2025-04-10 02:06:00.687 70362 INFO tempest.lib.common.rest_client [req-6e1f864f-2334-41d8-b055-b767963b597e req-6e1f864f-2334-41d8-b055-b767963b597e ] Request (ListServerFiltersTestJSON:tearDownClass): 200 GET http://10.180.1.21/compute/v2.1/servers/3377b48a-bf56-4a70-828a-15383eb5334f 0.207s
2025-04-10 02:06:00.810 70404 INFO tempest.lib.common.rest_client [req-9a7dbd24-ca94-420f-b547-7ada7049f4df req-9a7dbd24-ca94-420f-b547-7ada7049f4df ] Request (ServersTestMultiNic:test_verify_multiple_nics_order): 200 GET http://10.180.1.21/compute/v2.1/servers/d3e08968-e6f0-4d3e-bbe1-195d02fdfd26 0.187s
2025-04-10 02:06:00.880 70364 INFO tempest.lib.common.rest_client [req-4956f23b-6fe5-41b6-b96c-07e9415d2539 req-4956f23b-6fe5-41b6-b96c-07e9415d2539 ] Request (ServerAddressesTestJSON:setUpClass): 200 GET http://10.180.1.21/compute/v2.1/servers/35a495b2-3c34-43f7-b3b1-6757d03bafcb 0.159s
2025-04-10 02:06:00.918 70398 WARNING tempest.lib.common.ssh [-] Failed to establish authenticated ssh connection to cirros@10.180.180.158 ([Errno None] Unable to connect to port 22 on 10.180.180.158). Number attempts: 2. Retry after 3 seconds.: paramiko.ssh_exception.NoValidConnectionsError: [Errno None] Unable to connect to port 22 on 10.180.180.158
2025-04-10 02:06:00.941 70388 INFO tempest.lib.common.rest_client [req-e9fc1752-a3b0-4a07-914c-7f0f0b44fff5 req-e9fc1752-a3b0-4a07-914c-7f0f0b44fff5 ] Request (ServersWithSpecificFlavorTestJSON:test_verify_created_server_ephemeral_disk): 200 GET http://10.180.1.21/compute/v2.1/servers/89b6998a-f7b0-4809-a5ab-01696e30e022 0.150s
2025-04-10 02:06:00.963 70358 INFO tempest.lib.common.rest_client [req-1ef43cbd-6433-480a-9273-e45133fe6bc2 req-1ef43cbd-6433-480a-9273-e45133fe6bc2 ] Request (ServersAdminTestJSON:setUpClass): 200 GET http://10.180.1.21/compute/v2.1/servers/136eb784-e127-4c66-829d-8391949626a3 0.291s
2025-04-10 02:06:01.040 70402 INFO tempest.lib.common.rest_client [req-bb6a94d0-2c4b-4bff-9202-3192556f9248 req-bb6a94d0-2c4b-4bff-9202-3192556f9248 ] Request (InstanceActionsV221TestJSON:test_get_list_deleted_instance_actions): 200 GET http://10.180.1.21/compute/v2.1/servers/15e9a4a7-d019-46ef-9a1b-6d3a47e07fe8 0.160s
2025-04-10 02:06:01.144 70406 INFO tempest.lib.common.rest_client [req-81c4ccd7-66aa-40a5-8f22-53bfe0858c09 req-81c4ccd7-66aa-40a5-8f22-53bfe0858c09 ] Request (ServersListShow298Test:tearDownClass): 200 GET http://10.180.1.21/compute/v2.1/servers/b73ffadc-937c-4f86-97f9-3a2c72bd6681 0.161s
2025-04-10 02:06:01.183 70408 INFO tempest.lib.common.rest_client [req-b70c8e9b-52d1-43d7-b237-f790957eae64 req-b70c8e9b-52d1-43d7-b237-f790957eae64 ] Request (VolumesAdminNegativeTest:test_update_attached_volume_with_nonexistent_volume_in_body): 200 GET http://10.180.1.21/volume/v3/volumes/8bd8ff58-7e3c-4719-85e4-995deca8edf0 0.039s
2025-04-10 02:06:01.292 70370 INFO tempest.lib.common.rest_client [req-c5774cba-d695-4c3e-b043-fe27353831e9 req-c5774cba-d695-4c3e-b043-fe27353831e9 ] Request (ServerDiagnosticsTest:test_get_server_diagnostics): 200 GET http://10.180.1.21/compute/v2.1/servers/0528ffa6-9f8e-4d3f-b8bf-0549157bd036 0.473s
2025-04-10 02:06:01.369 70392 INFO tempest.lib.common.rest_client [req-7e275118-2a27-45d6-8974-430045c188b5 req-7e275118-2a27-45d6-8974-430045c188b5 ] Request (MigrationsAdminTest:test_resize_server_revert_deleted_flavor): 200 GET http://10.180.1.21/compute/v2.1/servers/b10318a6-b171-4033-932c-9363884dacc8 0.378s
2025-04-10 02:06:01.377 70360 INFO tempest.lib.common.rest_client [req-89988129-1998-4a0c-a06d-15941a6ac011 req-89988129-1998-4a0c-a06d-15941a6ac011 ] Request (ImagesTestJSON:test_create_server_from_snapshot): 200 GET http://10.180.1.21/compute/v2.1/servers/e20c6647-24f8-46e3-a156-3a291008f4a8 0.327s
2025-04-10 02:06:01.418 70356 INFO tempest.lib.common.rest_client [req-07338336-b326-4922-af5d-35470f242548 req-07338336-b326-4922-af5d-35470f242548 ] Request (ServerMetadataTestJSON:tearDownClass): 200 PUT http://10.180.1.21:9696/networking/v2.0/routers/af86066e-21ad-4eea-8a4b-f7a15fe996f4/remove_router_interface 1.322s
2025-04-10 02:06:01.436 70348 INFO tempest.lib.common.rest_client [req-3b7f62eb-c125-4764-a3e3-22f56afdc607 req-3b7f62eb-c125-4764-a3e3-22f56afdc607 ] Request (ServersTestJSON:setUpClass): 200 GET http://10.180.1.21/compute/v2.1/servers/ee1e7f12-fc5e-4d71-87b6-7e68505fc25b 0.280s
2025-04-10 02:06:01.453 70372 INFO tempest.lib.common.rest_client [req-b0ca116c-06c1-47f6-9d6c-0f6933431a88 req-b0ca116c-06c1-47f6-9d6c-0f6933431a88 ] Request (VolumesAssistedSnapshotsTest:tearDownClass): 200 GET http://10.180.1.21/compute/v2.1/servers/4924d43b-8a72-4ea2-b9ff-b3bbbc517ee6 0.363s
2025-04-10 02:06:01.629 70400 INFO tempest.lib.common.rest_client [req-4e92b62a-53fb-4dcf-85b8-229abdba7285 req-4e92b62a-53fb-4dcf-85b8-229abdba7285 ] Request (ServersTestBootFromVolume:setUpClass): 200 GET http://10.180.1.21/compute/v2.1/servers/8f57e54e-8959-4797-85d1-6d2e88e25d46 0.411s
2025-04-10 02:06:01.703 70384 INFO tempest.lib.common.rest_client [req-a4faba83-5fe3-4b77-8b61-9bfa11bf30c2 req-a4faba83-5fe3-4b77-8b61-9bfa11bf30c2 ] Request (FloatingIPsAssociationTestJSON:tearDownClass): 200 GET http://10.180.1.21/compute/v2.1/servers/84486f15-d52a-47b9-965d-7ae1723c7933 0.300s
2025-04-10 02:06:01.773 70376 INFO tempest.lib.common.rest_client [req-e9a1308b-d12c-4391-9827-77e2cddd486c req-e9a1308b-d12c-4391-9827-77e2cddd486c ] Request (ServerDiskConfigTestJSON:test_rebuild_server_with_manual_disk_config): 200 GET http://10.180.1.21/compute/v2.1/servers/deb9761c-e2e6-4de7-bcc0-cbe33567c577 0.500s
2025-04-10 02:06:01.773 70394 WARNING tempest.lib.common.ssh [-] Failed to establish authenticated ssh connection to cirros@10.180.180.171 ([Errno None] Unable to connect to port 22 on 10.180.180.171). Number attempts: 5. Retry after 6 seconds.: paramiko.ssh_exception.NoValidConnectionsError: [Errno None] Unable to connect to port 22 on 10.180.180.171
2025-04-10 02:06:01.829 70354 INFO tempest.lib.common.rest_client [req-b344909e-3b8d-4f9c-b980-2aec8890fea5 req-b344909e-3b8d-4f9c-b980-2aec8890fea5 ] Request (InstanceActionsNegativeTestJSON:setUpClass): 200 GET http://10.180.1.21/compute/v2.1/servers/0c3a8a0d-ea89-4e88-8269-b45fc893c23e 0.216s
2025-04-10 02:06:01.834 70369 INFO tempest.lib.common.rest_client [req-e3e99cea-edd3-4b81-a322-d38fccc888af req-e3e99cea-edd3-4b81-a322-d38fccc888af ] Request (ListImageFiltersTestJSON:setUpClass): 200 GET http://10.180.1.21/compute/v2.1/servers/52f8fe33-d2ae-472b-a561-17545b29c252 0.300s
2025-04-10 02:06:01.888 70374 INFO tempest.lib.common.rest_client [req-be047db5-8882-48d2-beb7-56e7eb39a3ab req-be047db5-8882-48d2-beb7-56e7eb39a3ab ] Request (ServerShowV254Test:test_rebuild_server): 200 GET http://10.180.1.21/compute/v2.1/servers/57978ed9-6724-49cc-b724-26e465030d67 0.270s
2025-04-10 02:06:01.889 70382 INFO tempest.lib.common.rest_client [req-fd866fc1-80f3-4dd5-a8b3-bfce89f35104 req-fd866fc1-80f3-4dd5-a8b3-bfce89f35104 ] Request (ServerRescueTestJSON:test_rescue_unrescue_instance): 200 GET http://10.180.1.21/compute/v2.1/servers/4ba494eb-92f5-4577-aed3-96a6923c7460 0.228s
2025-04-10 02:06:01.952 70362 INFO tempest.lib.common.rest_client [req-969e841b-c9ae-4d7a-82d9-a1aa582a2631 req-969e841b-c9ae-4d7a-82d9-a1aa582a2631 ] Request (ListServerFiltersTestJSON:tearDownClass): 200 GET http://10.180.1.21/compute/v2.1/servers/3377b48a-bf56-4a70-828a-15383eb5334f 0.253s
2025-04-10 02:06:02.010 70364 INFO tempest.lib.common.rest_client [req-fe0dc444-5bce-44f0-a560-645f646dce51 req-fe0dc444-5bce-44f0-a560-645f646dce51 ] Request (ServerAddressesTestJSON:setUpClass): 200 GET http://10.180.1.21/compute/v2.1/servers/35a495b2-3c34-43f7-b3b1-6757d03bafcb 0.115s
2025-04-10 02:06:02.072 70388 INFO tempest.lib.common.rest_client [req-28fea587-4e9a-434b-b496-23c4d36a1761 req-28fea587-4e9a-434b-b496-23c4d36a1761 ] Request (ServersWithSpecificFlavorTestJSON:test_verify_created_server_ephemeral_disk): 200 GET http://10.180.1.21/compute/v2.1/servers/89b6998a-f7b0-4809-a5ab-01696e30e022 0.109s
2025-04-10 02:06:02.196 70358 INFO tempest.lib.common.rest_client [req-0703a32b-775f-47eb-b172-073f9b97e9ca req-0703a32b-775f-47eb-b172-073f9b97e9ca ] Request (ServersAdminTestJSON:setUpClass): 200 GET http://10.180.1.21/compute/v2.1/servers/136eb784-e127-4c66-829d-8391949626a3 0.218s
2025-04-10 02:06:02.212 70356 INFO tempest.lib.common.rest_client [req-7474fe89-4b5a-4607-b768-d6bc57cd4691 req-7474fe89-4b5a-4607-b768-d6bc57cd4691 ] Request (ServerMetadataTestJSON:tearDownClass): 204 DELETE http://10.180.1.21:9696/networking/v2.0/routers/af86066e-21ad-4eea-8a4b-f7a15fe996f4 0.793s
2025-04-10 02:06:02.220 70408 INFO tempest.lib.common.rest_client [req-17258aad-bd32-433f-950f-8a7b48e2ab90 req-17258aad-bd32-433f-950f-8a7b48e2ab90 ] Request (VolumesAdminNegativeTest:test_update_attached_volume_with_nonexistent_volume_in_body): 200 GET http://10.180.1.21/volume/v3/volumes/8bd8ff58-7e3c-4719-85e4-995deca8edf0 0.029s
2025-04-10 02:06:02.247 70404 INFO tempest.lib.common.rest_client [req-a763544c-2d34-4968-8d33-051f10417f0e req-a763544c-2d34-4968-8d33-051f10417f0e ] Request (ServersTestMultiNic:test_verify_multiple_nics_order): 200 GET http://10.180.1.21/compute/v2.1/servers/d3e08968-e6f0-4d3e-bbe1-195d02fdfd26 0.421s
2025-04-10 02:06:02.258 70404 INFO tempest.common.waiters [-] State transition "BUILD/spawning" ==> "ACTIVE/None" after 94 second wait
2025-04-10 02:06:02.276 70402 INFO tempest.lib.common.rest_client [req-8ffbefc1-b996-4433-bbaa-1e74168866d9 req-8ffbefc1-b996-4433-bbaa-1e74168866d9 ] Request (InstanceActionsV221TestJSON:test_get_list_deleted_instance_actions): 200 GET http://10.180.1.21/compute/v2.1/servers/15e9a4a7-d019-46ef-9a1b-6d3a47e07fe8 0.221s
2025-04-10 02:06:02.314 70404 INFO tempest.lib.common.rest_client [req-ab52f60e-54ca-4272-a61a-6ed5fd7c68e0 req-ab52f60e-54ca-4272-a61a-6ed5fd7c68e0 ] Request (ServersTestMultiNic:test_verify_multiple_nics_order): 200 GET http://10.180.1.21/compute/v2.1/servers/d3e08968-e6f0-4d3e-bbe1-195d02fdfd26/ips 0.055s
2025-04-10 02:06:02.318 70406 INFO tempest.lib.common.rest_client [req-88f33f5e-c207-46c5-8bdd-bb5e5ad9ba6b req-88f33f5e-c207-46c5-8bdd-bb5e5ad9ba6b ] Request (ServersListShow298Test:tearDownClass): 200 GET http://10.180.1.21/compute/v2.1/servers/b73ffadc-937c-4f86-97f9-3a2c72bd6681 0.158s
2025-04-10 02:06:02.367 70370 INFO tempest.lib.common.rest_client [req-a63cc8b7-2c9d-4fb5-9b02-accf974a1d28 req-a63cc8b7-2c9d-4fb5-9b02-accf974a1d28 ] Request (ServerDiagnosticsTest:test_get_server_diagnostics): 200 GET http://10.180.1.21/compute/v2.1/servers/0528ffa6-9f8e-4d3f-b8bf-0549157bd036 0.066s
2025-04-10 02:06:02.424 70404 INFO tempest.lib.common.rest_client [req-3a048c7c-ef0a-4588-ab54-fd5225b80580 req-3a048c7c-ef0a-4588-ab54-fd5225b80580 ] Request (ServersTestMultiNic:_run_cleanups): 204 DELETE http://10.180.1.21/compute/v2.1/servers/d3e08968-e6f0-4d3e-bbe1-195d02fdfd26 0.108s
2025-04-10 02:06:02.457 70380 INFO paramiko.transport [-] Connected (version 2.0, client dropbear_2020.81)
2025-04-10 02:06:02.462 70356 INFO tempest.lib.common.rest_client [req-5d794594-1b66-4850-a57d-d8682fa38c38 req-5d794594-1b66-4850-a57d-d8682fa38c38 ] Request (ServerMetadataTestJSON:tearDownClass): 204 DELETE http://10.180.1.21:9696/networking/v2.0/subnets/d9272233-0123-4bca-87d7-74e4f9bc824e 0.250s
2025-04-10 02:06:02.497 70360 INFO tempest.lib.common.rest_client [req-1c1b1ad3-23d9-4ca5-b025-0e2165ac6a66 req-1c1b1ad3-23d9-4ca5-b025-0e2165ac6a66 ] Request (ImagesTestJSON:test_create_server_from_snapshot): 200 GET http://10.180.1.21/compute/v2.1/servers/e20c6647-24f8-46e3-a156-3a291008f4a8 0.107s
2025-04-10 02:06:02.509 70392 INFO tempest.lib.common.rest_client [req-891d291d-84b4-4774-98aa-8e6d1cfe8472 req-891d291d-84b4-4774-98aa-8e6d1cfe8472 ] Request (MigrationsAdminTest:test_resize_server_revert_deleted_flavor): 200 GET http://10.180.1.21/compute/v2.1/servers/b10318a6-b171-4033-932c-9363884dacc8 0.130s
2025-04-10 02:06:02.572 70380 INFO paramiko.transport [-] Authentication (publickey) successful!
2025-04-10 02:06:02.572 70380 INFO tempest.lib.common.ssh [-] ssh connection to cirros@10.180.180.174 successfully created
2025-04-10 02:06:02.591 70348 INFO tempest.lib.common.rest_client [req-33870a79-7d76-438a-8fda-83101fa5bbe4 req-33870a79-7d76-438a-8fda-83101fa5bbe4 ] Request (ServersTestJSON:setUpClass): 200 GET http://10.180.1.21/compute/v2.1/servers/ee1e7f12-fc5e-4d71-87b6-7e68505fc25b 0.144s
2025-04-10 02:06:02.650 70404 INFO tempest.lib.common.rest_client [req-e9bf3fec-bfb6-491e-89db-18a5d3b27436 req-e9bf3fec-bfb6-491e-89db-18a5d3b27436 ] Request (ServersTestMultiNic:_run_cleanups): 200 GET http://10.180.1.21/compute/v2.1/servers/d3e08968-e6f0-4d3e-bbe1-195d02fdfd26 0.225s
2025-04-10 02:06:02.681 70372 INFO tempest.lib.common.rest_client [req-929ebdf2-49f5-4895-90d8-d246cdee8377 req-929ebdf2-49f5-4895-90d8-d246cdee8377 ] Request (VolumesAssistedSnapshotsTest:tearDownClass): 200 GET http://10.180.1.21/compute/v2.1/servers/4924d43b-8a72-4ea2-b9ff-b3bbbc517ee6 0.216s
2025-04-10 02:06:02.747 70380 INFO tempest.lib.common.rest_client [req-4ad75661-db27-4313-8189-9a13149392fc req-4ad75661-db27-4313-8189-9a13149392fc ] Request (ServersTestFqdnHostnames:tearDownClass): 204 DELETE http://10.180.1.21/compute/v2.1/servers/baca8852-4ff7-4dce-be80-967406c7fbaa 0.162s
2025-04-10 02:06:02.819 70384 INFO tempest.lib.common.rest_client [req-394911be-1006-41ed-ac42-b56270c39960 req-394911be-1006-41ed-ac42-b56270c39960 ] Request (FloatingIPsAssociationTestJSON:tearDownClass): 200 GET http://10.180.1.21/compute/v2.1/servers/84486f15-d52a-47b9-965d-7ae1723c7933 0.106s
2025-04-10 02:06:02.824 70400 INFO tempest.lib.common.rest_client [req-e1c3cce5-6800-4d1f-9a96-77261c147e59 req-e1c3cce5-6800-4d1f-9a96-77261c147e59 ] Request (ServersTestBootFromVolume:setUpClass): 200 GET http://10.180.1.21/compute/v2.1/servers/8f57e54e-8959-4797-85d1-6d2e88e25d46 0.183s
2025-04-10 02:06:02.851 70356 INFO tempest.lib.common.rest_client [req-a5ef5a71-1ffc-4950-8a82-f9da119fe27e req-a5ef5a71-1ffc-4950-8a82-f9da119fe27e ] Request (ServerMetadataTestJSON:tearDownClass): 204 DELETE http://10.180.1.21:9696/networking/v2.0/networks/fee17caa-25a3-4408-9fe2-8b7607a87f7f 0.388s
2025-04-10 02:06:02.887 70376 INFO tempest.lib.common.rest_client [req-38773f57-6304-4fd7-87f0-21810c7fb2e3 req-38773f57-6304-4fd7-87f0-21810c7fb2e3 ] Request (ServerDiskConfigTestJSON:test_rebuild_server_with_manual_disk_config): 200 GET http://10.180.1.21/compute/v2.1/servers/deb9761c-e2e6-4de7-bcc0-cbe33567c577 0.106s
2025-04-10 02:06:02.897 70376 INFO tempest.common.waiters [-] State transition "BUILD/scheduling" ==> "BUILD/None" after 8 second wait
2025-04-10 02:06:02.949 70356 INFO tempest.lib.common.rest_client [req-212a1be2-222a-4673-a07c-6ccf95de4b26 req-212a1be2-222a-4673-a07c-6ccf95de4b26 ] Request (ServerMetadataTestJSON:tearDownClass): 204 DELETE http://10.180.1.21/identity/v3/users/813c3ecfc08b41c884ebb1aee3510e78 0.097s
2025-04-10 02:06:02.949 70356 INFO tempest.lib.common.dynamic_creds [-] Deleting project and security group for project: aa9a0957e48646168a0e057951d485c0
2025-04-10 02:06:02.950 70380 INFO tempest.lib.common.rest_client [req-d6a29645-259d-4372-a237-ea3fef882941 req-d6a29645-259d-4372-a237-ea3fef882941 ] Request (ServersTestFqdnHostnames:tearDownClass): 200 GET http://10.180.1.21/compute/v2.1/servers/baca8852-4ff7-4dce-be80-967406c7fbaa 0.202s
2025-04-10 02:06:02.951 70354 INFO tempest.lib.common.rest_client [req-fefd6810-e26e-4bfa-ab70-5d248bfc05df req-fefd6810-e26e-4bfa-ab70-5d248bfc05df ] Request (InstanceActionsNegativeTestJSON:setUpClass): 200 GET http://10.180.1.21/compute/v2.1/servers/0c3a8a0d-ea89-4e88-8269-b45fc893c23e 0.111s
2025-04-10 02:06:02.959 70354 INFO tempest.common.waiters [-] State transition "BUILD/None" ==> "BUILD/networking" after 40 second wait
2025-04-10 02:06:02.977 70356 INFO tempest.lib.common.rest_client [req-e117f787-a6ea-4e94-ab16-4de350b82c9f req-e117f787-a6ea-4e94-ab16-4de350b82c9f ] Request (ServerMetadataTestJSON:tearDownClass): 200 GET http://10.180.1.21:9696/networking/v2.0/security-groups?tenant_id=aa9a0957e48646168a0e057951d485c0&name=default 0.028s
2025-04-10 02:06:03.017 70382 INFO tempest.lib.common.rest_client [req-03f171fb-6fc9-4696-ac4a-58d3c35a5ae6 req-03f171fb-6fc9-4696-ac4a-58d3c35a5ae6 ] Request (ServerRescueTestJSON:test_rescue_unrescue_instance): 200 GET http://10.180.1.21/compute/v2.1/servers/4ba494eb-92f5-4577-aed3-96a6923c7460 0.119s
2025-04-10 02:06:03.046 70369 INFO tempest.lib.common.rest_client [req-549931ca-486b-44a8-b6fc-a16ced36bd56 req-549931ca-486b-44a8-b6fc-a16ced36bd56 ] Request (ListImageFiltersTestJSON:setUpClass): 200 GET http://10.180.1.21/compute/v2.1/servers/52f8fe33-d2ae-472b-a561-17545b29c252 0.203s
2025-04-10 02:06:03.056 70369 INFO tempest.common.waiters [-] State transition "ACTIVE/image_uploading" ==> "ACTIVE/None" after 3 second wait
2025-04-10 02:06:03.076 70374 INFO tempest.lib.common.rest_client [req-992cc133-244b-42d7-9e49-6090c63efd3b req-992cc133-244b-42d7-9e49-6090c63efd3b ] Request (ServerShowV254Test:test_rebuild_server): 200 GET http://10.180.1.21/compute/v2.1/servers/57978ed9-6724-49cc-b724-26e465030d67 0.171s
2025-04-10 02:06:03.081 70356 INFO tempest.lib.common.rest_client [req-4c955af2-bc8b-4979-ad22-2974b6babf7f req-4c955af2-bc8b-4979-ad22-2974b6babf7f ] Request (ServerMetadataTestJSON:tearDownClass): 204 DELETE http://10.180.1.21:9696/networking/v2.0/security-groups/51fa2b5c-f144-4b69-9d05-96502ef3089a 0.103s
2025-04-10 02:06:03.115 70362 INFO tempest.lib.common.rest_client [req-ff136ba1-6b0a-40e3-bec8-bc4e4f647802 req-ff136ba1-6b0a-40e3-bec8-bc4e4f647802 ] Request (ListServerFiltersTestJSON:tearDownClass): 200 GET http://10.180.1.21/compute/v2.1/servers/3377b48a-bf56-4a70-828a-15383eb5334f 0.156s
2025-04-10 02:06:03.133 70364 INFO tempest.lib.common.rest_client [req-cdb2b62e-9982-47fe-8693-a4e751d03400 req-cdb2b62e-9982-47fe-8693-a4e751d03400 ] Request (ServerAddressesTestJSON:setUpClass): 200 GET http://10.180.1.21/compute/v2.1/servers/35a495b2-3c34-43f7-b3b1-6757d03bafcb 0.111s
2025-04-10 02:06:03.193 70369 INFO tempest.lib.common.rest_client [req-637c6745-a4c0-42ab-b779-96221909f4a9 req-637c6745-a4c0-42ab-b779-96221909f4a9 ] Request (ListImageFiltersTestJSON:test_list_images_filter_by_changes_since): 200 GET http://10.180.1.21/compute/v2.1/images?changes-since=2025-04-10T02%3A03%3A43Z 0.136s
2025-04-10 02:06:03.197 70388 INFO tempest.lib.common.rest_client [req-18e6e0e3-04d9-403e-8972-ac21f6810e0c req-18e6e0e3-04d9-403e-8972-ac21f6810e0c ] Request (ServersWithSpecificFlavorTestJSON:test_verify_created_server_ephemeral_disk): 200 GET http://10.180.1.21/compute/v2.1/servers/89b6998a-f7b0-4809-a5ab-01696e30e022 0.115s
2025-04-10 02:06:03.210 70356 INFO tempest.lib.common.rest_client [req-8b2324ee-6e4f-47d5-8176-c4a5c92d4612 req-8b2324ee-6e4f-47d5-8176-c4a5c92d4612 ] Request (ServerMetadataTestJSON:tearDownClass): 204 DELETE http://10.180.1.21/identity/v3/projects/aa9a0957e48646168a0e057951d485c0 0.129s
2025-04-10 02:06:03.211 70356 INFO tempest.test [-] raised in ComputeNetworksTest.setUpClass. Invoking tearDownClass.
2025-04-10 02:06:03.263 70408 INFO tempest.lib.common.rest_client [req-43c9a98a-ea84-478f-8b11-819dd73ca468 req-43c9a98a-ea84-478f-8b11-819dd73ca468 ] Request (VolumesAdminNegativeTest:test_update_attached_volume_with_nonexistent_volume_in_body): 200 GET http://10.180.1.21/volume/v3/volumes/8bd8ff58-7e3c-4719-85e4-995deca8edf0 0.032s
2025-04-10 02:06:03.267 70369 INFO tempest.lib.common.rest_client [req-127f006d-be26-45e5-89b6-833af340cc2f req-127f006d-be26-45e5-89b6-833af340cc2f ] Request (ListImageFiltersTestJSON:test_list_images_filter_by_name): 200 GET http://10.180.1.21/compute/v2.1/images?name=tempest-ListImageFiltersTestJSON-image-1941807827 0.068s
2025-04-10 02:06:03.304 70356 INFO tempest.lib.common.rest_client [req-363f4075-3375-4ead-8db8-7260cfa3ff9e req-363f4075-3375-4ead-8db8-7260cfa3ff9e ] Request (AttachVolumeNegativeTest:setUpClass): 201 POST http://10.180.1.21/identity/v3/auth/tokens 0.083s
2025-04-10 02:06:03.314 70358 INFO tempest.lib.common.rest_client [req-2651f001-c3cf-4c60-a365-c888d7f03a36 req-2651f001-c3cf-4c60-a365-c888d7f03a36 ] Request (ServersAdminTestJSON:setUpClass): 200 GET http://10.180.1.21/compute/v2.1/servers/136eb784-e127-4c66-829d-8391949626a3 0.106s
2025-04-10 02:06:03.335 70369 INFO tempest.lib.common.rest_client [req-5dbebef5-3343-45b2-9cc3-4d4e53c150c9 req-5dbebef5-3343-45b2-9cc3-4d4e53c150c9 ] Request (ListImageFiltersTestJSON:test_list_images_filter_by_server_id): 200 GET http://10.180.1.21/compute/v2.1/images?server=52f8fe33-d2ae-472b-a561-17545b29c252 0.065s
2025-04-10 02:06:03.337 70356 INFO tempest.lib.common.rest_client [req-19854d6a-dc70-4aea-94ba-d2dee1dd8c46 req-19854d6a-dc70-4aea-94ba-d2dee1dd8c46 ] Request (AttachVolumeNegativeTest:setUpClass): 201 POST http://10.180.1.21/identity/v3/auth/tokens 0.030s
2025-04-10 02:06:03.366 70356 INFO tempest.lib.common.rest_client [req-948554b1-d46f-4871-bd43-09c760a40aca req-948554b1-d46f-4871-bd43-09c760a40aca ] Request (AttachVolumeNegativeTest:setUpClass): 200 GET http://10.180.1.21/identity/v3/domains?name=Default 0.028s
2025-04-10 02:06:03.370 70402 INFO tempest.lib.common.rest_client [req-77e5655e-2e2e-45c8-a37f-39a3c3e0c67a req-77e5655e-2e2e-45c8-a37f-39a3c3e0c67a ] Request (InstanceActionsV221TestJSON:test_get_list_deleted_instance_actions): 200 GET http://10.180.1.21/compute/v2.1/servers/15e9a4a7-d019-46ef-9a1b-6d3a47e07fe8 0.075s
2025-04-10 02:06:03.394 70356 INFO tempest.lib.common.rest_client [req-7fd22f2a-6f0a-42d3-91de-82e5e667f939 req-7fd22f2a-6f0a-42d3-91de-82e5e667f939 ] Request (AttachVolumeNegativeTest:setUpClass): 201 POST http://10.180.1.21/identity/v3/projects 0.027s
2025-04-10 02:06:03.405 70369 INFO tempest.lib.common.rest_client [req-0817cd75-d798-4265-bd79-92a4604bd0d2 req-0817cd75-d798-4265-bd79-92a4604bd0d2 ] Request (ListImageFiltersTestJSON:test_list_images_filter_by_server_ref): 200 GET http://10.180.1.21/compute/v2.1/images?server=http%3A%2F%2F10.180.1.21%2Fcompute%2Fv2.1%2Fservers%2Fbdf80469-18c5-4417-9f0c-17266c9f842f 0.067s
2025-04-10 02:06:03.418 70406 INFO tempest.lib.common.rest_client [req-4a1fb87a-4e84-4e34-befa-0799b8b39d96 req-4a1fb87a-4e84-4e34-befa-0799b8b39d96 ] Request (ServersListShow298Test:tearDownClass): 200 GET http://10.180.1.21/compute/v2.1/servers/b73ffadc-937c-4f86-97f9-3a2c72bd6681 0.083s
2025-04-10 02:06:03.458 70370 INFO tempest.lib.common.rest_client [req-7a764472-775d-4541-808c-fb7d76d2405f req-7a764472-775d-4541-808c-fb7d76d2405f ] Request (ServerDiagnosticsTest:test_get_server_diagnostics): 200 GET http://10.180.1.21/compute/v2.1/servers/0528ffa6-9f8e-4d3f-b8bf-0549157bd036 0.083s
2025-04-10 02:06:03.465 70369 INFO tempest.lib.common.rest_client [req-0e9cf97f-d9f2-4ae0-b34f-a2efc6e6e533 req-0e9cf97f-d9f2-4ae0-b34f-a2efc6e6e533 ] Request (ListImageFiltersTestJSON:test_list_images_filter_by_server_ref): 200 GET http://10.180.1.21/compute/v2.1/images?server=http%3A%2F%2F10.180.1.21%2Fcompute%2Fservers%2Fbdf80469-18c5-4417-9f0c-17266c9f842f 0.058s
2025-04-10 02:06:03.477 70356 INFO tempest.lib.common.rest_client [req-eb015f87-85a2-43b3-9a47-261bb43e9064 req-eb015f87-85a2-43b3-9a47-261bb43e9064 ] Request (AttachVolumeNegativeTest:setUpClass): 201 POST http://10.180.1.21/identity/v3/users 0.082s
2025-04-10 02:06:03.501 70356 INFO tempest.lib.common.rest_client [req-6e68b656-6afe-4391-a1b5-bd06126d36ce req-6e68b656-6afe-4391-a1b5-bd06126d36ce ] Request (AttachVolumeNegativeTest:setUpClass): 200 GET http://10.180.1.21/identity/v3/roles 0.023s
2025-04-10 02:06:03.547 70369 INFO tempest.lib.common.rest_client [req-5db8887a-9bc6-4d61-8f18-c0c0011e2163 req-5db8887a-9bc6-4d61-8f18-c0c0011e2163 ] Request (ListImageFiltersTestJSON:test_list_images_filter_by_status): 200 GET http://10.180.1.21/compute/v2.1/images?status=ACTIVE 0.078s
2025-04-10 02:06:03.560 70356 INFO tempest.lib.common.rest_client [req-6e012f6d-f29f-466f-8276-64b9d75a0e5b req-6e012f6d-f29f-466f-8276-64b9d75a0e5b ] Request (AttachVolumeNegativeTest:setUpClass): 204 PUT http://10.180.1.21/identity/v3/projects/5f407339ba4a41b49d3270113717a258/users/d728ef93087d43b79c59464ac63d3d64/roles/90252ce83b3e49aaba28bd7d568b3e86 0.058s
2025-04-10 02:06:03.560 70356 INFO tempest.lib.common.dynamic_creds [-] Dynamic test user d728ef93087d43b79c59464ac63d3d64 is created with scope project and roles: ['member']
2025-04-10 02:06:03.561 70356 INFO tempest.lib.common.dynamic_creds [-] Acquired dynamic creds: credentials: Credentials: {'domain_id': 'default', 'domain_name': 'Default', 'username': 'tempest-AttachVolumeNegativeTest-823689594-project-member', 'project_domain_id': 'default', 'project_domain_name': 'Default', 'project_id': '5f407339ba4a41b49d3270113717a258', 'project_name': 'tempest-AttachVolumeNegativeTest-823689594', 'tenant_id': '5f407339ba4a41b49d3270113717a258', 'tenant_name': 'tempest-AttachVolumeNegativeTest-823689594', 'user_domain_id': 'default', 'user_domain_name': 'Default', 'user_id': 'd728ef93087d43b79c59464ac63d3d64', 'system': None}, Network: None, Subnet: None, Router: None
2025-04-10 02:06:03.586 70360 INFO tempest.lib.common.rest_client [req-b90e7963-e210-444f-8cac-c1f5c210a6c6 req-b90e7963-e210-444f-8cac-c1f5c210a6c6 ] Request (ImagesTestJSON:test_create_server_from_snapshot): 200 GET http://10.180.1.21/compute/v2.1/servers/e20c6647-24f8-46e3-a156-3a291008f4a8 0.080s
2025-04-10 02:06:03.643 70369 INFO tempest.lib.common.rest_client [req-ba6d445e-9b9e-4a27-97af-3fd121cb499b req-ba6d445e-9b9e-4a27-97af-3fd121cb499b ] Request (ListImageFiltersTestJSON:test_list_images_filter_by_type): 200 GET http://10.180.1.21/compute/v2.1/images?type=snapshot 0.091s
2025-04-10 02:06:03.647 70356 INFO tempest.lib.common.rest_client [req-3368e48a-39b0-4daf-9ac2-2334e427b46a req-3368e48a-39b0-4daf-9ac2-2334e427b46a ] Request (AttachVolumeNegativeTest:setUpClass): 201 POST http://10.180.1.21/identity/v3/auth/tokens 0.086s
2025-04-10 02:06:03.684 70392 INFO tempest.lib.common.rest_client [req-796b7c9e-964b-42d6-a31e-e612875d85c3 req-796b7c9e-964b-42d6-a31e-e612875d85c3 ] Request (MigrationsAdminTest:test_resize_server_revert_deleted_flavor): 200 GET http://10.180.1.21/compute/v2.1/servers/b10318a6-b171-4033-932c-9363884dacc8 0.163s
2025-04-10 02:06:03.735 70348 INFO tempest.lib.common.rest_client [req-17728a23-bcf8-4930-a148-bdf86a471939 req-17728a23-bcf8-4930-a148-bdf86a471939 ] Request (ServersTestJSON:setUpClass): 200 GET http://10.180.1.21/compute/v2.1/servers/ee1e7f12-fc5e-4d71-87b6-7e68505fc25b 0.135s
2025-04-10 02:06:03.760 70369 INFO tempest.lib.common.rest_client [req-5a314ec6-d9e2-4c8d-9efc-48f33b0c6783 req-5a314ec6-d9e2-4c8d-9efc-48f33b0c6783 ] Request (ListImageFiltersTestJSON:test_list_images_limit_results): 200 GET http://10.180.1.21/compute/v2.1/images?limit=1 0.111s
2025-04-10 02:06:03.846 70372 INFO tempest.lib.common.rest_client [req-acbcc636-37dd-4696-add4-31da2f2836b4 req-acbcc636-37dd-4696-add4-31da2f2836b4 ] Request (VolumesAssistedSnapshotsTest:tearDownClass): 200 GET http://10.180.1.21/compute/v2.1/servers/4924d43b-8a72-4ea2-b9ff-b3bbbc517ee6 0.156s
2025-04-10 02:06:03.908 70369 INFO tempest.lib.common.rest_client [req-f45afd5b-d7ba-48eb-853c-499a9758488f req-f45afd5b-d7ba-48eb-853c-499a9758488f ] Request (ListImageFiltersTestJSON:test_list_images_with_detail_filter_by_changes_since): 200 GET http://10.180.1.21/compute/v2.1/images/detail?changes-since=2025-04-10T02%3A03%3A30Z 0.145s
2025-04-10 02:06:03.995 70384 INFO tempest.lib.common.rest_client [req-4266ea45-2739-4b3f-8462-a0a0d1ff7847 req-4266ea45-2739-4b3f-8462-a0a0d1ff7847 ] Request (FloatingIPsAssociationTestJSON:tearDownClass): 200 GET http://10.180.1.21/compute/v2.1/servers/84486f15-d52a-47b9-965d-7ae1723c7933 0.166s
2025-04-10 02:06:04.134 70400 INFO tempest.lib.common.rest_client [req-453e1e81-426c-46d2-9220-a6bede16275e req-453e1e81-426c-46d2-9220-a6bede16275e ] Request (ServersTestBootFromVolume:setUpClass): 200 GET http://10.180.1.21/compute/v2.1/servers/8f57e54e-8959-4797-85d1-6d2e88e25d46 0.302s
2025-04-10 02:06:04.191 70376 INFO tempest.lib.common.rest_client [req-12939275-1559-4d30-a81c-10a45246a25f req-12939275-1559-4d30-a81c-10a45246a25f ] Request (ServerDiskConfigTestJSON:test_rebuild_server_with_manual_disk_config): 200 GET http://10.180.1.21/compute/v2.1/servers/deb9761c-e2e6-4de7-bcc0-cbe33567c577 0.292s
2025-04-10 02:06:04.238 70369 INFO tempest.lib.common.rest_client [req-6689826a-677b-411f-9b6a-f36c7d516386 req-6689826a-677b-411f-9b6a-f36c7d516386 ] Request (ListImageFiltersTestJSON:test_list_images_with_detail_filter_by_name): 200 GET http://10.180.1.21/compute/v2.1/images/detail?name=tempest-ListImageFiltersTestJSON-image-1941807827 0.322s
2025-04-10 02:06:04.266 70404 INFO tempest.lib.common.rest_client [req-feb1df53-3639-4be7-9c5a-fe2f0ba3c8e6 req-feb1df53-3639-4be7-9c5a-fe2f0ba3c8e6 ] Request (ServersTestMultiNic:_run_cleanups): 200 GET http://10.180.1.21/compute/v2.1/servers/d3e08968-e6f0-4d3e-bbe1-195d02fdfd26 0.603s
2025-04-10 02:06:04.314 70408 INFO tempest.lib.common.rest_client [req-fee33431-eb4a-4006-96c7-1c1198b68474 req-fee33431-eb4a-4006-96c7-1c1198b68474 ] Request (VolumesAdminNegativeTest:test_update_attached_volume_with_nonexistent_volume_in_body): 200 GET http://10.180.1.21/volume/v3/volumes/8bd8ff58-7e3c-4719-85e4-995deca8edf0 0.041s
2025-04-10 02:06:04.394 70356 INFO tempest.lib.common.rest_client [req-53cfb77d-10b7-4762-9569-eb89c1233684 req-53cfb77d-10b7-4762-9569-eb89c1233684 ] Request (AttachVolumeNegativeTest:setUpClass): 201 POST http://10.180.1.21:9696/networking/v2.0/networks 0.747s
2025-04-10 02:06:04.396 70354 INFO tempest.lib.common.rest_client [req-e751fdcf-fd03-4695-a222-68bf636c68e7 req-e751fdcf-fd03-4695-a222-68bf636c68e7 ] Request (InstanceActionsNegativeTestJSON:setUpClass): 200 GET http://10.180.1.21/compute/v2.1/servers/0c3a8a0d-ea89-4e88-8269-b45fc893c23e 0.436s
2025-04-10 02:06:04.405 70354 INFO tempest.common.waiters [-] State transition "BUILD/networking" ==> "BUILD/block_device_mapping" after 42 second wait
2025-04-10 02:06:04.461 70380 INFO tempest.lib.common.rest_client [req-182737b1-6128-4270-86d2-a6129ee1a89e req-182737b1-6128-4270-86d2-a6129ee1a89e ] Request (ServersTestFqdnHostnames:tearDownClass): 200 GET http://10.180.1.21/compute/v2.1/servers/baca8852-4ff7-4dce-be80-967406c7fbaa 0.500s
2025-04-10 02:06:04.476 70382 INFO tempest.lib.common.rest_client [req-332876ab-2301-441d-bd1c-01a0efbaf8cf req-332876ab-2301-441d-bd1c-01a0efbaf8cf ] Request (ServerRescueTestJSON:test_rescue_unrescue_instance): 200 GET http://10.180.1.21/compute/v2.1/servers/4ba494eb-92f5-4577-aed3-96a6923c7460 0.449s
2025-04-10 02:06:04.549 70374 INFO tempest.lib.common.rest_client [req-e47a9ee7-473e-4da3-9690-3602da6627fb req-e47a9ee7-473e-4da3-9690-3602da6627fb ] Request (ServerShowV254Test:test_rebuild_server): 200 GET http://10.180.1.21/compute/v2.1/servers/57978ed9-6724-49cc-b724-26e465030d67 0.462s
2025-04-10 02:06:04.562 70374 INFO tempest.common.waiters [-] State transition "REBUILD/rebuild_spawning" ==> "ACTIVE/None" after 9 second wait
2025-04-10 02:06:04.563 70362 INFO tempest.lib.common.rest_client [req-d8903c2b-d630-46de-9b65-f7521275b2b8 req-d8903c2b-d630-46de-9b65-f7521275b2b8 ] Request (ListServerFiltersTestJSON:tearDownClass): 200 GET http://10.180.1.21/compute/v2.1/servers/3377b48a-bf56-4a70-828a-15383eb5334f 0.438s
2025-04-10 02:06:04.609 70364 INFO tempest.lib.common.rest_client [req-f34f7e33-4f65-47c8-95c6-f808a24c36d0 req-f34f7e33-4f65-47c8-95c6-f808a24c36d0 ] Request (ServerAddressesTestJSON:setUpClass): 200 GET http://10.180.1.21/compute/v2.1/servers/35a495b2-3c34-43f7-b3b1-6757d03bafcb 0.468s
2025-04-10 02:06:04.620 70364 INFO tempest.common.waiters [-] State transition "BUILD/scheduling" ==> "BUILD/None" after 5 second wait
2025-04-10 02:06:04.629 70388 INFO tempest.lib.common.rest_client [req-90027b26-3e03-4f16-b5c6-9258120ac40b req-90027b26-3e03-4f16-b5c6-9258120ac40b ] Request (ServersWithSpecificFlavorTestJSON:test_verify_created_server_ephemeral_disk): 200 GET http://10.180.1.21/compute/v2.1/servers/89b6998a-f7b0-4809-a5ab-01696e30e022 0.425s
2025-04-10 02:06:04.650 70356 INFO tempest.lib.common.rest_client [req-a175d17c-7acf-425a-bd47-67a3834d92a9 req-a175d17c-7acf-425a-bd47-67a3834d92a9 ] Request (AttachVolumeNegativeTest:setUpClass): 201 POST http://10.180.1.21:9696/networking/v2.0/subnets 0.254s
2025-04-10 02:06:04.656 70369 INFO tempest.lib.common.rest_client [req-57c2d44c-9f4f-4fec-aaaf-553c19587ba5 req-57c2d44c-9f4f-4fec-aaaf-553c19587ba5 ] Request (ListImageFiltersTestJSON:test_list_images_with_detail_filter_by_server_ref): 200 GET http://10.180.1.21/compute/v2.1/images/detail?server=http%3A%2F%2F10.180.1.21%2Fcompute%2Fv2.1%2Fservers%2Fbdf80469-18c5-4417-9f0c-17266c9f842f 0.413s
2025-04-10 02:06:04.708 70402 INFO tempest.lib.common.rest_client [req-664cb2a6-8107-42ce-ad49-baf0d6ad1d84 req-664cb2a6-8107-42ce-ad49-baf0d6ad1d84 ] Request (InstanceActionsV221TestJSON:test_get_list_deleted_instance_actions): 200 GET http://10.180.1.21/compute/v2.1/servers/15e9a4a7-d019-46ef-9a1b-6d3a47e07fe8 0.329s
2025-04-10 02:06:04.777 70406 INFO tempest.lib.common.rest_client [req-498e7330-5608-435e-996f-95905e510311 req-498e7330-5608-435e-996f-95905e510311 ] Request (ServersListShow298Test:tearDownClass): 200 GET http://10.180.1.21/compute/v2.1/servers/b73ffadc-937c-4f86-97f9-3a2c72bd6681 0.342s
2025-04-10 02:06:04.827 70358 INFO tempest.lib.common.rest_client [req-16e5c4c9-8a8a-49c2-919c-d186dda7ae30 req-16e5c4c9-8a8a-49c2-919c-d186dda7ae30 ] Request (ServersAdminTestJSON:setUpClass): 200 GET http://10.180.1.21/compute/v2.1/servers/136eb784-e127-4c66-829d-8391949626a3 0.504s
2025-04-10 02:06:04.830 70370 INFO tempest.lib.common.rest_client [req-f5ebfbf2-4ff5-42b6-b4b2-84304c1b63ad req-f5ebfbf2-4ff5-42b6-b4b2-84304c1b63ad ] Request (ServerDiagnosticsTest:test_get_server_diagnostics): 200 GET http://10.180.1.21/compute/v2.1/servers/0528ffa6-9f8e-4d3f-b8bf-0549157bd036 0.363s
2025-04-10 02:06:04.837 70358 INFO tempest.common.waiters [-] State transition "BUILD/spawning" ==> "ACTIVE/None" after 75 second wait
2025-04-10 02:06:04.847 70374 INFO tempest.lib.common.rest_client [req-410eecca-337f-4b46-a533-31361da5159f req-410eecca-337f-4b46-a533-31361da5159f ] Request (ServerShowV254Test:_run_cleanups): 204 DELETE http://10.180.1.21/compute/v2.1/os-keypairs/tempest-ServerShowV254Test-keypair-1606866829 0.284s
2025-04-10 02:06:04.885 70369 INFO tempest.lib.common.rest_client [req-ad0c8dee-7518-49c4-bea7-e2196a4efb1c req-ad0c8dee-7518-49c4-bea7-e2196a4efb1c ] Request (ListImageFiltersTestJSON:test_list_images_with_detail_filter_by_server_ref): 200 GET http://10.180.1.21/compute/v2.1/images/detail?server=http%3A%2F%2F10.180.1.21%2Fcompute%2Fservers%2Fbdf80469-18c5-4417-9f0c-17266c9f842f 0.224s
2025-04-10 02:06:04.894 70360 INFO tempest.lib.common.rest_client [req-44076fe2-dde6-4263-875e-67e50a40c509 req-44076fe2-dde6-4263-875e-67e50a40c509 ] Request (ImagesTestJSON:test_create_server_from_snapshot): 200 GET http://10.180.1.21/compute/v2.1/servers/e20c6647-24f8-46e3-a156-3a291008f4a8 0.297s
2025-04-10 02:06:04.945 70348 INFO tempest.lib.common.rest_client [req-e01f189d-21e4-44f0-8d8a-d746af19a462 req-e01f189d-21e4-44f0-8d8a-d746af19a462 ] Request (ServersTestJSON:setUpClass): 200 GET http://10.180.1.21/compute/v2.1/servers/ee1e7f12-fc5e-4d71-87b6-7e68505fc25b 0.203s
2025-04-10 02:06:05.057 70392 INFO tempest.lib.common.rest_client [req-28bac102-4b4f-4500-8107-204c8cda4144 req-28bac102-4b4f-4500-8107-204c8cda4144 ] Request (MigrationsAdminTest:test_resize_server_revert_deleted_flavor): 200 GET http://10.180.1.21/compute/v2.1/servers/b10318a6-b171-4033-932c-9363884dacc8 0.361s
2025-04-10 02:06:05.070 70358 INFO tempest.lib.common.rest_client [req-6c72d7c4-ec71-45e8-88e5-802ce1944135 req-6c72d7c4-ec71-45e8-88e5-802ce1944135 ] Request (ServersAdminTestJSON:setUpClass): 200 GET http://10.180.1.21/compute/v2.1/servers/c2fc2d67-1129-458d-92c1-f0b145d81cf8 0.232s
2025-04-10 02:06:05.149 70372 INFO tempest.lib.common.rest_client [req-4de5ec31-adcb-4189-b720-9065c5c2f8b0 req-4de5ec31-adcb-4189-b720-9065c5c2f8b0 ] Request (VolumesAssistedSnapshotsTest:tearDownClass): 200 GET http://10.180.1.21/compute/v2.1/servers/4924d43b-8a72-4ea2-b9ff-b3bbbc517ee6 0.293s
2025-04-10 02:06:05.157 70374 INFO tempest.lib.common.rest_client [req-84b84db7-e072-49e3-985b-cfe51a1618fd req-84b84db7-e072-49e3-985b-cfe51a1618fd ] Request (ServerShowV254Test:tearDownClass): 204 DELETE http://10.180.1.21/compute/v2.1/servers/57978ed9-6724-49cc-b724-26e465030d67 0.305s
2025-04-10 02:06:05.170 70358 INFO tempest.lib.common.rest_client [req-b7df4b27-84ba-4071-9692-d5f594a46a45 req-b7df4b27-84ba-4071-9692-d5f594a46a45 ] Request (ServersAdminTestJSON:test_create_server_with_scheduling_hint): 201 POST http://10.180.1.21/identity/v3/auth/tokens 0.088s
2025-04-10 02:06:05.170 70358 INFO tempest.lib.common.fixed_network [-] (ServersAdminTestJSON:test_create_server_with_scheduling_hint) Found network {'id': '2cd774b0-f0b9-4e51-b0c3-fa2955f61d6a', 'name': 'tempest-ServersAdminTestJSON-695056951-network', 'tenant_id': '98ce84b1df0d4084ae37250a4998dc75', 'admin_state_up': True, 'mtu': 8950, 'status': 'ACTIVE', 'subnets': [], 'shared': False, 'project_id': '98ce84b1df0d4084ae37250a4998dc75', 'port_security_enabled': True, 'router:external': False, 'provider:network_type': 'vlan', 'provider:physical_network': 'default', 'provider:segmentation_id': 627, 'availability_zone_hints': [], 'availability_zones': [], 'ipv4_address_scope': None, 'ipv6_address_scope': None, 'description': '', 'tags': [], 'created_at': '2025-04-10T02:04:43Z', 'updated_at': '2025-04-10T02:04:43Z', 'revision_number': 1} available for tenant
2025-04-10 02:06:05.203 70369 INFO tempest.lib.common.rest_client [req-7d1338a3-cedb-4eb6-a56e-5a97270f7c58 req-7d1338a3-cedb-4eb6-a56e-5a97270f7c58 ] Request (ListImageFiltersTestJSON:test_list_images_with_detail_filter_by_status): 200 GET http://10.180.1.21/compute/v2.1/images/detail?status=ACTIVE 0.310s
2025-04-10 02:06:05.225 70384 INFO tempest.lib.common.rest_client [req-306d1101-74af-4494-b24f-089cd9a465d7 req-306d1101-74af-4494-b24f-089cd9a465d7 ] Request (FloatingIPsAssociationTestJSON:tearDownClass): 200 GET http://10.180.1.21/compute/v2.1/servers/84486f15-d52a-47b9-965d-7ae1723c7933 0.221s
2025-04-10 02:06:05.281 70374 INFO tempest.lib.common.rest_client [req-1be70bd5-8ed9-481f-aeb9-e0e0f6aff06e req-1be70bd5-8ed9-481f-aeb9-e0e0f6aff06e ] Request (ServerShowV254Test:tearDownClass): 200 GET http://10.180.1.21/compute/v2.1/servers/57978ed9-6724-49cc-b724-26e465030d67 0.124s
2025-04-10 02:06:05.357 70408 INFO tempest.lib.common.rest_client [req-71b0be25-a988-452a-8008-7e21916819b2 req-71b0be25-a988-452a-8008-7e21916819b2 ] Request (VolumesAdminNegativeTest:test_update_attached_volume_with_nonexistent_volume_in_body): 200 GET http://10.180.1.21/volume/v3/volumes/8bd8ff58-7e3c-4719-85e4-995deca8edf0 0.033s
2025-04-10 02:06:05.372 70400 INFO tempest.lib.common.rest_client [req-0c86dec9-6269-4bb4-a3b4-6d36af3dc978 req-0c86dec9-6269-4bb4-a3b4-6d36af3dc978 ] Request (ServersTestBootFromVolume:setUpClass): 200 GET http://10.180.1.21/compute/v2.1/servers/8f57e54e-8959-4797-85d1-6d2e88e25d46 0.227s
2025-04-10 02:06:05.448 70376 INFO tempest.lib.common.rest_client [req-e3fc95f8-e1cd-4674-92e2-f803a077a1dc req-e3fc95f8-e1cd-4674-92e2-f803a077a1dc ] Request (ServerDiskConfigTestJSON:test_rebuild_server_with_manual_disk_config): 200 GET http://10.180.1.21/compute/v2.1/servers/deb9761c-e2e6-4de7-bcc0-cbe33567c577 0.244s
2025-04-10 02:06:05.517 70369 INFO tempest.lib.common.rest_client [req-c1033110-5f05-4469-9f11-ba568ceb965b req-c1033110-5f05-4469-9f11-ba568ceb965b ] Request (ListImageFiltersTestJSON:test_list_images_with_detail_filter_by_type): 200 GET http://10.180.1.21/compute/v2.1/images/detail?type=snapshot 0.305s
2025-04-10 02:06:05.532 70356 INFO tempest.lib.common.rest_client [req-d1021e51-f18e-4582-9723-4a2e5a6e5885 req-d1021e51-f18e-4582-9723-4a2e5a6e5885 ] Request (AttachVolumeNegativeTest:setUpClass): 201 POST http://10.180.1.21:9696/networking/v2.0/routers 0.882s
2025-04-10 02:06:05.578 70350 WARNING tempest.lib.common.ssh [-] Failed to establish authenticated ssh connection to cirros@10.180.180.141 ([Errno None] Unable to connect to port 22 on 10.180.180.141). Number attempts: 10. Retry after 11 seconds.: paramiko.ssh_exception.NoValidConnectionsError: [Errno None] Unable to connect to port 22 on 10.180.180.141
2025-04-10 02:06:05.663 70404 INFO tempest.lib.common.rest_client [req-cb2522b1-9c26-4bed-bf7d-1281b2e94b08 req-cb2522b1-9c26-4bed-bf7d-1281b2e94b08 ] Request (ServersTestMultiNic:_run_cleanups): 200 GET http://10.180.1.21/compute/v2.1/servers/d3e08968-e6f0-4d3e-bbe1-195d02fdfd26 0.384s
2025-04-10 02:06:05.685 70358 INFO tempest.lib.common.rest_client [req-76595c4c-f867-40ba-8b2f-41ce7977f27f req-76595c4c-f867-40ba-8b2f-41ce7977f27f ] Request (ServersAdminTestJSON:test_create_server_with_scheduling_hint): 202 POST http://10.180.1.21/compute/v2.1/servers 0.514s
2025-04-10 02:06:05.762 70380 INFO tempest.lib.common.rest_client [req-720af8f2-ff46-46b3-9b28-7c6eb3fc23d2 req-720af8f2-ff46-46b3-9b28-7c6eb3fc23d2 ] Request (ServersTestFqdnHostnames:tearDownClass): 200 GET http://10.180.1.21/compute/v2.1/servers/baca8852-4ff7-4dce-be80-967406c7fbaa 0.289s
2025-04-10 02:06:05.807 70354 INFO tempest.lib.common.rest_client [req-27d969cf-8b92-42ba-9c51-2ef7839cbbe9 req-27d969cf-8b92-42ba-9c51-2ef7839cbbe9 ] Request (InstanceActionsNegativeTestJSON:setUpClass): 200 GET http://10.180.1.21/compute/v2.1/servers/0c3a8a0d-ea89-4e88-8269-b45fc893c23e 0.400s
2025-04-10 02:06:05.817 70354 INFO tempest.common.waiters [-] State transition "BUILD/block_device_mapping" ==> "BUILD/spawning" after 43 second wait
2025-04-10 02:06:05.846 70382 INFO tempest.lib.common.rest_client [req-84b87797-fe6e-4f27-a571-aa302198f0f3 req-84b87797-fe6e-4f27-a571-aa302198f0f3 ] Request (ServerRescueTestJSON:test_rescue_unrescue_instance): 200 GET http://10.180.1.21/compute/v2.1/servers/4ba494eb-92f5-4577-aed3-96a6923c7460 0.357s
2025-04-10 02:06:05.882 70369 INFO tempest.lib.common.rest_client [req-50789116-59b6-47f1-b0d1-bdab42de70d1 req-50789116-59b6-47f1-b0d1-bdab42de70d1 ] Request (ListImageFiltersTestJSON:test_list_images_with_detail_filter_by_type): 200 GET http://10.180.1.21/compute/v2.1/images/e7b93aa0-bf54-4b6e-9c6a-a79d233ce54c 0.360s
2025-04-10 02:06:05.945 70364 INFO tempest.lib.common.rest_client [req-ff888618-dd2f-43a6-95ed-f1010c31d18f req-ff888618-dd2f-43a6-95ed-f1010c31d18f ] Request (ServerAddressesTestJSON:setUpClass): 200 GET http://10.180.1.21/compute/v2.1/servers/35a495b2-3c34-43f7-b3b1-6757d03bafcb 0.325s
2025-04-10 02:06:05.962 70362 INFO tempest.lib.common.rest_client [req-a003f2f2-028a-43f2-b952-1e86b946f566 req-a003f2f2-028a-43f2-b952-1e86b946f566 ] Request (ListServerFiltersTestJSON:tearDownClass): 200 GET http://10.180.1.21/compute/v2.1/servers/3377b48a-bf56-4a70-828a-15383eb5334f 0.384s
2025-04-10 02:06:06.003 70388 INFO tempest.lib.common.rest_client [req-538bf123-2bac-451a-902a-33a8936c20c3 req-538bf123-2bac-451a-902a-33a8936c20c3 ] Request (ServersWithSpecificFlavorTestJSON:test_verify_created_server_ephemeral_disk): 200 GET http://10.180.1.21/compute/v2.1/servers/89b6998a-f7b0-4809-a5ab-01696e30e022 0.365s
2025-04-10 02:06:06.008 70358 INFO tempest.lib.common.rest_client [req-9796cfb4-2d8d-47be-b6a3-ba9e696659f8 req-9796cfb4-2d8d-47be-b6a3-ba9e696659f8 ] Request (ServersAdminTestJSON:test_create_server_with_scheduling_hint): 200 GET http://10.180.1.21/compute/v2.1/servers/7e431676-a5ef-44de-86d1-9fef0ef7b5f3 0.322s
2025-04-10 02:06:06.014 70388 INFO tempest.common.waiters [-] State transition "BUILD/None" ==> "BUILD/networking" after 25 second wait
2025-04-10 02:06:06.073 70402 INFO tempest.lib.common.rest_client [req-d65f6e3a-f9a8-4fc8-966e-c1b446be1bb2 req-d65f6e3a-f9a8-4fc8-966e-c1b446be1bb2 ] Request (InstanceActionsV221TestJSON:test_get_list_deleted_instance_actions): 200 GET http://10.180.1.21/compute/v2.1/servers/15e9a4a7-d019-46ef-9a1b-6d3a47e07fe8 0.356s
2025-04-10 02:06:06.082 70402 INFO tempest.common.waiters [-] State transition "BUILD/scheduling" ==> "BUILD/None" after 7 second wait
2025-04-10 02:06:06.099 70406 INFO tempest.lib.common.rest_client [req-1e14fa07-2945-4e85-92fc-4908d7f6b085 req-1e14fa07-2945-4e85-92fc-4908d7f6b085 ] Request (ServersListShow298Test:tearDownClass): 200 GET http://10.180.1.21/compute/v2.1/servers/b73ffadc-937c-4f86-97f9-3a2c72bd6681 0.309s
2025-04-10 02:06:06.150 70370 INFO tempest.lib.common.rest_client [req-770bc24b-adff-4f77-bda5-11a8646b830a req-770bc24b-adff-4f77-bda5-11a8646b830a ] Request (ServerDiagnosticsTest:test_get_server_diagnostics): 200 GET http://10.180.1.21/compute/v2.1/servers/0528ffa6-9f8e-4d3f-b8bf-0549157bd036 0.308s
2025-04-10 02:06:06.150 70369 INFO tempest.lib.common.rest_client [req-2cdae3f1-8020-40d8-b7a8-23191ec2c4d4 req-2cdae3f1-8020-40d8-b7a8-23191ec2c4d4 ] Request (ListImageFiltersTestJSON:test_list_images_with_detail_limit_results): 200 GET http://10.180.1.21/compute/v2.1/images/detail?limit=1 0.263s
2025-04-10 02:06:06.232 70360 INFO tempest.lib.common.rest_client [req-ed369703-968d-41fc-92cd-c21d0b15709f req-ed369703-968d-41fc-92cd-c21d0b15709f ] Request (ImagesTestJSON:test_create_server_from_snapshot): 200 GET http://10.180.1.21/compute/v2.1/servers/e20c6647-24f8-46e3-a156-3a291008f4a8 0.328s
2025-04-10 02:06:06.244 70348 INFO tempest.lib.common.rest_client [req-06c1b82b-5a22-4be0-9c25-ffc1e6e7daef req-06c1b82b-5a22-4be0-9c25-ffc1e6e7daef ] Request (ServersTestJSON:setUpClass): 200 GET http://10.180.1.21/compute/v2.1/servers/ee1e7f12-fc5e-4d71-87b6-7e68505fc25b 0.288s
2025-04-10 02:06:06.386 70369 INFO tempest.lib.common.rest_client [req-4be33bf3-6971-40a4-aaf7-bb5b532918f0 req-4be33bf3-6971-40a4-aaf7-bb5b532918f0 ] Request (ListImageFiltersTestJSON:tearDownClass): 204 DELETE http://10.180.1.21/compute/v2.1/images/5d9dc198-7d38-483a-868d-d6f5a30b89cc 0.227s
2025-04-10 02:06:06.388 70396 INFO paramiko.transport [-] Connected (version 2.0, client dropbear_2020.81)
2025-04-10 02:06:06.404 70408 INFO tempest.lib.common.rest_client [req-275182b9-a175-41b5-a7d3-855bfb62d87b req-275182b9-a175-41b5-a7d3-855bfb62d87b ] Request (VolumesAdminNegativeTest:test_update_attached_volume_with_nonexistent_volume_in_body): 200 GET http://10.180.1.21/volume/v3/volumes/8bd8ff58-7e3c-4719-85e4-995deca8edf0 0.037s
2025-04-10 02:06:06.445 70392 INFO tempest.lib.common.rest_client [req-d6043765-b67f-4ad9-a32c-a18678b6da8f req-d6043765-b67f-4ad9-a32c-a18678b6da8f ] Request (MigrationsAdminTest:test_resize_server_revert_deleted_flavor): 200 GET http://10.180.1.21/compute/v2.1/servers/b10318a6-b171-4033-932c-9363884dacc8 0.380s
2025-04-10 02:06:06.498 70372 INFO tempest.lib.common.rest_client [req-183cbf94-3923-4490-8ec5-f3316c1b36d5 req-183cbf94-3923-4490-8ec5-f3316c1b36d5 ] Request (VolumesAssistedSnapshotsTest:tearDownClass): 200 GET http://10.180.1.21/compute/v2.1/servers/4924d43b-8a72-4ea2-b9ff-b3bbbc517ee6 0.332s
2025-04-10 02:06:06.498 70396 INFO paramiko.transport [-] Authentication (publickey) successful!
2025-04-10 02:06:06.499 70396 INFO tempest.lib.common.ssh [-] ssh connection to cirros@10.180.180.156 successfully created
2025-04-10 02:06:06.553 70384 INFO tempest.lib.common.rest_client [req-9e4ce87f-44a5-4f0f-a463-9283cf4d3ad1 req-9e4ce87f-44a5-4f0f-a463-9283cf4d3ad1 ] Request (FloatingIPsAssociationTestJSON:tearDownClass): 200 GET http://10.180.1.21/compute/v2.1/servers/84486f15-d52a-47b9-965d-7ae1723c7933 0.318s
2025-04-10 02:06:06.577 70374 INFO tempest.lib.common.rest_client [req-3b9a6f2a-fc34-4451-9e5a-88dc0e276dd7 req-3b9a6f2a-fc34-4451-9e5a-88dc0e276dd7 ] Request (ServerShowV254Test:tearDownClass): 200 GET http://10.180.1.21/compute/v2.1/servers/57978ed9-6724-49cc-b724-26e465030d67 0.277s
2025-04-10 02:06:06.642 70356 INFO tempest.lib.common.rest_client [req-db059aab-cbb9-4fe2-8638-5423c822a8ac req-db059aab-cbb9-4fe2-8638-5423c822a8ac ] Request (AttachVolumeNegativeTest:setUpClass): 200 PUT http://10.180.1.21:9696/networking/v2.0/routers/3f44dd5f-c028-492c-934a-cbe0a88ab1ea/add_router_interface 1.109s
