2025-04-10 02:05:20.134 70364 INFO tempest.lib.common.rest_client [req-7295d140-21c3-492a-afc5-bff9c7ea623e req-7295d140-21c3-492a-afc5-bff9c7ea623e ] Request (ListServersNegativeTestJSON:test_list_servers_status_non_existing): 200 GET http://10.180.1.21/compute/v2.1/servers?status=non_existing_status 0.091s
2025-04-10 02:05:20.175 70404 INFO tempest.lib.common.rest_client [req-0f4103ca-271d-41d1-ac0c-70371a3b07fa req-0f4103ca-271d-41d1-ac0c-70371a3b07fa ] Request (ServersTestMultiNic:test_verify_multiple_nics_order): 200 GET http://10.180.1.21/compute/v2.1/servers/d3e08968-e6f0-4d3e-bbe1-195d02fdfd26 0.164s
2025-04-10 02:05:20.189 70358 INFO tempest.lib.common.rest_client [req-90414fc6-dabd-4d9c-ac24-a023371171a0 req-90414fc6-dabd-4d9c-ac24-a023371171a0 ] Request (ServersAdminTestJSON:setUpClass): 200 GET http://10.180.1.21/compute/v2.1/servers/136eb784-e127-4c66-829d-8391949626a3 0.138s
2025-04-10 02:05:20.224 70369 INFO tempest.lib.common.rest_client [req-7a23f718-7188-4a51-8b2e-78a8b5041140 req-7a23f718-7188-4a51-8b2e-78a8b5041140 ] Request (ListImageFiltersTestJSON:setUpClass): 200 GET http://10.180.1.21/compute/v2.1/images/ba32e99c-4167-4503-98ff-91fcff22d25a 0.105s
2025-04-10 02:05:20.235 70382 INFO tempest.lib.common.rest_client [req-2e74f062-61d9-40fc-8cda-fac0408c9ff9 req-2e74f062-61d9-40fc-8cda-fac0408c9ff9 ] Request (ServerRescueTestJSON:setUpClass): 200 GET http://10.180.1.21/compute/v2.1/servers/434b9dd4-2dbd-4deb-a814-98cce1af8120 0.128s
2025-04-10 02:05:20.276 70364 INFO tempest.lib.common.rest_client [req-b974de08-a96f-49a0-9818-51b4d3609ef9 req-b974de08-a96f-49a0-9818-51b4d3609ef9 ] Request (ListServersNegativeTestJSON:test_list_servers_with_a_deleted_server): 200 GET http://10.180.1.21/compute/v2.1/servers 0.139s
2025-04-10 02:05:20.306 70362 INFO tempest.lib.common.rest_client [req-27875090-3701-45c9-be7d-0a20432ce179 req-27875090-3701-45c9-be7d-0a20432ce179 ] Request (ListServerFiltersTestJSON:test_list_servers_filtered_by_name_regex): 200 GET http://10.180.1.21/compute/v2.1/servers?name=%5E.%2A%5C-instance%5C-%5B0-9%5D%2B%24 0.177s
2025-04-10 02:05:20.328 70398 INFO tempest.lib.common.rest_client [req-723c53d2-e152-4253-8289-15a7c05306c1 req-723c53d2-e152-4253-8289-15a7c05306c1 ] Request (AttachVolumeTestJSON:test_attach_detach_volume): 200 GET http://10.180.1.21/compute/v2.1/servers/749a01fa-ab81-4fb6-b06d-3c5de75e854f 0.143s
2025-04-10 02:05:20.345 70369 INFO tempest.lib.common.rest_client [req-8b4c4dad-21e0-4c37-8920-126738db919b req-8b4c4dad-21e0-4c37-8920-126738db919b ] Request (ListImageFiltersTestJSON:setUpClass): 200 GET http://10.180.1.21/compute/v2.1/images/ba32e99c-4167-4503-98ff-91fcff22d25a 0.117s
2025-04-10 02:05:20.363 70364 INFO tempest.lib.common.rest_client [req-8a1de37a-860d-46d7-80da-929d9767c582 req-8a1de37a-860d-46d7-80da-929d9767c582 ] Request (ListServersNegativeTestJSON:tearDownClass): 404 DELETE http://10.180.1.21/compute/v2.1/servers/e49a9a85-3dd2-4de3-ae08-19d318eaed9f 0.084s
2025-04-10 02:05:20.378 70354 INFO tempest.lib.common.rest_client [req-52d90a20-a071-48c8-85ca-1db7bbf4998a req-52d90a20-a071-48c8-85ca-1db7bbf4998a ] Request (InstanceActionsNegativeTestJSON:setUpClass): 201 POST http://10.180.1.21:9696/networking/v2.0/routers 0.722s
2025-04-10 02:05:20.381 70384 INFO tempest.lib.common.rest_client [req-814ab5f8-a475-400b-945f-bf0df7f7c1a3 req-814ab5f8-a475-400b-945f-bf0df7f7c1a3 ] Request (FloatingIPsAssociationTestJSON:test_associate_already_associated_floating_ip): 200 GET http://10.180.1.21/compute/v2.1/servers/84486f15-d52a-47b9-965d-7ae1723c7933 0.128s
2025-04-10 02:05:20.415 70362 INFO tempest.lib.common.rest_client [req-17bd178e-1ba2-4e9a-982f-b3a0c9d42d38 req-17bd178e-1ba2-4e9a-982f-b3a0c9d42d38 ] Request (ListServerFiltersTestJSON:test_list_servers_filtered_by_name_regex): 200 GET http://10.180.1.21/compute/v2.1/servers?name=%5E.%2A%5C-instance%5C-.%2A%24 0.106s
2025-04-10 02:05:20.450 70406 INFO tempest.lib.common.rest_client [req-a31bfd77-43ea-4b2e-85d0-015c881ba375 req-a31bfd77-43ea-4b2e-85d0-015c881ba375 ] Request (ServersListShow298Test:test_list_show_update_rebuild_server_298): 200 GET http://10.180.1.21/compute/v2.1/servers/b73ffadc-937c-4f86-97f9-3a2c72bd6681 0.105s
2025-04-10 02:05:20.525 70364 INFO tempest.lib.common.rest_client [req-85907965-e1d4-4747-909b-1c4869e64a53 req-85907965-e1d4-4747-909b-1c4869e64a53 ] Request (ListServersNegativeTestJSON:tearDownClass): 204 DELETE http://10.180.1.21/compute/v2.1/servers/9c48262b-48b7-41be-9c81-59ba61057c42 0.162s
2025-04-10 02:05:20.560 70369 INFO tempest.lib.common.rest_client [req-0a2b6a9a-c52b-489b-816c-48169664b239 req-0a2b6a9a-c52b-489b-816c-48169664b239 ] Request (ListImageFiltersTestJSON:setUpClass): 200 GET http://10.180.1.21/compute/v2.1/servers/52f8fe33-d2ae-472b-a561-17545b29c252 0.211s
2025-04-10 02:05:20.580 70362 INFO tempest.lib.common.rest_client [req-dca59ee0-fa91-4974-89ec-503c22a0d3ba req-dca59ee0-fa91-4974-89ec-503c22a0d3ba ] Request (ListServerFiltersTestJSON:test_list_servers_filtered_by_name_regex): 200 GET http://10.180.1.21/compute/v2.1/servers?name=1352716247 0.164s
2025-04-10 02:05:20.639 70348 INFO tempest.lib.common.rest_client [req-7fbd4141-502e-4bba-8e9a-3bcb49e95475 req-7fbd4141-502e-4bba-8e9a-3bcb49e95475 ] Request (ServersAdminNegativeTestJSON:tearDownClass): 200 GET http://10.180.1.21/compute/v2.1/servers/c1f3f223-be86-43f4-bb43-27202b1b41b5 0.179s
2025-04-10 02:05:20.641 70402 INFO tempest.lib.common.rest_client [req-fe5c7d06-1d44-40ac-b24f-7f1b7a23a93f req-fe5c7d06-1d44-40ac-b24f-7f1b7a23a93f ] Request (ServersTestManualDisk:tearDownClass): 200 GET http://10.180.1.21/compute/v2.1/servers/4caa4262-722b-45c5-adf1-7bf36cb1e2ca 0.129s
2025-04-10 02:05:20.648 70402 INFO tempest.common.waiters [-] State transition "ACTIVE/deleting" ==> "DELETED/None" after 5 second wait
2025-04-10 02:05:20.686 70362 INFO tempest.lib.common.rest_client [req-17bb5b5e-af15-4eb3-a1e8-c5358045bf5e req-17bb5b5e-af15-4eb3-a1e8-c5358045bf5e ] Request (ListServerFiltersTestJSON:test_list_servers_filtered_by_name_wildcard): 200 GET http://10.180.1.21/compute/v2.1/servers?name=-instance 0.100s
2025-04-10 02:05:20.725 70364 INFO tempest.lib.common.rest_client [req-6ded7a8f-0262-45f7-993d-e1baf237d978 req-6ded7a8f-0262-45f7-993d-e1baf237d978 ] Request (ListServersNegativeTestJSON:tearDownClass): 204 DELETE http://10.180.1.21/compute/v2.1/servers/79fd61dd-972d-4b64-84df-5e4307a3af44 0.199s
2025-04-10 02:05:20.766 70362 INFO tempest.lib.common.rest_client [req-112738aa-e49e-43a3-94b0-ac70c523a4c4 req-112738aa-e49e-43a3-94b0-ac70c523a4c4 ] Request (ListServerFiltersTestJSON:test_list_servers_filtered_by_name_wildcard): 200 GET http://10.180.1.21/compute/v2.1/servers?name=t-ListServerFiltersTestJSON-instance-135271624 0.077s
2025-04-10 02:05:20.820 70370 INFO tempest.lib.common.rest_client [req-a9f7847f-1eaf-4ba9-80a2-78c3d51fe2ba req-a9f7847f-1eaf-4ba9-80a2-78c3d51fe2ba ] Request (DeleteServersAdminTestJSON:test_delete_server_while_in_error_state): 200 GET http://10.180.1.21/compute/v2.1/servers/80ea20c5-0664-4dd4-b72b-2a37ef5b9e5a 0.127s
2025-04-10 02:05:20.838 70364 INFO tempest.lib.common.rest_client [req-9ed9db6c-e3ca-4339-b5f1-56d8eeb38026 req-9ed9db6c-e3ca-4339-b5f1-56d8eeb38026 ] Request (ListServersNegativeTestJSON:tearDownClass): 404 GET http://10.180.1.21/compute/v2.1/servers/e49a9a85-3dd2-4de3-ae08-19d318eaed9f 0.113s
2025-04-10 02:05:20.887 70392 INFO tempest.lib.common.rest_client [req-a8272448-71fb-45f9-9e24-1f34cb0899a5 req-a8272448-71fb-45f9-9e24-1f34cb0899a5 ] Request (MigrationsAdminTest:test_resize_server_revert_deleted_flavor): 200 GET http://10.180.1.21/compute/v2.1/servers/b10318a6-b171-4033-932c-9363884dacc8 0.140s
2025-04-10 02:05:20.949 70362 INFO tempest.lib.common.rest_client [req-b168213b-9fd7-483b-b5dc-edbd7162aa51 req-b168213b-9fd7-483b-b5dc-edbd7162aa51 ] Request (ListServerFiltersTestJSON:tearDownClass): 204 DELETE http://10.180.1.21/compute/v2.1/servers/ec984bdd-70e7-449e-ab30-ff8ff43483f2 0.180s
2025-04-10 02:05:21.049 70356 INFO tempest.lib.common.rest_client [req-4e8cc2bc-7f39-4202-9305-ee5ff5ac996d req-4e8cc2bc-7f39-4202-9305-ee5ff5ac996d ] Request (ServerMetadataTestJSON:setUpClass): 200 GET http://10.180.1.21/compute/v2.1/servers/48222c96-658b-4954-951a-90a6d0c647ff 0.426s
2025-04-10 02:05:21.094 70364 INFO tempest.lib.common.rest_client [req-8fdc7917-afdc-49a0-8eda-51a604fbb775 req-8fdc7917-afdc-49a0-8eda-51a604fbb775 ] Request (ListServersNegativeTestJSON:tearDownClass): 200 GET http://10.180.1.21/compute/v2.1/servers/9c48262b-48b7-41be-9c81-59ba61057c42 0.255s
2025-04-10 02:05:21.183 70362 INFO tempest.lib.common.rest_client [req-1c214fda-a0ae-48a9-a03b-f9e858e9b7ca req-1c214fda-a0ae-48a9-a03b-f9e858e9b7ca ] Request (ListServerFiltersTestJSON:tearDownClass): 200 GET http://10.180.1.21/compute/v2.1/servers/ec984bdd-70e7-449e-ab30-ff8ff43483f2 0.234s
2025-04-10 02:05:21.241 70374 INFO tempest.lib.common.rest_client [req-1a6a0546-ae1d-42c7-8b76-eefe1cbb4afc req-1a6a0546-ae1d-42c7-8b76-eefe1cbb4afc ] Request (ServerShowV254Test:test_rebuild_server): 200 GET http://10.180.1.21/compute/v2.1/servers/57978ed9-6724-49cc-b724-26e465030d67 0.290s
2025-04-10 02:05:21.250 70360 INFO tempest.lib.common.rest_client [req-a9639e2a-f0f5-4d60-bbc9-cbc16cc348dc req-a9639e2a-f0f5-4d60-bbc9-cbc16cc348dc ] Request (ImagesTestJSON:test_create_image_from_suspended_server): 200 GET http://10.180.1.21/compute/v2.1/servers/d14e18d1-d750-48a7-9f1e-0353a8e2614f 0.398s
2025-04-10 02:05:21.259 70360 INFO tempest.common.waiters [-] State transition "BUILD/spawning" ==> "ACTIVE/None" after 79 second wait
2025-04-10 02:05:21.298 70400 INFO tempest.lib.common.rest_client [req-25e76805-57b1-44bd-8740-7fe4e38de3f0 req-25e76805-57b1-44bd-8740-7fe4e38de3f0 ] Request (ServersTestBootFromVolume:setUpClass): 200 GET http://10.180.1.21/compute/v2.1/servers/8f57e54e-8959-4797-85d1-6d2e88e25d46 0.295s
2025-04-10 02:05:21.334 70376 INFO tempest.lib.common.rest_client [req-dd97ffc9-e73d-47eb-9960-58456afb5830 req-dd97ffc9-e73d-47eb-9960-58456afb5830 ] Request (ServerDiskConfigTestJSON:test_rebuild_server_with_auto_disk_config): 200 GET http://10.180.1.21/compute/v2.1/servers/1c0914d8-8a16-499f-995a-20c96405c282 0.272s
2025-04-10 02:05:21.362 70394 INFO tempest.lib.common.rest_client [req-038bd5b6-1937-443b-9406-0a70b506e7b1 req-038bd5b6-1937-443b-9406-0a70b506e7b1 ] Request (ServerActionsTestOtherB:setUpClass): 200 GET http://10.180.1.21/compute/v2.1/servers/2b2cf4bb-dd84-420d-9663-04a7bea94fc6 0.246s
2025-04-10 02:05:21.408 70404 INFO tempest.lib.common.rest_client [req-37caee45-d837-4594-b1aa-acceaa719ccc req-37caee45-d837-4594-b1aa-acceaa719ccc ] Request (ServersTestMultiNic:test_verify_multiple_nics_order): 200 GET http://10.180.1.21/compute/v2.1/servers/d3e08968-e6f0-4d3e-bbe1-195d02fdfd26 0.223s
2025-04-10 02:05:21.418 70358 INFO tempest.lib.common.rest_client [req-7a947aa0-aadd-41fe-8814-2b378359a913 req-7a947aa0-aadd-41fe-8814-2b378359a913 ] Request (ServersAdminTestJSON:setUpClass): 200 GET http://10.180.1.21/compute/v2.1/servers/136eb784-e127-4c66-829d-8391949626a3 0.219s
2025-04-10 02:05:21.486 70382 INFO tempest.lib.common.rest_client [req-4cf28cdb-8423-4c94-9c3e-f3924e630862 req-4cf28cdb-8423-4c94-9c3e-f3924e630862 ] Request (ServerRescueTestJSON:setUpClass): 200 GET http://10.180.1.21/compute/v2.1/servers/434b9dd4-2dbd-4deb-a814-98cce1af8120 0.241s
2025-04-10 02:05:21.519 70360 INFO tempest.lib.common.rest_client [req-e58b4f1f-8343-49a3-82b5-96e02e8bdfd8 req-e58b4f1f-8343-49a3-82b5-96e02e8bdfd8 ] Request (ImagesTestJSON:test_create_image_from_suspended_server): 202 POST http://10.180.1.21/compute/v2.1/servers/d14e18d1-d750-48a7-9f1e-0353a8e2614f/action 0.259s
2025-04-10 02:05:21.543 70398 INFO tempest.lib.common.rest_client [req-e75d613f-a285-4340-ad39-49f6df409740 req-e75d613f-a285-4340-ad39-49f6df409740 ] Request (AttachVolumeTestJSON:test_attach_detach_volume): 200 GET http://10.180.1.21/compute/v2.1/servers/749a01fa-ab81-4fb6-b06d-3c5de75e854f 0.204s
2025-04-10 02:05:21.573 70384 INFO tempest.lib.common.rest_client [req-0b01dc12-46eb-4e07-853b-ecc364dd03bd req-0b01dc12-46eb-4e07-853b-ecc364dd03bd ] Request (FloatingIPsAssociationTestJSON:test_associate_already_associated_floating_ip): 200 GET http://10.180.1.21/compute/v2.1/servers/84486f15-d52a-47b9-965d-7ae1723c7933 0.185s
2025-04-10 02:05:21.628 70406 INFO tempest.lib.common.rest_client [req-5321daa9-e016-4f49-9c2a-b2847ed10ebe req-5321daa9-e016-4f49-9c2a-b2847ed10ebe ] Request (ServersListShow298Test:test_list_show_update_rebuild_server_298): 200 GET http://10.180.1.21/compute/v2.1/servers/b73ffadc-937c-4f86-97f9-3a2c72bd6681 0.164s
2025-04-10 02:05:21.640 70406 INFO tempest.common.waiters [-] State transition "BUILD/None" ==> "BUILD/networking" after 73 second wait
2025-04-10 02:05:21.717 70360 INFO tempest.lib.common.rest_client [req-e077717a-a520-4aa7-b155-65d63e29cb0b req-e077717a-a520-4aa7-b155-65d63e29cb0b ] Request (ImagesTestJSON:test_create_image_from_suspended_server): 200 GET http://10.180.1.21/compute/v2.1/servers/d14e18d1-d750-48a7-9f1e-0353a8e2614f 0.197s
2025-04-10 02:05:21.778 70402 INFO tempest.lib.common.rest_client [req-7f9a2092-7f01-45ba-9846-7b998617114b req-7f9a2092-7f01-45ba-9846-7b998617114b ] Request (ServersTestManualDisk:tearDownClass): 200 GET http://10.180.1.21/compute/v2.1/servers/4caa4262-722b-45c5-adf1-7bf36cb1e2ca 0.129s
2025-04-10 02:05:21.803 70369 INFO tempest.lib.common.rest_client [req-000480d3-4180-49d9-9ecd-5d5d73f676e5 req-000480d3-4180-49d9-9ecd-5d5d73f676e5 ] Request (ListImageFiltersTestJSON:setUpClass): 200 GET http://10.180.1.21/compute/v2.1/servers/52f8fe33-d2ae-472b-a561-17545b29c252 0.232s
2025-04-10 02:05:21.839 70348 INFO tempest.lib.common.rest_client [req-bc095f3a-d6e1-4adc-9faa-80a93419a8aa req-bc095f3a-d6e1-4adc-9faa-80a93419a8aa ] Request (ServersAdminNegativeTestJSON:tearDownClass): 200 GET http://10.180.1.21/compute/v2.1/servers/c1f3f223-be86-43f4-bb43-27202b1b41b5 0.187s
2025-04-10 02:05:21.878 70396 WARNING tempest.lib.common.ssh [-] Failed to establish authenticated ssh connection to cirros@10.180.180.156 ([Errno None] Unable to connect to port 22 on 10.180.180.156). Number attempts: 8. Retry after 9 seconds.: paramiko.ssh_exception.NoValidConnectionsError: [Errno None] Unable to connect to port 22 on 10.180.180.156
2025-04-10 02:05:21.902 70370 INFO tempest.lib.common.rest_client [req-bf0a96ba-7b7a-4923-8b86-c686f7eec6cf req-bf0a96ba-7b7a-4923-8b86-c686f7eec6cf ] Request (DeleteServersAdminTestJSON:test_delete_server_while_in_error_state): 200 GET http://10.180.1.21/compute/v2.1/servers/80ea20c5-0664-4dd4-b72b-2a37ef5b9e5a 0.070s
2025-04-10 02:05:21.960 70392 INFO tempest.lib.common.rest_client [req-5da1177b-aa0e-4b91-b61d-386f7fd30e17 req-5da1177b-aa0e-4b91-b61d-386f7fd30e17 ] Request (MigrationsAdminTest:test_resize_server_revert_deleted_flavor): 200 GET http://10.180.1.21/compute/v2.1/servers/b10318a6-b171-4033-932c-9363884dacc8 0.064s
2025-04-10 02:05:21.999 70354 INFO tempest.lib.common.rest_client [req-ffb9802a-41e0-46bc-b168-32067c705ea7 req-ffb9802a-41e0-46bc-b168-32067c705ea7 ] Request (InstanceActionsNegativeTestJSON:setUpClass): 200 PUT http://10.180.1.21:9696/networking/v2.0/routers/563d7e63-2cc0-4329-9c62-571a4275c519/add_router_interface 1.621s
2025-04-10 02:05:21.999 70354 INFO tempest.lib.common.dynamic_creds [-] Created isolated network resources for: credentials: Credentials: {'domain_id': 'default', 'domain_name': 'Default', 'username': 'tempest-InstanceActionsNegativeTestJSON-1276840534-project-member', 'project_domain_id': 'default', 'project_domain_name': 'Default', 'project_id': '396a9d9c3a944332b1cb6bdd3c09d270', 'project_name': 'tempest-InstanceActionsNegativeTestJSON-1276840534', 'tenant_id': '396a9d9c3a944332b1cb6bdd3c09d270', 'tenant_name': 'tempest-InstanceActionsNegativeTestJSON-1276840534', 'user_domain_id': 'default', 'user_domain_name': 'Default', 'user_id': 'cd9be67de4aa474985d263440983d6f5', 'system': None}, Network: {'id': 'f08a0693-53f0-4f66-96d6-93dd734d7749', 'name': 'tempest-InstanceActionsNegativeTestJSON-1105037360-network', 'tenant_id': '396a9d9c3a944332b1cb6bdd3c09d270', 'admin_state_up': True, 'mtu': 8950, 'status': 'ACTIVE', 'subnets': [], 'shared': False, 'project_id': '396a9d9c3a944332b1cb6bdd3c09d270', 'port_security_enabled': True, 'router:external': False, 'provider:network_type': 'vlan', 'provider:physical_network': 'default', 'provider:segmentation_id': 589, 'availability_zone_hints': [], 'availability_zones': [], 'ipv4_address_scope': None, 'ipv6_address_scope': None, 'description': '', 'tags': [], 'created_at': '2025-04-10T02:05:19Z', 'updated_at': '2025-04-10T02:05:19Z', 'revision_number': 1}, Subnet: {'id': 'dc25b56e-7440-4e33-94ec-a1dd4af4d651', 'name': 'tempest-InstanceActionsNegativeTestJSON-1105037360-subnet', 'tenant_id': '396a9d9c3a944332b1cb6bdd3c09d270', 'network_id': 'f08a0693-53f0-4f66-96d6-93dd734d7749', 'ip_version': 4, 'subnetpool_id': None, 'enable_dhcp': True, 'ipv6_ra_mode': None, 'ipv6_address_mode': None, 'gateway_ip': '192.168.128.1', 'cidr': '192.168.128.0/28', 'allocation_pools': [{'start': '192.168.128.2', 'end': '192.168.128.14'}], 'host_routes': [], 'dns_nameservers': [], 'description': '', 'router:external': False, 'service_types': [], 'tags': [], 'created_at': '2025-04-10T02:05:19Z', 'updated_at': '2025-04-10T02:05:19Z', 'revision_number': 0, 'project_id': '396a9d9c3a944332b1cb6bdd3c09d270'}, Router: {'id': '563d7e63-2cc0-4329-9c62-571a4275c519', 'name': 'tempest-InstanceActionsNegativeTestJSON-1105037360-router', 'tenant_id': '396a9d9c3a944332b1cb6bdd3c09d270', 'admin_state_up': True, 'status': 'ACTIVE', 'external_gateway_info': {'network_id': '7ee98892-28a4-4fa4-8a89-c253d85950b5', 'external_fixed_ips': [{'subnet_id': '202fd6de-b206-47b2-b7a6-5ffc8901412e', 'ip_address': '10.180.180.129'}], 'enable_snat': True}, 'description': '', 'availability_zones': [], 'distributed': False, 'ha': False, 'availability_zone_hints': [], 'routes': [], 'flavor_id': None, 'tags': [], 'created_at': '2025-04-10T02:05:19Z', 'updated_at': '2025-04-10T02:05:20Z', 'revision_number': 2, 'project_id': '396a9d9c3a944332b1cb6bdd3c09d270'}
2025-04-10 02:05:22.089 70354 INFO tempest.lib.common.rest_client [req-48d5e23d-7ae9-4786-aa9e-7704050238d8 req-48d5e23d-7ae9-4786-aa9e-7704050238d8 ] Request (InstanceActionsNegativeTestJSON:setUpClass): 201 POST http://10.180.1.21/identity/v3/auth/tokens 0.086s
2025-04-10 02:05:22.128 70354 INFO tempest.lib.common.rest_client [req-7d00c8f5-649b-4da7-a17e-84542c4e2c3f req-7d00c8f5-649b-4da7-a17e-84542c4e2c3f ] Request (InstanceActionsNegativeTestJSON:setUpClass): 201 POST http://10.180.1.21/identity/v3/auth/tokens 0.036s
2025-04-10 02:05:22.129 70354 INFO tempest.lib.common.fixed_network [-] (InstanceActionsNegativeTestJSON:setUpClass) Found network {'id': 'f08a0693-53f0-4f66-96d6-93dd734d7749', 'name': 'tempest-InstanceActionsNegativeTestJSON-1105037360-network', 'tenant_id': '396a9d9c3a944332b1cb6bdd3c09d270', 'admin_state_up': True, 'mtu': 8950, 'status': 'ACTIVE', 'subnets': [], 'shared': False, 'project_id': '396a9d9c3a944332b1cb6bdd3c09d270', 'port_security_enabled': True, 'router:external': False, 'provider:network_type': 'vlan', 'provider:physical_network': 'default', 'provider:segmentation_id': 589, 'availability_zone_hints': [], 'availability_zones': [], 'ipv4_address_scope': None, 'ipv6_address_scope': None, 'description': '', 'tags': [], 'created_at': '2025-04-10T02:05:19Z', 'updated_at': '2025-04-10T02:05:19Z', 'revision_number': 1} available for tenant
2025-04-10 02:05:22.166 70356 INFO tempest.lib.common.rest_client [req-1967dd63-2691-4d7c-b1b5-b226953e6960 req-1967dd63-2691-4d7c-b1b5-b226953e6960 ] Request (ServerMetadataTestJSON:setUpClass): 200 GET http://10.180.1.21/compute/v2.1/servers/48222c96-658b-4954-951a-90a6d0c647ff 0.108s
2025-04-10 02:05:22.229 70364 INFO tempest.lib.common.rest_client [req-80db13e8-aede-44a7-a6f2-d167fe8caf10 req-80db13e8-aede-44a7-a6f2-d167fe8caf10 ] Request (ListServersNegativeTestJSON:tearDownClass): 200 GET http://10.180.1.21/compute/v2.1/servers/9c48262b-48b7-41be-9c81-59ba61057c42 0.127s
2025-04-10 02:05:22.332 70362 INFO tempest.lib.common.rest_client [req-23b8550b-7eb6-4011-86d2-8be2ccee5edf req-23b8550b-7eb6-4011-86d2-8be2ccee5edf ] Request (ListServerFiltersTestJSON:tearDownClass): 200 GET http://10.180.1.21/compute/v2.1/servers/ec984bdd-70e7-449e-ab30-ff8ff43483f2 0.141s
2025-04-10 02:05:22.403 70374 INFO tempest.lib.common.rest_client [req-48e0f8ae-c3ed-43fd-bdf8-ce554f62b570 req-48e0f8ae-c3ed-43fd-bdf8-ce554f62b570 ] Request (ServerShowV254Test:test_rebuild_server): 200 GET http://10.180.1.21/compute/v2.1/servers/57978ed9-6724-49cc-b724-26e465030d67 0.153s
2025-04-10 02:05:22.472 70400 INFO tempest.lib.common.rest_client [req-bf74e2c7-5d42-4ec2-a7e1-3a906bd04ea1 req-bf74e2c7-5d42-4ec2-a7e1-3a906bd04ea1 ] Request (ServersTestBootFromVolume:setUpClass): 200 GET http://10.180.1.21/compute/v2.1/servers/8f57e54e-8959-4797-85d1-6d2e88e25d46 0.163s
2025-04-10 02:05:22.534 70376 INFO tempest.lib.common.rest_client [req-a0d0d1d1-b825-43de-ba1d-3cbd19b1cdbf req-a0d0d1d1-b825-43de-ba1d-3cbd19b1cdbf ] Request (ServerDiskConfigTestJSON:test_rebuild_server_with_auto_disk_config): 200 GET http://10.180.1.21/compute/v2.1/servers/1c0914d8-8a16-499f-995a-20c96405c282 0.189s
2025-04-10 02:05:22.583 70408 WARNING tempest.lib.common.ssh [-] Failed to establish authenticated ssh connection to cirros@10.180.180.233 ([Errno None] Unable to connect to port 22 on 10.180.180.233). Number attempts: 5. Retry after 6 seconds.: paramiko.ssh_exception.NoValidConnectionsError: [Errno None] Unable to connect to port 22 on 10.180.180.233
2025-04-10 02:05:22.603 70394 INFO tempest.lib.common.rest_client [req-29744177-26c3-493a-a337-ab6e71f2f729 req-29744177-26c3-493a-a337-ab6e71f2f729 ] Request (ServerActionsTestOtherB:setUpClass): 200 GET http://10.180.1.21/compute/v2.1/servers/2b2cf4bb-dd84-420d-9663-04a7bea94fc6 0.231s
2025-04-10 02:05:22.624 70354 INFO tempest.lib.common.rest_client [req-8ebcccc9-f4a5-4031-a2b4-f8fefffeb34e req-8ebcccc9-f4a5-4031-a2b4-f8fefffeb34e ] Request (InstanceActionsNegativeTestJSON:setUpClass): 202 POST http://10.180.1.21/compute/v2.1/servers 0.495s
2025-04-10 02:05:22.665 70404 INFO tempest.lib.common.rest_client [req-f1e40aed-1190-4286-9a1d-25125893fdd7 req-f1e40aed-1190-4286-9a1d-25125893fdd7 ] Request (ServersTestMultiNic:test_verify_multiple_nics_order): 200 GET http://10.180.1.21/compute/v2.1/servers/d3e08968-e6f0-4d3e-bbe1-195d02fdfd26 0.246s
2025-04-10 02:05:22.694 70358 INFO tempest.lib.common.rest_client [req-730b968c-3718-4c49-8d27-557a87ba9873 req-730b968c-3718-4c49-8d27-557a87ba9873 ] Request (ServersAdminTestJSON:setUpClass): 200 GET http://10.180.1.21/compute/v2.1/servers/136eb784-e127-4c66-829d-8391949626a3 0.260s
2025-04-10 02:05:22.730 70382 INFO tempest.lib.common.rest_client [req-30fd2728-0a3f-4c8d-b41c-94be44762fe7 req-30fd2728-0a3f-4c8d-b41c-94be44762fe7 ] Request (ServerRescueTestJSON:setUpClass): 200 GET http://10.180.1.21/compute/v2.1/servers/434b9dd4-2dbd-4deb-a814-98cce1af8120 0.236s
2025-04-10 02:05:22.760 70398 INFO tempest.lib.common.rest_client [req-f55cd6ec-4949-4105-9e92-b9bbbb84b717 req-f55cd6ec-4949-4105-9e92-b9bbbb84b717 ] Request (AttachVolumeTestJSON:test_attach_detach_volume): 200 GET http://10.180.1.21/compute/v2.1/servers/749a01fa-ab81-4fb6-b06d-3c5de75e854f 0.202s
2025-04-10 02:05:22.777 70378 WARNING tempest.lib.common.ssh [-] Failed to establish authenticated ssh connection to cirros@10.180.180.247 ([Errno None] Unable to connect to port 22 on 10.180.180.247). Number attempts: 1. Retry after 2 seconds.: paramiko.ssh_exception.NoValidConnectionsError: [Errno None] Unable to connect to port 22 on 10.180.180.247
2025-04-10 02:05:22.796 70384 INFO tempest.lib.common.rest_client [req-01c502f2-f8d7-47a9-b2ba-a7d1976e2e07 req-01c502f2-f8d7-47a9-b2ba-a7d1976e2e07 ] Request (FloatingIPsAssociationTestJSON:test_associate_already_associated_floating_ip): 200 GET http://10.180.1.21/compute/v2.1/servers/84486f15-d52a-47b9-965d-7ae1723c7933 0.213s
2025-04-10 02:05:22.830 70354 INFO tempest.lib.common.rest_client [req-f0a4b779-1c05-4a54-9ba1-bf9e0f6f9d30 req-f0a4b779-1c05-4a54-9ba1-bf9e0f6f9d30 ] Request (InstanceActionsNegativeTestJSON:setUpClass): 200 GET http://10.180.1.21/compute/v2.1/servers/0c3a8a0d-ea89-4e88-8269-b45fc893c23e 0.204s
2025-04-10 02:05:22.865 70406 INFO tempest.lib.common.rest_client [req-f7dcaefe-2680-4233-b1be-2c8b0a565040 req-f7dcaefe-2680-4233-b1be-2c8b0a565040 ] Request (ServersListShow298Test:test_list_show_update_rebuild_server_298): 200 GET http://10.180.1.21/compute/v2.1/servers/b73ffadc-937c-4f86-97f9-3a2c72bd6681 0.225s
2025-04-10 02:05:22.882 70406 INFO tempest.common.waiters [-] State transition "BUILD/networking" ==> "BUILD/spawning" after 74 second wait
2025-04-10 02:05:22.939 70402 INFO tempest.lib.common.rest_client [req-4faaff0c-9ae9-4033-ba14-826e064b3532 req-4faaff0c-9ae9-4033-ba14-826e064b3532 ] Request (ServersTestManualDisk:tearDownClass): 200 GET http://10.180.1.21/compute/v2.1/servers/4caa4262-722b-45c5-adf1-7bf36cb1e2ca 0.151s
2025-04-10 02:05:22.966 70350 WARNING tempest.lib.common.ssh [-] Failed to establish authenticated ssh connection to cirros@10.180.180.141 ([Errno None] Unable to connect to port 22 on 10.180.180.141). Number attempts: 6. Retry after 7 seconds.: paramiko.ssh_exception.NoValidConnectionsError: [Errno None] Unable to connect to port 22 on 10.180.180.141
2025-04-10 02:05:23.043 70369 INFO tempest.lib.common.rest_client [req-249960bb-cccf-494e-a3f8-c7e6f51a966a req-249960bb-cccf-494e-a3f8-c7e6f51a966a ] Request (ListImageFiltersTestJSON:setUpClass): 200 GET http://10.180.1.21/compute/v2.1/servers/52f8fe33-d2ae-472b-a561-17545b29c252 0.232s
2025-04-10 02:05:23.052 70369 INFO tempest.common.waiters [-] State transition "ACTIVE/image_uploading" ==> "ACTIVE/None" after 3 second wait
2025-04-10 02:05:23.069 70360 INFO tempest.lib.common.rest_client [req-66969776-621b-4688-8f09-4fcc38c7986a req-66969776-621b-4688-8f09-4fcc38c7986a ] Request (ImagesTestJSON:test_create_image_from_suspended_server): 200 GET http://10.180.1.21/compute/v2.1/servers/d14e18d1-d750-48a7-9f1e-0353a8e2614f 0.341s
2025-04-10 02:05:23.135 70348 INFO tempest.lib.common.rest_client [req-d5bf22de-d9b2-42df-9f30-9f269ed87151 req-d5bf22de-d9b2-42df-9f30-9f269ed87151 ] Request (ServersAdminNegativeTestJSON:tearDownClass): 200 GET http://10.180.1.21/compute/v2.1/servers/c1f3f223-be86-43f4-bb43-27202b1b41b5 0.288s
2025-04-10 02:05:23.171 70370 INFO tempest.lib.common.rest_client [req-3a4bfd25-2a3a-4df8-9ee6-58fe1f586db0 req-3a4bfd25-2a3a-4df8-9ee6-58fe1f586db0 ] Request (DeleteServersAdminTestJSON:test_delete_server_while_in_error_state): 200 GET http://10.180.1.21/compute/v2.1/servers/80ea20c5-0664-4dd4-b72b-2a37ef5b9e5a 0.261s
2025-04-10 02:05:23.199 70392 INFO tempest.lib.common.rest_client [req-7ab8a031-1075-4c74-a1cb-972a14273ec9 req-7ab8a031-1075-4c74-a1cb-972a14273ec9 ] Request (MigrationsAdminTest:test_resize_server_revert_deleted_flavor): 200 GET http://10.180.1.21/compute/v2.1/servers/b10318a6-b171-4033-932c-9363884dacc8 0.229s
2025-04-10 02:05:23.373 70356 INFO tempest.lib.common.rest_client [req-369848b0-10f3-4b6a-b8b9-4b395522a3aa req-369848b0-10f3-4b6a-b8b9-4b395522a3aa ] Request (ServerMetadataTestJSON:setUpClass): 200 GET http://10.180.1.21/compute/v2.1/servers/48222c96-658b-4954-951a-90a6d0c647ff 0.200s
2025-04-10 02:05:23.466 70364 INFO tempest.lib.common.rest_client [req-d2eca818-68cf-47fc-af8f-b67d4f62ac51 req-d2eca818-68cf-47fc-af8f-b67d4f62ac51 ] Request (ListServersNegativeTestJSON:tearDownClass): 200 GET http://10.180.1.21/compute/v2.1/servers/9c48262b-48b7-41be-9c81-59ba61057c42 0.228s
2025-04-10 02:05:23.534 70362 INFO tempest.lib.common.rest_client [req-ec5fa5cc-77e2-4ccd-bd02-ba56531b037e req-ec5fa5cc-77e2-4ccd-bd02-ba56531b037e ] Request (ListServerFiltersTestJSON:tearDownClass): 200 GET http://10.180.1.21/compute/v2.1/servers/ec984bdd-70e7-449e-ab30-ff8ff43483f2 0.192s
2025-04-10 02:05:23.590 70374 INFO tempest.lib.common.rest_client [req-a9cf65c0-e2f0-4ad8-a076-fb725c4091d3 req-a9cf65c0-e2f0-4ad8-a076-fb725c4091d3 ] Request (ServerShowV254Test:test_rebuild_server): 200 GET http://10.180.1.21/compute/v2.1/servers/57978ed9-6724-49cc-b724-26e465030d67 0.172s
2025-04-10 02:05:23.642 70400 INFO tempest.lib.common.rest_client [req-3df3a8d7-1ce3-470c-94df-bcd13e628a87 req-3df3a8d7-1ce3-470c-94df-bcd13e628a87 ] Request (ServersTestBootFromVolume:setUpClass): 200 GET http://10.180.1.21/compute/v2.1/servers/8f57e54e-8959-4797-85d1-6d2e88e25d46 0.161s
2025-04-10 02:05:23.672 70369 INFO tempest.lib.common.rest_client [req-70581549-e5ca-4a4a-968c-2a1ccc46bbe1 req-70581549-e5ca-4a4a-968c-2a1ccc46bbe1 ] Request (ListImageFiltersTestJSON:setUpClass): 202 POST http://10.180.1.21/compute/v2.1/servers/bdf80469-18c5-4417-9f0c-17266c9f842f/action 0.620s
2025-04-10 02:05:23.692 70376 INFO tempest.lib.common.rest_client [req-dabe6397-0322-408e-b0a8-81c2892663cd req-dabe6397-0322-408e-b0a8-81c2892663cd ] Request (ServerDiskConfigTestJSON:test_rebuild_server_with_auto_disk_config): 200 GET http://10.180.1.21/compute/v2.1/servers/1c0914d8-8a16-499f-995a-20c96405c282 0.145s
2025-04-10 02:05:23.700 70376 INFO tempest.common.waiters [-] State transition "BUILD/None" ==> "BUILD/networking" after 73 second wait
2025-04-10 02:05:23.727 70394 INFO tempest.lib.common.rest_client [req-0d3d55f1-5415-4209-ac54-42ef6077e272 req-0d3d55f1-5415-4209-ac54-42ef6077e272 ] Request (ServerActionsTestOtherB:setUpClass): 200 GET http://10.180.1.21/compute/v2.1/servers/2b2cf4bb-dd84-420d-9663-04a7bea94fc6 0.116s
2025-04-10 02:05:23.732 70369 INFO tempest.lib.common.rest_client [req-e1e3c8ed-67c9-42f9-be33-42730b11fb84 req-e1e3c8ed-67c9-42f9-be33-42730b11fb84 ] Request (ListImageFiltersTestJSON:setUpClass): 200 GET http://10.180.1.21/compute/v2.1/images/026a1777-0246-4cbf-ba83-8f6f108c97db 0.058s
2025-04-10 02:05:23.785 70404 INFO tempest.lib.common.rest_client [req-5702dae3-8dfb-4ee1-9e60-5557629966db req-5702dae3-8dfb-4ee1-9e60-5557629966db ] Request (ServersTestMultiNic:test_verify_multiple_nics_order): 200 GET http://10.180.1.21/compute/v2.1/servers/d3e08968-e6f0-4d3e-bbe1-195d02fdfd26 0.098s
2025-04-10 02:05:23.785 70358 INFO tempest.lib.common.rest_client [req-d35dedf0-4877-4824-b2a8-85f20e7f2dc6 req-d35dedf0-4877-4824-b2a8-85f20e7f2dc6 ] Request (ServersAdminTestJSON:setUpClass): 200 GET http://10.180.1.21/compute/v2.1/servers/136eb784-e127-4c66-829d-8391949626a3 0.082s
2025-04-10 02:05:23.831 70382 INFO tempest.lib.common.rest_client [req-316c2913-0a4c-43b9-b5d1-637e7efc2c1d req-316c2913-0a4c-43b9-b5d1-637e7efc2c1d ] Request (ServerRescueTestJSON:setUpClass): 200 GET http://10.180.1.21/compute/v2.1/servers/434b9dd4-2dbd-4deb-a814-98cce1af8120 0.088s
2025-04-10 02:05:23.845 70398 INFO tempest.lib.common.rest_client [req-520d65cf-9884-4394-9210-9f4ca5c2a699 req-520d65cf-9884-4394-9210-9f4ca5c2a699 ] Request (AttachVolumeTestJSON:test_attach_detach_volume): 200 GET http://10.180.1.21/compute/v2.1/servers/749a01fa-ab81-4fb6-b06d-3c5de75e854f 0.075s
2025-04-10 02:05:23.882 70384 INFO tempest.lib.common.rest_client [req-980188e4-9bd1-4af3-b9d0-ed9b522dcb38 req-980188e4-9bd1-4af3-b9d0-ed9b522dcb38 ] Request (FloatingIPsAssociationTestJSON:test_associate_already_associated_floating_ip): 200 GET http://10.180.1.21/compute/v2.1/servers/84486f15-d52a-47b9-965d-7ae1723c7933 0.068s
2025-04-10 02:05:23.894 70354 INFO tempest.lib.common.rest_client [req-2658b120-977a-4467-a649-d5ed717ccbc4 req-2658b120-977a-4467-a649-d5ed717ccbc4 ] Request (InstanceActionsNegativeTestJSON:setUpClass): 200 GET http://10.180.1.21/compute/v2.1/servers/0c3a8a0d-ea89-4e88-8269-b45fc893c23e 0.055s
2025-04-10 02:05:23.952 70406 INFO tempest.lib.common.rest_client [req-3cb03681-cb61-4453-b39f-5a7334d036ca req-3cb03681-cb61-4453-b39f-5a7334d036ca ] Request (ServersListShow298Test:test_list_show_update_rebuild_server_298): 200 GET http://10.180.1.21/compute/v2.1/servers/b73ffadc-937c-4f86-97f9-3a2c72bd6681 0.068s
2025-04-10 02:05:24.020 70402 INFO tempest.lib.common.rest_client [req-6f6e4567-dad0-4d8b-b417-4f2d8bad3d07 req-6f6e4567-dad0-4d8b-b417-4f2d8bad3d07 ] Request (ServersTestManualDisk:tearDownClass): 200 GET http://10.180.1.21/compute/v2.1/servers/4caa4262-722b-45c5-adf1-7bf36cb1e2ca 0.070s
2025-04-10 02:05:24.172 70372 INFO paramiko.transport [-] Connected (version 2.0, client dropbear_2020.81)
2025-04-10 02:05:24.179 70360 INFO tempest.lib.common.rest_client [req-dd1fb11b-c626-45cf-b1ec-0ace81bf4e75 req-dd1fb11b-c626-45cf-b1ec-0ace81bf4e75 ] Request (ImagesTestJSON:test_create_image_from_suspended_server): 200 GET http://10.180.1.21/compute/v2.1/servers/d14e18d1-d750-48a7-9f1e-0353a8e2614f 0.096s
2025-04-10 02:05:24.187 70360 INFO tempest.common.waiters [-] State transition "ACTIVE/suspending" ==> "SUSPENDED/None" after 3 second wait
2025-04-10 02:05:24.214 70348 INFO tempest.lib.common.rest_client [req-0360e9d2-452e-48ee-9e71-b9955fbfebf5 req-0360e9d2-452e-48ee-9e71-b9955fbfebf5 ] Request (ServersAdminNegativeTestJSON:tearDownClass): 200 GET http://10.180.1.21/compute/v2.1/servers/c1f3f223-be86-43f4-bb43-27202b1b41b5 0.070s
2025-04-10 02:05:24.235 70372 INFO paramiko.transport [-] Authentication (publickey) successful!
2025-04-10 02:05:24.236 70372 INFO tempest.lib.common.ssh [-] ssh connection to cirros@10.180.180.221 successfully created
2025-04-10 02:05:24.251 70370 INFO tempest.lib.common.rest_client [req-d3c9e842-d5d2-4358-a8a4-355620f54866 req-d3c9e842-d5d2-4358-a8a4-355620f54866 ] Request (DeleteServersAdminTestJSON:test_delete_server_while_in_error_state): 200 GET http://10.180.1.21/compute/v2.1/servers/80ea20c5-0664-4dd4-b72b-2a37ef5b9e5a 0.069s
2025-04-10 02:05:24.312 70392 INFO tempest.lib.common.rest_client [req-07817e97-b32f-4fa5-923a-3edb0b54bd3e req-07817e97-b32f-4fa5-923a-3edb0b54bd3e ] Request (MigrationsAdminTest:test_resize_server_revert_deleted_flavor): 200 GET http://10.180.1.21/compute/v2.1/servers/b10318a6-b171-4033-932c-9363884dacc8 0.100s
2025-04-10 02:05:24.626 70360 INFO tempest.lib.common.rest_client [req-ea7387c3-3700-4d56-8f8e-acf088631b0f req-ea7387c3-3700-4d56-8f8e-acf088631b0f ] Request (ImagesTestJSON:test_create_image_from_suspended_server): 202 POST http://10.180.1.21/compute/v2.1/servers/d14e18d1-d750-48a7-9f1e-0353a8e2614f/action 0.435s
2025-04-10 02:05:24.784 70356 INFO tempest.lib.common.rest_client [req-85f08411-9b01-44fc-a58f-79fcaa4da435 req-85f08411-9b01-44fc-a58f-79fcaa4da435 ] Request (ServerMetadataTestJSON:setUpClass): 200 GET http://10.180.1.21/compute/v2.1/servers/48222c96-658b-4954-951a-90a6d0c647ff 0.403s
2025-04-10 02:05:24.851 70364 INFO tempest.lib.common.rest_client [req-fb5be5e2-ab2c-46fa-8ebf-e1ecc80b294e req-fb5be5e2-ab2c-46fa-8ebf-e1ecc80b294e ] Request (ListServersNegativeTestJSON:tearDownClass): 200 GET http://10.180.1.21/compute/v2.1/servers/9c48262b-48b7-41be-9c81-59ba61057c42 0.374s
2025-04-10 02:05:24.860 70364 INFO tempest.common.waiters [-] State transition "ACTIVE/deleting" ==> "DELETED/None" after 3 second wait
2025-04-10 02:05:24.911 70362 INFO tempest.lib.common.rest_client [req-0d9c563f-ea30-44c2-b654-3e43b7cd01c1 req-0d9c563f-ea30-44c2-b654-3e43b7cd01c1 ] Request (ListServerFiltersTestJSON:tearDownClass): 200 GET http://10.180.1.21/compute/v2.1/servers/ec984bdd-70e7-449e-ab30-ff8ff43483f2 0.368s
2025-04-10 02:05:24.918 70362 INFO tempest.common.waiters [-] State transition "ACTIVE/deleting" ==> "DELETED/None" after 3 second wait
2025-04-10 02:05:24.960 70374 INFO tempest.lib.common.rest_client [req-a90c4075-c1e1-456f-bb52-977e5a3ba4c9 req-a90c4075-c1e1-456f-bb52-977e5a3ba4c9 ] Request (ServerShowV254Test:test_rebuild_server): 200 GET http://10.180.1.21/compute/v2.1/servers/57978ed9-6724-49cc-b724-26e465030d67 0.361s
2025-04-10 02:05:24.989 70360 INFO tempest.lib.common.rest_client [req-e6372228-4f47-469e-9654-a553a33805b8 req-e6372228-4f47-469e-9654-a553a33805b8 ] Request (ImagesTestJSON:test_create_image_from_suspended_server): 200 GET http://10.180.1.21/compute/v2.1/images/3db29182-73fa-4936-abcc-b84af5bfdac4 0.361s
2025-04-10 02:05:25.035 70400 INFO tempest.lib.common.rest_client [req-84b70c4d-79e3-4c4a-bc06-0d29acd8b370 req-84b70c4d-79e3-4c4a-bc06-0d29acd8b370 ] Request (ServersTestBootFromVolume:setUpClass): 200 GET http://10.180.1.21/compute/v2.1/servers/8f57e54e-8959-4797-85d1-6d2e88e25d46 0.384s
2025-04-10 02:05:25.120 70376 INFO tempest.lib.common.rest_client [req-778b0736-ee9c-4b00-a73d-e26bff59bbfd req-778b0736-ee9c-4b00-a73d-e26bff59bbfd ] Request (ServerDiskConfigTestJSON:test_rebuild_server_with_auto_disk_config): 200 GET http://10.180.1.21/compute/v2.1/servers/1c0914d8-8a16-499f-995a-20c96405c282 0.420s
2025-04-10 02:05:25.127 70376 INFO tempest.common.waiters [-] State transition "BUILD/networking" ==> "BUILD/spawning" after 75 second wait
2025-04-10 02:05:25.164 70394 INFO tempest.lib.common.rest_client [req-a79bdf2c-d65d-40ad-875e-45fae0ed016b req-a79bdf2c-d65d-40ad-875e-45fae0ed016b ] Request (ServerActionsTestOtherB:setUpClass): 200 GET http://10.180.1.21/compute/v2.1/servers/2b2cf4bb-dd84-420d-9663-04a7bea94fc6 0.425s
2025-04-10 02:05:25.190 70369 INFO tempest.lib.common.rest_client [req-9244e7fe-0017-4485-99b6-d0a7a4fe0ee3 req-9244e7fe-0017-4485-99b6-d0a7a4fe0ee3 ] Request (ListImageFiltersTestJSON:setUpClass): 200 GET http://10.180.1.21/compute/v2.1/images/026a1777-0246-4cbf-ba83-8f6f108c97db 0.451s
2025-04-10 02:05:25.236 70404 INFO tempest.lib.common.rest_client [req-792fc8b0-131b-4297-b8b6-f5089922a406 req-792fc8b0-131b-4297-b8b6-f5089922a406 ] Request (ServersTestMultiNic:test_verify_multiple_nics_order): 200 GET http://10.180.1.21/compute/v2.1/servers/d3e08968-e6f0-4d3e-bbe1-195d02fdfd26 0.443s
2025-04-10 02:05:25.282 70358 INFO tempest.lib.common.rest_client [req-b1a01212-f9b8-4401-ae3e-b8177be43783 req-b1a01212-f9b8-4401-ae3e-b8177be43783 ] Request (ServersAdminTestJSON:setUpClass): 200 GET http://10.180.1.21/compute/v2.1/servers/136eb784-e127-4c66-829d-8391949626a3 0.486s
2025-04-10 02:05:25.328 70382 INFO tempest.lib.common.rest_client [req-6e8a5ed1-51ad-43fc-8050-4b26b2f9bdbd req-6e8a5ed1-51ad-43fc-8050-4b26b2f9bdbd ] Request (ServerRescueTestJSON:setUpClass): 200 GET http://10.180.1.21/compute/v2.1/servers/434b9dd4-2dbd-4deb-a814-98cce1af8120 0.488s
2025-04-10 02:05:25.371 70398 INFO tempest.lib.common.rest_client [req-9aa0c271-f919-4dfb-8050-15b5cc2a6d5d req-9aa0c271-f919-4dfb-8050-15b5cc2a6d5d ] Request (AttachVolumeTestJSON:test_attach_detach_volume): 200 GET http://10.180.1.21/compute/v2.1/servers/749a01fa-ab81-4fb6-b06d-3c5de75e854f 0.515s
2025-04-10 02:05:25.393 70388 WARNING tempest.lib.common.ssh [-] Failed to establish authenticated ssh connection to cirros@10.180.180.196 ([Errno None] Unable to connect to port 22 on 10.180.180.196). Number attempts: 10. Retry after 11 seconds.: paramiko.ssh_exception.NoValidConnectionsError: [Errno None] Unable to connect to port 22 on 10.180.180.196
2025-04-10 02:05:25.421 70384 INFO tempest.lib.common.rest_client [req-cd281352-da7e-4ebe-b11a-5fbd990a7ee1 req-cd281352-da7e-4ebe-b11a-5fbd990a7ee1 ] Request (FloatingIPsAssociationTestJSON:test_associate_already_associated_floating_ip): 200 GET http://10.180.1.21/compute/v2.1/servers/84486f15-d52a-47b9-965d-7ae1723c7933 0.530s
2025-04-10 02:05:25.484 70354 INFO tempest.lib.common.rest_client [req-bf3ecebc-e4c4-4f4d-943d-4a686baf3d8a req-bf3ecebc-e4c4-4f4d-943d-4a686baf3d8a ] Request (InstanceActionsNegativeTestJSON:setUpClass): 200 GET http://10.180.1.21/compute/v2.1/servers/0c3a8a0d-ea89-4e88-8269-b45fc893c23e 0.581s
2025-04-10 02:05:25.545 70406 INFO tempest.lib.common.rest_client [req-65c16fcb-cfd7-4579-aa4e-da1264247095 req-65c16fcb-cfd7-4579-aa4e-da1264247095 ] Request (ServersListShow298Test:test_list_show_update_rebuild_server_298): 200 GET http://10.180.1.21/compute/v2.1/servers/b73ffadc-937c-4f86-97f9-3a2c72bd6681 0.582s
2025-04-10 02:05:25.602 70402 INFO tempest.lib.common.rest_client [req-4a5881b3-55d9-4175-a173-f06009f3c67e req-4a5881b3-55d9-4175-a173-f06009f3c67e ] Request (ServersTestManualDisk:tearDownClass): 200 GET http://10.180.1.21/compute/v2.1/servers/4caa4262-722b-45c5-adf1-7bf36cb1e2ca 0.574s
2025-04-10 02:05:25.656 70348 INFO tempest.lib.common.rest_client [req-2c1319aa-7721-46a3-8949-27bfb816e90a req-2c1319aa-7721-46a3-8949-27bfb816e90a ] Request (ServersAdminNegativeTestJSON:tearDownClass): 200 GET http://10.180.1.21/compute/v2.1/servers/c1f3f223-be86-43f4-bb43-27202b1b41b5 0.434s
2025-04-10 02:05:25.708 70370 INFO tempest.lib.common.rest_client [req-21c7ef5d-99f5-42e3-bf7d-49fa1b9ae927 req-21c7ef5d-99f5-42e3-bf7d-49fa1b9ae927 ] Request (DeleteServersAdminTestJSON:test_delete_server_while_in_error_state): 200 GET http://10.180.1.21/compute/v2.1/servers/80ea20c5-0664-4dd4-b72b-2a37ef5b9e5a 0.444s
2025-04-10 02:05:25.757 70392 INFO tempest.lib.common.rest_client [req-28acf162-a862-4f96-af2f-7d89334a560e req-28acf162-a862-4f96-af2f-7d89334a560e ] Request (MigrationsAdminTest:test_resize_server_revert_deleted_flavor): 200 GET http://10.180.1.21/compute/v2.1/servers/b10318a6-b171-4033-932c-9363884dacc8 0.436s
2025-04-10 02:05:25.846 70378 WARNING tempest.lib.common.ssh [-] Failed to establish authenticated ssh connection to cirros@10.180.180.247 ([Errno None] Unable to connect to port 22 on 10.180.180.247). Number attempts: 2. Retry after 3 seconds.: paramiko.ssh_exception.NoValidConnectionsError: [Errno None] Unable to connect to port 22 on 10.180.180.247
2025-04-10 02:05:25.888 70356 INFO tempest.lib.common.rest_client [req-bce98662-e245-4072-8e69-29a01f4cfc46 req-bce98662-e245-4072-8e69-29a01f4cfc46 ] Request (ServerMetadataTestJSON:setUpClass): 200 GET http://10.180.1.21/compute/v2.1/servers/48222c96-658b-4954-951a-90a6d0c647ff 0.095s
2025-04-10 02:05:25.943 70364 INFO tempest.lib.common.rest_client [req-5afdbd18-4f2d-4f28-9fdf-fb5f7c09d632 req-5afdbd18-4f2d-4f28-9fdf-fb5f7c09d632 ] Request (ListServersNegativeTestJSON:tearDownClass): 200 GET http://10.180.1.21/compute/v2.1/servers/9c48262b-48b7-41be-9c81-59ba61057c42 0.082s
2025-04-10 02:05:25.964 70372 INFO tempest.lib.common.rest_client [req-c7c31a85-48ff-4eef-98a1-de8c00d7fe1e req-c7c31a85-48ff-4eef-98a1-de8c00d7fe1e ] Request (VolumesAssistedSnapshotsTest:test_volume_assisted_snapshot_create_delete): 200 POST http://10.180.1.21/compute/v2.1/servers/4924d43b-8a72-4ea2-b9ff-b3bbbc517ee6/os-volume_attachments 1.727s
2025-04-10 02:05:25.994 70372 INFO tempest.lib.common.rest_client [req-1dc1a922-869e-46d5-a652-991eba493718 req-1dc1a922-869e-46d5-a652-991eba493718 ] Request (VolumesAssistedSnapshotsTest:test_volume_assisted_snapshot_create_delete): 200 GET http://10.180.1.21/volume/v3/volumes/25ee24c6-66f7-40ce-ad59-927303699e8f 0.029s
2025-04-10 02:05:26.001 70362 INFO tempest.lib.common.rest_client [req-0dc0311c-46b0-4797-b57c-36888e14a661 req-0dc0311c-46b0-4797-b57c-36888e14a661 ] Request (ListServerFiltersTestJSON:tearDownClass): 200 GET http://10.180.1.21/compute/v2.1/servers/ec984bdd-70e7-449e-ab30-ff8ff43483f2 0.082s
2025-04-10 02:05:26.032 70374 INFO tempest.lib.common.rest_client [req-45fa5c08-d431-4bbb-8272-e323e274909f req-45fa5c08-d431-4bbb-8272-e323e274909f ] Request (ServerShowV254Test:test_rebuild_server): 200 GET http://10.180.1.21/compute/v2.1/servers/57978ed9-6724-49cc-b724-26e465030d67 0.062s
2025-04-10 02:05:26.036 70360 INFO tempest.lib.common.rest_client [req-6209db2a-5458-4e1a-b8d8-15ddd0af8a16 req-6209db2a-5458-4e1a-b8d8-15ddd0af8a16 ] Request (ImagesTestJSON:test_create_image_from_suspended_server): 200 GET http://10.180.1.21/compute/v2.1/images/3db29182-73fa-4936-abcc-b84af5bfdac4 0.043s
2025-04-10 02:05:26.103 70400 INFO tempest.lib.common.rest_client [req-0244060c-e4b2-4270-a003-16fe7fc8ea47 req-0244060c-e4b2-4270-a003-16fe7fc8ea47 ] Request (ServersTestBootFromVolume:setUpClass): 200 GET http://10.180.1.21/compute/v2.1/servers/8f57e54e-8959-4797-85d1-6d2e88e25d46 0.060s
2025-04-10 02:05:26.228 70394 INFO tempest.lib.common.rest_client [req-2886dfa5-a35f-43c6-9023-4a8aa789a5e9 req-2886dfa5-a35f-43c6-9023-4a8aa789a5e9 ] Request (ServerActionsTestOtherB:setUpClass): 200 GET http://10.180.1.21/compute/v2.1/servers/2b2cf4bb-dd84-420d-9663-04a7bea94fc6 0.056s
2025-04-10 02:05:26.236 70394 INFO tempest.common.waiters [-] State transition "BUILD/None" ==> "BUILD/networking" after 76 second wait
2025-04-10 02:05:26.236 70376 INFO tempest.lib.common.rest_client [req-2ec9967a-7275-4759-b96f-595b21c29083 req-2ec9967a-7275-4759-b96f-595b21c29083 ] Request (ServerDiskConfigTestJSON:test_rebuild_server_with_auto_disk_config): 200 GET http://10.180.1.21/compute/v2.1/servers/1c0914d8-8a16-499f-995a-20c96405c282 0.107s
2025-04-10 02:05:26.258 70369 INFO tempest.lib.common.rest_client [req-9b8c5496-2cc6-4e87-a84b-fcd1495c352e req-9b8c5496-2cc6-4e87-a84b-fcd1495c352e ] Request (ListImageFiltersTestJSON:setUpClass): 200 GET http://10.180.1.21/compute/v2.1/images/026a1777-0246-4cbf-ba83-8f6f108c97db 0.064s
2025-04-10 02:05:26.295 70404 INFO tempest.lib.common.rest_client [req-c4e7903b-f8bf-452c-8cd1-3445aee32746 req-c4e7903b-f8bf-452c-8cd1-3445aee32746 ] Request (ServersTestMultiNic:test_verify_multiple_nics_order): 200 GET http://10.180.1.21/compute/v2.1/servers/d3e08968-e6f0-4d3e-bbe1-195d02fdfd26 0.051s
2025-04-10 02:05:26.340 70358 INFO tempest.lib.common.rest_client [req-c34f64ff-41f7-454c-b9fe-bc395e230081 req-c34f64ff-41f7-454c-b9fe-bc395e230081 ] Request (ServersAdminTestJSON:setUpClass): 200 GET http://10.180.1.21/compute/v2.1/servers/136eb784-e127-4c66-829d-8391949626a3 0.050s
2025-04-10 02:05:26.398 70382 INFO tempest.lib.common.rest_client [req-641d681c-b594-4b28-aae0-3baf50e17cdb req-641d681c-b594-4b28-aae0-3baf50e17cdb ] Request (ServerRescueTestJSON:setUpClass): 200 GET http://10.180.1.21/compute/v2.1/servers/434b9dd4-2dbd-4deb-a814-98cce1af8120 0.061s
2025-04-10 02:05:26.429 70398 INFO tempest.lib.common.rest_client [req-b2fa79b5-f24a-4e2f-8ee0-705c2d808773 req-b2fa79b5-f24a-4e2f-8ee0-705c2d808773 ] Request (AttachVolumeTestJSON:test_attach_detach_volume): 200 GET http://10.180.1.21/compute/v2.1/servers/749a01fa-ab81-4fb6-b06d-3c5de75e854f 0.051s
2025-04-10 02:05:26.484 70384 INFO tempest.lib.common.rest_client [req-6ec8b3f7-39b4-472d-b621-89eccad50c10 req-6ec8b3f7-39b4-472d-b621-89eccad50c10 ] Request (FloatingIPsAssociationTestJSON:test_associate_already_associated_floating_ip): 200 GET http://10.180.1.21/compute/v2.1/servers/84486f15-d52a-47b9-965d-7ae1723c7933 0.055s
2025-04-10 02:05:26.552 70354 INFO tempest.lib.common.rest_client [req-ec4c324f-ca7c-4f8b-b9d7-dae956eac799 req-ec4c324f-ca7c-4f8b-b9d7-dae956eac799 ] Request (InstanceActionsNegativeTestJSON:setUpClass): 200 GET http://10.180.1.21/compute/v2.1/servers/0c3a8a0d-ea89-4e88-8269-b45fc893c23e 0.059s
2025-04-10 02:05:26.625 70406 INFO tempest.lib.common.rest_client [req-fa9109bf-1318-4ede-9152-3e992d381ef6 req-fa9109bf-1318-4ede-9152-3e992d381ef6 ] Request (ServersListShow298Test:test_list_show_update_rebuild_server_298): 200 GET http://10.180.1.21/compute/v2.1/servers/b73ffadc-937c-4f86-97f9-3a2c72bd6681 0.069s
2025-04-10 02:05:26.677 70402 INFO tempest.lib.common.rest_client [req-a2041966-26d4-4c8d-8aad-881b59e73b8b req-a2041966-26d4-4c8d-8aad-881b59e73b8b ] Request (ServersTestManualDisk:tearDownClass): 200 GET http://10.180.1.21/compute/v2.1/servers/4caa4262-722b-45c5-adf1-7bf36cb1e2ca 0.066s
2025-04-10 02:05:26.743 70348 INFO tempest.lib.common.rest_client [req-706fc27a-85bc-4009-a24e-2151a7aa9187 req-706fc27a-85bc-4009-a24e-2151a7aa9187 ] Request (ServersAdminNegativeTestJSON:tearDownClass): 200 GET http://10.180.1.21/compute/v2.1/servers/c1f3f223-be86-43f4-bb43-27202b1b41b5 0.079s
2025-04-10 02:05:26.789 70370 INFO tempest.lib.common.rest_client [req-2d815ca9-5bac-42c2-bf0c-28d94199c776 req-2d815ca9-5bac-42c2-bf0c-28d94199c776 ] Request (DeleteServersAdminTestJSON:test_delete_server_while_in_error_state): 200 GET http://10.180.1.21/compute/v2.1/servers/80ea20c5-0664-4dd4-b72b-2a37ef5b9e5a 0.072s
2025-04-10 02:05:26.837 70392 INFO tempest.lib.common.rest_client [req-670ccfc4-15f2-40f3-9292-29801f2f9404 req-670ccfc4-15f2-40f3-9292-29801f2f9404 ] Request (MigrationsAdminTest:test_resize_server_revert_deleted_flavor): 200 GET http://10.180.1.21/compute/v2.1/servers/b10318a6-b171-4033-932c-9363884dacc8 0.071s
2025-04-10 02:05:27.007 70356 INFO tempest.lib.common.rest_client [req-47732391-189e-4380-8326-8f573c0c87d0 req-47732391-189e-4380-8326-8f573c0c87d0 ] Request (ServerMetadataTestJSON:setUpClass): 200 GET http://10.180.1.21/compute/v2.1/servers/48222c96-658b-4954-951a-90a6d0c647ff 0.109s
2025-04-10 02:05:27.024 70364 INFO tempest.lib.common.rest_client [req-a4d05550-ce40-4e0a-87a4-d07fa6f89d9a req-a4d05550-ce40-4e0a-87a4-d07fa6f89d9a ] Request (ListServersNegativeTestJSON:tearDownClass): 200 GET http://10.180.1.21/compute/v2.1/servers/9c48262b-48b7-41be-9c81-59ba61057c42 0.072s
2025-04-10 02:05:27.036 70372 INFO tempest.lib.common.rest_client [req-31b2a043-a85f-4771-be10-51b715c26622 req-31b2a043-a85f-4771-be10-51b715c26622 ] Request (VolumesAssistedSnapshotsTest:test_volume_assisted_snapshot_create_delete): 200 GET http://10.180.1.21/volume/v3/volumes/25ee24c6-66f7-40ce-ad59-927303699e8f 0.034s
2025-04-10 02:05:27.078 70362 INFO tempest.lib.common.rest_client [req-36a82332-a825-42db-b081-d230b188a67d req-36a82332-a825-42db-b081-d230b188a67d ] Request (ListServerFiltersTestJSON:tearDownClass): 200 GET http://10.180.1.21/compute/v2.1/servers/ec984bdd-70e7-449e-ab30-ff8ff43483f2 0.067s
2025-04-10 02:05:27.083 70360 INFO tempest.lib.common.rest_client [req-b0fddcba-6b18-4338-a079-3f2fe6cabc68 req-b0fddcba-6b18-4338-a079-3f2fe6cabc68 ] Request (ImagesTestJSON:test_create_image_from_suspended_server): 200 GET http://10.180.1.21/compute/v2.1/images/3db29182-73fa-4936-abcc-b84af5bfdac4 0.041s
