2025-04-10 02:04:24.121 70352 INFO tempest.lib.common.rest_client [req-12184a05-02f5-48e7-8174-92d77eacac42 req-12184a05-02f5-48e7-8174-92d77eacac42 ] Request (FloatingIPsAssociationNegativeTestJSON:tearDownClass): 200 GET http://10.180.1.21/compute/v2.1/servers/ae2a80f2-a9e7-483e-b936-d0e76951acca 0.093s
2025-04-10 02:04:24.164 70400 INFO tempest.lib.common.rest_client [req-d43e13cd-33fc-401c-9fd5-ca205a16eab9 req-d43e13cd-33fc-401c-9fd5-ca205a16eab9 ] Request (ImagesNegativeTestJSON:test_create_image_from_deleted_server): 200 GET http://10.180.1.21/compute/v2.1/servers/5130576c-6629-46c6-b499-2ef2032fb2e2 0.061s
2025-04-10 02:04:24.186 70360 INFO tempest.lib.common.rest_client [req-f66748a0-80cd-43e1-b620-9881a3ba10ee req-f66748a0-80cd-43e1-b620-9881a3ba10ee ] Request (ImagesTestJSON:test_create_image_from_suspended_server): 200 GET http://10.180.1.21/compute/v2.1/servers/d14e18d1-d750-48a7-9f1e-0353a8e2614f 0.055s
2025-04-10 02:04:24.246 70406 INFO tempest.lib.common.rest_client [req-14737dc1-d3f1-4280-b1be-5712e9130885 req-14737dc1-d3f1-4280-b1be-5712e9130885 ] Request (ServersListShow298Test:test_list_show_update_rebuild_server_298): 200 GET http://10.180.1.21/compute/v2.1/servers/b73ffadc-937c-4f86-97f9-3a2c72bd6681 0.060s
2025-04-10 02:04:24.280 70396 WARNING tempest.lib.common.ssh [-] Failed to establish authenticated ssh connection to cirros@10.180.180.156 ([Errno None] Unable to connect to port 22 on 10.180.180.156). Number attempts: 1. Retry after 2 seconds.: paramiko.ssh_exception.NoValidConnectionsError: [Errno None] Unable to connect to port 22 on 10.180.180.156
2025-04-10 02:04:24.305 70404 INFO tempest.lib.common.rest_client [req-faf05217-069b-49d8-96ec-b01b3c03a1eb req-faf05217-069b-49d8-96ec-b01b3c03a1eb ] Request (ServersTestMultiNic:_run_cleanups): 200 GET http://10.180.1.21/compute/v2.1/servers/bbb5cef4-d5a6-4236-be57-be7d4a1b0f61 0.055s
2025-04-10 02:04:24.355 70384 INFO tempest.lib.common.rest_client [req-45a919a5-1f42-4553-96f1-12d580f1daef req-45a919a5-1f42-4553-96f1-12d580f1daef ] Request (FloatingIPsAssociationTestJSON:test_associate_already_associated_floating_ip): 200 GET http://10.180.1.21/compute/v2.1/servers/84486f15-d52a-47b9-965d-7ae1723c7933 0.049s
2025-04-10 02:04:24.440 70350 INFO tempest.lib.common.rest_client [req-d08074f1-a583-4111-bee2-4d1e3cc48d19 req-d08074f1-a583-4111-bee2-4d1e3cc48d19 ] Request (AttachInterfacesUnderV243Test:test_add_remove_fixed_ip): 200 GET http://10.180.1.21/compute/v2.1/servers/e0731a89-6bdc-4ff7-b420-7014c7e01bb1 0.062s
2025-04-10 02:04:24.520 70398 INFO tempest.lib.common.rest_client [req-e49216b2-fed1-4c49-91b7-3a1c6d1b334e req-e49216b2-fed1-4c49-91b7-3a1c6d1b334e ] Request (AttachVolumeTestJSON:test_attach_detach_volume): 200 GET http://10.180.1.21/compute/v2.1/servers/749a01fa-ab81-4fb6-b06d-3c5de75e854f 0.059s
2025-04-10 02:04:24.599 70370 INFO tempest.lib.common.rest_client [req-9034661a-fb55-4c38-b9cf-caf41df306c7 req-9034661a-fb55-4c38-b9cf-caf41df306c7 ] Request (DeleteServersAdminTestJSON:test_delete_server_while_in_error_state): 200 GET http://10.180.1.21/compute/v2.1/servers/80ea20c5-0664-4dd4-b72b-2a37ef5b9e5a 0.058s
2025-04-10 02:04:24.633 70354 INFO tempest.lib.common.rest_client [req-1c005ce3-67be-4866-91f1-0506de42f74b req-1c005ce3-67be-4866-91f1-0506de42f74b ] Request (ImagesOneServerTestJSON:test_create_image_specify_multibyte_character_image_name): 200 GET http://10.180.1.21/compute/v2.1/images/e93b9a28-53fc-4f9e-aeaf-2be8cc428913 0.051s
2025-04-10 02:04:24.643 70348 INFO tempest.lib.common.rest_client [req-b73338e0-c06c-4999-90fa-f3b95bec66ea req-b73338e0-c06c-4999-90fa-f3b95bec66ea ] Request (ServersAdminNegativeTestJSON:test_migrate_server_invalid_state): 200 GET http://10.180.1.21/compute/v2.1/servers/0fcf7d98-d7fd-4cdf-b8db-e58d95d26fe3 0.106s
2025-04-10 02:04:24.650 70348 INFO tempest.common.waiters [-] State transition "BUILD/spawning" ==> "ACTIVE/None" after 41 second wait
2025-04-10 02:04:24.683 70369 INFO tempest.lib.common.rest_client [req-be1c4778-bd64-43eb-8c9a-c303a875509a req-be1c4778-bd64-43eb-8c9a-c303a875509a ] Request (ListImageFiltersTestJSON:setUpClass): 200 GET http://10.180.1.21/compute/v2.1/servers/bdf80469-18c5-4417-9f0c-17266c9f842f 0.050s
2025-04-10 02:04:24.733 70348 INFO tempest.lib.common.rest_client [req-6e25fec1-c531-4050-b956-89de57342c9e req-6e25fec1-c531-4050-b956-89de57342c9e ] Request (ServersAdminNegativeTestJSON:test_migrate_server_invalid_state): 202 POST http://10.180.1.21/compute/v2.1/servers/0fcf7d98-d7fd-4cdf-b8db-e58d95d26fe3/action 0.083s
2025-04-10 02:04:24.746 70408 INFO tempest.lib.common.rest_client [req-3f5ae837-5b0d-45b6-b14a-28302141fa5d req-3f5ae837-5b0d-45b6-b14a-28302141fa5d ] Request (VolumesAdminNegativeTest:test_update_attached_volume_with_nonexistent_volume_in_body): 200 GET http://10.180.1.21/compute/v2.1/servers/f42aff2b-e496-461d-914d-133f785354df 0.057s
2025-04-10 02:04:24.801 70364 INFO tempest.lib.common.rest_client [req-3866653c-48cd-400c-aaf3-50fae85db429 req-3866653c-48cd-400c-aaf3-50fae85db429 ] Request (ListServersNegativeTestJSON:setUpClass): 200 GET http://10.180.1.21/compute/v2.1/servers/79fd61dd-972d-4b64-84df-5e4307a3af44 0.066s
2025-04-10 02:04:24.865 70378 INFO tempest.lib.common.rest_client [req-3b959d84-507f-40ce-864f-71698e25da1a req-3b959d84-507f-40ce-864f-71698e25da1a ] Request (AttachInterfacesTestJSON:test_create_list_show_delete_interfaces_by_fixed_ip): 200 GET http://10.180.1.21/compute/v2.1/servers/a77366f3-bf91-493f-b5c9-15749ddd588f 0.083s
2025-04-10 02:04:24.919 70348 INFO tempest.lib.common.rest_client [req-bc2f1db9-0020-4246-81b9-fdb9152dd19c req-bc2f1db9-0020-4246-81b9-fdb9152dd19c ] Request (ServersAdminNegativeTestJSON:test_migrate_server_invalid_state): 200 GET http://10.180.1.21/compute/v2.1/servers/0fcf7d98-d7fd-4cdf-b8db-e58d95d26fe3 0.186s
2025-04-10 02:04:24.928 70376 INFO tempest.lib.common.rest_client [req-d50f2f2f-d894-4f32-8fc9-7d337092ee46 req-d50f2f2f-d894-4f32-8fc9-7d337092ee46 ] Request (ServerDiskConfigTestJSON:test_rebuild_server_with_auto_disk_config): 200 GET http://10.180.1.21/compute/v2.1/servers/1c0914d8-8a16-499f-995a-20c96405c282 0.144s
2025-04-10 02:04:24.986 70356 INFO tempest.lib.common.rest_client [req-614a3bcb-1bf9-48da-affe-20b19ff914ce req-614a3bcb-1bf9-48da-affe-20b19ff914ce ] Request (ServerMetadataTestJSON:setUpClass): 200 GET http://10.180.1.21/compute/v2.1/servers/48222c96-658b-4954-951a-90a6d0c647ff 0.156s
2025-04-10 02:04:24.999 70358 INFO tempest.lib.common.rest_client [req-ce901423-0dce-469a-b3e3-83682e87a544 req-ce901423-0dce-469a-b3e3-83682e87a544 ] Request (ServerDiagnosticsV248Test:tearDownClass): 200 GET http://10.180.1.21/compute/v2.1/servers/508b4de1-7ae5-4afc-a838-ccf921eb71e7 0.155s
2025-04-10 02:04:25.049 70388 WARNING tempest.lib.common.ssh [-] Failed to establish authenticated ssh connection to cirros@10.180.180.196 ([Errno None] Unable to connect to port 22 on 10.180.180.196). Number attempts: 4. Retry after 5 seconds.: paramiko.ssh_exception.NoValidConnectionsError: [Errno None] Unable to connect to port 22 on 10.180.180.196
2025-04-10 02:04:25.081 70362 INFO tempest.lib.common.rest_client [req-2b7ad5c9-5e4f-454c-bc24-6a6a52b3346d req-2b7ad5c9-5e4f-454c-bc24-6a6a52b3346d ] Request (ListServerFiltersTestJSON:setUpClass): 200 GET http://10.180.1.21/compute/v2.1/servers/ec984bdd-70e7-449e-ab30-ff8ff43483f2 0.192s
2025-04-10 02:04:25.171 70374 INFO tempest.lib.common.rest_client [req-aefc2d5e-5594-4fac-9f17-ba0986ba1a97 req-aefc2d5e-5594-4fac-9f17-ba0986ba1a97 ] Request (ServerDiagnosticsNegativeTest:tearDownClass): 200 GET http://10.180.1.21/compute/v2.1/servers/05993736-9581-47d5-b4b2-ccc241426599 0.205s
2025-04-10 02:04:25.174 70392 INFO tempest.lib.common.rest_client [req-649fd577-f5a7-4cad-bd65-40d9d58a66c1 req-649fd577-f5a7-4cad-bd65-40d9d58a66c1 ] Request (MigrationsAdminTest:test_list_migrations_in_flavor_resize_situation): 200 GET http://10.180.1.21/compute/v2.1/servers/be8e4b49-7ec4-4f68-9d38-e6661c170d4c 0.257s
2025-04-10 02:04:25.246 70394 INFO tempest.lib.common.rest_client [req-9cf94d5c-0294-48a9-8031-700f545ccadc req-9cf94d5c-0294-48a9-8031-700f545ccadc ] Request (ServerActionsTestOtherB:setUpClass): 200 GET http://10.180.1.21/compute/v2.1/servers/2b2cf4bb-dd84-420d-9663-04a7bea94fc6 0.204s
2025-04-10 02:04:25.285 70380 INFO tempest.lib.common.rest_client [req-2e40b8db-5954-4c93-a427-ff7cca9b6360 req-2e40b8db-5954-4c93-a427-ff7cca9b6360 ] Request (ServersTestFqdnHostnames:test_create_server_with_fqdn_name): 200 GET http://10.180.1.21/compute/v2.1/servers/baca8852-4ff7-4dce-be80-967406c7fbaa 0.287s
2025-04-10 02:04:25.294 70380 INFO tempest.common.waiters [-] State transition "BUILD/spawning" ==> "ACTIVE/None" after 39 second wait
2025-04-10 02:04:25.307 70382 INFO tempest.lib.common.rest_client [req-9ca0f4ea-19c2-48b1-ba40-a2c6d5c96fda req-9ca0f4ea-19c2-48b1-ba40-a2c6d5c96fda ] Request (ServerRescueTestJSON:setUpClass): 200 GET http://10.180.1.21/compute/v2.1/servers/434b9dd4-2dbd-4deb-a814-98cce1af8120 0.186s
2025-04-10 02:04:25.371 70400 INFO tempest.lib.common.rest_client [req-b760d05e-9f61-402a-be47-79316fa894e6 req-b760d05e-9f61-402a-be47-79316fa894e6 ] Request (ImagesNegativeTestJSON:test_create_image_from_deleted_server): 200 GET http://10.180.1.21/compute/v2.1/servers/5130576c-6629-46c6-b499-2ef2032fb2e2 0.199s
2025-04-10 02:04:25.391 70352 INFO tempest.lib.common.rest_client [req-a0d695ba-0d9b-4455-abff-c346af81d161 req-a0d695ba-0d9b-4455-abff-c346af81d161 ] Request (FloatingIPsAssociationNegativeTestJSON:tearDownClass): 200 GET http://10.180.1.21/compute/v2.1/servers/ae2a80f2-a9e7-483e-b936-d0e76951acca 0.262s
2025-04-10 02:04:25.431 70360 INFO tempest.lib.common.rest_client [req-f224b1b1-de81-40e8-bde0-5eba0661e4e5 req-f224b1b1-de81-40e8-bde0-5eba0661e4e5 ] Request (ImagesTestJSON:test_create_image_from_suspended_server): 200 GET http://10.180.1.21/compute/v2.1/servers/d14e18d1-d750-48a7-9f1e-0353a8e2614f 0.238s
2025-04-10 02:04:25.465 70406 INFO tempest.lib.common.rest_client [req-53d90acf-fa4f-43dc-9dff-3273e4ca07aa req-53d90acf-fa4f-43dc-9dff-3273e4ca07aa ] Request (ServersListShow298Test:test_list_show_update_rebuild_server_298): 200 GET http://10.180.1.21/compute/v2.1/servers/b73ffadc-937c-4f86-97f9-3a2c72bd6681 0.208s
2025-04-10 02:04:25.487 70404 INFO tempest.lib.common.rest_client [req-f546d2ea-4c89-43d2-99d6-999947aaab21 req-f546d2ea-4c89-43d2-99d6-999947aaab21 ] Request (ServersTestMultiNic:_run_cleanups): 404 GET http://10.180.1.21/compute/v2.1/servers/bbb5cef4-d5a6-4236-be57-be7d4a1b0f61 0.173s
2025-04-10 02:04:25.496 70380 INFO tempest.lib.common.rest_client [req-47b5a41e-baf5-444d-ae87-c2162ef26605 req-47b5a41e-baf5-444d-ae87-c2162ef26605 ] Request (ServersTestFqdnHostnames:test_create_server_with_fqdn_name): 200 GET http://10.180.1.21/compute/v2.1/servers/baca8852-4ff7-4dce-be80-967406c7fbaa/os-interface 0.202s
2025-04-10 02:04:25.576 70350 INFO tempest.lib.common.rest_client [req-2de53cdf-5634-4ed8-a25d-2f271ce08f2e req-2de53cdf-5634-4ed8-a25d-2f271ce08f2e ] Request (AttachInterfacesUnderV243Test:test_add_remove_fixed_ip): 200 GET http://10.180.1.21/compute/v2.1/servers/e0731a89-6bdc-4ff7-b420-7014c7e01bb1 0.127s
2025-04-10 02:04:25.581 70384 INFO tempest.lib.common.rest_client [req-109460ac-3d04-4e71-a03d-28b3e9b8de45 req-109460ac-3d04-4e71-a03d-28b3e9b8de45 ] Request (FloatingIPsAssociationTestJSON:test_associate_already_associated_floating_ip): 200 GET http://10.180.1.21/compute/v2.1/servers/84486f15-d52a-47b9-965d-7ae1723c7933 0.219s
2025-04-10 02:04:25.647 70404 INFO tempest.lib.common.rest_client [req-d5baa12d-1e1b-4db9-82b3-9dbbfe04226f req-d5baa12d-1e1b-4db9-82b3-9dbbfe04226f ] Request (ServersTestMultiNic:_run_cleanups): 204 DELETE http://10.180.1.21:9696/networking/v2.0/subnets/1aebf664-4943-46d1-9fc2-6af514558286 0.159s
2025-04-10 02:04:25.650 70398 INFO tempest.lib.common.rest_client [req-71680805-8995-4bb1-b2f3-c037f3dea5fe req-71680805-8995-4bb1-b2f3-c037f3dea5fe ] Request (AttachVolumeTestJSON:test_attach_detach_volume): 200 GET http://10.180.1.21/compute/v2.1/servers/749a01fa-ab81-4fb6-b06d-3c5de75e854f 0.121s
2025-04-10 02:04:25.669 70370 INFO tempest.lib.common.rest_client [req-e6d8b6ef-1ff3-4854-91d0-d20e4725b83c req-e6d8b6ef-1ff3-4854-91d0-d20e4725b83c ] Request (DeleteServersAdminTestJSON:test_delete_server_while_in_error_state): 200 GET http://10.180.1.21/compute/v2.1/servers/80ea20c5-0664-4dd4-b72b-2a37ef5b9e5a 0.062s
2025-04-10 02:04:25.694 70354 INFO tempest.lib.common.rest_client [req-0d38d40d-0f0a-4db1-8d79-e93936f7b424 req-0d38d40d-0f0a-4db1-8d79-e93936f7b424 ] Request (ImagesOneServerTestJSON:test_create_image_specify_multibyte_character_image_name): 200 GET http://10.180.1.21/compute/v2.1/images/e93b9a28-53fc-4f9e-aeaf-2be8cc428913 0.056s
2025-04-10 02:04:25.752 70369 INFO tempest.lib.common.rest_client [req-6692a05e-cc4a-4d51-9175-bd0c1fffdfbd req-6692a05e-cc4a-4d51-9175-bd0c1fffdfbd ] Request (ListImageFiltersTestJSON:setUpClass): 200 GET http://10.180.1.21/compute/v2.1/servers/bdf80469-18c5-4417-9f0c-17266c9f842f 0.060s
2025-04-10 02:04:25.837 70408 INFO tempest.lib.common.rest_client [req-f515cfa5-a041-4e2b-84c6-31d0c33b1664 req-f515cfa5-a041-4e2b-84c6-31d0c33b1664 ] Request (VolumesAdminNegativeTest:test_update_attached_volume_with_nonexistent_volume_in_body): 200 GET http://10.180.1.21/compute/v2.1/servers/f42aff2b-e496-461d-914d-133f785354df 0.083s
2025-04-10 02:04:25.866 70364 INFO tempest.lib.common.rest_client [req-7473edcc-b5be-45cc-b34a-cbd0781d72be req-7473edcc-b5be-45cc-b34a-cbd0781d72be ] Request (ListServersNegativeTestJSON:setUpClass): 200 GET http://10.180.1.21/compute/v2.1/servers/79fd61dd-972d-4b64-84df-5e4307a3af44 0.058s
2025-04-10 02:04:25.964 70378 INFO tempest.lib.common.rest_client [req-ea9d2d7f-d82c-4e6e-aaef-66aae8d5cfae req-ea9d2d7f-d82c-4e6e-aaef-66aae8d5cfae ] Request (AttachInterfacesTestJSON:test_create_list_show_delete_interfaces_by_fixed_ip): 200 GET http://10.180.1.21/compute/v2.1/servers/a77366f3-bf91-493f-b5c9-15749ddd588f 0.083s
2025-04-10 02:04:26.041 70376 INFO tempest.lib.common.rest_client [req-d3b476f7-deea-486e-90d3-bf6fa7be1126 req-d3b476f7-deea-486e-90d3-bf6fa7be1126 ] Request (ServerDiskConfigTestJSON:test_rebuild_server_with_auto_disk_config): 200 GET http://10.180.1.21/compute/v2.1/servers/1c0914d8-8a16-499f-995a-20c96405c282 0.103s
2025-04-10 02:04:26.049 70348 INFO tempest.lib.common.rest_client [req-c6f74ebe-1f4e-43c1-b7be-3f668cd60a85 req-c6f74ebe-1f4e-43c1-b7be-3f668cd60a85 ] Request (ServersAdminNegativeTestJSON:test_migrate_server_invalid_state): 200 GET http://10.180.1.21/compute/v2.1/servers/0fcf7d98-d7fd-4cdf-b8db-e58d95d26fe3 0.120s
2025-04-10 02:04:26.135 70358 INFO tempest.lib.common.rest_client [req-44533789-daec-445e-9399-d125f7e7f3fb req-44533789-daec-445e-9399-d125f7e7f3fb ] Request (ServerDiagnosticsV248Test:tearDownClass): 200 GET http://10.180.1.21/compute/v2.1/servers/508b4de1-7ae5-4afc-a838-ccf921eb71e7 0.114s
2025-04-10 02:04:26.152 70356 INFO tempest.lib.common.rest_client [req-2d87466b-591b-4948-8846-ce7341ea89c9 req-2d87466b-591b-4948-8846-ce7341ea89c9 ] Request (ServerMetadataTestJSON:setUpClass): 200 GET http://10.180.1.21/compute/v2.1/servers/48222c96-658b-4954-951a-90a6d0c647ff 0.155s
2025-04-10 02:04:26.212 70362 INFO tempest.lib.common.rest_client [req-e1bafadd-b106-4ff2-9a4f-289cd58eadad req-e1bafadd-b106-4ff2-9a4f-289cd58eadad ] Request (ListServerFiltersTestJSON:setUpClass): 200 GET http://10.180.1.21/compute/v2.1/servers/ec984bdd-70e7-449e-ab30-ff8ff43483f2 0.115s
2025-04-10 02:04:26.222 70362 INFO tempest.common.waiters [-] State transition "BUILD/scheduling" ==> "BUILD/None" after 32 second wait
2025-04-10 02:04:26.298 70374 INFO tempest.lib.common.rest_client [req-f1be5af3-2b93-4927-83c4-ccdbf9e3df51 req-f1be5af3-2b93-4927-83c4-ccdbf9e3df51 ] Request (ServerDiagnosticsNegativeTest:tearDownClass): 200 GET http://10.180.1.21/compute/v2.1/servers/05993736-9581-47d5-b4b2-ccc241426599 0.117s
2025-04-10 02:04:26.337 70392 INFO tempest.lib.common.rest_client [req-47bdf795-e812-4a8f-a962-17363c4c9e1e req-47bdf795-e812-4a8f-a962-17363c4c9e1e ] Request (MigrationsAdminTest:test_list_migrations_in_flavor_resize_situation): 200 GET http://10.180.1.21/compute/v2.1/servers/be8e4b49-7ec4-4f68-9d38-e6661c170d4c 0.145s
2025-04-10 02:04:26.344 70392 INFO tempest.common.waiters [-] State transition "RESIZE/resize_prep" ==> "RESIZE/resize_migrating" after 30 second wait
2025-04-10 02:04:26.398 70394 INFO tempest.lib.common.rest_client [req-dee26dde-fdc0-470a-981b-3f095b8d2791 req-dee26dde-fdc0-470a-981b-3f095b8d2791 ] Request (ServerActionsTestOtherB:setUpClass): 200 GET http://10.180.1.21/compute/v2.1/servers/2b2cf4bb-dd84-420d-9663-04a7bea94fc6 0.140s
2025-04-10 02:04:26.414 70382 INFO tempest.lib.common.rest_client [req-71a8803c-771a-4ae8-b72b-649b86a50656 req-71a8803c-771a-4ae8-b72b-649b86a50656 ] Request (ServerRescueTestJSON:setUpClass): 200 GET http://10.180.1.21/compute/v2.1/servers/434b9dd4-2dbd-4deb-a814-98cce1af8120 0.097s
2025-04-10 02:04:26.422 70404 INFO tempest.lib.common.rest_client [req-4daeccd0-5a11-4c07-8339-e24b01322974 req-4daeccd0-5a11-4c07-8339-e24b01322974 ] Request (ServersTestMultiNic:_run_cleanups): 204 DELETE http://10.180.1.21:9696/networking/v2.0/networks/98339d19-ee16-44eb-8daa-25bb1f617160 0.774s
2025-04-10 02:04:26.486 70400 INFO tempest.lib.common.rest_client [req-adeb8c81-3a9f-4bb6-85bf-923b842ccb1d req-adeb8c81-3a9f-4bb6-85bf-923b842ccb1d ] Request (ImagesNegativeTestJSON:test_create_image_from_deleted_server): 200 GET http://10.180.1.21/compute/v2.1/servers/5130576c-6629-46c6-b499-2ef2032fb2e2 0.105s
2025-04-10 02:04:26.551 70352 INFO tempest.lib.common.rest_client [req-3c7f7617-c62c-408f-8e26-1924f1d1e6fe req-3c7f7617-c62c-408f-8e26-1924f1d1e6fe ] Request (FloatingIPsAssociationNegativeTestJSON:tearDownClass): 200 GET http://10.180.1.21/compute/v2.1/servers/ae2a80f2-a9e7-483e-b936-d0e76951acca 0.151s
2025-04-10 02:04:26.570 70360 INFO tempest.lib.common.rest_client [req-2b030d7d-759f-48d1-8c98-f3831984aab4 req-2b030d7d-759f-48d1-8c98-f3831984aab4 ] Request (ImagesTestJSON:test_create_image_from_suspended_server): 200 GET http://10.180.1.21/compute/v2.1/servers/d14e18d1-d750-48a7-9f1e-0353a8e2614f 0.131s
2025-04-10 02:04:26.622 70406 INFO tempest.lib.common.rest_client [req-aece48c8-d1d1-458e-bd62-62cd9200e17b req-aece48c8-d1d1-458e-bd62-62cd9200e17b ] Request (ServersListShow298Test:test_list_show_update_rebuild_server_298): 200 GET http://10.180.1.21/compute/v2.1/servers/b73ffadc-937c-4f86-97f9-3a2c72bd6681 0.146s
2025-04-10 02:04:26.673 70384 INFO tempest.lib.common.rest_client [req-575232e8-dc58-4fce-ba37-904060689d32 req-575232e8-dc58-4fce-ba37-904060689d32 ] Request (FloatingIPsAssociationTestJSON:test_associate_already_associated_floating_ip): 200 GET http://10.180.1.21/compute/v2.1/servers/84486f15-d52a-47b9-965d-7ae1723c7933 0.079s
2025-04-10 02:04:26.676 70350 INFO tempest.lib.common.rest_client [req-04db7173-4486-4427-a8b5-48ec0269a148 req-04db7173-4486-4427-a8b5-48ec0269a148 ] Request (AttachInterfacesUnderV243Test:test_add_remove_fixed_ip): 200 GET http://10.180.1.21/compute/v2.1/servers/e0731a89-6bdc-4ff7-b420-7014c7e01bb1 0.088s
2025-04-10 02:04:26.683 70380 INFO tempest.lib.common.rest_client [req-7c7f6b3e-4574-44da-be34-428ba50a729e req-7c7f6b3e-4574-44da-be34-428ba50a729e ] Request (ServersTestFqdnHostnames:test_create_server_with_fqdn_name): 200 PUT http://10.180.1.21:9696/networking/v2.0/floatingips/4a090ef3-53b4-403e-9e34-4552792b70d0 1.184s
2025-04-10 02:04:26.685 70380 INFO tempest.lib.common.ssh [-] Creating ssh connection to '10.180.180.174:22' as 'cirros' with public key authentication
2025-04-10 02:04:26.725 70398 INFO tempest.lib.common.rest_client [req-768dbd53-5c1b-4034-bede-e62ca191d2fd req-768dbd53-5c1b-4034-bede-e62ca191d2fd ] Request (AttachVolumeTestJSON:test_attach_detach_volume): 200 GET http://10.180.1.21/compute/v2.1/servers/749a01fa-ab81-4fb6-b06d-3c5de75e854f 0.067s
2025-04-10 02:04:26.750 70404 INFO tempest.lib.common.rest_client [req-87caf2d2-9b6e-4542-a2a4-f0aa0a8c9dcc req-87caf2d2-9b6e-4542-a2a4-f0aa0a8c9dcc ] Request (ServersTestMultiNic:_run_cleanups): 204 DELETE http://10.180.1.21:9696/networking/v2.0/subnets/89a0cf00-510d-468f-8662-6cbb27493395 0.328s
2025-04-10 02:04:26.758 70370 INFO tempest.lib.common.rest_client [req-e78b49a1-117a-413d-af61-cd3cba404d6d req-e78b49a1-117a-413d-af61-cd3cba404d6d ] Request (DeleteServersAdminTestJSON:test_delete_server_while_in_error_state): 200 GET http://10.180.1.21/compute/v2.1/servers/80ea20c5-0664-4dd4-b72b-2a37ef5b9e5a 0.081s
2025-04-10 02:04:26.792 70354 INFO tempest.lib.common.rest_client [req-d0e718d0-7193-4131-9ec1-b6f0e8085109 req-d0e718d0-7193-4131-9ec1-b6f0e8085109 ] Request (ImagesOneServerTestJSON:test_create_image_specify_multibyte_character_image_name): 200 GET http://10.180.1.21/compute/v2.1/images/e93b9a28-53fc-4f9e-aeaf-2be8cc428913 0.093s
2025-04-10 02:04:26.836 70369 INFO tempest.lib.common.rest_client [req-4c88222e-50ac-4d95-9181-33d326f7bdd7 req-4c88222e-50ac-4d95-9181-33d326f7bdd7 ] Request (ListImageFiltersTestJSON:setUpClass): 200 GET http://10.180.1.21/compute/v2.1/servers/bdf80469-18c5-4417-9f0c-17266c9f842f 0.077s
2025-04-10 02:04:26.907 70408 INFO tempest.lib.common.rest_client [req-c517ff89-1797-4fe9-925a-3553f015dcc2 req-c517ff89-1797-4fe9-925a-3553f015dcc2 ] Request (VolumesAdminNegativeTest:test_update_attached_volume_with_nonexistent_volume_in_body): 200 GET http://10.180.1.21/compute/v2.1/servers/f42aff2b-e496-461d-914d-133f785354df 0.059s
2025-04-10 02:04:26.932 70364 INFO tempest.lib.common.rest_client [req-838b90e4-863c-4f14-83a8-d234dc1c5a86 req-838b90e4-863c-4f14-83a8-d234dc1c5a86 ] Request (ListServersNegativeTestJSON:setUpClass): 200 GET http://10.180.1.21/compute/v2.1/servers/79fd61dd-972d-4b64-84df-5e4307a3af44 0.057s
2025-04-10 02:04:27.027 70378 INFO tempest.lib.common.rest_client [req-19ca906c-89f7-4bc5-b70b-5b798f6e840a req-19ca906c-89f7-4bc5-b70b-5b798f6e840a ] Request (AttachInterfacesTestJSON:test_create_list_show_delete_interfaces_by_fixed_ip): 200 GET http://10.180.1.21/compute/v2.1/servers/a77366f3-bf91-493f-b5c9-15749ddd588f 0.054s
2025-04-10 02:04:27.029 70404 INFO tempest.lib.common.rest_client [req-afbf3b8e-9df6-4a40-bffa-43c97a3370ed req-afbf3b8e-9df6-4a40-bffa-43c97a3370ed ] Request (ServersTestMultiNic:_run_cleanups): 204 DELETE http://10.180.1.21:9696/networking/v2.0/networks/83a3bc60-9237-478c-925a-5e94d84859c2 0.278s
2025-04-10 02:04:27.107 70376 INFO tempest.lib.common.rest_client [req-a748ca11-8b27-44a3-81bd-c6ac48f324bd req-a748ca11-8b27-44a3-81bd-c6ac48f324bd ] Request (ServerDiskConfigTestJSON:test_rebuild_server_with_auto_disk_config): 200 GET http://10.180.1.21/compute/v2.1/servers/1c0914d8-8a16-499f-995a-20c96405c282 0.052s
2025-04-10 02:04:27.158 70404 INFO tempest.lib.common.rest_client [req-435bcc01-d825-4c5b-884e-5a91eaffb1a8 req-435bcc01-d825-4c5b-884e-5a91eaffb1a8 ] Request (ServersTestMultiNic:test_verify_multiple_nics_order): 201 POST http://10.180.1.21:9696/networking/v2.0/networks 0.128s
2025-04-10 02:04:27.196 70348 INFO tempest.lib.common.rest_client [req-5106412e-b5a0-4474-a51e-8ec126de28b0 req-5106412e-b5a0-4474-a51e-8ec126de28b0 ] Request (ServersAdminNegativeTestJSON:test_migrate_server_invalid_state): 200 GET http://10.180.1.21/compute/v2.1/servers/0fcf7d98-d7fd-4cdf-b8db-e58d95d26fe3 0.133s
2025-04-10 02:04:27.204 70348 INFO tempest.common.waiters [-] State transition "ACTIVE/suspending" ==> "SUSPENDED/None" after 3 second wait
2025-04-10 02:04:27.218 70358 INFO tempest.lib.common.rest_client [req-4c503a2b-3db1-4525-a366-bedaaf8204b9 req-4c503a2b-3db1-4525-a366-bedaaf8204b9 ] Request (ServerDiagnosticsV248Test:tearDownClass): 200 GET http://10.180.1.21/compute/v2.1/servers/508b4de1-7ae5-4afc-a838-ccf921eb71e7 0.074s
2025-04-10 02:04:27.258 70356 INFO tempest.lib.common.rest_client [req-6b4b4dfd-0b52-4f87-b2be-ae28eec5e24d req-6b4b4dfd-0b52-4f87-b2be-ae28eec5e24d ] Request (ServerMetadataTestJSON:setUpClass): 200 GET http://10.180.1.21/compute/v2.1/servers/48222c96-658b-4954-951a-90a6d0c647ff 0.096s
2025-04-10 02:04:27.287 70348 INFO tempest.lib.common.rest_client [req-45d48689-0aaa-4eca-8152-586eab939436 req-45d48689-0aaa-4eca-8152-586eab939436 ] Request (ServersAdminNegativeTestJSON:test_migrate_server_invalid_state): 409 POST http://10.180.1.21/compute/v2.1/servers/0fcf7d98-d7fd-4cdf-b8db-e58d95d26fe3/action 0.081s
2025-04-10 02:04:27.303 70348 INFO tempest.lib.common.rest_client [req-d7966fe2-5df6-4f0f-a6f9-b35ddd1be154 req-d7966fe2-5df6-4f0f-a6f9-b35ddd1be154 ] Request (ServersAdminNegativeTestJSON:test_reset_state_server_invalid_state): 400 POST http://10.180.1.21/compute/v2.1/servers/c1f3f223-be86-43f4-bb43-27202b1b41b5/action 0.014s
2025-04-10 02:04:27.316 70348 INFO tempest.lib.common.rest_client [req-9bc106ae-cfe3-4682-86a8-b27d354b23a7 req-9bc106ae-cfe3-4682-86a8-b27d354b23a7 ] Request (ServersAdminNegativeTestJSON:test_reset_state_server_invalid_type): 400 POST http://10.180.1.21/compute/v2.1/servers/c1f3f223-be86-43f4-bb43-27202b1b41b5/action 0.010s
2025-04-10 02:04:27.317 70362 INFO tempest.lib.common.rest_client [req-3a0b845d-94c2-447d-9b1e-8295dcc4fde9 req-3a0b845d-94c2-447d-9b1e-8295dcc4fde9 ] Request (ListServerFiltersTestJSON:setUpClass): 200 GET http://10.180.1.21/compute/v2.1/servers/ec984bdd-70e7-449e-ab30-ff8ff43483f2 0.093s
2025-04-10 02:04:27.326 70348 INFO tempest.lib.common.rest_client [req-705303a8-1a31-4df0-b87d-4b919e80fdaf req-705303a8-1a31-4df0-b87d-4b919e80fdaf ] Request (ServersAdminNegativeTestJSON:test_reset_state_server_nonexistent_server): 404 POST http://10.180.1.21/compute/v2.1/servers/999/action 0.009s
2025-04-10 02:04:27.351 70396 WARNING tempest.lib.common.ssh [-] Failed to establish authenticated ssh connection to cirros@10.180.180.156 ([Errno None] Unable to connect to port 22 on 10.180.180.156). Number attempts: 2. Retry after 3 seconds.: paramiko.ssh_exception.NoValidConnectionsError: [Errno None] Unable to connect to port 22 on 10.180.180.156
2025-04-10 02:04:27.385 70374 INFO tempest.lib.common.rest_client [req-30ccc8a1-59e2-4c20-9d13-e27c470d8c01 req-30ccc8a1-59e2-4c20-9d13-e27c470d8c01 ] Request (ServerDiagnosticsNegativeTest:tearDownClass): 200 GET http://10.180.1.21/compute/v2.1/servers/05993736-9581-47d5-b4b2-ccc241426599 0.076s
2025-04-10 02:04:27.428 70404 INFO tempest.lib.common.rest_client [req-002f5779-2676-40ec-a15d-90a6a24bcdf9 req-002f5779-2676-40ec-a15d-90a6a24bcdf9 ] Request (ServersTestMultiNic:test_verify_multiple_nics_order): 201 POST http://10.180.1.21:9696/networking/v2.0/subnets 0.270s
2025-04-10 02:04:27.444 70348 INFO tempest.lib.common.rest_client [req-5da7ca5f-3a21-43d9-92a5-1d9884252ffb req-5da7ca5f-3a21-43d9-92a5-1d9884252ffb ] Request (ServersAdminNegativeTestJSON:test_resize_server_using_overlimit_ram): 200 GET http://10.180.1.21/compute/v2.1/os-quota-sets/0ee44eff994e4324b4852bdfcda57568 0.117s
2025-04-10 02:04:27.511 70394 INFO tempest.lib.common.rest_client [req-b8122d9b-71b1-4e8e-88de-722ca9a7c0f3 req-b8122d9b-71b1-4e8e-88de-722ca9a7c0f3 ] Request (ServerActionsTestOtherB:setUpClass): 200 GET http://10.180.1.21/compute/v2.1/servers/2b2cf4bb-dd84-420d-9663-04a7bea94fc6 0.099s
2025-04-10 02:04:27.556 70404 INFO tempest.lib.common.rest_client [req-0b2cf20f-4808-4589-9573-107751aa63d1 req-0b2cf20f-4808-4589-9573-107751aa63d1 ] Request (ServersTestMultiNic:test_verify_multiple_nics_order): 201 POST http://10.180.1.21:9696/networking/v2.0/networks 0.127s
2025-04-10 02:04:27.578 70392 INFO tempest.lib.common.rest_client [req-9c3852ec-f51f-4a0a-90da-a1250faca871 req-9c3852ec-f51f-4a0a-90da-a1250faca871 ] Request (MigrationsAdminTest:test_list_migrations_in_flavor_resize_situation): 200 GET http://10.180.1.21/compute/v2.1/servers/be8e4b49-7ec4-4f68-9d38-e6661c170d4c 0.232s
2025-04-10 02:04:27.579 70382 INFO tempest.lib.common.rest_client [req-49c9ff66-05ee-4700-b096-705eff8bdd30 req-49c9ff66-05ee-4700-b096-705eff8bdd30 ] Request (ServerRescueTestJSON:setUpClass): 200 GET http://10.180.1.21/compute/v2.1/servers/434b9dd4-2dbd-4deb-a814-98cce1af8120 0.155s
2025-04-10 02:04:27.600 70348 INFO tempest.lib.common.rest_client [req-4a40c7be-bf4d-40f3-b51b-f930fbeabe23 req-4a40c7be-bf4d-40f3-b51b-f930fbeabe23 ] Request (ServersAdminNegativeTestJSON:test_resize_server_using_overlimit_ram): 200 POST http://10.180.1.21/compute/v2.1/flavors 0.153s
2025-04-10 02:04:27.640 70400 INFO tempest.lib.common.rest_client [req-111eef8d-c3e6-4087-b12e-afd25964e346 req-111eef8d-c3e6-4087-b12e-afd25964e346 ] Request (ImagesNegativeTestJSON:test_create_image_from_deleted_server): 200 GET http://10.180.1.21/compute/v2.1/servers/5130576c-6629-46c6-b499-2ef2032fb2e2 0.146s
2025-04-10 02:04:27.661 70352 INFO tempest.lib.common.rest_client [req-227ed107-4713-4a1a-a9bf-da2498333bf7 req-227ed107-4713-4a1a-a9bf-da2498333bf7 ] Request (FloatingIPsAssociationNegativeTestJSON:tearDownClass): 200 GET http://10.180.1.21/compute/v2.1/servers/ae2a80f2-a9e7-483e-b936-d0e76951acca 0.101s
2025-04-10 02:04:27.698 70360 INFO tempest.lib.common.rest_client [req-1f9b5ff5-740b-4d50-bc03-cbb3203afb02 req-1f9b5ff5-740b-4d50-bc03-cbb3203afb02 ] Request (ImagesTestJSON:test_create_image_from_suspended_server): 200 GET http://10.180.1.21/compute/v2.1/servers/d14e18d1-d750-48a7-9f1e-0353a8e2614f 0.118s
2025-04-10 02:04:27.763 70406 INFO tempest.lib.common.rest_client [req-589554b9-94b2-495a-a85e-60db6bbdaf23 req-589554b9-94b2-495a-a85e-60db6bbdaf23 ] Request (ServersListShow298Test:test_list_show_update_rebuild_server_298): 200 GET http://10.180.1.21/compute/v2.1/servers/b73ffadc-937c-4f86-97f9-3a2c72bd6681 0.118s
2025-04-10 02:04:27.768 70348 INFO tempest.lib.common.rest_client [req-85eaea16-43a5-4484-965c-536abd4570cb req-85eaea16-43a5-4484-965c-536abd4570cb ] Request (ServersAdminNegativeTestJSON:test_resize_server_using_overlimit_ram): 403 POST http://10.180.1.21/compute/v2.1/servers/c1f3f223-be86-43f4-bb43-27202b1b41b5/action 0.166s
2025-04-10 02:04:27.770 70404 INFO tempest.lib.common.rest_client [req-b11c27df-2f03-4c69-948b-40202b7c8b3e req-b11c27df-2f03-4c69-948b-40202b7c8b3e ] Request (ServersTestMultiNic:test_verify_multiple_nics_order): 201 POST http://10.180.1.21:9696/networking/v2.0/subnets 0.214s
2025-04-10 02:04:27.813 70384 INFO tempest.lib.common.rest_client [req-374ca64c-3164-488d-b2c1-4f433e416e74 req-374ca64c-3164-488d-b2c1-4f433e416e74 ] Request (FloatingIPsAssociationTestJSON:test_associate_already_associated_floating_ip): 200 GET http://10.180.1.21/compute/v2.1/servers/84486f15-d52a-47b9-965d-7ae1723c7933 0.126s
2025-04-10 02:04:27.821 70350 INFO tempest.lib.common.rest_client [req-9ed78af8-955c-421b-a44d-b25567208f02 req-9ed78af8-955c-421b-a44d-b25567208f02 ] Request (AttachInterfacesUnderV243Test:test_add_remove_fixed_ip): 200 GET http://10.180.1.21/compute/v2.1/servers/e0731a89-6bdc-4ff7-b420-7014c7e01bb1 0.132s
2025-04-10 02:04:27.836 70348 INFO tempest.lib.common.rest_client [req-eafa47fa-f221-4245-8be2-5b3120ebec37 req-eafa47fa-f221-4245-8be2-5b3120ebec37 ] Request (ServersAdminNegativeTestJSON:_run_cleanups): 202 DELETE http://10.180.1.21/compute/v2.1/flavors/1558548209 0.066s
2025-04-10 02:04:27.838 70404 INFO tempest.lib.common.rest_client [req-6ad65f4e-643a-4d20-a78d-d1accfe2c197 req-6ad65f4e-643a-4d20-a78d-d1accfe2c197 ] Request (ServersTestMultiNic:test_verify_multiple_nics_order): 201 POST http://10.180.1.21/identity/v3/auth/tokens 0.063s
2025-04-10 02:04:27.838 70404 INFO tempest.lib.common.fixed_network [-] (ServersTestMultiNic:test_verify_multiple_nics_order) Found network {'id': '3056ccd1-104f-4c53-9005-2b5c6c1a1884', 'name': 'tempest-ServersTestMultiNic-1762077226-network', 'tenant_id': 'df49d60104dd4ebbb0b32d7f13ac4eb7', 'admin_state_up': True, 'mtu': 8950, 'status': 'ACTIVE', 'subnets': [], 'shared': False, 'project_id': 'df49d60104dd4ebbb0b32d7f13ac4eb7', 'port_security_enabled': True, 'router:external': False, 'provider:network_type': 'vlan', 'provider:physical_network': 'default', 'provider:segmentation_id': 854, 'availability_zone_hints': [], 'availability_zones': [], 'ipv4_address_scope': None, 'ipv6_address_scope': None, 'description': '', 'tags': [], 'created_at': '2025-04-10T02:03:05Z', 'updated_at': '2025-04-10T02:03:05Z', 'revision_number': 1} available for tenant
2025-04-10 02:04:27.865 70398 INFO tempest.lib.common.rest_client [req-e1bfb972-cca0-45df-b843-75a48be3e5c9 req-e1bfb972-cca0-45df-b843-75a48be3e5c9 ] Request (AttachVolumeTestJSON:test_attach_detach_volume): 200 GET http://10.180.1.21/compute/v2.1/servers/749a01fa-ab81-4fb6-b06d-3c5de75e854f 0.131s
2025-04-10 02:04:27.885 70370 INFO tempest.lib.common.rest_client [req-33fe0688-c965-4aab-8575-15a2f05ef516 req-33fe0688-c965-4aab-8575-15a2f05ef516 ] Request (DeleteServersAdminTestJSON:test_delete_server_while_in_error_state): 200 GET http://10.180.1.21/compute/v2.1/servers/80ea20c5-0664-4dd4-b72b-2a37ef5b9e5a 0.116s
2025-04-10 02:04:27.904 70354 INFO tempest.lib.common.rest_client [req-52031904-a715-4041-b01b-02b316449823 req-52031904-a715-4041-b01b-02b316449823 ] Request (ImagesOneServerTestJSON:test_create_image_specify_multibyte_character_image_name): 200 GET http://10.180.1.21/compute/v2.1/images/e93b9a28-53fc-4f9e-aeaf-2be8cc428913 0.106s
2025-04-10 02:04:27.910 70348 INFO tempest.lib.common.rest_client [req-0ee7f13a-c4d0-40b7-9463-3dde9ec9ed1a req-0ee7f13a-c4d0-40b7-9463-3dde9ec9ed1a ] Request (ServersAdminNegativeTestJSON:_run_cleanups): 200 GET http://10.180.1.21/compute/v2.1/flavors/detail 0.074s
2025-04-10 02:04:27.961 70369 INFO tempest.lib.common.rest_client [req-fd0944d6-6427-42c1-9bad-1cd5f5877563 req-fd0944d6-6427-42c1-9bad-1cd5f5877563 ] Request (ListImageFiltersTestJSON:setUpClass): 200 GET http://10.180.1.21/compute/v2.1/servers/bdf80469-18c5-4417-9f0c-17266c9f842f 0.115s
2025-04-10 02:04:28.006 70408 INFO tempest.lib.common.rest_client [req-fed0632b-94f3-43b8-98ab-65e13d565f33 req-fed0632b-94f3-43b8-98ab-65e13d565f33 ] Request (VolumesAdminNegativeTest:test_update_attached_volume_with_nonexistent_volume_in_body): 200 GET http://10.180.1.21/compute/v2.1/servers/f42aff2b-e496-461d-914d-133f785354df 0.091s
2025-04-10 02:04:28.045 70348 INFO tempest.lib.common.rest_client [req-2390f62b-ad9e-4102-8458-530697666579 req-2390f62b-ad9e-4102-8458-530697666579 ] Request (ServersAdminNegativeTestJSON:test_resize_server_using_overlimit_vcpus): 200 GET http://10.180.1.21/compute/v2.1/os-quota-sets/0ee44eff994e4324b4852bdfcda57568 0.127s
2025-04-10 02:04:28.091 70364 INFO tempest.lib.common.rest_client [req-f202624e-41e6-4ed6-9c8b-ee37a9b01ddd req-f202624e-41e6-4ed6-9c8b-ee37a9b01ddd ] Request (ListServersNegativeTestJSON:setUpClass): 200 GET http://10.180.1.21/compute/v2.1/servers/79fd61dd-972d-4b64-84df-5e4307a3af44 0.149s
2025-04-10 02:04:28.098 70364 INFO tempest.common.waiters [-] State transition "BUILD/None" ==> "BUILD/networking" after 41 second wait
2025-04-10 02:04:28.144 70378 INFO tempest.lib.common.rest_client [req-6a0c6bcc-dfd8-4ec6-9690-56ac6a6554bb req-6a0c6bcc-dfd8-4ec6-9690-56ac6a6554bb ] Request (AttachInterfacesTestJSON:test_create_list_show_delete_interfaces_by_fixed_ip): 200 GET http://10.180.1.21/compute/v2.1/servers/a77366f3-bf91-493f-b5c9-15749ddd588f 0.107s
2025-04-10 02:04:28.167 70348 INFO tempest.lib.common.rest_client [req-c228b018-8cfe-4a55-bb78-25eadd0a286c req-c228b018-8cfe-4a55-bb78-25eadd0a286c ] Request (ServersAdminNegativeTestJSON:test_resize_server_using_overlimit_vcpus): 200 POST http://10.180.1.21/compute/v2.1/flavors 0.120s
2025-04-10 02:04:28.219 70376 INFO tempest.lib.common.rest_client [req-ea638023-98c9-4b06-86ab-630416bdfa2f req-ea638023-98c9-4b06-86ab-630416bdfa2f ] Request (ServerDiskConfigTestJSON:test_rebuild_server_with_auto_disk_config): 200 GET http://10.180.1.21/compute/v2.1/servers/1c0914d8-8a16-499f-995a-20c96405c282 0.104s
2025-04-10 02:04:28.276 70404 INFO tempest.lib.common.rest_client [req-5508de85-6f49-404c-bc3c-9cd89c71d1e9 req-5508de85-6f49-404c-bc3c-9cd89c71d1e9 ] Request (ServersTestMultiNic:test_verify_multiple_nics_order): 202 POST http://10.180.1.21/compute/v2.1/servers 0.437s
2025-04-10 02:04:28.308 70348 INFO tempest.lib.common.rest_client [req-3c5c5aee-26ac-463f-8076-c5230f702eea req-3c5c5aee-26ac-463f-8076-c5230f702eea ] Request (ServersAdminNegativeTestJSON:test_resize_server_using_overlimit_vcpus): 403 POST http://10.180.1.21/compute/v2.1/servers/c1f3f223-be86-43f4-bb43-27202b1b41b5/action 0.137s
2025-04-10 02:04:28.347 70358 INFO tempest.lib.common.rest_client [req-dcd633ab-cb12-426b-9e8b-00fe7fc121c7 req-dcd633ab-cb12-426b-9e8b-00fe7fc121c7 ] Request (ServerDiagnosticsV248Test:tearDownClass): 200 GET http://10.180.1.21/compute/v2.1/servers/508b4de1-7ae5-4afc-a838-ccf921eb71e7 0.112s
2025-04-10 02:04:28.388 70356 INFO tempest.lib.common.rest_client [req-b02904e4-8297-4c9d-a668-dd58942c51af req-b02904e4-8297-4c9d-a668-dd58942c51af ] Request (ServerMetadataTestJSON:setUpClass): 200 GET http://10.180.1.21/compute/v2.1/servers/48222c96-658b-4954-951a-90a6d0c647ff 0.118s
2025-04-10 02:04:28.411 70404 INFO tempest.lib.common.rest_client [req-e9423faf-32a7-4639-8fc2-6303ef78b958 req-e9423faf-32a7-4639-8fc2-6303ef78b958 ] Request (ServersTestMultiNic:test_verify_multiple_nics_order): 200 GET http://10.180.1.21/compute/v2.1/servers/d3e08968-e6f0-4d3e-bbe1-195d02fdfd26 0.134s
2025-04-10 02:04:28.412 70348 INFO tempest.lib.common.rest_client [req-68f24670-e0a2-47e8-b650-8117c259f842 req-68f24670-e0a2-47e8-b650-8117c259f842 ] Request (ServersAdminNegativeTestJSON:_run_cleanups): 202 DELETE http://10.180.1.21/compute/v2.1/flavors/1881210846 0.103s
2025-04-10 02:04:28.487 70374 INFO tempest.lib.common.rest_client [req-c8dc546d-56d6-4820-886f-f6b19c5c60a1 req-c8dc546d-56d6-4820-886f-f6b19c5c60a1 ] Request (ServerDiagnosticsNegativeTest:tearDownClass): 200 GET http://10.180.1.21/compute/v2.1/servers/05993736-9581-47d5-b4b2-ccc241426599 0.093s
2025-04-10 02:04:28.502 70362 INFO tempest.lib.common.rest_client [req-a6776775-45fb-4f31-902f-d31d01761fbe req-a6776775-45fb-4f31-902f-d31d01761fbe ] Request (ListServerFiltersTestJSON:setUpClass): 200 GET http://10.180.1.21/compute/v2.1/servers/ec984bdd-70e7-449e-ab30-ff8ff43483f2 0.172s
2025-04-10 02:04:28.511 70348 INFO tempest.lib.common.rest_client [req-6073bde6-e118-4f4a-b271-bf35dd3177e9 req-6073bde6-e118-4f4a-b271-bf35dd3177e9 ] Request (ServersAdminNegativeTestJSON:_run_cleanups): 200 GET http://10.180.1.21/compute/v2.1/flavors/detail 0.098s
2025-04-10 02:04:28.547 70348 INFO tempest.lib.common.rest_client [req-d0b22f10-695b-4034-948e-9b6d0518c573 req-d0b22f10-695b-4034-948e-9b6d0518c573 ] Request (ServersAdminNegativeTestJSON:test_restore_server_invalid_state): 409 POST http://10.180.1.21/compute/v2.1/servers/c1f3f223-be86-43f4-bb43-27202b1b41b5/action 0.030s
2025-04-10 02:04:28.579 70394 INFO tempest.lib.common.rest_client [req-73d494e1-15db-4237-9384-35c9e6ee94af req-73d494e1-15db-4237-9384-35c9e6ee94af ] Request (ServerActionsTestOtherB:setUpClass): 200 GET http://10.180.1.21/compute/v2.1/servers/2b2cf4bb-dd84-420d-9663-04a7bea94fc6 0.058s
2025-04-10 02:04:28.631 70348 INFO tempest.lib.common.rest_client [req-c8409892-26ce-4ed6-8e50-d7b7197c4747 req-c8409892-26ce-4ed6-8e50-d7b7197c4747 ] Request (ServersAdminNegativeTestJSON:tearDownClass): 204 DELETE http://10.180.1.21/compute/v2.1/servers/0fcf7d98-d7fd-4cdf-b8db-e58d95d26fe3 0.083s
2025-04-10 02:04:28.639 70382 INFO tempest.lib.common.rest_client [req-27b5715a-a751-4ace-a395-5cb97a355c63 req-27b5715a-a751-4ace-a395-5cb97a355c63 ] Request (ServerRescueTestJSON:setUpClass): 200 GET http://10.180.1.21/compute/v2.1/servers/434b9dd4-2dbd-4deb-a814-98cce1af8120 0.050s
2025-04-10 02:04:28.744 70392 INFO tempest.lib.common.rest_client [req-6f467038-89da-4299-b0f3-e65a9da6e4bf req-6f467038-89da-4299-b0f3-e65a9da6e4bf ] Request (MigrationsAdminTest:test_list_migrations_in_flavor_resize_situation): 200 GET http://10.180.1.21/compute/v2.1/servers/be8e4b49-7ec4-4f68-9d38-e6661c170d4c 0.155s
2025-04-10 02:04:28.749 70348 INFO tempest.lib.common.rest_client [req-e4860b32-aecb-4fcc-9818-30820ffb14cf req-e4860b32-aecb-4fcc-9818-30820ffb14cf ] Request (ServersAdminNegativeTestJSON:tearDownClass): 200 GET http://10.180.1.21/compute/v2.1/servers/0fcf7d98-d7fd-4cdf-b8db-e58d95d26fe3 0.117s
2025-04-10 02:04:28.808 70400 INFO tempest.lib.common.rest_client [req-ef95019c-fa69-43c7-89e1-10437a55b40f req-ef95019c-fa69-43c7-89e1-10437a55b40f ] Request (ImagesNegativeTestJSON:test_create_image_from_deleted_server): 200 GET http://10.180.1.21/compute/v2.1/servers/5130576c-6629-46c6-b499-2ef2032fb2e2 0.159s
2025-04-10 02:04:28.815 70352 INFO tempest.lib.common.rest_client [req-75412699-fa4a-4935-ba6b-f5c9eca2855b req-75412699-fa4a-4935-ba6b-f5c9eca2855b ] Request (FloatingIPsAssociationNegativeTestJSON:tearDownClass): 200 GET http://10.180.1.21/compute/v2.1/servers/ae2a80f2-a9e7-483e-b936-d0e76951acca 0.142s
2025-04-10 02:04:28.822 70352 INFO tempest.common.waiters [-] State transition "ACTIVE/deleting" ==> "DELETED/None" after 4 second wait
2025-04-10 02:04:28.870 70360 INFO tempest.lib.common.rest_client [req-a8e919a6-fa59-48e4-aba3-dd8dbd2be4c9 req-a8e919a6-fa59-48e4-aba3-dd8dbd2be4c9 ] Request (ImagesTestJSON:test_create_image_from_suspended_server): 200 GET http://10.180.1.21/compute/v2.1/servers/d14e18d1-d750-48a7-9f1e-0353a8e2614f 0.160s
2025-04-10 02:04:28.907 70406 INFO tempest.lib.common.rest_client [req-f2b24c06-e12d-4090-9636-2bb157d4be03 req-f2b24c06-e12d-4090-9636-2bb157d4be03 ] Request (ServersListShow298Test:test_list_show_update_rebuild_server_298): 200 GET http://10.180.1.21/compute/v2.1/servers/b73ffadc-937c-4f86-97f9-3a2c72bd6681 0.129s
2025-04-10 02:04:28.924 70384 INFO tempest.lib.common.rest_client [req-7c127994-e7bf-43a2-8797-940a722d215e req-7c127994-e7bf-43a2-8797-940a722d215e ] Request (FloatingIPsAssociationTestJSON:test_associate_already_associated_floating_ip): 200 GET http://10.180.1.21/compute/v2.1/servers/84486f15-d52a-47b9-965d-7ae1723c7933 0.101s
2025-04-10 02:04:28.959 70350 INFO tempest.lib.common.rest_client [req-10121efe-7a40-49e5-85b1-afe5528c57a5 req-10121efe-7a40-49e5-85b1-afe5528c57a5 ] Request (AttachInterfacesUnderV243Test:test_add_remove_fixed_ip): 200 GET http://10.180.1.21/compute/v2.1/servers/e0731a89-6bdc-4ff7-b420-7014c7e01bb1 0.130s
2025-04-10 02:04:28.978 70398 INFO tempest.lib.common.rest_client [req-98a889d7-0c36-4281-bd05-6f5135041816 req-98a889d7-0c36-4281-bd05-6f5135041816 ] Request (AttachVolumeTestJSON:test_attach_detach_volume): 200 GET http://10.180.1.21/compute/v2.1/servers/749a01fa-ab81-4fb6-b06d-3c5de75e854f 0.103s
2025-04-10 02:04:29.007 70370 INFO tempest.lib.common.rest_client [req-dad6bc67-5c6b-4534-b578-50eec0418135 req-dad6bc67-5c6b-4534-b578-50eec0418135 ] Request (DeleteServersAdminTestJSON:test_delete_server_while_in_error_state): 200 GET http://10.180.1.21/compute/v2.1/servers/80ea20c5-0664-4dd4-b72b-2a37ef5b9e5a 0.113s
2025-04-10 02:04:29.017 70354 INFO tempest.lib.common.rest_client [req-9d5273a0-0058-429a-a3eb-bf86016b0df2 req-9d5273a0-0058-429a-a3eb-bf86016b0df2 ] Request (ImagesOneServerTestJSON:test_create_image_specify_multibyte_character_image_name): 200 GET http://10.180.1.21/compute/v2.1/images/e93b9a28-53fc-4f9e-aeaf-2be8cc428913 0.110s
2025-04-10 02:04:29.055 70369 INFO tempest.lib.common.rest_client [req-614ec246-f608-40da-bf8d-e254b02373ea req-614ec246-f608-40da-bf8d-e254b02373ea ] Request (ListImageFiltersTestJSON:setUpClass): 200 GET http://10.180.1.21/compute/v2.1/servers/bdf80469-18c5-4417-9f0c-17266c9f842f 0.085s
2025-04-10 02:04:29.068 70408 INFO tempest.lib.common.rest_client [req-f52ee764-de0d-4cbd-b040-6a7d3c18d5e1 req-f52ee764-de0d-4cbd-b040-6a7d3c18d5e1 ] Request (VolumesAdminNegativeTest:test_update_attached_volume_with_nonexistent_volume_in_body): 200 GET http://10.180.1.21/compute/v2.1/servers/f42aff2b-e496-461d-914d-133f785354df 0.052s
2025-04-10 02:04:29.213 70378 INFO tempest.lib.common.rest_client [req-05de522c-3530-4fd5-8d25-563c979dd532 req-05de522c-3530-4fd5-8d25-563c979dd532 ] Request (AttachInterfacesTestJSON:test_create_list_show_delete_interfaces_by_fixed_ip): 200 GET http://10.180.1.21/compute/v2.1/servers/a77366f3-bf91-493f-b5c9-15749ddd588f 0.059s
2025-04-10 02:04:29.218 70364 INFO tempest.lib.common.rest_client [req-147a5cfc-516a-4d80-9342-c62dd65ab7d3 req-147a5cfc-516a-4d80-9342-c62dd65ab7d3 ] Request (ListServersNegativeTestJSON:setUpClass): 200 GET http://10.180.1.21/compute/v2.1/servers/79fd61dd-972d-4b64-84df-5e4307a3af44 0.118s
2025-04-10 02:04:29.225 70364 INFO tempest.common.waiters [-] State transition "BUILD/networking" ==> "BUILD/block_device_mapping" after 42 second wait
2025-04-10 02:04:29.284 70376 INFO tempest.lib.common.rest_client [req-df54e506-47b3-4c14-923e-fe1eb7915bd3 req-df54e506-47b3-4c14-923e-fe1eb7915bd3 ] Request (ServerDiskConfigTestJSON:test_rebuild_server_with_auto_disk_config): 200 GET http://10.180.1.21/compute/v2.1/servers/1c0914d8-8a16-499f-995a-20c96405c282 0.056s
2025-04-10 02:04:29.455 70356 INFO tempest.lib.common.rest_client [req-ce457d2c-b7e9-4dea-8481-40c4a585b07a req-ce457d2c-b7e9-4dea-8481-40c4a585b07a ] Request (ServerMetadataTestJSON:setUpClass): 200 GET http://10.180.1.21/compute/v2.1/servers/48222c96-658b-4954-951a-90a6d0c647ff 0.057s
2025-04-10 02:04:29.457 70358 INFO tempest.lib.common.rest_client [req-ea298a19-05b8-4f48-ac55-2ca9392d3f61 req-ea298a19-05b8-4f48-ac55-2ca9392d3f61 ] Request (ServerDiagnosticsV248Test:tearDownClass): 200 GET http://10.180.1.21/compute/v2.1/servers/508b4de1-7ae5-4afc-a838-ccf921eb71e7 0.091s
2025-04-10 02:04:29.505 70404 INFO tempest.lib.common.rest_client [req-39728e18-0400-4571-8789-b37f576be614 req-39728e18-0400-4571-8789-b37f576be614 ] Request (ServersTestMultiNic:test_verify_multiple_nics_order): 200 GET http://10.180.1.21/compute/v2.1/servers/d3e08968-e6f0-4d3e-bbe1-195d02fdfd26 0.082s
2025-04-10 02:04:29.574 70362 INFO tempest.lib.common.rest_client [req-de077d78-b3f1-40c1-b0c4-fb203825f8c4 req-de077d78-b3f1-40c1-b0c4-fb203825f8c4 ] Request (ListServerFiltersTestJSON:setUpClass): 200 GET http://10.180.1.21/compute/v2.1/servers/ec984bdd-70e7-449e-ab30-ff8ff43483f2 0.061s
2025-04-10 02:04:29.582 70374 INFO tempest.lib.common.rest_client [req-6a522bd3-54c5-46de-9126-1c9cdcdf51f0 req-6a522bd3-54c5-46de-9126-1c9cdcdf51f0 ] Request (ServerDiagnosticsNegativeTest:tearDownClass): 200 GET http://10.180.1.21/compute/v2.1/servers/05993736-9581-47d5-b4b2-ccc241426599 0.077s
2025-04-10 02:04:29.638 70394 INFO tempest.lib.common.rest_client [req-0e1fdec5-d019-4a17-a179-4a5c2d5a105c req-0e1fdec5-d019-4a17-a179-4a5c2d5a105c ] Request (ServerActionsTestOtherB:setUpClass): 200 GET http://10.180.1.21/compute/v2.1/servers/2b2cf4bb-dd84-420d-9663-04a7bea94fc6 0.051s
2025-04-10 02:04:29.730 70382 INFO tempest.lib.common.rest_client [req-9848ad1c-c8e3-4f9d-a332-fe77cf8d65d2 req-9848ad1c-c8e3-4f9d-a332-fe77cf8d65d2 ] Request (ServerRescueTestJSON:setUpClass): 200 GET http://10.180.1.21/compute/v2.1/servers/434b9dd4-2dbd-4deb-a814-98cce1af8120 0.080s
2025-04-10 02:04:29.855 70348 INFO tempest.lib.common.rest_client [req-f36f9d27-99ff-4c05-ae33-0c9196c61936 req-f36f9d27-99ff-4c05-ae33-0c9196c61936 ] Request (ServersAdminNegativeTestJSON:tearDownClass): 200 GET http://10.180.1.21/compute/v2.1/servers/0fcf7d98-d7fd-4cdf-b8db-e58d95d26fe3 0.096s
2025-04-10 02:04:29.857 70392 INFO tempest.lib.common.rest_client [req-859e8f2c-f0bc-4146-b51d-96590af5d915 req-859e8f2c-f0bc-4146-b51d-96590af5d915 ] Request (MigrationsAdminTest:test_list_migrations_in_flavor_resize_situation): 200 GET http://10.180.1.21/compute/v2.1/servers/be8e4b49-7ec4-4f68-9d38-e6661c170d4c 0.100s
2025-04-10 02:04:29.910 70400 INFO tempest.lib.common.rest_client [req-7c1849d2-4dd1-4f21-8e08-a519312f25f0 req-7c1849d2-4dd1-4f21-8e08-a519312f25f0 ] Request (ImagesNegativeTestJSON:test_create_image_from_deleted_server): 200 GET http://10.180.1.21/compute/v2.1/servers/5130576c-6629-46c6-b499-2ef2032fb2e2 0.093s
2025-04-10 02:04:29.910 70352 INFO tempest.lib.common.rest_client [req-e128e72a-cbbd-4945-b4c1-1888fafacdda req-e128e72a-cbbd-4945-b4c1-1888fafacdda ] Request (FloatingIPsAssociationNegativeTestJSON:tearDownClass): 200 GET http://10.180.1.21/compute/v2.1/servers/ae2a80f2-a9e7-483e-b936-d0e76951acca 0.088s
2025-04-10 02:04:29.976 70406 INFO tempest.lib.common.rest_client [req-42101b9c-31f4-4885-8af9-8cb707ea8848 req-42101b9c-31f4-4885-8af9-8cb707ea8848 ] Request (ServersListShow298Test:test_list_show_update_rebuild_server_298): 200 GET http://10.180.1.21/compute/v2.1/servers/b73ffadc-937c-4f86-97f9-3a2c72bd6681 0.057s
2025-04-10 02:04:30.023 70384 INFO tempest.lib.common.rest_client [req-ce90909a-3b06-4d56-b3ca-9adffc7aead2 req-ce90909a-3b06-4d56-b3ca-9adffc7aead2 ] Request (FloatingIPsAssociationTestJSON:test_associate_already_associated_floating_ip): 200 GET http://10.180.1.21/compute/v2.1/servers/84486f15-d52a-47b9-965d-7ae1723c7933 0.091s
2025-04-10 02:04:30.080 70350 INFO tempest.lib.common.rest_client [req-fdbaca4b-a391-4e68-b1ce-d278a164a561 req-fdbaca4b-a391-4e68-b1ce-d278a164a561 ] Request (AttachInterfacesUnderV243Test:test_add_remove_fixed_ip): 200 GET http://10.180.1.21/compute/v2.1/servers/e0731a89-6bdc-4ff7-b420-7014c7e01bb1 0.112s
2025-04-10 02:04:30.128 70398 INFO tempest.lib.common.rest_client [req-bd5eec56-bad0-478f-b841-37200a7e02d5 req-bd5eec56-bad0-478f-b841-37200a7e02d5 ] Request (AttachVolumeTestJSON:test_attach_detach_volume): 200 GET http://10.180.1.21/compute/v2.1/servers/749a01fa-ab81-4fb6-b06d-3c5de75e854f 0.141s
2025-04-10 02:04:30.165 70360 INFO tempest.lib.common.rest_client [req-643de072-27f6-41d8-80e8-c06f46b20486 req-643de072-27f6-41d8-80e8-c06f46b20486 ] Request (ImagesTestJSON:test_create_image_from_suspended_server): 200 GET http://10.180.1.21/compute/v2.1/servers/d14e18d1-d750-48a7-9f1e-0353a8e2614f 0.284s
