2025-04-10 02:03:50.366 70362 INFO tempest.lib.common.rest_client [req-042c5333-6e1e-49b7-9fcd-dd9a51ae51e1 req-042c5333-6e1e-49b7-9fcd-dd9a51ae51e1 ] Request (ListServerFiltersTestJSON:setUpClass): 201 POST http://10.180.1.21/identity/v3/auth/tokens 0.123s
2025-04-10 02:03:50.366 70362 INFO tempest.lib.common.fixed_network [-] (ListServerFiltersTestJSON:setUpClass) Found network {'id': '9d3faa15-c4e9-4574-b1f0-59a90e616837', 'name': 'tempest-ListServerFiltersTestJSON-174037299-network', 'tenant_id': '8f43cccfe1d4467daad16f049cd55344', 'admin_state_up': True, 'mtu': 8950, 'status': 'ACTIVE', 'subnets': [], 'shared': False, 'project_id': '8f43cccfe1d4467daad16f049cd55344', 'port_security_enabled': True, 'router:external': False, 'provider:network_type': 'vlan', 'provider:physical_network': 'default', 'provider:segmentation_id': 353, 'availability_zone_hints': [], 'availability_zones': [], 'ipv4_address_scope': None, 'ipv6_address_scope': None, 'description': '', 'tags': [], 'created_at': '2025-04-10T02:03:48Z', 'updated_at': '2025-04-10T02:03:48Z', 'revision_number': 1} available for tenant
2025-04-10 02:03:50.386 70388 INFO tempest.lib.common.rest_client [req-8ddea3f7-19be-4f66-ac32-9444569f78ae req-8ddea3f7-19be-4f66-ac32-9444569f78ae ] Request (ServersWithSpecificFlavorTestJSON:test_verify_created_server_ephemeral_disk): 200 GET http://10.180.1.21/compute/v2.1/servers/9bc87891-a0b0-476c-9b01-2af595626fc1 1.169s
2025-04-10 02:03:50.491 70382 INFO tempest.lib.common.rest_client [req-90401169-e81b-4029-b290-ecf1219989e7 req-90401169-e81b-4029-b290-ecf1219989e7 ] Request (AttachInterfacesV270Test:tearDownClass): 200 GET http://10.180.1.21/compute/v2.1/servers/aacc4480-7da7-4f78-b91e-301849461117 1.185s
2025-04-10 02:03:50.548 70380 INFO tempest.lib.common.rest_client [req-78762fc6-713e-4672-942d-dc6b5b3c7719 req-78762fc6-713e-4672-942d-dc6b5b3c7719 ] Request (ServersTestFqdnHostnames:test_create_server_with_fqdn_name): 200 GET http://10.180.1.21/compute/v2.1/servers/baca8852-4ff7-4dce-be80-967406c7fbaa 1.177s
2025-04-10 02:03:50.558 70366 INFO tempest.lib.common.rest_client [req-4ab4cf02-187d-4529-a91e-6a5739348fe2 req-4ab4cf02-187d-4529-a91e-6a5739348fe2 ] Request (QuotasAdminNegativeTest:test_update_quota_normal_user): 403 PUT http://10.180.1.21/compute/v2.1/os-quota-sets/958b5f2bd01641188143b89f04e3a109 1.136s
2025-04-10 02:03:50.586 70394 INFO tempest.lib.common.rest_client [req-b5cacaf1-1962-4df9-9d0e-31441990f1bc req-b5cacaf1-1962-4df9-9d0e-31441990f1bc ] Request (AggregatesAdminNegativeTestJSON:test_aggregate_remove_host_as_user): 200 POST http://10.180.1.21/compute/v2.1/os-aggregates 1.010s
2025-04-10 02:03:50.591 70369 INFO tempest.lib.common.rest_client [req-ae37a57a-b15b-4bc0-8d33-6142bd6cf831 req-ae37a57a-b15b-4bc0-8d33-6142bd6cf831 ] Request (ListImageFiltersTestJSON:setUpClass): 202 POST http://10.180.1.21/compute/v2.1/servers 1.357s
2025-04-10 02:03:50.676 70398 INFO tempest.lib.common.rest_client [req-ebb9247f-e1f7-42ae-9414-1c7d64b32e3a req-ebb9247f-e1f7-42ae-9414-1c7d64b32e3a ] Request (ServersAaction247Test:tearDownClass): 200 GET http://10.180.1.21/compute/v2.1/servers/1116812f-ace2-496e-9afe-8017022b38fd 0.971s
2025-04-10 02:03:50.683 70378 INFO tempest.lib.common.rest_client [req-40d07a3a-47a6-435b-a0e8-e393d8e38234 req-40d07a3a-47a6-435b-a0e8-e393d8e38234 ] Request (AttachInterfacesTestJSON:setUpClass): 200 PUT http://10.180.1.21:9696/networking/v2.0/routers/ca9556e9-5c67-4e4b-b0bc-a3d7eb0f8b77/add_router_interface 1.481s
2025-04-10 02:03:50.683 70378 INFO tempest.lib.common.dynamic_creds [-] Created isolated network resources for: credentials: Credentials: {'domain_id': 'default', 'domain_name': 'Default', 'username': 'tempest-AttachInterfacesTestJSON-618067327-project-member', 'project_domain_id': 'default', 'project_domain_name': 'Default', 'project_id': '0f9cbb489333479fab1b42316092330d', 'project_name': 'tempest-AttachInterfacesTestJSON-618067327', 'tenant_id': '0f9cbb489333479fab1b42316092330d', 'tenant_name': 'tempest-AttachInterfacesTestJSON-618067327', 'user_domain_id': 'default', 'user_domain_name': 'Default', 'user_id': '71cbb12f8ff74ecfba062128d1990ee7', 'system': None}, Network: {'id': 'd6c4f7b3-a423-4de9-86dd-e0d08876435a', 'name': 'tempest-AttachInterfacesTestJSON-183494291-network', 'tenant_id': '0f9cbb489333479fab1b42316092330d', 'admin_state_up': True, 'mtu': 8950, 'status': 'ACTIVE', 'subnets': [], 'shared': False, 'project_id': '0f9cbb489333479fab1b42316092330d', 'port_security_enabled': True, 'router:external': False, 'provider:network_type': 'vlan', 'provider:physical_network': 'default', 'provider:segmentation_id': 210, 'availability_zone_hints': [], 'availability_zones': [], 'ipv4_address_scope': None, 'ipv6_address_scope': None, 'description': '', 'tags': [], 'created_at': '2025-04-10T02:03:46Z', 'updated_at': '2025-04-10T02:03:46Z', 'revision_number': 1}, Subnet: {'id': '15ca87b4-f0c5-49cb-93b7-297be1c434c2', 'name': 'tempest-AttachInterfacesTestJSON-183494291-subnet', 'tenant_id': '0f9cbb489333479fab1b42316092330d', 'network_id': 'd6c4f7b3-a423-4de9-86dd-e0d08876435a', 'ip_version': 4, 'subnetpool_id': None, 'enable_dhcp': True, 'ipv6_ra_mode': None, 'ipv6_address_mode': None, 'gateway_ip': '192.168.128.1', 'cidr': '192.168.128.0/28', 'allocation_pools': [{'start': '192.168.128.2', 'end': '192.168.128.14'}], 'host_routes': [], 'dns_nameservers': [], 'description': '', 'router:external': False, 'service_types': [], 'tags': [], 'created_at': '2025-04-10T02:03:46Z', 'updated_at': '2025-04-10T02:03:46Z', 'revision_number': 0, 'project_id': '0f9cbb489333479fab1b42316092330d'}, Router: {'id': 'ca9556e9-5c67-4e4b-b0bc-a3d7eb0f8b77', 'name': 'tempest-AttachInterfacesTestJSON-183494291-router', 'tenant_id': '0f9cbb489333479fab1b42316092330d', 'admin_state_up': True, 'status': 'ACTIVE', 'external_gateway_info': {'network_id': '7ee98892-28a4-4fa4-8a89-c253d85950b5', 'external_fixed_ips': [{'subnet_id': '202fd6de-b206-47b2-b7a6-5ffc8901412e', 'ip_address': '10.180.180.217'}], 'enable_snat': True}, 'description': '', 'availability_zones': [], 'distributed': False, 'ha': False, 'availability_zone_hints': [], 'routes': [], 'flavor_id': None, 'tags': [], 'created_at': '2025-04-10T02:03:46Z', 'updated_at': '2025-04-10T02:03:47Z', 'revision_number': 2, 'project_id': '0f9cbb489333479fab1b42316092330d'}
2025-04-10 02:03:50.736 70384 INFO tempest.lib.common.rest_client [req-9c01de13-f039-4cbc-8321-dbb78ef4bd79 req-9c01de13-f039-4cbc-8321-dbb78ef4bd79 ] Request (FloatingIPsAssociationTestJSON:setUpClass): 200 GET http://10.180.1.21/compute/v2.1/servers/65b0f9cd-18eb-46f0-8bc5-2cd17ecdaf9d 0.969s
2025-04-10 02:03:50.742 70366 INFO tempest.lib.common.rest_client [req-901480f5-5e9f-42ee-9a18-f30485826051 req-901480f5-5e9f-42ee-9a18-f30485826051 ] Request (QuotasAdminNegativeTest:tearDownClass): 204 DELETE http://10.180.1.21/identity/v3/users/60af9a8a78fe4ac782f5cbfee3983625 0.182s
2025-04-10 02:03:50.780 70354 INFO tempest.lib.common.rest_client [req-94ab10d4-b15b-4113-88e7-54ce32573343 req-94ab10d4-b15b-4113-88e7-54ce32573343 ] Request (ImagesOneServerTestJSON:setUpClass): 200 GET http://10.180.1.21/compute/v2.1/servers/ef383f1b-7bd5-4909-85d5-ce6c855f4bbf 1.167s
2025-04-10 02:03:50.790 70396 INFO tempest.lib.common.rest_client [req-7bca3b08-9d69-4921-8879-95b1e6ef5053 req-7bca3b08-9d69-4921-8879-95b1e6ef5053 ] Request (AttachVolumeShelveTestJSON:test_attach_volume_shelved_or_offload_server): 200 GET http://10.180.1.21/compute/v2.1/servers/e455f174-991f-4a38-8f11-04210c8dcb5c 0.969s
2025-04-10 02:03:50.801 70378 INFO tempest.lib.common.rest_client [req-266b3b91-f250-4c43-81bd-52f524411cc4 req-266b3b91-f250-4c43-81bd-52f524411cc4 ] Request (AttachInterfacesTestJSON:setUpClass): 201 POST http://10.180.1.21/identity/v3/auth/tokens 0.112s
2025-04-10 02:03:50.860 70348 INFO tempest.lib.common.rest_client [req-3f380b09-bfae-4c8c-8838-8cc5bd292838 req-3f380b09-bfae-4c8c-8838-8cc5bd292838 ] Request (ServersAdminNegativeTestJSON:test_migrate_server_invalid_state): 200 GET http://10.180.1.21/compute/v2.1/servers/0fcf7d98-d7fd-4cdf-b8db-e58d95d26fe3 0.923s
2025-04-10 02:03:50.884 70387 INFO tempest.lib.common.rest_client [req-1dedd252-1c87-43b6-9cdc-2cdb30c2b151 req-1dedd252-1c87-43b6-9cdc-2cdb30c2b151 ] Request (ServerExternalEventsTest:tearDownClass): 200 GET http://10.180.1.21/compute/v2.1/servers/c257268c-1cb1-4df7-ab60-05177d7b5810 0.989s
2025-04-10 02:03:50.897 70387 INFO tempest.common.waiters [-] State transition "ACTIVE/deleting" ==> "DELETED/None" after 4 second wait
2025-04-10 02:03:50.923 70366 INFO tempest.lib.common.rest_client [req-1ccb014c-39a7-4cbd-b0e1-dafb53fd3810 req-1ccb014c-39a7-4cbd-b0e1-dafb53fd3810 ] Request (QuotasAdminNegativeTest:tearDownClass): 204 DELETE http://10.180.1.21/identity/v3/users/efd0a4ae93444ace89ab33841577f829 0.180s
2025-04-10 02:03:50.924 70366 INFO tempest.lib.common.dynamic_creds [-] Deleting project and security group for project: 958b5f2bd01641188143b89f04e3a109
2025-04-10 02:03:50.937 70408 INFO tempest.lib.common.rest_client [req-dd2bc6b1-90de-4fc3-8150-873553da2314 req-dd2bc6b1-90de-4fc3-8150-873553da2314 ] Request (VolumesAdminNegativeTest:test_update_attached_volume_with_nonexistent_volume_in_body): 200 GET http://10.180.1.21/compute/v2.1/servers/f42aff2b-e496-461d-914d-133f785354df 0.887s
2025-04-10 02:03:50.999 70366 INFO tempest.lib.common.rest_client [req-178d500a-0a18-4f96-8585-455a12d1cf9c req-178d500a-0a18-4f96-8585-455a12d1cf9c ] Request (QuotasAdminNegativeTest:tearDownClass): 201 POST http://10.180.1.21/identity/v3/auth/tokens 0.074s
2025-04-10 02:03:51.077 70356 INFO tempest.lib.common.rest_client [req-6250ec24-513b-4e0a-bff0-ed0e4581b3e7 req-6250ec24-513b-4e0a-bff0-ed0e4581b3e7 ] Request (SecurityGroupRulesTestJSON:tearDownClass): 202 DELETE http://10.180.1.21/compute/v2.1/os-security-groups/7727eb00-9dd9-457b-9a85-02d88dafec2f 0.951s
2025-04-10 02:03:51.085 70376 INFO tempest.lib.common.rest_client [req-b802ef98-08d1-4c2b-aa62-3aaa9477d0c0 req-b802ef98-08d1-4c2b-aa62-3aaa9477d0c0 ] Request (QuotasAdminTestJSON:test_delete_quota): 200 GET http://10.180.1.21/compute/v2.1/os-quota-sets/faebbd6f5aca4f4d8bfe37c5de9cf5af 1.001s
2025-04-10 02:03:51.100 70390 INFO tempest.lib.common.rest_client [req-054770cf-45e1-430c-b7e9-110f1f420102 req-054770cf-45e1-430c-b7e9-110f1f420102 ] Request (FlavorsAdminTestJSON:test_is_public_string_variations): 200 GET http://10.180.1.21/compute/v2.1/flavors/detail?is_public=no 0.938s
2025-04-10 02:03:51.107 70346 INFO tempest.lib.common.rest_client [req-da142d81-9d25-4f30-82ee-892068314018 req-da142d81-9d25-4f30-82ee-892068314018 ] Request (FlavorsV2TestJSON:test_list_flavors_using_marker): 200 GET http://10.180.1.21/compute/v2.1/flavors?marker=42 0.958s
2025-04-10 02:03:51.181 70350 INFO tempest.lib.common.rest_client [req-425685ef-db91-4fea-852d-63407707d93b req-425685ef-db91-4fea-852d-63407707d93b ] Request (AttachInterfacesUnderV243Test:test_add_remove_fixed_ip): 200 GET http://10.180.1.21/compute/v2.1/servers/e0731a89-6bdc-4ff7-b420-7014c7e01bb1 1.013s
2025-04-10 02:03:51.275 70366 INFO tempest.lib.common.rest_client [req-c529fed4-7ba0-4355-916f-3e5bf75bc4bf req-c529fed4-7ba0-4355-916f-3e5bf75bc4bf ] Request (QuotasAdminNegativeTest:tearDownClass): 200 GET http://10.180.1.21:9696/networking/v2.0/security-groups?tenant_id=958b5f2bd01641188143b89f04e3a109&name=default 0.275s
2025-04-10 02:03:51.295 70370 INFO tempest.lib.common.rest_client [req-896d9699-90ed-4468-bfda-110ef331e583 req-896d9699-90ed-4468-bfda-110ef331e583 ] Request (DeleteServersAdminTestJSON:test_admin_delete_servers_of_others): 200 GET http://10.180.1.21/compute/v2.1/servers/a1a8065f-578e-4e9a-9f61-f0009f0521c1 1.017s
2025-04-10 02:03:51.400 70366 INFO tempest.lib.common.rest_client [req-3f021e7e-27ec-47ca-9cd7-9e0b887b9c97 req-3f021e7e-27ec-47ca-9cd7-9e0b887b9c97 ] Request (QuotasAdminNegativeTest:tearDownClass): 204 DELETE http://10.180.1.21:9696/networking/v2.0/security-groups/d2eb3581-cca6-4048-9153-c899bdf66057 0.121s
2025-04-10 02:03:51.482 70366 INFO tempest.lib.common.rest_client [req-e4e0e411-fb25-4c2d-af2f-e7766ec21e09 req-e4e0e411-fb25-4c2d-af2f-e7766ec21e09 ] Request (QuotasAdminNegativeTest:tearDownClass): 204 DELETE http://10.180.1.21/identity/v3/projects/958b5f2bd01641188143b89f04e3a109 0.082s
2025-04-10 02:03:51.483 70366 INFO tempest.lib.common.dynamic_creds [-] Deleting project and security group for project: da55ac516be24bedab423a4fbacb5407
2025-04-10 02:03:51.600 70366 INFO tempest.lib.common.rest_client [req-db169fcb-8097-4553-823d-8686ca158fc0 req-db169fcb-8097-4553-823d-8686ca158fc0 ] Request (QuotasAdminNegativeTest:tearDownClass): 200 GET http://10.180.1.21:9696/networking/v2.0/security-groups?tenant_id=da55ac516be24bedab423a4fbacb5407&name=default 0.116s
2025-04-10 02:03:51.683 70366 INFO tempest.lib.common.rest_client [req-9ccc5ac3-95cd-44fe-bfb3-0af89a49d6a2 req-9ccc5ac3-95cd-44fe-bfb3-0af89a49d6a2 ] Request (QuotasAdminNegativeTest:tearDownClass): 204 DELETE http://10.180.1.21:9696/networking/v2.0/security-groups/1f9687e7-687d-48f0-b78b-13d4642f42a4 0.083s
2025-04-10 02:03:51.738 70358 INFO tempest.lib.common.rest_client [req-a63e6436-539c-4dee-ad7b-52a0b264a69e req-a63e6436-539c-4dee-ad7b-52a0b264a69e ] Request (ServerDiagnosticsV248Test:test_get_server_diagnostics): 200 GET http://10.180.1.21/compute/v2.1/servers/508b4de1-7ae5-4afc-a838-ccf921eb71e7/diagnostics 1.498s
2025-04-10 02:03:51.811 70362 INFO tempest.lib.common.rest_client [req-8d5ec6c6-7a5d-4801-9524-b00c25dfe7c8 req-8d5ec6c6-7a5d-4801-9524-b00c25dfe7c8 ] Request (ListServerFiltersTestJSON:setUpClass): 202 POST http://10.180.1.21/compute/v2.1/servers 1.444s
2025-04-10 02:03:51.822 70366 INFO tempest.lib.common.rest_client [req-abc71717-3bb4-418f-ac18-899e651be2c0 req-abc71717-3bb4-418f-ac18-899e651be2c0 ] Request (QuotasAdminNegativeTest:tearDownClass): 204 DELETE http://10.180.1.21/identity/v3/projects/da55ac516be24bedab423a4fbacb5407 0.138s
2025-04-10 02:03:51.823 70366 INFO tempest.test [-] raised in TestVolumeSwap.setUpClass. Invoking tearDownClass.
2025-04-10 02:03:51.885 70352 INFO tempest.lib.common.rest_client [req-aaa152b0-6ff3-489f-8d2b-0df5d87c27cc req-aaa152b0-6ff3-489f-8d2b-0df5d87c27cc ] Request (FloatingIPsAssociationNegativeTestJSON:setUpClass): 200 GET http://10.180.1.21/compute/v2.1/servers/ae2a80f2-a9e7-483e-b936-d0e76951acca 1.352s
2025-04-10 02:03:51.902 70366 INFO tempest.lib.common.rest_client [req-8b967779-39cc-4777-ac3b-fe2745c6a128 req-8b967779-39cc-4777-ac3b-fe2745c6a128 ] Request (AbsoluteLimitsNegativeTestJSON:setUpClass): 201 POST http://10.180.1.21/identity/v3/auth/tokens 0.075s
2025-04-10 02:03:51.925 70362 INFO tempest.lib.common.rest_client [req-b7c1817f-8bc3-4f43-aade-8563ab6fe7ec req-b7c1817f-8bc3-4f43-aade-8563ab6fe7ec ] Request (ListServerFiltersTestJSON:setUpClass): 201 POST http://10.180.1.21/identity/v3/auth/tokens 0.109s
2025-04-10 02:03:51.925 70362 INFO tempest.lib.common.fixed_network [-] (ListServerFiltersTestJSON:setUpClass) Found network {'id': '9d3faa15-c4e9-4574-b1f0-59a90e616837', 'name': 'tempest-ListServerFiltersTestJSON-174037299-network', 'tenant_id': '8f43cccfe1d4467daad16f049cd55344', 'admin_state_up': True, 'mtu': 8950, 'status': 'ACTIVE', 'subnets': [], 'shared': False, 'project_id': '8f43cccfe1d4467daad16f049cd55344', 'port_security_enabled': True, 'router:external': False, 'provider:network_type': 'vlan', 'provider:physical_network': 'default', 'provider:segmentation_id': 353, 'availability_zone_hints': [], 'availability_zones': [], 'ipv4_address_scope': None, 'ipv6_address_scope': None, 'description': '', 'tags': [], 'created_at': '2025-04-10T02:03:48Z', 'updated_at': '2025-04-10T02:03:48Z', 'revision_number': 1} available for tenant
2025-04-10 02:03:51.943 70404 INFO tempest.lib.common.rest_client [req-0c1c31a6-642b-4401-8c54-71073eda6e56 req-0c1c31a6-642b-4401-8c54-71073eda6e56 ] Request (ServersTestMultiNic:test_verify_duplicate_network_nics): 200 GET http://10.180.1.21/compute/v2.1/servers/bbb5cef4-d5a6-4236-be57-be7d4a1b0f61 1.488s
2025-04-10 02:03:51.952 70404 INFO tempest.common.waiters [-] State transition "BUILD/spawning" ==> "ACTIVE/None" after 35 second wait
2025-04-10 02:03:51.957 70366 INFO tempest.lib.common.rest_client [req-740d5067-d1a6-42e8-9714-90b1fd801e2e req-740d5067-d1a6-42e8-9714-90b1fd801e2e ] Request (AbsoluteLimitsNegativeTestJSON:setUpClass): 201 POST http://10.180.1.21/identity/v3/auth/tokens 0.049s
2025-04-10 02:03:51.964 70406 INFO tempest.lib.common.rest_client [req-d6279534-972e-43fa-88af-b2777e9887ed req-d6279534-972e-43fa-88af-b2777e9887ed ] Request (TenantUsagesTestJSON:tearDownClass): 200 GET http://10.180.1.21/compute/v2.1/servers/b4d27df8-07c5-4e47-8215-4dc60c6b51c2 1.394s
2025-04-10 02:03:51.998 70366 INFO tempest.lib.common.rest_client [req-054a9e88-b53a-45c1-8bb4-51f1bb655fdc req-054a9e88-b53a-45c1-8bb4-51f1bb655fdc ] Request (AbsoluteLimitsNegativeTestJSON:setUpClass): 200 GET http://10.180.1.21/identity/v3/domains?name=Default 0.041s
2025-04-10 02:03:52.022 70369 INFO tempest.lib.common.rest_client [req-836b20bb-48ed-4535-97f9-4998b8d68e43 req-836b20bb-48ed-4535-97f9-4998b8d68e43 ] Request (ListImageFiltersTestJSON:setUpClass): 200 GET http://10.180.1.21/compute/v2.1/servers/bdf80469-18c5-4417-9f0c-17266c9f842f 1.429s
2025-04-10 02:03:52.037 70366 INFO tempest.lib.common.rest_client [req-950f53a2-2509-4b0b-ab7c-d39cb6a4ca7e req-950f53a2-2509-4b0b-ab7c-d39cb6a4ca7e ] Request (AbsoluteLimitsNegativeTestJSON:setUpClass): 201 POST http://10.180.1.21/identity/v3/projects 0.037s
2025-04-10 02:03:52.080 70364 INFO tempest.lib.common.rest_client [req-937488e8-5300-4c25-acbb-4d1e672f08a9 req-937488e8-5300-4c25-acbb-4d1e672f08a9 ] Request (ListServersNegativeTestJSON:setUpClass): 200 GET http://10.180.1.21/compute/v2.1/servers/79fd61dd-972d-4b64-84df-5e4307a3af44 1.420s
2025-04-10 02:03:52.084 70394 INFO tempest.lib.common.rest_client [req-cfc05096-d50b-40e6-a561-a68cdd20de02 req-cfc05096-d50b-40e6-a561-a68cdd20de02 ] Request (AggregatesAdminNegativeTestJSON:test_aggregate_remove_host_as_user): 200 POST http://10.180.1.21/compute/v2.1/os-aggregates/7/action 1.494s
2025-04-10 02:03:52.121 70366 INFO tempest.lib.common.rest_client [req-8c85f9ef-b7f5-4b2b-aab7-67b20b639f79 req-8c85f9ef-b7f5-4b2b-aab7-67b20b639f79 ] Request (AbsoluteLimitsNegativeTestJSON:setUpClass): 201 POST http://10.180.1.21/identity/v3/users 0.083s
2025-04-10 02:03:52.150 70366 INFO tempest.lib.common.rest_client [req-25844995-0862-492e-8e4c-55e232b56fcf req-25844995-0862-492e-8e4c-55e232b56fcf ] Request (AbsoluteLimitsNegativeTestJSON:setUpClass): 200 GET http://10.180.1.21/identity/v3/roles 0.028s
2025-04-10 02:03:52.192 70366 INFO tempest.lib.common.rest_client [req-a9f33c3e-cd3b-4f5a-9c74-86f2ced141cd req-a9f33c3e-cd3b-4f5a-9c74-86f2ced141cd ] Request (AbsoluteLimitsNegativeTestJSON:setUpClass): 204 PUT http://10.180.1.21/identity/v3/projects/26cfdadbdd314eb79f3c326e1fd673cb/users/ad16ad6c4ce64a38b2782a26d2006f9f/roles/90252ce83b3e49aaba28bd7d568b3e86 0.041s
2025-04-10 02:03:52.193 70366 INFO tempest.lib.common.dynamic_creds [-] Dynamic test user ad16ad6c4ce64a38b2782a26d2006f9f is created with scope project and roles: ['member']
2025-04-10 02:03:52.193 70366 INFO tempest.lib.common.dynamic_creds [-] Acquired dynamic creds: credentials: Credentials: {'domain_id': 'default', 'domain_name': 'Default', 'username': 'tempest-AbsoluteLimitsNegativeTestJSON-1095796166-project-member', 'project_domain_id': 'default', 'project_domain_name': 'Default', 'project_id': '26cfdadbdd314eb79f3c326e1fd673cb', 'project_name': 'tempest-AbsoluteLimitsNegativeTestJSON-1095796166', 'tenant_id': '26cfdadbdd314eb79f3c326e1fd673cb', 'tenant_name': 'tempest-AbsoluteLimitsNegativeTestJSON-1095796166', 'user_domain_id': 'default', 'user_domain_name': 'Default', 'user_id': 'ad16ad6c4ce64a38b2782a26d2006f9f', 'system': None}, Network: None, Subnet: None, Router: None
2025-04-10 02:03:52.193 70366 INFO tempest.lib.common.dynamic_creds [-] Created isolated network resources for: credentials: Credentials: {'domain_id': 'default', 'domain_name': 'Default', 'username': 'tempest-AbsoluteLimitsNegativeTestJSON-1095796166-project-member', 'project_domain_id': 'default', 'project_domain_name': 'Default', 'project_id': '26cfdadbdd314eb79f3c326e1fd673cb', 'project_name': 'tempest-AbsoluteLimitsNegativeTestJSON-1095796166', 'tenant_id': '26cfdadbdd314eb79f3c326e1fd673cb', 'tenant_name': 'tempest-AbsoluteLimitsNegativeTestJSON-1095796166', 'user_domain_id': 'default', 'user_domain_name': 'Default', 'user_id': 'ad16ad6c4ce64a38b2782a26d2006f9f', 'system': None}, Network: None, Subnet: None, Router: None
2025-04-10 02:03:52.243 70392 INFO tempest.lib.common.rest_client [req-a5e053d5-367e-470d-b6ee-173371eec42e req-a5e053d5-367e-470d-b6ee-173371eec42e ] Request (MigrationsAdminTest:test_list_migrations_in_flavor_resize_situation): 200 GET http://10.180.1.21/compute/v2.1/servers/be8e4b49-7ec4-4f68-9d38-e6661c170d4c 1.516s
2025-04-10 02:03:52.253 70378 INFO tempest.lib.common.rest_client [req-fa14a1d5-db24-44d8-bce1-24170f0afb51 req-fa14a1d5-db24-44d8-bce1-24170f0afb51 ] Request (ValidationResourcesFixture:setUp): 200 POST http://10.180.1.21/compute/v2.1/os-keypairs 1.447s
2025-04-10 02:03:52.285 70366 INFO tempest.lib.common.rest_client [req-ad88655c-eb31-4f03-aa1e-1d5f33ffea0b req-ad88655c-eb31-4f03-aa1e-1d5f33ffea0b ] Request (AbsoluteLimitsNegativeTestJSON:setUpClass): 201 POST http://10.180.1.21/identity/v3/auth/tokens 0.088s
2025-04-10 02:03:52.378 70374 INFO tempest.lib.common.rest_client [req-c13674d4-42e5-466b-834e-59a8decad0c8 req-c13674d4-42e5-466b-834e-59a8decad0c8 ] Request (ServerDiagnosticsNegativeTest:test_get_server_diagnostics_by_non_admin): 200 GET http://10.180.1.21/compute/v2.1/servers/05993736-9581-47d5-b4b2-ccc241426599 1.518s
2025-04-10 02:03:52.397 70400 INFO tempest.lib.common.rest_client [req-ef10a266-c818-4dcc-8766-50c04877ebac req-ef10a266-c818-4dcc-8766-50c04877ebac ] Request (ImagesNegativeTestJSON:test_create_image_from_deleted_server): 200 GET http://10.180.1.21/compute/v2.1/servers/5130576c-6629-46c6-b499-2ef2032fb2e2 1.455s
2025-04-10 02:03:52.408 70400 INFO tempest.common.waiters [-] State transition "BUILD/None" ==> "BUILD/spawning" after 20 second wait
2025-04-10 02:03:52.456 70378 INFO tempest.lib.common.rest_client [req-09055351-1a23-4808-9719-db4f05751508 req-09055351-1a23-4808-9719-db4f05751508 ] Request (ValidationResourcesFixture:setUp): 201 POST http://10.180.1.21:9696/networking/v2.0/security-groups 0.200s
2025-04-10 02:03:52.541 70356 INFO tempest.lib.common.rest_client [req-b3796213-ff37-422d-b4e2-b1bfc0346272 req-b3796213-ff37-422d-b4e2-b1bfc0346272 ] Request (SecurityGroupRulesTestJSON:tearDownClass): 202 DELETE http://10.180.1.21/compute/v2.1/os-security-groups/221f658c-b900-482b-b3ca-a27da2da08f5 1.464s
2025-04-10 02:03:52.558 70390 INFO tempest.lib.common.rest_client [req-468ae1c6-6b6f-4e34-8b17-d56626385dda req-468ae1c6-6b6f-4e34-8b17-d56626385dda ] Request (FlavorsAdminTestJSON:test_is_public_string_variations): 200 GET http://10.180.1.21/compute/v2.1/flavors/detail?is_public=0 1.455s
2025-04-10 02:03:52.588 70346 INFO tempest.lib.common.rest_client [req-b7550ebc-ba6c-437b-9bb1-3d0039ce3598 req-b7550ebc-ba6c-437b-9bb1-3d0039ce3598 ] Request (FlavorsV2TestJSON:test_list_flavors_with_detail): 200 GET http://10.180.1.21/compute/v2.1/flavors/detail 1.477s
2025-04-10 02:03:52.589 70378 INFO tempest.lib.common.rest_client [req-677a1739-86d9-45a3-828f-806b5089fb6f req-677a1739-86d9-45a3-828f-806b5089fb6f ] Request (ValidationResourcesFixture:setUp): 201 POST http://10.180.1.21:9696/networking/v2.0/security-group-rules 0.132s
2025-04-10 02:03:52.606 70376 INFO tempest.lib.common.rest_client [req-bf992845-7737-49aa-b23b-a86eebf9a0bc req-bf992845-7737-49aa-b23b-a86eebf9a0bc ] Request (QuotasAdminTestJSON:test_delete_quota): 200 PUT http://10.180.1.21/compute/v2.1/os-quota-sets/faebbd6f5aca4f4d8bfe37c5de9cf5af 1.518s
2025-04-10 02:03:52.631 70360 INFO tempest.lib.common.rest_client [req-573c8579-a2a7-4db4-820f-cd379e3269e9 req-573c8579-a2a7-4db4-820f-cd379e3269e9 ] Request (ImagesTestJSON:test_create_image_from_stopped_server): 200 GET http://10.180.1.21/compute/v2.1/images/e9d2db52-9e43-4390-9646-560f287defba 1.344s
2025-04-10 02:03:52.692 70382 INFO tempest.lib.common.rest_client [req-5712a05e-772e-416a-8ead-f9a3e1643375 req-5712a05e-772e-416a-8ead-f9a3e1643375 ] Request (AttachInterfacesV270Test:tearDownClass): 200 GET http://10.180.1.21/compute/v2.1/servers/aacc4480-7da7-4f78-b91e-301849461117 1.191s
2025-04-10 02:03:52.693 70378 INFO tempest.lib.common.rest_client [req-900c8bef-c09a-4de7-9654-114a3d5b34bb req-900c8bef-c09a-4de7-9654-114a3d5b34bb ] Request (ValidationResourcesFixture:setUp): 201 POST http://10.180.1.21:9696/networking/v2.0/security-group-rules 0.104s
2025-04-10 02:03:52.742 70388 INFO tempest.lib.common.rest_client [req-1d33ce09-b9cf-441d-b2f8-0b161f037fc0 req-1d33ce09-b9cf-441d-b2f8-0b161f037fc0 ] Request (ServersWithSpecificFlavorTestJSON:test_verify_created_server_ephemeral_disk): 200 GET http://10.180.1.21/compute/v2.1/servers/9bc87891-a0b0-476c-9b01-2af595626fc1 1.343s
2025-04-10 02:03:52.757 70380 INFO tempest.lib.common.rest_client [req-5149c6cb-48bb-4ee2-b415-e6d3e2b6cdc2 req-5149c6cb-48bb-4ee2-b415-e6d3e2b6cdc2 ] Request (ServersTestFqdnHostnames:test_create_server_with_fqdn_name): 200 GET http://10.180.1.21/compute/v2.1/servers/baca8852-4ff7-4dce-be80-967406c7fbaa 1.200s
2025-04-10 02:03:52.766 70380 INFO tempest.common.waiters [-] State transition "BUILD/scheduling" ==> "BUILD/None" after 6 second wait
2025-04-10 02:03:52.809 70398 INFO tempest.lib.common.rest_client [req-832a1473-3a4a-415c-b882-79032676fe70 req-832a1473-3a4a-415c-b882-79032676fe70 ] Request (ServersAaction247Test:tearDownClass): 200 GET http://10.180.1.21/compute/v2.1/servers/1116812f-ace2-496e-9afe-8017022b38fd 1.119s
2025-04-10 02:03:52.823 70384 INFO tempest.lib.common.rest_client [req-ae1f2454-933d-4847-a5fb-bb06f2b3b936 req-ae1f2454-933d-4847-a5fb-bb06f2b3b936 ] Request (FloatingIPsAssociationTestJSON:setUpClass): 200 GET http://10.180.1.21/compute/v2.1/servers/65b0f9cd-18eb-46f0-8bc5-2cd17ecdaf9d 1.075s
2025-04-10 02:03:52.879 70396 INFO tempest.lib.common.rest_client [req-5730132f-236e-4b69-a576-04bf304e4ec4 req-5730132f-236e-4b69-a576-04bf304e4ec4 ] Request (AttachVolumeShelveTestJSON:test_attach_volume_shelved_or_offload_server): 200 GET http://10.180.1.21/compute/v2.1/servers/e455f174-991f-4a38-8f11-04210c8dcb5c 1.075s
2025-04-10 02:03:52.922 70354 INFO tempest.lib.common.rest_client [req-8c98aec2-ad9f-4fc6-bf73-213d4e89d4eb req-8c98aec2-ad9f-4fc6-bf73-213d4e89d4eb ] Request (ImagesOneServerTestJSON:setUpClass): 200 GET http://10.180.1.21/compute/v2.1/servers/ef383f1b-7bd5-4909-85d5-ce6c855f4bbf 1.128s
2025-04-10 02:03:52.929 70354 INFO tempest.common.waiters [-] State transition "BUILD/spawning" ==> "ACTIVE/None" after 34 second wait
2025-04-10 02:03:52.957 70348 INFO tempest.lib.common.rest_client [req-4d34090e-4397-4861-84ed-c6ed3132327a req-4d34090e-4397-4861-84ed-c6ed3132327a ] Request (ServersAdminNegativeTestJSON:test_migrate_server_invalid_state): 200 GET http://10.180.1.21/compute/v2.1/servers/0fcf7d98-d7fd-4cdf-b8db-e58d95d26fe3 1.085s
2025-04-10 02:03:52.966 70348 INFO tempest.common.waiters [-] State transition "BUILD/scheduling" ==> "BUILD/None" after 9 second wait
2025-04-10 02:03:53.002 70387 INFO tempest.lib.common.rest_client [req-2d331bbd-9fb5-4855-8599-6bdabb0ad419 req-2d331bbd-9fb5-4855-8599-6bdabb0ad419 ] Request (ServerExternalEventsTest:tearDownClass): 200 GET http://10.180.1.21/compute/v2.1/servers/c257268c-1cb1-4df7-ab60-05177d7b5810 1.103s
2025-04-10 02:03:53.064 70408 INFO tempest.lib.common.rest_client [req-bd4ecd7d-0d1d-46cd-97c0-afa7ace3c6c6 req-bd4ecd7d-0d1d-46cd-97c0-afa7ace3c6c6 ] Request (VolumesAdminNegativeTest:test_update_attached_volume_with_nonexistent_volume_in_body): 200 GET http://10.180.1.21/compute/v2.1/servers/f42aff2b-e496-461d-914d-133f785354df 1.117s
2025-04-10 02:03:53.088 70404 INFO tempest.lib.common.rest_client [req-40770172-c3a6-4cf8-a3e2-9f0268451709 req-40770172-c3a6-4cf8-a3e2-9f0268451709 ] Request (ServersTestMultiNic:test_verify_duplicate_network_nics): 200 GET http://10.180.1.21/compute/v2.1/servers/bbb5cef4-d5a6-4236-be57-be7d4a1b0f61/ips 1.135s
2025-04-10 02:03:53.097 70394 INFO tempest.lib.common.rest_client [req-758205b4-a361-43dd-b94d-8cc745ebbd70 req-758205b4-a361-43dd-b94d-8cc745ebbd70 ] Request (AggregatesAdminNegativeTestJSON:test_aggregate_remove_host_as_user): 403 POST http://10.180.1.21/compute/v2.1/os-aggregates/7/action 1.010s
2025-04-10 02:03:53.150 70350 INFO tempest.lib.common.rest_client [req-e6ec35ba-a238-4153-91ff-b98ed65b8c87 req-e6ec35ba-a238-4153-91ff-b98ed65b8c87 ] Request (AttachInterfacesUnderV243Test:test_add_remove_fixed_ip): 200 GET http://10.180.1.21/compute/v2.1/servers/e0731a89-6bdc-4ff7-b420-7014c7e01bb1 0.953s
2025-04-10 02:03:53.201 70370 INFO tempest.lib.common.rest_client [req-fba6872f-d70c-4eb1-8f2e-a3a7268267ac req-fba6872f-d70c-4eb1-8f2e-a3a7268267ac ] Request (DeleteServersAdminTestJSON:test_admin_delete_servers_of_others): 404 GET http://10.180.1.21/compute/v2.1/servers/a1a8065f-578e-4e9a-9f61-f0009f0521c1 0.897s
2025-04-10 02:03:53.294 70370 INFO tempest.lib.common.rest_client [req-e6968aee-900d-4388-9f59-55f88bdad379 req-e6968aee-900d-4388-9f59-55f88bdad379 ] Request (DeleteServersAdminTestJSON:test_delete_server_while_in_error_state): 201 POST http://10.180.1.21/identity/v3/auth/tokens 0.080s
2025-04-10 02:03:53.295 70370 INFO tempest.lib.common.fixed_network [-] (DeleteServersAdminTestJSON:test_delete_server_while_in_error_state) Found network None available for tenant
2025-04-10 02:03:53.328 70356 INFO tempest.lib.common.rest_client [req-349a8422-b503-403b-85c3-2f84989fdfbc req-349a8422-b503-403b-85c3-2f84989fdfbc ] Request (SecurityGroupRulesTestJSON:tearDownClass): 202 DELETE http://10.180.1.21/compute/v2.1/os-security-groups/11e52bc8-8e1d-4da1-a486-b4ad77a2e315 0.787s
2025-04-10 02:03:53.357 70390 INFO tempest.lib.common.rest_client [req-7f1ee0e7-2ef9-490f-8ffa-f612c1e6a89e req-7f1ee0e7-2ef9-490f-8ffa-f612c1e6a89e ] Request (FlavorsAdminTestJSON:test_is_public_string_variations): 200 GET http://10.180.1.21/compute/v2.1/flavors/detail?is_public=t 0.795s
2025-04-10 02:03:53.372 70346 INFO tempest.lib.common.rest_client [req-298e628d-3a45-49b0-abe7-e69807d03056 req-298e628d-3a45-49b0-abe7-e69807d03056 ] Request (FlavorsV2TestJSON:test_list_flavors_with_detail): 200 GET http://10.180.1.21/compute/v2.1/flavors/42 0.779s
2025-04-10 02:03:53.390 70376 INFO tempest.lib.common.rest_client [req-cb96ea53-dbee-4b3a-b39d-6c621a5bb991 req-cb96ea53-dbee-4b3a-b39d-6c621a5bb991 ] Request (QuotasAdminTestJSON:test_delete_quota): 202 DELETE http://10.180.1.21/compute/v2.1/os-quota-sets/faebbd6f5aca4f4d8bfe37c5de9cf5af 0.782s
2025-04-10 02:03:53.459 70352 INFO tempest.lib.common.rest_client [req-a9eed95d-cfb6-4569-8738-c36b6a4243e0 req-a9eed95d-cfb6-4569-8738-c36b6a4243e0 ] Request (FloatingIPsAssociationNegativeTestJSON:setUpClass): 200 GET http://10.180.1.21/compute/v2.1/servers/ae2a80f2-a9e7-483e-b936-d0e76951acca 0.557s
2025-04-10 02:03:53.500 70346 INFO tempest.lib.common.rest_client [req-57a4c61e-eb74-4a1d-bf71-c946e91b0fe2 req-57a4c61e-eb74-4a1d-bf71-c946e91b0fe2 ] Request (FlavorsV2TestJSON:tearDownClass): 204 DELETE http://10.180.1.21/identity/v3/users/8e9265230f044e6295ba676f62b14326 0.124s
2025-04-10 02:03:53.500 70346 INFO tempest.lib.common.dynamic_creds [-] Deleting project and security group for project: 3914e80a47a248718484fba568ef49ec
2025-04-10 02:03:53.544 70362 INFO tempest.lib.common.rest_client [req-fb913d21-ff1e-4f8d-96a5-75706619834b req-fb913d21-ff1e-4f8d-96a5-75706619834b ] Request (ListServerFiltersTestJSON:setUpClass): 202 POST http://10.180.1.21/compute/v2.1/servers 1.618s
2025-04-10 02:03:53.566 70378 INFO tempest.lib.common.rest_client [req-4adbf825-2021-4762-ada7-d5527b36e5b4 req-4adbf825-2021-4762-ada7-d5527b36e5b4 ] Request (ValidationResourcesFixture:setUp): 201 POST http://10.180.1.21:9696/networking/v2.0/floatingips 0.872s
2025-04-10 02:03:53.582 70346 INFO tempest.lib.common.rest_client [req-650dcf2e-7d33-4d0d-a5bf-d3176963a23f req-650dcf2e-7d33-4d0d-a5bf-d3176963a23f ] Request (FlavorsV2TestJSON:tearDownClass): 201 POST http://10.180.1.21/identity/v3/auth/tokens 0.081s
2025-04-10 02:03:53.621 70406 INFO tempest.lib.common.rest_client [req-72828451-040d-444f-9c96-d2ba0f9d2ee5 req-72828451-040d-444f-9c96-d2ba0f9d2ee5 ] Request (TenantUsagesTestJSON:tearDownClass): 200 GET http://10.180.1.21/compute/v2.1/servers/b4d27df8-07c5-4e47-8215-4dc60c6b51c2 0.649s
2025-04-10 02:03:53.641 70378 INFO tempest.lib.common.rest_client [req-378bfa36-0d6d-492a-bbbe-25468f41ccb4 req-378bfa36-0d6d-492a-bbbe-25468f41ccb4 ] Request (AttachInterfacesTestJSON:test_create_list_show_delete_interfaces_by_fixed_ip): 201 POST http://10.180.1.21/identity/v3/auth/tokens 0.068s
2025-04-10 02:03:53.641 70378 INFO tempest.lib.common.fixed_network [-] (AttachInterfacesTestJSON:test_create_list_show_delete_interfaces_by_fixed_ip) Found network {'id': 'd6c4f7b3-a423-4de9-86dd-e0d08876435a', 'name': 'tempest-AttachInterfacesTestJSON-183494291-network', 'tenant_id': '0f9cbb489333479fab1b42316092330d', 'admin_state_up': True, 'mtu': 8950, 'status': 'ACTIVE', 'subnets': [], 'shared': False, 'project_id': '0f9cbb489333479fab1b42316092330d', 'port_security_enabled': True, 'router:external': False, 'provider:network_type': 'vlan', 'provider:physical_network': 'default', 'provider:segmentation_id': 210, 'availability_zone_hints': [], 'availability_zones': [], 'ipv4_address_scope': None, 'ipv6_address_scope': None, 'description': '', 'tags': [], 'created_at': '2025-04-10T02:03:46Z', 'updated_at': '2025-04-10T02:03:46Z', 'revision_number': 1} available for tenant
2025-04-10 02:03:53.689 70369 INFO tempest.lib.common.rest_client [req-1fb3ba13-39fb-4e2e-b743-b0d7092e8aff req-1fb3ba13-39fb-4e2e-b743-b0d7092e8aff ] Request (ListImageFiltersTestJSON:setUpClass): 200 GET http://10.180.1.21/compute/v2.1/servers/bdf80469-18c5-4417-9f0c-17266c9f842f 0.656s
2025-04-10 02:03:53.754 70364 INFO tempest.lib.common.rest_client [req-7a48d624-bb72-4223-bf9f-7b9765774f75 req-7a48d624-bb72-4223-bf9f-7b9765774f75 ] Request (ListServersNegativeTestJSON:setUpClass): 200 GET http://10.180.1.21/compute/v2.1/servers/79fd61dd-972d-4b64-84df-5e4307a3af44 0.666s
2025-04-10 02:03:53.872 70404 INFO tempest.lib.common.rest_client [req-27e71e31-fbf8-4ad6-84f6-ba42f7397648 req-27e71e31-fbf8-4ad6-84f6-ba42f7397648 ] Request (ServersTestMultiNic:_run_cleanups): 204 DELETE http://10.180.1.21/compute/v2.1/servers/bbb5cef4-d5a6-4236-be57-be7d4a1b0f61 0.781s
2025-04-10 02:03:53.905 70346 INFO tempest.lib.common.rest_client [req-74696262-8ca7-4379-a164-5528f832e2da req-74696262-8ca7-4379-a164-5528f832e2da ] Request (FlavorsV2TestJSON:tearDownClass): 200 GET http://10.180.1.21:9696/networking/v2.0/security-groups?tenant_id=3914e80a47a248718484fba568ef49ec&name=default 0.322s
2025-04-10 02:03:54.002 70354 INFO tempest.lib.common.rest_client [req-03d54dad-ab59-4fcb-ba3f-5f5a36261c4a req-03d54dad-ab59-4fcb-ba3f-5f5a36261c4a ] Request (ImagesOneServerTestJSON:test_create_delete_image): 202 POST http://10.180.1.21/compute/v2.1/servers/ef383f1b-7bd5-4909-85d5-ce6c855f4bbf/action 1.072s
2025-04-10 02:03:54.026 70346 INFO tempest.lib.common.rest_client [req-070b5976-3705-4e0e-bd7f-a9b3d488fb96 req-070b5976-3705-4e0e-bd7f-a9b3d488fb96 ] Request (FlavorsV2TestJSON:tearDownClass): 204 DELETE http://10.180.1.21:9696/networking/v2.0/security-groups/d7985b24-471a-46db-b42d-51969b7064dd 0.121s
2025-04-10 02:03:54.112 70346 INFO tempest.lib.common.rest_client [req-6262c6e4-7585-422d-85b8-39001fa74460 req-6262c6e4-7585-422d-85b8-39001fa74460 ] Request (FlavorsV2TestJSON:tearDownClass): 204 DELETE http://10.180.1.21/identity/v3/projects/3914e80a47a248718484fba568ef49ec 0.086s
2025-04-10 02:03:54.145 70392 INFO tempest.lib.common.rest_client [req-6ce8f294-57dd-462a-a323-da1010f39e84 req-6ce8f294-57dd-462a-a323-da1010f39e84 ] Request (MigrationsAdminTest:test_list_migrations_in_flavor_resize_situation): 200 GET http://10.180.1.21/compute/v2.1/servers/be8e4b49-7ec4-4f68-9d38-e6661c170d4c 0.888s
2025-04-10 02:03:54.157 70392 INFO tempest.common.waiters [-] State transition "BUILD/spawning" ==> "ACTIVE/None" after 30 second wait
2025-04-10 02:03:54.160 70356 INFO tempest.lib.common.rest_client [req-87647b2e-d108-486b-82fb-6fbedabcc935 req-87647b2e-d108-486b-82fb-6fbedabcc935 ] Request (SecurityGroupRulesTestJSON:tearDownClass): 200 PUT http://10.180.1.21:9696/networking/v2.0/routers/70e2eb81-161f-406e-9809-d5e8e92706b1/remove_router_interface 0.831s
2025-04-10 02:03:54.199 70346 INFO tempest.lib.common.rest_client [req-127302e7-6bf3-4cb6-a4d7-7c8670ad3733 req-127302e7-6bf3-4cb6-a4d7-7c8670ad3733 ] Request (KeyPairsV2TestJSON:setUpClass): 201 POST http://10.180.1.21/identity/v3/auth/tokens 0.085s
2025-04-10 02:03:54.234 70346 INFO tempest.lib.common.rest_client [req-eb089bb1-e5de-4b3d-9889-40cb526e86df req-eb089bb1-e5de-4b3d-9889-40cb526e86df ] Request (KeyPairsV2TestJSON:setUpClass): 201 POST http://10.180.1.21/identity/v3/auth/tokens 0.032s
2025-04-10 02:03:54.270 70346 INFO tempest.lib.common.rest_client [req-81840cb3-727a-4a81-abf4-7529980f911e req-81840cb3-727a-4a81-abf4-7529980f911e ] Request (KeyPairsV2TestJSON:setUpClass): 200 GET http://10.180.1.21/identity/v3/domains?name=Default 0.036s
2025-04-10 02:03:54.310 70394 INFO tempest.lib.common.rest_client [req-269532d5-3b65-45d9-94c9-1e18d852efbb req-269532d5-3b65-45d9-94c9-1e18d852efbb ] Request (AggregatesAdminNegativeTestJSON:_run_cleanups): 200 POST http://10.180.1.21/compute/v2.1/os-aggregates/7/action 1.212s
2025-04-10 02:03:54.320 70346 INFO tempest.lib.common.rest_client [req-682b0a4f-7aa7-4163-8f94-73f7c9c72924 req-682b0a4f-7aa7-4163-8f94-73f7c9c72924 ] Request (KeyPairsV2TestJSON:setUpClass): 201 POST http://10.180.1.21/identity/v3/projects 0.049s
2025-04-10 02:03:54.339 70390 INFO tempest.lib.common.rest_client [req-b7d338ae-3ea9-43d9-aebd-4cb3b05d2cc7 req-b7d338ae-3ea9-43d9-aebd-4cb3b05d2cc7 ] Request (FlavorsAdminTestJSON:test_is_public_string_variations): 200 GET http://10.180.1.21/compute/v2.1/flavors/detail?is_public=true 0.975s
2025-04-10 02:03:54.411 70346 INFO tempest.lib.common.rest_client [req-0c5c985c-3a0e-4f77-b073-218a42968fa1 req-0c5c985c-3a0e-4f77-b073-218a42968fa1 ] Request (KeyPairsV2TestJSON:setUpClass): 201 POST http://10.180.1.21/identity/v3/users 0.090s
2025-04-10 02:03:54.415 70370 INFO tempest.lib.common.rest_client [req-e278b0ce-88ff-45df-b615-58c018a2e76e req-e278b0ce-88ff-45df-b615-58c018a2e76e ] Request (DeleteServersAdminTestJSON:test_delete_server_while_in_error_state): 202 POST http://10.180.1.21/compute/v2.1/servers 1.120s
2025-04-10 02:03:54.441 70346 INFO tempest.lib.common.rest_client [req-31c35477-510f-495f-b300-027728aaaad3 req-31c35477-510f-495f-b300-027728aaaad3 ] Request (KeyPairsV2TestJSON:setUpClass): 200 GET http://10.180.1.21/identity/v3/roles 0.030s
2025-04-10 02:03:54.484 70346 INFO tempest.lib.common.rest_client [req-3e585b9c-8c92-4ff1-952b-4e4512d9cdae req-3e585b9c-8c92-4ff1-952b-4e4512d9cdae ] Request (KeyPairsV2TestJSON:setUpClass): 204 PUT http://10.180.1.21/identity/v3/projects/5e352c6178964af79947dd95479ee529/users/428ac495099a4176a1c498d0229baffd/roles/90252ce83b3e49aaba28bd7d568b3e86 0.042s
2025-04-10 02:03:54.484 70346 INFO tempest.lib.common.dynamic_creds [-] Dynamic test user 428ac495099a4176a1c498d0229baffd is created with scope project and roles: ['member']
2025-04-10 02:03:54.484 70346 INFO tempest.lib.common.dynamic_creds [-] Acquired dynamic creds: credentials: Credentials: {'domain_id': 'default', 'domain_name': 'Default', 'username': 'tempest-KeyPairsV2TestJSON-160287593-project-member', 'project_domain_id': 'default', 'project_domain_name': 'Default', 'project_id': '5e352c6178964af79947dd95479ee529', 'project_name': 'tempest-KeyPairsV2TestJSON-160287593', 'tenant_id': '5e352c6178964af79947dd95479ee529', 'tenant_name': 'tempest-KeyPairsV2TestJSON-160287593', 'user_domain_id': 'default', 'user_domain_name': 'Default', 'user_id': '428ac495099a4176a1c498d0229baffd', 'system': None}, Network: None, Subnet: None, Router: None
2025-04-10 02:03:54.484 70346 INFO tempest.lib.common.dynamic_creds [-] Created isolated network resources for: credentials: Credentials: {'domain_id': 'default', 'domain_name': 'Default', 'username': 'tempest-KeyPairsV2TestJSON-160287593-project-member', 'project_domain_id': 'default', 'project_domain_name': 'Default', 'project_id': '5e352c6178964af79947dd95479ee529', 'project_name': 'tempest-KeyPairsV2TestJSON-160287593', 'tenant_id': '5e352c6178964af79947dd95479ee529', 'tenant_name': 'tempest-KeyPairsV2TestJSON-160287593', 'user_domain_id': 'default', 'user_domain_name': 'Default', 'user_id': '428ac495099a4176a1c498d0229baffd', 'system': None}, Network: None, Subnet: None, Router: None
2025-04-10 02:03:54.539 70376 INFO tempest.lib.common.rest_client [req-9c7b77fe-58e9-4b36-b4c0-06e8f30b71c6 req-9c7b77fe-58e9-4b36-b4c0-06e8f30b71c6 ] Request (QuotasAdminTestJSON:test_delete_quota): 200 GET http://10.180.1.21/compute/v2.1/os-quota-sets/faebbd6f5aca4f4d8bfe37c5de9cf5af 1.149s
2025-04-10 02:03:54.564 70346 INFO tempest.lib.common.rest_client [req-da42c51a-f280-4e37-810e-78e117f0f369 req-da42c51a-f280-4e37-810e-78e117f0f369 ] Request (KeyPairsV2TestJSON:setUpClass): 201 POST http://10.180.1.21/identity/v3/auth/tokens 0.075s
2025-04-10 02:03:54.580 70374 INFO tempest.lib.common.rest_client [req-4ce392d8-0a79-497b-a32f-a2e9ef8fd1b4 req-4ce392d8-0a79-497b-a32f-a2e9ef8fd1b4 ] Request (ServerDiagnosticsNegativeTest:test_get_server_diagnostics_by_non_admin): 200 GET http://10.180.1.21/compute/v2.1/servers/05993736-9581-47d5-b4b2-ccc241426599 1.188s
2025-04-10 02:03:54.615 70376 INFO tempest.lib.common.rest_client [req-b8650feb-9087-4a89-bae8-b824bf8ef003 req-b8650feb-9087-4a89-bae8-b824bf8ef003 ] Request (QuotasAdminTestJSON:_run_cleanups): 204 DELETE http://10.180.1.21/identity/v3/projects/faebbd6f5aca4f4d8bfe37c5de9cf5af 0.073s
2025-04-10 02:03:54.646 70362 INFO tempest.lib.common.rest_client [req-f80c7957-57bd-43b5-813d-e72b10e22612 req-f80c7957-57bd-43b5-813d-e72b10e22612 ] Request (ListServerFiltersTestJSON:setUpClass): 200 GET http://10.180.1.21/compute/v2.1/servers/ec984bdd-70e7-449e-ab30-ff8ff43483f2 1.100s
2025-04-10 02:03:54.668 70400 INFO tempest.lib.common.rest_client [req-c09a1790-778c-4cda-87eb-8166d90156f6 req-c09a1790-778c-4cda-87eb-8166d90156f6 ] Request (ImagesNegativeTestJSON:test_create_image_from_deleted_server): 200 GET http://10.180.1.21/compute/v2.1/servers/5130576c-6629-46c6-b499-2ef2032fb2e2 1.258s
2025-04-10 02:03:54.679 70360 INFO tempest.lib.common.rest_client [req-7d6553a3-ad27-4e87-8909-3025b5499fb6 req-7d6553a3-ad27-4e87-8909-3025b5499fb6 ] Request (ImagesTestJSON:test_create_image_from_stopped_server): 200 GET http://10.180.1.21/compute/v2.1/images/e9d2db52-9e43-4390-9646-560f287defba 1.044s
2025-04-10 02:03:54.691 70356 INFO tempest.lib.common.rest_client [req-d4d2b638-b616-4cf2-98a2-126737f015a3 req-d4d2b638-b616-4cf2-98a2-126737f015a3 ] Request (SecurityGroupRulesTestJSON:tearDownClass): 204 DELETE http://10.180.1.21:9696/networking/v2.0/routers/70e2eb81-161f-406e-9809-d5e8e92706b1 0.531s
2025-04-10 02:03:54.709 70382 INFO tempest.lib.common.rest_client [req-e36dc0b5-348f-4967-8c98-7646ecb9ba89 req-e36dc0b5-348f-4967-8c98-7646ecb9ba89 ] Request (AttachInterfacesV270Test:tearDownClass): 404 GET http://10.180.1.21/compute/v2.1/servers/aacc4480-7da7-4f78-b91e-301849461117 0.998s
2025-04-10 02:03:54.774 70402 WARNING tempest.lib.common.ssh [-] Failed to establish authenticated ssh connection to cirros@10.180.180.139 ([Errno None] Unable to connect to port 22 on 10.180.180.139). Number attempts: 3. Retry after 4 seconds.: paramiko.ssh_exception.NoValidConnectionsError: [Errno None] Unable to connect to port 22 on 10.180.180.139
2025-04-10 02:03:55.031 70372 WARNING tempest.lib.common.ssh [-] Failed to establish authenticated ssh connection to cirros@10.180.180.221 ([Errno None] Unable to connect to port 22 on 10.180.180.221). Number attempts: 1. Retry after 2 seconds.: paramiko.ssh_exception.NoValidConnectionsError: [Errno None] Unable to connect to port 22 on 10.180.180.221
2025-04-10 02:03:55.041 70388 INFO tempest.lib.common.rest_client [req-171fe98e-ac6c-4296-97cb-6059ffbe3a8e req-171fe98e-ac6c-4296-97cb-6059ffbe3a8e ] Request (ServersWithSpecificFlavorTestJSON:test_verify_created_server_ephemeral_disk): 200 GET http://10.180.1.21/compute/v2.1/servers/9bc87891-a0b0-476c-9b01-2af595626fc1 1.287s
2025-04-10 02:03:55.103 70356 INFO tempest.lib.common.rest_client [req-fda0d882-9322-4183-8681-1070e00b4a21 req-fda0d882-9322-4183-8681-1070e00b4a21 ] Request (SecurityGroupRulesTestJSON:tearDownClass): 204 DELETE http://10.180.1.21:9696/networking/v2.0/subnets/a7b3d058-3eee-4ac0-a95f-3f730512777d 0.412s
2025-04-10 02:03:55.113 70380 INFO tempest.lib.common.rest_client [req-0867e1be-decc-4135-9b3a-3a4eb42d2425 req-0867e1be-decc-4135-9b3a-3a4eb42d2425 ] Request (ServersTestFqdnHostnames:test_create_server_with_fqdn_name): 200 GET http://10.180.1.21/compute/v2.1/servers/baca8852-4ff7-4dce-be80-967406c7fbaa 1.346s
2025-04-10 02:03:55.185 70398 INFO tempest.lib.common.rest_client [req-1f0973a7-f69b-446d-8a48-895bd71ac564 req-1f0973a7-f69b-446d-8a48-895bd71ac564 ] Request (ServersAaction247Test:tearDownClass): 200 GET http://10.180.1.21/compute/v2.1/servers/1116812f-ace2-496e-9afe-8017022b38fd 1.367s
2025-04-10 02:03:55.240 70384 INFO tempest.lib.common.rest_client [req-a220fb99-58fb-4538-919c-8429c2e53ae4 req-a220fb99-58fb-4538-919c-8429c2e53ae4 ] Request (FloatingIPsAssociationTestJSON:setUpClass): 200 GET http://10.180.1.21/compute/v2.1/servers/65b0f9cd-18eb-46f0-8bc5-2cd17ecdaf9d 1.407s
2025-04-10 02:03:55.378 70404 INFO tempest.lib.common.rest_client [req-fe719955-1670-4343-8d95-d57cec97fc9d req-fe719955-1670-4343-8d95-d57cec97fc9d ] Request (ServersTestMultiNic:_run_cleanups): 200 GET http://10.180.1.21/compute/v2.1/servers/bbb5cef4-d5a6-4236-be57-be7d4a1b0f61 1.506s
2025-04-10 02:03:55.407 70356 INFO tempest.lib.common.rest_client [req-fe37df5c-0ccd-4832-9708-72c052f3c48e req-fe37df5c-0ccd-4832-9708-72c052f3c48e ] Request (SecurityGroupRulesTestJSON:tearDownClass): 204 DELETE http://10.180.1.21:9696/networking/v2.0/networks/194a3f6b-4163-435e-b2f6-e70697b1cebf 0.303s
2025-04-10 02:03:55.455 70396 INFO tempest.lib.common.rest_client [req-273984fd-a092-40c0-bb23-32896961451d req-273984fd-a092-40c0-bb23-32896961451d ] Request (AttachVolumeShelveTestJSON:test_attach_volume_shelved_or_offload_server): 200 GET http://10.180.1.21/compute/v2.1/servers/e455f174-991f-4a38-8f11-04210c8dcb5c 1.560s
2025-04-10 02:03:55.508 70348 INFO tempest.lib.common.rest_client [req-e6e3c3f2-3cc2-41e1-93fd-1c0caea55ddd req-e6e3c3f2-3cc2-41e1-93fd-1c0caea55ddd ] Request (ServersAdminNegativeTestJSON:test_migrate_server_invalid_state): 200 GET http://10.180.1.21/compute/v2.1/servers/0fcf7d98-d7fd-4cdf-b8db-e58d95d26fe3 1.540s
2025-04-10 02:03:55.550 70354 INFO tempest.lib.common.rest_client [req-5a7a2d79-9acf-423c-b14f-c5ecb8c505fe req-5a7a2d79-9acf-423c-b14f-c5ecb8c505fe ] Request (ImagesOneServerTestJSON:test_create_delete_image): 200 GET http://10.180.1.21/compute/v2.1/images/e01e5595-dcbe-49e6-a9c7-2f1aed21b70f 1.545s
2025-04-10 02:03:55.570 70356 INFO tempest.lib.common.rest_client [req-aa4dfd38-d7d8-4f7f-ba3e-13f6bda265ab req-aa4dfd38-d7d8-4f7f-ba3e-13f6bda265ab ] Request (SecurityGroupRulesTestJSON:tearDownClass): 204 DELETE http://10.180.1.21/identity/v3/users/e78f75f7f7cd41cb978c328f4402bc51 0.162s
2025-04-10 02:03:55.570 70356 INFO tempest.lib.common.dynamic_creds [-] Deleting project and security group for project: 9257a14eb8e04565af9e1026bfc3db82
2025-04-10 02:03:55.596 70356 INFO tempest.lib.common.rest_client [req-db4e28e8-89e3-4449-9e70-07a5daa13187 req-db4e28e8-89e3-4449-9e70-07a5daa13187 ] Request (SecurityGroupRulesTestJSON:tearDownClass): 200 GET http://10.180.1.21:9696/networking/v2.0/security-groups?tenant_id=9257a14eb8e04565af9e1026bfc3db82&name=default 0.026s
2025-04-10 02:03:55.627 70387 INFO tempest.lib.common.rest_client [req-c71e649e-2bf8-4f81-a1a6-13be485f5e84 req-c71e649e-2bf8-4f81-a1a6-13be485f5e84 ] Request (ServerExternalEventsTest:tearDownClass): 200 GET http://10.180.1.21/compute/v2.1/servers/c257268c-1cb1-4df7-ab60-05177d7b5810 1.615s
2025-04-10 02:03:55.649 70378 INFO tempest.lib.common.rest_client [req-346a0e08-5d99-4557-9321-3a159b2e3b04 req-346a0e08-5d99-4557-9321-3a159b2e3b04 ] Request (AttachInterfacesTestJSON:test_create_list_show_delete_interfaces_by_fixed_ip): 202 POST http://10.180.1.21/compute/v2.1/servers 2.007s
2025-04-10 02:03:55.702 70408 INFO tempest.lib.common.rest_client [req-c8715e96-dc49-434a-ba1f-4e806c20738e req-c8715e96-dc49-434a-ba1f-4e806c20738e ] Request (VolumesAdminNegativeTest:test_update_attached_volume_with_nonexistent_volume_in_body): 200 GET http://10.180.1.21/compute/v2.1/servers/f42aff2b-e496-461d-914d-133f785354df 1.628s
2025-04-10 02:03:55.726 70356 INFO tempest.lib.common.rest_client [req-471aa98a-420e-45ed-8333-1cffc32ffc5d req-471aa98a-420e-45ed-8333-1cffc32ffc5d ] Request (SecurityGroupRulesTestJSON:tearDownClass): 204 DELETE http://10.180.1.21:9696/networking/v2.0/security-groups/031bd042-4ef3-4e2b-a3ce-067faa85cb03 0.129s
2025-04-10 02:03:55.730 70350 INFO tempest.lib.common.rest_client [req-36309bc0-486c-4f07-966b-53477a56de91 req-36309bc0-486c-4f07-966b-53477a56de91 ] Request (AttachInterfacesUnderV243Test:test_add_remove_fixed_ip): 200 GET http://10.180.1.21/compute/v2.1/servers/e0731a89-6bdc-4ff7-b420-7014c7e01bb1 1.572s
