2025-05-14 13:21:25.793 69707 INFO tempest.lib.common.rest_client [req-88f30310-dba0-49ed-8ed6-c1142eef88ce req-88f30310-dba0-49ed-8ed6-c1142eef88ce ] Request (ImagesMetadataTestJSON:test_set_image_metadata_item): 200 PUT http://10.180.1.21/compute/v2.1/images/075c3e1d-b38b-4780-87a7-9c89499c9002/metadata/os_version 0.449s
2025-05-14 13:21:25.868 69719 INFO tempest.lib.common.rest_client [req-65fe284e-b679-4d47-9396-c7c74b081e3e req-65fe284e-b679-4d47-9396-c7c74b081e3e ] Request (HypervisorAdminV228Test:setUpClass): 201 POST http://10.180.1.21/identity/v3/auth/tokens 0.108s
2025-05-14 13:21:26.071 69677 INFO tempest.lib.common.rest_client [req-0b3fa1c8-56b4-4c7d-b119-abf1c83a34e9 req-0b3fa1c8-56b4-4c7d-b119-abf1c83a34e9 ] Request (ImagesOneServerTestJSON:test_create_delete_image): 200 GET http://10.180.1.21/compute/v2.1/servers/08474bab-98fc-42ff-ae8a-fde7d4819d51 0.687s
2025-05-14 13:21:26.088 69701 INFO tempest.lib.common.rest_client [req-bf69297c-a9dd-45e5-82dc-850ec83bd03d req-bf69297c-a9dd-45e5-82dc-850ec83bd03d ] Request (MultipleCreateTestJSON:_run_cleanups): 200 GET http://10.180.1.21/compute/v2.1/servers/d3fc062b-3ffc-4b21-b9a4-32745a44f1ca 0.685s
2025-05-14 13:21:26.107 69725 INFO tempest.lib.common.rest_client [req-4f5bd78b-bea3-4402-a587-08fd23132283 req-4f5bd78b-bea3-4402-a587-08fd23132283 ] Request (AttachInterfacesUnderV243Test:test_add_remove_fixed_ip): 200 GET http://10.180.1.21/compute/v2.1/servers/de0d3b42-8371-4344-a262-63ecd4401849/ips 0.672s
2025-05-14 13:21:26.161 69727 INFO tempest.lib.common.rest_client [req-f81b821b-36bf-4f41-a742-97cd549f0df0 req-f81b821b-36bf-4f41-a742-97cd549f0df0 ] Request (ImagesTestJSON:test_create_image_from_suspended_server): 200 GET http://10.180.1.21/compute/v2.1/servers/c57a42b2-ae92-4dd2-91ee-69065a5eab0c 0.623s
2025-05-14 13:21:26.170 69727 INFO tempest.common.waiters [-] State transition "BUILD/None" ==> "BUILD/block_device_mapping" after 24 second wait
2025-05-14 13:21:26.173 69689 WARNING tempest.lib.common.ssh [-] Failed to establish authenticated ssh connection to cirros@10.180.180.129 ([Errno None] Unable to connect to port 22 on 10.180.180.129). Number attempts: 4. Retry after 5 seconds.: paramiko.ssh_exception.NoValidConnectionsError: [Errno None] Unable to connect to port 22 on 10.180.180.129
2025-05-14 13:21:26.187 69723 INFO tempest.lib.common.rest_client [req-0c1f40f9-a5f6-4dcb-b75a-94a9f0f79717 req-0c1f40f9-a5f6-4dcb-b75a-94a9f0f79717 ] Request (ServerActionsTestOtherA:setUpClass): 200 GET http://10.180.1.21/compute/v2.1/servers/21f7d90d-396e-4b5d-850d-8a081b67f4a3 0.552s
2025-05-14 13:21:26.245 69721 INFO tempest.lib.common.rest_client [req-b1e1eb1c-2665-4239-8ddd-207e11c560a3 req-b1e1eb1c-2665-4239-8ddd-207e11c560a3 ] Request (ServerDiagnosticsV248Test:tearDownClass): 200 GET http://10.180.1.21/compute/v2.1/servers/c7124fd4-0db2-4fed-b568-57050643c022 0.580s
2025-05-14 13:21:26.258 69703 INFO tempest.lib.common.rest_client [req-103f41f9-0401-4c25-9723-cae443b0d736 req-103f41f9-0401-4c25-9723-cae443b0d736 ] Request (ServerActionsTestJSON:setUpClass): 200 GET http://10.180.1.21/compute/v2.1/servers/97a20fc1-ef2b-4927-b335-3fd748bf90e3 0.538s
2025-05-14 13:21:26.301 69707 INFO tempest.lib.common.rest_client [req-7774dfee-7b43-458c-a247-be94d52e821d req-7774dfee-7b43-458c-a247-be94d52e821d ] Request (ImagesMetadataTestJSON:test_set_image_metadata_item): 200 GET http://10.180.1.21/compute/v2.1/images/075c3e1d-b38b-4780-87a7-9c89499c9002/metadata 0.507s
2025-05-14 13:21:26.384 69699 INFO tempest.lib.common.rest_client [req-d0670b2c-2d2d-4b80-976c-a7f200e43f64 req-d0670b2c-2d2d-4b80-976c-a7f200e43f64 ] Request (SecurityGroupsTestJSON:test_list_security_groups_by_server): 200 GET http://10.180.1.21/compute/v2.1/servers/e0dc12e1-af91-4057-9fc1-219bbdc31fdd 0.584s
2025-05-14 13:21:26.483 69691 INFO tempest.lib.common.rest_client [req-3d1c7ceb-89e5-413b-b6a2-2269c00b4c5b req-3d1c7ceb-89e5-413b-b6a2-2269c00b4c5b ] Request (ServersTestMultiNic:_run_cleanups): 200 GET http://10.180.1.21/compute/v2.1/servers/d10e36b7-97c5-4468-bab1-bfc79f77ccf6 0.643s
2025-05-14 13:21:26.550 69717 INFO tempest.lib.common.rest_client [req-9e638d08-76e2-4e9b-b562-3518ee499617 req-9e638d08-76e2-4e9b-b562-3518ee499617 ] Request (ServersTestManualDisk:setUpClass): 200 GET http://10.180.1.21/compute/v2.1/servers/0972b291-5b74-4ca7-923e-10815f8de11f 0.811s
2025-05-14 13:21:26.614 69719 INFO tempest.lib.common.rest_client [req-faebd68d-b6ff-4202-94fc-a3dcbca75618 req-faebd68d-b6ff-4202-94fc-a3dcbca75618 ] Request (HypervisorAdminV228Test:test_get_list_hypervisor_details): 200 GET http://10.180.1.21/compute/v2.1/os-hypervisors 0.744s
2025-05-14 13:21:26.615 69705 INFO tempest.lib.common.rest_client [req-bd5dd923-829a-4820-b318-fef569f44ff8 req-bd5dd923-829a-4820-b318-fef569f44ff8 ] Request (FloatingIPsAssociationNegativeTestJSON:tearDownClass): 200 GET http://10.180.1.21/compute/v2.1/servers/a5300d40-02de-4199-830e-054a12564f17 0.743s
2025-05-14 13:21:26.681 69671 INFO tempest.lib.common.rest_client [req-f91a9b83-0348-4c9e-8931-4306e06a1fb5 req-f91a9b83-0348-4c9e-8931-4306e06a1fb5 ] Request (ServerDiskConfigTestJSON:test_rebuild_server_with_auto_disk_config): 200 GET http://10.180.1.21/compute/v2.1/servers/fb1c0a77-257a-477d-8af7-63869267c317 0.734s
2025-05-14 13:21:26.686 69667 INFO tempest.lib.common.rest_client [req-6b82b69c-f764-4ee6-8901-70f0499be1c3 req-6b82b69c-f764-4ee6-8901-70f0499be1c3 ] Request (ListImageFiltersTestJSON:setUpClass): 200 GET http://10.180.1.21/compute/v2.1/servers/2fa11155-93c9-497c-a25f-d24ffcedeb9e 0.685s
2025-05-14 13:21:26.761 69725 INFO tempest.lib.common.rest_client [req-ecc4271e-fb71-4d87-be9c-1d937fe2e758 req-ecc4271e-fb71-4d87-be9c-1d937fe2e758 ] Request (AttachInterfacesUnderV243Test:_run_cleanups): 204 DELETE http://10.180.1.21/compute/v2.1/servers/de0d3b42-8371-4344-a262-63ecd4401849 0.651s
2025-05-14 13:21:26.821 69681 INFO tempest.lib.common.rest_client [req-cff17bb9-c2e6-4571-aeb5-4922e2ff7801 req-cff17bb9-c2e6-4571-aeb5-4922e2ff7801 ] Request (ServerTagsTestJSON:setUpClass): 200 GET http://10.180.1.21/compute/v2.1/servers/0c362d02-acb5-493f-a146-e46ba4c3e26f 0.730s
2025-05-14 13:21:26.830 69693 INFO tempest.lib.common.rest_client [req-aa8cfb0e-db81-4875-8ac2-9af6376ad1b8 req-aa8cfb0e-db81-4875-8ac2-9af6376ad1b8 ] Request (ServersTestJSON:tearDownClass): 200 GET http://10.180.1.21/compute/v2.1/servers/c32bd89f-aae2-4f58-9b84-18b5f0d8801c 0.653s
2025-05-14 13:21:26.944 69695 INFO tempest.lib.common.rest_client [req-55522c9b-b361-4227-929c-01847bd4d84e req-55522c9b-b361-4227-929c-01847bd4d84e ] Request (MigrationsAdminTest:test_list_migrations_in_flavor_resize_situation): 200 GET http://10.180.1.21/compute/v2.1/servers/219f08aa-ebaa-44f0-9bc9-1a0401fabb23 0.644s
2025-05-14 13:21:26.993 69709 INFO tempest.lib.common.rest_client [req-71016b63-48f9-4c37-96b8-477ba587bec4 req-71016b63-48f9-4c37-96b8-477ba587bec4 ] Request (AttachVolumeTestJSON:test_attach_detach_volume): 200 GET http://10.180.1.21/compute/v2.1/servers/0cebab59-253b-4037-99a0-26667add9e9d 0.636s
2025-05-14 13:21:27.034 69707 INFO tempest.lib.common.rest_client [req-3c7db38e-79e7-4aeb-b298-19fed7fde73c req-3c7db38e-79e7-4aeb-b298-19fed7fde73c ] Request (ImagesMetadataTestJSON:setUp): 200 PUT http://10.180.1.21/compute/v2.1/images/075c3e1d-b38b-4780-87a7-9c89499c9002/metadata 0.731s
2025-05-14 13:21:27.053 69679 INFO tempest.lib.common.rest_client [req-d088e938-5e4c-4b40-ac23-4b022151b1bd req-d088e938-5e4c-4b40-ac23-4b022151b1bd ] Request (TenantUsagesTestJSON:tearDownClass): 200 GET http://10.180.1.21/compute/v2.1/servers/0ad8034d-05fb-41aa-8dcf-4554b8cc461a 0.646s
2025-05-14 13:21:27.073 69719 INFO tempest.lib.common.rest_client [req-14364987-a81a-4b69-b142-01ef574cf054 req-14364987-a81a-4b69-b142-01ef574cf054 ] Request (HypervisorAdminV228Test:test_get_list_hypervisor_details): 200 GET http://10.180.1.21/compute/v2.1/os-hypervisors/1 0.458s
2025-05-14 13:21:27.091 69729 INFO tempest.lib.common.rest_client [req-d60baf99-5579-4cfd-95bd-37e7b6c312e9 req-d60baf99-5579-4cfd-95bd-37e7b6c312e9 ] Request (ServersAdminTestJSON:test_inject_network_info): 200 GET http://10.180.1.21/compute/v2.1/servers/69a20aa3-1f89-4e23-9c22-0220c8197535 0.621s
2025-05-14 13:21:27.194 69713 INFO tempest.lib.common.rest_client [req-3a616ba1-9388-46e9-bc47-a67043bc460e req-3a616ba1-9388-46e9-bc47-a67043bc460e ] Request (DeleteServersAdminTestJSON:test_delete_server_while_in_error_state): 200 GET http://10.180.1.21/compute/v2.1/servers/823fca95-83da-462b-922a-6137a1cd85a3 0.578s
2025-05-14 13:21:27.237 69719 INFO tempest.lib.common.rest_client [req-9d450491-8f8f-4603-95cb-4dab87f4250c req-9d450491-8f8f-4603-95cb-4dab87f4250c ] Request (HypervisorAdminV228Test:tearDownClass): 204 DELETE http://10.180.1.21/identity/v3/users/d909b96000674e75bc504eb490a67c33 0.158s
2025-05-14 13:21:27.262 69725 INFO tempest.lib.common.rest_client [req-d0b4acae-83c0-425a-8a1e-802f990ebf8e req-d0b4acae-83c0-425a-8a1e-802f990ebf8e ] Request (AttachInterfacesUnderV243Test:_run_cleanups): 200 GET http://10.180.1.21/compute/v2.1/servers/de0d3b42-8371-4344-a262-63ecd4401849 0.500s
2025-05-14 13:21:27.351 69719 INFO tempest.lib.common.rest_client [req-15da135e-fe40-47f5-b8f5-34601f3818a6 req-15da135e-fe40-47f5-b8f5-34601f3818a6 ] Request (HypervisorAdminV228Test:tearDownClass): 204 DELETE http://10.180.1.21/identity/v3/users/3bb5799b5dd340fb8456b043175600a7 0.114s
2025-05-14 13:21:27.351 69719 INFO tempest.lib.common.dynamic_creds [-] Deleting project and security group for project: 9afdcbe39aff48e68c220dd1edc98d73
2025-05-14 13:21:27.374 69677 INFO tempest.lib.common.rest_client [req-56094929-dccb-410f-90ec-0094c8e446ee req-56094929-dccb-410f-90ec-0094c8e446ee ] Request (ImagesOneServerTestJSON:test_create_delete_image): 200 GET http://10.180.1.21/compute/v2.1/servers/08474bab-98fc-42ff-ae8a-fde7d4819d51 0.294s
2025-05-14 13:21:27.381 69677 INFO tempest.common.waiters [-] State transition "ACTIVE/image_uploading" ==> "ACTIVE/None" after 1 second wait
2025-05-14 13:21:27.413 69719 INFO tempest.lib.common.rest_client [req-cd8ed284-375e-42b4-be3e-befa18f0df3e req-cd8ed284-375e-42b4-be3e-befa18f0df3e ] Request (HypervisorAdminV228Test:tearDownClass): 201 POST http://10.180.1.21/identity/v3/auth/tokens 0.061s
2025-05-14 13:21:27.435 69701 INFO tempest.lib.common.rest_client [req-bab6c273-e005-440a-bc02-1d0e81837015 req-bab6c273-e005-440a-bc02-1d0e81837015 ] Request (MultipleCreateTestJSON:_run_cleanups): 200 GET http://10.180.1.21/compute/v2.1/servers/d3fc062b-3ffc-4b21-b9a4-32745a44f1ca 0.337s
2025-05-14 13:21:27.456 69707 INFO tempest.lib.common.rest_client [req-c55938ac-74e0-47e3-8252-2f005c300276 req-c55938ac-74e0-47e3-8252-2f005c300276 ] Request (ImagesMetadataTestJSON:test_update_image_metadata): 200 POST http://10.180.1.21/compute/v2.1/images/075c3e1d-b38b-4780-87a7-9c89499c9002/metadata 0.421s
2025-05-14 13:21:27.516 69723 INFO tempest.lib.common.rest_client [req-cf8fe9a3-0737-4e2c-8f13-c0b05fb6f11f req-cf8fe9a3-0737-4e2c-8f13-c0b05fb6f11f ] Request (ServerActionsTestOtherA:setUpClass): 200 GET http://10.180.1.21/compute/v2.1/servers/21f7d90d-396e-4b5d-850d-8a081b67f4a3 0.317s
2025-05-14 13:21:27.538 69727 INFO tempest.lib.common.rest_client [req-d4fa79e8-6de7-482d-b2b5-f7b70be8c07a req-d4fa79e8-6de7-482d-b2b5-f7b70be8c07a ] Request (ImagesTestJSON:test_create_image_from_suspended_server): 200 GET http://10.180.1.21/compute/v2.1/servers/c57a42b2-ae92-4dd2-91ee-69065a5eab0c 0.367s
2025-05-14 13:21:27.545 69727 INFO tempest.common.waiters [-] State transition "BUILD/block_device_mapping" ==> "BUILD/spawning" after 25 second wait
2025-05-14 13:21:27.561 69719 INFO tempest.lib.common.rest_client [req-89d3b892-8013-42fb-bdca-89c3a7f3469e req-89d3b892-8013-42fb-bdca-89c3a7f3469e ] Request (HypervisorAdminV228Test:tearDownClass): 200 GET http://10.180.1.21:9696/networking/v2.0/security-groups?tenant_id=9afdcbe39aff48e68c220dd1edc98d73&name=default 0.148s
2025-05-14 13:21:27.575 69721 INFO tempest.lib.common.rest_client [req-3544cbd6-eb91-4d92-ab99-db6f17b49311 req-3544cbd6-eb91-4d92-ab99-db6f17b49311 ] Request (ServerDiagnosticsV248Test:tearDownClass): 200 GET http://10.180.1.21/compute/v2.1/servers/c7124fd4-0db2-4fed-b568-57050643c022 0.320s
2025-05-14 13:21:27.584 69721 INFO tempest.common.waiters [-] State transition "ACTIVE/deleting" ==> "DELETED/None" after 4 second wait
2025-05-14 13:21:27.593 69703 INFO tempest.lib.common.rest_client [req-fba48ab7-6d7b-4bc0-8a0d-dd138da3a9a4 req-fba48ab7-6d7b-4bc0-8a0d-dd138da3a9a4 ] Request (ServerActionsTestJSON:setUpClass): 200 GET http://10.180.1.21/compute/v2.1/servers/97a20fc1-ef2b-4927-b335-3fd748bf90e3 0.325s
2025-05-14 13:21:27.608 69677 INFO tempest.lib.common.rest_client [req-b39d5c7f-d02f-447e-a9fd-949c48236af5 req-b39d5c7f-d02f-447e-a9fd-949c48236af5 ] Request (ImagesOneServerTestJSON:test_create_delete_image): 200 GET http://10.180.1.21/compute/v2.1/images/d75198e8-8a23-4684-af1f-c67fd85bd261 0.226s
2025-05-14 13:21:27.638 69707 INFO tempest.lib.common.rest_client [req-95af3c26-cfbe-424d-ab9e-9344ef71099b req-95af3c26-cfbe-424d-ab9e-9344ef71099b ] Request (ImagesMetadataTestJSON:test_update_image_metadata): 200 GET http://10.180.1.21/compute/v2.1/images/075c3e1d-b38b-4780-87a7-9c89499c9002/metadata 0.180s
2025-05-14 13:21:27.642 69699 INFO tempest.lib.common.rest_client [req-ed3619a2-d91c-439c-9cc2-550b6df7969a req-ed3619a2-d91c-439c-9cc2-550b6df7969a ] Request (SecurityGroupsTestJSON:test_list_security_groups_by_server): 200 GET http://10.180.1.21/compute/v2.1/servers/e0dc12e1-af91-4057-9fc1-219bbdc31fdd 0.247s
2025-05-14 13:21:27.649 69719 INFO tempest.lib.common.rest_client [req-50ccc1c0-52c9-460d-9d33-19e1dbcb3c15 req-50ccc1c0-52c9-460d-9d33-19e1dbcb3c15 ] Request (HypervisorAdminV228Test:tearDownClass): 204 DELETE http://10.180.1.21:9696/networking/v2.0/security-groups/054d74d9-e85b-4ead-9443-b72d4a686ee7 0.087s
2025-05-14 13:21:27.693 69707 INFO tempest.lib.common.rest_client [req-df471e69-eb41-4dcc-bf89-c354311965a3 req-df471e69-eb41-4dcc-bf89-c354311965a3 ] Request (ImagesMetadataTestJSON:tearDownClass): 204 DELETE http://10.180.1.21/image/v2/images/075c3e1d-b38b-4780-87a7-9c89499c9002 0.054s
2025-05-14 13:21:27.707 69717 INFO tempest.lib.common.rest_client [req-aebe5912-4f11-4843-9d45-4ba6d8acf97b req-aebe5912-4f11-4843-9d45-4ba6d8acf97b ] Request (ServersTestManualDisk:setUpClass): 200 GET http://10.180.1.21/compute/v2.1/servers/0972b291-5b74-4ca7-923e-10815f8de11f 0.141s
2025-05-14 13:21:27.708 69691 INFO tempest.lib.common.rest_client [req-fa495ee7-bc8d-4e16-a832-1929cf74cab4 req-fa495ee7-bc8d-4e16-a832-1929cf74cab4 ] Request (ServersTestMultiNic:_run_cleanups): 200 GET http://10.180.1.21/compute/v2.1/servers/d10e36b7-97c5-4468-bab1-bfc79f77ccf6 0.213s
2025-05-14 13:21:27.722 69677 INFO tempest.lib.common.rest_client [req-9c362827-77bc-46de-9fdc-9b568836051d req-9c362827-77bc-46de-9fdc-9b568836051d ] Request (ImagesOneServerTestJSON:test_create_delete_image): 200 GET http://10.180.1.21/compute/v2.1/flavors/42 0.111s
2025-05-14 13:21:27.723 69719 INFO tempest.lib.common.rest_client [req-c8d1ab4d-c661-4c1b-9786-5cdb16433fb7 req-c8d1ab4d-c661-4c1b-9786-5cdb16433fb7 ] Request (HypervisorAdminV228Test:tearDownClass): 204 DELETE http://10.180.1.21/identity/v3/projects/9afdcbe39aff48e68c220dd1edc98d73 0.073s
2025-05-14 13:21:27.723 69719 INFO tempest.lib.common.dynamic_creds [-] Deleting project and security group for project: 3571ab80299b4c09b85994e2500c6ca1
2025-05-14 13:21:27.771 69697 WARNING tempest.lib.common.ssh [-] Failed to establish authenticated ssh connection to cirros@10.180.180.212 ([Errno None] Unable to connect to port 22 on 10.180.180.212). Number attempts: 7. Retry after 8 seconds.: paramiko.ssh_exception.NoValidConnectionsError: [Errno None] Unable to connect to port 22 on 10.180.180.212
2025-05-14 13:21:27.786 69705 INFO tempest.lib.common.rest_client [req-08a0ed29-e324-4693-afbb-f41f114dcaf8 req-08a0ed29-e324-4693-afbb-f41f114dcaf8 ] Request (FloatingIPsAssociationNegativeTestJSON:tearDownClass): 200 GET http://10.180.1.21/compute/v2.1/servers/a5300d40-02de-4199-830e-054a12564f17 0.159s
2025-05-14 13:21:27.802 69671 INFO tempest.lib.common.rest_client [req-bac3d89f-0dea-4f2e-b234-eaa470080702 req-bac3d89f-0dea-4f2e-b234-eaa470080702 ] Request (ServerDiskConfigTestJSON:test_rebuild_server_with_auto_disk_config): 200 GET http://10.180.1.21/compute/v2.1/servers/fb1c0a77-257a-477d-8af7-63869267c317 0.109s
2025-05-14 13:21:27.851 69707 INFO tempest.lib.common.rest_client [req-0e5e5bfc-b885-4582-b8a2-739e9b04ab65 req-0e5e5bfc-b885-4582-b8a2-739e9b04ab65 ] Request (ImagesMetadataTestJSON:tearDownClass): 204 DELETE http://10.180.1.21/identity/v3/users/6d750604a3ad4084a8f6808b33818f67 0.157s
2025-05-14 13:21:27.851 69707 INFO tempest.lib.common.dynamic_creds [-] Deleting project and security group for project: 0dbbaa40d352425eb94a318b99809ea0
2025-05-14 13:21:27.893 69667 INFO tempest.lib.common.rest_client [req-93b66b63-9970-43c4-9f4c-d0ae4c813f72 req-93b66b63-9970-43c4-9f4c-d0ae4c813f72 ] Request (ListImageFiltersTestJSON:setUpClass): 200 GET http://10.180.1.21/compute/v2.1/servers/2fa11155-93c9-497c-a25f-d24ffcedeb9e 0.194s
2025-05-14 13:21:27.933 69719 INFO tempest.lib.common.rest_client [req-b0bb982d-75c5-4a52-b74b-1d4c66499a78 req-b0bb982d-75c5-4a52-b74b-1d4c66499a78 ] Request (HypervisorAdminV228Test:tearDownClass): 200 GET http://10.180.1.21:9696/networking/v2.0/security-groups?tenant_id=3571ab80299b4c09b85994e2500c6ca1&name=default 0.210s
2025-05-14 13:21:27.941 69707 INFO tempest.lib.common.rest_client [req-2c7d2775-49c5-47fa-88de-d8212608cc52 req-2c7d2775-49c5-47fa-88de-d8212608cc52 ] Request (ImagesMetadataTestJSON:tearDownClass): 201 POST http://10.180.1.21/identity/v3/auth/tokens 0.089s
2025-05-14 13:21:27.943 69677 INFO tempest.lib.common.rest_client [req-60f9b25a-4480-4f12-85c2-4afbea4e507d req-60f9b25a-4480-4f12-85c2-4afbea4e507d ] Request (ImagesOneServerTestJSON:test_create_delete_image): 204 DELETE http://10.180.1.21/compute/v2.1/images/bc43db70-9a33-4df7-a905-00dd7f129f76 0.217s
2025-05-14 13:21:28.040 69693 INFO tempest.lib.common.rest_client [req-49a47652-37e8-4aac-8afb-4eb212b6d03f req-49a47652-37e8-4aac-8afb-4eb212b6d03f ] Request (ServersTestJSON:tearDownClass): 200 GET http://10.180.1.21/compute/v2.1/servers/c32bd89f-aae2-4f58-9b84-18b5f0d8801c 0.198s
2025-05-14 13:21:28.054 69681 INFO tempest.lib.common.rest_client [req-ed8ba1d2-f61a-49e5-bde9-2611d4005d7a req-ed8ba1d2-f61a-49e5-bde9-2611d4005d7a ] Request (ServerTagsTestJSON:setUpClass): 200 GET http://10.180.1.21/compute/v2.1/servers/0c362d02-acb5-493f-a146-e46ba4c3e26f 0.221s
2025-05-14 13:21:28.063 69677 INFO tempest.lib.common.rest_client [req-5b679f9c-b014-4f40-93df-513e11ddc46b req-5b679f9c-b014-4f40-93df-513e11ddc46b ] Request (ImagesOneServerTestJSON:test_create_delete_image): 404 GET http://10.180.1.21/compute/v2.1/images/bc43db70-9a33-4df7-a905-00dd7f129f76 0.119s
2025-05-14 13:21:28.125 69719 INFO tempest.lib.common.rest_client [req-bb4edd74-b198-4344-ae26-79f03eb82bb4 req-bb4edd74-b198-4344-ae26-79f03eb82bb4 ] Request (HypervisorAdminV228Test:tearDownClass): 204 DELETE http://10.180.1.21:9696/networking/v2.0/security-groups/4e2d7be8-eb71-45bc-9cc4-38ab03c8e4a3 0.191s
2025-05-14 13:21:28.148 69709 INFO tempest.lib.common.rest_client [req-df9f9636-55c1-44e9-b881-382288274179 req-df9f9636-55c1-44e9-b881-382288274179 ] Request (AttachVolumeTestJSON:test_attach_detach_volume): 200 GET http://10.180.1.21/compute/v2.1/servers/0cebab59-253b-4037-99a0-26667add9e9d 0.145s
2025-05-14 13:21:28.185 69707 INFO tempest.lib.common.rest_client [req-db2b3bd9-2ee6-4d22-a486-7f366daaa679 req-db2b3bd9-2ee6-4d22-a486-7f366daaa679 ] Request (ImagesMetadataTestJSON:tearDownClass): 200 GET http://10.180.1.21:9696/networking/v2.0/security-groups?tenant_id=0dbbaa40d352425eb94a318b99809ea0&name=default 0.244s
2025-05-14 13:21:28.219 69719 INFO tempest.lib.common.rest_client [req-87bc27d7-296f-4169-a646-a662c05a9346 req-87bc27d7-296f-4169-a646-a662c05a9346 ] Request (HypervisorAdminV228Test:tearDownClass): 204 DELETE http://10.180.1.21/identity/v3/projects/3571ab80299b4c09b85994e2500c6ca1 0.093s
2025-05-14 13:21:28.245 69695 INFO tempest.lib.common.rest_client [req-425ce5e0-e774-4bc5-acef-f545eb5c0e65 req-425ce5e0-e774-4bc5-acef-f545eb5c0e65 ] Request (MigrationsAdminTest:test_list_migrations_in_flavor_resize_situation): 200 GET http://10.180.1.21/compute/v2.1/servers/219f08aa-ebaa-44f0-9bc9-1a0401fabb23 0.294s
2025-05-14 13:21:28.273 69707 INFO tempest.lib.common.rest_client [req-b7013fa7-6183-4cd3-a8ec-2e74e5588ea3 req-b7013fa7-6183-4cd3-a8ec-2e74e5588ea3 ] Request (ImagesMetadataTestJSON:tearDownClass): 204 DELETE http://10.180.1.21:9696/networking/v2.0/security-groups/b4b67c0d-1991-4db1-98b1-30b070e7138c 0.087s
2025-05-14 13:21:28.291 69719 INFO tempest.lib.common.rest_client [req-384b4d56-5ceb-4674-be47-b9fc3c36b50f req-384b4d56-5ceb-4674-be47-b9fc3c36b50f ] Request (FloatingIPsTestJSON:setUpClass): 201 POST http://10.180.1.21/identity/v3/auth/tokens 0.067s
2025-05-14 13:21:28.314 69679 INFO tempest.lib.common.rest_client [req-85159103-02d5-4ef1-b596-fe5381feca09 req-85159103-02d5-4ef1-b596-fe5381feca09 ] Request (TenantUsagesTestJSON:tearDownClass): 200 GET http://10.180.1.21/compute/v2.1/servers/0ad8034d-05fb-41aa-8dcf-4554b8cc461a 0.251s
2025-05-14 13:21:28.370 69707 INFO tempest.lib.common.rest_client [req-18041acb-92ed-4e00-9f39-80ea322663e8 req-18041acb-92ed-4e00-9f39-80ea322663e8 ] Request (ImagesMetadataTestJSON:tearDownClass): 204 DELETE http://10.180.1.21/identity/v3/projects/0dbbaa40d352425eb94a318b99809ea0 0.097s
2025-05-14 13:21:28.383 69729 INFO tempest.lib.common.rest_client [req-e579ce54-993b-442d-8523-4ef7cfed3e60 req-e579ce54-993b-442d-8523-4ef7cfed3e60 ] Request (ServersAdminTestJSON:test_inject_network_info): 200 GET http://10.180.1.21/compute/v2.1/servers/69a20aa3-1f89-4e23-9c22-0220c8197535 0.280s
2025-05-14 13:21:28.404 69719 INFO tempest.lib.common.rest_client [req-b8b5af11-f3f5-46ea-87c7-3db904ea08ea req-b8b5af11-f3f5-46ea-87c7-3db904ea08ea ] Request (FloatingIPsTestJSON:setUpClass): 201 POST http://10.180.1.21/identity/v3/auth/tokens 0.110s
2025-05-14 13:21:28.436 69707 INFO tempest.lib.common.rest_client [req-0ba46629-42d7-4f7b-a80c-aae38bf6853b req-0ba46629-42d7-4f7b-a80c-aae38bf6853b ] Request (ImagesMetadataNegativeTestJSON:setUpClass): 201 POST http://10.180.1.21/identity/v3/auth/tokens 0.064s
2025-05-14 13:21:28.459 69719 INFO tempest.lib.common.rest_client [req-6b656058-dcfd-4a95-9812-ba7117db725f req-6b656058-dcfd-4a95-9812-ba7117db725f ] Request (FloatingIPsTestJSON:setUpClass): 200 GET http://10.180.1.21/identity/v3/domains?name=Default 0.054s
2025-05-14 13:21:28.493 69707 INFO tempest.lib.common.rest_client [req-218bb955-f40a-4f78-bf28-15a2db49be6c req-218bb955-f40a-4f78-bf28-15a2db49be6c ] Request (ImagesMetadataNegativeTestJSON:setUpClass): 201 POST http://10.180.1.21/identity/v3/auth/tokens 0.053s
2025-05-14 13:21:28.520 69713 INFO tempest.lib.common.rest_client [req-e3bff39a-5c1a-4b4d-9a7c-d9b2e6eaea08 req-e3bff39a-5c1a-4b4d-9a7c-d9b2e6eaea08 ] Request (DeleteServersAdminTestJSON:test_delete_server_while_in_error_state): 200 GET http://10.180.1.21/compute/v2.1/servers/823fca95-83da-462b-922a-6137a1cd85a3 0.318s
2025-05-14 13:21:28.526 69719 INFO tempest.lib.common.rest_client [req-73e187d9-5d98-4545-ba0b-7410e5b2de6e req-73e187d9-5d98-4545-ba0b-7410e5b2de6e ] Request (FloatingIPsTestJSON:setUpClass): 201 POST http://10.180.1.21/identity/v3/projects 0.066s
2025-05-14 13:21:28.590 69707 INFO tempest.lib.common.rest_client [req-fa38963f-9213-448c-b213-4e60c7a44bee req-fa38963f-9213-448c-b213-4e60c7a44bee ] Request (ImagesMetadataNegativeTestJSON:setUpClass): 200 GET http://10.180.1.21/identity/v3/domains?name=Default 0.097s
2025-05-14 13:21:28.613 69719 INFO tempest.lib.common.rest_client [req-164fecf9-9c4d-45b2-8634-e80328f73e74 req-164fecf9-9c4d-45b2-8634-e80328f73e74 ] Request (FloatingIPsTestJSON:setUpClass): 201 POST http://10.180.1.21/identity/v3/users 0.086s
2025-05-14 13:21:28.616 69725 INFO tempest.lib.common.rest_client [req-b0f01a7b-1da6-4f00-9e61-abe657397ab5 req-b0f01a7b-1da6-4f00-9e61-abe657397ab5 ] Request (AttachInterfacesUnderV243Test:_run_cleanups): 200 GET http://10.180.1.21/compute/v2.1/servers/de0d3b42-8371-4344-a262-63ecd4401849 0.345s
2025-05-14 13:21:28.634 69707 INFO tempest.lib.common.rest_client [req-20e22038-c940-49cc-acb7-2b96a6e8f3bf req-20e22038-c940-49cc-acb7-2b96a6e8f3bf ] Request (ImagesMetadataNegativeTestJSON:setUpClass): 201 POST http://10.180.1.21/identity/v3/projects 0.043s
2025-05-14 13:21:28.683 69673 WARNING tempest.lib.common.ssh [-] Failed to establish authenticated ssh connection to cirros@10.180.180.252 ([Errno None] Unable to connect to port 22 on 10.180.180.252). Number attempts: 1. Retry after 2 seconds.: paramiko.ssh_exception.NoValidConnectionsError: [Errno None] Unable to connect to port 22 on 10.180.180.252
2025-05-14 13:21:28.684 69701 INFO tempest.lib.common.rest_client [req-9f1f2446-422f-4fb6-8de0-9cc96d1fb9cc req-9f1f2446-422f-4fb6-8de0-9cc96d1fb9cc ] Request (MultipleCreateTestJSON:_run_cleanups): 200 GET http://10.180.1.21/compute/v2.1/servers/d3fc062b-3ffc-4b21-b9a4-32745a44f1ca 0.239s
2025-05-14 13:21:28.687 69719 INFO tempest.lib.common.rest_client [req-bed9feb1-ea3e-47e3-afcb-67f8d9e1b007 req-bed9feb1-ea3e-47e3-afcb-67f8d9e1b007 ] Request (FloatingIPsTestJSON:setUpClass): 200 GET http://10.180.1.21/identity/v3/roles 0.074s
2025-05-14 13:21:28.704 69707 INFO tempest.lib.common.rest_client [req-a7805144-fe7b-4f19-a32f-56afe64f96ae req-a7805144-fe7b-4f19-a32f-56afe64f96ae ] Request (ImagesMetadataNegativeTestJSON:setUpClass): 201 POST http://10.180.1.21/identity/v3/users 0.069s
2025-05-14 13:21:28.730 69719 INFO tempest.lib.common.rest_client [req-fb0c746a-1519-4d4b-84bf-7507184fffeb req-fb0c746a-1519-4d4b-84bf-7507184fffeb ] Request (FloatingIPsTestJSON:setUpClass): 204 PUT http://10.180.1.21/identity/v3/projects/5fdb2dd6a14245a493d2ffd06c0ead6f/users/406800e7bb784ba78b639870eed96b12/roles/2663188572304aa28c56e69be1a2bf6c 0.042s
2025-05-14 13:21:28.730 69719 INFO tempest.lib.common.dynamic_creds [-] Dynamic test user 406800e7bb784ba78b639870eed96b12 is created with scope project and roles: ['member']
2025-05-14 13:21:28.730 69719 INFO tempest.lib.common.dynamic_creds [-] Acquired dynamic creds: credentials: Credentials: {'domain_id': 'default', 'domain_name': 'Default', 'username': 'tempest-FloatingIPsTestJSON-1076492959-project-member', 'project_domain_id': 'default', 'project_domain_name': 'Default', 'project_id': '5fdb2dd6a14245a493d2ffd06c0ead6f', 'project_name': 'tempest-FloatingIPsTestJSON-1076492959', 'tenant_id': '5fdb2dd6a14245a493d2ffd06c0ead6f', 'tenant_name': 'tempest-FloatingIPsTestJSON-1076492959', 'user_domain_id': 'default', 'user_domain_name': 'Default', 'user_id': '406800e7bb784ba78b639870eed96b12', 'system': None}, Network: None, Subnet: None, Router: None
2025-05-14 13:21:28.746 69723 INFO tempest.lib.common.rest_client [req-251a17d7-6abe-43b5-8d94-9eddcff36b6f req-251a17d7-6abe-43b5-8d94-9eddcff36b6f ] Request (ServerActionsTestOtherA:setUpClass): 200 GET http://10.180.1.21/compute/v2.1/servers/21f7d90d-396e-4b5d-850d-8a081b67f4a3 0.222s
2025-05-14 13:21:28.791 69707 INFO tempest.lib.common.rest_client [req-673143dd-d505-474c-a698-4438651b8682 req-673143dd-d505-474c-a698-4438651b8682 ] Request (ImagesMetadataNegativeTestJSON:setUpClass): 200 GET http://10.180.1.21/identity/v3/roles 0.087s
2025-05-14 13:21:28.809 69719 INFO tempest.lib.common.rest_client [req-1b9ab710-73b6-4846-8160-65a493eec839 req-1b9ab710-73b6-4846-8160-65a493eec839 ] Request (FloatingIPsTestJSON:setUpClass): 201 POST http://10.180.1.21/identity/v3/auth/tokens 0.078s
2025-05-14 13:21:28.826 69707 INFO tempest.lib.common.rest_client [req-55398d70-ee38-4edc-8dab-9faa9c6a9fb8 req-55398d70-ee38-4edc-8dab-9faa9c6a9fb8 ] Request (ImagesMetadataNegativeTestJSON:setUpClass): 204 PUT http://10.180.1.21/identity/v3/projects/fb845f1c35204724a4c767480390ae02/users/faf3907863d647ce92392e98660140e6/roles/2663188572304aa28c56e69be1a2bf6c 0.034s
2025-05-14 13:21:28.826 69707 INFO tempest.lib.common.dynamic_creds [-] Dynamic test user faf3907863d647ce92392e98660140e6 is created with scope project and roles: ['member']
2025-05-14 13:21:28.826 69707 INFO tempest.lib.common.dynamic_creds [-] Acquired dynamic creds: credentials: Credentials: {'domain_id': 'default', 'domain_name': 'Default', 'username': 'tempest-ImagesMetadataNegativeTestJSON-1903062852-project-member', 'project_domain_id': 'default', 'project_domain_name': 'Default', 'project_id': 'fb845f1c35204724a4c767480390ae02', 'project_name': 'tempest-ImagesMetadataNegativeTestJSON-1903062852', 'tenant_id': 'fb845f1c35204724a4c767480390ae02', 'tenant_name': 'tempest-ImagesMetadataNegativeTestJSON-1903062852', 'user_domain_id': 'default', 'user_domain_name': 'Default', 'user_id': 'faf3907863d647ce92392e98660140e6', 'system': None}, Network: None, Subnet: None, Router: None
2025-05-14 13:21:28.826 69707 INFO tempest.lib.common.dynamic_creds [-] Created isolated network resources for: credentials: Credentials: {'domain_id': 'default', 'domain_name': 'Default', 'username': 'tempest-ImagesMetadataNegativeTestJSON-1903062852-project-member', 'project_domain_id': 'default', 'project_domain_name': 'Default', 'project_id': 'fb845f1c35204724a4c767480390ae02', 'project_name': 'tempest-ImagesMetadataNegativeTestJSON-1903062852', 'tenant_id': 'fb845f1c35204724a4c767480390ae02', 'tenant_name': 'tempest-ImagesMetadataNegativeTestJSON-1903062852', 'user_domain_id': 'default', 'user_domain_name': 'Default', 'user_id': 'faf3907863d647ce92392e98660140e6', 'system': None}, Network: None, Subnet: None, Router: None
2025-05-14 13:21:28.876 69727 INFO tempest.lib.common.rest_client [req-ed7c43d3-14a4-41b8-8d5e-014cdcddbce3 req-ed7c43d3-14a4-41b8-8d5e-014cdcddbce3 ] Request (ImagesTestJSON:test_create_image_from_suspended_server): 200 GET http://10.180.1.21/compute/v2.1/servers/c57a42b2-ae92-4dd2-91ee-69065a5eab0c 0.331s
2025-05-14 13:21:28.910 69707 INFO tempest.lib.common.rest_client [req-d7dc65c3-7231-4705-8fed-a6d5a5c6be62 req-d7dc65c3-7231-4705-8fed-a6d5a5c6be62 ] Request (ImagesMetadataNegativeTestJSON:setUpClass): 201 POST http://10.180.1.21/identity/v3/auth/tokens 0.080s
2025-05-14 13:21:28.914 69677 INFO tempest.lib.common.rest_client [req-9cc54b57-0090-4ee1-91d5-48d193a11134 req-9cc54b57-0090-4ee1-91d5-48d193a11134 ] Request (ImagesOneServerTestJSON:test_create_image_specify_multibyte_character_image_name): 202 POST http://10.180.1.21/compute/v2.1/servers/08474bab-98fc-42ff-ae8a-fde7d4819d51/action 0.849s
2025-05-14 13:21:28.952 69721 INFO tempest.lib.common.rest_client [req-12bc8bf4-deb9-457d-beb0-cf81b06b8b19 req-12bc8bf4-deb9-457d-beb0-cf81b06b8b19 ] Request (ServerDiagnosticsV248Test:tearDownClass): 200 GET http://10.180.1.21/compute/v2.1/servers/c7124fd4-0db2-4fed-b568-57050643c022 0.368s
2025-05-14 13:21:28.970 69703 INFO tempest.lib.common.rest_client [req-dedbbd61-9047-4a8e-b165-7133c8905f3b req-dedbbd61-9047-4a8e-b165-7133c8905f3b ] Request (ServerActionsTestJSON:setUpClass): 200 GET http://10.180.1.21/compute/v2.1/servers/97a20fc1-ef2b-4927-b335-3fd748bf90e3 0.369s
2025-05-14 13:21:29.053 69717 INFO tempest.lib.common.rest_client [req-a6ea8a5b-e870-4c1f-b0e4-88556c95dbbd req-a6ea8a5b-e870-4c1f-b0e4-88556c95dbbd ] Request (ServersTestManualDisk:setUpClass): 200 GET http://10.180.1.21/compute/v2.1/servers/0972b291-5b74-4ca7-923e-10815f8de11f 0.338s
2025-05-14 13:21:29.129 69691 INFO tempest.lib.common.rest_client [req-dd5ab790-d3f9-42e5-a792-6dc21e7d1335 req-dd5ab790-d3f9-42e5-a792-6dc21e7d1335 ] Request (ServersTestMultiNic:_run_cleanups): 200 GET http://10.180.1.21/compute/v2.1/servers/d10e36b7-97c5-4468-bab1-bfc79f77ccf6 0.412s
2025-05-14 13:21:29.216 69699 INFO tempest.lib.common.rest_client [req-410606ec-89c3-4201-bff7-366fb94d2292 req-410606ec-89c3-4201-bff7-366fb94d2292 ] Request (SecurityGroupsTestJSON:test_list_security_groups_by_server): 200 GET http://10.180.1.21/compute/v2.1/servers/e0dc12e1-af91-4057-9fc1-219bbdc31fdd 0.565s
2025-05-14 13:21:29.219 69705 INFO tempest.lib.common.rest_client [req-61d71a5c-12dd-49be-aa84-f337372e9d66 req-61d71a5c-12dd-49be-aa84-f337372e9d66 ] Request (FloatingIPsAssociationNegativeTestJSON:tearDownClass): 200 GET http://10.180.1.21/compute/v2.1/servers/a5300d40-02de-4199-830e-054a12564f17 0.424s
2025-05-14 13:21:29.223 69699 INFO tempest.common.waiters [-] State transition "BUILD/None" ==> "BUILD/block_device_mapping" after 25 second wait
2025-05-14 13:21:29.248 69719 INFO tempest.lib.common.rest_client [req-cdbeb50b-3a77-4b8f-9656-d1d323c7301d req-cdbeb50b-3a77-4b8f-9656-d1d323c7301d ] Request (FloatingIPsTestJSON:setUpClass): 201 POST http://10.180.1.21:9696/networking/v2.0/networks 0.439s
2025-05-14 13:21:29.280 69671 INFO tempest.lib.common.rest_client [req-a538f20f-f2e0-4e75-900e-23fe93cf5619 req-a538f20f-f2e0-4e75-900e-23fe93cf5619 ] Request (ServerDiskConfigTestJSON:test_rebuild_server_with_auto_disk_config): 200 GET http://10.180.1.21/compute/v2.1/servers/fb1c0a77-257a-477d-8af7-63869267c317 0.469s
2025-05-14 13:21:29.297 69667 INFO tempest.lib.common.rest_client [req-3827ceec-dc80-4dc3-a1a2-a2f322c8003f req-3827ceec-dc80-4dc3-a1a2-a2f322c8003f ] Request (ListImageFiltersTestJSON:setUpClass): 200 GET http://10.180.1.21/compute/v2.1/servers/2fa11155-93c9-497c-a25f-d24ffcedeb9e 0.396s
2025-05-14 13:21:29.340 69677 INFO tempest.lib.common.rest_client [req-acc0a32c-00ec-4761-903f-438ec1642ec1 req-acc0a32c-00ec-4761-903f-438ec1642ec1 ] Request (ImagesOneServerTestJSON:test_create_image_specify_multibyte_character_image_name): 200 GET http://10.180.1.21/compute/v2.1/images/597411d9-8ff2-4270-8844-483cf94fcb9e 0.422s
2025-05-14 13:21:29.391 69707 INFO tempest.lib.common.rest_client [req-18a5bb41-9a4b-40c3-a05b-38bae59ce97d req-18a5bb41-9a4b-40c3-a05b-38bae59ce97d ] Request (ImagesMetadataNegativeTestJSON:test_delete_nonexistent_image_metadata_item): 404 DELETE http://10.180.1.21/compute/v2.1/images/3356e00b-010e-4ab9-826c-01de6e9b0e9f/metadata/os_distro 0.479s
2025-05-14 13:21:29.426 69719 INFO tempest.lib.common.rest_client [req-4537d54d-5095-487e-b530-f5f68312c691 req-4537d54d-5095-487e-b530-f5f68312c691 ] Request (FloatingIPsTestJSON:setUpClass): 201 POST http://10.180.1.21:9696/networking/v2.0/subnets 0.177s
2025-05-14 13:21:29.439 69693 INFO tempest.lib.common.rest_client [req-27e4addc-c9a1-4e01-bd05-53e918fc8d22 req-27e4addc-c9a1-4e01-bd05-53e918fc8d22 ] Request (ServersTestJSON:tearDownClass): 200 GET http://10.180.1.21/compute/v2.1/servers/c32bd89f-aae2-4f58-9b84-18b5f0d8801c 0.387s
2025-05-14 13:21:29.532 69709 INFO tempest.lib.common.rest_client [req-c488a4a2-191e-4296-b88b-506e3091ff08 req-c488a4a2-191e-4296-b88b-506e3091ff08 ] Request (AttachVolumeTestJSON:test_attach_detach_volume): 200 GET http://10.180.1.21/compute/v2.1/servers/0cebab59-253b-4037-99a0-26667add9e9d 0.367s
2025-05-14 13:21:29.629 69683 WARNING tempest.lib.common.ssh [-] Failed to establish authenticated ssh connection to cirros@10.180.180.171 ([Errno None] Unable to connect to port 22 on 10.180.180.171). Number attempts: 1. Retry after 2 seconds.: paramiko.ssh_exception.NoValidConnectionsError: [Errno None] Unable to connect to port 22 on 10.180.180.171
2025-05-14 13:21:29.671 69681 INFO tempest.lib.common.rest_client [req-f6b1d0da-b363-4cfb-a637-3744d275e3e9 req-f6b1d0da-b363-4cfb-a637-3744d275e3e9 ] Request (ServerTagsTestJSON:setUpClass): 200 GET http://10.180.1.21/compute/v2.1/servers/0c362d02-acb5-493f-a146-e46ba4c3e26f 0.602s
2025-05-14 13:21:29.771 69679 INFO tempest.lib.common.rest_client [req-27841d80-2e7a-4a5c-a335-6a6c53009bb6 req-27841d80-2e7a-4a5c-a335-6a6c53009bb6 ] Request (TenantUsagesTestJSON:tearDownClass): 200 GET http://10.180.1.21/compute/v2.1/servers/0ad8034d-05fb-41aa-8dcf-4554b8cc461a 0.446s
2025-05-14 13:21:29.797 69695 INFO tempest.lib.common.rest_client [req-9259a0c8-c251-4736-b908-0662f516e159 req-9259a0c8-c251-4736-b908-0662f516e159 ] Request (MigrationsAdminTest:test_list_migrations_in_flavor_resize_situation): 200 GET http://10.180.1.21/compute/v2.1/servers/219f08aa-ebaa-44f0-9bc9-1a0401fabb23 0.544s
2025-05-14 13:21:29.822 69707 INFO tempest.lib.common.rest_client [req-32b1194e-67f0-41dd-a2f6-1af92e7be38c req-32b1194e-67f0-41dd-a2f6-1af92e7be38c ] Request (ImagesMetadataNegativeTestJSON:test_get_nonexistent_image_metadata_item): 404 GET http://10.180.1.21/compute/v2.1/images/4542deee-4bd0-4704-b253-1dd0d1921e28/metadata/os_version 0.429s
2025-05-14 13:21:29.870 69729 INFO tempest.lib.common.rest_client [req-4027a140-faef-4d03-b6ff-3113f036453c req-4027a140-faef-4d03-b6ff-3113f036453c ] Request (ServersAdminTestJSON:test_inject_network_info): 200 GET http://10.180.1.21/compute/v2.1/servers/69a20aa3-1f89-4e23-9c22-0220c8197535 0.478s
2025-05-14 13:21:29.952 69725 INFO tempest.lib.common.rest_client [req-e633b452-89fa-45e9-b92f-463259bba6ea req-e633b452-89fa-45e9-b92f-463259bba6ea ] Request (AttachInterfacesUnderV243Test:_run_cleanups): 200 GET http://10.180.1.21/compute/v2.1/servers/de0d3b42-8371-4344-a262-63ecd4401849 0.325s
2025-05-14 13:21:30.018 69713 INFO tempest.lib.common.rest_client [req-9e4daba8-08a1-4d13-8193-0aa985376fc1 req-9e4daba8-08a1-4d13-8193-0aa985376fc1 ] Request (DeleteServersAdminTestJSON:test_delete_server_while_in_error_state): 200 GET http://10.180.1.21/compute/v2.1/servers/823fca95-83da-462b-922a-6137a1cd85a3 0.486s
2025-05-14 13:21:30.031 69701 INFO tempest.lib.common.rest_client [req-87e8afc9-5818-4eb2-99dd-5bc10721ff69 req-87e8afc9-5818-4eb2-99dd-5bc10721ff69 ] Request (MultipleCreateTestJSON:_run_cleanups): 200 GET http://10.180.1.21/compute/v2.1/servers/d3fc062b-3ffc-4b21-b9a4-32745a44f1ca 0.335s
2025-05-14 13:21:30.051 69707 INFO tempest.lib.common.rest_client [req-9e6bfd93-a4cd-4edc-90d2-3999f3d91210 req-9e6bfd93-a4cd-4edc-90d2-3999f3d91210 ] Request (ImagesMetadataNegativeTestJSON:test_list_nonexistent_image_metadata): 404 GET http://10.180.1.21/compute/v2.1/images/452ec3d7-c155-4505-8b7e-9d0987391c8d/metadata 0.227s
2025-05-14 13:21:30.101 69723 INFO tempest.lib.common.rest_client [req-fab66b51-d33e-4f9f-b967-008085d52bbf req-fab66b51-d33e-4f9f-b967-008085d52bbf ] Request (ServerActionsTestOtherA:setUpClass): 200 GET http://10.180.1.21/compute/v2.1/servers/21f7d90d-396e-4b5d-850d-8a081b67f4a3 0.346s
2025-05-14 13:21:30.118 69719 INFO tempest.lib.common.rest_client [req-0959d5e8-53b4-4e65-818d-05089c84cdc2 req-0959d5e8-53b4-4e65-818d-05089c84cdc2 ] Request (FloatingIPsTestJSON:setUpClass): 201 POST http://10.180.1.21:9696/networking/v2.0/routers 0.692s
2025-05-14 13:21:30.173 69721 INFO tempest.lib.common.rest_client [req-4fa318f2-01c1-420a-b870-3bd3840c9f66 req-4fa318f2-01c1-420a-b870-3bd3840c9f66 ] Request (ServerDiagnosticsV248Test:tearDownClass): 200 GET http://10.180.1.21/compute/v2.1/servers/c7124fd4-0db2-4fed-b568-57050643c022 0.210s
2025-05-14 13:21:30.202 69727 INFO tempest.lib.common.rest_client [req-e6819535-9b3b-48fc-95dc-4cdb55da555a req-e6819535-9b3b-48fc-95dc-4cdb55da555a ] Request (ImagesTestJSON:test_create_image_from_suspended_server): 200 GET http://10.180.1.21/compute/v2.1/servers/c57a42b2-ae92-4dd2-91ee-69065a5eab0c 0.312s
2025-05-14 13:21:30.203 69687 WARNING tempest.lib.common.ssh [-] Failed to establish authenticated ssh connection to cirros@10.180.180.219 ([Errno None] Unable to connect to port 22 on 10.180.180.219). Number attempts: 6. Retry after 7 seconds.: paramiko.ssh_exception.NoValidConnectionsError: [Errno None] Unable to connect to port 22 on 10.180.180.219
2025-05-14 13:21:30.224 69707 INFO tempest.lib.common.rest_client [req-12748da6-35cc-4e76-a6de-7dd150f1308c req-12748da6-35cc-4e76-a6de-7dd150f1308c ] Request (ImagesMetadataNegativeTestJSON:test_set_nonexistent_image_metadata): 404 PUT http://10.180.1.21/compute/v2.1/images/19524794-e5c4-426b-bd0c-d7afd87a3140/metadata 0.171s
2025-05-14 13:21:30.239 69703 INFO tempest.lib.common.rest_client [req-66743d6d-42c7-478e-afb3-253400386aaf req-66743d6d-42c7-478e-afb3-253400386aaf ] Request (ServerActionsTestJSON:setUpClass): 200 GET http://10.180.1.21/compute/v2.1/servers/97a20fc1-ef2b-4927-b335-3fd748bf90e3 0.259s
2025-05-14 13:21:30.306 69717 INFO tempest.lib.common.rest_client [req-6811d34c-e38a-4e66-ac21-9c0dc271524b req-6811d34c-e38a-4e66-ac21-9c0dc271524b ] Request (ServersTestManualDisk:setUpClass): 200 GET http://10.180.1.21/compute/v2.1/servers/0972b291-5b74-4ca7-923e-10815f8de11f 0.244s
2025-05-14 13:21:30.313 69691 INFO tempest.lib.common.rest_client [req-5f7167a2-3e0d-4426-99f5-24f3073e2ce1 req-5f7167a2-3e0d-4426-99f5-24f3073e2ce1 ] Request (ServersTestMultiNic:_run_cleanups): 200 GET http://10.180.1.21/compute/v2.1/servers/d10e36b7-97c5-4468-bab1-bfc79f77ccf6 0.172s
2025-05-14 13:21:30.338 69707 INFO tempest.lib.common.rest_client [req-56381795-d137-43a7-8a06-037dfff52cc4 req-56381795-d137-43a7-8a06-037dfff52cc4 ] Request (ImagesMetadataNegativeTestJSON:test_set_nonexistent_image_metadata_item): 404 PUT http://10.180.1.21/compute/v2.1/images/6546e837-cd36-44b6-94cd-68cae2b04b43/metadata/os_distro 0.111s
2025-05-14 13:21:30.416 69705 INFO tempest.lib.common.rest_client [req-9920686b-b450-4650-b6a9-50f6ad2fd690 req-9920686b-b450-4650-b6a9-50f6ad2fd690 ] Request (FloatingIPsAssociationNegativeTestJSON:tearDownClass): 200 GET http://10.180.1.21/compute/v2.1/servers/a5300d40-02de-4199-830e-054a12564f17 0.183s
2025-05-14 13:21:30.441 69699 INFO tempest.lib.common.rest_client [req-de66c343-3bf5-4e5b-8c2e-e67256689de0 req-de66c343-3bf5-4e5b-8c2e-e67256689de0 ] Request (SecurityGroupsTestJSON:test_list_security_groups_by_server): 200 GET http://10.180.1.21/compute/v2.1/servers/e0dc12e1-af91-4057-9fc1-219bbdc31fdd 0.216s
2025-05-14 13:21:30.449 69699 INFO tempest.common.waiters [-] State transition "BUILD/block_device_mapping" ==> "BUILD/spawning" after 26 second wait
2025-05-14 13:21:30.495 69671 INFO tempest.lib.common.rest_client [req-b2c4f884-43d7-4689-8e51-2f43462ff08b req-b2c4f884-43d7-4689-8e51-2f43462ff08b ] Request (ServerDiskConfigTestJSON:test_rebuild_server_with_auto_disk_config): 200 GET http://10.180.1.21/compute/v2.1/servers/fb1c0a77-257a-477d-8af7-63869267c317 0.204s
2025-05-14 13:21:30.522 69707 INFO tempest.lib.common.rest_client [req-21e82f57-7f89-470a-888f-6673a1aa38f9 req-21e82f57-7f89-470a-888f-6673a1aa38f9 ] Request (ImagesMetadataNegativeTestJSON:test_update_nonexistent_image_metadata): 404 POST http://10.180.1.21/compute/v2.1/images/fe8c0ef7-4f23-4d18-8177-d587c466c315/metadata 0.183s
2025-05-14 13:21:30.524 69667 INFO tempest.lib.common.rest_client [req-41d16b86-8e4f-4706-b724-58362833cde5 req-41d16b86-8e4f-4706-b724-58362833cde5 ] Request (ListImageFiltersTestJSON:setUpClass): 200 GET http://10.180.1.21/compute/v2.1/servers/2fa11155-93c9-497c-a25f-d24ffcedeb9e 0.212s
2025-05-14 13:21:30.568 69677 INFO tempest.lib.common.rest_client [req-58c89f12-ec2a-499b-a8df-369d5463e078 req-58c89f12-ec2a-499b-a8df-369d5463e078 ] Request (ImagesOneServerTestJSON:test_create_image_specify_multibyte_character_image_name): 200 GET http://10.180.1.21/compute/v2.1/images/597411d9-8ff2-4270-8844-483cf94fcb9e 0.223s
2025-05-14 13:21:30.650 69693 INFO tempest.lib.common.rest_client [req-0f63b896-3f4b-4d31-8bad-f329c147ae54 req-0f63b896-3f4b-4d31-8bad-f329c147ae54 ] Request (ServersTestJSON:tearDownClass): 200 GET http://10.180.1.21/compute/v2.1/servers/c32bd89f-aae2-4f58-9b84-18b5f0d8801c 0.201s
2025-05-14 13:21:30.651 69707 INFO tempest.lib.common.rest_client [req-df399f2b-54bd-43d8-9dc6-fdc3c9458286 req-df399f2b-54bd-43d8-9dc6-fdc3c9458286 ] Request (ImagesMetadataNegativeTestJSON:tearDownClass): 204 DELETE http://10.180.1.21/identity/v3/users/faf3907863d647ce92392e98660140e6 0.120s
2025-05-14 13:21:30.651 69707 INFO tempest.lib.common.dynamic_creds [-] Deleting project and security group for project: fb845f1c35204724a4c767480390ae02
2025-05-14 13:21:30.670 69709 INFO tempest.lib.common.rest_client [req-411cf4d6-3680-400a-ba2d-1fca9aee89e5 req-411cf4d6-3680-400a-ba2d-1fca9aee89e5 ] Request (AttachVolumeTestJSON:test_attach_detach_volume): 200 GET http://10.180.1.21/compute/v2.1/servers/0cebab59-253b-4037-99a0-26667add9e9d 0.121s
2025-05-14 13:21:30.761 69707 INFO tempest.lib.common.rest_client [req-faeb0cde-6507-4d49-88cf-27afe448be5d req-faeb0cde-6507-4d49-88cf-27afe448be5d ] Request (ImagesMetadataNegativeTestJSON:tearDownClass): 201 POST http://10.180.1.21/identity/v3/auth/tokens 0.109s
2025-05-14 13:21:30.865 69681 INFO tempest.lib.common.rest_client [req-d444c598-dc00-438e-b8e5-ec71c0ec72af req-d444c598-dc00-438e-b8e5-ec71c0ec72af ] Request (ServerTagsTestJSON:setUpClass): 200 GET http://10.180.1.21/compute/v2.1/servers/0c362d02-acb5-493f-a146-e46ba4c3e26f 0.185s
2025-05-14 13:21:30.875 69681 INFO tempest.common.waiters [-] State transition "BUILD/spawning" ==> "ACTIVE/None" after 34 second wait
2025-05-14 13:21:30.883 69679 INFO tempest.lib.common.rest_client [req-16938f33-a430-4ab9-9d59-1ec2309466e3 req-16938f33-a430-4ab9-9d59-1ec2309466e3 ] Request (TenantUsagesTestJSON:tearDownClass): 200 GET http://10.180.1.21/compute/v2.1/servers/0ad8034d-05fb-41aa-8dcf-4554b8cc461a 0.094s
2025-05-14 13:21:30.997 69695 INFO tempest.lib.common.rest_client [req-611a590a-041d-4a4e-a2d0-c9500bf8b268 req-611a590a-041d-4a4e-a2d0-c9500bf8b268 ] Request (MigrationsAdminTest:test_list_migrations_in_flavor_resize_situation): 200 GET http://10.180.1.21/compute/v2.1/servers/219f08aa-ebaa-44f0-9bc9-1a0401fabb23 0.188s
2025-05-14 13:21:31.007 69695 INFO tempest.common.waiters [-] State transition "VERIFY_RESIZE/None" ==> "ACTIVE/None" after 28 second wait
2025-05-14 13:21:31.024 69707 INFO tempest.lib.common.rest_client [req-c5f422d7-8121-4910-9b10-ee86c89cdbff req-c5f422d7-8121-4910-9b10-ee86c89cdbff ] Request (ImagesMetadataNegativeTestJSON:tearDownClass): 200 GET http://10.180.1.21:9696/networking/v2.0/security-groups?tenant_id=fb845f1c35204724a4c767480390ae02&name=default 0.263s
2025-05-14 13:21:31.064 69729 INFO tempest.lib.common.rest_client [req-39bb7b22-02c4-4e05-880a-71d9bfe3a87f req-39bb7b22-02c4-4e05-880a-71d9bfe3a87f ] Request (ServersAdminTestJSON:test_inject_network_info): 200 GET http://10.180.1.21/compute/v2.1/servers/69a20aa3-1f89-4e23-9c22-0220c8197535 0.186s
2025-05-14 13:21:31.131 69725 INFO tempest.lib.common.rest_client [req-6d6c97b2-5f05-43b7-89bb-5364a42a89fc req-6d6c97b2-5f05-43b7-89bb-5364a42a89fc ] Request (AttachInterfacesUnderV243Test:_run_cleanups): 200 GET http://10.180.1.21/compute/v2.1/servers/de0d3b42-8371-4344-a262-63ecd4401849 0.169s
2025-05-14 13:21:31.223 69681 INFO tempest.lib.common.rest_client [req-2d1306b4-89a0-4469-88c8-d9fa237265a2 req-2d1306b4-89a0-4469-88c8-d9fa237265a2 ] Request (ServerTagsTestJSON:test_check_tag_existence): 201 PUT http://10.180.1.21/compute/v2.1/servers/0c362d02-acb5-493f-a146-e46ba4c3e26f/tags/tempest-tag-1100140913 0.347s
2025-05-14 13:21:31.239 69695 INFO tempest.lib.common.rest_client [req-52d3f699-f766-436c-aefb-446f5743cc52 req-52d3f699-f766-436c-aefb-446f5743cc52 ] Request (MigrationsAdminTest:test_list_migrations_in_flavor_resize_situation): 200 GET http://10.180.1.21/compute/v2.1/servers/219f08aa-ebaa-44f0-9bc9-1a0401fabb23 0.232s
2025-05-14 13:21:31.326 69701 INFO tempest.lib.common.rest_client [req-315a8931-be28-4db4-b29a-62bba5ce3a30 req-315a8931-be28-4db4-b29a-62bba5ce3a30 ] Request (MultipleCreateTestJSON:_run_cleanups): 200 GET http://10.180.1.21/compute/v2.1/servers/d3fc062b-3ffc-4b21-b9a4-32745a44f1ca 0.287s
2025-05-14 13:21:31.333 69713 INFO tempest.lib.common.rest_client [req-c38cc98a-59c3-4f02-9b20-db8fcdb0b56c req-c38cc98a-59c3-4f02-9b20-db8fcdb0b56c ] Request (DeleteServersAdminTestJSON:test_delete_server_while_in_error_state): 200 GET http://10.180.1.21/compute/v2.1/servers/823fca95-83da-462b-922a-6137a1cd85a3 0.307s
2025-05-14 13:21:31.380 69723 INFO tempest.lib.common.rest_client [req-5f80fec2-18cc-461c-99ca-190eb16cf5a3 req-5f80fec2-18cc-461c-99ca-190eb16cf5a3 ] Request (ServerActionsTestOtherA:setUpClass): 200 GET http://10.180.1.21/compute/v2.1/servers/21f7d90d-396e-4b5d-850d-8a081b67f4a3 0.269s
2025-05-14 13:21:31.401 69721 INFO tempest.lib.common.rest_client [req-d06ae5bf-818f-4098-b2ac-3403620af401 req-d06ae5bf-818f-4098-b2ac-3403620af401 ] Request (ServerDiagnosticsV248Test:tearDownClass): 200 GET http://10.180.1.21/compute/v2.1/servers/c7124fd4-0db2-4fed-b568-57050643c022 0.207s
2025-05-14 13:21:31.413 69707 INFO tempest.lib.common.rest_client [req-b15e874c-c2bc-45f5-a2b4-e4394d3967c8 req-b15e874c-c2bc-45f5-a2b4-e4394d3967c8 ] Request (ImagesMetadataNegativeTestJSON:tearDownClass): 204 DELETE http://10.180.1.21:9696/networking/v2.0/security-groups/5cbdf5ce-2d24-451e-ab64-d301d39359d7 0.388s
2025-05-14 13:21:31.421 69681 INFO tempest.lib.common.rest_client [req-56be5556-073e-418e-86d8-7a46be101ed1 req-56be5556-073e-418e-86d8-7a46be101ed1 ] Request (ServerTagsTestJSON:test_check_tag_existence): 204 GET http://10.180.1.21/compute/v2.1/servers/0c362d02-acb5-493f-a146-e46ba4c3e26f/tags/tempest-tag-1100140913 0.197s
2025-05-14 13:21:31.486 69703 INFO tempest.lib.common.rest_client [req-111ee35b-3958-4b6c-ae20-846d081eeae8 req-111ee35b-3958-4b6c-ae20-846d081eeae8 ] Request (ServerActionsTestJSON:setUpClass): 200 GET http://10.180.1.21/compute/v2.1/servers/97a20fc1-ef2b-4927-b335-3fd748bf90e3 0.237s
2025-05-14 13:21:31.487 69707 INFO tempest.lib.common.rest_client [req-97f84f88-12b5-44e8-8d6c-616cde9c7a0c req-97f84f88-12b5-44e8-8d6c-616cde9c7a0c ] Request (ImagesMetadataNegativeTestJSON:tearDownClass): 204 DELETE http://10.180.1.21/identity/v3/projects/fb845f1c35204724a4c767480390ae02 0.074s
