2025-05-14 13:21:31.532 69695 INFO tempest.lib.common.rest_client [req-e304c047-8890-4e23-949c-44f24f4cc2bd req-e304c047-8890-4e23-949c-44f24f4cc2bd ] Request (MigrationsAdminTest:test_list_migrations_in_flavor_resize_situation): 200 POST http://10.180.1.21/compute/v2.1/os-keypairs 0.283s
2025-05-14 13:21:31.535 69727 INFO tempest.lib.common.rest_client [req-c30f84c8-b7c3-46cf-a0f5-75ba2d7e9544 req-c30f84c8-b7c3-46cf-a0f5-75ba2d7e9544 ] Request (ImagesTestJSON:test_create_image_from_suspended_server): 200 GET http://10.180.1.21/compute/v2.1/servers/c57a42b2-ae92-4dd2-91ee-69065a5eab0c 0.322s
2025-05-14 13:21:31.601 69717 INFO tempest.lib.common.rest_client [req-de133a63-3d9c-4c2f-8922-aa0b42619070 req-de133a63-3d9c-4c2f-8922-aa0b42619070 ] Request (ServersTestManualDisk:setUpClass): 200 GET http://10.180.1.21/compute/v2.1/servers/0972b291-5b74-4ca7-923e-10815f8de11f 0.284s
2025-05-14 13:21:31.617 69691 INFO tempest.lib.common.rest_client [req-7678c394-3e24-4af4-b9c5-b408ba880086 req-7678c394-3e24-4af4-b9c5-b408ba880086 ] Request (ServersTestMultiNic:_run_cleanups): 200 GET http://10.180.1.21/compute/v2.1/servers/d10e36b7-97c5-4468-bab1-bfc79f77ccf6 0.285s
2025-05-14 13:21:31.668 69681 INFO tempest.lib.common.rest_client [req-f097f543-f487-41f5-9740-60e7e1838259 req-f097f543-f487-41f5-9740-60e7e1838259 ] Request (ServerTagsTestJSON:_run_cleanups): 204 DELETE http://10.180.1.21/compute/v2.1/servers/0c362d02-acb5-493f-a146-e46ba4c3e26f/tags 0.246s
2025-05-14 13:21:31.700 69695 INFO tempest.lib.common.rest_client [req-5cf7e972-e5de-48f1-bb14-c0595e8bdfef req-5cf7e972-e5de-48f1-bb14-c0595e8bdfef ] Request (MigrationsAdminTest:test_list_migrations_in_flavor_resize_situation): 201 POST http://10.180.1.21:9696/networking/v2.0/security-groups 0.164s
2025-05-14 13:21:31.709 69705 INFO tempest.lib.common.rest_client [req-5c008517-7361-4eea-a504-a0397254be2f req-5c008517-7361-4eea-a504-a0397254be2f ] Request (FloatingIPsAssociationNegativeTestJSON:tearDownClass): 200 GET http://10.180.1.21/compute/v2.1/servers/a5300d40-02de-4199-830e-054a12564f17 0.284s
2025-05-14 13:21:31.741 69673 WARNING tempest.lib.common.ssh [-] Failed to establish authenticated ssh connection to cirros@10.180.180.252 ([Errno None] Unable to connect to port 22 on 10.180.180.252). Number attempts: 2. Retry after 3 seconds.: paramiko.ssh_exception.NoValidConnectionsError: [Errno None] Unable to connect to port 22 on 10.180.180.252
2025-05-14 13:21:31.778 69671 INFO tempest.lib.common.rest_client [req-08d173e2-cad8-402e-94fc-9d542bd25e66 req-08d173e2-cad8-402e-94fc-9d542bd25e66 ] Request (ServerDiskConfigTestJSON:test_rebuild_server_with_auto_disk_config): 200 GET http://10.180.1.21/compute/v2.1/servers/fb1c0a77-257a-477d-8af7-63869267c317 0.273s
2025-05-14 13:21:31.806 69699 INFO tempest.lib.common.rest_client [req-3c3e4ca6-2169-40da-9859-9c1eb0f11a45 req-3c3e4ca6-2169-40da-9859-9c1eb0f11a45 ] Request (SecurityGroupsTestJSON:test_list_security_groups_by_server): 200 GET http://10.180.1.21/compute/v2.1/servers/e0dc12e1-af91-4057-9fc1-219bbdc31fdd 0.355s
2025-05-14 13:21:31.844 69677 INFO tempest.lib.common.rest_client [req-20b729dc-5066-446e-9592-6c521999d758 req-20b729dc-5066-446e-9592-6c521999d758 ] Request (ImagesOneServerTestJSON:test_create_image_specify_multibyte_character_image_name): 200 GET http://10.180.1.21/compute/v2.1/images/597411d9-8ff2-4270-8844-483cf94fcb9e 0.273s
2025-05-14 13:21:31.860 69667 INFO tempest.lib.common.rest_client [req-2c77c872-9544-4ee2-be9f-7d2e466dcfac req-2c77c872-9544-4ee2-be9f-7d2e466dcfac ] Request (ListImageFiltersTestJSON:setUpClass): 200 GET http://10.180.1.21/compute/v2.1/servers/2fa11155-93c9-497c-a25f-d24ffcedeb9e 0.326s
2025-05-14 13:21:31.892 69695 INFO tempest.lib.common.rest_client [req-ce26ca9a-dd3c-47fe-9aa8-436ccd9ead41 req-ce26ca9a-dd3c-47fe-9aa8-436ccd9ead41 ] Request (MigrationsAdminTest:test_list_migrations_in_flavor_resize_situation): 201 POST http://10.180.1.21:9696/networking/v2.0/security-group-rules 0.191s
2025-05-14 13:21:31.892 69681 INFO tempest.lib.common.rest_client [req-00013ed0-3ca0-4543-8050-5d77d8a37fc2 req-00013ed0-3ca0-4543-8050-5d77d8a37fc2 ] Request (ServerTagsTestJSON:test_create_delete_tag): 200 GET http://10.180.1.21/compute/v2.1/servers/0c362d02-acb5-493f-a146-e46ba4c3e26f/tags 0.223s
2025-05-14 13:21:31.902 69719 INFO tempest.lib.common.rest_client [req-205ea9d1-36f0-4893-a9ed-6b1fe464a149 req-205ea9d1-36f0-4893-a9ed-6b1fe464a149 ] Request (FloatingIPsTestJSON:setUpClass): 200 PUT http://10.180.1.21:9696/networking/v2.0/routers/4abee7db-c29a-43ef-af13-0b837d3c9200/add_router_interface 1.783s
2025-05-14 13:21:31.902 69719 INFO tempest.lib.common.dynamic_creds [-] Created isolated network resources for: credentials: Credentials: {'domain_id': 'default', 'domain_name': 'Default', 'username': 'tempest-FloatingIPsTestJSON-1076492959-project-member', 'project_domain_id': 'default', 'project_domain_name': 'Default', 'project_id': '5fdb2dd6a14245a493d2ffd06c0ead6f', 'project_name': 'tempest-FloatingIPsTestJSON-1076492959', 'tenant_id': '5fdb2dd6a14245a493d2ffd06c0ead6f', 'tenant_name': 'tempest-FloatingIPsTestJSON-1076492959', 'user_domain_id': 'default', 'user_domain_name': 'Default', 'user_id': '406800e7bb784ba78b639870eed96b12', 'system': None}, Network: {'id': '65c3e78b-eea7-41cb-bc90-054736ac7d41', 'name': 'tempest-FloatingIPsTestJSON-1714429256-network', 'tenant_id': '5fdb2dd6a14245a493d2ffd06c0ead6f', 'admin_state_up': True, 'mtu': 8950, 'status': 'ACTIVE', 'subnets': [], 'shared': False, 'project_id': '5fdb2dd6a14245a493d2ffd06c0ead6f', 'port_security_enabled': True, 'router:external': False, 'provider:network_type': 'vlan', 'provider:physical_network': 'default', 'provider:segmentation_id': 352, 'availability_zone_hints': [], 'availability_zones': [], 'ipv4_address_scope': None, 'ipv6_address_scope': None, 'description': '', 'tags': [], 'created_at': '2025-05-14T13:21:29Z', 'updated_at': '2025-05-14T13:21:29Z', 'revision_number': 1}, Subnet: {'id': '357bb0ed-6582-4107-a91e-0de9d0840ce4', 'name': 'tempest-FloatingIPsTestJSON-1714429256-subnet', 'tenant_id': '5fdb2dd6a14245a493d2ffd06c0ead6f', 'network_id': '65c3e78b-eea7-41cb-bc90-054736ac7d41', 'ip_version': 4, 'subnetpool_id': None, 'enable_dhcp': True, 'ipv6_ra_mode': None, 'ipv6_address_mode': None, 'gateway_ip': '192.168.128.1', 'cidr': '192.168.128.0/28', 'allocation_pools': [{'start': '192.168.128.2', 'end': '192.168.128.14'}], 'host_routes': [], 'dns_nameservers': [], 'description': '', 'router:external': False, 'service_types': [], 'tags': [], 'created_at': '2025-05-14T13:21:29Z', 'updated_at': '2025-05-14T13:21:29Z', 'revision_number': 0, 'project_id': '5fdb2dd6a14245a493d2ffd06c0ead6f'}, Router: {'id': '4abee7db-c29a-43ef-af13-0b837d3c9200', 'name': 'tempest-FloatingIPsTestJSON-1714429256-router', 'tenant_id': '5fdb2dd6a14245a493d2ffd06c0ead6f', 'admin_state_up': True, 'status': 'ACTIVE', 'external_gateway_info': {'network_id': '9b7547d9-1ffa-4e04-9c2a-8e013b304ddf', 'external_fixed_ips': [{'subnet_id': '5c117d9d-00ac-4d82-811e-f73859cc585d', 'ip_address': '10.180.180.208'}], 'enable_snat': True}, 'description': '', 'availability_zones': [], 'distributed': False, 'ha': False, 'availability_zone_hints': [], 'routes': [], 'flavor_id': None, 'tags': [], 'created_at': '2025-05-14T13:21:29Z', 'updated_at': '2025-05-14T13:21:29Z', 'revision_number': 2, 'project_id': '5fdb2dd6a14245a493d2ffd06c0ead6f'}
2025-05-14 13:21:31.963 69709 INFO tempest.lib.common.rest_client [req-9f2b85b7-5dbd-43b3-9739-d5c979729210 req-9f2b85b7-5dbd-43b3-9739-d5c979729210 ] Request (AttachVolumeTestJSON:test_attach_detach_volume): 200 GET http://10.180.1.21/compute/v2.1/servers/0cebab59-253b-4037-99a0-26667add9e9d 0.279s
2025-05-14 13:21:31.966 69693 INFO tempest.lib.common.rest_client [req-c66bf10a-f1c9-4f5c-af5a-392496502000 req-c66bf10a-f1c9-4f5c-af5a-392496502000 ] Request (ServersTestJSON:tearDownClass): 200 GET http://10.180.1.21/compute/v2.1/servers/c32bd89f-aae2-4f58-9b84-18b5f0d8801c 0.308s
2025-05-14 13:21:32.017 69719 INFO tempest.lib.common.rest_client [req-c229eb77-1ca1-47d5-b6f7-609633d5d351 req-c229eb77-1ca1-47d5-b6f7-609633d5d351 ] Request (FloatingIPsTestJSON:setUpClass): 201 POST http://10.180.1.21/identity/v3/auth/tokens 0.111s
2025-05-14 13:21:32.035 69679 INFO tempest.lib.common.rest_client [req-232fb51b-41e1-48c4-ad43-ed2d4a6b5b04 req-232fb51b-41e1-48c4-ad43-ed2d4a6b5b04 ] Request (TenantUsagesTestJSON:tearDownClass): 200 GET http://10.180.1.21/compute/v2.1/servers/0ad8034d-05fb-41aa-8dcf-4554b8cc461a 0.141s
2025-05-14 13:21:32.036 69695 INFO tempest.lib.common.rest_client [req-2e6ae767-8951-4be3-a6a4-51bc0c467576 req-2e6ae767-8951-4be3-a6a4-51bc0c467576 ] Request (MigrationsAdminTest:test_list_migrations_in_flavor_resize_situation): 201 POST http://10.180.1.21:9696/networking/v2.0/security-group-rules 0.143s
2025-05-14 13:21:32.058 69681 INFO tempest.lib.common.rest_client [req-dee52205-ebf1-487d-a5b6-cdeeaeeb48d6 req-dee52205-ebf1-487d-a5b6-cdeeaeeb48d6 ] Request (ServerTagsTestJSON:test_create_delete_tag): 201 PUT http://10.180.1.21/compute/v2.1/servers/0c362d02-acb5-493f-a146-e46ba4c3e26f/tags/tempest-tag-1457400509 0.163s
2025-05-14 13:21:32.079 69681 INFO tempest.lib.common.rest_client [req-a1ca1d5a-a9be-4e52-b17b-632cfd1132b3 req-a1ca1d5a-a9be-4e52-b17b-632cfd1132b3 ] Request (ServerTagsTestJSON:test_create_delete_tag): 200 GET http://10.180.1.21/compute/v2.1/servers/0c362d02-acb5-493f-a146-e46ba4c3e26f/tags 0.020s
2025-05-14 13:21:32.139 69729 INFO tempest.lib.common.rest_client [req-0a811601-b6b7-42cc-bbe4-d1a481d06bdc req-0a811601-b6b7-42cc-bbe4-d1a481d06bdc ] Request (ServersAdminTestJSON:test_inject_network_info): 200 GET http://10.180.1.21/compute/v2.1/servers/69a20aa3-1f89-4e23-9c22-0220c8197535 0.063s
2025-05-14 13:21:32.148 69729 INFO tempest.common.waiters [-] State transition "BUILD/scheduling" ==> "BUILD/None" after 10 second wait
2025-05-14 13:21:32.200 69681 INFO tempest.lib.common.rest_client [req-995af829-b9be-49e1-a55f-d031635ddf2d req-995af829-b9be-49e1-a55f-d031635ddf2d ] Request (ServerTagsTestJSON:test_create_delete_tag): 204 DELETE http://10.180.1.21/compute/v2.1/servers/0c362d02-acb5-493f-a146-e46ba4c3e26f/tags/tempest-tag-1457400509 0.119s
2025-05-14 13:21:32.287 69725 INFO tempest.lib.common.rest_client [req-a1d1dee5-1894-45dc-a270-4282da228075 req-a1d1dee5-1894-45dc-a270-4282da228075 ] Request (AttachInterfacesUnderV243Test:_run_cleanups): 200 GET http://10.180.1.21/compute/v2.1/servers/de0d3b42-8371-4344-a262-63ecd4401849 0.142s
2025-05-14 13:21:32.298 69725 INFO tempest.common.waiters [-] State transition "ACTIVE/deleting" ==> "DELETED/None" after 5 second wait
2025-05-14 13:21:32.307 69681 INFO tempest.lib.common.rest_client [req-12154ee5-915b-49ce-96ea-777c2e25a288 req-12154ee5-915b-49ce-96ea-777c2e25a288 ] Request (ServerTagsTestJSON:test_create_delete_tag): 200 GET http://10.180.1.21/compute/v2.1/servers/0c362d02-acb5-493f-a146-e46ba4c3e26f/tags 0.107s
2025-05-14 13:21:32.369 69681 INFO tempest.lib.common.rest_client [req-3dd3307b-eb55-4210-bfe1-c539a1c1668f req-3dd3307b-eb55-4210-bfe1-c539a1c1668f ] Request (ServerTagsTestJSON:_run_cleanups): 204 DELETE http://10.180.1.21/compute/v2.1/servers/0c362d02-acb5-493f-a146-e46ba4c3e26f/tags 0.060s
2025-05-14 13:21:32.438 69701 INFO tempest.lib.common.rest_client [req-50e6dae7-aa4a-4a35-b4e0-6af3b69b9f7a req-50e6dae7-aa4a-4a35-b4e0-6af3b69b9f7a ] Request (MultipleCreateTestJSON:_run_cleanups): 200 GET http://10.180.1.21/compute/v2.1/servers/d3fc062b-3ffc-4b21-b9a4-32745a44f1ca 0.103s
2025-05-14 13:21:32.523 69695 INFO tempest.lib.common.rest_client [req-1995525d-4826-4dfa-9a76-fc7b3b3896cd req-1995525d-4826-4dfa-9a76-fc7b3b3896cd ] Request (MigrationsAdminTest:test_list_migrations_in_flavor_resize_situation): 201 POST http://10.180.1.21:9696/networking/v2.0/floatingips 0.486s
2025-05-14 13:21:32.572 69713 INFO tempest.lib.common.rest_client [req-4a018511-0a6a-41d5-9a12-14a35def2c4f req-4a018511-0a6a-41d5-9a12-14a35def2c4f ] Request (DeleteServersAdminTestJSON:test_delete_server_while_in_error_state): 200 GET http://10.180.1.21/compute/v2.1/servers/823fca95-83da-462b-922a-6137a1cd85a3 0.224s
2025-05-14 13:21:32.653 69681 INFO tempest.lib.common.rest_client [req-8f173353-e251-418f-a52d-045ab442c4e2 req-8f173353-e251-418f-a52d-045ab442c4e2 ] Request (ServerTagsTestJSON:test_delete_all_tags): 201 PUT http://10.180.1.21/compute/v2.1/servers/0c362d02-acb5-493f-a146-e46ba4c3e26f/tags/tempest-tag-1521949908 0.280s
2025-05-14 13:21:32.700 69683 WARNING tempest.lib.common.ssh [-] Failed to establish authenticated ssh connection to cirros@10.180.180.171 ([Errno None] Unable to connect to port 22 on 10.180.180.171). Number attempts: 2. Retry after 3 seconds.: paramiko.ssh_exception.NoValidConnectionsError: [Errno None] Unable to connect to port 22 on 10.180.180.171
2025-05-14 13:21:32.716 69723 INFO tempest.lib.common.rest_client [req-968f08a6-2c4b-4ef9-80fb-33a1143abfb8 req-968f08a6-2c4b-4ef9-80fb-33a1143abfb8 ] Request (ServerActionsTestOtherA:setUpClass): 200 GET http://10.180.1.21/compute/v2.1/servers/21f7d90d-396e-4b5d-850d-8a081b67f4a3 0.328s
2025-05-14 13:21:32.784 69721 INFO tempest.lib.common.rest_client [req-2ef465d2-5b76-47a1-bffe-acfdc4e976da req-2ef465d2-5b76-47a1-bffe-acfdc4e976da ] Request (ServerDiagnosticsV248Test:tearDownClass): 200 GET http://10.180.1.21/compute/v2.1/servers/c7124fd4-0db2-4fed-b568-57050643c022 0.372s
2025-05-14 13:21:32.799 69719 INFO tempest.lib.common.rest_client [req-3e5ef794-8a3f-4819-b55e-7a90138cd36d req-3e5ef794-8a3f-4819-b55e-7a90138cd36d ] Request (FloatingIPsTestJSON:test_allocate_floating_ip): 200 POST http://10.180.1.21/compute/v2.1/os-floating-ips 0.781s
2025-05-14 13:21:32.815 69695 INFO tempest.lib.common.rest_client [req-f1d37e24-6ffe-4b73-ba1f-1f72955f8fdd req-f1d37e24-6ffe-4b73-ba1f-1f72955f8fdd ] Request (MigrationsAdminTest:test_list_migrations_in_flavor_resize_situation): 200 GET http://10.180.1.21/compute/v2.1/os-migrations 0.292s
2025-05-14 13:21:32.840 69703 INFO tempest.lib.common.rest_client [req-bc0de13d-09a3-495c-87c7-d9b8ba49b177 req-bc0de13d-09a3-495c-87c7-d9b8ba49b177 ] Request (ServerActionsTestJSON:setUpClass): 200 GET http://10.180.1.21/compute/v2.1/servers/97a20fc1-ef2b-4927-b335-3fd748bf90e3 0.345s
2025-05-14 13:21:32.892 69717 INFO tempest.lib.common.rest_client [req-1daf1c45-5852-4c80-89d9-2cb77585b75b req-1daf1c45-5852-4c80-89d9-2cb77585b75b ] Request (ServersTestManualDisk:setUpClass): 200 GET http://10.180.1.21/compute/v2.1/servers/0972b291-5b74-4ca7-923e-10815f8de11f 0.283s
2025-05-14 13:21:32.938 69727 INFO tempest.lib.common.rest_client [req-de8a1292-4eca-4ab7-adbb-64bf79c0c127 req-de8a1292-4eca-4ab7-adbb-64bf79c0c127 ] Request (ImagesTestJSON:test_create_image_from_suspended_server): 200 GET http://10.180.1.21/compute/v2.1/servers/c57a42b2-ae92-4dd2-91ee-69065a5eab0c 0.390s
2025-05-14 13:21:32.989 69691 INFO tempest.lib.common.rest_client [req-0c59cbbd-be81-43e9-a8fa-cd2f7a360eb6 req-0c59cbbd-be81-43e9-a8fa-cd2f7a360eb6 ] Request (ServersTestMultiNic:_run_cleanups): 200 GET http://10.180.1.21/compute/v2.1/servers/d10e36b7-97c5-4468-bab1-bfc79f77ccf6 0.360s
2025-05-14 13:21:33.024 69681 INFO tempest.lib.common.rest_client [req-252f722d-7a52-4463-b67d-99cc06f13dd2 req-252f722d-7a52-4463-b67d-99cc06f13dd2 ] Request (ServerTagsTestJSON:test_delete_all_tags): 201 PUT http://10.180.1.21/compute/v2.1/servers/0c362d02-acb5-493f-a146-e46ba4c3e26f/tags/tempest-tag-609658308 0.369s
2025-05-14 13:21:33.077 69705 INFO tempest.lib.common.rest_client [req-f0f3614b-34bb-49c4-9c3e-f447eecedeac req-f0f3614b-34bb-49c4-9c3e-f447eecedeac ] Request (FloatingIPsAssociationNegativeTestJSON:tearDownClass): 200 GET http://10.180.1.21/compute/v2.1/servers/a5300d40-02de-4199-830e-054a12564f17 0.357s
2025-05-14 13:21:33.084 69671 INFO tempest.lib.common.rest_client [req-24acebbd-72bf-4f13-a20f-02b02abec5da req-24acebbd-72bf-4f13-a20f-02b02abec5da ] Request (ServerDiskConfigTestJSON:test_rebuild_server_with_auto_disk_config): 200 GET http://10.180.1.21/compute/v2.1/servers/fb1c0a77-257a-477d-8af7-63869267c317 0.295s
2025-05-14 13:21:33.196 69719 INFO tempest.lib.common.rest_client [req-a31827f6-0990-44bf-9d17-6159f45301f7 req-a31827f6-0990-44bf-9d17-6159f45301f7 ] Request (FloatingIPsTestJSON:test_allocate_floating_ip): 200 GET http://10.180.1.21/compute/v2.1/os-floating-ips/ff5534d0-d25f-4462-a9d1-5938d7940076 0.395s
2025-05-14 13:21:33.214 69695 INFO tempest.lib.common.rest_client [req-38017ba9-1270-4b75-910b-e5c9a519b00f req-38017ba9-1270-4b75-910b-e5c9a519b00f ] Request (MigrationsAdminTest:test_resize_server_revert_deleted_flavor): 200 GET http://10.180.1.21/compute/v2.1/flavors/42 0.394s
2025-05-14 13:21:33.221 69699 INFO tempest.lib.common.rest_client [req-90326ff6-0ca6-424e-b856-e28714e01c56 req-90326ff6-0ca6-424e-b856-e28714e01c56 ] Request (SecurityGroupsTestJSON:test_list_security_groups_by_server): 200 GET http://10.180.1.21/compute/v2.1/servers/e0dc12e1-af91-4057-9fc1-219bbdc31fdd 0.405s
2025-05-14 13:21:33.251 69677 INFO tempest.lib.common.rest_client [req-224efe8a-dc2a-455b-aac6-c1eeef77fe1f req-224efe8a-dc2a-455b-aac6-c1eeef77fe1f ] Request (ImagesOneServerTestJSON:test_create_image_specify_multibyte_character_image_name): 200 GET http://10.180.1.21/compute/v2.1/images/597411d9-8ff2-4270-8844-483cf94fcb9e 0.399s
2025-05-14 13:21:33.282 69667 INFO tempest.lib.common.rest_client [req-9498b861-5700-4815-ac62-400a30818bf5 req-9498b861-5700-4815-ac62-400a30818bf5 ] Request (ListImageFiltersTestJSON:setUpClass): 200 GET http://10.180.1.21/compute/v2.1/servers/2fa11155-93c9-497c-a25f-d24ffcedeb9e 0.413s
2025-05-14 13:21:33.306 69709 INFO tempest.lib.common.rest_client [req-04f3ffbb-63b2-41bc-8fac-d9a3f9a2ad23 req-04f3ffbb-63b2-41bc-8fac-d9a3f9a2ad23 ] Request (AttachVolumeTestJSON:test_attach_detach_volume): 200 GET http://10.180.1.21/compute/v2.1/servers/0cebab59-253b-4037-99a0-26667add9e9d 0.334s
2025-05-14 13:21:33.350 69693 INFO tempest.lib.common.rest_client [req-719371b2-028f-44dd-935b-f0fa169b793a req-719371b2-028f-44dd-935b-f0fa169b793a ] Request (ServersTestJSON:tearDownClass): 200 GET http://10.180.1.21/compute/v2.1/servers/c32bd89f-aae2-4f58-9b84-18b5f0d8801c 0.370s
2025-05-14 13:21:33.360 69681 INFO tempest.lib.common.rest_client [req-6fe2589c-41e1-4632-a788-0af81964887c req-6fe2589c-41e1-4632-a788-0af81964887c ] Request (ServerTagsTestJSON:test_delete_all_tags): 204 DELETE http://10.180.1.21/compute/v2.1/servers/0c362d02-acb5-493f-a146-e46ba4c3e26f/tags 0.335s
2025-05-14 13:21:33.420 69729 INFO tempest.lib.common.rest_client [req-6e0661f1-e68a-41d7-93b4-5b5ad22e31b6 req-6e0661f1-e68a-41d7-93b4-5b5ad22e31b6 ] Request (ServersAdminTestJSON:test_inject_network_info): 200 GET http://10.180.1.21/compute/v2.1/servers/69a20aa3-1f89-4e23-9c22-0220c8197535 0.271s
2025-05-14 13:21:33.427 69679 INFO tempest.lib.common.rest_client [req-ce0daf36-68c2-48ec-85d6-0dd79a604b8f req-ce0daf36-68c2-48ec-85d6-0dd79a604b8f ] Request (TenantUsagesTestJSON:tearDownClass): 200 GET http://10.180.1.21/compute/v2.1/servers/0ad8034d-05fb-41aa-8dcf-4554b8cc461a 0.383s
2025-05-14 13:21:33.449 69695 INFO tempest.lib.common.rest_client [req-e2711d69-3f89-466d-86b2-f388193a3861 req-e2711d69-3f89-466d-86b2-f388193a3861 ] Request (MigrationsAdminTest:test_resize_server_revert_deleted_flavor): 200 POST http://10.180.1.21/compute/v2.1/flavors 0.230s
2025-05-14 13:21:33.499 69719 INFO tempest.lib.common.rest_client [req-ce7ef8b1-4b17-4582-abff-0ff7311dec18 req-ce7ef8b1-4b17-4582-abff-0ff7311dec18 ] Request (FloatingIPsTestJSON:test_allocate_floating_ip): 200 GET http://10.180.1.21/compute/v2.1/os-floating-ips 0.301s
2025-05-14 13:21:33.520 69681 INFO tempest.lib.common.rest_client [req-d175dfee-f144-4b29-99c2-1ee788e13550 req-d175dfee-f144-4b29-99c2-1ee788e13550 ] Request (ServerTagsTestJSON:test_delete_all_tags): 200 GET http://10.180.1.21/compute/v2.1/servers/0c362d02-acb5-493f-a146-e46ba4c3e26f/tags 0.159s
2025-05-14 13:21:33.523 69725 INFO tempest.lib.common.rest_client [req-3f866251-7ca2-42db-8660-953a7e60a307 req-3f866251-7ca2-42db-8660-953a7e60a307 ] Request (AttachInterfacesUnderV243Test:_run_cleanups): 200 GET http://10.180.1.21/compute/v2.1/servers/de0d3b42-8371-4344-a262-63ecd4401849 0.223s
2025-05-14 13:21:33.539 69695 INFO tempest.lib.common.rest_client [req-030b6544-dc4d-45e7-95cf-4a4a04cd21cf req-030b6544-dc4d-45e7-95cf-4a4a04cd21cf ] Request (MigrationsAdminTest:test_resize_server_revert_deleted_flavor): 200 GET http://10.180.1.21/compute/v2.1/flavors/42/os-extra_specs 0.087s
2025-05-14 13:21:33.596 69701 INFO tempest.lib.common.rest_client [req-daeb89a0-4bfe-4c91-b666-1f782a0e6c04 req-daeb89a0-4bfe-4c91-b666-1f782a0e6c04 ] Request (MultipleCreateTestJSON:_run_cleanups): 200 GET http://10.180.1.21/compute/v2.1/servers/d3fc062b-3ffc-4b21-b9a4-32745a44f1ca 0.147s
2025-05-14 13:21:33.651 69681 INFO tempest.lib.common.rest_client [req-c99172f6-93cf-47d9-956f-4d5461415ec8 req-c99172f6-93cf-47d9-956f-4d5461415ec8 ] Request (ServerTagsTestJSON:_run_cleanups): 204 DELETE http://10.180.1.21/compute/v2.1/servers/0c362d02-acb5-493f-a146-e46ba4c3e26f/tags 0.129s
2025-05-14 13:21:33.677 69695 INFO tempest.lib.common.rest_client [req-385a7880-6e06-4dcb-aef3-8aca1334fd2f req-385a7880-6e06-4dcb-aef3-8aca1334fd2f ] Request (MigrationsAdminTest:test_resize_server_revert_deleted_flavor): 200 POST http://10.180.1.21/compute/v2.1/flavors/eead3406-276e-4835-81ba-137f73cf3002/os-extra_specs 0.136s
2025-05-14 13:21:33.792 69695 INFO tempest.lib.common.rest_client [req-be1b76a7-a76e-4f13-8558-01814501b11f req-be1b76a7-a76e-4f13-8558-01814501b11f ] Request (MigrationsAdminTest:test_resize_server_revert_deleted_flavor): 201 POST http://10.180.1.21/identity/v3/auth/tokens 0.111s
2025-05-14 13:21:33.793 69695 INFO tempest.lib.common.fixed_network [-] (MigrationsAdminTest:test_resize_server_revert_deleted_flavor) Found network None available for tenant
2025-05-14 13:21:33.914 69713 INFO tempest.lib.common.rest_client [req-65c012bf-5cf7-412b-8726-bf698b82e35d req-65c012bf-5cf7-412b-8726-bf698b82e35d ] Request (DeleteServersAdminTestJSON:test_delete_server_while_in_error_state): 200 GET http://10.180.1.21/compute/v2.1/servers/823fca95-83da-462b-922a-6137a1cd85a3 0.329s
2025-05-14 13:21:33.988 69681 INFO tempest.lib.common.rest_client [req-6623186e-0c92-4cd8-8fee-2fbec842c8a4 req-6623186e-0c92-4cd8-8fee-2fbec842c8a4 ] Request (ServerTagsTestJSON:test_update_all_tags): 201 PUT http://10.180.1.21/compute/v2.1/servers/0c362d02-acb5-493f-a146-e46ba4c3e26f/tags/tempest-tag-1617220334 0.335s
2025-05-14 13:21:34.007 69719 INFO tempest.lib.common.rest_client [req-f9c2994d-f8e9-4b5a-80d0-99c94950aac1 req-f9c2994d-f8e9-4b5a-80d0-99c94950aac1 ] Request (FloatingIPsTestJSON:_run_cleanups): 202 DELETE http://10.180.1.21/compute/v2.1/os-floating-ips/ff5534d0-d25f-4462-a9d1-5938d7940076 0.504s
2025-05-14 13:21:34.043 69723 INFO tempest.lib.common.rest_client [req-8948a25a-6a27-4607-8e05-0bcaa467e015 req-8948a25a-6a27-4607-8e05-0bcaa467e015 ] Request (ServerActionsTestOtherA:setUpClass): 200 GET http://10.180.1.21/compute/v2.1/servers/21f7d90d-396e-4b5d-850d-8a081b67f4a3 0.318s
2025-05-14 13:21:34.120 69721 INFO tempest.lib.common.rest_client [req-5a1f9024-f462-411a-a8a2-db31ed517c5f req-5a1f9024-f462-411a-a8a2-db31ed517c5f ] Request (ServerDiagnosticsV248Test:tearDownClass): 200 GET http://10.180.1.21/compute/v2.1/servers/c7124fd4-0db2-4fed-b568-57050643c022 0.325s
2025-05-14 13:21:34.178 69703 INFO tempest.lib.common.rest_client [req-d5f31eb4-8d01-4968-ad2a-e93a38e8268f req-d5f31eb4-8d01-4968-ad2a-e93a38e8268f ] Request (ServerActionsTestJSON:setUpClass): 200 GET http://10.180.1.21/compute/v2.1/servers/97a20fc1-ef2b-4927-b335-3fd748bf90e3 0.326s
2025-05-14 13:21:34.272 69695 INFO tempest.lib.common.rest_client [req-552098be-cece-481d-952f-57b377d47943 req-552098be-cece-481d-952f-57b377d47943 ] Request (MigrationsAdminTest:test_resize_server_revert_deleted_flavor): 202 POST http://10.180.1.21/compute/v2.1/servers 0.478s
2025-05-14 13:21:34.321 69717 INFO tempest.lib.common.rest_client [req-8dd7520b-6369-44df-bfb9-2f5f782bb7c3 req-8dd7520b-6369-44df-bfb9-2f5f782bb7c3 ] Request (ServersTestManualDisk:setUpClass): 200 GET http://10.180.1.21/compute/v2.1/servers/0972b291-5b74-4ca7-923e-10815f8de11f 0.421s
2025-05-14 13:21:34.332 69717 INFO tempest.common.waiters [-] State transition "BUILD/None" ==> "BUILD/networking" after 27 second wait
2025-05-14 13:21:34.376 69727 INFO tempest.lib.common.rest_client [req-fb837d37-ba24-48e2-81db-a64f6b6e14c4 req-fb837d37-ba24-48e2-81db-a64f6b6e14c4 ] Request (ImagesTestJSON:test_create_image_from_suspended_server): 200 GET http://10.180.1.21/compute/v2.1/servers/c57a42b2-ae92-4dd2-91ee-69065a5eab0c 0.429s
2025-05-14 13:21:34.403 69681 INFO tempest.lib.common.rest_client [req-492676f5-ae02-4ffb-9645-71b6c8c598f7 req-492676f5-ae02-4ffb-9645-71b6c8c598f7 ] Request (ServerTagsTestJSON:test_update_all_tags): 201 PUT http://10.180.1.21/compute/v2.1/servers/0c362d02-acb5-493f-a146-e46ba4c3e26f/tags/tempest-tag-930190940 0.414s
2025-05-14 13:21:34.451 69691 INFO tempest.lib.common.rest_client [req-8e874a7a-1836-4a66-8b7c-4716745f3000 req-8e874a7a-1836-4a66-8b7c-4716745f3000 ] Request (ServersTestMultiNic:_run_cleanups): 200 GET http://10.180.1.21/compute/v2.1/servers/d10e36b7-97c5-4468-bab1-bfc79f77ccf6 0.453s
2025-05-14 13:21:34.513 69705 INFO tempest.lib.common.rest_client [req-39f48bf8-6439-408c-aa75-027a49a3dbce req-39f48bf8-6439-408c-aa75-027a49a3dbce ] Request (FloatingIPsAssociationNegativeTestJSON:tearDownClass): 200 GET http://10.180.1.21/compute/v2.1/servers/a5300d40-02de-4199-830e-054a12564f17 0.427s
2025-05-14 13:21:34.562 69671 INFO tempest.lib.common.rest_client [req-4904371f-061f-45db-b5e2-0a60a40a1404 req-4904371f-061f-45db-b5e2-0a60a40a1404 ] Request (ServerDiskConfigTestJSON:test_rebuild_server_with_auto_disk_config): 200 GET http://10.180.1.21/compute/v2.1/servers/fb1c0a77-257a-477d-8af7-63869267c317 0.469s
2025-05-14 13:21:34.747 69689 WARNING tempest.lib.common.ssh [-] Failed to establish authenticated ssh connection to cirros@10.180.180.129 ([Errno None] Unable to connect to port 22 on 10.180.180.129). Number attempts: 5. Retry after 6 seconds.: paramiko.ssh_exception.NoValidConnectionsError: [Errno None] Unable to connect to port 22 on 10.180.180.129
2025-05-14 13:21:34.970 69699 INFO tempest.lib.common.rest_client [req-220ae69e-ca20-48fc-928a-3275f74fc5f3 req-220ae69e-ca20-48fc-928a-3275f74fc5f3 ] Request (SecurityGroupsTestJSON:test_list_security_groups_by_server): 200 GET http://10.180.1.21/compute/v2.1/servers/e0dc12e1-af91-4057-9fc1-219bbdc31fdd 0.742s
2025-05-14 13:21:35.011 69677 INFO tempest.lib.common.rest_client [req-3db1673e-3b0c-4573-b6f4-8d7d7a170495 req-3db1673e-3b0c-4573-b6f4-8d7d7a170495 ] Request (ImagesOneServerTestJSON:test_create_image_specify_multibyte_character_image_name): 200 GET http://10.180.1.21/compute/v2.1/images/597411d9-8ff2-4270-8844-483cf94fcb9e 0.756s
2025-05-14 13:21:35.082 69695 INFO tempest.lib.common.rest_client [req-8a64b133-0f83-44cd-9a98-3e2f863a4802 req-8a64b133-0f83-44cd-9a98-3e2f863a4802 ] Request (MigrationsAdminTest:test_resize_server_revert_deleted_flavor): 200 GET http://10.180.1.21/compute/v2.1/servers/46c02c77-062d-4f45-ab62-e432ec0c3ba7 0.807s
2025-05-14 13:21:35.144 69667 INFO tempest.lib.common.rest_client [req-48a1dbaa-8a7d-4905-936d-635ef41f9d0e req-48a1dbaa-8a7d-4905-936d-635ef41f9d0e ] Request (ListImageFiltersTestJSON:setUpClass): 200 GET http://10.180.1.21/compute/v2.1/servers/2fa11155-93c9-497c-a25f-d24ffcedeb9e 0.853s
2025-05-14 13:21:35.207 69709 INFO tempest.lib.common.rest_client [req-40aef914-90ac-441b-b62e-6601142b5233 req-40aef914-90ac-441b-b62e-6601142b5233 ] Request (AttachVolumeTestJSON:test_attach_detach_volume): 200 GET http://10.180.1.21/compute/v2.1/servers/0cebab59-253b-4037-99a0-26667add9e9d 0.892s
2025-05-14 13:21:35.296 69693 INFO tempest.lib.common.rest_client [req-210743b3-157a-4b66-b5b8-77f3166652e5 req-210743b3-157a-4b66-b5b8-77f3166652e5 ] Request (ServersTestJSON:tearDownClass): 200 GET http://10.180.1.21/compute/v2.1/servers/c32bd89f-aae2-4f58-9b84-18b5f0d8801c 0.937s
2025-05-14 13:21:35.354 69681 INFO tempest.lib.common.rest_client [req-aae16dcf-9cfb-4a72-81f7-1b885505e688 req-aae16dcf-9cfb-4a72-81f7-1b885505e688 ] Request (ServerTagsTestJSON:test_update_all_tags): 200 PUT http://10.180.1.21/compute/v2.1/servers/0c362d02-acb5-493f-a146-e46ba4c3e26f/tags 0.950s
2025-05-14 13:21:35.375 69719 INFO tempest.lib.common.rest_client [req-811a487f-b030-4d63-a14f-a1bb486aa7bd req-811a487f-b030-4d63-a14f-a1bb486aa7bd ] Request (FloatingIPsTestJSON:test_delete_floating_ip): 200 POST http://10.180.1.21/compute/v2.1/os-floating-ips 1.362s
2025-05-14 13:21:35.405 69729 INFO tempest.lib.common.rest_client [req-3480cfac-9ad2-456f-b034-c9a2ce05b902 req-3480cfac-9ad2-456f-b034-c9a2ce05b902 ] Request (ServersAdminTestJSON:test_inject_network_info): 200 GET http://10.180.1.21/compute/v2.1/servers/69a20aa3-1f89-4e23-9c22-0220c8197535 0.974s
2025-05-14 13:21:35.439 69679 INFO tempest.lib.common.rest_client [req-358cc7a9-5cb7-4629-829a-0c89aa02262c req-358cc7a9-5cb7-4629-829a-0c89aa02262c ] Request (TenantUsagesTestJSON:tearDownClass): 200 GET http://10.180.1.21/compute/v2.1/servers/0ad8034d-05fb-41aa-8dcf-4554b8cc461a 1.005s
2025-05-14 13:21:35.463 69725 INFO tempest.lib.common.rest_client [req-8bfd6847-7638-4374-96a2-d050b6a29530 req-8bfd6847-7638-4374-96a2-d050b6a29530 ] Request (AttachInterfacesUnderV243Test:_run_cleanups): 200 GET http://10.180.1.21/compute/v2.1/servers/de0d3b42-8371-4344-a262-63ecd4401849 0.931s
2025-05-14 13:21:35.512 69701 INFO tempest.lib.common.rest_client [req-f17a9ab1-3a87-41c6-b429-1b6599c53910 req-f17a9ab1-3a87-41c6-b429-1b6599c53910 ] Request (MultipleCreateTestJSON:_run_cleanups): 200 GET http://10.180.1.21/compute/v2.1/servers/d3fc062b-3ffc-4b21-b9a4-32745a44f1ca 0.907s
2025-05-14 13:21:35.572 69723 INFO tempest.lib.common.rest_client [req-5cbbff3f-7bdf-4a90-878f-f066519a4a13 req-5cbbff3f-7bdf-4a90-878f-f066519a4a13 ] Request (ServerActionsTestOtherA:setUpClass): 200 GET http://10.180.1.21/compute/v2.1/servers/21f7d90d-396e-4b5d-850d-8a081b67f4a3 0.522s
2025-05-14 13:21:35.586 69713 INFO tempest.lib.common.rest_client [req-47725691-3191-4b1a-9c63-0e4722c9b544 req-47725691-3191-4b1a-9c63-0e4722c9b544 ] Request (DeleteServersAdminTestJSON:test_delete_server_while_in_error_state): 200 GET http://10.180.1.21/compute/v2.1/servers/823fca95-83da-462b-922a-6137a1cd85a3 0.663s
2025-05-14 13:21:35.594 69713 INFO tempest.common.waiters [-] State transition "BUILD/spawning" ==> "ACTIVE/None" after 33 second wait
2025-05-14 13:21:35.640 69703 INFO tempest.lib.common.rest_client [req-c58242e6-ba08-4f1b-90fe-153dd236e6ff req-c58242e6-ba08-4f1b-90fe-153dd236e6ff ] Request (ServerActionsTestJSON:setUpClass): 200 GET http://10.180.1.21/compute/v2.1/servers/97a20fc1-ef2b-4927-b335-3fd748bf90e3 0.451s
2025-05-14 13:21:35.644 69721 INFO tempest.lib.common.rest_client [req-8112c6ba-9da1-441b-9c1b-769015113613 req-8112c6ba-9da1-441b-9c1b-769015113613 ] Request (ServerDiagnosticsV248Test:tearDownClass): 200 GET http://10.180.1.21/compute/v2.1/servers/c7124fd4-0db2-4fed-b568-57050643c022 0.514s
2025-05-14 13:21:35.647 69703 INFO tempest.common.waiters [-] State transition "BUILD/scheduling" ==> "BUILD/None" after 12 second wait
2025-05-14 13:21:35.661 69681 INFO tempest.lib.common.rest_client [req-83ce1a3a-14e3-49dc-9af1-b09e56b50dfe req-83ce1a3a-14e3-49dc-9af1-b09e56b50dfe ] Request (ServerTagsTestJSON:test_update_all_tags): 200 GET http://10.180.1.21/compute/v2.1/servers/0c362d02-acb5-493f-a146-e46ba4c3e26f/tags 0.306s
2025-05-14 13:21:35.776 69717 INFO tempest.lib.common.rest_client [req-89c54926-8b7a-42db-b59b-4c4b248282b7 req-89c54926-8b7a-42db-b59b-4c4b248282b7 ] Request (ServersTestManualDisk:setUpClass): 200 GET http://10.180.1.21/compute/v2.1/servers/0972b291-5b74-4ca7-923e-10815f8de11f 0.442s
2025-05-14 13:21:35.789 69717 INFO tempest.common.waiters [-] State transition "BUILD/networking" ==> "BUILD/spawning" after 28 second wait
2025-05-14 13:21:35.929 69727 INFO tempest.lib.common.rest_client [req-fc11510e-fb2e-48bb-a841-e3603867e96c req-fc11510e-fb2e-48bb-a841-e3603867e96c ] Request (ImagesTestJSON:test_create_image_from_suspended_server): 200 GET http://10.180.1.21/compute/v2.1/servers/c57a42b2-ae92-4dd2-91ee-69065a5eab0c 0.543s
2025-05-14 13:21:35.948 69691 INFO tempest.lib.common.rest_client [req-e3728815-84b0-4772-9052-eecfcb6d0c6d req-e3728815-84b0-4772-9052-eecfcb6d0c6d ] Request (ServersTestMultiNic:_run_cleanups): 404 GET http://10.180.1.21/compute/v2.1/servers/d10e36b7-97c5-4468-bab1-bfc79f77ccf6 0.488s
2025-05-14 13:21:36.009 69705 INFO tempest.lib.common.rest_client [req-2f516e1e-89ee-4759-b010-437f800be38d req-2f516e1e-89ee-4759-b010-437f800be38d ] Request (FloatingIPsAssociationNegativeTestJSON:tearDownClass): 200 GET http://10.180.1.21/compute/v2.1/servers/a5300d40-02de-4199-830e-054a12564f17 0.488s
2025-05-14 13:21:36.087 69691 INFO tempest.lib.common.rest_client [req-08e72841-1016-4b16-9fc2-53c3134c5bc7 req-08e72841-1016-4b16-9fc2-53c3134c5bc7 ] Request (ServersTestMultiNic:_run_cleanups): 204 DELETE http://10.180.1.21:9696/networking/v2.0/subnets/a80ceda3-096d-48e9-8d5e-eb7801087c51 0.138s
2025-05-14 13:21:36.088 69671 INFO tempest.lib.common.rest_client [req-d2921a34-0483-467d-83e0-9e542e4aac06 req-d2921a34-0483-467d-83e0-9e542e4aac06 ] Request (ServerDiskConfigTestJSON:test_rebuild_server_with_auto_disk_config): 200 GET http://10.180.1.21/compute/v2.1/servers/fb1c0a77-257a-477d-8af7-63869267c317 0.518s
2025-05-14 13:21:36.107 69719 INFO tempest.lib.common.rest_client [req-b0a11481-da9a-49fc-a728-dcaa15f18559 req-b0a11481-da9a-49fc-a728-dcaa15f18559 ] Request (FloatingIPsTestJSON:test_delete_floating_ip): 202 DELETE http://10.180.1.21/compute/v2.1/os-floating-ips/76ba879b-2825-4b62-a235-a4e173ff0d17 0.730s
2025-05-14 13:21:36.161 69713 INFO tempest.lib.common.rest_client [req-fb60e31c-5913-410b-a630-5f89121bda9f req-fb60e31c-5913-410b-a630-5f89121bda9f ] Request (DeleteServersAdminTestJSON:test_delete_server_while_in_error_state): 202 POST http://10.180.1.21/compute/v2.1/servers/823fca95-83da-462b-922a-6137a1cd85a3/action 0.566s
2025-05-14 13:21:36.176 69681 INFO tempest.lib.common.rest_client [req-21e2450c-ed97-4bc5-90b1-5a4eed683c9d req-21e2450c-ed97-4bc5-90b1-5a4eed683c9d ] Request (ServerTagsTestJSON:_run_cleanups): 204 DELETE http://10.180.1.21/compute/v2.1/servers/0c362d02-acb5-493f-a146-e46ba4c3e26f/tags 0.513s
2025-05-14 13:21:36.213 69677 INFO tempest.lib.common.rest_client [req-f4f64ef6-6ad2-4cbd-aa03-52b57713d9af req-f4f64ef6-6ad2-4cbd-aa03-52b57713d9af ] Request (ImagesOneServerTestJSON:test_create_image_specify_multibyte_character_image_name): 200 GET http://10.180.1.21/compute/v2.1/images/597411d9-8ff2-4270-8844-483cf94fcb9e 0.199s
2025-05-14 13:21:36.268 69699 INFO tempest.lib.common.rest_client [req-c9bd0ffb-7640-468e-8ee0-db79ccd4b4a0 req-c9bd0ffb-7640-468e-8ee0-db79ccd4b4a0 ] Request (SecurityGroupsTestJSON:test_list_security_groups_by_server): 200 GET http://10.180.1.21/compute/v2.1/servers/e0dc12e1-af91-4057-9fc1-219bbdc31fdd 0.291s
2025-05-14 13:21:36.273 69695 INFO tempest.lib.common.rest_client [req-8d27f0b5-8901-4e4b-b0b3-1d832c05c880 req-8d27f0b5-8901-4e4b-b0b3-1d832c05c880 ] Request (MigrationsAdminTest:test_resize_server_revert_deleted_flavor): 200 GET http://10.180.1.21/compute/v2.1/servers/46c02c77-062d-4f45-ab62-e432ec0c3ba7 0.184s
2025-05-14 13:21:36.301 69719 INFO tempest.lib.common.rest_client [req-fd8f66f5-22dc-41eb-9f78-e969c53f3dfc req-fd8f66f5-22dc-41eb-9f78-e969c53f3dfc ] Request (FloatingIPsTestJSON:test_delete_floating_ip): 404 GET http://10.180.1.21/compute/v2.1/os-floating-ips/76ba879b-2825-4b62-a235-a4e173ff0d17 0.193s
2025-05-14 13:21:36.322 69691 INFO tempest.lib.common.rest_client [req-e8860ce7-e185-44f7-b1d8-d3aee6f341d6 req-e8860ce7-e185-44f7-b1d8-d3aee6f341d6 ] Request (ServersTestMultiNic:_run_cleanups): 204 DELETE http://10.180.1.21:9696/networking/v2.0/networks/f003cce9-8c25-49fc-aa28-cf9146c28350 0.234s
2025-05-14 13:21:36.329 69667 INFO tempest.lib.common.rest_client [req-64aead38-0c6b-4c94-a781-eb50238cdf59 req-64aead38-0c6b-4c94-a781-eb50238cdf59 ] Request (ListImageFiltersTestJSON:setUpClass): 200 GET http://10.180.1.21/compute/v2.1/servers/2fa11155-93c9-497c-a25f-d24ffcedeb9e 0.171s
2025-05-14 13:21:36.413 69681 INFO tempest.lib.common.rest_client [req-f9685cb8-7685-4ff2-a385-fe3b82d0fad2 req-f9685cb8-7685-4ff2-a385-fe3b82d0fad2 ] Request (ServerTagsTestJSON:tearDownClass): 204 DELETE http://10.180.1.21/compute/v2.1/servers/0c362d02-acb5-493f-a146-e46ba4c3e26f 0.231s
2025-05-14 13:21:36.418 69713 INFO tempest.lib.common.rest_client [req-d77e9bfb-2e79-4a00-aab3-efa8bae550ae req-d77e9bfb-2e79-4a00-aab3-efa8bae550ae ] Request (DeleteServersAdminTestJSON:test_delete_server_while_in_error_state): 200 GET http://10.180.1.21/compute/v2.1/servers/823fca95-83da-462b-922a-6137a1cd85a3 0.257s
2025-05-14 13:21:36.445 69719 INFO tempest.lib.common.rest_client [req-92db79c1-06ee-4772-b485-cb54869cc6c4 req-92db79c1-06ee-4772-b485-cb54869cc6c4 ] Request (FloatingIPsTestJSON:_run_cleanups): 404 DELETE http://10.180.1.21/compute/v2.1/os-floating-ips/76ba879b-2825-4b62-a235-a4e173ff0d17 0.143s
2025-05-14 13:21:36.457 69691 INFO tempest.lib.common.rest_client [req-4b4c279a-f7a2-4ed6-a908-763ebde30be5 req-4b4c279a-f7a2-4ed6-a908-763ebde30be5 ] Request (ServersTestMultiNic:_run_cleanups): 204 DELETE http://10.180.1.21:9696/networking/v2.0/subnets/64a2dd94-2ded-4a11-a221-cecaac460cd2 0.135s
2025-05-14 13:21:36.475 69709 INFO tempest.lib.common.rest_client [req-de194336-3b6f-42d0-abf7-f48fbbe16d46 req-de194336-3b6f-42d0-abf7-f48fbbe16d46 ] Request (AttachVolumeTestJSON:test_attach_detach_volume): 200 GET http://10.180.1.21/compute/v2.1/servers/0cebab59-253b-4037-99a0-26667add9e9d 0.258s
2025-05-14 13:21:36.534 69673 WARNING tempest.lib.common.ssh [-] Failed to establish authenticated ssh connection to cirros@10.180.180.252 ([Errno None] Unable to connect to port 22 on 10.180.180.252). Number attempts: 3. Retry after 4 seconds.: paramiko.ssh_exception.NoValidConnectionsError: [Errno None] Unable to connect to port 22 on 10.180.180.252
2025-05-14 13:21:36.536 69693 INFO tempest.lib.common.rest_client [req-a5823f29-afb4-474f-9846-d8b63374d89c req-a5823f29-afb4-474f-9846-d8b63374d89c ] Request (ServersTestJSON:tearDownClass): 200 GET http://10.180.1.21/compute/v2.1/servers/c32bd89f-aae2-4f58-9b84-18b5f0d8801c 0.231s
2025-05-14 13:21:36.606 69729 INFO tempest.lib.common.rest_client [req-5895ca91-1940-4f82-89b4-3c6aa5bf8ebb req-5895ca91-1940-4f82-89b4-3c6aa5bf8ebb ] Request (ServersAdminTestJSON:test_inject_network_info): 200 GET http://10.180.1.21/compute/v2.1/servers/69a20aa3-1f89-4e23-9c22-0220c8197535 0.193s
2025-05-14 13:21:36.628 69681 INFO tempest.lib.common.rest_client [req-6ead2c87-0883-4d63-ade3-9eeaeeb7e78c req-6ead2c87-0883-4d63-ade3-9eeaeeb7e78c ] Request (ServerTagsTestJSON:tearDownClass): 200 GET http://10.180.1.21/compute/v2.1/servers/0c362d02-acb5-493f-a146-e46ba4c3e26f 0.215s
2025-05-14 13:21:36.690 69679 INFO tempest.lib.common.rest_client [req-c1fea800-aa75-4d65-ae82-0ba4db0657ac req-c1fea800-aa75-4d65-ae82-0ba4db0657ac ] Request (TenantUsagesTestJSON:tearDownClass): 200 GET http://10.180.1.21/compute/v2.1/servers/0ad8034d-05fb-41aa-8dcf-4554b8cc461a 0.241s
2025-05-14 13:21:36.697 69713 INFO tempest.lib.common.rest_client [req-28c676c1-3b2f-4483-b727-fa47d4a2983f req-28c676c1-3b2f-4483-b727-fa47d4a2983f ] Request (DeleteServersAdminTestJSON:test_delete_server_while_in_error_state): 204 DELETE http://10.180.1.21/compute/v2.1/servers/823fca95-83da-462b-922a-6137a1cd85a3 0.271s
2025-05-14 13:21:36.755 69725 INFO tempest.lib.common.rest_client [req-032e8cbb-2ab2-4bf7-8782-9c3678c88c5d req-032e8cbb-2ab2-4bf7-8782-9c3678c88c5d ] Request (AttachInterfacesUnderV243Test:_run_cleanups): 200 GET http://10.180.1.21/compute/v2.1/servers/de0d3b42-8371-4344-a262-63ecd4401849 0.283s
2025-05-14 13:21:36.766 69701 INFO tempest.lib.common.rest_client [req-d1be0e98-cf47-43e7-927e-70ad0c50c892 req-d1be0e98-cf47-43e7-927e-70ad0c50c892 ] Request (MultipleCreateTestJSON:_run_cleanups): 200 GET http://10.180.1.21/compute/v2.1/servers/d3fc062b-3ffc-4b21-b9a4-32745a44f1ca 0.244s
2025-05-14 13:21:36.819 69723 INFO tempest.lib.common.rest_client [req-c52cbe80-c45c-45af-b72f-67eccbdf07c3 req-c52cbe80-c45c-45af-b72f-67eccbdf07c3 ] Request (ServerActionsTestOtherA:setUpClass): 200 GET http://10.180.1.21/compute/v2.1/servers/21f7d90d-396e-4b5d-850d-8a081b67f4a3 0.236s
2025-05-14 13:21:36.831 69703 INFO tempest.lib.common.rest_client [req-1ee54fb0-60a4-4020-b65f-2d777ee3cfc5 req-1ee54fb0-60a4-4020-b65f-2d777ee3cfc5 ] Request (ServerActionsTestJSON:setUpClass): 200 GET http://10.180.1.21/compute/v2.1/servers/97a20fc1-ef2b-4927-b335-3fd748bf90e3 0.184s
2025-05-14 13:21:36.881 69721 INFO tempest.lib.common.rest_client [req-24e1a822-49ba-4f0a-aed3-f36eaf8d43b9 req-24e1a822-49ba-4f0a-aed3-f36eaf8d43b9 ] Request (ServerDiagnosticsV248Test:tearDownClass): 200 GET http://10.180.1.21/compute/v2.1/servers/c7124fd4-0db2-4fed-b568-57050643c022 0.227s
2025-05-14 13:21:36.886 69691 INFO tempest.lib.common.rest_client [req-a9ed1468-e920-4500-8bb3-1832e112d7ec req-a9ed1468-e920-4500-8bb3-1832e112d7ec ] Request (ServersTestMultiNic:_run_cleanups): 204 DELETE http://10.180.1.21:9696/networking/v2.0/networks/a36aa094-c499-4b83-a8c8-556991fc9492 0.428s
2025-05-14 13:21:37.011 69713 INFO tempest.lib.common.rest_client [req-de02d30d-897c-4888-bada-b181e084c44a req-de02d30d-897c-4888-bada-b181e084c44a ] Request (DeleteServersAdminTestJSON:test_delete_server_while_in_error_state): 200 GET http://10.180.1.21/compute/v2.1/servers/823fca95-83da-462b-922a-6137a1cd85a3 0.313s
2025-05-14 13:21:37.028 69717 INFO tempest.lib.common.rest_client [req-b90792dd-da04-475e-98b6-1c3d84eb8a99 req-b90792dd-da04-475e-98b6-1c3d84eb8a99 ] Request (ServersTestManualDisk:setUpClass): 200 GET http://10.180.1.21/compute/v2.1/servers/0972b291-5b74-4ca7-923e-10815f8de11f 0.238s
2025-05-14 13:21:37.122 69705 INFO tempest.lib.common.rest_client [req-e39c900a-6f04-4f8a-87fc-f352069ae40b req-e39c900a-6f04-4f8a-87fc-f352069ae40b ] Request (FloatingIPsAssociationNegativeTestJSON:tearDownClass): 200 GET http://10.180.1.21/compute/v2.1/servers/a5300d40-02de-4199-830e-054a12564f17 0.104s
2025-05-14 13:21:37.137 69691 INFO tempest.lib.common.rest_client [req-f3c178af-245e-4457-9067-b3e5c0f17192 req-f3c178af-245e-4457-9067-b3e5c0f17192 ] Request (ServersTestMultiNic:test_verify_multiple_nics_order): 201 POST http://10.180.1.21:9696/networking/v2.0/networks 0.249s
2025-05-14 13:21:37.174 69671 INFO tempest.lib.common.rest_client [req-7997bcf7-e7c4-4cbc-b0f2-1f9d50604070 req-7997bcf7-e7c4-4cbc-b0f2-1f9d50604070 ] Request (ServerDiskConfigTestJSON:test_rebuild_server_with_auto_disk_config): 200 GET http://10.180.1.21/compute/v2.1/servers/fb1c0a77-257a-477d-8af7-63869267c317 0.078s
2025-05-14 13:21:37.217 69727 INFO tempest.lib.common.rest_client [req-e0e84d8b-b632-4f2e-ae81-e1021bc6bbbc req-e0e84d8b-b632-4f2e-ae81-e1021bc6bbbc ] Request (ImagesTestJSON:test_create_image_from_suspended_server): 200 GET http://10.180.1.21/compute/v2.1/servers/c57a42b2-ae92-4dd2-91ee-69065a5eab0c 0.281s
2025-05-14 13:21:37.257 69677 INFO tempest.lib.common.rest_client [req-ea3412bb-0eeb-4d1d-9293-fa1bed26e74a req-ea3412bb-0eeb-4d1d-9293-fa1bed26e74a ] Request (ImagesOneServerTestJSON:test_create_image_specify_multibyte_character_image_name): 200 GET http://10.180.1.21/compute/v2.1/images/597411d9-8ff2-4270-8844-483cf94fcb9e 0.037s
2025-05-14 13:21:37.347 69695 INFO tempest.lib.common.rest_client [req-fc17a893-1124-48b2-ae2c-a35912d19f74 req-fc17a893-1124-48b2-ae2c-a35912d19f74 ] Request (MigrationsAdminTest:test_resize_server_revert_deleted_flavor): 200 GET http://10.180.1.21/compute/v2.1/servers/46c02c77-062d-4f45-ab62-e432ec0c3ba7 0.063s
2025-05-14 13:21:37.406 69667 INFO tempest.lib.common.rest_client [req-75478bd4-82b0-4b79-9fbe-5e33b5a26646 req-75478bd4-82b0-4b79-9fbe-5e33b5a26646 ] Request (ListImageFiltersTestJSON:setUpClass): 200 GET http://10.180.1.21/compute/v2.1/servers/2fa11155-93c9-497c-a25f-d24ffcedeb9e 0.066s
2025-05-14 13:21:37.414 69699 INFO tempest.lib.common.rest_client [req-d7598d86-5fb0-4894-b01a-4dc50a4f5ac9 req-d7598d86-5fb0-4894-b01a-4dc50a4f5ac9 ] Request (SecurityGroupsTestJSON:test_list_security_groups_by_server): 200 GET http://10.180.1.21/compute/v2.1/servers/e0dc12e1-af91-4057-9fc1-219bbdc31fdd 0.137s
2025-05-14 13:21:37.485 69691 INFO tempest.lib.common.rest_client [req-566018e3-1e30-46d8-a955-b617ec146f82 req-566018e3-1e30-46d8-a955-b617ec146f82 ] Request (ServersTestMultiNic:test_verify_multiple_nics_order): 201 POST http://10.180.1.21:9696/networking/v2.0/subnets 0.347s
2025-05-14 13:21:37.500 69719 INFO tempest.lib.common.rest_client [req-50f6e374-f3c3-404d-b686-ccef43ce673c req-50f6e374-f3c3-404d-b686-ccef43ce673c ] Request (FloatingIPsTestJSON:tearDownClass): 200 PUT http://10.180.1.21:9696/networking/v2.0/routers/4abee7db-c29a-43ef-af13-0b837d3c9200/remove_router_interface 1.048s
2025-05-14 13:21:37.556 69709 INFO tempest.lib.common.rest_client [req-fb332e93-2cbc-4a23-a402-dcb0ad8b951c req-fb332e93-2cbc-4a23-a402-dcb0ad8b951c ] Request (AttachVolumeTestJSON:test_attach_detach_volume): 200 GET http://10.180.1.21/compute/v2.1/servers/0cebab59-253b-4037-99a0-26667add9e9d 0.065s
2025-05-14 13:21:37.634 69693 INFO tempest.lib.common.rest_client [req-f9892263-786a-4c2a-b9bf-891cdfc1cc4d req-f9892263-786a-4c2a-b9bf-891cdfc1cc4d ] Request (ServersTestJSON:tearDownClass): 200 GET http://10.180.1.21/compute/v2.1/servers/c32bd89f-aae2-4f58-9b84-18b5f0d8801c 0.090s
2025-05-14 13:21:37.652 69691 INFO tempest.lib.common.rest_client [req-5a80627a-b984-4a48-b750-5d0102f79556 req-5a80627a-b984-4a48-b750-5d0102f79556 ] Request (ServersTestMultiNic:test_verify_multiple_nics_order): 201 POST http://10.180.1.21:9696/networking/v2.0/networks 0.166s
2025-05-14 13:21:37.704 69729 INFO tempest.lib.common.rest_client [req-3b24472d-ae71-4709-8d75-6330278323b0 req-3b24472d-ae71-4709-8d75-6330278323b0 ] Request (ServersAdminTestJSON:test_inject_network_info): 200 GET http://10.180.1.21/compute/v2.1/servers/69a20aa3-1f89-4e23-9c22-0220c8197535 0.088s
2025-05-14 13:21:37.815 69679 INFO tempest.lib.common.rest_client [req-56ead54a-b0be-418e-bc9a-e6fed2099574 req-56ead54a-b0be-418e-bc9a-e6fed2099574 ] Request (TenantUsagesTestJSON:tearDownClass): 200 GET http://10.180.1.21/compute/v2.1/servers/0ad8034d-05fb-41aa-8dcf-4554b8cc461a 0.115s
2025-05-14 13:21:37.840 69681 INFO tempest.lib.common.rest_client [req-8c19b318-854b-40cd-9138-c0eac39fee31 req-8c19b318-854b-40cd-9138-c0eac39fee31 ] Request (ServerTagsTestJSON:tearDownClass): 200 GET http://10.180.1.21/compute/v2.1/servers/0c362d02-acb5-493f-a146-e46ba4c3e26f 0.198s
2025-05-14 13:21:37.934 69725 INFO tempest.lib.common.rest_client [req-923b56d6-8a0d-472e-b4ce-ac9c4d212b75 req-923b56d6-8a0d-472e-b4ce-ac9c4d212b75 ] Request (AttachInterfacesUnderV243Test:_run_cleanups): 200 GET http://10.180.1.21/compute/v2.1/servers/de0d3b42-8371-4344-a262-63ecd4401849 0.170s
2025-05-14 13:21:37.943 69701 INFO tempest.lib.common.rest_client [req-99f7f3f5-79e4-4ef5-91ed-4b8d2d15e643 req-99f7f3f5-79e4-4ef5-91ed-4b8d2d15e643 ] Request (MultipleCreateTestJSON:_run_cleanups): 200 GET http://10.180.1.21/compute/v2.1/servers/d3fc062b-3ffc-4b21-b9a4-32745a44f1ca 0.163s
2025-05-14 13:21:38.034 69719 INFO tempest.lib.common.rest_client [req-26c5e56e-b6fc-43df-9c4b-eb6659c21974 req-26c5e56e-b6fc-43df-9c4b-eb6659c21974 ] Request (FloatingIPsTestJSON:tearDownClass): 204 DELETE http://10.180.1.21:9696/networking/v2.0/routers/4abee7db-c29a-43ef-af13-0b837d3c9200 0.533s
2025-05-14 13:21:38.035 69703 INFO tempest.lib.common.rest_client [req-9c02604b-fb74-4905-b952-21b4bc897493 req-9c02604b-fb74-4905-b952-21b4bc897493 ] Request (ServerActionsTestJSON:setUpClass): 200 GET http://10.180.1.21/compute/v2.1/servers/97a20fc1-ef2b-4927-b335-3fd748bf90e3 0.194s
2025-05-14 13:21:38.037 69723 INFO tempest.lib.common.rest_client [req-e7a6018e-9064-479f-9352-664cc703f0da req-e7a6018e-9064-479f-9352-664cc703f0da ] Request (ServerActionsTestOtherA:setUpClass): 200 GET http://10.180.1.21/compute/v2.1/servers/21f7d90d-396e-4b5d-850d-8a081b67f4a3 0.208s
2025-05-14 13:21:38.139 69691 INFO tempest.lib.common.rest_client [req-be30c169-2851-4287-874e-deecbf020fd1 req-be30c169-2851-4287-874e-deecbf020fd1 ] Request (ServersTestMultiNic:test_verify_multiple_nics_order): 201 POST http://10.180.1.21:9696/networking/v2.0/subnets 0.486s
2025-05-14 13:21:38.161 69721 INFO tempest.lib.common.rest_client [req-e8a01c7b-b93d-40e4-af84-eb0b5aa49e18 req-e8a01c7b-b93d-40e4-af84-eb0b5aa49e18 ] Request (ServerDiagnosticsV248Test:tearDownClass): 200 GET http://10.180.1.21/compute/v2.1/servers/c7124fd4-0db2-4fed-b568-57050643c022 0.263s
2025-05-14 13:21:38.221 69691 INFO tempest.lib.common.rest_client [req-b91bc58b-9dd9-4497-a6f7-94974fe02639 req-b91bc58b-9dd9-4497-a6f7-94974fe02639 ] Request (ServersTestMultiNic:test_verify_multiple_nics_order): 201 POST http://10.180.1.21/identity/v3/auth/tokens 0.079s
