2025-05-14 13:20:01.286 69705 INFO tempest.lib.common.rest_client [req-e10abc94-55d2-4575-8cbb-16deab6d94f0 req-e10abc94-55d2-4575-8cbb-16deab6d94f0 ] Request (FloatingIPsAssociationNegativeTestJSON:setUpClass): 201 POST http://10.180.1.21/identity/v3/users 0.061s
2025-05-14 13:20:01.294 69679 INFO tempest.lib.common.rest_client [req-4d3fb7cc-7811-4b0f-b42f-9394ec3b56d4 req-4d3fb7cc-7811-4b0f-b42f-9394ec3b56d4 ] Request (HypervisorAdminTestJSON:setUpClass): 201 POST http://10.180.1.21/identity/v3/auth/tokens 0.074s
2025-05-14 13:20:01.312 69705 INFO tempest.lib.common.rest_client [req-b50bb2b9-f7a4-4567-bc96-51474d129d8d req-b50bb2b9-f7a4-4567-bc96-51474d129d8d ] Request (FloatingIPsAssociationNegativeTestJSON:setUpClass): 200 GET http://10.180.1.21/identity/v3/roles 0.025s
2025-05-14 13:20:01.319 69673 INFO tempest.lib.common.rest_client [req-519add34-1ffb-484e-abad-c71827697753 req-519add34-1ffb-484e-abad-c71827697753 ] Request (FlavorsV261TestJSON:tearDownClass): 200 GET http://10.180.1.21:9696/networking/v2.0/security-groups?tenant_id=68355a2bb06f49fb94d1615183f049ac&name=default 0.152s
2025-05-14 13:20:01.345 69705 INFO tempest.lib.common.rest_client [req-77fdeca9-a40e-4f87-b276-b5269d60c0dc req-77fdeca9-a40e-4f87-b276-b5269d60c0dc ] Request (FloatingIPsAssociationNegativeTestJSON:setUpClass): 204 PUT http://10.180.1.21/identity/v3/projects/e3eccbf1bc6a499b8c0939aaeee33d4d/users/da48d022afb24fbb94dd385661797568/roles/2663188572304aa28c56e69be1a2bf6c 0.032s
2025-05-14 13:20:01.345 69705 INFO tempest.lib.common.dynamic_creds [-] Dynamic test user da48d022afb24fbb94dd385661797568 is created with scope project and roles: ['member']
2025-05-14 13:20:01.345 69705 INFO tempest.lib.common.dynamic_creds [-] Acquired dynamic creds: credentials: Credentials: {'domain_id': 'default', 'domain_name': 'Default', 'username': 'tempest-FloatingIPsAssociationNegativeTestJSON-2041735444-project-member', 'project_domain_id': 'default', 'project_domain_name': 'Default', 'project_id': 'e3eccbf1bc6a499b8c0939aaeee33d4d', 'project_name': 'tempest-FloatingIPsAssociationNegativeTestJSON-2041735444', 'tenant_id': 'e3eccbf1bc6a499b8c0939aaeee33d4d', 'tenant_name': 'tempest-FloatingIPsAssociationNegativeTestJSON-2041735444', 'user_domain_id': 'default', 'user_domain_name': 'Default', 'user_id': 'da48d022afb24fbb94dd385661797568', 'system': None}, Network: None, Subnet: None, Router: None
2025-05-14 13:20:01.357 69693 INFO tempest.lib.common.rest_client [req-af9931da-d819-442d-9919-3adda8df540c req-af9931da-d819-442d-9919-3adda8df540c ] Request (ServersTestJSON:setUpClass): 201 POST http://10.180.1.21/identity/v3/auth/tokens 0.100s
2025-05-14 13:20:01.395 69673 INFO tempest.lib.common.rest_client [req-3518925d-27fe-4c2c-a23e-99382fe90bf3 req-3518925d-27fe-4c2c-a23e-99382fe90bf3 ] Request (FlavorsV261TestJSON:tearDownClass): 204 DELETE http://10.180.1.21:9696/networking/v2.0/security-groups/a77b6eb3-5ca4-4c3d-90bc-0bba9afddbce 0.076s
2025-05-14 13:20:01.400 69705 INFO tempest.lib.common.rest_client [req-c8a7f85c-e0b0-43cd-8ba4-908659846fc6 req-c8a7f85c-e0b0-43cd-8ba4-908659846fc6 ] Request (FloatingIPsAssociationNegativeTestJSON:setUpClass): 201 POST http://10.180.1.21/identity/v3/auth/tokens 0.055s
2025-05-14 13:20:01.464 69673 INFO tempest.lib.common.rest_client [req-be6aae15-265f-43e2-8d20-36a224ecfc86 req-be6aae15-265f-43e2-8d20-36a224ecfc86 ] Request (FlavorsV261TestJSON:tearDownClass): 204 DELETE http://10.180.1.21/identity/v3/projects/68355a2bb06f49fb94d1615183f049ac 0.068s
2025-05-14 13:20:01.552 69673 INFO tempest.lib.common.rest_client [req-ddb47454-a5b8-45a7-ba27-fb1ff0296b50 req-ddb47454-a5b8-45a7-ba27-fb1ff0296b50 ] Request (ServicesAdminNegativeTestJSON:setUpClass): 201 POST http://10.180.1.21/identity/v3/auth/tokens 0.082s
2025-05-14 13:20:01.600 69673 INFO tempest.lib.common.rest_client [req-211708b2-c174-460e-8267-bea9f1f3b0ae req-211708b2-c174-460e-8267-bea9f1f3b0ae ] Request (ServicesAdminNegativeTestJSON:setUpClass): 201 POST http://10.180.1.21/identity/v3/auth/tokens 0.044s
2025-05-14 13:20:01.624 69697 INFO tempest.lib.common.rest_client [req-941e81ae-99cb-4331-9a91-79e8cf7a61cc req-941e81ae-99cb-4331-9a91-79e8cf7a61cc ] Request (VolumesAdminNegativeTest:test_update_attached_volume_with_nonexistent_volume_in_body): 201 POST http://10.180.1.21:9696/networking/v2.0/floatingips 2.078s
2025-05-14 13:20:01.629 69673 INFO tempest.lib.common.rest_client [req-e76e45de-46e1-4048-ac96-ae959bd12edf req-e76e45de-46e1-4048-ac96-ae959bd12edf ] Request (ServicesAdminNegativeTestJSON:setUpClass): 200 GET http://10.180.1.21/identity/v3/domains?name=Default 0.029s
2025-05-14 13:20:01.666 69673 INFO tempest.lib.common.rest_client [req-8649fe6e-d853-4d47-b9c1-55155f9339bc req-8649fe6e-d853-4d47-b9c1-55155f9339bc ] Request (ServicesAdminNegativeTestJSON:setUpClass): 201 POST http://10.180.1.21/identity/v3/projects 0.036s
2025-05-14 13:20:01.702 69697 INFO tempest.lib.common.rest_client [req-b9eaf9bf-5508-4913-b6e1-a9ae1d79b1ca req-b9eaf9bf-5508-4913-b6e1-a9ae1d79b1ca ] Request (VolumesAdminNegativeTest:test_update_attached_volume_with_nonexistent_volume_in_body): 201 POST http://10.180.1.21/identity/v3/auth/tokens 0.074s
2025-05-14 13:20:01.702 69697 INFO tempest.lib.common.fixed_network [-] (VolumesAdminNegativeTest:test_update_attached_volume_with_nonexistent_volume_in_body) Found network {'id': 'ddc1763d-d00e-44d0-b869-8374f805cd32', 'name': 'tempest-VolumesAdminNegativeTest-1845949979-network', 'tenant_id': 'd579a63708ea438991dbf95457173644', 'admin_state_up': True, 'mtu': 8950, 'status': 'ACTIVE', 'subnets': [], 'shared': False, 'project_id': 'd579a63708ea438991dbf95457173644', 'port_security_enabled': True, 'router:external': False, 'provider:network_type': 'vlan', 'provider:physical_network': 'default', 'provider:segmentation_id': 375, 'availability_zone_hints': [], 'availability_zones': [], 'ipv4_address_scope': None, 'ipv6_address_scope': None, 'description': '', 'tags': [], 'created_at': '2025-05-14T13:19:43Z', 'updated_at': '2025-05-14T13:19:43Z', 'revision_number': 1} available for tenant
2025-05-14 13:20:01.738 69673 INFO tempest.lib.common.rest_client [req-761f44c4-98b6-404b-ab6f-354ec0c81758 req-761f44c4-98b6-404b-ab6f-354ec0c81758 ] Request (ServicesAdminNegativeTestJSON:setUpClass): 201 POST http://10.180.1.21/identity/v3/users 0.072s
2025-05-14 13:20:01.747 69705 INFO tempest.lib.common.rest_client [req-81efd109-e85b-43f5-a2e3-e293958a05bf req-81efd109-e85b-43f5-a2e3-e293958a05bf ] Request (FloatingIPsAssociationNegativeTestJSON:setUpClass): 201 POST http://10.180.1.21:9696/networking/v2.0/networks 0.346s
2025-05-14 13:20:01.769 69669 INFO tempest.lib.common.rest_client [req-6922f057-08cf-4e03-ba9d-b0f60b9fab7d req-6922f057-08cf-4e03-ba9d-b0f60b9fab7d ] Request (HypervisorAdminV253TestBase:tearDownClass): 204 DELETE http://10.180.1.21:9696/networking/v2.0/security-groups/57b1b248-396c-4983-80a8-94e96efbfd24 0.502s
2025-05-14 13:20:01.769 69673 INFO tempest.lib.common.rest_client [req-74a67a9c-5d33-4689-a581-fac6167b9515 req-74a67a9c-5d33-4689-a581-fac6167b9515 ] Request (ServicesAdminNegativeTestJSON:setUpClass): 200 GET http://10.180.1.21/identity/v3/roles 0.030s
2025-05-14 13:20:01.809 69673 INFO tempest.lib.common.rest_client [req-e20cdb7d-78dc-4fed-b786-03569053a5a0 req-e20cdb7d-78dc-4fed-b786-03569053a5a0 ] Request (ServicesAdminNegativeTestJSON:setUpClass): 204 PUT http://10.180.1.21/identity/v3/projects/b08a318fe8ab4d909dbcfa18f61b5bd9/users/0a537deb637940c4ab388ebbaac285be/roles/2663188572304aa28c56e69be1a2bf6c 0.039s
2025-05-14 13:20:01.809 69673 INFO tempest.lib.common.dynamic_creds [-] Dynamic test user 0a537deb637940c4ab388ebbaac285be is created with scope project and roles: ['member']
2025-05-14 13:20:01.809 69673 INFO tempest.lib.common.dynamic_creds [-] Acquired dynamic creds: credentials: Credentials: {'domain_id': 'default', 'domain_name': 'Default', 'username': 'tempest-ServicesAdminNegativeTestJSON-406486373-project-member', 'project_domain_id': 'default', 'project_domain_name': 'Default', 'project_id': 'b08a318fe8ab4d909dbcfa18f61b5bd9', 'project_name': 'tempest-ServicesAdminNegativeTestJSON-406486373', 'tenant_id': 'b08a318fe8ab4d909dbcfa18f61b5bd9', 'tenant_name': 'tempest-ServicesAdminNegativeTestJSON-406486373', 'user_domain_id': 'default', 'user_domain_name': 'Default', 'user_id': '0a537deb637940c4ab388ebbaac285be', 'system': None}, Network: None, Subnet: None, Router: None
2025-05-14 13:20:01.810 69673 INFO tempest.lib.common.dynamic_creds [-] Created isolated network resources for: credentials: Credentials: {'domain_id': 'default', 'domain_name': 'Default', 'username': 'tempest-ServicesAdminNegativeTestJSON-406486373-project-member', 'project_domain_id': 'default', 'project_domain_name': 'Default', 'project_id': 'b08a318fe8ab4d909dbcfa18f61b5bd9', 'project_name': 'tempest-ServicesAdminNegativeTestJSON-406486373', 'tenant_id': 'b08a318fe8ab4d909dbcfa18f61b5bd9', 'tenant_name': 'tempest-ServicesAdminNegativeTestJSON-406486373', 'user_domain_id': 'default', 'user_domain_name': 'Default', 'user_id': '0a537deb637940c4ab388ebbaac285be', 'system': None}, Network: None, Subnet: None, Router: None
2025-05-14 13:20:01.832 69667 INFO tempest.lib.common.rest_client [req-86a5fddf-aae3-4864-9ef7-f2c6293881ef req-86a5fddf-aae3-4864-9ef7-f2c6293881ef ] Request (SecurityGroupsTestAdminJSON:test_list_security_groups_list_all_tenants_filter): 200 GET http://10.180.1.21/compute/v2.1/os-security-groups?all_tenants=true 6.183s
2025-05-14 13:20:01.860 69669 INFO tempest.lib.common.rest_client [req-5df81ce5-9e50-48f1-b58f-c99e7879cdf7 req-5df81ce5-9e50-48f1-b58f-c99e7879cdf7 ] Request (HypervisorAdminV253TestBase:tearDownClass): 204 DELETE http://10.180.1.21/identity/v3/projects/11849d7d89a24dd2ae2acad6942972be 0.091s
2025-05-14 13:20:01.863 69669 INFO tempest.test [-] raised in ServersOnMultiNodesTest.setUpClass. Invoking tearDownClass.
2025-05-14 13:20:01.907 69673 INFO tempest.lib.common.rest_client [req-8d2f5038-5b99-418c-94ea-1b5f39d29bf1 req-8d2f5038-5b99-418c-94ea-1b5f39d29bf1 ] Request (ServicesAdminNegativeTestJSON:setUpClass): 201 POST http://10.180.1.21/identity/v3/auth/tokens 0.092s
2025-05-14 13:20:01.965 69669 INFO tempest.lib.common.rest_client [req-ca67f6ce-8704-4d90-a77b-f4b97edbf85e req-ca67f6ce-8704-4d90-a77b-f4b97edbf85e ] Request (AZV2TestJSON:setUpClass): 201 POST http://10.180.1.21/identity/v3/auth/tokens 0.099s
2025-05-14 13:20:01.983 69683 INFO tempest.lib.common.rest_client [req-cebf9645-5672-4c0e-a227-153f57ca15db req-cebf9645-5672-4c0e-a227-153f57ca15db ] Request (QuotaClassesAdmin257Test:test_update_default_quotas): 200 GET http://10.180.1.21/compute/v2.1/os-quota-class-sets/default 3.472s
2025-05-14 13:20:01.989 69705 INFO tempest.lib.common.rest_client [req-4bc367de-6cfa-4836-b0df-248fecc37308 req-4bc367de-6cfa-4836-b0df-248fecc37308 ] Request (FloatingIPsAssociationNegativeTestJSON:setUpClass): 201 POST http://10.180.1.21:9696/networking/v2.0/subnets 0.241s
2025-05-14 13:20:02.003 69729 INFO tempest.lib.common.rest_client [req-566d0f67-1eb3-4ad2-8561-ea563a30ce43 req-566d0f67-1eb3-4ad2-8561-ea563a30ce43 ] Request (ServersAdminTestJSON:setUpClass): 202 POST http://10.180.1.21/compute/v2.1/servers 3.736s
2025-05-14 13:20:02.008 69673 INFO tempest.lib.common.rest_client [req-fdf2fbf3-8a02-4f59-a0e1-b06bc9658afe req-fdf2fbf3-8a02-4f59-a0e1-b06bc9658afe ] Request (ServicesAdminNegativeTestJSON:setUpClass): 201 POST http://10.180.1.21/identity/v3/projects 0.101s
2025-05-14 13:20:02.064 69669 INFO tempest.lib.common.rest_client [req-e588a26e-16b6-4754-8809-9ab758fefb7b req-e588a26e-16b6-4754-8809-9ab758fefb7b ] Request (AZV2TestJSON:setUpClass): 201 POST http://10.180.1.21/identity/v3/auth/tokens 0.093s
2025-05-14 13:20:02.126 69691 INFO tempest.lib.common.rest_client [req-5f2020ca-a973-4acc-be18-2ee6dec1b001 req-5f2020ca-a973-4acc-be18-2ee6dec1b001 ] Request (ListImageFiltersNegativeTestJSON:test_get_nonexistent_image): 404 GET http://10.180.1.21/compute/v2.1/images/8c258500-679c-4b7d-ae50-dd70fb12d80d 3.182s
2025-05-14 13:20:02.146 69673 INFO tempest.lib.common.rest_client [req-b16e951d-02b1-45ab-94e8-e54f66a376f0 req-b16e951d-02b1-45ab-94e8-e54f66a376f0 ] Request (ServicesAdminNegativeTestJSON:setUpClass): 201 POST http://10.180.1.21/identity/v3/users 0.138s
2025-05-14 13:20:02.159 69729 INFO tempest.lib.common.rest_client [req-c237f483-710c-41e9-b9e4-4cb661a7d67c req-c237f483-710c-41e9-b9e4-4cb661a7d67c ] Request (ServersAdminTestJSON:setUpClass): 201 POST http://10.180.1.21/identity/v3/auth/tokens 0.150s
2025-05-14 13:20:02.159 69729 INFO tempest.lib.common.fixed_network [-] (ServersAdminTestJSON:setUpClass) Found network {'id': '38c7b00a-bd41-4358-b767-4e32c8d60d6b', 'name': 'tempest-ServersAdminTestJSON-871779741-network', 'tenant_id': '8bb37bafc52e45edac7f881f1ad2f6b8', 'admin_state_up': True, 'mtu': 8950, 'status': 'ACTIVE', 'subnets': [], 'shared': False, 'project_id': '8bb37bafc52e45edac7f881f1ad2f6b8', 'port_security_enabled': True, 'router:external': False, 'provider:network_type': 'vlan', 'provider:physical_network': 'default', 'provider:segmentation_id': 621, 'availability_zone_hints': [], 'availability_zones': [], 'ipv4_address_scope': None, 'ipv6_address_scope': None, 'description': '', 'tags': [], 'created_at': '2025-05-14T13:19:44Z', 'updated_at': '2025-05-14T13:19:44Z', 'revision_number': 1} available for tenant
2025-05-14 13:20:02.175 69669 INFO tempest.lib.common.rest_client [req-8dbd7c83-7af6-4c08-a4b3-c2c3fbb64134 req-8dbd7c83-7af6-4c08-a4b3-c2c3fbb64134 ] Request (AZV2TestJSON:setUpClass): 200 GET http://10.180.1.21/identity/v3/domains?name=Default 0.109s
2025-05-14 13:20:02.283 69691 INFO tempest.lib.common.rest_client [req-2fca6934-6248-4b19-b7a7-60d096565a9f req-2fca6934-6248-4b19-b7a7-60d096565a9f ] Request (ListImageFiltersNegativeTestJSON:tearDownClass): 204 DELETE http://10.180.1.21/identity/v3/users/bb79f6bfdb7346459257b4f097a58afb 0.152s
2025-05-14 13:20:02.283 69691 INFO tempest.lib.common.dynamic_creds [-] Deleting project and security group for project: 69e51d3456344fd5bbefca4a5ae5de7c
2025-05-14 13:20:02.335 69673 INFO tempest.lib.common.rest_client [req-5a21855f-5ce6-49fa-bc28-bbc98014945b req-5a21855f-5ce6-49fa-bc28-bbc98014945b ] Request (ServicesAdminNegativeTestJSON:setUpClass): 200 GET http://10.180.1.21/identity/v3/roles 0.188s
2025-05-14 13:20:02.369 69677 INFO tempest.lib.common.rest_client [req-069dc00e-e98b-4ce4-b588-44c5c15152b3 req-069dc00e-e98b-4ce4-b588-44c5c15152b3 ] Request (FloatingIPsNegativeTestJSON:setUpClass): 200 GET http://10.180.1.21/compute/v2.1/os-floating-ips 3.186s
2025-05-14 13:20:02.394 69691 INFO tempest.lib.common.rest_client [req-16063b79-9311-49ab-81bc-36a843e1c057 req-16063b79-9311-49ab-81bc-36a843e1c057 ] Request (ListImageFiltersNegativeTestJSON:tearDownClass): 201 POST http://10.180.1.21/identity/v3/auth/tokens 0.111s
2025-05-14 13:20:02.413 69669 INFO tempest.lib.common.rest_client [req-4229610c-a300-46d4-94b9-9098c4774b80 req-4229610c-a300-46d4-94b9-9098c4774b80 ] Request (AZV2TestJSON:setUpClass): 201 POST http://10.180.1.21/identity/v3/projects 0.237s
2025-05-14 13:20:02.463 69673 INFO tempest.lib.common.rest_client [req-3ecaf1e0-caf6-4745-9edc-05e101664df7 req-3ecaf1e0-caf6-4745-9edc-05e101664df7 ] Request (ServicesAdminNegativeTestJSON:setUpClass): 204 PUT http://10.180.1.21/identity/v3/projects/a237652119f74ea3b33addc274dcc198/users/a3c89ea524e74a4b9f4b173ec4dd848d/roles/b8046b566cd6405a994f83659870853b 0.127s
2025-05-14 13:20:02.562 69669 INFO tempest.lib.common.rest_client [req-f91826f4-526f-41a2-a1b5-2084bf21cc94 req-f91826f4-526f-41a2-a1b5-2084bf21cc94 ] Request (AZV2TestJSON:setUpClass): 201 POST http://10.180.1.21/identity/v3/users 0.149s
2025-05-14 13:20:02.571 69671 INFO tempest.lib.common.rest_client [req-62e7ed78-b9b1-41c7-a2dd-dc8f27ceaf44 req-62e7ed78-b9b1-41c7-a2dd-dc8f27ceaf44 ] Request (SecurityGroupRulesTestJSON:test_security_group_rules_create_with_optional_cidr): 200 POST http://10.180.1.21/compute/v2.1/os-security-group-rules 3.543s
2025-05-14 13:20:02.604 69675 INFO tempest.lib.common.rest_client [req-5fdad9a6-9257-4e9e-b0c8-ef55d641c649 req-5fdad9a6-9257-4e9e-b0c8-ef55d641c649 ] Request (FlavorsAccessTestJSON:_run_cleanups): 202 DELETE http://10.180.1.21/compute/v2.1/flavors/488569328 2.904s
2025-05-14 13:20:02.668 69689 INFO tempest.lib.common.rest_client [req-4dcb6c6a-133b-4c46-87ba-9e8a66d08f33 req-4dcb6c6a-133b-4c46-87ba-9e8a66d08f33 ] Request (ServersWithSpecificFlavorTestJSON:test_verify_created_server_ephemeral_disk): 200 POST http://10.180.1.21/compute/v2.1/flavors/1487730004/os-extra_specs 2.960s
2025-05-14 13:20:02.686 69721 INFO tempest.lib.common.rest_client [req-4df7e6a6-f3bc-4406-8220-1d82fc3a67f7 req-4df7e6a6-f3bc-4406-8220-1d82fc3a67f7 ] Request (HostsAdminNegativeTestJSON:test_show_host_detail_with_nonexistent_hostname): 404 GET http://10.180.1.21/compute/v2.1/os-hosts/nonexistent_hostname 2.971s
2025-05-14 13:20:02.689 69673 INFO tempest.lib.common.rest_client [req-463ef0a4-5756-4451-aed6-96e508cfabb0 req-463ef0a4-5756-4451-aed6-96e508cfabb0 ] Request (ServicesAdminNegativeTestJSON:setUpClass): 200 GET http://10.180.1.21/identity/v3/roles 0.226s
2025-05-14 13:20:02.722 69685 INFO tempest.lib.common.rest_client [req-89f08b27-b8a0-4c9f-a745-5380de18a775 req-89f08b27-b8a0-4c9f-a745-5380de18a775 ] Request (FlavorsV255TestJSON:_run_cleanups): 202 DELETE http://10.180.1.21/compute/v2.1/flavors/1381500612 2.980s
2025-05-14 13:20:02.728 69669 INFO tempest.lib.common.rest_client [req-edd48928-1450-4473-a778-20df7da0cd8f req-edd48928-1450-4473-a778-20df7da0cd8f ] Request (AZV2TestJSON:setUpClass): 200 GET http://10.180.1.21/identity/v3/roles 0.164s
2025-05-14 13:20:02.735 69673 INFO tempest.lib.common.rest_client [req-a1b48a49-bd17-4531-bf52-d93c4597f4a7 req-a1b48a49-bd17-4531-bf52-d93c4597f4a7 ] Request (ServicesAdminNegativeTestJSON:setUpClass): 204 PUT http://10.180.1.21/identity/v3/projects/a237652119f74ea3b33addc274dcc198/users/a3c89ea524e74a4b9f4b173ec4dd848d/roles/b8046b566cd6405a994f83659870853b 0.045s
2025-05-14 13:20:02.736 69673 INFO tempest.lib.common.dynamic_creds [-] Dynamic test user a3c89ea524e74a4b9f4b173ec4dd848d is created with scope project and roles: ['admin']
2025-05-14 13:20:02.736 69673 INFO tempest.lib.common.dynamic_creds [-] Acquired dynamic creds: credentials: Credentials: {'domain_id': 'default', 'domain_name': 'Default', 'username': 'tempest-ServicesAdminNegativeTestJSON-636048949-project-admin', 'project_domain_id': 'default', 'project_domain_name': 'Default', 'project_id': 'a237652119f74ea3b33addc274dcc198', 'project_name': 'tempest-ServicesAdminNegativeTestJSON-636048949', 'tenant_id': 'a237652119f74ea3b33addc274dcc198', 'tenant_name': 'tempest-ServicesAdminNegativeTestJSON-636048949', 'user_domain_id': 'default', 'user_domain_name': 'Default', 'user_id': 'a3c89ea524e74a4b9f4b173ec4dd848d', 'system': None}, Network: None, Subnet: None, Router: None
2025-05-14 13:20:02.736 69673 INFO tempest.lib.common.dynamic_creds [-] Created isolated network resources for: credentials: Credentials: {'domain_id': 'default', 'domain_name': 'Default', 'username': 'tempest-ServicesAdminNegativeTestJSON-636048949-project-admin', 'project_domain_id': 'default', 'project_domain_name': 'Default', 'project_id': 'a237652119f74ea3b33addc274dcc198', 'project_name': 'tempest-ServicesAdminNegativeTestJSON-636048949', 'tenant_id': 'a237652119f74ea3b33addc274dcc198', 'tenant_name': 'tempest-ServicesAdminNegativeTestJSON-636048949', 'user_domain_id': 'default', 'user_domain_name': 'Default', 'user_id': 'a3c89ea524e74a4b9f4b173ec4dd848d', 'system': None}, Network: None, Subnet: None, Router: None
2025-05-14 13:20:02.749 69709 INFO tempest.lib.common.rest_client [req-56152484-554b-458a-9cd8-c948641e0035 req-56152484-554b-458a-9cd8-c948641e0035 ] Request (KeyPairsNegativeTestJSON:test_keypair_delete_nonexistent_key): 404 DELETE http://10.180.1.21/compute/v2.1/os-keypairs/tempest-keypair-non-existent-1972764168 2.982s
2025-05-14 13:20:02.768 69715 INFO tempest.lib.common.rest_client [req-82966fec-1523-4d66-bb79-6ecb3e2a48dd req-82966fec-1523-4d66-bb79-6ecb3e2a48dd ] Request (FlavorsExtraSpecsNegativeTestJSON:test_flavor_unset_nonexistent_key): 404 DELETE http://10.180.1.21/compute/v2.1/flavors/1730122483/os-extra_specs/hw:cpu_thread_policy 2.995s
2025-05-14 13:20:02.776 69687 INFO tempest.lib.common.rest_client [req-1c6d8cd6-8b84-4272-92ce-b33aefef3cee req-1c6d8cd6-8b84-4272-92ce-b33aefef3cee ] Request (VolumesAssistedSnapshotsTest:setUpClass): 201 POST http://10.180.1.21:9696/networking/v2.0/routers 3.038s
2025-05-14 13:20:02.805 69725 INFO tempest.lib.common.rest_client [req-34abaf55-22ba-40ef-8615-1d6cd6f7e8b4 req-34abaf55-22ba-40ef-8615-1d6cd6f7e8b4 ] Request (ValidationResourcesFixture:setUp): 200 POST http://10.180.1.21/compute/v2.1/os-keypairs 3.516s
2025-05-14 13:20:02.812 69719 INFO tempest.lib.common.rest_client [req-9c981b66-9e0b-4fb6-8544-64535f68a933 req-9c981b66-9e0b-4fb6-8544-64535f68a933 ] Request (FlavorsAdminTestJSON:_run_cleanups): 200 GET http://10.180.1.21/compute/v2.1/flavors/detail 2.989s
2025-05-14 13:20:02.830 69711 INFO tempest.lib.common.rest_client [req-a6bd8016-ac97-4b75-a336-a1fc6d3ced80 req-a6bd8016-ac97-4b75-a336-a1fc6d3ced80 ] Request (FlavorsExtraSpecsTestJSON:test_flavor_set_get_update_show_unset_keys): 200 GET http://10.180.1.21/compute/v2.1/flavors/1079672159/os-extra_specs 2.666s
2025-05-14 13:20:02.853 69673 INFO tempest.lib.common.rest_client [req-97f761f4-1483-4247-a807-75f08eac2e0d req-97f761f4-1483-4247-a807-75f08eac2e0d ] Request (ServicesAdminNegativeTestJSON:setUpClass): 201 POST http://10.180.1.21/identity/v3/auth/tokens 0.113s
2025-05-14 13:20:02.859 69669 INFO tempest.lib.common.rest_client [req-adb3227c-2c59-4127-b001-dbb63a5b5abe req-adb3227c-2c59-4127-b001-dbb63a5b5abe ] Request (AZV2TestJSON:setUpClass): 204 PUT http://10.180.1.21/identity/v3/projects/626855db045a4639b601bf29ea21ea72/users/dfd84b5f7dd14247a9e460a376410b6d/roles/2663188572304aa28c56e69be1a2bf6c 0.131s
2025-05-14 13:20:02.860 69669 INFO tempest.lib.common.dynamic_creds [-] Dynamic test user dfd84b5f7dd14247a9e460a376410b6d is created with scope project and roles: ['member']
2025-05-14 13:20:02.860 69669 INFO tempest.lib.common.dynamic_creds [-] Acquired dynamic creds: credentials: Credentials: {'domain_id': 'default', 'domain_name': 'Default', 'username': 'tempest-AZV2TestJSON-1014366458-project-member', 'project_domain_id': 'default', 'project_domain_name': 'Default', 'project_id': '626855db045a4639b601bf29ea21ea72', 'project_name': 'tempest-AZV2TestJSON-1014366458', 'tenant_id': '626855db045a4639b601bf29ea21ea72', 'tenant_name': 'tempest-AZV2TestJSON-1014366458', 'user_domain_id': 'default', 'user_domain_name': 'Default', 'user_id': 'dfd84b5f7dd14247a9e460a376410b6d', 'system': None}, Network: None, Subnet: None, Router: None
2025-05-14 13:20:02.861 69669 INFO tempest.lib.common.dynamic_creds [-] Created isolated network resources for: credentials: Credentials: {'domain_id': 'default', 'domain_name': 'Default', 'username': 'tempest-AZV2TestJSON-1014366458-project-member', 'project_domain_id': 'default', 'project_domain_name': 'Default', 'project_id': '626855db045a4639b601bf29ea21ea72', 'project_name': 'tempest-AZV2TestJSON-1014366458', 'tenant_id': '626855db045a4639b601bf29ea21ea72', 'tenant_name': 'tempest-AZV2TestJSON-1014366458', 'user_domain_id': 'default', 'user_domain_name': 'Default', 'user_id': 'dfd84b5f7dd14247a9e460a376410b6d', 'system': None}, Network: None, Subnet: None, Router: None
2025-05-14 13:20:02.863 69717 INFO tempest.lib.common.rest_client [req-d1884fe6-d564-41cf-8944-e79e2acbf11d req-d1884fe6-d564-41cf-8944-e79e2acbf11d ] Request (FlavorsAccessNegativeTestJSON:test_flavor_access_list_with_public_flavor): 200 POST http://10.180.1.21/compute/v2.1/flavors 2.720s
2025-05-14 13:20:02.969 69669 INFO tempest.lib.common.rest_client [req-a433a820-20b0-436b-815c-b087880be079 req-a433a820-20b0-436b-815c-b087880be079 ] Request (AZV2TestJSON:setUpClass): 201 POST http://10.180.1.21/identity/v3/auth/tokens 0.093s
2025-05-14 13:20:02.991 69709 INFO tempest.lib.common.rest_client [req-05e14d21-763c-4816-8aaa-d2bad54b21a0 req-05e14d21-763c-4816-8aaa-d2bad54b21a0 ] Request (KeyPairsNegativeTestJSON:tearDownClass): 204 DELETE http://10.180.1.21/identity/v3/users/bb5d2841873944de970da2bd63628913 0.241s
2025-05-14 13:20:02.992 69709 INFO tempest.lib.common.dynamic_creds [-] Deleting project and security group for project: f193f6a92f2343d6bcb01c517ed699e2
2025-05-14 13:20:03.069 69709 INFO tempest.lib.common.rest_client [req-d660734d-2717-4f93-8bc0-b328639bc8d0 req-d660734d-2717-4f93-8bc0-b328639bc8d0 ] Request (KeyPairsNegativeTestJSON:tearDownClass): 201 POST http://10.180.1.21/identity/v3/auth/tokens 0.077s
2025-05-14 13:20:03.203 69691 INFO tempest.lib.common.rest_client [req-307fb3f0-c6a1-4ed5-b4d4-bd69f65a9b28 req-307fb3f0-c6a1-4ed5-b4d4-bd69f65a9b28 ] Request (ListImageFiltersNegativeTestJSON:tearDownClass): 200 GET http://10.180.1.21:9696/networking/v2.0/security-groups?tenant_id=69e51d3456344fd5bbefca4a5ae5de7c&name=default 0.808s
2025-05-14 13:20:03.272 69681 INFO tempest.lib.common.rest_client [req-f8b8c08e-c4db-4a71-a8a3-367b26e9fa92 req-f8b8c08e-c4db-4a71-a8a3-367b26e9fa92 ] Request (AttachInterfacesV270Test:test_create_get_list_interfaces): 200 GET http://10.180.1.21/compute/v2.1/servers/7cfde510-0408-47a5-a202-8af5a6a66588 2.945s
2025-05-14 13:20:03.385 69725 INFO tempest.lib.common.rest_client [req-25277fc4-523d-4af5-af36-0e1d742e6bb0 req-25277fc4-523d-4af5-af36-0e1d742e6bb0 ] Request (ValidationResourcesFixture:setUp): 201 POST http://10.180.1.21:9696/networking/v2.0/security-groups 0.577s
2025-05-14 13:20:03.408 69701 INFO tempest.lib.common.rest_client [req-34e03d69-2149-4ed9-90d3-2b7b14289aed req-34e03d69-2149-4ed9-90d3-2b7b14289aed ] Request (InstanceUsageAuditLogTestJSON:test_get_instance_usage_audit_log): 200 GET http://10.180.1.21/compute/v2.1/os-instance_usage_audit_log/2025-05-14%2013%3A20%3A00 2.840s
2025-05-14 13:20:03.480 69695 INFO tempest.lib.common.rest_client [req-3a53b2fa-b222-42c4-9419-cc6b8520d504 req-3a53b2fa-b222-42c4-9419-cc6b8520d504 ] Request (MigrationsAdminTest:test_list_migrations_in_flavor_resize_situation): 200 GET http://10.180.1.21/compute/v2.1/servers/219f08aa-ebaa-44f0-9bc9-1a0401fabb23 2.938s
2025-05-14 13:20:03.491 69709 INFO tempest.lib.common.rest_client [req-93f4cf51-c3a2-49b1-b1de-8fb8e3f97dd8 req-93f4cf51-c3a2-49b1-b1de-8fb8e3f97dd8 ] Request (KeyPairsNegativeTestJSON:tearDownClass): 200 GET http://10.180.1.21:9696/networking/v2.0/security-groups?tenant_id=f193f6a92f2343d6bcb01c517ed699e2&name=default 0.422s
2025-05-14 13:20:03.492 69695 INFO tempest.common.waiters [-] State transition "BUILD/None" ==> "BUILD/spawning" after 8 second wait
2025-05-14 13:20:03.502 69713 INFO tempest.lib.common.rest_client [req-2e82cb84-6820-48cf-ab9b-2fabd5e4d519 req-2e82cb84-6820-48cf-ab9b-2fabd5e4d519 ] Request (DeleteServersAdminTestJSON:test_admin_delete_servers_of_others): 200 GET http://10.180.1.21/compute/v2.1/servers/92f3ac37-c488-4245-b06b-00d8adf0b81c 2.836s
2025-05-14 13:20:03.521 69691 INFO tempest.lib.common.rest_client [req-3a8ba3ae-8dec-42c2-86d1-bc5f49b2dfdd req-3a8ba3ae-8dec-42c2-86d1-bc5f49b2dfdd ] Request (ListImageFiltersNegativeTestJSON:tearDownClass): 204 DELETE http://10.180.1.21:9696/networking/v2.0/security-groups/31f96626-01c9-48f4-b715-e16a3e1ef8bd 0.318s
2025-05-14 13:20:03.588 69679 INFO tempest.lib.common.rest_client [req-35a5a289-303b-4eb8-a95b-9dc6cb8e8223 req-35a5a289-303b-4eb8-a95b-9dc6cb8e8223 ] Request (HypervisorAdminTestJSON:test_get_hypervisor_list): 200 GET http://10.180.1.21/compute/v2.1/os-hypervisors 2.293s
2025-05-14 13:20:03.589 69691 INFO tempest.lib.common.rest_client [req-e2f31246-0e03-43ec-9c1c-2f788b43d304 req-e2f31246-0e03-43ec-9c1c-2f788b43d304 ] Request (ListImageFiltersNegativeTestJSON:tearDownClass): 204 DELETE http://10.180.1.21/identity/v3/projects/69e51d3456344fd5bbefca4a5ae5de7c 0.067s
2025-05-14 13:20:03.663 69691 INFO tempest.lib.common.rest_client [req-7ad610bb-f0cc-4f34-914d-9ffbb1fd6f2e req-7ad610bb-f0cc-4f34-914d-9ffbb1fd6f2e ] Request (ServersTestMultiNic:setUpClass): 201 POST http://10.180.1.21/identity/v3/auth/tokens 0.071s
2025-05-14 13:20:03.709 69691 INFO tempest.lib.common.rest_client [req-4ec31540-8604-431c-99e5-6bef2f325324 req-4ec31540-8604-431c-99e5-6bef2f325324 ] Request (ServersTestMultiNic:setUpClass): 201 POST http://10.180.1.21/identity/v3/auth/tokens 0.040s
2025-05-14 13:20:03.733 69699 INFO tempest.lib.common.rest_client [req-86fadd63-78aa-4b76-806d-1e0294249cb5 req-86fadd63-78aa-4b76-806d-1e0294249cb5 ] Request (ServerExternalEventsTest:test_create_server_external_events): 200 GET http://10.180.1.21/compute/v2.1/servers/624b0090-292f-4e8d-a8b5-16d7f6c39b80 2.634s
2025-05-14 13:20:03.753 69691 INFO tempest.lib.common.rest_client [req-35f70f82-a204-4ff5-b4fc-96a07c13675e req-35f70f82-a204-4ff5-b4fc-96a07c13675e ] Request (ServersTestMultiNic:setUpClass): 200 GET http://10.180.1.21/identity/v3/domains?name=Default 0.044s
2025-05-14 13:20:03.761 69693 INFO tempest.lib.common.rest_client [req-49df5cac-1cc8-4299-880f-2466aa41d168 req-49df5cac-1cc8-4299-880f-2466aa41d168 ] Request (ServersTestJSON:setUpClass): 200 POST http://10.180.1.21/compute/v2.1/os-keypairs 2.402s
2025-05-14 13:20:03.800 69725 INFO tempest.lib.common.rest_client [req-b3fa387e-dbf2-4ccf-947f-28b5212f216e req-b3fa387e-dbf2-4ccf-947f-28b5212f216e ] Request (ValidationResourcesFixture:setUp): 201 POST http://10.180.1.21:9696/networking/v2.0/security-group-rules 0.413s
2025-05-14 13:20:03.807 69691 INFO tempest.lib.common.rest_client [req-7308bd15-09b0-4030-8ab2-368dfbc70a3a req-7308bd15-09b0-4030-8ab2-368dfbc70a3a ] Request (ServersTestMultiNic:setUpClass): 201 POST http://10.180.1.21/identity/v3/projects 0.053s
2025-05-14 13:20:03.905 69709 INFO tempest.lib.common.rest_client [req-06a0333c-0358-4c87-9beb-d48a1e53a739 req-06a0333c-0358-4c87-9beb-d48a1e53a739 ] Request (KeyPairsNegativeTestJSON:tearDownClass): 204 DELETE http://10.180.1.21:9696/networking/v2.0/security-groups/70903dac-43fa-49f7-bd19-6af982a2181d 0.413s
2025-05-14 13:20:03.928 69691 INFO tempest.lib.common.rest_client [req-28b11192-5bc8-435d-9f8a-5d5054357db6 req-28b11192-5bc8-435d-9f8a-5d5054357db6 ] Request (ServersTestMultiNic:setUpClass): 201 POST http://10.180.1.21/identity/v3/users 0.120s
2025-05-14 13:20:03.969 69691 INFO tempest.lib.common.rest_client [req-1bf75268-f53a-44c2-af2a-0652ef9d46b9 req-1bf75268-f53a-44c2-af2a-0652ef9d46b9 ] Request (ServersTestMultiNic:setUpClass): 200 GET http://10.180.1.21/identity/v3/roles 0.040s
2025-05-14 13:20:03.996 69709 INFO tempest.lib.common.rest_client [req-0d18d400-9250-4313-bcae-c7a8a3458fa2 req-0d18d400-9250-4313-bcae-c7a8a3458fa2 ] Request (KeyPairsNegativeTestJSON:tearDownClass): 204 DELETE http://10.180.1.21/identity/v3/projects/f193f6a92f2343d6bcb01c517ed699e2 0.091s
2025-05-14 13:20:04.016 69707 INFO tempest.lib.common.rest_client [req-e68612e9-5fdc-40e4-b09a-6270bbacf127 req-e68612e9-5fdc-40e4-b09a-6270bbacf127 ] Request (ServerDiagnosticsTest:test_get_server_diagnostics): 200 GET http://10.180.1.21/compute/v2.1/servers/dd5ece22-e1c2-4733-ab63-6f7f8bf9e6e1 2.463s
2025-05-14 13:20:04.037 69709 INFO tempest.lib.common.rest_client [req-0d805831-cb6c-4419-990c-7fdd571976b0 req-0d805831-cb6c-4419-990c-7fdd571976b0 ] Request (SecurityGroupRulesNegativeTestJSON:setUpClass): 201 POST http://10.180.1.21/identity/v3/auth/tokens 0.038s
2025-05-14 13:20:04.043 69691 INFO tempest.lib.common.rest_client [req-798166b6-ab5f-4b3f-ae3c-ca2fd9c2dd04 req-798166b6-ab5f-4b3f-ae3c-ca2fd9c2dd04 ] Request (ServersTestMultiNic:setUpClass): 204 PUT http://10.180.1.21/identity/v3/projects/449c12a1501145728679b8ccbffb6354/users/61b5895ad1724330a91b4c40e3ffcb4c/roles/2663188572304aa28c56e69be1a2bf6c 0.074s
2025-05-14 13:20:04.043 69691 INFO tempest.lib.common.dynamic_creds [-] Dynamic test user 61b5895ad1724330a91b4c40e3ffcb4c is created with scope project and roles: ['member']
2025-05-14 13:20:04.044 69691 INFO tempest.lib.common.dynamic_creds [-] Acquired dynamic creds: credentials: Credentials: {'domain_id': 'default', 'domain_name': 'Default', 'username': 'tempest-ServersTestMultiNic-93755808-project-member', 'project_domain_id': 'default', 'project_domain_name': 'Default', 'project_id': '449c12a1501145728679b8ccbffb6354', 'project_name': 'tempest-ServersTestMultiNic-93755808', 'tenant_id': '449c12a1501145728679b8ccbffb6354', 'tenant_name': 'tempest-ServersTestMultiNic-93755808', 'user_domain_id': 'default', 'user_domain_name': 'Default', 'user_id': '61b5895ad1724330a91b4c40e3ffcb4c', 'system': None}, Network: None, Subnet: None, Router: None
2025-05-14 13:20:04.148 69691 INFO tempest.lib.common.rest_client [req-d29ac4af-beef-4d48-bc75-5d4c73df1cb2 req-d29ac4af-beef-4d48-bc75-5d4c73df1cb2 ] Request (ServersTestMultiNic:setUpClass): 201 POST http://10.180.1.21/identity/v3/auth/tokens 0.104s
2025-05-14 13:20:04.156 69725 INFO tempest.lib.common.rest_client [req-583f90dc-d26e-4060-9626-e1e35efae8cd req-583f90dc-d26e-4060-9626-e1e35efae8cd ] Request (ValidationResourcesFixture:setUp): 201 POST http://10.180.1.21:9696/networking/v2.0/security-group-rules 0.355s
2025-05-14 13:20:04.158 69693 INFO tempest.lib.common.rest_client [req-db0f3f50-57a5-4bba-b536-4fd9b31d8d9d req-db0f3f50-57a5-4bba-b536-4fd9b31d8d9d ] Request (ServersTestJSON:setUpClass): 201 POST http://10.180.1.21:9696/networking/v2.0/security-groups 0.395s
2025-05-14 13:20:04.177 69709 INFO tempest.lib.common.rest_client [req-739909a2-5042-4774-b26b-449b598da0a2 req-739909a2-5042-4774-b26b-449b598da0a2 ] Request (SecurityGroupRulesNegativeTestJSON:setUpClass): 201 POST http://10.180.1.21/identity/v3/auth/tokens 0.135s
2025-05-14 13:20:04.208 69709 INFO tempest.lib.common.rest_client [req-0dde4478-ecc1-44a8-8bb5-259ca71bdd16 req-0dde4478-ecc1-44a8-8bb5-259ca71bdd16 ] Request (SecurityGroupRulesNegativeTestJSON:setUpClass): 200 GET http://10.180.1.21/identity/v3/domains?name=Default 0.031s
2025-05-14 13:20:04.241 69709 INFO tempest.lib.common.rest_client [req-be5f6925-d7e1-4fb6-aa01-478095942999 req-be5f6925-d7e1-4fb6-aa01-478095942999 ] Request (SecurityGroupRulesNegativeTestJSON:setUpClass): 201 POST http://10.180.1.21/identity/v3/projects 0.032s
2025-05-14 13:20:04.277 69705 INFO tempest.lib.common.rest_client [req-25378870-6bd6-4627-9c52-949b2446a979 req-25378870-6bd6-4627-9c52-949b2446a979 ] Request (FloatingIPsAssociationNegativeTestJSON:setUpClass): 201 POST http://10.180.1.21:9696/networking/v2.0/routers 2.287s
2025-05-14 13:20:04.309 69709 INFO tempest.lib.common.rest_client [req-f9227667-b80b-4902-bac6-3bdb6cfdf741 req-f9227667-b80b-4902-bac6-3bdb6cfdf741 ] Request (SecurityGroupRulesNegativeTestJSON:setUpClass): 201 POST http://10.180.1.21/identity/v3/users 0.067s
2025-05-14 13:20:04.338 69709 INFO tempest.lib.common.rest_client [req-61af7117-9751-48a3-9c6b-74973b726c14 req-61af7117-9751-48a3-9c6b-74973b726c14 ] Request (SecurityGroupRulesNegativeTestJSON:setUpClass): 200 GET http://10.180.1.21/identity/v3/roles 0.028s
2025-05-14 13:20:04.369 69709 INFO tempest.lib.common.rest_client [req-8a8de289-2fda-44a4-9c44-459e8ba1c80f req-8a8de289-2fda-44a4-9c44-459e8ba1c80f ] Request (SecurityGroupRulesNegativeTestJSON:setUpClass): 204 PUT http://10.180.1.21/identity/v3/projects/28a6a7d2f8bf47e2a8c8729759d04ef6/users/1ce3c3463bf1459cad1c185d0fe376b5/roles/2663188572304aa28c56e69be1a2bf6c 0.031s
2025-05-14 13:20:04.370 69709 INFO tempest.lib.common.dynamic_creds [-] Dynamic test user 1ce3c3463bf1459cad1c185d0fe376b5 is created with scope project and roles: ['member']
2025-05-14 13:20:04.370 69709 INFO tempest.lib.common.dynamic_creds [-] Acquired dynamic creds: credentials: Credentials: {'domain_id': 'default', 'domain_name': 'Default', 'username': 'tempest-SecurityGroupRulesNegativeTestJSON-1954911372-project-member', 'project_domain_id': 'default', 'project_domain_name': 'Default', 'project_id': '28a6a7d2f8bf47e2a8c8729759d04ef6', 'project_name': 'tempest-SecurityGroupRulesNegativeTestJSON-1954911372', 'tenant_id': '28a6a7d2f8bf47e2a8c8729759d04ef6', 'tenant_name': 'tempest-SecurityGroupRulesNegativeTestJSON-1954911372', 'user_domain_id': 'default', 'user_domain_name': 'Default', 'user_id': '1ce3c3463bf1459cad1c185d0fe376b5', 'system': None}, Network: None, Subnet: None, Router: None
2025-05-14 13:20:04.413 69727 INFO tempest.lib.common.rest_client [req-d949a6e5-ef95-4a62-bd69-376782ae85bf req-d949a6e5-ef95-4a62-bd69-376782ae85bf ] Request (ImagesTestJSON:test_create_image_from_stopped_server): 200 GET http://10.180.1.21/compute/v2.1/servers/6af963e0-d625-451b-b92e-73f54345d1b0 2.759s
2025-05-14 13:20:04.424 69727 INFO tempest.common.waiters [-] State transition "BUILD/None" ==> "BUILD/spawning" after 8 second wait
2025-05-14 13:20:04.462 69709 INFO tempest.lib.common.rest_client [req-de04d418-b291-4a64-8ee6-a7836a79ef8c req-de04d418-b291-4a64-8ee6-a7836a79ef8c ] Request (SecurityGroupRulesNegativeTestJSON:setUpClass): 201 POST http://10.180.1.21/identity/v3/auth/tokens 0.091s
2025-05-14 13:20:04.473 69693 INFO tempest.lib.common.rest_client [req-770f8b5e-364d-4705-8df2-e4ba2c76e5a9 req-770f8b5e-364d-4705-8df2-e4ba2c76e5a9 ] Request (ServersTestJSON:setUpClass): 201 POST http://10.180.1.21:9696/networking/v2.0/security-group-rules 0.314s
2025-05-14 13:20:04.553 69703 INFO tempest.lib.common.rest_client [req-b6205962-3892-45dd-9463-56da162b8042 req-b6205962-3892-45dd-9463-56da162b8042 ] Request (ImagesNegativeTestJSON:test_create_image_from_deleted_server): 200 GET http://10.180.1.21/compute/v2.1/servers/b32dab67-1cb9-479c-8458-ce2fc90801c1 2.803s
2025-05-14 13:20:04.929 69667 INFO tempest.lib.common.rest_client [req-314eed37-0972-46dc-838e-bb4ff4d5b09e req-314eed37-0972-46dc-838e-bb4ff4d5b09e ] Request (SecurityGroupsTestAdminJSON:test_list_security_groups_list_all_tenants_filter): 200 GET http://10.180.1.21/compute/v2.1/os-security-groups?all_tenants=true 3.086s
2025-05-14 13:20:05.102 69683 INFO tempest.lib.common.rest_client [req-43ecd0f9-f843-4f11-a9ed-25e7477db409 req-43ecd0f9-f843-4f11-a9ed-25e7477db409 ] Request (QuotaClassesAdmin257Test:test_update_default_quotas): 200 PUT http://10.180.1.21/compute/v2.1/os-quota-class-sets/default 3.116s
2025-05-14 13:20:05.214 69693 INFO tempest.lib.common.rest_client [req-04666d76-8ce0-45bf-80cc-5b40ee16a506 req-04666d76-8ce0-45bf-80cc-5b40ee16a506 ] Request (ServersTestJSON:setUpClass): 201 POST http://10.180.1.21:9696/networking/v2.0/security-group-rules 0.737s
2025-05-14 13:20:05.323 69709 INFO tempest.lib.common.rest_client [req-84d51a77-97b0-42c2-b057-0530906cc4bd req-84d51a77-97b0-42c2-b057-0530906cc4bd ] Request (SecurityGroupRulesNegativeTestJSON:setUpClass): 201 POST http://10.180.1.21:9696/networking/v2.0/networks 0.861s
2025-05-14 13:20:05.443 69697 INFO tempest.lib.common.rest_client [req-8df11295-4fc1-4ff8-b269-47d2d118cac7 req-8df11295-4fc1-4ff8-b269-47d2d118cac7 ] Request (VolumesAdminNegativeTest:test_update_attached_volume_with_nonexistent_volume_in_body): 202 POST http://10.180.1.21/compute/v2.1/servers 3.740s
2025-05-14 13:20:05.552 69677 INFO tempest.lib.common.rest_client [req-c0c36650-cd51-4995-b8e7-5252aa506613 req-c0c36650-cd51-4995-b8e7-5252aa506613 ] Request (FloatingIPsNegativeTestJSON:test_allocate_floating_ip_from_nonexistent_pool): 404 POST http://10.180.1.21/compute/v2.1/os-floating-ips 3.180s
2025-05-14 13:20:05.608 69691 INFO tempest.lib.common.rest_client [req-c62e8280-073e-4ca0-9ef8-4da60517aff0 req-c62e8280-073e-4ca0-9ef8-4da60517aff0 ] Request (ServersTestMultiNic:setUpClass): 201 POST http://10.180.1.21:9696/networking/v2.0/networks 1.459s
2025-05-14 13:20:05.878 69709 INFO tempest.lib.common.rest_client [req-1f635756-a2ed-4fc6-8c12-0e8482f9a591 req-1f635756-a2ed-4fc6-8c12-0e8482f9a591 ] Request (SecurityGroupRulesNegativeTestJSON:setUpClass): 201 POST http://10.180.1.21:9696/networking/v2.0/subnets 0.553s
2025-05-14 13:20:06.120 69725 INFO tempest.lib.common.rest_client [req-61493f1d-f7bd-4b38-b5b9-c1165f3ca58e req-61493f1d-f7bd-4b38-b5b9-c1165f3ca58e ] Request (ValidationResourcesFixture:setUp): 201 POST http://10.180.1.21:9696/networking/v2.0/floatingips 1.964s
2025-05-14 13:20:06.162 69671 INFO tempest.lib.common.rest_client [req-d38a0737-56ee-4f73-b666-6dd2f09b5da6 req-d38a0737-56ee-4f73-b666-6dd2f09b5da6 ] Request (SecurityGroupRulesTestJSON:test_security_group_rules_create_with_optional_group_id): 200 POST http://10.180.1.21/compute/v2.1/os-security-groups 3.587s
2025-05-14 13:20:06.192 69729 INFO tempest.lib.common.rest_client [req-6ac82bf9-51f3-498f-903d-29927e61b5a1 req-6ac82bf9-51f3-498f-903d-29927e61b5a1 ] Request (ServersAdminTestJSON:setUpClass): 202 POST http://10.180.1.21/compute/v2.1/servers 4.030s
2025-05-14 13:20:06.199 69675 INFO tempest.lib.common.rest_client [req-dc9b35a7-d5e9-4b0b-807c-5b4d5a064a86 req-dc9b35a7-d5e9-4b0b-807c-5b4d5a064a86 ] Request (FlavorsAccessTestJSON:_run_cleanups): 200 GET http://10.180.1.21/compute/v2.1/flavors/detail 3.594s
2025-05-14 13:20:06.213 69721 INFO tempest.lib.common.rest_client [req-f6cb00d0-67ce-4d32-9b3c-568569cc44d4 req-f6cb00d0-67ce-4d32-9b3c-568569cc44d4 ] Request (HostsAdminNegativeTestJSON:test_shutdown_host_with_non_admin_user): 403 GET http://10.180.1.21/compute/v2.1/os-hosts/devstack/shutdown 3.523s
2025-05-14 13:20:06.215 69689 INFO tempest.lib.common.rest_client [req-40bfc599-d321-48c6-8411-5d2d53854976 req-40bfc599-d321-48c6-8411-5d2d53854976 ] Request (ServersWithSpecificFlavorTestJSON:test_verify_created_server_ephemeral_disk): 200 POST http://10.180.1.21/compute/v2.1/flavors 3.544s
2025-05-14 13:20:06.223 69715 INFO tempest.lib.common.rest_client [req-eed12546-fd46-45e0-8733-bb33a7bb81e7 req-eed12546-fd46-45e0-8733-bb33a7bb81e7 ] Request (FlavorsExtraSpecsNegativeTestJSON:test_flavor_update_mismatch_key): 400 PUT http://10.180.1.21/compute/v2.1/flavors/1730122483/os-extra_specs/hw:numa_nodes 3.448s
2025-05-14 13:20:06.223 69725 INFO tempest.lib.common.rest_client [req-f7fb1a92-34cc-4a26-98ab-74a963067d64 req-f7fb1a92-34cc-4a26-98ab-74a963067d64 ] Request (AttachInterfacesUnderV243Test:test_add_remove_fixed_ip): 201 POST http://10.180.1.21/identity/v3/auth/tokens 0.100s
2025-05-14 13:20:06.223 69725 INFO tempest.lib.common.fixed_network [-] (AttachInterfacesUnderV243Test:test_add_remove_fixed_ip) Found network {'id': 'c06f9e3e-2075-4543-bb82-cd95e162001c', 'name': 'tempest-AttachInterfacesUnderV243Test-57553653-network', 'tenant_id': 'f248a9f0d8ca4e69b4903195702a239e', 'admin_state_up': True, 'mtu': 8950, 'status': 'ACTIVE', 'subnets': [], 'shared': False, 'project_id': 'f248a9f0d8ca4e69b4903195702a239e', 'port_security_enabled': True, 'router:external': False, 'provider:network_type': 'vlan', 'provider:physical_network': 'default', 'provider:segmentation_id': 512, 'availability_zone_hints': [], 'availability_zones': [], 'ipv4_address_scope': None, 'ipv6_address_scope': None, 'description': '', 'tags': [], 'created_at': '2025-05-14T13:19:51Z', 'updated_at': '2025-05-14T13:19:51Z', 'revision_number': 1} available for tenant
2025-05-14 13:20:06.244 69685 INFO tempest.lib.common.rest_client [req-c5907c8a-5949-43fd-ac14-ed1f1dfe307b req-c5907c8a-5949-43fd-ac14-ed1f1dfe307b ] Request (FlavorsV255TestJSON:_run_cleanups): 200 GET http://10.180.1.21/compute/v2.1/flavors/detail 3.521s
2025-05-14 13:20:06.249 69719 INFO tempest.lib.common.rest_client [req-27709113-690d-4341-b92a-31604a7b52c2 req-27709113-690d-4341-b92a-31604a7b52c2 ] Request (FlavorsAdminTestJSON:test_create_flavor_with_int_id): 200 POST http://10.180.1.21/compute/v2.1/flavors 3.425s
2025-05-14 13:20:06.276 69711 INFO tempest.lib.common.rest_client [req-dfefde6e-1dda-43b7-abaf-9db3ddefea16 req-dfefde6e-1dda-43b7-abaf-9db3ddefea16 ] Request (FlavorsExtraSpecsTestJSON:test_flavor_set_get_update_show_unset_keys): 200 PUT http://10.180.1.21/compute/v2.1/flavors/1079672159/os-extra_specs/hw:numa_nodes 3.444s
2025-05-14 13:20:06.286 69717 INFO tempest.lib.common.rest_client [req-5cc0cc09-ffeb-42a3-b4e4-b9e8109e4175 req-5cc0cc09-ffeb-42a3-b4e4-b9e8109e4175 ] Request (FlavorsAccessNegativeTestJSON:test_flavor_access_list_with_public_flavor): 404 GET http://10.180.1.21/compute/v2.1/flavors/243204802/os-flavor-access 3.412s
2025-05-14 13:20:06.345 69685 INFO tempest.lib.common.rest_client [req-4d7535d8-fc58-4726-8d7d-043360807a4b req-4d7535d8-fc58-4726-8d7d-043360807a4b ] Request (FlavorsV255TestJSON:tearDownClass): 204 DELETE http://10.180.1.21/identity/v3/users/f2d4abbc8c1d49dfb716010e591914f2 0.086s
2025-05-14 13:20:06.381 69673 INFO tempest.lib.common.rest_client [req-3d3c326f-6bb5-4a0a-be0b-89554a8b2095 req-3d3c326f-6bb5-4a0a-be0b-89554a8b2095 ] Request (ServicesAdminNegativeTestJSON:test_get_service_by_invalid_params): 200 GET http://10.180.1.21/compute/v2.1/os-services 3.527s
2025-05-14 13:20:06.398 69701 INFO tempest.lib.common.rest_client [req-e0b56aff-1ee4-4cea-89c9-051719d543bf req-e0b56aff-1ee4-4cea-89c9-051719d543bf ] Request (InstanceUsageAuditLogTestJSON:test_list_instance_usage_audit_logs): 200 GET http://10.180.1.21/compute/v2.1/os-instance_usage_audit_log 2.985s
2025-05-14 13:20:06.406 69691 INFO tempest.lib.common.rest_client [req-b269af10-80b2-4d1f-9648-645da953db60 req-b269af10-80b2-4d1f-9648-645da953db60 ] Request (ServersTestMultiNic:setUpClass): 201 POST http://10.180.1.21:9696/networking/v2.0/subnets 0.797s
2025-05-14 13:20:06.430 69679 INFO tempest.lib.common.rest_client [req-c707d1af-42d6-471b-9a3b-75042845380f req-c707d1af-42d6-471b-9a3b-75042845380f ] Request (HypervisorAdminTestJSON:test_get_hypervisor_list_details): 200 GET http://10.180.1.21/compute/v2.1/os-hypervisors/detail 2.838s
2025-05-14 13:20:06.524 69669 INFO tempest.lib.common.rest_client [req-30c59ef2-488c-404a-bdf9-1f9d1121f585 req-30c59ef2-488c-404a-bdf9-1f9d1121f585 ] Request (AZV2TestJSON:test_get_availability_zone_list_with_non_admin_user): 200 GET http://10.180.1.21/compute/v2.1/os-availability-zone 3.553s
2025-05-14 13:20:06.526 69693 INFO tempest.lib.common.rest_client [req-2ec7192a-6ed3-486c-90e9-3e8282cb875d req-2ec7192a-6ed3-486c-90e9-3e8282cb875d ] Request (ServersTestJSON:setUpClass): 201 POST http://10.180.1.21:9696/networking/v2.0/floatingips 1.311s
2025-05-14 13:20:06.551 69685 INFO tempest.lib.common.rest_client [req-f73637c5-8768-42b8-8548-68ccac7503fe req-f73637c5-8768-42b8-8548-68ccac7503fe ] Request (FlavorsV255TestJSON:tearDownClass): 204 DELETE http://10.180.1.21/identity/v3/users/ebda0148cfc448878baad8e0903614ea 0.206s
2025-05-14 13:20:06.552 69685 INFO tempest.lib.common.dynamic_creds [-] Deleting project and security group for project: 8ee9f674fd4d402d867672b497c6c625
2025-05-14 13:20:06.611 69701 INFO tempest.lib.common.rest_client [req-f89ab4ab-d708-469b-b231-e18e7a875c98 req-f89ab4ab-d708-469b-b231-e18e7a875c98 ] Request (InstanceUsageAuditLogTestJSON:tearDownClass): 204 DELETE http://10.180.1.21/identity/v3/users/459e88aa62a14c81bfc2208ac589d4dc 0.207s
2025-05-14 13:20:06.681 69693 INFO tempest.lib.common.rest_client [req-a36b7da6-71ad-45af-9534-cddf53272b80 req-a36b7da6-71ad-45af-9534-cddf53272b80 ] Request (ServersTestJSON:setUpClass): 201 POST http://10.180.1.21/identity/v3/auth/tokens 0.146s
2025-05-14 13:20:06.682 69693 INFO tempest.lib.common.fixed_network [-] (ServersTestJSON:setUpClass) Found network {'id': '71e31f28-9e65-4026-9b14-f2e7ad91e8b6', 'name': 'tempest-ServersTestJSON-1780678547-network', 'tenant_id': '23516d1454e0486793cde2b2e3640de6', 'admin_state_up': True, 'mtu': 8950, 'status': 'ACTIVE', 'subnets': [], 'shared': False, 'project_id': '23516d1454e0486793cde2b2e3640de6', 'port_security_enabled': True, 'router:external': False, 'provider:network_type': 'vlan', 'provider:physical_network': 'default', 'provider:segmentation_id': 574, 'availability_zone_hints': [], 'availability_zones': [], 'ipv4_address_scope': None, 'ipv6_address_scope': None, 'description': '', 'tags': [], 'created_at': '2025-05-14T13:19:55Z', 'updated_at': '2025-05-14T13:19:55Z', 'revision_number': 1} available for tenant
2025-05-14 13:20:06.765 69685 INFO tempest.lib.common.rest_client [req-296f46a7-6dc7-4387-9bdf-94b875f17e33 req-296f46a7-6dc7-4387-9bdf-94b875f17e33 ] Request (FlavorsV255TestJSON:tearDownClass): 201 POST http://10.180.1.21/identity/v3/auth/tokens 0.213s
2025-05-14 13:20:06.779 69669 INFO tempest.lib.common.rest_client [req-5af53046-cf00-4518-a839-bf7ba0f91820 req-5af53046-cf00-4518-a839-bf7ba0f91820 ] Request (AZV2TestJSON:tearDownClass): 204 DELETE http://10.180.1.21/identity/v3/users/dfd84b5f7dd14247a9e460a376410b6d 0.251s
2025-05-14 13:20:06.780 69669 INFO tempest.lib.common.dynamic_creds [-] Deleting project and security group for project: 626855db045a4639b601bf29ea21ea72
2025-05-14 13:20:06.827 69681 INFO tempest.lib.common.rest_client [req-01f7f18e-2090-4005-b5d2-baabc2eeb504 req-01f7f18e-2090-4005-b5d2-baabc2eeb504 ] Request (AttachInterfacesV270Test:test_create_get_list_interfaces): 200 GET http://10.180.1.21/compute/v2.1/servers/7cfde510-0408-47a5-a202-8af5a6a66588 2.544s
2025-05-14 13:20:06.865 69695 INFO tempest.lib.common.rest_client [req-44d56f68-56c6-4dca-9e17-eb5562b67d25 req-44d56f68-56c6-4dca-9e17-eb5562b67d25 ] Request (MigrationsAdminTest:test_list_migrations_in_flavor_resize_situation): 200 GET http://10.180.1.21/compute/v2.1/servers/219f08aa-ebaa-44f0-9bc9-1a0401fabb23 2.370s
2025-05-14 13:20:06.869 69669 INFO tempest.lib.common.rest_client [req-d42c5201-479f-4fa4-8c5a-523064631394 req-d42c5201-479f-4fa4-8c5a-523064631394 ] Request (AZV2TestJSON:tearDownClass): 201 POST http://10.180.1.21/identity/v3/auth/tokens 0.089s
