2025-05-14 13:22:49.086 69723 INFO tempest.lib.common.rest_client [req-91df1e0c-3fe2-4e1b-b374-0b27d4cb2b6e req-91df1e0c-3fe2-4e1b-b374-0b27d4cb2b6e ] Request (ServerActionsTestOtherA:test_rebuild_server_in_stop_state): 200 GET http://10.180.1.21/compute/v2.1/servers/7125c072-cf6c-4a99-8217-97c0a89bfab9 0.271s
2025-05-14 13:22:49.090 69729 INFO tempest.lib.common.rest_client [req-6c6a84d4-83ff-4558-a904-7c44ff609f60 req-6c6a84d4-83ff-4558-a904-7c44ff609f60 ] Request (ServersAdminTestJSON:test_reset_state_server): 200 GET http://10.180.1.21/compute/v2.1/servers/effb7a42-5fe9-49b5-b4f4-95d5330466a5 0.352s
2025-05-14 13:22:49.094 69723 INFO tempest.common.waiters [-] State transition "BUILD/scheduling" ==> "BUILD/None" after 3 second wait
2025-05-14 13:22:49.213 69693 INFO tempest.lib.common.rest_client [req-7b6259c0-45d2-4fff-b3f7-16ffa5cef72c req-7b6259c0-45d2-4fff-b3f7-16ffa5cef72c ] Request (ListServerFiltersTestJSON:setUpClass): 200 GET http://10.180.1.21/compute/v2.1/servers/b6e49929-b0b8-4aa0-9d21-9ce7cf2595ee 0.200s
2025-05-14 13:22:49.224 69693 INFO tempest.common.waiters [-] State transition "BUILD/networking" ==> "BUILD/spawning" after 50 second wait
2025-05-14 13:22:49.331 69699 INFO tempest.lib.common.rest_client [req-c628bc3f-cd5c-4c46-a263-69b129303473 req-c628bc3f-cd5c-4c46-a263-69b129303473 ] Request (SecurityGroupsTestJSON:test_server_security_groups): 200 GET http://10.180.1.21/compute/v2.1/servers/93a06f2a-b4b7-44b4-94f1-3bf5d16e1733 0.304s
2025-05-14 13:22:49.426 69729 INFO tempest.lib.common.rest_client [req-544a27ef-eb0e-4a87-acf4-5caa8569a280 req-544a27ef-eb0e-4a87-acf4-5caa8569a280 ] Request (ServersAdminTestJSON:tearDownClass): 204 DELETE http://10.180.1.21/compute/v2.1/servers/69a20aa3-1f89-4e23-9c22-0220c8197535 0.327s
2025-05-14 13:22:49.515 69677 INFO tempest.lib.common.rest_client [req-8c4325d9-b78d-4f4a-94aa-e858cadfcf64 req-8c4325d9-b78d-4f4a-94aa-e858cadfcf64 ] Request (ServersListShow2100Test:test_list_show_rebuild_update_server_2100): 200 GET http://10.180.1.21/compute/v2.1/servers/9fc5ff00-4536-4e10-a7ea-3dbebbb9ded8 0.348s
2025-05-14 13:22:49.586 69671 INFO tempest.lib.common.rest_client [req-73a530dd-db83-427f-8b62-54baa83923cb req-73a530dd-db83-427f-8b62-54baa83923cb ] Request (ServerDiskConfigTestJSON:test_rebuild_server_with_manual_disk_config): 200 GET http://10.180.1.21/compute/v2.1/servers/d2b06e9d-08da-4ce7-b946-df21b69ee0b7 0.347s
2025-05-14 13:22:49.655 69705 INFO tempest.lib.common.rest_client [req-798fc52f-6eb6-4872-b2a7-15fb04189e1b req-798fc52f-6eb6-4872-b2a7-15fb04189e1b ] Request (ServersAaction247Test:tearDownClass): 200 GET http://10.180.1.21/compute/v2.1/servers/243fd51e-b95b-4611-aa0c-336e9a203867 0.338s
2025-05-14 13:22:49.663 69705 INFO tempest.common.waiters [-] State transition "ACTIVE/deleting" ==> "DELETED/None" after 5 second wait
2025-05-14 13:22:49.815 69729 INFO tempest.lib.common.rest_client [req-8746604f-2ef2-4abe-9605-d5d948a3a47d req-8746604f-2ef2-4abe-9605-d5d948a3a47d ] Request (ServersAdminTestJSON:tearDownClass): 200 GET http://10.180.1.21/compute/v2.1/servers/69a20aa3-1f89-4e23-9c22-0220c8197535 0.388s
2025-05-14 13:22:49.882 69725 INFO tempest.lib.common.rest_client [req-0982758f-3788-4c14-ab46-8ea0f4f95b3f req-0982758f-3788-4c14-ab46-8ea0f4f95b3f ] Request (ServerActionsV293TestJSON:setUpClass): 200 GET http://10.180.1.21/compute/v2.1/servers/1360f777-e835-4b01-af85-4dcc61e29f58 0.431s
2025-05-14 13:22:50.460 69679 WARNING tempest.lib.common.ssh [-] Failed to establish authenticated ssh connection to cirros@10.180.180.199 ([Errno None] Unable to connect to port 22 on 10.180.180.199). Number attempts: 1. Retry after 2 seconds.: paramiko.ssh_exception.NoValidConnectionsError: [Errno None] Unable to connect to port 22 on 10.180.180.199
2025-05-14 13:22:51.856 69717 INFO paramiko.transport [-] Connected (version 2.0, client dropbear_2020.81)
2025-05-14 13:22:51.972 69717 INFO paramiko.transport [-] Authentication (publickey) successful!
2025-05-14 13:22:51.972 69717 INFO tempest.lib.common.ssh [-] ssh connection to cirros@10.180.180.187 successfully created
2025-05-14 13:22:52.178 69703 WARNING tempest.lib.common.ssh [-] Failed to establish authenticated ssh connection to cirros@10.180.180.136 ([Errno None] Unable to connect to port 22 on 10.180.180.136). Number attempts: 5. Retry after 6 seconds.: paramiko.ssh_exception.NoValidConnectionsError: [Errno None] Unable to connect to port 22 on 10.180.180.136
2025-05-14 13:22:52.315 69697 WARNING tempest.lib.common.ssh [-] Failed to establish authenticated ssh connection to cirros@10.180.180.212 ([Errno None] Unable to connect to port 22 on 10.180.180.212). Number attempts: 13. Retry after 14 seconds.: paramiko.ssh_exception.NoValidConnectionsError: [Errno None] Unable to connect to port 22 on 10.180.180.212
2025-05-14 13:22:53.023 69709 WARNING tempest.lib.common.ssh [-] Failed to establish authenticated ssh connection to cirros@10.180.180.225 ([Errno None] Unable to connect to port 22 on 10.180.180.225). Number attempts: 7. Retry after 8 seconds.: paramiko.ssh_exception.NoValidConnectionsError: [Errno None] Unable to connect to port 22 on 10.180.180.225
2025-05-14 13:22:53.531 69679 WARNING tempest.lib.common.ssh [-] Failed to establish authenticated ssh connection to cirros@10.180.180.199 ([Errno None] Unable to connect to port 22 on 10.180.180.199). Number attempts: 2. Retry after 3 seconds.: paramiko.ssh_exception.NoValidConnectionsError: [Errno None] Unable to connect to port 22 on 10.180.180.199
2025-05-14 13:22:58.078 69679 WARNING tempest.lib.common.ssh [-] Failed to establish authenticated ssh connection to cirros@10.180.180.199 ([Errno None] Unable to connect to port 22 on 10.180.180.199). Number attempts: 3. Retry after 4 seconds.: paramiko.ssh_exception.NoValidConnectionsError: [Errno None] Unable to connect to port 22 on 10.180.180.199
2025-05-14 13:22:58.256 69667 INFO tempest.lib.common.rest_client [req-e5705a43-4b4b-43ff-9e92-8275a67b7ab5 req-e5705a43-4b4b-43ff-9e92-8275a67b7ab5 ] Request (ListImageFiltersTestJSON:setUpClass): 200 GET http://10.180.1.21/compute/v2.1/images/63d0a2f5-af79-4a6a-a30a-32393b828eba 8.676s
2025-05-14 13:22:58.300 69727 INFO tempest.lib.common.rest_client [req-f80b6626-b0c0-4779-9f87-3a1e9a181739 req-f80b6626-b0c0-4779-9f87-3a1e9a181739 ] Request (ImagesTestJSON:test_create_server_from_snapshot): 202 POST http://10.180.1.21/compute/v2.1/servers/a6d023c6-8a1a-4dc1-b94d-58c5e5119d98/action 9.470s
2025-05-14 13:22:58.326 69683 INFO tempest.lib.common.rest_client [req-33934e70-0bab-462e-93ef-23b4d3163d45 req-33934e70-0bab-462e-93ef-23b4d3163d45 ] Request (ServersTestBootFromVolume:tearDownClass): 404 GET http://10.180.1.21/compute/v2.1/servers/3678dbe6-81c0-4aec-ad08-1971f7918fc0 8.649s
2025-05-14 13:22:58.404 69713 INFO tempest.lib.common.rest_client [req-03ba872c-958e-4de3-a05a-a35683f75493 req-03ba872c-958e-4de3-a05a-a35683f75493 ] Request (ServersAdminNegativeTestJSON:setUpClass): 200 GET http://10.180.1.21/compute/v2.1/servers/c88e959f-7974-480e-b0d3-35f5afaeea97 8.712s
2025-05-14 13:22:58.429 69695 INFO tempest.lib.common.rest_client [req-1ab1df28-1f9d-474f-8b51-7c554d2c7946 req-1ab1df28-1f9d-474f-8b51-7c554d2c7946 ] Request (MigrationsAdminTest:test_resize_server_revert_deleted_flavor): 200 GET http://10.180.1.21/compute/v2.1/servers/46c02c77-062d-4f45-ab62-e432ec0c3ba7 8.813s
2025-05-14 13:22:58.593 69701 INFO tempest.lib.common.rest_client [req-902d210b-0250-4865-85b1-afa7f57a66bf req-902d210b-0250-4865-85b1-afa7f57a66bf ] Request (MultipleCreateTestJSON:test_multiple_create_with_reservation_return): 200 GET http://10.180.1.21/compute/v2.1/servers/0daa47f1-e357-447d-9962-9f11a0337b1d 8.680s
2025-05-14 13:22:58.602 69701 INFO tempest.common.waiters [-] State transition "BUILD/None" ==> "BUILD/spawning" after 57 second wait
2025-05-14 13:22:58.631 69673 INFO tempest.lib.common.rest_client [req-e359da3c-8010-4809-8275-7d5c4fcd2058 req-e359da3c-8010-4809-8275-7d5c4fcd2058 ] Request (ServerActionsTestOtherB:test_create_backup): 200 GET http://10.180.1.21/compute/v2.1/servers/829e488c-b119-4d6b-bc74-e24c10ee6d5e 8.698s
2025-05-14 13:22:58.684 69723 INFO tempest.lib.common.rest_client [req-d8a11058-ec03-447c-8d88-7330c9710b0e req-d8a11058-ec03-447c-8d88-7330c9710b0e ] Request (ServerActionsTestOtherA:test_rebuild_server_in_stop_state): 200 GET http://10.180.1.21/compute/v2.1/servers/7125c072-cf6c-4a99-8217-97c0a89bfab9 8.589s
2025-05-14 13:22:58.688 69703 WARNING tempest.lib.common.ssh [-] Failed to establish authenticated ssh connection to cirros@10.180.180.136 ([Errno None] Unable to connect to port 22 on 10.180.180.136). Number attempts: 6. Retry after 7 seconds.: paramiko.ssh_exception.NoValidConnectionsError: [Errno None] Unable to connect to port 22 on 10.180.180.136
2025-05-14 13:22:58.690 69691 INFO tempest.lib.common.rest_client [req-38fc8a23-b71c-4e9a-8f07-4ff0c6f99f1d req-38fc8a23-b71c-4e9a-8f07-4ff0c6f99f1d ] Request (ServersTestMultiNic:_run_cleanups): 200 GET http://10.180.1.21/compute/v2.1/servers/db2c1e31-a6d3-486d-82e0-985c4286affd 8.661s
2025-05-14 13:22:58.865 69693 INFO tempest.lib.common.rest_client [req-8b6428bf-2174-4377-abe8-1ccabc0ae128 req-8b6428bf-2174-4377-abe8-1ccabc0ae128 ] Request (ListServerFiltersTestJSON:setUpClass): 200 GET http://10.180.1.21/compute/v2.1/servers/b6e49929-b0b8-4aa0-9d21-9ce7cf2595ee 8.639s
2025-05-14 13:22:58.877 69699 INFO tempest.lib.common.rest_client [req-31b7fe6c-9c75-4f0f-8b6f-cf0ed768c20e req-31b7fe6c-9c75-4f0f-8b6f-cf0ed768c20e ] Request (SecurityGroupsTestJSON:test_server_security_groups): 200 GET http://10.180.1.21/compute/v2.1/servers/93a06f2a-b4b7-44b4-94f1-3bf5d16e1733 8.537s
2025-05-14 13:22:58.884 69699 INFO tempest.common.waiters [-] State transition "HARD_REBOOT/rebooting_hard" ==> "ACTIVE/None" after 12 second wait
2025-05-14 13:22:58.944 69671 INFO tempest.lib.common.rest_client [req-40ac1957-bd66-4bfa-83d9-35461b729cb8 req-40ac1957-bd66-4bfa-83d9-35461b729cb8 ] Request (ServerDiskConfigTestJSON:test_rebuild_server_with_manual_disk_config): 200 GET http://10.180.1.21/compute/v2.1/servers/d2b06e9d-08da-4ce7-b946-df21b69ee0b7 8.347s
2025-05-14 13:22:58.950 69677 INFO tempest.lib.common.rest_client [req-37ce7d03-3ea8-4d8f-aee7-b5443a0f3cbf req-37ce7d03-3ea8-4d8f-aee7-b5443a0f3cbf ] Request (ServersListShow2100Test:test_list_show_rebuild_update_server_2100): 200 GET http://10.180.1.21/compute/v2.1/servers/9fc5ff00-4536-4e10-a7ea-3dbebbb9ded8 8.420s
2025-05-14 13:22:59.015 69729 INFO tempest.lib.common.rest_client [req-7b2a8381-a0fb-488e-8768-8be542fba6cc req-7b2a8381-a0fb-488e-8768-8be542fba6cc ] Request (ServersAdminTestJSON:tearDownClass): 200 GET http://10.180.1.21/compute/v2.1/servers/69a20aa3-1f89-4e23-9c22-0220c8197535 8.189s
2025-05-14 13:22:59.022 69729 INFO tempest.common.waiters [-] State transition "ACTIVE/deleting" ==> "DELETED/None" after 10 second wait
2025-05-14 13:22:59.026 69705 INFO tempest.lib.common.rest_client [req-299b505e-6828-415f-b6ff-6ed43454dbbe req-299b505e-6828-415f-b6ff-6ed43454dbbe ] Request (ServersAaction247Test:tearDownClass): 200 GET http://10.180.1.21/compute/v2.1/servers/243fd51e-b95b-4611-aa0c-336e9a203867 8.362s
2025-05-14 13:22:59.077 69725 INFO tempest.lib.common.rest_client [req-59f52ec8-1267-4a1f-9b84-eff3102e5a96 req-59f52ec8-1267-4a1f-9b84-eff3102e5a96 ] Request (ServerActionsV293TestJSON:setUpClass): 200 GET http://10.180.1.21/compute/v2.1/servers/1360f777-e835-4b01-af85-4dcc61e29f58 8.183s
2025-05-14 13:22:59.085 69717 INFO tempest.lib.common.rest_client [req-6d359c39-8224-4adc-8dc6-b6c784d8173d req-6d359c39-8224-4adc-8dc6-b6c784d8173d ] Request (ServersTestManualDisk:test_list_servers): 200 GET http://10.180.1.21/compute/v2.1/servers 7.095s
2025-05-14 13:22:59.122 69667 INFO tempest.lib.common.rest_client [req-1e08a429-685f-48f2-ad41-d3169eeaa305 req-1e08a429-685f-48f2-ad41-d3169eeaa305 ] Request (ListImageFiltersTestJSON:setUpClass): 200 GET http://10.180.1.21/compute/v2.1/images/63d0a2f5-af79-4a6a-a30a-32393b828eba 0.863s
2025-05-14 13:22:59.141 69683 INFO tempest.lib.common.rest_client [req-931cc303-a8d0-4cfd-8c97-c09fb8ecf654 req-931cc303-a8d0-4cfd-8c97-c09fb8ecf654 ] Request (ServersTestBootFromVolume:tearDownClass): 202 DELETE http://10.180.1.21/compute/v2.1/os-keypairs/tempest-keypair-555476370 0.814s
2025-05-14 13:22:59.144 69727 INFO tempest.lib.common.rest_client [req-14fd970c-3d26-4909-92d5-d0b3677d5519 req-14fd970c-3d26-4909-92d5-d0b3677d5519 ] Request (ImagesTestJSON:test_create_server_from_snapshot): 200 GET http://10.180.1.21/compute/v2.1/images/52ad6d0f-5ed3-4abe-823b-51bf618c764e 0.843s
2025-05-14 13:22:59.247 69683 INFO tempest.lib.common.rest_client [req-e91895fd-c016-46a5-9064-f319c8d3e3b3 req-e91895fd-c016-46a5-9064-f319c8d3e3b3 ] Request (ServersTestBootFromVolume:tearDownClass): 204 DELETE http://10.180.1.21:9696/networking/v2.0/security-groups/f65fedc2-bd86-4b46-8ea8-95f7086801cf 0.105s
2025-05-14 13:22:59.262 69683 INFO tempest.lib.common.rest_client [req-fa3e52b1-7b46-471c-abf3-cf8316a5bcf3 req-fa3e52b1-7b46-471c-abf3-cf8316a5bcf3 ] Request (ServersTestBootFromVolume:tearDownClass): 404 GET http://10.180.1.21:9696/networking/v2.0/security-groups/f65fedc2-bd86-4b46-8ea8-95f7086801cf 0.014s
2025-05-14 13:22:59.373 69717 INFO tempest.lib.common.rest_client [req-190f0419-1f35-4d69-b82e-fc1b5df3fda3 req-190f0419-1f35-4d69-b82e-fc1b5df3fda3 ] Request (ServersTestManualDisk:test_list_servers_with_detail): 200 GET http://10.180.1.21/compute/v2.1/servers/detail 0.285s
2025-05-14 13:22:59.517 69683 INFO tempest.lib.common.rest_client [req-6f789508-0c4d-499d-8104-4594d0588541 req-6f789508-0c4d-499d-8104-4594d0588541 ] Request (ServersTestBootFromVolume:tearDownClass): 204 DELETE http://10.180.1.21:9696/networking/v2.0/floatingips/5c37b23a-a3aa-4905-998c-2fd1f0648284 0.254s
2025-05-14 13:22:59.543 69667 INFO tempest.lib.common.rest_client [req-da83aaea-d0d3-4f6d-a2ec-9537e5df6545 req-da83aaea-d0d3-4f6d-a2ec-9537e5df6545 ] Request (ListImageFiltersTestJSON:setUpClass): 200 GET http://10.180.1.21/compute/v2.1/servers/993c24e5-a39b-4618-87c0-6e204c29835c 0.415s
2025-05-14 13:22:59.566 69717 INFO tempest.lib.common.rest_client [req-667d3f12-3e86-422b-969d-336a0604b7b8 req-667d3f12-3e86-422b-969d-336a0604b7b8 ] Request (ServersTestManualDisk:test_verify_created_server_vcpus): 200 GET http://10.180.1.21/compute/v2.1/flavors/42 0.182s
2025-05-14 13:22:59.572 69717 INFO tempest.lib.common.ssh [-] Creating ssh connection to '10.180.180.187:22' as 'cirros' with public key authentication
2025-05-14 13:22:59.587 69717 INFO paramiko.transport [-] Connected (version 2.0, client dropbear_2020.81)
2025-05-14 13:22:59.635 69713 INFO tempest.lib.common.rest_client [req-d881ad17-d5f0-4a5d-9b8b-c7d517ff67ea req-d881ad17-d5f0-4a5d-9b8b-c7d517ff67ea ] Request (ServersAdminNegativeTestJSON:setUpClass): 200 GET http://10.180.1.21/compute/v2.1/servers/c88e959f-7974-480e-b0d3-35f5afaeea97 0.218s
2025-05-14 13:22:59.689 69717 INFO paramiko.transport [-] Authentication (publickey) successful!
2025-05-14 13:22:59.691 69717 INFO tempest.lib.common.ssh [-] ssh connection to cirros@10.180.180.187 successfully created
2025-05-14 13:22:59.732 69699 INFO tempest.lib.common.rest_client [req-c991772b-d587-4ecc-8b6d-4e4fea3a5aae req-c991772b-d587-4ecc-8b6d-4e4fea3a5aae ] Request (SecurityGroupsTestJSON:test_server_security_groups): 202 POST http://10.180.1.21/compute/v2.1/servers/93a06f2a-b4b7-44b4-94f1-3bf5d16e1733/action 0.848s
2025-05-14 13:22:59.814 69695 INFO tempest.lib.common.rest_client [req-55eee840-ae5f-4fa2-958c-2258695d1940 req-55eee840-ae5f-4fa2-958c-2258695d1940 ] Request (MigrationsAdminTest:test_resize_server_revert_deleted_flavor): 200 GET http://10.180.1.21/compute/v2.1/servers/46c02c77-062d-4f45-ab62-e432ec0c3ba7 0.376s
2025-05-14 13:22:59.866 69701 INFO tempest.lib.common.rest_client [req-c32caa79-c10d-484a-b613-4cce4348b463 req-c32caa79-c10d-484a-b613-4cce4348b463 ] Request (MultipleCreateTestJSON:test_multiple_create_with_reservation_return): 200 GET http://10.180.1.21/compute/v2.1/servers/0daa47f1-e357-447d-9962-9f11a0337b1d 0.262s
2025-05-14 13:22:59.930 69723 INFO tempest.lib.common.rest_client [req-7cb2dc94-238f-4f86-8f83-55ba98d693af req-7cb2dc94-238f-4f86-8f83-55ba98d693af ] Request (ServerActionsTestOtherA:test_rebuild_server_in_stop_state): 200 GET http://10.180.1.21/compute/v2.1/servers/7125c072-cf6c-4a99-8217-97c0a89bfab9 0.237s
2025-05-14 13:22:59.947 69673 INFO tempest.lib.common.rest_client [req-3875568a-2256-42c5-82b1-b6aa6db01366 req-3875568a-2256-42c5-82b1-b6aa6db01366 ] Request (ServerActionsTestOtherB:test_create_backup): 200 GET http://10.180.1.21/compute/v2.1/servers/829e488c-b119-4d6b-bc74-e24c10ee6d5e 0.306s
2025-05-14 13:23:00.038 69717 INFO tempest.lib.common.rest_client [req-47ca5b86-53be-42cb-b03d-08499311c1e0 req-47ca5b86-53be-42cb-b03d-08499311c1e0 ] Request (ServersTestManualDisk:tearDownClass): 204 DELETE http://10.180.1.21/compute/v2.1/servers/0972b291-5b74-4ca7-923e-10815f8de11f 0.337s
2025-05-14 13:23:00.051 69691 INFO tempest.lib.common.rest_client [req-8669d3c3-c5b2-4ab8-bfbe-974fc82d31fb req-8669d3c3-c5b2-4ab8-bfbe-974fc82d31fb ] Request (ServersTestMultiNic:_run_cleanups): 200 GET http://10.180.1.21/compute/v2.1/servers/db2c1e31-a6d3-486d-82e0-985c4286affd 0.348s
2025-05-14 13:23:00.121 69699 INFO tempest.lib.common.rest_client [req-949bb141-a9c9-4e01-8a37-a42f7f453757 req-949bb141-a9c9-4e01-8a37-a42f7f453757 ] Request (SecurityGroupsTestJSON:test_server_security_groups): 400 DELETE http://10.180.1.21/compute/v2.1/os-security-groups/e19c4bb6-aab7-474e-8f6c-2786bebe2d24 0.388s
2025-05-14 13:23:00.177 69693 INFO tempest.lib.common.rest_client [req-8f2bdd5b-c736-4947-a208-d094aef9cd42 req-8f2bdd5b-c736-4947-a208-d094aef9cd42 ] Request (ListServerFiltersTestJSON:setUpClass): 200 GET http://10.180.1.21/compute/v2.1/servers/b6e49929-b0b8-4aa0-9d21-9ce7cf2595ee 0.302s
2025-05-14 13:23:00.204 69671 INFO tempest.lib.common.rest_client [req-447a67b9-8f9c-45ad-8e74-d8025fbbe5f3 req-447a67b9-8f9c-45ad-8e74-d8025fbbe5f3 ] Request (ServerDiskConfigTestJSON:test_rebuild_server_with_manual_disk_config): 200 GET http://10.180.1.21/compute/v2.1/servers/d2b06e9d-08da-4ce7-b946-df21b69ee0b7 0.251s
2025-05-14 13:23:00.263 69677 INFO tempest.lib.common.rest_client [req-1e206909-7085-47bf-b9dc-98e99bb0696d req-1e206909-7085-47bf-b9dc-98e99bb0696d ] Request (ServersListShow2100Test:test_list_show_rebuild_update_server_2100): 200 GET http://10.180.1.21/compute/v2.1/servers/9fc5ff00-4536-4e10-a7ea-3dbebbb9ded8 0.295s
2025-05-14 13:23:00.295 69729 INFO tempest.lib.common.rest_client [req-3e197692-2218-401b-989e-6f030f03c026 req-3e197692-2218-401b-989e-6f030f03c026 ] Request (ServersAdminTestJSON:tearDownClass): 200 GET http://10.180.1.21/compute/v2.1/servers/69a20aa3-1f89-4e23-9c22-0220c8197535 0.271s
2025-05-14 13:23:00.360 69705 INFO tempest.lib.common.rest_client [req-48acb0c1-44a6-44f4-bce1-e76910c192df req-48acb0c1-44a6-44f4-bce1-e76910c192df ] Request (ServersAaction247Test:tearDownClass): 200 GET http://10.180.1.21/compute/v2.1/servers/243fd51e-b95b-4611-aa0c-336e9a203867 0.321s
2025-05-14 13:23:00.434 69725 INFO tempest.lib.common.rest_client [req-594388fb-8ae6-4b9a-a813-c6f022325654 req-594388fb-8ae6-4b9a-a813-c6f022325654 ] Request (ServerActionsV293TestJSON:setUpClass): 200 GET http://10.180.1.21/compute/v2.1/servers/1360f777-e835-4b01-af85-4dcc61e29f58 0.347s
2025-05-14 13:23:00.448 69717 INFO tempest.lib.common.rest_client [req-896228eb-716c-434c-b501-1c05a4335967 req-896228eb-716c-434c-b501-1c05a4335967 ] Request (ServersTestManualDisk:tearDownClass): 200 GET http://10.180.1.21/compute/v2.1/servers/0972b291-5b74-4ca7-923e-10815f8de11f 0.409s
2025-05-14 13:23:00.497 69727 INFO tempest.lib.common.rest_client [req-42d1e19e-2303-4184-b53c-a49ee2a1a3d9 req-42d1e19e-2303-4184-b53c-a49ee2a1a3d9 ] Request (ImagesTestJSON:test_create_server_from_snapshot): 200 GET http://10.180.1.21/compute/v2.1/images/52ad6d0f-5ed3-4abe-823b-51bf618c764e 0.343s
2025-05-14 13:23:00.526 69699 INFO tempest.lib.common.rest_client [req-46c565d0-8118-41f6-b3bf-20554c3a1ce5 req-46c565d0-8118-41f6-b3bf-20554c3a1ce5 ] Request (SecurityGroupsTestJSON:test_server_security_groups): 204 DELETE http://10.180.1.21/compute/v2.1/servers/93a06f2a-b4b7-44b4-94f1-3bf5d16e1733 0.404s
2025-05-14 13:23:00.604 69683 INFO tempest.lib.common.rest_client [req-1eb20c30-b922-4c38-b826-1a0d4f4c77b8 req-1eb20c30-b922-4c38-b826-1a0d4f4c77b8 ] Request (ServersTestBootFromVolume:tearDownClass): 200 PUT http://10.180.1.21:9696/networking/v2.0/routers/a0e4ef01-f7a0-4b08-b544-0acb465eddb6/remove_router_interface 1.087s
2025-05-14 13:23:00.689 69699 INFO tempest.lib.common.rest_client [req-b94df2e8-5f8e-4a0d-9cc5-b3fffa5010c9 req-b94df2e8-5f8e-4a0d-9cc5-b3fffa5010c9 ] Request (SecurityGroupsTestJSON:test_server_security_groups): 200 GET http://10.180.1.21/compute/v2.1/servers/93a06f2a-b4b7-44b4-94f1-3bf5d16e1733 0.163s
2025-05-14 13:23:00.728 69667 INFO tempest.lib.common.rest_client [req-29cfe575-c7e9-460d-b7ca-0ce883ef521a req-29cfe575-c7e9-460d-b7ca-0ce883ef521a ] Request (ListImageFiltersTestJSON:setUpClass): 200 GET http://10.180.1.21/compute/v2.1/servers/993c24e5-a39b-4618-87c0-6e204c29835c 0.161s
2025-05-14 13:23:00.781 69713 INFO tempest.lib.common.rest_client [req-e3ce663c-94c0-408d-892d-8c4e7409eea9 req-e3ce663c-94c0-408d-892d-8c4e7409eea9 ] Request (ServersAdminNegativeTestJSON:setUpClass): 200 GET http://10.180.1.21/compute/v2.1/servers/c88e959f-7974-480e-b0d3-35f5afaeea97 0.135s
2025-05-14 13:23:00.999 69695 INFO tempest.lib.common.rest_client [req-2db54c8a-3bb8-43bf-b1d2-d5ee0d2b6c8b req-2db54c8a-3bb8-43bf-b1d2-d5ee0d2b6c8b ] Request (MigrationsAdminTest:test_resize_server_revert_deleted_flavor): 200 GET http://10.180.1.21/compute/v2.1/servers/46c02c77-062d-4f45-ab62-e432ec0c3ba7 0.175s
2025-05-14 13:23:01.024 69701 INFO tempest.lib.common.rest_client [req-eaf4fd20-5e36-4671-a386-771a7ec91066 req-eaf4fd20-5e36-4671-a386-771a7ec91066 ] Request (MultipleCreateTestJSON:test_multiple_create_with_reservation_return): 200 GET http://10.180.1.21/compute/v2.1/servers/0daa47f1-e357-447d-9962-9f11a0337b1d 0.147s
2025-05-14 13:23:01.028 69683 INFO tempest.lib.common.rest_client [req-457acede-3b2e-4b27-bae4-13cef6936bd5 req-457acede-3b2e-4b27-bae4-13cef6936bd5 ] Request (ServersTestBootFromVolume:tearDownClass): 204 DELETE http://10.180.1.21:9696/networking/v2.0/routers/a0e4ef01-f7a0-4b08-b544-0acb465eddb6 0.423s
2025-05-14 13:23:01.068 69723 INFO tempest.lib.common.rest_client [req-99f4bbc0-117e-4d0c-8721-a334f89d4b4b req-99f4bbc0-117e-4d0c-8721-a334f89d4b4b ] Request (ServerActionsTestOtherA:test_rebuild_server_in_stop_state): 200 GET http://10.180.1.21/compute/v2.1/servers/7125c072-cf6c-4a99-8217-97c0a89bfab9 0.129s
2025-05-14 13:23:01.133 69691 INFO tempest.lib.common.rest_client [req-9ec0890b-06fd-4f6d-8f18-4bc58477281a req-9ec0890b-06fd-4f6d-8f18-4bc58477281a ] Request (ServersTestMultiNic:_run_cleanups): 200 GET http://10.180.1.21/compute/v2.1/servers/db2c1e31-a6d3-486d-82e0-985c4286affd 0.073s
2025-05-14 13:23:01.148 69673 INFO tempest.lib.common.rest_client [req-5c9332b5-a92a-4660-bf7f-25066037f459 req-5c9332b5-a92a-4660-bf7f-25066037f459 ] Request (ServerActionsTestOtherB:test_create_backup): 200 GET http://10.180.1.21/compute/v2.1/servers/829e488c-b119-4d6b-bc74-e24c10ee6d5e 0.186s
2025-05-14 13:23:01.175 69683 INFO tempest.lib.common.rest_client [req-011eedcf-b55b-4bda-9ac5-eeb54be559bd req-011eedcf-b55b-4bda-9ac5-eeb54be559bd ] Request (ServersTestBootFromVolume:tearDownClass): 204 DELETE http://10.180.1.21:9696/networking/v2.0/subnets/559778df-a00e-4cbd-8683-82cdafef33ba 0.147s
2025-05-14 13:23:01.292 69671 INFO tempest.lib.common.rest_client [req-67d03a20-465f-4af4-8397-4a3495907b19 req-67d03a20-465f-4af4-8397-4a3495907b19 ] Request (ServerDiskConfigTestJSON:test_rebuild_server_with_manual_disk_config): 200 GET http://10.180.1.21/compute/v2.1/servers/d2b06e9d-08da-4ce7-b946-df21b69ee0b7 0.080s
2025-05-14 13:23:01.368 69693 INFO tempest.lib.common.rest_client [req-7b06b8ca-1012-429a-90eb-d7b73d96b0a8 req-7b06b8ca-1012-429a-90eb-d7b73d96b0a8 ] Request (ListServerFiltersTestJSON:setUpClass): 200 GET http://10.180.1.21/compute/v2.1/servers/b6e49929-b0b8-4aa0-9d21-9ce7cf2595ee 0.182s
2025-05-14 13:23:01.383 69677 INFO tempest.lib.common.rest_client [req-2211ca82-6e9a-434f-9efe-0d18fc3687ad req-2211ca82-6e9a-434f-9efe-0d18fc3687ad ] Request (ServersListShow2100Test:test_list_show_rebuild_update_server_2100): 200 GET http://10.180.1.21/compute/v2.1/servers/9fc5ff00-4536-4e10-a7ea-3dbebbb9ded8 0.097s
2025-05-14 13:23:01.461 69729 INFO tempest.lib.common.rest_client [req-fadf6832-b001-4fa2-a585-bfca7a5d32de req-fadf6832-b001-4fa2-a585-bfca7a5d32de ] Request (ServersAdminTestJSON:tearDownClass): 200 GET http://10.180.1.21/compute/v2.1/servers/69a20aa3-1f89-4e23-9c22-0220c8197535 0.151s
2025-05-14 13:23:01.476 69705 INFO tempest.lib.common.rest_client [req-1a7a847e-dabd-432b-b717-304f175806a2 req-1a7a847e-dabd-432b-b717-304f175806a2 ] Request (ServersAaction247Test:tearDownClass): 200 GET http://10.180.1.21/compute/v2.1/servers/243fd51e-b95b-4611-aa0c-336e9a203867 0.107s
2025-05-14 13:23:01.535 69725 INFO tempest.lib.common.rest_client [req-d995cc6d-53f1-45cf-8bc7-fc307f21d209 req-d995cc6d-53f1-45cf-8bc7-fc307f21d209 ] Request (ServerActionsV293TestJSON:setUpClass): 200 GET http://10.180.1.21/compute/v2.1/servers/1360f777-e835-4b01-af85-4dcc61e29f58 0.089s
2025-05-14 13:23:01.535 69709 INFO paramiko.transport [-] Connected (version 2.0, client dropbear_2020.81)
2025-05-14 13:23:01.581 69727 INFO tempest.lib.common.rest_client [req-c5167088-4200-47e2-9cfa-bb99f7014124 req-c5167088-4200-47e2-9cfa-bb99f7014124 ] Request (ImagesTestJSON:test_create_server_from_snapshot): 200 GET http://10.180.1.21/compute/v2.1/images/52ad6d0f-5ed3-4abe-823b-51bf618c764e 0.081s
2025-05-14 13:23:01.601 69709 INFO paramiko.transport [-] Authentication (publickey) successful!
2025-05-14 13:23:01.603 69709 INFO tempest.lib.common.ssh [-] ssh connection to cirros@10.180.180.225 successfully created
2025-05-14 13:23:01.635 69709 INFO tempest.lib.common.rest_client [req-74517bdb-690f-4c06-996d-0ef94dbcf36a req-74517bdb-690f-4c06-996d-0ef94dbcf36a ] Request (AttachVolumeTestJSON:test_attach_detach_volume): 200 GET http://10.180.1.21/compute/v2.1/servers/0cebab59-253b-4037-99a0-26667add9e9d/ips 0.031s
2025-05-14 13:23:01.637 69709 INFO tempest.lib.common.ssh [-] Creating ssh connection to '10.180.180.225:22' as 'cirros' with public key authentication
2025-05-14 13:23:01.643 69709 INFO paramiko.transport [-] Connected (version 2.0, client dropbear_2020.81)
2025-05-14 13:23:01.647 69717 INFO tempest.lib.common.rest_client [req-8f0acfab-e740-4333-8b25-48b3430d92e4 req-8f0acfab-e740-4333-8b25-48b3430d92e4 ] Request (ServersTestManualDisk:tearDownClass): 200 GET http://10.180.1.21/compute/v2.1/servers/0972b291-5b74-4ca7-923e-10815f8de11f 0.186s
2025-05-14 13:23:01.659 69683 INFO tempest.lib.common.rest_client [req-a731a6fa-63fc-4278-acb4-4ae80accb1f5 req-a731a6fa-63fc-4278-acb4-4ae80accb1f5 ] Request (ServersTestBootFromVolume:tearDownClass): 204 DELETE http://10.180.1.21:9696/networking/v2.0/networks/b407278c-3ff8-4002-8023-569b8997b82b 0.483s
2025-05-14 13:23:01.704 69709 INFO paramiko.transport [-] Authentication (publickey) successful!
2025-05-14 13:23:01.704 69709 INFO tempest.lib.common.ssh [-] ssh connection to cirros@10.180.180.225 successfully created
2025-05-14 13:23:01.705 69709 INFO tempest.lib.common.ssh [-] Creating ssh connection to '10.180.180.225:22' as 'cirros' with public key authentication
2025-05-14 13:23:01.707 69709 INFO paramiko.transport [-] Connected (version 2.0, client dropbear_2020.81)
2025-05-14 13:23:01.769 69709 INFO paramiko.transport [-] Authentication (publickey) successful!
2025-05-14 13:23:01.770 69709 INFO tempest.lib.common.ssh [-] ssh connection to cirros@10.180.180.225 successfully created
2025-05-14 13:23:01.809 69683 INFO tempest.lib.common.rest_client [req-3cfad344-a253-41cf-adf0-011306f8de05 req-3cfad344-a253-41cf-adf0-011306f8de05 ] Request (ServersTestBootFromVolume:tearDownClass): 204 DELETE http://10.180.1.21/identity/v3/users/63ad400398db41a58c6054e3a9843a64 0.149s
2025-05-14 13:23:01.809 69683 INFO tempest.lib.common.dynamic_creds [-] Deleting project and security group for project: 0a782fc5143f47d9ba41b40300192c59
2025-05-14 13:23:01.866 69699 INFO tempest.lib.common.rest_client [req-69941d30-6e58-429e-b04d-bf4d4d3c8751 req-69941d30-6e58-429e-b04d-bf4d4d3c8751 ] Request (SecurityGroupsTestJSON:test_server_security_groups): 200 GET http://10.180.1.21/compute/v2.1/servers/93a06f2a-b4b7-44b4-94f1-3bf5d16e1733 0.166s
2025-05-14 13:23:01.888 69683 INFO tempest.lib.common.rest_client [req-742596a5-e964-4376-8090-da1d28779599 req-742596a5-e964-4376-8090-da1d28779599 ] Request (ServersTestBootFromVolume:tearDownClass): 200 GET http://10.180.1.21:9696/networking/v2.0/security-groups?tenant_id=0a782fc5143f47d9ba41b40300192c59&name=default 0.078s
2025-05-14 13:23:01.943 69667 INFO tempest.lib.common.rest_client [req-002a0904-7f83-4510-b3e8-eb3fd9102fc1 req-002a0904-7f83-4510-b3e8-eb3fd9102fc1 ] Request (ListImageFiltersTestJSON:setUpClass): 200 GET http://10.180.1.21/compute/v2.1/servers/993c24e5-a39b-4618-87c0-6e204c29835c 0.204s
2025-05-14 13:23:01.955 69667 INFO tempest.common.waiters [-] State transition "ACTIVE/image_uploading" ==> "ACTIVE/None" after 2 second wait
2025-05-14 13:23:01.971 69713 INFO tempest.lib.common.rest_client [req-0cfbad79-7518-4bdf-ab23-8d5cce1b58b8 req-0cfbad79-7518-4bdf-ab23-8d5cce1b58b8 ] Request (ServersAdminNegativeTestJSON:setUpClass): 200 GET http://10.180.1.21/compute/v2.1/servers/c88e959f-7974-480e-b0d3-35f5afaeea97 0.181s
2025-05-14 13:23:02.033 69709 INFO tempest.lib.common.rest_client [req-32b0ef65-0eb3-4522-a68d-1a9925f6f6da req-32b0ef65-0eb3-4522-a68d-1a9925f6f6da ] Request (AttachVolumeTestJSON:test_attach_detach_volume): 202 POST http://10.180.1.21/volume/v3/volumes 0.256s
2025-05-14 13:23:02.069 69667 INFO tempest.lib.common.rest_client [req-cd18558d-d60a-4322-b085-9600f211294d req-cd18558d-d60a-4322-b085-9600f211294d ] Request (ListImageFiltersTestJSON:test_list_images_filter_by_changes_since): 200 GET http://10.180.1.21/compute/v2.1/images?changes-since=2025-05-14T13%3A21%3A10Z 0.112s
2025-05-14 13:23:02.071 69683 INFO tempest.lib.common.rest_client [req-5997af86-deee-485b-821c-ad69201666cb req-5997af86-deee-485b-821c-ad69201666cb ] Request (ServersTestBootFromVolume:tearDownClass): 204 DELETE http://10.180.1.21:9696/networking/v2.0/security-groups/f14364ec-d06e-4e4c-8f2d-11a268479a1a 0.182s
2025-05-14 13:23:02.104 69709 INFO tempest.lib.common.rest_client [req-d3936ffb-ec76-4bac-a7ae-eccd117cace1 req-d3936ffb-ec76-4bac-a7ae-eccd117cace1 ] Request (AttachVolumeTestJSON:test_attach_detach_volume): 200 GET http://10.180.1.21/volume/v3/volumes/9ddce208-842e-4b08-9a44-ccb9ab20b8fb 0.053s
2025-05-14 13:23:02.210 69695 INFO tempest.lib.common.rest_client [req-fa2dd93c-4a49-419e-be31-934e5fdc39a0 req-fa2dd93c-4a49-419e-be31-934e5fdc39a0 ] Request (MigrationsAdminTest:test_resize_server_revert_deleted_flavor): 200 GET http://10.180.1.21/compute/v2.1/servers/46c02c77-062d-4f45-ab62-e432ec0c3ba7 0.202s
2025-05-14 13:23:02.218 69695 INFO tempest.common.waiters [-] State transition "RESIZE/resize_prep" ==> "RESIZE/resize_migrating" after 25 second wait
2025-05-14 13:23:02.228 69683 INFO tempest.lib.common.rest_client [req-e71bf313-9ba1-404a-b5aa-8ac3926ca265 req-e71bf313-9ba1-404a-b5aa-8ac3926ca265 ] Request (ServersTestBootFromVolume:tearDownClass): 204 DELETE http://10.180.1.21/identity/v3/projects/0a782fc5143f47d9ba41b40300192c59 0.157s
2025-05-14 13:23:02.251 69687 WARNING tempest.lib.common.ssh [-] Failed to establish authenticated ssh connection to cirros@10.180.180.219 ([Errno None] Unable to connect to port 22 on 10.180.180.219). Number attempts: 13. Retry after 14 seconds.: paramiko.ssh_exception.NoValidConnectionsError: [Errno None] Unable to connect to port 22 on 10.180.180.219
2025-05-14 13:23:02.256 69701 INFO tempest.lib.common.rest_client [req-ffa48109-af4b-41c1-b930-f0f064fd3649 req-ffa48109-af4b-41c1-b930-f0f064fd3649 ] Request (MultipleCreateTestJSON:test_multiple_create_with_reservation_return): 200 GET http://10.180.1.21/compute/v2.1/servers/0daa47f1-e357-447d-9962-9f11a0337b1d 0.223s
2025-05-14 13:23:02.276 69667 INFO tempest.lib.common.rest_client [req-26a2b5c2-a08a-4356-95e1-5c5ae5ad1471 req-26a2b5c2-a08a-4356-95e1-5c5ae5ad1471 ] Request (ListImageFiltersTestJSON:test_list_images_filter_by_name): 200 GET http://10.180.1.21/compute/v2.1/images?name=tempest-ListImageFiltersTestJSON-image-1392154634 0.202s
2025-05-14 13:23:02.311 69723 INFO tempest.lib.common.rest_client [req-f59b711b-ff6a-4719-b00e-6dc58c8d7412 req-f59b711b-ff6a-4719-b00e-6dc58c8d7412 ] Request (ServerActionsTestOtherA:test_rebuild_server_in_stop_state): 200 GET http://10.180.1.21/compute/v2.1/servers/7125c072-cf6c-4a99-8217-97c0a89bfab9 0.235s
2025-05-14 13:23:02.315 69683 INFO tempest.lib.common.rest_client [req-b59072eb-2261-4f17-bfa1-33e36a523df6 req-b59072eb-2261-4f17-bfa1-33e36a523df6 ] Request (ServersTestJSON:setUpClass): 201 POST http://10.180.1.21/identity/v3/auth/tokens 0.085s
2025-05-14 13:23:02.349 69683 INFO tempest.lib.common.rest_client [req-fc492cc8-ceb0-4771-91f5-3ed626ff5cc3 req-fc492cc8-ceb0-4771-91f5-3ed626ff5cc3 ] Request (ServersTestJSON:setUpClass): 201 POST http://10.180.1.21/identity/v3/auth/tokens 0.031s
2025-05-14 13:23:02.351 69691 INFO tempest.lib.common.rest_client [req-e8e3eeb2-5d0d-4f01-89ab-e1084548ba24 req-e8e3eeb2-5d0d-4f01-89ab-e1084548ba24 ] Request (ServersTestMultiNic:_run_cleanups): 200 GET http://10.180.1.21/compute/v2.1/servers/db2c1e31-a6d3-486d-82e0-985c4286affd 0.205s
2025-05-14 13:23:02.384 69683 INFO tempest.lib.common.rest_client [req-c959d645-5bbd-40bf-912b-4fa0c9b473ca req-c959d645-5bbd-40bf-912b-4fa0c9b473ca ] Request (ServersTestJSON:setUpClass): 200 GET http://10.180.1.21/identity/v3/domains?name=Default 0.035s
2025-05-14 13:23:02.424 69683 INFO tempest.lib.common.rest_client [req-b9e8c680-e105-4437-b114-bbd3be4c30e8 req-b9e8c680-e105-4437-b114-bbd3be4c30e8 ] Request (ServersTestJSON:setUpClass): 201 POST http://10.180.1.21/identity/v3/projects 0.039s
2025-05-14 13:23:02.432 69667 INFO tempest.lib.common.rest_client [req-5a78257c-0264-4e53-b1ce-4f1890849ba0 req-5a78257c-0264-4e53-b1ce-4f1890849ba0 ] Request (ListImageFiltersTestJSON:test_list_images_filter_by_server_id): 200 GET http://10.180.1.21/compute/v2.1/images?server=993c24e5-a39b-4618-87c0-6e204c29835c 0.152s
2025-05-14 13:23:02.519 69683 INFO tempest.lib.common.rest_client [req-32af8045-25b8-4dd0-8387-a7659fc15712 req-32af8045-25b8-4dd0-8387-a7659fc15712 ] Request (ServersTestJSON:setUpClass): 201 POST http://10.180.1.21/identity/v3/users 0.095s
2025-05-14 13:23:02.544 69683 INFO tempest.lib.common.rest_client [req-4b11b61a-a603-43f5-a0fa-92e025323eee req-4b11b61a-a603-43f5-a0fa-92e025323eee ] Request (ServersTestJSON:setUpClass): 200 GET http://10.180.1.21/identity/v3/roles 0.024s
2025-05-14 13:23:02.584 69679 WARNING tempest.lib.common.ssh [-] Failed to establish authenticated ssh connection to cirros@10.180.180.199 ([Errno None] Unable to connect to port 22 on 10.180.180.199). Number attempts: 4. Retry after 5 seconds.: paramiko.ssh_exception.NoValidConnectionsError: [Errno None] Unable to connect to port 22 on 10.180.180.199
2025-05-14 13:23:02.590 69683 INFO tempest.lib.common.rest_client [req-e53b8d80-af66-4595-a8d1-5960f3f95ece req-e53b8d80-af66-4595-a8d1-5960f3f95ece ] Request (ServersTestJSON:setUpClass): 204 PUT http://10.180.1.21/identity/v3/projects/070cd5e84a1945b0a1f8c83a8266405b/users/a591e0372ed5423a8b4839125cffd07c/roles/2663188572304aa28c56e69be1a2bf6c 0.045s
2025-05-14 13:23:02.590 69683 INFO tempest.lib.common.dynamic_creds [-] Dynamic test user a591e0372ed5423a8b4839125cffd07c is created with scope project and roles: ['member']
2025-05-14 13:23:02.590 69683 INFO tempest.lib.common.dynamic_creds [-] Acquired dynamic creds: credentials: Credentials: {'domain_id': 'default', 'domain_name': 'Default', 'username': 'tempest-ServersTestJSON-245111932-project-member', 'project_domain_id': 'default', 'project_domain_name': 'Default', 'project_id': '070cd5e84a1945b0a1f8c83a8266405b', 'project_name': 'tempest-ServersTestJSON-245111932', 'tenant_id': '070cd5e84a1945b0a1f8c83a8266405b', 'tenant_name': 'tempest-ServersTestJSON-245111932', 'user_domain_id': 'default', 'user_domain_name': 'Default', 'user_id': 'a591e0372ed5423a8b4839125cffd07c', 'system': None}, Network: None, Subnet: None, Router: None
2025-05-14 13:23:02.654 69671 INFO tempest.lib.common.rest_client [req-8e70a687-1113-47e5-b14f-8b88c92d843c req-8e70a687-1113-47e5-b14f-8b88c92d843c ] Request (ServerDiskConfigTestJSON:test_rebuild_server_with_manual_disk_config): 200 GET http://10.180.1.21/compute/v2.1/servers/d2b06e9d-08da-4ce7-b946-df21b69ee0b7 0.350s
2025-05-14 13:23:02.662 69671 INFO tempest.common.waiters [-] State transition "BUILD/None" ==> "BUILD/block_device_mapping" after 53 second wait
2025-05-14 13:23:02.671 69683 INFO tempest.lib.common.rest_client [req-e5b9a5ce-f605-4007-b54b-df248e32fb01 req-e5b9a5ce-f605-4007-b54b-df248e32fb01 ] Request (ServersTestJSON:setUpClass): 201 POST http://10.180.1.21/identity/v3/auth/tokens 0.080s
2025-05-14 13:23:02.837 69673 INFO tempest.lib.common.rest_client [req-b7744861-445c-4ab5-8814-a74584ba673d req-b7744861-445c-4ab5-8814-a74584ba673d ] Request (ServerActionsTestOtherB:test_create_backup): 200 GET http://10.180.1.21/compute/v2.1/servers/829e488c-b119-4d6b-bc74-e24c10ee6d5e 0.676s
2025-05-14 13:23:02.848 69673 INFO tempest.common.waiters [-] State transition "ACTIVE/image_uploading" ==> "ACTIVE/None" after 20 second wait
2025-05-14 13:23:02.867 69673 INFO tempest.lib.common.rest_client [req-74f4931e-5ba4-4f73-9575-f90a7deb5076 req-74f4931e-5ba4-4f73-9575-f90a7deb5076 ] Request (ServerActionsTestOtherB:test_create_backup): 404 GET http://10.180.1.21/image/v2/images/3059b30e-afc1-4980-a47f-d781667fa55e 0.018s
2025-05-14 13:23:02.875 69689 WARNING tempest.lib.common.ssh [-] Failed to establish authenticated ssh connection to cirros@10.180.180.129 ([Errno None] Unable to connect to port 22 on 10.180.180.129). Number attempts: 12. Retry after 13 seconds.: paramiko.ssh_exception.NoValidConnectionsError: [Errno None] Unable to connect to port 22 on 10.180.180.129
2025-05-14 13:23:02.920 69673 INFO tempest.lib.common.rest_client [req-55aea807-15f7-426e-8d2a-0c05fe03242e req-55aea807-15f7-426e-8d2a-0c05fe03242e ] Request (ServerActionsTestOtherB:test_create_backup): 200 GET http://10.180.1.21/image/v2/images?status=active&sort_key=created_at&sort_dir=asc&image_type=backup&backup_type=daily&instance_uuid=829e488c-b119-4d6b-bc74-e24c10ee6d5e 0.052s
2025-05-14 13:23:03.064 69683 INFO tempest.lib.common.rest_client [req-7e75a06a-d8b7-4722-b547-bf2d797d9a4a req-7e75a06a-d8b7-4722-b547-bf2d797d9a4a ] Request (ServersTestJSON:setUpClass): 201 POST http://10.180.1.21:9696/networking/v2.0/networks 0.393s
2025-05-14 13:23:03.157 69709 INFO tempest.lib.common.rest_client [req-203d3f09-9d56-432a-adb7-d0ac81261442 req-203d3f09-9d56-432a-adb7-d0ac81261442 ] Request (AttachVolumeTestJSON:test_attach_detach_volume): 200 GET http://10.180.1.21/volume/v3/volumes/9ddce208-842e-4b08-9a44-ccb9ab20b8fb 0.042s
2025-05-14 13:23:03.164 69709 INFO tempest.common.waiters [-] volume 9ddce208-842e-4b08-9a44-ccb9ab20b8fb reached available after waiting for 1.164382 seconds
2025-05-14 13:23:03.240 69693 INFO tempest.lib.common.rest_client [req-560879f7-fe81-47fe-ba82-2cf68261522a req-560879f7-fe81-47fe-ba82-2cf68261522a ] Request (ListServerFiltersTestJSON:setUpClass): 200 GET http://10.180.1.21/compute/v2.1/servers/b6e49929-b0b8-4aa0-9d21-9ce7cf2595ee 0.859s
2025-05-14 13:23:03.243 69677 INFO tempest.lib.common.rest_client [req-e16660b0-5f54-43de-9ac3-08ac4afaa323 req-e16660b0-5f54-43de-9ac3-08ac4afaa323 ] Request (ServersListShow2100Test:test_list_show_rebuild_update_server_2100): 200 GET http://10.180.1.21/compute/v2.1/servers/9fc5ff00-4536-4e10-a7ea-3dbebbb9ded8 0.834s
2025-05-14 13:23:03.255 69683 INFO tempest.lib.common.rest_client [req-0001ba2b-8c1f-4001-829f-fdcb1bb57029 req-0001ba2b-8c1f-4001-829f-fdcb1bb57029 ] Request (ServersTestJSON:setUpClass): 201 POST http://10.180.1.21:9696/networking/v2.0/subnets 0.190s
2025-05-14 13:23:03.299 69667 INFO tempest.lib.common.rest_client [req-c2e98098-25a8-422b-a5d8-af5961d76ad4 req-c2e98098-25a8-422b-a5d8-af5961d76ad4 ] Request (ListImageFiltersTestJSON:test_list_images_filter_by_server_ref): 200 GET http://10.180.1.21/compute/v2.1/images?server=http%3A%2F%2F10.180.1.21%2Fcompute%2Fv2.1%2Fservers%2F2fa11155-93c9-497c-a25f-d24ffcedeb9e 0.860s
2025-05-14 13:23:03.332 69729 INFO tempest.lib.common.rest_client [req-b49c38c0-f075-4537-92ec-7438663908d7 req-b49c38c0-f075-4537-92ec-7438663908d7 ] Request (ServersAdminTestJSON:tearDownClass): 200 GET http://10.180.1.21/compute/v2.1/servers/69a20aa3-1f89-4e23-9c22-0220c8197535 0.859s
2025-05-14 13:23:03.416 69705 INFO tempest.lib.common.rest_client [req-eed82ec9-3c93-4007-8346-67757dd19742 req-eed82ec9-3c93-4007-8346-67757dd19742 ] Request (ServersAaction247Test:tearDownClass): 200 GET http://10.180.1.21/compute/v2.1/servers/243fd51e-b95b-4611-aa0c-336e9a203867 0.929s
2025-05-14 13:23:03.436 69725 INFO tempest.lib.common.rest_client [req-a1b04e2f-94f6-4438-82eb-92c60a0561c9 req-a1b04e2f-94f6-4438-82eb-92c60a0561c9 ] Request (ServerActionsV293TestJSON:setUpClass): 200 GET http://10.180.1.21/compute/v2.1/servers/1360f777-e835-4b01-af85-4dcc61e29f58 0.884s
2025-05-14 13:23:03.471 69727 INFO tempest.lib.common.rest_client [req-80c3a43e-8f6c-4d00-a8c4-e31edc5f59a3 req-80c3a43e-8f6c-4d00-a8c4-e31edc5f59a3 ] Request (ImagesTestJSON:test_create_server_from_snapshot): 200 GET http://10.180.1.21/compute/v2.1/images/52ad6d0f-5ed3-4abe-823b-51bf618c764e 0.881s
2025-05-14 13:23:03.554 69717 INFO tempest.lib.common.rest_client [req-4283d1fd-327c-4e80-94d2-7dc86ce7950a req-4283d1fd-327c-4e80-94d2-7dc86ce7950a ] Request (ServersTestManualDisk:tearDownClass): 200 GET http://10.180.1.21/compute/v2.1/servers/0972b291-5b74-4ca7-923e-10815f8de11f 0.895s
2025-05-14 13:23:03.732 69699 INFO tempest.lib.common.rest_client [req-9436a9bc-bd8d-4fe1-9d9b-c2ab419d81c7 req-9436a9bc-bd8d-4fe1-9d9b-c2ab419d81c7 ] Request (SecurityGroupsTestJSON:test_server_security_groups): 200 GET http://10.180.1.21/compute/v2.1/servers/93a06f2a-b4b7-44b4-94f1-3bf5d16e1733 0.850s
2025-05-14 13:23:03.843 69713 INFO tempest.lib.common.rest_client [req-8c400b05-660b-47ee-a801-13793768730b req-8c400b05-660b-47ee-a801-13793768730b ] Request (ServersAdminNegativeTestJSON:setUpClass): 200 GET http://10.180.1.21/compute/v2.1/servers/c88e959f-7974-480e-b0d3-35f5afaeea97 0.857s
2025-05-14 13:23:03.891 69673 INFO tempest.lib.common.rest_client [req-3aeed59e-e21d-4112-9b4e-70e24d27209d req-3aeed59e-e21d-4112-9b4e-70e24d27209d ] Request (ServerActionsTestOtherB:tearDown): 200 GET http://10.180.1.21/compute/v2.1/servers/829e488c-b119-4d6b-bc74-e24c10ee6d5e 0.970s
2025-05-14 13:23:04.023 69673 INFO tempest.lib.common.rest_client [req-3b37bddf-4137-4a47-824f-3058d53cc2c6 req-3b37bddf-4137-4a47-824f-3058d53cc2c6 ] Request (ServerActionsTestOtherB:_run_cleanups): 204 DELETE http://10.180.1.21/image/v2/images/fe36a889-ef7f-4f0a-b543-d5cd654bf05a 0.119s
2025-05-14 13:23:04.057 69695 INFO tempest.lib.common.rest_client [req-078fbf8d-8ec8-4f82-b609-b6568a0d206a req-078fbf8d-8ec8-4f82-b609-b6568a0d206a ] Request (MigrationsAdminTest:test_resize_server_revert_deleted_flavor): 200 GET http://10.180.1.21/compute/v2.1/servers/46c02c77-062d-4f45-ab62-e432ec0c3ba7 0.839s
2025-05-14 13:23:04.149 69673 INFO tempest.lib.common.rest_client [req-82a87536-73aa-4593-abd2-96df3f311b06 req-82a87536-73aa-4593-abd2-96df3f311b06 ] Request (ServerActionsTestOtherB:_run_cleanups): 204 DELETE http://10.180.1.21/image/v2/images/c7833b42-0f72-483d-9307-8e247f33daf4 0.126s
2025-05-14 13:23:04.221 69701 INFO tempest.lib.common.rest_client [req-97088f60-2d02-4eca-8161-0e7aa38e54f0 req-97088f60-2d02-4eca-8161-0e7aa38e54f0 ] Request (MultipleCreateTestJSON:test_multiple_create_with_reservation_return): 200 GET http://10.180.1.21/compute/v2.1/servers/0daa47f1-e357-447d-9962-9f11a0337b1d 0.954s
2025-05-14 13:23:04.273 69667 INFO tempest.lib.common.rest_client [req-14a4585f-0519-47cb-89e0-06e7b8fc6642 req-14a4585f-0519-47cb-89e0-06e7b8fc6642 ] Request (ListImageFiltersTestJSON:test_list_images_filter_by_server_ref): 200 GET http://10.180.1.21/compute/v2.1/images?server=http%3A%2F%2F10.180.1.21%2Fcompute%2Fservers%2F2fa11155-93c9-497c-a25f-d24ffcedeb9e 0.972s
2025-05-14 13:23:04.321 69683 INFO tempest.lib.common.rest_client [req-6b4fb4a6-1fb9-4785-87ff-d680f7cf0d35 req-6b4fb4a6-1fb9-4785-87ff-d680f7cf0d35 ] Request (ServersTestJSON:setUpClass): 201 POST http://10.180.1.21:9696/networking/v2.0/routers 1.065s
2025-05-14 13:23:04.328 69723 INFO tempest.lib.common.rest_client [req-503276a8-3038-43e8-9969-44a5d20dc5cb req-503276a8-3038-43e8-9969-44a5d20dc5cb ] Request (ServerActionsTestOtherA:test_rebuild_server_in_stop_state): 200 GET http://10.180.1.21/compute/v2.1/servers/7125c072-cf6c-4a99-8217-97c0a89bfab9 1.007s
2025-05-14 13:23:04.394 69691 INFO tempest.lib.common.rest_client [req-f034c0e0-34f8-45f7-b498-56b74e401bf1 req-f034c0e0-34f8-45f7-b498-56b74e401bf1 ] Request (ServersTestMultiNic:_run_cleanups): 200 GET http://10.180.1.21/compute/v2.1/servers/db2c1e31-a6d3-486d-82e0-985c4286affd 1.034s
2025-05-14 13:23:04.520 69671 INFO tempest.lib.common.rest_client [req-eac4395f-8d4e-4bf7-936c-654fe9197cba req-eac4395f-8d4e-4bf7-936c-654fe9197cba ] Request (ServerDiskConfigTestJSON:test_rebuild_server_with_manual_disk_config): 200 GET http://10.180.1.21/compute/v2.1/servers/d2b06e9d-08da-4ce7-b946-df21b69ee0b7 0.856s
2025-05-14 13:23:04.529 69671 INFO tempest.common.waiters [-] State transition "BUILD/block_device_mapping" ==> "BUILD/spawning" after 55 second wait
2025-05-14 13:23:04.690 69673 INFO tempest.lib.common.rest_client [req-60038248-9346-4766-b788-0c249f0a82a7 req-60038248-9346-4766-b788-0c249f0a82a7 ] Request (ServerActionsTestOtherB:setUp): 200 GET http://10.180.1.21/compute/v2.1/servers/829e488c-b119-4d6b-bc74-e24c10ee6d5e 0.539s
2025-05-14 13:23:04.945 69693 INFO tempest.lib.common.rest_client [req-5c4b62d8-3ff6-4459-abce-95ae52578ec9 req-5c4b62d8-3ff6-4459-abce-95ae52578ec9 ] Request (ListServerFiltersTestJSON:setUpClass): 200 GET http://10.180.1.21/compute/v2.1/servers/b6e49929-b0b8-4aa0-9d21-9ce7cf2595ee 0.689s
2025-05-14 13:23:04.954 69693 INFO tempest.common.waiters [-] State transition "BUILD/spawning" ==> "ACTIVE/None" after 65 second wait
2025-05-14 13:23:05.060 69677 INFO tempest.lib.common.rest_client [req-8621054a-f6b6-493e-a5fa-799a0acb3777 req-8621054a-f6b6-493e-a5fa-799a0acb3777 ] Request (ServersListShow2100Test:test_list_show_rebuild_update_server_2100): 200 GET http://10.180.1.21/compute/v2.1/servers/9fc5ff00-4536-4e10-a7ea-3dbebbb9ded8 0.799s
2025-05-14 13:23:05.144 69667 INFO tempest.lib.common.rest_client [req-6665f346-9239-4c38-873c-115a8631614e req-6665f346-9239-4c38-873c-115a8631614e ] Request (ListImageFiltersTestJSON:test_list_images_filter_by_status): 200 GET http://10.180.1.21/compute/v2.1/images?status=ACTIVE 0.868s
2025-05-14 13:23:05.245 69729 INFO tempest.lib.common.rest_client [req-b9999ff4-2b09-45d6-aaef-763d9e5efe8a req-b9999ff4-2b09-45d6-aaef-763d9e5efe8a ] Request (ServersAdminTestJSON:tearDownClass): 200 GET http://10.180.1.21/compute/v2.1/servers/69a20aa3-1f89-4e23-9c22-0220c8197535 0.899s
2025-05-14 13:23:05.340 69705 INFO tempest.lib.common.rest_client [req-b001a332-5eb8-434f-b4cd-89b37b7a5a29 req-b001a332-5eb8-434f-b4cd-89b37b7a5a29 ] Request (ServersAaction247Test:tearDownClass): 200 GET http://10.180.1.21/compute/v2.1/servers/243fd51e-b95b-4611-aa0c-336e9a203867 0.912s
2025-05-14 13:23:05.419 69725 INFO tempest.lib.common.rest_client [req-03a6f4d7-224e-4048-991f-7844c6d7b528 req-03a6f4d7-224e-4048-991f-7844c6d7b528 ] Request (ServerActionsV293TestJSON:setUpClass): 200 GET http://10.180.1.21/compute/v2.1/servers/1360f777-e835-4b01-af85-4dcc61e29f58 0.969s
2025-05-14 13:23:05.460 69727 INFO tempest.lib.common.rest_client [req-93e53022-8af0-4114-8c20-45099cfcb08f req-93e53022-8af0-4114-8c20-45099cfcb08f ] Request (ImagesTestJSON:test_create_server_from_snapshot): 200 GET http://10.180.1.21/compute/v2.1/images/52ad6d0f-5ed3-4abe-823b-51bf618c764e 0.980s
2025-05-14 13:23:05.562 69717 INFO tempest.lib.common.rest_client [req-3b212ba3-1b3a-4d1c-a91d-68354950b74f req-3b212ba3-1b3a-4d1c-a91d-68354950b74f ] Request (ServersTestManualDisk:tearDownClass): 200 GET http://10.180.1.21/compute/v2.1/servers/0972b291-5b74-4ca7-923e-10815f8de11f 0.995s
2025-05-14 13:23:05.564 69709 INFO tempest.lib.common.rest_client [req-05aa1bab-ac44-48fb-99aa-ad9a32e031f3 req-05aa1bab-ac44-48fb-99aa-ad9a32e031f3 ] Request (AttachVolumeTestJSON:test_attach_detach_volume): 200 POST http://10.180.1.21/compute/v2.1/servers/0cebab59-253b-4037-99a0-26667add9e9d/os-volume_attachments 2.400s
2025-05-14 13:23:05.575 69717 INFO tempest.common.waiters [-] State transition "ACTIVE/deleting" ==> "DELETED/None" after 5 second wait
2025-05-14 13:23:05.612 69709 INFO tempest.lib.common.rest_client [req-5fcc163c-d5a9-4d8e-b1d0-1f095f80978d req-5fcc163c-d5a9-4d8e-b1d0-1f095f80978d ] Request (AttachVolumeTestJSON:test_attach_detach_volume): 200 GET http://10.180.1.21/volume/v3/volumes/9ddce208-842e-4b08-9a44-ccb9ab20b8fb 0.046s
2025-05-14 13:23:05.691 69699 INFO tempest.lib.common.rest_client [req-019fda82-0f18-4574-a58d-1fb14ec7c00d req-019fda82-0f18-4574-a58d-1fb14ec7c00d ] Request (SecurityGroupsTestJSON:test_server_security_groups): 200 GET http://10.180.1.21/compute/v2.1/servers/93a06f2a-b4b7-44b4-94f1-3bf5d16e1733 0.941s
