2025-05-14 13:23:21.137 69725 INFO tempest.lib.common.rest_client [req-374ac36c-2cbd-4533-aae8-6d9ec4b2f572 req-374ac36c-2cbd-4533-aae8-6d9ec4b2f572 ] Request (ServerActionsV293TestJSON:setUpClass): 200 GET http://10.180.1.21/compute/v2.1/servers/1360f777-e835-4b01-af85-4dcc61e29f58 0.478s
2025-05-14 13:23:21.149 69701 INFO tempest.lib.common.rest_client [req-81021d50-bbc2-410c-9c5e-ac307dae36e4 req-81021d50-bbc2-410c-9c5e-ac307dae36e4 ] Request (MultipleCreateTestJSON:tearDownClass): 200 GET http://10.180.1.21/compute/v2.1/servers/966d02f4-9d3b-4f4c-86d4-9f35be04db20 0.384s
2025-05-14 13:23:21.214 69717 INFO tempest.lib.common.rest_client [req-d9df8520-fee7-40b1-9ab0-292e026001eb req-d9df8520-fee7-40b1-9ab0-292e026001eb ] Request (ServersTestManualDisk:tearDownClass): 200 GET http://10.180.1.21/compute/v2.1/servers/0972b291-5b74-4ca7-923e-10815f8de11f 0.350s
2025-05-14 13:23:21.289 69699 INFO tempest.lib.common.rest_client [req-71a147b8-db07-44e6-8419-20f57986584b req-71a147b8-db07-44e6-8419-20f57986584b ] Request (SecurityGroupsTestJSON:test_server_security_groups): 200 GET http://10.180.1.21/compute/v2.1/servers/93a06f2a-b4b7-44b4-94f1-3bf5d16e1733 0.331s
2025-05-14 13:23:21.489 69709 INFO tempest.lib.common.rest_client [req-2efecb44-60b3-4121-9364-fe04eb2b50ec req-2efecb44-60b3-4121-9364-fe04eb2b50ec ] Request (AttachVolumeTestJSON:test_attach_detach_volume): 200 GET http://10.180.1.21/compute/v2.1/servers/0cebab59-253b-4037-99a0-26667add9e9d 0.527s
2025-05-14 13:23:21.606 69703 INFO tempest.lib.common.rest_client [req-e212735c-15f7-4a22-b266-7dd0cc770c4e req-e212735c-15f7-4a22-b266-7dd0cc770c4e ] Request (ServerActionsTestJSON:tearDown): 200 GET http://10.180.1.21/compute/v2.1/servers/97a20fc1-ef2b-4927-b335-3fd748bf90e3 0.576s
2025-05-14 13:23:21.683 69691 INFO tempest.lib.common.rest_client [req-cf138424-5500-4a86-88cc-9f784da16309 req-cf138424-5500-4a86-88cc-9f784da16309 ] Request (AttachVolumeNegativeTest:test_attach_attached_volume_to_different_server): 202 POST http://10.180.1.21/compute/v2.1/servers 0.791s
2025-05-14 13:23:21.753 69671 INFO tempest.lib.common.rest_client [req-653e73bf-d4e9-4292-8709-a916fb6a74ae req-653e73bf-d4e9-4292-8709-a916fb6a74ae ] Request (ServerDiskConfigTestJSON:test_rebuild_server_with_manual_disk_config): 200 GET http://10.180.1.21/compute/v2.1/servers/d2b06e9d-08da-4ce7-b946-df21b69ee0b7 0.228s
2025-05-14 13:23:21.794 69695 INFO tempest.lib.common.rest_client [req-b1d0828b-99f9-408f-915d-5665b248d534 req-b1d0828b-99f9-408f-915d-5665b248d534 ] Request (MigrationsAdminTest:test_resize_server_revert_deleted_flavor): 200 GET http://10.180.1.21/compute/v2.1/servers/46c02c77-062d-4f45-ab62-e432ec0c3ba7 0.261s
2025-05-14 13:23:21.818 69703 INFO tempest.lib.common.rest_client [req-639249a2-44c4-4b29-abf2-5c881dcb6cf5 req-639249a2-44c4-4b29-abf2-5c881dcb6cf5 ] Request (ServerActionsTestJSON:_run_cleanups): 202 POST http://10.180.1.21/compute/v2.1/servers/97a20fc1-ef2b-4927-b335-3fd748bf90e3/action 0.202s
2025-05-14 13:23:21.867 69667 INFO tempest.lib.common.rest_client [req-1633dc05-834f-4ee1-ac9e-aa21cfc5f7d6 req-1633dc05-834f-4ee1-ac9e-aa21cfc5f7d6 ] Request (ListImageFiltersTestJSON:tearDownClass): 200 GET http://10.180.1.21/compute/v2.1/servers/2fa11155-93c9-497c-a25f-d24ffcedeb9e 0.229s
2025-05-14 13:23:21.875 69691 INFO tempest.lib.common.rest_client [req-c5826ecc-ef94-4e5f-ab3e-5677773816f9 req-c5826ecc-ef94-4e5f-ab3e-5677773816f9 ] Request (AttachVolumeNegativeTest:test_attach_attached_volume_to_different_server): 200 GET http://10.180.1.21/compute/v2.1/servers/fd2176f3-fc16-463d-8047-7bb04aa6823d 0.190s
2025-05-14 13:23:21.900 69729 INFO tempest.lib.common.rest_client [req-ecbbadcb-12e9-4aa5-806c-c94412e846da req-ecbbadcb-12e9-4aa5-806c-c94412e846da ] Request (ServersAdminTestJSON:tearDownClass): 404 GET http://10.180.1.21/compute/v2.1/servers/69a20aa3-1f89-4e23-9c22-0220c8197535 0.129s
2025-05-14 13:23:22.033 69723 INFO tempest.lib.common.rest_client [req-ca407163-ecfd-4060-934c-4cf885c0dbdf req-ca407163-ecfd-4060-934c-4cf885c0dbdf ] Request (ServerActionsTestOtherA:test_rebuild_server_in_stop_state): 200 GET http://10.180.1.21/compute/v2.1/servers/7125c072-cf6c-4a99-8217-97c0a89bfab9 0.346s
2025-05-14 13:23:22.102 69673 INFO tempest.lib.common.rest_client [req-d154815b-6857-4d68-9291-5b150a1252c3 req-d154815b-6857-4d68-9291-5b150a1252c3 ] Request (ServerActionsTestOtherB:test_resize_server_confirm_from_stopped): 200 GET http://10.180.1.21/compute/v2.1/servers/829e488c-b119-4d6b-bc74-e24c10ee6d5e 0.312s
2025-05-14 13:23:22.111 69679 INFO paramiko.transport [-] Connected (version 2.0, client dropbear_2020.81)
2025-05-14 13:23:22.141 69703 INFO tempest.lib.common.rest_client [req-27099c91-1672-4a95-9437-b3cfd50b2441 req-27099c91-1672-4a95-9437-b3cfd50b2441 ] Request (ServerActionsTestJSON:setUp): 200 GET http://10.180.1.21/compute/v2.1/servers/97a20fc1-ef2b-4927-b335-3fd748bf90e3 0.321s
2025-05-14 13:23:22.154 69713 INFO tempest.lib.common.rest_client [req-1356b888-56fd-4837-bf1f-5d284176eff4 req-1356b888-56fd-4837-bf1f-5d284176eff4 ] Request (ServersAdminNegativeTestJSON:test_migrate_server_invalid_state): 200 GET http://10.180.1.21/compute/v2.1/servers/ac7bb8da-8ca1-4de2-8613-06060d81aa87 0.326s
2025-05-14 13:23:22.208 69677 INFO tempest.lib.common.rest_client [req-a7d826e5-45b0-429e-bfe0-849b81546900 req-a7d826e5-45b0-429e-bfe0-849b81546900 ] Request (ServersListShow2100Test:test_list_show_rebuild_update_server_2100): 200 GET http://10.180.1.21/compute/v2.1/servers/9fc5ff00-4536-4e10-a7ea-3dbebbb9ded8 0.332s
2025-05-14 13:23:22.209 69683 INFO tempest.lib.common.rest_client [req-f7d579f5-551d-40db-a2cc-53cefb27e11e req-f7d579f5-551d-40db-a2cc-53cefb27e11e ] Request (ServersTestJSON:test_create_server_specify_multibyte_character_name): 200 GET http://10.180.1.21/compute/v2.1/servers/6ba44eb1-ae05-4d4d-8eb4-12917d08ddab 0.319s
2025-05-14 13:23:22.217 69679 INFO paramiko.transport [-] Authentication (publickey) successful!
2025-05-14 13:23:22.217 69679 INFO tempest.lib.common.ssh [-] ssh connection to cirros@10.180.180.199 successfully created
2025-05-14 13:23:22.282 69729 INFO tempest.lib.common.rest_client [req-09d8d502-e343-44ba-8511-da34640f511f req-09d8d502-e343-44ba-8511-da34640f511f ] Request (ServersAdminTestJSON:tearDownClass): 204 DELETE http://10.180.1.21/compute/v2.1/servers/50988c7a-07dd-42d7-9fd2-790425947efe 0.382s
2025-05-14 13:23:22.342 69727 INFO tempest.lib.common.rest_client [req-62bb77eb-1f82-4f80-8664-9395c125ce28 req-62bb77eb-1f82-4f80-8664-9395c125ce28 ] Request (ImagesTestJSON:test_create_server_from_snapshot): 200 GET http://10.180.1.21/compute/v2.1/servers/f6e56bac-d347-478d-8be9-7e6ab9de1977 0.249s
2025-05-14 13:23:22.442 69703 INFO tempest.lib.common.rest_client [req-be460b29-30d5-49f5-97eb-4cfe8ec4fdd8 req-be460b29-30d5-49f5-97eb-4cfe8ec4fdd8 ] Request (ServerActionsTestJSON:test_reboot_server_hard): 200 GET http://10.180.1.21/compute/v2.1/servers/97a20fc1-ef2b-4927-b335-3fd748bf90e3 0.294s
2025-05-14 13:23:22.450 69703 INFO tempest.lib.common.ssh [-] Creating ssh connection to '10.180.180.136:22' as 'cirros' with public key authentication
2025-05-14 13:23:22.619 69725 INFO tempest.lib.common.rest_client [req-5c37fcef-2a7f-448a-bd83-aeb44c6f3ccc req-5c37fcef-2a7f-448a-bd83-aeb44c6f3ccc ] Request (ServerActionsV293TestJSON:setUpClass): 200 GET http://10.180.1.21/compute/v2.1/servers/1360f777-e835-4b01-af85-4dcc61e29f58 0.470s
2025-05-14 13:23:22.630 69693 INFO tempest.lib.common.rest_client [req-3e5c5ba9-541b-40f6-8294-550cc7b96506 req-3e5c5ba9-541b-40f6-8294-550cc7b96506 ] Request (ListServerFiltersTestJSON:test_list_servers_filter_by_shutoff_status): 200 GET http://10.180.1.21/compute/v2.1/servers/bbe9feda-432b-46ad-80cb-c4a10f80c30a 0.611s
2025-05-14 13:23:22.679 69701 INFO tempest.lib.common.rest_client [req-2ed55329-3037-4b8e-815b-19a4bb69e909 req-2ed55329-3037-4b8e-815b-19a4bb69e909 ] Request (MultipleCreateTestJSON:tearDownClass): 200 GET http://10.180.1.21/compute/v2.1/servers/966d02f4-9d3b-4f4c-86d4-9f35be04db20 0.519s
2025-05-14 13:23:22.690 69717 INFO tempest.lib.common.rest_client [req-eccdf975-b37c-4602-bbd4-c6abb5c29047 req-eccdf975-b37c-4602-bbd4-c6abb5c29047 ] Request (ServersTestManualDisk:tearDownClass): 200 GET http://10.180.1.21/compute/v2.1/servers/0972b291-5b74-4ca7-923e-10815f8de11f 0.467s
2025-05-14 13:23:22.758 69679 INFO tempest.lib.common.rest_client [req-9a2e9a3f-c128-4d1a-8eba-75142e0ffb8e req-9a2e9a3f-c128-4d1a-8eba-75142e0ffb8e ] Request (ServersTestFqdnHostnames:tearDownClass): 204 DELETE http://10.180.1.21/compute/v2.1/servers/45da67c5-8f64-43e6-8b8c-0b59d9f1d1c9 0.530s
2025-05-14 13:23:22.823 69699 INFO tempest.lib.common.rest_client [req-d0f21f0d-0546-464b-b770-8d3de0e21614 req-d0f21f0d-0546-464b-b770-8d3de0e21614 ] Request (SecurityGroupsTestJSON:test_server_security_groups): 200 GET http://10.180.1.21/compute/v2.1/servers/93a06f2a-b4b7-44b4-94f1-3bf5d16e1733 0.522s
2025-05-14 13:23:22.827 69729 INFO tempest.lib.common.rest_client [req-7eb6f99c-66f0-4b1a-810c-e39876364066 req-7eb6f99c-66f0-4b1a-810c-e39876364066 ] Request (ServersAdminTestJSON:tearDownClass): 200 GET http://10.180.1.21/compute/v2.1/servers/50988c7a-07dd-42d7-9fd2-790425947efe 0.544s
2025-05-14 13:23:22.971 69709 INFO tempest.lib.common.rest_client [req-70924e78-5cde-4ba0-b15a-cb1b6480e2d1 req-70924e78-5cde-4ba0-b15a-cb1b6480e2d1 ] Request (AttachVolumeTestJSON:test_attach_detach_volume): 200 GET http://10.180.1.21/compute/v2.1/servers/0cebab59-253b-4037-99a0-26667add9e9d 0.462s
2025-05-14 13:23:22.979 69709 INFO tempest.common.waiters [-] State transition "SHUTOFF/powering-on" ==> "ACTIVE/None" after 4 second wait
2025-05-14 13:23:22.980 69709 INFO tempest.lib.common.ssh [-] Creating ssh connection to '10.180.180.225:22' as 'cirros' with public key authentication
2025-05-14 13:23:22.986 69679 INFO tempest.lib.common.rest_client [req-f2328951-c2e3-413c-80fc-de5a1f0b2830 req-f2328951-c2e3-413c-80fc-de5a1f0b2830 ] Request (ServersTestFqdnHostnames:tearDownClass): 200 GET http://10.180.1.21/compute/v2.1/servers/45da67c5-8f64-43e6-8b8c-0b59d9f1d1c9 0.227s
2025-05-14 13:23:23.101 69671 INFO tempest.lib.common.rest_client [req-2c517409-8110-46e6-a20b-6c6b075910d7 req-2c517409-8110-46e6-a20b-6c6b075910d7 ] Request (ServerDiskConfigTestJSON:test_rebuild_server_with_manual_disk_config): 200 GET http://10.180.1.21/compute/v2.1/servers/d2b06e9d-08da-4ce7-b946-df21b69ee0b7 0.339s
2025-05-14 13:23:23.109 69695 INFO tempest.lib.common.rest_client [req-6ba82fc4-d59a-407b-b53d-ae0527384421 req-6ba82fc4-d59a-407b-b53d-ae0527384421 ] Request (MigrationsAdminTest:test_resize_server_revert_deleted_flavor): 200 GET http://10.180.1.21/compute/v2.1/servers/46c02c77-062d-4f45-ab62-e432ec0c3ba7 0.306s
2025-05-14 13:23:23.165 69691 INFO tempest.lib.common.rest_client [req-76075e27-5202-4945-87bc-e2b91eb2d7cf req-76075e27-5202-4945-87bc-e2b91eb2d7cf ] Request (AttachVolumeNegativeTest:test_attach_attached_volume_to_different_server): 200 GET http://10.180.1.21/compute/v2.1/servers/fd2176f3-fc16-463d-8047-7bb04aa6823d 0.278s
2025-05-14 13:23:23.172 69667 INFO tempest.lib.common.rest_client [req-f72ccd74-c10b-429a-8ce4-0ce13c64f156 req-f72ccd74-c10b-429a-8ce4-0ce13c64f156 ] Request (ListImageFiltersTestJSON:tearDownClass): 200 GET http://10.180.1.21/compute/v2.1/servers/2fa11155-93c9-497c-a25f-d24ffcedeb9e 0.296s
2025-05-14 13:23:23.172 69691 INFO tempest.common.waiters [-] State transition "BUILD/scheduling" ==> "BUILD/None" after 2 second wait
2025-05-14 13:23:23.302 69673 INFO tempest.lib.common.rest_client [req-b2f13e1d-1e24-4a71-bff5-bdce54010cff req-b2f13e1d-1e24-4a71-bff5-bdce54010cff ] Request (ServerActionsTestOtherB:test_resize_server_confirm_from_stopped): 200 GET http://10.180.1.21/compute/v2.1/servers/829e488c-b119-4d6b-bc74-e24c10ee6d5e 0.188s
2025-05-14 13:23:23.333 69723 INFO tempest.lib.common.rest_client [req-0ca501b9-24aa-41f2-b13b-adef51cbdd5a req-0ca501b9-24aa-41f2-b13b-adef51cbdd5a ] Request (ServerActionsTestOtherA:test_rebuild_server_in_stop_state): 200 GET http://10.180.1.21/compute/v2.1/servers/7125c072-cf6c-4a99-8217-97c0a89bfab9 0.291s
2025-05-14 13:23:23.374 69713 INFO tempest.lib.common.rest_client [req-4ac85001-0ef9-4764-8530-a446095c5578 req-4ac85001-0ef9-4764-8530-a446095c5578 ] Request (ServersAdminNegativeTestJSON:test_migrate_server_invalid_state): 200 GET http://10.180.1.21/compute/v2.1/servers/ac7bb8da-8ca1-4de2-8613-06060d81aa87 0.212s
2025-05-14 13:23:23.392 69683 INFO tempest.lib.common.rest_client [req-9953cce9-a56e-48bf-ab32-f4469b9c496c req-9953cce9-a56e-48bf-ab32-f4469b9c496c ] Request (ServersTestJSON:test_create_server_specify_multibyte_character_name): 200 GET http://10.180.1.21/compute/v2.1/servers/6ba44eb1-ae05-4d4d-8eb4-12917d08ddab 0.173s
2025-05-14 13:23:23.447 69727 INFO tempest.lib.common.rest_client [req-59982e6e-310a-4ed9-8c44-a329159257c6 req-59982e6e-310a-4ed9-8c44-a329159257c6 ] Request (ImagesTestJSON:test_create_server_from_snapshot): 200 GET http://10.180.1.21/compute/v2.1/servers/f6e56bac-d347-478d-8be9-7e6ab9de1977 0.096s
2025-05-14 13:23:23.465 69677 INFO tempest.lib.common.rest_client [req-329a8919-32d0-4922-94c6-8686ffa2b16d req-329a8919-32d0-4922-94c6-8686ffa2b16d ] Request (ServersListShow2100Test:test_list_show_rebuild_update_server_2100): 200 GET http://10.180.1.21/compute/v2.1/servers/9fc5ff00-4536-4e10-a7ea-3dbebbb9ded8 0.243s
2025-05-14 13:23:23.478 69677 INFO tempest.common.waiters [-] State transition "BUILD/spawning" ==> "ACTIVE/None" after 42 second wait
2025-05-14 13:23:23.656 69677 INFO tempest.lib.common.rest_client [req-663bb1af-c0c2-47f3-8fc5-a2108a53a30c req-663bb1af-c0c2-47f3-8fc5-a2108a53a30c ] Request (ServersListShow2100Test:test_list_show_rebuild_update_server_2100): 200 GET http://10.180.1.21/compute/v2.1/servers/detail 0.177s
2025-05-14 13:23:23.774 69693 INFO tempest.lib.common.rest_client [req-df1a7e54-2eef-4b7c-897d-fadb1454b189 req-df1a7e54-2eef-4b7c-897d-fadb1454b189 ] Request (ListServerFiltersTestJSON:test_list_servers_filter_by_shutoff_status): 200 GET http://10.180.1.21/compute/v2.1/servers/bbe9feda-432b-46ad-80cb-c4a10f80c30a 0.134s
2025-05-14 13:23:23.781 69725 INFO tempest.lib.common.rest_client [req-74b4accc-6413-4023-8685-087dd9a74b5f req-74b4accc-6413-4023-8685-087dd9a74b5f ] Request (ServerActionsV293TestJSON:setUpClass): 200 GET http://10.180.1.21/compute/v2.1/servers/1360f777-e835-4b01-af85-4dcc61e29f58 0.151s
2025-05-14 13:23:23.782 69693 INFO tempest.common.waiters [-] State transition "SHUTOFF/powering-on" ==> "ACTIVE/None" after 5 second wait
2025-05-14 13:23:23.793 69725 INFO tempest.common.waiters [-] State transition "BUILD/spawning" ==> "ACTIVE/None" after 44 second wait
2025-05-14 13:23:23.843 69677 INFO tempest.lib.common.rest_client [req-d2217b9c-508b-467c-b1a5-bbbc32d14ee1 req-d2217b9c-508b-467c-b1a5-bbbc32d14ee1 ] Request (ServersListShow2100Test:test_list_show_rebuild_update_server_2100): 200 GET http://10.180.1.21/compute/v2.1/servers/9fc5ff00-4536-4e10-a7ea-3dbebbb9ded8 0.173s
2025-05-14 13:23:23.854 69701 INFO tempest.lib.common.rest_client [req-6689f544-7fe6-4842-8d05-d101e2c9f7a0 req-6689f544-7fe6-4842-8d05-d101e2c9f7a0 ] Request (MultipleCreateTestJSON:tearDownClass): 200 GET http://10.180.1.21/compute/v2.1/servers/966d02f4-9d3b-4f4c-86d4-9f35be04db20 0.167s
2025-05-14 13:23:23.867 69693 INFO tempest.lib.common.rest_client [req-5327e413-4c35-4e9c-8c27-e745b0ce2a32 req-5327e413-4c35-4e9c-8c27-e745b0ce2a32 ] Request (ListServerFiltersTestJSON:test_list_servers_filter_by_zero_limit): 200 GET http://10.180.1.21/compute/v2.1/servers?limit=0 0.083s
2025-05-14 13:23:23.875 69717 INFO tempest.lib.common.rest_client [req-646f69d3-c2f7-480c-aeb1-0feccfa674b8 req-646f69d3-c2f7-480c-aeb1-0feccfa674b8 ] Request (ServersTestManualDisk:tearDownClass): 404 GET http://10.180.1.21/compute/v2.1/servers/0972b291-5b74-4ca7-923e-10815f8de11f 0.177s
2025-05-14 13:23:23.962 69699 INFO tempest.lib.common.rest_client [req-da8ef67b-5a52-4570-a488-312f2bb62240 req-da8ef67b-5a52-4570-a488-312f2bb62240 ] Request (SecurityGroupsTestJSON:test_server_security_groups): 200 GET http://10.180.1.21/compute/v2.1/servers/93a06f2a-b4b7-44b4-94f1-3bf5d16e1733 0.131s
2025-05-14 13:23:23.971 69725 INFO tempest.lib.common.rest_client [req-1649b4ea-96d8-4825-906d-ef8b24242d0e req-1649b4ea-96d8-4825-906d-ef8b24242d0e ] Request (ServerActionsV293TestJSON:setUpClass): 200 GET http://10.180.1.21/compute/v2.1/servers/1360f777-e835-4b01-af85-4dcc61e29f58/os-interface 0.178s
2025-05-14 13:23:24.103 69677 INFO tempest.lib.common.rest_client [req-84f563ee-2cee-43ca-89be-1e9a8d17b2b2 req-84f563ee-2cee-43ca-89be-1e9a8d17b2b2 ] Request (ServersListShow2100Test:test_list_show_rebuild_update_server_2100): 200 PUT http://10.180.1.21/compute/v2.1/servers/9fc5ff00-4536-4e10-a7ea-3dbebbb9ded8 0.244s
2025-05-14 13:23:24.114 69729 INFO tempest.lib.common.rest_client [req-483d0f7f-83f9-4ce7-a1f0-f63081919b73 req-483d0f7f-83f9-4ce7-a1f0-f63081919b73 ] Request (ServersAdminTestJSON:tearDownClass): 200 GET http://10.180.1.21/compute/v2.1/servers/50988c7a-07dd-42d7-9fd2-790425947efe 0.279s
2025-05-14 13:23:24.140 69717 INFO tempest.lib.common.rest_client [req-85a06c34-ee55-45ee-b6dc-dfcfd8dcace3 req-85a06c34-ee55-45ee-b6dc-dfcfd8dcace3 ] Request (ServersTestManualDisk:tearDownClass): 202 DELETE http://10.180.1.21/compute/v2.1/os-keypairs/tempest-keypair-1080007762 0.265s
2025-05-14 13:23:24.234 69693 INFO tempest.lib.common.rest_client [req-96a97ca1-f118-49c6-b07f-7d26d86f585b req-96a97ca1-f118-49c6-b07f-7d26d86f585b ] Request (ListServerFiltersTestJSON:test_list_servers_filtered_by_ip): 200 GET http://10.180.1.21/compute/v2.1/servers/bbe9feda-432b-46ad-80cb-c4a10f80c30a 0.363s
2025-05-14 13:23:24.282 69679 INFO tempest.lib.common.rest_client [req-a9b54bee-a05f-44cd-ba1b-af62a0b42f37 req-a9b54bee-a05f-44cd-ba1b-af62a0b42f37 ] Request (ServersTestFqdnHostnames:tearDownClass): 200 GET http://10.180.1.21/compute/v2.1/servers/45da67c5-8f64-43e6-8b8c-0b59d9f1d1c9 0.287s
2025-05-14 13:23:24.355 69671 INFO tempest.lib.common.rest_client [req-0cfdf41a-996d-45ff-86e5-6d664236acf9 req-0cfdf41a-996d-45ff-86e5-6d664236acf9 ] Request (ServerDiskConfigTestJSON:test_rebuild_server_with_manual_disk_config): 200 GET http://10.180.1.21/compute/v2.1/servers/d2b06e9d-08da-4ce7-b946-df21b69ee0b7 0.245s
2025-05-14 13:23:24.403 69695 INFO tempest.lib.common.rest_client [req-30c22d6d-13f6-48d6-82fd-fe66b2cb50df req-30c22d6d-13f6-48d6-82fd-fe66b2cb50df ] Request (MigrationsAdminTest:test_resize_server_revert_deleted_flavor): 200 GET http://10.180.1.21/compute/v2.1/servers/46c02c77-062d-4f45-ab62-e432ec0c3ba7 0.287s
2025-05-14 13:23:24.442 69677 INFO tempest.lib.common.rest_client [req-a19d182d-f40e-4e34-9cdb-ed886fe1db71 req-a19d182d-f40e-4e34-9cdb-ed886fe1db71 ] Request (ServersListShow2100Test:test_list_show_rebuild_update_server_2100): 200 GET http://10.180.1.21/compute/v2.1/servers/9fc5ff00-4536-4e10-a7ea-3dbebbb9ded8 0.324s
2025-05-14 13:23:24.462 69691 INFO tempest.lib.common.rest_client [req-7b06ef4c-a82a-4909-8887-b928443ffa32 req-7b06ef4c-a82a-4909-8887-b928443ffa32 ] Request (AttachVolumeNegativeTest:test_attach_attached_volume_to_different_server): 200 GET http://10.180.1.21/compute/v2.1/servers/fd2176f3-fc16-463d-8047-7bb04aa6823d 0.289s
2025-05-14 13:23:24.516 69667 INFO tempest.lib.common.rest_client [req-599188db-5197-468a-8acf-bc9162528d1f req-599188db-5197-468a-8acf-bc9162528d1f ] Request (ListImageFiltersTestJSON:tearDownClass): 200 GET http://10.180.1.21/compute/v2.1/servers/2fa11155-93c9-497c-a25f-d24ffcedeb9e 0.336s
2025-05-14 13:23:24.561 69693 INFO tempest.lib.common.rest_client [req-9ce2054c-6e45-475f-b6b9-f2bf7501496d req-9ce2054c-6e45-475f-b6b9-f2bf7501496d ] Request (ListServerFiltersTestJSON:test_list_servers_filtered_by_ip): 200 GET http://10.180.1.21/compute/v2.1/servers/4a2267f6-1f64-4a2a-9eaa-33d53b52e47d 0.318s
2025-05-14 13:23:24.643 69717 INFO tempest.lib.common.rest_client [req-b41eeea9-efd0-4680-9e95-96ad887b0078 req-b41eeea9-efd0-4680-9e95-96ad887b0078 ] Request (ServersTestManualDisk:tearDownClass): 204 DELETE http://10.180.1.21:9696/networking/v2.0/security-groups/44259464-12d7-4ca0-9bd3-7620c5aac9c5 0.502s
2025-05-14 13:23:24.652 69673 INFO tempest.lib.common.rest_client [req-6cba5299-9880-4fb9-8be9-620e34d617e9 req-6cba5299-9880-4fb9-8be9-620e34d617e9 ] Request (ServerActionsTestOtherB:test_resize_server_confirm_from_stopped): 200 GET http://10.180.1.21/compute/v2.1/servers/829e488c-b119-4d6b-bc74-e24c10ee6d5e 0.338s
2025-05-14 13:23:24.653 69717 INFO tempest.lib.common.rest_client [req-b05ea7b2-419c-42c8-b88a-e4b3394e3034 req-b05ea7b2-419c-42c8-b88a-e4b3394e3034 ] Request (ServersTestManualDisk:tearDownClass): 404 GET http://10.180.1.21:9696/networking/v2.0/security-groups/44259464-12d7-4ca0-9bd3-7620c5aac9c5 0.010s
2025-05-14 13:23:24.690 69723 INFO tempest.lib.common.rest_client [req-3ab50c0c-e719-44e2-a933-edc9b712311b req-3ab50c0c-e719-44e2-a933-edc9b712311b ] Request (ServerActionsTestOtherA:test_rebuild_server_in_stop_state): 200 GET http://10.180.1.21/compute/v2.1/servers/7125c072-cf6c-4a99-8217-97c0a89bfab9 0.349s
2025-05-14 13:23:24.726 69713 INFO tempest.lib.common.rest_client [req-544c4a97-26e0-4113-99c8-23ee2b905cf2 req-544c4a97-26e0-4113-99c8-23ee2b905cf2 ] Request (ServersAdminNegativeTestJSON:test_migrate_server_invalid_state): 200 GET http://10.180.1.21/compute/v2.1/servers/ac7bb8da-8ca1-4de2-8613-06060d81aa87 0.343s
2025-05-14 13:23:24.750 69683 INFO tempest.lib.common.rest_client [req-3d2ad92e-9b12-4029-8ac4-305ae44e1870 req-3d2ad92e-9b12-4029-8ac4-305ae44e1870 ] Request (ServersTestJSON:test_create_server_specify_multibyte_character_name): 200 GET http://10.180.1.21/compute/v2.1/servers/6ba44eb1-ae05-4d4d-8eb4-12917d08ddab 0.345s
2025-05-14 13:23:24.819 69727 INFO tempest.lib.common.rest_client [req-cdfb42eb-797f-422f-a300-04005921a2af req-cdfb42eb-797f-422f-a300-04005921a2af ] Request (ImagesTestJSON:test_create_server_from_snapshot): 200 GET http://10.180.1.21/compute/v2.1/servers/f6e56bac-d347-478d-8be9-7e6ab9de1977 0.360s
2025-05-14 13:23:24.944 69717 INFO tempest.lib.common.rest_client [req-ae151813-8f87-40aa-9ae0-151813f5c12b req-ae151813-8f87-40aa-9ae0-151813f5c12b ] Request (ServersTestManualDisk:tearDownClass): 204 DELETE http://10.180.1.21:9696/networking/v2.0/floatingips/a8a4dc3c-58b9-4b41-ad83-5015a74f35c7 0.290s
2025-05-14 13:23:25.000 69693 INFO tempest.lib.common.rest_client [req-4111b53d-d3b1-49f5-a126-2ffc6147c9ed req-4111b53d-d3b1-49f5-a126-2ffc6147c9ed ] Request (ListServerFiltersTestJSON:test_list_servers_filtered_by_ip): 200 GET http://10.180.1.21/compute/v2.1/servers/b6e49929-b0b8-4aa0-9d21-9ce7cf2595ee 0.429s
2025-05-14 13:23:25.015 69677 INFO tempest.lib.common.rest_client [req-0a068be4-e16a-49ba-a731-d147933e4b10 req-0a068be4-e16a-49ba-a731-d147933e4b10 ] Request (ServersListShow2100Test:test_list_show_rebuild_update_server_2100): 202 POST http://10.180.1.21/compute/v2.1/servers/9fc5ff00-4536-4e10-a7ea-3dbebbb9ded8/action 0.557s
2025-05-14 13:23:25.034 69725 INFO tempest.lib.common.rest_client [req-401ee617-a548-4256-804f-fd80b6dd05a7 req-401ee617-a548-4256-804f-fd80b6dd05a7 ] Request (ServerActionsV293TestJSON:setUpClass): 200 PUT http://10.180.1.21:9696/networking/v2.0/floatingips/f97c365b-6923-4b6d-a896-3d90451e1153 1.056s
2025-05-14 13:23:25.099 69701 INFO tempest.lib.common.rest_client [req-4cde3ab4-21c6-434a-b645-2862ab9dcfd6 req-4cde3ab4-21c6-434a-b645-2862ab9dcfd6 ] Request (MultipleCreateTestJSON:tearDownClass): 200 GET http://10.180.1.21/compute/v2.1/servers/966d02f4-9d3b-4f4c-86d4-9f35be04db20 0.236s
2025-05-14 13:23:25.127 69699 INFO tempest.lib.common.rest_client [req-f45b680b-6a0e-4a24-ba30-eb852d5f80ba req-f45b680b-6a0e-4a24-ba30-eb852d5f80ba ] Request (SecurityGroupsTestJSON:test_server_security_groups): 200 GET http://10.180.1.21/compute/v2.1/servers/93a06f2a-b4b7-44b4-94f1-3bf5d16e1733 0.157s
2025-05-14 13:23:25.227 69677 INFO tempest.lib.common.rest_client [req-1c8b2c59-0450-4c27-880c-ea916c0193c7 req-1c8b2c59-0450-4c27-880c-ea916c0193c7 ] Request (ServersListShow2100Test:test_list_show_rebuild_update_server_2100): 200 GET http://10.180.1.21/compute/v2.1/servers/9fc5ff00-4536-4e10-a7ea-3dbebbb9ded8 0.199s
2025-05-14 13:23:25.297 69693 INFO tempest.lib.common.rest_client [req-79aae55e-9bd2-4441-911c-95772a201137 req-79aae55e-9bd2-4441-911c-95772a201137 ] Request (ListServerFiltersTestJSON:test_list_servers_filtered_by_ip): 200 GET http://10.180.1.21/compute/v2.1/servers?ip=192.168.128.13 0.280s
2025-05-14 13:23:25.371 69729 INFO tempest.lib.common.rest_client [req-dbfa1e61-a582-45df-8bb2-498ef68efee8 req-dbfa1e61-a582-45df-8bb2-498ef68efee8 ] Request (ServersAdminTestJSON:tearDownClass): 200 GET http://10.180.1.21/compute/v2.1/servers/50988c7a-07dd-42d7-9fd2-790425947efe 0.249s
2025-05-14 13:23:25.404 69725 INFO tempest.lib.common.rest_client [req-ae569f37-8d4c-468b-9200-e4d5742a770b req-ae569f37-8d4c-468b-9200-e4d5742a770b ] Request (ServerActionsV293TestJSON:test_rebuild_volume_backed_server): 200 GET http://10.180.1.21/compute/v2.1/servers/1360f777-e835-4b01-af85-4dcc61e29f58 0.369s
2025-05-14 13:23:25.456 69725 INFO tempest.lib.common.rest_client [req-a413c946-dc80-4c7b-8796-934322c56e2c req-a413c946-dc80-4c7b-8796-934322c56e2c ] Request (ServerActionsV293TestJSON:test_rebuild_volume_backed_server): 200 GET http://10.180.1.21/volume/v3/volumes/dfa11666-fe42-45ca-b2d8-239815cadca1 0.041s
2025-05-14 13:23:25.471 69725 INFO tempest.lib.common.ssh [-] Creating ssh connection to '10.180.180.197:22' as 'cirros' with public key authentication
2025-05-14 13:23:25.543 69679 INFO tempest.lib.common.rest_client [req-5aff6298-143a-40f3-91a4-bed3fe1064b6 req-5aff6298-143a-40f3-91a4-bed3fe1064b6 ] Request (ServersTestFqdnHostnames:tearDownClass): 200 GET http://10.180.1.21/compute/v2.1/servers/45da67c5-8f64-43e6-8b8c-0b59d9f1d1c9 0.251s
2025-05-14 13:23:25.576 69693 INFO tempest.lib.common.rest_client [req-7c6d1591-3925-4ed3-b544-49921ec3a08a req-7c6d1591-3925-4ed3-b544-49921ec3a08a ] Request (ListServerFiltersTestJSON:test_list_servers_filtered_by_ip_regex): 200 GET http://10.180.1.21/compute/v2.1/servers/bbe9feda-432b-46ad-80cb-c4a10f80c30a 0.273s
2025-05-14 13:23:25.823 69671 INFO tempest.lib.common.rest_client [req-61a8f907-5890-4892-b307-662b1037e518 req-61a8f907-5890-4892-b307-662b1037e518 ] Request (ServerDiskConfigTestJSON:test_rebuild_server_with_manual_disk_config): 200 GET http://10.180.1.21/compute/v2.1/servers/d2b06e9d-08da-4ce7-b946-df21b69ee0b7 0.456s
2025-05-14 13:23:25.831 69695 INFO tempest.lib.common.rest_client [req-174fbf04-8ae1-414d-b446-57fa9a2e0b4d req-174fbf04-8ae1-414d-b446-57fa9a2e0b4d ] Request (MigrationsAdminTest:test_resize_server_revert_deleted_flavor): 200 GET http://10.180.1.21/compute/v2.1/servers/46c02c77-062d-4f45-ab62-e432ec0c3ba7 0.419s
2025-05-14 13:23:25.926 69691 INFO tempest.lib.common.rest_client [req-26b5376d-6c50-4b62-bd0e-188c6dbe0e0a req-26b5376d-6c50-4b62-bd0e-188c6dbe0e0a ] Request (AttachVolumeNegativeTest:test_attach_attached_volume_to_different_server): 200 GET http://10.180.1.21/compute/v2.1/servers/fd2176f3-fc16-463d-8047-7bb04aa6823d 0.451s
2025-05-14 13:23:25.931 69667 INFO tempest.lib.common.rest_client [req-d2948aa9-be9c-44e6-8a1d-e591470a8080 req-d2948aa9-be9c-44e6-8a1d-e591470a8080 ] Request (ListImageFiltersTestJSON:tearDownClass): 200 GET http://10.180.1.21/compute/v2.1/servers/2fa11155-93c9-497c-a25f-d24ffcedeb9e 0.399s
2025-05-14 13:23:26.114 69673 INFO tempest.lib.common.rest_client [req-b852a782-d2d3-47e5-be1f-a4af506a8d81 req-b852a782-d2d3-47e5-be1f-a4af506a8d81 ] Request (ServerActionsTestOtherB:test_resize_server_confirm_from_stopped): 200 GET http://10.180.1.21/compute/v2.1/servers/829e488c-b119-4d6b-bc74-e24c10ee6d5e 0.447s
2025-05-14 13:23:26.119 69693 INFO tempest.lib.common.rest_client [req-8dd25256-eae6-49ce-996f-de98a242e990 req-8dd25256-eae6-49ce-996f-de98a242e990 ] Request (ListServerFiltersTestJSON:test_list_servers_filtered_by_ip_regex): 200 GET http://10.180.1.21/compute/v2.1/servers/4a2267f6-1f64-4a2a-9eaa-33d53b52e47d 0.533s
2025-05-14 13:23:26.201 69713 INFO tempest.lib.common.rest_client [req-648e5db3-e96b-4f4c-b199-5e5d8a815894 req-648e5db3-e96b-4f4c-b199-5e5d8a815894 ] Request (ServersAdminNegativeTestJSON:test_migrate_server_invalid_state): 200 GET http://10.180.1.21/compute/v2.1/servers/ac7bb8da-8ca1-4de2-8613-06060d81aa87 0.465s
2025-05-14 13:23:26.282 69683 INFO tempest.lib.common.rest_client [req-b28ff06c-1078-4286-9d9d-d7850feb357f req-b28ff06c-1078-4286-9d9d-d7850feb357f ] Request (ServersTestJSON:test_create_server_specify_multibyte_character_name): 200 GET http://10.180.1.21/compute/v2.1/servers/6ba44eb1-ae05-4d4d-8eb4-12917d08ddab 0.522s
2025-05-14 13:23:26.288 69723 INFO tempest.lib.common.rest_client [req-974ac965-fe97-4d7a-8b98-7af75a5a2040 req-974ac965-fe97-4d7a-8b98-7af75a5a2040 ] Request (ServerActionsTestOtherA:test_rebuild_server_in_stop_state): 200 GET http://10.180.1.21/compute/v2.1/servers/7125c072-cf6c-4a99-8217-97c0a89bfab9 0.588s
2025-05-14 13:23:26.299 69717 INFO tempest.lib.common.rest_client [req-477c730f-2fa5-4bdb-8dd5-8f617dcf447c req-477c730f-2fa5-4bdb-8dd5-8f617dcf447c ] Request (ServersTestManualDisk:tearDownClass): 200 PUT http://10.180.1.21:9696/networking/v2.0/routers/6a154ec5-ede5-4a04-b58e-92a2161d3830/remove_router_interface 1.354s
2025-05-14 13:23:26.340 69727 INFO tempest.lib.common.rest_client [req-f4dd1978-f2a2-47a3-bcd1-6af7cded298f req-f4dd1978-f2a2-47a3-bcd1-6af7cded298f ] Request (ImagesTestJSON:test_create_server_from_snapshot): 200 GET http://10.180.1.21/compute/v2.1/servers/f6e56bac-d347-478d-8be9-7e6ab9de1977 0.507s
2025-05-14 13:23:26.361 69701 INFO tempest.lib.common.rest_client [req-d8eaa14f-d29a-4cfb-94fe-07d5853c224c req-d8eaa14f-d29a-4cfb-94fe-07d5853c224c ] Request (MultipleCreateTestJSON:tearDownClass): 200 GET http://10.180.1.21/compute/v2.1/servers/966d02f4-9d3b-4f4c-86d4-9f35be04db20 0.253s
2025-05-14 13:23:26.388 69699 INFO tempest.lib.common.rest_client [req-fcd96bb2-c7fa-40e9-8bcc-2dac9c52f4c1 req-fcd96bb2-c7fa-40e9-8bcc-2dac9c52f4c1 ] Request (SecurityGroupsTestJSON:test_server_security_groups): 404 GET http://10.180.1.21/compute/v2.1/servers/93a06f2a-b4b7-44b4-94f1-3bf5d16e1733 0.251s
2025-05-14 13:23:26.443 69693 INFO tempest.lib.common.rest_client [req-a560b7aa-d0e3-4100-9dd9-8f7432d819f4 req-a560b7aa-d0e3-4100-9dd9-8f7432d819f4 ] Request (ListServerFiltersTestJSON:test_list_servers_filtered_by_ip_regex): 200 GET http://10.180.1.21/compute/v2.1/servers/b6e49929-b0b8-4aa0-9d21-9ce7cf2595ee 0.316s
2025-05-14 13:23:26.483 69677 INFO tempest.lib.common.rest_client [req-64cf1759-b29f-42de-9e23-f56ae7aa709f req-64cf1759-b29f-42de-9e23-f56ae7aa709f ] Request (ServersListShow2100Test:test_list_show_rebuild_update_server_2100): 200 GET http://10.180.1.21/compute/v2.1/servers/9fc5ff00-4536-4e10-a7ea-3dbebbb9ded8 0.238s
2025-05-14 13:23:26.514 69729 INFO tempest.lib.common.rest_client [req-3b274e87-4071-4365-bb64-47fce1a9d83a req-3b274e87-4071-4365-bb64-47fce1a9d83a ] Request (ServersAdminTestJSON:tearDownClass): 200 GET http://10.180.1.21/compute/v2.1/servers/50988c7a-07dd-42d7-9fd2-790425947efe 0.133s
2025-05-14 13:23:26.523 69729 INFO tempest.common.waiters [-] State transition "ACTIVE/deleting" ==> "DELETED/None" after 4 second wait
2025-05-14 13:23:26.622 69699 INFO tempest.lib.common.rest_client [req-d155e877-c52b-4874-87bc-bedc514edd14 req-d155e877-c52b-4874-87bc-bedc514edd14 ] Request (SecurityGroupsTestJSON:test_server_security_groups): 202 DELETE http://10.180.1.21/compute/v2.1/os-security-groups/1d14af5b-7c75-428d-a5d6-e177dfd3d4e5 0.233s
2025-05-14 13:23:26.682 69679 INFO tempest.lib.common.rest_client [req-8cce05b1-33e4-45e6-9709-c822ad9d50db req-8cce05b1-33e4-45e6-9709-c822ad9d50db ] Request (ServersTestFqdnHostnames:tearDownClass): 200 GET http://10.180.1.21/compute/v2.1/servers/45da67c5-8f64-43e6-8b8c-0b59d9f1d1c9 0.128s
2025-05-14 13:23:26.691 69693 INFO tempest.lib.common.rest_client [req-c58e613f-8069-4e50-a5ef-54b390f3eab9 req-c58e613f-8069-4e50-a5ef-54b390f3eab9 ] Request (ListServerFiltersTestJSON:test_list_servers_filtered_by_ip_regex): 200 GET http://10.180.1.21/compute/v2.1/servers/detail 0.239s
2025-05-14 13:23:26.714 69717 INFO tempest.lib.common.rest_client [req-5280911d-7c6c-41f9-b2cd-c7f415b43f85 req-5280911d-7c6c-41f9-b2cd-c7f415b43f85 ] Request (ServersTestManualDisk:tearDownClass): 204 DELETE http://10.180.1.21:9696/networking/v2.0/routers/6a154ec5-ede5-4a04-b58e-92a2161d3830 0.414s
2025-05-14 13:23:26.809 69699 INFO tempest.lib.common.rest_client [req-7a3ff8ec-4141-4970-8d83-70ca1396f9ec req-7a3ff8ec-4141-4970-8d83-70ca1396f9ec ] Request (SecurityGroupsTestJSON:test_server_security_groups): 202 DELETE http://10.180.1.21/compute/v2.1/os-security-groups/e19c4bb6-aab7-474e-8f6c-2786bebe2d24 0.186s
2025-05-14 13:23:26.818 69693 INFO tempest.lib.common.rest_client [req-5f6c46fc-cc68-41fb-97ae-b45a37b5baf8 req-5f6c46fc-cc68-41fb-97ae-b45a37b5baf8 ] Request (ListServerFiltersTestJSON:test_list_servers_filtered_by_ip_regex): 200 GET http://10.180.1.21/compute/v2.1/servers?ip=192.168.128. 0.117s
2025-05-14 13:23:26.842 69717 INFO tempest.lib.common.rest_client [req-fef91d91-5c68-4783-92dc-69a6a2687e86 req-fef91d91-5c68-4783-92dc-69a6a2687e86 ] Request (ServersTestManualDisk:tearDownClass): 204 DELETE http://10.180.1.21:9696/networking/v2.0/subnets/c3391b0f-0932-46d4-af85-f545e5249ff2 0.128s
2025-05-14 13:23:26.924 69693 INFO tempest.lib.common.rest_client [req-afb74123-6ece-4424-a58d-75a13af8f7d4 req-afb74123-6ece-4424-a58d-75a13af8f7d4 ] Request (ListServerFiltersTestJSON:test_list_servers_filtered_by_name_regex): 200 GET http://10.180.1.21/compute/v2.1/servers?name=%5E.%2A%5C-instance%5C-%5B0-9%5D%2B%24 0.101s
2025-05-14 13:23:27.047 69699 INFO tempest.lib.common.rest_client [req-217f576d-c4e7-4c76-a33d-84b703dc25d3 req-217f576d-c4e7-4c76-a33d-84b703dc25d3 ] Request (SecurityGroupsTestJSON:test_update_security_groups): 200 POST http://10.180.1.21/compute/v2.1/os-security-groups 0.235s
2025-05-14 13:23:27.089 69671 INFO tempest.lib.common.rest_client [req-21dc5380-f97c-4956-8cdf-6e17e72cef88 req-21dc5380-f97c-4956-8cdf-6e17e72cef88 ] Request (ServerDiskConfigTestJSON:test_rebuild_server_with_manual_disk_config): 200 GET http://10.180.1.21/compute/v2.1/servers/d2b06e9d-08da-4ce7-b946-df21b69ee0b7 0.256s
2025-05-14 13:23:27.100 69671 INFO tempest.common.waiters [-] State transition "REBUILD/rebuild_spawning" ==> "ACTIVE/None" after 12 second wait
2025-05-14 13:23:27.155 69693 INFO tempest.lib.common.rest_client [req-9c906599-a47e-4e4a-9c0f-a7275106a11d req-9c906599-a47e-4e4a-9c0f-a7275106a11d ] Request (ListServerFiltersTestJSON:test_list_servers_filtered_by_name_regex): 200 GET http://10.180.1.21/compute/v2.1/servers?name=%5E.%2A%5C-instance%5C-.%2A%24 0.227s
2025-05-14 13:23:27.418 69667 INFO tempest.lib.common.rest_client [req-2ea16916-2499-4ca7-bd71-b999a500486b req-2ea16916-2499-4ca7-bd71-b999a500486b ] Request (ListImageFiltersTestJSON:tearDownClass): 200 GET http://10.180.1.21/compute/v2.1/servers/2fa11155-93c9-497c-a25f-d24ffcedeb9e 0.480s
2025-05-14 13:23:27.454 69695 INFO tempest.lib.common.rest_client [req-a8e295cd-67ee-4b50-935e-d044e641f057 req-a8e295cd-67ee-4b50-935e-d044e641f057 ] Request (MigrationsAdminTest:test_resize_server_revert_deleted_flavor): 200 GET http://10.180.1.21/compute/v2.1/servers/46c02c77-062d-4f45-ab62-e432ec0c3ba7 0.612s
2025-05-14 13:23:27.478 69691 INFO tempest.lib.common.rest_client [req-aeb7987f-432b-47ef-a425-f57a03a37b5c req-aeb7987f-432b-47ef-a425-f57a03a37b5c ] Request (AttachVolumeNegativeTest:test_attach_attached_volume_to_different_server): 200 GET http://10.180.1.21/compute/v2.1/servers/fd2176f3-fc16-463d-8047-7bb04aa6823d 0.538s
2025-05-14 13:23:27.637 69699 INFO tempest.lib.common.rest_client [req-da1f55a4-98cd-497d-9648-ebe050855760 req-da1f55a4-98cd-497d-9648-ebe050855760 ] Request (SecurityGroupsTestJSON:test_update_security_groups): 200 PUT http://10.180.1.21/compute/v2.1/os-security-groups/fc569c09-91d9-4fda-aeee-a2f94aa0a9b1 0.587s
2025-05-14 13:23:27.641 69717 INFO tempest.lib.common.rest_client [req-2fb7fd65-4735-4598-b79a-38f8dabefd35 req-2fb7fd65-4735-4598-b79a-38f8dabefd35 ] Request (ServersTestManualDisk:tearDownClass): 204 DELETE http://10.180.1.21:9696/networking/v2.0/networks/fb3f28d2-2e19-42bb-8cca-4e48052010b1 0.798s
2025-05-14 13:23:27.661 69671 INFO tempest.lib.common.rest_client [req-ee2105aa-bccf-43f0-a027-15654172022a req-ee2105aa-bccf-43f0-a027-15654172022a ] Request (ServerDiskConfigTestJSON:test_rebuild_server_with_manual_disk_config): 200 GET http://10.180.1.21/compute/v2.1/servers/d2b06e9d-08da-4ce7-b946-df21b69ee0b7 0.560s
2025-05-14 13:23:27.706 69693 INFO tempest.lib.common.rest_client [req-4bb88fba-4a53-4d75-bdd6-0a6aaed4b23a req-4bb88fba-4a53-4d75-bdd6-0a6aaed4b23a ] Request (ListServerFiltersTestJSON:test_list_servers_filtered_by_name_regex): 200 GET http://10.180.1.21/compute/v2.1/servers?name=1623533563 0.549s
2025-05-14 13:23:27.758 69713 INFO tempest.lib.common.rest_client [req-5c8f60f9-ba9f-4b3b-9c55-4db8816871ff req-5c8f60f9-ba9f-4b3b-9c55-4db8816871ff ] Request (ServersAdminNegativeTestJSON:test_migrate_server_invalid_state): 200 GET http://10.180.1.21/compute/v2.1/servers/ac7bb8da-8ca1-4de2-8613-06060d81aa87 0.543s
2025-05-14 13:23:27.761 69717 INFO tempest.lib.common.rest_client [req-ecb285a5-05d5-4f26-b208-77172620c1f3 req-ecb285a5-05d5-4f26-b208-77172620c1f3 ] Request (ServersTestManualDisk:tearDownClass): 204 DELETE http://10.180.1.21/identity/v3/users/70aa7c6323a248ad8ea447d689a9ff64 0.120s
2025-05-14 13:23:27.762 69717 INFO tempest.lib.common.dynamic_creds [-] Deleting project and security group for project: 8c1be9c37f984c8a8730a8f9e35d1a84
2025-05-14 13:23:27.792 69673 INFO tempest.lib.common.rest_client [req-f6b77ebc-b9f0-45a9-8a8f-0e0f1c8fde4b req-f6b77ebc-b9f0-45a9-8a8f-0e0f1c8fde4b ] Request (ServerActionsTestOtherB:test_resize_server_confirm_from_stopped): 200 GET http://10.180.1.21/compute/v2.1/servers/829e488c-b119-4d6b-bc74-e24c10ee6d5e 0.666s
2025-05-14 13:23:27.797 69717 INFO tempest.lib.common.rest_client [req-baf51a28-3dbf-4538-a215-54d458a70566 req-baf51a28-3dbf-4538-a215-54d458a70566 ] Request (ServersTestManualDisk:tearDownClass): 200 GET http://10.180.1.21:9696/networking/v2.0/security-groups?tenant_id=8c1be9c37f984c8a8730a8f9e35d1a84&name=default 0.035s
2025-05-14 13:23:27.812 69683 INFO tempest.lib.common.rest_client [req-0c9fb8cb-7abb-4c8c-933d-b3be29789014 req-0c9fb8cb-7abb-4c8c-933d-b3be29789014 ] Request (ServersTestJSON:test_create_server_specify_multibyte_character_name): 200 GET http://10.180.1.21/compute/v2.1/servers/6ba44eb1-ae05-4d4d-8eb4-12917d08ddab 0.522s
2025-05-14 13:23:27.895 69727 INFO tempest.lib.common.rest_client [req-be4d3a12-bb34-47be-a42c-b234630f1b5e req-be4d3a12-bb34-47be-a42c-b234630f1b5e ] Request (ImagesTestJSON:test_create_server_from_snapshot): 200 GET http://10.180.1.21/compute/v2.1/servers/f6e56bac-d347-478d-8be9-7e6ab9de1977 0.546s
2025-05-14 13:23:27.943 69717 INFO tempest.lib.common.rest_client [req-0641d49a-f422-4858-82d6-a7b95f619e18 req-0641d49a-f422-4858-82d6-a7b95f619e18 ] Request (ServersTestManualDisk:tearDownClass): 204 DELETE http://10.180.1.21:9696/networking/v2.0/security-groups/36f62424-215c-4daf-8a33-6aa8520322e7 0.146s
2025-05-14 13:23:27.944 69723 INFO tempest.lib.common.rest_client [req-bbd68a77-04e6-4a83-ba40-f77cff682389 req-bbd68a77-04e6-4a83-ba40-f77cff682389 ] Request (ServerActionsTestOtherA:test_rebuild_server_in_stop_state): 200 GET http://10.180.1.21/compute/v2.1/servers/7125c072-cf6c-4a99-8217-97c0a89bfab9 0.636s
2025-05-14 13:23:27.969 69701 INFO tempest.lib.common.rest_client [req-c82cbb9d-35ff-469c-878d-5dbeea4a02b4 req-c82cbb9d-35ff-469c-878d-5dbeea4a02b4 ] Request (MultipleCreateTestJSON:tearDownClass): 200 GET http://10.180.1.21/compute/v2.1/servers/966d02f4-9d3b-4f4c-86d4-9f35be04db20 0.594s
2025-05-14 13:23:28.013 69677 INFO tempest.lib.common.rest_client [req-2ca08960-a7a5-4dac-9968-f03cbfb0cd74 req-2ca08960-a7a5-4dac-9968-f03cbfb0cd74 ] Request (ServersListShow2100Test:test_list_show_rebuild_update_server_2100): 200 GET http://10.180.1.21/compute/v2.1/servers/9fc5ff00-4536-4e10-a7ea-3dbebbb9ded8 0.512s
2025-05-14 13:23:28.028 69677 INFO tempest.common.waiters [-] State transition "REBUILD/rebuilding" ==> "REBUILD/rebuild_block_device_mapping" after 3 second wait
2025-05-14 13:23:28.043 69729 INFO tempest.lib.common.rest_client [req-ce6fde2b-9746-493f-b473-901b4bd5aedb req-ce6fde2b-9746-493f-b473-901b4bd5aedb ] Request (ServersAdminTestJSON:tearDownClass): 200 GET http://10.180.1.21/compute/v2.1/servers/50988c7a-07dd-42d7-9fd2-790425947efe 0.518s
2025-05-14 13:23:28.045 69699 INFO tempest.lib.common.rest_client [req-7f2e3af2-0ad0-44b3-8bd0-e870a44557c0 req-7f2e3af2-0ad0-44b3-8bd0-e870a44557c0 ] Request (SecurityGroupsTestJSON:test_update_security_groups): 200 GET http://10.180.1.21/compute/v2.1/os-security-groups/fc569c09-91d9-4fda-aeee-a2f94aa0a9b1 0.402s
2025-05-14 13:23:28.093 69717 INFO tempest.lib.common.rest_client [req-087325ac-0ae4-4e7e-94ca-ecf4fab6a712 req-087325ac-0ae4-4e7e-94ca-ecf4fab6a712 ] Request (ServersTestManualDisk:tearDownClass): 204 DELETE http://10.180.1.21/identity/v3/projects/8c1be9c37f984c8a8730a8f9e35d1a84 0.149s
2025-05-14 13:23:28.109 69679 INFO tempest.lib.common.rest_client [req-1c6f2487-c429-4d2c-b960-2a06926183bd req-1c6f2487-c429-4d2c-b960-2a06926183bd ] Request (ServersTestFqdnHostnames:tearDownClass): 200 GET http://10.180.1.21/compute/v2.1/servers/45da67c5-8f64-43e6-8b8c-0b59d9f1d1c9 0.418s
2025-05-14 13:23:28.117 69679 INFO tempest.common.waiters [-] State transition "ACTIVE/deleting" ==> "DELETED/None" after 6 second wait
2025-05-14 13:23:28.130 69671 INFO tempest.lib.common.rest_client [req-df9d7e67-c86f-444f-9a0a-84ccde1e68eb req-df9d7e67-c86f-444f-9a0a-84ccde1e68eb ] Request (ServerDiskConfigTestJSON:_run_cleanups): 204 DELETE http://10.180.1.21/compute/v2.1/servers/d2b06e9d-08da-4ce7-b946-df21b69ee0b7 0.461s
2025-05-14 13:23:28.167 69693 INFO tempest.lib.common.rest_client [req-40682402-378c-4ca3-a6a8-1d05e167e725 req-40682402-378c-4ca3-a6a8-1d05e167e725 ] Request (ListServerFiltersTestJSON:test_list_servers_filtered_by_name_wildcard): 200 GET http://10.180.1.21/compute/v2.1/servers?name=-instance 0.458s
2025-05-14 13:23:28.168 69717 INFO tempest.lib.common.rest_client [req-2111bc29-d7b9-4954-97bf-a222eb98f931 req-2111bc29-d7b9-4954-97bf-a222eb98f931 ] Request (ServerAddressesTestJSON:setUpClass): 201 POST http://10.180.1.21/identity/v3/auth/tokens 0.072s
2025-05-14 13:23:28.198 69671 INFO tempest.lib.common.rest_client [req-e5eaabf0-bfc7-43cd-a94c-4219ae244f74 req-e5eaabf0-bfc7-43cd-a94c-4219ae244f74 ] Request (ServerDiskConfigTestJSON:test_resize_server_from_auto_to_manual): 201 POST http://10.180.1.21/identity/v3/auth/tokens 0.062s
2025-05-14 13:23:28.199 69671 INFO tempest.lib.common.fixed_network [-] (ServerDiskConfigTestJSON:test_resize_server_from_auto_to_manual) Found network {'id': 'bd4563c9-b541-4bbe-b2fe-0348e7386c98', 'name': 'tempest-ServerDiskConfigTestJSON-118956194-network', 'tenant_id': 'f9ef576ce83e4738a4a2192e4a0f1401', 'admin_state_up': True, 'mtu': 8950, 'status': 'ACTIVE', 'subnets': [], 'shared': False, 'project_id': 'f9ef576ce83e4738a4a2192e4a0f1401', 'port_security_enabled': True, 'router:external': False, 'provider:network_type': 'vlan', 'provider:physical_network': 'default', 'provider:segmentation_id': 842, 'availability_zone_hints': [], 'availability_zones': [], 'ipv4_address_scope': None, 'ipv6_address_scope': None, 'description': '', 'tags': [], 'created_at': '2025-05-14T13:21:05Z', 'updated_at': '2025-05-14T13:21:05Z', 'revision_number': 1} available for tenant
2025-05-14 13:23:28.199 69717 INFO tempest.lib.common.rest_client [req-364bbc6b-f33d-4975-a0e1-5dc272115274 req-364bbc6b-f33d-4975-a0e1-5dc272115274 ] Request (ServerAddressesTestJSON:setUpClass): 201 POST http://10.180.1.21/identity/v3/auth/tokens 0.029s
2025-05-14 13:23:28.217 69693 INFO tempest.lib.common.rest_client [req-ea7504cb-58db-4d81-b452-61a5e93e20ac req-ea7504cb-58db-4d81-b452-61a5e93e20ac ] Request (ListServerFiltersTestJSON:test_list_servers_filtered_by_name_wildcard): 200 GET http://10.180.1.21/compute/v2.1/servers?name=t-ListServerFiltersTestJSON-instance-162353356 0.047s
2025-05-14 13:23:28.228 69699 INFO tempest.lib.common.rest_client [req-84bcb3fb-0649-4798-b24f-2a5927f38878 req-84bcb3fb-0649-4798-b24f-2a5927f38878 ] Request (SecurityGroupsTestJSON:tearDownClass): 202 DELETE http://10.180.1.21/compute/v2.1/os-security-groups/fc569c09-91d9-4fda-aeee-a2f94aa0a9b1 0.176s
2025-05-14 13:23:28.232 69717 INFO tempest.lib.common.rest_client [req-73e0b714-5b2a-4b23-9118-e4c1f41064a5 req-73e0b714-5b2a-4b23-9118-e4c1f41064a5 ] Request (ServerAddressesTestJSON:setUpClass): 200 GET http://10.180.1.21/identity/v3/domains?name=Default 0.032s
2025-05-14 13:23:28.263 69717 INFO tempest.lib.common.rest_client [req-74111b5f-6d53-4993-9631-a2560ab3b05d req-74111b5f-6d53-4993-9631-a2560ab3b05d ] Request (ServerAddressesTestJSON:setUpClass): 201 POST http://10.180.1.21/identity/v3/projects 0.031s
2025-05-14 13:23:28.306 69693 INFO tempest.lib.common.rest_client [req-8abb2de8-cddc-4c69-9188-863d457c8b58 req-8abb2de8-cddc-4c69-9188-863d457c8b58 ] Request (ListServerFiltersTestJSON:tearDownClass): 204 DELETE http://10.180.1.21/compute/v2.1/servers/b6e49929-b0b8-4aa0-9d21-9ce7cf2595ee 0.085s
2025-05-14 13:23:28.321 69717 INFO tempest.lib.common.rest_client [req-9c6679ed-9d39-4eb9-9aac-0618fb6d4c26 req-9c6679ed-9d39-4eb9-9aac-0618fb6d4c26 ] Request (ServerAddressesTestJSON:setUpClass): 201 POST http://10.180.1.21/identity/v3/users 0.057s
2025-05-14 13:23:28.325 69699 INFO tempest.lib.common.rest_client [req-6a2cc94c-b523-4f09-998a-76ffa94c3a30 req-6a2cc94c-b523-4f09-998a-76ffa94c3a30 ] Request (SecurityGroupsTestJSON:tearDownClass): 404 DELETE http://10.180.1.21/compute/v2.1/servers/93a06f2a-b4b7-44b4-94f1-3bf5d16e1733 0.097s
2025-05-14 13:23:28.351 69717 INFO tempest.lib.common.rest_client [req-daa45c18-9287-49aa-938a-7ad3f23b4543 req-daa45c18-9287-49aa-938a-7ad3f23b4543 ] Request (ServerAddressesTestJSON:setUpClass): 200 GET http://10.180.1.21/identity/v3/roles 0.030s
2025-05-14 13:23:28.381 69717 INFO tempest.lib.common.rest_client [req-a2ac49e8-6d71-4bf9-b651-dcb2a65eb06f req-a2ac49e8-6d71-4bf9-b651-dcb2a65eb06f ] Request (ServerAddressesTestJSON:setUpClass): 204 PUT http://10.180.1.21/identity/v3/projects/e5dea05cdd4c49778ef87abb557f20e8/users/f155005bff3f4348b702c545de853de6/roles/2663188572304aa28c56e69be1a2bf6c 0.030s
2025-05-14 13:23:28.382 69717 INFO tempest.lib.common.dynamic_creds [-] Dynamic test user f155005bff3f4348b702c545de853de6 is created with scope project and roles: ['member']
2025-05-14 13:23:28.382 69717 INFO tempest.lib.common.dynamic_creds [-] Acquired dynamic creds: credentials: Credentials: {'domain_id': 'default', 'domain_name': 'Default', 'username': 'tempest-ServerAddressesTestJSON-690527140-project-member', 'project_domain_id': 'default', 'project_domain_name': 'Default', 'project_id': 'e5dea05cdd4c49778ef87abb557f20e8', 'project_name': 'tempest-ServerAddressesTestJSON-690527140', 'tenant_id': 'e5dea05cdd4c49778ef87abb557f20e8', 'tenant_name': 'tempest-ServerAddressesTestJSON-690527140', 'user_domain_id': 'default', 'user_domain_name': 'Default', 'user_id': 'f155005bff3f4348b702c545de853de6', 'system': None}, Network: None, Subnet: None, Router: None
2025-05-14 13:23:28.440 69717 INFO tempest.lib.common.rest_client [req-54514ee7-1190-4f75-b94d-c98036248cc2 req-54514ee7-1190-4f75-b94d-c98036248cc2 ] Request (ServerAddressesTestJSON:setUpClass): 201 POST http://10.180.1.21/identity/v3/auth/tokens 0.058s
2025-05-14 13:23:28.479 69693 INFO tempest.lib.common.rest_client [req-c8fb24ee-52dc-4d17-a9a1-05c338de7af3 req-c8fb24ee-52dc-4d17-a9a1-05c338de7af3 ] Request (ListServerFiltersTestJSON:tearDownClass): 200 GET http://10.180.1.21/compute/v2.1/servers/b6e49929-b0b8-4aa0-9d21-9ce7cf2595ee 0.173s
2025-05-14 13:23:28.499 69699 INFO tempest.lib.common.rest_client [req-1a7a1971-60d2-4811-8b72-32a4bbdb7121 req-1a7a1971-60d2-4811-8b72-32a4bbdb7121 ] Request (SecurityGroupsTestJSON:tearDownClass): 404 GET http://10.180.1.21/compute/v2.1/servers/93a06f2a-b4b7-44b4-94f1-3bf5d16e1733 0.174s
2025-05-14 13:23:28.540 69697 WARNING tempest.lib.common.ssh [-] Failed to establish authenticated ssh connection to cirros@10.180.180.212 ([Errno None] Unable to connect to port 22 on 10.180.180.212). Number attempts: 15. Retry after 16 seconds.: paramiko.ssh_exception.NoValidConnectionsError: [Errno None] Unable to connect to port 22 on 10.180.180.212
2025-05-14 13:23:28.549 69671 INFO tempest.lib.common.rest_client [req-81bf0a10-8486-4b77-a12b-ac5067246d32 req-81bf0a10-8486-4b77-a12b-ac5067246d32 ] Request (ServerDiskConfigTestJSON:test_resize_server_from_auto_to_manual): 202 POST http://10.180.1.21/compute/v2.1/servers 0.350s
2025-05-14 13:23:28.568 69667 INFO tempest.lib.common.rest_client [req-25ff2b21-f586-4fc9-bff3-25e5f4e4d591 req-25ff2b21-f586-4fc9-bff3-25e5f4e4d591 ] Request (ListImageFiltersTestJSON:tearDownClass): 200 GET http://10.180.1.21/compute/v2.1/servers/2fa11155-93c9-497c-a25f-d24ffcedeb9e 0.140s
2025-05-14 13:23:28.635 69691 INFO tempest.lib.common.rest_client [req-45398c22-667b-4f13-82f0-756e27a82e32 req-45398c22-667b-4f13-82f0-756e27a82e32 ] Request (AttachVolumeNegativeTest:test_attach_attached_volume_to_different_server): 200 GET http://10.180.1.21/compute/v2.1/servers/fd2176f3-fc16-463d-8047-7bb04aa6823d 0.141s
2025-05-14 13:23:28.662 69699 INFO tempest.lib.common.rest_client [req-15cf9c5b-9217-460f-95e5-b6d13385fcc3 req-15cf9c5b-9217-460f-95e5-b6d13385fcc3 ] Request (SecurityGroupsTestJSON:tearDownClass): 404 DELETE http://10.180.1.21/compute/v2.1/os-security-groups/e19c4bb6-aab7-474e-8f6c-2786bebe2d24 0.163s
