2025-05-14 13:21:59.271 69671 INFO tempest.lib.common.rest_client [req-c38c9dab-4618-44fb-9f1b-3ac9e2e65a3c req-c38c9dab-4618-44fb-9f1b-3ac9e2e65a3c ] Request (ServerDiskConfigTestJSON:test_rebuild_server_with_auto_disk_config): 200 GET http://10.180.1.21/compute/v2.1/servers/fb1c0a77-257a-477d-8af7-63869267c317 0.202s
2025-05-14 13:21:59.339 69699 INFO tempest.lib.common.rest_client [req-41fcb3a1-1dd8-4cde-afde-de16f52f853c req-41fcb3a1-1dd8-4cde-afde-de16f52f853c ] Request (SecurityGroupsTestJSON:test_server_security_groups): 200 GET http://10.180.1.21/compute/v2.1/servers/93a06f2a-b4b7-44b4-94f1-3bf5d16e1733 0.203s
2025-05-14 13:21:59.350 69699 INFO tempest.common.waiters [-] State transition "BUILD/scheduling" ==> "BUILD/None" after 9 second wait
2025-05-14 13:21:59.401 69705 INFO tempest.lib.common.rest_client [req-0f2c5b58-0785-4634-9779-c055720b1f73 req-0f2c5b58-0785-4634-9779-c055720b1f73 ] Request (ServersAaction247Test:test_create_backup): 200 GET http://10.180.1.21/compute/v2.1/servers/243fd51e-b95b-4611-aa0c-336e9a203867 0.171s
2025-05-14 13:21:59.446 69693 INFO tempest.lib.common.rest_client [req-09770d47-e6ea-4c50-aca7-9e68d7af05f9 req-09770d47-e6ea-4c50-aca7-9e68d7af05f9 ] Request (ListServerFiltersTestJSON:setUpClass): 202 POST http://10.180.1.21/compute/v2.1/servers 0.530s
2025-05-14 13:21:59.581 69709 INFO tempest.lib.common.rest_client [req-67ffb07d-8aeb-4b2b-991b-5a1840922f9e req-67ffb07d-8aeb-4b2b-991b-5a1840922f9e ] Request (AttachVolumeTestJSON:test_attach_detach_volume): 200 GET http://10.180.1.21/compute/v2.1/servers/0cebab59-253b-4037-99a0-26667add9e9d 0.213s
2025-05-14 13:21:59.592 69709 INFO tempest.common.waiters [-] State transition "BUILD/networking" ==> "BUILD/spawning" after 37 second wait
2025-05-14 13:21:59.593 69667 INFO tempest.lib.common.rest_client [req-43746b18-cc34-4972-bb61-15b1fb1aff48 req-43746b18-cc34-4972-bb61-15b1fb1aff48 ] Request (ListImageFiltersTestJSON:setUpClass): 200 GET http://10.180.1.21/compute/v2.1/servers/2fa11155-93c9-497c-a25f-d24ffcedeb9e 0.206s
2025-05-14 13:21:59.639 69693 INFO tempest.lib.common.rest_client [req-29cbd504-e115-4fd4-bcc3-cddc7f915d37 req-29cbd504-e115-4fd4-bcc3-cddc7f915d37 ] Request (ListServerFiltersTestJSON:setUpClass): 200 GET http://10.180.1.21/compute/v2.1/servers/b6e49929-b0b8-4aa0-9d21-9ce7cf2595ee 0.191s
2025-05-14 13:21:59.645 69729 INFO tempest.lib.common.rest_client [req-22d53647-3013-42d4-96fd-9a48b1373965 req-22d53647-3013-42d4-96fd-9a48b1373965 ] Request (ServersAdminTestJSON:test_inject_network_info): 200 GET http://10.180.1.21/compute/v2.1/servers/69a20aa3-1f89-4e23-9c22-0220c8197535 0.202s
2025-05-14 13:21:59.689 69727 INFO tempest.lib.common.rest_client [req-350b3ec6-424e-4b80-9101-872aa826d71b req-350b3ec6-424e-4b80-9101-872aa826d71b ] Request (ImagesTestJSON:test_create_server_from_snapshot): 200 GET http://10.180.1.21/compute/v2.1/servers/a6d023c6-8a1a-4dc1-b94d-58c5e5119d98 0.231s
2025-05-14 13:21:59.695 69691 INFO tempest.lib.common.rest_client [req-9e46cc66-a483-4114-8cbc-ca252c276e83 req-9e46cc66-a483-4114-8cbc-ca252c276e83 ] Request (ServersTestMultiNic:test_verify_multiple_nics_order): 200 GET http://10.180.1.21/compute/v2.1/servers/db2c1e31-a6d3-486d-82e0-985c4286affd 0.191s
2025-05-14 13:21:59.720 69723 WARNING tempest.lib.common.ssh [-] Failed to establish authenticated ssh connection to cirros@10.180.180.249 ([Errno None] Unable to connect to port 22 on 10.180.180.249). Number attempts: 1. Retry after 2 seconds.: paramiko.ssh_exception.NoValidConnectionsError: [Errno None] Unable to connect to port 22 on 10.180.180.249
2025-05-14 13:21:59.750 69703 INFO tempest.lib.common.rest_client [req-f027d6f6-2de9-4ffe-897d-b3ce393fbbef req-f027d6f6-2de9-4ffe-897d-b3ce393fbbef ] Request (ServerActionsTestJSON:setUpClass): 200 GET http://10.180.1.21/compute/v2.1/servers/97a20fc1-ef2b-4927-b335-3fd748bf90e3 0.118s
2025-05-14 13:21:59.758 69681 INFO tempest.lib.common.rest_client [req-c0f87c50-6039-4be1-b567-a66aeb4b4636 req-c0f87c50-6039-4be1-b567-a66aeb4b4636 ] Request (ServerTagsTestJSON:tearDownClass): 200 GET http://10.180.1.21/compute/v2.1/servers/0c362d02-acb5-493f-a146-e46ba4c3e26f 0.178s
2025-05-14 13:21:59.820 69679 INFO tempest.lib.common.rest_client [req-afb9d8a3-77d1-4b71-a36e-f18e025f4fe0 req-afb9d8a3-77d1-4b71-a36e-f18e025f4fe0 ] Request (ServersTestFqdnHostnames:test_create_server_with_fqdn_name): 200 GET http://10.180.1.21/compute/v2.1/servers/45da67c5-8f64-43e6-8b8c-0b59d9f1d1c9 0.063s
2025-05-14 13:22:00.116 69725 INFO tempest.lib.common.rest_client [req-ee334b73-a9e9-4815-8f61-eb06e3a44199 req-ee334b73-a9e9-4815-8f61-eb06e3a44199 ] Request (AttachInterfacesUnderV243Test:_run_cleanups): 200 GET http://10.180.1.21/compute/v2.1/servers/de0d3b42-8371-4344-a262-63ecd4401849 0.414s
2025-05-14 13:22:00.127 69721 INFO tempest.lib.common.rest_client [req-d5b9985b-9275-4021-9196-786519207357 req-d5b9985b-9275-4021-9196-786519207357 ] Request (ServerDiagnosticsV248Test:tearDownClass): 200 GET http://10.180.1.21/compute/v2.1/servers/c7124fd4-0db2-4fed-b568-57050643c022 0.298s
2025-05-14 13:22:00.170 69695 INFO tempest.lib.common.rest_client [req-2eff8b44-e0ad-4f25-aeb1-f52a990cdea6 req-2eff8b44-e0ad-4f25-aeb1-f52a990cdea6 ] Request (MigrationsAdminTest:test_resize_server_revert_deleted_flavor): 200 GET http://10.180.1.21/compute/v2.1/servers/46c02c77-062d-4f45-ab62-e432ec0c3ba7 0.272s
2025-05-14 13:22:00.187 69713 INFO tempest.lib.common.rest_client [req-dbd9934a-7ad0-4f04-a873-cca92cfb73e8 req-dbd9934a-7ad0-4f04-a873-cca92cfb73e8 ] Request (DeleteServersAdminTestJSON:test_delete_server_while_in_error_state): 200 GET http://10.180.1.21/compute/v2.1/servers/823fca95-83da-462b-922a-6137a1cd85a3 0.232s
2025-05-14 13:22:00.211 69701 INFO tempest.lib.common.rest_client [req-35141ff0-6243-4384-a9d0-a4af4599695b req-35141ff0-6243-4384-a9d0-a4af4599695b ] Request (MultipleCreateTestJSON:_run_cleanups): 404 GET http://10.180.1.21/compute/v2.1/servers/2a8cb1be-0bab-43f9-b036-5ebf009b10ee 0.164s
2025-05-14 13:22:00.228 69677 INFO tempest.lib.common.rest_client [req-7ca658ad-b421-428d-9ad1-cba31e7c277a req-7ca658ad-b421-428d-9ad1-cba31e7c277a ] Request (ImagesOneServerTestJSON:tearDownClass): 200 GET http://10.180.1.21/compute/v2.1/servers/08474bab-98fc-42ff-ae8a-fde7d4819d51 0.243s
2025-05-14 13:22:00.280 69701 INFO tempest.lib.common.rest_client [req-9189bf9b-7c77-414a-b483-c7ad6745aa52 req-9189bf9b-7c77-414a-b483-c7ad6745aa52 ] Request (MultipleCreateTestJSON:test_multiple_create_with_reservation_return): 201 POST http://10.180.1.21/identity/v3/auth/tokens 0.064s
2025-05-14 13:22:00.280 69701 INFO tempest.lib.common.fixed_network [-] (MultipleCreateTestJSON:test_multiple_create_with_reservation_return) Found network {'id': '5a3a2469-cccf-46ed-9191-89f53b9eb71a', 'name': 'tempest-MultipleCreateTestJSON-1989164922-network', 'tenant_id': '155bfbc2775e4cbdbbc4f7e1f78b942a', 'admin_state_up': True, 'mtu': 8950, 'status': 'ACTIVE', 'subnets': [], 'shared': False, 'project_id': '155bfbc2775e4cbdbbc4f7e1f78b942a', 'port_security_enabled': True, 'router:external': False, 'provider:network_type': 'vlan', 'provider:physical_network': 'default', 'provider:segmentation_id': 254, 'availability_zone_hints': [], 'availability_zones': [], 'ipv4_address_scope': None, 'ipv6_address_scope': None, 'description': '', 'tags': [], 'created_at': '2025-05-14T13:20:33Z', 'updated_at': '2025-05-14T13:20:33Z', 'revision_number': 1} available for tenant
2025-05-14 13:22:00.407 69671 INFO tempest.lib.common.rest_client [req-7e60fbde-9436-4ce7-87a3-d9b939956fdf req-7e60fbde-9436-4ce7-87a3-d9b939956fdf ] Request (ServerDiskConfigTestJSON:test_rebuild_server_with_auto_disk_config): 200 GET http://10.180.1.21/compute/v2.1/servers/fb1c0a77-257a-477d-8af7-63869267c317 0.129s
2025-05-14 13:22:00.471 69699 INFO tempest.lib.common.rest_client [req-7542ce86-4e96-42ac-8d9f-81c4e43e634a req-7542ce86-4e96-42ac-8d9f-81c4e43e634a ] Request (SecurityGroupsTestJSON:test_server_security_groups): 200 GET http://10.180.1.21/compute/v2.1/servers/93a06f2a-b4b7-44b4-94f1-3bf5d16e1733 0.120s
2025-05-14 13:22:00.528 69705 INFO tempest.lib.common.rest_client [req-e616529a-638c-4a35-88c3-1d22f74ae997 req-e616529a-638c-4a35-88c3-1d22f74ae997 ] Request (ServersAaction247Test:test_create_backup): 200 GET http://10.180.1.21/compute/v2.1/servers/243fd51e-b95b-4611-aa0c-336e9a203867 0.116s
2025-05-14 13:22:00.567 69673 INFO paramiko.transport [-] Connected (version 2.0, client dropbear_2020.81)
2025-05-14 13:22:00.675 69673 INFO paramiko.transport [-] Authentication (publickey) successful!
2025-05-14 13:22:00.676 69673 INFO tempest.lib.common.ssh [-] ssh connection to cirros@10.180.180.252 successfully created
2025-05-14 13:22:00.691 69701 INFO tempest.lib.common.rest_client [req-3583bcab-8bf0-4801-af95-0a211cd0891c req-3583bcab-8bf0-4801-af95-0a211cd0891c ] Request (MultipleCreateTestJSON:test_multiple_create_with_reservation_return): 202 POST http://10.180.1.21/compute/v2.1/servers 0.410s
2025-05-14 13:22:00.722 69709 INFO tempest.lib.common.rest_client [req-2ed54387-08aa-4e94-8267-2c97a65900b8 req-2ed54387-08aa-4e94-8267-2c97a65900b8 ] Request (AttachVolumeTestJSON:test_attach_detach_volume): 200 GET http://10.180.1.21/compute/v2.1/servers/0cebab59-253b-4037-99a0-26667add9e9d 0.128s
2025-05-14 13:22:00.792 69693 INFO tempest.lib.common.rest_client [req-4bae536c-8332-4f04-ad28-bdbbb74e95b3 req-4bae536c-8332-4f04-ad28-bdbbb74e95b3 ] Request (ListServerFiltersTestJSON:setUpClass): 200 GET http://10.180.1.21/compute/v2.1/servers/b6e49929-b0b8-4aa0-9d21-9ce7cf2595ee 0.145s
2025-05-14 13:22:00.825 69667 INFO tempest.lib.common.rest_client [req-925ebec0-e092-43ec-b501-77f2dbdeb1a7 req-925ebec0-e092-43ec-b501-77f2dbdeb1a7 ] Request (ListImageFiltersTestJSON:setUpClass): 200 GET http://10.180.1.21/compute/v2.1/servers/2fa11155-93c9-497c-a25f-d24ffcedeb9e 0.219s
2025-05-14 13:22:00.853 69729 INFO tempest.lib.common.rest_client [req-730e5ea1-b451-4258-9f80-1a41392923b5 req-730e5ea1-b451-4258-9f80-1a41392923b5 ] Request (ServersAdminTestJSON:test_inject_network_info): 200 GET http://10.180.1.21/compute/v2.1/servers/69a20aa3-1f89-4e23-9c22-0220c8197535 0.200s
2025-05-14 13:22:00.893 69701 INFO tempest.lib.common.rest_client [req-2a2976a2-c4f5-4ce3-ac45-f5dc33cb7b50 req-2a2976a2-c4f5-4ce3-ac45-f5dc33cb7b50 ] Request (MultipleCreateTestJSON:test_multiple_create_with_reservation_return): 200 GET http://10.180.1.21/compute/v2.1/servers 0.202s
2025-05-14 13:22:00.959 69727 INFO tempest.lib.common.rest_client [req-39ee651e-cb65-4940-ba9b-d698fcac4b5d req-39ee651e-cb65-4940-ba9b-d698fcac4b5d ] Request (ImagesTestJSON:test_create_server_from_snapshot): 200 GET http://10.180.1.21/compute/v2.1/servers/a6d023c6-8a1a-4dc1-b94d-58c5e5119d98 0.262s
2025-05-14 13:22:01.015 69691 INFO tempest.lib.common.rest_client [req-22e0a6d1-63e1-4c44-9bd2-50948f2a2d4e req-22e0a6d1-63e1-4c44-9bd2-50948f2a2d4e ] Request (ServersTestMultiNic:test_verify_multiple_nics_order): 200 GET http://10.180.1.21/compute/v2.1/servers/db2c1e31-a6d3-486d-82e0-985c4286affd 0.312s
2025-05-14 13:22:01.028 69673 INFO tempest.lib.common.rest_client [req-a4c19a4f-7023-4ef2-ac01-65fdfd93f0ce req-a4c19a4f-7023-4ef2-ac01-65fdfd93f0ce ] Request (ServerActionsTestOtherB:setUp): 200 GET http://10.180.1.21/compute/v2.1/servers/829e488c-b119-4d6b-bc74-e24c10ee6d5e 0.351s
2025-05-14 13:22:01.076 69703 INFO tempest.lib.common.rest_client [req-17fcc3cb-56dc-4ce7-9311-997d20e01f14 req-17fcc3cb-56dc-4ce7-9311-997d20e01f14 ] Request (ServerActionsTestJSON:setUpClass): 200 GET http://10.180.1.21/compute/v2.1/servers/97a20fc1-ef2b-4927-b335-3fd748bf90e3 0.317s
2025-05-14 13:22:01.105 69681 INFO tempest.lib.common.rest_client [req-441f035e-15d6-4d32-a133-17bd9362569f req-441f035e-15d6-4d32-a133-17bd9362569f ] Request (ServerTagsTestJSON:tearDownClass): 200 GET http://10.180.1.21/compute/v2.1/servers/0c362d02-acb5-493f-a146-e46ba4c3e26f 0.335s
2025-05-14 13:22:01.128 69679 INFO tempest.lib.common.rest_client [req-892bcde9-6e73-496b-a992-f6a42ac4a2b4 req-892bcde9-6e73-496b-a992-f6a42ac4a2b4 ] Request (ServersTestFqdnHostnames:test_create_server_with_fqdn_name): 200 GET http://10.180.1.21/compute/v2.1/servers/45da67c5-8f64-43e6-8b8c-0b59d9f1d1c9 0.300s
2025-05-14 13:22:01.164 69701 INFO tempest.lib.common.rest_client [req-21a7ab8e-a727-4e90-8ed3-261d032db268 req-21a7ab8e-a727-4e90-8ed3-261d032db268 ] Request (MultipleCreateTestJSON:test_multiple_create_with_reservation_return): 200 GET http://10.180.1.21/compute/v2.1/servers/0daa47f1-e357-447d-9962-9f11a0337b1d 0.268s
2025-05-14 13:22:01.220 69725 INFO tempest.lib.common.rest_client [req-28b71a45-9996-46c1-a25a-f974dd6f3cc7 req-28b71a45-9996-46c1-a25a-f974dd6f3cc7 ] Request (AttachInterfacesUnderV243Test:_run_cleanups): 200 GET http://10.180.1.21/compute/v2.1/servers/de0d3b42-8371-4344-a262-63ecd4401849 0.094s
2025-05-14 13:22:01.284 69721 INFO tempest.lib.common.rest_client [req-88952e79-38b8-44d5-a2c8-87e86ddd4fbf req-88952e79-38b8-44d5-a2c8-87e86ddd4fbf ] Request (ServerDiagnosticsV248Test:tearDownClass): 200 GET http://10.180.1.21/compute/v2.1/servers/c7124fd4-0db2-4fed-b568-57050643c022 0.147s
2025-05-14 13:22:01.331 69695 INFO tempest.lib.common.rest_client [req-a540a933-fc56-4014-b347-e28c70e3c54a req-a540a933-fc56-4014-b347-e28c70e3c54a ] Request (MigrationsAdminTest:test_resize_server_revert_deleted_flavor): 200 GET http://10.180.1.21/compute/v2.1/servers/46c02c77-062d-4f45-ab62-e432ec0c3ba7 0.153s
2025-05-14 13:22:01.390 69713 INFO tempest.lib.common.rest_client [req-76e0499e-e1ea-4f40-b739-52904e3be749 req-76e0499e-e1ea-4f40-b739-52904e3be749 ] Request (DeleteServersAdminTestJSON:test_delete_server_while_in_error_state): 200 GET http://10.180.1.21/compute/v2.1/servers/823fca95-83da-462b-922a-6137a1cd85a3 0.195s
2025-05-14 13:22:01.457 69677 INFO tempest.lib.common.rest_client [req-0f3673fc-cc5e-4539-8cf6-a9a2a907ca2a req-0f3673fc-cc5e-4539-8cf6-a9a2a907ca2a ] Request (ImagesOneServerTestJSON:tearDownClass): 200 GET http://10.180.1.21/compute/v2.1/servers/08474bab-98fc-42ff-ae8a-fde7d4819d51 0.221s
2025-05-14 13:22:01.547 69673 INFO tempest.lib.common.rest_client [req-c340013a-d9f1-4e60-a6f3-5fe97598a6c6 req-c340013a-d9f1-4e60-a6f3-5fe97598a6c6 ] Request (ServerActionsTestOtherB:test_create_backup): 202 POST http://10.180.1.21/compute/v2.1/servers/829e488c-b119-4d6b-bc74-e24c10ee6d5e/action 0.510s
2025-05-14 13:22:01.554 69671 INFO tempest.lib.common.rest_client [req-d6d05214-880d-4b6e-b869-ee505a92296a req-d6d05214-880d-4b6e-b869-ee505a92296a ] Request (ServerDiskConfigTestJSON:test_rebuild_server_with_auto_disk_config): 200 GET http://10.180.1.21/compute/v2.1/servers/fb1c0a77-257a-477d-8af7-63869267c317 0.138s
2025-05-14 13:22:01.560 69673 INFO tempest.lib.common.rest_client [req-2b779966-3d08-4e02-9fd5-79d2f3a580dc req-2b779966-3d08-4e02-9fd5-79d2f3a580dc ] Request (ServerActionsTestOtherB:test_create_backup): 200 GET http://10.180.1.21/image/v2/images/3059b30e-afc1-4980-a47f-d781667fa55e 0.012s
2025-05-14 13:22:01.562 69671 INFO tempest.common.waiters [-] State transition "REBUILD/rebuilding" ==> "REBUILD/rebuild_spawning" after 3 second wait
2025-05-14 13:22:01.601 69699 INFO tempest.lib.common.rest_client [req-3c2025c2-d35c-42b1-bf42-fb514331f209 req-3c2025c2-d35c-42b1-bf42-fb514331f209 ] Request (SecurityGroupsTestJSON:test_server_security_groups): 200 GET http://10.180.1.21/compute/v2.1/servers/93a06f2a-b4b7-44b4-94f1-3bf5d16e1733 0.122s
2025-05-14 13:22:01.608 69705 INFO tempest.lib.common.rest_client [req-fc14c747-0094-4eb4-afcc-12bdbda7c6cc req-fc14c747-0094-4eb4-afcc-12bdbda7c6cc ] Request (ServersAaction247Test:test_create_backup): 200 GET http://10.180.1.21/compute/v2.1/servers/243fd51e-b95b-4611-aa0c-336e9a203867 0.071s
2025-05-14 13:22:01.832 69709 INFO tempest.lib.common.rest_client [req-25b55376-149f-416c-99fa-ad5102b89099 req-25b55376-149f-416c-99fa-ad5102b89099 ] Request (AttachVolumeTestJSON:test_attach_detach_volume): 200 GET http://10.180.1.21/compute/v2.1/servers/0cebab59-253b-4037-99a0-26667add9e9d 0.101s
2025-05-14 13:22:01.868 69693 INFO tempest.lib.common.rest_client [req-a72b3d73-f6b2-473a-9f83-6314e01da9be req-a72b3d73-f6b2-473a-9f83-6314e01da9be ] Request (ListServerFiltersTestJSON:setUpClass): 200 GET http://10.180.1.21/compute/v2.1/servers/b6e49929-b0b8-4aa0-9d21-9ce7cf2595ee 0.062s
2025-05-14 13:22:01.934 69729 INFO tempest.lib.common.rest_client [req-14ca390f-6169-48c1-bb30-2a9c4ac13dc5 req-14ca390f-6169-48c1-bb30-2a9c4ac13dc5 ] Request (ServersAdminTestJSON:test_inject_network_info): 200 GET http://10.180.1.21/compute/v2.1/servers/69a20aa3-1f89-4e23-9c22-0220c8197535 0.067s
2025-05-14 13:22:01.962 69667 INFO tempest.lib.common.rest_client [req-4a981a94-469d-4e5b-9e49-a2b822fde27f req-4a981a94-469d-4e5b-9e49-a2b822fde27f ] Request (ListImageFiltersTestJSON:setUpClass): 200 GET http://10.180.1.21/compute/v2.1/servers/2fa11155-93c9-497c-a25f-d24ffcedeb9e 0.128s
2025-05-14 13:22:01.969 69667 INFO tempest.common.waiters [-] State transition "BUILD/spawning" ==> "ACTIVE/None" after 42 second wait
2025-05-14 13:22:02.036 69727 INFO tempest.lib.common.rest_client [req-7af285b3-aa59-4dc0-a398-4142b0fb46a8 req-7af285b3-aa59-4dc0-a398-4142b0fb46a8 ] Request (ImagesTestJSON:test_create_server_from_snapshot): 200 GET http://10.180.1.21/compute/v2.1/servers/a6d023c6-8a1a-4dc1-b94d-58c5e5119d98 0.067s
2025-05-14 13:22:02.044 69727 INFO tempest.common.waiters [-] State transition "BUILD/scheduling" ==> "BUILD/None" after 5 second wait
2025-05-14 13:22:02.095 69691 INFO tempest.lib.common.rest_client [req-1d194342-0265-45f2-bbc4-0ba329b9bf9d req-1d194342-0265-45f2-bbc4-0ba329b9bf9d ] Request (ServersTestMultiNic:test_verify_multiple_nics_order): 200 GET http://10.180.1.21/compute/v2.1/servers/db2c1e31-a6d3-486d-82e0-985c4286affd 0.070s
2025-05-14 13:22:02.107 69667 INFO tempest.lib.common.rest_client [req-691abb82-13f6-4287-a976-7d85d7164bcf req-691abb82-13f6-4287-a976-7d85d7164bcf ] Request (ListImageFiltersTestJSON:setUpClass): 200 GET http://10.180.1.21/compute/v2.1/servers/993c24e5-a39b-4618-87c0-6e204c29835c 0.138s
2025-05-14 13:22:02.157 69703 INFO tempest.lib.common.rest_client [req-50d9bedd-559f-4eee-b627-c154fffe77f1 req-50d9bedd-559f-4eee-b627-c154fffe77f1 ] Request (ServerActionsTestJSON:setUpClass): 200 GET http://10.180.1.21/compute/v2.1/servers/97a20fc1-ef2b-4927-b335-3fd748bf90e3 0.071s
2025-05-14 13:22:02.188 69681 INFO tempest.lib.common.rest_client [req-a9bad9f7-9063-47e7-9e04-93a98e61604a req-a9bad9f7-9063-47e7-9e04-93a98e61604a ] Request (ServerTagsTestJSON:tearDownClass): 200 GET http://10.180.1.21/compute/v2.1/servers/0c362d02-acb5-493f-a146-e46ba4c3e26f 0.073s
2025-05-14 13:22:02.246 69679 INFO tempest.lib.common.rest_client [req-4fe3786e-dcba-49be-aac3-d82c2a0c7a53 req-4fe3786e-dcba-49be-aac3-d82c2a0c7a53 ] Request (ServersTestFqdnHostnames:test_create_server_with_fqdn_name): 200 GET http://10.180.1.21/compute/v2.1/servers/45da67c5-8f64-43e6-8b8c-0b59d9f1d1c9 0.109s
2025-05-14 13:22:02.304 69701 INFO tempest.lib.common.rest_client [req-59d3cecb-a139-4cc9-b7a6-c4bdb4258463 req-59d3cecb-a139-4cc9-b7a6-c4bdb4258463 ] Request (MultipleCreateTestJSON:test_multiple_create_with_reservation_return): 200 GET http://10.180.1.21/compute/v2.1/servers/0daa47f1-e357-447d-9962-9f11a0337b1d 0.132s
2025-05-14 13:22:02.363 69725 INFO tempest.lib.common.rest_client [req-9a4f10c2-6e8e-48e9-9f0d-3959e56aba26 req-9a4f10c2-6e8e-48e9-9f0d-3959e56aba26 ] Request (AttachInterfacesUnderV243Test:_run_cleanups): 200 GET http://10.180.1.21/compute/v2.1/servers/de0d3b42-8371-4344-a262-63ecd4401849 0.135s
2025-05-14 13:22:02.383 69721 INFO tempest.lib.common.rest_client [req-cba4ef4f-2fef-4216-b478-503340d10024 req-cba4ef4f-2fef-4216-b478-503340d10024 ] Request (ServerDiagnosticsV248Test:tearDownClass): 404 GET http://10.180.1.21/compute/v2.1/servers/c7124fd4-0db2-4fed-b568-57050643c022 0.089s
2025-05-14 13:22:02.429 69695 INFO tempest.lib.common.rest_client [req-ecf9be02-d5aa-4834-83a4-9d81fb679a13 req-ecf9be02-d5aa-4834-83a4-9d81fb679a13 ] Request (MigrationsAdminTest:test_resize_server_revert_deleted_flavor): 200 GET http://10.180.1.21/compute/v2.1/servers/46c02c77-062d-4f45-ab62-e432ec0c3ba7 0.090s
2025-05-14 13:22:02.448 69721 INFO tempest.lib.common.rest_client [req-eed81d09-feeb-4e04-96a2-bbf186bbcf59 req-eed81d09-feeb-4e04-96a2-bbf186bbcf59 ] Request (ServerDiagnosticsV248Test:tearDownClass): 204 DELETE http://10.180.1.21/identity/v3/users/d73df3af6a8f4bbbaef2c62ef519a3ec 0.064s
2025-05-14 13:22:02.485 69713 INFO tempest.lib.common.rest_client [req-6d28b11d-78d2-4c08-b9f6-1e8a60845e13 req-6d28b11d-78d2-4c08-b9f6-1e8a60845e13 ] Request (DeleteServersAdminTestJSON:test_delete_server_while_in_error_state): 200 GET http://10.180.1.21/compute/v2.1/servers/823fca95-83da-462b-922a-6137a1cd85a3 0.086s
2025-05-14 13:22:02.539 69721 INFO tempest.lib.common.rest_client [req-4cd1ded9-88e4-4ab8-bc78-4f50767224f4 req-4cd1ded9-88e4-4ab8-bc78-4f50767224f4 ] Request (ServerDiagnosticsV248Test:tearDownClass): 204 DELETE http://10.180.1.21/identity/v3/users/5f03cecd1b654b2e99aa5e49f95acce0 0.091s
2025-05-14 13:22:02.539 69721 INFO tempest.lib.common.dynamic_creds [-] Deleting project and security group for project: d9902a200a714b539aa0b22a9e73eee1
2025-05-14 13:22:02.539 69677 INFO tempest.lib.common.rest_client [req-bc0a1cf4-a055-4eca-800f-9733491626f4 req-bc0a1cf4-a055-4eca-800f-9733491626f4 ] Request (ImagesOneServerTestJSON:tearDownClass): 200 GET http://10.180.1.21/compute/v2.1/servers/08474bab-98fc-42ff-ae8a-fde7d4819d51 0.073s
2025-05-14 13:22:02.576 69673 INFO tempest.lib.common.rest_client [req-1601ccef-ff49-419e-889f-0c39c309f5b2 req-1601ccef-ff49-419e-889f-0c39c309f5b2 ] Request (ServerActionsTestOtherB:test_create_backup): 200 GET http://10.180.1.21/image/v2/images/3059b30e-afc1-4980-a47f-d781667fa55e 0.014s
2025-05-14 13:22:02.596 69721 INFO tempest.lib.common.rest_client [req-3de1c4ec-4261-4d0c-8f12-2e24ca20bb30 req-3de1c4ec-4261-4d0c-8f12-2e24ca20bb30 ] Request (ServerDiagnosticsV248Test:tearDownClass): 201 POST http://10.180.1.21/identity/v3/auth/tokens 0.056s
2025-05-14 13:22:02.604 69667 INFO tempest.lib.common.rest_client [req-5381ff37-e2bf-4eb7-9494-4214b389b67d req-5381ff37-e2bf-4eb7-9494-4214b389b67d ] Request (ListImageFiltersTestJSON:setUpClass): 202 POST http://10.180.1.21/compute/v2.1/servers/993c24e5-a39b-4618-87c0-6e204c29835c/action 0.489s
2025-05-14 13:22:02.641 69667 INFO tempest.lib.common.rest_client [req-8e778181-f6ca-442d-a4ac-bd8520887839 req-8e778181-f6ca-442d-a4ac-bd8520887839 ] Request (ListImageFiltersTestJSON:setUpClass): 200 GET http://10.180.1.21/compute/v2.1/images/c3868be1-5bd7-422e-9f25-8ee6855f1821 0.036s
2025-05-14 13:22:02.661 69671 INFO tempest.lib.common.rest_client [req-83e2b916-721c-4dd2-bc14-f41eb8c61d14 req-83e2b916-721c-4dd2-bc14-f41eb8c61d14 ] Request (ServerDiskConfigTestJSON:test_rebuild_server_with_auto_disk_config): 200 GET http://10.180.1.21/compute/v2.1/servers/fb1c0a77-257a-477d-8af7-63869267c317 0.098s
2025-05-14 13:22:02.696 69699 INFO tempest.lib.common.rest_client [req-64c1e740-bf76-4649-969d-b2e9fc0bdbf6 req-64c1e740-bf76-4649-969d-b2e9fc0bdbf6 ] Request (SecurityGroupsTestJSON:test_server_security_groups): 200 GET http://10.180.1.21/compute/v2.1/servers/93a06f2a-b4b7-44b4-94f1-3bf5d16e1733 0.086s
2025-05-14 13:22:02.714 69705 INFO tempest.lib.common.rest_client [req-c973ea0c-1625-4f39-a7a2-72ab08c8c3a0 req-c973ea0c-1625-4f39-a7a2-72ab08c8c3a0 ] Request (ServersAaction247Test:test_create_backup): 200 GET http://10.180.1.21/compute/v2.1/servers/243fd51e-b95b-4611-aa0c-336e9a203867 0.096s
2025-05-14 13:22:02.766 69721 INFO tempest.lib.common.rest_client [req-4b21fa04-dcb5-45a3-a94d-f8c3d627f685 req-4b21fa04-dcb5-45a3-a94d-f8c3d627f685 ] Request (ServerDiagnosticsV248Test:tearDownClass): 200 GET http://10.180.1.21:9696/networking/v2.0/security-groups?tenant_id=d9902a200a714b539aa0b22a9e73eee1&name=default 0.170s
2025-05-14 13:22:02.780 69723 WARNING tempest.lib.common.ssh [-] Failed to establish authenticated ssh connection to cirros@10.180.180.249 ([Errno None] Unable to connect to port 22 on 10.180.180.249). Number attempts: 2. Retry after 3 seconds.: paramiko.ssh_exception.NoValidConnectionsError: [Errno None] Unable to connect to port 22 on 10.180.180.249
2025-05-14 13:22:02.847 69721 INFO tempest.lib.common.rest_client [req-152de430-c82f-4722-aca1-e67151a966a3 req-152de430-c82f-4722-aca1-e67151a966a3 ] Request (ServerDiagnosticsV248Test:tearDownClass): 204 DELETE http://10.180.1.21:9696/networking/v2.0/security-groups/455f0578-f844-4457-9b72-ef1859014c8e 0.080s
2025-05-14 13:22:02.910 69721 INFO tempest.lib.common.rest_client [req-407ec335-8d63-4be0-b9bc-3325ebdc679d req-407ec335-8d63-4be0-b9bc-3325ebdc679d ] Request (ServerDiagnosticsV248Test:tearDownClass): 204 DELETE http://10.180.1.21/identity/v3/projects/d9902a200a714b539aa0b22a9e73eee1 0.063s
2025-05-14 13:22:02.910 69721 INFO tempest.lib.common.dynamic_creds [-] Deleting project and security group for project: 776a1527b78f458f90e3452918c567d0
2025-05-14 13:22:02.950 69693 INFO tempest.lib.common.rest_client [req-88573466-4554-4954-9954-2ab5f1058539 req-88573466-4554-4954-9954-2ab5f1058539 ] Request (ListServerFiltersTestJSON:setUpClass): 200 GET http://10.180.1.21/compute/v2.1/servers/b6e49929-b0b8-4aa0-9d21-9ce7cf2595ee 0.075s
2025-05-14 13:22:02.974 69709 INFO tempest.lib.common.rest_client [req-8e9ec4e4-eca9-4c2a-91e1-222c52e84a5e req-8e9ec4e4-eca9-4c2a-91e1-222c52e84a5e ] Request (AttachVolumeTestJSON:test_attach_detach_volume): 200 GET http://10.180.1.21/compute/v2.1/servers/0cebab59-253b-4037-99a0-26667add9e9d 0.133s
2025-05-14 13:22:03.007 69729 INFO tempest.lib.common.rest_client [req-2cd5aa39-99a5-4021-b66b-1f1e9329dbd9 req-2cd5aa39-99a5-4021-b66b-1f1e9329dbd9 ] Request (ServersAdminTestJSON:test_inject_network_info): 200 GET http://10.180.1.21/compute/v2.1/servers/69a20aa3-1f89-4e23-9c22-0220c8197535 0.065s
2025-05-14 13:22:03.061 69721 INFO tempest.lib.common.rest_client [req-c3af2ca0-72ee-4193-ad31-becd409aac4c req-c3af2ca0-72ee-4193-ad31-becd409aac4c ] Request (ServerDiagnosticsV248Test:tearDownClass): 200 GET http://10.180.1.21:9696/networking/v2.0/security-groups?tenant_id=776a1527b78f458f90e3452918c567d0&name=default 0.150s
2025-05-14 13:22:03.113 69727 INFO tempest.lib.common.rest_client [req-f3875a2d-ec52-414a-bb3c-f02f69cb7f02 req-f3875a2d-ec52-414a-bb3c-f02f69cb7f02 ] Request (ImagesTestJSON:test_create_server_from_snapshot): 200 GET http://10.180.1.21/compute/v2.1/servers/a6d023c6-8a1a-4dc1-b94d-58c5e5119d98 0.067s
2025-05-14 13:22:03.175 69691 INFO tempest.lib.common.rest_client [req-25a6167e-8cc9-482d-ae2e-d5970179e8e0 req-25a6167e-8cc9-482d-ae2e-d5970179e8e0 ] Request (ServersTestMultiNic:test_verify_multiple_nics_order): 200 GET http://10.180.1.21/compute/v2.1/servers/db2c1e31-a6d3-486d-82e0-985c4286affd 0.072s
2025-05-14 13:22:03.187 69721 INFO tempest.lib.common.rest_client [req-12e04047-0b49-493b-93a5-b9fa483be89a req-12e04047-0b49-493b-93a5-b9fa483be89a ] Request (ServerDiagnosticsV248Test:tearDownClass): 204 DELETE http://10.180.1.21:9696/networking/v2.0/security-groups/da847ddd-3e23-4a54-8588-eb65a8972e42 0.126s
2025-05-14 13:22:03.230 69703 INFO tempest.lib.common.rest_client [req-ac6782ed-9951-42d7-87d1-a608f45f3574 req-ac6782ed-9951-42d7-87d1-a608f45f3574 ] Request (ServerActionsTestJSON:setUpClass): 200 GET http://10.180.1.21/compute/v2.1/servers/97a20fc1-ef2b-4927-b335-3fd748bf90e3 0.062s
2025-05-14 13:22:03.274 69681 INFO tempest.lib.common.rest_client [req-622f2031-7cee-4959-adbb-be235f117ce2 req-622f2031-7cee-4959-adbb-be235f117ce2 ] Request (ServerTagsTestJSON:tearDownClass): 200 GET http://10.180.1.21/compute/v2.1/servers/0c362d02-acb5-493f-a146-e46ba4c3e26f 0.075s
2025-05-14 13:22:03.288 69721 INFO tempest.lib.common.rest_client [req-074539ac-b26f-41d3-a287-33e4a223220a req-074539ac-b26f-41d3-a287-33e4a223220a ] Request (ServerDiagnosticsV248Test:tearDownClass): 204 DELETE http://10.180.1.21/identity/v3/projects/776a1527b78f458f90e3452918c567d0 0.101s
2025-05-14 13:22:03.291 69717 WARNING tempest.lib.common.ssh [-] Failed to establish authenticated ssh connection to cirros@10.180.180.187 ([Errno None] Unable to connect to port 22 on 10.180.180.187). Number attempts: 3. Retry after 4 seconds.: paramiko.ssh_exception.NoValidConnectionsError: [Errno None] Unable to connect to port 22 on 10.180.180.187
2025-05-14 13:22:03.312 69679 INFO tempest.lib.common.rest_client [req-364b4d34-e044-4c45-9cec-da162c1582a9 req-364b4d34-e044-4c45-9cec-da162c1582a9 ] Request (ServersTestFqdnHostnames:test_create_server_with_fqdn_name): 200 GET http://10.180.1.21/compute/v2.1/servers/45da67c5-8f64-43e6-8b8c-0b59d9f1d1c9 0.058s
2025-05-14 13:22:03.347 69721 INFO tempest.lib.common.rest_client [req-d07fb63d-2396-4ee6-800a-80fa495e5736 req-d07fb63d-2396-4ee6-800a-80fa495e5736 ] Request (MultipleCreateNegativeTestJSON:setUpClass): 201 POST http://10.180.1.21/identity/v3/auth/tokens 0.057s
2025-05-14 13:22:03.362 69701 INFO tempest.lib.common.rest_client [req-61500775-4f37-4056-b3e9-1de9067d66fa req-61500775-4f37-4056-b3e9-1de9067d66fa ] Request (MultipleCreateTestJSON:test_multiple_create_with_reservation_return): 200 GET http://10.180.1.21/compute/v2.1/servers/0daa47f1-e357-447d-9962-9f11a0337b1d 0.049s
2025-05-14 13:22:03.380 69721 INFO tempest.lib.common.rest_client [req-8c63dbd2-0478-47ef-8061-44ceb5f95047 req-8c63dbd2-0478-47ef-8061-44ceb5f95047 ] Request (MultipleCreateNegativeTestJSON:setUpClass): 201 POST http://10.180.1.21/identity/v3/auth/tokens 0.030s
2025-05-14 13:22:03.404 69721 INFO tempest.lib.common.rest_client [req-92d93e79-7e14-42d8-a6c6-7e30a1fd6fbc req-92d93e79-7e14-42d8-a6c6-7e30a1fd6fbc ] Request (MultipleCreateNegativeTestJSON:setUpClass): 200 GET http://10.180.1.21/identity/v3/domains?name=Default 0.023s
2025-05-14 13:22:03.430 69721 INFO tempest.lib.common.rest_client [req-4ed235ae-a214-4d1e-bbc4-3793dca4afa1 req-4ed235ae-a214-4d1e-bbc4-3793dca4afa1 ] Request (MultipleCreateNegativeTestJSON:setUpClass): 201 POST http://10.180.1.21/identity/v3/projects 0.026s
2025-05-14 13:22:03.436 69725 INFO tempest.lib.common.rest_client [req-27dc61eb-0447-4b34-b363-d65a3b208671 req-27dc61eb-0447-4b34-b363-d65a3b208671 ] Request (AttachInterfacesUnderV243Test:_run_cleanups): 200 GET http://10.180.1.21/compute/v2.1/servers/de0d3b42-8371-4344-a262-63ecd4401849 0.066s
2025-05-14 13:22:03.485 69721 INFO tempest.lib.common.rest_client [req-2641c765-2220-4040-ac74-ee7fdbd2fe10 req-2641c765-2220-4040-ac74-ee7fdbd2fe10 ] Request (MultipleCreateNegativeTestJSON:setUpClass): 201 POST http://10.180.1.21/identity/v3/users 0.054s
2025-05-14 13:22:03.485 69695 INFO tempest.lib.common.rest_client [req-4d8c6b9d-0d98-4e13-b399-3f8d5953c64b req-4d8c6b9d-0d98-4e13-b399-3f8d5953c64b ] Request (MigrationsAdminTest:test_resize_server_revert_deleted_flavor): 200 GET http://10.180.1.21/compute/v2.1/servers/46c02c77-062d-4f45-ab62-e432ec0c3ba7 0.049s
2025-05-14 13:22:03.506 69721 INFO tempest.lib.common.rest_client [req-231062a1-799a-4984-8796-303b7e23978e req-231062a1-799a-4984-8796-303b7e23978e ] Request (MultipleCreateNegativeTestJSON:setUpClass): 200 GET http://10.180.1.21/identity/v3/roles 0.020s
2025-05-14 13:22:03.530 69721 INFO tempest.lib.common.rest_client [req-83ab88e2-0890-420c-839a-10877f44a21a req-83ab88e2-0890-420c-839a-10877f44a21a ] Request (MultipleCreateNegativeTestJSON:setUpClass): 204 PUT http://10.180.1.21/identity/v3/projects/f0cfa6f810d24b53a104206870eb491e/users/52b27cbfe9f74b4f89618db74737ecb5/roles/2663188572304aa28c56e69be1a2bf6c 0.024s
2025-05-14 13:22:03.530 69721 INFO tempest.lib.common.dynamic_creds [-] Dynamic test user 52b27cbfe9f74b4f89618db74737ecb5 is created with scope project and roles: ['member']
2025-05-14 13:22:03.530 69721 INFO tempest.lib.common.dynamic_creds [-] Acquired dynamic creds: credentials: Credentials: {'domain_id': 'default', 'domain_name': 'Default', 'username': 'tempest-MultipleCreateNegativeTestJSON-859743963-project-member', 'project_domain_id': 'default', 'project_domain_name': 'Default', 'project_id': 'f0cfa6f810d24b53a104206870eb491e', 'project_name': 'tempest-MultipleCreateNegativeTestJSON-859743963', 'tenant_id': 'f0cfa6f810d24b53a104206870eb491e', 'tenant_name': 'tempest-MultipleCreateNegativeTestJSON-859743963', 'user_domain_id': 'default', 'user_domain_name': 'Default', 'user_id': '52b27cbfe9f74b4f89618db74737ecb5', 'system': None}, Network: None, Subnet: None, Router: None
2025-05-14 13:22:03.530 69721 INFO tempest.lib.common.dynamic_creds [-] Created isolated network resources for: credentials: Credentials: {'domain_id': 'default', 'domain_name': 'Default', 'username': 'tempest-MultipleCreateNegativeTestJSON-859743963-project-member', 'project_domain_id': 'default', 'project_domain_name': 'Default', 'project_id': 'f0cfa6f810d24b53a104206870eb491e', 'project_name': 'tempest-MultipleCreateNegativeTestJSON-859743963', 'tenant_id': 'f0cfa6f810d24b53a104206870eb491e', 'tenant_name': 'tempest-MultipleCreateNegativeTestJSON-859743963', 'user_domain_id': 'default', 'user_domain_name': 'Default', 'user_id': '52b27cbfe9f74b4f89618db74737ecb5', 'system': None}, Network: None, Subnet: None, Router: None
2025-05-14 13:22:03.546 69683 WARNING tempest.lib.common.ssh [-] Failed to establish authenticated ssh connection to cirros@10.180.180.171 ([Errno None] Unable to connect to port 22 on 10.180.180.171). Number attempts: 6. Retry after 7 seconds.: paramiko.ssh_exception.NoValidConnectionsError: [Errno None] Unable to connect to port 22 on 10.180.180.171
2025-05-14 13:22:03.552 69713 INFO tempest.lib.common.rest_client [req-97cb305c-df78-4091-b06c-8598ab4a6910 req-97cb305c-df78-4091-b06c-8598ab4a6910 ] Request (DeleteServersAdminTestJSON:test_delete_server_while_in_error_state): 200 GET http://10.180.1.21/compute/v2.1/servers/823fca95-83da-462b-922a-6137a1cd85a3 0.059s
2025-05-14 13:22:03.597 69673 INFO tempest.lib.common.rest_client [req-6a5e1329-9653-454f-991f-2ee9badf6e51 req-6a5e1329-9653-454f-991f-2ee9badf6e51 ] Request (ServerActionsTestOtherB:test_create_backup): 200 GET http://10.180.1.21/image/v2/images/3059b30e-afc1-4980-a47f-d781667fa55e 0.020s
2025-05-14 13:22:03.603 69721 INFO tempest.lib.common.rest_client [req-4a62f6fd-925a-48c6-90f4-d6e023ea0066 req-4a62f6fd-925a-48c6-90f4-d6e023ea0066 ] Request (MultipleCreateNegativeTestJSON:setUpClass): 201 POST http://10.180.1.21/identity/v3/auth/tokens 0.069s
2025-05-14 13:22:03.606 69677 INFO tempest.lib.common.rest_client [req-3ce239b9-4f5f-41be-891e-9515d18f81be req-3ce239b9-4f5f-41be-891e-9515d18f81be ] Request (ImagesOneServerTestJSON:tearDownClass): 200 GET http://10.180.1.21/compute/v2.1/servers/08474bab-98fc-42ff-ae8a-fde7d4819d51 0.059s
2025-05-14 13:22:03.637 69721 INFO tempest.lib.common.rest_client [req-d80d0851-bdc3-4ccb-a032-3c8d9727f2dd req-d80d0851-bdc3-4ccb-a032-3c8d9727f2dd ] Request (MultipleCreateNegativeTestJSON:test_max_count_less_than_min_count): 201 POST http://10.180.1.21/identity/v3/auth/tokens 0.030s
2025-05-14 13:22:03.637 69721 INFO tempest.lib.common.fixed_network [-] (MultipleCreateNegativeTestJSON:test_max_count_less_than_min_count) Found network None available for tenant
2025-05-14 13:22:03.682 69667 INFO tempest.lib.common.rest_client [req-cc2787b0-fc41-40aa-be04-fdeced51c4cd req-cc2787b0-fc41-40aa-be04-fdeced51c4cd ] Request (ListImageFiltersTestJSON:setUpClass): 200 GET http://10.180.1.21/compute/v2.1/images/c3868be1-5bd7-422e-9f25-8ee6855f1821 0.036s
2025-05-14 13:22:03.707 69721 INFO tempest.lib.common.rest_client [req-8032151d-fbec-4f5a-aaeb-2913245416f5 req-8032151d-fbec-4f5a-aaeb-2913245416f5 ] Request (MultipleCreateNegativeTestJSON:test_max_count_less_than_min_count): 400 POST http://10.180.1.21/compute/v2.1/servers 0.069s
2025-05-14 13:22:03.742 69721 INFO tempest.lib.common.rest_client [req-e5b524c1-0f53-445f-9bce-b4f0cf070b2f req-e5b524c1-0f53-445f-9bce-b4f0cf070b2f ] Request (MultipleCreateNegativeTestJSON:test_max_count_less_than_one): 201 POST http://10.180.1.21/identity/v3/auth/tokens 0.031s
2025-05-14 13:22:03.743 69721 INFO tempest.lib.common.fixed_network [-] (MultipleCreateNegativeTestJSON:test_max_count_less_than_one) Found network None available for tenant
2025-05-14 13:22:03.768 69699 INFO tempest.lib.common.rest_client [req-658ee0cc-3076-4a69-8112-fb20becd0607 req-658ee0cc-3076-4a69-8112-fb20becd0607 ] Request (SecurityGroupsTestJSON:test_server_security_groups): 200 GET http://10.180.1.21/compute/v2.1/servers/93a06f2a-b4b7-44b4-94f1-3bf5d16e1733 0.065s
2025-05-14 13:22:03.841 69705 INFO tempest.lib.common.rest_client [req-b39a2a7a-1c1d-4da7-b4d5-51f3d6299085 req-b39a2a7a-1c1d-4da7-b4d5-51f3d6299085 ] Request (ServersAaction247Test:test_create_backup): 200 GET http://10.180.1.21/compute/v2.1/servers/243fd51e-b95b-4611-aa0c-336e9a203867 0.117s
2025-05-14 13:22:03.847 69721 INFO tempest.lib.common.rest_client [req-d76bb589-4668-4a4e-b82d-af8d1332b35f req-d76bb589-4668-4a4e-b82d-af8d1332b35f ] Request (MultipleCreateNegativeTestJSON:test_max_count_less_than_one): 400 POST http://10.180.1.21/compute/v2.1/servers 0.103s
2025-05-14 13:22:03.883 69721 INFO tempest.lib.common.rest_client [req-9535bef5-abb3-40ac-8b00-a71d0e8e65cc req-9535bef5-abb3-40ac-8b00-a71d0e8e65cc ] Request (MultipleCreateNegativeTestJSON:test_max_count_non_integer): 201 POST http://10.180.1.21/identity/v3/auth/tokens 0.031s
2025-05-14 13:22:03.884 69721 INFO tempest.lib.common.fixed_network [-] (MultipleCreateNegativeTestJSON:test_max_count_non_integer) Found network None available for tenant
2025-05-14 13:22:03.894 69721 INFO tempest.lib.common.rest_client [req-924d1b3b-d43b-48d5-98fb-64195c9ee78c req-924d1b3b-d43b-48d5-98fb-64195c9ee78c ] Request (MultipleCreateNegativeTestJSON:test_max_count_non_integer): 400 POST http://10.180.1.21/compute/v2.1/servers 0.009s
2025-05-14 13:22:03.897 69671 INFO tempest.lib.common.rest_client [req-20278f55-6d23-4d7b-8027-811198ec1bbf req-20278f55-6d23-4d7b-8027-811198ec1bbf ] Request (ServerDiskConfigTestJSON:test_rebuild_server_with_auto_disk_config): 200 GET http://10.180.1.21/compute/v2.1/servers/fb1c0a77-257a-477d-8af7-63869267c317 0.228s
2025-05-14 13:22:03.931 69721 INFO tempest.lib.common.rest_client [req-937741e1-976f-4da9-beaf-96c62af5e354 req-937741e1-976f-4da9-beaf-96c62af5e354 ] Request (MultipleCreateNegativeTestJSON:test_min_count_less_than_one): 201 POST http://10.180.1.21/identity/v3/auth/tokens 0.031s
2025-05-14 13:22:03.931 69721 INFO tempest.lib.common.fixed_network [-] (MultipleCreateNegativeTestJSON:test_min_count_less_than_one) Found network None available for tenant
2025-05-14 13:22:03.940 69721 INFO tempest.lib.common.rest_client [req-7b47bdb1-f380-48d1-ac61-86506ead564b req-7b47bdb1-f380-48d1-ac61-86506ead564b ] Request (MultipleCreateNegativeTestJSON:test_min_count_less_than_one): 400 POST http://10.180.1.21/compute/v2.1/servers 0.008s
2025-05-14 13:22:03.976 69721 INFO tempest.lib.common.rest_client [req-fccc8872-190e-48b3-ab80-e4de6167c82c req-fccc8872-190e-48b3-ab80-e4de6167c82c ] Request (MultipleCreateNegativeTestJSON:test_min_count_non_integer): 201 POST http://10.180.1.21/identity/v3/auth/tokens 0.032s
2025-05-14 13:22:03.977 69721 INFO tempest.lib.common.fixed_network [-] (MultipleCreateNegativeTestJSON:test_min_count_non_integer) Found network None available for tenant
2025-05-14 13:22:03.986 69721 INFO tempest.lib.common.rest_client [req-2f026463-e5d4-4e03-a4e1-85a19fa78957 req-2f026463-e5d4-4e03-a4e1-85a19fa78957 ] Request (MultipleCreateNegativeTestJSON:test_min_count_non_integer): 400 POST http://10.180.1.21/compute/v2.1/servers 0.008s
2025-05-14 13:22:04.024 69693 INFO tempest.lib.common.rest_client [req-094fbfab-3ee1-4565-be78-051ef3154b6d req-094fbfab-3ee1-4565-be78-051ef3154b6d ] Request (ListServerFiltersTestJSON:setUpClass): 200 GET http://10.180.1.21/compute/v2.1/servers/b6e49929-b0b8-4aa0-9d21-9ce7cf2595ee 0.065s
2025-05-14 13:22:04.093 69729 INFO tempest.lib.common.rest_client [req-ad8951e8-56d6-4bae-8140-8d6d74080dcc req-ad8951e8-56d6-4bae-8140-8d6d74080dcc ] Request (ServersAdminTestJSON:test_inject_network_info): 200 GET http://10.180.1.21/compute/v2.1/servers/69a20aa3-1f89-4e23-9c22-0220c8197535 0.076s
2025-05-14 13:22:04.110 69721 INFO tempest.lib.common.rest_client [req-8c59fc11-cff0-45e0-9ae0-3f100f4bfcd7 req-8c59fc11-cff0-45e0-9ae0-3f100f4bfcd7 ] Request (MultipleCreateNegativeTestJSON:tearDownClass): 204 DELETE http://10.180.1.21/identity/v3/users/52b27cbfe9f74b4f89618db74737ecb5 0.122s
2025-05-14 13:22:04.110 69721 INFO tempest.lib.common.dynamic_creds [-] Deleting project and security group for project: f0cfa6f810d24b53a104206870eb491e
2025-05-14 13:22:04.145 69709 INFO tempest.lib.common.rest_client [req-80c9ba6b-05ee-43cc-8ccc-aebc6fafcc8d req-80c9ba6b-05ee-43cc-8ccc-aebc6fafcc8d ] Request (AttachVolumeTestJSON:test_attach_detach_volume): 200 GET http://10.180.1.21/compute/v2.1/servers/0cebab59-253b-4037-99a0-26667add9e9d 0.161s
2025-05-14 13:22:04.181 69721 INFO tempest.lib.common.rest_client [req-8b8c712b-39fd-4bad-8019-a4bd624eddcc req-8b8c712b-39fd-4bad-8019-a4bd624eddcc ] Request (MultipleCreateNegativeTestJSON:tearDownClass): 201 POST http://10.180.1.21/identity/v3/auth/tokens 0.070s
2025-05-14 13:22:04.195 69727 INFO tempest.lib.common.rest_client [req-949159ed-6a0b-468f-b3e2-ba9cdae4fd2a req-949159ed-6a0b-468f-b3e2-ba9cdae4fd2a ] Request (ImagesTestJSON:test_create_server_from_snapshot): 200 GET http://10.180.1.21/compute/v2.1/servers/a6d023c6-8a1a-4dc1-b94d-58c5e5119d98 0.071s
2025-05-14 13:22:04.244 69691 INFO tempest.lib.common.rest_client [req-e9ebcef6-a8c0-4cb4-8c84-eee2f471e4b5 req-e9ebcef6-a8c0-4cb4-8c84-eee2f471e4b5 ] Request (ServersTestMultiNic:test_verify_multiple_nics_order): 200 GET http://10.180.1.21/compute/v2.1/servers/db2c1e31-a6d3-486d-82e0-985c4286affd 0.060s
2025-05-14 13:22:04.308 69703 INFO tempest.lib.common.rest_client [req-f0e73c16-14c9-4285-b4ed-7100d3c6a38c req-f0e73c16-14c9-4285-b4ed-7100d3c6a38c ] Request (ServerActionsTestJSON:setUpClass): 200 GET http://10.180.1.21/compute/v2.1/servers/97a20fc1-ef2b-4927-b335-3fd748bf90e3 0.066s
2025-05-14 13:22:04.355 69681 INFO tempest.lib.common.rest_client [req-5a1f6274-e95f-481f-b0d8-b80ad20176d7 req-5a1f6274-e95f-481f-b0d8-b80ad20176d7 ] Request (ServerTagsTestJSON:tearDownClass): 200 GET http://10.180.1.21/compute/v2.1/servers/0c362d02-acb5-493f-a146-e46ba4c3e26f 0.071s
2025-05-14 13:22:04.389 69679 INFO tempest.lib.common.rest_client [req-28ee18c2-1e9b-465b-a03a-939ff1ad045f req-28ee18c2-1e9b-465b-a03a-939ff1ad045f ] Request (ServersTestFqdnHostnames:test_create_server_with_fqdn_name): 200 GET http://10.180.1.21/compute/v2.1/servers/45da67c5-8f64-43e6-8b8c-0b59d9f1d1c9 0.069s
2025-05-14 13:22:04.396 69721 INFO tempest.lib.common.rest_client [req-171ff061-ccbc-43f9-8739-a8af6208bd5a req-171ff061-ccbc-43f9-8739-a8af6208bd5a ] Request (MultipleCreateNegativeTestJSON:tearDownClass): 200 GET http://10.180.1.21:9696/networking/v2.0/security-groups?tenant_id=f0cfa6f810d24b53a104206870eb491e&name=default 0.215s
2025-05-14 13:22:04.425 69701 INFO tempest.lib.common.rest_client [req-bd42693b-c76e-4138-a8c7-76e7dba8d548 req-bd42693b-c76e-4138-a8c7-76e7dba8d548 ] Request (MultipleCreateTestJSON:test_multiple_create_with_reservation_return): 200 GET http://10.180.1.21/compute/v2.1/servers/0daa47f1-e357-447d-9962-9f11a0337b1d 0.056s
2025-05-14 13:22:04.465 69725 INFO tempest.lib.common.rest_client [req-b6e1d2c2-1a7e-4289-812a-794418eccfd5 req-b6e1d2c2-1a7e-4289-812a-794418eccfd5 ] Request (AttachInterfacesUnderV243Test:_run_cleanups): 404 GET http://10.180.1.21/compute/v2.1/servers/de0d3b42-8371-4344-a262-63ecd4401849 0.021s
2025-05-14 13:22:04.482 69721 INFO tempest.lib.common.rest_client [req-4fa04efb-1579-4ec3-836c-e17ea385544d req-4fa04efb-1579-4ec3-836c-e17ea385544d ] Request (MultipleCreateNegativeTestJSON:tearDownClass): 204 DELETE http://10.180.1.21:9696/networking/v2.0/security-groups/2441fd5d-921d-45b5-a29e-85cd0140311e 0.085s
2025-05-14 13:22:04.484 69725 INFO tempest.lib.common.rest_client [req-4058b8a6-767b-4c8a-852a-4e0b63312acc req-4058b8a6-767b-4c8a-852a-4e0b63312acc ] Request (AttachInterfacesUnderV243Test:_run_cleanups): 202 DELETE http://10.180.1.21/compute/v2.1/os-keypairs/tempest-keypair-1329362704 0.018s
2025-05-14 13:22:04.539 69721 INFO tempest.lib.common.rest_client [req-42b2bc9d-e1cf-43a1-b764-c8402eb1c715 req-42b2bc9d-e1cf-43a1-b764-c8402eb1c715 ] Request (MultipleCreateNegativeTestJSON:tearDownClass): 204 DELETE http://10.180.1.21/identity/v3/projects/f0cfa6f810d24b53a104206870eb491e 0.057s
2025-05-14 13:22:04.552 69695 INFO tempest.lib.common.rest_client [req-5a3aa5d2-eaac-43b4-b236-c11a72a5bc21 req-5a3aa5d2-eaac-43b4-b236-c11a72a5bc21 ] Request (MigrationsAdminTest:test_resize_server_revert_deleted_flavor): 200 GET http://10.180.1.21/compute/v2.1/servers/46c02c77-062d-4f45-ab62-e432ec0c3ba7 0.058s
2025-05-14 13:22:04.572 69725 INFO tempest.lib.common.rest_client [req-7129f53c-a579-43bc-9fa5-c14a955f7ca5 req-7129f53c-a579-43bc-9fa5-c14a955f7ca5 ] Request (AttachInterfacesUnderV243Test:_run_cleanups): 204 DELETE http://10.180.1.21:9696/networking/v2.0/security-groups/c52eea06-29db-49da-b0fb-ebb6ba4a8d86 0.088s
2025-05-14 13:22:04.582 69725 INFO tempest.lib.common.rest_client [req-84934a0a-24d4-4ce2-a780-332d10235236 req-84934a0a-24d4-4ce2-a780-332d10235236 ] Request (AttachInterfacesUnderV243Test:_run_cleanups): 404 GET http://10.180.1.21:9696/networking/v2.0/security-groups/c52eea06-29db-49da-b0fb-ebb6ba4a8d86 0.009s
2025-05-14 13:22:04.616 69721 INFO tempest.lib.common.rest_client [req-429cb8da-a47a-4f21-8e3b-69f174fa878a req-429cb8da-a47a-4f21-8e3b-69f174fa878a ] Request (VolumesSnapshotsTestJSON:setUpClass): 201 POST http://10.180.1.21/identity/v3/auth/tokens 0.075s
2025-05-14 13:22:04.626 69673 INFO tempest.lib.common.rest_client [req-621334c4-3805-442f-b729-75107350474f req-621334c4-3805-442f-b729-75107350474f ] Request (ServerActionsTestOtherB:test_create_backup): 200 GET http://10.180.1.21/image/v2/images/3059b30e-afc1-4980-a47f-d781667fa55e 0.027s
2025-05-14 13:22:04.646 69713 INFO tempest.lib.common.rest_client [req-eda0b1c8-ae78-4395-9b16-c39080277685 req-eda0b1c8-ae78-4395-9b16-c39080277685 ] Request (DeleteServersAdminTestJSON:test_delete_server_while_in_error_state): 200 GET http://10.180.1.21/compute/v2.1/servers/823fca95-83da-462b-922a-6137a1cd85a3 0.085s
2025-05-14 13:22:04.650 69721 INFO tempest.lib.common.rest_client [req-3f581664-9fe7-4eed-a049-79faa46d84ed req-3f581664-9fe7-4eed-a049-79faa46d84ed ] Request (VolumesSnapshotsTestJSON:setUpClass): 201 POST http://10.180.1.21/identity/v3/auth/tokens 0.032s
2025-05-14 13:22:04.679 69721 INFO tempest.lib.common.rest_client [req-6c80770b-4cab-4f5e-a2dd-80299bbb43af req-6c80770b-4cab-4f5e-a2dd-80299bbb43af ] Request (VolumesSnapshotsTestJSON:setUpClass): 200 GET http://10.180.1.21/identity/v3/domains?name=Default 0.029s
2025-05-14 13:22:04.693 69677 INFO tempest.lib.common.rest_client [req-e9b93025-96d6-4d27-bcd1-a9df37be17ea req-e9b93025-96d6-4d27-bcd1-a9df37be17ea ] Request (ImagesOneServerTestJSON:tearDownClass): 200 GET http://10.180.1.21/compute/v2.1/servers/08474bab-98fc-42ff-ae8a-fde7d4819d51 0.079s
2025-05-14 13:22:04.718 69721 INFO tempest.lib.common.rest_client [req-25e6c155-53e2-4640-826f-f2f95bfe291a req-25e6c155-53e2-4640-826f-f2f95bfe291a ] Request (VolumesSnapshotsTestJSON:setUpClass): 201 POST http://10.180.1.21/identity/v3/projects 0.038s
2025-05-14 13:22:04.724 69667 INFO tempest.lib.common.rest_client [req-0fc6d84f-8367-4e0f-aee3-45ae68cd0ae7 req-0fc6d84f-8367-4e0f-aee3-45ae68cd0ae7 ] Request (ListImageFiltersTestJSON:setUpClass): 200 GET http://10.180.1.21/compute/v2.1/images/c3868be1-5bd7-422e-9f25-8ee6855f1821 0.037s
2025-05-14 13:22:04.784 69721 INFO tempest.lib.common.rest_client [req-15e3ae94-c1f9-43b9-86ee-62c26fbee628 req-15e3ae94-c1f9-43b9-86ee-62c26fbee628 ] Request (VolumesSnapshotsTestJSON:setUpClass): 201 POST http://10.180.1.21/identity/v3/users 0.066s
2025-05-14 13:22:04.813 69721 INFO tempest.lib.common.rest_client [req-c2ebe844-f983-46ab-a708-ee66f3c23bff req-c2ebe844-f983-46ab-a708-ee66f3c23bff ] Request (VolumesSnapshotsTestJSON:setUpClass): 200 GET http://10.180.1.21/identity/v3/roles 0.028s
2025-05-14 13:22:04.841 69699 INFO tempest.lib.common.rest_client [req-85cb93a0-c532-4cfe-9c9b-ff5f8409ab2e req-85cb93a0-c532-4cfe-9c9b-ff5f8409ab2e ] Request (SecurityGroupsTestJSON:test_server_security_groups): 200 GET http://10.180.1.21/compute/v2.1/servers/93a06f2a-b4b7-44b4-94f1-3bf5d16e1733 0.064s
2025-05-14 13:22:04.850 69725 INFO tempest.lib.common.rest_client [req-1bbf0062-a53b-4573-922f-cd8baf922cc4 req-1bbf0062-a53b-4573-922f-cd8baf922cc4 ] Request (AttachInterfacesUnderV243Test:_run_cleanups): 204 DELETE http://10.180.1.21:9696/networking/v2.0/floatingips/f634c9d3-fbc0-4bb1-b5b6-71a24a7b0e1c 0.267s
2025-05-14 13:22:04.852 69721 INFO tempest.lib.common.rest_client [req-124527e3-7337-4ad5-b1f4-0845516738cc req-124527e3-7337-4ad5-b1f4-0845516738cc ] Request (VolumesSnapshotsTestJSON:setUpClass): 204 PUT http://10.180.1.21/identity/v3/projects/b44c534d930c4da895e928103a74694b/users/0bcf83e5acc14a0f80cb8ea5fa806c58/roles/2663188572304aa28c56e69be1a2bf6c 0.039s
2025-05-14 13:22:04.852 69721 INFO tempest.lib.common.dynamic_creds [-] Dynamic test user 0bcf83e5acc14a0f80cb8ea5fa806c58 is created with scope project and roles: ['member']
