2025-05-14 13:21:38.221 69691 INFO tempest.lib.common.fixed_network [-] (ServersTestMultiNic:test_verify_multiple_nics_order) Found network {'id': '4d00773c-4a5b-446e-bfa4-a4604d6d87d1', 'name': 'tempest-ServersTestMultiNic-231538302-network', 'tenant_id': '449c12a1501145728679b8ccbffb6354', 'admin_state_up': True, 'mtu': 8950, 'status': 'ACTIVE', 'subnets': [], 'shared': False, 'project_id': '449c12a1501145728679b8ccbffb6354', 'port_security_enabled': True, 'router:external': False, 'provider:network_type': 'vlan', 'provider:physical_network': 'default', 'provider:segmentation_id': 437, 'availability_zone_hints': [], 'availability_zones': [], 'ipv4_address_scope': None, 'ipv6_address_scope': None, 'description': '', 'tags': [], 'created_at': '2025-05-14T13:20:04Z', 'updated_at': '2025-05-14T13:20:05Z', 'revision_number': 1} available for tenant
2025-05-14 13:21:38.261 69719 INFO tempest.lib.common.rest_client [req-fdc2b663-c5ca-4229-adb0-1844ed1f3865 req-fdc2b663-c5ca-4229-adb0-1844ed1f3865 ] Request (FloatingIPsTestJSON:tearDownClass): 204 DELETE http://10.180.1.21:9696/networking/v2.0/subnets/357bb0ed-6582-4107-a91e-0de9d0840ce4 0.226s
2025-05-14 13:21:38.278 69713 INFO tempest.lib.common.rest_client [req-362e714f-a805-435c-962f-a36a4dd366f9 req-362e714f-a805-435c-962f-a36a4dd366f9 ] Request (DeleteServersAdminTestJSON:test_delete_server_while_in_error_state): 200 GET http://10.180.1.21/compute/v2.1/servers/823fca95-83da-462b-922a-6137a1cd85a3 0.258s
2025-05-14 13:21:38.302 69705 INFO tempest.lib.common.rest_client [req-e44cb515-612a-438f-892a-beef17962327 req-e44cb515-612a-438f-892a-beef17962327 ] Request (FloatingIPsAssociationNegativeTestJSON:tearDownClass): 404 GET http://10.180.1.21/compute/v2.1/servers/a5300d40-02de-4199-830e-054a12564f17 0.170s
2025-05-14 13:21:38.319 69717 INFO tempest.lib.common.rest_client [req-6a1823c3-1ffb-4769-ac42-474f5ad21e0c req-6a1823c3-1ffb-4769-ac42-474f5ad21e0c ] Request (ServersTestManualDisk:setUpClass): 200 GET http://10.180.1.21/compute/v2.1/servers/0972b291-5b74-4ca7-923e-10815f8de11f 0.274s
2025-05-14 13:21:38.418 69671 INFO tempest.lib.common.rest_client [req-dc61a387-2b3b-47e6-ade3-802e4110a55f req-dc61a387-2b3b-47e6-ade3-802e4110a55f ] Request (ServerDiskConfigTestJSON:test_rebuild_server_with_auto_disk_config): 200 GET http://10.180.1.21/compute/v2.1/servers/fb1c0a77-257a-477d-8af7-63869267c317 0.234s
2025-05-14 13:21:38.559 69719 INFO tempest.lib.common.rest_client [req-e1946ecb-2e14-4283-b8ff-135153cba425 req-e1946ecb-2e14-4283-b8ff-135153cba425 ] Request (FloatingIPsTestJSON:tearDownClass): 204 DELETE http://10.180.1.21:9696/networking/v2.0/networks/65c3e78b-eea7-41cb-bc90-054736ac7d41 0.298s
2025-05-14 13:21:38.567 69727 INFO tempest.lib.common.rest_client [req-7f235a01-4d0b-4f26-b9be-ba77473d339f req-7f235a01-4d0b-4f26-b9be-ba77473d339f ] Request (ImagesTestJSON:test_create_image_from_suspended_server): 200 GET http://10.180.1.21/compute/v2.1/servers/c57a42b2-ae92-4dd2-91ee-69065a5eab0c 0.340s
2025-05-14 13:21:38.576 69727 INFO tempest.common.waiters [-] State transition "BUILD/spawning" ==> "ACTIVE/None" after 36 second wait
2025-05-14 13:21:38.609 69677 INFO tempest.lib.common.rest_client [req-9803c618-0f16-42df-9678-10e2b294081e req-9803c618-0f16-42df-9678-10e2b294081e ] Request (ImagesOneServerTestJSON:test_create_image_specify_multibyte_character_image_name): 200 GET http://10.180.1.21/compute/v2.1/images/597411d9-8ff2-4270-8844-483cf94fcb9e 0.348s
2025-05-14 13:21:38.676 69695 INFO tempest.lib.common.rest_client [req-1fa17407-c792-4de9-9b8f-3894c0251e31 req-1fa17407-c792-4de9-9b8f-3894c0251e31 ] Request (MigrationsAdminTest:test_resize_server_revert_deleted_flavor): 200 GET http://10.180.1.21/compute/v2.1/servers/46c02c77-062d-4f45-ab62-e432ec0c3ba7 0.310s
2025-05-14 13:21:38.710 69719 INFO tempest.lib.common.rest_client [req-3fe3bfa3-8122-485d-b81e-0bd3dea72738 req-3fe3bfa3-8122-485d-b81e-0bd3dea72738 ] Request (FloatingIPsTestJSON:tearDownClass): 204 DELETE http://10.180.1.21/identity/v3/users/406800e7bb784ba78b639870eed96b12 0.151s
2025-05-14 13:21:38.710 69719 INFO tempest.lib.common.dynamic_creds [-] Deleting project and security group for project: 5fdb2dd6a14245a493d2ffd06c0ead6f
2025-05-14 13:21:38.747 69667 INFO tempest.lib.common.rest_client [req-099fcf6b-e9b5-42da-b8a1-472d3992e0e4 req-099fcf6b-e9b5-42da-b8a1-472d3992e0e4 ] Request (ListImageFiltersTestJSON:setUpClass): 200 GET http://10.180.1.21/compute/v2.1/servers/2fa11155-93c9-497c-a25f-d24ffcedeb9e 0.331s
2025-05-14 13:21:38.767 69719 INFO tempest.lib.common.rest_client [req-ba110157-69c2-4d88-a100-5f3a1e05e73b req-ba110157-69c2-4d88-a100-5f3a1e05e73b ] Request (FloatingIPsTestJSON:tearDownClass): 200 GET http://10.180.1.21:9696/networking/v2.0/security-groups?tenant_id=5fdb2dd6a14245a493d2ffd06c0ead6f&name=default 0.056s
2025-05-14 13:21:38.934 69691 INFO tempest.lib.common.rest_client [req-fa07878e-ecbb-4d63-8158-bdf98feae263 req-fa07878e-ecbb-4d63-8158-bdf98feae263 ] Request (ServersTestMultiNic:test_verify_multiple_nics_order): 202 POST http://10.180.1.21/compute/v2.1/servers 0.712s
2025-05-14 13:21:38.957 69699 INFO tempest.lib.common.rest_client [req-97ac0bf3-e3b8-4103-af30-174e1e204d00 req-97ac0bf3-e3b8-4103-af30-174e1e204d00 ] Request (SecurityGroupsTestJSON:test_list_security_groups_by_server): 200 GET http://10.180.1.21/compute/v2.1/servers/e0dc12e1-af91-4057-9fc1-219bbdc31fdd 0.536s
2025-05-14 13:21:38.996 69719 INFO tempest.lib.common.rest_client [req-efffc49c-5f51-4441-a73f-9ceaadb44061 req-efffc49c-5f51-4441-a73f-9ceaadb44061 ] Request (FloatingIPsTestJSON:tearDownClass): 204 DELETE http://10.180.1.21:9696/networking/v2.0/security-groups/7c8afd88-8195-4517-ae4b-d941b61575ea 0.229s
2025-05-14 13:21:39.031 69709 INFO tempest.lib.common.rest_client [req-d8a546ff-2f98-4133-a0bf-e3c23e87d13f req-d8a546ff-2f98-4133-a0bf-e3c23e87d13f ] Request (AttachVolumeTestJSON:test_attach_detach_volume): 200 GET http://10.180.1.21/compute/v2.1/servers/0cebab59-253b-4037-99a0-26667add9e9d 0.460s
2025-05-14 13:21:39.057 69727 INFO tempest.lib.common.rest_client [req-ab58e5a0-5fbc-413c-bbfa-0f3c45538cbf req-ab58e5a0-5fbc-413c-bbfa-0f3c45538cbf ] Request (ImagesTestJSON:test_create_image_from_suspended_server): 202 POST http://10.180.1.21/compute/v2.1/servers/c57a42b2-ae92-4dd2-91ee-69065a5eab0c/action 0.481s
2025-05-14 13:21:39.128 69693 INFO tempest.lib.common.rest_client [req-20b3c5f9-c026-4949-954e-8234d8c14f35 req-20b3c5f9-c026-4949-954e-8234d8c14f35 ] Request (ServersTestJSON:tearDownClass): 200 GET http://10.180.1.21/compute/v2.1/servers/c32bd89f-aae2-4f58-9b84-18b5f0d8801c 0.482s
2025-05-14 13:21:39.131 69729 INFO tempest.lib.common.rest_client [req-aed32718-b264-455c-9e40-961f159445b9 req-aed32718-b264-455c-9e40-961f159445b9 ] Request (ServersAdminTestJSON:test_inject_network_info): 200 GET http://10.180.1.21/compute/v2.1/servers/69a20aa3-1f89-4e23-9c22-0220c8197535 0.413s
2025-05-14 13:21:39.159 69719 INFO tempest.lib.common.rest_client [req-41f070c4-31f2-40a2-b005-9076d4551ff5 req-41f070c4-31f2-40a2-b005-9076d4551ff5 ] Request (FloatingIPsTestJSON:tearDownClass): 204 DELETE http://10.180.1.21/identity/v3/projects/5fdb2dd6a14245a493d2ffd06c0ead6f 0.162s
2025-05-14 13:21:39.160 69719 INFO tempest.test [-] raised in ComputeNetworksTest.setUpClass. Invoking tearDownClass.
2025-05-14 13:21:39.220 69679 INFO tempest.lib.common.rest_client [req-4e1fc038-c770-4f23-a36d-250b9da33bd8 req-4e1fc038-c770-4f23-a36d-250b9da33bd8 ] Request (TenantUsagesTestJSON:tearDownClass): 200 GET http://10.180.1.21/compute/v2.1/servers/0ad8034d-05fb-41aa-8dcf-4554b8cc461a 0.396s
2025-05-14 13:21:39.291 69683 WARNING tempest.lib.common.ssh [-] Failed to establish authenticated ssh connection to cirros@10.180.180.171 ([Errno None] Unable to connect to port 22 on 10.180.180.171). Number attempts: 3. Retry after 4 seconds.: paramiko.ssh_exception.NoValidConnectionsError: [Errno None] Unable to connect to port 22 on 10.180.180.171
2025-05-14 13:21:39.292 69691 INFO tempest.lib.common.rest_client [req-5904b30f-e3f0-4c98-ac68-c03775e36ad3 req-5904b30f-e3f0-4c98-ac68-c03775e36ad3 ] Request (ServersTestMultiNic:test_verify_multiple_nics_order): 200 GET http://10.180.1.21/compute/v2.1/servers/db2c1e31-a6d3-486d-82e0-985c4286affd 0.356s
2025-05-14 13:21:39.347 69681 INFO tempest.lib.common.rest_client [req-137b7c6c-e26b-44d6-9fb0-a8dd22c05d33 req-137b7c6c-e26b-44d6-9fb0-a8dd22c05d33 ] Request (ServerTagsTestJSON:tearDownClass): 200 GET http://10.180.1.21/compute/v2.1/servers/0c362d02-acb5-493f-a146-e46ba4c3e26f 0.492s
2025-05-14 13:21:39.355 69697 WARNING tempest.lib.common.ssh [-] Failed to establish authenticated ssh connection to cirros@10.180.180.212 ([Errno None] Unable to connect to port 22 on 10.180.180.212). Number attempts: 8. Retry after 9 seconds.: paramiko.ssh_exception.NoValidConnectionsError: [Errno None] Unable to connect to port 22 on 10.180.180.212
2025-05-14 13:21:39.384 69725 INFO tempest.lib.common.rest_client [req-d80cf4c1-0fdc-4a76-94ab-67a7b615d009 req-d80cf4c1-0fdc-4a76-94ab-67a7b615d009 ] Request (AttachInterfacesUnderV243Test:_run_cleanups): 200 GET http://10.180.1.21/compute/v2.1/servers/de0d3b42-8371-4344-a262-63ecd4401849 0.439s
2025-05-14 13:21:39.422 69701 INFO tempest.lib.common.rest_client [req-90bf5780-d180-4b84-a348-2e0ebb872991 req-90bf5780-d180-4b84-a348-2e0ebb872991 ] Request (MultipleCreateTestJSON:_run_cleanups): 200 GET http://10.180.1.21/compute/v2.1/servers/d3fc062b-3ffc-4b21-b9a4-32745a44f1ca 0.464s
2025-05-14 13:21:39.445 69703 INFO tempest.lib.common.rest_client [req-363ab371-40e8-42e2-8552-db3d1abd5d57 req-363ab371-40e8-42e2-8552-db3d1abd5d57 ] Request (ServerActionsTestJSON:setUpClass): 200 GET http://10.180.1.21/compute/v2.1/servers/97a20fc1-ef2b-4927-b335-3fd748bf90e3 0.399s
2025-05-14 13:21:39.479 69723 INFO tempest.lib.common.rest_client [req-c4a4f746-5455-42cd-a318-a5a62af72fdd req-c4a4f746-5455-42cd-a318-a5a62af72fdd ] Request (ServerActionsTestOtherA:setUpClass): 200 GET http://10.180.1.21/compute/v2.1/servers/21f7d90d-396e-4b5d-850d-8a081b67f4a3 0.432s
2025-05-14 13:21:39.553 69721 INFO tempest.lib.common.rest_client [req-d9338907-86f4-4205-896c-8673ae2fd709 req-d9338907-86f4-4205-896c-8673ae2fd709 ] Request (ServerDiagnosticsV248Test:tearDownClass): 200 GET http://10.180.1.21/compute/v2.1/servers/c7124fd4-0db2-4fed-b568-57050643c022 0.378s
2025-05-14 13:21:39.565 69705 INFO tempest.lib.common.rest_client [req-fa946a1c-f753-4ce4-893d-31e443317d18 req-fa946a1c-f753-4ce4-893d-31e443317d18 ] Request (FloatingIPsAssociationNegativeTestJSON:tearDownClass): 200 PUT http://10.180.1.21:9696/networking/v2.0/routers/5fb53b57-e02a-4e80-aaa2-013dee54496a/remove_router_interface 1.262s
2025-05-14 13:21:39.567 69727 INFO tempest.lib.common.rest_client [req-5386a1fc-5f45-4ab1-b748-3988cfac2b95 req-5386a1fc-5f45-4ab1-b748-3988cfac2b95 ] Request (ImagesTestJSON:test_create_image_from_suspended_server): 200 GET http://10.180.1.21/compute/v2.1/servers/c57a42b2-ae92-4dd2-91ee-69065a5eab0c 0.509s
2025-05-14 13:21:39.624 69713 INFO tempest.lib.common.rest_client [req-9b34da3b-5411-4e67-9b4c-f45d4d783505 req-9b34da3b-5411-4e67-9b4c-f45d4d783505 ] Request (DeleteServersAdminTestJSON:test_delete_server_while_in_error_state): 200 GET http://10.180.1.21/compute/v2.1/servers/823fca95-83da-462b-922a-6137a1cd85a3 0.337s
2025-05-14 13:21:39.681 69671 INFO tempest.lib.common.rest_client [req-d3bc6927-09ad-479a-9b7f-1044a6192c61 req-d3bc6927-09ad-479a-9b7f-1044a6192c61 ] Request (ServerDiskConfigTestJSON:test_rebuild_server_with_auto_disk_config): 200 GET http://10.180.1.21/compute/v2.1/servers/fb1c0a77-257a-477d-8af7-63869267c317 0.254s
2025-05-14 13:21:39.750 69677 INFO tempest.lib.common.rest_client [req-d37134cd-2195-49ee-bd1e-ca5cb4fcd238 req-d37134cd-2195-49ee-bd1e-ca5cb4fcd238 ] Request (ImagesOneServerTestJSON:test_create_image_specify_multibyte_character_image_name): 200 GET http://10.180.1.21/compute/v2.1/images/597411d9-8ff2-4270-8844-483cf94fcb9e 0.136s
2025-05-14 13:21:39.833 69717 INFO tempest.lib.common.rest_client [req-4e8875ad-66b0-450f-8a5f-0ec5ab60c686 req-4e8875ad-66b0-450f-8a5f-0ec5ab60c686 ] Request (ServersTestManualDisk:setUpClass): 200 GET http://10.180.1.21/compute/v2.1/servers/0972b291-5b74-4ca7-923e-10815f8de11f 0.489s
2025-05-14 13:21:39.835 69695 INFO tempest.lib.common.rest_client [req-e3d471b5-dc07-42c7-9e72-b4eafefae0ad req-e3d471b5-dc07-42c7-9e72-b4eafefae0ad ] Request (MigrationsAdminTest:test_resize_server_revert_deleted_flavor): 200 GET http://10.180.1.21/compute/v2.1/servers/46c02c77-062d-4f45-ab62-e432ec0c3ba7 0.149s
2025-05-14 13:21:39.845 69695 INFO tempest.common.waiters [-] State transition "BUILD/scheduling" ==> "BUILD/None" after 4 second wait
2025-05-14 13:21:39.913 69667 INFO tempest.lib.common.rest_client [req-e3e14a24-228f-4efc-bc93-1ae16dc4c6bb req-e3e14a24-228f-4efc-bc93-1ae16dc4c6bb ] Request (ListImageFiltersTestJSON:setUpClass): 200 GET http://10.180.1.21/compute/v2.1/servers/2fa11155-93c9-497c-a25f-d24ffcedeb9e 0.154s
2025-05-14 13:21:40.121 69709 INFO tempest.lib.common.rest_client [req-3c04df91-2756-4e3a-a9ff-7af3cc38b459 req-3c04df91-2756-4e3a-a9ff-7af3cc38b459 ] Request (AttachVolumeTestJSON:test_attach_detach_volume): 200 GET http://10.180.1.21/compute/v2.1/servers/0cebab59-253b-4037-99a0-26667add9e9d 0.081s
2025-05-14 13:21:40.218 69705 INFO tempest.lib.common.rest_client [req-577cda8a-a0a6-4818-84d7-ceab374cf16a req-577cda8a-a0a6-4818-84d7-ceab374cf16a ] Request (FloatingIPsAssociationNegativeTestJSON:tearDownClass): 204 DELETE http://10.180.1.21:9696/networking/v2.0/routers/5fb53b57-e02a-4e80-aaa2-013dee54496a 0.653s
2025-05-14 13:21:40.227 69729 INFO tempest.lib.common.rest_client [req-816cb644-a718-408f-acca-e012ea4ae068 req-816cb644-a718-408f-acca-e012ea4ae068 ] Request (ServersAdminTestJSON:test_inject_network_info): 200 GET http://10.180.1.21/compute/v2.1/servers/69a20aa3-1f89-4e23-9c22-0220c8197535 0.087s
2025-05-14 13:21:40.248 69699 INFO tempest.lib.common.rest_client [req-3c1e9fa6-2514-4f17-bef0-e876cbaaddff req-3c1e9fa6-2514-4f17-bef0-e876cbaaddff ] Request (SecurityGroupsTestJSON:test_list_security_groups_by_server): 200 GET http://10.180.1.21/compute/v2.1/servers/e0dc12e1-af91-4057-9fc1-219bbdc31fdd 0.280s
2025-05-14 13:21:40.256 69699 INFO tempest.common.waiters [-] State transition "BUILD/spawning" ==> "ACTIVE/None" after 36 second wait
2025-05-14 13:21:40.273 69679 INFO tempest.lib.common.rest_client [req-e4569d4c-cd65-4c43-8239-e39c212d337c req-e4569d4c-cd65-4c43-8239-e39c212d337c ] Request (TenantUsagesTestJSON:tearDownClass): 404 GET http://10.180.1.21/compute/v2.1/servers/0ad8034d-05fb-41aa-8dcf-4554b8cc461a 0.042s
2025-05-14 13:21:40.311 69693 INFO tempest.lib.common.rest_client [req-658be625-9e73-4b12-8d45-c61725ca0823 req-658be625-9e73-4b12-8d45-c61725ca0823 ] Request (ServersTestJSON:tearDownClass): 200 GET http://10.180.1.21/compute/v2.1/servers/c32bd89f-aae2-4f58-9b84-18b5f0d8801c 0.168s
2025-05-14 13:21:40.402 69705 INFO tempest.lib.common.rest_client [req-9fda57f3-b90f-4c31-8c93-ebd95eb716d5 req-9fda57f3-b90f-4c31-8c93-ebd95eb716d5 ] Request (FloatingIPsAssociationNegativeTestJSON:tearDownClass): 204 DELETE http://10.180.1.21:9696/networking/v2.0/subnets/28948a54-422f-4f06-80ae-08bb7c59d82c 0.183s
2025-05-14 13:21:40.403 69691 INFO tempest.lib.common.rest_client [req-23e24c34-61ca-4c42-a5a5-a88366a7f6a0 req-23e24c34-61ca-4c42-a5a5-a88366a7f6a0 ] Request (ServersTestMultiNic:test_verify_multiple_nics_order): 200 GET http://10.180.1.21/compute/v2.1/servers/db2c1e31-a6d3-486d-82e0-985c4286affd 0.098s
2025-05-14 13:21:40.457 69679 INFO tempest.lib.common.rest_client [req-744f47a5-20da-467d-ae0e-d59103b65c9f req-744f47a5-20da-467d-ae0e-d59103b65c9f ] Request (TenantUsagesTestJSON:tearDownClass): 204 DELETE http://10.180.1.21/identity/v3/users/74a67fed787d48c5ae5a33360355df63 0.183s
2025-05-14 13:21:40.520 69681 INFO tempest.lib.common.rest_client [req-939b8939-0375-4f96-a4df-c3af9768d4d8 req-939b8939-0375-4f96-a4df-c3af9768d4d8 ] Request (ServerTagsTestJSON:tearDownClass): 200 GET http://10.180.1.21/compute/v2.1/servers/0c362d02-acb5-493f-a146-e46ba4c3e26f 0.159s
2025-05-14 13:21:40.540 69681 INFO tempest.common.waiters [-] State transition "ACTIVE/deleting" ==> "DELETED/None" after 4 second wait
2025-05-14 13:21:40.580 69679 INFO tempest.lib.common.rest_client [req-ee85cc6f-cd84-43c0-914e-c41f1c72d176 req-ee85cc6f-cd84-43c0-914e-c41f1c72d176 ] Request (TenantUsagesTestJSON:tearDownClass): 204 DELETE http://10.180.1.21/identity/v3/users/5a38397e5d1148d1816e5aaf38bc33b7 0.122s
2025-05-14 13:21:40.580 69679 INFO tempest.lib.common.dynamic_creds [-] Deleting project and security group for project: 308690348dc6494bae09f6286cbd55b7
2025-05-14 13:21:40.604 69725 INFO tempest.lib.common.rest_client [req-5215d5bf-0e07-4a80-b066-fcad30c138bc req-5215d5bf-0e07-4a80-b066-fcad30c138bc ] Request (AttachInterfacesUnderV243Test:_run_cleanups): 200 GET http://10.180.1.21/compute/v2.1/servers/de0d3b42-8371-4344-a262-63ecd4401849 0.209s
2025-05-14 13:21:40.650 69679 INFO tempest.lib.common.rest_client [req-f60f9b76-106b-4de8-826d-9d95738da379 req-f60f9b76-106b-4de8-826d-9d95738da379 ] Request (TenantUsagesTestJSON:tearDownClass): 201 POST http://10.180.1.21/identity/v3/auth/tokens 0.070s
2025-05-14 13:21:40.688 69701 INFO tempest.lib.common.rest_client [req-5b8e616f-9341-4d61-8cdc-065b3958f1d7 req-5b8e616f-9341-4d61-8cdc-065b3958f1d7 ] Request (MultipleCreateTestJSON:_run_cleanups): 200 GET http://10.180.1.21/compute/v2.1/servers/d3fc062b-3ffc-4b21-b9a4-32745a44f1ca 0.255s
2025-05-14 13:21:40.739 69679 INFO tempest.lib.common.rest_client [req-37ba8f46-4b6a-440f-8604-aaba4c8af419 req-37ba8f46-4b6a-440f-8604-aaba4c8af419 ] Request (TenantUsagesTestJSON:tearDownClass): 200 GET http://10.180.1.21:9696/networking/v2.0/security-groups?tenant_id=308690348dc6494bae09f6286cbd55b7&name=default 0.089s
2025-05-14 13:21:40.761 69703 INFO tempest.lib.common.rest_client [req-650e6b01-938f-44f0-a880-6e3a5ec3043d req-650e6b01-938f-44f0-a880-6e3a5ec3043d ] Request (ServerActionsTestJSON:setUpClass): 200 GET http://10.180.1.21/compute/v2.1/servers/97a20fc1-ef2b-4927-b335-3fd748bf90e3 0.306s
2025-05-14 13:21:40.764 69687 WARNING tempest.lib.common.ssh [-] Failed to establish authenticated ssh connection to cirros@10.180.180.219 ([Errno None] Unable to connect to port 22 on 10.180.180.219). Number attempts: 7. Retry after 8 seconds.: paramiko.ssh_exception.NoValidConnectionsError: [Errno None] Unable to connect to port 22 on 10.180.180.219
2025-05-14 13:21:40.844 69679 INFO tempest.lib.common.rest_client [req-bd5e1eab-dfb7-44e7-9486-933749b7b789 req-bd5e1eab-dfb7-44e7-9486-933749b7b789 ] Request (TenantUsagesTestJSON:tearDownClass): 204 DELETE http://10.180.1.21:9696/networking/v2.0/security-groups/a262f752-6979-47b1-b3be-fd7926447348 0.105s
2025-05-14 13:21:40.845 69723 INFO tempest.lib.common.rest_client [req-e6b52f15-3572-4621-8a49-7af7534890e1 req-e6b52f15-3572-4621-8a49-7af7534890e1 ] Request (ServerActionsTestOtherA:setUpClass): 200 GET http://10.180.1.21/compute/v2.1/servers/21f7d90d-396e-4b5d-850d-8a081b67f4a3 0.354s
2025-05-14 13:21:40.926 69705 INFO tempest.lib.common.rest_client [req-5a3447d4-2824-4cdc-89a9-99be7d44d148 req-5a3447d4-2824-4cdc-89a9-99be7d44d148 ] Request (FloatingIPsAssociationNegativeTestJSON:tearDownClass): 204 DELETE http://10.180.1.21:9696/networking/v2.0/networks/acbd0523-45b0-4f9d-aa33-5b9092c55db1 0.524s
2025-05-14 13:21:40.935 69679 INFO tempest.lib.common.rest_client [req-b528a4ca-e51f-428c-b384-068561df2ab3 req-b528a4ca-e51f-428c-b384-068561df2ab3 ] Request (TenantUsagesTestJSON:tearDownClass): 204 DELETE http://10.180.1.21/identity/v3/projects/308690348dc6494bae09f6286cbd55b7 0.090s
2025-05-14 13:21:40.936 69679 INFO tempest.lib.common.dynamic_creds [-] Deleting project and security group for project: a12b94ac5a2643db9c5bef6a444e5ed8
2025-05-14 13:21:40.950 69721 INFO tempest.lib.common.rest_client [req-ce37ee18-f880-4b8f-9c7e-844cbe5e98c9 req-ce37ee18-f880-4b8f-9c7e-844cbe5e98c9 ] Request (ServerDiagnosticsV248Test:tearDownClass): 200 GET http://10.180.1.21/compute/v2.1/servers/c7124fd4-0db2-4fed-b568-57050643c022 0.379s
2025-05-14 13:21:40.955 69699 INFO tempest.lib.common.rest_client [req-3d0b2dc7-1e85-4262-87bb-1ef575f9567d req-3d0b2dc7-1e85-4262-87bb-1ef575f9567d ] Request (SecurityGroupsTestJSON:test_list_security_groups_by_server): 202 POST http://10.180.1.21/compute/v2.1/servers/e0dc12e1-af91-4057-9fc1-219bbdc31fdd/action 0.698s
2025-05-14 13:21:41.032 69713 INFO tempest.lib.common.rest_client [req-e5e598db-7416-4ef1-b652-1a15c4a3528e req-e5e598db-7416-4ef1-b652-1a15c4a3528e ] Request (DeleteServersAdminTestJSON:test_delete_server_while_in_error_state): 200 GET http://10.180.1.21/compute/v2.1/servers/823fca95-83da-462b-922a-6137a1cd85a3 0.397s
2025-05-14 13:21:41.040 69673 WARNING tempest.lib.common.ssh [-] Failed to establish authenticated ssh connection to cirros@10.180.180.252 ([Errno None] Unable to connect to port 22 on 10.180.180.252). Number attempts: 4. Retry after 5 seconds.: paramiko.ssh_exception.NoValidConnectionsError: [Errno None] Unable to connect to port 22 on 10.180.180.252
2025-05-14 13:21:41.040 69713 INFO tempest.common.waiters [-] State transition "ERROR/deleting" ==> "DELETED/None" after 4 second wait
2025-05-14 13:21:41.048 69705 INFO tempest.lib.common.rest_client [req-377f253f-d9bd-4e9d-8043-37d96ca864a5 req-377f253f-d9bd-4e9d-8043-37d96ca864a5 ] Request (FloatingIPsAssociationNegativeTestJSON:tearDownClass): 204 DELETE http://10.180.1.21/identity/v3/users/da48d022afb24fbb94dd385661797568 0.122s
2025-05-14 13:21:41.049 69705 INFO tempest.lib.common.dynamic_creds [-] Deleting project and security group for project: e3eccbf1bc6a499b8c0939aaeee33d4d
2025-05-14 13:21:41.087 69679 INFO tempest.lib.common.rest_client [req-8d3b2280-6c17-423b-9b04-a624c97cccab req-8d3b2280-6c17-423b-9b04-a624c97cccab ] Request (TenantUsagesTestJSON:tearDownClass): 200 GET http://10.180.1.21:9696/networking/v2.0/security-groups?tenant_id=a12b94ac5a2643db9c5bef6a444e5ed8&name=default 0.151s
2025-05-14 13:21:41.092 69671 INFO tempest.lib.common.rest_client [req-dbed5c9f-0c1b-40b9-9b48-ebda2be76edb req-dbed5c9f-0c1b-40b9-9b48-ebda2be76edb ] Request (ServerDiskConfigTestJSON:test_rebuild_server_with_auto_disk_config): 200 GET http://10.180.1.21/compute/v2.1/servers/fb1c0a77-257a-477d-8af7-63869267c317 0.397s
2025-05-14 13:21:41.094 69705 INFO tempest.lib.common.rest_client [req-954c3de2-5859-40e7-a606-1d5637d305b6 req-954c3de2-5859-40e7-a606-1d5637d305b6 ] Request (FloatingIPsAssociationNegativeTestJSON:tearDownClass): 200 GET http://10.180.1.21:9696/networking/v2.0/security-groups?tenant_id=e3eccbf1bc6a499b8c0939aaeee33d4d&name=default 0.045s
2025-05-14 13:21:41.099 69727 INFO tempest.lib.common.rest_client [req-1da981e3-9789-4eab-a766-07e237931739 req-1da981e3-9789-4eab-a766-07e237931739 ] Request (ImagesTestJSON:test_create_image_from_suspended_server): 200 GET http://10.180.1.21/compute/v2.1/servers/c57a42b2-ae92-4dd2-91ee-69065a5eab0c 0.518s
2025-05-14 13:21:41.107 69727 INFO tempest.common.waiters [-] State transition "ACTIVE/suspending" ==> "SUSPENDED/None" after 2 second wait
2025-05-14 13:21:41.147 69677 INFO tempest.lib.common.rest_client [req-e436cea0-cc71-49d4-9e21-7c103b8a8e78 req-e436cea0-cc71-49d4-9e21-7c103b8a8e78 ] Request (ImagesOneServerTestJSON:test_create_image_specify_multibyte_character_image_name): 200 GET http://10.180.1.21/compute/v2.1/images/597411d9-8ff2-4270-8844-483cf94fcb9e 0.390s
2025-05-14 13:21:41.186 69679 INFO tempest.lib.common.rest_client [req-f79eda60-a8ce-4cf2-95ce-a278334f5102 req-f79eda60-a8ce-4cf2-95ce-a278334f5102 ] Request (TenantUsagesTestJSON:tearDownClass): 204 DELETE http://10.180.1.21:9696/networking/v2.0/security-groups/52d5c592-bb3d-472a-91f0-f3ad74d2788d 0.098s
2025-05-14 13:21:41.225 69695 INFO tempest.lib.common.rest_client [req-47ca4b6a-fbfa-4ded-973f-0a2d59a7ff13 req-47ca4b6a-fbfa-4ded-973f-0a2d59a7ff13 ] Request (MigrationsAdminTest:test_resize_server_revert_deleted_flavor): 200 GET http://10.180.1.21/compute/v2.1/servers/46c02c77-062d-4f45-ab62-e432ec0c3ba7 0.379s
2025-05-14 13:21:41.241 69705 INFO tempest.lib.common.rest_client [req-deeb05d4-4112-4319-a8c1-3ea301949067 req-deeb05d4-4112-4319-a8c1-3ea301949067 ] Request (FloatingIPsAssociationNegativeTestJSON:tearDownClass): 204 DELETE http://10.180.1.21:9696/networking/v2.0/security-groups/c490ab0a-5a62-4845-ab43-b72f0c00e5c1 0.145s
2025-05-14 13:21:41.255 69717 INFO tempest.lib.common.rest_client [req-1c40bfde-692d-44c4-a656-ac9ab822cb7c req-1c40bfde-692d-44c4-a656-ac9ab822cb7c ] Request (ServersTestManualDisk:setUpClass): 200 GET http://10.180.1.21/compute/v2.1/servers/0972b291-5b74-4ca7-923e-10815f8de11f 0.410s
2025-05-14 13:21:41.291 69667 INFO tempest.lib.common.rest_client [req-05204105-31ad-44f3-9458-57a50f572f77 req-05204105-31ad-44f3-9458-57a50f572f77 ] Request (ListImageFiltersTestJSON:setUpClass): 200 GET http://10.180.1.21/compute/v2.1/servers/2fa11155-93c9-497c-a25f-d24ffcedeb9e 0.367s
2025-05-14 13:21:41.304 69679 INFO tempest.lib.common.rest_client [req-1a01d983-5248-4e39-91f7-73386479582b req-1a01d983-5248-4e39-91f7-73386479582b ] Request (TenantUsagesTestJSON:tearDownClass): 204 DELETE http://10.180.1.21/identity/v3/projects/a12b94ac5a2643db9c5bef6a444e5ed8 0.117s
2025-05-14 13:21:41.315 69705 INFO tempest.lib.common.rest_client [req-94c0ee5b-0cbf-4f12-9c41-c4f327d0edd7 req-94c0ee5b-0cbf-4f12-9c41-c4f327d0edd7 ] Request (FloatingIPsAssociationNegativeTestJSON:tearDownClass): 204 DELETE http://10.180.1.21/identity/v3/projects/e3eccbf1bc6a499b8c0939aaeee33d4d 0.074s
2025-05-14 13:21:41.379 69705 INFO tempest.lib.common.rest_client [req-cd8ad946-1685-4e65-816d-e4de72631248 req-cd8ad946-1685-4e65-816d-e4de72631248 ] Request (ServersAaction247Test:setUpClass): 201 POST http://10.180.1.21/identity/v3/auth/tokens 0.061s
2025-05-14 13:21:41.383 69679 INFO tempest.lib.common.rest_client [req-ffcc9ada-e91c-4610-921a-2e78f0454a43 req-ffcc9ada-e91c-4610-921a-2e78f0454a43 ] Request (ServersTestFqdnHostnames:setUpClass): 201 POST http://10.180.1.21/identity/v3/auth/tokens 0.076s
2025-05-14 13:21:41.411 69705 INFO tempest.lib.common.rest_client [req-606feb3d-f72c-4b67-8ae8-e4d951ec1c75 req-606feb3d-f72c-4b67-8ae8-e4d951ec1c75 ] Request (ServersAaction247Test:setUpClass): 201 POST http://10.180.1.21/identity/v3/auth/tokens 0.028s
2025-05-14 13:21:41.434 69679 INFO tempest.lib.common.rest_client [req-a5a90129-3998-4e17-9fbd-3c44df8879bd req-a5a90129-3998-4e17-9fbd-3c44df8879bd ] Request (ServersTestFqdnHostnames:setUpClass): 201 POST http://10.180.1.21/identity/v3/auth/tokens 0.048s
2025-05-14 13:21:41.456 69705 INFO tempest.lib.common.rest_client [req-c7c1934b-50bf-4580-a14b-47de469cee1f req-c7c1934b-50bf-4580-a14b-47de469cee1f ] Request (ServersAaction247Test:setUpClass): 200 GET http://10.180.1.21/identity/v3/domains?name=Default 0.045s
2025-05-14 13:21:41.487 69679 INFO tempest.lib.common.rest_client [req-c2f9078d-d3ab-4c71-8bc5-9deaf84f5de9 req-c2f9078d-d3ab-4c71-8bc5-9deaf84f5de9 ] Request (ServersTestFqdnHostnames:setUpClass): 200 GET http://10.180.1.21/identity/v3/domains?name=Default 0.053s
2025-05-14 13:21:41.496 69705 INFO tempest.lib.common.rest_client [req-3279eb15-5739-46f7-8c82-38b20631b79f req-3279eb15-5739-46f7-8c82-38b20631b79f ] Request (ServersAaction247Test:setUpClass): 201 POST http://10.180.1.21/identity/v3/projects 0.039s
2025-05-14 13:21:41.553 69679 INFO tempest.lib.common.rest_client [req-212ea493-8cc8-4e1c-a9f8-bea9cd9b0acf req-212ea493-8cc8-4e1c-a9f8-bea9cd9b0acf ] Request (ServersTestFqdnHostnames:setUpClass): 201 POST http://10.180.1.21/identity/v3/projects 0.065s
2025-05-14 13:21:41.616 69705 INFO tempest.lib.common.rest_client [req-95323791-08f7-4094-982b-fdd8fff17b4d req-95323791-08f7-4094-982b-fdd8fff17b4d ] Request (ServersAaction247Test:setUpClass): 201 POST http://10.180.1.21/identity/v3/users 0.119s
2025-05-14 13:21:41.631 69699 INFO tempest.lib.common.rest_client [req-ac1242af-36d9-4f79-addd-49d5e962ed8a req-ac1242af-36d9-4f79-addd-49d5e962ed8a ] Request (SecurityGroupsTestJSON:test_list_security_groups_by_server): 202 POST http://10.180.1.21/compute/v2.1/servers/e0dc12e1-af91-4057-9fc1-219bbdc31fdd/action 0.674s
2025-05-14 13:21:41.653 69679 INFO tempest.lib.common.rest_client [req-61f205c8-1531-4870-8086-631895fe0b79 req-61f205c8-1531-4870-8086-631895fe0b79 ] Request (ServersTestFqdnHostnames:setUpClass): 201 POST http://10.180.1.21/identity/v3/users 0.099s
2025-05-14 13:21:41.678 69705 INFO tempest.lib.common.rest_client [req-4c0a5aeb-555c-4853-ba69-71a91bd5c956 req-4c0a5aeb-555c-4853-ba69-71a91bd5c956 ] Request (ServersAaction247Test:setUpClass): 200 GET http://10.180.1.21/identity/v3/roles 0.062s
2025-05-14 13:21:41.689 69709 INFO tempest.lib.common.rest_client [req-7f4f2e6b-9b49-4404-a398-39812a8e2096 req-7f4f2e6b-9b49-4404-a398-39812a8e2096 ] Request (AttachVolumeTestJSON:test_attach_detach_volume): 200 GET http://10.180.1.21/compute/v2.1/servers/0cebab59-253b-4037-99a0-26667add9e9d 0.559s
2025-05-14 13:21:41.703 69679 INFO tempest.lib.common.rest_client [req-1388f1cd-87e9-4bc7-9fcc-20b6ddb92908 req-1388f1cd-87e9-4bc7-9fcc-20b6ddb92908 ] Request (ServersTestFqdnHostnames:setUpClass): 200 GET http://10.180.1.21/identity/v3/roles 0.049s
2025-05-14 13:21:41.721 69705 INFO tempest.lib.common.rest_client [req-3c2b7755-5573-40bf-9df0-93ff921945bc req-3c2b7755-5573-40bf-9df0-93ff921945bc ] Request (ServersAaction247Test:setUpClass): 204 PUT http://10.180.1.21/identity/v3/projects/240a5a25193a455d8f0362522167a051/users/1417510b0def46b0a504b0678bd0f676/roles/2663188572304aa28c56e69be1a2bf6c 0.042s
2025-05-14 13:21:41.721 69705 INFO tempest.lib.common.dynamic_creds [-] Dynamic test user 1417510b0def46b0a504b0678bd0f676 is created with scope project and roles: ['member']
2025-05-14 13:21:41.722 69705 INFO tempest.lib.common.dynamic_creds [-] Acquired dynamic creds: credentials: Credentials: {'domain_id': 'default', 'domain_name': 'Default', 'username': 'tempest-ServersAaction247Test-584283842-project-member', 'project_domain_id': 'default', 'project_domain_name': 'Default', 'project_id': '240a5a25193a455d8f0362522167a051', 'project_name': 'tempest-ServersAaction247Test-584283842', 'tenant_id': '240a5a25193a455d8f0362522167a051', 'tenant_name': 'tempest-ServersAaction247Test-584283842', 'user_domain_id': 'default', 'user_domain_name': 'Default', 'user_id': '1417510b0def46b0a504b0678bd0f676', 'system': None}, Network: None, Subnet: None, Router: None
2025-05-14 13:21:41.722 69705 INFO tempest.lib.common.dynamic_creds [-] Created isolated network resources for: credentials: Credentials: {'domain_id': 'default', 'domain_name': 'Default', 'username': 'tempest-ServersAaction247Test-584283842-project-member', 'project_domain_id': 'default', 'project_domain_name': 'Default', 'project_id': '240a5a25193a455d8f0362522167a051', 'project_name': 'tempest-ServersAaction247Test-584283842', 'tenant_id': '240a5a25193a455d8f0362522167a051', 'tenant_name': 'tempest-ServersAaction247Test-584283842', 'user_domain_id': 'default', 'user_domain_name': 'Default', 'user_id': '1417510b0def46b0a504b0678bd0f676', 'system': None}, Network: None, Subnet: None, Router: None
2025-05-14 13:21:41.742 69679 INFO tempest.lib.common.rest_client [req-a75a5d6d-2572-4b36-ba08-3caca0df1f63 req-a75a5d6d-2572-4b36-ba08-3caca0df1f63 ] Request (ServersTestFqdnHostnames:setUpClass): 204 PUT http://10.180.1.21/identity/v3/projects/58617492a99e4c868685447759cbdad5/users/f4da49caab47483cb3f481028ef6c9e1/roles/2663188572304aa28c56e69be1a2bf6c 0.038s
2025-05-14 13:21:41.742 69679 INFO tempest.lib.common.dynamic_creds [-] Dynamic test user f4da49caab47483cb3f481028ef6c9e1 is created with scope project and roles: ['member']
2025-05-14 13:21:41.742 69679 INFO tempest.lib.common.dynamic_creds [-] Acquired dynamic creds: credentials: Credentials: {'domain_id': 'default', 'domain_name': 'Default', 'username': 'tempest-ServersTestFqdnHostnames-412725694-project-member', 'project_domain_id': 'default', 'project_domain_name': 'Default', 'project_id': '58617492a99e4c868685447759cbdad5', 'project_name': 'tempest-ServersTestFqdnHostnames-412725694', 'tenant_id': '58617492a99e4c868685447759cbdad5', 'tenant_name': 'tempest-ServersTestFqdnHostnames-412725694', 'user_domain_id': 'default', 'user_domain_name': 'Default', 'user_id': 'f4da49caab47483cb3f481028ef6c9e1', 'system': None}, Network: None, Subnet: None, Router: None
2025-05-14 13:21:41.745 69729 INFO tempest.lib.common.rest_client [req-5bc01404-9e57-4009-847b-e01e9df41aa1 req-5bc01404-9e57-4009-847b-e01e9df41aa1 ] Request (ServersAdminTestJSON:test_inject_network_info): 200 GET http://10.180.1.21/compute/v2.1/servers/69a20aa3-1f89-4e23-9c22-0220c8197535 0.509s
2025-05-14 13:21:41.788 69727 INFO tempest.lib.common.rest_client [req-21422b6f-6ec8-4ae0-afd5-6fbbb7ad9a0e req-21422b6f-6ec8-4ae0-afd5-6fbbb7ad9a0e ] Request (ImagesTestJSON:test_create_image_from_suspended_server): 202 POST http://10.180.1.21/compute/v2.1/servers/c57a42b2-ae92-4dd2-91ee-69065a5eab0c/action 0.680s
2025-05-14 13:21:41.828 69705 INFO tempest.lib.common.rest_client [req-24f4fc53-2160-4190-be40-775fcd610065 req-24f4fc53-2160-4190-be40-775fcd610065 ] Request (ServersAaction247Test:setUpClass): 201 POST http://10.180.1.21/identity/v3/auth/tokens 0.102s
2025-05-14 13:21:41.828 69679 INFO tempest.lib.common.rest_client [req-d92afd3a-437e-49b9-8071-5536a6ec7f71 req-d92afd3a-437e-49b9-8071-5536a6ec7f71 ] Request (ServersTestFqdnHostnames:setUpClass): 201 POST http://10.180.1.21/identity/v3/auth/tokens 0.086s
2025-05-14 13:21:41.852 69693 INFO tempest.lib.common.rest_client [req-91c91c2e-57c9-463f-bd5e-5f03cc39684e req-91c91c2e-57c9-463f-bd5e-5f03cc39684e ] Request (ServersTestJSON:tearDownClass): 200 GET http://10.180.1.21/compute/v2.1/servers/c32bd89f-aae2-4f58-9b84-18b5f0d8801c 0.531s
2025-05-14 13:21:41.861 69691 INFO tempest.lib.common.rest_client [req-89e2d4d7-2de5-4fa0-9731-258766dacaaf req-89e2d4d7-2de5-4fa0-9731-258766dacaaf ] Request (ServersTestMultiNic:test_verify_multiple_nics_order): 200 GET http://10.180.1.21/compute/v2.1/servers/db2c1e31-a6d3-486d-82e0-985c4286affd 0.442s
2025-05-14 13:21:41.870 69691 INFO tempest.common.waiters [-] State transition "BUILD/scheduling" ==> "BUILD/None" after 2 second wait
2025-05-14 13:21:41.871 69705 INFO tempest.lib.common.rest_client [req-3f08593e-db66-479e-a3f8-9ba060311938 req-3f08593e-db66-479e-a3f8-9ba060311938 ] Request (ServersAaction247Test:test_create_backup): 201 POST http://10.180.1.21/identity/v3/auth/tokens 0.035s
2025-05-14 13:21:41.871 69705 INFO tempest.lib.common.fixed_network [-] (ServersAaction247Test:test_create_backup) Found network None available for tenant
2025-05-14 13:21:41.936 69681 INFO tempest.lib.common.rest_client [req-5d32a404-5321-4af0-ba26-05f53571e024 req-5d32a404-5321-4af0-ba26-05f53571e024 ] Request (ServerTagsTestJSON:tearDownClass): 200 GET http://10.180.1.21/compute/v2.1/servers/0c362d02-acb5-493f-a146-e46ba4c3e26f 0.395s
2025-05-14 13:21:41.944 69725 INFO tempest.lib.common.rest_client [req-9c158e67-e296-44df-b262-132dfa134f7c req-9c158e67-e296-44df-b262-132dfa134f7c ] Request (AttachInterfacesUnderV243Test:_run_cleanups): 200 GET http://10.180.1.21/compute/v2.1/servers/de0d3b42-8371-4344-a262-63ecd4401849 0.332s
2025-05-14 13:21:42.029 69701 INFO tempest.lib.common.rest_client [req-a6652997-a700-4212-8f63-309eda0cdcb6 req-a6652997-a700-4212-8f63-309eda0cdcb6 ] Request (MultipleCreateTestJSON:_run_cleanups): 200 GET http://10.180.1.21/compute/v2.1/servers/d3fc062b-3ffc-4b21-b9a4-32745a44f1ca 0.334s
2025-05-14 13:21:42.077 69699 INFO tempest.lib.common.rest_client [req-b65e089b-0325-44c0-843d-76e2a35a4636 req-b65e089b-0325-44c0-843d-76e2a35a4636 ] Request (SecurityGroupsTestJSON:test_list_security_groups_by_server): 200 GET http://10.180.1.21/compute/v2.1/servers/e0dc12e1-af91-4057-9fc1-219bbdc31fdd/os-security-groups 0.446s
2025-05-14 13:21:42.117 69703 INFO tempest.lib.common.rest_client [req-86e7db1e-2874-4ffd-aed3-de2d5b0f21f8 req-86e7db1e-2874-4ffd-aed3-de2d5b0f21f8 ] Request (ServerActionsTestJSON:setUpClass): 200 GET http://10.180.1.21/compute/v2.1/servers/97a20fc1-ef2b-4927-b335-3fd748bf90e3 0.342s
2025-05-14 13:21:42.124 69727 INFO tempest.lib.common.rest_client [req-c5ed8586-c171-4ecc-9f22-c03d1cead8b2 req-c5ed8586-c171-4ecc-9f22-c03d1cead8b2 ] Request (ImagesTestJSON:test_create_image_from_suspended_server): 200 GET http://10.180.1.21/compute/v2.1/images/fdd6e306-e630-4750-93b5-d8a616699af0 0.334s
2025-05-14 13:21:42.152 69679 INFO tempest.lib.common.rest_client [req-7fc4024c-d882-4a73-80a8-092f672bdcdf req-7fc4024c-d882-4a73-80a8-092f672bdcdf ] Request (ServersTestFqdnHostnames:setUpClass): 201 POST http://10.180.1.21:9696/networking/v2.0/networks 0.323s
2025-05-14 13:21:42.172 69723 INFO tempest.lib.common.rest_client [req-fef16fb2-2d5e-4b80-8c12-6583746616d9 req-fef16fb2-2d5e-4b80-8c12-6583746616d9 ] Request (ServerActionsTestOtherA:setUpClass): 200 GET http://10.180.1.21/compute/v2.1/servers/21f7d90d-396e-4b5d-850d-8a081b67f4a3 0.311s
2025-05-14 13:21:42.236 69721 INFO tempest.lib.common.rest_client [req-1d7a646c-9790-4dbc-b43c-b14d93d9d795 req-1d7a646c-9790-4dbc-b43c-b14d93d9d795 ] Request (ServerDiagnosticsV248Test:tearDownClass): 200 GET http://10.180.1.21/compute/v2.1/servers/c7124fd4-0db2-4fed-b568-57050643c022 0.273s
2025-05-14 13:21:42.312 69713 INFO tempest.lib.common.rest_client [req-1babb266-aabd-40ed-9368-532b7a935236 req-1babb266-aabd-40ed-9368-532b7a935236 ] Request (DeleteServersAdminTestJSON:test_delete_server_while_in_error_state): 200 GET http://10.180.1.21/compute/v2.1/servers/823fca95-83da-462b-922a-6137a1cd85a3 0.271s
2025-05-14 13:21:42.388 69679 INFO tempest.lib.common.rest_client [req-4ed3c79e-b2bc-4282-a91e-0f9f0e6350f4 req-4ed3c79e-b2bc-4282-a91e-0f9f0e6350f4 ] Request (ServersTestFqdnHostnames:setUpClass): 201 POST http://10.180.1.21:9696/networking/v2.0/subnets 0.235s
2025-05-14 13:21:42.398 69705 INFO tempest.lib.common.rest_client [req-b929b0d8-a9ae-4c13-a2ba-4fc536b61c09 req-b929b0d8-a9ae-4c13-a2ba-4fc536b61c09 ] Request (ServersAaction247Test:test_create_backup): 202 POST http://10.180.1.21/compute/v2.1/servers 0.526s
2025-05-14 13:21:42.743 69671 INFO tempest.lib.common.rest_client [req-3f9f9904-92e5-4da0-834d-826623d4b5dd req-3f9f9904-92e5-4da0-834d-826623d4b5dd ] Request (ServerDiskConfigTestJSON:test_rebuild_server_with_auto_disk_config): 200 GET http://10.180.1.21/compute/v2.1/servers/fb1c0a77-257a-477d-8af7-63869267c317 0.633s
2025-05-14 13:21:42.790 69677 INFO tempest.lib.common.rest_client [req-4953e692-47af-4d10-86e6-7a863c4e0341 req-4953e692-47af-4d10-86e6-7a863c4e0341 ] Request (ImagesOneServerTestJSON:test_create_image_specify_multibyte_character_image_name): 200 GET http://10.180.1.21/compute/v2.1/images/597411d9-8ff2-4270-8844-483cf94fcb9e 0.638s
2025-05-14 13:21:42.808 69699 INFO tempest.lib.common.rest_client [req-630f98b2-4943-4de2-96dd-048a3214e6a6 req-630f98b2-4943-4de2-96dd-048a3214e6a6 ] Request (SecurityGroupsTestJSON:test_security_group_create_get_delete): 200 POST http://10.180.1.21/compute/v2.1/os-security-groups 0.725s
2025-05-14 13:21:42.878 69695 INFO tempest.lib.common.rest_client [req-3636cfa2-f153-4340-ac6f-9714c1487ad5 req-3636cfa2-f153-4340-ac6f-9714c1487ad5 ] Request (MigrationsAdminTest:test_resize_server_revert_deleted_flavor): 200 GET http://10.180.1.21/compute/v2.1/servers/46c02c77-062d-4f45-ab62-e432ec0c3ba7 0.645s
2025-05-14 13:21:42.945 69667 INFO tempest.lib.common.rest_client [req-66befb22-ba01-4501-8584-375023db33fc req-66befb22-ba01-4501-8584-375023db33fc ] Request (ListImageFiltersTestJSON:setUpClass): 200 GET http://10.180.1.21/compute/v2.1/servers/2fa11155-93c9-497c-a25f-d24ffcedeb9e 0.642s
2025-05-14 13:21:43.036 69705 INFO tempest.lib.common.rest_client [req-cb583b03-8e8f-4b50-8a9c-78ae2239fbb8 req-cb583b03-8e8f-4b50-8a9c-78ae2239fbb8 ] Request (ServersAaction247Test:test_create_backup): 200 GET http://10.180.1.21/compute/v2.1/servers/243fd51e-b95b-4611-aa0c-336e9a203867 0.635s
2025-05-14 13:21:43.112 69717 INFO tempest.lib.common.rest_client [req-3b030c69-554d-4f04-a667-5af09e45bdb7 req-3b030c69-554d-4f04-a667-5af09e45bdb7 ] Request (ServersTestManualDisk:setUpClass): 200 GET http://10.180.1.21/compute/v2.1/servers/0972b291-5b74-4ca7-923e-10815f8de11f 0.848s
2025-05-14 13:21:43.122 69709 INFO tempest.lib.common.rest_client [req-75164c1c-5c1e-41e0-a747-23435717f498 req-75164c1c-5c1e-41e0-a747-23435717f498 ] Request (AttachVolumeTestJSON:test_attach_detach_volume): 200 GET http://10.180.1.21/compute/v2.1/servers/0cebab59-253b-4037-99a0-26667add9e9d 0.421s
2025-05-14 13:21:43.216 69729 INFO tempest.lib.common.rest_client [req-bbaf1524-b9f4-4ecb-82b7-054cc7663594 req-bbaf1524-b9f4-4ecb-82b7-054cc7663594 ] Request (ServersAdminTestJSON:test_inject_network_info): 200 GET http://10.180.1.21/compute/v2.1/servers/69a20aa3-1f89-4e23-9c22-0220c8197535 0.463s
2025-05-14 13:21:43.222 69699 INFO tempest.lib.common.rest_client [req-3d0b742e-c334-4419-ba9e-31db33a90b96 req-3d0b742e-c334-4419-ba9e-31db33a90b96 ] Request (SecurityGroupsTestJSON:test_security_group_create_get_delete): 200 GET http://10.180.1.21/compute/v2.1/os-security-groups/f985b5ed-e67e-467d-aed4-22617ba3f326 0.407s
2025-05-14 13:21:43.312 69693 INFO tempest.lib.common.rest_client [req-5b3e9d82-c928-4d46-a58f-795537129f05 req-5b3e9d82-c928-4d46-a58f-795537129f05 ] Request (ServersTestJSON:tearDownClass): 200 GET http://10.180.1.21/compute/v2.1/servers/c32bd89f-aae2-4f58-9b84-18b5f0d8801c 0.451s
2025-05-14 13:21:43.316 69691 INFO tempest.lib.common.rest_client [req-50120f6d-bb82-4e62-8ea0-994e7897b4f5 req-50120f6d-bb82-4e62-8ea0-994e7897b4f5 ] Request (ServersTestMultiNic:test_verify_multiple_nics_order): 200 GET http://10.180.1.21/compute/v2.1/servers/db2c1e31-a6d3-486d-82e0-985c4286affd 0.444s
2025-05-14 13:21:43.418 69681 INFO tempest.lib.common.rest_client [req-d29e9cd0-6e63-4ac3-98e0-7375c82a6097 req-d29e9cd0-6e63-4ac3-98e0-7375c82a6097 ] Request (ServerTagsTestJSON:tearDownClass): 200 GET http://10.180.1.21/compute/v2.1/servers/0c362d02-acb5-493f-a146-e46ba4c3e26f 0.473s
2025-05-14 13:21:43.423 69725 INFO tempest.lib.common.rest_client [req-2272d63b-9591-4e4c-8688-c24b84f56c7f req-2272d63b-9591-4e4c-8688-c24b84f56c7f ] Request (AttachInterfacesUnderV243Test:_run_cleanups): 200 GET http://10.180.1.21/compute/v2.1/servers/de0d3b42-8371-4344-a262-63ecd4401849 0.471s
2025-05-14 13:21:43.510 69703 INFO tempest.lib.common.rest_client [req-0d74af8f-8411-4fc9-831b-b9e15ffed2f4 req-0d74af8f-8411-4fc9-831b-b9e15ffed2f4 ] Request (ServerActionsTestJSON:setUpClass): 200 GET http://10.180.1.21/compute/v2.1/servers/97a20fc1-ef2b-4927-b335-3fd748bf90e3 0.383s
2025-05-14 13:21:43.515 69701 INFO tempest.lib.common.rest_client [req-b636128b-acf5-40e5-ac4a-508029bff027 req-b636128b-acf5-40e5-ac4a-508029bff027 ] Request (MultipleCreateTestJSON:_run_cleanups): 200 GET http://10.180.1.21/compute/v2.1/servers/d3fc062b-3ffc-4b21-b9a4-32745a44f1ca 0.475s
2025-05-14 13:21:43.556 69727 INFO tempest.lib.common.rest_client [req-819048c3-465a-4657-a70f-0477b8998e01 req-819048c3-465a-4657-a70f-0477b8998e01 ] Request (ImagesTestJSON:test_create_image_from_suspended_server): 200 GET http://10.180.1.21/compute/v2.1/images/fdd6e306-e630-4750-93b5-d8a616699af0 0.426s
2025-05-14 13:21:43.607 69723 INFO tempest.lib.common.rest_client [req-f3e00d0d-2658-45b8-8c8e-ca17a1668507 req-f3e00d0d-2658-45b8-8c8e-ca17a1668507 ] Request (ServerActionsTestOtherA:setUpClass): 200 GET http://10.180.1.21/compute/v2.1/servers/21f7d90d-396e-4b5d-850d-8a081b67f4a3 0.426s
2025-05-14 13:21:43.616 69723 INFO tempest.common.waiters [-] State transition "BUILD/None" ==> "BUILD/block_device_mapping" after 33 second wait
2025-05-14 13:21:43.698 69721 INFO tempest.lib.common.rest_client [req-9d91c077-3e83-4413-a54c-edb386e7b340 req-9d91c077-3e83-4413-a54c-edb386e7b340 ] Request (ServerDiagnosticsV248Test:tearDownClass): 200 GET http://10.180.1.21/compute/v2.1/servers/c7124fd4-0db2-4fed-b568-57050643c022 0.450s
2025-05-14 13:21:43.827 69713 INFO tempest.lib.common.rest_client [req-43b002df-bda3-4179-98e1-adc2cb73e165 req-43b002df-bda3-4179-98e1-adc2cb73e165 ] Request (DeleteServersAdminTestJSON:test_delete_server_while_in_error_state): 200 GET http://10.180.1.21/compute/v2.1/servers/823fca95-83da-462b-922a-6137a1cd85a3 0.506s
2025-05-14 13:21:43.869 69699 INFO tempest.lib.common.rest_client [req-5d0556e6-1809-4ccc-92c4-d24e959fbdc9 req-5d0556e6-1809-4ccc-92c4-d24e959fbdc9 ] Request (SecurityGroupsTestJSON:test_security_group_create_get_delete): 202 DELETE http://10.180.1.21/compute/v2.1/os-security-groups/f985b5ed-e67e-467d-aed4-22617ba3f326 0.643s
2025-05-14 13:21:43.917 69677 INFO tempest.lib.common.rest_client [req-c0814c47-e0bd-4dc4-a033-c82a85bdac34 req-c0814c47-e0bd-4dc4-a033-c82a85bdac34 ] Request (ImagesOneServerTestJSON:test_create_image_specify_multibyte_character_image_name): 200 GET http://10.180.1.21/compute/v2.1/images/597411d9-8ff2-4270-8844-483cf94fcb9e 0.119s
2025-05-14 13:21:43.927 69671 INFO tempest.lib.common.rest_client [req-ff01889c-6c73-4415-b668-7e1605ae8778 req-ff01889c-6c73-4415-b668-7e1605ae8778 ] Request (ServerDiskConfigTestJSON:test_rebuild_server_with_auto_disk_config): 200 GET http://10.180.1.21/compute/v2.1/servers/fb1c0a77-257a-477d-8af7-63869267c317 0.175s
2025-05-14 13:21:43.952 69699 INFO tempest.lib.common.rest_client [req-7c9902da-2834-4ece-a383-8b4c8b0b2c6c req-7c9902da-2834-4ece-a383-8b4c8b0b2c6c ] Request (SecurityGroupsTestJSON:test_security_group_create_get_delete): 404 GET http://10.180.1.21/compute/v2.1/os-security-groups/f985b5ed-e67e-467d-aed4-22617ba3f326 0.082s
2025-05-14 13:21:44.028 69695 INFO tempest.lib.common.rest_client [req-f393c607-cecc-4159-af65-b9eb40011d7d req-f393c607-cecc-4159-af65-b9eb40011d7d ] Request (MigrationsAdminTest:test_resize_server_revert_deleted_flavor): 200 GET http://10.180.1.21/compute/v2.1/servers/46c02c77-062d-4f45-ab62-e432ec0c3ba7 0.142s
2025-05-14 13:21:44.105 69667 INFO tempest.lib.common.rest_client [req-71471d9e-3d31-4d54-bc23-72c1e49ac18d req-71471d9e-3d31-4d54-bc23-72c1e49ac18d ] Request (ListImageFiltersTestJSON:setUpClass): 200 GET http://10.180.1.21/compute/v2.1/servers/2fa11155-93c9-497c-a25f-d24ffcedeb9e 0.145s
2025-05-14 13:21:44.198 69705 INFO tempest.lib.common.rest_client [req-72ffd955-0c20-4dad-a1f2-a5ad1af612c0 req-72ffd955-0c20-4dad-a1f2-a5ad1af612c0 ] Request (ServersAaction247Test:test_create_backup): 200 GET http://10.180.1.21/compute/v2.1/servers/243fd51e-b95b-4611-aa0c-336e9a203867 0.148s
2025-05-14 13:21:44.301 69699 INFO tempest.lib.common.rest_client [req-d02e8054-84c0-491b-b2a6-67b249be08c8 req-d02e8054-84c0-491b-b2a6-67b249be08c8 ] Request (SecurityGroupsTestJSON:test_security_groups_create_list_delete): 200 POST http://10.180.1.21/compute/v2.1/os-security-groups 0.348s
2025-05-14 13:21:44.347 69689 WARNING tempest.lib.common.ssh [-] Failed to establish authenticated ssh connection to cirros@10.180.180.129 ([Errno None] Unable to connect to port 22 on 10.180.180.129). Number attempts: 6. Retry after 7 seconds.: paramiko.ssh_exception.NoValidConnectionsError: [Errno None] Unable to connect to port 22 on 10.180.180.129
2025-05-14 13:21:44.383 69709 INFO tempest.lib.common.rest_client [req-b11b7e11-a93d-4743-a5c0-15c654524dea req-b11b7e11-a93d-4743-a5c0-15c654524dea ] Request (AttachVolumeTestJSON:test_attach_detach_volume): 200 GET http://10.180.1.21/compute/v2.1/servers/0cebab59-253b-4037-99a0-26667add9e9d 0.246s
2025-05-14 13:21:44.408 69717 INFO tempest.lib.common.rest_client [req-37427ff1-c1be-41e3-866a-03fe6761bd79 req-37427ff1-c1be-41e3-866a-03fe6761bd79 ] Request (ServersTestManualDisk:setUpClass): 200 GET http://10.180.1.21/compute/v2.1/servers/0972b291-5b74-4ca7-923e-10815f8de11f 0.285s
2025-05-14 13:21:44.454 69729 INFO tempest.lib.common.rest_client [req-124ef798-bed9-4c66-906c-230c9c88c7ba req-124ef798-bed9-4c66-906c-230c9c88c7ba ] Request (ServersAdminTestJSON:test_inject_network_info): 200 GET http://10.180.1.21/compute/v2.1/servers/69a20aa3-1f89-4e23-9c22-0220c8197535 0.226s
2025-05-14 13:21:44.534 69691 INFO tempest.lib.common.rest_client [req-72180fa0-7c5e-4306-92ff-ce709d8aa8dc req-72180fa0-7c5e-4306-92ff-ce709d8aa8dc ] Request (ServersTestMultiNic:test_verify_multiple_nics_order): 200 GET http://10.180.1.21/compute/v2.1/servers/db2c1e31-a6d3-486d-82e0-985c4286affd 0.210s
2025-05-14 13:21:44.632 69693 INFO tempest.lib.common.rest_client [req-0614ea94-4f1d-4e06-a9e2-993c429db81f req-0614ea94-4f1d-4e06-a9e2-993c429db81f ] Request (ServersTestJSON:tearDownClass): 200 GET http://10.180.1.21/compute/v2.1/servers/c32bd89f-aae2-4f58-9b84-18b5f0d8801c 0.302s
2025-05-14 13:21:44.659 69679 INFO tempest.lib.common.rest_client [req-395b8dcf-2c87-4e58-a305-c64c90342585 req-395b8dcf-2c87-4e58-a305-c64c90342585 ] Request (ServersTestFqdnHostnames:setUpClass): 201 POST http://10.180.1.21:9696/networking/v2.0/routers 2.270s
2025-05-14 13:21:44.732 69681 INFO tempest.lib.common.rest_client [req-2de63c9b-506f-46a5-bce7-e322215576cb req-2de63c9b-506f-46a5-bce7-e322215576cb ] Request (ServerTagsTestJSON:tearDownClass): 200 GET http://10.180.1.21/compute/v2.1/servers/0c362d02-acb5-493f-a146-e46ba4c3e26f 0.300s
2025-05-14 13:21:44.740 69699 INFO tempest.lib.common.rest_client [req-4fff9f42-bb41-4ce9-a2d4-c00c0fbf5ba3 req-4fff9f42-bb41-4ce9-a2d4-c00c0fbf5ba3 ] Request (SecurityGroupsTestJSON:test_security_groups_create_list_delete): 200 POST http://10.180.1.21/compute/v2.1/os-security-groups 0.436s
2025-05-14 13:21:44.832 69725 INFO tempest.lib.common.rest_client [req-53d6d409-3ceb-41e4-b506-556ef1e4c249 req-53d6d409-3ceb-41e4-b506-556ef1e4c249 ] Request (AttachInterfacesUnderV243Test:_run_cleanups): 200 GET http://10.180.1.21/compute/v2.1/servers/de0d3b42-8371-4344-a262-63ecd4401849 0.394s
