2025-04-25 21:30:09.339 71319 INFO tempest.lib.common.rest_client [req-375845dc-bb99-4d70-a68e-985b0dbbe6f2 req-375845dc-bb99-4d70-a68e-985b0dbbe6f2 ] Request (QuotasAdminTestV236:setUpClass): 201 POST http://10.180.1.21/identity/v3/auth/tokens 0.031s
2025-04-25 21:30:09.369 71319 INFO tempest.lib.common.rest_client [req-dbe38c7c-4e99-4c66-ba9b-9aff045f29be req-dbe38c7c-4e99-4c66-ba9b-9aff045f29be ] Request (QuotasAdminTestV236:setUpClass): 200 GET http://10.180.1.21/identity/v3/domains?name=Default 0.030s
2025-04-25 21:30:09.374 71329 WARNING tempest.lib.common.ssh [-] Failed to establish authenticated ssh connection to cirros@10.180.180.179 ([Errno None] Unable to connect to port 22 on 10.180.180.179). Number attempts: 7. Retry after 8 seconds.: paramiko.ssh_exception.NoValidConnectionsError: [Errno None] Unable to connect to port 22 on 10.180.180.179
2025-04-25 21:30:09.399 71319 INFO tempest.lib.common.rest_client [req-d4d6644c-7e2a-44a8-82a6-063d69d20614 req-d4d6644c-7e2a-44a8-82a6-063d69d20614 ] Request (QuotasAdminTestV236:setUpClass): 201 POST http://10.180.1.21/identity/v3/projects 0.029s
2025-04-25 21:30:09.422 71303 INFO tempest.lib.common.rest_client [req-70abc27c-54a5-421f-a80a-649e70d387ca req-70abc27c-54a5-421f-a80a-649e70d387ca ] Request (InstanceActionsTestJSON:tearDownClass): 200 GET http://10.180.1.21/compute/v2.1/servers/9ee2d52c-ad37-40c9-9140-c1e7c8ba451f 0.066s
2025-04-25 21:30:09.460 71319 INFO tempest.lib.common.rest_client [req-2abe4873-03b0-4570-9aeb-9d6eff817841 req-2abe4873-03b0-4570-9aeb-9d6eff817841 ] Request (QuotasAdminTestV236:setUpClass): 201 POST http://10.180.1.21/identity/v3/users 0.061s
2025-04-25 21:30:09.484 71319 INFO tempest.lib.common.rest_client [req-3e439dfa-4c27-4e6b-93e5-d1de11f7e652 req-3e439dfa-4c27-4e6b-93e5-d1de11f7e652 ] Request (QuotasAdminTestV236:setUpClass): 200 GET http://10.180.1.21/identity/v3/roles 0.023s
2025-04-25 21:30:09.510 71319 INFO tempest.lib.common.rest_client [req-74b35b6b-17b4-4ed1-8e78-464d6ad9ca64 req-74b35b6b-17b4-4ed1-8e78-464d6ad9ca64 ] Request (QuotasAdminTestV236:setUpClass): 204 PUT http://10.180.1.21/identity/v3/projects/6f7cfb6c12724534bfd7be21919f32fa/users/9ea2042ca3874666a8ac194ac8a78175/roles/584b010d32f040e6be8a7b54a0a78fde 0.025s
2025-04-25 21:30:09.510 71337 INFO tempest.lib.common.rest_client [req-63cdad9a-a31d-4f1b-b6ea-a12419270e06 req-63cdad9a-a31d-4f1b-b6ea-a12419270e06 ] Request (ServerRescueTestJSON:test_rescue_unrescue_instance): 200 GET http://10.180.1.21/compute/v2.1/servers/4f0b7637-6afd-4b78-aca9-ba2f6af4f764 0.061s
2025-04-25 21:30:09.510 71319 INFO tempest.lib.common.dynamic_creds [-] Dynamic test user 9ea2042ca3874666a8ac194ac8a78175 is created with scope project and roles: ['member']
2025-04-25 21:30:09.511 71319 INFO tempest.lib.common.dynamic_creds [-] Acquired dynamic creds: credentials: Credentials: {'domain_id': 'default', 'domain_name': 'Default', 'username': 'tempest-QuotasAdminTestV236-348733696-project-member', 'project_domain_id': 'default', 'project_domain_name': 'Default', 'project_id': '6f7cfb6c12724534bfd7be21919f32fa', 'project_name': 'tempest-QuotasAdminTestV236-348733696', 'tenant_id': '6f7cfb6c12724534bfd7be21919f32fa', 'tenant_name': 'tempest-QuotasAdminTestV236-348733696', 'user_domain_id': 'default', 'user_domain_name': 'Default', 'user_id': '9ea2042ca3874666a8ac194ac8a78175', 'system': None}, Network: None, Subnet: None, Router: None
2025-04-25 21:30:09.511 71319 INFO tempest.lib.common.dynamic_creds [-] Created isolated network resources for: credentials: Credentials: {'domain_id': 'default', 'domain_name': 'Default', 'username': 'tempest-QuotasAdminTestV236-348733696-project-member', 'project_domain_id': 'default', 'project_domain_name': 'Default', 'project_id': '6f7cfb6c12724534bfd7be21919f32fa', 'project_name': 'tempest-QuotasAdminTestV236-348733696', 'tenant_id': '6f7cfb6c12724534bfd7be21919f32fa', 'tenant_name': 'tempest-QuotasAdminTestV236-348733696', 'user_domain_id': 'default', 'user_domain_name': 'Default', 'user_id': '9ea2042ca3874666a8ac194ac8a78175', 'system': None}, Network: None, Subnet: None, Router: None
2025-04-25 21:30:09.514 71339 INFO tempest.lib.common.rest_client [req-2fb645e5-3880-4cf9-aa33-1ce416321291 req-2fb645e5-3880-4cf9-aa33-1ce416321291 ] Request (ServerDiskConfigTestJSON:test_rebuild_server_with_manual_disk_config): 200 GET http://10.180.1.21/compute/v2.1/servers/bc7eb745-301c-4b47-859c-43dbdff8cea2 0.115s
2025-04-25 21:30:09.523 71339 INFO tempest.common.waiters [-] State transition "REBUILD/rebuild_spawning" ==> "ACTIVE/None" after 11 second wait
2025-04-25 21:30:09.588 71319 INFO tempest.lib.common.rest_client [req-d08adf7d-577a-4621-aec1-21edbfbe78b1 req-d08adf7d-577a-4621-aec1-21edbfbe78b1 ] Request (QuotasAdminTestV236:setUpClass): 201 POST http://10.180.1.21/identity/v3/auth/tokens 0.073s
2025-04-25 21:30:09.600 71335 INFO tempest.lib.common.rest_client [req-6735bffe-ae68-4768-940f-1ef083c6c636 req-6735bffe-ae68-4768-940f-1ef083c6c636 ] Request (ServerShowV254Test:tearDownClass): 200 GET http://10.180.1.21/compute/v2.1/servers/18779dc5-88dd-4b52-b3a0-aba8cac880e6 0.081s
2025-04-25 21:30:09.635 71339 INFO tempest.lib.common.rest_client [req-2b8207ae-6a4d-4078-abec-b26896fd0971 req-2b8207ae-6a4d-4078-abec-b26896fd0971 ] Request (ServerDiskConfigTestJSON:test_rebuild_server_with_manual_disk_config): 200 GET http://10.180.1.21/compute/v2.1/servers/bc7eb745-301c-4b47-859c-43dbdff8cea2 0.112s
2025-04-25 21:30:09.650 71319 INFO tempest.lib.common.rest_client [req-418ea64f-d8ff-4008-a77a-243b0e07b635 req-418ea64f-d8ff-4008-a77a-243b0e07b635 ] Request (QuotasAdminTestV236:setUpClass): 201 POST http://10.180.1.21/identity/v3/projects 0.061s
2025-04-25 21:30:09.652 71357 INFO tempest.lib.common.rest_client [req-1fe3ce9f-6027-463e-871d-707e0197fa83 req-1fe3ce9f-6027-463e-871d-707e0197fa83 ] Request (ImagesNegativeTestJSON:test_create_image_from_deleted_server): 200 GET http://10.180.1.21/compute/v2.1/servers/4b88a240-eedd-4d3d-ab3e-9f793f020f83 0.072s
2025-04-25 21:30:09.685 71347 INFO tempest.lib.common.rest_client [req-dea23fcf-97da-4f04-986e-f3ad4ebdac09 req-dea23fcf-97da-4f04-986e-f3ad4ebdac09 ] Request (ServerActionsTestOtherB:test_create_backup): 200 GET http://10.180.1.21/image/v2/images/55435ebf-71e6-4efb-91da-2bb34c239076 0.018s
2025-04-25 21:30:09.705 71319 INFO tempest.lib.common.rest_client [req-cab85a93-5e14-447e-a628-f5fbd90cf010 req-cab85a93-5e14-447e-a628-f5fbd90cf010 ] Request (QuotasAdminTestV236:setUpClass): 201 POST http://10.180.1.21/identity/v3/users 0.055s
2025-04-25 21:30:09.707 71345 INFO tempest.lib.common.rest_client [req-346f65b1-552c-465f-a093-bb7c0ec108a2 req-346f65b1-552c-465f-a093-bb7c0ec108a2 ] Request (ServersTestMultiNic:test_verify_multiple_nics_order): 200 GET http://10.180.1.21/compute/v2.1/servers/d384a829-fab2-4f70-bae5-6460ad85fa20 0.071s
2025-04-25 21:30:09.727 71319 INFO tempest.lib.common.rest_client [req-9d607f95-5a33-43b5-bab1-b31709381f21 req-9d607f95-5a33-43b5-bab1-b31709381f21 ] Request (QuotasAdminTestV236:setUpClass): 200 GET http://10.180.1.21/identity/v3/roles 0.022s
2025-04-25 21:30:09.748 71307 INFO tempest.lib.common.rest_client [req-53853be0-2422-4610-b94c-6a9d5cda498b req-53853be0-2422-4610-b94c-6a9d5cda498b ] Request (ListServerFiltersTestJSON:test_list_servers_filter_by_shutoff_status): 200 GET http://10.180.1.21/compute/v2.1/servers/82a67b38-0395-41d6-bbd0-6e7dc4355e7a 0.154s
2025-04-25 21:30:09.759 71319 INFO tempest.lib.common.rest_client [req-a9e80454-7ed3-49a9-a288-f948528913fc req-a9e80454-7ed3-49a9-a288-f948528913fc ] Request (QuotasAdminTestV236:setUpClass): 204 PUT http://10.180.1.21/identity/v3/projects/1d5946b5d737436585cae1ae937ab8c5/users/b7a4bdef23114209814b37682ee5386a/roles/5175f2c9e31c4bb597e32b13d725db65 0.031s
2025-04-25 21:30:09.779 71339 INFO tempest.lib.common.rest_client [req-965bf455-22d9-4da0-ab02-70789e4c0c06 req-965bf455-22d9-4da0-ab02-70789e4c0c06 ] Request (ServerDiskConfigTestJSON:_run_cleanups): 204 DELETE http://10.180.1.21/compute/v2.1/servers/bc7eb745-301c-4b47-859c-43dbdff8cea2 0.137s
2025-04-25 21:30:09.805 71351 INFO tempest.lib.common.rest_client [req-37f5c09e-33da-4318-a137-3f107a91a3c7 req-37f5c09e-33da-4318-a137-3f107a91a3c7 ] Request (ServersAdminTestJSON:test_inject_network_info): 200 GET http://10.180.1.21/compute/v2.1/servers/f1210592-f6bf-44c0-bc06-8e92caa2754d 0.139s
2025-04-25 21:30:09.822 71319 INFO tempest.lib.common.rest_client [req-04b3ef2f-05da-4992-bd33-c1ef36672370 req-04b3ef2f-05da-4992-bd33-c1ef36672370 ] Request (QuotasAdminTestV236:setUpClass): 200 GET http://10.180.1.21/identity/v3/roles 0.063s
2025-04-25 21:30:09.838 71315 INFO tempest.lib.common.rest_client [req-77bedc11-1adc-4eaa-bac1-db5c8b36986c req-77bedc11-1adc-4eaa-bac1-db5c8b36986c ] Request (ServersAdmin275Test:test_rebuild_update_server_275): 200 GET http://10.180.1.21/compute/v2.1/servers/91cfc32f-29e6-4ae5-90d1-9ecf226bf5ce 0.126s
2025-04-25 21:30:09.843 71319 INFO tempest.lib.common.rest_client [req-551843f7-550b-48c6-960e-d130fe47cdfc req-551843f7-550b-48c6-960e-d130fe47cdfc ] Request (QuotasAdminTestV236:setUpClass): 204 PUT http://10.180.1.21/identity/v3/projects/1d5946b5d737436585cae1ae937ab8c5/users/b7a4bdef23114209814b37682ee5386a/roles/5175f2c9e31c4bb597e32b13d725db65 0.019s
2025-04-25 21:30:09.843 71319 INFO tempest.lib.common.dynamic_creds [-] Dynamic test user b7a4bdef23114209814b37682ee5386a is created with scope project and roles: ['admin']
2025-04-25 21:30:09.843 71319 INFO tempest.lib.common.dynamic_creds [-] Acquired dynamic creds: credentials: Credentials: {'domain_id': 'default', 'domain_name': 'Default', 'username': 'tempest-QuotasAdminTestV236-254441831-project-admin', 'project_domain_id': 'default', 'project_domain_name': 'Default', 'project_id': '1d5946b5d737436585cae1ae937ab8c5', 'project_name': 'tempest-QuotasAdminTestV236-254441831', 'tenant_id': '1d5946b5d737436585cae1ae937ab8c5', 'tenant_name': 'tempest-QuotasAdminTestV236-254441831', 'user_domain_id': 'default', 'user_domain_name': 'Default', 'user_id': 'b7a4bdef23114209814b37682ee5386a', 'system': None}, Network: None, Subnet: None, Router: None
2025-04-25 21:30:09.843 71319 INFO tempest.lib.common.dynamic_creds [-] Created isolated network resources for: credentials: Credentials: {'domain_id': 'default', 'domain_name': 'Default', 'username': 'tempest-QuotasAdminTestV236-254441831-project-admin', 'project_domain_id': 'default', 'project_domain_name': 'Default', 'project_id': '1d5946b5d737436585cae1ae937ab8c5', 'project_name': 'tempest-QuotasAdminTestV236-254441831', 'tenant_id': '1d5946b5d737436585cae1ae937ab8c5', 'tenant_name': 'tempest-QuotasAdminTestV236-254441831', 'user_domain_id': 'default', 'user_domain_name': 'Default', 'user_id': 'b7a4bdef23114209814b37682ee5386a', 'system': None}, Network: None, Subnet: None, Router: None
2025-04-25 21:30:09.843 71339 INFO tempest.lib.common.rest_client [req-047a516d-2392-4b10-bc83-cd08e141f8c0 req-047a516d-2392-4b10-bc83-cd08e141f8c0 ] Request (ServerDiskConfigTestJSON:test_resize_server_from_auto_to_manual): 201 POST http://10.180.1.21/identity/v3/auth/tokens 0.059s
2025-04-25 21:30:09.844 71339 INFO tempest.lib.common.fixed_network [-] (ServerDiskConfigTestJSON:test_resize_server_from_auto_to_manual) Found network {'id': '5575e323-465f-4e65-beea-b0ce2f7a4746', 'name': 'tempest-ServerDiskConfigTestJSON-939569466-network', 'tenant_id': '2a77c654163740bcbb431fcff1b8dc30', 'admin_state_up': True, 'mtu': 8950, 'status': 'ACTIVE', 'subnets': [], 'shared': False, 'project_id': '2a77c654163740bcbb431fcff1b8dc30', 'port_security_enabled': True, 'router:external': False, 'provider:network_type': 'vlan', 'provider:physical_network': 'default', 'provider:segmentation_id': 996, 'availability_zone_hints': [], 'availability_zones': [], 'ipv4_address_scope': None, 'ipv6_address_scope': None, 'description': '', 'tags': [], 'created_at': '2025-04-25T21:28:22Z', 'updated_at': '2025-04-25T21:28:22Z', 'revision_number': 1} available for tenant
2025-04-25 21:30:09.862 71349 INFO tempest.lib.common.rest_client [req-19736b8e-b928-41f6-a451-7baa3b938d57 req-19736b8e-b928-41f6-a451-7baa3b938d57 ] Request (InstanceActionsV221TestJSON:test_get_list_deleted_instance_actions): 200 GET http://10.180.1.21/compute/v2.1/servers/ddabc195-3a39-4139-8248-5320cd09d48f 0.138s
2025-04-25 21:30:09.913 71319 INFO tempest.lib.common.rest_client [req-e9bd436b-55bd-4518-8a84-9ae90d176178 req-e9bd436b-55bd-4518-8a84-9ae90d176178 ] Request (QuotasAdminTestV236:setUpClass): 201 POST http://10.180.1.21/identity/v3/auth/tokens 0.067s
2025-04-25 21:30:09.914 71319 WARNING tempest.lib.common.rest_client [-] Deprecated: "tenant_id" property is deprecated for removal, use "project_id" instead
2025-04-25 21:30:09.945 71319 INFO tempest.lib.common.rest_client [req-432737bb-0790-45df-bec9-fbfc6ac37684 req-432737bb-0790-45df-bec9-fbfc6ac37684 ] Request (QuotasAdminTestV236:test_get_updated_quotas): 200 GET http://10.180.1.21/identity/v3/domains?name=Default 0.030s
2025-04-25 21:30:09.973 71319 INFO tempest.lib.common.rest_client [req-52363cd2-df2b-46fb-9900-b3df1a7b9f65 req-52363cd2-df2b-46fb-9900-b3df1a7b9f65 ] Request (QuotasAdminTestV236:test_get_updated_quotas): 201 POST http://10.180.1.21/identity/v3/projects 0.027s
2025-04-25 21:30:09.988 71299 WARNING tempest.lib.common.ssh [-] Failed to establish authenticated ssh connection to cirros@10.180.180.232 ([Errno None] Unable to connect to port 22 on 10.180.180.232). Number attempts: 6. Retry after 7 seconds.: paramiko.ssh_exception.NoValidConnectionsError: [Errno None] Unable to connect to port 22 on 10.180.180.232
2025-04-25 21:30:10.005 71332 INFO tempest.lib.common.rest_client [req-bd7abbe4-29e5-47de-a7bc-06af660c2a67 req-bd7abbe4-29e5-47de-a7bc-06af660c2a67 ] Request (ListServersNegativeTestJSON:setUpClass): 200 GET http://10.180.1.21/compute/v2.1/servers/bec21396-170b-41fb-9b54-9170d7654d50 0.129s
2025-04-25 21:30:10.031 71319 INFO tempest.lib.common.rest_client [req-40cd0488-38f5-428c-88e5-a16041416f7e req-40cd0488-38f5-428c-88e5-a16041416f7e ] Request (QuotasAdminTestV236:test_get_updated_quotas): 200 GET http://10.180.1.21/identity/v3/domains?name=Default 0.056s
2025-04-25 21:30:10.074 71333 INFO tempest.lib.common.rest_client [req-0f13a4a8-5e96-4eb1-a9a6-e8e30019efe8 req-0f13a4a8-5e96-4eb1-a9a6-e8e30019efe8 ] Request (ServersV294TestFqdnHostnames:setUpClass): 200 GET http://10.180.1.21/compute/v2.1/servers/c0761181-cec1-453c-adfe-a575a7242897 0.193s
2025-04-25 21:30:10.149 71325 INFO tempest.lib.common.rest_client [req-8a82834b-0ce9-4908-8861-ebf3058990de req-8a82834b-0ce9-4908-8861-ebf3058990de ] Request (AttachVolumeNegativeTest:test_attach_attached_volume_to_different_server): 200 GET http://10.180.1.21/compute/v2.1/servers/2ff1d794-4c9f-4de9-8283-4a56c527c6d9 0.217s
2025-04-25 21:30:10.208 71323 INFO tempest.lib.common.rest_client [req-682242a2-907f-46a2-94af-7a899bf7b991 req-682242a2-907f-46a2-94af-7a899bf7b991 ] Request (AttachInterfacesV270Test:test_create_get_list_interfaces): 200 GET http://10.180.1.21/compute/v2.1/servers/55411331-13f8-46e7-8e47-73686de2724b 0.214s
2025-04-25 21:30:10.219 71339 INFO tempest.lib.common.rest_client [req-d38747d0-94df-4a44-9d7f-c17bdedf426c req-d38747d0-94df-4a44-9d7f-c17bdedf426c ] Request (ServerDiskConfigTestJSON:test_resize_server_from_auto_to_manual): 202 POST http://10.180.1.21/compute/v2.1/servers 0.375s
2025-04-25 21:30:10.332 71297 INFO tempest.lib.common.rest_client [req-93a6ff61-2a9e-436f-aa46-37b4e7434b5c req-93a6ff61-2a9e-436f-aa46-37b4e7434b5c ] Request (ServersAdminNegativeTestJSON:tearDownClass): 200 GET http://10.180.1.21/compute/v2.1/servers/0f2fbe39-329f-4340-88ed-c490c7b9fde3 0.321s
2025-04-25 21:30:10.358 71319 INFO tempest.lib.common.rest_client [req-65181aec-f770-4d9e-8dbe-3f4770082799 req-65181aec-f770-4d9e-8dbe-3f4770082799 ] Request (QuotasAdminTestV236:test_get_updated_quotas): 200 PUT http://10.180.1.21/compute/v2.1/os-quota-sets/d7bfb2663c4a41498924eb02db13848b 0.326s
2025-04-25 21:30:10.384 71318 INFO tempest.lib.common.rest_client [req-0cf0c7b2-51e1-42a1-8276-b82c5f42121c req-0cf0c7b2-51e1-42a1-8276-b82c5f42121c ] Request (ServersTestJSON:test_create_server_specify_multibyte_character_name): 200 GET http://10.180.1.21/compute/v2.1/servers/5191e604-7633-4903-ad1d-c1ecfd3c4d68 0.309s
2025-04-25 21:30:10.409 71327 INFO tempest.lib.common.rest_client [req-deae3584-c55d-432f-85f3-6e4a6bde894a req-deae3584-c55d-432f-85f3-6e4a6bde894a ] Request (ServersTestManualDisk:setUpClass): 200 GET http://10.180.1.21/compute/v2.1/servers/d0895e3b-e9b0-4ee5-986c-1d92ba4ef1f4 0.333s
2025-04-25 21:30:10.433 71313 INFO tempest.lib.common.rest_client [req-50c80988-911e-4654-a91e-8fd7eed4b8ee req-50c80988-911e-4654-a91e-8fd7eed4b8ee ] Request (SecurityGroupsTestJSON:test_server_security_groups): 200 GET http://10.180.1.21/compute/v2.1/servers/f7b8ffd2-fb72-48c4-bfe9-8c778490d64c 0.302s
2025-04-25 21:30:10.481 71355 INFO tempest.lib.common.rest_client [req-fb26028f-e063-464a-b674-fabb253c46f1 req-fb26028f-e063-464a-b674-fabb253c46f1 ] Request (FloatingIPsAssociationTestJSON:tearDownClass): 200 GET http://10.180.1.21/compute/v2.1/servers/a425d7d3-d3a8-4864-b46d-a1aad3642079 0.315s
2025-04-25 21:30:10.492 71301 INFO tempest.lib.common.rest_client [req-db7a09ab-ec53-4e57-9cbc-509cc4ed38c8 req-db7a09ab-ec53-4e57-9cbc-509cc4ed38c8 ] Request (ServerRescueNegativeTestJSON:setUpClass): 200 GET http://10.180.1.21/compute/v2.1/servers/dba13c6a-7c9b-4a79-9173-2296a2688c55 0.315s
2025-04-25 21:30:10.527 71339 INFO tempest.lib.common.rest_client [req-344659b2-be7c-4c32-8c2b-6c4e5f4d8b87 req-344659b2-be7c-4c32-8c2b-6c4e5f4d8b87 ] Request (ServerDiskConfigTestJSON:test_resize_server_from_auto_to_manual): 200 GET http://10.180.1.21/compute/v2.1/servers/51fa14a5-b703-4023-a641-4ca9894bdc49 0.305s
2025-04-25 21:30:10.562 71295 INFO tempest.lib.common.rest_client [req-3324dbef-e185-4dee-9be2-1bd74c6d52e8 req-3324dbef-e185-4dee-9be2-1bd74c6d52e8 ] Request (AttachInterfacesTestJSON:_run_cleanups): 200 GET http://10.180.1.21/compute/v2.1/servers/5f1c69bc-256b-4dc1-991f-0fca1f272943 0.319s
2025-04-25 21:30:10.591 71309 INFO tempest.lib.common.rest_client [req-70c4f622-49ca-43e4-a23a-0b0c74a6dc6b req-70c4f622-49ca-43e4-a23a-0b0c74a6dc6b ] Request (ServerDiagnosticsTest:test_get_server_diagnostics): 200 GET http://10.180.1.21/compute/v2.1/servers/7920b620-2349-4217-b3de-ca887e5d9116 0.341s
2025-04-25 21:30:10.619 71305 INFO tempest.lib.common.rest_client [req-3bd82c6d-8b30-4ca9-913d-88e9d4d00947 req-3bd82c6d-8b30-4ca9-913d-88e9d4d00947 ] Request (ListImageFiltersTestJSON:setUpClass): 200 GET http://10.180.1.21/compute/v2.1/servers/da927a37-b921-460f-aef6-e3422f9f3ab8 0.301s
2025-04-25 21:30:10.646 71319 INFO tempest.lib.common.rest_client [req-6ebd6d28-697c-4605-b4e3-db46ffb9ab47 req-6ebd6d28-697c-4605-b4e3-db46ffb9ab47 ] Request (QuotasAdminTestV236:test_get_updated_quotas): 200 GET http://10.180.1.21/compute/v2.1/os-quota-sets/d7bfb2663c4a41498924eb02db13848b/detail 0.286s
2025-04-25 21:30:10.674 71303 INFO tempest.lib.common.rest_client [req-24adfd42-a08d-475c-9f79-de37dbf76ca1 req-24adfd42-a08d-475c-9f79-de37dbf76ca1 ] Request (InstanceActionsTestJSON:tearDownClass): 200 GET http://10.180.1.21/compute/v2.1/servers/9ee2d52c-ad37-40c9-9140-c1e7c8ba451f 0.242s
2025-04-25 21:30:10.680 71319 INFO tempest.lib.common.rest_client [req-6e79e9c4-1dcc-475d-92b9-f26452397841 req-6e79e9c4-1dcc-475d-92b9-f26452397841 ] Request (QuotasAdminTestV236:test_get_updated_quotas): 200 GET http://10.180.1.21/identity/v3/domains?name=Default 0.029s
2025-04-25 21:30:10.700 71337 INFO tempest.lib.common.rest_client [req-29398395-2b6e-4570-9cf6-1fe4a1671d8a req-29398395-2b6e-4570-9cf6-1fe4a1671d8a ] Request (ServerRescueTestJSON:test_rescue_unrescue_instance): 200 GET http://10.180.1.21/compute/v2.1/servers/4f0b7637-6afd-4b78-aca9-ba2f6af4f764 0.181s
2025-04-25 21:30:10.710 71347 INFO tempest.lib.common.rest_client [req-d8def30c-b37a-4629-a09a-daf7f74683c4 req-d8def30c-b37a-4629-a09a-daf7f74683c4 ] Request (ServerActionsTestOtherB:test_create_backup): 200 GET http://10.180.1.21/image/v2/images/55435ebf-71e6-4efb-91da-2bb34c239076 0.023s
2025-04-25 21:30:10.720 71319 INFO tempest.lib.common.rest_client [req-90165cb2-c235-423f-9980-dd7bc0c6e1a4 req-90165cb2-c235-423f-9980-dd7bc0c6e1a4 ] Request (QuotasAdminTestV236:test_get_updated_quotas): 201 POST http://10.180.1.21/identity/v3/users 0.040s
2025-04-25 21:30:10.741 71335 INFO tempest.lib.common.rest_client [req-043dbac2-c8a5-4467-9804-92bd714b38c6 req-043dbac2-c8a5-4467-9804-92bd714b38c6 ] Request (ServerShowV254Test:tearDownClass): 200 GET http://10.180.1.21/compute/v2.1/servers/18779dc5-88dd-4b52-b3a0-aba8cac880e6 0.131s
2025-04-25 21:30:10.751 71357 INFO tempest.lib.common.rest_client [req-59f63cc2-b3c2-458c-a8e6-28c739e1d5e9 req-59f63cc2-b3c2-458c-a8e6-28c739e1d5e9 ] Request (ImagesNegativeTestJSON:test_create_image_from_deleted_server): 200 GET http://10.180.1.21/compute/v2.1/servers/4b88a240-eedd-4d3d-ab3e-9f793f020f83 0.091s
2025-04-25 21:30:10.756 71319 INFO tempest.lib.common.rest_client [req-b27b256a-e779-4720-81d3-15e9cb2e7d12 req-b27b256a-e779-4720-81d3-15e9cb2e7d12 ] Request (QuotasAdminTestV236:test_get_updated_quotas): 200 GET http://10.180.1.21/identity/v3/domains?name=Default 0.035s
2025-04-25 21:30:10.788 71345 INFO tempest.lib.common.rest_client [req-e64899f5-b989-45e7-8106-d33cbee8c970 req-e64899f5-b989-45e7-8106-d33cbee8c970 ] Request (ServersTestMultiNic:test_verify_multiple_nics_order): 200 GET http://10.180.1.21/compute/v2.1/servers/d384a829-fab2-4f70-bae5-6460ad85fa20 0.073s
2025-04-25 21:30:10.874 71307 INFO tempest.lib.common.rest_client [req-e8745bef-0eb7-4c75-ab98-ae52118889af req-e8745bef-0eb7-4c75-ab98-ae52118889af ] Request (ListServerFiltersTestJSON:test_list_servers_filter_by_shutoff_status): 200 GET http://10.180.1.21/compute/v2.1/servers/82a67b38-0395-41d6-bbd0-6e7dc4355e7a 0.118s
2025-04-25 21:30:10.906 71319 INFO tempest.lib.common.rest_client [req-184fe8d4-f060-49cf-9a49-ae538004c67b req-184fe8d4-f060-49cf-9a49-ae538004c67b ] Request (QuotasAdminTestV236:test_get_updated_quotas): 200 PUT http://10.180.1.21/compute/v2.1/os-quota-sets/d7bfb2663c4a41498924eb02db13848b?user_id=6bac1c1a8b6946fda8c203b2e57c43a2 0.150s
2025-04-25 21:30:10.933 71351 INFO tempest.lib.common.rest_client [req-d82e98cd-17eb-4d1f-9864-9201766b6185 req-d82e98cd-17eb-4d1f-9864-9201766b6185 ] Request (ServersAdminTestJSON:test_inject_network_info): 200 GET http://10.180.1.21/compute/v2.1/servers/f1210592-f6bf-44c0-bc06-8e92caa2754d 0.115s
2025-04-25 21:30:10.939 71311 WARNING tempest.lib.common.ssh [-] Failed to establish authenticated ssh connection to cirros@10.180.180.240 ([Errno None] Unable to connect to port 22 on 10.180.180.240). Number attempts: 6. Retry after 7 seconds.: paramiko.ssh_exception.NoValidConnectionsError: [Errno None] Unable to connect to port 22 on 10.180.180.240
2025-04-25 21:30:10.966 71315 INFO tempest.lib.common.rest_client [req-b62520ac-bc12-489b-9df5-9428213ec37e req-b62520ac-bc12-489b-9df5-9428213ec37e ] Request (ServersAdmin275Test:test_rebuild_update_server_275): 200 GET http://10.180.1.21/compute/v2.1/servers/91cfc32f-29e6-4ae5-90d1-9ecf226bf5ce 0.114s
2025-04-25 21:30:10.986 71349 INFO tempest.lib.common.rest_client [req-44386b95-2cde-49ea-89ed-6e7786831cc1 req-44386b95-2cde-49ea-89ed-6e7786831cc1 ] Request (InstanceActionsV221TestJSON:test_get_list_deleted_instance_actions): 200 GET http://10.180.1.21/compute/v2.1/servers/ddabc195-3a39-4139-8248-5320cd09d48f 0.113s
2025-04-25 21:30:11.001 71319 INFO tempest.lib.common.rest_client [req-bc09ac23-744f-457f-bd85-04e100a9fb2e req-bc09ac23-744f-457f-bd85-04e100a9fb2e ] Request (QuotasAdminTestV236:test_get_updated_quotas): 200 GET http://10.180.1.21/compute/v2.1/os-quota-sets/d7bfb2663c4a41498924eb02db13848b?user_id=6bac1c1a8b6946fda8c203b2e57c43a2 0.093s
2025-04-25 21:30:11.096 71319 INFO tempest.lib.common.rest_client [req-f4bc0f14-9669-41fd-9894-17c7dcc359e7 req-f4bc0f14-9669-41fd-9894-17c7dcc359e7 ] Request (QuotasAdminTestV236:_run_cleanups): 204 DELETE http://10.180.1.21/identity/v3/users/6bac1c1a8b6946fda8c203b2e57c43a2 0.093s
2025-04-25 21:30:11.145 71332 INFO tempest.lib.common.rest_client [req-b621d044-959e-4b0d-8d1e-920c80618d1b req-b621d044-959e-4b0d-8d1e-920c80618d1b ] Request (ListServersNegativeTestJSON:setUpClass): 200 GET http://10.180.1.21/compute/v2.1/servers/bec21396-170b-41fb-9b54-9170d7654d50 0.129s
2025-04-25 21:30:11.166 71333 INFO tempest.lib.common.rest_client [req-6fb69cc9-83a6-4deb-a7c1-d9270280bae0 req-6fb69cc9-83a6-4deb-a7c1-d9270280bae0 ] Request (ServersV294TestFqdnHostnames:setUpClass): 200 GET http://10.180.1.21/compute/v2.1/servers/c0761181-cec1-453c-adfe-a575a7242897 0.082s
2025-04-25 21:30:11.216 71319 INFO tempest.lib.common.rest_client [req-5268603b-12cf-4497-a978-d9b28dfce176 req-5268603b-12cf-4497-a978-d9b28dfce176 ] Request (QuotasAdminTestV236:_run_cleanups): 204 DELETE http://10.180.1.21/identity/v3/projects/d7bfb2663c4a41498924eb02db13848b 0.119s
2025-04-25 21:30:11.247 71325 INFO tempest.lib.common.rest_client [req-eac51f59-78c4-4ec2-a39b-dacc1c1d327e req-eac51f59-78c4-4ec2-a39b-dacc1c1d327e ] Request (AttachVolumeNegativeTest:test_attach_attached_volume_to_different_server): 200 GET http://10.180.1.21/compute/v2.1/servers/2ff1d794-4c9f-4de9-8283-4a56c527c6d9 0.090s
2025-04-25 21:30:11.303 71323 INFO tempest.lib.common.rest_client [req-b768428e-3a53-4bf2-a9a0-794f85154525 req-b768428e-3a53-4bf2-a9a0-794f85154525 ] Request (AttachInterfacesV270Test:test_create_get_list_interfaces): 200 GET http://10.180.1.21/compute/v2.1/servers/55411331-13f8-46e7-8e47-73686de2724b 0.084s
2025-04-25 21:30:11.378 71319 INFO tempest.lib.common.rest_client [req-ef5e75dc-c1ea-49bd-ad1a-fae6ae307966 req-ef5e75dc-c1ea-49bd-ad1a-fae6ae307966 ] Request (QuotasAdminTestV236:tearDownClass): 204 DELETE http://10.180.1.21/identity/v3/users/9ea2042ca3874666a8ac194ac8a78175 0.160s
2025-04-25 21:30:11.395 71297 INFO tempest.lib.common.rest_client [req-ab322d51-2d12-49df-895c-69a91adc48b4 req-ab322d51-2d12-49df-895c-69a91adc48b4 ] Request (ServersAdminNegativeTestJSON:tearDownClass): 200 GET http://10.180.1.21/compute/v2.1/servers/0f2fbe39-329f-4340-88ed-c490c7b9fde3 0.055s
2025-04-25 21:30:11.448 71318 INFO tempest.lib.common.rest_client [req-82268865-e3cc-4109-a303-c9b26ebfd85a req-82268865-e3cc-4109-a303-c9b26ebfd85a ] Request (ServersTestJSON:test_create_server_specify_multibyte_character_name): 200 GET http://10.180.1.21/compute/v2.1/servers/5191e604-7633-4903-ad1d-c1ecfd3c4d68 0.055s
2025-04-25 21:30:11.469 71327 INFO tempest.lib.common.rest_client [req-d8ec4d25-b544-4a42-b75e-699481a1fd73 req-d8ec4d25-b544-4a42-b75e-699481a1fd73 ] Request (ServersTestManualDisk:setUpClass): 200 GET http://10.180.1.21/compute/v2.1/servers/d0895e3b-e9b0-4ee5-986c-1d92ba4ef1f4 0.052s
2025-04-25 21:30:11.472 71319 INFO tempest.lib.common.rest_client [req-88b8d708-1a34-40a6-abe1-ae0dd2101b3d req-88b8d708-1a34-40a6-abe1-ae0dd2101b3d ] Request (QuotasAdminTestV236:tearDownClass): 204 DELETE http://10.180.1.21/identity/v3/users/b7a4bdef23114209814b37682ee5386a 0.094s
2025-04-25 21:30:11.472 71319 INFO tempest.lib.common.dynamic_creds [-] Deleting project and security group for project: 1d5946b5d737436585cae1ae937ab8c5
2025-04-25 21:30:11.494 71313 INFO tempest.lib.common.rest_client [req-c206b2f9-200e-4c64-a18c-716195fe0aa9 req-c206b2f9-200e-4c64-a18c-716195fe0aa9 ] Request (SecurityGroupsTestJSON:test_server_security_groups): 200 GET http://10.180.1.21/compute/v2.1/servers/f7b8ffd2-fb72-48c4-bfe9-8c778490d64c 0.053s
2025-04-25 21:30:11.524 71319 INFO tempest.lib.common.rest_client [req-5804f110-b063-4ce2-be76-a0ba3075d702 req-5804f110-b063-4ce2-be76-a0ba3075d702 ] Request (QuotasAdminTestV236:tearDownClass): 201 POST http://10.180.1.21/identity/v3/auth/tokens 0.052s
2025-04-25 21:30:11.555 71355 INFO tempest.lib.common.rest_client [req-ff014b6e-cb80-4a73-86d0-4141ab321abe req-ff014b6e-cb80-4a73-86d0-4141ab321abe ] Request (FloatingIPsAssociationTestJSON:tearDownClass): 200 GET http://10.180.1.21/compute/v2.1/servers/a425d7d3-d3a8-4864-b46d-a1aad3642079 0.067s
2025-04-25 21:30:11.556 71301 INFO tempest.lib.common.rest_client [req-4ea4e59f-856c-4709-ae68-9cac89e50872 req-4ea4e59f-856c-4709-ae68-9cac89e50872 ] Request (ServerRescueNegativeTestJSON:setUpClass): 200 GET http://10.180.1.21/compute/v2.1/servers/dba13c6a-7c9b-4a79-9173-2296a2688c55 0.056s
2025-04-25 21:30:11.602 71339 INFO tempest.lib.common.rest_client [req-2484d78f-662c-4f08-9b97-1395eaa7da37 req-2484d78f-662c-4f08-9b97-1395eaa7da37 ] Request (ServerDiskConfigTestJSON:test_resize_server_from_auto_to_manual): 200 GET http://10.180.1.21/compute/v2.1/servers/51fa14a5-b703-4023-a641-4ca9894bdc49 0.065s
2025-04-25 21:30:11.639 71295 INFO tempest.lib.common.rest_client [req-b5ed7917-941c-446a-8e99-f7909e4ec0e8 req-b5ed7917-941c-446a-8e99-f7909e4ec0e8 ] Request (AttachInterfacesTestJSON:_run_cleanups): 200 GET http://10.180.1.21/compute/v2.1/servers/5f1c69bc-256b-4dc1-991f-0fca1f272943 0.066s
2025-04-25 21:30:11.652 71309 INFO tempest.lib.common.rest_client [req-95f2735e-98ac-481f-a57d-5f97b7a224d9 req-95f2735e-98ac-481f-a57d-5f97b7a224d9 ] Request (ServerDiagnosticsTest:test_get_server_diagnostics): 200 GET http://10.180.1.21/compute/v2.1/servers/7920b620-2349-4217-b3de-ca887e5d9116 0.048s
2025-04-25 21:30:11.671 71319 INFO tempest.lib.common.rest_client [req-fd971c28-d207-452e-bd0a-91c90adea34c req-fd971c28-d207-452e-bd0a-91c90adea34c ] Request (QuotasAdminTestV236:tearDownClass): 200 GET http://10.180.1.21:9696/networking/v2.0/security-groups?tenant_id=1d5946b5d737436585cae1ae937ab8c5&name=default 0.146s
2025-04-25 21:30:11.687 71305 INFO tempest.lib.common.rest_client [req-2b02bad1-40f1-46cf-9936-75ac32ace70f req-2b02bad1-40f1-46cf-9936-75ac32ace70f ] Request (ListImageFiltersTestJSON:setUpClass): 200 GET http://10.180.1.21/compute/v2.1/servers/da927a37-b921-460f-aef6-e3422f9f3ab8 0.057s
2025-04-25 21:30:11.732 71347 INFO tempest.lib.common.rest_client [req-4d83dbaa-62a6-4fe1-a28a-3d54319cd70c req-4d83dbaa-62a6-4fe1-a28a-3d54319cd70c ] Request (ServerActionsTestOtherB:test_create_backup): 200 GET http://10.180.1.21/image/v2/images/55435ebf-71e6-4efb-91da-2bb34c239076 0.021s
2025-04-25 21:30:11.740 71303 INFO tempest.lib.common.rest_client [req-2b82d83b-e259-4a96-a9c4-0753424e2e30 req-2b82d83b-e259-4a96-a9c4-0753424e2e30 ] Request (InstanceActionsTestJSON:tearDownClass): 200 GET http://10.180.1.21/compute/v2.1/servers/9ee2d52c-ad37-40c9-9140-c1e7c8ba451f 0.057s
2025-04-25 21:30:11.762 71337 INFO tempest.lib.common.rest_client [req-0efb5e64-3fd1-4379-b19d-51f9010bfe72 req-0efb5e64-3fd1-4379-b19d-51f9010bfe72 ] Request (ServerRescueTestJSON:test_rescue_unrescue_instance): 200 GET http://10.180.1.21/compute/v2.1/servers/4f0b7637-6afd-4b78-aca9-ba2f6af4f764 0.054s
2025-04-25 21:30:11.790 71319 INFO tempest.lib.common.rest_client [req-c7099e9a-2aa1-44d5-bdc2-010020ee626e req-c7099e9a-2aa1-44d5-bdc2-010020ee626e ] Request (QuotasAdminTestV236:tearDownClass): 204 DELETE http://10.180.1.21:9696/networking/v2.0/security-groups/8cc48504-9f83-44ba-956c-1c632cb193b3 0.118s
2025-04-25 21:30:11.818 71335 INFO tempest.lib.common.rest_client [req-989ffd1e-cc34-4abd-843b-2dd1422a6993 req-989ffd1e-cc34-4abd-843b-2dd1422a6993 ] Request (ServerShowV254Test:tearDownClass): 200 GET http://10.180.1.21/compute/v2.1/servers/18779dc5-88dd-4b52-b3a0-aba8cac880e6 0.067s
2025-04-25 21:30:11.830 71357 INFO tempest.lib.common.rest_client [req-f25be565-334b-4b93-99ff-b6ecc0968dfc req-f25be565-334b-4b93-99ff-b6ecc0968dfc ] Request (ImagesNegativeTestJSON:test_create_image_from_deleted_server): 200 GET http://10.180.1.21/compute/v2.1/servers/4b88a240-eedd-4d3d-ab3e-9f793f020f83 0.064s
2025-04-25 21:30:11.836 71357 INFO tempest.common.waiters [-] State transition "BUILD/scheduling" ==> "BUILD/None" after 39 second wait
2025-04-25 21:30:11.863 71319 INFO tempest.lib.common.rest_client [req-fe0ddc2e-db51-4890-8213-6c8d1f92f5b5 req-fe0ddc2e-db51-4890-8213-6c8d1f92f5b5 ] Request (QuotasAdminTestV236:tearDownClass): 204 DELETE http://10.180.1.21/identity/v3/projects/1d5946b5d737436585cae1ae937ab8c5 0.073s
2025-04-25 21:30:11.863 71319 INFO tempest.lib.common.dynamic_creds [-] Deleting project and security group for project: 6f7cfb6c12724534bfd7be21919f32fa
2025-04-25 21:30:11.866 71345 INFO tempest.lib.common.rest_client [req-cbed0a24-e94f-4045-b5ba-79783a2ebb88 req-cbed0a24-e94f-4045-b5ba-79783a2ebb88 ] Request (ServersTestMultiNic:test_verify_multiple_nics_order): 200 GET http://10.180.1.21/compute/v2.1/servers/d384a829-fab2-4f70-bae5-6460ad85fa20 0.058s
2025-04-25 21:30:11.999 71319 INFO tempest.lib.common.rest_client [req-1ca3d9ac-ee87-440b-9146-30999e12a546 req-1ca3d9ac-ee87-440b-9146-30999e12a546 ] Request (QuotasAdminTestV236:tearDownClass): 200 GET http://10.180.1.21:9696/networking/v2.0/security-groups?tenant_id=6f7cfb6c12724534bfd7be21919f32fa&name=default 0.136s
2025-04-25 21:30:12.013 71351 INFO tempest.lib.common.rest_client [req-d501a8ac-6600-4826-a12a-7c2d1ec69a5d req-d501a8ac-6600-4826-a12a-7c2d1ec69a5d ] Request (ServersAdminTestJSON:test_inject_network_info): 200 GET http://10.180.1.21/compute/v2.1/servers/f1210592-f6bf-44c0-bc06-8e92caa2754d 0.070s
2025-04-25 21:30:12.018 71307 INFO tempest.lib.common.rest_client [req-df3fa505-a65a-4807-b51b-b834240434e4 req-df3fa505-a65a-4807-b51b-b834240434e4 ] Request (ListServerFiltersTestJSON:test_list_servers_filter_by_shutoff_status): 200 GET http://10.180.1.21/compute/v2.1/servers/82a67b38-0395-41d6-bbd0-6e7dc4355e7a 0.132s
2025-04-25 21:30:12.069 71315 INFO tempest.lib.common.rest_client [req-b817fc6b-8901-412b-9a0e-b42d01aec2a9 req-b817fc6b-8901-412b-9a0e-b42d01aec2a9 ] Request (ServersAdmin275Test:test_rebuild_update_server_275): 200 GET http://10.180.1.21/compute/v2.1/servers/91cfc32f-29e6-4ae5-90d1-9ecf226bf5ce 0.092s
2025-04-25 21:30:12.071 71349 INFO tempest.lib.common.rest_client [req-b2801f19-0a76-4389-b8ca-50e444945e06 req-b2801f19-0a76-4389-b8ca-50e444945e06 ] Request (InstanceActionsV221TestJSON:test_get_list_deleted_instance_actions): 200 GET http://10.180.1.21/compute/v2.1/servers/ddabc195-3a39-4139-8248-5320cd09d48f 0.076s
2025-04-25 21:30:12.100 71319 INFO tempest.lib.common.rest_client [req-11968461-cb2c-452e-a817-69707111e032 req-11968461-cb2c-452e-a817-69707111e032 ] Request (QuotasAdminTestV236:tearDownClass): 204 DELETE http://10.180.1.21:9696/networking/v2.0/security-groups/a4896cf4-9ed7-4390-8dcd-86dc7c5a714e 0.099s
2025-04-25 21:30:12.183 71319 INFO tempest.lib.common.rest_client [req-e76e64ba-709b-463e-b2a2-4e51a87b19ee req-e76e64ba-709b-463e-b2a2-4e51a87b19ee ] Request (QuotasAdminTestV236:tearDownClass): 204 DELETE http://10.180.1.21/identity/v3/projects/6f7cfb6c12724534bfd7be21919f32fa 0.083s
2025-04-25 21:30:12.250 71319 INFO tempest.lib.common.rest_client [req-a973e99e-24bc-4288-8f5d-f6e58397e403 req-a973e99e-24bc-4288-8f5d-f6e58397e403 ] Request (ImagesOneServerNegativeTestJSON:setUpClass): 201 POST http://10.180.1.21/identity/v3/auth/tokens 0.066s
2025-04-25 21:30:12.257 71333 INFO tempest.lib.common.rest_client [req-90c35cbf-3d5a-49b3-9f84-564cff6aa121 req-90c35cbf-3d5a-49b3-9f84-564cff6aa121 ] Request (ServersV294TestFqdnHostnames:setUpClass): 200 GET http://10.180.1.21/compute/v2.1/servers/c0761181-cec1-453c-adfe-a575a7242897 0.076s
2025-04-25 21:30:12.268 71332 INFO tempest.lib.common.rest_client [req-8a1cfa3b-399b-4d12-8ebf-52fe06d5fe9f req-8a1cfa3b-399b-4d12-8ebf-52fe06d5fe9f ] Request (ListServersNegativeTestJSON:setUpClass): 200 GET http://10.180.1.21/compute/v2.1/servers/bec21396-170b-41fb-9b54-9170d7654d50 0.110s
2025-04-25 21:30:12.282 71319 INFO tempest.lib.common.rest_client [req-6cae906a-7597-4296-809f-de3e24bf082d req-6cae906a-7597-4296-809f-de3e24bf082d ] Request (ImagesOneServerNegativeTestJSON:setUpClass): 201 POST http://10.180.1.21/identity/v3/auth/tokens 0.029s
2025-04-25 21:30:12.309 71319 INFO tempest.lib.common.rest_client [req-191d2e84-2f35-4261-9eaf-05a5b2a15d37 req-191d2e84-2f35-4261-9eaf-05a5b2a15d37 ] Request (ImagesOneServerNegativeTestJSON:setUpClass): 200 GET http://10.180.1.21/identity/v3/domains?name=Default 0.026s
2025-04-25 21:30:12.319 71325 INFO tempest.lib.common.rest_client [req-f139cf52-1af8-4e38-87e4-6624525de491 req-f139cf52-1af8-4e38-87e4-6624525de491 ] Request (AttachVolumeNegativeTest:test_attach_attached_volume_to_different_server): 200 GET http://10.180.1.21/compute/v2.1/servers/2ff1d794-4c9f-4de9-8283-4a56c527c6d9 0.063s
2025-04-25 21:30:12.343 71319 INFO tempest.lib.common.rest_client [req-9b136788-7e2f-42e3-9691-f1e1e1a3cd44 req-9b136788-7e2f-42e3-9691-f1e1e1a3cd44 ] Request (ImagesOneServerNegativeTestJSON:setUpClass): 201 POST http://10.180.1.21/identity/v3/projects 0.033s
2025-04-25 21:30:12.380 71323 INFO tempest.lib.common.rest_client [req-9458dcc1-2751-46e6-972a-a03803ea3e8a req-9458dcc1-2751-46e6-972a-a03803ea3e8a ] Request (AttachInterfacesV270Test:test_create_get_list_interfaces): 200 GET http://10.180.1.21/compute/v2.1/servers/55411331-13f8-46e7-8e47-73686de2724b 0.066s
2025-04-25 21:30:12.406 71319 INFO tempest.lib.common.rest_client [req-eb25cced-18d7-479b-a93f-a4f7ff836a0d req-eb25cced-18d7-479b-a93f-a4f7ff836a0d ] Request (ImagesOneServerNegativeTestJSON:setUpClass): 201 POST http://10.180.1.21/identity/v3/users 0.062s
2025-04-25 21:30:12.428 71319 INFO tempest.lib.common.rest_client [req-77d8234a-16ba-4944-b691-7bf6ff1444b1 req-77d8234a-16ba-4944-b691-7bf6ff1444b1 ] Request (ImagesOneServerNegativeTestJSON:setUpClass): 200 GET http://10.180.1.21/identity/v3/roles 0.022s
2025-04-25 21:30:12.458 71319 INFO tempest.lib.common.rest_client [req-1cb243ea-a70f-466f-a97e-e33152019363 req-1cb243ea-a70f-466f-a97e-e33152019363 ] Request (ImagesOneServerNegativeTestJSON:setUpClass): 204 PUT http://10.180.1.21/identity/v3/projects/7683c8bdd082486cb0c09832c82fa782/users/7baa6caea74c4b848eae958f4df349aa/roles/584b010d32f040e6be8a7b54a0a78fde 0.029s
2025-04-25 21:30:12.458 71319 INFO tempest.lib.common.dynamic_creds [-] Dynamic test user 7baa6caea74c4b848eae958f4df349aa is created with scope project and roles: ['member']
2025-04-25 21:30:12.459 71319 INFO tempest.lib.common.dynamic_creds [-] Acquired dynamic creds: credentials: Credentials: {'domain_id': 'default', 'domain_name': 'Default', 'username': 'tempest-ImagesOneServerNegativeTestJSON-1651485893-project-member', 'project_domain_id': 'default', 'project_domain_name': 'Default', 'project_id': '7683c8bdd082486cb0c09832c82fa782', 'project_name': 'tempest-ImagesOneServerNegativeTestJSON-1651485893', 'tenant_id': '7683c8bdd082486cb0c09832c82fa782', 'tenant_name': 'tempest-ImagesOneServerNegativeTestJSON-1651485893', 'user_domain_id': 'default', 'user_domain_name': 'Default', 'user_id': '7baa6caea74c4b848eae958f4df349aa', 'system': None}, Network: None, Subnet: None, Router: None
2025-04-25 21:30:12.461 71297 INFO tempest.lib.common.rest_client [req-b7f8dbf8-2d71-4d1e-998f-ba57b79a817b req-b7f8dbf8-2d71-4d1e-998f-ba57b79a817b ] Request (ServersAdminNegativeTestJSON:tearDownClass): 200 GET http://10.180.1.21/compute/v2.1/servers/0f2fbe39-329f-4340-88ed-c490c7b9fde3 0.057s
2025-04-25 21:30:12.532 71319 INFO tempest.lib.common.rest_client [req-efef5232-4d39-48f4-b940-23d0eb77b24f req-efef5232-4d39-48f4-b940-23d0eb77b24f ] Request (ImagesOneServerNegativeTestJSON:setUpClass): 201 POST http://10.180.1.21/identity/v3/auth/tokens 0.072s
2025-04-25 21:30:12.538 71318 INFO tempest.lib.common.rest_client [req-2bc0772b-9247-4d7e-a728-fe9fcbd42e38 req-2bc0772b-9247-4d7e-a728-fe9fcbd42e38 ] Request (ServersTestJSON:test_create_server_specify_multibyte_character_name): 200 GET http://10.180.1.21/compute/v2.1/servers/5191e604-7633-4903-ad1d-c1ecfd3c4d68 0.081s
2025-04-25 21:30:12.563 71327 INFO tempest.lib.common.rest_client [req-6dfe876b-aaa4-45bf-8dd0-57cc32431814 req-6dfe876b-aaa4-45bf-8dd0-57cc32431814 ] Request (ServersTestManualDisk:setUpClass): 200 GET http://10.180.1.21/compute/v2.1/servers/d0895e3b-e9b0-4ee5-986c-1d92ba4ef1f4 0.086s
2025-04-25 21:30:12.598 71313 INFO tempest.lib.common.rest_client [req-92cb6f24-6dc4-4b2c-8f29-aea96932340e req-92cb6f24-6dc4-4b2c-8f29-aea96932340e ] Request (SecurityGroupsTestJSON:test_server_security_groups): 200 GET http://10.180.1.21/compute/v2.1/servers/f7b8ffd2-fb72-48c4-bfe9-8c778490d64c 0.094s
2025-04-25 21:30:12.651 71355 INFO tempest.lib.common.rest_client [req-3326f55a-5aef-43db-8f77-947bb45cc0ef req-3326f55a-5aef-43db-8f77-947bb45cc0ef ] Request (FloatingIPsAssociationTestJSON:tearDownClass): 200 GET http://10.180.1.21/compute/v2.1/servers/a425d7d3-d3a8-4864-b46d-a1aad3642079 0.088s
2025-04-25 21:30:12.656 71301 INFO tempest.lib.common.rest_client [req-873af47c-cdf2-4e48-966f-7db0e169a769 req-873af47c-cdf2-4e48-966f-7db0e169a769 ] Request (ServerRescueNegativeTestJSON:setUpClass): 200 GET http://10.180.1.21/compute/v2.1/servers/dba13c6a-7c9b-4a79-9173-2296a2688c55 0.092s
2025-04-25 21:30:12.707 71339 INFO tempest.lib.common.rest_client [req-e333ec5d-135c-4658-a52d-79b69beb46be req-e333ec5d-135c-4658-a52d-79b69beb46be ] Request (ServerDiskConfigTestJSON:test_resize_server_from_auto_to_manual): 200 GET http://10.180.1.21/compute/v2.1/servers/51fa14a5-b703-4023-a641-4ca9894bdc49 0.097s
2025-04-25 21:30:12.727 71295 INFO tempest.lib.common.rest_client [req-4bbab7e8-b07d-4183-b07d-990ec35070b2 req-4bbab7e8-b07d-4183-b07d-990ec35070b2 ] Request (AttachInterfacesTestJSON:_run_cleanups): 200 GET http://10.180.1.21/compute/v2.1/servers/5f1c69bc-256b-4dc1-991f-0fca1f272943 0.074s
2025-04-25 21:30:12.749 71347 INFO tempest.lib.common.rest_client [req-4cf956b1-680b-4eed-a092-b57cc50e8365 req-4cf956b1-680b-4eed-a092-b57cc50e8365 ] Request (ServerActionsTestOtherB:test_create_backup): 200 GET http://10.180.1.21/image/v2/images/55435ebf-71e6-4efb-91da-2bb34c239076 0.015s
2025-04-25 21:30:12.773 71309 INFO tempest.lib.common.rest_client [req-d81e8158-f6c6-4949-8d1f-69be64cef518 req-d81e8158-f6c6-4949-8d1f-69be64cef518 ] Request (ServerDiagnosticsTest:test_get_server_diagnostics): 200 GET http://10.180.1.21/compute/v2.1/servers/7920b620-2349-4217-b3de-ca887e5d9116 0.110s
2025-04-25 21:30:12.789 71305 INFO tempest.lib.common.rest_client [req-53742e04-5693-4405-8a8e-94562c6a7bed req-53742e04-5693-4405-8a8e-94562c6a7bed ] Request (ListImageFiltersTestJSON:setUpClass): 200 GET http://10.180.1.21/compute/v2.1/servers/da927a37-b921-460f-aef6-e3422f9f3ab8 0.094s
2025-04-25 21:30:12.852 71303 INFO tempest.lib.common.rest_client [req-f8f57dad-b083-4051-af67-687798b87629 req-f8f57dad-b083-4051-af67-687798b87629 ] Request (InstanceActionsTestJSON:tearDownClass): 200 GET http://10.180.1.21/compute/v2.1/servers/9ee2d52c-ad37-40c9-9140-c1e7c8ba451f 0.104s
2025-04-25 21:30:12.856 71337 INFO tempest.lib.common.rest_client [req-1723640d-0862-472d-a93f-0c7ec0ac3584 req-1723640d-0862-472d-a93f-0c7ec0ac3584 ] Request (ServerRescueTestJSON:test_rescue_unrescue_instance): 200 GET http://10.180.1.21/compute/v2.1/servers/4f0b7637-6afd-4b78-aca9-ba2f6af4f764 0.084s
2025-04-25 21:30:12.905 71319 INFO tempest.lib.common.rest_client [req-4803d250-a59c-46f7-bb71-f56eb55a0c69 req-4803d250-a59c-46f7-bb71-f56eb55a0c69 ] Request (ImagesOneServerNegativeTestJSON:setUpClass): 201 POST http://10.180.1.21:9696/networking/v2.0/networks 0.373s
2025-04-25 21:30:12.925 71357 INFO tempest.lib.common.rest_client [req-dbaabc31-05a5-494d-8023-dec6d99bcf6e req-dbaabc31-05a5-494d-8023-dec6d99bcf6e ] Request (ImagesNegativeTestJSON:test_create_image_from_deleted_server): 200 GET http://10.180.1.21/compute/v2.1/servers/4b88a240-eedd-4d3d-ab3e-9f793f020f83 0.086s
2025-04-25 21:30:12.938 71335 INFO tempest.lib.common.rest_client [req-14d38c7d-e0c8-4da5-bbc3-a513114e5c83 req-14d38c7d-e0c8-4da5-bbc3-a513114e5c83 ] Request (ServerShowV254Test:tearDownClass): 200 GET http://10.180.1.21/compute/v2.1/servers/18779dc5-88dd-4b52-b3a0-aba8cac880e6 0.110s
2025-04-25 21:30:12.979 71345 INFO tempest.lib.common.rest_client [req-1f3b3ddf-6354-439e-9fe9-50836e3ea764 req-1f3b3ddf-6354-439e-9fe9-50836e3ea764 ] Request (ServersTestMultiNic:test_verify_multiple_nics_order): 200 GET http://10.180.1.21/compute/v2.1/servers/d384a829-fab2-4f70-bae5-6460ad85fa20 0.105s
2025-04-25 21:30:13.135 71307 INFO tempest.lib.common.rest_client [req-b676056a-97ed-4f86-bf52-f2ce90ecccc2 req-b676056a-97ed-4f86-bf52-f2ce90ecccc2 ] Request (ListServerFiltersTestJSON:test_list_servers_filter_by_shutoff_status): 200 GET http://10.180.1.21/compute/v2.1/servers/82a67b38-0395-41d6-bbd0-6e7dc4355e7a 0.101s
2025-04-25 21:30:13.207 71319 INFO tempest.lib.common.rest_client [req-429cf195-557e-4a52-853c-c096ac728dcd req-429cf195-557e-4a52-853c-c096ac728dcd ] Request (ImagesOneServerNegativeTestJSON:setUpClass): 201 POST http://10.180.1.21:9696/networking/v2.0/subnets 0.301s
2025-04-25 21:30:13.208 71315 INFO tempest.lib.common.rest_client [req-57516b38-29a5-4432-af92-3d7ff81a1a98 req-57516b38-29a5-4432-af92-3d7ff81a1a98 ] Request (ServersAdmin275Test:test_rebuild_update_server_275): 200 GET http://10.180.1.21/compute/v2.1/servers/91cfc32f-29e6-4ae5-90d1-9ecf226bf5ce 0.129s
2025-04-25 21:30:13.288 71349 INFO tempest.lib.common.rest_client [req-9944c74a-bebb-45b8-8455-88378ae95d92 req-9944c74a-bebb-45b8-8455-88378ae95d92 ] Request (InstanceActionsV221TestJSON:test_get_list_deleted_instance_actions): 200 GET http://10.180.1.21/compute/v2.1/servers/ddabc195-3a39-4139-8248-5320cd09d48f 0.207s
2025-04-25 21:30:13.334 71351 INFO tempest.lib.common.rest_client [req-19e9f919-77cb-4ee8-ac6a-60e50f65076c req-19e9f919-77cb-4ee8-ac6a-60e50f65076c ] Request (ServersAdminTestJSON:test_inject_network_info): 200 GET http://10.180.1.21/compute/v2.1/servers/f1210592-f6bf-44c0-bc06-8e92caa2754d 0.311s
2025-04-25 21:30:13.421 71333 INFO tempest.lib.common.rest_client [req-e8895f2d-8298-4464-a5c3-6464306cb415 req-e8895f2d-8298-4464-a5c3-6464306cb415 ] Request (ServersV294TestFqdnHostnames:setUpClass): 200 GET http://10.180.1.21/compute/v2.1/servers/c0761181-cec1-453c-adfe-a575a7242897 0.154s
2025-04-25 21:30:13.482 71325 INFO tempest.lib.common.rest_client [req-b13517b1-8379-4d90-bdd8-8f6bb43a64c7 req-b13517b1-8379-4d90-bdd8-8f6bb43a64c7 ] Request (AttachVolumeNegativeTest:test_attach_attached_volume_to_different_server): 200 GET http://10.180.1.21/compute/v2.1/servers/2ff1d794-4c9f-4de9-8283-4a56c527c6d9 0.152s
2025-04-25 21:30:13.494 71332 INFO tempest.lib.common.rest_client [req-9f098e05-5903-46c5-8fb3-d253e4bd7f68 req-9f098e05-5903-46c5-8fb3-d253e4bd7f68 ] Request (ListServersNegativeTestJSON:setUpClass): 200 GET http://10.180.1.21/compute/v2.1/servers/bec21396-170b-41fb-9b54-9170d7654d50 0.217s
2025-04-25 21:30:13.770 71347 INFO tempest.lib.common.rest_client [req-2297acc9-3e49-46f0-a9d2-0c7f179766e4 req-2297acc9-3e49-46f0-a9d2-0c7f179766e4 ] Request (ServerActionsTestOtherB:test_create_backup): 200 GET http://10.180.1.21/image/v2/images/55435ebf-71e6-4efb-91da-2bb34c239076 0.020s
2025-04-25 21:30:13.817 71297 INFO tempest.lib.common.rest_client [req-95ba9837-8c60-4c05-8c5f-d3048aad2e8f req-95ba9837-8c60-4c05-8c5f-d3048aad2e8f ] Request (ServersAdminNegativeTestJSON:tearDownClass): 200 GET http://10.180.1.21/compute/v2.1/servers/0f2fbe39-329f-4340-88ed-c490c7b9fde3 0.344s
2025-04-25 21:30:13.828 71297 INFO tempest.common.waiters [-] State transition "ACTIVE/deleting" ==> "DELETED/None" after 4 second wait
2025-04-25 21:30:13.888 71318 INFO tempest.lib.common.rest_client [req-cd87758b-e0f6-4fdc-abe1-f7b30ebe235a req-cd87758b-e0f6-4fdc-abe1-f7b30ebe235a ] Request (ServersTestJSON:test_create_server_specify_multibyte_character_name): 200 GET http://10.180.1.21/compute/v2.1/servers/5191e604-7633-4903-ad1d-c1ecfd3c4d68 0.340s
2025-04-25 21:30:13.925 71323 INFO tempest.lib.common.rest_client [req-07e05770-3d60-4ab5-9d7e-8cc7cc05e0fa req-07e05770-3d60-4ab5-9d7e-8cc7cc05e0fa ] Request (AttachInterfacesV270Test:test_create_get_list_interfaces): 200 GET http://10.180.1.21/compute/v2.1/servers/55411331-13f8-46e7-8e47-73686de2724b 0.535s
2025-04-25 21:30:13.937 71323 INFO tempest.common.waiters [-] State transition "BUILD/None" ==> "BUILD/block_device_mapping" after 46 second wait
2025-04-25 21:30:13.965 71327 INFO tempest.lib.common.rest_client [req-d78cde99-f4cc-437f-9325-7c2ca19d78a8 req-d78cde99-f4cc-437f-9325-7c2ca19d78a8 ] Request (ServersTestManualDisk:setUpClass): 200 GET http://10.180.1.21/compute/v2.1/servers/d0895e3b-e9b0-4ee5-986c-1d92ba4ef1f4 0.393s
2025-04-25 21:30:13.990 71313 INFO tempest.lib.common.rest_client [req-03a6ea96-46dc-4d67-89c8-d5c4b73f1baa req-03a6ea96-46dc-4d67-89c8-d5c4b73f1baa ] Request (SecurityGroupsTestJSON:test_server_security_groups): 200 GET http://10.180.1.21/compute/v2.1/servers/f7b8ffd2-fb72-48c4-bfe9-8c778490d64c 0.383s
2025-04-25 21:30:14.044 71355 INFO tempest.lib.common.rest_client [req-e07e486c-846d-4cee-ab15-3f9e158dd0a9 req-e07e486c-846d-4cee-ab15-3f9e158dd0a9 ] Request (FloatingIPsAssociationTestJSON:tearDownClass): 200 GET http://10.180.1.21/compute/v2.1/servers/a425d7d3-d3a8-4864-b46d-a1aad3642079 0.382s
2025-04-25 21:30:14.065 71301 INFO tempest.lib.common.rest_client [req-12852073-cb50-4952-a37b-8c3b7ac3e33f req-12852073-cb50-4952-a37b-8c3b7ac3e33f ] Request (ServerRescueNegativeTestJSON:setUpClass): 200 GET http://10.180.1.21/compute/v2.1/servers/dba13c6a-7c9b-4a79-9173-2296a2688c55 0.395s
2025-04-25 21:30:14.105 71339 INFO tempest.lib.common.rest_client [req-57a31812-2292-4a4b-955d-4b311971eb85 req-57a31812-2292-4a4b-955d-4b311971eb85 ] Request (ServerDiskConfigTestJSON:test_resize_server_from_auto_to_manual): 200 GET http://10.180.1.21/compute/v2.1/servers/51fa14a5-b703-4023-a641-4ca9894bdc49 0.383s
