2025-04-25 21:31:30.686 71318 INFO tempest.lib.common.rest_client [req-9a2bc715-3a8a-4a15-b0ba-5ec8bf7457b7 req-9a2bc715-3a8a-4a15-b0ba-5ec8bf7457b7 ] Request (ServersTestJSON:test_create_server_with_ipv6_addr_only): 200 GET http://10.180.1.21/compute/v2.1/servers/f70d760d-b27a-4278-9101-32b519021e25 0.135s
2025-04-25 21:31:30.732 71315 INFO tempest.lib.common.rest_client [req-29e304db-8ab7-47b3-8824-fcaebe1ff75b req-29e304db-8ab7-47b3-8824-fcaebe1ff75b ] Request (ServersAdmin275Test:_run_cleanups): 200 GET http://10.180.1.21/compute/v2.1/servers/91cfc32f-29e6-4ae5-90d1-9ecf226bf5ce 0.080s
2025-04-25 21:31:30.777 71305 INFO tempest.lib.common.rest_client [req-59e01fa2-2ac4-428e-9749-a80f6769f1f6 req-59e01fa2-2ac4-428e-9749-a80f6769f1f6 ] Request (ListImageFiltersTestJSON:test_list_images_with_detail_filter_by_server_ref): 200 GET http://10.180.1.21/compute/v2.1/images/detail?server=http%3A%2F%2F10.180.1.21%2Fcompute%2Fv2.1%2Fservers%2Fda927a37-b921-460f-aef6-e3422f9f3ab8 0.091s
2025-04-25 21:31:30.807 71337 INFO tempest.lib.common.rest_client [req-a2641e1b-6577-49de-bef0-c24981f34964 req-a2641e1b-6577-49de-bef0-c24981f34964 ] Request (ServerRescueTestJSON:test_rescue_unrescue_instance): 200 GET http://10.180.1.21/compute/v2.1/servers/4f0b7637-6afd-4b78-aca9-ba2f6af4f764 0.127s
2025-04-25 21:31:30.832 71299 INFO tempest.lib.common.rest_client [req-f92e5f1e-70f9-490c-9894-50e19ed6f01c req-f92e5f1e-70f9-490c-9894-50e19ed6f01c ] Request (ServersNegativeTestMultiTenantJSON:setUpClass): 200 GET http://10.180.1.21/compute/v2.1/servers/112e15b9-7ca2-46df-9ec4-6fdb30a92235 0.137s
2025-04-25 21:31:30.859 71329 WARNING tempest.lib.common.ssh [-] Failed to establish authenticated ssh connection to cirros@10.180.180.179 ([Errno None] Unable to connect to port 22 on 10.180.180.179). Number attempts: 13. Retry after 14 seconds.: paramiko.ssh_exception.NoValidConnectionsError: [Errno None] Unable to connect to port 22 on 10.180.180.179
2025-04-25 21:31:30.864 71305 INFO tempest.lib.common.rest_client [req-1b2e9caf-dc3c-41dd-b102-4dee717072a8 req-1b2e9caf-dc3c-41dd-b102-4dee717072a8 ] Request (ListImageFiltersTestJSON:test_list_images_with_detail_filter_by_server_ref): 200 GET http://10.180.1.21/compute/v2.1/images/detail?server=http%3A%2F%2F10.180.1.21%2Fcompute%2Fservers%2Fda927a37-b921-460f-aef6-e3422f9f3ab8 0.083s
2025-04-25 21:31:30.936 71305 INFO tempest.lib.common.rest_client [req-c1d98520-1798-4b99-82bd-e6575f3fae2c req-c1d98520-1798-4b99-82bd-e6575f3fae2c ] Request (ListImageFiltersTestJSON:test_list_images_with_detail_filter_by_status): 200 GET http://10.180.1.21/compute/v2.1/images/detail?status=ACTIVE 0.067s
2025-04-25 21:31:30.976 71339 INFO tempest.lib.common.rest_client [req-57a97842-c30c-4f9f-a958-1bc08807e93a req-57a97842-c30c-4f9f-a958-1bc08807e93a ] Request (ServerDiskConfigTestJSON:test_resize_server_from_auto_to_manual): 200 GET http://10.180.1.21/compute/v2.1/servers/51fa14a5-b703-4023-a641-4ca9894bdc49 0.091s
2025-04-25 21:31:30.984 71339 INFO tempest.common.waiters [-] State transition "BUILD/spawning" ==> "ACTIVE/None" after 80 second wait
2025-04-25 21:31:30.990 71295 INFO tempest.lib.common.rest_client [req-f36e6af2-f7b1-4ab7-b487-0679e1645fee req-f36e6af2-f7b1-4ab7-b487-0679e1645fee ] Request (AttachInterfacesTestJSON:test_create_list_show_delete_interfaces_by_network_port): 200 GET http://10.180.1.21/compute/v2.1/servers/f98e64de-6d1f-4dce-a8f9-ab2a0f00e4b1 0.050s
2025-04-25 21:31:31.012 71323 INFO tempest.lib.common.rest_client [req-6db5e590-a6f4-4a78-ba63-f65be150e313 req-6db5e590-a6f4-4a78-ba63-f65be150e313 ] Request (ServersTestBootFromVolume:setUpClass): 200 GET http://10.180.1.21/volume/v3/volumes/00f7200f-529a-40b8-b54c-d645fb13f4c0 0.026s
2025-04-25 21:31:31.017 71305 INFO tempest.lib.common.rest_client [req-7ae8d2e4-8e3a-4e25-9f0e-a38d0d656280 req-7ae8d2e4-8e3a-4e25-9f0e-a38d0d656280 ] Request (ListImageFiltersTestJSON:test_list_images_with_detail_filter_by_type): 200 GET http://10.180.1.21/compute/v2.1/images/detail?type=snapshot 0.074s
2025-04-25 21:31:31.092 71319 INFO tempest.lib.common.rest_client [req-e01cfceb-4e08-4c7a-b8dc-601edfab6b83 req-e01cfceb-4e08-4c7a-b8dc-601edfab6b83 ] Request (ImagesOneServerNegativeTestJSON:setUpClass): 200 GET http://10.180.1.21/compute/v2.1/servers/d774d0e2-6a7c-4e3e-9c6b-c0a7c1d9d31f 0.137s
2025-04-25 21:31:31.109 71339 INFO tempest.lib.common.rest_client [req-6b407d85-5330-46a7-b991-53abc1798934 req-6b407d85-5330-46a7-b991-53abc1798934 ] Request (ServerDiskConfigTestJSON:test_resize_server_from_auto_to_manual): 200 GET http://10.180.1.21/compute/v2.1/servers/51fa14a5-b703-4023-a641-4ca9894bdc49 0.125s
2025-04-25 21:31:31.136 71305 INFO tempest.lib.common.rest_client [req-c6d8ea20-bcf3-4327-be80-89c8b60c098b req-c6d8ea20-bcf3-4327-be80-89c8b60c098b ] Request (ListImageFiltersTestJSON:test_list_images_with_detail_filter_by_type): 200 GET http://10.180.1.21/compute/v2.1/images/b7ed0e28-71c9-4a85-a64f-9f8015abf16e 0.114s
2025-04-25 21:31:31.152 71345 INFO tempest.lib.common.rest_client [req-ec622bc2-f902-47e2-915c-fc21a9d7bf47 req-ec622bc2-f902-47e2-915c-fc21a9d7bf47 ] Request (ServersTestMultiNic:_run_cleanups): 200 GET http://10.180.1.21/compute/v2.1/servers/d384a829-fab2-4f70-bae5-6460ad85fa20 0.141s
2025-04-25 21:31:31.187 71297 INFO tempest.lib.common.rest_client [req-48f50a34-170b-4832-93f9-278ace955fcd req-48f50a34-170b-4832-93f9-278ace955fcd ] Request (ServerActionsV293TestJSON:setUpClass): 200 GET http://10.180.1.21/compute/v2.1/servers/c0b6fcc0-efae-446d-b1c6-d734c56d6671 0.144s
2025-04-25 21:31:31.205 71357 INFO tempest.lib.common.rest_client [req-db82111b-1ca4-429e-bdb2-601c61696555 req-db82111b-1ca4-429e-bdb2-601c61696555 ] Request (ImagesNegativeTestJSON:test_create_image_from_deleted_server): 200 GET http://10.180.1.21/compute/v2.1/servers/4b88a240-eedd-4d3d-ab3e-9f793f020f83 0.137s
2025-04-25 21:31:31.246 71339 INFO tempest.lib.common.rest_client [req-202315ab-e468-4467-9fc2-5dc3d84a3b1f req-202315ab-e468-4467-9fc2-5dc3d84a3b1f ] Request (ServerDiskConfigTestJSON:test_resize_server_from_auto_to_manual): 200 PUT http://10.180.1.21/compute/v2.1/servers/51fa14a5-b703-4023-a641-4ca9894bdc49 0.129s
2025-04-25 21:31:31.283 71305 INFO tempest.lib.common.rest_client [req-04d5f5d9-9ba4-4cda-a0a2-23c217d5ae8a req-04d5f5d9-9ba4-4cda-a0a2-23c217d5ae8a ] Request (ListImageFiltersTestJSON:test_list_images_with_detail_limit_results): 200 GET http://10.180.1.21/compute/v2.1/images/detail?limit=1 0.143s
2025-04-25 21:31:31.383 71311 INFO tempest.lib.common.rest_client [req-3cf22a13-aaa2-461d-a2e0-03908251bd96 req-3cf22a13-aaa2-461d-a2e0-03908251bd96 ] Request (ServerPasswordTestJSON:setUpClass): 200 GET http://10.180.1.21/compute/v2.1/servers/b5c16548-e04e-4c7e-9800-0b3ce0cb2aa8 0.200s
2025-04-25 21:31:31.496 71351 INFO tempest.lib.common.rest_client [req-ce163625-810d-47d4-8d60-e38f5e76db30 req-ce163625-810d-47d4-8d60-e38f5e76db30 ] Request (ServersAdminTestJSON:tearDownClass): 200 GET http://10.180.1.21/compute/v2.1/servers/f1210592-f6bf-44c0-bc06-8e92caa2754d 0.295s
2025-04-25 21:31:31.549 71347 INFO tempest.lib.common.rest_client [req-5ad4f616-f11a-4a24-9719-9b316c25f83e req-5ad4f616-f11a-4a24-9719-9b316c25f83e ] Request (ServerActionsTestOtherB:test_resize_server_confirm_from_stopped): 200 GET http://10.180.1.21/compute/v2.1/servers/dc4f6db8-170b-4d56-b3bc-80316ec8aed5 0.415s
2025-04-25 21:31:31.563 71355 INFO tempest.lib.common.rest_client [req-fcb00c8b-f9d1-4f1b-abbe-312a6b450750 req-fcb00c8b-f9d1-4f1b-abbe-312a6b450750 ] Request (ImagesOneServerTestJSON:setUpClass): 200 GET http://10.180.1.21/compute/v2.1/servers/ec672346-e564-4eae-985e-c3fc978ab8f4 0.312s
2025-04-25 21:31:31.640 71303 INFO tempest.lib.common.rest_client [req-354d4655-8e9b-4d4b-89b5-e16053f92999 req-354d4655-8e9b-4d4b-89b5-e16053f92999 ] Request (MultipleCreateTestJSON:test_multiple_create): 200 GET http://10.180.1.21/compute/v2.1/servers/e55dc1c4-8009-4a3b-950b-48e7c35839d4 0.359s
2025-04-25 21:31:31.724 71339 INFO tempest.lib.common.rest_client [req-c808b3c3-342f-4821-bb49-a1498c0a49e9 req-c808b3c3-342f-4821-bb49-a1498c0a49e9 ] Request (ServerDiskConfigTestJSON:test_resize_server_from_auto_to_manual): 200 GET http://10.180.1.21/compute/v2.1/servers/51fa14a5-b703-4023-a641-4ca9894bdc49 0.473s
2025-04-25 21:31:31.782 71305 INFO tempest.lib.common.rest_client [req-4dbd5e0c-c3be-441d-8fb6-d3ffd7e2747a req-4dbd5e0c-c3be-441d-8fb6-d3ffd7e2747a ] Request (ListImageFiltersTestJSON:tearDownClass): 204 DELETE http://10.180.1.21/compute/v2.1/images/fa41a02a-2308-4a4a-afdc-ed9eaf3589a4 0.492s
2025-04-25 21:31:31.824 71309 INFO tempest.lib.common.rest_client [req-cca17b55-01ee-43fb-b422-c2c58f10e9ab req-cca17b55-01ee-43fb-b422-c2c58f10e9ab ] Request (ServerDiagnosticsTest:tearDownClass): 200 GET http://10.180.1.21/compute/v2.1/servers/7920b620-2349-4217-b3de-ca887e5d9116 0.476s
2025-04-25 21:31:31.855 71349 INFO tempest.lib.common.rest_client [req-80777a82-8f6b-4dbd-853c-6c67e3fa4c78 req-80777a82-8f6b-4dbd-853c-6c67e3fa4c78 ] Request (InstanceActionsV221TestJSON:test_get_list_deleted_instance_actions): 200 GET http://10.180.1.21/compute/v2.1/servers/ddabc195-3a39-4139-8248-5320cd09d48f 0.435s
2025-04-25 21:31:31.886 71301 INFO tempest.lib.common.rest_client [req-49f23004-e714-4ad1-ad79-c38861214467 req-49f23004-e714-4ad1-ad79-c38861214467 ] Request (ServerRescueNegativeTestJSON:test_rescued_vm_detach_volume): 200 GET http://10.180.1.21/compute/v2.1/servers/99de49b6-a37c-4bde-acf5-7f90d5f432de 0.355s
2025-04-25 21:31:31.916 71307 INFO tempest.lib.common.rest_client [req-b03e9065-d074-4f20-bd57-1b5c1e9a2e88 req-b03e9065-d074-4f20-bd57-1b5c1e9a2e88 ] Request (ListServerFiltersTestJSON:tearDownClass): 200 GET http://10.180.1.21/compute/v2.1/servers/82a67b38-0395-41d6-bbd0-6e7dc4355e7a 0.371s
2025-04-25 21:31:31.952 71313 INFO tempest.lib.common.rest_client [req-ee9013c2-0ead-4f3a-95ac-c4a0ed4469b5 req-ee9013c2-0ead-4f3a-95ac-c4a0ed4469b5 ] Request (SecurityGroupsTestJSON:test_server_security_groups): 200 GET http://10.180.1.21/compute/v2.1/servers/f7b8ffd2-fb72-48c4-bfe9-8c778490d64c 0.305s
2025-04-25 21:31:31.984 71332 INFO tempest.lib.common.rest_client [req-39539d17-b08e-4092-b697-dc51626ddfdc req-39539d17-b08e-4092-b697-dc51626ddfdc ] Request (ListServersNegativeTestJSON:tearDownClass): 200 GET http://10.180.1.21/compute/v2.1/servers/d1b322c8-c490-43ef-b7b3-74cd3b159cec 0.331s
2025-04-25 21:31:31.999 71325 WARNING tempest.lib.common.ssh [-] Failed to establish authenticated ssh connection to cirros@10.180.180.131 ([Errno None] Unable to connect to port 22 on 10.180.180.131). Number attempts: 6. Retry after 7 seconds.: paramiko.ssh_exception.NoValidConnectionsError: [Errno None] Unable to connect to port 22 on 10.180.180.131
2025-04-25 21:31:32.011 71318 INFO tempest.lib.common.rest_client [req-9e1883be-24b0-46c2-8072-0301878e02ad req-9e1883be-24b0-46c2-8072-0301878e02ad ] Request (ServersTestJSON:test_create_server_with_ipv6_addr_only): 200 GET http://10.180.1.21/compute/v2.1/servers/f70d760d-b27a-4278-9101-32b519021e25 0.313s
2025-04-25 21:31:32.049 71323 INFO tempest.lib.common.rest_client [req-008540cd-a83e-4f74-9468-70cd2be2a1f0 req-008540cd-a83e-4f74-9468-70cd2be2a1f0 ] Request (ServersTestBootFromVolume:setUpClass): 200 GET http://10.180.1.21/volume/v3/volumes/00f7200f-529a-40b8-b54c-d645fb13f4c0 0.029s
2025-04-25 21:31:32.055 71323 INFO tempest.common.waiters [-] volume 00f7200f-529a-40b8-b54c-d645fb13f4c0 reached available after waiting for 18.055282 seconds
2025-04-25 21:31:32.080 71315 INFO tempest.lib.common.rest_client [req-efbf6cc1-934c-438e-9d5d-6ba3df7f743e req-efbf6cc1-934c-438e-9d5d-6ba3df7f743e ] Request (ServersAdmin275Test:_run_cleanups): 200 GET http://10.180.1.21/compute/v2.1/servers/91cfc32f-29e6-4ae5-90d1-9ecf226bf5ce 0.335s
2025-04-25 21:31:32.097 71339 INFO tempest.lib.common.rest_client [req-8ff1dc54-6ce8-45ed-b80f-e91201cca27f req-8ff1dc54-6ce8-45ed-b80f-e91201cca27f ] Request (ServerDiskConfigTestJSON:test_resize_server_from_auto_to_manual): 200 GET http://10.180.1.21/compute/v2.1/servers/51fa14a5-b703-4023-a641-4ca9894bdc49 0.357s
2025-04-25 21:31:32.187 71305 INFO tempest.lib.common.rest_client [req-083d9732-7e70-43fd-a035-8800ced21bae req-083d9732-7e70-43fd-a035-8800ced21bae ] Request (ListImageFiltersTestJSON:tearDownClass): 204 DELETE http://10.180.1.21/compute/v2.1/images/7ec999a7-947c-4207-a912-b6e0b15c8dda 0.405s
2025-04-25 21:31:32.223 71337 INFO tempest.lib.common.rest_client [req-29c8ab8a-83f3-4879-9607-7273a332d993 req-29c8ab8a-83f3-4879-9607-7273a332d993 ] Request (ServerRescueTestJSON:test_rescue_unrescue_instance): 200 GET http://10.180.1.21/compute/v2.1/servers/4f0b7637-6afd-4b78-aca9-ba2f6af4f764 0.407s
2025-04-25 21:31:32.233 71321 WARNING tempest.lib.common.ssh [-] Failed to establish authenticated ssh connection to cirros@10.180.180.144 ([Errno None] Unable to connect to port 22 on 10.180.180.144). Number attempts: 14. Retry after 15 seconds.: paramiko.ssh_exception.NoValidConnectionsError: [Errno None] Unable to connect to port 22 on 10.180.180.144
2025-04-25 21:31:32.239 71299 INFO tempest.lib.common.rest_client [req-06edb449-c1e2-4a99-ac5f-85493ccbdd8d req-06edb449-c1e2-4a99-ac5f-85493ccbdd8d ] Request (ServersNegativeTestMultiTenantJSON:setUpClass): 200 GET http://10.180.1.21/compute/v2.1/servers/112e15b9-7ca2-46df-9ec4-6fdb30a92235 0.400s
2025-04-25 21:31:32.298 71295 INFO tempest.lib.common.rest_client [req-6fa194c8-211c-4aa8-b3df-c463134da541 req-6fa194c8-211c-4aa8-b3df-c463134da541 ] Request (AttachInterfacesTestJSON:test_create_list_show_delete_interfaces_by_network_port): 200 GET http://10.180.1.21/compute/v2.1/servers/f98e64de-6d1f-4dce-a8f9-ab2a0f00e4b1 0.300s
2025-04-25 21:31:32.496 71319 INFO tempest.lib.common.rest_client [req-c5e9141a-96fe-4f8f-880d-a24ac557d198 req-c5e9141a-96fe-4f8f-880d-a24ac557d198 ] Request (ImagesOneServerNegativeTestJSON:setUpClass): 200 GET http://10.180.1.21/compute/v2.1/servers/d774d0e2-6a7c-4e3e-9c6b-c0a7c1d9d31f 0.395s
2025-04-25 21:31:32.776 71323 INFO tempest.lib.common.rest_client [req-04bf6984-b211-478b-9720-f2b3eb6ce8cf req-04bf6984-b211-478b-9720-f2b3eb6ce8cf ] Request (ServersTestBootFromVolume:setUpClass): 202 POST http://10.180.1.21/compute/v2.1/servers 0.720s
2025-04-25 21:31:32.856 71345 INFO tempest.lib.common.rest_client [req-d879ae7d-f337-4796-8819-7514b1874876 req-d879ae7d-f337-4796-8819-7514b1874876 ] Request (ServersTestMultiNic:_run_cleanups): 200 GET http://10.180.1.21/compute/v2.1/servers/d384a829-fab2-4f70-bae5-6460ad85fa20 0.697s
2025-04-25 21:31:32.954 71305 INFO tempest.lib.common.rest_client [req-2728411c-aaf9-4fc4-aa35-940d5fbc3c7e req-2728411c-aaf9-4fc4-aa35-940d5fbc3c7e ] Request (ListImageFiltersTestJSON:tearDownClass): 204 DELETE http://10.180.1.21/compute/v2.1/images/186964e5-10cd-4275-a0e3-a10c33929c09 0.767s
2025-04-25 21:31:32.956 71339 INFO tempest.lib.common.rest_client [req-332e8ee2-7513-48a9-a675-6054104557c2 req-332e8ee2-7513-48a9-a675-6054104557c2 ] Request (ServerDiskConfigTestJSON:test_resize_server_from_auto_to_manual): 202 POST http://10.180.1.21/compute/v2.1/servers/51fa14a5-b703-4023-a641-4ca9894bdc49/action 0.851s
2025-04-25 21:31:33.020 71357 INFO tempest.lib.common.rest_client [req-a1aaa78d-3ca2-4866-a39f-1b4708a4f160 req-a1aaa78d-3ca2-4866-a39f-1b4708a4f160 ] Request (ImagesNegativeTestJSON:test_create_image_from_deleted_server): 200 GET http://10.180.1.21/compute/v2.1/servers/4b88a240-eedd-4d3d-ab3e-9f793f020f83 0.806s
2025-04-25 21:31:33.036 71297 INFO tempest.lib.common.rest_client [req-b923dff4-5658-4878-ab73-7290214f3240 req-b923dff4-5658-4878-ab73-7290214f3240 ] Request (ServerActionsV293TestJSON:setUpClass): 200 GET http://10.180.1.21/compute/v2.1/servers/c0b6fcc0-efae-446d-b1c6-d734c56d6671 0.837s
2025-04-25 21:31:33.072 71311 INFO tempest.lib.common.rest_client [req-2db5cd9e-bbfe-431a-90e8-ea6ff6704d1d req-2db5cd9e-bbfe-431a-90e8-ea6ff6704d1d ] Request (ServerPasswordTestJSON:setUpClass): 200 GET http://10.180.1.21/compute/v2.1/servers/b5c16548-e04e-4c7e-9800-0b3ce0cb2aa8 0.679s
2025-04-25 21:31:33.083 71311 INFO tempest.common.waiters [-] State transition "BUILD/scheduling" ==> "BUILD/None" after 4 second wait
2025-04-25 21:31:33.105 71351 INFO tempest.lib.common.rest_client [req-09df2a49-f7ac-4c32-9d87-261af36d797e req-09df2a49-f7ac-4c32-9d87-261af36d797e ] Request (ServersAdminTestJSON:tearDownClass): 200 GET http://10.180.1.21/compute/v2.1/servers/f1210592-f6bf-44c0-bc06-8e92caa2754d 0.602s
2025-04-25 21:31:33.167 71355 INFO tempest.lib.common.rest_client [req-0c359c0c-e6c9-4b76-b968-1efd4d748910 req-0c359c0c-e6c9-4b76-b968-1efd4d748910 ] Request (ImagesOneServerTestJSON:setUpClass): 200 GET http://10.180.1.21/compute/v2.1/servers/ec672346-e564-4eae-985e-c3fc978ab8f4 0.592s
2025-04-25 21:31:33.186 71347 INFO tempest.lib.common.rest_client [req-f13938de-4a65-4722-9535-13b3b5cd3e4c req-f13938de-4a65-4722-9535-13b3b5cd3e4c ] Request (ServerActionsTestOtherB:test_resize_server_confirm_from_stopped): 200 GET http://10.180.1.21/compute/v2.1/servers/dc4f6db8-170b-4d56-b3bc-80316ec8aed5 0.627s
2025-04-25 21:31:33.218 71303 INFO tempest.lib.common.rest_client [req-48e8ac74-7d4f-4b54-a8be-706d5eec8585 req-48e8ac74-7d4f-4b54-a8be-706d5eec8585 ] Request (MultipleCreateTestJSON:test_multiple_create): 200 GET http://10.180.1.21/compute/v2.1/servers/e55dc1c4-8009-4a3b-950b-48e7c35839d4 0.562s
2025-04-25 21:31:33.257 71323 INFO tempest.lib.common.rest_client [req-373a2bb3-5328-462a-9afa-2416d75d5ecf req-373a2bb3-5328-462a-9afa-2416d75d5ecf ] Request (ServersTestBootFromVolume:setUpClass): 200 GET http://10.180.1.21/compute/v2.1/servers/1146f010-9ddd-4e74-9d47-000a56e6d4a6 0.480s
2025-04-25 21:31:33.284 71309 INFO tempest.lib.common.rest_client [req-abd62c91-e407-494f-8635-908c15327da8 req-abd62c91-e407-494f-8635-908c15327da8 ] Request (ServerDiagnosticsTest:tearDownClass): 200 GET http://10.180.1.21/compute/v2.1/servers/7920b620-2349-4217-b3de-ca887e5d9116 0.447s
2025-04-25 21:31:33.366 71301 INFO tempest.lib.common.rest_client [req-9c58544b-e3bf-4393-8418-de16ad4af1d7 req-9c58544b-e3bf-4393-8418-de16ad4af1d7 ] Request (ServerRescueNegativeTestJSON:test_rescued_vm_detach_volume): 200 GET http://10.180.1.21/compute/v2.1/servers/99de49b6-a37c-4bde-acf5-7f90d5f432de 0.469s
2025-04-25 21:31:33.374 71349 INFO tempest.lib.common.rest_client [req-a1fd2c53-d4d8-4274-9850-378e6a7fa250 req-a1fd2c53-d4d8-4274-9850-378e6a7fa250 ] Request (InstanceActionsV221TestJSON:test_get_list_deleted_instance_actions): 200 GET http://10.180.1.21/compute/v2.1/servers/ddabc195-3a39-4139-8248-5320cd09d48f 0.509s
2025-04-25 21:31:33.447 71307 INFO tempest.lib.common.rest_client [req-2af4d823-4035-4514-8c3b-0aaffea683a5 req-2af4d823-4035-4514-8c3b-0aaffea683a5 ] Request (ListServerFiltersTestJSON:tearDownClass): 200 GET http://10.180.1.21/compute/v2.1/servers/82a67b38-0395-41d6-bbd0-6e7dc4355e7a 0.523s
2025-04-25 21:31:33.457 71307 INFO tempest.common.waiters [-] State transition "ACTIVE/deleting" ==> "DELETED/None" after 4 second wait
2025-04-25 21:31:33.456 71305 INFO tempest.lib.common.rest_client [req-5fe66718-2f91-4b2f-9852-00990a6262a7 req-5fe66718-2f91-4b2f-9852-00990a6262a7 ] Request (ListImageFiltersTestJSON:tearDownClass): 204 DELETE http://10.180.1.21/compute/v2.1/servers/da927a37-b921-460f-aef6-e3422f9f3ab8 0.501s
2025-04-25 21:31:33.546 71313 INFO tempest.lib.common.rest_client [req-5a1ceda2-926e-4f9f-aa94-fbe532d436f2 req-5a1ceda2-926e-4f9f-aa94-fbe532d436f2 ] Request (SecurityGroupsTestJSON:test_server_security_groups): 200 GET http://10.180.1.21/compute/v2.1/servers/f7b8ffd2-fb72-48c4-bfe9-8c778490d64c 0.584s
2025-04-25 21:31:33.553 71313 INFO tempest.common.waiters [-] State transition "ACTIVE/deleting" ==> "DELETED/None" after 4 second wait
2025-04-25 21:31:33.561 71339 INFO tempest.lib.common.rest_client [req-94dd437a-fc08-469a-aefd-58428701b003 req-94dd437a-fc08-469a-aefd-58428701b003 ] Request (ServerDiskConfigTestJSON:test_resize_server_from_auto_to_manual): 200 GET http://10.180.1.21/compute/v2.1/servers/51fa14a5-b703-4023-a641-4ca9894bdc49 0.604s
2025-04-25 21:31:33.605 71332 INFO tempest.lib.common.rest_client [req-90915663-7040-4f51-96c8-5ae79ed62f66 req-90915663-7040-4f51-96c8-5ae79ed62f66 ] Request (ListServersNegativeTestJSON:tearDownClass): 200 GET http://10.180.1.21/compute/v2.1/servers/d1b322c8-c490-43ef-b7b3-74cd3b159cec 0.612s
2025-04-25 21:31:33.613 71318 INFO tempest.lib.common.rest_client [req-5ef6568b-807c-4697-9f52-125be572d416 req-5ef6568b-807c-4697-9f52-125be572d416 ] Request (ServersTestJSON:test_create_server_with_ipv6_addr_only): 200 GET http://10.180.1.21/compute/v2.1/servers/f70d760d-b27a-4278-9101-32b519021e25 0.594s
2025-04-25 21:31:33.658 71315 INFO tempest.lib.common.rest_client [req-d74c9005-4390-4b11-8097-7041ad8abf26 req-d74c9005-4390-4b11-8097-7041ad8abf26 ] Request (ServersAdmin275Test:_run_cleanups): 200 GET http://10.180.1.21/compute/v2.1/servers/91cfc32f-29e6-4ae5-90d1-9ecf226bf5ce 0.566s
2025-04-25 21:31:33.667 71315 INFO tempest.common.waiters [-] State transition "REBUILD/rebuild_spawning" ==> "ACTIVE/None" after 9 second wait
2025-04-25 21:31:33.705 71299 INFO tempest.lib.common.rest_client [req-555a9fe8-ad7a-45b6-afbb-bd21990c6f33 req-555a9fe8-ad7a-45b6-afbb-bd21990c6f33 ] Request (ServersNegativeTestMultiTenantJSON:setUpClass): 200 GET http://10.180.1.21/compute/v2.1/servers/112e15b9-7ca2-46df-9ec4-6fdb30a92235 0.456s
2025-04-25 21:31:33.709 71337 INFO tempest.lib.common.rest_client [req-bf898264-942b-4c58-8f3a-056a2552bf66 req-bf898264-942b-4c58-8f3a-056a2552bf66 ] Request (ServerRescueTestJSON:test_rescue_unrescue_instance): 200 GET http://10.180.1.21/compute/v2.1/servers/4f0b7637-6afd-4b78-aca9-ba2f6af4f764 0.478s
2025-04-25 21:31:33.758 71295 INFO tempest.lib.common.rest_client [req-00e11a6b-733c-4fd5-a121-dd9e7a114671 req-00e11a6b-733c-4fd5-a121-dd9e7a114671 ] Request (AttachInterfacesTestJSON:test_create_list_show_delete_interfaces_by_network_port): 200 GET http://10.180.1.21/compute/v2.1/servers/f98e64de-6d1f-4dce-a8f9-ab2a0f00e4b1 0.451s
2025-04-25 21:31:33.868 71319 INFO tempest.lib.common.rest_client [req-cbd9dd42-4efc-4843-8663-29b04865f28a req-cbd9dd42-4efc-4843-8663-29b04865f28a ] Request (ImagesOneServerNegativeTestJSON:setUpClass): 200 GET http://10.180.1.21/compute/v2.1/servers/d774d0e2-6a7c-4e3e-9c6b-c0a7c1d9d31f 0.361s
2025-04-25 21:31:33.879 71305 INFO tempest.lib.common.rest_client [req-2143a684-7ca6-4ec4-8cd8-0d8ffd86f307 req-2143a684-7ca6-4ec4-8cd8-0d8ffd86f307 ] Request (ListImageFiltersTestJSON:tearDownClass): 200 GET http://10.180.1.21/compute/v2.1/servers/da927a37-b921-460f-aef6-e3422f9f3ab8 0.421s
2025-04-25 21:31:33.934 71345 INFO tempest.lib.common.rest_client [req-391e10c5-f38d-4187-b9d8-9687d00a3681 req-391e10c5-f38d-4187-b9d8-9687d00a3681 ] Request (ServersTestMultiNic:_run_cleanups): 200 GET http://10.180.1.21/compute/v2.1/servers/d384a829-fab2-4f70-bae5-6460ad85fa20 0.069s
2025-04-25 21:31:33.942 71315 INFO tempest.lib.common.rest_client [req-41542973-9742-4758-85ca-84fc8bf96580 req-41542973-9742-4758-85ca-84fc8bf96580 ] Request (ServersAdmin275Test:tearDownClass): 204 DELETE http://10.180.1.21/compute/v2.1/servers/91cfc32f-29e6-4ae5-90d1-9ecf226bf5ce 0.273s
2025-04-25 21:31:33.999 71315 INFO tempest.lib.common.rest_client [req-58d075d6-00de-4b7b-83b5-b953923b2fe2 req-58d075d6-00de-4b7b-83b5-b953923b2fe2 ] Request (ServersAdmin275Test:tearDownClass): 200 GET http://10.180.1.21/compute/v2.1/servers/91cfc32f-29e6-4ae5-90d1-9ecf226bf5ce 0.056s
2025-04-25 21:31:34.090 71357 INFO tempest.lib.common.rest_client [req-8e482c2c-37e3-4a33-82f3-c79d865f913f req-8e482c2c-37e3-4a33-82f3-c79d865f913f ] Request (ImagesNegativeTestJSON:test_create_image_from_deleted_server): 200 GET http://10.180.1.21/compute/v2.1/servers/4b88a240-eedd-4d3d-ab3e-9f793f020f83 0.062s
2025-04-25 21:31:34.103 71297 INFO tempest.lib.common.rest_client [req-6ac7f682-a5cc-4292-861c-16e2d1116c6d req-6ac7f682-a5cc-4292-861c-16e2d1116c6d ] Request (ServerActionsV293TestJSON:setUpClass): 200 GET http://10.180.1.21/compute/v2.1/servers/c0b6fcc0-efae-446d-b1c6-d734c56d6671 0.055s
2025-04-25 21:31:34.136 71311 INFO tempest.lib.common.rest_client [req-6880075b-0fad-40ff-945c-1c77b07d34eb req-6880075b-0fad-40ff-945c-1c77b07d34eb ] Request (ServerPasswordTestJSON:setUpClass): 200 GET http://10.180.1.21/compute/v2.1/servers/b5c16548-e04e-4c7e-9800-0b3ce0cb2aa8 0.052s
2025-04-25 21:31:34.171 71351 INFO tempest.lib.common.rest_client [req-ba68c9fd-7edc-4548-8312-4d3eb2be4413 req-ba68c9fd-7edc-4548-8312-4d3eb2be4413 ] Request (ServersAdminTestJSON:tearDownClass): 200 GET http://10.180.1.21/compute/v2.1/servers/f1210592-f6bf-44c0-bc06-8e92caa2754d 0.053s
2025-04-25 21:31:34.229 71355 INFO tempest.lib.common.rest_client [req-4a7bd855-bf68-4492-8d53-beb9fe0dda1a req-4a7bd855-bf68-4492-8d53-beb9fe0dda1a ] Request (ImagesOneServerTestJSON:setUpClass): 200 GET http://10.180.1.21/compute/v2.1/servers/ec672346-e564-4eae-985e-c3fc978ab8f4 0.049s
2025-04-25 21:31:34.287 71303 INFO tempest.lib.common.rest_client [req-b2788063-8585-478f-9a59-e2bf8ed463d5 req-b2788063-8585-478f-9a59-e2bf8ed463d5 ] Request (MultipleCreateTestJSON:test_multiple_create): 200 GET http://10.180.1.21/compute/v2.1/servers/e55dc1c4-8009-4a3b-950b-48e7c35839d4 0.061s
2025-04-25 21:31:34.303 71347 INFO tempest.lib.common.rest_client [req-174a33b9-d0fc-4f1b-9f46-2be367b731a1 req-174a33b9-d0fc-4f1b-9f46-2be367b731a1 ] Request (ServerActionsTestOtherB:test_resize_server_confirm_from_stopped): 200 GET http://10.180.1.21/compute/v2.1/servers/dc4f6db8-170b-4d56-b3bc-80316ec8aed5 0.108s
2025-04-25 21:31:34.351 71323 INFO tempest.lib.common.rest_client [req-91c3b437-2084-489e-bc58-30355e14f756 req-91c3b437-2084-489e-bc58-30355e14f756 ] Request (ServersTestBootFromVolume:setUpClass): 200 GET http://10.180.1.21/compute/v2.1/servers/1146f010-9ddd-4e74-9d47-000a56e6d4a6 0.085s
2025-04-25 21:31:34.373 71309 INFO tempest.lib.common.rest_client [req-8e0cf6f1-c976-4869-bbb1-7f5a7aa7b96d req-8e0cf6f1-c976-4869-bbb1-7f5a7aa7b96d ] Request (ServerDiagnosticsTest:tearDownClass): 200 GET http://10.180.1.21/compute/v2.1/servers/7920b620-2349-4217-b3de-ca887e5d9116 0.077s
2025-04-25 21:31:34.434 71301 INFO tempest.lib.common.rest_client [req-02aab7c5-cd07-4e10-8a92-eaaab42ed84a req-02aab7c5-cd07-4e10-8a92-eaaab42ed84a ] Request (ServerRescueNegativeTestJSON:test_rescued_vm_detach_volume): 200 GET http://10.180.1.21/compute/v2.1/servers/99de49b6-a37c-4bde-acf5-7f90d5f432de 0.059s
2025-04-25 21:31:34.466 71349 INFO tempest.lib.common.rest_client [req-b69c99b3-1bea-496f-9ede-7c5732a5e0b0 req-b69c99b3-1bea-496f-9ede-7c5732a5e0b0 ] Request (InstanceActionsV221TestJSON:test_get_list_deleted_instance_actions): 200 GET http://10.180.1.21/compute/v2.1/servers/ddabc195-3a39-4139-8248-5320cd09d48f 0.080s
2025-04-25 21:31:34.529 71307 INFO tempest.lib.common.rest_client [req-b0233d9b-e359-486e-a30b-3d6ada3d5702 req-b0233d9b-e359-486e-a30b-3d6ada3d5702 ] Request (ListServerFiltersTestJSON:tearDownClass): 200 GET http://10.180.1.21/compute/v2.1/servers/82a67b38-0395-41d6-bbd0-6e7dc4355e7a 0.070s
2025-04-25 21:31:34.624 71313 INFO tempest.lib.common.rest_client [req-ec260f75-059f-46e1-bd55-daf4a547ce6c req-ec260f75-059f-46e1-bd55-daf4a547ce6c ] Request (SecurityGroupsTestJSON:test_server_security_groups): 200 GET http://10.180.1.21/compute/v2.1/servers/f7b8ffd2-fb72-48c4-bfe9-8c778490d64c 0.069s
2025-04-25 21:31:34.681 71339 INFO tempest.lib.common.rest_client [req-79fbf5b7-cedc-4eba-93de-f8469f3a4a0f req-79fbf5b7-cedc-4eba-93de-f8469f3a4a0f ] Request (ServerDiskConfigTestJSON:test_resize_server_from_auto_to_manual): 200 GET http://10.180.1.21/compute/v2.1/servers/51fa14a5-b703-4023-a641-4ca9894bdc49 0.111s
2025-04-25 21:31:34.689 71332 INFO tempest.lib.common.rest_client [req-64790318-d792-44eb-acda-5e987ae2567d req-64790318-d792-44eb-acda-5e987ae2567d ] Request (ListServersNegativeTestJSON:tearDownClass): 200 GET http://10.180.1.21/compute/v2.1/servers/d1b322c8-c490-43ef-b7b3-74cd3b159cec 0.074s
2025-04-25 21:31:34.732 71318 INFO tempest.lib.common.rest_client [req-3068bb0c-013b-4372-b087-b088c31b4edb req-3068bb0c-013b-4372-b087-b088c31b4edb ] Request (ServersTestJSON:test_create_server_with_ipv6_addr_only): 200 GET http://10.180.1.21/compute/v2.1/servers/f70d760d-b27a-4278-9101-32b519021e25 0.110s
2025-04-25 21:31:34.773 71299 INFO tempest.lib.common.rest_client [req-a4f04071-b33b-4678-a9d2-ce70838180f4 req-a4f04071-b33b-4678-a9d2-ce70838180f4 ] Request (ServersNegativeTestMultiTenantJSON:setUpClass): 200 GET http://10.180.1.21/compute/v2.1/servers/112e15b9-7ca2-46df-9ec4-6fdb30a92235 0.060s
2025-04-25 21:31:34.831 71295 INFO tempest.lib.common.rest_client [req-8c6667a3-e9fc-4c26-9d74-51c9450fee31 req-8c6667a3-e9fc-4c26-9d74-51c9450fee31 ] Request (AttachInterfacesTestJSON:test_create_list_show_delete_interfaces_by_network_port): 200 GET http://10.180.1.21/compute/v2.1/servers/f98e64de-6d1f-4dce-a8f9-ab2a0f00e4b1 0.065s
2025-04-25 21:31:34.837 71337 INFO tempest.lib.common.rest_client [req-b46f20c6-9118-49c9-8f3a-6bb2c302e88a req-b46f20c6-9118-49c9-8f3a-6bb2c302e88a ] Request (ServerRescueTestJSON:test_rescue_unrescue_instance): 200 GET http://10.180.1.21/compute/v2.1/servers/4f0b7637-6afd-4b78-aca9-ba2f6af4f764 0.118s
2025-04-25 21:31:35.011 71319 INFO tempest.lib.common.rest_client [req-3eafb8be-2eac-4e74-a4a4-3e248aa0a5ea req-3eafb8be-2eac-4e74-a4a4-3e248aa0a5ea ] Request (ImagesOneServerNegativeTestJSON:setUpClass): 200 GET http://10.180.1.21/compute/v2.1/servers/d774d0e2-6a7c-4e3e-9c6b-c0a7c1d9d31f 0.120s
2025-04-25 21:31:35.029 71305 INFO tempest.lib.common.rest_client [req-0c4bf239-042c-4cd5-9e65-bdf28c3a09fe req-0c4bf239-042c-4cd5-9e65-bdf28c3a09fe ] Request (ListImageFiltersTestJSON:tearDownClass): 200 GET http://10.180.1.21/compute/v2.1/servers/da927a37-b921-460f-aef6-e3422f9f3ab8 0.134s
2025-04-25 21:31:35.089 71345 INFO tempest.lib.common.rest_client [req-87e8bd2f-8e2b-42f7-9079-f7f12fabce47 req-87e8bd2f-8e2b-42f7-9079-f7f12fabce47 ] Request (ServersTestMultiNic:_run_cleanups): 200 GET http://10.180.1.21/compute/v2.1/servers/d384a829-fab2-4f70-bae5-6460ad85fa20 0.147s
2025-04-25 21:31:35.100 71315 INFO tempest.lib.common.rest_client [req-24221515-a2e1-4484-b12a-c18675c0a4cd req-24221515-a2e1-4484-b12a-c18675c0a4cd ] Request (ServersAdmin275Test:tearDownClass): 200 GET http://10.180.1.21/compute/v2.1/servers/91cfc32f-29e6-4ae5-90d1-9ecf226bf5ce 0.091s
2025-04-25 21:31:35.183 71357 INFO tempest.lib.common.rest_client [req-0a9caf65-0dec-46e0-8347-4840cef4dad0 req-0a9caf65-0dec-46e0-8347-4840cef4dad0 ] Request (ImagesNegativeTestJSON:test_create_image_from_deleted_server): 200 GET http://10.180.1.21/compute/v2.1/servers/4b88a240-eedd-4d3d-ab3e-9f793f020f83 0.084s
2025-04-25 21:31:35.187 71297 INFO tempest.lib.common.rest_client [req-afff7a1e-2a0a-4231-ac86-7c36a2b4540f req-afff7a1e-2a0a-4231-ac86-7c36a2b4540f ] Request (ServerActionsV293TestJSON:setUpClass): 200 GET http://10.180.1.21/compute/v2.1/servers/c0b6fcc0-efae-446d-b1c6-d734c56d6671 0.073s
2025-04-25 21:31:35.252 71311 INFO tempest.lib.common.rest_client [req-f9dc0e46-493e-406d-a03c-8c35d479500e req-f9dc0e46-493e-406d-a03c-8c35d479500e ] Request (ServerPasswordTestJSON:setUpClass): 200 GET http://10.180.1.21/compute/v2.1/servers/b5c16548-e04e-4c7e-9800-0b3ce0cb2aa8 0.108s
2025-04-25 21:31:35.256 71351 INFO tempest.lib.common.rest_client [req-53a7044d-be3e-480e-ad47-ad08549f0cda req-53a7044d-be3e-480e-ad47-ad08549f0cda ] Request (ServersAdminTestJSON:tearDownClass): 200 GET http://10.180.1.21/compute/v2.1/servers/f1210592-f6bf-44c0-bc06-8e92caa2754d 0.073s
2025-04-25 21:31:35.263 71327 WARNING tempest.lib.common.ssh [-] Failed to establish authenticated ssh connection to cirros@10.180.180.192 ([Errno None] Unable to connect to port 22 on 10.180.180.192). Number attempts: 6. Retry after 7 seconds.: paramiko.ssh_exception.NoValidConnectionsError: [Errno None] Unable to connect to port 22 on 10.180.180.192
2025-04-25 21:31:35.315 71355 INFO tempest.lib.common.rest_client [req-7ab9cdf0-f803-4625-a225-3b03ae59ad83 req-7ab9cdf0-f803-4625-a225-3b03ae59ad83 ] Request (ImagesOneServerTestJSON:setUpClass): 200 GET http://10.180.1.21/compute/v2.1/servers/ec672346-e564-4eae-985e-c3fc978ab8f4 0.077s
2025-04-25 21:31:35.353 71303 INFO tempest.lib.common.rest_client [req-8eefcbce-cb53-420f-88a3-4ed037702dd7 req-8eefcbce-cb53-420f-88a3-4ed037702dd7 ] Request (MultipleCreateTestJSON:test_multiple_create): 200 GET http://10.180.1.21/compute/v2.1/servers/e55dc1c4-8009-4a3b-950b-48e7c35839d4 0.058s
2025-04-25 21:31:35.417 71323 INFO tempest.lib.common.rest_client [req-76012ca1-9fd7-4990-adcf-b171d1d8c929 req-76012ca1-9fd7-4990-adcf-b171d1d8c929 ] Request (ServersTestBootFromVolume:setUpClass): 200 GET http://10.180.1.21/compute/v2.1/servers/1146f010-9ddd-4e74-9d47-000a56e6d4a6 0.055s
2025-04-25 21:31:35.437 71347 INFO tempest.lib.common.rest_client [req-b90a08b0-69df-4b9b-9966-5412fbf0092a req-b90a08b0-69df-4b9b-9966-5412fbf0092a ] Request (ServerActionsTestOtherB:test_resize_server_confirm_from_stopped): 200 GET http://10.180.1.21/compute/v2.1/servers/dc4f6db8-170b-4d56-b3bc-80316ec8aed5 0.122s
2025-04-25 21:31:35.475 71309 INFO tempest.lib.common.rest_client [req-aaeec028-d8ff-4d42-9747-23a42086748d req-aaeec028-d8ff-4d42-9747-23a42086748d ] Request (ServerDiagnosticsTest:tearDownClass): 200 GET http://10.180.1.21/compute/v2.1/servers/7920b620-2349-4217-b3de-ca887e5d9116 0.094s
2025-04-25 21:31:35.492 71301 INFO tempest.lib.common.rest_client [req-7a4af40e-5ebb-417d-b316-9c2f1d963104 req-7a4af40e-5ebb-417d-b316-9c2f1d963104 ] Request (ServerRescueNegativeTestJSON:test_rescued_vm_detach_volume): 200 GET http://10.180.1.21/compute/v2.1/servers/99de49b6-a37c-4bde-acf5-7f90d5f432de 0.050s
2025-04-25 21:31:35.539 71349 INFO tempest.lib.common.rest_client [req-9daf25ed-c24e-413a-bbf5-1327ac209c89 req-9daf25ed-c24e-413a-bbf5-1327ac209c89 ] Request (InstanceActionsV221TestJSON:test_get_list_deleted_instance_actions): 200 GET http://10.180.1.21/compute/v2.1/servers/ddabc195-3a39-4139-8248-5320cd09d48f 0.062s
2025-04-25 21:31:35.597 71307 INFO tempest.lib.common.rest_client [req-6d384ab3-6ab0-4454-b658-80c26bdf9a91 req-6d384ab3-6ab0-4454-b658-80c26bdf9a91 ] Request (ListServerFiltersTestJSON:tearDownClass): 200 GET http://10.180.1.21/compute/v2.1/servers/82a67b38-0395-41d6-bbd0-6e7dc4355e7a 0.059s
2025-04-25 21:31:35.691 71313 INFO tempest.lib.common.rest_client [req-e29aa8cf-3a64-4c77-b40f-a58344331dfd req-e29aa8cf-3a64-4c77-b40f-a58344331dfd ] Request (SecurityGroupsTestJSON:test_server_security_groups): 200 GET http://10.180.1.21/compute/v2.1/servers/f7b8ffd2-fb72-48c4-bfe9-8c778490d64c 0.056s
2025-04-25 21:31:35.765 71332 INFO tempest.lib.common.rest_client [req-aaf3c50b-b5dd-41f1-851e-d725449d5333 req-aaf3c50b-b5dd-41f1-851e-d725449d5333 ] Request (ListServersNegativeTestJSON:tearDownClass): 200 GET http://10.180.1.21/compute/v2.1/servers/d1b322c8-c490-43ef-b7b3-74cd3b159cec 0.068s
2025-04-25 21:31:35.839 71318 INFO tempest.lib.common.rest_client [req-fc404f48-2d89-435e-9fd5-f59683265a83 req-fc404f48-2d89-435e-9fd5-f59683265a83 ] Request (ServersTestJSON:test_create_server_with_ipv6_addr_only): 200 GET http://10.180.1.21/compute/v2.1/servers/f70d760d-b27a-4278-9101-32b519021e25 0.098s
2025-04-25 21:31:35.867 71339 INFO tempest.lib.common.rest_client [req-77736bb9-2fea-4dcb-9b41-2b99a50a3475 req-77736bb9-2fea-4dcb-9b41-2b99a50a3475 ] Request (ServerDiskConfigTestJSON:test_resize_server_from_auto_to_manual): 200 GET http://10.180.1.21/compute/v2.1/servers/51fa14a5-b703-4023-a641-4ca9894bdc49 0.178s
2025-04-25 21:31:35.898 71299 INFO tempest.lib.common.rest_client [req-43c2e633-2451-49cd-99bd-c54b91cd756b req-43c2e633-2451-49cd-99bd-c54b91cd756b ] Request (ServersNegativeTestMultiTenantJSON:setUpClass): 200 GET http://10.180.1.21/compute/v2.1/servers/112e15b9-7ca2-46df-9ec4-6fdb30a92235 0.116s
2025-04-25 21:31:35.941 71295 INFO tempest.lib.common.rest_client [req-c1469c12-30bc-4155-83b8-63075cba72f1 req-c1469c12-30bc-4155-83b8-63075cba72f1 ] Request (AttachInterfacesTestJSON:test_create_list_show_delete_interfaces_by_network_port): 200 GET http://10.180.1.21/compute/v2.1/servers/f98e64de-6d1f-4dce-a8f9-ab2a0f00e4b1 0.102s
2025-04-25 21:31:36.022 71337 INFO tempest.lib.common.rest_client [req-22d90496-c312-4059-987a-29397970154f req-22d90496-c312-4059-987a-29397970154f ] Request (ServerRescueTestJSON:test_rescue_unrescue_instance): 200 GET http://10.180.1.21/compute/v2.1/servers/4f0b7637-6afd-4b78-aca9-ba2f6af4f764 0.175s
2025-04-25 21:31:36.034 71337 INFO tempest.common.waiters [-] State transition "ACTIVE/rescuing" ==> "RESCUE/None" after 10 second wait
2025-04-25 21:31:36.089 71337 INFO tempest.lib.common.rest_client [req-c4163e69-b128-48e7-9bc9-eab5e7e4ae62 req-c4163e69-b128-48e7-9bc9-eab5e7e4ae62 ] Request (ServerRescueTestJSON:test_rescue_unrescue_instance): 202 POST http://10.180.1.21/compute/v2.1/servers/4f0b7637-6afd-4b78-aca9-ba2f6af4f764/action 0.054s
2025-04-25 21:31:36.161 71305 INFO tempest.lib.common.rest_client [req-c2ce86b7-1a9e-4439-a90f-04cd5fc5b06c req-c2ce86b7-1a9e-4439-a90f-04cd5fc5b06c ] Request (ListImageFiltersTestJSON:tearDownClass): 200 GET http://10.180.1.21/compute/v2.1/servers/da927a37-b921-460f-aef6-e3422f9f3ab8 0.118s
2025-04-25 21:31:36.197 71319 INFO tempest.lib.common.rest_client [req-cc924fd8-4bc6-4761-8e73-4ccafeda190d req-cc924fd8-4bc6-4761-8e73-4ccafeda190d ] Request (ImagesOneServerNegativeTestJSON:setUpClass): 200 GET http://10.180.1.21/compute/v2.1/servers/d774d0e2-6a7c-4e3e-9c6b-c0a7c1d9d31f 0.178s
2025-04-25 21:31:36.204 71319 INFO tempest.common.waiters [-] State transition "BUILD/spawning" ==> "ACTIVE/None" after 79 second wait
2025-04-25 21:31:36.255 71345 INFO tempest.lib.common.rest_client [req-d279b865-503e-4a81-b002-9680f3c0885e req-d279b865-503e-4a81-b002-9680f3c0885e ] Request (ServersTestMultiNic:_run_cleanups): 200 GET http://10.180.1.21/compute/v2.1/servers/d384a829-fab2-4f70-bae5-6460ad85fa20 0.159s
2025-04-25 21:31:36.267 71337 INFO tempest.lib.common.rest_client [req-dc028081-9ad8-4074-b606-c6ca70b16321 req-dc028081-9ad8-4074-b606-c6ca70b16321 ] Request (ServerRescueTestJSON:test_rescue_unrescue_instance): 200 GET http://10.180.1.21/compute/v2.1/servers/4f0b7637-6afd-4b78-aca9-ba2f6af4f764 0.177s
2025-04-25 21:31:36.322 71315 INFO tempest.lib.common.rest_client [req-8d16a9fa-8441-4a0b-bcc5-b8027d08ee26 req-8d16a9fa-8441-4a0b-bcc5-b8027d08ee26 ] Request (ServersAdmin275Test:tearDownClass): 200 GET http://10.180.1.21/compute/v2.1/servers/91cfc32f-29e6-4ae5-90d1-9ecf226bf5ce 0.200s
2025-04-25 21:31:36.341 71357 INFO tempest.lib.common.rest_client [req-735b1c27-c013-454b-94c1-5d5ac88fbe88 req-735b1c27-c013-454b-94c1-5d5ac88fbe88 ] Request (ImagesNegativeTestJSON:test_create_image_from_deleted_server): 200 GET http://10.180.1.21/compute/v2.1/servers/4b88a240-eedd-4d3d-ab3e-9f793f020f83 0.151s
2025-04-25 21:31:36.376 71297 INFO tempest.lib.common.rest_client [req-730aaa57-dd69-4421-be7e-04f837665bfd req-730aaa57-dd69-4421-be7e-04f837665bfd ] Request (ServerActionsV293TestJSON:setUpClass): 200 GET http://10.180.1.21/compute/v2.1/servers/c0b6fcc0-efae-446d-b1c6-d734c56d6671 0.174s
2025-04-25 21:31:36.436 71311 INFO tempest.lib.common.rest_client [req-068d864c-9f6d-4386-bb0e-2080ccd4b470 req-068d864c-9f6d-4386-bb0e-2080ccd4b470 ] Request (ServerPasswordTestJSON:setUpClass): 200 GET http://10.180.1.21/compute/v2.1/servers/b5c16548-e04e-4c7e-9800-0b3ce0cb2aa8 0.172s
2025-04-25 21:31:36.460 71319 INFO tempest.lib.common.rest_client [req-e0d2f358-d240-4036-a090-5c692e34fef7 req-e0d2f358-d240-4036-a090-5c692e34fef7 ] Request (ImagesOneServerNegativeTestJSON:setUp): 200 GET http://10.180.1.21/compute/v2.1/servers/d774d0e2-6a7c-4e3e-9c6b-c0a7c1d9d31f 0.255s
2025-04-25 21:31:36.485 71351 INFO tempest.lib.common.rest_client [req-23e60e90-3b7a-494b-976e-1481b9f20e7c req-23e60e90-3b7a-494b-976e-1481b9f20e7c ] Request (ServersAdminTestJSON:tearDownClass): 200 GET http://10.180.1.21/compute/v2.1/servers/f1210592-f6bf-44c0-bc06-8e92caa2754d 0.219s
2025-04-25 21:31:36.504 71355 INFO tempest.lib.common.rest_client [req-9c0c625a-4682-4965-9030-84f69f2b36d0 req-9c0c625a-4682-4965-9030-84f69f2b36d0 ] Request (ImagesOneServerTestJSON:setUpClass): 200 GET http://10.180.1.21/compute/v2.1/servers/ec672346-e564-4eae-985e-c3fc978ab8f4 0.179s
2025-04-25 21:31:36.527 71303 INFO tempest.lib.common.rest_client [req-3b60da59-69bd-40ed-ac2f-34e138081609 req-3b60da59-69bd-40ed-ac2f-34e138081609 ] Request (MultipleCreateTestJSON:test_multiple_create): 200 GET http://10.180.1.21/compute/v2.1/servers/e55dc1c4-8009-4a3b-950b-48e7c35839d4 0.165s
2025-04-25 21:31:36.550 71323 INFO tempest.lib.common.rest_client [req-cb3b406b-e502-4752-ac42-d9b8909c1e49 req-cb3b406b-e502-4752-ac42-d9b8909c1e49 ] Request (ServersTestBootFromVolume:setUpClass): 200 GET http://10.180.1.21/compute/v2.1/servers/1146f010-9ddd-4e74-9d47-000a56e6d4a6 0.125s
2025-04-25 21:31:36.556 71319 INFO tempest.lib.common.rest_client [req-b046120c-6148-4a8a-811b-151253e57a4a req-b046120c-6148-4a8a-811b-151253e57a4a ] Request (ImagesOneServerNegativeTestJSON:test_create_image_specify_invalid_metadata): 400 POST http://10.180.1.21/compute/v2.1/servers/d774d0e2-6a7c-4e3e-9c6b-c0a7c1d9d31f/action 0.089s
2025-04-25 21:31:36.575 71309 INFO tempest.lib.common.rest_client [req-e751302a-df43-45df-b075-5e706dd67433 req-e751302a-df43-45df-b075-5e706dd67433 ] Request (ServerDiagnosticsTest:tearDownClass): 404 GET http://10.180.1.21/compute/v2.1/servers/7920b620-2349-4217-b3de-ca887e5d9116 0.092s
2025-04-25 21:31:36.631 71301 INFO tempest.lib.common.rest_client [req-ef4abf8e-0ffb-40cf-b6f2-956527ca5b65 req-ef4abf8e-0ffb-40cf-b6f2-956527ca5b65 ] Request (ServerRescueNegativeTestJSON:test_rescued_vm_detach_volume): 200 GET http://10.180.1.21/compute/v2.1/servers/99de49b6-a37c-4bde-acf5-7f90d5f432de 0.131s
2025-04-25 21:31:36.655 71309 INFO tempest.lib.common.rest_client [req-ac524cae-e291-4653-99e4-a2a41f1ebdc7 req-ac524cae-e291-4653-99e4-a2a41f1ebdc7 ] Request (ServerDiagnosticsTest:tearDownClass): 204 DELETE http://10.180.1.21/identity/v3/users/bec4c4b156024d308a0dddb4422b84ce 0.080s
2025-04-25 21:31:36.665 71347 INFO tempest.lib.common.rest_client [req-acec88a1-0b92-449c-a7dc-a4e6219d8e65 req-acec88a1-0b92-449c-a7dc-a4e6219d8e65 ] Request (ServerActionsTestOtherB:test_resize_server_confirm_from_stopped): 200 GET http://10.180.1.21/compute/v2.1/servers/dc4f6db8-170b-4d56-b3bc-80316ec8aed5 0.219s
2025-04-25 21:31:36.690 71349 INFO tempest.lib.common.rest_client [req-9b7a11cf-cb3b-4036-bd0d-92bb8444c040 req-9b7a11cf-cb3b-4036-bd0d-92bb8444c040 ] Request (InstanceActionsV221TestJSON:test_get_list_deleted_instance_actions): 200 GET http://10.180.1.21/compute/v2.1/servers/ddabc195-3a39-4139-8248-5320cd09d48f 0.138s
2025-04-25 21:31:36.752 71307 INFO tempest.lib.common.rest_client [req-73b292fc-9549-40f1-9301-6af7346e2961 req-73b292fc-9549-40f1-9301-6af7346e2961 ] Request (ListServerFiltersTestJSON:tearDownClass): 200 GET http://10.180.1.21/compute/v2.1/servers/82a67b38-0395-41d6-bbd0-6e7dc4355e7a 0.147s
2025-04-25 21:31:36.758 71309 INFO tempest.lib.common.rest_client [req-f9ff569a-2305-4b62-adbf-021eea074564 req-f9ff569a-2305-4b62-adbf-021eea074564 ] Request (ServerDiagnosticsTest:tearDownClass): 204 DELETE http://10.180.1.21/identity/v3/users/b9d19ab8d17045c9a21d361aa6d982ad 0.102s
2025-04-25 21:31:36.758 71309 INFO tempest.lib.common.dynamic_creds [-] Deleting project and security group for project: 1f1f82e74eac4da8940e3f3518aea6b2
2025-04-25 21:31:36.763 71319 INFO tempest.lib.common.rest_client [req-45ca58a1-3a87-46f1-a9f0-84901f1d6c40 req-45ca58a1-3a87-46f1-a9f0-84901f1d6c40 ] Request (ImagesOneServerNegativeTestJSON:tearDown): 200 GET http://10.180.1.21/compute/v2.1/servers/d774d0e2-6a7c-4e3e-9c6b-c0a7c1d9d31f 0.207s
2025-04-25 21:31:36.807 71313 INFO tempest.lib.common.rest_client [req-cd730345-75e0-40ec-a0cb-82a70bfff41d req-cd730345-75e0-40ec-a0cb-82a70bfff41d ] Request (SecurityGroupsTestJSON:test_server_security_groups): 200 GET http://10.180.1.21/compute/v2.1/servers/f7b8ffd2-fb72-48c4-bfe9-8c778490d64c 0.108s
2025-04-25 21:31:36.823 71309 INFO tempest.lib.common.rest_client [req-953618da-d38a-4b56-afe3-b3d91c4da29b req-953618da-d38a-4b56-afe3-b3d91c4da29b ] Request (ServerDiagnosticsTest:tearDownClass): 201 POST http://10.180.1.21/identity/v3/auth/tokens 0.065s
2025-04-25 21:31:36.866 71332 INFO tempest.lib.common.rest_client [req-574eb2d8-65de-425b-aba7-8701b80b3dfa req-574eb2d8-65de-425b-aba7-8701b80b3dfa ] Request (ListServersNegativeTestJSON:tearDownClass): 200 GET http://10.180.1.21/compute/v2.1/servers/d1b322c8-c490-43ef-b7b3-74cd3b159cec 0.091s
2025-04-25 21:31:36.869 71319 INFO tempest.lib.common.rest_client [req-90b2d480-6f19-4733-9b75-9bf697b85dec req-90b2d480-6f19-4733-9b75-9bf697b85dec ] Request (ImagesOneServerNegativeTestJSON:setUp): 200 GET http://10.180.1.21/compute/v2.1/servers/d774d0e2-6a7c-4e3e-9c6b-c0a7c1d9d31f 0.098s
2025-04-25 21:31:36.913 71309 INFO tempest.lib.common.rest_client [req-5e4e4909-671e-48c3-a871-6c99f69f3b28 req-5e4e4909-671e-48c3-a871-6c99f69f3b28 ] Request (ServerDiagnosticsTest:tearDownClass): 200 GET http://10.180.1.21:9696/networking/v2.0/security-groups?tenant_id=1f1f82e74eac4da8940e3f3518aea6b2&name=default 0.090s
2025-04-25 21:31:36.916 71318 INFO tempest.lib.common.rest_client [req-39bded26-fb41-4405-93e6-c2e30c675fe1 req-39bded26-fb41-4405-93e6-c2e30c675fe1 ] Request (ServersTestJSON:test_create_server_with_ipv6_addr_only): 200 GET http://10.180.1.21/compute/v2.1/servers/f70d760d-b27a-4278-9101-32b519021e25 0.063s
2025-04-25 21:31:36.926 71319 INFO tempest.lib.common.rest_client [req-31b06132-92db-4968-9210-e9722fe9dcc2 req-31b06132-92db-4968-9210-e9722fe9dcc2 ] Request (ImagesOneServerNegativeTestJSON:test_create_image_specify_metadata_over_limits): 400 POST http://10.180.1.21/compute/v2.1/servers/d774d0e2-6a7c-4e3e-9c6b-c0a7c1d9d31f/action 0.050s
2025-04-25 21:31:36.979 71299 INFO tempest.lib.common.rest_client [req-aac94be1-bbeb-4e50-8ba5-b7e088dc1c21 req-aac94be1-bbeb-4e50-8ba5-b7e088dc1c21 ] Request (ServersNegativeTestMultiTenantJSON:setUpClass): 200 GET http://10.180.1.21/compute/v2.1/servers/112e15b9-7ca2-46df-9ec4-6fdb30a92235 0.069s
2025-04-25 21:31:36.989 71339 INFO tempest.lib.common.rest_client [req-ff6662c7-5089-4d64-b2cb-55171c332a60 req-ff6662c7-5089-4d64-b2cb-55171c332a60 ] Request (ServerDiskConfigTestJSON:test_resize_server_from_auto_to_manual): 200 GET http://10.180.1.21/compute/v2.1/servers/51fa14a5-b703-4023-a641-4ca9894bdc49 0.114s
2025-04-25 21:31:37.010 71309 INFO tempest.lib.common.rest_client [req-a2bb6686-566f-4569-b753-b0d49e824d87 req-a2bb6686-566f-4569-b753-b0d49e824d87 ] Request (ServerDiagnosticsTest:tearDownClass): 204 DELETE http://10.180.1.21:9696/networking/v2.0/security-groups/40caa852-27af-450b-95e9-706372b8ecf4 0.096s
2025-04-25 21:31:37.048 71295 INFO tempest.lib.common.rest_client [req-b85aa948-fa34-489b-bf37-b7f0f671b269 req-b85aa948-fa34-489b-bf37-b7f0f671b269 ] Request (AttachInterfacesTestJSON:test_create_list_show_delete_interfaces_by_network_port): 200 GET http://10.180.1.21/compute/v2.1/servers/f98e64de-6d1f-4dce-a8f9-ab2a0f00e4b1 0.099s
2025-04-25 21:31:37.078 71309 INFO tempest.lib.common.rest_client [req-7a119c9b-fd41-4997-b15f-b95016be1bd0 req-7a119c9b-fd41-4997-b15f-b95016be1bd0 ] Request (ServerDiagnosticsTest:tearDownClass): 204 DELETE http://10.180.1.21/identity/v3/projects/1f1f82e74eac4da8940e3f3518aea6b2 0.068s
2025-04-25 21:31:37.078 71309 INFO tempest.lib.common.dynamic_creds [-] Deleting project and security group for project: e4a1f9d961084441ad44723ca0cff21c
2025-04-25 21:31:37.084 71319 INFO tempest.lib.common.rest_client [req-8a6a874e-9b2d-4b48-bbe0-30a61df956f0 req-8a6a874e-9b2d-4b48-bbe0-30a61df956f0 ] Request (ImagesOneServerNegativeTestJSON:tearDown): 200 GET http://10.180.1.21/compute/v2.1/servers/d774d0e2-6a7c-4e3e-9c6b-c0a7c1d9d31f 0.158s
2025-04-25 21:31:37.258 71305 INFO tempest.lib.common.rest_client [req-00aae02e-7706-413e-912e-9ddd93cde9fb req-00aae02e-7706-413e-912e-9ddd93cde9fb ] Request (ListImageFiltersTestJSON:tearDownClass): 200 GET http://10.180.1.21/compute/v2.1/servers/da927a37-b921-460f-aef6-e3422f9f3ab8 0.085s
2025-04-25 21:31:37.267 71305 INFO tempest.common.waiters [-] State transition "ACTIVE/deleting" ==> "DELETED/None" after 4 second wait
2025-04-25 21:31:37.268 71319 INFO tempest.lib.common.rest_client [req-4db63ccf-d61f-4e25-8e6d-8100a1e23ac2 req-4db63ccf-d61f-4e25-8e6d-8100a1e23ac2 ] Request (ImagesOneServerNegativeTestJSON:setUp): 200 GET http://10.180.1.21/compute/v2.1/servers/d774d0e2-6a7c-4e3e-9c6b-c0a7c1d9d31f 0.174s
2025-04-25 21:31:37.292 71309 INFO tempest.lib.common.rest_client [req-efcaf12d-e595-4671-a2fc-d1ee7969656d req-efcaf12d-e595-4671-a2fc-d1ee7969656d ] Request (ServerDiagnosticsTest:tearDownClass): 200 GET http://10.180.1.21:9696/networking/v2.0/security-groups?tenant_id=e4a1f9d961084441ad44723ca0cff21c&name=default 0.214s
2025-04-25 21:31:37.334 71345 INFO tempest.lib.common.rest_client [req-416692f1-d2f7-4645-811b-69545e527130 req-416692f1-d2f7-4645-811b-69545e527130 ] Request (ServersTestMultiNic:_run_cleanups): 200 GET http://10.180.1.21/compute/v2.1/servers/d384a829-fab2-4f70-bae5-6460ad85fa20 0.069s
2025-04-25 21:31:37.341 71319 INFO tempest.lib.common.rest_client [req-4e8ded00-d029-468f-904f-ad1811f5f5e9 req-4e8ded00-d029-468f-904f-ad1811f5f5e9 ] Request (ImagesOneServerNegativeTestJSON:test_create_image_specify_name_over_character_limit): 400 POST http://10.180.1.21/compute/v2.1/servers/d774d0e2-6a7c-4e3e-9c6b-c0a7c1d9d31f/action 0.059s
2025-04-25 21:31:37.421 71309 INFO tempest.lib.common.rest_client [req-fdd83f2d-63fe-442d-b696-d636c2cf81f1 req-fdd83f2d-63fe-442d-b696-d636c2cf81f1 ] Request (ServerDiagnosticsTest:tearDownClass): 204 DELETE http://10.180.1.21:9696/networking/v2.0/security-groups/abae0a70-f665-4eaa-9218-e67db9fbfed2 0.128s
