2025-04-25 21:30:43.463 71347 INFO tempest.lib.common.rest_client [req-10ab93bb-6fd4-4292-9536-1f22e15dbc96 req-10ab93bb-6fd4-4292-9536-1f22e15dbc96 ] Request (ServerActionsTestOtherB:test_create_backup): 200 GET http://10.180.1.21/image/v2/images?status=active&sort_key=created_at&sort_dir=asc&image_type=backup&backup_type=daily&instance_uuid=dc4f6db8-170b-4d56-b3bc-80316ec8aed5 0.049s
2025-04-25 21:30:43.483 71307 INFO tempest.lib.common.rest_client [req-f603421f-ac72-473f-a425-3d320e83da46 req-f603421f-ac72-473f-a425-3d320e83da46 ] Request (ListServerFiltersTestJSON:tearDownClass): 200 GET http://10.180.1.21/compute/v2.1/servers/bb288733-a6d1-4bac-b59b-57db9fcb79ed 1.717s
2025-04-25 21:30:43.507 71332 INFO tempest.lib.common.rest_client [req-b2898a39-4a0f-444f-881e-03bcd65d2c3a req-b2898a39-4a0f-444f-881e-03bcd65d2c3a ] Request (ListServersNegativeTestJSON:setUpClass): 200 GET http://10.180.1.21/compute/v2.1/servers/3278e6e3-ba77-41bc-bbf9-29b6a68399e7 1.662s
2025-04-25 21:30:43.563 71318 INFO tempest.lib.common.rest_client [req-53e757cc-0c9b-49f6-a1b6-26bbb09ede6f req-53e757cc-0c9b-49f6-a1b6-26bbb09ede6f ] Request (ServersTestJSON:test_create_server_specify_multibyte_character_name): 200 GET http://10.180.1.21/compute/v2.1/servers/5191e604-7633-4903-ad1d-c1ecfd3c4d68 1.662s
2025-04-25 21:30:43.587 71297 INFO tempest.lib.common.rest_client [req-b1b5733b-8fcb-4aff-a94f-004895646ac4 req-b1b5733b-8fcb-4aff-a94f-004895646ac4 ] Request (ServersAdminNegativeTestJSON:tearDownClass): 200 GET http://10.180.1.21/compute/v2.1/servers/0f2fbe39-329f-4340-88ed-c490c7b9fde3 1.612s
2025-04-25 21:30:43.665 71295 INFO tempest.lib.common.rest_client [req-ed8b202e-9ab4-4fc5-ac5b-ba13a6eb3d47 req-ed8b202e-9ab4-4fc5-ac5b-ba13a6eb3d47 ] Request (AttachInterfacesTestJSON:_run_cleanups): 204 DELETE http://10.180.1.21:9696/networking/v2.0/security-groups/524a78e9-254f-48b7-aafc-e2a84cdbf82c 0.254s
2025-04-25 21:30:43.682 71295 INFO tempest.lib.common.rest_client [req-8302b736-2108-496d-9e41-4ae2c8653cae req-8302b736-2108-496d-9e41-4ae2c8653cae ] Request (AttachInterfacesTestJSON:_run_cleanups): 404 GET http://10.180.1.21:9696/networking/v2.0/security-groups/524a78e9-254f-48b7-aafc-e2a84cdbf82c 0.016s
2025-04-25 21:30:43.702 71355 INFO tempest.lib.common.rest_client [req-b665508a-cb41-4c97-b225-7f5ca108bd6b req-b665508a-cb41-4c97-b225-7f5ca108bd6b ] Request (FloatingIPsAssociationTestJSON:tearDownClass): 204 DELETE http://10.180.1.21:9696/networking/v2.0/routers/268d7300-be84-4e87-bcc2-7c41f6eeabfe 0.685s
2025-04-25 21:30:43.749 71327 INFO tempest.lib.common.rest_client [req-4643ba37-a09d-4b2e-8a6d-08d2edfffd0d req-4643ba37-a09d-4b2e-8a6d-08d2edfffd0d ] Request (ServersTestManualDisk:setUpClass): 200 GET http://10.180.1.21/compute/v2.1/servers/d0895e3b-e9b0-4ee5-986c-1d92ba4ef1f4 1.706s
2025-04-25 21:30:43.758 71327 INFO tempest.common.waiters [-] State transition "BUILD/networking" ==> "BUILD/spawning" after 72 second wait
2025-04-25 21:30:43.830 71313 INFO tempest.lib.common.rest_client [req-1920193e-7a5c-4700-b4ab-faae58a99453 req-1920193e-7a5c-4700-b4ab-faae58a99453 ] Request (SecurityGroupsTestJSON:test_server_security_groups): 200 GET http://10.180.1.21/compute/v2.1/servers/f7b8ffd2-fb72-48c4-bfe9-8c778490d64c 1.730s
2025-04-25 21:30:43.964 71355 INFO tempest.lib.common.rest_client [req-516262ee-a508-4564-a6d5-568070ef5bd4 req-516262ee-a508-4564-a6d5-568070ef5bd4 ] Request (FloatingIPsAssociationTestJSON:tearDownClass): 204 DELETE http://10.180.1.21:9696/networking/v2.0/subnets/5919db0c-3a73-435f-8147-76578d491a94 0.262s
2025-04-25 21:30:44.047 71301 INFO tempest.lib.common.rest_client [req-a3b2b286-f083-4f53-ac4f-cd4e29164581 req-a3b2b286-f083-4f53-ac4f-cd4e29164581 ] Request (ServerRescueNegativeTestJSON:test_rescued_vm_attach_volume): 200 GET http://10.180.1.21/compute/v2.1/servers/103ff0c8-39e2-44d5-9d7c-5d1fd6ddd636 1.805s
2025-04-25 21:30:44.066 71295 INFO tempest.lib.common.rest_client [req-8f5b1f16-3c4b-47d8-99ff-cc6a414447b6 req-8f5b1f16-3c4b-47d8-99ff-cc6a414447b6 ] Request (AttachInterfacesTestJSON:_run_cleanups): 204 DELETE http://10.180.1.21:9696/networking/v2.0/floatingips/376e973f-a6a1-41d9-b174-497e6d4e7044 0.384s
2025-04-25 21:30:44.135 71323 INFO tempest.lib.common.rest_client [req-5bff8131-31e3-4c8d-8738-fd57793ed97c req-5bff8131-31e3-4c8d-8738-fd57793ed97c ] Request (AttachInterfacesV270Test:tearDownClass): 200 GET http://10.180.1.21/compute/v2.1/servers/55411331-13f8-46e7-8e47-73686de2724b 1.698s
2025-04-25 21:30:44.192 71339 INFO tempest.lib.common.rest_client [req-cbe70eb3-6f55-4632-9dfc-15dcf43f8f83 req-cbe70eb3-6f55-4632-9dfc-15dcf43f8f83 ] Request (ServerDiskConfigTestJSON:test_resize_server_from_auto_to_manual): 200 GET http://10.180.1.21/compute/v2.1/servers/51fa14a5-b703-4023-a641-4ca9894bdc49 1.667s
2025-04-25 21:30:44.255 71303 INFO tempest.lib.common.rest_client [req-773263c8-6b56-4e40-8225-441fcc261702 req-773263c8-6b56-4e40-8225-441fcc261702 ] Request (MultipleCreateTestJSON:test_multiple_create): 202 POST http://10.180.1.21/compute/v2.1/servers 2.154s
2025-04-25 21:30:44.293 71311 INFO tempest.lib.common.rest_client [req-e08226a7-865c-4ad2-ae8d-42fda3daded0 req-e08226a7-865c-4ad2-ae8d-42fda3daded0 ] Request (AttachInterfacesUnderV243Test:test_add_remove_fixed_ip): 202 POST http://10.180.1.21/compute/v2.1/servers/3f5f849f-6385-43fc-84da-d6750104dbab/action 1.524s
2025-04-25 21:30:44.338 71355 INFO tempest.lib.common.rest_client [req-46ea6073-9c6f-4845-b9c6-f461a177aef1 req-46ea6073-9c6f-4845-b9c6-f461a177aef1 ] Request (FloatingIPsAssociationTestJSON:tearDownClass): 204 DELETE http://10.180.1.21:9696/networking/v2.0/networks/2cfef1e9-edad-40ac-acfe-80d333660676 0.372s
2025-04-25 21:30:44.389 71299 INFO tempest.lib.common.rest_client [req-d01d992d-d18e-406d-ac86-c148f6229878 req-d01d992d-d18e-406d-ac86-c148f6229878 ] Request (ServersTestJSON:tearDownClass): 200 GET http://10.180.1.21/compute/v2.1/servers/5a282972-34c3-4c50-accc-d2f54b2676e9 1.612s
2025-04-25 21:30:44.400 71351 INFO tempest.lib.common.rest_client [req-c67f48c7-95f4-40d9-b1fd-fe2c9b74dd9a req-c67f48c7-95f4-40d9-b1fd-fe2c9b74dd9a ] Request (ServersAdminTestJSON:test_rebuild_server_in_error_state): 200 GET http://10.180.1.21/compute/v2.1/servers/d14d1fb9-7aec-4259-bedc-d9224c73322c 1.699s
2025-04-25 21:30:44.449 71309 INFO tempest.lib.common.rest_client [req-b9830ae5-2849-46cd-9cf3-fd85032e8eba req-b9830ae5-2849-46cd-9cf3-fd85032e8eba ] Request (ServerDiagnosticsTest:test_get_server_diagnostics): 200 GET http://10.180.1.21/compute/v2.1/servers/7920b620-2349-4217-b3de-ca887e5d9116 1.250s
2025-04-25 21:30:44.462 71309 INFO tempest.common.waiters [-] State transition "BUILD/None" ==> "BUILD/networking" after 73 second wait
2025-04-25 21:30:44.470 71337 INFO tempest.lib.common.rest_client [req-9cd1fe72-098a-4657-a735-a2b2ff75815c req-9cd1fe72-098a-4657-a735-a2b2ff75815c ] Request (ServerRescueTestJSON:test_rescue_unrescue_instance): 200 GET http://10.180.1.21/compute/v2.1/servers/4f0b7637-6afd-4b78-aca9-ba2f6af4f764 1.268s
2025-04-25 21:30:44.493 71355 INFO tempest.lib.common.rest_client [req-c84e0ac4-1a37-40cf-9623-6e55098f4fe6 req-c84e0ac4-1a37-40cf-9623-6e55098f4fe6 ] Request (FloatingIPsAssociationTestJSON:tearDownClass): 204 DELETE http://10.180.1.21/identity/v3/users/d30753a6b68e41a7bd3a1bf7621acc53 0.154s
2025-04-25 21:30:44.493 71355 INFO tempest.lib.common.dynamic_creds [-] Deleting project and security group for project: 351e9d2713114139b924d710e6b111f4
2025-04-25 21:30:44.502 71357 INFO tempest.lib.common.rest_client [req-b7040f2c-5b8e-4a5b-8850-6dbd8d590095 req-b7040f2c-5b8e-4a5b-8850-6dbd8d590095 ] Request (ImagesNegativeTestJSON:test_create_image_from_deleted_server): 200 GET http://10.180.1.21/compute/v2.1/servers/4b88a240-eedd-4d3d-ab3e-9f793f020f83 1.264s
2025-04-25 21:30:44.521 71355 INFO tempest.lib.common.rest_client [req-6f2f3911-90e5-4c25-9a56-fe251dc93771 req-6f2f3911-90e5-4c25-9a56-fe251dc93771 ] Request (FloatingIPsAssociationTestJSON:tearDownClass): 200 GET http://10.180.1.21:9696/networking/v2.0/security-groups?tenant_id=351e9d2713114139b924d710e6b111f4&name=default 0.028s
2025-04-25 21:30:44.553 71319 INFO tempest.lib.common.rest_client [req-e1d48c0b-60b7-4168-8544-ba127be77b92 req-e1d48c0b-60b7-4168-8544-ba127be77b92 ] Request (ImagesOneServerNegativeTestJSON:setUpClass): 200 GET http://10.180.1.21/compute/v2.1/servers/d774d0e2-6a7c-4e3e-9c6b-c0a7c1d9d31f 1.192s
2025-04-25 21:30:44.575 71345 INFO tempest.lib.common.rest_client [req-163f02ca-7d78-4360-8026-1d9a68087e36 req-163f02ca-7d78-4360-8026-1d9a68087e36 ] Request (ServersTestMultiNic:test_verify_multiple_nics_order): 200 GET http://10.180.1.21/compute/v2.1/servers/d384a829-fab2-4f70-bae5-6460ad85fa20 1.146s
2025-04-25 21:30:44.657 71349 INFO tempest.lib.common.rest_client [req-f7323628-7123-4d66-ae1e-39a859f04ab5 req-f7323628-7123-4d66-ae1e-39a859f04ab5 ] Request (InstanceActionsV221TestJSON:test_get_list_deleted_instance_actions): 200 GET http://10.180.1.21/compute/v2.1/servers/ddabc195-3a39-4139-8248-5320cd09d48f 1.167s
2025-04-25 21:30:44.728 71355 INFO tempest.lib.common.rest_client [req-9dc8c5a6-13af-4fb5-ac23-90e6d0a86caf req-9dc8c5a6-13af-4fb5-ac23-90e6d0a86caf ] Request (FloatingIPsAssociationTestJSON:tearDownClass): 204 DELETE http://10.180.1.21:9696/networking/v2.0/security-groups/155a7a91-788b-4c8a-bd19-9cf001bb1f63 0.206s
2025-04-25 21:30:44.766 71315 INFO tempest.lib.common.rest_client [req-fb277228-9698-42c2-9233-1636440bb6dc req-fb277228-9698-42c2-9233-1636440bb6dc ] Request (ServersAdmin275Test:test_rebuild_update_server_275): 200 GET http://10.180.1.21/compute/v2.1/servers/91cfc32f-29e6-4ae5-90d1-9ecf226bf5ce 0.921s
2025-04-25 21:30:44.781 71347 INFO tempest.lib.common.rest_client [req-36fa8340-c82a-4d50-8944-96081359dc3c req-36fa8340-c82a-4d50-8944-96081359dc3c ] Request (ServerActionsTestOtherB:test_create_backup): 200 GET http://10.180.1.21/compute/v2.1/servers/dc4f6db8-170b-4d56-b3bc-80316ec8aed5 1.318s
2025-04-25 21:30:44.851 71295 INFO tempest.lib.common.rest_client [req-4216eda6-ad5b-439b-8709-eb5535e3cace req-4216eda6-ad5b-439b-8709-eb5535e3cace ] Request (ValidationResourcesFixture:setUp): 200 POST http://10.180.1.21/compute/v2.1/os-keypairs 0.782s
2025-04-25 21:30:44.868 71355 INFO tempest.lib.common.rest_client [req-f7108407-3e4f-49d3-900e-a526760ca710 req-f7108407-3e4f-49d3-900e-a526760ca710 ] Request (FloatingIPsAssociationTestJSON:tearDownClass): 204 DELETE http://10.180.1.21/identity/v3/projects/351e9d2713114139b924d710e6b111f4 0.139s
2025-04-25 21:30:44.917 71325 INFO tempest.lib.common.rest_client [req-7a823479-910a-499e-b86c-a9cff4bf551d req-7a823479-910a-499e-b86c-a9cff4bf551d ] Request (AttachVolumeNegativeTest:test_attach_attached_volume_to_different_server): 200 GET http://10.180.1.21/compute/v2.1/servers/2ff1d794-4c9f-4de9-8283-4a56c527c6d9 0.920s
2025-04-25 21:30:44.932 71303 INFO tempest.lib.common.rest_client [req-825ad394-127c-40cb-8424-17d89def8504 req-825ad394-127c-40cb-8424-17d89def8504 ] Request (MultipleCreateTestJSON:test_multiple_create): 200 GET http://10.180.1.21/compute/v2.1/servers 0.676s
2025-04-25 21:30:44.964 71311 INFO tempest.lib.common.rest_client [req-a91818d6-ca64-4059-8408-d260e3ad7365 req-a91818d6-ca64-4059-8408-d260e3ad7365 ] Request (AttachInterfacesUnderV243Test:test_add_remove_fixed_ip): 200 GET http://10.180.1.21/compute/v2.1/servers/3f5f849f-6385-43fc-84da-d6750104dbab/ips 0.670s
2025-04-25 21:30:44.972 71355 INFO tempest.lib.common.rest_client [req-e6fe9e3c-4e59-4826-ae26-d53a6417f22a req-e6fe9e3c-4e59-4826-ae26-d53a6417f22a ] Request (ImagesOneServerTestJSON:setUpClass): 201 POST http://10.180.1.21/identity/v3/auth/tokens 0.102s
2025-04-25 21:30:45.004 71305 INFO tempest.lib.common.rest_client [req-b3ae8421-679d-4d71-9130-6f2504621c37 req-b3ae8421-679d-4d71-9130-6f2504621c37 ] Request (ListImageFiltersTestJSON:setUpClass): 200 GET http://10.180.1.21/compute/v2.1/images/186964e5-10cd-4275-a0e3-a10c33929c09 0.613s
2025-04-25 21:30:45.013 71355 INFO tempest.lib.common.rest_client [req-4955c866-5760-42ce-a442-2243d092222d req-4955c866-5760-42ce-a442-2243d092222d ] Request (ImagesOneServerTestJSON:setUpClass): 201 POST http://10.180.1.21/identity/v3/auth/tokens 0.038s
2025-04-25 21:30:45.029 71295 INFO tempest.lib.common.rest_client [req-af60c0d2-e44c-42bd-8fde-b64bf653de61 req-af60c0d2-e44c-42bd-8fde-b64bf653de61 ] Request (ValidationResourcesFixture:setUp): 201 POST http://10.180.1.21:9696/networking/v2.0/security-groups 0.176s
2025-04-25 21:30:45.047 71355 INFO tempest.lib.common.rest_client [req-a7eec739-0ede-4b6a-8c35-c6f09ee12765 req-a7eec739-0ede-4b6a-8c35-c6f09ee12765 ] Request (ImagesOneServerTestJSON:setUpClass): 200 GET http://10.180.1.21/identity/v3/domains?name=Default 0.030s
2025-04-25 21:30:45.076 71307 INFO tempest.lib.common.rest_client [req-c6688006-086f-4d52-89d2-cd0223a37325 req-c6688006-086f-4d52-89d2-cd0223a37325 ] Request (ListServerFiltersTestJSON:tearDownClass): 200 GET http://10.180.1.21/compute/v2.1/servers/bb288733-a6d1-4bac-b59b-57db9fcb79ed 0.583s
2025-04-25 21:30:45.082 71355 INFO tempest.lib.common.rest_client [req-81a1079d-d482-4a58-8379-8d73a58ef057 req-81a1079d-d482-4a58-8379-8d73a58ef057 ] Request (ImagesOneServerTestJSON:setUpClass): 201 POST http://10.180.1.21/identity/v3/projects 0.034s
2025-04-25 21:30:45.093 71333 INFO tempest.lib.common.rest_client [req-e22ebab1-8209-4847-b4ad-1aaa11ef37fc req-e22ebab1-8209-4847-b4ad-1aaa11ef37fc ] Request (ServersV294TestFqdnHostnames:setUpClass): 200 GET http://10.180.1.21/compute/v2.1/servers/c0761181-cec1-453c-adfe-a575a7242897 0.706s
2025-04-25 21:30:45.144 71332 INFO tempest.lib.common.rest_client [req-a9ec9225-a91b-4827-be1a-198515044f71 req-a9ec9225-a91b-4827-be1a-198515044f71 ] Request (ListServersNegativeTestJSON:setUpClass): 200 GET http://10.180.1.21/compute/v2.1/servers/3278e6e3-ba77-41bc-bbf9-29b6a68399e7 0.628s
2025-04-25 21:30:45.163 71318 INFO tempest.lib.common.rest_client [req-0f644229-974f-4973-aa6b-81fbca3ec025 req-0f644229-974f-4973-aa6b-81fbca3ec025 ] Request (ServersTestJSON:test_create_server_specify_multibyte_character_name): 200 GET http://10.180.1.21/compute/v2.1/servers/5191e604-7633-4903-ad1d-c1ecfd3c4d68 0.589s
2025-04-25 21:30:45.166 71355 INFO tempest.lib.common.rest_client [req-74385e0a-27c6-4f4a-81ba-6ed7d3d83547 req-74385e0a-27c6-4f4a-81ba-6ed7d3d83547 ] Request (ImagesOneServerTestJSON:setUpClass): 201 POST http://10.180.1.21/identity/v3/users 0.083s
2025-04-25 21:30:45.190 71355 INFO tempest.lib.common.rest_client [req-4ec5ea45-df34-4cda-80be-1fe510ace139 req-4ec5ea45-df34-4cda-80be-1fe510ace139 ] Request (ImagesOneServerTestJSON:setUpClass): 200 GET http://10.180.1.21/identity/v3/roles 0.023s
2025-04-25 21:30:45.205 71295 INFO tempest.lib.common.rest_client [req-0f1cff7a-8005-4dd4-bb54-263a7cd90107 req-0f1cff7a-8005-4dd4-bb54-263a7cd90107 ] Request (ValidationResourcesFixture:setUp): 201 POST http://10.180.1.21:9696/networking/v2.0/security-group-rules 0.175s
2025-04-25 21:30:45.209 71297 INFO tempest.lib.common.rest_client [req-62470b9d-8c5e-401f-9483-851db9b84617 req-62470b9d-8c5e-401f-9483-851db9b84617 ] Request (ServersAdminNegativeTestJSON:tearDownClass): 200 GET http://10.180.1.21/compute/v2.1/servers/0f2fbe39-329f-4340-88ed-c490c7b9fde3 0.612s
2025-04-25 21:30:45.232 71355 INFO tempest.lib.common.rest_client [req-bd34cb9f-02fe-4b70-8fb3-330a52e78f4c req-bd34cb9f-02fe-4b70-8fb3-330a52e78f4c ] Request (ImagesOneServerTestJSON:setUpClass): 204 PUT http://10.180.1.21/identity/v3/projects/85f5f4e76c80458f84fd1339fded9df5/users/06e66773b14041feb901c0bad561c710/roles/584b010d32f040e6be8a7b54a0a78fde 0.041s
2025-04-25 21:30:45.232 71355 INFO tempest.lib.common.dynamic_creds [-] Dynamic test user 06e66773b14041feb901c0bad561c710 is created with scope project and roles: ['member']
2025-04-25 21:30:45.232 71355 INFO tempest.lib.common.dynamic_creds [-] Acquired dynamic creds: credentials: Credentials: {'domain_id': 'default', 'domain_name': 'Default', 'username': 'tempest-ImagesOneServerTestJSON-1632463462-project-member', 'project_domain_id': 'default', 'project_domain_name': 'Default', 'project_id': '85f5f4e76c80458f84fd1339fded9df5', 'project_name': 'tempest-ImagesOneServerTestJSON-1632463462', 'tenant_id': '85f5f4e76c80458f84fd1339fded9df5', 'tenant_name': 'tempest-ImagesOneServerTestJSON-1632463462', 'user_domain_id': 'default', 'user_domain_name': 'Default', 'user_id': '06e66773b14041feb901c0bad561c710', 'system': None}, Network: None, Subnet: None, Router: None
2025-04-25 21:30:45.325 71355 INFO tempest.lib.common.rest_client [req-a1b1415f-8398-47f5-8bec-64e127729650 req-a1b1415f-8398-47f5-8bec-64e127729650 ] Request (ImagesOneServerTestJSON:setUpClass): 201 POST http://10.180.1.21/identity/v3/auth/tokens 0.092s
2025-04-25 21:30:45.325 71313 INFO tempest.lib.common.rest_client [req-e205a6c6-6e98-4520-a067-f63fe8226f14 req-e205a6c6-6e98-4520-a067-f63fe8226f14 ] Request (SecurityGroupsTestJSON:test_server_security_groups): 200 GET http://10.180.1.21/compute/v2.1/servers/f7b8ffd2-fb72-48c4-bfe9-8c778490d64c 0.484s
2025-04-25 21:30:45.410 71303 INFO tempest.lib.common.rest_client [req-dc6939c0-44ef-441a-aead-d43e7c5d1868 req-dc6939c0-44ef-441a-aead-d43e7c5d1868 ] Request (MultipleCreateTestJSON:test_multiple_create): 200 GET http://10.180.1.21/compute/v2.1/servers/e55dc1c4-8009-4a3b-950b-48e7c35839d4 0.475s
2025-04-25 21:30:45.414 71327 INFO tempest.lib.common.rest_client [req-26f4b402-d3ed-4396-be3c-8e2bc34a1b84 req-26f4b402-d3ed-4396-be3c-8e2bc34a1b84 ] Request (ServersTestManualDisk:setUpClass): 200 GET http://10.180.1.21/compute/v2.1/servers/d0895e3b-e9b0-4ee5-986c-1d92ba4ef1f4 0.653s
2025-04-25 21:30:45.569 71323 INFO tempest.lib.common.rest_client [req-ee364505-c1e7-4188-89a5-67d678c793fe req-ee364505-c1e7-4188-89a5-67d678c793fe ] Request (AttachInterfacesV270Test:tearDownClass): 200 GET http://10.180.1.21/compute/v2.1/servers/55411331-13f8-46e7-8e47-73686de2724b 0.422s
2025-04-25 21:30:45.655 71295 INFO tempest.lib.common.rest_client [req-31f500fa-4ab1-45d3-ab5e-250d094ea3d5 req-31f500fa-4ab1-45d3-ab5e-250d094ea3d5 ] Request (ValidationResourcesFixture:setUp): 201 POST http://10.180.1.21:9696/networking/v2.0/security-group-rules 0.449s
2025-04-25 21:30:45.673 71339 INFO tempest.lib.common.rest_client [req-aa6b6bd0-c903-4235-9afb-1e63680685e7 req-aa6b6bd0-c903-4235-9afb-1e63680685e7 ] Request (ServerDiskConfigTestJSON:test_resize_server_from_auto_to_manual): 200 GET http://10.180.1.21/compute/v2.1/servers/51fa14a5-b703-4023-a641-4ca9894bdc49 0.471s
2025-04-25 21:30:45.698 71301 INFO tempest.lib.common.rest_client [req-f0bd5ae7-3519-40db-9839-2d4a91860474 req-f0bd5ae7-3519-40db-9839-2d4a91860474 ] Request (ServerRescueNegativeTestJSON:test_rescued_vm_attach_volume): 200 GET http://10.180.1.21/compute/v2.1/servers/103ff0c8-39e2-44d5-9d7c-5d1fd6ddd636 0.641s
2025-04-25 21:30:45.777 71299 INFO tempest.lib.common.rest_client [req-09422f37-4e79-4a71-af68-a0201e467b25 req-09422f37-4e79-4a71-af68-a0201e467b25 ] Request (ServersTestJSON:tearDownClass): 200 GET http://10.180.1.21/compute/v2.1/servers/5a282972-34c3-4c50-accc-d2f54b2676e9 0.376s
2025-04-25 21:30:46.023 71351 INFO tempest.lib.common.rest_client [req-b455ca3b-dfae-4cad-a8f4-2ae164403894 req-b455ca3b-dfae-4cad-a8f4-2ae164403894 ] Request (ServersAdminTestJSON:test_rebuild_server_in_error_state): 200 GET http://10.180.1.21/compute/v2.1/servers/d14d1fb9-7aec-4259-bedc-d9224c73322c 0.611s
2025-04-25 21:30:46.032 71351 INFO tempest.common.waiters [-] State transition "REBUILD/rebuilding" ==> "REBUILD/rebuild_block_device_mapping" after 9 second wait
2025-04-25 21:30:46.084 71295 INFO tempest.lib.common.rest_client [req-d27ee817-040d-473d-9fc2-82fc70826152 req-d27ee817-040d-473d-9fc2-82fc70826152 ] Request (ValidationResourcesFixture:setUp): 201 POST http://10.180.1.21:9696/networking/v2.0/floatingips 0.428s
2025-04-25 21:30:46.120 71337 INFO tempest.lib.common.rest_client [req-49526c19-58ce-4c22-82fe-29cd3f3a4a8d req-49526c19-58ce-4c22-82fe-29cd3f3a4a8d ] Request (ServerRescueTestJSON:test_rescue_unrescue_instance): 200 GET http://10.180.1.21/compute/v2.1/servers/4f0b7637-6afd-4b78-aca9-ba2f6af4f764 0.636s
2025-04-25 21:30:46.172 71309 INFO tempest.lib.common.rest_client [req-e610dcb1-e263-48f6-946b-99d1a939a6ed req-e610dcb1-e263-48f6-946b-99d1a939a6ed ] Request (ServerDiagnosticsTest:test_get_server_diagnostics): 200 GET http://10.180.1.21/compute/v2.1/servers/7920b620-2349-4217-b3de-ca887e5d9116 0.709s
2025-04-25 21:30:46.183 71295 INFO tempest.lib.common.rest_client [req-27ce373b-ae3e-4d18-90cb-4fdfc514bb3c req-27ce373b-ae3e-4d18-90cb-4fdfc514bb3c ] Request (AttachInterfacesTestJSON:test_create_list_show_delete_interfaces_by_network_port): 201 POST http://10.180.1.21/identity/v3/auth/tokens 0.096s
2025-04-25 21:30:46.183 71295 INFO tempest.lib.common.fixed_network [-] (AttachInterfacesTestJSON:test_create_list_show_delete_interfaces_by_network_port) Found network {'id': '4697b8ca-a4de-4107-aa70-0f176622332c', 'name': 'tempest-AttachInterfacesTestJSON-1965860380-network', 'tenant_id': '611d7f6ccb3644079814f537c0dc64d2', 'admin_state_up': True, 'mtu': 8950, 'status': 'ACTIVE', 'subnets': [], 'shared': False, 'project_id': '611d7f6ccb3644079814f537c0dc64d2', 'port_security_enabled': True, 'router:external': False, 'provider:network_type': 'vlan', 'provider:physical_network': 'default', 'provider:segmentation_id': 641, 'availability_zone_hints': [], 'availability_zones': [], 'ipv4_address_scope': None, 'ipv6_address_scope': None, 'description': '', 'tags': [], 'created_at': '2025-04-25T21:28:25Z', 'updated_at': '2025-04-25T21:28:25Z', 'revision_number': 1} available for tenant
2025-04-25 21:30:46.185 71309 INFO tempest.common.waiters [-] State transition "BUILD/networking" ==> "BUILD/spawning" after 75 second wait
2025-04-25 21:30:46.197 71355 INFO tempest.lib.common.rest_client [req-1fc62fe6-8867-44eb-8c6c-9c7f48757cec req-1fc62fe6-8867-44eb-8c6c-9c7f48757cec ] Request (ImagesOneServerTestJSON:setUpClass): 201 POST http://10.180.1.21:9696/networking/v2.0/networks 0.872s
2025-04-25 21:30:46.214 71357 INFO tempest.lib.common.rest_client [req-8c47ab27-da17-44d3-9eca-f160701e0128 req-8c47ab27-da17-44d3-9eca-f160701e0128 ] Request (ImagesNegativeTestJSON:test_create_image_from_deleted_server): 200 GET http://10.180.1.21/compute/v2.1/servers/4b88a240-eedd-4d3d-ab3e-9f793f020f83 0.699s
2025-04-25 21:30:46.250 71319 INFO tempest.lib.common.rest_client [req-f21e11a8-04e7-4c1e-9961-6bcb654add91 req-f21e11a8-04e7-4c1e-9961-6bcb654add91 ] Request (ImagesOneServerNegativeTestJSON:setUpClass): 200 GET http://10.180.1.21/compute/v2.1/servers/d774d0e2-6a7c-4e3e-9c6b-c0a7c1d9d31f 0.687s
2025-04-25 21:30:46.297 71345 INFO tempest.lib.common.rest_client [req-3afcdb19-9d59-41b7-867a-b91188a453f3 req-3afcdb19-9d59-41b7-867a-b91188a453f3 ] Request (ServersTestMultiNic:test_verify_multiple_nics_order): 200 GET http://10.180.1.21/compute/v2.1/servers/d384a829-fab2-4f70-bae5-6460ad85fa20 0.709s
2025-04-25 21:30:46.329 71349 INFO tempest.lib.common.rest_client [req-24b9c430-d06c-42fb-9afa-b08283cf7e41 req-24b9c430-d06c-42fb-9afa-b08283cf7e41 ] Request (InstanceActionsV221TestJSON:test_get_list_deleted_instance_actions): 200 GET http://10.180.1.21/compute/v2.1/servers/ddabc195-3a39-4139-8248-5320cd09d48f 0.660s
2025-04-25 21:30:46.366 71321 WARNING tempest.lib.common.ssh [-] Failed to establish authenticated ssh connection to cirros@10.180.180.144 ([Errno None] Unable to connect to port 22 on 10.180.180.144). Number attempts: 11. Retry after 12 seconds.: paramiko.ssh_exception.NoValidConnectionsError: [Errno None] Unable to connect to port 22 on 10.180.180.144
2025-04-25 21:30:46.386 71315 INFO tempest.lib.common.rest_client [req-efb07a3b-99f7-4080-b4d7-f6bd9e83d0ec req-efb07a3b-99f7-4080-b4d7-f6bd9e83d0ec ] Request (ServersAdmin275Test:test_rebuild_update_server_275): 200 GET http://10.180.1.21/compute/v2.1/servers/91cfc32f-29e6-4ae5-90d1-9ecf226bf5ce 0.603s
2025-04-25 21:30:46.424 71355 INFO tempest.lib.common.rest_client [req-428a9c14-4787-49e1-9b92-9494e8e8ebb9 req-428a9c14-4787-49e1-9b92-9494e8e8ebb9 ] Request (ImagesOneServerTestJSON:setUpClass): 201 POST http://10.180.1.21:9696/networking/v2.0/subnets 0.226s
2025-04-25 21:30:46.455 71347 INFO tempest.lib.common.rest_client [req-0760913d-f8a4-4d78-a43a-46d3557eb630 req-0760913d-f8a4-4d78-a43a-46d3557eb630 ] Request (ServerActionsTestOtherB:test_create_backup): 200 GET http://10.180.1.21/compute/v2.1/servers/dc4f6db8-170b-4d56-b3bc-80316ec8aed5 0.663s
2025-04-25 21:30:46.464 71347 INFO tempest.common.waiters [-] State transition "ACTIVE/image_uploading" ==> "ACTIVE/None" after 2 second wait
2025-04-25 21:30:46.482 71311 INFO tempest.lib.common.rest_client [req-e22cb0b2-14bf-44d2-b9a5-8a02d80f8ebc req-e22cb0b2-14bf-44d2-b9a5-8a02d80f8ebc ] Request (AttachInterfacesUnderV243Test:test_add_remove_fixed_ip): 200 GET http://10.180.1.21/compute/v2.1/servers/3f5f849f-6385-43fc-84da-d6750104dbab/ips 0.515s
2025-04-25 21:30:46.521 71325 INFO tempest.lib.common.rest_client [req-a13b2cd9-c54e-404f-8050-40282cf855cd req-a13b2cd9-c54e-404f-8050-40282cf855cd ] Request (AttachVolumeNegativeTest:test_attach_attached_volume_to_different_server): 200 GET http://10.180.1.21/compute/v2.1/servers/2ff1d794-4c9f-4de9-8283-4a56c527c6d9 0.591s
2025-04-25 21:30:46.521 71305 INFO tempest.lib.common.rest_client [req-b05f2240-3bda-44cc-a08e-2217c568a5b3 req-b05f2240-3bda-44cc-a08e-2217c568a5b3 ] Request (ListImageFiltersTestJSON:setUpClass): 200 GET http://10.180.1.21/compute/v2.1/images/186964e5-10cd-4275-a0e3-a10c33929c09 0.511s
2025-04-25 21:30:46.596 71307 INFO tempest.lib.common.rest_client [req-cf5d948b-82e5-4384-a59e-958b5ede2464 req-cf5d948b-82e5-4384-a59e-958b5ede2464 ] Request (ListServerFiltersTestJSON:tearDownClass): 200 GET http://10.180.1.21/compute/v2.1/servers/bb288733-a6d1-4bac-b59b-57db9fcb79ed 0.510s
2025-04-25 21:30:46.642 71333 INFO tempest.lib.common.rest_client [req-310d85e3-f717-474c-a89c-95e608d6a80e req-310d85e3-f717-474c-a89c-95e608d6a80e ] Request (ServersV294TestFqdnHostnames:setUpClass): 200 GET http://10.180.1.21/compute/v2.1/servers/c0761181-cec1-453c-adfe-a575a7242897 0.538s
2025-04-25 21:30:46.659 71332 INFO tempest.lib.common.rest_client [req-804f2188-3cd4-4846-b491-ebb78b452e37 req-804f2188-3cd4-4846-b491-ebb78b452e37 ] Request (ListServersNegativeTestJSON:setUpClass): 200 GET http://10.180.1.21/compute/v2.1/servers/3278e6e3-ba77-41bc-bbf9-29b6a68399e7 0.505s
2025-04-25 21:30:46.700 71318 INFO tempest.lib.common.rest_client [req-3c78efdb-db3b-443f-97d2-f0d47680b309 req-3c78efdb-db3b-443f-97d2-f0d47680b309 ] Request (ServersTestJSON:test_create_server_specify_multibyte_character_name): 200 GET http://10.180.1.21/compute/v2.1/servers/5191e604-7633-4903-ad1d-c1ecfd3c4d68 0.528s
2025-04-25 21:30:46.776 71297 INFO tempest.lib.common.rest_client [req-73ee6d93-4058-4d5e-9767-fdf9cae3050f req-73ee6d93-4058-4d5e-9767-fdf9cae3050f ] Request (ServersAdminNegativeTestJSON:tearDownClass): 200 GET http://10.180.1.21/compute/v2.1/servers/0f2fbe39-329f-4340-88ed-c490c7b9fde3 0.551s
2025-04-25 21:30:46.862 71313 INFO tempest.lib.common.rest_client [req-2d48ec80-29e0-4e16-90d4-bc27fc35edf7 req-2d48ec80-29e0-4e16-90d4-bc27fc35edf7 ] Request (SecurityGroupsTestJSON:test_server_security_groups): 200 GET http://10.180.1.21/compute/v2.1/servers/f7b8ffd2-fb72-48c4-bfe9-8c778490d64c 0.523s
2025-04-25 21:30:46.936 71303 INFO tempest.lib.common.rest_client [req-776834f8-258f-4375-8bae-5f11c0a2ba61 req-776834f8-258f-4375-8bae-5f11c0a2ba61 ] Request (MultipleCreateTestJSON:test_multiple_create): 200 GET http://10.180.1.21/compute/v2.1/servers/e55dc1c4-8009-4a3b-950b-48e7c35839d4 0.515s
2025-04-25 21:30:47.135 71329 WARNING tempest.lib.common.ssh [-] Failed to establish authenticated ssh connection to cirros@10.180.180.179 ([Errno None] Unable to connect to port 22 on 10.180.180.179). Number attempts: 10. Retry after 11 seconds.: paramiko.ssh_exception.NoValidConnectionsError: [Errno None] Unable to connect to port 22 on 10.180.180.179
2025-04-25 21:30:47.327 71355 INFO tempest.lib.common.rest_client [req-2482865d-d48b-4d8e-b7f5-6413763f5f8f req-2482865d-d48b-4d8e-b7f5-6413763f5f8f ] Request (ImagesOneServerTestJSON:setUpClass): 201 POST http://10.180.1.21:9696/networking/v2.0/routers 0.903s
2025-04-25 21:30:47.372 71327 INFO tempest.lib.common.rest_client [req-2a9dd766-24f9-417c-bc7f-dce9e838b19c req-2a9dd766-24f9-417c-bc7f-dce9e838b19c ] Request (ServersTestManualDisk:setUpClass): 200 GET http://10.180.1.21/compute/v2.1/servers/d0895e3b-e9b0-4ee5-986c-1d92ba4ef1f4 0.945s
2025-04-25 21:30:47.469 71295 INFO tempest.lib.common.rest_client [req-81cdf463-9edc-436e-8eba-3aaeaa6666a1 req-81cdf463-9edc-436e-8eba-3aaeaa6666a1 ] Request (AttachInterfacesTestJSON:test_create_list_show_delete_interfaces_by_network_port): 202 POST http://10.180.1.21/compute/v2.1/servers 1.285s
2025-04-25 21:30:47.563 71323 INFO tempest.lib.common.rest_client [req-0fba9ca2-348c-4791-9caf-c4c6b028ff69 req-0fba9ca2-348c-4791-9caf-c4c6b028ff69 ] Request (AttachInterfacesV270Test:tearDownClass): 200 GET http://10.180.1.21/compute/v2.1/servers/55411331-13f8-46e7-8e47-73686de2724b 0.979s
2025-04-25 21:30:47.639 71339 INFO tempest.lib.common.rest_client [req-8a41cff3-a9c0-42fc-bf76-ab5e1b9aca63 req-8a41cff3-a9c0-42fc-bf76-ab5e1b9aca63 ] Request (ServerDiskConfigTestJSON:test_resize_server_from_auto_to_manual): 200 GET http://10.180.1.21/compute/v2.1/servers/51fa14a5-b703-4023-a641-4ca9894bdc49 0.957s
2025-04-25 21:30:47.766 71301 INFO tempest.lib.common.rest_client [req-c4745f3c-8a98-425d-9d08-759b0364ccc0 req-c4745f3c-8a98-425d-9d08-759b0364ccc0 ] Request (ServerRescueNegativeTestJSON:test_rescued_vm_attach_volume): 200 GET http://10.180.1.21/compute/v2.1/servers/103ff0c8-39e2-44d5-9d7c-5d1fd6ddd636 1.056s
2025-04-25 21:30:47.855 71347 INFO tempest.lib.common.rest_client [req-085b7543-2211-4be0-966c-0dbe0e9545d6 req-085b7543-2211-4be0-966c-0dbe0e9545d6 ] Request (ServerActionsTestOtherB:test_create_backup): 202 POST http://10.180.1.21/compute/v2.1/servers/dc4f6db8-170b-4d56-b3bc-80316ec8aed5/action 1.390s
2025-04-25 21:30:47.859 71299 INFO tempest.lib.common.rest_client [req-7207d4b9-f89b-4905-bb80-f61c4eb3593d req-7207d4b9-f89b-4905-bb80-f61c4eb3593d ] Request (ServersTestJSON:tearDownClass): 200 GET http://10.180.1.21/compute/v2.1/servers/5a282972-34c3-4c50-accc-d2f54b2676e9 1.068s
2025-04-25 21:30:47.873 71347 INFO tempest.lib.common.rest_client [req-625be20f-f761-42bb-9e3d-fab10ef8f63b req-625be20f-f761-42bb-9e3d-fab10ef8f63b ] Request (ServerActionsTestOtherB:test_create_backup): 200 GET http://10.180.1.21/image/v2/images/1f7c7ca6-c5d4-4a34-831b-50f875b3bbf7/tasks 0.018s
2025-04-25 21:30:47.950 71337 INFO tempest.lib.common.rest_client [req-db023b66-bb33-4616-80af-467fef97f896 req-db023b66-bb33-4616-80af-467fef97f896 ] Request (ServerRescueTestJSON:test_rescue_unrescue_instance): 200 GET http://10.180.1.21/compute/v2.1/servers/4f0b7637-6afd-4b78-aca9-ba2f6af4f764 0.812s
2025-04-25 21:30:47.975 71351 INFO tempest.lib.common.rest_client [req-5fad52b1-accf-4982-a9d6-1dcbbc1ac1b3 req-5fad52b1-accf-4982-a9d6-1dcbbc1ac1b3 ] Request (ServersAdminTestJSON:test_rebuild_server_in_error_state): 200 GET http://10.180.1.21/compute/v2.1/servers/d14d1fb9-7aec-4259-bedc-d9224c73322c 0.942s
2025-04-25 21:30:47.984 71351 INFO tempest.common.waiters [-] State transition "REBUILD/rebuild_block_device_mapping" ==> "REBUILD/rebuild_spawning" after 10 second wait
2025-04-25 21:30:48.047 71357 INFO tempest.lib.common.rest_client [req-35de7f57-5392-426f-87f8-5de9061c6dd1 req-35de7f57-5392-426f-87f8-5de9061c6dd1 ] Request (ImagesNegativeTestJSON:test_create_image_from_deleted_server): 200 GET http://10.180.1.21/compute/v2.1/servers/4b88a240-eedd-4d3d-ab3e-9f793f020f83 0.819s
2025-04-25 21:30:48.059 71357 INFO tempest.common.waiters [-] State transition "BUILD/None" ==> "BUILD/networking" after 76 second wait
2025-04-25 21:30:48.127 71319 INFO tempest.lib.common.rest_client [req-baf6e943-706d-436b-b77a-b8ea4de3c59f req-baf6e943-706d-436b-b77a-b8ea4de3c59f ] Request (ImagesOneServerNegativeTestJSON:setUpClass): 200 GET http://10.180.1.21/compute/v2.1/servers/d774d0e2-6a7c-4e3e-9c6b-c0a7c1d9d31f 0.866s
2025-04-25 21:30:48.128 71309 INFO tempest.lib.common.rest_client [req-88a05fd7-698c-4f01-bd0f-72d515e2b226 req-88a05fd7-698c-4f01-bd0f-72d515e2b226 ] Request (ServerDiagnosticsTest:test_get_server_diagnostics): 200 GET http://10.180.1.21/compute/v2.1/servers/7920b620-2349-4217-b3de-ca887e5d9116 0.942s
2025-04-25 21:30:48.193 71345 INFO tempest.lib.common.rest_client [req-8153a94a-fc5d-4fb3-8996-dac280710395 req-8153a94a-fc5d-4fb3-8996-dac280710395 ] Request (ServersTestMultiNic:test_verify_multiple_nics_order): 200 GET http://10.180.1.21/compute/v2.1/servers/d384a829-fab2-4f70-bae5-6460ad85fa20 0.882s
2025-04-25 21:30:48.211 71349 INFO tempest.lib.common.rest_client [req-3e3489f0-28da-4802-87c3-d10c59f0b167 req-3e3489f0-28da-4802-87c3-d10c59f0b167 ] Request (InstanceActionsV221TestJSON:test_get_list_deleted_instance_actions): 200 GET http://10.180.1.21/compute/v2.1/servers/ddabc195-3a39-4139-8248-5320cd09d48f 0.870s
2025-04-25 21:30:48.241 71355 INFO tempest.lib.common.rest_client [req-be429301-c681-432d-ad16-5a915e4fdebe req-be429301-c681-432d-ad16-5a915e4fdebe ] Request (ImagesOneServerTestJSON:setUpClass): 200 PUT http://10.180.1.21:9696/networking/v2.0/routers/e5b32151-0a78-4d29-81b0-0ccefa6d9202/add_router_interface 0.913s
2025-04-25 21:30:48.242 71355 INFO tempest.lib.common.dynamic_creds [-] Created isolated network resources for: credentials: Credentials: {'domain_id': 'default', 'domain_name': 'Default', 'username': 'tempest-ImagesOneServerTestJSON-1632463462-project-member', 'project_domain_id': 'default', 'project_domain_name': 'Default', 'project_id': '85f5f4e76c80458f84fd1339fded9df5', 'project_name': 'tempest-ImagesOneServerTestJSON-1632463462', 'tenant_id': '85f5f4e76c80458f84fd1339fded9df5', 'tenant_name': 'tempest-ImagesOneServerTestJSON-1632463462', 'user_domain_id': 'default', 'user_domain_name': 'Default', 'user_id': '06e66773b14041feb901c0bad561c710', 'system': None}, Network: {'id': 'e5033487-6d8b-499c-98e0-6644a921e311', 'name': 'tempest-ImagesOneServerTestJSON-1992514577-network', 'tenant_id': '85f5f4e76c80458f84fd1339fded9df5', 'admin_state_up': True, 'mtu': 8950, 'status': 'ACTIVE', 'subnets': [], 'shared': False, 'project_id': '85f5f4e76c80458f84fd1339fded9df5', 'port_security_enabled': True, 'router:external': False, 'provider:network_type': 'vlan', 'provider:physical_network': 'default', 'provider:segmentation_id': 722, 'availability_zone_hints': [], 'availability_zones': [], 'ipv4_address_scope': None, 'ipv6_address_scope': None, 'description': '', 'tags': [], 'created_at': '2025-04-25T21:30:45Z', 'updated_at': '2025-04-25T21:30:45Z', 'revision_number': 1}, Subnet: {'id': '11699302-760f-4ecb-92a8-8d203d2a80a5', 'name': 'tempest-ImagesOneServerTestJSON-1992514577-subnet', 'tenant_id': '85f5f4e76c80458f84fd1339fded9df5', 'network_id': 'e5033487-6d8b-499c-98e0-6644a921e311', 'ip_version': 4, 'subnetpool_id': None, 'enable_dhcp': True, 'ipv6_ra_mode': None, 'ipv6_address_mode': None, 'gateway_ip': '192.168.128.1', 'cidr': '192.168.128.0/28', 'allocation_pools': [{'start': '192.168.128.2', 'end': '192.168.128.14'}], 'host_routes': [], 'dns_nameservers': [], 'description': '', 'router:external': False, 'service_types': [], 'tags': [], 'created_at': '2025-04-25T21:30:46Z', 'updated_at': '2025-04-25T21:30:46Z', 'revision_number': 0, 'project_id': '85f5f4e76c80458f84fd1339fded9df5'}, Router: {'id': 'e5b32151-0a78-4d29-81b0-0ccefa6d9202', 'name': 'tempest-ImagesOneServerTestJSON-1992514577-router', 'tenant_id': '85f5f4e76c80458f84fd1339fded9df5', 'admin_state_up': True, 'status': 'ACTIVE', 'external_gateway_info': {'network_id': '2ad73d7e-e092-4018-9781-47839415a4b4', 'external_fixed_ips': [{'subnet_id': 'acfe1b97-9a85-4843-bc24-835769efec66', 'ip_address': '10.180.180.155'}], 'enable_snat': True}, 'description': '', 'availability_zones': [], 'distributed': False, 'ha': False, 'availability_zone_hints': [], 'routes': [], 'flavor_id': None, 'tags': [], 'created_at': '2025-04-25T21:30:46Z', 'updated_at': '2025-04-25T21:30:47Z', 'revision_number': 2, 'project_id': '85f5f4e76c80458f84fd1339fded9df5'}
2025-04-25 21:30:48.265 71315 INFO tempest.lib.common.rest_client [req-7e8cd44e-9995-402f-a4d5-b52ae8add56f req-7e8cd44e-9995-402f-a4d5-b52ae8add56f ] Request (ServersAdmin275Test:test_rebuild_update_server_275): 200 GET http://10.180.1.21/compute/v2.1/servers/91cfc32f-29e6-4ae5-90d1-9ecf226bf5ce 0.869s
2025-04-25 21:30:48.278 71295 INFO tempest.lib.common.rest_client [req-faf3ee53-36bd-4ab3-a224-af6d87a8878b req-faf3ee53-36bd-4ab3-a224-af6d87a8878b ] Request (AttachInterfacesTestJSON:test_create_list_show_delete_interfaces_by_network_port): 200 GET http://10.180.1.21/compute/v2.1/servers/f98e64de-6d1f-4dce-a8f9-ab2a0f00e4b1 0.807s
2025-04-25 21:30:48.294 71311 INFO tempest.lib.common.rest_client [req-3650e356-3393-4d2e-a1d0-acdd872b63f3 req-3650e356-3393-4d2e-a1d0-acdd872b63f3 ] Request (AttachInterfacesUnderV243Test:test_add_remove_fixed_ip): 200 GET http://10.180.1.21/compute/v2.1/servers/3f5f849f-6385-43fc-84da-d6750104dbab/ips 0.806s
2025-04-25 21:30:48.333 71305 INFO tempest.lib.common.rest_client [req-7c604296-19ce-46fe-b678-c98f28fe77cc req-7c604296-19ce-46fe-b678-c98f28fe77cc ] Request (ListImageFiltersTestJSON:setUpClass): 200 GET http://10.180.1.21/compute/v2.1/images/186964e5-10cd-4275-a0e3-a10c33929c09 0.808s
2025-04-25 21:30:48.371 71355 INFO tempest.lib.common.rest_client [req-9d8a9cc6-af57-44c0-8043-82a37bd5e247 req-9d8a9cc6-af57-44c0-8043-82a37bd5e247 ] Request (ImagesOneServerTestJSON:setUpClass): 201 POST http://10.180.1.21/identity/v3/auth/tokens 0.123s
2025-04-25 21:30:48.400 71307 INFO tempest.lib.common.rest_client [req-5d177b48-7c20-4b20-82fd-06fa90bb3886 req-5d177b48-7c20-4b20-82fd-06fa90bb3886 ] Request (ListServerFiltersTestJSON:tearDownClass): 200 GET http://10.180.1.21/compute/v2.1/servers/bb288733-a6d1-4bac-b59b-57db9fcb79ed 0.792s
2025-04-25 21:30:48.416 71355 INFO tempest.lib.common.rest_client [req-65f47f6d-9df7-4b5f-90d4-61ef2e917bf7 req-65f47f6d-9df7-4b5f-90d4-61ef2e917bf7 ] Request (ImagesOneServerTestJSON:setUpClass): 201 POST http://10.180.1.21/identity/v3/auth/tokens 0.037s
2025-04-25 21:30:48.417 71355 INFO tempest.lib.common.fixed_network [-] (ImagesOneServerTestJSON:setUpClass) Found network {'id': 'e5033487-6d8b-499c-98e0-6644a921e311', 'name': 'tempest-ImagesOneServerTestJSON-1992514577-network', 'tenant_id': '85f5f4e76c80458f84fd1339fded9df5', 'admin_state_up': True, 'mtu': 8950, 'status': 'ACTIVE', 'subnets': [], 'shared': False, 'project_id': '85f5f4e76c80458f84fd1339fded9df5', 'port_security_enabled': True, 'router:external': False, 'provider:network_type': 'vlan', 'provider:physical_network': 'default', 'provider:segmentation_id': 722, 'availability_zone_hints': [], 'availability_zones': [], 'ipv4_address_scope': None, 'ipv6_address_scope': None, 'description': '', 'tags': [], 'created_at': '2025-04-25T21:30:45Z', 'updated_at': '2025-04-25T21:30:45Z', 'revision_number': 1} available for tenant
2025-04-25 21:30:48.444 71325 INFO tempest.lib.common.rest_client [req-7b0c746d-2974-41a8-9fa4-72786fb36d8b req-7b0c746d-2974-41a8-9fa4-72786fb36d8b ] Request (AttachVolumeNegativeTest:test_attach_attached_volume_to_different_server): 200 GET http://10.180.1.21/compute/v2.1/servers/2ff1d794-4c9f-4de9-8283-4a56c527c6d9 0.914s
2025-04-25 21:30:48.525 71332 INFO tempest.lib.common.rest_client [req-f166a6fc-8919-47c6-b900-ce6bce2c76a9 req-f166a6fc-8919-47c6-b900-ce6bce2c76a9 ] Request (ListServersNegativeTestJSON:setUpClass): 200 GET http://10.180.1.21/compute/v2.1/servers/3278e6e3-ba77-41bc-bbf9-29b6a68399e7 0.856s
2025-04-25 21:30:48.584 71318 INFO tempest.lib.common.rest_client [req-7c7e0961-2b61-4bf6-8848-2eab5e3ca839 req-7c7e0961-2b61-4bf6-8848-2eab5e3ca839 ] Request (ServersTestJSON:test_create_server_specify_multibyte_character_name): 200 GET http://10.180.1.21/compute/v2.1/servers/5191e604-7633-4903-ad1d-c1ecfd3c4d68 0.876s
2025-04-25 21:30:48.609 71297 INFO tempest.lib.common.rest_client [req-6cb909e2-a513-4f71-a267-393f1c37141f req-6cb909e2-a513-4f71-a267-393f1c37141f ] Request (ServersAdminNegativeTestJSON:tearDownClass): 404 GET http://10.180.1.21/compute/v2.1/servers/0f2fbe39-329f-4340-88ed-c490c7b9fde3 0.818s
2025-04-25 21:30:48.618 71333 INFO tempest.lib.common.rest_client [req-bc60bfc7-1c9e-4f3e-8db3-7d3f45784acc req-bc60bfc7-1c9e-4f3e-8db3-7d3f45784acc ] Request (ServersV294TestFqdnHostnames:setUpClass): 200 GET http://10.180.1.21/compute/v2.1/servers/c0761181-cec1-453c-adfe-a575a7242897 0.964s
2025-04-25 21:30:48.630 71333 INFO tempest.common.waiters [-] State transition "BUILD/spawning" ==> "ACTIVE/None" after 78 second wait
2025-04-25 21:30:48.692 71313 INFO tempest.lib.common.rest_client [req-c9e62b9a-1ada-49a2-badb-bdda14eaf632 req-c9e62b9a-1ada-49a2-badb-bdda14eaf632 ] Request (SecurityGroupsTestJSON:test_server_security_groups): 200 GET http://10.180.1.21/compute/v2.1/servers/f7b8ffd2-fb72-48c4-bfe9-8c778490d64c 0.819s
2025-04-25 21:30:48.728 71297 INFO tempest.lib.common.rest_client [req-103b0b5a-a28c-44cb-a631-5e665db4a0d3 req-103b0b5a-a28c-44cb-a631-5e665db4a0d3 ] Request (ServersAdminNegativeTestJSON:tearDownClass): 204 DELETE http://10.180.1.21/identity/v3/users/1878f6df3e9341c2a36ecd5e31612620 0.119s
2025-04-25 21:30:48.753 71303 INFO tempest.lib.common.rest_client [req-6d5f3655-a55c-4490-bb64-db1164d5ae94 req-6d5f3655-a55c-4490-bb64-db1164d5ae94 ] Request (MultipleCreateTestJSON:test_multiple_create): 200 GET http://10.180.1.21/compute/v2.1/servers/e55dc1c4-8009-4a3b-950b-48e7c35839d4 0.809s
2025-04-25 21:30:48.813 71347 INFO tempest.lib.common.rest_client [req-a0157610-9824-4c12-83b8-60a1518ae389 req-a0157610-9824-4c12-83b8-60a1518ae389 ] Request (ServerActionsTestOtherB:test_create_backup): 200 GET http://10.180.1.21/compute/v2.1/servers/dc4f6db8-170b-4d56-b3bc-80316ec8aed5 0.939s
2025-04-25 21:30:48.841 71311 INFO tempest.lib.common.rest_client [req-b90d93ef-fd03-46a1-8fa0-952e85fc4d1a req-b90d93ef-fd03-46a1-8fa0-952e85fc4d1a ] Request (AttachInterfacesUnderV243Test:_run_cleanups): 204 DELETE http://10.180.1.21/compute/v2.1/servers/3f5f849f-6385-43fc-84da-d6750104dbab 0.545s
2025-04-25 21:30:48.866 71305 INFO tempest.lib.common.rest_client [req-63c9cc89-289a-4fa8-9d0b-48423cf3d8dd req-63c9cc89-289a-4fa8-9d0b-48423cf3d8dd ] Request (ListImageFiltersTestJSON:setUpClass): 200 GET http://10.180.1.21/compute/v2.1/images/186964e5-10cd-4275-a0e3-a10c33929c09 0.526s
2025-04-25 21:30:48.867 71297 INFO tempest.lib.common.rest_client [req-05e846bb-f374-4c33-a05a-7c7669abf112 req-05e846bb-f374-4c33-a05a-7c7669abf112 ] Request (ServersAdminNegativeTestJSON:tearDownClass): 204 DELETE http://10.180.1.21/identity/v3/users/fc2da5dd945a40b288f06296319ef1f7 0.138s
2025-04-25 21:30:48.867 71297 INFO tempest.lib.common.dynamic_creds [-] Deleting project and security group for project: 0fc01dcea1694ffab6322583af8d2a20
2025-04-25 21:30:48.946 71297 INFO tempest.lib.common.rest_client [req-de1462c1-e6fc-4335-9483-04c693eba81c req-de1462c1-e6fc-4335-9483-04c693eba81c ] Request (ServersAdminNegativeTestJSON:tearDownClass): 201 POST http://10.180.1.21/identity/v3/auth/tokens 0.079s
2025-04-25 21:30:48.997 71327 INFO tempest.lib.common.rest_client [req-bd9facc2-6ba7-4122-9ee6-5cacf296a283 req-bd9facc2-6ba7-4122-9ee6-5cacf296a283 ] Request (ServersTestManualDisk:setUpClass): 200 GET http://10.180.1.21/compute/v2.1/servers/d0895e3b-e9b0-4ee5-986c-1d92ba4ef1f4 0.615s
2025-04-25 21:30:49.068 71297 INFO tempest.lib.common.rest_client [req-54042b2c-a701-44c7-8f83-3847b9d7bf83 req-54042b2c-a701-44c7-8f83-3847b9d7bf83 ] Request (ServersAdminNegativeTestJSON:tearDownClass): 200 GET http://10.180.1.21:9696/networking/v2.0/security-groups?tenant_id=0fc01dcea1694ffab6322583af8d2a20&name=default 0.121s
2025-04-25 21:30:49.100 71323 INFO tempest.lib.common.rest_client [req-1075337f-fb1c-48a7-ba6d-75676c5c39b8 req-1075337f-fb1c-48a7-ba6d-75676c5c39b8 ] Request (AttachInterfacesV270Test:tearDownClass): 200 GET http://10.180.1.21/compute/v2.1/servers/55411331-13f8-46e7-8e47-73686de2724b 0.521s
2025-04-25 21:30:49.184 71297 INFO tempest.lib.common.rest_client [req-792fe8fb-9917-4f41-afb1-193fa9b37e22 req-792fe8fb-9917-4f41-afb1-193fa9b37e22 ] Request (ServersAdminNegativeTestJSON:tearDownClass): 204 DELETE http://10.180.1.21:9696/networking/v2.0/security-groups/3781be8b-e165-4069-8e42-eeace48d4ca3 0.115s
2025-04-25 21:30:49.186 71333 INFO tempest.lib.common.rest_client [req-78a1289a-88f9-4dfe-aa55-662f3c5444f8 req-78a1289a-88f9-4dfe-aa55-662f3c5444f8 ] Request (ServersV294TestFqdnHostnames:setUpClass): 200 GET http://10.180.1.21/compute/v2.1/servers/c0761181-cec1-453c-adfe-a575a7242897/os-interface 0.556s
2025-04-25 21:30:49.247 71339 INFO tempest.lib.common.rest_client [req-0c2700f8-e796-4a8b-a51a-c6d0dab33c77 req-0c2700f8-e796-4a8b-a51a-c6d0dab33c77 ] Request (ServerDiskConfigTestJSON:test_resize_server_from_auto_to_manual): 200 GET http://10.180.1.21/compute/v2.1/servers/51fa14a5-b703-4023-a641-4ca9894bdc49 0.596s
2025-04-25 21:30:49.320 71297 INFO tempest.lib.common.rest_client [req-ed22d4f9-962f-4fd3-aa22-1385f2501bbc req-ed22d4f9-962f-4fd3-aa22-1385f2501bbc ] Request (ServersAdminNegativeTestJSON:tearDownClass): 204 DELETE http://10.180.1.21/identity/v3/projects/0fc01dcea1694ffab6322583af8d2a20 0.136s
2025-04-25 21:30:49.321 71297 INFO tempest.lib.common.dynamic_creds [-] Deleting project and security group for project: a3bb2791df924109803ff6eaa46d050c
2025-04-25 21:30:49.359 71297 INFO tempest.lib.common.rest_client [req-b7f793ee-3df0-442a-a12a-a7050b32e188 req-b7f793ee-3df0-442a-a12a-a7050b32e188 ] Request (ServersAdminNegativeTestJSON:tearDownClass): 200 GET http://10.180.1.21:9696/networking/v2.0/security-groups?tenant_id=a3bb2791df924109803ff6eaa46d050c&name=default 0.038s
2025-04-25 21:30:49.405 71301 INFO tempest.lib.common.rest_client [req-ac0ae2d5-8230-4a65-81f5-55430516e953 req-ac0ae2d5-8230-4a65-81f5-55430516e953 ] Request (ServerRescueNegativeTestJSON:test_rescued_vm_attach_volume): 200 GET http://10.180.1.21/compute/v2.1/servers/103ff0c8-39e2-44d5-9d7c-5d1fd6ddd636 0.629s
2025-04-25 21:30:49.448 71355 INFO tempest.lib.common.rest_client [req-df1cbe9f-bab2-4044-b917-c15af574c30c req-df1cbe9f-bab2-4044-b917-c15af574c30c ] Request (ImagesOneServerTestJSON:setUpClass): 202 POST http://10.180.1.21/compute/v2.1/servers 1.030s
2025-04-25 21:30:49.510 71297 INFO tempest.lib.common.rest_client [req-3c7d3501-97cd-4a8b-848c-e667b45bfe2a req-3c7d3501-97cd-4a8b-848c-e667b45bfe2a ] Request (ServersAdminNegativeTestJSON:tearDownClass): 204 DELETE http://10.180.1.21:9696/networking/v2.0/security-groups/895251e5-dc5c-46d6-8315-3eb9d495839d 0.150s
2025-04-25 21:30:49.596 71305 INFO tempest.lib.common.rest_client [req-e7c98785-fe3b-4f2c-a3f3-f69d41e0d243 req-e7c98785-fe3b-4f2c-a3f3-f69d41e0d243 ] Request (ListImageFiltersTestJSON:setUpClass): 200 GET http://10.180.1.21/compute/v2.1/servers/32bc47e5-e5f6-4962-8dff-32810985304b 0.725s
2025-04-25 21:30:49.618 71311 INFO tempest.lib.common.rest_client [req-dbf50575-a30f-4845-b013-523c1fa0ead8 req-dbf50575-a30f-4845-b013-523c1fa0ead8 ] Request (AttachInterfacesUnderV243Test:_run_cleanups): 200 GET http://10.180.1.21/compute/v2.1/servers/3f5f849f-6385-43fc-84da-d6750104dbab 0.777s
2025-04-25 21:30:49.650 71297 INFO tempest.lib.common.rest_client [req-952039f9-6aeb-4bc4-a644-f8503e534438 req-952039f9-6aeb-4bc4-a644-f8503e534438 ] Request (ServersAdminNegativeTestJSON:tearDownClass): 204 DELETE http://10.180.1.21/identity/v3/projects/a3bb2791df924109803ff6eaa46d050c 0.140s
2025-04-25 21:30:49.652 71297 INFO tempest.test [-] raised in TestVolumeSwap.setUpClass. Invoking tearDownClass.
2025-04-25 21:30:49.694 71337 INFO tempest.lib.common.rest_client [req-ed64ab7a-b56c-4bd1-9906-df6dcc670bc1 req-ed64ab7a-b56c-4bd1-9906-df6dcc670bc1 ] Request (ServerRescueTestJSON:test_rescue_unrescue_instance): 200 GET http://10.180.1.21/compute/v2.1/servers/4f0b7637-6afd-4b78-aca9-ba2f6af4f764 0.732s
2025-04-25 21:30:49.700 71299 INFO tempest.lib.common.rest_client [req-16ea4575-40b7-470a-b76a-d551920aa085 req-16ea4575-40b7-470a-b76a-d551920aa085 ] Request (ServersTestJSON:tearDownClass): 200 GET http://10.180.1.21/compute/v2.1/servers/5a282972-34c3-4c50-accc-d2f54b2676e9 0.832s
2025-04-25 21:30:49.704 71337 INFO tempest.common.waiters [-] State transition "BUILD/scheduling" ==> "BUILD/None" after 52 second wait
2025-04-25 21:30:49.728 71297 INFO tempest.lib.common.rest_client [req-19d67ece-9af3-4921-a952-8230af168f22 req-19d67ece-9af3-4921-a952-8230af168f22 ] Request (ListImageFiltersNegativeTestJSON:setUpClass): 201 POST http://10.180.1.21/identity/v3/auth/tokens 0.072s
2025-04-25 21:30:49.762 71297 INFO tempest.lib.common.rest_client [req-f722ea85-16ed-49c2-abaf-636e73ca39ab req-f722ea85-16ed-49c2-abaf-636e73ca39ab ] Request (ListImageFiltersNegativeTestJSON:setUpClass): 201 POST http://10.180.1.21/identity/v3/auth/tokens 0.029s
2025-04-25 21:30:49.790 71297 INFO tempest.lib.common.rest_client [req-ed4bf924-7130-4cc9-939f-d14b37a42d3b req-ed4bf924-7130-4cc9-939f-d14b37a42d3b ] Request (ListImageFiltersNegativeTestJSON:setUpClass): 200 GET http://10.180.1.21/identity/v3/domains?name=Default 0.028s
2025-04-25 21:30:49.821 71297 INFO tempest.lib.common.rest_client [req-ad724157-56bd-44ce-88fb-662b76778b33 req-ad724157-56bd-44ce-88fb-662b76778b33 ] Request (ListImageFiltersNegativeTestJSON:setUpClass): 201 POST http://10.180.1.21/identity/v3/projects 0.030s
2025-04-25 21:30:49.886 71297 INFO tempest.lib.common.rest_client [req-2657601c-d988-40ef-ab6d-cec14cb9bdbf req-2657601c-d988-40ef-ab6d-cec14cb9bdbf ] Request (ListImageFiltersNegativeTestJSON:setUpClass): 201 POST http://10.180.1.21/identity/v3/users 0.064s
