2025-04-25 21:30:28.292 71337 INFO tempest.lib.common.rest_client [req-3a801c2f-d432-4bac-9692-f883867c87d7 req-3a801c2f-d432-4bac-9692-f883867c87d7 ] Request (ServerRescueTestJSON:test_rescue_unrescue_instance): 200 GET http://10.180.1.21/compute/v2.1/servers/4f0b7637-6afd-4b78-aca9-ba2f6af4f764 0.079s
2025-04-25 21:30:28.306 71303 INFO tempest.lib.common.rest_client [req-9f49a5b8-d96b-44a3-afa7-ba26fbbab27c req-9f49a5b8-d96b-44a3-afa7-ba26fbbab27c ] Request (InstanceActionsTestJSON:tearDownClass): 200 GET http://10.180.1.21/compute/v2.1/servers/9ee2d52c-ad37-40c9-9140-c1e7c8ba451f 0.072s
2025-04-25 21:30:28.339 71357 INFO tempest.lib.common.rest_client [req-182512b5-ec99-48b2-8da6-f982e7100b73 req-182512b5-ec99-48b2-8da6-f982e7100b73 ] Request (ImagesNegativeTestJSON:test_create_image_from_deleted_server): 200 GET http://10.180.1.21/compute/v2.1/servers/4b88a240-eedd-4d3d-ab3e-9f793f020f83 0.080s
2025-04-25 21:30:28.354 71319 INFO tempest.lib.common.rest_client [req-997a0d7f-9b00-4683-8067-df459c544819 req-997a0d7f-9b00-4683-8067-df459c544819 ] Request (ImagesOneServerNegativeTestJSON:setUpClass): 200 GET http://10.180.1.21/compute/v2.1/servers/d774d0e2-6a7c-4e3e-9c6b-c0a7c1d9d31f 0.074s
2025-04-25 21:30:28.591 71345 INFO tempest.lib.common.rest_client [req-8e6a62c5-63dd-4bcf-9b9c-ec3aa7a38d34 req-8e6a62c5-63dd-4bcf-9b9c-ec3aa7a38d34 ] Request (ServersTestMultiNic:test_verify_multiple_nics_order): 200 GET http://10.180.1.21/compute/v2.1/servers/d384a829-fab2-4f70-bae5-6460ad85fa20 0.051s
2025-04-25 21:30:28.667 71315 INFO tempest.lib.common.rest_client [req-cd1120c7-bc27-49ac-b5ef-7bdaa5c2e51a req-cd1120c7-bc27-49ac-b5ef-7bdaa5c2e51a ] Request (ServersAdmin275Test:test_rebuild_update_server_275): 200 GET http://10.180.1.21/compute/v2.1/servers/91cfc32f-29e6-4ae5-90d1-9ecf226bf5ce 0.072s
2025-04-25 21:30:28.725 71349 INFO tempest.lib.common.rest_client [req-addd59c5-1fdd-43c5-b9a9-5d0933809bcd req-addd59c5-1fdd-43c5-b9a9-5d0933809bcd ] Request (InstanceActionsV221TestJSON:test_get_list_deleted_instance_actions): 200 GET http://10.180.1.21/compute/v2.1/servers/ddabc195-3a39-4139-8248-5320cd09d48f 0.093s
2025-04-25 21:30:28.734 71305 INFO tempest.lib.common.rest_client [req-9b9216f0-529c-4316-939a-90795c3eccb4 req-9b9216f0-529c-4316-939a-90795c3eccb4 ] Request (ListImageFiltersTestJSON:setUpClass): 200 GET http://10.180.1.21/compute/v2.1/servers/da927a37-b921-460f-aef6-e3422f9f3ab8 0.156s
2025-04-25 21:30:28.782 71333 INFO tempest.lib.common.rest_client [req-854bbef9-810a-462f-95ad-c062dabd33af req-854bbef9-810a-462f-95ad-c062dabd33af ] Request (ServersV294TestFqdnHostnames:setUpClass): 200 GET http://10.180.1.21/compute/v2.1/servers/c0761181-cec1-453c-adfe-a575a7242897 0.129s
2025-04-25 21:30:28.801 71325 INFO tempest.lib.common.rest_client [req-c7b4618c-6b8a-4e57-a85f-c666284067dd req-c7b4618c-6b8a-4e57-a85f-c666284067dd ] Request (AttachVolumeNegativeTest:test_attach_attached_volume_to_different_server): 200 GET http://10.180.1.21/compute/v2.1/servers/2ff1d794-4c9f-4de9-8283-4a56c527c6d9 0.116s
2025-04-25 21:30:28.873 71307 INFO tempest.lib.common.rest_client [req-d9944437-f9c0-4e2d-9c68-0afbb4cc00f5 req-d9944437-f9c0-4e2d-9c68-0afbb4cc00f5 ] Request (ListServerFiltersTestJSON:tearDownClass): 200 GET http://10.180.1.21/compute/v2.1/servers/bb288733-a6d1-4bac-b59b-57db9fcb79ed 0.077s
2025-04-25 21:30:28.956 71332 INFO tempest.lib.common.rest_client [req-519d7eb0-f824-467e-b45a-b54ef602131b req-519d7eb0-f824-467e-b45a-b54ef602131b ] Request (ListServersNegativeTestJSON:setUpClass): 200 GET http://10.180.1.21/compute/v2.1/servers/3278e6e3-ba77-41bc-bbf9-29b6a68399e7 0.085s
2025-04-25 21:30:29.028 71297 INFO tempest.lib.common.rest_client [req-a6bc54d3-ddb7-4f47-a496-b9ee57bd52ec req-a6bc54d3-ddb7-4f47-a496-b9ee57bd52ec ] Request (ServersAdminNegativeTestJSON:tearDownClass): 200 GET http://10.180.1.21/compute/v2.1/servers/0f2fbe39-329f-4340-88ed-c490c7b9fde3 0.097s
2025-04-25 21:30:29.043 71351 INFO tempest.lib.common.rest_client [req-4a3444da-659b-4d55-8861-41e67f5988ca req-4a3444da-659b-4d55-8861-41e67f5988ca ] Request (ServersAdminTestJSON:test_inject_network_info): 200 GET http://10.180.1.21/compute/v2.1/servers/f1210592-f6bf-44c0-bc06-8e92caa2754d 0.157s
2025-04-25 21:30:29.070 71347 INFO tempest.lib.common.rest_client [req-425c5bd7-e170-407a-a373-9acf0aba21ea req-425c5bd7-e170-407a-a373-9acf0aba21ea ] Request (ServerActionsTestOtherB:test_create_backup): 200 GET http://10.180.1.21/image/v2/images/d3694287-d43e-467d-b982-e0871ac450fd 0.023s
2025-04-25 21:30:29.076 71318 INFO tempest.lib.common.rest_client [req-48430844-a11f-4855-843d-6e7850d7ccd3 req-48430844-a11f-4855-843d-6e7850d7ccd3 ] Request (ServersTestJSON:test_create_server_specify_multibyte_character_name): 200 GET http://10.180.1.21/compute/v2.1/servers/5191e604-7633-4903-ad1d-c1ecfd3c4d68 0.129s
2025-04-25 21:30:29.099 71327 INFO tempest.lib.common.rest_client [req-ce7da05b-b5ab-413c-8bcc-210bc56d868c req-ce7da05b-b5ab-413c-8bcc-210bc56d868c ] Request (ServersTestManualDisk:setUpClass): 200 GET http://10.180.1.21/compute/v2.1/servers/d0895e3b-e9b0-4ee5-986c-1d92ba4ef1f4 0.115s
2025-04-25 21:30:29.125 71313 INFO tempest.lib.common.rest_client [req-c6054f8d-a852-4fb3-bf0f-31ac9d4ebf1a req-c6054f8d-a852-4fb3-bf0f-31ac9d4ebf1a ] Request (SecurityGroupsTestJSON:test_server_security_groups): 200 GET http://10.180.1.21/compute/v2.1/servers/f7b8ffd2-fb72-48c4-bfe9-8c778490d64c 0.126s
2025-04-25 21:30:29.154 71355 INFO tempest.lib.common.rest_client [req-649b37f3-218c-44de-8ead-26396308d484 req-649b37f3-218c-44de-8ead-26396308d484 ] Request (FloatingIPsAssociationTestJSON:tearDownClass): 200 GET http://10.180.1.21/compute/v2.1/servers/a425d7d3-d3a8-4864-b46d-a1aad3642079 0.114s
2025-04-25 21:30:29.265 71323 INFO tempest.lib.common.rest_client [req-2993ff96-fdd3-400c-b644-dd01ed957c6e req-2993ff96-fdd3-400c-b644-dd01ed957c6e ] Request (AttachInterfacesV270Test:tearDownClass): 200 GET http://10.180.1.21/compute/v2.1/servers/55411331-13f8-46e7-8e47-73686de2724b 0.116s
2025-04-25 21:30:29.320 71339 INFO tempest.lib.common.rest_client [req-bfb79645-2af8-49d8-bae8-51ee4e1d95e8 req-bfb79645-2af8-49d8-bae8-51ee4e1d95e8 ] Request (ServerDiskConfigTestJSON:test_resize_server_from_auto_to_manual): 200 GET http://10.180.1.21/compute/v2.1/servers/51fa14a5-b703-4023-a641-4ca9894bdc49 0.109s
2025-04-25 21:30:29.330 71301 INFO tempest.lib.common.rest_client [req-27f32cae-83b9-4568-b9e1-e69afd5a2890 req-27f32cae-83b9-4568-b9e1-e69afd5a2890 ] Request (ServerRescueNegativeTestJSON:setUpClass): 200 GET http://10.180.1.21/compute/v2.1/servers/dba13c6a-7c9b-4a79-9173-2296a2688c55 0.139s
2025-04-25 21:30:29.392 71295 INFO tempest.lib.common.rest_client [req-26351d1a-e101-441d-a3a2-a4b110cc644c req-26351d1a-e101-441d-a3a2-a4b110cc644c ] Request (AttachInterfacesTestJSON:_run_cleanups): 200 GET http://10.180.1.21/compute/v2.1/servers/5f1c69bc-256b-4dc1-991f-0fca1f272943 0.138s
2025-04-25 21:30:29.399 71309 INFO tempest.lib.common.rest_client [req-8d6fd965-9fe9-4abf-855b-a5abc3c30f1d req-8d6fd965-9fe9-4abf-855b-a5abc3c30f1d ] Request (ServerDiagnosticsTest:test_get_server_diagnostics): 200 GET http://10.180.1.21/compute/v2.1/servers/7920b620-2349-4217-b3de-ca887e5d9116 0.139s
2025-04-25 21:30:29.451 71337 INFO tempest.lib.common.rest_client [req-b79eba06-b7a0-4cca-99eb-f6ec9869cc47 req-b79eba06-b7a0-4cca-99eb-f6ec9869cc47 ] Request (ServerRescueTestJSON:test_rescue_unrescue_instance): 200 GET http://10.180.1.21/compute/v2.1/servers/4f0b7637-6afd-4b78-aca9-ba2f6af4f764 0.150s
2025-04-25 21:30:29.458 71303 INFO tempest.lib.common.rest_client [req-e29345d2-65b1-4f8a-9723-0068ed5094bf req-e29345d2-65b1-4f8a-9723-0068ed5094bf ] Request (InstanceActionsTestJSON:tearDownClass): 200 GET http://10.180.1.21/compute/v2.1/servers/9ee2d52c-ad37-40c9-9140-c1e7c8ba451f 0.140s
2025-04-25 21:30:29.508 71357 INFO tempest.lib.common.rest_client [req-f6804406-6694-456b-932e-147650c7bd2e req-f6804406-6694-456b-932e-147650c7bd2e ] Request (ImagesNegativeTestJSON:test_create_image_from_deleted_server): 200 GET http://10.180.1.21/compute/v2.1/servers/4b88a240-eedd-4d3d-ab3e-9f793f020f83 0.160s
2025-04-25 21:30:29.514 71319 INFO tempest.lib.common.rest_client [req-38889d2c-2aee-4f6e-8579-d834266e0bf7 req-38889d2c-2aee-4f6e-8579-d834266e0bf7 ] Request (ImagesOneServerNegativeTestJSON:setUpClass): 200 GET http://10.180.1.21/compute/v2.1/servers/d774d0e2-6a7c-4e3e-9c6b-c0a7c1d9d31f 0.151s
2025-04-25 21:30:29.651 71345 INFO tempest.lib.common.rest_client [req-f6da2108-c46c-4bb4-b5c1-e2f29d52f124 req-f6da2108-c46c-4bb4-b5c1-e2f29d52f124 ] Request (ServersTestMultiNic:test_verify_multiple_nics_order): 200 GET http://10.180.1.21/compute/v2.1/servers/d384a829-fab2-4f70-bae5-6460ad85fa20 0.051s
2025-04-25 21:30:29.729 71315 INFO tempest.lib.common.rest_client [req-d8d3845a-2875-49a6-a958-ba39e6b41310 req-d8d3845a-2875-49a6-a958-ba39e6b41310 ] Request (ServersAdmin275Test:test_rebuild_update_server_275): 200 GET http://10.180.1.21/compute/v2.1/servers/91cfc32f-29e6-4ae5-90d1-9ecf226bf5ce 0.052s
2025-04-25 21:30:29.797 71349 INFO tempest.lib.common.rest_client [req-8ba00a14-223d-4711-98aa-6e10dd55b862 req-8ba00a14-223d-4711-98aa-6e10dd55b862 ] Request (InstanceActionsV221TestJSON:test_get_list_deleted_instance_actions): 200 GET http://10.180.1.21/compute/v2.1/servers/ddabc195-3a39-4139-8248-5320cd09d48f 0.063s
2025-04-25 21:30:29.852 71305 INFO tempest.lib.common.rest_client [req-27c6e0b0-9282-4f5a-b5cc-28f714c27b2d req-27c6e0b0-9282-4f5a-b5cc-28f714c27b2d ] Request (ListImageFiltersTestJSON:setUpClass): 200 GET http://10.180.1.21/compute/v2.1/servers/da927a37-b921-460f-aef6-e3422f9f3ab8 0.109s
2025-04-25 21:30:29.858 71333 INFO tempest.lib.common.rest_client [req-1c389109-b416-4818-a286-98599b29e540 req-1c389109-b416-4818-a286-98599b29e540 ] Request (ServersV294TestFqdnHostnames:setUpClass): 200 GET http://10.180.1.21/compute/v2.1/servers/c0761181-cec1-453c-adfe-a575a7242897 0.063s
2025-04-25 21:30:29.860 71305 INFO tempest.common.waiters [-] State transition "BUILD/spawning" ==> "ACTIVE/None" after 61 second wait
2025-04-25 21:30:29.911 71325 INFO tempest.lib.common.rest_client [req-56b84908-27d7-4e8b-a1e5-598b634d48c2 req-56b84908-27d7-4e8b-a1e5-598b634d48c2 ] Request (AttachVolumeNegativeTest:test_attach_attached_volume_to_different_server): 200 GET http://10.180.1.21/compute/v2.1/servers/2ff1d794-4c9f-4de9-8283-4a56c527c6d9 0.102s
2025-04-25 21:30:29.996 71307 INFO tempest.lib.common.rest_client [req-8681b318-8e1c-4bba-8d4b-08c5c4aa29c9 req-8681b318-8e1c-4bba-8d4b-08c5c4aa29c9 ] Request (ListServerFiltersTestJSON:tearDownClass): 200 GET http://10.180.1.21/compute/v2.1/servers/bb288733-a6d1-4bac-b59b-57db9fcb79ed 0.113s
2025-04-25 21:30:30.024 71305 INFO tempest.lib.common.rest_client [req-aa829332-f69a-4b5e-b758-d50214ee4534 req-aa829332-f69a-4b5e-b758-d50214ee4534 ] Request (ListImageFiltersTestJSON:setUpClass): 200 GET http://10.180.1.21/compute/v2.1/servers/32bc47e5-e5f6-4962-8dff-32810985304b 0.163s
2025-04-25 21:30:30.070 71332 INFO tempest.lib.common.rest_client [req-8df1479f-83a3-40f5-921e-2c76e3de1243 req-8df1479f-83a3-40f5-921e-2c76e3de1243 ] Request (ListServersNegativeTestJSON:setUpClass): 200 GET http://10.180.1.21/compute/v2.1/servers/3278e6e3-ba77-41bc-bbf9-29b6a68399e7 0.101s
2025-04-25 21:30:30.089 71347 INFO tempest.lib.common.rest_client [req-6460f469-d982-4653-a72f-5af6f15ac9d9 req-6460f469-d982-4653-a72f-5af6f15ac9d9 ] Request (ServerActionsTestOtherB:test_create_backup): 200 GET http://10.180.1.21/image/v2/images/d3694287-d43e-467d-b982-e0871ac450fd 0.018s
2025-04-25 21:30:30.138 71297 INFO tempest.lib.common.rest_client [req-db48f088-f3ca-4c94-95fe-57a6e875761a req-db48f088-f3ca-4c94-95fe-57a6e875761a ] Request (ServersAdminNegativeTestJSON:tearDownClass): 200 GET http://10.180.1.21/compute/v2.1/servers/0f2fbe39-329f-4340-88ed-c490c7b9fde3 0.100s
2025-04-25 21:30:30.320 71351 INFO tempest.lib.common.rest_client [req-718fca83-8d9c-4db0-b8c8-51121c507c90 req-718fca83-8d9c-4db0-b8c8-51121c507c90 ] Request (ServersAdminTestJSON:test_inject_network_info): 200 GET http://10.180.1.21/compute/v2.1/servers/f1210592-f6bf-44c0-bc06-8e92caa2754d 0.265s
2025-04-25 21:30:30.371 71318 INFO tempest.lib.common.rest_client [req-82bfe145-1d34-4e2c-8da0-dec436393280 req-82bfe145-1d34-4e2c-8da0-dec436393280 ] Request (ServersTestJSON:test_create_server_specify_multibyte_character_name): 200 GET http://10.180.1.21/compute/v2.1/servers/5191e604-7633-4903-ad1d-c1ecfd3c4d68 0.283s
2025-04-25 21:30:30.416 71327 INFO tempest.lib.common.rest_client [req-74f89b4a-35d8-438f-ab10-65affcd60fa9 req-74f89b4a-35d8-438f-ab10-65affcd60fa9 ] Request (ServersTestManualDisk:setUpClass): 200 GET http://10.180.1.21/compute/v2.1/servers/d0895e3b-e9b0-4ee5-986c-1d92ba4ef1f4 0.308s
2025-04-25 21:30:30.461 71313 INFO tempest.lib.common.rest_client [req-530dd49a-ac4b-4b01-ab20-c1b6dad9f13b req-530dd49a-ac4b-4b01-ab20-c1b6dad9f13b ] Request (SecurityGroupsTestJSON:test_server_security_groups): 200 GET http://10.180.1.21/compute/v2.1/servers/f7b8ffd2-fb72-48c4-bfe9-8c778490d64c 0.326s
2025-04-25 21:30:30.465 71305 INFO tempest.lib.common.rest_client [req-45b21e24-dde8-4c0d-91d8-34af99fce624 req-45b21e24-dde8-4c0d-91d8-34af99fce624 ] Request (ListImageFiltersTestJSON:setUpClass): 202 POST http://10.180.1.21/compute/v2.1/servers/32bc47e5-e5f6-4962-8dff-32810985304b/action 0.434s
2025-04-25 21:30:30.516 71355 INFO tempest.lib.common.rest_client [req-7dbb16b7-10ba-45be-b24a-67a8dc87b631 req-7dbb16b7-10ba-45be-b24a-67a8dc87b631 ] Request (FloatingIPsAssociationTestJSON:tearDownClass): 200 GET http://10.180.1.21/compute/v2.1/servers/a425d7d3-d3a8-4864-b46d-a1aad3642079 0.353s
2025-04-25 21:30:30.530 71323 INFO tempest.lib.common.rest_client [req-5a9fdfef-4b55-4300-a0c6-746b76463379 req-5a9fdfef-4b55-4300-a0c6-746b76463379 ] Request (AttachInterfacesV270Test:tearDownClass): 200 GET http://10.180.1.21/compute/v2.1/servers/55411331-13f8-46e7-8e47-73686de2724b 0.256s
2025-04-25 21:30:30.559 71339 INFO tempest.lib.common.rest_client [req-b36f892d-4741-42e0-9116-d9aa3590f2e5 req-b36f892d-4741-42e0-9116-d9aa3590f2e5 ] Request (ServerDiskConfigTestJSON:test_resize_server_from_auto_to_manual): 200 GET http://10.180.1.21/compute/v2.1/servers/51fa14a5-b703-4023-a641-4ca9894bdc49 0.231s
2025-04-25 21:30:30.617 71295 INFO tempest.lib.common.rest_client [req-1c79619e-48cc-4b0e-aa4d-a1c28a6646c0 req-1c79619e-48cc-4b0e-aa4d-a1c28a6646c0 ] Request (AttachInterfacesTestJSON:_run_cleanups): 200 GET http://10.180.1.21/compute/v2.1/servers/5f1c69bc-256b-4dc1-991f-0fca1f272943 0.216s
2025-04-25 21:30:30.627 71301 INFO tempest.lib.common.rest_client [req-1b5657fa-fc53-4837-8585-bf8cdbc14a9f req-1b5657fa-fc53-4837-8585-bf8cdbc14a9f ] Request (ServerRescueNegativeTestJSON:setUpClass): 200 GET http://10.180.1.21/compute/v2.1/servers/dba13c6a-7c9b-4a79-9173-2296a2688c55 0.284s
2025-04-25 21:30:30.663 71309 INFO tempest.lib.common.rest_client [req-d9234dd3-a614-43d0-bed7-720c28577aa3 req-d9234dd3-a614-43d0-bed7-720c28577aa3 ] Request (ServerDiagnosticsTest:test_get_server_diagnostics): 200 GET http://10.180.1.21/compute/v2.1/servers/7920b620-2349-4217-b3de-ca887e5d9116 0.255s
2025-04-25 21:30:30.676 71337 INFO tempest.lib.common.rest_client [req-7cfd3951-2d1a-4669-8222-fcfae5b70eb8 req-7cfd3951-2d1a-4669-8222-fcfae5b70eb8 ] Request (ServerRescueTestJSON:test_rescue_unrescue_instance): 200 GET http://10.180.1.21/compute/v2.1/servers/4f0b7637-6afd-4b78-aca9-ba2f6af4f764 0.218s
2025-04-25 21:30:30.693 71305 INFO tempest.lib.common.rest_client [req-0193d826-a918-4aaf-8ba9-048518414dd2 req-0193d826-a918-4aaf-8ba9-048518414dd2 ] Request (ListImageFiltersTestJSON:setUpClass): 200 GET http://10.180.1.21/compute/v2.1/images/186964e5-10cd-4275-a0e3-a10c33929c09 0.226s
2025-04-25 21:30:30.736 71303 INFO tempest.lib.common.rest_client [req-36a08ab7-c42e-457a-9934-db3af96509ab req-36a08ab7-c42e-457a-9934-db3af96509ab ] Request (InstanceActionsTestJSON:tearDownClass): 200 GET http://10.180.1.21/compute/v2.1/servers/9ee2d52c-ad37-40c9-9140-c1e7c8ba451f 0.269s
2025-04-25 21:30:30.746 71357 INFO tempest.lib.common.rest_client [req-0762477a-782a-40ba-b5df-f91417f02ffe req-0762477a-782a-40ba-b5df-f91417f02ffe ] Request (ImagesNegativeTestJSON:test_create_image_from_deleted_server): 200 GET http://10.180.1.21/compute/v2.1/servers/4b88a240-eedd-4d3d-ab3e-9f793f020f83 0.230s
2025-04-25 21:30:30.803 71319 INFO tempest.lib.common.rest_client [req-75003ed5-9e36-4509-b538-431c256a5e93 req-75003ed5-9e36-4509-b538-431c256a5e93 ] Request (ImagesOneServerNegativeTestJSON:setUpClass): 200 GET http://10.180.1.21/compute/v2.1/servers/d774d0e2-6a7c-4e3e-9c6b-c0a7c1d9d31f 0.281s
2025-04-25 21:30:30.811 71345 INFO tempest.lib.common.rest_client [req-b6a002fb-4f91-4018-98b5-1062d33b6fe1 req-b6a002fb-4f91-4018-98b5-1062d33b6fe1 ] Request (ServersTestMultiNic:test_verify_multiple_nics_order): 200 GET http://10.180.1.21/compute/v2.1/servers/d384a829-fab2-4f70-bae5-6460ad85fa20 0.153s
2025-04-25 21:30:30.863 71315 INFO tempest.lib.common.rest_client [req-ee9e4d16-2413-4d3d-bbcd-28476c701440 req-ee9e4d16-2413-4d3d-bbcd-28476c701440 ] Request (ServersAdmin275Test:test_rebuild_update_server_275): 200 GET http://10.180.1.21/compute/v2.1/servers/91cfc32f-29e6-4ae5-90d1-9ecf226bf5ce 0.122s
2025-04-25 21:30:30.865 71349 INFO tempest.lib.common.rest_client [req-4a922b1c-0d71-442e-b54c-981d7199d319 req-4a922b1c-0d71-442e-b54c-981d7199d319 ] Request (InstanceActionsV221TestJSON:test_get_list_deleted_instance_actions): 200 GET http://10.180.1.21/compute/v2.1/servers/ddabc195-3a39-4139-8248-5320cd09d48f 0.059s
2025-04-25 21:30:30.922 71333 INFO tempest.lib.common.rest_client [req-0fab19ca-9dbc-4964-8229-36e415f8875b req-0fab19ca-9dbc-4964-8229-36e415f8875b ] Request (ServersV294TestFqdnHostnames:setUpClass): 200 GET http://10.180.1.21/compute/v2.1/servers/c0761181-cec1-453c-adfe-a575a7242897 0.052s
2025-04-25 21:30:30.968 71325 INFO tempest.lib.common.rest_client [req-4b6bf866-60c3-4f7e-89aa-a45b3b72abf7 req-4b6bf866-60c3-4f7e-89aa-a45b3b72abf7 ] Request (AttachVolumeNegativeTest:test_attach_attached_volume_to_different_server): 200 GET http://10.180.1.21/compute/v2.1/servers/2ff1d794-4c9f-4de9-8283-4a56c527c6d9 0.047s
2025-04-25 21:30:31.067 71307 INFO tempest.lib.common.rest_client [req-8a34c9ab-0a9a-4078-8dce-4d16dcc60797 req-8a34c9ab-0a9a-4078-8dce-4d16dcc60797 ] Request (ListServerFiltersTestJSON:tearDownClass): 200 GET http://10.180.1.21/compute/v2.1/servers/bb288733-a6d1-4bac-b59b-57db9fcb79ed 0.057s
2025-04-25 21:30:31.103 71347 INFO tempest.lib.common.rest_client [req-28164f74-411a-49ec-a351-1847e1e57fee req-28164f74-411a-49ec-a351-1847e1e57fee ] Request (ServerActionsTestOtherB:test_create_backup): 200 GET http://10.180.1.21/image/v2/images/d3694287-d43e-467d-b982-e0871ac450fd 0.013s
2025-04-25 21:30:31.148 71332 INFO tempest.lib.common.rest_client [req-af3932a0-20d5-4cab-b8e2-a9e9cfa0164f req-af3932a0-20d5-4cab-b8e2-a9e9cfa0164f ] Request (ListServersNegativeTestJSON:setUpClass): 200 GET http://10.180.1.21/compute/v2.1/servers/3278e6e3-ba77-41bc-bbf9-29b6a68399e7 0.061s
2025-04-25 21:30:31.203 71297 INFO tempest.lib.common.rest_client [req-7e88dccc-a849-44f2-8fe7-98d903d0d1c2 req-7e88dccc-a849-44f2-8fe7-98d903d0d1c2 ] Request (ServersAdminNegativeTestJSON:tearDownClass): 200 GET http://10.180.1.21/compute/v2.1/servers/0f2fbe39-329f-4340-88ed-c490c7b9fde3 0.056s
2025-04-25 21:30:31.435 71351 INFO tempest.lib.common.rest_client [req-e9b0631d-f47a-43dc-bbf6-c09421dac2ec req-e9b0631d-f47a-43dc-bbf6-c09421dac2ec ] Request (ServersAdminTestJSON:test_inject_network_info): 200 GET http://10.180.1.21/compute/v2.1/servers/f1210592-f6bf-44c0-bc06-8e92caa2754d 0.107s
2025-04-25 21:30:31.435 71318 INFO tempest.lib.common.rest_client [req-5afed6ec-2b96-456c-b111-d30172783b85 req-5afed6ec-2b96-456c-b111-d30172783b85 ] Request (ServersTestJSON:test_create_server_specify_multibyte_character_name): 200 GET http://10.180.1.21/compute/v2.1/servers/5191e604-7633-4903-ad1d-c1ecfd3c4d68 0.057s
2025-04-25 21:30:31.443 71318 INFO tempest.common.waiters [-] State transition "BUILD/scheduling" ==> "BUILD/None" after 36 second wait
2025-04-25 21:30:31.489 71327 INFO tempest.lib.common.rest_client [req-56c73af9-fcf6-49ea-ad9e-8efec0606c67 req-56c73af9-fcf6-49ea-ad9e-8efec0606c67 ] Request (ServersTestManualDisk:setUpClass): 200 GET http://10.180.1.21/compute/v2.1/servers/d0895e3b-e9b0-4ee5-986c-1d92ba4ef1f4 0.065s
2025-04-25 21:30:31.523 71313 INFO tempest.lib.common.rest_client [req-ca8f41c7-009b-4e0a-a06f-3e0a351efc54 req-ca8f41c7-009b-4e0a-a06f-3e0a351efc54 ] Request (SecurityGroupsTestJSON:test_server_security_groups): 200 GET http://10.180.1.21/compute/v2.1/servers/f7b8ffd2-fb72-48c4-bfe9-8c778490d64c 0.054s
2025-04-25 21:30:31.583 71355 INFO tempest.lib.common.rest_client [req-acc2d35c-d81f-4159-ba84-58ea4c8c9de0 req-acc2d35c-d81f-4159-ba84-58ea4c8c9de0 ] Request (FloatingIPsAssociationTestJSON:tearDownClass): 200 GET http://10.180.1.21/compute/v2.1/servers/a425d7d3-d3a8-4864-b46d-a1aad3642079 0.060s
2025-04-25 21:30:31.604 71323 INFO tempest.lib.common.rest_client [req-0b177c41-4f91-4977-ac5a-95219ff27b7f req-0b177c41-4f91-4977-ac5a-95219ff27b7f ] Request (AttachInterfacesV270Test:tearDownClass): 200 GET http://10.180.1.21/compute/v2.1/servers/55411331-13f8-46e7-8e47-73686de2724b 0.065s
2025-04-25 21:30:31.614 71323 INFO tempest.common.waiters [-] State transition "ACTIVE/deleting" ==> "DELETED/None" after 3 second wait
2025-04-25 21:30:31.639 71339 INFO tempest.lib.common.rest_client [req-9963a099-5a32-4630-b156-958bf4e49cad req-9963a099-5a32-4630-b156-958bf4e49cad ] Request (ServerDiskConfigTestJSON:test_resize_server_from_auto_to_manual): 200 GET http://10.180.1.21/compute/v2.1/servers/51fa14a5-b703-4023-a641-4ca9894bdc49 0.071s
2025-04-25 21:30:31.694 71295 INFO tempest.lib.common.rest_client [req-496fd5e0-0b61-48fe-9297-3979279342d0 req-496fd5e0-0b61-48fe-9297-3979279342d0 ] Request (AttachInterfacesTestJSON:_run_cleanups): 200 GET http://10.180.1.21/compute/v2.1/servers/5f1c69bc-256b-4dc1-991f-0fca1f272943 0.069s
2025-04-25 21:30:31.744 71309 INFO tempest.lib.common.rest_client [req-bd34b4c7-d952-4f30-890d-b86a3d406065 req-bd34b4c7-d952-4f30-890d-b86a3d406065 ] Request (ServerDiagnosticsTest:test_get_server_diagnostics): 200 GET http://10.180.1.21/compute/v2.1/servers/7920b620-2349-4217-b3de-ca887e5d9116 0.072s
2025-04-25 21:30:31.752 71301 INFO tempest.lib.common.rest_client [req-6606ae58-e2d2-4a9f-a8ba-dfd2b23a4baf req-6606ae58-e2d2-4a9f-a8ba-dfd2b23a4baf ] Request (ServerRescueNegativeTestJSON:setUpClass): 200 GET http://10.180.1.21/compute/v2.1/servers/dba13c6a-7c9b-4a79-9173-2296a2688c55 0.117s
2025-04-25 21:30:31.774 71321 WARNING tempest.lib.common.ssh [-] Failed to establish authenticated ssh connection to cirros@10.180.180.144 ([Errno None] Unable to connect to port 22 on 10.180.180.144). Number attempts: 10. Retry after 11 seconds.: paramiko.ssh_exception.NoValidConnectionsError: [Errno None] Unable to connect to port 22 on 10.180.180.144
2025-04-25 21:30:31.782 71305 INFO tempest.lib.common.rest_client [req-4e976559-0ce2-446a-96f1-c88d919d0b8d req-4e976559-0ce2-446a-96f1-c88d919d0b8d ] Request (ListImageFiltersTestJSON:setUpClass): 200 GET http://10.180.1.21/compute/v2.1/images/186964e5-10cd-4275-a0e3-a10c33929c09 0.085s
2025-04-25 21:30:31.791 71337 INFO tempest.lib.common.rest_client [req-56285484-a702-4c84-9836-abcd5f8ca94b req-56285484-a702-4c84-9836-abcd5f8ca94b ] Request (ServerRescueTestJSON:test_rescue_unrescue_instance): 200 GET http://10.180.1.21/compute/v2.1/servers/4f0b7637-6afd-4b78-aca9-ba2f6af4f764 0.107s
2025-04-25 21:30:31.850 71357 INFO tempest.lib.common.rest_client [req-d39b9073-16bb-4fde-a91e-d277afdfaf10 req-d39b9073-16bb-4fde-a91e-d277afdfaf10 ] Request (ImagesNegativeTestJSON:test_create_image_from_deleted_server): 200 GET http://10.180.1.21/compute/v2.1/servers/4b88a240-eedd-4d3d-ab3e-9f793f020f83 0.096s
2025-04-25 21:30:31.857 71303 INFO tempest.lib.common.rest_client [req-62236a94-8747-4ebe-82ae-e8aac4ccc4c8 req-62236a94-8747-4ebe-82ae-e8aac4ccc4c8 ] Request (InstanceActionsTestJSON:tearDownClass): 200 GET http://10.180.1.21/compute/v2.1/servers/9ee2d52c-ad37-40c9-9140-c1e7c8ba451f 0.113s
2025-04-25 21:30:31.908 71319 INFO tempest.lib.common.rest_client [req-d7447af4-f191-40da-87ec-8926ee13c384 req-d7447af4-f191-40da-87ec-8926ee13c384 ] Request (ImagesOneServerNegativeTestJSON:setUpClass): 200 GET http://10.180.1.21/compute/v2.1/servers/d774d0e2-6a7c-4e3e-9c6b-c0a7c1d9d31f 0.095s
2025-04-25 21:30:31.915 71345 INFO tempest.lib.common.rest_client [req-1a1fc7ef-f765-45fe-b7ba-5fa9495c2035 req-1a1fc7ef-f765-45fe-b7ba-5fa9495c2035 ] Request (ServersTestMultiNic:test_verify_multiple_nics_order): 200 GET http://10.180.1.21/compute/v2.1/servers/d384a829-fab2-4f70-bae5-6460ad85fa20 0.094s
2025-04-25 21:30:31.978 71349 INFO tempest.lib.common.rest_client [req-8b66ff06-cbe1-4d31-b90e-6c2bf90909b2 req-8b66ff06-cbe1-4d31-b90e-6c2bf90909b2 ] Request (InstanceActionsV221TestJSON:test_get_list_deleted_instance_actions): 200 GET http://10.180.1.21/compute/v2.1/servers/ddabc195-3a39-4139-8248-5320cd09d48f 0.104s
2025-04-25 21:30:31.981 71315 INFO tempest.lib.common.rest_client [req-970fca93-3cc9-4d11-8bf6-3ff4d525ec2e req-970fca93-3cc9-4d11-8bf6-3ff4d525ec2e ] Request (ServersAdmin275Test:test_rebuild_update_server_275): 200 GET http://10.180.1.21/compute/v2.1/servers/91cfc32f-29e6-4ae5-90d1-9ecf226bf5ce 0.107s
2025-04-25 21:30:32.043 71325 INFO tempest.lib.common.rest_client [req-8c8f44cb-f0dc-4380-97b6-0e14d1e1934a req-8c8f44cb-f0dc-4380-97b6-0e14d1e1934a ] Request (AttachVolumeNegativeTest:test_attach_attached_volume_to_different_server): 200 GET http://10.180.1.21/compute/v2.1/servers/2ff1d794-4c9f-4de9-8283-4a56c527c6d9 0.067s
2025-04-25 21:30:32.050 71333 INFO tempest.lib.common.rest_client [req-a8fca1c1-b85f-4226-9f51-86cd4f5703cf req-a8fca1c1-b85f-4226-9f51-86cd4f5703cf ] Request (ServersV294TestFqdnHostnames:setUpClass): 200 GET http://10.180.1.21/compute/v2.1/servers/c0761181-cec1-453c-adfe-a575a7242897 0.118s
2025-04-25 21:30:32.121 71347 INFO tempest.lib.common.rest_client [req-1b14171b-e2e0-4413-b3ed-c5517b2253d9 req-1b14171b-e2e0-4413-b3ed-c5517b2253d9 ] Request (ServerActionsTestOtherB:test_create_backup): 200 GET http://10.180.1.21/image/v2/images/d3694287-d43e-467d-b982-e0871ac450fd 0.016s
2025-04-25 21:30:32.133 71307 INFO tempest.lib.common.rest_client [req-21bd37eb-682e-4920-8150-bdbf3cf6f417 req-21bd37eb-682e-4920-8150-bdbf3cf6f417 ] Request (ListServerFiltersTestJSON:tearDownClass): 200 GET http://10.180.1.21/compute/v2.1/servers/bb288733-a6d1-4bac-b59b-57db9fcb79ed 0.058s
2025-04-25 21:30:32.214 71332 INFO tempest.lib.common.rest_client [req-fa8723de-44e1-4ac0-8073-649a775c2dcf req-fa8723de-44e1-4ac0-8073-649a775c2dcf ] Request (ListServersNegativeTestJSON:setUpClass): 200 GET http://10.180.1.21/compute/v2.1/servers/3278e6e3-ba77-41bc-bbf9-29b6a68399e7 0.057s
2025-04-25 21:30:32.272 71297 INFO tempest.lib.common.rest_client [req-3f87e1f3-e824-4f38-bb74-235b7400e6a2 req-3f87e1f3-e824-4f38-bb74-235b7400e6a2 ] Request (ServersAdminNegativeTestJSON:tearDownClass): 200 GET http://10.180.1.21/compute/v2.1/servers/0f2fbe39-329f-4340-88ed-c490c7b9fde3 0.061s
2025-04-25 21:30:32.499 71318 INFO tempest.lib.common.rest_client [req-369ca2cb-1121-49d7-ba70-336d3d982934 req-369ca2cb-1121-49d7-ba70-336d3d982934 ] Request (ServersTestJSON:test_create_server_specify_multibyte_character_name): 200 GET http://10.180.1.21/compute/v2.1/servers/5191e604-7633-4903-ad1d-c1ecfd3c4d68 0.055s
2025-04-25 21:30:32.555 71327 INFO tempest.lib.common.rest_client [req-4862f8c5-e78b-430b-b8f9-7ec5ffe835a0 req-4862f8c5-e78b-430b-b8f9-7ec5ffe835a0 ] Request (ServersTestManualDisk:setUpClass): 200 GET http://10.180.1.21/compute/v2.1/servers/d0895e3b-e9b0-4ee5-986c-1d92ba4ef1f4 0.059s
2025-04-25 21:30:32.569 71351 INFO tempest.lib.common.rest_client [req-4bc3cb97-47e0-4ec9-a6bf-994cb45623cb req-4bc3cb97-47e0-4ec9-a6bf-994cb45623cb ] Request (ServersAdminTestJSON:test_inject_network_info): 200 GET http://10.180.1.21/compute/v2.1/servers/f1210592-f6bf-44c0-bc06-8e92caa2754d 0.125s
2025-04-25 21:30:32.609 71313 INFO tempest.lib.common.rest_client [req-022137d4-d871-4294-80e2-ad796bb8861d req-022137d4-d871-4294-80e2-ad796bb8861d ] Request (SecurityGroupsTestJSON:test_server_security_groups): 200 GET http://10.180.1.21/compute/v2.1/servers/f7b8ffd2-fb72-48c4-bfe9-8c778490d64c 0.078s
2025-04-25 21:30:32.659 71355 INFO tempest.lib.common.rest_client [req-65af7d4d-26a6-40d2-b32b-e6d86306b159 req-65af7d4d-26a6-40d2-b32b-e6d86306b159 ] Request (FloatingIPsAssociationTestJSON:tearDownClass): 200 GET http://10.180.1.21/compute/v2.1/servers/a425d7d3-d3a8-4864-b46d-a1aad3642079 0.067s
2025-04-25 21:30:32.676 71323 INFO tempest.lib.common.rest_client [req-95abb81a-c0ca-44f0-994b-78aefd5a5051 req-95abb81a-c0ca-44f0-994b-78aefd5a5051 ] Request (AttachInterfacesV270Test:tearDownClass): 200 GET http://10.180.1.21/compute/v2.1/servers/55411331-13f8-46e7-8e47-73686de2724b 0.061s
2025-04-25 21:30:32.702 71339 INFO tempest.lib.common.rest_client [req-63067b62-a506-4b7e-8c9a-d2083eebf4ac req-63067b62-a506-4b7e-8c9a-d2083eebf4ac ] Request (ServerDiskConfigTestJSON:test_resize_server_from_auto_to_manual): 200 GET http://10.180.1.21/compute/v2.1/servers/51fa14a5-b703-4023-a641-4ca9894bdc49 0.056s
2025-04-25 21:30:32.760 71295 INFO tempest.lib.common.rest_client [req-5bc47881-42e5-41de-8c7c-7b70664e236f req-5bc47881-42e5-41de-8c7c-7b70664e236f ] Request (AttachInterfacesTestJSON:_run_cleanups): 200 GET http://10.180.1.21/compute/v2.1/servers/5f1c69bc-256b-4dc1-991f-0fca1f272943 0.058s
2025-04-25 21:30:32.825 71309 INFO tempest.lib.common.rest_client [req-4b67ada2-736d-45cc-8790-1daf608d6a27 req-4b67ada2-736d-45cc-8790-1daf608d6a27 ] Request (ServerDiagnosticsTest:test_get_server_diagnostics): 200 GET http://10.180.1.21/compute/v2.1/servers/7920b620-2349-4217-b3de-ca887e5d9116 0.072s
2025-04-25 21:30:32.863 71305 INFO tempest.lib.common.rest_client [req-e0d03d66-1830-4e91-ab46-0754a4c9fe40 req-e0d03d66-1830-4e91-ab46-0754a4c9fe40 ] Request (ListImageFiltersTestJSON:setUpClass): 200 GET http://10.180.1.21/compute/v2.1/images/186964e5-10cd-4275-a0e3-a10c33929c09 0.077s
2025-04-25 21:30:32.866 71301 INFO tempest.lib.common.rest_client [req-ea7026d8-30c0-4be4-bb96-c8d036063228 req-ea7026d8-30c0-4be4-bb96-c8d036063228 ] Request (ServerRescueNegativeTestJSON:setUpClass): 200 GET http://10.180.1.21/compute/v2.1/servers/dba13c6a-7c9b-4a79-9173-2296a2688c55 0.106s
2025-04-25 21:30:32.920 71337 INFO tempest.lib.common.rest_client [req-1a8c54aa-ae3b-4f25-8e13-8881177cbd87 req-1a8c54aa-ae3b-4f25-8e13-8881177cbd87 ] Request (ServerRescueTestJSON:test_rescue_unrescue_instance): 200 GET http://10.180.1.21/compute/v2.1/servers/4f0b7637-6afd-4b78-aca9-ba2f6af4f764 0.120s
2025-04-25 21:30:32.925 71357 INFO tempest.lib.common.rest_client [req-74fa9668-7ae8-46a7-8118-672d2b52840c req-74fa9668-7ae8-46a7-8118-672d2b52840c ] Request (ImagesNegativeTestJSON:test_create_image_from_deleted_server): 200 GET http://10.180.1.21/compute/v2.1/servers/4b88a240-eedd-4d3d-ab3e-9f793f020f83 0.067s
2025-04-25 21:30:32.981 71319 INFO tempest.lib.common.rest_client [req-20e8c428-b6cb-429d-a8ad-23ceb8c15040 req-20e8c428-b6cb-429d-a8ad-23ceb8c15040 ] Request (ImagesOneServerNegativeTestJSON:setUpClass): 200 GET http://10.180.1.21/compute/v2.1/servers/d774d0e2-6a7c-4e3e-9c6b-c0a7c1d9d31f 0.065s
2025-04-25 21:30:32.989 71303 INFO tempest.lib.common.rest_client [req-6e23118e-1de1-4658-80be-d18c57d1edc7 req-6e23118e-1de1-4658-80be-d18c57d1edc7 ] Request (InstanceActionsTestJSON:tearDownClass): 200 GET http://10.180.1.21/compute/v2.1/servers/9ee2d52c-ad37-40c9-9140-c1e7c8ba451f 0.124s
2025-04-25 21:30:33.031 71345 INFO tempest.lib.common.rest_client [req-45b54a24-1914-4e9f-addd-191536623fbd req-45b54a24-1914-4e9f-addd-191536623fbd ] Request (ServersTestMultiNic:test_verify_multiple_nics_order): 200 GET http://10.180.1.21/compute/v2.1/servers/d384a829-fab2-4f70-bae5-6460ad85fa20 0.105s
2025-04-25 21:30:33.050 71349 INFO tempest.lib.common.rest_client [req-243d1528-dda5-423b-bbf8-4c22f7605d4e req-243d1528-dda5-423b-bbf8-4c22f7605d4e ] Request (InstanceActionsV221TestJSON:test_get_list_deleted_instance_actions): 200 GET http://10.180.1.21/compute/v2.1/servers/ddabc195-3a39-4139-8248-5320cd09d48f 0.063s
2025-04-25 21:30:33.097 71315 INFO tempest.lib.common.rest_client [req-2fd75995-d802-42d0-861a-a8e9ce206403 req-2fd75995-d802-42d0-861a-a8e9ce206403 ] Request (ServersAdmin275Test:test_rebuild_update_server_275): 200 GET http://10.180.1.21/compute/v2.1/servers/91cfc32f-29e6-4ae5-90d1-9ecf226bf5ce 0.106s
2025-04-25 21:30:33.110 71325 INFO tempest.lib.common.rest_client [req-f991772c-5b27-471b-8b9e-fdc17759bb2d req-f991772c-5b27-471b-8b9e-fdc17759bb2d ] Request (AttachVolumeNegativeTest:test_attach_attached_volume_to_different_server): 200 GET http://10.180.1.21/compute/v2.1/servers/2ff1d794-4c9f-4de9-8283-4a56c527c6d9 0.059s
2025-04-25 21:30:33.137 71347 INFO tempest.lib.common.rest_client [req-588351b1-c62b-411e-b6c7-854ce62c8569 req-588351b1-c62b-411e-b6c7-854ce62c8569 ] Request (ServerActionsTestOtherB:test_create_backup): 200 GET http://10.180.1.21/image/v2/images/d3694287-d43e-467d-b982-e0871ac450fd 0.014s
2025-04-25 21:30:33.159 71333 INFO tempest.lib.common.rest_client [req-ab8fdcb3-0485-435a-8f6d-a54680559485 req-ab8fdcb3-0485-435a-8f6d-a54680559485 ] Request (ServersV294TestFqdnHostnames:setUpClass): 200 GET http://10.180.1.21/compute/v2.1/servers/c0761181-cec1-453c-adfe-a575a7242897 0.093s
2025-04-25 21:30:33.210 71307 INFO tempest.lib.common.rest_client [req-a68b5872-0c27-4f7b-a1fd-93f47d318855 req-a68b5872-0c27-4f7b-a1fd-93f47d318855 ] Request (ListServerFiltersTestJSON:tearDownClass): 200 GET http://10.180.1.21/compute/v2.1/servers/bb288733-a6d1-4bac-b59b-57db9fcb79ed 0.065s
2025-04-25 21:30:33.289 71332 INFO tempest.lib.common.rest_client [req-4f0bf2b4-0903-4d48-9134-710de72be3bc req-4f0bf2b4-0903-4d48-9134-710de72be3bc ] Request (ListServersNegativeTestJSON:setUpClass): 200 GET http://10.180.1.21/compute/v2.1/servers/3278e6e3-ba77-41bc-bbf9-29b6a68399e7 0.064s
2025-04-25 21:30:33.341 71297 INFO tempest.lib.common.rest_client [req-d6c6940a-6e75-4941-aefc-8b990bd31e99 req-d6c6940a-6e75-4941-aefc-8b990bd31e99 ] Request (ServersAdminNegativeTestJSON:tearDownClass): 200 GET http://10.180.1.21/compute/v2.1/servers/0f2fbe39-329f-4340-88ed-c490c7b9fde3 0.061s
2025-04-25 21:30:33.560 71318 INFO tempest.lib.common.rest_client [req-6a13d49e-1d43-4ad8-b318-095d7eff2661 req-6a13d49e-1d43-4ad8-b318-095d7eff2661 ] Request (ServersTestJSON:test_create_server_specify_multibyte_character_name): 200 GET http://10.180.1.21/compute/v2.1/servers/5191e604-7633-4903-ad1d-c1ecfd3c4d68 0.053s
2025-04-25 21:30:33.566 71329 WARNING tempest.lib.common.ssh [-] Failed to establish authenticated ssh connection to cirros@10.180.180.179 ([Errno None] Unable to connect to port 22 on 10.180.180.179). Number attempts: 9. Retry after 10 seconds.: paramiko.ssh_exception.NoValidConnectionsError: [Errno None] Unable to connect to port 22 on 10.180.180.179
2025-04-25 21:30:33.627 71327 INFO tempest.lib.common.rest_client [req-04504d42-f2c0-4b13-ab7b-126e24fb4846 req-04504d42-f2c0-4b13-ab7b-126e24fb4846 ] Request (ServersTestManualDisk:setUpClass): 200 GET http://10.180.1.21/compute/v2.1/servers/d0895e3b-e9b0-4ee5-986c-1d92ba4ef1f4 0.063s
2025-04-25 21:30:33.691 71313 INFO tempest.lib.common.rest_client [req-1ff626ee-45e3-4728-abcc-133e72dba778 req-1ff626ee-45e3-4728-abcc-133e72dba778 ] Request (SecurityGroupsTestJSON:test_server_security_groups): 200 GET http://10.180.1.21/compute/v2.1/servers/f7b8ffd2-fb72-48c4-bfe9-8c778490d64c 0.075s
2025-04-25 21:30:33.706 71351 INFO tempest.lib.common.rest_client [req-3863bc73-216c-4dd2-93f7-0b6fca8acca3 req-3863bc73-216c-4dd2-93f7-0b6fca8acca3 ] Request (ServersAdminTestJSON:test_inject_network_info): 200 GET http://10.180.1.21/compute/v2.1/servers/f1210592-f6bf-44c0-bc06-8e92caa2754d 0.125s
2025-04-25 21:30:33.714 71351 INFO tempest.common.waiters [-] State transition "BUILD/spawning" ==> "ACTIVE/None" after 63 second wait
2025-04-25 21:30:33.757 71355 INFO tempest.lib.common.rest_client [req-a271c502-d1b7-45df-b218-24b13129c030 req-a271c502-d1b7-45df-b218-24b13129c030 ] Request (FloatingIPsAssociationTestJSON:tearDownClass): 200 GET http://10.180.1.21/compute/v2.1/servers/a425d7d3-d3a8-4864-b46d-a1aad3642079 0.090s
2025-04-25 21:30:33.774 71323 INFO tempest.lib.common.rest_client [req-3fcd4ba6-8729-41dc-a343-aabe84e86dc2 req-3fcd4ba6-8729-41dc-a343-aabe84e86dc2 ] Request (AttachInterfacesV270Test:tearDownClass): 200 GET http://10.180.1.21/compute/v2.1/servers/55411331-13f8-46e7-8e47-73686de2724b 0.087s
2025-04-25 21:30:33.808 71339 INFO tempest.lib.common.rest_client [req-3805d6d0-17dc-4d4d-9b7a-dc68859de53a req-3805d6d0-17dc-4d4d-9b7a-dc68859de53a ] Request (ServerDiskConfigTestJSON:test_resize_server_from_auto_to_manual): 200 GET http://10.180.1.21/compute/v2.1/servers/51fa14a5-b703-4023-a641-4ca9894bdc49 0.098s
2025-04-25 21:30:33.894 71295 INFO tempest.lib.common.rest_client [req-29ddf767-cf8d-47cd-9c87-abdcb73bb947 req-29ddf767-cf8d-47cd-9c87-abdcb73bb947 ] Request (AttachInterfacesTestJSON:_run_cleanups): 200 GET http://10.180.1.21/compute/v2.1/servers/5f1c69bc-256b-4dc1-991f-0fca1f272943 0.123s
2025-04-25 21:30:33.925 71351 INFO tempest.lib.common.rest_client [req-1c8a728c-16f8-47a4-809e-a030b714bea7 req-1c8a728c-16f8-47a4-809e-a030b714bea7 ] Request (ServersAdminTestJSON:test_inject_network_info): 202 POST http://10.180.1.21/compute/v2.1/servers/f1210592-f6bf-44c0-bc06-8e92caa2754d/action 0.210s
2025-04-25 21:30:33.947 71309 INFO tempest.lib.common.rest_client [req-9f9bf89c-335f-49e4-9892-ba731bc41360 req-9f9bf89c-335f-49e4-9892-ba731bc41360 ] Request (ServerDiagnosticsTest:test_get_server_diagnostics): 200 GET http://10.180.1.21/compute/v2.1/servers/7920b620-2349-4217-b3de-ca887e5d9116 0.112s
2025-04-25 21:30:33.971 71305 INFO tempest.lib.common.rest_client [req-0447032a-1454-4828-9894-a9ed617cb2fd req-0447032a-1454-4828-9894-a9ed617cb2fd ] Request (ListImageFiltersTestJSON:setUpClass): 200 GET http://10.180.1.21/compute/v2.1/images/186964e5-10cd-4275-a0e3-a10c33929c09 0.103s
2025-04-25 21:30:34.007 71351 INFO tempest.lib.common.rest_client [req-de4c2821-634c-4720-9a5d-0e1cd0019f4a req-de4c2821-634c-4720-9a5d-0e1cd0019f4a ] Request (ServersAdminTestJSON:test_list_servers_by_admin): 200 GET http://10.180.1.21/compute/v2.1/servers/detail 0.079s
2025-04-25 21:30:34.058 71337 INFO tempest.lib.common.rest_client [req-1dbc6f2d-e6d6-4e3d-85db-73941243942c req-1dbc6f2d-e6d6-4e3d-85db-73941243942c ] Request (ServerRescueTestJSON:test_rescue_unrescue_instance): 200 GET http://10.180.1.21/compute/v2.1/servers/4f0b7637-6afd-4b78-aca9-ba2f6af4f764 0.128s
2025-04-25 21:30:34.112 71357 INFO tempest.lib.common.rest_client [req-f4682e94-1f29-4ad4-a8bd-26d0f968859f req-f4682e94-1f29-4ad4-a8bd-26d0f968859f ] Request (ImagesNegativeTestJSON:test_create_image_from_deleted_server): 200 GET http://10.180.1.21/compute/v2.1/servers/4b88a240-eedd-4d3d-ab3e-9f793f020f83 0.177s
2025-04-25 21:30:34.124 71301 INFO tempest.lib.common.rest_client [req-f1852f7a-1e0e-423b-b9da-9992e226d295 req-f1852f7a-1e0e-423b-b9da-9992e226d295 ] Request (ServerRescueNegativeTestJSON:setUpClass): 200 GET http://10.180.1.21/compute/v2.1/servers/dba13c6a-7c9b-4a79-9173-2296a2688c55 0.249s
2025-04-25 21:30:34.154 71347 INFO tempest.lib.common.rest_client [req-4f2d38c0-5a37-4169-9cf2-b211eccfb9d1 req-4f2d38c0-5a37-4169-9cf2-b211eccfb9d1 ] Request (ServerActionsTestOtherB:test_create_backup): 200 GET http://10.180.1.21/image/v2/images/d3694287-d43e-467d-b982-e0871ac450fd 0.016s
2025-04-25 21:30:34.167 71319 INFO tempest.lib.common.rest_client [req-17a680d4-9fbb-4e15-9621-b002337ab233 req-17a680d4-9fbb-4e15-9621-b002337ab233 ] Request (ImagesOneServerNegativeTestJSON:setUpClass): 200 GET http://10.180.1.21/compute/v2.1/servers/d774d0e2-6a7c-4e3e-9c6b-c0a7c1d9d31f 0.178s
2025-04-25 21:30:34.191 71303 INFO tempest.lib.common.rest_client [req-5a082627-6cbd-4faa-9f32-ef387f4dc6e2 req-5a082627-6cbd-4faa-9f32-ef387f4dc6e2 ] Request (InstanceActionsTestJSON:tearDownClass): 200 GET http://10.180.1.21/compute/v2.1/servers/9ee2d52c-ad37-40c9-9140-c1e7c8ba451f 0.194s
2025-04-25 21:30:34.252 71345 INFO tempest.lib.common.rest_client [req-cc842888-3e7a-4e78-af2f-131ce1ce4557 req-cc842888-3e7a-4e78-af2f-131ce1ce4557 ] Request (ServersTestMultiNic:test_verify_multiple_nics_order): 200 GET http://10.180.1.21/compute/v2.1/servers/d384a829-fab2-4f70-bae5-6460ad85fa20 0.211s
2025-04-25 21:30:34.308 71349 INFO tempest.lib.common.rest_client [req-f336d74c-4287-4ddf-922a-f9495ab7d952 req-f336d74c-4287-4ddf-922a-f9495ab7d952 ] Request (InstanceActionsV221TestJSON:test_get_list_deleted_instance_actions): 200 GET http://10.180.1.21/compute/v2.1/servers/ddabc195-3a39-4139-8248-5320cd09d48f 0.247s
2025-04-25 21:30:34.364 71315 INFO tempest.lib.common.rest_client [req-cd762311-b0b5-4699-b4cc-06d210e3be10 req-cd762311-b0b5-4699-b4cc-06d210e3be10 ] Request (ServersAdmin275Test:test_rebuild_update_server_275): 200 GET http://10.180.1.21/compute/v2.1/servers/91cfc32f-29e6-4ae5-90d1-9ecf226bf5ce 0.257s
2025-04-25 21:30:34.416 71325 INFO tempest.lib.common.rest_client [req-2b34da2d-f675-4c25-84c3-af91cf87bf9d req-2b34da2d-f675-4c25-84c3-af91cf87bf9d ] Request (AttachVolumeNegativeTest:test_attach_attached_volume_to_different_server): 200 GET http://10.180.1.21/compute/v2.1/servers/2ff1d794-4c9f-4de9-8283-4a56c527c6d9 0.296s
2025-04-25 21:30:34.521 71333 INFO tempest.lib.common.rest_client [req-90746570-6c97-4fbb-859c-ca04fc4334d4 req-90746570-6c97-4fbb-859c-ca04fc4334d4 ] Request (ServersV294TestFqdnHostnames:setUpClass): 200 GET http://10.180.1.21/compute/v2.1/servers/c0761181-cec1-453c-adfe-a575a7242897 0.352s
2025-04-25 21:30:34.552 71351 INFO tempest.lib.common.rest_client [req-e5a5fc80-9ce1-4687-98d0-ba6f9a47cf1f req-e5a5fc80-9ce1-4687-98d0-ba6f9a47cf1f ] Request (ServersAdminTestJSON:test_list_servers_by_admin_with_all_tenants): 200 GET http://10.180.1.21/compute/v2.1/servers/detail?all_tenants= 0.535s
2025-04-25 21:30:34.585 71351 WARNING tempest.lib.common.rest_client [-] Deprecated: "tenant_id" property is deprecated for removal, use "project_id" instead
2025-04-25 21:30:34.609 71307 INFO tempest.lib.common.rest_client [req-df00b8e1-70db-4796-8e31-45700b89d756 req-df00b8e1-70db-4796-8e31-45700b89d756 ] Request (ListServerFiltersTestJSON:tearDownClass): 200 GET http://10.180.1.21/compute/v2.1/servers/bb288733-a6d1-4bac-b59b-57db9fcb79ed 0.390s
2025-04-25 21:30:34.629 71332 INFO tempest.lib.common.rest_client [req-e9321fab-1b87-4dd0-adf5-0b608674d7a8 req-e9321fab-1b87-4dd0-adf5-0b608674d7a8 ] Request (ListServersNegativeTestJSON:setUpClass): 200 GET http://10.180.1.21/compute/v2.1/servers/3278e6e3-ba77-41bc-bbf9-29b6a68399e7 0.333s
2025-04-25 21:30:34.684 71297 INFO tempest.lib.common.rest_client [req-2f0d38c6-08ae-429e-a2e7-5d93f9263892 req-2f0d38c6-08ae-429e-a2e7-5d93f9263892 ] Request (ServersAdminNegativeTestJSON:tearDownClass): 200 GET http://10.180.1.21/compute/v2.1/servers/0f2fbe39-329f-4340-88ed-c490c7b9fde3 0.335s
2025-04-25 21:30:34.691 71318 INFO tempest.lib.common.rest_client [req-668141ee-36df-4cf7-843a-4cb52096032f req-668141ee-36df-4cf7-843a-4cb52096032f ] Request (ServersTestJSON:test_create_server_specify_multibyte_character_name): 200 GET http://10.180.1.21/compute/v2.1/servers/5191e604-7633-4903-ad1d-c1ecfd3c4d68 0.122s
2025-04-25 21:30:34.715 71351 INFO tempest.lib.common.rest_client [req-8ed3e424-f2f8-4efa-ac38-d152a9bb1430 req-8ed3e424-f2f8-4efa-ac38-d152a9bb1430 ] Request (ServersAdminTestJSON:test_list_servers_by_admin_with_specified_tenant): 200 GET http://10.180.1.21/compute/v2.1/servers/detail?tenant_id=9bc424be0dde487195d11dc402fa8d2f 0.130s
2025-04-25 21:30:34.764 71327 INFO tempest.lib.common.rest_client [req-80213c8e-19ab-4c90-b11b-25c21702c1bd req-80213c8e-19ab-4c90-b11b-25c21702c1bd ] Request (ServersTestManualDisk:setUpClass): 200 GET http://10.180.1.21/compute/v2.1/servers/d0895e3b-e9b0-4ee5-986c-1d92ba4ef1f4 0.129s
2025-04-25 21:30:34.778 71313 INFO tempest.lib.common.rest_client [req-322f4a66-8b2b-4380-8cae-e292c39cee26 req-322f4a66-8b2b-4380-8cae-e292c39cee26 ] Request (SecurityGroupsTestJSON:test_server_security_groups): 200 GET http://10.180.1.21/compute/v2.1/servers/f7b8ffd2-fb72-48c4-bfe9-8c778490d64c 0.079s
2025-04-25 21:30:34.785 71313 INFO tempest.common.waiters [-] State transition "BUILD/scheduling" ==> "BUILD/None" after 37 second wait
2025-04-25 21:30:34.838 71355 INFO tempest.lib.common.rest_client [req-20b4db82-24bd-449e-8661-eeefea90dcf4 req-20b4db82-24bd-449e-8661-eeefea90dcf4 ] Request (FloatingIPsAssociationTestJSON:tearDownClass): 200 GET http://10.180.1.21/compute/v2.1/servers/a425d7d3-d3a8-4864-b46d-a1aad3642079 0.073s
2025-04-25 21:30:34.920 71323 INFO tempest.lib.common.rest_client [req-2818b04c-b039-40c5-a2b2-a49c1547e678 req-2818b04c-b039-40c5-a2b2-a49c1547e678 ] Request (AttachInterfacesV270Test:tearDownClass): 200 GET http://10.180.1.21/compute/v2.1/servers/55411331-13f8-46e7-8e47-73686de2724b 0.134s
2025-04-25 21:30:34.932 71351 INFO tempest.lib.common.rest_client [req-f97c7163-d496-4317-818b-cd278370ea69 req-f97c7163-d496-4317-818b-cd278370ea69 ] Request (ServersAdminTestJSON:test_list_servers_by_admin_with_specified_tenant): 200 GET http://10.180.1.21/compute/v2.1/servers/detail?all_tenants=&tenant_id=9bc424be0dde487195d11dc402fa8d2f 0.209s
2025-04-25 21:30:34.976 71339 INFO tempest.lib.common.rest_client [req-30e9d0bc-f55c-4789-83f1-493b5cf2cf47 req-30e9d0bc-f55c-4789-83f1-493b5cf2cf47 ] Request (ServerDiskConfigTestJSON:test_resize_server_from_auto_to_manual): 200 GET http://10.180.1.21/compute/v2.1/servers/51fa14a5-b703-4023-a641-4ca9894bdc49 0.159s
2025-04-25 21:30:34.991 71295 INFO tempest.lib.common.rest_client [req-8827eb5f-1c1f-4f5f-b289-8f730a90f2dd req-8827eb5f-1c1f-4f5f-b289-8f730a90f2dd ] Request (AttachInterfacesTestJSON:_run_cleanups): 200 GET http://10.180.1.21/compute/v2.1/servers/5f1c69bc-256b-4dc1-991f-0fca1f272943 0.082s
2025-04-25 21:30:35.005 71351 INFO tempest.lib.common.rest_client [req-9622becb-f9f6-4c72-8c8a-6c570489ca7a req-9622becb-f9f6-4c72-8c8a-6c570489ca7a ] Request (ServersAdminTestJSON:test_list_servers_by_admin_with_specified_tenant): 200 GET http://10.180.1.21/compute/v2.1/servers/detail?all_tenants=&tenant_id=a23203281b2d4e0e908d64fa2bc8e75c 0.062s
2025-04-25 21:30:35.041 71305 INFO tempest.lib.common.rest_client [req-aca3ba11-aee4-43d5-ab91-9218d06a6bae req-aca3ba11-aee4-43d5-ab91-9218d06a6bae ] Request (ListImageFiltersTestJSON:setUpClass): 200 GET http://10.180.1.21/compute/v2.1/images/186964e5-10cd-4275-a0e3-a10c33929c09 0.066s
2025-04-25 21:30:35.045 71309 INFO tempest.lib.common.rest_client [req-93a9afc0-a9d4-4009-a9d0-cedd05db28f2 req-93a9afc0-a9d4-4009-a9d0-cedd05db28f2 ] Request (ServerDiagnosticsTest:test_get_server_diagnostics): 200 GET http://10.180.1.21/compute/v2.1/servers/7920b620-2349-4217-b3de-ca887e5d9116 0.090s
2025-04-25 21:30:35.049 71351 INFO tempest.lib.common.rest_client [req-571320d8-d066-488c-b1df-df732f72d2ee req-571320d8-d066-488c-b1df-df732f72d2ee ] Request (ServersAdminTestJSON:test_list_servers_detailed_filter_by_invalid_status): 200 GET http://10.180.1.21/compute/v2.1/servers/detail?status=invalid_status 0.035s
2025-04-25 21:30:35.128 71351 INFO tempest.lib.common.rest_client [req-cefbd952-b591-4b12-8daa-e4dc366e1ea9 req-cefbd952-b591-4b12-8daa-e4dc366e1ea9 ] Request (ServersAdminTestJSON:test_list_servers_filter_by_error_status): 202 POST http://10.180.1.21/compute/v2.1/servers/d14d1fb9-7aec-4259-bedc-d9224c73322c/action 0.065s
2025-04-25 21:30:35.130 71337 INFO tempest.lib.common.rest_client [req-de272214-6f4a-4f52-98ae-0e010cec67b5 req-de272214-6f4a-4f52-98ae-0e010cec67b5 ] Request (ServerRescueTestJSON:test_rescue_unrescue_instance): 200 GET http://10.180.1.21/compute/v2.1/servers/4f0b7637-6afd-4b78-aca9-ba2f6af4f764 0.064s
2025-04-25 21:30:35.170 71347 INFO tempest.lib.common.rest_client [req-d3c183a8-f105-4981-9698-05eb0f1995cd req-d3c183a8-f105-4981-9698-05eb0f1995cd ] Request (ServerActionsTestOtherB:test_create_backup): 200 GET http://10.180.1.21/image/v2/images/d3694287-d43e-467d-b982-e0871ac450fd 0.014s
2025-04-25 21:30:35.178 71357 INFO tempest.lib.common.rest_client [req-23b4c787-e56b-4237-8a8c-0564d4100e19 req-23b4c787-e56b-4237-8a8c-0564d4100e19 ] Request (ImagesNegativeTestJSON:test_create_image_from_deleted_server): 200 GET http://10.180.1.21/compute/v2.1/servers/4b88a240-eedd-4d3d-ab3e-9f793f020f83 0.057s
2025-04-25 21:30:35.185 71351 INFO tempest.lib.common.rest_client [req-df8b70c2-df5f-41d5-a6c5-c6fd66d32364 req-df8b70c2-df5f-41d5-a6c5-c6fd66d32364 ] Request (ServersAdminTestJSON:test_list_servers_filter_by_error_status): 200 GET http://10.180.1.21/compute/v2.1/servers?status=error 0.056s
2025-04-25 21:30:35.239 71319 INFO tempest.lib.common.rest_client [req-ed1f16fa-320f-4664-a77e-c06f76cee674 req-ed1f16fa-320f-4664-a77e-c06f76cee674 ] Request (ImagesOneServerNegativeTestJSON:setUpClass): 200 GET http://10.180.1.21/compute/v2.1/servers/d774d0e2-6a7c-4e3e-9c6b-c0a7c1d9d31f 0.063s
2025-04-25 21:30:35.285 71301 INFO tempest.lib.common.rest_client [req-5c2834d5-de90-4950-ae3a-231828969809 req-5c2834d5-de90-4950-ae3a-231828969809 ] Request (ServerRescueNegativeTestJSON:setUpClass): 200 GET http://10.180.1.21/compute/v2.1/servers/dba13c6a-7c9b-4a79-9173-2296a2688c55 0.152s
2025-04-25 21:30:35.304 71351 INFO tempest.lib.common.rest_client [req-89fc9dec-7852-4936-bd06-2579a9f3dd66 req-89fc9dec-7852-4936-bd06-2579a9f3dd66 ] Request (ServersAdminTestJSON:test_list_servers_filter_by_error_status): 202 POST http://10.180.1.21/compute/v2.1/servers/d14d1fb9-7aec-4259-bedc-d9224c73322c/action 0.117s
