2025-04-08 13:49:33.580 69701 INFO tempest.lib.common.dynamic_creds [-] Created isolated network resources for: credentials: Credentials: {'domain_id': 'default', 'domain_name': 'Default', 'username': 'tempest-QuotasAdminTestJSON-915613125-project-member', 'project_domain_id': 'default', 'project_domain_name': 'Default', 'project_id': '51a8e40062ac41ccae26da22276a92fa', 'project_name': 'tempest-QuotasAdminTestJSON-915613125', 'tenant_id': '51a8e40062ac41ccae26da22276a92fa', 'tenant_name': 'tempest-QuotasAdminTestJSON-915613125', 'user_domain_id': 'default', 'user_domain_name': 'Default', 'user_id': 'af5b072ed73f44019d949ee16c5aec6f', 'system': None}, Network: None, Subnet: None, Router: None
2025-04-08 13:49:33.691 69701 INFO tempest.lib.common.rest_client [req-1a824fb3-77f5-425c-a7c2-c959a5577b70 req-1a824fb3-77f5-425c-a7c2-c959a5577b70 ] Request (QuotasAdminTestJSON:setUpClass): 201 POST http://10.180.1.21/identity/v3/auth/tokens 0.106s
2025-04-08 13:49:33.742 69703 INFO tempest.lib.common.rest_client [req-8ee635c5-25bc-4ed3-96be-5f20aec5f15d req-8ee635c5-25bc-4ed3-96be-5f20aec5f15d ] Request (MultipleCreateTestJSON:test_multiple_create): 200 GET http://10.180.1.21/compute/v2.1/servers/2b79ce2c-f402-42e5-a90d-5ebdc40896ce 1.361s
2025-04-08 13:49:33.759 69701 INFO tempest.lib.common.rest_client [req-519fc76d-754d-4fa3-af51-377639158e89 req-519fc76d-754d-4fa3-af51-377639158e89 ] Request (QuotasAdminTestJSON:setUpClass): 201 POST http://10.180.1.21/identity/v3/projects 0.067s
2025-04-08 13:49:33.820 69673 INFO tempest.lib.common.rest_client [req-c2f60b47-22a6-48d3-95be-09f8acb63b23 req-c2f60b47-22a6-48d3-95be-09f8acb63b23 ] Request (InstanceActionsV221TestJSON:tearDownClass): 204 DELETE http://10.180.1.21:9696/networking/v2.0/routers/2f34a933-dbf1-41b4-88ab-ee549d443c45 0.734s
2025-04-08 13:49:33.856 69701 INFO tempest.lib.common.rest_client [req-6da65ea8-226b-45e4-a7ca-7978f4eafb98 req-6da65ea8-226b-45e4-a7ca-7978f4eafb98 ] Request (QuotasAdminTestJSON:setUpClass): 201 POST http://10.180.1.21/identity/v3/users 0.096s
2025-04-08 13:49:33.869 69693 INFO tempest.lib.common.rest_client [req-28b1ff7a-f57a-4851-bc26-3477ae23f2f1 req-28b1ff7a-f57a-4851-bc26-3477ae23f2f1 ] Request (ServersListShow298Test:test_list_show_update_rebuild_server_298): 200 GET http://10.180.1.21/compute/v2.1/servers/c3010f57-be32-4f20-8276-7b4bd93d76e1 1.451s
2025-04-08 13:49:33.901 69701 INFO tempest.lib.common.rest_client [req-b1dc5d32-d65b-4a9d-9b5b-7a4ce9edb5d2 req-b1dc5d32-d65b-4a9d-9b5b-7a4ce9edb5d2 ] Request (QuotasAdminTestJSON:setUpClass): 200 GET http://10.180.1.21/identity/v3/roles 0.044s
2025-04-08 13:49:33.935 69701 INFO tempest.lib.common.rest_client [req-6e8798f8-14cc-476d-b95e-c51c44a16b38 req-6e8798f8-14cc-476d-b95e-c51c44a16b38 ] Request (QuotasAdminTestJSON:setUpClass): 204 PUT http://10.180.1.21/identity/v3/projects/12649d3f6bcf4e85904e007b2a64c8fb/users/885ff75b56774ed3b207c5d950669156/roles/f06ca5d273274274baa9914dc424176e 0.034s
2025-04-08 13:49:34.005 69701 INFO tempest.lib.common.rest_client [req-a63d6ce5-fb59-4962-91ba-e8d90754eb60 req-a63d6ce5-fb59-4962-91ba-e8d90754eb60 ] Request (QuotasAdminTestJSON:setUpClass): 200 GET http://10.180.1.21/identity/v3/roles 0.069s
2025-04-08 13:49:34.026 69701 INFO tempest.lib.common.rest_client [req-976d834c-ac83-4fee-a31c-0031d594ff60 req-976d834c-ac83-4fee-a31c-0031d594ff60 ] Request (QuotasAdminTestJSON:setUpClass): 204 PUT http://10.180.1.21/identity/v3/projects/12649d3f6bcf4e85904e007b2a64c8fb/users/885ff75b56774ed3b207c5d950669156/roles/f06ca5d273274274baa9914dc424176e 0.020s
2025-04-08 13:49:34.026 69701 INFO tempest.lib.common.dynamic_creds [-] Dynamic test user 885ff75b56774ed3b207c5d950669156 is created with scope project and roles: ['admin']
2025-04-08 13:49:34.026 69701 INFO tempest.lib.common.dynamic_creds [-] Acquired dynamic creds: credentials: Credentials: {'domain_id': 'default', 'domain_name': 'Default', 'username': 'tempest-QuotasAdminTestJSON-208800922-project-admin', 'project_domain_id': 'default', 'project_domain_name': 'Default', 'project_id': '12649d3f6bcf4e85904e007b2a64c8fb', 'project_name': 'tempest-QuotasAdminTestJSON-208800922', 'tenant_id': '12649d3f6bcf4e85904e007b2a64c8fb', 'tenant_name': 'tempest-QuotasAdminTestJSON-208800922', 'user_domain_id': 'default', 'user_domain_name': 'Default', 'user_id': '885ff75b56774ed3b207c5d950669156', 'system': None}, Network: None, Subnet: None, Router: None
2025-04-08 13:49:34.027 69701 INFO tempest.lib.common.dynamic_creds [-] Created isolated network resources for: credentials: Credentials: {'domain_id': 'default', 'domain_name': 'Default', 'username': 'tempest-QuotasAdminTestJSON-208800922-project-admin', 'project_domain_id': 'default', 'project_domain_name': 'Default', 'project_id': '12649d3f6bcf4e85904e007b2a64c8fb', 'project_name': 'tempest-QuotasAdminTestJSON-208800922', 'tenant_id': '12649d3f6bcf4e85904e007b2a64c8fb', 'tenant_name': 'tempest-QuotasAdminTestJSON-208800922', 'user_domain_id': 'default', 'user_domain_name': 'Default', 'user_id': '885ff75b56774ed3b207c5d950669156', 'system': None}, Network: None, Subnet: None, Router: None
2025-04-08 13:49:34.077 69697 INFO tempest.lib.common.rest_client [req-ddf35873-7e36-43ae-bc52-32d0d9a0cb94 req-ddf35873-7e36-43ae-bc52-32d0d9a0cb94 ] Request (MigrationsAdminTest:test_resize_server_revert_deleted_flavor): 200 GET http://10.180.1.21/compute/v2.1/servers/3a5af6a2-a06a-4f35-92ea-d122160b22b5 1.629s
2025-04-08 13:49:34.118 69673 INFO tempest.lib.common.rest_client [req-d4537021-c3f0-4980-8e4e-642f2bad36c3 req-d4537021-c3f0-4980-8e4e-642f2bad36c3 ] Request (InstanceActionsV221TestJSON:tearDownClass): 204 DELETE http://10.180.1.21:9696/networking/v2.0/subnets/13da6ebb-98ec-43ca-8075-f3f64432ddc8 0.298s
2025-04-08 13:49:34.119 69709 INFO tempest.lib.common.rest_client [req-fda0474a-7eb1-4c68-8de8-45f77b9419ff req-fda0474a-7eb1-4c68-8de8-45f77b9419ff ] Request (AttachVolumeNegativeTest:test_attach_attached_volume_to_different_server): 200 POST http://10.180.1.21/compute/v2.1/servers/d8ff34cc-0660-4828-847d-cc58e0c4385a/os-volume_attachments 1.992s
2025-04-08 13:49:34.135 69701 INFO tempest.lib.common.rest_client [req-fea20848-eff0-492a-9294-1102156884f3 req-fea20848-eff0-492a-9294-1102156884f3 ] Request (QuotasAdminTestJSON:setUpClass): 201 POST http://10.180.1.21/identity/v3/auth/tokens 0.105s
2025-04-08 13:49:34.136 69701 WARNING tempest.lib.common.rest_client [-] Deprecated: "tenant_id" property is deprecated for removal, use "project_id" instead
2025-04-08 13:49:34.154 69677 INFO tempest.lib.common.rest_client [req-9af6ea4b-4ffb-411e-b32b-6b14772a6e54 req-9af6ea4b-4ffb-411e-b32b-6b14772a6e54 ] Request (DeleteServersTestJSON:test_delete_server_while_in_attached_volume): 200 GET http://10.180.1.21/compute/v2.1/servers/6d681952-777f-4243-9b4b-ee5fb0392173 1.646s
2025-04-08 13:49:34.158 69709 INFO tempest.lib.common.rest_client [req-1e9bddb4-cb55-42bb-9644-27aef7a269f8 req-1e9bddb4-cb55-42bb-9644-27aef7a269f8 ] Request (AttachVolumeNegativeTest:test_attach_attached_volume_to_different_server): 200 GET http://10.180.1.21/volume/v3/volumes/1b60774a-187c-4c93-9912-29a9fe7194f8 0.037s
2025-04-08 13:49:34.180 69701 INFO tempest.lib.common.rest_client [req-6b9cea40-6aeb-4f69-a29b-7adfa0fc04ad req-6b9cea40-6aeb-4f69-a29b-7adfa0fc04ad ] Request (QuotasAdminTestJSON:test_delete_quota): 200 GET http://10.180.1.21/identity/v3/domains?name=Default 0.043s
2025-04-08 13:49:34.218 69701 INFO tempest.lib.common.rest_client [req-330502df-8651-4b88-965f-62171be9c781 req-330502df-8651-4b88-965f-62171be9c781 ] Request (QuotasAdminTestJSON:test_delete_quota): 201 POST http://10.180.1.21/identity/v3/projects 0.038s
2025-04-08 13:49:34.233 69699 INFO tempest.lib.common.rest_client [req-1b7ab313-c7bb-4d75-bfaf-fb08473e822b req-1b7ab313-c7bb-4d75-bfaf-fb08473e822b ] Request (ListServerFiltersTestJSON:tearDownClass): 200 GET http://10.180.1.21/compute/v2.1/servers/78aed5f0-ce65-4b00-8a3f-1eab21e0525b 1.317s
2025-04-08 13:49:34.261 69691 INFO tempest.lib.common.rest_client [req-165da210-1677-4f90-9c2c-ad7c98b930ab req-165da210-1677-4f90-9c2c-ad7c98b930ab ] Request (VolumesAssistedSnapshotsTest:_run_cleanups): 404 GET http://10.180.1.21/volume/v3/volumes/90f2f5c0-3e76-4eff-a3c7-9a5f793ac5cd 0.025s
2025-04-08 13:49:34.261 69667 INFO tempest.lib.common.rest_client [req-6668a793-52e3-4e4d-8a46-0ef708a80c6f req-6668a793-52e3-4e4d-8a46-0ef708a80c6f ] Request (ServersAdminTestJSON:test_inject_network_info): 200 GET http://10.180.1.21/compute/v2.1/servers/b431ea42-872f-4b78-b558-5b3ce649d68e 1.429s
2025-04-08 13:49:34.290 69701 INFO tempest.lib.common.rest_client [req-1536bc27-7db4-4680-87b2-dad3b59bef1e req-1536bc27-7db4-4680-87b2-dad3b59bef1e ] Request (QuotasAdminTestJSON:test_delete_quota): 200 GET http://10.180.1.21/identity/v3/domains?name=Default 0.071s
2025-04-08 13:49:34.313 69685 INFO tempest.lib.common.rest_client [req-59ddf958-b4a6-4d60-a264-fb6ef126b3c7 req-59ddf958-b4a6-4d60-a264-fb6ef126b3c7 ] Request (InstanceActionsTestJSON:tearDownClass): 200 GET http://10.180.1.21/compute/v2.1/servers/9716c35b-9fc7-4e8c-81a1-ef7451400742 1.301s
2025-04-08 13:49:34.356 69679 INFO tempest.lib.common.rest_client [req-82ee78c4-eb22-4009-8ff6-2cc488b58f69 req-82ee78c4-eb22-4009-8ff6-2cc488b58f69 ] Request (ListImageFiltersTestJSON:tearDownClass): 200 GET http://10.180.1.21/compute/v2.1/servers/be800ce5-6d2e-402d-b83a-e22771d0aa5d 1.286s
2025-04-08 13:49:34.449 69717 INFO tempest.lib.common.rest_client [req-fc3b738d-edce-4432-a776-94eba70ce44b req-fc3b738d-edce-4432-a776-94eba70ce44b ] Request (FloatingIPsAssociationTestJSON:tearDownClass): 204 DELETE http://10.180.1.21/compute/v2.1/servers/7ecd7a06-8651-44da-abd2-1fc160b79921 1.256s
2025-04-08 13:49:34.570 69687 INFO tempest.lib.common.rest_client [req-c2c01980-fa36-4042-8d6a-23de588359a3 req-c2c01980-fa36-4042-8d6a-23de588359a3 ] Request (AttachInterfacesV270Test:tearDownClass): 200 GET http://10.180.1.21/compute/v2.1/servers/4c2a6729-3ed6-4b80-a7f2-77fcd53bed49 1.292s
2025-04-08 13:49:34.593 69673 INFO tempest.lib.common.rest_client [req-1481f4a5-a675-4bdf-80cc-0d75a3560213 req-1481f4a5-a675-4bdf-80cc-0d75a3560213 ] Request (InstanceActionsV221TestJSON:tearDownClass): 204 DELETE http://10.180.1.21:9696/networking/v2.0/networks/d0dfda86-6a7b-42f2-a00e-a7ce0f725992 0.474s
2025-04-08 13:49:34.595 69675 INFO tempest.lib.common.rest_client [req-fee30c88-ff86-4423-9f57-1103a571669b req-fee30c88-ff86-4423-9f57-1103a571669b ] Request (ServerRescueTestJSON:setUpClass): 200 GET http://10.180.1.21/compute/v2.1/servers/4d646a6a-26e5-4e67-8415-b981f86d49cb 1.384s
2025-04-08 13:49:34.716 69721 INFO tempest.lib.common.rest_client [req-cc527422-85c0-41a0-85dd-7697cfad4034 req-cc527422-85c0-41a0-85dd-7697cfad4034 ] Request (ServersTestFqdnHostnames:setUpClass): 200 PUT http://10.180.1.21:9696/networking/v2.0/routers/318820b9-963f-4400-89e6-37412260525b/add_router_interface 1.837s
2025-04-08 13:49:34.716 69721 INFO tempest.lib.common.dynamic_creds [-] Created isolated network resources for: credentials: Credentials: {'domain_id': 'default', 'domain_name': 'Default', 'username': 'tempest-ServersTestFqdnHostnames-25866083-project-member', 'project_domain_id': 'default', 'project_domain_name': 'Default', 'project_id': '63af5e6c47c244998f71e5c3208da0d9', 'project_name': 'tempest-ServersTestFqdnHostnames-25866083', 'tenant_id': '63af5e6c47c244998f71e5c3208da0d9', 'tenant_name': 'tempest-ServersTestFqdnHostnames-25866083', 'user_domain_id': 'default', 'user_domain_name': 'Default', 'user_id': 'a474874d1cf84fa399d62c7f1f472ef1', 'system': None}, Network: {'id': '982223c3-b8bd-40f9-92d9-47d140ca806c', 'name': 'tempest-ServersTestFqdnHostnames-545702377-network', 'tenant_id': '63af5e6c47c244998f71e5c3208da0d9', 'admin_state_up': True, 'mtu': 8950, 'status': 'ACTIVE', 'subnets': [], 'shared': False, 'project_id': '63af5e6c47c244998f71e5c3208da0d9', 'port_security_enabled': True, 'router:external': False, 'provider:network_type': 'vlan', 'provider:physical_network': 'default', 'provider:segmentation_id': 152, 'availability_zone_hints': [], 'availability_zones': [], 'ipv4_address_scope': None, 'ipv6_address_scope': None, 'description': '', 'tags': [], 'created_at': '2025-04-08T13:49:30Z', 'updated_at': '2025-04-08T13:49:30Z', 'revision_number': 1}, Subnet: {'id': 'f5a15114-ae04-4cbc-b9d2-816a821d4da3', 'name': 'tempest-ServersTestFqdnHostnames-545702377-subnet', 'tenant_id': '63af5e6c47c244998f71e5c3208da0d9', 'network_id': '982223c3-b8bd-40f9-92d9-47d140ca806c', 'ip_version': 4, 'subnetpool_id': None, 'enable_dhcp': True, 'ipv6_ra_mode': None, 'ipv6_address_mode': None, 'gateway_ip': '192.168.128.1', 'cidr': '192.168.128.0/28', 'allocation_pools': [{'start': '192.168.128.2', 'end': '192.168.128.14'}], 'host_routes': [], 'dns_nameservers': [], 'description': '', 'router:external': False, 'service_types': [], 'tags': [], 'created_at': '2025-04-08T13:49:30Z', 'updated_at': '2025-04-08T13:49:30Z', 'revision_number': 0, 'project_id': '63af5e6c47c244998f71e5c3208da0d9'}, Router: {'id': '318820b9-963f-4400-89e6-37412260525b', 'name': 'tempest-ServersTestFqdnHostnames-545702377-router', 'tenant_id': '63af5e6c47c244998f71e5c3208da0d9', 'admin_state_up': True, 'status': 'ACTIVE', 'external_gateway_info': {'network_id': '09892145-22d8-4f7e-a9d6-9059e193b97c', 'external_fixed_ips': [{'subnet_id': 'e6e2cc53-c8e6-46bf-b937-629b607d2103', 'ip_address': '10.180.180.168'}], 'enable_snat': True}, 'description': '', 'availability_zones': [], 'distributed': False, 'ha': False, 'availability_zone_hints': [], 'routes': [], 'flavor_id': None, 'tags': [], 'created_at': '2025-04-08T13:49:31Z', 'updated_at': '2025-04-08T13:49:31Z', 'revision_number': 2, 'project_id': '63af5e6c47c244998f71e5c3208da0d9'}
2025-04-08 13:49:34.733 69703 INFO tempest.lib.common.rest_client [req-3b2fbe8b-4c91-4464-b235-0b3a5d5d835d req-3b2fbe8b-4c91-4464-b235-0b3a5d5d835d ] Request (MultipleCreateTestJSON:_run_cleanups): 204 DELETE http://10.180.1.21/compute/v2.1/servers/2b79ce2c-f402-42e5-a90d-5ebdc40896ce 0.981s
2025-04-08 13:49:34.770 69673 INFO tempest.lib.common.rest_client [req-b858a6ac-9407-4114-aaec-0abcf0006ab2 req-b858a6ac-9407-4114-aaec-0abcf0006ab2 ] Request (InstanceActionsV221TestJSON:tearDownClass): 204 DELETE http://10.180.1.21/identity/v3/users/60e30da95b9f4eb18b79b5569eb1e664 0.176s
2025-04-08 13:49:34.770 69673 INFO tempest.lib.common.dynamic_creds [-] Deleting project and security group for project: b2f82ded442c493586b668c585c3bd3c
2025-04-08 13:49:34.821 69721 INFO tempest.lib.common.rest_client [req-5d1ee7c3-152f-4fca-a9e3-4c46ea03c9f4 req-5d1ee7c3-152f-4fca-a9e3-4c46ea03c9f4 ] Request (ServersTestFqdnHostnames:setUpClass): 201 POST http://10.180.1.21/identity/v3/auth/tokens 0.101s
2025-04-08 13:49:34.835 69673 INFO tempest.lib.common.rest_client [req-7ea4eae1-7977-4151-b051-a4bdd7421cf9 req-7ea4eae1-7977-4151-b051-a4bdd7421cf9 ] Request (InstanceActionsV221TestJSON:tearDownClass): 200 GET http://10.180.1.21:9696/networking/v2.0/security-groups?tenant_id=b2f82ded442c493586b668c585c3bd3c&name=default 0.065s
2025-04-08 13:49:34.844 69695 INFO tempest.lib.common.rest_client [req-82a4f37f-a606-4043-911f-a6be0b5d8ef9 req-82a4f37f-a606-4043-911f-a6be0b5d8ef9 ] Request (ServersTestMultiNic:test_verify_multiple_nics_order): 200 GET http://10.180.1.21/compute/v2.1/servers/c4a13e7e-8718-492c-881d-eb64fa044575 1.404s
2025-04-08 13:49:34.854 69695 INFO tempest.common.waiters [-] State transition "BUILD/networking" ==> "BUILD/spawning" after 45 second wait
2025-04-08 13:49:34.869 69691 INFO tempest.lib.common.rest_client [req-538ca869-8f97-4fda-816a-a3476b7ed768 req-538ca869-8f97-4fda-816a-a3476b7ed768 ] Request (VolumesAssistedSnapshotsTest:tearDownClass): 204 DELETE http://10.180.1.21/compute/v2.1/servers/096700b1-7125-48b5-877d-5dc745b5fe41 0.602s
2025-04-08 13:49:34.938 69673 INFO tempest.lib.common.rest_client [req-4a75e30b-36d7-4c41-acde-37f1a8adfaf6 req-4a75e30b-36d7-4c41-acde-37f1a8adfaf6 ] Request (InstanceActionsV221TestJSON:tearDownClass): 204 DELETE http://10.180.1.21:9696/networking/v2.0/security-groups/c79e4546-925e-4461-b3cd-087a7698ad79 0.103s
2025-04-08 13:49:34.944 69717 INFO tempest.lib.common.rest_client [req-20e390d2-7ca5-4e04-beca-033042794b25 req-20e390d2-7ca5-4e04-beca-033042794b25 ] Request (FloatingIPsAssociationTestJSON:tearDownClass): 200 GET http://10.180.1.21/compute/v2.1/servers/7ecd7a06-8651-44da-abd2-1fc160b79921 0.494s
2025-04-08 13:49:35.014 69701 INFO tempest.lib.common.rest_client [req-09fab801-9afc-4807-9703-f7bfe0372e89 req-09fab801-9afc-4807-9703-f7bfe0372e89 ] Request (QuotasAdminTestJSON:test_delete_quota): 200 GET http://10.180.1.21/compute/v2.1/os-quota-sets/8a39f5e4688a4633b89880ae1e608ccd 0.723s
2025-04-08 13:49:35.080 69727 INFO tempest.lib.common.rest_client [req-624219a9-b666-4120-9a89-9a87704205d8 req-624219a9-b666-4120-9a89-9a87704205d8 ] Request (ServersTestBootFromVolume:setUpClass): 200 GET http://10.180.1.21/compute/v2.1/servers/d780fc2f-62f6-4cf7-8d8a-c2e7b25226dc 0.501s
2025-04-08 13:49:35.089 69681 INFO tempest.lib.common.rest_client [req-b6aa4b8f-fcbf-4170-9ad4-31aaf8c550f1 req-b6aa4b8f-fcbf-4170-9ad4-31aaf8c550f1 ] Request (ImagesTestJSON:test_create_image_from_suspended_server): 200 GET http://10.180.1.21/compute/v2.1/servers/325fb273-d943-4e52-bde2-a2d3eee6fcbd 0.608s
2025-04-08 13:49:35.100 69673 INFO tempest.lib.common.rest_client [req-0d5f41ac-2ae7-4814-8e27-68edfd45a0e4 req-0d5f41ac-2ae7-4814-8e27-68edfd45a0e4 ] Request (InstanceActionsV221TestJSON:tearDownClass): 204 DELETE http://10.180.1.21/identity/v3/projects/b2f82ded442c493586b668c585c3bd3c 0.161s
2025-04-08 13:49:35.163 69673 INFO tempest.lib.common.rest_client [req-abdc9dbe-71b2-4e4a-95b3-5893f4d1dde1 req-abdc9dbe-71b2-4e4a-95b3-5893f4d1dde1 ] Request (VolumesNegativeTest:setUpClass): 201 POST http://10.180.1.21/identity/v3/auth/tokens 0.061s
2025-04-08 13:49:35.165 69703 INFO tempest.lib.common.rest_client [req-57c904bf-1af2-41e7-94aa-445481c27a3d req-57c904bf-1af2-41e7-94aa-445481c27a3d ] Request (MultipleCreateTestJSON:_run_cleanups): 204 DELETE http://10.180.1.21/compute/v2.1/servers/db8dde79-2be8-4d35-afe0-44e3f33860ed 0.432s
2025-04-08 13:49:35.204 69673 INFO tempest.lib.common.rest_client [req-48007c89-bf4f-458b-bfd3-c378026968fb req-48007c89-bf4f-458b-bfd3-c378026968fb ] Request (VolumesNegativeTest:setUpClass): 201 POST http://10.180.1.21/identity/v3/auth/tokens 0.037s
2025-04-08 13:49:35.214 69709 INFO tempest.lib.common.rest_client [req-73508918-12fa-4206-b90e-5ea4816c280b req-73508918-12fa-4206-b90e-5ea4816c280b ] Request (AttachVolumeNegativeTest:test_attach_attached_volume_to_different_server): 200 GET http://10.180.1.21/volume/v3/volumes/1b60774a-187c-4c93-9912-29a9fe7194f8 0.043s
2025-04-08 13:49:35.239 69673 INFO tempest.lib.common.rest_client [req-cc26b768-c1d2-4cc5-b97f-64d2dae6c18a req-cc26b768-c1d2-4cc5-b97f-64d2dae6c18a ] Request (VolumesNegativeTest:setUpClass): 200 GET http://10.180.1.21/identity/v3/domains?name=Default 0.034s
2025-04-08 13:49:35.253 69721 INFO tempest.lib.common.rest_client [req-2894f8ea-b384-42c0-aa65-602f439c0e33 req-2894f8ea-b384-42c0-aa65-602f439c0e33 ] Request (ServersTestFqdnHostnames:test_create_server_with_fqdn_name): 200 POST http://10.180.1.21/compute/v2.1/os-keypairs 0.428s
2025-04-08 13:49:35.280 69673 INFO tempest.lib.common.rest_client [req-602d861e-430d-4ce6-80bb-7a8e4c1142de req-602d861e-430d-4ce6-80bb-7a8e4c1142de ] Request (VolumesNegativeTest:setUpClass): 201 POST http://10.180.1.21/identity/v3/projects 0.040s
2025-04-08 13:49:35.328 69711 WARNING tempest.lib.common.ssh [-] Failed to establish authenticated ssh connection to cirros@10.180.180.156 ([Errno None] Unable to connect to port 22 on 10.180.180.156). Number attempts: 6. Retry after 7 seconds.: paramiko.ssh_exception.NoValidConnectionsError: [Errno None] Unable to connect to port 22 on 10.180.180.156
2025-04-08 13:49:35.333 69691 INFO tempest.lib.common.rest_client [req-4f72fd7c-5bd0-4ac1-94a8-0ed0be91c068 req-4f72fd7c-5bd0-4ac1-94a8-0ed0be91c068 ] Request (VolumesAssistedSnapshotsTest:tearDownClass): 200 GET http://10.180.1.21/compute/v2.1/servers/096700b1-7125-48b5-877d-5dc745b5fe41 0.463s
2025-04-08 13:49:35.344 69693 INFO tempest.lib.common.rest_client [req-65c7f935-7f0b-46cb-8054-dbad5eb21ef4 req-65c7f935-7f0b-46cb-8054-dbad5eb21ef4 ] Request (ServersListShow298Test:test_list_show_update_rebuild_server_298): 200 GET http://10.180.1.21/compute/v2.1/servers/c3010f57-be32-4f20-8276-7b4bd93d76e1 0.458s
2025-04-08 13:49:35.346 69673 INFO tempest.lib.common.rest_client [req-372d56de-eaa0-4d80-b374-26295fb7e09d req-372d56de-eaa0-4d80-b374-26295fb7e09d ] Request (VolumesNegativeTest:setUpClass): 201 POST http://10.180.1.21/identity/v3/users 0.065s
2025-04-08 13:49:35.370 69673 INFO tempest.lib.common.rest_client [req-d644ad68-724a-45ba-b170-73bfbf1635ba req-d644ad68-724a-45ba-b170-73bfbf1635ba ] Request (VolumesNegativeTest:setUpClass): 200 GET http://10.180.1.21/identity/v3/roles 0.023s
2025-04-08 13:49:35.386 69689 WARNING tempest.lib.common.ssh [-] Failed to establish authenticated ssh connection to cirros@10.180.180.157 ([Errno None] Unable to connect to port 22 on 10.180.180.157). Number attempts: 7. Retry after 8 seconds.: paramiko.ssh_exception.NoValidConnectionsError: [Errno None] Unable to connect to port 22 on 10.180.180.157
2025-04-08 13:49:35.405 69673 INFO tempest.lib.common.rest_client [req-1a2f6096-a431-4805-b95a-c8a2784fa8e1 req-1a2f6096-a431-4805-b95a-c8a2784fa8e1 ] Request (VolumesNegativeTest:setUpClass): 204 PUT http://10.180.1.21/identity/v3/projects/d9faaa2b5ce041869b8b0d257ce9f6d9/users/3879975e23cc4b14aaaf1ad675ed70fc/roles/ccf7b71644c647d0875edffb145c70c7 0.035s
2025-04-08 13:49:35.405 69673 INFO tempest.lib.common.dynamic_creds [-] Dynamic test user 3879975e23cc4b14aaaf1ad675ed70fc is created with scope project and roles: ['member']
2025-04-08 13:49:35.406 69673 INFO tempest.lib.common.dynamic_creds [-] Acquired dynamic creds: credentials: Credentials: {'domain_id': 'default', 'domain_name': 'Default', 'username': 'tempest-VolumesNegativeTest-1233055713-project-member', 'project_domain_id': 'default', 'project_domain_name': 'Default', 'project_id': 'd9faaa2b5ce041869b8b0d257ce9f6d9', 'project_name': 'tempest-VolumesNegativeTest-1233055713', 'tenant_id': 'd9faaa2b5ce041869b8b0d257ce9f6d9', 'tenant_name': 'tempest-VolumesNegativeTest-1233055713', 'user_domain_id': 'default', 'user_domain_name': 'Default', 'user_id': '3879975e23cc4b14aaaf1ad675ed70fc', 'system': None}, Network: None, Subnet: None, Router: None
2025-04-08 13:49:35.406 69673 INFO tempest.lib.common.dynamic_creds [-] Created isolated network resources for: credentials: Credentials: {'domain_id': 'default', 'domain_name': 'Default', 'username': 'tempest-VolumesNegativeTest-1233055713-project-member', 'project_domain_id': 'default', 'project_domain_name': 'Default', 'project_id': 'd9faaa2b5ce041869b8b0d257ce9f6d9', 'project_name': 'tempest-VolumesNegativeTest-1233055713', 'tenant_id': 'd9faaa2b5ce041869b8b0d257ce9f6d9', 'tenant_name': 'tempest-VolumesNegativeTest-1233055713', 'user_domain_id': 'default', 'user_domain_name': 'Default', 'user_id': '3879975e23cc4b14aaaf1ad675ed70fc', 'system': None}, Network: None, Subnet: None, Router: None
2025-04-08 13:49:35.483 69673 INFO tempest.lib.common.rest_client [req-9161b4f3-4444-4873-bf7f-db4fd42d12d7 req-9161b4f3-4444-4873-bf7f-db4fd42d12d7 ] Request (VolumesNegativeTest:setUpClass): 201 POST http://10.180.1.21/identity/v3/auth/tokens 0.074s
2025-04-08 13:49:35.535 69671 INFO paramiko.transport [-] Connected (version 2.0, client dropbear_2020.81)
2025-04-08 13:49:35.558 69701 INFO tempest.lib.common.rest_client [req-37e7afa4-70cc-4e6f-97fa-e6ca2877ba9c req-37e7afa4-70cc-4e6f-97fa-e6ca2877ba9c ] Request (QuotasAdminTestJSON:test_delete_quota): 200 PUT http://10.180.1.21/compute/v2.1/os-quota-sets/8a39f5e4688a4633b89880ae1e608ccd 0.542s
2025-04-08 13:49:35.563 69697 INFO tempest.lib.common.rest_client [req-71377a9d-ce76-4e26-831f-598e4ca3c5cc req-71377a9d-ce76-4e26-831f-598e4ca3c5cc ] Request (MigrationsAdminTest:test_resize_server_revert_deleted_flavor): 200 GET http://10.180.1.21/compute/v2.1/servers/3a5af6a2-a06a-4f35-92ea-d122160b22b5 0.471s
2025-04-08 13:49:35.570 69721 INFO tempest.lib.common.rest_client [req-203bca3e-fc2f-4df0-bcec-0e3618df6f37 req-203bca3e-fc2f-4df0-bcec-0e3618df6f37 ] Request (ServersTestFqdnHostnames:test_create_server_with_fqdn_name): 201 POST http://10.180.1.21:9696/networking/v2.0/security-groups 0.316s
2025-04-08 13:49:35.640 69671 INFO paramiko.transport [-] Authentication (publickey) successful!
2025-04-08 13:49:35.641 69671 INFO tempest.lib.common.ssh [-] ssh connection to cirros@10.180.180.171 successfully created
2025-04-08 13:49:35.649 69671 INFO tempest.lib.common.ssh [-] Creating ssh connection to '10.180.180.171:22' as 'cirros' with public key authentication
2025-04-08 13:49:35.651 69671 INFO paramiko.transport [-] Connected (version 2.0, client dropbear_2020.81)
2025-04-08 13:49:35.655 69677 INFO tempest.lib.common.rest_client [req-fe29d048-a403-431d-b9a9-13b527715559 req-fe29d048-a403-431d-b9a9-13b527715559 ] Request (DeleteServersTestJSON:test_delete_server_while_in_attached_volume): 200 GET http://10.180.1.21/compute/v2.1/servers/6d681952-777f-4243-9b4b-ee5fb0392173 0.485s
2025-04-08 13:49:35.684 69699 INFO tempest.lib.common.rest_client [req-41a46a8a-2730-4585-9fec-b2915d3ddc02 req-41a46a8a-2730-4585-9fec-b2915d3ddc02 ] Request (ListServerFiltersTestJSON:tearDownClass): 404 GET http://10.180.1.21/compute/v2.1/servers/78aed5f0-ce65-4b00-8a3f-1eab21e0525b 0.442s
2025-04-08 13:49:35.707 69703 INFO tempest.lib.common.rest_client [req-0b080ca4-f647-49fe-b394-8c5ec9b06a9e req-0b080ca4-f647-49fe-b394-8c5ec9b06a9e ] Request (MultipleCreateTestJSON:_run_cleanups): 200 GET http://10.180.1.21/compute/v2.1/servers/2b79ce2c-f402-42e5-a90d-5ebdc40896ce 0.542s
2025-04-08 13:49:35.743 69721 INFO tempest.lib.common.rest_client [req-a5c73d59-ce0f-4deb-92af-d68a9ccd2339 req-a5c73d59-ce0f-4deb-92af-d68a9ccd2339 ] Request (ServersTestFqdnHostnames:test_create_server_with_fqdn_name): 201 POST http://10.180.1.21:9696/networking/v2.0/security-group-rules 0.170s
2025-04-08 13:49:35.753 69671 INFO paramiko.transport [-] Authentication (publickey) successful!
2025-04-08 13:49:35.754 69671 INFO tempest.lib.common.ssh [-] ssh connection to cirros@10.180.180.171 successfully created
2025-04-08 13:49:35.795 69685 INFO tempest.lib.common.rest_client [req-ef04acb4-99a2-4676-a8a8-8389a27bed2e req-ef04acb4-99a2-4676-a8a8-8389a27bed2e ] Request (InstanceActionsTestJSON:tearDownClass): 200 GET http://10.180.1.21/compute/v2.1/servers/9716c35b-9fc7-4e8c-81a1-ef7451400742 0.472s
2025-04-08 13:49:35.855 69667 INFO tempest.lib.common.rest_client [req-1e6e581e-9e07-462c-b882-df56f78fd90a req-1e6e581e-9e07-462c-b882-df56f78fd90a ] Request (ServersAdminTestJSON:test_inject_network_info): 200 GET http://10.180.1.21/compute/v2.1/servers/b431ea42-872f-4b78-b558-5b3ce649d68e 0.582s
2025-04-08 13:49:35.869 69721 INFO tempest.lib.common.rest_client [req-aa282d6c-b4c5-4b95-acd6-42121bd4d309 req-aa282d6c-b4c5-4b95-acd6-42121bd4d309 ] Request (ServersTestFqdnHostnames:test_create_server_with_fqdn_name): 201 POST http://10.180.1.21:9696/networking/v2.0/security-group-rules 0.125s
2025-04-08 13:49:35.874 69679 INFO tempest.lib.common.rest_client [req-e2b2c249-f7d5-494e-ab29-0a3641698484 req-e2b2c249-f7d5-494e-ab29-0a3641698484 ] Request (ListImageFiltersTestJSON:tearDownClass): 200 GET http://10.180.1.21/compute/v2.1/servers/be800ce5-6d2e-402d-b83a-e22771d0aa5d 0.508s
2025-04-08 13:49:35.887 69701 INFO tempest.lib.common.rest_client [req-c1b54bca-ce80-463e-b0bc-34087b00500a req-c1b54bca-ce80-463e-b0bc-34087b00500a ] Request (QuotasAdminTestJSON:test_delete_quota): 202 DELETE http://10.180.1.21/compute/v2.1/os-quota-sets/8a39f5e4688a4633b89880ae1e608ccd 0.324s
2025-04-08 13:49:35.951 69687 INFO tempest.lib.common.rest_client [req-ad9ffc23-4130-45be-81e9-16e2f5d67f88 req-ad9ffc23-4130-45be-81e9-16e2f5d67f88 ] Request (AttachInterfacesV270Test:tearDownClass): 200 GET http://10.180.1.21/compute/v2.1/servers/4c2a6729-3ed6-4b80-a7f2-77fcd53bed49 0.368s
2025-04-08 13:49:35.960 69673 INFO tempest.lib.common.rest_client [req-220094e3-3a75-48ef-b24b-3d31af8aacb5 req-220094e3-3a75-48ef-b24b-3d31af8aacb5 ] Request (VolumesNegativeTest:test_create_volume_with_invalid_size): 400 POST http://10.180.1.21/compute/v2.1/os-volumes 0.474s
2025-04-08 13:49:36.070 69699 INFO tempest.lib.common.rest_client [req-cc723626-420f-4b26-a721-60f902367fee req-cc723626-420f-4b26-a721-60f902367fee ] Request (ListServerFiltersTestJSON:tearDownClass): 204 DELETE http://10.180.1.21/compute/v2.1/servers/ec57f63b-c28b-4de2-a335-2b5ffa721ee6 0.385s
2025-04-08 13:49:36.097 69675 INFO tempest.lib.common.rest_client [req-9573e4e2-59bd-4453-94e6-26d7e9104fa4 req-9573e4e2-59bd-4453-94e6-26d7e9104fa4 ] Request (ServerRescueTestJSON:setUpClass): 200 GET http://10.180.1.21/compute/v2.1/servers/4d646a6a-26e5-4e67-8415-b981f86d49cb 0.489s
2025-04-08 13:49:36.141 69671 INFO tempest.lib.common.rest_client [req-53353f33-24c9-4a30-af3b-c5a0f2017666 req-53353f33-24c9-4a30-af3b-c5a0f2017666 ] Request (ServerActionsTestJSON:test_reboot_server_hard): 202 POST http://10.180.1.21/compute/v2.1/servers/f1736cf7-d979-41ba-97d9-45c35b51cad8/action 0.377s
2025-04-08 13:49:36.187 69701 INFO tempest.lib.common.rest_client [req-da74f31c-b538-4ace-8c7d-16ce6d5989fd req-da74f31c-b538-4ace-8c7d-16ce6d5989fd ] Request (QuotasAdminTestJSON:test_delete_quota): 200 GET http://10.180.1.21/compute/v2.1/os-quota-sets/8a39f5e4688a4633b89880ae1e608ccd 0.300s
2025-04-08 13:49:36.202 69695 INFO tempest.lib.common.rest_client [req-f3ed3d3b-4f4e-45ad-b39f-2d4879556ab3 req-f3ed3d3b-4f4e-45ad-b39f-2d4879556ab3 ] Request (ServersTestMultiNic:test_verify_multiple_nics_order): 200 GET http://10.180.1.21/compute/v2.1/servers/c4a13e7e-8718-492c-881d-eb64fa044575 0.346s
2025-04-08 13:49:36.207 69673 INFO tempest.lib.common.rest_client [req-524d3d53-2400-4c03-85eb-231bf5da6627 req-524d3d53-2400-4c03-85eb-231bf5da6627 ] Request (VolumesNegativeTest:test_create_volume_with_size_zero): 400 POST http://10.180.1.21/compute/v2.1/os-volumes 0.246s
2025-04-08 13:49:36.260 69717 INFO tempest.lib.common.rest_client [req-7383a1b0-c59f-4e68-99b0-01643e2d137d req-7383a1b0-c59f-4e68-99b0-01643e2d137d ] Request (FloatingIPsAssociationTestJSON:tearDownClass): 200 GET http://10.180.1.21/compute/v2.1/servers/7ecd7a06-8651-44da-abd2-1fc160b79921 0.307s
2025-04-08 13:49:36.271 69709 INFO tempest.lib.common.rest_client [req-958058e6-c082-42ce-844f-6069238f0ef9 req-958058e6-c082-42ce-844f-6069238f0ef9 ] Request (AttachVolumeNegativeTest:test_attach_attached_volume_to_different_server): 200 GET http://10.180.1.21/volume/v3/volumes/1b60774a-187c-4c93-9912-29a9fe7194f8 0.046s
2025-04-08 13:49:36.290 69701 INFO tempest.lib.common.rest_client [req-cccbbeb4-2264-4867-b868-6641f914a876 req-cccbbeb4-2264-4867-b868-6641f914a876 ] Request (QuotasAdminTestJSON:_run_cleanups): 204 DELETE http://10.180.1.21/identity/v3/projects/8a39f5e4688a4633b89880ae1e608ccd 0.101s
2025-04-08 13:49:36.317 69727 INFO tempest.lib.common.rest_client [req-75948447-864f-49f0-90c9-fbe06035b1ec req-75948447-864f-49f0-90c9-fbe06035b1ec ] Request (ServersTestBootFromVolume:setUpClass): 200 GET http://10.180.1.21/compute/v2.1/servers/d780fc2f-62f6-4cf7-8d8a-c2e7b25226dc 0.230s
2025-04-08 13:49:36.330 69721 INFO tempest.lib.common.rest_client [req-21dd49c3-d310-4384-9c43-458bfded657c req-21dd49c3-d310-4384-9c43-458bfded657c ] Request (ServersTestFqdnHostnames:test_create_server_with_fqdn_name): 201 POST http://10.180.1.21:9696/networking/v2.0/floatingips 0.459s
2025-04-08 13:49:36.357 69699 INFO tempest.lib.common.rest_client [req-265b4deb-663b-44e6-80f9-6b097d87da08 req-265b4deb-663b-44e6-80f9-6b097d87da08 ] Request (ListServerFiltersTestJSON:tearDownClass): 200 GET http://10.180.1.21/compute/v2.1/servers/ec57f63b-c28b-4de2-a335-2b5ffa721ee6 0.286s
2025-04-08 13:49:36.403 69721 INFO tempest.lib.common.rest_client [req-f4f2b87b-0edc-4dce-b334-008b0c7f0d0b req-f4f2b87b-0edc-4dce-b334-008b0c7f0d0b ] Request (ServersTestFqdnHostnames:test_create_server_with_fqdn_name): 201 POST http://10.180.1.21/identity/v3/auth/tokens 0.070s
2025-04-08 13:49:36.403 69721 INFO tempest.lib.common.fixed_network [-] (ServersTestFqdnHostnames:test_create_server_with_fqdn_name) Found network {'id': '982223c3-b8bd-40f9-92d9-47d140ca806c', 'name': 'tempest-ServersTestFqdnHostnames-545702377-network', 'tenant_id': '63af5e6c47c244998f71e5c3208da0d9', 'admin_state_up': True, 'mtu': 8950, 'status': 'ACTIVE', 'subnets': [], 'shared': False, 'project_id': '63af5e6c47c244998f71e5c3208da0d9', 'port_security_enabled': True, 'router:external': False, 'provider:network_type': 'vlan', 'provider:physical_network': 'default', 'provider:segmentation_id': 152, 'availability_zone_hints': [], 'availability_zones': [], 'ipv4_address_scope': None, 'ipv6_address_scope': None, 'description': '', 'tags': [], 'created_at': '2025-04-08T13:49:30Z', 'updated_at': '2025-04-08T13:49:30Z', 'revision_number': 1} available for tenant
2025-04-08 13:49:36.440 69681 INFO tempest.lib.common.rest_client [req-1e164923-381e-4573-b2b1-a2ab041609c6 req-1e164923-381e-4573-b2b1-a2ab041609c6 ] Request (ImagesTestJSON:test_create_image_from_suspended_server): 200 GET http://10.180.1.21/compute/v2.1/servers/325fb273-d943-4e52-bde2-a2d3eee6fcbd 0.341s
2025-04-08 13:49:36.447 69673 INFO tempest.lib.common.rest_client [req-fdbac65a-cea9-4338-a335-3327d7390434 req-fdbac65a-cea9-4338-a335-3327d7390434 ] Request (VolumesNegativeTest:test_create_volume_without_passing_size): 400 POST http://10.180.1.21/compute/v2.1/os-volumes 0.238s
2025-04-08 13:49:36.502 69671 INFO tempest.lib.common.rest_client [req-12742959-fe2e-4ac9-853e-04f803e790b5 req-12742959-fe2e-4ac9-853e-04f803e790b5 ] Request (ServerActionsTestJSON:test_reboot_server_hard): 200 GET http://10.180.1.21/compute/v2.1/servers/f1736cf7-d979-41ba-97d9-45c35b51cad8 0.361s
2025-04-08 13:49:36.563 69701 INFO tempest.lib.common.rest_client [req-94b4a22d-c165-44fb-b18c-7dcb7834d8dd req-94b4a22d-c165-44fb-b18c-7dcb7834d8dd ] Request (QuotasAdminTestJSON:test_get_default_quotas): 200 GET http://10.180.1.21/compute/v2.1/os-quota-sets/51a8e40062ac41ccae26da22276a92fa/defaults 0.271s
2025-04-08 13:49:36.599 69701 INFO tempest.lib.common.rest_client [req-ab3e7ce8-2468-48c6-b3df-ba787c0b85db req-ab3e7ce8-2468-48c6-b3df-ba787c0b85db ] Request (QuotasAdminTestJSON:test_get_updated_quotas): 200 GET http://10.180.1.21/identity/v3/domains?name=Default 0.031s
2025-04-08 13:49:36.622 69691 INFO tempest.lib.common.rest_client [req-20dd4a21-ae6a-42d5-b54a-6d1f31aea6a8 req-20dd4a21-ae6a-42d5-b54a-6d1f31aea6a8 ] Request (VolumesAssistedSnapshotsTest:tearDownClass): 200 GET http://10.180.1.21/compute/v2.1/servers/096700b1-7125-48b5-877d-5dc745b5fe41 0.267s
2025-04-08 13:49:36.640 69701 INFO tempest.lib.common.rest_client [req-eefa4908-8078-444d-8f8b-33a87f61247d req-eefa4908-8078-444d-8f8b-33a87f61247d ] Request (QuotasAdminTestJSON:test_get_updated_quotas): 201 POST http://10.180.1.21/identity/v3/projects 0.041s
2025-04-08 13:49:36.658 69693 INFO tempest.lib.common.rest_client [req-95fa6400-0366-4da6-ab06-71a2170b6fac req-95fa6400-0366-4da6-ab06-71a2170b6fac ] Request (ServersListShow298Test:test_list_show_update_rebuild_server_298): 200 GET http://10.180.1.21/compute/v2.1/servers/c3010f57-be32-4f20-8276-7b4bd93d76e1 0.293s
2025-04-08 13:49:36.689 69673 INFO tempest.lib.common.rest_client [req-88d6eb70-e720-4c80-bd2d-2110feba0323 req-88d6eb70-e720-4c80-bd2d-2110feba0323 ] Request (VolumesNegativeTest:test_delete_invalid_volume_id): 404 DELETE http://10.180.1.21/compute/v2.1/os-volumes/tempest-invalid-2134742722 0.241s
2025-04-08 13:49:36.713 69701 INFO tempest.lib.common.rest_client [req-28ae0a32-7271-4339-bc44-14110bb597a7 req-28ae0a32-7271-4339-bc44-14110bb597a7 ] Request (QuotasAdminTestJSON:test_get_updated_quotas): 200 GET http://10.180.1.21/identity/v3/domains?name=Default 0.072s
2025-04-08 13:49:36.838 69697 INFO tempest.lib.common.rest_client [req-82bf56b3-c56c-4b71-bade-8c63e0e1cf20 req-82bf56b3-c56c-4b71-bade-8c63e0e1cf20 ] Request (MigrationsAdminTest:test_resize_server_revert_deleted_flavor): 200 GET http://10.180.1.21/compute/v2.1/servers/3a5af6a2-a06a-4f35-92ea-d122160b22b5 0.266s
2025-04-08 13:49:36.895 69677 INFO tempest.lib.common.rest_client [req-8a84f302-e7a6-40dd-885b-30c9576e2f52 req-8a84f302-e7a6-40dd-885b-30c9576e2f52 ] Request (DeleteServersTestJSON:test_delete_server_while_in_attached_volume): 200 GET http://10.180.1.21/compute/v2.1/servers/6d681952-777f-4243-9b4b-ee5fb0392173 0.230s
2025-04-08 13:49:36.899 69673 INFO tempest.lib.common.rest_client [req-540c1602-7ebc-4525-a6b0-2734811a3240 req-540c1602-7ebc-4525-a6b0-2734811a3240 ] Request (VolumesNegativeTest:test_delete_volume_without_passing_volume_id): 404 DELETE http://10.180.1.21/compute/v2.1/os-volumes/ 0.209s
2025-04-08 13:49:36.980 69721 INFO tempest.lib.common.rest_client [req-7d345322-3065-49aa-9c92-764185d55e87 req-7d345322-3065-49aa-9c92-764185d55e87 ] Request (ServersTestFqdnHostnames:test_create_server_with_fqdn_name): 202 POST http://10.180.1.21/compute/v2.1/servers 0.576s
2025-04-08 13:49:36.997 69701 INFO tempest.lib.common.rest_client [req-cd5974b5-0fee-4930-ac53-7d203e69dad9 req-cd5974b5-0fee-4930-ac53-7d203e69dad9 ] Request (QuotasAdminTestJSON:test_get_updated_quotas): 200 PUT http://10.180.1.21/compute/v2.1/os-quota-sets/a0dae57b95d5470f9512662baf6b1a4f 0.284s
2025-04-08 13:49:37.109 69685 INFO tempest.lib.common.rest_client [req-8c8bdb78-7014-4352-b4db-75dc57456ac4 req-8c8bdb78-7014-4352-b4db-75dc57456ac4 ] Request (InstanceActionsTestJSON:tearDownClass): 200 GET http://10.180.1.21/compute/v2.1/servers/9716c35b-9fc7-4e8c-81a1-ef7451400742 0.303s
2025-04-08 13:49:37.130 69703 INFO tempest.lib.common.rest_client [req-717d8d96-e726-419f-bd9d-94ec243c5a9c req-717d8d96-e726-419f-bd9d-94ec243c5a9c ] Request (MultipleCreateTestJSON:_run_cleanups): 200 GET http://10.180.1.21/compute/v2.1/servers/2b79ce2c-f402-42e5-a90d-5ebdc40896ce 0.412s
2025-04-08 13:49:37.200 69679 INFO tempest.lib.common.rest_client [req-c77954c1-0ddf-4c18-867b-5726695c9edf req-c77954c1-0ddf-4c18-867b-5726695c9edf ] Request (ListImageFiltersTestJSON:tearDownClass): 200 GET http://10.180.1.21/compute/v2.1/servers/be800ce5-6d2e-402d-b83a-e22771d0aa5d 0.314s
2025-04-08 13:49:37.204 69673 INFO tempest.lib.common.rest_client [req-a0275f66-c9be-4740-a18d-8cfed43850e3 req-a0275f66-c9be-4740-a18d-8cfed43850e3 ] Request (VolumesNegativeTest:test_get_volume_without_passing_volume_id): 404 GET http://10.180.1.21/compute/v2.1/os-volumes/ 0.303s
2025-04-08 13:49:37.272 69687 INFO tempest.lib.common.rest_client [req-b5457aec-1bd6-4b14-b99a-8dd0dcc142c5 req-b5457aec-1bd6-4b14-b99a-8dd0dcc142c5 ] Request (AttachInterfacesV270Test:tearDownClass): 200 GET http://10.180.1.21/compute/v2.1/servers/4c2a6729-3ed6-4b80-a7f2-77fcd53bed49 0.311s
2025-04-08 13:49:37.312 69721 INFO tempest.lib.common.rest_client [req-b3fef1a5-43bc-4f7f-81c7-e27e8d0a0a44 req-b3fef1a5-43bc-4f7f-81c7-e27e8d0a0a44 ] Request (ServersTestFqdnHostnames:test_create_server_with_fqdn_name): 200 GET http://10.180.1.21/compute/v2.1/servers/12469520-1e54-40a2-b179-0811c4099063 0.330s
2025-04-08 13:49:37.327 69709 INFO tempest.lib.common.rest_client [req-9a84b2b7-3238-4333-a048-c53dd7a8a653 req-9a84b2b7-3238-4333-a048-c53dd7a8a653 ] Request (AttachVolumeNegativeTest:test_attach_attached_volume_to_different_server): 200 GET http://10.180.1.21/volume/v3/volumes/1b60774a-187c-4c93-9912-29a9fe7194f8 0.046s
2025-04-08 13:49:37.341 69667 INFO tempest.lib.common.rest_client [req-7d9a6426-eb2a-4cf0-880f-958bbe75e29f req-7d9a6426-eb2a-4cf0-880f-958bbe75e29f ] Request (ServersAdminTestJSON:test_inject_network_info): 200 GET http://10.180.1.21/compute/v2.1/servers/b431ea42-872f-4b78-b558-5b3ce649d68e 0.477s
2025-04-08 13:49:37.350 69667 INFO tempest.common.waiters [-] State transition "BUILD/spawning" ==> "ACTIVE/None" after 62 second wait
2025-04-08 13:49:37.376 69701 INFO tempest.lib.common.rest_client [req-4a5bb366-c7e1-4f4f-aa1b-af7740b57f0f req-4a5bb366-c7e1-4f4f-aa1b-af7740b57f0f ] Request (QuotasAdminTestJSON:test_get_updated_quotas): 200 GET http://10.180.1.21/compute/v2.1/os-quota-sets/a0dae57b95d5470f9512662baf6b1a4f/detail 0.375s
2025-04-08 13:49:37.407 69673 INFO tempest.lib.common.rest_client [req-a7d1a590-8831-4796-8bf0-4633b2fb8d56 req-a7d1a590-8831-4796-8bf0-4633b2fb8d56 ] Request (VolumesNegativeTest:test_volume_delete_nonexistent_volume_id): 404 DELETE http://10.180.1.21/compute/v2.1/os-volumes/16f402f8-2d7f-4582-a3eb-2fa59370bfd8 0.199s
2025-04-08 13:49:37.419 69701 INFO tempest.lib.common.rest_client [req-314ebbce-0055-4cc5-a367-8c9c00e3ed8b req-314ebbce-0055-4cc5-a367-8c9c00e3ed8b ] Request (QuotasAdminTestJSON:test_get_updated_quotas): 200 GET http://10.180.1.21/identity/v3/domains?name=Default 0.034s
2025-04-08 13:49:37.460 69701 INFO tempest.lib.common.rest_client [req-18c22764-dbf0-49fc-90be-5663109d1959 req-18c22764-dbf0-49fc-90be-5663109d1959 ] Request (QuotasAdminTestJSON:test_get_updated_quotas): 201 POST http://10.180.1.21/identity/v3/users 0.041s
2025-04-08 13:49:37.489 69701 INFO tempest.lib.common.rest_client [req-a762504c-bd45-48d9-bb58-997bca43927d req-a762504c-bd45-48d9-bb58-997bca43927d ] Request (QuotasAdminTestJSON:test_get_updated_quotas): 200 GET http://10.180.1.21/identity/v3/domains?name=Default 0.028s
2025-04-08 13:49:37.518 69695 INFO tempest.lib.common.rest_client [req-893ffd7b-c70c-4f48-b409-5135fd17fb2f req-893ffd7b-c70c-4f48-b409-5135fd17fb2f ] Request (ServersTestMultiNic:test_verify_multiple_nics_order): 200 GET http://10.180.1.21/compute/v2.1/servers/c4a13e7e-8718-492c-881d-eb64fa044575 0.302s
2025-04-08 13:49:37.592 69717 INFO tempest.lib.common.rest_client [req-aacee219-7b5d-4939-b233-a9a0374fe407 req-aacee219-7b5d-4939-b233-a9a0374fe407 ] Request (FloatingIPsAssociationTestJSON:tearDownClass): 200 GET http://10.180.1.21/compute/v2.1/servers/7ecd7a06-8651-44da-abd2-1fc160b79921 0.320s
2025-04-08 13:49:37.669 69727 INFO tempest.lib.common.rest_client [req-98bbf2f9-a26c-4227-8a46-0b5ae15ec332 req-98bbf2f9-a26c-4227-8a46-0b5ae15ec332 ] Request (ServersTestBootFromVolume:setUpClass): 200 GET http://10.180.1.21/compute/v2.1/servers/d780fc2f-62f6-4cf7-8d8a-c2e7b25226dc 0.342s
2025-04-08 13:49:37.796 69667 INFO tempest.lib.common.rest_client [req-76367669-2aa9-41ae-ae22-829bfa38e9d6 req-76367669-2aa9-41ae-ae22-829bfa38e9d6 ] Request (ServersAdminTestJSON:test_inject_network_info): 202 POST http://10.180.1.21/compute/v2.1/servers/b431ea42-872f-4b78-b558-5b3ce649d68e/action 0.445s
2025-04-08 13:49:37.824 69675 INFO tempest.lib.common.rest_client [req-9595da63-88f9-49a8-9f50-20072bf2de95 req-9595da63-88f9-49a8-9f50-20072bf2de95 ] Request (ServerRescueTestJSON:setUpClass): 200 GET http://10.180.1.21/compute/v2.1/servers/4d646a6a-26e5-4e67-8415-b981f86d49cb 0.715s
2025-04-08 13:49:37.856 69673 INFO tempest.lib.common.rest_client [req-b745bc45-2b15-459f-8a8a-90dbed28ab47 req-b745bc45-2b15-459f-8a8a-90dbed28ab47 ] Request (VolumesNegativeTest:test_volume_get_nonexistent_volume_id): 404 GET http://10.180.1.21/compute/v2.1/os-volumes/a238aace-07ac-4887-9c81-b9a793ba7082 0.448s
2025-04-08 13:49:37.929 69699 INFO tempest.lib.common.rest_client [req-024d6389-a64f-4405-bda9-eb5d1cffa4a9 req-024d6389-a64f-4405-bda9-eb5d1cffa4a9 ] Request (ListServerFiltersTestJSON:tearDownClass): 200 GET http://10.180.1.21/compute/v2.1/servers/ec57f63b-c28b-4de2-a335-2b5ffa721ee6 0.563s
2025-04-08 13:49:37.975 69673 INFO tempest.lib.common.rest_client [req-5e5053d9-ca75-4191-b0ef-0450055343a2 req-5e5053d9-ca75-4191-b0ef-0450055343a2 ] Request (VolumesNegativeTest:tearDownClass): 204 DELETE http://10.180.1.21/identity/v3/users/3879975e23cc4b14aaaf1ad675ed70fc 0.113s
2025-04-08 13:49:37.976 69673 INFO tempest.lib.common.dynamic_creds [-] Deleting project and security group for project: d9faaa2b5ce041869b8b0d257ce9f6d9
2025-04-08 13:49:38.035 69673 INFO tempest.lib.common.rest_client [req-c8643bdb-2ac2-43e6-937c-618ad1437817 req-c8643bdb-2ac2-43e6-937c-618ad1437817 ] Request (VolumesNegativeTest:tearDownClass): 201 POST http://10.180.1.21/identity/v3/auth/tokens 0.059s
2025-04-08 13:49:38.116 69681 INFO tempest.lib.common.rest_client [req-bb00b2b2-4841-4805-998f-265e42d79398 req-bb00b2b2-4841-4805-998f-265e42d79398 ] Request (ImagesTestJSON:test_create_image_from_suspended_server): 200 GET http://10.180.1.21/compute/v2.1/servers/325fb273-d943-4e52-bde2-a2d3eee6fcbd 0.667s
2025-04-08 13:49:38.126 69681 INFO tempest.common.waiters [-] State transition "BUILD/spawning" ==> "ACTIVE/None" after 53 second wait
2025-04-08 13:49:38.159 69701 INFO tempest.lib.common.rest_client [req-1d81bdab-8a16-47cc-809e-1650dd543642 req-1d81bdab-8a16-47cc-809e-1650dd543642 ] Request (QuotasAdminTestJSON:test_get_updated_quotas): 200 PUT http://10.180.1.21/compute/v2.1/os-quota-sets/a0dae57b95d5470f9512662baf6b1a4f?user_id=fc7dcbaa1054456abe74c3c35b6d5394 0.669s
2025-04-08 13:49:38.249 69673 INFO tempest.lib.common.rest_client [req-802f1b82-a0de-4e48-866b-d2943796936d req-802f1b82-a0de-4e48-866b-d2943796936d ] Request (VolumesNegativeTest:tearDownClass): 200 GET http://10.180.1.21:9696/networking/v2.0/security-groups?tenant_id=d9faaa2b5ce041869b8b0d257ce9f6d9&name=default 0.213s
2025-04-08 13:49:38.365 69709 INFO tempest.lib.common.rest_client [req-72cd2fef-fddc-46d3-be0d-2943dbb42312 req-72cd2fef-fddc-46d3-be0d-2943dbb42312 ] Request (AttachVolumeNegativeTest:test_attach_attached_volume_to_different_server): 200 GET http://10.180.1.21/volume/v3/volumes/1b60774a-187c-4c93-9912-29a9fe7194f8 0.031s
2025-04-08 13:49:38.474 69671 INFO tempest.lib.common.rest_client [req-743debe0-f3a8-4dd0-95a3-e8764f01e6cb req-743debe0-f3a8-4dd0-95a3-e8764f01e6cb ] Request (ServerActionsTestJSON:test_reboot_server_hard): 200 GET http://10.180.1.21/compute/v2.1/servers/f1736cf7-d979-41ba-97d9-45c35b51cad8 0.961s
2025-04-08 13:49:38.516 69691 INFO tempest.lib.common.rest_client [req-14bf8ce4-9ea7-423f-a353-c62219390e1b req-14bf8ce4-9ea7-423f-a353-c62219390e1b ] Request (VolumesAssistedSnapshotsTest:tearDownClass): 200 GET http://10.180.1.21/compute/v2.1/servers/096700b1-7125-48b5-877d-5dc745b5fe41 0.883s
2025-04-08 13:49:38.556 69667 INFO tempest.lib.common.rest_client [req-5780ff77-ca41-463b-ac1b-f7082f08267c req-5780ff77-ca41-463b-ac1b-f7082f08267c ] Request (ServersAdminTestJSON:test_list_servers_by_admin): 200 GET http://10.180.1.21/compute/v2.1/servers/detail 0.758s
2025-04-08 13:49:38.557 69673 INFO tempest.lib.common.rest_client [req-8d6aea5b-c917-470b-820f-b026f93abe76 req-8d6aea5b-c917-470b-820f-b026f93abe76 ] Request (VolumesNegativeTest:tearDownClass): 204 DELETE http://10.180.1.21:9696/networking/v2.0/security-groups/ff59b0a5-719b-4a48-9f92-c676f8b431ff 0.308s
2025-04-08 13:49:38.562 69693 INFO tempest.lib.common.rest_client [req-2d967d57-af43-4b36-be28-a37399c5aee1 req-2d967d57-af43-4b36-be28-a37399c5aee1 ] Request (ServersListShow298Test:test_list_show_update_rebuild_server_298): 200 GET http://10.180.1.21/compute/v2.1/servers/c3010f57-be32-4f20-8276-7b4bd93d76e1 0.888s
2025-04-08 13:49:38.577 69693 INFO tempest.common.waiters [-] State transition "BUILD/None" ==> "BUILD/block_device_mapping" after 41 second wait
2025-04-08 13:49:38.652 69673 INFO tempest.lib.common.rest_client [req-19ec79cd-b5d7-49f6-8084-f878d66e30be req-19ec79cd-b5d7-49f6-8084-f878d66e30be ] Request (VolumesNegativeTest:tearDownClass): 204 DELETE http://10.180.1.21/identity/v3/projects/d9faaa2b5ce041869b8b0d257ce9f6d9 0.095s
2025-04-08 13:49:38.661 69677 INFO tempest.lib.common.rest_client [req-b65b965e-5a6f-4c87-91c0-2adb477a3a6c req-b65b965e-5a6f-4c87-91c0-2adb477a3a6c ] Request (DeleteServersTestJSON:test_delete_server_while_in_attached_volume): 200 GET http://10.180.1.21/compute/v2.1/servers/6d681952-777f-4243-9b4b-ee5fb0392173 0.756s
2025-04-08 13:49:38.676 69697 INFO tempest.lib.common.rest_client [req-28657c56-58da-4a50-9026-730d3215e39e req-28657c56-58da-4a50-9026-730d3215e39e ] Request (MigrationsAdminTest:test_resize_server_revert_deleted_flavor): 200 GET http://10.180.1.21/compute/v2.1/servers/3a5af6a2-a06a-4f35-92ea-d122160b22b5 0.831s
2025-04-08 13:49:38.784 69685 INFO tempest.lib.common.rest_client [req-6ff52747-8815-4955-a5c5-a03357924a18 req-6ff52747-8815-4955-a5c5-a03357924a18 ] Request (InstanceActionsTestJSON:tearDownClass): 200 GET http://10.180.1.21/compute/v2.1/servers/9716c35b-9fc7-4e8c-81a1-ef7451400742 0.668s
2025-04-08 13:49:38.794 69681 INFO tempest.lib.common.rest_client [req-3766acf0-90cd-46ee-a52d-0c5facd1cef5 req-3766acf0-90cd-46ee-a52d-0c5facd1cef5 ] Request (ImagesTestJSON:test_create_image_from_suspended_server): 202 POST http://10.180.1.21/compute/v2.1/servers/325fb273-d943-4e52-bde2-a2d3eee6fcbd/action 0.667s
2025-04-08 13:49:38.871 69703 INFO tempest.lib.common.rest_client [req-7e9e43a0-d2c1-4a40-9d31-dbd32449524a req-7e9e43a0-d2c1-4a40-9d31-dbd32449524a ] Request (MultipleCreateTestJSON:_run_cleanups): 200 GET http://10.180.1.21/compute/v2.1/servers/2b79ce2c-f402-42e5-a90d-5ebdc40896ce 0.731s
2025-04-08 13:49:38.881 69703 INFO tempest.common.waiters [-] State transition "ACTIVE/deleting" ==> "DELETED/None" after 3 second wait
2025-04-08 13:49:38.944 69701 INFO tempest.lib.common.rest_client [req-53de3214-cbb5-4460-a2ad-8cc5c7c1d513 req-53de3214-cbb5-4460-a2ad-8cc5c7c1d513 ] Request (QuotasAdminTestJSON:test_get_updated_quotas): 200 GET http://10.180.1.21/compute/v2.1/os-quota-sets/a0dae57b95d5470f9512662baf6b1a4f?user_id=fc7dcbaa1054456abe74c3c35b6d5394 0.779s
