2025-04-08 13:47:06.399 69669 INFO tempest.lib.common.rest_client [req-44c42aea-6452-4224-872d-6b3864b0ee9e req-44c42aea-6452-4224-872d-6b3864b0ee9e ] Request (ServersV294TestFqdnHostnames:setUpClass): 204 PUT http://10.180.1.21/identity/v3/projects/bcc6e71447e040f182c0c7859cf1197c/users/43aaf4d95bc84921859335739132dd80/roles/ccf7b71644c647d0875edffb145c70c7 0.033s
2025-04-08 13:47:06.400 69669 INFO tempest.lib.common.dynamic_creds [-] Dynamic test user 43aaf4d95bc84921859335739132dd80 is created with scope project and roles: ['member']
2025-04-08 13:47:06.400 69669 INFO tempest.lib.common.dynamic_creds [-] Acquired dynamic creds: credentials: Credentials: {'domain_id': 'default', 'domain_name': 'Default', 'username': 'tempest-ServersV294TestFqdnHostnames-787624371-project-member', 'project_domain_id': 'default', 'project_domain_name': 'Default', 'project_id': 'bcc6e71447e040f182c0c7859cf1197c', 'project_name': 'tempest-ServersV294TestFqdnHostnames-787624371', 'tenant_id': 'bcc6e71447e040f182c0c7859cf1197c', 'tenant_name': 'tempest-ServersV294TestFqdnHostnames-787624371', 'user_domain_id': 'default', 'user_domain_name': 'Default', 'user_id': '43aaf4d95bc84921859335739132dd80', 'system': None}, Network: None, Subnet: None, Router: None
2025-04-08 13:47:06.415 69695 INFO tempest.lib.common.rest_client [req-94eb3289-5a56-4ac3-9c10-5dff90e739ef req-94eb3289-5a56-4ac3-9c10-5dff90e739ef ] Request (ServersTestMultiNic:test_verify_duplicate_network_nics): 201 POST http://10.180.1.21/identity/v3/auth/tokens 0.069s
2025-04-08 13:47:06.416 69695 INFO tempest.lib.common.fixed_network [-] (ServersTestMultiNic:test_verify_duplicate_network_nics) Found network {'id': '7c00eb90-9abb-47b7-86cf-007acb6d8107', 'name': 'tempest-ServersTestMultiNic-642186875-network', 'tenant_id': '4ff32d32f73d42958a5b740da8fb1894', 'admin_state_up': True, 'mtu': 8950, 'status': 'ACTIVE', 'subnets': [], 'shared': False, 'project_id': '4ff32d32f73d42958a5b740da8fb1894', 'port_security_enabled': True, 'router:external': False, 'provider:network_type': 'vlan', 'provider:physical_network': 'default', 'provider:segmentation_id': 507, 'availability_zone_hints': [], 'availability_zones': [], 'ipv4_address_scope': None, 'ipv6_address_scope': None, 'description': '', 'tags': [], 'created_at': '2025-04-08T13:46:57Z', 'updated_at': '2025-04-08T13:46:57Z', 'revision_number': 1} available for tenant
2025-04-08 13:47:06.468 69669 INFO tempest.lib.common.rest_client [req-744b806c-7999-43a2-a769-7b1baab38067 req-744b806c-7999-43a2-a769-7b1baab38067 ] Request (ServersV294TestFqdnHostnames:setUpClass): 201 POST http://10.180.1.21/identity/v3/auth/tokens 0.068s
2025-04-08 13:47:06.638 69675 INFO tempest.lib.common.rest_client [req-431f1faf-50e1-4e52-934c-bf3f324847b8 req-431f1faf-50e1-4e52-934c-bf3f324847b8 ] Request (ServerExternalEventsTest:test_create_server_external_events): 202 POST http://10.180.1.21/compute/v2.1/servers 1.827s
2025-04-08 13:47:06.698 69699 INFO tempest.lib.common.rest_client [req-96bce5a7-b0f6-4a55-823d-1503f8fddb1a req-96bce5a7-b0f6-4a55-823d-1503f8fddb1a ] Request (ListServerFiltersTestJSON:setUpClass): 202 POST http://10.180.1.21/compute/v2.1/servers 1.828s
2025-04-08 13:47:06.792 69699 INFO tempest.lib.common.rest_client [req-213885db-0c78-4e94-b73f-be7598b0d3d1 req-213885db-0c78-4e94-b73f-be7598b0d3d1 ] Request (ListServerFiltersTestJSON:setUpClass): 201 POST http://10.180.1.21/identity/v3/auth/tokens 0.090s
2025-04-08 13:47:06.792 69699 INFO tempest.lib.common.fixed_network [-] (ListServerFiltersTestJSON:setUpClass) Found network {'id': 'a368e5a9-70b5-4258-8dc0-532129c1476e', 'name': 'tempest-ListServerFiltersTestJSON-1282444226-network', 'tenant_id': '61bee03a23c5497c93a859f18c36ebcb', 'admin_state_up': True, 'mtu': 8950, 'status': 'ACTIVE', 'subnets': [], 'shared': False, 'project_id': '61bee03a23c5497c93a859f18c36ebcb', 'port_security_enabled': True, 'router:external': False, 'provider:network_type': 'vlan', 'provider:physical_network': 'default', 'provider:segmentation_id': 389, 'availability_zone_hints': [], 'availability_zones': [], 'ipv4_address_scope': None, 'ipv6_address_scope': None, 'description': '', 'tags': [], 'created_at': '2025-04-08T13:47:00Z', 'updated_at': '2025-04-08T13:47:00Z', 'revision_number': 1} available for tenant
2025-04-08 13:47:06.804 69721 INFO tempest.lib.common.rest_client [req-2ca23b13-4a5e-47a7-8171-5c59d16fb6f4 req-2ca23b13-4a5e-47a7-8171-5c59d16fb6f4 ] Request (ServersAdminNegativeTestJSON:setUpClass): 200 GET http://10.180.1.21/compute/v2.1/servers/247b79d7-7520-4e1f-9856-b79f83d81a57 1.821s
2025-04-08 13:47:06.832 69693 INFO tempest.lib.common.rest_client [req-2353389a-6319-4e9a-9880-42e193516630 req-2353389a-6319-4e9a-9880-42e193516630 ] Request (ImagesMetadataNegativeTestJSON:test_list_nonexistent_image_metadata): 404 GET http://10.180.1.21/compute/v2.1/images/f05bdb64-6c84-4aa8-a962-020671b191a8/metadata 1.568s
2025-04-08 13:47:06.881 69673 INFO tempest.lib.common.rest_client [req-9b9e4622-ac7e-45a6-9308-873382c5a10e req-9b9e4622-ac7e-45a6-9308-873382c5a10e ] Request (SecurityGroupRulesTestJSON:test_security_group_rules_create_with_optional_cidr): 200 POST http://10.180.1.21/compute/v2.1/os-security-groups 1.795s
2025-04-08 13:47:06.881 69669 INFO tempest.lib.common.rest_client [req-a099c04c-ad8d-44a5-9407-951a80428ff6 req-a099c04c-ad8d-44a5-9407-951a80428ff6 ] Request (ServersV294TestFqdnHostnames:setUpClass): 201 POST http://10.180.1.21:9696/networking/v2.0/networks 0.413s
2025-04-08 13:47:06.896 69681 INFO tempest.lib.common.rest_client [req-853a7541-1f66-496a-ae16-0707c243c899 req-853a7541-1f66-496a-ae16-0707c243c899 ] Request (KeyPairsV210TestJSON:test_admin_manage_keypairs_for_other_users): 200 GET http://10.180.1.21/compute/v2.1/os-keypairs?user_id=7edb04b78bfb41e9837f4e79d0a32b1a 1.579s
2025-04-08 13:47:06.917 69685 INFO tempest.lib.common.rest_client [req-0ef41bcb-33ab-472d-9742-9bbe0579944b req-0ef41bcb-33ab-472d-9742-9bbe0579944b ] Request (FlavorsV2TestJSON:test_list_flavors_detailed_filter_by_min_ram): 200 GET http://10.180.1.21/compute/v2.1/flavors/42 1.562s
2025-04-08 13:47:06.947 69707 INFO tempest.lib.common.rest_client [req-cb57563f-7a4a-446d-9a7b-73a73858e5e4 req-cb57563f-7a4a-446d-9a7b-73a73858e5e4 ] Request (FlavorsAdminTestJSON:_run_cleanups): 200 GET http://10.180.1.21/compute/v2.1/flavors/detail 1.571s
2025-04-08 13:47:06.977 69677 INFO tempest.lib.common.rest_client [req-c3b4d43a-fe19-4c6d-aefd-2fe71f5645d8 req-c3b4d43a-fe19-4c6d-aefd-2fe71f5645d8 ] Request (KeyPairsV22TestJSON:_run_cleanups): 204 DELETE http://10.180.1.21/compute/v2.1/os-keypairs/tempest-KeyPairsV22TestJSON-keypair-1665236926 1.584s
2025-04-08 13:47:07.001 69683 INFO tempest.lib.common.rest_client [req-fa02777c-6e8d-4b49-a309-de8d7b78fcaf req-fa02777c-6e8d-4b49-a309-de8d7b78fcaf ] Request (AggregatesAdminNegativeTestJSON:_run_cleanups): 200 DELETE http://10.180.1.21/compute/v2.1/os-aggregates/5 1.592s
2025-04-08 13:47:07.015 69725 INFO tempest.lib.common.rest_client [req-5e5e908b-b8f4-41d0-bb52-f7e7562fb685 req-5e5e908b-b8f4-41d0-bb52-f7e7562fb685 ] Request (KeyPairsV2TestJSON:test_keypairs_create_list_delete): 200 GET http://10.180.1.21/compute/v2.1/os-keypairs 1.592s
2025-04-08 13:47:07.068 69669 INFO tempest.lib.common.rest_client [req-5493a4a7-34d6-4e4b-bef4-61606d3951a3 req-5493a4a7-34d6-4e4b-bef4-61606d3951a3 ] Request (ServersV294TestFqdnHostnames:setUpClass): 201 POST http://10.180.1.21:9696/networking/v2.0/subnets 0.185s
2025-04-08 13:47:07.264 69713 INFO tempest.lib.common.rest_client [req-271d039f-d98f-4daa-b840-c9b3447978bf req-271d039f-d98f-4daa-b840-c9b3447978bf ] Request (QuotasAdminNegativeTest:test_create_server_when_instances_quota_is_full): 403 POST http://10.180.1.21/compute/v2.1/servers 1.609s
2025-04-08 13:47:07.348 69679 INFO tempest.lib.common.rest_client [req-49faf7f3-16b3-4e2d-a02d-2b964698a4ba req-49faf7f3-16b3-4e2d-a02d-2b964698a4ba ] Request (ListImageFiltersTestJSON:setUpClass): 200 GET http://10.180.1.21/compute/v2.1/servers/81ea07d5-8924-45de-a1ab-42e4aa335111 1.643s
2025-04-08 13:47:07.357 69679 INFO tempest.common.waiters [-] State transition "BUILD/scheduling" ==> "BUILD/None" after 9 second wait
2025-04-08 13:47:07.367 69709 INFO tempest.lib.common.rest_client [req-e04c1508-e228-489b-a349-618fde947e6a req-e04c1508-e228-489b-a349-618fde947e6a ] Request (ImagesDeleteNegativeTestJSON:test_delete_image_non_hex_string_id): 404 DELETE http://10.180.1.21/compute/v2.1/images/d139e038-eefd-44fb-b8c6-5ebe4d80aadj 1.643s
2025-04-08 13:47:07.392 69729 INFO tempest.lib.common.rest_client [req-7742e063-1b8d-40a5-9413-f9b5ef56d988 req-7742e063-1b8d-40a5-9413-f9b5ef56d988 ] Request (FlavorsAccessNegativeTestJSON:_run_cleanups): 202 DELETE http://10.180.1.21/compute/v2.1/flavors/149413099 1.551s
2025-04-08 13:47:07.510 69701 INFO tempest.lib.common.rest_client [req-09a54233-ef25-4489-bfb1-9b47077335f8 req-09a54233-ef25-4489-bfb1-9b47077335f8 ] Request (DeleteServersAdminTestJSON:test_admin_delete_servers_of_others): 200 GET http://10.180.1.21/compute/v2.1/servers/701ce06c-e14c-4e6a-8bd4-fb13621ff448 1.639s
2025-04-08 13:47:07.518 69701 INFO tempest.common.waiters [-] State transition "BUILD/spawning" ==> "ACTIVE/None" after 26 second wait
2025-04-08 13:47:07.763 69717 INFO tempest.lib.common.rest_client [req-2d876e09-4ebb-48e4-8f1f-86bb7cc04b41 req-2d876e09-4ebb-48e4-8f1f-86bb7cc04b41 ] Request (FloatingIPsAssociationTestJSON:setUpClass): 202 POST http://10.180.1.21/compute/v2.1/servers 2.450s
2025-04-08 13:47:07.863 69669 INFO tempest.lib.common.rest_client [req-b729dced-b647-4929-ace4-49d52cc86097 req-b729dced-b647-4929-ace4-49d52cc86097 ] Request (ServersV294TestFqdnHostnames:setUpClass): 201 POST http://10.180.1.21:9696/networking/v2.0/routers 0.795s
2025-04-08 13:47:07.896 69719 INFO tempest.lib.common.rest_client [req-3ca43ea4-2300-4924-a110-53ebb7c22747 req-3ca43ea4-2300-4924-a110-53ebb7c22747 ] Request (ImagesNegativeTestJSON:test_create_image_from_deleted_server): 200 GET http://10.180.1.21/compute/v2.1/servers/9e58a229-d5b8-4f01-94ae-eba28c20aca8 1.654s
2025-04-08 13:47:08.143 69687 INFO tempest.lib.common.rest_client [req-96821784-0be2-4662-8bdc-81c86b6c1e6b req-96821784-0be2-4662-8bdc-81c86b6c1e6b ] Request (ServerDiagnosticsTest:test_get_server_diagnostics): 200 GET http://10.180.1.21/compute/v2.1/servers/2fc350ef-4f2c-4300-8f13-3aba152baaea/diagnostics 1.918s
2025-04-08 13:47:08.362 69697 INFO tempest.lib.common.rest_client [req-1fa4aef3-0c72-4833-8dc6-e4b436c80fa2 req-1fa4aef3-0c72-4833-8dc6-e4b436c80fa2 ] Request (MigrationsAdminTest:test_list_migrations_in_flavor_resize_situation): 200 GET http://10.180.1.21/compute/v2.1/servers/1928e353-9d7a-4d20-8347-029c36bcdb8e 1.953s
2025-04-08 13:47:08.637 69705 INFO tempest.lib.common.rest_client [req-f5a1f23b-1143-4cd2-93ff-a11ca3a41f4c req-f5a1f23b-1143-4cd2-93ff-a11ca3a41f4c ] Request (FloatingIPsTestJSON:test_allocate_floating_ip): 200 POST http://10.180.1.21/compute/v2.1/os-floating-ips 2.276s
2025-04-08 13:47:08.776 69667 INFO tempest.lib.common.rest_client [req-96cc4781-ffb5-4c89-8333-ed91ec4419cd req-96cc4781-ffb5-4c89-8333-ed91ec4419cd ] Request (ServersAdminTestJSON:setUpClass): 200 GET http://10.180.1.21/compute/v2.1/servers/a8f9c383-cccf-4c92-8639-88776a4e0dab 2.181s
2025-04-08 13:47:08.842 69675 INFO tempest.lib.common.rest_client [req-3126ec94-eec7-4259-9e0d-1371d7bd69fc req-3126ec94-eec7-4259-9e0d-1371d7bd69fc ] Request (ServerExternalEventsTest:test_create_server_external_events): 200 GET http://10.180.1.21/compute/v2.1/servers/2120db16-82c9-4fa6-b050-84c45b31f858 2.202s
2025-04-08 13:47:08.932 69723 INFO tempest.lib.common.rest_client [req-24dd2806-a92a-4c86-bdc2-1c61b6c3a530 req-24dd2806-a92a-4c86-bdc2-1c61b6c3a530 ] Request (ServersAdmin275Test:test_rebuild_update_server_275): 200 GET http://10.180.1.21/compute/v2.1/servers/2dd22dd0-a65e-405e-9e9f-71cbcda62051 2.227s
2025-04-08 13:47:08.995 69715 INFO tempest.lib.common.rest_client [req-f834941c-14d8-4f3f-9905-432a982a453a req-f834941c-14d8-4f3f-9905-432a982a453a ] Request (ServersWithSpecificFlavorTestJSON:test_verify_created_server_ephemeral_disk): 200 GET http://10.180.1.21/compute/v2.1/servers/2e8e720c-f11a-434e-b1b2-ad961383e5de 2.234s
2025-04-08 13:47:09.100 69695 INFO tempest.lib.common.rest_client [req-13631d7b-f71b-4631-b6b0-950256921cde req-13631d7b-f71b-4631-b6b0-950256921cde ] Request (ServersTestMultiNic:test_verify_duplicate_network_nics): 202 POST http://10.180.1.21/compute/v2.1/servers 2.684s
2025-04-08 13:47:09.129 69669 INFO tempest.lib.common.rest_client [req-ef011509-6b86-4fe9-9b6a-e04c7d496233 req-ef011509-6b86-4fe9-9b6a-e04c7d496233 ] Request (ServersV294TestFqdnHostnames:setUpClass): 200 PUT http://10.180.1.21:9696/networking/v2.0/routers/dc5fe0e9-1f67-45de-9c7b-996d34b540a3/add_router_interface 1.265s
2025-04-08 13:47:09.129 69693 INFO tempest.lib.common.rest_client [req-87af8e0d-143a-40fc-bddb-52f61df8839b req-87af8e0d-143a-40fc-bddb-52f61df8839b ] Request (ImagesMetadataNegativeTestJSON:test_set_nonexistent_image_metadata): 404 PUT http://10.180.1.21/compute/v2.1/images/e732eaa7-0d9b-4045-8cd8-d741bdbbaafe/metadata 2.295s
2025-04-08 13:47:09.129 69669 INFO tempest.lib.common.dynamic_creds [-] Created isolated network resources for: credentials: Credentials: {'domain_id': 'default', 'domain_name': 'Default', 'username': 'tempest-ServersV294TestFqdnHostnames-787624371-project-member', 'project_domain_id': 'default', 'project_domain_name': 'Default', 'project_id': 'bcc6e71447e040f182c0c7859cf1197c', 'project_name': 'tempest-ServersV294TestFqdnHostnames-787624371', 'tenant_id': 'bcc6e71447e040f182c0c7859cf1197c', 'tenant_name': 'tempest-ServersV294TestFqdnHostnames-787624371', 'user_domain_id': 'default', 'user_domain_name': 'Default', 'user_id': '43aaf4d95bc84921859335739132dd80', 'system': None}, Network: {'id': '5a274c84-52e5-47d9-bfb7-20a0105b6e12', 'name': 'tempest-ServersV294TestFqdnHostnames-1930295418-network', 'tenant_id': 'bcc6e71447e040f182c0c7859cf1197c', 'admin_state_up': True, 'mtu': 8950, 'status': 'ACTIVE', 'subnets': [], 'shared': False, 'project_id': 'bcc6e71447e040f182c0c7859cf1197c', 'port_security_enabled': True, 'router:external': False, 'provider:network_type': 'vlan', 'provider:physical_network': 'default', 'provider:segmentation_id': 454, 'availability_zone_hints': [], 'availability_zones': [], 'ipv4_address_scope': None, 'ipv6_address_scope': None, 'description': '', 'tags': [], 'created_at': '2025-04-08T13:47:06Z', 'updated_at': '2025-04-08T13:47:06Z', 'revision_number': 1}, Subnet: {'id': 'f584e7b1-cebd-4bd5-8db1-38af13a98ce9', 'name': 'tempest-ServersV294TestFqdnHostnames-1930295418-subnet', 'tenant_id': 'bcc6e71447e040f182c0c7859cf1197c', 'network_id': '5a274c84-52e5-47d9-bfb7-20a0105b6e12', 'ip_version': 4, 'subnetpool_id': None, 'enable_dhcp': True, 'ipv6_ra_mode': None, 'ipv6_address_mode': None, 'gateway_ip': '192.168.128.1', 'cidr': '192.168.128.0/28', 'allocation_pools': [{'start': '192.168.128.2', 'end': '192.168.128.14'}], 'host_routes': [], 'dns_nameservers': [], 'description': '', 'router:external': False, 'service_types': [], 'tags': [], 'created_at': '2025-04-08T13:47:06Z', 'updated_at': '2025-04-08T13:47:06Z', 'revision_number': 0, 'project_id': 'bcc6e71447e040f182c0c7859cf1197c'}, Router: {'id': 'dc5fe0e9-1f67-45de-9c7b-996d34b540a3', 'name': 'tempest-ServersV294TestFqdnHostnames-1930295418-router', 'tenant_id': 'bcc6e71447e040f182c0c7859cf1197c', 'admin_state_up': True, 'status': 'ACTIVE', 'external_gateway_info': {'network_id': '09892145-22d8-4f7e-a9d6-9059e193b97c', 'external_fixed_ips': [{'subnet_id': 'e6e2cc53-c8e6-46bf-b937-629b607d2103', 'ip_address': '10.180.180.212'}], 'enable_snat': True}, 'description': '', 'availability_zones': [], 'distributed': False, 'ha': False, 'availability_zone_hints': [], 'routes': [], 'flavor_id': None, 'tags': [], 'created_at': '2025-04-08T13:47:07Z', 'updated_at': '2025-04-08T13:47:07Z', 'revision_number': 2, 'project_id': 'bcc6e71447e040f182c0c7859cf1197c'}
2025-04-08 13:47:09.228 69669 INFO tempest.lib.common.rest_client [req-d3ab947e-ffec-4edf-b9c5-27862da2e9bc req-d3ab947e-ffec-4edf-b9c5-27862da2e9bc ] Request (ServersV294TestFqdnHostnames:setUpClass): 201 POST http://10.180.1.21/identity/v3/auth/tokens 0.095s
2025-04-08 13:47:09.257 69673 INFO tempest.lib.common.rest_client [req-d6e657ca-47d6-481a-9692-200a274cc06c req-d6e657ca-47d6-481a-9692-200a274cc06c ] Request (SecurityGroupRulesTestJSON:test_security_group_rules_create_with_optional_cidr): 200 POST http://10.180.1.21/compute/v2.1/os-security-group-rules 2.373s
2025-04-08 13:47:09.275 69681 INFO tempest.lib.common.rest_client [req-97260e21-6a38-4e47-af78-70d336e81d2c req-97260e21-6a38-4e47-af78-70d336e81d2c ] Request (KeyPairsV210TestJSON:_run_cleanups): 204 DELETE http://10.180.1.21/compute/v2.1/os-keypairs/tempest-KeyPairsV210TestJSON-keypair-838050586 2.373s
2025-04-08 13:47:09.303 69685 INFO tempest.lib.common.rest_client [req-bd2b61e6-c6a8-46fa-bec6-ac44c7229da4 req-bd2b61e6-c6a8-46fa-bec6-ac44c7229da4 ] Request (FlavorsV2TestJSON:test_list_flavors_detailed_filter_by_min_ram): 200 GET http://10.180.1.21/compute/v2.1/flavors/detail?minRam=193 2.381s
2025-04-08 13:47:09.315 69699 INFO tempest.lib.common.rest_client [req-696706d4-5f16-4a70-865d-c929a1a388d0 req-696706d4-5f16-4a70-865d-c929a1a388d0 ] Request (ListServerFiltersTestJSON:setUpClass): 202 POST http://10.180.1.21/compute/v2.1/servers 2.522s
2025-04-08 13:47:09.321 69707 INFO tempest.lib.common.rest_client [req-f04e3073-97f9-4968-bb14-15b712ab621f req-f04e3073-97f9-4968-bb14-15b712ab621f ] Request (FlavorsAdminTestJSON:test_create_server_with_non_public_flavor): 200 POST http://10.180.1.21/compute/v2.1/flavors 2.366s
2025-04-08 13:47:09.351 69677 INFO tempest.lib.common.rest_client [req-8614c8f3-c414-4595-ae25-c4daa491516c req-8614c8f3-c414-4595-ae25-c4daa491516c ] Request (KeyPairsV22TestJSON:test_keypairsv22_create_list_show): 201 POST http://10.180.1.21/compute/v2.1/os-keypairs 2.372s
2025-04-08 13:47:09.367 69683 INFO tempest.lib.common.rest_client [req-1a428818-99b7-479d-a6f9-6aa4bd38ae9f req-1a428818-99b7-479d-a6f9-6aa4bd38ae9f ] Request (AggregatesAdminNegativeTestJSON:test_aggregate_delete_with_invalid_id): 404 DELETE http://10.180.1.21/compute/v2.1/os-aggregates/-1 2.360s
2025-04-08 13:47:09.385 69725 INFO tempest.lib.common.rest_client [req-4f1a023b-202c-40e1-9f23-66f86c1b9724 req-4f1a023b-202c-40e1-9f23-66f86c1b9724 ] Request (KeyPairsV2TestJSON:_run_cleanups): 202 DELETE http://10.180.1.21/compute/v2.1/os-keypairs/tempest-KeyPairsV2TestJSON-keypair-1639585759 2.369s
2025-04-08 13:47:09.424 69671 INFO tempest.lib.common.rest_client [req-96cc7050-e56b-4437-a97f-9cc500c35bb7 req-96cc7050-e56b-4437-a97f-9cc500c35bb7 ] Request (ServerActionsTestJSON:setUpClass): 200 GET http://10.180.1.21/compute/v2.1/servers/f1736cf7-d979-41ba-97d9-45c35b51cad8 2.429s
2025-04-08 13:47:09.449 69689 INFO tempest.lib.common.rest_client [req-c8cdf88d-0800-4ddb-ad32-1015283fae29 req-c8cdf88d-0800-4ddb-ad32-1015283fae29 ] Request (TenantUsagesTestJSON:tearDownClass): 200 GET http://10.180.1.21/compute/v2.1/servers/a5c37c3b-0add-415d-8356-5070a8b4df28 2.406s
2025-04-08 13:47:09.461 69689 INFO tempest.common.waiters [-] State transition "ACTIVE/deleting" ==> "DELETED/None" after 3 second wait
2025-04-08 13:47:09.668 69703 INFO tempest.lib.common.rest_client [req-2f8e1839-72fa-4dc9-a125-dff274efab93 req-2f8e1839-72fa-4dc9-a125-dff274efab93 ] Request (ServerDiagnosticsNegativeTest:test_get_server_diagnostics_by_non_admin): 200 GET http://10.180.1.21/compute/v2.1/servers/13d2ed8e-c3c5-449a-ab34-3f318a9de5cc 2.528s
2025-04-08 13:47:09.676 69703 INFO tempest.common.waiters [-] State transition "BUILD/scheduling" ==> "BUILD/None" after 6 second wait
2025-04-08 13:47:09.725 69727 INFO tempest.lib.common.rest_client [req-e6225f50-cdb6-49ec-b718-c4f0f2be365b req-e6225f50-cdb6-49ec-b718-c4f0f2be365b ] Request (FloatingIPsAssociationNegativeTestJSON:setUpClass): 200 GET http://10.180.1.21/compute/v2.1/servers/2713f49f-14fc-4705-a30c-e114159466d1 2.435s
2025-04-08 13:47:09.766 69713 INFO tempest.lib.common.rest_client [req-b9231a3a-4e16-4930-8aea-5c47ad5bf668 req-b9231a3a-4e16-4930-8aea-5c47ad5bf668 ] Request (QuotasAdminNegativeTest:_run_cleanups): 200 PUT http://10.180.1.21/compute/v2.1/os-quota-sets/db7912e33cdf4f5fa10d3b77ae540fc5 2.501s
2025-04-08 13:47:09.786 69709 INFO tempest.lib.common.rest_client [req-33bebe4c-9943-45f2-847d-7dc9d9c7c2ff req-33bebe4c-9943-45f2-847d-7dc9d9c7c2ff ] Request (ImagesDeleteNegativeTestJSON:test_delete_image_with_id_over_character_limit): 404 DELETE http://10.180.1.21/compute/v2.1/images/a7ed1019-42b5-4392-9b5e-d8706b67b8bb1 2.416s
2025-04-08 13:47:09.790 69691 INFO tempest.lib.common.rest_client [req-1d8a0996-7e8f-4390-aa70-7363825f2535 req-1d8a0996-7e8f-4390-aa70-7363825f2535 ] Request (VolumesAssistedSnapshotsTest:test_volume_assisted_snapshot_create_delete): 200 GET http://10.180.1.21/compute/v2.1/servers/096700b1-7125-48b5-877d-5dc745b5fe41 2.436s
2025-04-08 13:47:09.812 69729 INFO tempest.lib.common.rest_client [req-b81923ad-03db-417c-abbc-03052db35a70 req-b81923ad-03db-417c-abbc-03052db35a70 ] Request (FlavorsAccessNegativeTestJSON:_run_cleanups): 200 GET http://10.180.1.21/compute/v2.1/flavors/detail 2.419s
2025-04-08 13:47:09.865 69717 INFO tempest.lib.common.rest_client [req-4a2d4056-0898-4252-b0e2-0b3ecd8f768e req-4a2d4056-0898-4252-b0e2-0b3ecd8f768e ] Request (FloatingIPsAssociationTestJSON:setUpClass): 200 GET http://10.180.1.21/compute/v2.1/servers/4d443b60-1f07-4d5f-a3cb-9c50407198ae 2.100s
2025-04-08 13:47:09.967 69701 INFO tempest.lib.common.rest_client [req-fbd527da-bd79-4cb3-bb7c-465fb9bc4498 req-fbd527da-bd79-4cb3-bb7c-465fb9bc4498 ] Request (DeleteServersAdminTestJSON:test_admin_delete_servers_of_others): 204 DELETE http://10.180.1.21/compute/v2.1/servers/701ce06c-e14c-4e6a-8bd4-fb13621ff448 2.449s
2025-04-08 13:47:10.004 69721 INFO tempest.lib.common.rest_client [req-bc65c864-419c-4f9f-9554-a619a749d7fd req-bc65c864-419c-4f9f-9554-a619a749d7fd ] Request (ServersAdminNegativeTestJSON:setUpClass): 200 GET http://10.180.1.21/compute/v2.1/servers/247b79d7-7520-4e1f-9856-b79f83d81a57 2.186s
2025-04-08 13:47:10.011 69721 INFO tempest.common.waiters [-] State transition "BUILD/spawning" ==> "ACTIVE/None" after 28 second wait
2025-04-08 13:47:10.038 69687 INFO tempest.lib.common.rest_client [req-518cdf44-d03a-4875-8ba7-2062c3326fde req-518cdf44-d03a-4875-8ba7-2062c3326fde ] Request (ServerDiagnosticsTest:tearDownClass): 204 DELETE http://10.180.1.21/compute/v2.1/servers/2fc350ef-4f2c-4300-8f13-3aba152baaea 1.887s
2025-04-08 13:47:10.057 69679 INFO tempest.lib.common.rest_client [req-9c1a473b-94f9-4f04-a15e-bc73fc2d7af7 req-9c1a473b-94f9-4f04-a15e-bc73fc2d7af7 ] Request (ListImageFiltersTestJSON:setUpClass): 200 GET http://10.180.1.21/compute/v2.1/servers/81ea07d5-8924-45de-a1ab-42e4aa335111 1.699s
2025-04-08 13:47:10.141 69705 INFO tempest.lib.common.rest_client [req-1908b4e1-1b04-42c2-8fab-683e87586361 req-1908b4e1-1b04-42c2-8fab-683e87586361 ] Request (FloatingIPsTestJSON:test_allocate_floating_ip): 200 GET http://10.180.1.21/compute/v2.1/os-floating-ips/13d252a7-0a0e-4659-bd3b-67e4b9738e41 1.500s
2025-04-08 13:47:10.170 69719 INFO tempest.lib.common.rest_client [req-dc9f5004-6e7f-4119-a66d-a796ef7a783d req-dc9f5004-6e7f-4119-a66d-a796ef7a783d ] Request (ImagesNegativeTestJSON:test_create_image_from_deleted_server): 200 GET http://10.180.1.21/compute/v2.1/servers/9e58a229-d5b8-4f01-94ae-eba28c20aca8 1.260s
2025-04-08 13:47:10.190 69693 INFO tempest.lib.common.rest_client [req-dc3120ea-b672-429c-ae18-d333a76fbfad req-dc3120ea-b672-429c-ae18-d333a76fbfad ] Request (ImagesMetadataNegativeTestJSON:test_set_nonexistent_image_metadata_item): 404 PUT http://10.180.1.21/compute/v2.1/images/94363b0d-b9c0-4992-8bf7-5279eca1b76e/metadata/os_distro 1.059s
2025-04-08 13:47:10.193 69695 INFO tempest.lib.common.rest_client [req-9fc57b9d-217c-4e4a-bccd-d3f5200fc416 req-9fc57b9d-217c-4e4a-bccd-d3f5200fc416 ] Request (ServersTestMultiNic:test_verify_duplicate_network_nics): 200 GET http://10.180.1.21/compute/v2.1/servers/c5cc8d70-f170-4447-8601-a47955702bd6 1.090s
2025-04-08 13:47:10.241 69669 INFO tempest.lib.common.rest_client [req-93a49566-09e1-4dba-a467-475c9680559b req-93a49566-09e1-4dba-a467-475c9680559b ] Request (ServersV294TestFqdnHostnames:setUpClass): 201 POST http://10.180.1.21/compute/v2.1/os-keypairs 1.010s
2025-04-08 13:47:10.253 69681 INFO tempest.lib.common.rest_client [req-22ce009c-c6c7-42d0-8989-ff92e42e8dae req-22ce009c-c6c7-42d0-8989-ff92e42e8dae ] Request (KeyPairsV210TestJSON:_run_cleanups): 204 DELETE http://10.180.1.21/compute/v2.1/os-keypairs/tempest-keypair-814315411?user_id=7edb04b78bfb41e9837f4e79d0a32b1a 0.977s
2025-04-08 13:47:10.267 69685 INFO tempest.lib.common.rest_client [req-dc60be56-193c-4cd2-86ae-373b6302a43b req-dc60be56-193c-4cd2-86ae-373b6302a43b ] Request (FlavorsV2TestJSON:test_list_flavors_detailed_limit_results): 200 GET http://10.180.1.21/compute/v2.1/flavors/detail?limit=1 0.959s
2025-04-08 13:47:10.325 69699 INFO tempest.lib.common.rest_client [req-7ba08783-b3a7-459a-a9b5-2cf923fb2aa8 req-7ba08783-b3a7-459a-a9b5-2cf923fb2aa8 ] Request (ListServerFiltersTestJSON:setUpClass): 200 GET http://10.180.1.21/compute/v2.1/servers/4dff419b-86ab-48e1-bee1-46948de8ca0d 1.008s
2025-04-08 13:47:10.330 69673 INFO tempest.lib.common.rest_client [req-9e24e7ef-83be-46f3-8471-1e6540bcfea9 req-9e24e7ef-83be-46f3-8471-1e6540bcfea9 ] Request (SecurityGroupRulesTestJSON:test_security_group_rules_create_with_optional_group_id): 200 POST http://10.180.1.21/compute/v2.1/os-security-groups 1.068s
2025-04-08 13:47:10.336 69707 INFO tempest.lib.common.rest_client [req-a6d50465-ffec-4755-b60c-598774acaff6 req-a6d50465-ffec-4755-b60c-598774acaff6 ] Request (FlavorsAdminTestJSON:test_create_server_with_non_public_flavor): 400 POST http://10.180.1.21/compute/v2.1/servers 1.013s
2025-04-08 13:47:10.343 69677 INFO tempest.lib.common.rest_client [req-8509510f-47c9-4664-9ef0-d97bfa19a55f req-8509510f-47c9-4664-9ef0-d97bfa19a55f ] Request (KeyPairsV22TestJSON:test_keypairsv22_create_list_show): 200 GET http://10.180.1.21/compute/v2.1/os-keypairs/tempest-keypair-2030575422 0.990s
2025-04-08 13:47:10.366 69683 INFO tempest.lib.common.rest_client [req-2f7af6bd-7053-4742-87e2-fea551e56c92 req-2f7af6bd-7053-4742-87e2-fea551e56c92 ] Request (AggregatesAdminNegativeTestJSON:test_aggregate_get_details_as_user): 200 POST http://10.180.1.21/compute/v2.1/os-aggregates 0.998s
2025-04-08 13:47:10.385 69725 INFO tempest.lib.common.rest_client [req-f75ae7bd-cfb7-46d7-8694-e613bc6454a1 req-f75ae7bd-cfb7-46d7-8694-e613bc6454a1 ] Request (KeyPairsV2TestJSON:_run_cleanups): 202 DELETE http://10.180.1.21/compute/v2.1/os-keypairs/tempest-KeyPairsV2TestJSON-keypair-292942565 0.999s
2025-04-08 13:47:10.404 69669 INFO tempest.lib.common.rest_client [req-d6aecc7b-4610-42aa-8ca8-4734a2df939a req-d6aecc7b-4610-42aa-8ca8-4734a2df939a ] Request (ServersV294TestFqdnHostnames:setUpClass): 201 POST http://10.180.1.21:9696/networking/v2.0/security-groups 0.161s
2025-04-08 13:47:10.469 69697 INFO tempest.lib.common.rest_client [req-480158cc-1e66-437e-af5c-7f84e594ac44 req-480158cc-1e66-437e-af5c-7f84e594ac44 ] Request (MigrationsAdminTest:test_list_migrations_in_flavor_resize_situation): 200 GET http://10.180.1.21/compute/v2.1/servers/1928e353-9d7a-4d20-8347-029c36bcdb8e 1.097s
2025-04-08 13:47:10.523 69669 INFO tempest.lib.common.rest_client [req-a3c5be63-124c-4b76-aa07-0cf9d40c0ca9 req-a3c5be63-124c-4b76-aa07-0cf9d40c0ca9 ] Request (ServersV294TestFqdnHostnames:setUpClass): 201 POST http://10.180.1.21:9696/networking/v2.0/security-group-rules 0.119s
2025-04-08 13:47:10.525 69713 INFO tempest.lib.common.rest_client [req-95727bfb-8a2e-46dd-96a3-cb6d4dc00cf2 req-95727bfb-8a2e-46dd-96a3-cb6d4dc00cf2 ] Request (QuotasAdminNegativeTest:test_create_server_when_memory_quota_is_full): 200 GET http://10.180.1.21/compute/v2.1/os-quota-sets/db7912e33cdf4f5fa10d3b77ae540fc5 0.756s
2025-04-08 13:47:10.658 69669 INFO tempest.lib.common.rest_client [req-10f9e4b9-142e-4d3f-9297-142e84ac5211 req-10f9e4b9-142e-4d3f-9297-142e84ac5211 ] Request (ServersV294TestFqdnHostnames:setUpClass): 201 POST http://10.180.1.21:9696/networking/v2.0/security-group-rules 0.135s
2025-04-08 13:47:10.679 69667 INFO tempest.lib.common.rest_client [req-0b491848-251c-4696-9ff3-70dcd3539ced req-0b491848-251c-4696-9ff3-70dcd3539ced ] Request (ServersAdminTestJSON:setUpClass): 200 GET http://10.180.1.21/compute/v2.1/servers/a8f9c383-cccf-4c92-8639-88776a4e0dab 0.893s
2025-04-08 13:47:10.697 69709 INFO tempest.lib.common.rest_client [req-49689aa9-fcc8-4639-a087-bc1df38ec9dd req-49689aa9-fcc8-4639-a087-bc1df38ec9dd ] Request (ImagesDeleteNegativeTestJSON:test_delete_image_with_invalid_image_id): 404 DELETE http://10.180.1.21/compute/v2.1/images/tempest-invalid-240584387 0.910s
2025-04-08 13:47:10.716 69729 INFO tempest.lib.common.rest_client [req-d9e1ccb7-2a8c-4b3b-9601-eb7431b2746c req-d9e1ccb7-2a8c-4b3b-9601-eb7431b2746c ] Request (FlavorsAccessNegativeTestJSON:test_remove_flavor_access_not_found): 200 POST http://10.180.1.21/compute/v2.1/flavors 0.895s
2025-04-08 13:47:10.773 69675 INFO tempest.lib.common.rest_client [req-de504240-8d3b-46ab-b7c5-e3be54bf88d7 req-de504240-8d3b-46ab-b7c5-e3be54bf88d7 ] Request (ServerExternalEventsTest:test_create_server_external_events): 200 GET http://10.180.1.21/compute/v2.1/servers/2120db16-82c9-4fa6-b050-84c45b31f858 0.917s
2025-04-08 13:47:10.839 69723 INFO tempest.lib.common.rest_client [req-71d40756-fd23-46b3-9cd4-c10091993687 req-71d40756-fd23-46b3-9cd4-c10091993687 ] Request (ServersAdmin275Test:test_rebuild_update_server_275): 200 GET http://10.180.1.21/compute/v2.1/servers/2dd22dd0-a65e-405e-9e9f-71cbcda62051 0.893s
2025-04-08 13:47:10.938 69701 INFO tempest.lib.common.rest_client [req-2f38836b-d0af-4eb1-a5f0-463747e23ff1 req-2f38836b-d0af-4eb1-a5f0-463747e23ff1 ] Request (DeleteServersAdminTestJSON:test_admin_delete_servers_of_others): 200 GET http://10.180.1.21/compute/v2.1/servers/701ce06c-e14c-4e6a-8bd4-fb13621ff448 0.970s
2025-04-08 13:47:10.943 69711 INFO tempest.lib.common.rest_client [req-8d845be7-af2b-41eb-ab23-d0559937efac req-8d845be7-af2b-41eb-ab23-d0559937efac ] Request (ServerDiagnosticsV248Test:test_get_server_diagnostics): 200 GET http://10.180.1.21/compute/v2.1/servers/e046a82e-32c7-4437-a613-070b6673f1b8/diagnostics 1.284s
2025-04-08 13:47:11.005 69715 INFO tempest.lib.common.rest_client [req-5ec98d8b-14cb-47f1-9259-9345a6747b0a req-5ec98d8b-14cb-47f1-9259-9345a6747b0a ] Request (ServersWithSpecificFlavorTestJSON:test_verify_created_server_ephemeral_disk): 200 GET http://10.180.1.21/compute/v2.1/servers/2e8e720c-f11a-434e-b1b2-ad961383e5de 0.997s
2025-04-08 13:47:11.042 69669 INFO tempest.lib.common.rest_client [req-c913b99a-a6a1-4f97-856b-a283f10ddc9d req-c913b99a-a6a1-4f97-856b-a283f10ddc9d ] Request (ServersV294TestFqdnHostnames:setUpClass): 201 POST http://10.180.1.21:9696/networking/v2.0/floatingips 0.382s
2025-04-08 13:47:11.051 69721 INFO tempest.lib.common.rest_client [req-ad8930e1-8856-46bd-8d53-bb17a7e71f41 req-ad8930e1-8856-46bd-8d53-bb17a7e71f41 ] Request (ServersAdminNegativeTestJSON:test_migrate_non_existent_server): 404 POST http://10.180.1.21/compute/v2.1/servers/eace7a16-f275-4cfb-b17c-a11761ce863e/action 1.039s
2025-04-08 13:47:11.080 69669 INFO tempest.lib.common.rest_client [req-2972cf82-243c-4673-ac75-2d6916bace28 req-2972cf82-243c-4673-ac75-2d6916bace28 ] Request (ServersV294TestFqdnHostnames:setUpClass): 201 POST http://10.180.1.21/identity/v3/auth/tokens 0.033s
2025-04-08 13:47:11.081 69669 INFO tempest.lib.common.fixed_network [-] (ServersV294TestFqdnHostnames:setUpClass) Found network {'id': '5a274c84-52e5-47d9-bfb7-20a0105b6e12', 'name': 'tempest-ServersV294TestFqdnHostnames-1930295418-network', 'tenant_id': 'bcc6e71447e040f182c0c7859cf1197c', 'admin_state_up': True, 'mtu': 8950, 'status': 'ACTIVE', 'subnets': [], 'shared': False, 'project_id': 'bcc6e71447e040f182c0c7859cf1197c', 'port_security_enabled': True, 'router:external': False, 'provider:network_type': 'vlan', 'provider:physical_network': 'default', 'provider:segmentation_id': 454, 'availability_zone_hints': [], 'availability_zones': [], 'ipv4_address_scope': None, 'ipv6_address_scope': None, 'description': '', 'tags': [], 'created_at': '2025-04-08T13:47:06Z', 'updated_at': '2025-04-08T13:47:06Z', 'revision_number': 1} available for tenant
2025-04-08 13:47:11.123 69687 INFO tempest.lib.common.rest_client [req-f6e3146c-ba4f-40df-aa63-dd81ca43c297 req-f6e3146c-ba4f-40df-aa63-dd81ca43c297 ] Request (ServerDiagnosticsTest:tearDownClass): 200 GET http://10.180.1.21/compute/v2.1/servers/2fc350ef-4f2c-4300-8f13-3aba152baaea 1.084s
2025-04-08 13:47:11.136 69721 INFO tempest.lib.common.rest_client [req-ce14efb4-0630-489a-b3dc-b547e3ce2787 req-ce14efb4-0630-489a-b3dc-b547e3ce2787 ] Request (ServersAdminNegativeTestJSON:test_migrate_server_invalid_state): 201 POST http://10.180.1.21/identity/v3/auth/tokens 0.078s
2025-04-08 13:47:11.138 69721 INFO tempest.lib.common.fixed_network [-] (ServersAdminNegativeTestJSON:test_migrate_server_invalid_state) Found network None available for tenant
2025-04-08 13:47:11.181 69693 INFO tempest.lib.common.rest_client [req-132ae764-6e2a-4dc2-8902-0c67fe594e20 req-132ae764-6e2a-4dc2-8902-0c67fe594e20 ] Request (ImagesMetadataNegativeTestJSON:test_update_nonexistent_image_metadata): 404 POST http://10.180.1.21/compute/v2.1/images/bd913e59-c843-4b82-ab4f-9b49015795e9/metadata 0.989s
2025-04-08 13:47:11.186 69705 INFO tempest.lib.common.rest_client [req-c4437445-d34e-46bd-a3a1-568fb85b5743 req-c4437445-d34e-46bd-a3a1-568fb85b5743 ] Request (FloatingIPsTestJSON:test_allocate_floating_ip): 200 GET http://10.180.1.21/compute/v2.1/os-floating-ips 1.043s
2025-04-08 13:47:11.200 69685 INFO tempest.lib.common.rest_client [req-dbb2c19d-050e-461a-9f65-4860a087b6e1 req-dbb2c19d-050e-461a-9f65-4860a087b6e1 ] Request (FlavorsV2TestJSON:test_list_flavors_detailed_using_marker): 200 GET http://10.180.1.21/compute/v2.1/flavors/42 0.928s
2025-04-08 13:47:11.204 69681 INFO tempest.lib.common.rest_client [req-f0aa1086-2391-4d33-82fd-cc661c7e7a9d req-f0aa1086-2391-4d33-82fd-cc661c7e7a9d ] Request (KeyPairsV210TestJSON:_run_cleanups): 204 DELETE http://10.180.1.21/compute/v2.1/os-keypairs/tempest-keypair-1365386230?user_id=7edb04b78bfb41e9837f4e79d0a32b1a 0.950s
2025-04-08 13:47:11.222 69707 INFO tempest.lib.common.rest_client [req-aa11e01e-08f4-4575-8e32-1ff758512d0b req-aa11e01e-08f4-4575-8e32-1ff758512d0b ] Request (FlavorsAdminTestJSON:_run_cleanups): 202 DELETE http://10.180.1.21/compute/v2.1/flavors/2030078087 0.885s
2025-04-08 13:47:11.239 69677 INFO tempest.lib.common.rest_client [req-bc6d02d3-ca50-4a90-9325-bc81dd276007 req-bc6d02d3-ca50-4a90-9325-bc81dd276007 ] Request (KeyPairsV22TestJSON:test_keypairsv22_create_list_show): 200 GET http://10.180.1.21/compute/v2.1/os-keypairs 0.892s
2025-04-08 13:47:11.243 69683 INFO tempest.lib.common.rest_client [req-402608dc-db52-496f-9aac-f806a5e2a359 req-402608dc-db52-496f-9aac-f806a5e2a359 ] Request (AggregatesAdminNegativeTestJSON:test_aggregate_get_details_as_user): 403 GET http://10.180.1.21/compute/v2.1/os-aggregates/6 0.874s
2025-04-08 13:47:11.266 69725 INFO tempest.lib.common.rest_client [req-75eeb1e0-f146-4b84-a693-8eafb408a2aa req-75eeb1e0-f146-4b84-a693-8eafb408a2aa ] Request (KeyPairsV2TestJSON:_run_cleanups): 202 DELETE http://10.180.1.21/compute/v2.1/os-keypairs/tempest-KeyPairsV2TestJSON-keypair-1695620313 0.880s
2025-04-08 13:47:11.286 69693 INFO tempest.lib.common.rest_client [req-3994f677-6538-45ec-8618-b69909649ce8 req-3994f677-6538-45ec-8618-b69909649ce8 ] Request (ImagesMetadataNegativeTestJSON:tearDownClass): 204 DELETE http://10.180.1.21/identity/v3/users/67ee0f1af4c14d01a5fe70f7eb42b314 0.103s
2025-04-08 13:47:11.287 69693 INFO tempest.lib.common.dynamic_creds [-] Deleting project and security group for project: 30686fda6b964a88a2d2304fff09b153
2025-04-08 13:47:11.301 69681 INFO tempest.lib.common.rest_client [req-96054e30-2ff4-41cb-8d28-1a428b01e551 req-96054e30-2ff4-41cb-8d28-1a428b01e551 ] Request (KeyPairsV210TestJSON:tearDownClass): 204 DELETE http://10.180.1.21/identity/v3/users/7edb04b78bfb41e9837f4e79d0a32b1a 0.094s
2025-04-08 13:47:11.325 69673 INFO tempest.lib.common.rest_client [req-8d7f1ad7-5a1c-4456-bfdf-bb253b48dacc req-8d7f1ad7-5a1c-4456-bfdf-bb253b48dacc ] Request (SecurityGroupRulesTestJSON:test_security_group_rules_create_with_optional_group_id): 200 POST http://10.180.1.21/compute/v2.1/os-security-groups 0.992s
2025-04-08 13:47:11.363 69693 INFO tempest.lib.common.rest_client [req-9a25e2a1-3ee8-4c4e-bc9a-7778719690a6 req-9a25e2a1-3ee8-4c4e-bc9a-7778719690a6 ] Request (ImagesMetadataNegativeTestJSON:tearDownClass): 201 POST http://10.180.1.21/identity/v3/auth/tokens 0.076s
2025-04-08 13:47:11.397 69689 INFO tempest.lib.common.rest_client [req-29a8adbf-3767-45b2-821b-67c49499bc02 req-29a8adbf-3767-45b2-821b-67c49499bc02 ] Request (TenantUsagesTestJSON:tearDownClass): 200 GET http://10.180.1.21/compute/v2.1/servers/a5c37c3b-0add-415d-8356-5070a8b4df28 0.931s
2025-04-08 13:47:11.414 69671 INFO tempest.lib.common.rest_client [req-c1628d41-6289-4b94-96b0-32439f2a9378 req-c1628d41-6289-4b94-96b0-32439f2a9378 ] Request (ServerActionsTestJSON:setUpClass): 200 GET http://10.180.1.21/compute/v2.1/servers/f1736cf7-d979-41ba-97d9-45c35b51cad8 0.977s
2025-04-08 13:47:11.422 69725 INFO tempest.lib.common.rest_client [req-1570623e-723d-4b9c-b147-d5535330e6dc req-1570623e-723d-4b9c-b147-d5535330e6dc ] Request (KeyPairsV2TestJSON:tearDownClass): 204 DELETE http://10.180.1.21/identity/v3/users/07c5d28e9dd0456cbff143dff454cc71 0.154s
2025-04-08 13:47:11.422 69725 INFO tempest.lib.common.dynamic_creds [-] Deleting project and security group for project: e7aeb4d7f1bf4d84b5943193e3a44506
2025-04-08 13:47:11.436 69681 INFO tempest.lib.common.rest_client [req-0da95c8d-040b-4775-b64f-f2429e33ca66 req-0da95c8d-040b-4775-b64f-f2429e33ca66 ] Request (KeyPairsV210TestJSON:tearDownClass): 204 DELETE http://10.180.1.21/identity/v3/users/29452f0303bd4c1e8635a1dc3b161c2a 0.135s
2025-04-08 13:47:11.437 69681 INFO tempest.lib.common.dynamic_creds [-] Deleting project and security group for project: 6c49c3c5e8b04883906b7db8df999a69
2025-04-08 13:47:11.466 69703 INFO tempest.lib.common.rest_client [req-1f2cf95f-0a16-44a0-8324-f5a858e0e9dd req-1f2cf95f-0a16-44a0-8324-f5a858e0e9dd ] Request (ServerDiagnosticsNegativeTest:test_get_server_diagnostics_by_non_admin): 200 GET http://10.180.1.21/compute/v2.1/servers/13d2ed8e-c3c5-449a-ab34-3f318a9de5cc 0.788s
2025-04-08 13:47:11.486 69709 INFO tempest.lib.common.rest_client [req-36d4c95d-679e-44af-9539-a1bd3acf7102 req-36d4c95d-679e-44af-9539-a1bd3acf7102 ] Request (ImagesDeleteNegativeTestJSON:test_delete_non_existent_image): 404 DELETE http://10.180.1.21/compute/v2.1/images/51f7e5a6-14b9-4837-8932-ba06fde64496 0.787s
2025-04-08 13:47:11.494 69725 INFO tempest.lib.common.rest_client [req-c60a6f7e-839d-44a3-ad88-bcc64efc523b req-c60a6f7e-839d-44a3-ad88-bcc64efc523b ] Request (KeyPairsV2TestJSON:tearDownClass): 201 POST http://10.180.1.21/identity/v3/auth/tokens 0.071s
2025-04-08 13:47:11.519 69681 INFO tempest.lib.common.rest_client [req-cf8452f6-ef5e-4518-b6fb-0b785fa26309 req-cf8452f6-ef5e-4518-b6fb-0b785fa26309 ] Request (KeyPairsV210TestJSON:tearDownClass): 201 POST http://10.180.1.21/identity/v3/auth/tokens 0.082s
2025-04-08 13:47:11.582 69709 INFO tempest.lib.common.rest_client [req-d5fe727e-d409-4bb7-bda6-b84d70b145c4 req-d5fe727e-d409-4bb7-bda6-b84d70b145c4 ] Request (ImagesDeleteNegativeTestJSON:tearDownClass): 204 DELETE http://10.180.1.21/identity/v3/users/ee8b8d9fa71c40a3947f465f050bc064 0.094s
2025-04-08 13:47:11.582 69709 INFO tempest.lib.common.dynamic_creds [-] Deleting project and security group for project: c8aa0c117cfa4d1facde7fdec7387bfa
2025-04-08 13:47:11.619 69693 INFO tempest.lib.common.rest_client [req-3a83b5f9-ae03-4db6-a4f5-37fa8cb6bac7 req-3a83b5f9-ae03-4db6-a4f5-37fa8cb6bac7 ] Request (ImagesMetadataNegativeTestJSON:tearDownClass): 200 GET http://10.180.1.21:9696/networking/v2.0/security-groups?tenant_id=30686fda6b964a88a2d2304fff09b153&name=default 0.256s
2025-04-08 13:47:11.694 69713 INFO tempest.lib.common.rest_client [req-fd4ca9dc-0ea9-4186-8545-cc898352fdec req-fd4ca9dc-0ea9-4186-8545-cc898352fdec ] Request (QuotasAdminNegativeTest:test_create_server_when_memory_quota_is_full): 200 PUT http://10.180.1.21/compute/v2.1/os-quota-sets/db7912e33cdf4f5fa10d3b77ae540fc5 1.166s
2025-04-08 13:47:11.709 69709 INFO tempest.lib.common.rest_client [req-9c0c4466-485d-49d1-a2f5-b3eb6e0f7ba0 req-9c0c4466-485d-49d1-a2f5-b3eb6e0f7ba0 ] Request (ImagesDeleteNegativeTestJSON:tearDownClass): 201 POST http://10.180.1.21/identity/v3/auth/tokens 0.126s
2025-04-08 13:47:11.754 69693 INFO tempest.lib.common.rest_client [req-a3e8049f-875b-4ec2-acf9-95538227cdde req-a3e8049f-875b-4ec2-acf9-95538227cdde ] Request (ImagesMetadataNegativeTestJSON:tearDownClass): 204 DELETE http://10.180.1.21:9696/networking/v2.0/security-groups/80d3ad17-e215-461b-9731-ba0c8e160ef1 0.134s
2025-04-08 13:47:11.774 69727 INFO tempest.lib.common.rest_client [req-14a3a552-8157-457d-964a-e5d0e46b0299 req-14a3a552-8157-457d-964a-e5d0e46b0299 ] Request (FloatingIPsAssociationNegativeTestJSON:setUpClass): 200 GET http://10.180.1.21/compute/v2.1/servers/2713f49f-14fc-4705-a30c-e114159466d1 1.041s
2025-04-08 13:47:11.787 69713 INFO tempest.lib.common.rest_client [req-6603957b-3c1f-477f-b925-baa3b5910752 req-6603957b-3c1f-477f-b925-baa3b5910752 ] Request (QuotasAdminNegativeTest:test_create_server_when_memory_quota_is_full): 201 POST http://10.180.1.21/identity/v3/auth/tokens 0.084s
2025-04-08 13:47:11.787 69713 INFO tempest.lib.common.fixed_network [-] (QuotasAdminNegativeTest:test_create_server_when_memory_quota_is_full) Found network None available for tenant
2025-04-08 13:47:11.847 69691 INFO tempest.lib.common.rest_client [req-0ca9fcdd-6f71-4d41-9761-452eb0d73c0f req-0ca9fcdd-6f71-4d41-9761-452eb0d73c0f ] Request (VolumesAssistedSnapshotsTest:test_volume_assisted_snapshot_create_delete): 200 GET http://10.180.1.21/compute/v2.1/servers/096700b1-7125-48b5-877d-5dc745b5fe41 1.045s
2025-04-08 13:47:11.855 69729 INFO tempest.lib.common.rest_client [req-64152b4d-bcb2-49c4-9f2b-7fed1097a68b req-64152b4d-bcb2-49c4-9f2b-7fed1097a68b ] Request (FlavorsAccessNegativeTestJSON:test_remove_flavor_access_not_found): 404 POST http://10.180.1.21/compute/v2.1/flavors/1236868384/action 1.136s
2025-04-08 13:47:11.855 69725 INFO tempest.lib.common.rest_client [req-e41ad2c9-62d4-4bb3-8689-96e9d0a8b6f3 req-e41ad2c9-62d4-4bb3-8689-96e9d0a8b6f3 ] Request (KeyPairsV2TestJSON:tearDownClass): 200 GET http://10.180.1.21:9696/networking/v2.0/security-groups?tenant_id=e7aeb4d7f1bf4d84b5943193e3a44506&name=default 0.361s
2025-04-08 13:47:11.879 69681 INFO tempest.lib.common.rest_client [req-774b5ffc-054b-40af-9ffb-32d06fdb45cc req-774b5ffc-054b-40af-9ffb-32d06fdb45cc ] Request (KeyPairsV210TestJSON:tearDownClass): 200 GET http://10.180.1.21:9696/networking/v2.0/security-groups?tenant_id=6c49c3c5e8b04883906b7db8df999a69&name=default 0.359s
2025-04-08 13:47:11.883 69693 INFO tempest.lib.common.rest_client [req-9cb2f2a7-6027-4569-b9fe-f90baf062ebd req-9cb2f2a7-6027-4569-b9fe-f90baf062ebd ] Request (ImagesMetadataNegativeTestJSON:tearDownClass): 204 DELETE http://10.180.1.21/identity/v3/projects/30686fda6b964a88a2d2304fff09b153 0.128s
2025-04-08 13:47:11.922 69717 INFO tempest.lib.common.rest_client [req-e1c863d1-e929-49b7-a985-831377d5c128 req-e1c863d1-e929-49b7-a985-831377d5c128 ] Request (FloatingIPsAssociationTestJSON:setUpClass): 200 GET http://10.180.1.21/compute/v2.1/servers/4d443b60-1f07-4d5f-a3cb-9c50407198ae 1.045s
2025-04-08 13:47:11.941 69711 INFO tempest.lib.common.rest_client [req-5b8f6cf8-bba5-427c-b1a9-a7bf14d3b528 req-5b8f6cf8-bba5-427c-b1a9-a7bf14d3b528 ] Request (ServerDiagnosticsV248Test:tearDownClass): 204 DELETE http://10.180.1.21/compute/v2.1/servers/e046a82e-32c7-4437-a613-070b6673f1b8 0.975s
2025-04-08 13:47:11.955 69681 INFO tempest.lib.common.rest_client [req-1c884931-4351-4176-a194-368a813963e5 req-1c884931-4351-4176-a194-368a813963e5 ] Request (KeyPairsV210TestJSON:tearDownClass): 204 DELETE http://10.180.1.21:9696/networking/v2.0/security-groups/2a2b443c-0388-4252-bc33-cccc17b8e493 0.075s
2025-04-08 13:47:11.957 69693 INFO tempest.lib.common.rest_client [req-f99375d8-9466-44a4-8167-adb3c5b70bc6 req-f99375d8-9466-44a4-8167-adb3c5b70bc6 ] Request (InstanceActionsNegativeTestJSON:setUpClass): 201 POST http://10.180.1.21/identity/v3/auth/tokens 0.072s
2025-04-08 13:47:11.986 69693 INFO tempest.lib.common.rest_client [req-0a4875bb-0b87-4653-ae94-59e3a91f9d7e req-0a4875bb-0b87-4653-ae94-59e3a91f9d7e ] Request (InstanceActionsNegativeTestJSON:setUpClass): 201 POST http://10.180.1.21/identity/v3/auth/tokens 0.026s
2025-04-08 13:47:12.006 69679 INFO tempest.lib.common.rest_client [req-0411b9e8-76d8-424a-b816-0c725c97f27a req-0411b9e8-76d8-424a-b816-0c725c97f27a ] Request (ListImageFiltersTestJSON:setUpClass): 200 GET http://10.180.1.21/compute/v2.1/servers/81ea07d5-8924-45de-a1ab-42e4aa335111 0.938s
2025-04-08 13:47:12.024 69693 INFO tempest.lib.common.rest_client [req-e3d5c336-ec32-41ee-9796-de077452965a req-e3d5c336-ec32-41ee-9796-de077452965a ] Request (InstanceActionsNegativeTestJSON:setUpClass): 200 GET http://10.180.1.21/identity/v3/domains?name=Default 0.037s
2025-04-08 13:47:12.054 69681 INFO tempest.lib.common.rest_client [req-97124cee-00d5-415b-b1ca-4e55c47d57b5 req-97124cee-00d5-415b-b1ca-4e55c47d57b5 ] Request (KeyPairsV210TestJSON:tearDownClass): 204 DELETE http://10.180.1.21/identity/v3/projects/6c49c3c5e8b04883906b7db8df999a69 0.098s
2025-04-08 13:47:12.054 69681 INFO tempest.lib.common.dynamic_creds [-] Deleting project and security group for project: fb874671b1e2462ebe252e428cd7d298
2025-04-08 13:47:12.061 69725 INFO tempest.lib.common.rest_client [req-d8c4c57c-f05b-4056-bb3c-93837bfd8160 req-d8c4c57c-f05b-4056-bb3c-93837bfd8160 ] Request (KeyPairsV2TestJSON:tearDownClass): 204 DELETE http://10.180.1.21:9696/networking/v2.0/security-groups/a3d9d0d2-3651-4d60-8e4c-7e850e077d92 0.206s
2025-04-08 13:47:12.073 69709 INFO tempest.lib.common.rest_client [req-2704f25b-4b9b-489c-a3b9-d27a0f54942d req-2704f25b-4b9b-489c-a3b9-d27a0f54942d ] Request (ImagesDeleteNegativeTestJSON:tearDownClass): 200 GET http://10.180.1.21:9696/networking/v2.0/security-groups?tenant_id=c8aa0c117cfa4d1facde7fdec7387bfa&name=default 0.363s
2025-04-08 13:47:12.098 69693 INFO tempest.lib.common.rest_client [req-278be684-58f5-4be5-88b9-444fa7336dc2 req-278be684-58f5-4be5-88b9-444fa7336dc2 ] Request (InstanceActionsNegativeTestJSON:setUpClass): 201 POST http://10.180.1.21/identity/v3/projects 0.073s
2025-04-08 13:47:12.169 69693 INFO tempest.lib.common.rest_client [req-40434120-7055-4e57-b754-345ec90ad05a req-40434120-7055-4e57-b754-345ec90ad05a ] Request (InstanceActionsNegativeTestJSON:setUpClass): 201 POST http://10.180.1.21/identity/v3/users 0.069s
2025-04-08 13:47:12.192 69693 INFO tempest.lib.common.rest_client [req-60aa5e62-9d43-49b9-bdd0-bc3eedd3d976 req-60aa5e62-9d43-49b9-bdd0-bc3eedd3d976 ] Request (InstanceActionsNegativeTestJSON:setUpClass): 200 GET http://10.180.1.21/identity/v3/roles 0.023s
2025-04-08 13:47:12.209 69725 INFO tempest.lib.common.rest_client [req-685c87ea-d20b-476a-8648-6ef165c128bf req-685c87ea-d20b-476a-8648-6ef165c128bf ] Request (KeyPairsV2TestJSON:tearDownClass): 204 DELETE http://10.180.1.21/identity/v3/projects/e7aeb4d7f1bf4d84b5943193e3a44506 0.147s
2025-04-08 13:47:12.246 69725 INFO tempest.lib.common.rest_client [req-fadc91bc-9633-4951-ba90-78cf1f6f3ac2 req-fadc91bc-9633-4951-ba90-78cf1f6f3ac2 ] Request (SecurityGroupsNegativeTestJSON:setUpClass): 201 POST http://10.180.1.21/identity/v3/auth/tokens 0.034s
2025-04-08 13:47:12.263 69693 INFO tempest.lib.common.rest_client [req-27d2619c-ba6f-4d4a-873c-64bf7d1c2349 req-27d2619c-ba6f-4d4a-873c-64bf7d1c2349 ] Request (InstanceActionsNegativeTestJSON:setUpClass): 204 PUT http://10.180.1.21/identity/v3/projects/fc98ab4d29704e85a056012e9a64e768/users/0818e5cc8a834b039b8c77be3ed52aea/roles/ccf7b71644c647d0875edffb145c70c7 0.070s
2025-04-08 13:47:12.263 69693 INFO tempest.lib.common.dynamic_creds [-] Dynamic test user 0818e5cc8a834b039b8c77be3ed52aea is created with scope project and roles: ['member']
2025-04-08 13:47:12.263 69693 INFO tempest.lib.common.dynamic_creds [-] Acquired dynamic creds: credentials: Credentials: {'domain_id': 'default', 'domain_name': 'Default', 'username': 'tempest-InstanceActionsNegativeTestJSON-1720552825-project-member', 'project_domain_id': 'default', 'project_domain_name': 'Default', 'project_id': 'fc98ab4d29704e85a056012e9a64e768', 'project_name': 'tempest-InstanceActionsNegativeTestJSON-1720552825', 'tenant_id': 'fc98ab4d29704e85a056012e9a64e768', 'tenant_name': 'tempest-InstanceActionsNegativeTestJSON-1720552825', 'user_domain_id': 'default', 'user_domain_name': 'Default', 'user_id': '0818e5cc8a834b039b8c77be3ed52aea', 'system': None}, Network: None, Subnet: None, Router: None
2025-04-08 13:47:12.317 69669 INFO tempest.lib.common.rest_client [req-03808cc2-45b5-4ee4-8031-938742cf5287 req-03808cc2-45b5-4ee4-8031-938742cf5287 ] Request (ServersV294TestFqdnHostnames:setUpClass): 202 POST http://10.180.1.21/compute/v2.1/servers 1.236s
2025-04-08 13:47:12.327 69725 INFO tempest.lib.common.rest_client [req-874e6e0e-5a74-49ee-8766-72b6a4f374ca req-874e6e0e-5a74-49ee-8766-72b6a4f374ca ] Request (SecurityGroupsNegativeTestJSON:setUpClass): 201 POST http://10.180.1.21/identity/v3/auth/tokens 0.078s
