2025-04-08 14:17:29.078 69668 INFO tempest.lib.common.rest_client [req-9c2e0094-d1ae-440e-b56a-219f45e348e8 req-9c2e0094-d1ae-440e-b56a-219f45e348e8 ] Request (ServerDiagnosticsTest:test_get_server_diagnostics): 200 GET http://10.180.1.21/compute/v2.1/servers/61c691d1-514b-44da-b3b4-c4b0475266bb 1.588s
2025-04-08 14:17:29.089 69668 INFO tempest.common.waiters [-] State transition "BUILD/scheduling" ==> "BUILD/None" after 16 second wait
2025-04-08 14:17:29.150 69678 INFO tempest.lib.common.rest_client [req-e8827060-62e9-4b85-88e6-8779a27f9ad2 req-e8827060-62e9-4b85-88e6-8779a27f9ad2 ] Request (ServersV294TestFqdnHostnames:setUpClass): 201 POST http://10.180.1.21/compute/v2.1/os-keypairs 1.757s
2025-04-08 14:17:29.258 69688 INFO tempest.lib.common.rest_client [req-b53597dc-4c91-4d51-9d85-e0c799924cb2 req-b53597dc-4c91-4d51-9d85-e0c799924cb2 ] Request (ImagesNegativeTestJSON:test_create_image_from_deleted_server): 200 GET http://10.180.1.21/compute/v2.1/servers/82bf4068-a582-4d13-9b88-2ab65a1c4efe 1.511s
2025-04-08 14:17:29.262 69696 INFO tempest.lib.common.rest_client [req-6bfeb006-945c-407c-99c9-fef04227b857 req-6bfeb006-945c-407c-99c9-fef04227b857 ] Request (VolumesAssistedSnapshotsTest:test_volume_assisted_snapshot_create_delete): 200 GET http://10.180.1.21/compute/v2.1/servers/a3daa3e4-fd53-4dc7-829b-a082157bcfa2 1.705s
2025-04-08 14:17:29.366 69666 INFO tempest.lib.common.rest_client [req-fca19834-9a3b-4d65-af86-15316a764494 req-fca19834-9a3b-4d65-af86-15316a764494 ] Request (ServerDiskConfigTestJSON:test_rebuild_server_with_auto_disk_config): 200 GET http://10.180.1.21/compute/v2.1/servers/6426b2b9-06d3-4c6f-9899-46bb73ceb6ec 1.266s
2025-04-08 14:17:29.376 69666 INFO tempest.common.waiters [-] State transition "BUILD/None" ==> "BUILD/networking" after 19 second wait
2025-04-08 14:17:29.454 69678 INFO tempest.lib.common.rest_client [req-2d6bc6c3-4dd8-42f2-9344-f6fdeea16e3b req-2d6bc6c3-4dd8-42f2-9344-f6fdeea16e3b ] Request (ServersV294TestFqdnHostnames:setUpClass): 201 POST http://10.180.1.21:9696/networking/v2.0/security-groups 0.302s
2025-04-08 14:17:29.559 69682 INFO tempest.lib.common.rest_client [req-dd931852-4f3d-4985-9e6f-4b0256de9bd1 req-dd931852-4f3d-4985-9e6f-4b0256de9bd1 ] Request (ServersWithSpecificFlavorTestJSON:test_verify_created_server_ephemeral_disk): 200 GET http://10.180.1.21/compute/v2.1/servers/0ad6371c-fa25-42ab-8fd3-8fd9e9c64ddd 1.578s
2025-04-08 14:17:29.570 69682 INFO tempest.common.waiters [-] State transition "BUILD/networking" ==> "BUILD/spawning" after 19 second wait
2025-04-08 14:17:29.575 69658 INFO tempest.lib.common.rest_client [req-559affb9-afd6-41f7-87cd-3ce391144dbe req-559affb9-afd6-41f7-87cd-3ce391144dbe ] Request (QuotaClassesAdminTestJSON:test_update_default_quotas): 200 GET http://10.180.1.21/compute/v2.1/os-quota-class-sets/default 1.452s
2025-04-08 14:17:29.596 69650 INFO tempest.lib.common.rest_client [req-f4ad2277-ef00-476b-9752-e08f4a641230 req-f4ad2277-ef00-476b-9752-e08f4a641230 ] Request (ImagesMetadataNegativeTestJSON:test_set_nonexistent_image_metadata_item): 404 PUT http://10.180.1.21/compute/v2.1/images/7e6608ef-5457-455f-af26-7c4b85c43d9e/metadata/os_distro 1.458s
2025-04-08 14:17:29.611 69654 INFO tempest.lib.common.rest_client [req-fdd67d7e-4fc5-426f-b93a-e99727b0d7d3 req-fdd67d7e-4fc5-426f-b93a-e99727b0d7d3 ] Request (AggregatesAdminNegativeTestJSON:tearDownClass): 200 GET http://10.180.1.21:9696/networking/v2.0/security-groups?tenant_id=e35f77bba46e4e43b31c768954c4d752&name=default 0.809s
2025-04-08 14:17:29.683 69674 INFO tempest.lib.common.rest_client [req-b96f223f-f500-4911-b1eb-281216f3929f req-b96f223f-f500-4911-b1eb-281216f3929f ] Request (TenantUsagesTestJSON:setUpClass): 200 GET http://10.180.1.21/compute/v2.1/servers/2c565c5e-87c9-4951-8798-dde366617001 1.431s
2025-04-08 14:17:29.788 69694 INFO tempest.lib.common.rest_client [req-5d2be3ef-27da-4c87-9896-11152d04b621 req-5d2be3ef-27da-4c87-9896-11152d04b621 ] Request (ServerActionsTestOtherB:setUpClass): 200 GET http://10.180.1.21/compute/v2.1/servers/cb02e9e8-1395-4578-89af-7fd8f84c52db/os-interface 1.508s
2025-04-08 14:17:29.811 69634 INFO tempest.lib.common.rest_client [req-60ceabe7-4884-4c26-81bc-105993a529e5 req-60ceabe7-4884-4c26-81bc-105993a529e5 ] Request (FlavorsAdminTestJSON:_run_cleanups): 202 DELETE http://10.180.1.21/compute/v2.1/flavors/1431350302 1.470s
2025-04-08 14:17:29.848 69678 INFO tempest.lib.common.rest_client [req-997f1576-b933-4971-b56a-c632ada178d4 req-997f1576-b933-4971-b56a-c632ada178d4 ] Request (ServersV294TestFqdnHostnames:setUpClass): 201 POST http://10.180.1.21:9696/networking/v2.0/security-group-rules 0.393s
2025-04-08 14:17:29.858 69670 INFO tempest.lib.common.rest_client [req-245b4804-e175-4d88-8427-c5cdf4f9c02e req-245b4804-e175-4d88-8427-c5cdf4f9c02e ] Request (ImagesMetadataTestJSON:test_get_image_metadata_item): 200 GET http://10.180.1.21/compute/v2.1/images/da2a53fa-9641-4605-8603-b38255abe51f/metadata/os_distro 1.451s
2025-04-08 14:17:29.909 69654 INFO tempest.lib.common.rest_client [req-45b7d7cb-73a3-4cf7-a5fb-21fb8d718a6e req-45b7d7cb-73a3-4cf7-a5fb-21fb8d718a6e ] Request (AggregatesAdminNegativeTestJSON:tearDownClass): 204 DELETE http://10.180.1.21:9696/networking/v2.0/security-groups/e60d76a2-b57f-4fa6-aaa1-e2ea4b9f5d96 0.297s
2025-04-08 14:17:29.970 69648 INFO tempest.lib.common.rest_client [req-464ebd4f-0270-47c8-9f2d-b056d07e32e6 req-464ebd4f-0270-47c8-9f2d-b056d07e32e6 ] Request (InstanceActionsTestJSON:tearDownClass): 200 GET http://10.180.1.21/compute/v2.1/servers/65fceb63-2326-4d32-8281-2b7402fa4d5c 1.336s
2025-04-08 14:17:30.001 69690 INFO tempest.lib.common.rest_client [req-7897f4c8-0144-4ec7-b119-4c36cfca63ff req-7897f4c8-0144-4ec7-b119-4c36cfca63ff ] Request (FloatingIPsAssociationTestJSON:test_associate_already_associated_floating_ip): 202 POST http://10.180.1.21/compute/v2.1/servers 1.890s
2025-04-08 14:17:30.033 69654 INFO tempest.lib.common.rest_client [req-6b07c820-1385-4a8c-978a-aaac487a90b0 req-6b07c820-1385-4a8c-978a-aaac487a90b0 ] Request (AggregatesAdminNegativeTestJSON:tearDownClass): 204 DELETE http://10.180.1.21/identity/v3/projects/e35f77bba46e4e43b31c768954c4d752 0.124s
2025-04-08 14:17:30.033 69654 INFO tempest.lib.common.dynamic_creds [-] Deleting project and security group for project: 8183f404c35643c58ea4eb5cd9945586
2025-04-08 14:17:30.080 69652 INFO tempest.lib.common.rest_client [req-650f7c7e-27a6-46f0-a645-e4ebedb38ba3 req-650f7c7e-27a6-46f0-a645-e4ebedb38ba3 ] Request (ServersAdminTestJSON:setUpClass): 200 GET http://10.180.1.21/compute/v2.1/servers/bb4003d9-d483-4eb6-a7db-cc067adad217 1.354s
2025-04-08 14:17:30.087 69686 INFO tempest.lib.common.rest_client [req-1e0c23d8-a46f-40cf-bbdc-b80f8c89884a req-1e0c23d8-a46f-40cf-bbdc-b80f8c89884a ] Request (ServersTestFqdnHostnames:setUpClass): 201 POST http://10.180.1.21:9696/networking/v2.0/routers 1.872s
2025-04-08 14:17:30.112 69638 INFO tempest.lib.common.rest_client [req-ea506b87-7736-4aac-b955-2da25940e282 req-ea506b87-7736-4aac-b955-2da25940e282 ] Request (DeleteServersAdminTestJSON:test_admin_delete_servers_of_others): 200 GET http://10.180.1.21/compute/v2.1/servers/4267677a-a170-4790-b847-c4f077b37015 1.300s
2025-04-08 14:17:30.139 69678 INFO tempest.lib.common.rest_client [req-726214d0-fbdc-427f-9fb7-67976ed3937f req-726214d0-fbdc-427f-9fb7-67976ed3937f ] Request (ServersV294TestFqdnHostnames:setUpClass): 201 POST http://10.180.1.21:9696/networking/v2.0/security-group-rules 0.291s
2025-04-08 14:17:30.178 69636 INFO tempest.lib.common.rest_client [req-50f49e17-c10d-47da-b00a-ad5bd186e0c4 req-50f49e17-c10d-47da-b00a-ad5bd186e0c4 ] Request (SecurityGroupRulesTestJSON:setUpClass): 200 PUT http://10.180.1.21:9696/networking/v2.0/routers/b1a9776f-4fbf-46c4-97ed-9106ff160e6e/add_router_interface 2.991s
2025-04-08 14:17:30.178 69636 INFO tempest.lib.common.dynamic_creds [-] Created isolated network resources for: credentials: Credentials: {'domain_id': 'default', 'domain_name': 'Default', 'username': 'tempest-SecurityGroupRulesTestJSON-1930154210-project-member', 'project_domain_id': 'default', 'project_domain_name': 'Default', 'project_id': '4de5f7690cf74ad6bf4da36527c78fb2', 'project_name': 'tempest-SecurityGroupRulesTestJSON-1930154210', 'tenant_id': '4de5f7690cf74ad6bf4da36527c78fb2', 'tenant_name': 'tempest-SecurityGroupRulesTestJSON-1930154210', 'user_domain_id': 'default', 'user_domain_name': 'Default', 'user_id': '160d487dda55444884754c76ffce33c8', 'system': None}, Network: {'id': '73dfde82-bae5-4488-a8b5-eccd0becb481', 'name': 'tempest-SecurityGroupRulesTestJSON-821173876-network', 'tenant_id': '4de5f7690cf74ad6bf4da36527c78fb2', 'admin_state_up': True, 'mtu': 8950, 'status': 'ACTIVE', 'subnets': [], 'shared': False, 'project_id': '4de5f7690cf74ad6bf4da36527c78fb2', 'port_security_enabled': True, 'router:external': False, 'provider:network_type': 'vlan', 'provider:physical_network': 'default', 'provider:segmentation_id': 481, 'availability_zone_hints': [], 'availability_zones': [], 'ipv4_address_scope': None, 'ipv6_address_scope': None, 'description': '', 'tags': [], 'created_at': '2025-04-08T14:17:24Z', 'updated_at': '2025-04-08T14:17:24Z', 'revision_number': 1}, Subnet: {'id': '2108a390-524a-4ae1-a23d-e8d2e9599c9a', 'name': 'tempest-SecurityGroupRulesTestJSON-821173876-subnet', 'tenant_id': '4de5f7690cf74ad6bf4da36527c78fb2', 'network_id': '73dfde82-bae5-4488-a8b5-eccd0becb481', 'ip_version': 4, 'subnetpool_id': None, 'enable_dhcp': True, 'ipv6_ra_mode': None, 'ipv6_address_mode': None, 'gateway_ip': '192.168.128.1', 'cidr': '192.168.128.0/28', 'allocation_pools': [{'start': '192.168.128.2', 'end': '192.168.128.14'}], 'host_routes': [], 'dns_nameservers': [], 'description': '', 'router:external': False, 'service_types': [], 'tags': [], 'created_at': '2025-04-08T14:17:25Z', 'updated_at': '2025-04-08T14:17:25Z', 'revision_number': 0, 'project_id': '4de5f7690cf74ad6bf4da36527c78fb2'}, Router: {'id': 'b1a9776f-4fbf-46c4-97ed-9106ff160e6e', 'name': 'tempest-SecurityGroupRulesTestJSON-821173876-router', 'tenant_id': '4de5f7690cf74ad6bf4da36527c78fb2', 'admin_state_up': True, 'status': 'ACTIVE', 'external_gateway_info': {'network_id': 'eb813f47-6165-4ce3-83c2-5896be1a0339', 'external_fixed_ips': [{'subnet_id': 'ff983d59-814f-4e8d-8d33-221799b65ac6', 'ip_address': '10.180.180.245'}], 'enable_snat': True}, 'description': '', 'availability_zones': [], 'distributed': False, 'ha': False, 'availability_zone_hints': [], 'routes': [], 'flavor_id': None, 'tags': [], 'created_at': '2025-04-08T14:17:25Z', 'updated_at': '2025-04-08T14:17:26Z', 'revision_number': 2, 'project_id': '4de5f7690cf74ad6bf4da36527c78fb2'}
2025-04-08 14:17:30.222 69642 INFO tempest.lib.common.rest_client [req-3cc53149-6dbf-4d2e-8e49-af959031fab7 req-3cc53149-6dbf-4d2e-8e49-af959031fab7 ] Request (ServersTestBootFromVolume:setUpClass): 200 GET http://10.180.1.21/compute/v2.1/servers/c6cb2dac-6d8a-4319-9e26-c12d31e8a733 1.305s
2025-04-08 14:17:30.236 69642 INFO tempest.common.waiters [-] State transition "BUILD/scheduling" ==> "BUILD/None" after 14 second wait
2025-04-08 14:17:30.308 69662 INFO tempest.lib.common.rest_client [req-7966c6b3-b609-4898-9e16-44267fba4cd4 req-7966c6b3-b609-4898-9e16-44267fba4cd4 ] Request (ServerDiagnosticsNegativeTest:test_get_server_diagnostics_by_non_admin): 200 GET http://10.180.1.21/compute/v2.1/servers/24afcbbb-1869-4ed4-880a-d7a2e6c312ad 1.328s
2025-04-08 14:17:30.323 69636 INFO tempest.lib.common.rest_client [req-9d28d5ac-10a5-4363-b7a0-98df10b1e6a8 req-9d28d5ac-10a5-4363-b7a0-98df10b1e6a8 ] Request (SecurityGroupRulesTestJSON:setUpClass): 201 POST http://10.180.1.21/identity/v3/auth/tokens 0.141s
2025-04-08 14:17:30.362 69644 INFO tempest.lib.common.rest_client [req-0bb082b1-eb0f-497e-8940-dc8cb4947b3b req-0bb082b1-eb0f-497e-8940-dc8cb4947b3b ] Request (ServerActionsV293TestJSON:setUpClass): 200 PUT http://10.180.1.21:9696/networking/v2.0/routers/d4d87bab-1335-4e82-99cf-f433ae222c5e/add_router_interface 3.439s
2025-04-08 14:17:30.363 69644 INFO tempest.lib.common.dynamic_creds [-] Created isolated network resources for: credentials: Credentials: {'domain_id': 'default', 'domain_name': 'Default', 'username': 'tempest-ServerActionsV293TestJSON-1925610549-project-member', 'project_domain_id': 'default', 'project_domain_name': 'Default', 'project_id': '4ca87b744a53436e917298257473c6fa', 'project_name': 'tempest-ServerActionsV293TestJSON-1925610549', 'tenant_id': '4ca87b744a53436e917298257473c6fa', 'tenant_name': 'tempest-ServerActionsV293TestJSON-1925610549', 'user_domain_id': 'default', 'user_domain_name': 'Default', 'user_id': 'ed8cd9b587a64f2f9981725b22f870af', 'system': None}, Network: {'id': '78f7cc57-13f3-4e01-bdbd-d6f557dffd19', 'name': 'tempest-ServerActionsV293TestJSON-902231931-network', 'tenant_id': '4ca87b744a53436e917298257473c6fa', 'admin_state_up': True, 'mtu': 8950, 'status': 'ACTIVE', 'subnets': [], 'shared': False, 'project_id': '4ca87b744a53436e917298257473c6fa', 'port_security_enabled': True, 'router:external': False, 'provider:network_type': 'vlan', 'provider:physical_network': 'default', 'provider:segmentation_id': 175, 'availability_zone_hints': [], 'availability_zones': [], 'ipv4_address_scope': None, 'ipv6_address_scope': None, 'description': '', 'tags': [], 'created_at': '2025-04-08T14:17:25Z', 'updated_at': '2025-04-08T14:17:25Z', 'revision_number': 1}, Subnet: {'id': '1821ea84-9cf2-415a-a9e3-7d68aee6e971', 'name': 'tempest-ServerActionsV293TestJSON-902231931-subnet', 'tenant_id': '4ca87b744a53436e917298257473c6fa', 'network_id': '78f7cc57-13f3-4e01-bdbd-d6f557dffd19', 'ip_version': 4, 'subnetpool_id': None, 'enable_dhcp': True, 'ipv6_ra_mode': None, 'ipv6_address_mode': None, 'gateway_ip': '192.168.128.1', 'cidr': '192.168.128.0/28', 'allocation_pools': [{'start': '192.168.128.2', 'end': '192.168.128.14'}], 'host_routes': [], 'dns_nameservers': [], 'description': '', 'router:external': False, 'service_types': [], 'tags': [], 'created_at': '2025-04-08T14:17:25Z', 'updated_at': '2025-04-08T14:17:25Z', 'revision_number': 0, 'project_id': '4ca87b744a53436e917298257473c6fa'}, Router: {'id': 'd4d87bab-1335-4e82-99cf-f433ae222c5e', 'name': 'tempest-ServerActionsV293TestJSON-902231931-router', 'tenant_id': '4ca87b744a53436e917298257473c6fa', 'admin_state_up': True, 'status': 'ACTIVE', 'external_gateway_info': {'network_id': 'eb813f47-6165-4ce3-83c2-5896be1a0339', 'external_fixed_ips': [{'subnet_id': 'ff983d59-814f-4e8d-8d33-221799b65ac6', 'ip_address': '10.180.180.164'}], 'enable_snat': True}, 'description': '', 'availability_zones': [], 'distributed': False, 'ha': False, 'availability_zone_hints': [], 'routes': [], 'flavor_id': None, 'tags': [], 'created_at': '2025-04-08T14:17:25Z', 'updated_at': '2025-04-08T14:17:26Z', 'revision_number': 2, 'project_id': '4ca87b744a53436e917298257473c6fa'}
2025-04-08 14:17:30.374 69654 INFO tempest.lib.common.rest_client [req-5ac43cdb-553c-4320-9a82-c445d0054101 req-5ac43cdb-553c-4320-9a82-c445d0054101 ] Request (AggregatesAdminNegativeTestJSON:tearDownClass): 200 GET http://10.180.1.21:9696/networking/v2.0/security-groups?tenant_id=8183f404c35643c58ea4eb5cd9945586&name=default 0.341s
2025-04-08 14:17:30.428 69672 INFO tempest.lib.common.rest_client [req-c5f3391d-a5dc-47c0-af95-864ec4935b50 req-c5f3391d-a5dc-47c0-af95-864ec4935b50 ] Request (ServerDiagnosticsV248Test:tearDownClass): 200 GET http://10.180.1.21/compute/v2.1/servers/0041a723-fd77-4df2-b91f-5d2461c8f5c4 1.306s
2025-04-08 14:17:30.491 69644 INFO tempest.lib.common.rest_client [req-aae1f93d-2a99-492c-8a63-5f623810c7cf req-aae1f93d-2a99-492c-8a63-5f623810c7cf ] Request (ServerActionsV293TestJSON:setUpClass): 201 POST http://10.180.1.21/identity/v3/auth/tokens 0.124s
2025-04-08 14:17:30.512 69654 INFO tempest.lib.common.rest_client [req-d82d464e-4c02-4af7-9004-0274d4e280d0 req-d82d464e-4c02-4af7-9004-0274d4e280d0 ] Request (AggregatesAdminNegativeTestJSON:tearDownClass): 204 DELETE http://10.180.1.21:9696/networking/v2.0/security-groups/3cdb7ca1-ed66-46db-9bbc-cef8dbe52ffc 0.137s
2025-04-08 14:17:30.629 69654 INFO tempest.lib.common.rest_client [req-545dbc08-4fa2-4253-a7d1-49df71ea2826 req-545dbc08-4fa2-4253-a7d1-49df71ea2826 ] Request (AggregatesAdminNegativeTestJSON:tearDownClass): 204 DELETE http://10.180.1.21/identity/v3/projects/8183f404c35643c58ea4eb5cd9945586 0.116s
2025-04-08 14:17:30.713 69654 INFO tempest.lib.common.rest_client [req-bcb3b086-bb57-4cb5-b8b9-980ce5780e09 req-bcb3b086-bb57-4cb5-b8b9-980ce5780e09 ] Request (FlavorsExtraSpecsNegativeTestJSON:setUpClass): 201 POST http://10.180.1.21/identity/v3/auth/tokens 0.081s
2025-04-08 14:17:30.749 69654 INFO tempest.lib.common.rest_client [req-e8fa9107-e61d-4ac3-ae12-7a56cdcd407e req-e8fa9107-e61d-4ac3-ae12-7a56cdcd407e ] Request (FlavorsExtraSpecsNegativeTestJSON:setUpClass): 201 POST http://10.180.1.21/identity/v3/auth/tokens 0.032s
2025-04-08 14:17:30.757 69646 INFO tempest.lib.common.rest_client [req-81eb3772-6b73-498b-8842-21d2e18a61f7 req-81eb3772-6b73-498b-8842-21d2e18a61f7 ] Request (ImagesOneServerNegativeTestJSON:setUpClass): 200 GET http://10.180.1.21/compute/v2.1/servers/9ea66b42-34d2-430c-b688-34d7a6d600a2 1.228s
2025-04-08 14:17:30.787 69654 INFO tempest.lib.common.rest_client [req-6224f25d-41f9-48b3-8885-d255706442ba req-6224f25d-41f9-48b3-8885-d255706442ba ] Request (FlavorsExtraSpecsNegativeTestJSON:setUpClass): 200 GET http://10.180.1.21/identity/v3/domains?name=Default 0.037s
2025-04-08 14:17:30.821 69654 INFO tempest.lib.common.rest_client [req-ade4bdcf-4613-4d1f-94b1-91e28afe8ef6 req-ade4bdcf-4613-4d1f-94b1-91e28afe8ef6 ] Request (FlavorsExtraSpecsNegativeTestJSON:setUpClass): 201 POST http://10.180.1.21/identity/v3/projects 0.034s
2025-04-08 14:17:30.824 69658 INFO tempest.lib.common.rest_client [req-3eaee198-f0a5-4da6-a0f8-18023688eeb3 req-3eaee198-f0a5-4da6-a0f8-18023688eeb3 ] Request (QuotaClassesAdminTestJSON:_run_cleanups): 200 PUT http://10.180.1.21/compute/v2.1/os-quota-class-sets/default 1.247s
2025-04-08 14:17:30.848 69650 INFO tempest.lib.common.rest_client [req-661672f9-2638-4880-9908-84da74230a93 req-661672f9-2638-4880-9908-84da74230a93 ] Request (ImagesMetadataNegativeTestJSON:test_update_nonexistent_image_metadata): 404 POST http://10.180.1.21/compute/v2.1/images/77e6d7da-e439-44a8-ba1b-e157dc536c50/metadata 1.249s
2025-04-08 14:17:30.905 69654 INFO tempest.lib.common.rest_client [req-32a3a2db-47c9-4ad1-8c8b-2938cd85085c req-32a3a2db-47c9-4ad1-8c8b-2938cd85085c ] Request (FlavorsExtraSpecsNegativeTestJSON:setUpClass): 201 POST http://10.180.1.21/identity/v3/users 0.083s
2025-04-08 14:17:30.924 69676 INFO tempest.lib.common.rest_client [req-bb01ea79-9e5f-4033-8c50-5de074909685 req-bb01ea79-9e5f-4033-8c50-5de074909685 ] Request (ServersAdminNegativeTestJSON:setUpClass): 202 POST http://10.180.1.21/compute/v2.1/servers 2.021s
2025-04-08 14:17:30.948 69634 INFO tempest.lib.common.rest_client [req-6c3a68b7-d8a3-43f0-af93-0f5ce26396a8 req-6c3a68b7-d8a3-43f0-af93-0f5ce26396a8 ] Request (FlavorsAdminTestJSON:_run_cleanups): 200 GET http://10.180.1.21/compute/v2.1/flavors/detail 1.137s
2025-04-08 14:17:30.958 69658 INFO tempest.lib.common.rest_client [req-431a2829-408c-489a-b9fc-a60a3328629c req-431a2829-408c-489a-b9fc-a60a3328629c ] Request (QuotaClassesAdminTestJSON:tearDownClass): 204 DELETE http://10.180.1.21/identity/v3/users/d2ee15ae17ac4c18940d9b65a23f9593 0.123s
2025-04-08 14:17:30.988 69650 INFO tempest.lib.common.rest_client [req-6747d9e9-86b0-4de1-8b67-59d7f5859f29 req-6747d9e9-86b0-4de1-8b67-59d7f5859f29 ] Request (ImagesMetadataNegativeTestJSON:tearDownClass): 204 DELETE http://10.180.1.21/identity/v3/users/98f6e7ecf24a4d6e9eb6084e08bef7b0 0.138s
2025-04-08 14:17:30.988 69650 INFO tempest.lib.common.dynamic_creds [-] Deleting project and security group for project: c109381f43624e6fbbd6f27b876734cf
2025-04-08 14:17:31.064 69684 INFO tempest.lib.common.rest_client [req-ffd4377c-cbd9-4556-8a1f-d788c7081b96 req-ffd4377c-cbd9-4556-8a1f-d788c7081b96 ] Request (MigrationsAdminTest:test_list_migrations_in_flavor_resize_situation): 200 GET http://10.180.1.21/compute/v2.1/servers/48ed2483-9904-429f-b48d-8dc0150b8fff 1.355s
2025-04-08 14:17:31.071 69654 INFO tempest.lib.common.rest_client [req-d77b4b27-886b-4ae6-bd01-997981dcb23b req-d77b4b27-886b-4ae6-bd01-997981dcb23b ] Request (FlavorsExtraSpecsNegativeTestJSON:setUpClass): 200 GET http://10.180.1.21/identity/v3/roles 0.164s
2025-04-08 14:17:31.108 69658 INFO tempest.lib.common.rest_client [req-ee5fcf7d-b572-4676-9cf1-1abc0e194106 req-ee5fcf7d-b572-4676-9cf1-1abc0e194106 ] Request (QuotaClassesAdminTestJSON:tearDownClass): 204 DELETE http://10.180.1.21/identity/v3/users/e4b3093154e64437bf667bfb0d0cc411 0.150s
2025-04-08 14:17:31.108 69658 INFO tempest.lib.common.dynamic_creds [-] Deleting project and security group for project: 339a9bfe349944e1a2bdafee4af4dfd1
2025-04-08 14:17:31.119 69670 INFO tempest.lib.common.rest_client [req-afe3e259-ae77-4f28-8992-788c5eba4158 req-afe3e259-ae77-4f28-8992-788c5eba4158 ] Request (ImagesMetadataTestJSON:setUp): 200 PUT http://10.180.1.21/compute/v2.1/images/da2a53fa-9641-4605-8603-b38255abe51f/metadata 1.258s
2025-04-08 14:17:31.135 69650 INFO tempest.lib.common.rest_client [req-03da8248-3acc-4cd1-81be-e1a4b16571be req-03da8248-3acc-4cd1-81be-e1a4b16571be ] Request (ImagesMetadataNegativeTestJSON:tearDownClass): 201 POST http://10.180.1.21/identity/v3/auth/tokens 0.143s
2025-04-08 14:17:31.158 69658 INFO tempest.lib.common.rest_client [req-08210c0e-49c1-4cc6-8ba5-5da7a34e2b19 req-08210c0e-49c1-4cc6-8ba5-5da7a34e2b19 ] Request (QuotaClassesAdminTestJSON:tearDownClass): 201 POST http://10.180.1.21/identity/v3/auth/tokens 0.050s
2025-04-08 14:17:31.178 69654 INFO tempest.lib.common.rest_client [req-d4812764-48ae-4e23-84dc-77a2b72c4df5 req-d4812764-48ae-4e23-84dc-77a2b72c4df5 ] Request (FlavorsExtraSpecsNegativeTestJSON:setUpClass): 204 PUT http://10.180.1.21/identity/v3/projects/92f9a1f5d0f94a688e1c440501421297/users/a6cbe9ed79f2438b9740cfa1247074dc/roles/1bce94b911a3466b82b78ba1e59b514c 0.107s
2025-04-08 14:17:31.179 69654 INFO tempest.lib.common.dynamic_creds [-] Dynamic test user a6cbe9ed79f2438b9740cfa1247074dc is created with scope project and roles: ['member']
2025-04-08 14:17:31.179 69654 INFO tempest.lib.common.dynamic_creds [-] Acquired dynamic creds: credentials: Credentials: {'domain_id': 'default', 'domain_name': 'Default', 'username': 'tempest-FlavorsExtraSpecsNegativeTestJSON-1090296742-project-member', 'project_domain_id': 'default', 'project_domain_name': 'Default', 'project_id': '92f9a1f5d0f94a688e1c440501421297', 'project_name': 'tempest-FlavorsExtraSpecsNegativeTestJSON-1090296742', 'tenant_id': '92f9a1f5d0f94a688e1c440501421297', 'tenant_name': 'tempest-FlavorsExtraSpecsNegativeTestJSON-1090296742', 'user_domain_id': 'default', 'user_domain_name': 'Default', 'user_id': 'a6cbe9ed79f2438b9740cfa1247074dc', 'system': None}, Network: None, Subnet: None, Router: None
2025-04-08 14:17:31.179 69654 INFO tempest.lib.common.dynamic_creds [-] Created isolated network resources for: credentials: Credentials: {'domain_id': 'default', 'domain_name': 'Default', 'username': 'tempest-FlavorsExtraSpecsNegativeTestJSON-1090296742-project-member', 'project_domain_id': 'default', 'project_domain_name': 'Default', 'project_id': '92f9a1f5d0f94a688e1c440501421297', 'project_name': 'tempest-FlavorsExtraSpecsNegativeTestJSON-1090296742', 'tenant_id': '92f9a1f5d0f94a688e1c440501421297', 'tenant_name': 'tempest-FlavorsExtraSpecsNegativeTestJSON-1090296742', 'user_domain_id': 'default', 'user_domain_name': 'Default', 'user_id': 'a6cbe9ed79f2438b9740cfa1247074dc', 'system': None}, Network: None, Subnet: None, Router: None
2025-04-08 14:17:31.233 69692 INFO tempest.lib.common.rest_client [req-a78db0b8-2576-4570-b766-9b3d9a92ece9 req-a78db0b8-2576-4570-b766-9b3d9a92ece9 ] Request (ServersAdmin275Test:_run_cleanups): 200 GET http://10.180.1.21/compute/v2.1/servers/64aea4a9-d672-473a-b00c-e3aeaa544c14 1.248s
2025-04-08 14:17:31.319 69654 INFO tempest.lib.common.rest_client [req-7d80d9fe-2a43-470d-bf55-22c99efcaba9 req-7d80d9fe-2a43-470d-bf55-22c99efcaba9 ] Request (FlavorsExtraSpecsNegativeTestJSON:setUpClass): 201 POST http://10.180.1.21/identity/v3/auth/tokens 0.135s
2025-04-08 14:17:31.351 69690 INFO tempest.lib.common.rest_client [req-187b561f-ea25-4bb4-8126-070115261b4b req-187b561f-ea25-4bb4-8126-070115261b4b ] Request (FloatingIPsAssociationTestJSON:test_associate_already_associated_floating_ip): 200 GET http://10.180.1.21/compute/v2.1/servers/ad1c3ba7-9981-4eeb-9c4f-afa9ae084977 1.348s
2025-04-08 14:17:31.357 69654 INFO tempest.lib.common.rest_client [req-99963fba-e811-4b9c-a9e3-7ee4e368d194 req-99963fba-e811-4b9c-a9e3-7ee4e368d194 ] Request (FlavorsExtraSpecsNegativeTestJSON:setUpClass): 201 POST http://10.180.1.21/identity/v3/projects 0.037s
2025-04-08 14:17:31.416 69654 INFO tempest.lib.common.rest_client [req-b6a82f27-8080-49da-a5f5-4f740cc0b535 req-b6a82f27-8080-49da-a5f5-4f740cc0b535 ] Request (FlavorsExtraSpecsNegativeTestJSON:setUpClass): 201 POST http://10.180.1.21/identity/v3/users 0.059s
2025-04-08 14:17:31.422 69658 INFO tempest.lib.common.rest_client [req-82d9a948-46cc-4d35-9ee6-0095b446542e req-82d9a948-46cc-4d35-9ee6-0095b446542e ] Request (QuotaClassesAdminTestJSON:tearDownClass): 200 GET http://10.180.1.21:9696/networking/v2.0/security-groups?tenant_id=339a9bfe349944e1a2bdafee4af4dfd1&name=default 0.263s
2025-04-08 14:17:31.435 69654 INFO tempest.lib.common.rest_client [req-cf80a809-955a-4264-9054-6ac6b8a11e0b req-cf80a809-955a-4264-9054-6ac6b8a11e0b ] Request (FlavorsExtraSpecsNegativeTestJSON:setUpClass): 200 GET http://10.180.1.21/identity/v3/roles 0.019s
2025-04-08 14:17:31.465 69686 INFO tempest.lib.common.rest_client [req-9c754cb4-4217-4603-852c-d11b4a8277f4 req-9c754cb4-4217-4603-852c-d11b4a8277f4 ] Request (ServersTestFqdnHostnames:setUpClass): 200 PUT http://10.180.1.21:9696/networking/v2.0/routers/49b95be7-c443-4276-8a33-1d6aa2c2a070/add_router_interface 1.377s
2025-04-08 14:17:31.465 69686 INFO tempest.lib.common.dynamic_creds [-] Created isolated network resources for: credentials: Credentials: {'domain_id': 'default', 'domain_name': 'Default', 'username': 'tempest-ServersTestFqdnHostnames-108401303-project-member', 'project_domain_id': 'default', 'project_domain_name': 'Default', 'project_id': '0e197152489f4cb08a97ae31e213fcbc', 'project_name': 'tempest-ServersTestFqdnHostnames-108401303', 'tenant_id': '0e197152489f4cb08a97ae31e213fcbc', 'tenant_name': 'tempest-ServersTestFqdnHostnames-108401303', 'user_domain_id': 'default', 'user_domain_name': 'Default', 'user_id': '646cd6189a8346f1aac1e750ba34cc8e', 'system': None}, Network: {'id': '84036b99-b844-4890-a1f6-fe1b4937ae4f', 'name': 'tempest-ServersTestFqdnHostnames-1026080023-network', 'tenant_id': '0e197152489f4cb08a97ae31e213fcbc', 'admin_state_up': True, 'mtu': 8950, 'status': 'ACTIVE', 'subnets': [], 'shared': False, 'project_id': '0e197152489f4cb08a97ae31e213fcbc', 'port_security_enabled': True, 'router:external': False, 'provider:network_type': 'vlan', 'provider:physical_network': 'default', 'provider:segmentation_id': 180, 'availability_zone_hints': [], 'availability_zones': [], 'ipv4_address_scope': None, 'ipv6_address_scope': None, 'description': '', 'tags': [], 'created_at': '2025-04-08T14:17:26Z', 'updated_at': '2025-04-08T14:17:26Z', 'revision_number': 1}, Subnet: {'id': 'c52f59e6-6283-4777-9466-85987ffa2ec7', 'name': 'tempest-ServersTestFqdnHostnames-1026080023-subnet', 'tenant_id': '0e197152489f4cb08a97ae31e213fcbc', 'network_id': '84036b99-b844-4890-a1f6-fe1b4937ae4f', 'ip_version': 4, 'subnetpool_id': None, 'enable_dhcp': True, 'ipv6_ra_mode': None, 'ipv6_address_mode': None, 'gateway_ip': '192.168.128.1', 'cidr': '192.168.128.0/28', 'allocation_pools': [{'start': '192.168.128.2', 'end': '192.168.128.14'}], 'host_routes': [], 'dns_nameservers': [], 'description': '', 'router:external': False, 'service_types': [], 'tags': [], 'created_at': '2025-04-08T14:17:27Z', 'updated_at': '2025-04-08T14:17:27Z', 'revision_number': 0, 'project_id': '0e197152489f4cb08a97ae31e213fcbc'}, Router: {'id': '49b95be7-c443-4276-8a33-1d6aa2c2a070', 'name': 'tempest-ServersTestFqdnHostnames-1026080023-router', 'tenant_id': '0e197152489f4cb08a97ae31e213fcbc', 'admin_state_up': True, 'status': 'ACTIVE', 'external_gateway_info': {'network_id': 'eb813f47-6165-4ce3-83c2-5896be1a0339', 'external_fixed_ips': [{'subnet_id': 'ff983d59-814f-4e8d-8d33-221799b65ac6', 'ip_address': '10.180.180.224'}], 'enable_snat': True}, 'description': '', 'availability_zones': [], 'distributed': False, 'ha': False, 'availability_zone_hints': [], 'routes': [], 'flavor_id': None, 'tags': [], 'created_at': '2025-04-08T14:17:28Z', 'updated_at': '2025-04-08T14:17:29Z', 'revision_number': 2, 'project_id': '0e197152489f4cb08a97ae31e213fcbc'}
2025-04-08 14:17:31.472 69654 INFO tempest.lib.common.rest_client [req-1ee6cb8f-1b04-4e7f-8f99-5b46c8da594f req-1ee6cb8f-1b04-4e7f-8f99-5b46c8da594f ] Request (FlavorsExtraSpecsNegativeTestJSON:setUpClass): 204 PUT http://10.180.1.21/identity/v3/projects/7f5d50dcfb734183ae15e30406d98c7f/users/40b88b0931644657981a8da6cb633e97/roles/86c1a9b015044bb9b893450783959f79 0.036s
2025-04-08 14:17:31.494 69640 INFO tempest.lib.common.rest_client [req-b79d9c9c-f177-4de1-962e-56265c7f08d3 req-b79d9c9c-f177-4de1-962e-56265c7f08d3 ] Request (ServerExternalEventsTest:test_create_server_external_events): 200 GET http://10.180.1.21/compute/v2.1/servers/5a75a617-3721-44ba-b844-6c369dfe5f9f 1.627s
2025-04-08 14:17:31.505 69640 INFO tempest.common.waiters [-] State transition "BUILD/spawning" ==> "ACTIVE/None" after 26 second wait
2025-04-08 14:17:31.531 69658 INFO tempest.lib.common.rest_client [req-e0f40a46-89a8-44b8-96bb-507360d7b77e req-e0f40a46-89a8-44b8-96bb-507360d7b77e ] Request (QuotaClassesAdminTestJSON:tearDownClass): 204 DELETE http://10.180.1.21:9696/networking/v2.0/security-groups/49ef7e67-957a-4fb7-8af8-fc56c9b20fc3 0.108s
2025-04-08 14:17:31.535 69654 INFO tempest.lib.common.rest_client [req-1f39a34d-cecb-4fe4-adce-b3ecff4d2752 req-1f39a34d-cecb-4fe4-adce-b3ecff4d2752 ] Request (FlavorsExtraSpecsNegativeTestJSON:setUpClass): 200 GET http://10.180.1.21/identity/v3/roles 0.062s
2025-04-08 14:17:31.544 69686 INFO tempest.lib.common.rest_client [req-c399eb50-c640-45f4-8cc9-6f5db3e92822 req-c399eb50-c640-45f4-8cc9-6f5db3e92822 ] Request (ServersTestFqdnHostnames:setUpClass): 201 POST http://10.180.1.21/identity/v3/auth/tokens 0.075s
2025-04-08 14:17:31.584 69654 INFO tempest.lib.common.rest_client [req-40c03327-d5d8-4889-b8c8-0b7050444d5c req-40c03327-d5d8-4889-b8c8-0b7050444d5c ] Request (FlavorsExtraSpecsNegativeTestJSON:setUpClass): 204 PUT http://10.180.1.21/identity/v3/projects/7f5d50dcfb734183ae15e30406d98c7f/users/40b88b0931644657981a8da6cb633e97/roles/86c1a9b015044bb9b893450783959f79 0.049s
2025-04-08 14:17:31.585 69654 INFO tempest.lib.common.dynamic_creds [-] Dynamic test user 40b88b0931644657981a8da6cb633e97 is created with scope project and roles: ['admin']
2025-04-08 14:17:31.585 69654 INFO tempest.lib.common.dynamic_creds [-] Acquired dynamic creds: credentials: Credentials: {'domain_id': 'default', 'domain_name': 'Default', 'username': 'tempest-FlavorsExtraSpecsNegativeTestJSON-1679544463-project-admin', 'project_domain_id': 'default', 'project_domain_name': 'Default', 'project_id': '7f5d50dcfb734183ae15e30406d98c7f', 'project_name': 'tempest-FlavorsExtraSpecsNegativeTestJSON-1679544463', 'tenant_id': '7f5d50dcfb734183ae15e30406d98c7f', 'tenant_name': 'tempest-FlavorsExtraSpecsNegativeTestJSON-1679544463', 'user_domain_id': 'default', 'user_domain_name': 'Default', 'user_id': '40b88b0931644657981a8da6cb633e97', 'system': None}, Network: None, Subnet: None, Router: None
2025-04-08 14:17:31.585 69654 INFO tempest.lib.common.dynamic_creds [-] Created isolated network resources for: credentials: Credentials: {'domain_id': 'default', 'domain_name': 'Default', 'username': 'tempest-FlavorsExtraSpecsNegativeTestJSON-1679544463-project-admin', 'project_domain_id': 'default', 'project_domain_name': 'Default', 'project_id': '7f5d50dcfb734183ae15e30406d98c7f', 'project_name': 'tempest-FlavorsExtraSpecsNegativeTestJSON-1679544463', 'tenant_id': '7f5d50dcfb734183ae15e30406d98c7f', 'tenant_name': 'tempest-FlavorsExtraSpecsNegativeTestJSON-1679544463', 'user_domain_id': 'default', 'user_domain_name': 'Default', 'user_id': '40b88b0931644657981a8da6cb633e97', 'system': None}, Network: None, Subnet: None, Router: None
2025-04-08 14:17:31.635 69658 INFO tempest.lib.common.rest_client [req-522c1ce1-a29d-4893-8140-ff7e6a15d48a req-522c1ce1-a29d-4893-8140-ff7e6a15d48a ] Request (QuotaClassesAdminTestJSON:tearDownClass): 204 DELETE http://10.180.1.21/identity/v3/projects/339a9bfe349944e1a2bdafee4af4dfd1 0.104s
2025-04-08 14:17:31.636 69658 INFO tempest.lib.common.dynamic_creds [-] Deleting project and security group for project: 18cce1ee06f44952ad20d08ff242da1f
2025-04-08 14:17:31.636 69668 INFO tempest.lib.common.rest_client [req-121366fe-1d8f-40bc-b582-91320e41c383 req-121366fe-1d8f-40bc-b582-91320e41c383 ] Request (ServerDiagnosticsTest:test_get_server_diagnostics): 200 GET http://10.180.1.21/compute/v2.1/servers/61c691d1-514b-44da-b3b4-c4b0475266bb 1.543s
2025-04-08 14:17:31.697 69654 INFO tempest.lib.common.rest_client [req-5faf5604-e3bb-49fa-8749-0d3d21a98350 req-5faf5604-e3bb-49fa-8749-0d3d21a98350 ] Request (FlavorsExtraSpecsNegativeTestJSON:setUpClass): 201 POST http://10.180.1.21/identity/v3/auth/tokens 0.109s
2025-04-08 14:17:31.749 69688 INFO tempest.lib.common.rest_client [req-edd998aa-7bae-48bd-9095-615aac350b52 req-edd998aa-7bae-48bd-9095-615aac350b52 ] Request (ImagesNegativeTestJSON:test_create_image_from_deleted_server): 200 GET http://10.180.1.21/compute/v2.1/servers/82bf4068-a582-4d13-9b88-2ab65a1c4efe 1.477s
2025-04-08 14:17:31.751 69694 INFO tempest.lib.common.rest_client [req-a6075f01-c531-4f57-82d6-d7b3a945cdea req-a6075f01-c531-4f57-82d6-d7b3a945cdea ] Request (ServerActionsTestOtherB:setUpClass): 200 PUT http://10.180.1.21:9696/networking/v2.0/floatingips/69b54e67-90b9-4466-b496-75592007e5f2 1.961s
2025-04-08 14:17:31.759 69694 INFO tempest.lib.common.ssh [-] Creating ssh connection to '10.180.180.205:22' as 'cirros' with public key authentication
2025-04-08 14:17:31.760 69688 INFO tempest.common.waiters [-] State transition "BUILD/None" ==> "BUILD/networking" after 19 second wait
2025-04-08 14:17:31.766 69680 INFO tempest.lib.common.rest_client [req-009e92c2-c711-4e56-af91-669b6b18753d req-009e92c2-c711-4e56-af91-669b6b18753d ] Request (FloatingIPsAssociationNegativeTestJSON:setUpClass): 200 GET http://10.180.1.21/compute/v2.1/servers/64eaf31f-fef5-4a5e-93be-23f9ac796162 1.741s
2025-04-08 14:17:31.770 69650 INFO tempest.lib.common.rest_client [req-55714fc0-6836-4acf-851e-5975b5845c0d req-55714fc0-6836-4acf-851e-5975b5845c0d ] Request (ImagesMetadataNegativeTestJSON:tearDownClass): 200 GET http://10.180.1.21:9696/networking/v2.0/security-groups?tenant_id=c109381f43624e6fbbd6f27b876734cf&name=default 0.635s
2025-04-08 14:17:31.817 69658 INFO tempest.lib.common.rest_client [req-9b853f6b-0f9c-4920-ba9d-1200020b1c9f req-9b853f6b-0f9c-4920-ba9d-1200020b1c9f ] Request (QuotaClassesAdminTestJSON:tearDownClass): 200 GET http://10.180.1.21:9696/networking/v2.0/security-groups?tenant_id=18cce1ee06f44952ad20d08ff242da1f&name=default 0.181s
2025-04-08 14:17:31.963 69678 INFO tempest.lib.common.rest_client [req-6511e8db-7221-4578-8f03-e04121ae90db req-6511e8db-7221-4578-8f03-e04121ae90db ] Request (ServersV294TestFqdnHostnames:setUpClass): 201 POST http://10.180.1.21:9696/networking/v2.0/floatingips 1.824s
2025-04-08 14:17:32.029 69678 INFO tempest.lib.common.rest_client [req-a00d8bb6-e43b-4c27-b687-266b74eeba41 req-a00d8bb6-e43b-4c27-b687-266b74eeba41 ] Request (ServersV294TestFqdnHostnames:setUpClass): 201 POST http://10.180.1.21/identity/v3/auth/tokens 0.060s
2025-04-08 14:17:32.029 69678 INFO tempest.lib.common.fixed_network [-] (ServersV294TestFqdnHostnames:setUpClass) Found network {'id': '9a0102f5-360b-4038-99ff-94d9224b4588', 'name': 'tempest-ServersV294TestFqdnHostnames-583191949-network', 'tenant_id': '3a97e43512e94b5491ee1da65d4dc099', 'admin_state_up': True, 'mtu': 8950, 'status': 'ACTIVE', 'subnets': [], 'shared': False, 'project_id': '3a97e43512e94b5491ee1da65d4dc099', 'port_security_enabled': True, 'router:external': False, 'provider:network_type': 'vlan', 'provider:physical_network': 'default', 'provider:segmentation_id': 176, 'availability_zone_hints': [], 'availability_zones': [], 'ipv4_address_scope': None, 'ipv6_address_scope': None, 'description': '', 'tags': [], 'created_at': '2025-04-08T14:17:23Z', 'updated_at': '2025-04-08T14:17:23Z', 'revision_number': 1} available for tenant
2025-04-08 14:17:32.095 69658 INFO tempest.lib.common.rest_client [req-1279aa1d-21d8-49cb-b970-b9c86981e944 req-1279aa1d-21d8-49cb-b970-b9c86981e944 ] Request (QuotaClassesAdminTestJSON:tearDownClass): 204 DELETE http://10.180.1.21:9696/networking/v2.0/security-groups/b306f4d6-1d95-4fb4-b192-fac413c8688c 0.277s
2025-04-08 14:17:32.099 69650 INFO tempest.lib.common.rest_client [req-0cdfc899-fec8-4559-b949-d78246faf56b req-0cdfc899-fec8-4559-b949-d78246faf56b ] Request (ImagesMetadataNegativeTestJSON:tearDownClass): 204 DELETE http://10.180.1.21:9696/networking/v2.0/security-groups/1b2e5c3f-1852-432b-be8d-20a977454caf 0.328s
2025-04-08 14:17:32.110 69696 INFO tempest.lib.common.rest_client [req-97b1d6a0-8e19-46cb-9d5c-b79e6dc7342b req-97b1d6a0-8e19-46cb-9d5c-b79e6dc7342b ] Request (VolumesAssistedSnapshotsTest:test_volume_assisted_snapshot_create_delete): 200 GET http://10.180.1.21/compute/v2.1/servers/a3daa3e4-fd53-4dc7-829b-a082157bcfa2 1.836s
2025-04-08 14:17:32.206 69636 INFO tempest.lib.common.rest_client [req-40451334-5391-4022-a165-3d9f5940cb9f req-40451334-5391-4022-a165-3d9f5940cb9f ] Request (SecurityGroupRulesTestJSON:test_security_group_rules_create): 200 POST http://10.180.1.21/compute/v2.1/os-security-groups 1.881s
2025-04-08 14:17:32.221 69658 INFO tempest.lib.common.rest_client [req-5cc6f3de-dc6d-4084-9342-85b79260e987 req-5cc6f3de-dc6d-4084-9342-85b79260e987 ] Request (QuotaClassesAdminTestJSON:tearDownClass): 204 DELETE http://10.180.1.21/identity/v3/projects/18cce1ee06f44952ad20d08ff242da1f 0.126s
2025-04-08 14:17:32.240 69666 INFO tempest.lib.common.rest_client [req-303251f3-8fc3-48b3-9c6d-ea4530e878d9 req-303251f3-8fc3-48b3-9c6d-ea4530e878d9 ] Request (ServerDiskConfigTestJSON:test_rebuild_server_with_auto_disk_config): 200 GET http://10.180.1.21/compute/v2.1/servers/6426b2b9-06d3-4c6f-9899-46bb73ceb6ec 1.862s
2025-04-08 14:17:32.246 69650 INFO tempest.lib.common.rest_client [req-1e4a8949-905f-4c8f-b924-a2b8e94fa6bd req-1e4a8949-905f-4c8f-b924-a2b8e94fa6bd ] Request (ImagesMetadataNegativeTestJSON:tearDownClass): 204 DELETE http://10.180.1.21/identity/v3/projects/c109381f43624e6fbbd6f27b876734cf 0.147s
2025-04-08 14:17:32.249 69666 INFO tempest.common.waiters [-] State transition "BUILD/networking" ==> "BUILD/spawning" after 22 second wait
2025-04-08 14:17:32.318 69658 INFO tempest.lib.common.rest_client [req-caa0a8d8-25a1-453f-9784-89217f70c388 req-caa0a8d8-25a1-453f-9784-89217f70c388 ] Request (ServicesAdminNegativeTestJSON:setUpClass): 201 POST http://10.180.1.21/identity/v3/auth/tokens 0.095s
2025-04-08 14:17:32.344 69650 INFO tempest.lib.common.rest_client [req-90846636-2b8a-4619-ad88-82853a102dba req-90846636-2b8a-4619-ad88-82853a102dba ] Request (MultipleCreateTestJSON:setUpClass): 201 POST http://10.180.1.21/identity/v3/auth/tokens 0.097s
2025-04-08 14:17:32.354 69682 INFO tempest.lib.common.rest_client [req-40fd37f3-6cad-47ac-8c82-4a87fb44dc61 req-40fd37f3-6cad-47ac-8c82-4a87fb44dc61 ] Request (ServersWithSpecificFlavorTestJSON:test_verify_created_server_ephemeral_disk): 200 GET http://10.180.1.21/compute/v2.1/servers/0ad6371c-fa25-42ab-8fd3-8fd9e9c64ddd 1.783s
2025-04-08 14:17:32.368 69658 INFO tempest.lib.common.rest_client [req-18e30f9b-aefd-43c1-886b-bc845ead5f80 req-18e30f9b-aefd-43c1-886b-bc845ead5f80 ] Request (ServicesAdminNegativeTestJSON:setUpClass): 201 POST http://10.180.1.21/identity/v3/auth/tokens 0.047s
2025-04-08 14:17:32.391 69658 INFO tempest.lib.common.rest_client [req-2a4300b2-5acc-4499-897b-211612f6746d req-2a4300b2-5acc-4499-897b-211612f6746d ] Request (ServicesAdminNegativeTestJSON:setUpClass): 200 GET http://10.180.1.21/identity/v3/domains?name=Default 0.023s
2025-04-08 14:17:32.392 69650 INFO tempest.lib.common.rest_client [req-5fd0bb87-a110-4388-a48c-4b6c7526fc76 req-5fd0bb87-a110-4388-a48c-4b6c7526fc76 ] Request (MultipleCreateTestJSON:setUpClass): 201 POST http://10.180.1.21/identity/v3/auth/tokens 0.043s
2025-04-08 14:17:32.400 69644 INFO tempest.lib.common.rest_client [req-752b7240-b289-410f-9cc7-07dd303ccb0b req-752b7240-b289-410f-9cc7-07dd303ccb0b ] Request (ServerActionsV293TestJSON:setUpClass): 201 POST http://10.180.1.21/compute/v2.1/os-keypairs 1.908s
2025-04-08 14:17:32.416 69674 INFO tempest.lib.common.rest_client [req-911a47cb-d40b-4b03-a3d4-521057f364ce req-911a47cb-d40b-4b03-a3d4-521057f364ce ] Request (TenantUsagesTestJSON:setUpClass): 200 GET http://10.180.1.21/compute/v2.1/servers/2c565c5e-87c9-4951-8798-dde366617001 1.725s
2025-04-08 14:17:32.423 69650 INFO tempest.lib.common.rest_client [req-b0240cb3-60db-4186-a8b1-00c9d3e27c7d req-b0240cb3-60db-4186-a8b1-00c9d3e27c7d ] Request (MultipleCreateTestJSON:setUpClass): 200 GET http://10.180.1.21/identity/v3/domains?name=Default 0.030s
2025-04-08 14:17:32.424 69658 INFO tempest.lib.common.rest_client [req-fa9d9b05-df53-4108-93c1-32022198820d req-fa9d9b05-df53-4108-93c1-32022198820d ] Request (ServicesAdminNegativeTestJSON:setUpClass): 201 POST http://10.180.1.21/identity/v3/projects 0.031s
2025-04-08 14:17:32.462 69634 INFO tempest.lib.common.rest_client [req-55c02c2b-9f5d-4ef9-ba99-4bec7fc2f9d4 req-55c02c2b-9f5d-4ef9-ba99-4bec7fc2f9d4 ] Request (FlavorsAdminTestJSON:test_list_non_public_flavor): 200 POST http://10.180.1.21/compute/v2.1/flavors 1.503s
2025-04-08 14:17:32.503 69650 INFO tempest.lib.common.rest_client [req-b0f9c13a-8652-4972-b0c2-d9eb0008c213 req-b0f9c13a-8652-4972-b0c2-d9eb0008c213 ] Request (MultipleCreateTestJSON:setUpClass): 201 POST http://10.180.1.21/identity/v3/projects 0.079s
2025-04-08 14:17:32.503 69676 INFO tempest.lib.common.rest_client [req-b753ab63-53a6-4773-844d-a2eff9174ec5 req-b753ab63-53a6-4773-844d-a2eff9174ec5 ] Request (ServersAdminNegativeTestJSON:setUpClass): 200 GET http://10.180.1.21/compute/v2.1/servers/896b5a42-7f68-4ddb-aa23-c2c9b2fc95b3 1.576s
2025-04-08 14:17:32.504 69658 INFO tempest.lib.common.rest_client [req-4d4070b2-6f57-488f-bd83-6bd401f102aa req-4d4070b2-6f57-488f-bd83-6bd401f102aa ] Request (ServicesAdminNegativeTestJSON:setUpClass): 201 POST http://10.180.1.21/identity/v3/users 0.079s
2025-04-08 14:17:32.550 69648 INFO tempest.lib.common.rest_client [req-57814588-e076-4d9e-81ea-0c888814a788 req-57814588-e076-4d9e-81ea-0c888814a788 ] Request (InstanceActionsTestJSON:tearDownClass): 200 GET http://10.180.1.21/compute/v2.1/servers/65fceb63-2326-4d32-8281-2b7402fa4d5c 1.566s
2025-04-08 14:17:32.577 69650 INFO tempest.lib.common.rest_client [req-b2e02aff-27e4-4334-bf8e-b81b04c88b24 req-b2e02aff-27e4-4334-bf8e-b81b04c88b24 ] Request (MultipleCreateTestJSON:setUpClass): 201 POST http://10.180.1.21/identity/v3/users 0.074s
2025-04-08 14:17:32.586 69652 INFO tempest.lib.common.rest_client [req-fe31c524-b36f-455f-a811-42a22a17d8ff req-fe31c524-b36f-455f-a811-42a22a17d8ff ] Request (ServersAdminTestJSON:setUpClass): 200 GET http://10.180.1.21/compute/v2.1/servers/bb4003d9-d483-4eb6-a7db-cc067adad217 1.485s
2025-04-08 14:17:32.615 69658 INFO tempest.lib.common.rest_client [req-a23176cf-5118-4be2-965c-ed20ac38151c req-a23176cf-5118-4be2-965c-ed20ac38151c ] Request (ServicesAdminNegativeTestJSON:setUpClass): 200 GET http://10.180.1.21/identity/v3/roles 0.111s
2025-04-08 14:17:32.616 69650 INFO tempest.lib.common.rest_client [req-35775bf2-f78e-4553-bad6-757fd36a5b68 req-35775bf2-f78e-4553-bad6-757fd36a5b68 ] Request (MultipleCreateTestJSON:setUpClass): 200 GET http://10.180.1.21/identity/v3/roles 0.038s
2025-04-08 14:17:32.623 69670 INFO tempest.lib.common.rest_client [req-9a32c034-9792-4551-827f-2bf1315c09c8 req-9a32c034-9792-4551-827f-2bf1315c09c8 ] Request (ImagesMetadataTestJSON:test_list_image_metadata): 200 GET http://10.180.1.21/compute/v2.1/images/da2a53fa-9641-4605-8603-b38255abe51f/metadata 1.503s
2025-04-08 14:17:32.671 69658 INFO tempest.lib.common.rest_client [req-293554b1-70e9-4dad-87ef-baf295c9af93 req-293554b1-70e9-4dad-87ef-baf295c9af93 ] Request (ServicesAdminNegativeTestJSON:setUpClass): 204 PUT http://10.180.1.21/identity/v3/projects/5fd77d60b70043c6b85194f7d65a9429/users/df147612fb574c88805b1f4440f6ffaa/roles/1bce94b911a3466b82b78ba1e59b514c 0.055s
2025-04-08 14:17:32.671 69658 INFO tempest.lib.common.dynamic_creds [-] Dynamic test user df147612fb574c88805b1f4440f6ffaa is created with scope project and roles: ['member']
2025-04-08 14:17:32.672 69658 INFO tempest.lib.common.dynamic_creds [-] Acquired dynamic creds: credentials: Credentials: {'domain_id': 'default', 'domain_name': 'Default', 'username': 'tempest-ServicesAdminNegativeTestJSON-69047216-project-member', 'project_domain_id': 'default', 'project_domain_name': 'Default', 'project_id': '5fd77d60b70043c6b85194f7d65a9429', 'project_name': 'tempest-ServicesAdminNegativeTestJSON-69047216', 'tenant_id': '5fd77d60b70043c6b85194f7d65a9429', 'tenant_name': 'tempest-ServicesAdminNegativeTestJSON-69047216', 'user_domain_id': 'default', 'user_domain_name': 'Default', 'user_id': 'df147612fb574c88805b1f4440f6ffaa', 'system': None}, Network: None, Subnet: None, Router: None
2025-04-08 14:17:32.672 69658 INFO tempest.lib.common.dynamic_creds [-] Created isolated network resources for: credentials: Credentials: {'domain_id': 'default', 'domain_name': 'Default', 'username': 'tempest-ServicesAdminNegativeTestJSON-69047216-project-member', 'project_domain_id': 'default', 'project_domain_name': 'Default', 'project_id': '5fd77d60b70043c6b85194f7d65a9429', 'project_name': 'tempest-ServicesAdminNegativeTestJSON-69047216', 'tenant_id': '5fd77d60b70043c6b85194f7d65a9429', 'tenant_name': 'tempest-ServicesAdminNegativeTestJSON-69047216', 'user_domain_id': 'default', 'user_domain_name': 'Default', 'user_id': 'df147612fb574c88805b1f4440f6ffaa', 'system': None}, Network: None, Subnet: None, Router: None
2025-04-08 14:17:32.674 69650 INFO tempest.lib.common.rest_client [req-d9ce04d0-f5ce-48b9-ba65-6532f6a7b738 req-d9ce04d0-f5ce-48b9-ba65-6532f6a7b738 ] Request (MultipleCreateTestJSON:setUpClass): 204 PUT http://10.180.1.21/identity/v3/projects/f4e7639e6e6d464ca1878c0cb6d09d7f/users/8838307fae9f4f1393432ae08d93037d/roles/1bce94b911a3466b82b78ba1e59b514c 0.058s
2025-04-08 14:17:32.674 69650 INFO tempest.lib.common.dynamic_creds [-] Dynamic test user 8838307fae9f4f1393432ae08d93037d is created with scope project and roles: ['member']
2025-04-08 14:17:32.675 69650 INFO tempest.lib.common.dynamic_creds [-] Acquired dynamic creds: credentials: Credentials: {'domain_id': 'default', 'domain_name': 'Default', 'username': 'tempest-MultipleCreateTestJSON-1126152009-project-member', 'project_domain_id': 'default', 'project_domain_name': 'Default', 'project_id': 'f4e7639e6e6d464ca1878c0cb6d09d7f', 'project_name': 'tempest-MultipleCreateTestJSON-1126152009', 'tenant_id': 'f4e7639e6e6d464ca1878c0cb6d09d7f', 'tenant_name': 'tempest-MultipleCreateTestJSON-1126152009', 'user_domain_id': 'default', 'user_domain_name': 'Default', 'user_id': '8838307fae9f4f1393432ae08d93037d', 'system': None}, Network: None, Subnet: None, Router: None
2025-04-08 14:17:32.697 69638 INFO tempest.lib.common.rest_client [req-b8cb0137-7db7-4cd8-9f3e-cff15450566b req-b8cb0137-7db7-4cd8-9f3e-cff15450566b ] Request (DeleteServersAdminTestJSON:test_admin_delete_servers_of_others): 200 GET http://10.180.1.21/compute/v2.1/servers/4267677a-a170-4790-b847-c4f077b37015 1.572s
2025-04-08 14:17:32.734 69642 INFO tempest.lib.common.rest_client [req-58b13f6b-deb9-417f-9913-41af435f10f8 req-58b13f6b-deb9-417f-9913-41af435f10f8 ] Request (ServersTestBootFromVolume:setUpClass): 200 GET http://10.180.1.21/compute/v2.1/servers/c6cb2dac-6d8a-4319-9e26-c12d31e8a733 1.498s
2025-04-08 14:17:32.773 69644 INFO tempest.lib.common.rest_client [req-c87a79cc-21d1-4be5-a4db-cbfd4727a364 req-c87a79cc-21d1-4be5-a4db-cbfd4727a364 ] Request (ServerActionsV293TestJSON:setUpClass): 201 POST http://10.180.1.21:9696/networking/v2.0/security-groups 0.371s
2025-04-08 14:17:32.792 69662 INFO tempest.lib.common.rest_client [req-72f47dda-f0ef-4512-9e76-07a354a9c607 req-72f47dda-f0ef-4512-9e76-07a354a9c607 ] Request (ServerDiagnosticsNegativeTest:test_get_server_diagnostics_by_non_admin): 200 GET http://10.180.1.21/compute/v2.1/servers/24afcbbb-1869-4ed4-880a-d7a2e6c312ad 1.472s
2025-04-08 14:17:32.807 69650 INFO tempest.lib.common.rest_client [req-1bc679c6-5cb7-4aec-9752-b4f5edd28372 req-1bc679c6-5cb7-4aec-9752-b4f5edd28372 ] Request (MultipleCreateTestJSON:setUpClass): 201 POST http://10.180.1.21/identity/v3/auth/tokens 0.131s
2025-04-08 14:17:32.839 69672 INFO tempest.lib.common.rest_client [req-a47c6211-edd4-452a-ab7e-351d431d2bb7 req-a47c6211-edd4-452a-ab7e-351d431d2bb7 ] Request (ServerDiagnosticsV248Test:tearDownClass): 200 GET http://10.180.1.21/compute/v2.1/servers/0041a723-fd77-4df2-b91f-5d2461c8f5c4 1.396s
2025-04-08 14:17:32.852 69672 INFO tempest.common.waiters [-] State transition "ACTIVE/deleting" ==> "DELETED/None" after 4 second wait
2025-04-08 14:17:32.923 69644 INFO tempest.lib.common.rest_client [req-b59aa817-d9ad-4fc6-a981-b443c5cee08d req-b59aa817-d9ad-4fc6-a981-b443c5cee08d ] Request (ServerActionsV293TestJSON:setUpClass): 201 POST http://10.180.1.21:9696/networking/v2.0/security-group-rules 0.149s
