2025-04-08 14:16:42.451 69654 INFO tempest.lib.common.rest_client [req-53597d68-95a3-4829-b78e-045ee85bae89 req-53597d68-95a3-4829-b78e-045ee85bae89 ] Request (AggregatesAdminNegativeTestJSON:setUpClass): 201 POST http://10.180.1.21/identity/v3/projects 0.934s
2025-04-08 14:16:42.460 69670 INFO tempest.lib.common.rest_client [req-fe761cb4-198e-4ce9-80f3-e2f158b14314 req-fe761cb4-198e-4ce9-80f3-e2f158b14314 ] Request (NetworksTest:setUpClass): 200 GET http://10.180.1.21/identity/v3/roles 0.956s
2025-04-08 14:16:42.465 69656 INFO tempest.lib.common.rest_client [req-62464b98-0310-4f9e-a038-a4af10b019c2 req-62464b98-0310-4f9e-a038-a4af10b019c2 ] Request (ServerActionsTestOtherA:setUpClass): 201 POST http://10.180.1.21:9696/networking/v2.0/security-group-rules 0.090s
2025-04-08 14:16:42.512 69638 INFO tempest.lib.common.rest_client [req-0e8e244a-541d-4fd6-9d17-fbf9486fa6f6 req-0e8e244a-541d-4fd6-9d17-fbf9486fa6f6 ] Request (DeleteServersAdminTestJSON:setUpClass): 200 GET http://10.180.1.21/identity/v3/roles 0.936s
2025-04-08 14:16:42.551 69656 INFO tempest.lib.common.rest_client [req-8bd356a1-9d87-4c02-846b-b2c6ef01515e req-8bd356a1-9d87-4c02-846b-b2c6ef01515e ] Request (ServerActionsTestOtherA:setUpClass): 201 POST http://10.180.1.21:9696/networking/v2.0/security-group-rules 0.086s
2025-04-08 14:16:42.552 69672 INFO tempest.lib.common.rest_client [req-6dc90168-15cd-4784-a1a1-67179895666f req-6dc90168-15cd-4784-a1a1-67179895666f ] Request (ServerDiagnosticsV248Test:setUpClass): 201 POST http://10.180.1.21/identity/v3/users 0.860s
2025-04-08 14:16:42.558 69682 INFO tempest.lib.common.rest_client [req-c1bbf76b-6c02-4ad3-a022-b0c6a64c2128 req-c1bbf76b-6c02-4ad3-a022-b0c6a64c2128 ] Request (ServersWithSpecificFlavorTestJSON:setUpClass): 201 POST http://10.180.1.21:9696/networking/v2.0/routers 0.684s
2025-04-08 14:16:42.667 69642 INFO tempest.lib.common.rest_client [req-1e90b6b3-d39c-4871-b145-1b9fea966c63 req-1e90b6b3-d39c-4871-b145-1b9fea966c63 ] Request (AZV2TestJSON:tearDownClass): 204 DELETE http://10.180.1.21/identity/v3/users/503e4248795e409da41c2e121710afd3 0.970s
2025-04-08 14:16:42.667 69642 INFO tempest.lib.common.dynamic_creds [-] Deleting project and security group for project: 662eeaa44eee4c4482e640d1c75ae4cd
2025-04-08 14:16:42.724 69676 INFO tempest.lib.common.rest_client [req-7df664e9-6be9-45ee-a2e2-02b1c68daff8 req-7df664e9-6be9-45ee-a2e2-02b1c68daff8 ] Request (FlavorsExtraSpecsTestJSON:setUpClass): 200 GET http://10.180.1.21/identity/v3/roles 0.978s
2025-04-08 14:16:42.741 69636 INFO tempest.lib.common.rest_client [req-cd1ca285-96f7-4667-b558-0f7634bd9c51 req-cd1ca285-96f7-4667-b558-0f7634bd9c51 ] Request (AZAdminNegativeTestJSON:setUpClass): 201 POST http://10.180.1.21/identity/v3/users 0.988s
2025-04-08 14:16:42.772 69680 INFO tempest.lib.common.rest_client [req-3c80a0be-370d-4c24-a9c9-40e4f6adc3f7 req-3c80a0be-370d-4c24-a9c9-40e4f6adc3f7 ] Request (ServicesAdminTestJSON:setUpClass): 200 GET http://10.180.1.21/identity/v3/roles 0.951s
2025-04-08 14:16:42.796 69692 INFO tempest.lib.common.rest_client [req-4c326c73-8830-4aa6-a221-aff378a46c1a req-4c326c73-8830-4aa6-a221-aff378a46c1a ] Request (ServersAdmin275Test:setUpClass): 200 GET http://10.180.1.21/identity/v3/roles 0.954s
2025-04-08 14:16:42.805 69650 INFO tempest.lib.common.rest_client [req-91c9a2d9-2967-40fd-b273-6762cbecc4bf req-91c9a2d9-2967-40fd-b273-6762cbecc4bf ] Request (HostsAdminNegativeTestJSON:setUpClass): 201 POST http://10.180.1.21/identity/v3/auth/tokens 1.039s
2025-04-08 14:16:42.830 69690 INFO tempest.lib.common.rest_client [req-0332ac10-e4be-49d3-be54-cb7d4fb4d7d4 req-0332ac10-e4be-49d3-be54-cb7d4fb4d7d4 ] Request (AZAdminV2TestJSON:setUpClass): 201 POST http://10.180.1.21/identity/v3/users 0.978s
2025-04-08 14:16:42.844 69684 INFO tempest.lib.common.rest_client [req-3b449d52-219e-4e38-a871-5f8a4d1b0372 req-3b449d52-219e-4e38-a871-5f8a4d1b0372 ] Request (MigrationsAdminTest:setUpClass): 201 POST http://10.180.1.21/identity/v3/users 0.921s
2025-04-08 14:16:42.872 69634 INFO tempest.lib.common.rest_client [req-d9429ba3-78b3-41e6-8cf9-f61b4f23f01a req-d9429ba3-78b3-41e6-8cf9-f61b4f23f01a ] Request (FlavorsAdminTestJSON:setUpClass): 200 GET http://10.180.1.21/identity/v3/roles 0.859s
2025-04-08 14:16:42.877 69696 INFO tempest.lib.common.rest_client [req-f45c0f8c-7684-437c-8592-6cd732c90773 req-f45c0f8c-7684-437c-8592-6cd732c90773 ] Request (VolumesAssistedSnapshotsTest:setUpClass): 201 POST http://10.180.1.21:9696/networking/v2.0/networks 1.336s
2025-04-08 14:16:42.899 69674 INFO tempest.lib.common.rest_client [req-439e2eda-748e-49f6-b1ee-40736ec595b9 req-439e2eda-748e-49f6-b1ee-40736ec595b9 ] Request (KeyPairsV210TestJSON:tearDownClass): 204 DELETE http://10.180.1.21/identity/v3/users/0852e5436cec41e9b7849f5d5f491627 0.940s
2025-04-08 14:16:42.899 69674 INFO tempest.lib.common.dynamic_creds [-] Deleting project and security group for project: 20bd9b35b8d440a6a4899294de7667f6
2025-04-08 14:16:42.952 69656 INFO tempest.lib.common.rest_client [req-20fa2630-301d-423b-98c1-f3637a178d4d req-20fa2630-301d-423b-98c1-f3637a178d4d ] Request (ServerActionsTestOtherA:setUpClass): 201 POST http://10.180.1.21:9696/networking/v2.0/floatingips 0.401s
2025-04-08 14:16:42.956 69678 INFO tempest.lib.common.rest_client [req-0cceef89-9c3b-4694-bc17-4fe1729097d6 req-0cceef89-9c3b-4694-bc17-4fe1729097d6 ] Request (HostsAdminTestJSON:setUpClass): 201 POST http://10.180.1.21/identity/v3/users 0.901s
2025-04-08 14:16:42.957 69644 INFO tempest.lib.common.rest_client [req-687d57a3-da08-4ef8-af46-0fafa9352b21 req-687d57a3-da08-4ef8-af46-0fafa9352b21 ] Request (HypervisorAdminNegativeUnderV252Test:setUpClass): 201 POST http://10.180.1.21/identity/v3/users 0.904s
2025-04-08 14:16:42.986 69666 INFO tempest.lib.common.rest_client [req-a7cc2f9c-827c-40c1-8bf4-3dd73f1a3014 req-a7cc2f9c-827c-40c1-8bf4-3dd73f1a3014 ] Request (HypervisorAdminV228Test:setUpClass): 201 POST http://10.180.1.21/identity/v3/users 0.873s
2025-04-08 14:16:43.028 69640 INFO tempest.lib.common.rest_client [req-81a6fd88-f833-432e-88ce-e8601cba8c77 req-81a6fd88-f833-432e-88ce-e8601cba8c77 ] Request (QuotasAdminTestV257:setUpClass): 201 POST http://10.180.1.21/identity/v3/auth/tokens 0.924s
2025-04-08 14:16:43.031 69658 INFO tempest.lib.common.rest_client [req-ed519241-cc1f-4b93-b37c-c7581e3320a7 req-ed519241-cc1f-4b93-b37c-c7581e3320a7 ] Request (QuotaClassesAdminTestJSON:setUpClass): 201 POST http://10.180.1.21/identity/v3/users 0.854s
2025-04-08 14:16:43.033 69640 WARNING tempest.lib.common.rest_client [-] Deprecated: "tenant_id" property is deprecated for removal, use "project_id" instead
2025-04-08 14:16:43.059 69652 INFO tempest.lib.common.rest_client [req-d039db2e-e070-4dae-ba54-6b6e3d58a01e req-d039db2e-e070-4dae-ba54-6b6e3d58a01e ] Request (QuotaClassesAdmin257Test:setUpClass): 200 GET http://10.180.1.21/identity/v3/roles 0.812s
2025-04-08 14:16:43.061 69668 INFO tempest.lib.common.rest_client [req-689e6f2a-5e8a-4f91-8d87-9a8deccd833c req-689e6f2a-5e8a-4f91-8d87-9a8deccd833c ] Request (SecurityGroupsTestAdminJSON:setUpClass): 201 POST http://10.180.1.21/identity/v3/users 0.818s
2025-04-08 14:16:43.089 69662 INFO tempest.lib.common.rest_client [req-853300bf-d28a-4fa9-a952-fe2a45250654 req-853300bf-d28a-4fa9-a952-fe2a45250654 ] Request (FlavorsAccessTestJSON:setUpClass): 201 POST http://10.180.1.21/identity/v3/users 0.783s
2025-04-08 14:16:43.120 69660 INFO tempest.lib.common.rest_client [req-80c8df4f-51c3-4dc7-b7c4-3af6a113e946 req-80c8df4f-51c3-4dc7-b7c4-3af6a113e946 ] Request (FlavorMetadataValidation:setUpClass): 201 POST http://10.180.1.21/identity/v3/users 0.805s
2025-04-08 14:16:43.143 69696 INFO tempest.lib.common.rest_client [req-79f0017a-7d43-4c0d-bb86-87be7044327d req-79f0017a-7d43-4c0d-bb86-87be7044327d ] Request (VolumesAssistedSnapshotsTest:setUpClass): 201 POST http://10.180.1.21:9696/networking/v2.0/subnets 0.265s
2025-04-08 14:16:43.169 69686 INFO tempest.lib.common.rest_client [req-950cd23b-eec4-459d-9505-db8a236d13d3 req-950cd23b-eec4-459d-9505-db8a236d13d3 ] Request (FlavorsAccessNegativeTestJSON:setUpClass): 201 POST http://10.180.1.21/identity/v3/users 0.790s
2025-04-08 14:16:43.190 69664 INFO tempest.lib.common.rest_client [req-3e009d3b-bc5f-439f-b375-26f28f601d92 req-3e009d3b-bc5f-439f-b375-26f28f601d92 ] Request (VolumesAdminNegativeTest:setUpClass): 201 POST http://10.180.1.21/identity/v3/auth/tokens 0.822s
2025-04-08 14:16:43.191 69688 INFO tempest.lib.common.rest_client [req-0595d04a-d3b8-4c21-bb5d-1e3b568c3790 req-0595d04a-d3b8-4c21-bb5d-1e3b568c3790 ] Request (HypervisorAdminUnderV252Test:setUpClass): 200 GET http://10.180.1.21/identity/v3/roles 0.795s
2025-04-08 14:16:43.218 69654 INFO tempest.lib.common.rest_client [req-31f58878-5c42-455e-8f2a-760ea0566e34 req-31f58878-5c42-455e-8f2a-760ea0566e34 ] Request (AggregatesAdminNegativeTestJSON:setUpClass): 201 POST http://10.180.1.21/identity/v3/users 0.766s
2025-04-08 14:16:43.219 69670 INFO tempest.lib.common.rest_client [req-045e4485-c393-4cf3-8ff1-056bbc852713 req-045e4485-c393-4cf3-8ff1-056bbc852713 ] Request (NetworksTest:setUpClass): 204 PUT http://10.180.1.21/identity/v3/projects/1d8c9b4f056246beb1e414ee895b264d/users/4a9596029f65474cb71189bb74735ba0/roles/86c1a9b015044bb9b893450783959f79 0.759s
2025-04-08 14:16:43.268 69672 INFO tempest.lib.common.rest_client [req-7c388757-c7c0-45fb-aef5-667d457547c7 req-7c388757-c7c0-45fb-aef5-667d457547c7 ] Request (ServerDiagnosticsV248Test:setUpClass): 200 GET http://10.180.1.21/identity/v3/roles 0.715s
2025-04-08 14:16:43.271 69638 INFO tempest.lib.common.rest_client [req-f9d8f3d8-f6a0-4b9b-bca9-7b34f1f859b0 req-f9d8f3d8-f6a0-4b9b-bca9-7b34f1f859b0 ] Request (DeleteServersAdminTestJSON:setUpClass): 204 PUT http://10.180.1.21/identity/v3/projects/a962a426142b41f9bc8c43a307928588/users/dee05ac9e86a4454ba984f6a062a6297/roles/86c1a9b015044bb9b893450783959f79 0.758s
2025-04-08 14:16:43.272 69638 INFO tempest.lib.common.dynamic_creds [-] Dynamic test user dee05ac9e86a4454ba984f6a062a6297 is created with scope project and roles: ['admin']
2025-04-08 14:16:43.272 69638 INFO tempest.lib.common.dynamic_creds [-] Acquired dynamic creds: credentials: Credentials: {'domain_id': 'default', 'domain_name': 'Default', 'username': 'tempest-DeleteServersAdminTestJSON-499306391-project-admin', 'project_domain_id': 'default', 'project_domain_name': 'Default', 'project_id': 'a962a426142b41f9bc8c43a307928588', 'project_name': 'tempest-DeleteServersAdminTestJSON-499306391', 'tenant_id': 'a962a426142b41f9bc8c43a307928588', 'tenant_name': 'tempest-DeleteServersAdminTestJSON-499306391', 'user_domain_id': 'default', 'user_domain_name': 'Default', 'user_id': 'dee05ac9e86a4454ba984f6a062a6297', 'system': None}, Network: None, Subnet: None, Router: None
2025-04-08 14:16:43.272 69638 INFO tempest.lib.common.dynamic_creds [-] Created isolated network resources for: credentials: Credentials: {'domain_id': 'default', 'domain_name': 'Default', 'username': 'tempest-DeleteServersAdminTestJSON-499306391-project-admin', 'project_domain_id': 'default', 'project_domain_name': 'Default', 'project_id': 'a962a426142b41f9bc8c43a307928588', 'project_name': 'tempest-DeleteServersAdminTestJSON-499306391', 'tenant_id': 'a962a426142b41f9bc8c43a307928588', 'tenant_name': 'tempest-DeleteServersAdminTestJSON-499306391', 'user_domain_id': 'default', 'user_domain_name': 'Default', 'user_id': 'dee05ac9e86a4454ba984f6a062a6297', 'system': None}, Network: None, Subnet: None, Router: None
2025-04-08 14:16:43.324 69642 INFO tempest.lib.common.rest_client [req-7b6768ea-2008-459a-a593-0455183022aa req-7b6768ea-2008-459a-a593-0455183022aa ] Request (AZV2TestJSON:tearDownClass): 201 POST http://10.180.1.21/identity/v3/auth/tokens 0.656s
2025-04-08 14:16:43.336 69676 INFO tempest.lib.common.rest_client [req-8aef8c08-ef1b-40eb-9267-a3671e040781 req-8aef8c08-ef1b-40eb-9267-a3671e040781 ] Request (FlavorsExtraSpecsTestJSON:setUpClass): 204 PUT http://10.180.1.21/identity/v3/projects/57246b92715844388c93adecf599326f/users/56f3342ef07d44ed86360a00e9265d18/roles/86c1a9b015044bb9b893450783959f79 0.612s
2025-04-08 14:16:43.345 69636 INFO tempest.lib.common.rest_client [req-90ee601e-62a0-4a5a-8d0c-c69bd5266d20 req-90ee601e-62a0-4a5a-8d0c-c69bd5266d20 ] Request (AZAdminNegativeTestJSON:setUpClass): 200 GET http://10.180.1.21/identity/v3/roles 0.603s
2025-04-08 14:16:43.391 69680 INFO tempest.lib.common.rest_client [req-2b68e895-88a9-4a6a-bd87-606c21b8f3e6 req-2b68e895-88a9-4a6a-bd87-606c21b8f3e6 ] Request (ServicesAdminTestJSON:setUpClass): 204 PUT http://10.180.1.21/identity/v3/projects/2228f16d0e4a452cbccf534faec41615/users/5c2027b0a5d74813bfb632af61dc01eb/roles/86c1a9b015044bb9b893450783959f79 0.618s
2025-04-08 14:16:43.393 69692 INFO tempest.lib.common.rest_client [req-890bfec9-a799-4cd5-9439-6931393c457c req-890bfec9-a799-4cd5-9439-6931393c457c ] Request (ServersAdmin275Test:setUpClass): 204 PUT http://10.180.1.21/identity/v3/projects/5cb5d72a03e2453eb3d8365c30365136/users/4509a1a3cbf148c7b232cd984ac2b1de/roles/86c1a9b015044bb9b893450783959f79 0.597s
2025-04-08 14:16:43.393 69692 INFO tempest.lib.common.dynamic_creds [-] Dynamic test user 4509a1a3cbf148c7b232cd984ac2b1de is created with scope project and roles: ['admin']
2025-04-08 14:16:43.393 69692 INFO tempest.lib.common.dynamic_creds [-] Acquired dynamic creds: credentials: Credentials: {'domain_id': 'default', 'domain_name': 'Default', 'username': 'tempest-ServersAdmin275Test-910312917-project-admin', 'project_domain_id': 'default', 'project_domain_name': 'Default', 'project_id': '5cb5d72a03e2453eb3d8365c30365136', 'project_name': 'tempest-ServersAdmin275Test-910312917', 'tenant_id': '5cb5d72a03e2453eb3d8365c30365136', 'tenant_name': 'tempest-ServersAdmin275Test-910312917', 'user_domain_id': 'default', 'user_domain_name': 'Default', 'user_id': '4509a1a3cbf148c7b232cd984ac2b1de', 'system': None}, Network: None, Subnet: None, Router: None
2025-04-08 14:16:43.393 69692 INFO tempest.lib.common.dynamic_creds [-] Created isolated network resources for: credentials: Credentials: {'domain_id': 'default', 'domain_name': 'Default', 'username': 'tempest-ServersAdmin275Test-910312917-project-admin', 'project_domain_id': 'default', 'project_domain_name': 'Default', 'project_id': '5cb5d72a03e2453eb3d8365c30365136', 'project_name': 'tempest-ServersAdmin275Test-910312917', 'tenant_id': '5cb5d72a03e2453eb3d8365c30365136', 'tenant_name': 'tempest-ServersAdmin275Test-910312917', 'user_domain_id': 'default', 'user_domain_name': 'Default', 'user_id': '4509a1a3cbf148c7b232cd984ac2b1de', 'system': None}, Network: None, Subnet: None, Router: None
2025-04-08 14:16:43.443 69690 INFO tempest.lib.common.rest_client [req-2b581eb9-23cb-4255-ada6-9ec1ae416fc1 req-2b581eb9-23cb-4255-ada6-9ec1ae416fc1 ] Request (AZAdminV2TestJSON:setUpClass): 200 GET http://10.180.1.21/identity/v3/roles 0.612s
2025-04-08 14:16:43.450 69684 INFO tempest.lib.common.rest_client [req-e5b043c6-6216-4c57-b399-335e527a7270 req-e5b043c6-6216-4c57-b399-335e527a7270 ] Request (MigrationsAdminTest:setUpClass): 200 GET http://10.180.1.21/identity/v3/roles 0.605s
2025-04-08 14:16:43.475 69674 INFO tempest.lib.common.rest_client [req-87e9852d-ac99-4746-b076-4dd3fa3b1e75 req-87e9852d-ac99-4746-b076-4dd3fa3b1e75 ] Request (KeyPairsV210TestJSON:tearDownClass): 201 POST http://10.180.1.21/identity/v3/auth/tokens 0.575s
2025-04-08 14:16:43.477 69634 INFO tempest.lib.common.rest_client [req-6586be49-62d5-4bbd-bf9d-0b589eb551ad req-6586be49-62d5-4bbd-bf9d-0b589eb551ad ] Request (FlavorsAdminTestJSON:setUpClass): 204 PUT http://10.180.1.21/identity/v3/projects/8fd6f945a3ed4347844eb2a2c6164972/users/c72f58ff3391405faabe7b77124ca414/roles/86c1a9b015044bb9b893450783959f79 0.605s
2025-04-08 14:16:43.527 69678 INFO tempest.lib.common.rest_client [req-2f77aef1-d491-4995-9ea6-f6cfe7eebf0a req-2f77aef1-d491-4995-9ea6-f6cfe7eebf0a ] Request (HostsAdminTestJSON:setUpClass): 200 GET http://10.180.1.21/identity/v3/roles 0.571s
2025-04-08 14:16:43.546 69644 INFO tempest.lib.common.rest_client [req-13cdd1ed-5362-4a17-ad63-cdbd3aa155f1 req-13cdd1ed-5362-4a17-ad63-cdbd3aa155f1 ] Request (HypervisorAdminNegativeUnderV252Test:setUpClass): 200 GET http://10.180.1.21/identity/v3/roles 0.588s
2025-04-08 14:16:43.565 69666 INFO tempest.lib.common.rest_client [req-6528d18a-390d-471f-a79e-2505ac002c13 req-6528d18a-390d-471f-a79e-2505ac002c13 ] Request (HypervisorAdminV228Test:setUpClass): 200 GET http://10.180.1.21/identity/v3/roles 0.579s
2025-04-08 14:16:43.585 69658 INFO tempest.lib.common.rest_client [req-83f07d87-d27a-4257-8577-891c78570d9c req-83f07d87-d27a-4257-8577-891c78570d9c ] Request (QuotaClassesAdminTestJSON:setUpClass): 200 GET http://10.180.1.21/identity/v3/roles 0.553s
2025-04-08 14:16:43.591 69656 INFO tempest.lib.common.rest_client [req-99adbfe4-1c9c-4264-88ca-7d9007d90b42 req-99adbfe4-1c9c-4264-88ca-7d9007d90b42 ] Request (ServerActionsTestOtherA:setUpClass): 201 POST http://10.180.1.21/identity/v3/auth/tokens 0.633s
2025-04-08 14:16:43.594 69656 INFO tempest.lib.common.fixed_network [-] (ServerActionsTestOtherA:setUpClass) Found network {'id': '2d2123b6-f440-4467-84fe-90889e7d7f96', 'name': 'tempest-ServerActionsTestOtherA-800471179-network', 'tenant_id': 'ba2acbd9be9a41ff91cec90c04bbbdf1', 'admin_state_up': True, 'mtu': 8950, 'status': 'ACTIVE', 'subnets': [], 'shared': False, 'project_id': 'ba2acbd9be9a41ff91cec90c04bbbdf1', 'port_security_enabled': True, 'router:external': False, 'provider:network_type': 'vlan', 'provider:physical_network': 'default', 'provider:segmentation_id': 480, 'availability_zone_hints': [], 'availability_zones': [], 'ipv4_address_scope': None, 'ipv6_address_scope': None, 'description': '', 'tags': [], 'created_at': '2025-04-08T14:16:37Z', 'updated_at': '2025-04-08T14:16:37Z', 'revision_number': 1} available for tenant
2025-04-08 14:16:43.612 69668 INFO tempest.lib.common.rest_client [req-7d3373f0-8662-4a9d-84f6-d3b9c326e6d4 req-7d3373f0-8662-4a9d-84f6-d3b9c326e6d4 ] Request (SecurityGroupsTestAdminJSON:setUpClass): 200 GET http://10.180.1.21/identity/v3/roles 0.550s
2025-04-08 14:16:43.624 69652 INFO tempest.lib.common.rest_client [req-5ebf5751-4b11-4f82-af85-341024bc13aa req-5ebf5751-4b11-4f82-af85-341024bc13aa ] Request (QuotaClassesAdmin257Test:setUpClass): 204 PUT http://10.180.1.21/identity/v3/projects/495bf830eb66465a97ac8f8a33cd4417/users/abeb3f90f57247e5857df87355b25ed4/roles/86c1a9b015044bb9b893450783959f79 0.565s
2025-04-08 14:16:43.634 69662 INFO tempest.lib.common.rest_client [req-646311dc-c21b-4d84-82ef-2ee39d8f965f req-646311dc-c21b-4d84-82ef-2ee39d8f965f ] Request (FlavorsAccessTestJSON:setUpClass): 200 GET http://10.180.1.21/identity/v3/roles 0.544s
2025-04-08 14:16:43.676 69660 INFO tempest.lib.common.rest_client [req-2dff841c-7da1-4cd8-8f8b-a2ecb94122dc req-2dff841c-7da1-4cd8-8f8b-a2ecb94122dc ] Request (FlavorMetadataValidation:setUpClass): 200 GET http://10.180.1.21/identity/v3/roles 0.555s
2025-04-08 14:16:43.685 69686 INFO tempest.lib.common.rest_client [req-3d9324f6-1103-4089-a72a-c467eda553c6 req-3d9324f6-1103-4089-a72a-c467eda553c6 ] Request (FlavorsAccessNegativeTestJSON:setUpClass): 200 GET http://10.180.1.21/identity/v3/roles 0.515s
2025-04-08 14:16:43.702 69688 INFO tempest.lib.common.rest_client [req-c6b64b87-84b8-4d24-9164-6a27847a5ffc req-c6b64b87-84b8-4d24-9164-6a27847a5ffc ] Request (HypervisorAdminUnderV252Test:setUpClass): 204 PUT http://10.180.1.21/identity/v3/projects/f1716d4e4dc64189857f8f0dc3d625f6/users/a560bd07c5f747c88e8e1db58bd68e33/roles/86c1a9b015044bb9b893450783959f79 0.510s
2025-04-08 14:16:43.702 69688 INFO tempest.lib.common.dynamic_creds [-] Dynamic test user a560bd07c5f747c88e8e1db58bd68e33 is created with scope project and roles: ['admin']
2025-04-08 14:16:43.702 69688 INFO tempest.lib.common.dynamic_creds [-] Acquired dynamic creds: credentials: Credentials: {'domain_id': 'default', 'domain_name': 'Default', 'username': 'tempest-HypervisorAdminUnderV252Test-392072572-project-admin', 'project_domain_id': 'default', 'project_domain_name': 'Default', 'project_id': 'f1716d4e4dc64189857f8f0dc3d625f6', 'project_name': 'tempest-HypervisorAdminUnderV252Test-392072572', 'tenant_id': 'f1716d4e4dc64189857f8f0dc3d625f6', 'tenant_name': 'tempest-HypervisorAdminUnderV252Test-392072572', 'user_domain_id': 'default', 'user_domain_name': 'Default', 'user_id': 'a560bd07c5f747c88e8e1db58bd68e33', 'system': None}, Network: None, Subnet: None, Router: None
2025-04-08 14:16:43.702 69688 INFO tempest.lib.common.dynamic_creds [-] Created isolated network resources for: credentials: Credentials: {'domain_id': 'default', 'domain_name': 'Default', 'username': 'tempest-HypervisorAdminUnderV252Test-392072572-project-admin', 'project_domain_id': 'default', 'project_domain_name': 'Default', 'project_id': 'f1716d4e4dc64189857f8f0dc3d625f6', 'project_name': 'tempest-HypervisorAdminUnderV252Test-392072572', 'tenant_id': 'f1716d4e4dc64189857f8f0dc3d625f6', 'tenant_name': 'tempest-HypervisorAdminUnderV252Test-392072572', 'user_domain_id': 'default', 'user_domain_name': 'Default', 'user_id': 'a560bd07c5f747c88e8e1db58bd68e33', 'system': None}, Network: None, Subnet: None, Router: None
2025-04-08 14:16:43.715 69664 INFO tempest.lib.common.rest_client [req-58e7b697-33f5-41cf-8169-17e2bf4b2feb req-58e7b697-33f5-41cf-8169-17e2bf4b2feb ] Request (VolumesAdminNegativeTest:setUpClass): 201 POST http://10.180.1.21/identity/v3/projects 0.524s
2025-04-08 14:16:43.762 69654 INFO tempest.lib.common.rest_client [req-e6276e7c-b2e0-4f2d-813c-f0ae167da848 req-e6276e7c-b2e0-4f2d-813c-f0ae167da848 ] Request (AggregatesAdminNegativeTestJSON:setUpClass): 200 GET http://10.180.1.21/identity/v3/roles 0.543s
2025-04-08 14:16:43.786 69672 INFO tempest.lib.common.rest_client [req-ebae09eb-ae73-43b2-a387-729f6d4bcfe7 req-ebae09eb-ae73-43b2-a387-729f6d4bcfe7 ] Request (ServerDiagnosticsV248Test:setUpClass): 204 PUT http://10.180.1.21/identity/v3/projects/3c4bef993a34436e835b7b3b52004e47/users/433961ed8758443fbb18776b88255e69/roles/86c1a9b015044bb9b893450783959f79 0.518s
2025-04-08 14:16:43.787 69670 INFO tempest.lib.common.rest_client [req-f87a67e1-4744-45de-aa69-f357ee0b8e8c req-f87a67e1-4744-45de-aa69-f357ee0b8e8c ] Request (NetworksTest:setUpClass): 200 GET http://10.180.1.21/identity/v3/roles 0.567s
2025-04-08 14:16:43.844 69682 INFO tempest.lib.common.rest_client [req-1b994df0-7ead-480c-bbaf-4b2f1c00fb45 req-1b994df0-7ead-480c-bbaf-4b2f1c00fb45 ] Request (ServersWithSpecificFlavorTestJSON:setUpClass): 200 PUT http://10.180.1.21:9696/networking/v2.0/routers/932a459e-cea5-4772-8749-1614611cd822/add_router_interface 1.285s
2025-04-08 14:16:43.844 69682 INFO tempest.lib.common.dynamic_creds [-] Created isolated network resources for: credentials: Credentials: {'domain_id': 'default', 'domain_name': 'Default', 'username': 'tempest-ServersWithSpecificFlavorTestJSON-1265749754-project-member', 'project_domain_id': 'default', 'project_domain_name': 'Default', 'project_id': '2ef0b6ea228f409a9d2b9c2ed116dac9', 'project_name': 'tempest-ServersWithSpecificFlavorTestJSON-1265749754', 'tenant_id': '2ef0b6ea228f409a9d2b9c2ed116dac9', 'tenant_name': 'tempest-ServersWithSpecificFlavorTestJSON-1265749754', 'user_domain_id': 'default', 'user_domain_name': 'Default', 'user_id': '411a91c146fd487bb4f1ef2acd943a9d', 'system': None}, Network: {'id': '6084d6d1-2b7c-4bb8-b4e5-530a3d22238f', 'name': 'tempest-ServersWithSpecificFlavorTestJSON-143345059-network', 'tenant_id': '2ef0b6ea228f409a9d2b9c2ed116dac9', 'admin_state_up': True, 'mtu': 8950, 'status': 'ACTIVE', 'subnets': [], 'shared': False, 'project_id': '2ef0b6ea228f409a9d2b9c2ed116dac9', 'port_security_enabled': True, 'router:external': False, 'provider:network_type': 'vlan', 'provider:physical_network': 'default', 'provider:segmentation_id': 258, 'availability_zone_hints': [], 'availability_zones': [], 'ipv4_address_scope': None, 'ipv6_address_scope': None, 'description': '', 'tags': [], 'created_at': '2025-04-08T14:16:41Z', 'updated_at': '2025-04-08T14:16:41Z', 'revision_number': 1}, Subnet: {'id': '464a279b-2983-4397-80f4-726f3459f067', 'name': 'tempest-ServersWithSpecificFlavorTestJSON-143345059-subnet', 'tenant_id': '2ef0b6ea228f409a9d2b9c2ed116dac9', 'network_id': '6084d6d1-2b7c-4bb8-b4e5-530a3d22238f', 'ip_version': 4, 'subnetpool_id': None, 'enable_dhcp': True, 'ipv6_ra_mode': None, 'ipv6_address_mode': None, 'gateway_ip': '192.168.128.1', 'cidr': '192.168.128.0/28', 'allocation_pools': [{'start': '192.168.128.2', 'end': '192.168.128.14'}], 'host_routes': [], 'dns_nameservers': [], 'description': '', 'router:external': False, 'service_types': [], 'tags': [], 'created_at': '2025-04-08T14:16:41Z', 'updated_at': '2025-04-08T14:16:41Z', 'revision_number': 0, 'project_id': '2ef0b6ea228f409a9d2b9c2ed116dac9'}, Router: {'id': '932a459e-cea5-4772-8749-1614611cd822', 'name': 'tempest-ServersWithSpecificFlavorTestJSON-143345059-router', 'tenant_id': '2ef0b6ea228f409a9d2b9c2ed116dac9', 'admin_state_up': True, 'status': 'ACTIVE', 'external_gateway_info': {'network_id': 'eb813f47-6165-4ce3-83c2-5896be1a0339', 'external_fixed_ips': [{'subnet_id': 'ff983d59-814f-4e8d-8d33-221799b65ac6', 'ip_address': '10.180.180.188'}], 'enable_snat': True}, 'description': '', 'availability_zones': [], 'distributed': False, 'ha': False, 'availability_zone_hints': [], 'routes': [], 'flavor_id': None, 'tags': [], 'created_at': '2025-04-08T14:16:41Z', 'updated_at': '2025-04-08T14:16:42Z', 'revision_number': 2, 'project_id': '2ef0b6ea228f409a9d2b9c2ed116dac9'}
2025-04-08 14:16:43.865 69638 INFO tempest.lib.common.rest_client [req-61d3ab07-2bea-4591-9d53-8ee39f18ce48 req-61d3ab07-2bea-4591-9d53-8ee39f18ce48 ] Request (DeleteServersAdminTestJSON:setUpClass): 201 POST http://10.180.1.21/identity/v3/auth/tokens 0.590s
2025-04-08 14:16:43.917 69676 INFO tempest.lib.common.rest_client [req-673bb15a-d382-42b6-8af9-ca1329cc074f req-673bb15a-d382-42b6-8af9-ca1329cc074f ] Request (FlavorsExtraSpecsTestJSON:setUpClass): 200 GET http://10.180.1.21/identity/v3/roles 0.580s
2025-04-08 14:16:43.941 69636 INFO tempest.lib.common.rest_client [req-1f5728cc-efe8-42f9-b23c-69f2527619db req-1f5728cc-efe8-42f9-b23c-69f2527619db ] Request (AZAdminNegativeTestJSON:setUpClass): 204 PUT http://10.180.1.21/identity/v3/projects/66ce6f25eb7e4c9fb78ed2355a327e85/users/cd31da57d4da4761a105ba6064717f70/roles/86c1a9b015044bb9b893450783959f79 0.595s
2025-04-08 14:16:43.949 69680 INFO tempest.lib.common.rest_client [req-bc70a473-aca6-4ceb-9879-db6656ceb075 req-bc70a473-aca6-4ceb-9879-db6656ceb075 ] Request (ServicesAdminTestJSON:setUpClass): 200 GET http://10.180.1.21/identity/v3/roles 0.557s
2025-04-08 14:16:44.003 69690 INFO tempest.lib.common.rest_client [req-61b9c57f-e7a2-4170-a473-3c914b9b5480 req-61b9c57f-e7a2-4170-a473-3c914b9b5480 ] Request (AZAdminV2TestJSON:setUpClass): 204 PUT http://10.180.1.21/identity/v3/projects/e33033b94eca4258b55586f374f03cfa/users/92131ef4f8a349cb9dc14309a5a0fd1c/roles/86c1a9b015044bb9b893450783959f79 0.558s
2025-04-08 14:16:44.009 69692 INFO tempest.lib.common.rest_client [req-343d0778-2f17-441c-8e9e-f58600659805 req-343d0778-2f17-441c-8e9e-f58600659805 ] Request (ServersAdmin275Test:setUpClass): 201 POST http://10.180.1.21/identity/v3/auth/tokens 0.614s
2025-04-08 14:16:44.056 69642 INFO tempest.lib.common.rest_client [req-29c51d1a-974e-4e8a-bce5-ecd21da137b1 req-29c51d1a-974e-4e8a-bce5-ecd21da137b1 ] Request (AZV2TestJSON:tearDownClass): 200 GET http://10.180.1.21:9696/networking/v2.0/security-groups?tenant_id=662eeaa44eee4c4482e640d1c75ae4cd&name=default 0.732s
2025-04-08 14:16:44.060 69684 INFO tempest.lib.common.rest_client [req-57b51235-daa9-4e3a-a842-021e203cad44 req-57b51235-daa9-4e3a-a842-021e203cad44 ] Request (MigrationsAdminTest:setUpClass): 204 PUT http://10.180.1.21/identity/v3/projects/2b864ff6924a4af18349f3720825836c/users/27c51421f94a478895e3dca81675b729/roles/86c1a9b015044bb9b893450783959f79 0.610s
2025-04-08 14:16:44.072 69634 INFO tempest.lib.common.rest_client [req-82e65b70-eeaa-4d20-9334-d113758b9f54 req-82e65b70-eeaa-4d20-9334-d113758b9f54 ] Request (FlavorsAdminTestJSON:setUpClass): 200 GET http://10.180.1.21/identity/v3/roles 0.594s
2025-04-08 14:16:44.078 69696 INFO tempest.lib.common.rest_client [req-e6667735-dcc7-4981-8a5d-ddd1489b7181 req-e6667735-dcc7-4981-8a5d-ddd1489b7181 ] Request (VolumesAssistedSnapshotsTest:setUpClass): 201 POST http://10.180.1.21:9696/networking/v2.0/routers 0.934s
2025-04-08 14:16:44.136 69678 INFO tempest.lib.common.rest_client [req-2106ab90-a039-44ee-9071-0f94c5dff01e req-2106ab90-a039-44ee-9071-0f94c5dff01e ] Request (HostsAdminTestJSON:setUpClass): 204 PUT http://10.180.1.21/identity/v3/projects/3bab2eab06f8403d845f138228c1d2aa/users/4c03a7f3910b4eaf85519314e4267bd5/roles/86c1a9b015044bb9b893450783959f79 0.608s
2025-04-08 14:16:44.158 69642 INFO tempest.lib.common.rest_client [req-678475a5-be8f-4c22-b70a-3d32846451be req-678475a5-be8f-4c22-b70a-3d32846451be ] Request (AZV2TestJSON:tearDownClass): 204 DELETE http://10.180.1.21:9696/networking/v2.0/security-groups/b1b91e5a-7859-4ba0-8179-eb36c2f996b2 0.102s
2025-04-08 14:16:44.188 69644 INFO tempest.lib.common.rest_client [req-e598eb2b-81c7-463f-aad8-8ae5ee2f2cd1 req-e598eb2b-81c7-463f-aad8-8ae5ee2f2cd1 ] Request (HypervisorAdminNegativeUnderV252Test:setUpClass): 204 PUT http://10.180.1.21/identity/v3/projects/44c6ed0f49984a7d9ba3cbaa476b48c3/users/d34a69065a614e50b382474a307556de/roles/86c1a9b015044bb9b893450783959f79 0.641s
2025-04-08 14:16:44.201 69666 INFO tempest.lib.common.rest_client [req-2326c2d5-67ca-4941-b59f-2f9580f69f64 req-2326c2d5-67ca-4941-b59f-2f9580f69f64 ] Request (HypervisorAdminV228Test:setUpClass): 204 PUT http://10.180.1.21/identity/v3/projects/58ab2cdc26694b1d8b0ce805944d556e/users/a4dbf5e381854ac3a227bfbb0ddb610f/roles/86c1a9b015044bb9b893450783959f79 0.635s
2025-04-08 14:16:44.250 69674 INFO tempest.lib.common.rest_client [req-9b58ec14-bed2-447b-a59d-c81e2abd52a1 req-9b58ec14-bed2-447b-a59d-c81e2abd52a1 ] Request (KeyPairsV210TestJSON:tearDownClass): 200 GET http://10.180.1.21:9696/networking/v2.0/security-groups?tenant_id=20bd9b35b8d440a6a4899294de7667f6&name=default 0.775s
2025-04-08 14:16:44.252 69668 INFO tempest.lib.common.rest_client [req-9c8584c4-0aca-4f75-9baf-3d1233131da0 req-9c8584c4-0aca-4f75-9baf-3d1233131da0 ] Request (SecurityGroupsTestAdminJSON:setUpClass): 204 PUT http://10.180.1.21/identity/v3/projects/e1f55cf1c59e4402ba74092ebf265ae7/users/0f61790fb97d44479955c78fdcb6d145/roles/86c1a9b015044bb9b893450783959f79 0.640s
2025-04-08 14:16:44.273 69658 INFO tempest.lib.common.rest_client [req-e66b0bfd-73c4-4181-887a-c33bb70a102b req-e66b0bfd-73c4-4181-887a-c33bb70a102b ] Request (QuotaClassesAdminTestJSON:setUpClass): 204 PUT http://10.180.1.21/identity/v3/projects/18cce1ee06f44952ad20d08ff242da1f/users/e4b3093154e64437bf667bfb0d0cc411/roles/86c1a9b015044bb9b893450783959f79 0.688s
2025-04-08 14:16:44.320 69662 INFO tempest.lib.common.rest_client [req-2b898d84-a77e-4492-a37c-72cfb57d1667 req-2b898d84-a77e-4492-a37c-72cfb57d1667 ] Request (FlavorsAccessTestJSON:setUpClass): 204 PUT http://10.180.1.21/identity/v3/projects/f76eba27fb0048229c6170929968e5dd/users/a87787127923485fb9ac6a54b9f24243/roles/86c1a9b015044bb9b893450783959f79 0.686s
2025-04-08 14:16:44.325 69674 INFO tempest.lib.common.rest_client [req-f4b1e1bb-a1de-483a-b5aa-ca72d0640643 req-f4b1e1bb-a1de-483a-b5aa-ca72d0640643 ] Request (KeyPairsV210TestJSON:tearDownClass): 204 DELETE http://10.180.1.21:9696/networking/v2.0/security-groups/02f4ef12-c2b1-4960-8290-e4f518296201 0.075s
2025-04-08 14:16:44.327 69652 INFO tempest.lib.common.rest_client [req-d67fc82a-421d-4ecc-a5bb-018d2e8cb2e6 req-d67fc82a-421d-4ecc-a5bb-018d2e8cb2e6 ] Request (QuotaClassesAdmin257Test:setUpClass): 200 GET http://10.180.1.21/identity/v3/roles 0.703s
2025-04-08 14:16:44.376 69660 INFO tempest.lib.common.rest_client [req-fc78d0f4-cfc9-4314-93bf-f04a96ae3fbd req-fc78d0f4-cfc9-4314-93bf-f04a96ae3fbd ] Request (FlavorMetadataValidation:setUpClass): 204 PUT http://10.180.1.21/identity/v3/projects/e47ded8920cc45508a2be1fe93d45a07/users/ee5b30a0ceab4d46a18a99965aa5ae90/roles/86c1a9b015044bb9b893450783959f79 0.700s
2025-04-08 14:16:44.428 69686 INFO tempest.lib.common.rest_client [req-1efb4203-f5c8-4429-8ea3-4faa4c1f41ba req-1efb4203-f5c8-4429-8ea3-4faa4c1f41ba ] Request (FlavorsAccessNegativeTestJSON:setUpClass): 204 PUT http://10.180.1.21/identity/v3/projects/bdcbe96c240a4629b546cd565a47b79e/users/abfe1f58d21c4109a5dddce6c7109179/roles/86c1a9b015044bb9b893450783959f79 0.743s
2025-04-08 14:16:44.445 69688 INFO tempest.lib.common.rest_client [req-f55a440c-1b67-4b77-8e03-8c3fd36a252b req-f55a440c-1b67-4b77-8e03-8c3fd36a252b ] Request (HypervisorAdminUnderV252Test:setUpClass): 201 POST http://10.180.1.21/identity/v3/auth/tokens 0.737s
2025-04-08 14:16:44.488 69664 INFO tempest.lib.common.rest_client [req-822c4afc-b514-4613-95e5-b60e33597d02 req-822c4afc-b514-4613-95e5-b60e33597d02 ] Request (VolumesAdminNegativeTest:setUpClass): 201 POST http://10.180.1.21/identity/v3/users 0.772s
2025-04-08 14:16:44.505 69654 INFO tempest.lib.common.rest_client [req-627db5d1-b49f-4ff2-95da-651a8b648f6f req-627db5d1-b49f-4ff2-95da-651a8b648f6f ] Request (AggregatesAdminNegativeTestJSON:setUpClass): 204 PUT http://10.180.1.21/identity/v3/projects/8183f404c35643c58ea4eb5cd9945586/users/0ad48471f3f242e99590618a11a2dbef/roles/86c1a9b015044bb9b893450783959f79 0.743s
2025-04-08 14:16:44.506 69672 INFO tempest.lib.common.rest_client [req-503b522b-9f4e-4319-b411-1edb72827f8b req-503b522b-9f4e-4319-b411-1edb72827f8b ] Request (ServerDiagnosticsV248Test:setUpClass): 200 GET http://10.180.1.21/identity/v3/roles 0.719s
2025-04-08 14:16:44.563 69670 INFO tempest.lib.common.rest_client [req-d8152ab8-4072-47e5-b859-5b587fb36e0e req-d8152ab8-4072-47e5-b859-5b587fb36e0e ] Request (NetworksTest:setUpClass): 204 PUT http://10.180.1.21/identity/v3/projects/1d8c9b4f056246beb1e414ee895b264d/users/4a9596029f65474cb71189bb74735ba0/roles/86c1a9b015044bb9b893450783959f79 0.775s
2025-04-08 14:16:44.563 69670 INFO tempest.lib.common.dynamic_creds [-] Dynamic test user 4a9596029f65474cb71189bb74735ba0 is created with scope project and roles: ['admin']
2025-04-08 14:16:44.563 69670 INFO tempest.lib.common.dynamic_creds [-] Acquired dynamic creds: credentials: Credentials: {'domain_id': 'default', 'domain_name': 'Default', 'username': 'tempest-NetworksTest-817918808-project-admin', 'project_domain_id': 'default', 'project_domain_name': 'Default', 'project_id': '1d8c9b4f056246beb1e414ee895b264d', 'project_name': 'tempest-NetworksTest-817918808', 'tenant_id': '1d8c9b4f056246beb1e414ee895b264d', 'tenant_name': 'tempest-NetworksTest-817918808', 'user_domain_id': 'default', 'user_domain_name': 'Default', 'user_id': '4a9596029f65474cb71189bb74735ba0', 'system': None}, Network: None, Subnet: None, Router: None
2025-04-08 14:16:44.563 69670 INFO tempest.lib.common.dynamic_creds [-] Created isolated network resources for: credentials: Credentials: {'domain_id': 'default', 'domain_name': 'Default', 'username': 'tempest-NetworksTest-817918808-project-admin', 'project_domain_id': 'default', 'project_domain_name': 'Default', 'project_id': '1d8c9b4f056246beb1e414ee895b264d', 'project_name': 'tempest-NetworksTest-817918808', 'tenant_id': '1d8c9b4f056246beb1e414ee895b264d', 'tenant_name': 'tempest-NetworksTest-817918808', 'user_domain_id': 'default', 'user_domain_name': 'Default', 'user_id': '4a9596029f65474cb71189bb74735ba0', 'system': None}, Network: None, Subnet: None, Router: None
2025-04-08 14:16:44.571 69638 INFO tempest.lib.common.rest_client [req-bc1000ce-53d1-4889-a154-4e6b36e6a92d req-bc1000ce-53d1-4889-a154-4e6b36e6a92d ] Request (DeleteServersAdminTestJSON:test_admin_delete_servers_of_others): 201 POST http://10.180.1.21/identity/v3/auth/tokens 0.701s
2025-04-08 14:16:44.572 69638 INFO tempest.lib.common.fixed_network [-] (DeleteServersAdminTestJSON:test_admin_delete_servers_of_others) Found network None available for tenant
2025-04-08 14:16:44.612 69676 INFO tempest.lib.common.rest_client [req-a888bfe8-d3b7-489b-90d7-4fe88a71d218 req-a888bfe8-d3b7-489b-90d7-4fe88a71d218 ] Request (FlavorsExtraSpecsTestJSON:setUpClass): 204 PUT http://10.180.1.21/identity/v3/projects/57246b92715844388c93adecf599326f/users/56f3342ef07d44ed86360a00e9265d18/roles/86c1a9b015044bb9b893450783959f79 0.694s
2025-04-08 14:16:44.612 69676 INFO tempest.lib.common.dynamic_creds [-] Dynamic test user 56f3342ef07d44ed86360a00e9265d18 is created with scope project and roles: ['admin']
2025-04-08 14:16:44.612 69676 INFO tempest.lib.common.dynamic_creds [-] Acquired dynamic creds: credentials: Credentials: {'domain_id': 'default', 'domain_name': 'Default', 'username': 'tempest-FlavorsExtraSpecsTestJSON-2067877733-project-admin', 'project_domain_id': 'default', 'project_domain_name': 'Default', 'project_id': '57246b92715844388c93adecf599326f', 'project_name': 'tempest-FlavorsExtraSpecsTestJSON-2067877733', 'tenant_id': '57246b92715844388c93adecf599326f', 'tenant_name': 'tempest-FlavorsExtraSpecsTestJSON-2067877733', 'user_domain_id': 'default', 'user_domain_name': 'Default', 'user_id': '56f3342ef07d44ed86360a00e9265d18', 'system': None}, Network: None, Subnet: None, Router: None
2025-04-08 14:16:44.612 69676 INFO tempest.lib.common.dynamic_creds [-] Created isolated network resources for: credentials: Credentials: {'domain_id': 'default', 'domain_name': 'Default', 'username': 'tempest-FlavorsExtraSpecsTestJSON-2067877733-project-admin', 'project_domain_id': 'default', 'project_domain_name': 'Default', 'project_id': '57246b92715844388c93adecf599326f', 'project_name': 'tempest-FlavorsExtraSpecsTestJSON-2067877733', 'tenant_id': '57246b92715844388c93adecf599326f', 'tenant_name': 'tempest-FlavorsExtraSpecsTestJSON-2067877733', 'user_domain_id': 'default', 'user_domain_name': 'Default', 'user_id': '56f3342ef07d44ed86360a00e9265d18', 'system': None}, Network: None, Subnet: None, Router: None
2025-04-08 14:16:44.641 69682 INFO tempest.lib.common.rest_client [req-2cc9cf11-75df-4b9a-8b2e-7808c10a0315 req-2cc9cf11-75df-4b9a-8b2e-7808c10a0315 ] Request (ServersWithSpecificFlavorTestJSON:setUpClass): 201 POST http://10.180.1.21/identity/v3/auth/tokens 0.746s
2025-04-08 14:16:44.654 69680 INFO tempest.lib.common.rest_client [req-748a52fa-6831-4325-9acc-d07221c2725b req-748a52fa-6831-4325-9acc-d07221c2725b ] Request (ServicesAdminTestJSON:setUpClass): 204 PUT http://10.180.1.21/identity/v3/projects/2228f16d0e4a452cbccf534faec41615/users/5c2027b0a5d74813bfb632af61dc01eb/roles/86c1a9b015044bb9b893450783959f79 0.705s
2025-04-08 14:16:44.655 69680 INFO tempest.lib.common.dynamic_creds [-] Dynamic test user 5c2027b0a5d74813bfb632af61dc01eb is created with scope project and roles: ['admin']
2025-04-08 14:16:44.655 69680 INFO tempest.lib.common.dynamic_creds [-] Acquired dynamic creds: credentials: Credentials: {'domain_id': 'default', 'domain_name': 'Default', 'username': 'tempest-ServicesAdminTestJSON-1760859450-project-admin', 'project_domain_id': 'default', 'project_domain_name': 'Default', 'project_id': '2228f16d0e4a452cbccf534faec41615', 'project_name': 'tempest-ServicesAdminTestJSON-1760859450', 'tenant_id': '2228f16d0e4a452cbccf534faec41615', 'tenant_name': 'tempest-ServicesAdminTestJSON-1760859450', 'user_domain_id': 'default', 'user_domain_name': 'Default', 'user_id': '5c2027b0a5d74813bfb632af61dc01eb', 'system': None}, Network: None, Subnet: None, Router: None
2025-04-08 14:16:44.655 69680 INFO tempest.lib.common.dynamic_creds [-] Created isolated network resources for: credentials: Credentials: {'domain_id': 'default', 'domain_name': 'Default', 'username': 'tempest-ServicesAdminTestJSON-1760859450-project-admin', 'project_domain_id': 'default', 'project_domain_name': 'Default', 'project_id': '2228f16d0e4a452cbccf534faec41615', 'project_name': 'tempest-ServicesAdminTestJSON-1760859450', 'tenant_id': '2228f16d0e4a452cbccf534faec41615', 'tenant_name': 'tempest-ServicesAdminTestJSON-1760859450', 'user_domain_id': 'default', 'user_domain_name': 'Default', 'user_id': '5c2027b0a5d74813bfb632af61dc01eb', 'system': None}, Network: None, Subnet: None, Router: None
2025-04-08 14:16:44.656 69636 INFO tempest.lib.common.rest_client [req-47e24888-4094-4283-bb01-a1748625dc6b req-47e24888-4094-4283-bb01-a1748625dc6b ] Request (AZAdminNegativeTestJSON:setUpClass): 200 GET http://10.180.1.21/identity/v3/roles 0.715s
2025-04-08 14:16:44.704 69690 INFO tempest.lib.common.rest_client [req-b8724e43-6d4b-45cb-a313-b1172a29dd0a req-b8724e43-6d4b-45cb-a313-b1172a29dd0a ] Request (AZAdminV2TestJSON:setUpClass): 200 GET http://10.180.1.21/identity/v3/roles 0.701s
2025-04-08 14:16:44.705 69692 INFO tempest.lib.common.rest_client [req-28a9cd35-8de7-4536-9d2b-6f42f6007cf4 req-28a9cd35-8de7-4536-9d2b-6f42f6007cf4 ] Request (ServersAdmin275Test:test_rebuild_update_server_275): 201 POST http://10.180.1.21/identity/v3/auth/tokens 0.690s
2025-04-08 14:16:44.706 69692 INFO tempest.lib.common.fixed_network [-] (ServersAdmin275Test:test_rebuild_update_server_275) Found network None available for tenant
2025-04-08 14:16:44.720 69684 INFO tempest.lib.common.rest_client [req-f252c286-0c3a-4b9c-b81c-46ca86447497 req-f252c286-0c3a-4b9c-b81c-46ca86447497 ] Request (MigrationsAdminTest:setUpClass): 200 GET http://10.180.1.21/identity/v3/roles 0.659s
2025-04-08 14:16:44.720 69634 INFO tempest.lib.common.rest_client [req-c094dfc3-9c56-409a-8de5-092c27a3f910 req-c094dfc3-9c56-409a-8de5-092c27a3f910 ] Request (FlavorsAdminTestJSON:setUpClass): 204 PUT http://10.180.1.21/identity/v3/projects/8fd6f945a3ed4347844eb2a2c6164972/users/c72f58ff3391405faabe7b77124ca414/roles/86c1a9b015044bb9b893450783959f79 0.648s
2025-04-08 14:16:44.721 69634 INFO tempest.lib.common.dynamic_creds [-] Dynamic test user c72f58ff3391405faabe7b77124ca414 is created with scope project and roles: ['admin']
2025-04-08 14:16:44.721 69634 INFO tempest.lib.common.dynamic_creds [-] Acquired dynamic creds: credentials: Credentials: {'domain_id': 'default', 'domain_name': 'Default', 'username': 'tempest-FlavorsAdminTestJSON-432295439-project-admin', 'project_domain_id': 'default', 'project_domain_name': 'Default', 'project_id': '8fd6f945a3ed4347844eb2a2c6164972', 'project_name': 'tempest-FlavorsAdminTestJSON-432295439', 'tenant_id': '8fd6f945a3ed4347844eb2a2c6164972', 'tenant_name': 'tempest-FlavorsAdminTestJSON-432295439', 'user_domain_id': 'default', 'user_domain_name': 'Default', 'user_id': 'c72f58ff3391405faabe7b77124ca414', 'system': None}, Network: None, Subnet: None, Router: None
2025-04-08 14:16:44.721 69634 INFO tempest.lib.common.dynamic_creds [-] Created isolated network resources for: credentials: Credentials: {'domain_id': 'default', 'domain_name': 'Default', 'username': 'tempest-FlavorsAdminTestJSON-432295439-project-admin', 'project_domain_id': 'default', 'project_domain_name': 'Default', 'project_id': '8fd6f945a3ed4347844eb2a2c6164972', 'project_name': 'tempest-FlavorsAdminTestJSON-432295439', 'tenant_id': '8fd6f945a3ed4347844eb2a2c6164972', 'tenant_name': 'tempest-FlavorsAdminTestJSON-432295439', 'user_domain_id': 'default', 'user_domain_name': 'Default', 'user_id': 'c72f58ff3391405faabe7b77124ca414', 'system': None}, Network: None, Subnet: None, Router: None
2025-04-08 14:16:44.775 69678 INFO tempest.lib.common.rest_client [req-1ceba126-76ba-4391-a18f-fb9c816a2eb3 req-1ceba126-76ba-4391-a18f-fb9c816a2eb3 ] Request (HostsAdminTestJSON:setUpClass): 200 GET http://10.180.1.21/identity/v3/roles 0.639s
2025-04-08 14:16:44.799 69644 INFO tempest.lib.common.rest_client [req-91b6565f-c6be-4884-80f3-ff4dcfda98c5 req-91b6565f-c6be-4884-80f3-ff4dcfda98c5 ] Request (HypervisorAdminNegativeUnderV252Test:setUpClass): 200 GET http://10.180.1.21/identity/v3/roles 0.611s
2025-04-08 14:16:44.816 69642 INFO tempest.lib.common.rest_client [req-980270fb-d6c7-4f0a-a0aa-a344c3d4f15b req-980270fb-d6c7-4f0a-a0aa-a344c3d4f15b ] Request (AZV2TestJSON:tearDownClass): 204 DELETE http://10.180.1.21/identity/v3/projects/662eeaa44eee4c4482e640d1c75ae4cd 0.657s
2025-04-08 14:16:44.835 69696 INFO tempest.lib.common.rest_client [req-c08509fe-817e-497a-888c-0e438fa04c5a req-c08509fe-817e-497a-888c-0e438fa04c5a ] Request (VolumesAssistedSnapshotsTest:setUpClass): 200 PUT http://10.180.1.21:9696/networking/v2.0/routers/e773df16-9ddb-42ec-a3a2-35c9efedf290/add_router_interface 0.757s
2025-04-08 14:16:44.836 69696 INFO tempest.lib.common.dynamic_creds [-] Created isolated network resources for: credentials: Credentials: {'domain_id': 'default', 'domain_name': 'Default', 'username': 'tempest-VolumesAssistedSnapshotsTest-577273730-project-member', 'project_domain_id': 'default', 'project_domain_name': 'Default', 'project_id': '2a706a2779ee490dadb123a5e94eddc7', 'project_name': 'tempest-VolumesAssistedSnapshotsTest-577273730', 'tenant_id': '2a706a2779ee490dadb123a5e94eddc7', 'tenant_name': 'tempest-VolumesAssistedSnapshotsTest-577273730', 'user_domain_id': 'default', 'user_domain_name': 'Default', 'user_id': '48d905c57e1541a8aa9f11e7948d1909', 'system': None}, Network: {'id': '6be84492-bc5d-4a23-8607-69e495b7c806', 'name': 'tempest-VolumesAssistedSnapshotsTest-1631629740-network', 'tenant_id': '2a706a2779ee490dadb123a5e94eddc7', 'admin_state_up': True, 'mtu': 8950, 'status': 'ACTIVE', 'subnets': [], 'shared': False, 'project_id': '2a706a2779ee490dadb123a5e94eddc7', 'port_security_enabled': True, 'router:external': False, 'provider:network_type': 'vlan', 'provider:physical_network': 'default', 'provider:segmentation_id': 247, 'availability_zone_hints': [], 'availability_zones': [], 'ipv4_address_scope': None, 'ipv6_address_scope': None, 'description': '', 'tags': [], 'created_at': '2025-04-08T14:16:42Z', 'updated_at': '2025-04-08T14:16:42Z', 'revision_number': 1}, Subnet: {'id': 'b248f986-3822-4ea9-ba91-a9e993bb2d8b', 'name': 'tempest-VolumesAssistedSnapshotsTest-1631629740-subnet', 'tenant_id': '2a706a2779ee490dadb123a5e94eddc7', 'network_id': '6be84492-bc5d-4a23-8607-69e495b7c806', 'ip_version': 4, 'subnetpool_id': None, 'enable_dhcp': True, 'ipv6_ra_mode': None, 'ipv6_address_mode': None, 'gateway_ip': '192.168.128.1', 'cidr': '192.168.128.0/28', 'allocation_pools': [{'start': '192.168.128.2', 'end': '192.168.128.14'}], 'host_routes': [], 'dns_nameservers': [], 'description': '', 'router:external': False, 'service_types': [], 'tags': [], 'created_at': '2025-04-08T14:16:42Z', 'updated_at': '2025-04-08T14:16:42Z', 'revision_number': 0, 'project_id': '2a706a2779ee490dadb123a5e94eddc7'}, Router: {'id': 'e773df16-9ddb-42ec-a3a2-35c9efedf290', 'name': 'tempest-VolumesAssistedSnapshotsTest-1631629740-router', 'tenant_id': '2a706a2779ee490dadb123a5e94eddc7', 'admin_state_up': True, 'status': 'ACTIVE', 'external_gateway_info': {'network_id': 'eb813f47-6165-4ce3-83c2-5896be1a0339', 'external_fixed_ips': [{'subnet_id': 'ff983d59-814f-4e8d-8d33-221799b65ac6', 'ip_address': '10.180.180.222'}], 'enable_snat': True}, 'description': '', 'availability_zones': [], 'distributed': False, 'ha': False, 'availability_zone_hints': [], 'routes': [], 'flavor_id': None, 'tags': [], 'created_at': '2025-04-08T14:16:43Z', 'updated_at': '2025-04-08T14:16:43Z', 'revision_number': 2, 'project_id': '2a706a2779ee490dadb123a5e94eddc7'}
2025-04-08 14:16:44.855 69666 INFO tempest.lib.common.rest_client [req-ea75d730-00ef-43b1-9a8e-fe69dc0d67e4 req-ea75d730-00ef-43b1-9a8e-fe69dc0d67e4 ] Request (HypervisorAdminV228Test:setUpClass): 200 GET http://10.180.1.21/identity/v3/roles 0.653s
2025-04-08 14:16:44.879 69658 INFO tempest.lib.common.rest_client [req-ed9dc199-8af0-47e0-8e53-a1507852f80d req-ed9dc199-8af0-47e0-8e53-a1507852f80d ] Request (QuotaClassesAdminTestJSON:setUpClass): 200 GET http://10.180.1.21/identity/v3/roles 0.606s
2025-04-08 14:16:44.880 69668 INFO tempest.lib.common.rest_client [req-674a5e3c-2ab5-4d37-96b8-187eed49a23b req-674a5e3c-2ab5-4d37-96b8-187eed49a23b ] Request (SecurityGroupsTestAdminJSON:setUpClass): 200 GET http://10.180.1.21/identity/v3/roles 0.627s
2025-04-08 14:16:44.904 69662 INFO tempest.lib.common.rest_client [req-51e272d1-d0b0-4dbf-8909-0b3bcd3d0870 req-51e272d1-d0b0-4dbf-8909-0b3bcd3d0870 ] Request (FlavorsAccessTestJSON:setUpClass): 200 GET http://10.180.1.21/identity/v3/roles 0.583s
2025-04-08 14:16:44.932 69674 INFO tempest.lib.common.rest_client [req-ff902881-c376-48c0-a13b-ab10f3995a2f req-ff902881-c376-48c0-a13b-ab10f3995a2f ] Request (KeyPairsV210TestJSON:tearDownClass): 204 DELETE http://10.180.1.21/identity/v3/projects/20bd9b35b8d440a6a4899294de7667f6 0.607s
2025-04-08 14:16:44.933 69674 INFO tempest.lib.common.dynamic_creds [-] Deleting project and security group for project: 25e036b0b7464bac87b500e4782f8188
2025-04-08 14:16:44.953 69652 INFO tempest.lib.common.rest_client [req-c68786aa-20df-4c5e-a34e-3d3ee7e32bbe req-c68786aa-20df-4c5e-a34e-3d3ee7e32bbe ] Request (QuotaClassesAdmin257Test:setUpClass): 204 PUT http://10.180.1.21/identity/v3/projects/495bf830eb66465a97ac8f8a33cd4417/users/abeb3f90f57247e5857df87355b25ed4/roles/86c1a9b015044bb9b893450783959f79 0.625s
2025-04-08 14:16:44.953 69652 INFO tempest.lib.common.dynamic_creds [-] Dynamic test user abeb3f90f57247e5857df87355b25ed4 is created with scope project and roles: ['admin']
2025-04-08 14:16:44.953 69652 INFO tempest.lib.common.dynamic_creds [-] Acquired dynamic creds: credentials: Credentials: {'domain_id': 'default', 'domain_name': 'Default', 'username': 'tempest-QuotaClassesAdmin257Test-1821829377-project-admin', 'project_domain_id': 'default', 'project_domain_name': 'Default', 'project_id': '495bf830eb66465a97ac8f8a33cd4417', 'project_name': 'tempest-QuotaClassesAdmin257Test-1821829377', 'tenant_id': '495bf830eb66465a97ac8f8a33cd4417', 'tenant_name': 'tempest-QuotaClassesAdmin257Test-1821829377', 'user_domain_id': 'default', 'user_domain_name': 'Default', 'user_id': 'abeb3f90f57247e5857df87355b25ed4', 'system': None}, Network: None, Subnet: None, Router: None
