2025-04-08 14:17:21.305 69636 INFO tempest.lib.common.rest_client [req-7f65ac8a-14cc-4735-a9e5-57c7ffc23c33 req-7f65ac8a-14cc-4735-a9e5-57c7ffc23c33 ] Request (QuotasAdminTestJSON:tearDownClass): 201 POST http://10.180.1.21/identity/v3/auth/tokens 0.208s
2025-04-08 14:17:21.309 69666 INFO tempest.lib.common.rest_client [req-ce498eee-a931-4f0c-9d03-b5792e959f21 req-ce498eee-a931-4f0c-9d03-b5792e959f21 ] Request (ServerDiskConfigTestJSON:test_rebuild_server_with_auto_disk_config): 200 GET http://10.180.1.21/compute/v2.1/servers/6426b2b9-06d3-4c6f-9899-46bb73ceb6ec 0.302s
2025-04-08 14:17:21.369 69678 INFO tempest.lib.common.rest_client [req-79591d35-d641-4160-a4c8-bd511b79f1b9 req-79591d35-d641-4160-a4c8-bd511b79f1b9 ] Request (KeyPairsNegativeTestJSON:tearDownClass): 204 DELETE http://10.180.1.21/identity/v3/users/b1921f1608ad46359c442ca7f3a40172 0.243s
2025-04-08 14:17:21.369 69678 INFO tempest.lib.common.dynamic_creds [-] Deleting project and security group for project: 96611deb410e447ba194399fbf894e14
2025-04-08 14:17:21.412 69648 INFO tempest.lib.common.rest_client [req-bc386621-35bc-43d9-bb06-068ab309bc3d req-bc386621-35bc-43d9-bb06-068ab309bc3d ] Request (InstanceActionsTestJSON:tearDownClass): 200 GET http://10.180.1.21/compute/v2.1/servers/65fceb63-2326-4d32-8281-2b7402fa4d5c 0.368s
2025-04-08 14:17:21.419 69676 INFO tempest.lib.common.rest_client [req-af729ab3-078f-4d30-8040-1639b5f3273b req-af729ab3-078f-4d30-8040-1639b5f3273b ] Request (QuotasAdminTestV236:test_get_updated_quotas): 200 GET http://10.180.1.21/identity/v3/domains?name=Default 0.270s
2025-04-08 14:17:21.424 69686 INFO tempest.lib.common.rest_client [req-4218a81a-9b4a-4376-8818-1cf5d11cfe92 req-4218a81a-9b4a-4376-8818-1cf5d11cfe92 ] Request (FlavorsAccessNegativeTestJSON:tearDownClass): 201 POST http://10.180.1.21/identity/v3/auth/tokens 0.230s
2025-04-08 14:17:21.454 69644 INFO tempest.lib.common.rest_client [req-43c77a93-3216-4a7d-a371-c3d636f54c1e req-43c77a93-3216-4a7d-a371-c3d636f54c1e ] Request (QuotasSecurityGroupAdminNegativeTest:setUpClass): 201 POST http://10.180.1.21/identity/v3/projects 0.212s
2025-04-08 14:17:21.472 69674 INFO tempest.lib.common.rest_client [req-4fd0f4d2-873a-4f47-8e5c-e1c8bf406997 req-4fd0f4d2-873a-4f47-8e5c-e1c8bf406997 ] Request (TenantUsagesTestJSON:setUpClass): 200 GET http://10.180.1.21/compute/v2.1/servers/2c565c5e-87c9-4951-8798-dde366617001 0.385s
2025-04-08 14:17:21.524 69670 INFO tempest.lib.common.rest_client [req-f58ba19c-d53d-4208-8545-5f0dcb5dae1b req-f58ba19c-d53d-4208-8545-5f0dcb5dae1b ] Request (ImagesMetadataTestJSON:setUpClass): 200 GET http://10.180.1.21/identity/v3/roles 0.245s
2025-04-08 14:17:21.529 69652 INFO tempest.lib.common.rest_client [req-19036827-f60d-461a-9689-3bcc64290a77 req-19036827-f60d-461a-9689-3bcc64290a77 ] Request (ServersAdminTestJSON:setUpClass): 200 GET http://10.180.1.21/compute/v2.1/servers/bb4003d9-d483-4eb6-a7db-cc067adad217 0.401s
2025-04-08 14:17:21.535 69654 INFO tempest.lib.common.rest_client [req-dbd1fa34-f174-4bf0-abc7-fa787d566c28 req-dbd1fa34-f174-4bf0-abc7-fa787d566c28 ] Request (AggregatesAdminNegativeTestJSON:test_aggregate_list_as_user): 403 GET http://10.180.1.21/compute/v2.1/os-aggregates 0.296s
2025-04-08 14:17:21.566 69634 INFO tempest.lib.common.rest_client [req-ac40e511-ac21-4426-b5dd-fb5ba02d9cc7 req-ac40e511-ac21-4426-b5dd-fb5ba02d9cc7 ] Request (FlavorsAdminTestJSON:test_is_public_string_variations): 200 GET http://10.180.1.21/compute/v2.1/flavors/detail?is_public=f 0.308s
2025-04-08 14:17:21.568 69678 INFO tempest.lib.common.rest_client [req-4ba06fc1-b4db-4350-881d-190b1eb59004 req-4ba06fc1-b4db-4350-881d-190b1eb59004 ] Request (KeyPairsNegativeTestJSON:tearDownClass): 201 POST http://10.180.1.21/identity/v3/auth/tokens 0.199s
2025-04-08 14:17:21.619 69644 INFO tempest.lib.common.rest_client [req-1c36807c-a958-4f8c-8ad6-1f67eea27e82 req-1c36807c-a958-4f8c-8ad6-1f67eea27e82 ] Request (QuotasSecurityGroupAdminNegativeTest:setUpClass): 201 POST http://10.180.1.21/identity/v3/users 0.164s
2025-04-08 14:17:21.646 69670 INFO tempest.lib.common.rest_client [req-db657c3a-3521-4eee-ac38-ec41249464d3 req-db657c3a-3521-4eee-ac38-ec41249464d3 ] Request (ImagesMetadataTestJSON:setUpClass): 204 PUT http://10.180.1.21/identity/v3/projects/b1a4180d7dd543f999b75fa8277d649f/users/cea73562f7174d30993eba0d550a3aa3/roles/1bce94b911a3466b82b78ba1e59b514c 0.121s
2025-04-08 14:17:21.646 69670 INFO tempest.lib.common.dynamic_creds [-] Dynamic test user cea73562f7174d30993eba0d550a3aa3 is created with scope project and roles: ['member']
2025-04-08 14:17:21.646 69670 INFO tempest.lib.common.dynamic_creds [-] Acquired dynamic creds: credentials: Credentials: {'domain_id': 'default', 'domain_name': 'Default', 'username': 'tempest-ImagesMetadataTestJSON-781065847-project-member', 'project_domain_id': 'default', 'project_domain_name': 'Default', 'project_id': 'b1a4180d7dd543f999b75fa8277d649f', 'project_name': 'tempest-ImagesMetadataTestJSON-781065847', 'tenant_id': 'b1a4180d7dd543f999b75fa8277d649f', 'tenant_name': 'tempest-ImagesMetadataTestJSON-781065847', 'user_domain_id': 'default', 'user_domain_name': 'Default', 'user_id': 'cea73562f7174d30993eba0d550a3aa3', 'system': None}, Network: None, Subnet: None, Router: None
2025-04-08 14:17:21.646 69670 INFO tempest.lib.common.dynamic_creds [-] Created isolated network resources for: credentials: Credentials: {'domain_id': 'default', 'domain_name': 'Default', 'username': 'tempest-ImagesMetadataTestJSON-781065847-project-member', 'project_domain_id': 'default', 'project_domain_name': 'Default', 'project_id': 'b1a4180d7dd543f999b75fa8277d649f', 'project_name': 'tempest-ImagesMetadataTestJSON-781065847', 'tenant_id': 'b1a4180d7dd543f999b75fa8277d649f', 'tenant_name': 'tempest-ImagesMetadataTestJSON-781065847', 'user_domain_id': 'default', 'user_domain_name': 'Default', 'user_id': 'cea73562f7174d30993eba0d550a3aa3', 'system': None}, Network: None, Subnet: None, Router: None
2025-04-08 14:17:21.686 69638 INFO tempest.lib.common.rest_client [req-5556ba01-0d84-4d93-92cb-2332ff9d1c9d req-5556ba01-0d84-4d93-92cb-2332ff9d1c9d ] Request (DeleteServersAdminTestJSON:test_admin_delete_servers_of_others): 200 GET http://10.180.1.21/compute/v2.1/servers/4267677a-a170-4790-b847-c4f077b37015 0.375s
2025-04-08 14:17:21.696 69644 INFO tempest.lib.common.rest_client [req-d4293451-c3db-42fa-92d3-d2d8cc38a5a1 req-d4293451-c3db-42fa-92d3-d2d8cc38a5a1 ] Request (QuotasSecurityGroupAdminNegativeTest:setUpClass): 200 GET http://10.180.1.21/identity/v3/roles 0.076s
2025-04-08 14:17:21.729 69644 INFO tempest.lib.common.rest_client [req-e19c1cf0-4b0b-4eb1-bb8b-e7db607ef907 req-e19c1cf0-4b0b-4eb1-bb8b-e7db607ef907 ] Request (QuotasSecurityGroupAdminNegativeTest:setUpClass): 204 PUT http://10.180.1.21/identity/v3/projects/aa881b5a41374d90b03becb4870bbeba/users/ef2060fe7aad417ab15d20c84a000015/roles/1bce94b911a3466b82b78ba1e59b514c 0.031s
2025-04-08 14:17:21.729 69644 INFO tempest.lib.common.dynamic_creds [-] Dynamic test user ef2060fe7aad417ab15d20c84a000015 is created with scope project and roles: ['member']
2025-04-08 14:17:21.729 69644 INFO tempest.lib.common.dynamic_creds [-] Acquired dynamic creds: credentials: Credentials: {'domain_id': 'default', 'domain_name': 'Default', 'username': 'tempest-QuotasSecurityGroupAdminNegativeTest-226681987-project-member', 'project_domain_id': 'default', 'project_domain_name': 'Default', 'project_id': 'aa881b5a41374d90b03becb4870bbeba', 'project_name': 'tempest-QuotasSecurityGroupAdminNegativeTest-226681987', 'tenant_id': 'aa881b5a41374d90b03becb4870bbeba', 'tenant_name': 'tempest-QuotasSecurityGroupAdminNegativeTest-226681987', 'user_domain_id': 'default', 'user_domain_name': 'Default', 'user_id': 'ef2060fe7aad417ab15d20c84a000015', 'system': None}, Network: None, Subnet: None, Router: None
2025-04-08 14:17:21.729 69644 INFO tempest.lib.common.dynamic_creds [-] Created isolated network resources for: credentials: Credentials: {'domain_id': 'default', 'domain_name': 'Default', 'username': 'tempest-QuotasSecurityGroupAdminNegativeTest-226681987-project-member', 'project_domain_id': 'default', 'project_domain_name': 'Default', 'project_id': 'aa881b5a41374d90b03becb4870bbeba', 'project_name': 'tempest-QuotasSecurityGroupAdminNegativeTest-226681987', 'tenant_id': 'aa881b5a41374d90b03becb4870bbeba', 'tenant_name': 'tempest-QuotasSecurityGroupAdminNegativeTest-226681987', 'user_domain_id': 'default', 'user_domain_name': 'Default', 'user_id': 'ef2060fe7aad417ab15d20c84a000015', 'system': None}, Network: None, Subnet: None, Router: None
2025-04-08 14:17:21.768 69670 INFO tempest.lib.common.rest_client [req-02ff6930-3beb-4911-8cda-a5939c77a0e6 req-02ff6930-3beb-4911-8cda-a5939c77a0e6 ] Request (ImagesMetadataTestJSON:setUpClass): 201 POST http://10.180.1.21/identity/v3/auth/tokens 0.117s
2025-04-08 14:17:21.771 69650 INFO tempest.lib.common.rest_client [req-c3ed60af-ded1-484b-80ef-87be41231505 req-c3ed60af-ded1-484b-80ef-87be41231505 ] Request (HypervisorAdminNegativeTestJSON:tearDownClass): 200 GET http://10.180.1.21:9696/networking/v2.0/security-groups?tenant_id=1159ec5346d54bb49254a7f93d80c3fb&name=default 0.524s
2025-04-08 14:17:21.788 69642 INFO tempest.lib.common.rest_client [req-551df430-7406-419a-9f5e-664638213567 req-551df430-7406-419a-9f5e-664638213567 ] Request (ServersTestBootFromVolume:setUpClass): 200 GET http://10.180.1.21/compute/v2.1/servers/c6cb2dac-6d8a-4319-9e26-c12d31e8a733 0.459s
2025-04-08 14:17:21.809 69644 INFO tempest.lib.common.rest_client [req-9b23aaa4-ddeb-40e0-aabf-7b531e85eba0 req-9b23aaa4-ddeb-40e0-aabf-7b531e85eba0 ] Request (QuotasSecurityGroupAdminNegativeTest:setUpClass): 201 POST http://10.180.1.21/identity/v3/auth/tokens 0.075s
2025-04-08 14:17:21.816 69636 INFO tempest.lib.common.rest_client [req-34f0d746-ecf1-4ab9-89e3-c60ad2db6720 req-34f0d746-ecf1-4ab9-89e3-c60ad2db6720 ] Request (QuotasAdminTestJSON:tearDownClass): 200 GET http://10.180.1.21:9696/networking/v2.0/security-groups?tenant_id=0e359609f1a4413ca4ae6f791fe4edd9&name=default 0.511s
2025-04-08 14:17:21.876 69686 INFO tempest.lib.common.rest_client [req-f28a4fb0-327b-48a2-8d38-cfe998ea88a9 req-f28a4fb0-327b-48a2-8d38-cfe998ea88a9 ] Request (FlavorsAccessNegativeTestJSON:tearDownClass): 200 GET http://10.180.1.21:9696/networking/v2.0/security-groups?tenant_id=bdcbe96c240a4629b546cd565a47b79e&name=default 0.451s
2025-04-08 14:17:21.912 69644 INFO tempest.lib.common.rest_client [req-ae6edf7a-58df-4359-89f4-7b7758135481 req-ae6edf7a-58df-4359-89f4-7b7758135481 ] Request (QuotasSecurityGroupAdminNegativeTest:setUpClass): 201 POST http://10.180.1.21/identity/v3/projects 0.102s
2025-04-08 14:17:21.977 69644 INFO tempest.lib.common.rest_client [req-af07f655-cca3-4d00-adb5-204678e4ffc8 req-af07f655-cca3-4d00-adb5-204678e4ffc8 ] Request (QuotasSecurityGroupAdminNegativeTest:setUpClass): 201 POST http://10.180.1.21/identity/v3/users 0.065s
2025-04-08 14:17:22.014 69692 INFO tempest.lib.common.rest_client [req-b3af5019-0427-451d-b8e3-9c092331f498 req-b3af5019-0427-451d-b8e3-9c092331f498 ] Request (ServersAdmin275Test:test_rebuild_update_server_275): 202 POST http://10.180.1.21/compute/v2.1/servers/64aea4a9-d672-473a-b00c-e3aeaa544c14/action 0.951s
2025-04-08 14:17:22.024 69650 INFO tempest.lib.common.rest_client [req-06323475-eec9-493b-8e4f-5274c89d07ae req-06323475-eec9-493b-8e4f-5274c89d07ae ] Request (HypervisorAdminNegativeTestJSON:tearDownClass): 204 DELETE http://10.180.1.21:9696/networking/v2.0/security-groups/403adb1e-4ac5-45c0-9320-7b1af9c44450 0.252s
2025-04-08 14:17:22.042 69654 INFO tempest.lib.common.rest_client [req-854c11ae-4dc9-43fc-8b15-90b3fc029ba8 req-854c11ae-4dc9-43fc-8b15-90b3fc029ba8 ] Request (AggregatesAdminNegativeTestJSON:test_aggregate_remove_host_as_user): 200 POST http://10.180.1.21/compute/v2.1/os-aggregates 0.506s
2025-04-08 14:17:22.045 69678 INFO tempest.lib.common.rest_client [req-c8f7b512-5e46-4544-a091-0451720ecd44 req-c8f7b512-5e46-4544-a091-0451720ecd44 ] Request (KeyPairsNegativeTestJSON:tearDownClass): 200 GET http://10.180.1.21:9696/networking/v2.0/security-groups?tenant_id=96611deb410e447ba194399fbf894e14&name=default 0.477s
2025-04-08 14:17:22.057 69644 INFO tempest.lib.common.rest_client [req-857059a9-4c86-4ac1-9506-d7fc57f029d8 req-857059a9-4c86-4ac1-9506-d7fc57f029d8 ] Request (QuotasSecurityGroupAdminNegativeTest:setUpClass): 200 GET http://10.180.1.21/identity/v3/roles 0.078s
2025-04-08 14:17:22.091 69676 INFO tempest.lib.common.rest_client [req-abc6b263-5dda-49da-9349-68fadd8c28d4 req-abc6b263-5dda-49da-9349-68fadd8c28d4 ] Request (QuotasAdminTestV236:test_get_updated_quotas): 200 PUT http://10.180.1.21/compute/v2.1/os-quota-sets/ce405c599a7f4288ac13353996e5ab92 0.670s
2025-04-08 14:17:22.106 69686 INFO tempest.lib.common.rest_client [req-f0557cae-58f7-4ec6-84e7-d8a20005a8f0 req-f0557cae-58f7-4ec6-84e7-d8a20005a8f0 ] Request (FlavorsAccessNegativeTestJSON:tearDownClass): 204 DELETE http://10.180.1.21:9696/networking/v2.0/security-groups/1b1c6ee8-8cfe-4f55-87d3-65989bcb6c94 0.229s
2025-04-08 14:17:22.107 69634 INFO tempest.lib.common.rest_client [req-dedcba29-f7be-4ffa-812e-b8edac420fe0 req-dedcba29-f7be-4ffa-812e-b8edac420fe0 ] Request (FlavorsAdminTestJSON:test_is_public_string_variations): 200 GET http://10.180.1.21/compute/v2.1/flavors/detail?is_public=false 0.533s
2025-04-08 14:17:22.108 69650 INFO tempest.lib.common.rest_client [req-7df04294-3620-4b0c-b303-518ebb4715be req-7df04294-3620-4b0c-b303-518ebb4715be ] Request (HypervisorAdminNegativeTestJSON:tearDownClass): 204 DELETE http://10.180.1.21/identity/v3/projects/1159ec5346d54bb49254a7f93d80c3fb 0.084s
2025-04-08 14:17:22.108 69650 INFO tempest.lib.common.dynamic_creds [-] Deleting project and security group for project: 7e3d50a58ca641e0a7f54c558a92e713
2025-04-08 14:17:22.155 69636 INFO tempest.lib.common.rest_client [req-602727fe-0961-4a07-9474-802b1ac6307d req-602727fe-0961-4a07-9474-802b1ac6307d ] Request (QuotasAdminTestJSON:tearDownClass): 204 DELETE http://10.180.1.21:9696/networking/v2.0/security-groups/734a3eb0-c939-4961-b1db-219f727b96bd 0.338s
2025-04-08 14:17:22.169 69644 INFO tempest.lib.common.rest_client [req-749d95b8-4bfc-4eed-b6cc-df4a4bd36dda req-749d95b8-4bfc-4eed-b6cc-df4a4bd36dda ] Request (QuotasSecurityGroupAdminNegativeTest:setUpClass): 204 PUT http://10.180.1.21/identity/v3/projects/097b137ea950451e8b3008dc6799fbce/users/d03065120fb8427d95a018cc5d76b304/roles/86c1a9b015044bb9b893450783959f79 0.111s
2025-04-08 14:17:22.207 69686 INFO tempest.lib.common.rest_client [req-81cf3021-2979-4c05-9678-ef8b14cae5df req-81cf3021-2979-4c05-9678-ef8b14cae5df ] Request (FlavorsAccessNegativeTestJSON:tearDownClass): 204 DELETE http://10.180.1.21/identity/v3/projects/bdcbe96c240a4629b546cd565a47b79e 0.100s
2025-04-08 14:17:22.208 69686 INFO tempest.lib.common.dynamic_creds [-] Deleting project and security group for project: 0a3ad5fc259c43d1bbce3df05f49bd28
2025-04-08 14:17:22.271 69670 INFO tempest.lib.common.rest_client [req-c2105527-c7f5-4e32-b6d6-0634cd12a899 req-c2105527-c7f5-4e32-b6d6-0634cd12a899 ] Request (ImagesMetadataTestJSON:setUpClass): 201 POST http://10.180.1.21/image/v2/images 0.502s
2025-04-08 14:17:22.272 69644 INFO tempest.lib.common.rest_client [req-1502fd2a-bef3-47c1-9b82-c53e7dc6ce38 req-1502fd2a-bef3-47c1-9b82-c53e7dc6ce38 ] Request (QuotasSecurityGroupAdminNegativeTest:setUpClass): 200 GET http://10.180.1.21/identity/v3/roles 0.102s
2025-04-08 14:17:22.275 69690 INFO tempest.lib.common.rest_client [req-4a7d7e0c-07ba-4382-8d8f-2c548d2ee33d req-4a7d7e0c-07ba-4382-8d8f-2c548d2ee33d ] Request (FloatingIPsAssociationTestJSON:setUpClass): 200 GET http://10.180.1.21/compute/v2.1/servers/e99bc314-8e40-4c7f-8cb6-96e4e721023f 0.737s
2025-04-08 14:17:22.303 69636 INFO tempest.lib.common.rest_client [req-83dbbf98-b2a4-4ee0-a45e-7d03e04f8078 req-83dbbf98-b2a4-4ee0-a45e-7d03e04f8078 ] Request (QuotasAdminTestJSON:tearDownClass): 204 DELETE http://10.180.1.21/identity/v3/projects/0e359609f1a4413ca4ae6f791fe4edd9 0.148s
2025-04-08 14:17:22.304 69636 INFO tempest.lib.common.dynamic_creds [-] Deleting project and security group for project: a868c40b710d45c5a3e70751ca216d04
2025-04-08 14:17:22.329 69644 INFO tempest.lib.common.rest_client [req-6c8d91ab-cb1a-4552-a193-d6ae84a491a5 req-6c8d91ab-cb1a-4552-a193-d6ae84a491a5 ] Request (QuotasSecurityGroupAdminNegativeTest:setUpClass): 204 PUT http://10.180.1.21/identity/v3/projects/097b137ea950451e8b3008dc6799fbce/users/d03065120fb8427d95a018cc5d76b304/roles/86c1a9b015044bb9b893450783959f79 0.056s
2025-04-08 14:17:22.329 69644 INFO tempest.lib.common.dynamic_creds [-] Dynamic test user d03065120fb8427d95a018cc5d76b304 is created with scope project and roles: ['admin']
2025-04-08 14:17:22.329 69644 INFO tempest.lib.common.dynamic_creds [-] Acquired dynamic creds: credentials: Credentials: {'domain_id': 'default', 'domain_name': 'Default', 'username': 'tempest-QuotasSecurityGroupAdminNegativeTest-563586107-project-admin', 'project_domain_id': 'default', 'project_domain_name': 'Default', 'project_id': '097b137ea950451e8b3008dc6799fbce', 'project_name': 'tempest-QuotasSecurityGroupAdminNegativeTest-563586107', 'tenant_id': '097b137ea950451e8b3008dc6799fbce', 'tenant_name': 'tempest-QuotasSecurityGroupAdminNegativeTest-563586107', 'user_domain_id': 'default', 'user_domain_name': 'Default', 'user_id': 'd03065120fb8427d95a018cc5d76b304', 'system': None}, Network: None, Subnet: None, Router: None
2025-04-08 14:17:22.329 69644 INFO tempest.lib.common.dynamic_creds [-] Created isolated network resources for: credentials: Credentials: {'domain_id': 'default', 'domain_name': 'Default', 'username': 'tempest-QuotasSecurityGroupAdminNegativeTest-563586107-project-admin', 'project_domain_id': 'default', 'project_domain_name': 'Default', 'project_id': '097b137ea950451e8b3008dc6799fbce', 'project_name': 'tempest-QuotasSecurityGroupAdminNegativeTest-563586107', 'tenant_id': '097b137ea950451e8b3008dc6799fbce', 'tenant_name': 'tempest-QuotasSecurityGroupAdminNegativeTest-563586107', 'user_domain_id': 'default', 'user_domain_name': 'Default', 'user_id': 'd03065120fb8427d95a018cc5d76b304', 'system': None}, Network: None, Subnet: None, Router: None
2025-04-08 14:17:22.343 69678 INFO tempest.lib.common.rest_client [req-47397718-4376-40fe-b42f-260cb1cfd4dd req-47397718-4376-40fe-b42f-260cb1cfd4dd ] Request (KeyPairsNegativeTestJSON:tearDownClass): 204 DELETE http://10.180.1.21:9696/networking/v2.0/security-groups/121a6347-b466-4fa4-8b6f-e48ae6cd35e8 0.296s
2025-04-08 14:17:22.355 69662 INFO tempest.lib.common.rest_client [req-10d79843-bb0f-4f69-8f2b-d20613c98631 req-10d79843-bb0f-4f69-8f2b-d20613c98631 ] Request (ServerDiagnosticsNegativeTest:test_get_server_diagnostics_by_non_admin): 200 GET http://10.180.1.21/compute/v2.1/servers/24afcbbb-1869-4ed4-880a-d7a2e6c312ad 0.598s
2025-04-08 14:17:22.412 69644 INFO tempest.lib.common.rest_client [req-60146983-4509-4a2b-b464-5f7622dda83a req-60146983-4509-4a2b-b464-5f7622dda83a ] Request (QuotasSecurityGroupAdminNegativeTest:setUpClass): 201 POST http://10.180.1.21/identity/v3/auth/tokens 0.077s
2025-04-08 14:17:22.413 69694 INFO tempest.lib.common.rest_client [req-e2858eb2-28ab-4314-8b3b-f4420e51d75d req-e2858eb2-28ab-4314-8b3b-f4420e51d75d ] Request (ServerActionsTestOtherB:setUpClass): 200 GET http://10.180.1.21/compute/v2.1/servers/cb02e9e8-1395-4578-89af-7fd8f84c52db 0.689s
2025-04-08 14:17:22.472 69650 INFO tempest.lib.common.rest_client [req-b975f640-a598-43d9-8eb9-663221c1d393 req-b975f640-a598-43d9-8eb9-663221c1d393 ] Request (HypervisorAdminNegativeTestJSON:tearDownClass): 200 GET http://10.180.1.21:9696/networking/v2.0/security-groups?tenant_id=7e3d50a58ca641e0a7f54c558a92e713&name=default 0.363s
2025-04-08 14:17:22.485 69678 INFO tempest.lib.common.rest_client [req-85607562-a075-4778-9408-f6f1dde0afdc req-85607562-a075-4778-9408-f6f1dde0afdc ] Request (KeyPairsNegativeTestJSON:tearDownClass): 204 DELETE http://10.180.1.21/identity/v3/projects/96611deb410e447ba194399fbf894e14 0.140s
2025-04-08 14:17:22.516 69684 INFO tempest.lib.common.rest_client [req-eda0145f-76bb-4b26-aeef-7965a4ffee2b req-eda0145f-76bb-4b26-aeef-7965a4ffee2b ] Request (MigrationsAdminTest:test_list_migrations_in_flavor_resize_situation): 200 GET http://10.180.1.21/compute/v2.1/servers/48ed2483-9904-429f-b48d-8dc0150b8fff 0.601s
2025-04-08 14:17:22.539 69686 INFO tempest.lib.common.rest_client [req-e4580a32-93c8-4f6f-996a-a9eba4b41189 req-e4580a32-93c8-4f6f-996a-a9eba4b41189 ] Request (FlavorsAccessNegativeTestJSON:tearDownClass): 200 GET http://10.180.1.21:9696/networking/v2.0/security-groups?tenant_id=0a3ad5fc259c43d1bbce3df05f49bd28&name=default 0.331s
2025-04-08 14:17:22.601 69644 INFO tempest.lib.common.rest_client [req-c2b09b1e-2e47-44d5-b679-ecba82bdf938 req-c2b09b1e-2e47-44d5-b679-ecba82bdf938 ] Request (QuotasSecurityGroupAdminNegativeTest:tearDownClass): 204 DELETE http://10.180.1.21/identity/v3/users/ef2060fe7aad417ab15d20c84a000015 0.181s
2025-04-08 14:17:22.609 69640 INFO tempest.lib.common.rest_client [req-caaf4807-b591-4a96-89a8-d852a5915160 req-caaf4807-b591-4a96-89a8-d852a5915160 ] Request (ServerExternalEventsTest:test_create_server_external_events): 200 GET http://10.180.1.21/compute/v2.1/servers/5a75a617-3721-44ba-b844-6c369dfe5f9f 0.685s
2025-04-08 14:17:22.689 69678 INFO tempest.lib.common.rest_client [req-d5c65c20-ca89-47b1-8b7a-cfa6cc1fa236 req-d5c65c20-ca89-47b1-8b7a-cfa6cc1fa236 ] Request (ServersV294TestFqdnHostnames:setUpClass): 201 POST http://10.180.1.21/identity/v3/auth/tokens 0.203s
2025-04-08 14:17:22.694 69650 INFO tempest.lib.common.rest_client [req-de49321a-b7e1-44ea-b826-dbe115b8a720 req-de49321a-b7e1-44ea-b826-dbe115b8a720 ] Request (HypervisorAdminNegativeTestJSON:tearDownClass): 204 DELETE http://10.180.1.21:9696/networking/v2.0/security-groups/4b6a22fc-cd6d-438d-86fe-f2d5ee147da5 0.221s
2025-04-08 14:17:22.709 69646 INFO tempest.lib.common.rest_client [req-1e441d3a-d8df-40b3-8a65-12960d64ccc3 req-1e441d3a-d8df-40b3-8a65-12960d64ccc3 ] Request (ImagesOneServerNegativeTestJSON:setUpClass): 200 GET http://10.180.1.21/compute/v2.1/servers/9ea66b42-34d2-430c-b688-34d7a6d600a2 0.689s
2025-04-08 14:17:22.728 69678 INFO tempest.lib.common.rest_client [req-29cd26d0-174a-48a9-abb6-45612c9b5910 req-29cd26d0-174a-48a9-abb6-45612c9b5910 ] Request (ServersV294TestFqdnHostnames:setUpClass): 201 POST http://10.180.1.21/identity/v3/auth/tokens 0.035s
2025-04-08 14:17:22.762 69636 INFO tempest.lib.common.rest_client [req-0257f7ff-a630-46ef-a03f-a1235c4fa770 req-0257f7ff-a630-46ef-a03f-a1235c4fa770 ] Request (QuotasAdminTestJSON:tearDownClass): 200 GET http://10.180.1.21:9696/networking/v2.0/security-groups?tenant_id=a868c40b710d45c5a3e70751ca216d04&name=default 0.458s
2025-04-08 14:17:22.769 69644 INFO tempest.lib.common.rest_client [req-067ab502-c63e-418e-a953-a6df47ec8bfd req-067ab502-c63e-418e-a953-a6df47ec8bfd ] Request (QuotasSecurityGroupAdminNegativeTest:tearDownClass): 204 DELETE http://10.180.1.21/identity/v3/users/d03065120fb8427d95a018cc5d76b304 0.166s
2025-04-08 14:17:22.769 69644 INFO tempest.lib.common.dynamic_creds [-] Deleting project and security group for project: aa881b5a41374d90b03becb4870bbeba
2025-04-08 14:17:22.774 69680 INFO tempest.lib.common.rest_client [req-6fa720f0-ebcd-40f0-9c25-1ef698550419 req-6fa720f0-ebcd-40f0-9c25-1ef698550419 ] Request (FloatingIPsAssociationNegativeTestJSON:setUpClass): 200 GET http://10.180.1.21/compute/v2.1/servers/64eaf31f-fef5-4a5e-93be-23f9ac796162 0.795s
2025-04-08 14:17:22.782 69680 INFO tempest.common.waiters [-] State transition "BUILD/None" ==> "BUILD/block_device_mapping" after 17 second wait
2025-04-08 14:17:22.822 69678 INFO tempest.lib.common.rest_client [req-4aab181b-a01e-409d-9bc7-27b3bf8bcd4c req-4aab181b-a01e-409d-9bc7-27b3bf8bcd4c ] Request (ServersV294TestFqdnHostnames:setUpClass): 200 GET http://10.180.1.21/identity/v3/domains?name=Default 0.094s
2025-04-08 14:17:22.847 69686 INFO tempest.lib.common.rest_client [req-98fe2903-e849-4bcf-9507-faa36bddccda req-98fe2903-e849-4bcf-9507-faa36bddccda ] Request (FlavorsAccessNegativeTestJSON:tearDownClass): 204 DELETE http://10.180.1.21:9696/networking/v2.0/security-groups/4d6b7ef9-2b94-49a6-a333-a20f42fe7b01 0.308s
2025-04-08 14:17:22.850 69650 INFO tempest.lib.common.rest_client [req-d040619c-ad4c-4f11-a2d8-26bf85729ea4 req-d040619c-ad4c-4f11-a2d8-26bf85729ea4 ] Request (HypervisorAdminNegativeTestJSON:tearDownClass): 204 DELETE http://10.180.1.21/identity/v3/projects/7e3d50a58ca641e0a7f54c558a92e713 0.156s
2025-04-08 14:17:22.855 69692 INFO tempest.lib.common.rest_client [req-e3a649a7-e500-4503-b2ab-0bf79972c8fb req-e3a649a7-e500-4503-b2ab-0bf79972c8fb ] Request (ServersAdmin275Test:_run_cleanups): 200 GET http://10.180.1.21/compute/v2.1/servers/64aea4a9-d672-473a-b00c-e3aeaa544c14 0.831s
2025-04-08 14:17:22.905 69654 INFO tempest.lib.common.rest_client [req-7e8093ff-f50d-461c-ab98-4d7a1db7cb4f req-7e8093ff-f50d-461c-ab98-4d7a1db7cb4f ] Request (AggregatesAdminNegativeTestJSON:test_aggregate_remove_host_as_user): 200 POST http://10.180.1.21/compute/v2.1/os-aggregates/7/action 0.860s
2025-04-08 14:17:22.915 69644 INFO tempest.lib.common.rest_client [req-a2259425-8e76-4141-ab5f-d72943d15f70 req-a2259425-8e76-4141-ab5f-d72943d15f70 ] Request (QuotasSecurityGroupAdminNegativeTest:tearDownClass): 201 POST http://10.180.1.21/identity/v3/auth/tokens 0.146s
2025-04-08 14:17:22.938 69696 INFO tempest.lib.common.rest_client [req-b1895fee-3b5e-4728-9e69-95db9b628809 req-b1895fee-3b5e-4728-9e69-95db9b628809 ] Request (VolumesAssistedSnapshotsTest:test_volume_assisted_snapshot_create_delete): 200 GET http://10.180.1.21/compute/v2.1/servers/a3daa3e4-fd53-4dc7-829b-a082157bcfa2 0.868s
2025-04-08 14:17:22.958 69634 INFO tempest.lib.common.rest_client [req-0d7da631-8597-4139-8a8d-100b21bbb09f req-0d7da631-8597-4139-8a8d-100b21bbb09f ] Request (FlavorsAdminTestJSON:test_is_public_string_variations): 200 GET http://10.180.1.21/compute/v2.1/flavors/detail?is_public=no 0.847s
2025-04-08 14:17:22.959 69678 INFO tempest.lib.common.rest_client [req-0ac11cc8-2cae-4ae2-b9d2-38b25a737b4a req-0ac11cc8-2cae-4ae2-b9d2-38b25a737b4a ] Request (ServersV294TestFqdnHostnames:setUpClass): 201 POST http://10.180.1.21/identity/v3/projects 0.135s
2025-04-08 14:17:23.004 69636 INFO tempest.lib.common.rest_client [req-d20b5810-aa39-4a22-bd9e-976be8d9b216 req-d20b5810-aa39-4a22-bd9e-976be8d9b216 ] Request (QuotasAdminTestJSON:tearDownClass): 204 DELETE http://10.180.1.21:9696/networking/v2.0/security-groups/3404b7c0-ef64-47ad-9a8f-d683657d356f 0.241s
2025-04-08 14:17:23.032 69686 INFO tempest.lib.common.rest_client [req-e6056de1-7f2d-4b92-80d9-295031b3b7e7 req-e6056de1-7f2d-4b92-80d9-295031b3b7e7 ] Request (FlavorsAccessNegativeTestJSON:tearDownClass): 204 DELETE http://10.180.1.21/identity/v3/projects/0a3ad5fc259c43d1bbce3df05f49bd28 0.184s
2025-04-08 14:17:23.032 69686 INFO tempest.lib.common.dynamic_creds [-] Deleting project and security group for project: aabcde3b453240769a7247e8d03c2713
2025-04-08 14:17:23.047 69668 INFO tempest.lib.common.rest_client [req-c70bc20b-2052-4518-8075-691ee791485f req-c70bc20b-2052-4518-8075-691ee791485f ] Request (ServerDiagnosticsTest:test_get_server_diagnostics): 200 GET http://10.180.1.21/compute/v2.1/servers/61c691d1-514b-44da-b3b4-c4b0475266bb 0.926s
2025-04-08 14:17:23.056 69650 INFO tempest.lib.common.rest_client [req-151d874b-f3c1-48d7-bc20-e3596eb2ef30 req-151d874b-f3c1-48d7-bc20-e3596eb2ef30 ] Request (ImagesMetadataNegativeTestJSON:setUpClass): 201 POST http://10.180.1.21/identity/v3/auth/tokens 0.203s
2025-04-08 14:17:23.135 69688 INFO tempest.lib.common.rest_client [req-3e63256a-74c2-4b21-8645-21e40126c767 req-3e63256a-74c2-4b21-8645-21e40126c767 ] Request (ImagesNegativeTestJSON:test_create_image_from_deleted_server): 200 GET http://10.180.1.21/compute/v2.1/servers/82bf4068-a582-4d13-9b88-2ab65a1c4efe 0.949s
2025-04-08 14:17:23.174 69678 INFO tempest.lib.common.rest_client [req-1e920278-c504-4b83-bab5-b06d5bf36bbe req-1e920278-c504-4b83-bab5-b06d5bf36bbe ] Request (ServersV294TestFqdnHostnames:setUpClass): 201 POST http://10.180.1.21/identity/v3/users 0.215s
2025-04-08 14:17:23.205 69686 INFO tempest.lib.common.rest_client [req-9f366a14-428e-435e-a068-29bbd8e7d664 req-9f366a14-428e-435e-a068-29bbd8e7d664 ] Request (FlavorsAccessNegativeTestJSON:tearDownClass): 200 GET http://10.180.1.21:9696/networking/v2.0/security-groups?tenant_id=aabcde3b453240769a7247e8d03c2713&name=default 0.172s
2025-04-08 14:17:23.212 69682 INFO tempest.lib.common.rest_client [req-93eb9103-025c-433a-b2b6-b7d808bfb8fd req-93eb9103-025c-433a-b2b6-b7d808bfb8fd ] Request (ServersWithSpecificFlavorTestJSON:test_verify_created_server_ephemeral_disk): 200 GET http://10.180.1.21/compute/v2.1/servers/0ad6371c-fa25-42ab-8fd3-8fd9e9c64ddd 0.976s
2025-04-08 14:17:23.249 69636 INFO tempest.lib.common.rest_client [req-a9090fb1-35cd-4f7b-a71c-71bd2e458d2b req-a9090fb1-35cd-4f7b-a71c-71bd2e458d2b ] Request (QuotasAdminTestJSON:tearDownClass): 204 DELETE http://10.180.1.21/identity/v3/projects/a868c40b710d45c5a3e70751ca216d04 0.245s
2025-04-08 14:17:23.264 69644 INFO tempest.lib.common.rest_client [req-15c367ab-fae3-4bd0-84f9-c396a351117d req-15c367ab-fae3-4bd0-84f9-c396a351117d ] Request (QuotasSecurityGroupAdminNegativeTest:tearDownClass): 200 GET http://10.180.1.21:9696/networking/v2.0/security-groups?tenant_id=aa881b5a41374d90b03becb4870bbeba&name=default 0.348s
2025-04-08 14:17:23.282 69666 INFO tempest.lib.common.rest_client [req-a4173f7c-7bed-428a-a545-5b6d35e0e14c req-a4173f7c-7bed-428a-a545-5b6d35e0e14c ] Request (ServerDiskConfigTestJSON:test_rebuild_server_with_auto_disk_config): 200 GET http://10.180.1.21/compute/v2.1/servers/6426b2b9-06d3-4c6f-9899-46bb73ceb6ec 0.962s
2025-04-08 14:17:23.309 69686 INFO tempest.lib.common.rest_client [req-68743906-10f7-45a4-9879-0b04ae65dff6 req-68743906-10f7-45a4-9879-0b04ae65dff6 ] Request (FlavorsAccessNegativeTestJSON:tearDownClass): 204 DELETE http://10.180.1.21:9696/networking/v2.0/security-groups/ebd0e600-eed5-4548-9bd5-5eb19826c5f1 0.104s
2025-04-08 14:17:23.319 69650 INFO tempest.lib.common.rest_client [req-fd04d9dd-6f3e-48e7-9adf-8f1d6ca16e8b req-fd04d9dd-6f3e-48e7-9adf-8f1d6ca16e8b ] Request (ImagesMetadataNegativeTestJSON:setUpClass): 201 POST http://10.180.1.21/identity/v3/auth/tokens 0.257s
2025-04-08 14:17:23.338 69648 INFO tempest.lib.common.rest_client [req-83e4b72f-3299-478f-b5c6-2a6110e9e762 req-83e4b72f-3299-478f-b5c6-2a6110e9e762 ] Request (InstanceActionsTestJSON:tearDownClass): 200 GET http://10.180.1.21/compute/v2.1/servers/65fceb63-2326-4d32-8281-2b7402fa4d5c 0.917s
2025-04-08 14:17:23.340 69644 INFO tempest.lib.common.rest_client [req-1df13f07-6d89-4e59-b665-b8257a00dc1b req-1df13f07-6d89-4e59-b665-b8257a00dc1b ] Request (QuotasSecurityGroupAdminNegativeTest:tearDownClass): 204 DELETE http://10.180.1.21:9696/networking/v2.0/security-groups/c7993fe8-187c-49c4-8e15-da1455190d03 0.075s
2025-04-08 14:17:23.360 69676 INFO tempest.lib.common.rest_client [req-0590cf93-9888-4629-98ab-da6f2d7654c8 req-0590cf93-9888-4629-98ab-da6f2d7654c8 ] Request (QuotasAdminTestV236:test_get_updated_quotas): 200 GET http://10.180.1.21/compute/v2.1/os-quota-sets/ce405c599a7f4288ac13353996e5ab92/detail 1.267s
2025-04-08 14:17:23.363 69678 INFO tempest.lib.common.rest_client [req-b0839a85-7ff5-43e3-9306-dbbe4f40e29b req-b0839a85-7ff5-43e3-9306-dbbe4f40e29b ] Request (ServersV294TestFqdnHostnames:setUpClass): 200 GET http://10.180.1.21/identity/v3/roles 0.186s
2025-04-08 14:17:23.390 69636 INFO tempest.lib.common.rest_client [req-602232d2-bfaf-4d9b-aa8d-e4e56e834354 req-602232d2-bfaf-4d9b-aa8d-e4e56e834354 ] Request (SecurityGroupRulesTestJSON:setUpClass): 201 POST http://10.180.1.21/identity/v3/auth/tokens 0.139s
2025-04-08 14:17:23.399 69674 INFO tempest.lib.common.rest_client [req-bfe0ba62-55a1-421c-9f79-e25de4ae1d4c req-bfe0ba62-55a1-421c-9f79-e25de4ae1d4c ] Request (TenantUsagesTestJSON:setUpClass): 200 GET http://10.180.1.21/compute/v2.1/servers/2c565c5e-87c9-4951-8798-dde366617001 0.918s
2025-04-08 14:17:23.410 69652 INFO tempest.lib.common.rest_client [req-459ffdbf-d87d-4990-a55a-3548072e81d8 req-459ffdbf-d87d-4990-a55a-3548072e81d8 ] Request (ServersAdminTestJSON:setUpClass): 200 GET http://10.180.1.21/compute/v2.1/servers/bb4003d9-d483-4eb6-a7db-cc067adad217 0.868s
2025-04-08 14:17:23.414 69650 INFO tempest.lib.common.rest_client [req-9663ef85-0470-4027-bd70-5150bf6f371a req-9663ef85-0470-4027-bd70-5150bf6f371a ] Request (ImagesMetadataNegativeTestJSON:setUpClass): 200 GET http://10.180.1.21/identity/v3/domains?name=Default 0.094s
2025-04-08 14:17:23.445 69686 INFO tempest.lib.common.rest_client [req-e5f74b68-b649-49dc-b8cf-7d0e660a2d11 req-e5f74b68-b649-49dc-b8cf-7d0e660a2d11 ] Request (FlavorsAccessNegativeTestJSON:tearDownClass): 204 DELETE http://10.180.1.21/identity/v3/projects/aabcde3b453240769a7247e8d03c2713 0.135s
2025-04-08 14:17:23.455 69638 INFO tempest.lib.common.rest_client [req-c749b1f4-54dd-48ef-afb1-2c5046b3b34c req-c749b1f4-54dd-48ef-afb1-2c5046b3b34c ] Request (DeleteServersAdminTestJSON:test_admin_delete_servers_of_others): 200 GET http://10.180.1.21/compute/v2.1/servers/4267677a-a170-4790-b847-c4f077b37015 0.756s
2025-04-08 14:17:23.465 69642 INFO tempest.lib.common.rest_client [req-f9f8f2ed-1a5d-4b81-9cca-07d0444b4ed8 req-f9f8f2ed-1a5d-4b81-9cca-07d0444b4ed8 ] Request (ServersTestBootFromVolume:setUpClass): 200 GET http://10.180.1.21/compute/v2.1/servers/c6cb2dac-6d8a-4319-9e26-c12d31e8a733 0.661s
2025-04-08 14:17:23.471 69654 INFO tempest.lib.common.rest_client [req-1773c02f-8085-4847-89b4-b3ad9485e7e4 req-1773c02f-8085-4847-89b4-b3ad9485e7e4 ] Request (AggregatesAdminNegativeTestJSON:test_aggregate_remove_host_as_user): 403 POST http://10.180.1.21/compute/v2.1/os-aggregates/7/action 0.563s
2025-04-08 14:17:23.476 69678 INFO tempest.lib.common.rest_client [req-d4e9ac4f-99b4-4d64-bf62-38138939649d req-d4e9ac4f-99b4-4d64-bf62-38138939649d ] Request (ServersV294TestFqdnHostnames:setUpClass): 204 PUT http://10.180.1.21/identity/v3/projects/3a97e43512e94b5491ee1da65d4dc099/users/7cc520f6c39f49e392bc5f3f86597b06/roles/1bce94b911a3466b82b78ba1e59b514c 0.113s
2025-04-08 14:17:23.477 69678 INFO tempest.lib.common.dynamic_creds [-] Dynamic test user 7cc520f6c39f49e392bc5f3f86597b06 is created with scope project and roles: ['member']
2025-04-08 14:17:23.477 69678 INFO tempest.lib.common.dynamic_creds [-] Acquired dynamic creds: credentials: Credentials: {'domain_id': 'default', 'domain_name': 'Default', 'username': 'tempest-ServersV294TestFqdnHostnames-1372785909-project-member', 'project_domain_id': 'default', 'project_domain_name': 'Default', 'project_id': '3a97e43512e94b5491ee1da65d4dc099', 'project_name': 'tempest-ServersV294TestFqdnHostnames-1372785909', 'tenant_id': '3a97e43512e94b5491ee1da65d4dc099', 'tenant_name': 'tempest-ServersV294TestFqdnHostnames-1372785909', 'user_domain_id': 'default', 'user_domain_name': 'Default', 'user_id': '7cc520f6c39f49e392bc5f3f86597b06', 'system': None}, Network: None, Subnet: None, Router: None
2025-04-08 14:17:23.483 69634 INFO tempest.lib.common.rest_client [req-9c02ac16-ca13-4ed3-b614-a54dfbde0d08 req-9c02ac16-ca13-4ed3-b614-a54dfbde0d08 ] Request (FlavorsAdminTestJSON:test_is_public_string_variations): 200 GET http://10.180.1.21/compute/v2.1/flavors/detail?is_public=0 0.521s
2025-04-08 14:17:23.493 69644 INFO tempest.lib.common.rest_client [req-e4ca2f3f-c724-4133-87d9-f354da49be99 req-e4ca2f3f-c724-4133-87d9-f354da49be99 ] Request (QuotasSecurityGroupAdminNegativeTest:tearDownClass): 204 DELETE http://10.180.1.21/identity/v3/projects/aa881b5a41374d90b03becb4870bbeba 0.153s
2025-04-08 14:17:23.493 69644 INFO tempest.lib.common.dynamic_creds [-] Deleting project and security group for project: 097b137ea950451e8b3008dc6799fbce
2025-04-08 14:17:23.532 69676 INFO tempest.lib.common.rest_client [req-4310b009-ce86-42f8-bb43-3a9d4c65067f req-4310b009-ce86-42f8-bb43-3a9d4c65067f ] Request (QuotasAdminTestV236:test_get_updated_quotas): 200 GET http://10.180.1.21/identity/v3/domains?name=Default 0.165s
2025-04-08 14:17:23.571 69662 INFO tempest.lib.common.rest_client [req-533e8ab0-8b96-4664-9580-92cb82acd9f6 req-533e8ab0-8b96-4664-9580-92cb82acd9f6 ] Request (ServerDiagnosticsNegativeTest:test_get_server_diagnostics_by_non_admin): 200 GET http://10.180.1.21/compute/v2.1/servers/24afcbbb-1869-4ed4-880a-d7a2e6c312ad 0.206s
2025-04-08 14:17:23.601 69636 INFO tempest.lib.common.rest_client [req-e2a75214-98a3-4fc5-98ea-b86c504177bf req-e2a75214-98a3-4fc5-98ea-b86c504177bf ] Request (SecurityGroupRulesTestJSON:setUpClass): 201 POST http://10.180.1.21/identity/v3/auth/tokens 0.205s
2025-04-08 14:17:23.630 69670 INFO tempest.lib.common.rest_client [req-76929c76-8c19-41b8-8978-74f618822138 req-76929c76-8c19-41b8-8978-74f618822138 ] Request (ImagesMetadataTestJSON:setUpClass): 204 PUT http://10.180.1.21/image/v2/images/da2a53fa-9641-4605-8603-b38255abe51f/file 1.358s
2025-04-08 14:17:23.632 69686 INFO tempest.lib.common.rest_client [req-b3d9a80b-34ec-44ec-8ad9-d0de2a355007 req-b3d9a80b-34ec-44ec-8ad9-d0de2a355007 ] Request (ListImageFiltersNegativeTestJSON:setUpClass): 201 POST http://10.180.1.21/identity/v3/auth/tokens 0.186s
2025-04-08 14:17:23.659 69678 INFO tempest.lib.common.rest_client [req-570cde11-bab3-4a89-ab37-3b4ba2ee8b9b req-570cde11-bab3-4a89-ab37-3b4ba2ee8b9b ] Request (ServersV294TestFqdnHostnames:setUpClass): 201 POST http://10.180.1.21/identity/v3/auth/tokens 0.182s
2025-04-08 14:17:23.670 69650 INFO tempest.lib.common.rest_client [req-98bf3d40-5c51-49f7-857d-2ac9350323b2 req-98bf3d40-5c51-49f7-857d-2ac9350323b2 ] Request (ImagesMetadataNegativeTestJSON:setUpClass): 201 POST http://10.180.1.21/identity/v3/projects 0.255s
2025-04-08 14:17:23.713 69690 INFO tempest.lib.common.rest_client [req-ac85a889-610c-4ab4-a2fa-e7db67d2c074 req-ac85a889-610c-4ab4-a2fa-e7db67d2c074 ] Request (FloatingIPsAssociationTestJSON:setUpClass): 200 GET http://10.180.1.21/compute/v2.1/servers/e99bc314-8e40-4c7f-8cb6-96e4e721023f 0.425s
2025-04-08 14:17:23.748 69676 INFO tempest.lib.common.rest_client [req-2d5768c1-c6b0-4ee8-9455-4f9449f27aeb req-2d5768c1-c6b0-4ee8-9455-4f9449f27aeb ] Request (QuotasAdminTestV236:test_get_updated_quotas): 201 POST http://10.180.1.21/identity/v3/users 0.215s
2025-04-08 14:17:23.749 69636 INFO tempest.lib.common.rest_client [req-239001d8-38d1-453d-bd44-c069fe057aa7 req-239001d8-38d1-453d-bd44-c069fe057aa7 ] Request (SecurityGroupRulesTestJSON:setUpClass): 200 GET http://10.180.1.21/identity/v3/domains?name=Default 0.148s
2025-04-08 14:17:23.781 69644 INFO tempest.lib.common.rest_client [req-acfaa8ad-d097-426e-bbf9-52afc3c3e4b8 req-acfaa8ad-d097-426e-bbf9-52afc3c3e4b8 ] Request (QuotasSecurityGroupAdminNegativeTest:tearDownClass): 200 GET http://10.180.1.21:9696/networking/v2.0/security-groups?tenant_id=097b137ea950451e8b3008dc6799fbce&name=default 0.288s
2025-04-08 14:17:23.787 69686 INFO tempest.lib.common.rest_client [req-8d29db71-f1f2-4c4f-aeb0-d89a352670fc req-8d29db71-f1f2-4c4f-aeb0-d89a352670fc ] Request (ListImageFiltersNegativeTestJSON:setUpClass): 201 POST http://10.180.1.21/identity/v3/auth/tokens 0.150s
2025-04-08 14:17:23.818 69694 INFO tempest.lib.common.rest_client [req-13093c10-3226-4cb1-bbc8-0127dd0b7c4a req-13093c10-3226-4cb1-bbc8-0127dd0b7c4a ] Request (ServerActionsTestOtherB:setUpClass): 200 GET http://10.180.1.21/compute/v2.1/servers/cb02e9e8-1395-4578-89af-7fd8f84c52db 0.393s
2025-04-08 14:17:23.826 69650 INFO tempest.lib.common.rest_client [req-e91c82af-c171-4518-ad43-4be7caed9a6e req-e91c82af-c171-4518-ad43-4be7caed9a6e ] Request (ImagesMetadataNegativeTestJSON:setUpClass): 201 POST http://10.180.1.21/identity/v3/users 0.156s
2025-04-08 14:17:23.836 69636 INFO tempest.lib.common.rest_client [req-015bb346-7dd0-466e-969b-49529566c071 req-015bb346-7dd0-466e-969b-49529566c071 ] Request (SecurityGroupRulesTestJSON:setUpClass): 201 POST http://10.180.1.21/identity/v3/projects 0.087s
2025-04-08 14:17:23.852 69634 INFO tempest.lib.common.rest_client [req-9e7ee991-3e40-40e4-a2ff-245a4b1f4e90 req-9e7ee991-3e40-40e4-a2ff-245a4b1f4e90 ] Request (FlavorsAdminTestJSON:test_is_public_string_variations): 200 GET http://10.180.1.21/compute/v2.1/flavors/detail?is_public=t 0.364s
2025-04-08 14:17:23.901 69676 INFO tempest.lib.common.rest_client [req-be897ec1-71d1-45e3-ad02-da093126bd96 req-be897ec1-71d1-45e3-ad02-da093126bd96 ] Request (QuotasAdminTestV236:test_get_updated_quotas): 200 GET http://10.180.1.21/identity/v3/domains?name=Default 0.152s
2025-04-08 14:17:23.903 69686 INFO tempest.lib.common.rest_client [req-9ff4f7cc-eccd-4f4d-a0bc-5bb2080473b7 req-9ff4f7cc-eccd-4f4d-a0bc-5bb2080473b7 ] Request (ListImageFiltersNegativeTestJSON:setUpClass): 200 GET http://10.180.1.21/identity/v3/domains?name=Default 0.116s
2025-04-08 14:17:23.925 69650 INFO tempest.lib.common.rest_client [req-6fcf5f99-096c-4442-a223-977f012aa54d req-6fcf5f99-096c-4442-a223-977f012aa54d ] Request (ImagesMetadataNegativeTestJSON:setUpClass): 200 GET http://10.180.1.21/identity/v3/roles 0.098s
2025-04-08 14:17:23.931 69636 INFO tempest.lib.common.rest_client [req-84c41fbd-95bf-4ae4-adc1-c6f0150b01d9 req-84c41fbd-95bf-4ae4-adc1-c6f0150b01d9 ] Request (SecurityGroupRulesTestJSON:setUpClass): 201 POST http://10.180.1.21/identity/v3/users 0.094s
2025-04-08 14:17:23.958 69686 INFO tempest.lib.common.rest_client [req-fef05cd5-f4ab-4fd1-ae2a-6a2ad3bb89f5 req-fef05cd5-f4ab-4fd1-ae2a-6a2ad3bb89f5 ] Request (ListImageFiltersNegativeTestJSON:setUpClass): 201 POST http://10.180.1.21/identity/v3/projects 0.054s
2025-04-08 14:17:23.963 69644 INFO tempest.lib.common.rest_client [req-a13b0e44-39f6-414c-aa34-04d48ea96c17 req-a13b0e44-39f6-414c-aa34-04d48ea96c17 ] Request (QuotasSecurityGroupAdminNegativeTest:tearDownClass): 204 DELETE http://10.180.1.21:9696/networking/v2.0/security-groups/9edcdd64-d1b5-4a73-9c26-d221bb21d0e2 0.181s
2025-04-08 14:17:24.006 69684 INFO tempest.lib.common.rest_client [req-1b9377b7-0359-44a4-b523-faab2033d9f5 req-1b9377b7-0359-44a4-b523-faab2033d9f5 ] Request (MigrationsAdminTest:test_list_migrations_in_flavor_resize_situation): 200 GET http://10.180.1.21/compute/v2.1/servers/48ed2483-9904-429f-b48d-8dc0150b8fff 0.476s
2025-04-08 14:17:24.033 69650 INFO tempest.lib.common.rest_client [req-24b4abe4-527e-4fc7-a1b1-90ed5897c17e req-24b4abe4-527e-4fc7-a1b1-90ed5897c17e ] Request (ImagesMetadataNegativeTestJSON:setUpClass): 204 PUT http://10.180.1.21/identity/v3/projects/c109381f43624e6fbbd6f27b876734cf/users/98f6e7ecf24a4d6e9eb6084e08bef7b0/roles/1bce94b911a3466b82b78ba1e59b514c 0.107s
2025-04-08 14:17:24.033 69650 INFO tempest.lib.common.dynamic_creds [-] Dynamic test user 98f6e7ecf24a4d6e9eb6084e08bef7b0 is created with scope project and roles: ['member']
2025-04-08 14:17:24.033 69650 INFO tempest.lib.common.dynamic_creds [-] Acquired dynamic creds: credentials: Credentials: {'domain_id': 'default', 'domain_name': 'Default', 'username': 'tempest-ImagesMetadataNegativeTestJSON-842780934-project-member', 'project_domain_id': 'default', 'project_domain_name': 'Default', 'project_id': 'c109381f43624e6fbbd6f27b876734cf', 'project_name': 'tempest-ImagesMetadataNegativeTestJSON-842780934', 'tenant_id': 'c109381f43624e6fbbd6f27b876734cf', 'tenant_name': 'tempest-ImagesMetadataNegativeTestJSON-842780934', 'user_domain_id': 'default', 'user_domain_name': 'Default', 'user_id': '98f6e7ecf24a4d6e9eb6084e08bef7b0', 'system': None}, Network: None, Subnet: None, Router: None
2025-04-08 14:17:24.033 69650 INFO tempest.lib.common.dynamic_creds [-] Created isolated network resources for: credentials: Credentials: {'domain_id': 'default', 'domain_name': 'Default', 'username': 'tempest-ImagesMetadataNegativeTestJSON-842780934-project-member', 'project_domain_id': 'default', 'project_domain_name': 'Default', 'project_id': 'c109381f43624e6fbbd6f27b876734cf', 'project_name': 'tempest-ImagesMetadataNegativeTestJSON-842780934', 'tenant_id': 'c109381f43624e6fbbd6f27b876734cf', 'tenant_name': 'tempest-ImagesMetadataNegativeTestJSON-842780934', 'user_domain_id': 'default', 'user_domain_name': 'Default', 'user_id': '98f6e7ecf24a4d6e9eb6084e08bef7b0', 'system': None}, Network: None, Subnet: None, Router: None
2025-04-08 14:17:24.054 69678 INFO tempest.lib.common.rest_client [req-bcdee8e1-6a85-422f-b73e-c8863a815d90 req-bcdee8e1-6a85-422f-b73e-c8863a815d90 ] Request (ServersV294TestFqdnHostnames:setUpClass): 201 POST http://10.180.1.21:9696/networking/v2.0/networks 0.394s
2025-04-08 14:17:24.065 69636 INFO tempest.lib.common.rest_client [req-04acfd73-2d5d-44f0-a709-f3d1ee976853 req-04acfd73-2d5d-44f0-a709-f3d1ee976853 ] Request (SecurityGroupRulesTestJSON:setUpClass): 200 GET http://10.180.1.21/identity/v3/roles 0.134s
2025-04-08 14:17:24.090 69686 INFO tempest.lib.common.rest_client [req-55a6661c-4997-4122-b362-bd1a8e9aa35b req-55a6661c-4997-4122-b362-bd1a8e9aa35b ] Request (ListImageFiltersNegativeTestJSON:setUpClass): 201 POST http://10.180.1.21/identity/v3/users 0.132s
2025-04-08 14:17:24.113 69640 INFO tempest.lib.common.rest_client [req-80419fad-d094-4c3e-a4b5-336519ce6ae3 req-80419fad-d094-4c3e-a4b5-336519ce6ae3 ] Request (ServerExternalEventsTest:test_create_server_external_events): 200 GET http://10.180.1.21/compute/v2.1/servers/5a75a617-3721-44ba-b844-6c369dfe5f9f 0.494s
2025-04-08 14:17:24.144 69644 INFO tempest.lib.common.rest_client [req-d0ba2374-39a5-4767-bf81-b020ea5486fd req-d0ba2374-39a5-4767-bf81-b020ea5486fd ] Request (QuotasSecurityGroupAdminNegativeTest:tearDownClass): 204 DELETE http://10.180.1.21/identity/v3/projects/097b137ea950451e8b3008dc6799fbce 0.180s
2025-04-08 14:17:24.154 69670 INFO tempest.lib.common.rest_client [req-34549f9b-a7fd-451a-99d4-642bae8d4652 req-34549f9b-a7fd-451a-99d4-642bae8d4652 ] Request (ImagesMetadataTestJSON:setUpClass): 200 GET http://10.180.1.21/compute/v2.1/images/da2a53fa-9641-4605-8603-b38255abe51f 0.523s
2025-04-08 14:17:24.208 69650 INFO tempest.lib.common.rest_client [req-bc2aac50-8739-472a-8c10-7af8512d760e req-bc2aac50-8739-472a-8c10-7af8512d760e ] Request (ImagesMetadataNegativeTestJSON:setUpClass): 201 POST http://10.180.1.21/identity/v3/auth/tokens 0.170s
2025-04-08 14:17:24.214 69646 INFO tempest.lib.common.rest_client [req-4089fc65-c55d-49f5-aafd-1dc89366934b req-4089fc65-c55d-49f5-aafd-1dc89366934b ] Request (ImagesOneServerNegativeTestJSON:setUpClass): 200 GET http://10.180.1.21/compute/v2.1/servers/9ea66b42-34d2-430c-b688-34d7a6d600a2 0.492s
2025-04-08 14:17:24.215 69678 INFO tempest.lib.common.rest_client [req-e83adb74-2cf6-4336-83df-535f6110e970 req-e83adb74-2cf6-4336-83df-535f6110e970 ] Request (ServersV294TestFqdnHostnames:setUpClass): 201 POST http://10.180.1.21:9696/networking/v2.0/subnets 0.160s
2025-04-08 14:17:24.270 69636 INFO tempest.lib.common.rest_client [req-52795bb1-8cca-4e8b-b40f-1af85736eae5 req-52795bb1-8cca-4e8b-b40f-1af85736eae5 ] Request (SecurityGroupRulesTestJSON:setUpClass): 204 PUT http://10.180.1.21/identity/v3/projects/4de5f7690cf74ad6bf4da36527c78fb2/users/160d487dda55444884754c76ffce33c8/roles/1bce94b911a3466b82b78ba1e59b514c 0.204s
2025-04-08 14:17:24.270 69636 INFO tempest.lib.common.dynamic_creds [-] Dynamic test user 160d487dda55444884754c76ffce33c8 is created with scope project and roles: ['member']
2025-04-08 14:17:24.271 69636 INFO tempest.lib.common.dynamic_creds [-] Acquired dynamic creds: credentials: Credentials: {'domain_id': 'default', 'domain_name': 'Default', 'username': 'tempest-SecurityGroupRulesTestJSON-1930154210-project-member', 'project_domain_id': 'default', 'project_domain_name': 'Default', 'project_id': '4de5f7690cf74ad6bf4da36527c78fb2', 'project_name': 'tempest-SecurityGroupRulesTestJSON-1930154210', 'tenant_id': '4de5f7690cf74ad6bf4da36527c78fb2', 'tenant_name': 'tempest-SecurityGroupRulesTestJSON-1930154210', 'user_domain_id': 'default', 'user_domain_name': 'Default', 'user_id': '160d487dda55444884754c76ffce33c8', 'system': None}, Network: None, Subnet: None, Router: None
2025-04-08 14:17:24.300 69654 INFO tempest.lib.common.rest_client [req-f3e9c7fb-277c-4a88-ab6e-d0c92bf1b04a req-f3e9c7fb-277c-4a88-ab6e-d0c92bf1b04a ] Request (AggregatesAdminNegativeTestJSON:_run_cleanups): 200 POST http://10.180.1.21/compute/v2.1/os-aggregates/7/action 0.829s
2025-04-08 14:17:24.323 69644 INFO tempest.lib.common.rest_client [req-a351d9b6-10ce-4c83-81f7-1b3f94c8bce9 req-a351d9b6-10ce-4c83-81f7-1b3f94c8bce9 ] Request (ServerActionsV293TestJSON:setUpClass): 201 POST http://10.180.1.21/identity/v3/auth/tokens 0.177s
2025-04-08 14:17:24.327 69634 INFO tempest.lib.common.rest_client [req-3b4898b3-3aa7-485e-a0b6-ff90d550857f req-3b4898b3-3aa7-485e-a0b6-ff90d550857f ] Request (FlavorsAdminTestJSON:test_is_public_string_variations): 200 GET http://10.180.1.21/compute/v2.1/flavors/detail?is_public=true 0.469s
2025-04-08 14:17:24.327 69686 INFO tempest.lib.common.rest_client [req-2dc371b4-c244-434f-bc43-d300af540d82 req-2dc371b4-c244-434f-bc43-d300af540d82 ] Request (ListImageFiltersNegativeTestJSON:setUpClass): 200 GET http://10.180.1.21/identity/v3/roles 0.236s
2025-04-08 14:17:24.329 69680 INFO tempest.lib.common.rest_client [req-0555297e-f83e-4bee-aa0e-144f1b9d8bbf req-0555297e-f83e-4bee-aa0e-144f1b9d8bbf ] Request (FloatingIPsAssociationNegativeTestJSON:setUpClass): 200 GET http://10.180.1.21/compute/v2.1/servers/64eaf31f-fef5-4a5e-93be-23f9ac796162 0.544s
2025-04-08 14:17:24.340 69680 INFO tempest.common.waiters [-] State transition "BUILD/block_device_mapping" ==> "BUILD/spawning" after 19 second wait
2025-04-08 14:17:24.350 69636 INFO tempest.lib.common.rest_client [req-5b3f9328-8886-4a83-bb48-6aa0869bd70b req-5b3f9328-8886-4a83-bb48-6aa0869bd70b ] Request (SecurityGroupRulesTestJSON:setUpClass): 201 POST http://10.180.1.21/identity/v3/auth/tokens 0.079s
