2025-04-08 14:18:35.835 69664 WARNING tempest.lib.common.ssh [-] Failed to establish authenticated ssh connection to cirros@10.180.180.189 ([Errno None] Unable to connect to port 22 on 10.180.180.189). Number attempts: 9. Retry after 10 seconds.: paramiko.ssh_exception.NoValidConnectionsError: [Errno None] Unable to connect to port 22 on 10.180.180.189
2025-04-08 14:18:35.858 69640 INFO tempest.lib.common.rest_client [req-5ee41bca-dd46-4955-970c-82ea93479f39 req-5ee41bca-dd46-4955-970c-82ea93479f39 ] Request (ServersNegativeTestMultiTenantJSON:setUpClass): 200 GET http://10.180.1.21/compute/v2.1/servers/102f49a8-bd4d-445f-b772-eb6b4ed5954c 0.066s
2025-04-08 14:18:35.877 69680 INFO tempest.lib.common.rest_client [req-1bfe8a61-0170-4b70-b722-01d25ddeb3aa req-1bfe8a61-0170-4b70-b722-01d25ddeb3aa ] Request (ImagesOneServerTestJSON:setUpClass): 201 POST http://10.180.1.21:9696/networking/v2.0/subnets 0.241s
2025-04-08 14:18:35.919 69670 INFO tempest.lib.common.rest_client [req-1ebbf6f9-5a4d-4764-8a33-78c7eeadf5f3 req-1ebbf6f9-5a4d-4764-8a33-78c7eeadf5f3 ] Request (ServerTagsTestJSON:setUpClass): 200 GET http://10.180.1.21/compute/v2.1/servers/13556d56-c154-4033-bc15-d205744f92b9 0.071s
2025-04-08 14:18:36.003 69646 INFO tempest.lib.common.rest_client [req-c2865c08-493e-428b-a690-7018c8d4884e req-c2865c08-493e-428b-a690-7018c8d4884e ] Request (ImagesOneServerNegativeTestJSON:_run_cleanups): 200 GET http://10.180.1.21/compute/v2.1/servers/9ea66b42-34d2-430c-b688-34d7a6d600a2 0.068s
2025-04-08 14:18:36.044 69662 INFO tempest.lib.common.rest_client [req-bf8552de-1327-47a8-9c70-e9720b581d2f req-bf8552de-1327-47a8-9c70-e9720b581d2f ] Request (ServersTestJSON:setUpClass): 200 GET http://10.180.1.21/compute/v2.1/servers/a27d4d7c-8c75-4799-bc32-4acd2d33eddc 0.061s
2025-04-08 14:18:36.074 69666 INFO tempest.lib.common.rest_client [req-34c0bd3b-72f6-46f2-a1af-75abf5514219 req-34c0bd3b-72f6-46f2-a1af-75abf5514219 ] Request (ServerDiskConfigTestJSON:test_rebuild_server_with_manual_disk_config): 200 GET http://10.180.1.21/compute/v2.1/servers/651f02fd-b91f-4d1d-80ba-e66edff2503b 0.057s
2025-04-08 14:18:36.131 69648 INFO tempest.lib.common.rest_client [req-ba367698-652b-40ba-80fd-8049f834499d req-ba367698-652b-40ba-80fd-8049f834499d ] Request (ListServersNegativeTestJSON:setUpClass): 200 GET http://10.180.1.21/compute/v2.1/servers/6adb743f-3e48-41b6-9643-6e1927555681 0.055s
2025-04-08 14:18:36.215 69638 INFO tempest.lib.common.rest_client [req-b40aa6b6-748e-4d09-92a7-cc99012298bf req-b40aa6b6-748e-4d09-92a7-cc99012298bf ] Request (DeleteServersAdminTestJSON:test_delete_server_while_in_error_state): 200 GET http://10.180.1.21/compute/v2.1/servers/8e660168-eb83-40cf-9103-1ad515dc6cca 0.121s
2025-04-08 14:18:36.221 69668 INFO tempest.lib.common.rest_client [req-c1c6d9cb-8f35-4457-8d79-7111fb23eb85 req-c1c6d9cb-8f35-4457-8d79-7111fb23eb85 ] Request (ServerDiagnosticsTest:tearDownClass): 200 GET http://10.180.1.21/compute/v2.1/servers/61c691d1-514b-44da-b3b4-c4b0475266bb 0.065s
2025-04-08 14:18:36.323 69654 INFO tempest.lib.common.rest_client [req-13f9cd7a-cb75-490b-be71-2e204b5ddc85 req-13f9cd7a-cb75-490b-be71-2e204b5ddc85 ] Request (AttachVolumeShelveTestJSON:test_attach_volume_shelved_or_offload_server): 200 GET http://10.180.1.21/compute/v2.1/servers/63f16880-0be1-4e76-bd7b-c12e0c018c24 0.065s
2025-04-08 14:18:36.343 69650 INFO tempest.lib.common.rest_client [req-66b41853-c1f9-4bce-9ae5-970e4d1ddb97 req-66b41853-c1f9-4bce-9ae5-970e4d1ddb97 ] Request (MultipleCreateTestJSON:test_multiple_create): 200 GET http://10.180.1.21/compute/v2.1/servers/125e57cd-019d-4880-9ffd-ba445151c55f 0.157s
2025-04-08 14:18:36.372 69636 INFO tempest.lib.common.rest_client [req-553337c6-2e88-47b9-aa2e-96698b66b3ec req-553337c6-2e88-47b9-aa2e-96698b66b3ec ] Request (SecurityGroupsTestJSON:test_list_security_groups_by_server): 200 GET http://10.180.1.21/compute/v2.1/servers/5ff74a21-d2b2-488c-af74-bc597793bc69 0.082s
2025-04-08 14:18:36.395 69634 INFO tempest.lib.common.rest_client [req-ebf95d96-21e8-4d70-a653-80105cf5130e req-ebf95d96-21e8-4d70-a653-80105cf5130e ] Request (ServersTestManualDisk:setUpClass): 200 GET http://10.180.1.21/compute/v2.1/servers/b4bdd149-3096-40cb-9e11-dbe02a9aacaf 0.072s
2025-04-08 14:18:36.420 69652 INFO tempest.lib.common.rest_client [req-42a2a372-5608-4952-87bb-b82d5086a511 req-42a2a372-5608-4952-87bb-b82d5086a511 ] Request (ServersAdminTestJSON:test_create_server_with_scheduling_hint): 200 GET http://10.180.1.21/compute/v2.1/servers/15d45208-7c48-4c60-87bf-b26a14fa861f 0.066s
2025-04-08 14:18:36.447 69676 INFO tempest.lib.common.rest_client [req-107db62e-e8e3-4e5a-8ab5-7c588c656ac1 req-107db62e-e8e3-4e5a-8ab5-7c588c656ac1 ] Request (ServersAdminNegativeTestJSON:test_migrate_server_invalid_state): 200 GET http://10.180.1.21/compute/v2.1/servers/14ad3214-47f3-46a4-a7fe-0f97098aeba3 0.067s
2025-04-08 14:18:36.476 69642 WARNING tempest.lib.common.ssh [-] Failed to establish authenticated ssh connection to cirros@10.180.180.177 ([Errno None] Unable to connect to port 22 on 10.180.180.177). Number attempts: 5. Retry after 6 seconds.: paramiko.ssh_exception.NoValidConnectionsError: [Errno None] Unable to connect to port 22 on 10.180.180.177
2025-04-08 14:18:36.515 69690 INFO tempest.lib.common.rest_client [req-269cf2c0-67f1-4b74-a8c0-cbb0508ba976 req-269cf2c0-67f1-4b74-a8c0-cbb0508ba976 ] Request (FloatingIPsAssociationTestJSON:tearDownClass): 200 GET http://10.180.1.21/compute/v2.1/servers/ad1c3ba7-9981-4eeb-9c4f-afa9ae084977 0.056s
2025-04-08 14:18:36.573 69672 INFO tempest.lib.common.rest_client [req-9f584fac-7fd3-452a-a7e7-eb0bf4d560d1 req-9f584fac-7fd3-452a-a7e7-eb0bf4d560d1 ] Request (ServerAddressesTestJSON:setUpClass): 200 GET http://10.180.1.21/compute/v2.1/servers/14a726c1-d066-4627-bf2e-cb19ab7d3392 0.051s
2025-04-08 14:18:36.598 69680 INFO tempest.lib.common.rest_client [req-d6f1b928-0523-4738-b4c6-4ed6367828fb req-d6f1b928-0523-4738-b4c6-4ed6367828fb ] Request (ImagesOneServerTestJSON:setUpClass): 201 POST http://10.180.1.21:9696/networking/v2.0/routers 0.721s
2025-04-08 14:18:36.626 69684 INFO tempest.lib.common.rest_client [req-f4667a4e-b1c3-44f5-8e8b-3fddcffe2905 req-f4667a4e-b1c3-44f5-8e8b-3fddcffe2905 ] Request (MigrationsAdminTest:test_list_migrations_in_flavor_resize_situation): 200 GET http://10.180.1.21/compute/v2.1/servers/48ed2483-9904-429f-b48d-8dc0150b8fff 0.137s
2025-04-08 14:18:36.666 69678 WARNING tempest.lib.common.ssh [-] Failed to establish authenticated ssh connection to cirros@10.180.180.237 ([Errno None] Unable to connect to port 22 on 10.180.180.237). Number attempts: 2. Retry after 3 seconds.: paramiko.ssh_exception.NoValidConnectionsError: [Errno None] Unable to connect to port 22 on 10.180.180.237
2025-04-08 14:18:36.672 69686 WARNING tempest.lib.common.ssh [-] Failed to establish authenticated ssh connection to cirros@10.180.180.134 ([Errno None] Unable to connect to port 22 on 10.180.180.134). Number attempts: 1. Retry after 2 seconds.: paramiko.ssh_exception.NoValidConnectionsError: [Errno None] Unable to connect to port 22 on 10.180.180.134
2025-04-08 14:18:36.791 69692 INFO tempest.lib.common.rest_client [req-3e9a6208-a33d-4e05-bef0-0472f1091bd0 req-3e9a6208-a33d-4e05-bef0-0472f1091bd0 ] Request (ServersTestMultiNic:test_verify_duplicate_network_nics): 200 GET http://10.180.1.21/compute/v2.1/servers/a4343dc1-46c6-423d-b8f8-78a29041ea68 0.068s
2025-04-08 14:18:36.879 69644 INFO tempest.lib.common.rest_client [req-512fbea5-b082-4580-8c22-16729cb617b4 req-512fbea5-b082-4580-8c22-16729cb617b4 ] Request (ServerActionsV293TestJSON:setUpClass): 200 GET http://10.180.1.21/compute/v2.1/servers/d296fcbe-d243-4c97-a871-34bdfa99dcf6 0.063s
2025-04-08 14:18:36.927 69640 INFO tempest.lib.common.rest_client [req-416678a9-4200-4475-a4db-86eba3d1cd32 req-416678a9-4200-4475-a4db-86eba3d1cd32 ] Request (ServersNegativeTestMultiTenantJSON:setUpClass): 200 GET http://10.180.1.21/compute/v2.1/servers/102f49a8-bd4d-445f-b772-eb6b4ed5954c 0.056s
2025-04-08 14:18:36.998 69670 INFO tempest.lib.common.rest_client [req-33dc9d0d-ebd8-4dcd-a8af-566e0b4492c6 req-33dc9d0d-ebd8-4dcd-a8af-566e0b4492c6 ] Request (ServerTagsTestJSON:setUpClass): 200 GET http://10.180.1.21/compute/v2.1/servers/13556d56-c154-4033-bc15-d205744f92b9 0.070s
2025-04-08 14:18:37.111 69646 INFO tempest.lib.common.rest_client [req-ea83ba28-0c38-4423-9d3a-c73702a2ebbe req-ea83ba28-0c38-4423-9d3a-c73702a2ebbe ] Request (ImagesOneServerNegativeTestJSON:_run_cleanups): 200 GET http://10.180.1.21/compute/v2.1/servers/9ea66b42-34d2-430c-b688-34d7a6d600a2 0.101s
2025-04-08 14:18:37.113 69662 INFO tempest.lib.common.rest_client [req-dfcbfeed-4851-41db-ad50-97d4f4054ee2 req-dfcbfeed-4851-41db-ad50-97d4f4054ee2 ] Request (ServersTestJSON:setUpClass): 200 GET http://10.180.1.21/compute/v2.1/servers/a27d4d7c-8c75-4799-bc32-4acd2d33eddc 0.061s
2025-04-08 14:18:37.176 69666 INFO tempest.lib.common.rest_client [req-9bf0d16e-adb9-4c16-806a-cf90ee0e7178 req-9bf0d16e-adb9-4c16-806a-cf90ee0e7178 ] Request (ServerDiskConfigTestJSON:test_rebuild_server_with_manual_disk_config): 200 GET http://10.180.1.21/compute/v2.1/servers/651f02fd-b91f-4d1d-80ba-e66edff2503b 0.093s
2025-04-08 14:18:37.210 69648 INFO tempest.lib.common.rest_client [req-473af8bf-6a24-4005-a1fd-2f0b5c9f958b req-473af8bf-6a24-4005-a1fd-2f0b5c9f958b ] Request (ListServersNegativeTestJSON:setUpClass): 200 GET http://10.180.1.21/compute/v2.1/servers/6adb743f-3e48-41b6-9643-6e1927555681 0.068s
2025-04-08 14:18:37.307 69668 INFO tempest.lib.common.rest_client [req-a4e643fa-048e-4999-b322-193fb3342ca6 req-a4e643fa-048e-4999-b322-193fb3342ca6 ] Request (ServerDiagnosticsTest:tearDownClass): 200 GET http://10.180.1.21/compute/v2.1/servers/61c691d1-514b-44da-b3b4-c4b0475266bb 0.079s
2025-04-08 14:18:37.411 69654 INFO tempest.lib.common.rest_client [req-93c1f21e-f2b5-464e-8013-179587745967 req-93c1f21e-f2b5-464e-8013-179587745967 ] Request (AttachVolumeShelveTestJSON:test_attach_volume_shelved_or_offload_server): 200 GET http://10.180.1.21/compute/v2.1/servers/63f16880-0be1-4e76-bd7b-c12e0c018c24 0.078s
2025-04-08 14:18:37.511 69638 INFO tempest.lib.common.rest_client [req-1e95e10f-f4b2-4b5d-ae64-01df2eabaf74 req-1e95e10f-f4b2-4b5d-ae64-01df2eabaf74 ] Request (DeleteServersAdminTestJSON:test_delete_server_while_in_error_state): 200 GET http://10.180.1.21/compute/v2.1/servers/8e660168-eb83-40cf-9103-1ad515dc6cca 0.283s
2025-04-08 14:18:37.582 69636 INFO tempest.lib.common.rest_client [req-5cb26485-b9ec-48ba-8e5c-ab3375dca19f req-5cb26485-b9ec-48ba-8e5c-ab3375dca19f ] Request (SecurityGroupsTestJSON:test_list_security_groups_by_server): 200 GET http://10.180.1.21/compute/v2.1/servers/5ff74a21-d2b2-488c-af74-bc597793bc69 0.202s
2025-04-08 14:18:37.605 69650 INFO tempest.lib.common.rest_client [req-29e7c381-f862-490d-a5b2-ed9d45c17a54 req-29e7c381-f862-490d-a5b2-ed9d45c17a54 ] Request (MultipleCreateTestJSON:test_multiple_create): 200 GET http://10.180.1.21/compute/v2.1/servers/125e57cd-019d-4880-9ffd-ba445151c55f 0.252s
2025-04-08 14:18:37.681 69652 INFO tempest.lib.common.rest_client [req-10727e26-d214-4219-9a26-0d52644af8ea req-10727e26-d214-4219-9a26-0d52644af8ea ] Request (ServersAdminTestJSON:test_create_server_with_scheduling_hint): 200 GET http://10.180.1.21/compute/v2.1/servers/15d45208-7c48-4c60-87bf-b26a14fa861f 0.253s
2025-04-08 14:18:37.687 69634 INFO tempest.lib.common.rest_client [req-07768073-4211-4d52-9904-2f584b4cce22 req-07768073-4211-4d52-9904-2f584b4cce22 ] Request (ServersTestManualDisk:setUpClass): 200 GET http://10.180.1.21/compute/v2.1/servers/b4bdd149-3096-40cb-9e11-dbe02a9aacaf 0.282s
2025-04-08 14:18:37.741 69676 INFO tempest.lib.common.rest_client [req-22b1cb24-6e77-4507-be39-7d0525366bb5 req-22b1cb24-6e77-4507-be39-7d0525366bb5 ] Request (ServersAdminNegativeTestJSON:test_migrate_server_invalid_state): 200 GET http://10.180.1.21/compute/v2.1/servers/14ad3214-47f3-46a4-a7fe-0f97098aeba3 0.287s
2025-04-08 14:18:37.785 69690 INFO tempest.lib.common.rest_client [req-0efa166b-0e53-435b-b5df-a1bb2e5b1ca1 req-0efa166b-0e53-435b-b5df-a1bb2e5b1ca1 ] Request (FloatingIPsAssociationTestJSON:tearDownClass): 200 GET http://10.180.1.21/compute/v2.1/servers/ad1c3ba7-9981-4eeb-9c4f-afa9ae084977 0.258s
2025-04-08 14:18:37.806 69672 INFO tempest.lib.common.rest_client [req-85144523-2b90-4225-bb85-daaa2f073bed req-85144523-2b90-4225-bb85-daaa2f073bed ] Request (ServerAddressesTestJSON:setUpClass): 200 GET http://10.180.1.21/compute/v2.1/servers/14a726c1-d066-4627-bf2e-cb19ab7d3392 0.218s
2025-04-08 14:18:37.873 69692 INFO tempest.lib.common.rest_client [req-3eb52655-6585-4c34-b9c8-4fa5453bfaae req-3eb52655-6585-4c34-b9c8-4fa5453bfaae ] Request (ServersTestMultiNic:test_verify_duplicate_network_nics): 200 GET http://10.180.1.21/compute/v2.1/servers/a4343dc1-46c6-423d-b8f8-78a29041ea68 0.075s
2025-04-08 14:18:37.929 69684 INFO tempest.lib.common.rest_client [req-3982ba38-f7b9-41cb-8c08-a8ed23663647 req-3982ba38-f7b9-41cb-8c08-a8ed23663647 ] Request (MigrationsAdminTest:test_list_migrations_in_flavor_resize_situation): 200 GET http://10.180.1.21/compute/v2.1/servers/48ed2483-9904-429f-b48d-8dc0150b8fff 0.293s
2025-04-08 14:18:37.937 69680 INFO tempest.lib.common.rest_client [req-f7561656-4fff-461f-8aaa-fd562b0632f6 req-f7561656-4fff-461f-8aaa-fd562b0632f6 ] Request (ImagesOneServerTestJSON:setUpClass): 200 PUT http://10.180.1.21:9696/networking/v2.0/routers/61ae6ab6-7ae5-447e-963a-e6883f040b0d/add_router_interface 1.338s
2025-04-08 14:18:37.937 69680 INFO tempest.lib.common.dynamic_creds [-] Created isolated network resources for: credentials: Credentials: {'domain_id': 'default', 'domain_name': 'Default', 'username': 'tempest-ImagesOneServerTestJSON-1299078102-project-member', 'project_domain_id': 'default', 'project_domain_name': 'Default', 'project_id': '84e8ad85a9454daca0882131218c72a6', 'project_name': 'tempest-ImagesOneServerTestJSON-1299078102', 'tenant_id': '84e8ad85a9454daca0882131218c72a6', 'tenant_name': 'tempest-ImagesOneServerTestJSON-1299078102', 'user_domain_id': 'default', 'user_domain_name': 'Default', 'user_id': '61bf2da90fc943e2bb09bdaca5c28318', 'system': None}, Network: {'id': 'f3fb915b-1123-41d0-a8c7-d1875e42e1e5', 'name': 'tempest-ImagesOneServerTestJSON-219387120-network', 'tenant_id': '84e8ad85a9454daca0882131218c72a6', 'admin_state_up': True, 'mtu': 8950, 'status': 'ACTIVE', 'subnets': [], 'shared': False, 'project_id': '84e8ad85a9454daca0882131218c72a6', 'port_security_enabled': True, 'router:external': False, 'provider:network_type': 'vlan', 'provider:physical_network': 'default', 'provider:segmentation_id': 461, 'availability_zone_hints': [], 'availability_zones': [], 'ipv4_address_scope': None, 'ipv6_address_scope': None, 'description': '', 'tags': [], 'created_at': '2025-04-08T14:18:35Z', 'updated_at': '2025-04-08T14:18:35Z', 'revision_number': 1}, Subnet: {'id': '57a99621-ed9b-4e0b-bcfe-a97bd934249f', 'name': 'tempest-ImagesOneServerTestJSON-219387120-subnet', 'tenant_id': '84e8ad85a9454daca0882131218c72a6', 'network_id': 'f3fb915b-1123-41d0-a8c7-d1875e42e1e5', 'ip_version': 4, 'subnetpool_id': None, 'enable_dhcp': True, 'ipv6_ra_mode': None, 'ipv6_address_mode': None, 'gateway_ip': '192.168.128.1', 'cidr': '192.168.128.0/28', 'allocation_pools': [{'start': '192.168.128.2', 'end': '192.168.128.14'}], 'host_routes': [], 'dns_nameservers': [], 'description': '', 'router:external': False, 'service_types': [], 'tags': [], 'created_at': '2025-04-08T14:18:35Z', 'updated_at': '2025-04-08T14:18:35Z', 'revision_number': 0, 'project_id': '84e8ad85a9454daca0882131218c72a6'}, Router: {'id': '61ae6ab6-7ae5-447e-963a-e6883f040b0d', 'name': 'tempest-ImagesOneServerTestJSON-219387120-router', 'tenant_id': '84e8ad85a9454daca0882131218c72a6', 'admin_state_up': True, 'status': 'ACTIVE', 'external_gateway_info': {'network_id': 'eb813f47-6165-4ce3-83c2-5896be1a0339', 'external_fixed_ips': [{'subnet_id': 'ff983d59-814f-4e8d-8d33-221799b65ac6', 'ip_address': '10.180.180.193'}], 'enable_snat': True}, 'description': '', 'availability_zones': [], 'distributed': False, 'ha': False, 'availability_zone_hints': [], 'routes': [], 'flavor_id': None, 'tags': [], 'created_at': '2025-04-08T14:18:35Z', 'updated_at': '2025-04-08T14:18:36Z', 'revision_number': 2, 'project_id': '84e8ad85a9454daca0882131218c72a6'}
2025-04-08 14:18:37.955 69644 INFO tempest.lib.common.rest_client [req-d7278ada-4318-4d99-9ca7-e7c067342a2e req-d7278ada-4318-4d99-9ca7-e7c067342a2e ] Request (ServerActionsV293TestJSON:setUpClass): 200 GET http://10.180.1.21/compute/v2.1/servers/d296fcbe-d243-4c97-a871-34bdfa99dcf6 0.064s
2025-04-08 14:18:37.987 69640 INFO tempest.lib.common.rest_client [req-1bb4c650-b862-4308-944b-52e8a740bd07 req-1bb4c650-b862-4308-944b-52e8a740bd07 ] Request (ServersNegativeTestMultiTenantJSON:setUpClass): 200 GET http://10.180.1.21/compute/v2.1/servers/102f49a8-bd4d-445f-b772-eb6b4ed5954c 0.053s
2025-04-08 14:18:38.041 69680 INFO tempest.lib.common.rest_client [req-7a1c1ba5-2aa6-4ef0-9f2b-500238b0ccdf req-7a1c1ba5-2aa6-4ef0-9f2b-500238b0ccdf ] Request (ImagesOneServerTestJSON:setUpClass): 201 POST http://10.180.1.21/identity/v3/auth/tokens 0.100s
2025-04-08 14:18:38.070 69670 INFO tempest.lib.common.rest_client [req-29a13e88-ecb2-45fd-a9c6-22fd34316ca2 req-29a13e88-ecb2-45fd-a9c6-22fd34316ca2 ] Request (ServerTagsTestJSON:setUpClass): 200 GET http://10.180.1.21/compute/v2.1/servers/13556d56-c154-4033-bc15-d205744f92b9 0.063s
2025-04-08 14:18:38.082 69680 INFO tempest.lib.common.rest_client [req-d524aee8-109f-462d-b1ee-68b37a62aa36 req-d524aee8-109f-462d-b1ee-68b37a62aa36 ] Request (ImagesOneServerTestJSON:setUpClass): 201 POST http://10.180.1.21/identity/v3/auth/tokens 0.036s
2025-04-08 14:18:38.082 69680 INFO tempest.lib.common.fixed_network [-] (ImagesOneServerTestJSON:setUpClass) Found network {'id': 'f3fb915b-1123-41d0-a8c7-d1875e42e1e5', 'name': 'tempest-ImagesOneServerTestJSON-219387120-network', 'tenant_id': '84e8ad85a9454daca0882131218c72a6', 'admin_state_up': True, 'mtu': 8950, 'status': 'ACTIVE', 'subnets': [], 'shared': False, 'project_id': '84e8ad85a9454daca0882131218c72a6', 'port_security_enabled': True, 'router:external': False, 'provider:network_type': 'vlan', 'provider:physical_network': 'default', 'provider:segmentation_id': 461, 'availability_zone_hints': [], 'availability_zones': [], 'ipv4_address_scope': None, 'ipv6_address_scope': None, 'description': '', 'tags': [], 'created_at': '2025-04-08T14:18:35Z', 'updated_at': '2025-04-08T14:18:35Z', 'revision_number': 1} available for tenant
2025-04-08 14:18:38.176 69662 INFO tempest.lib.common.rest_client [req-55893010-8667-4c92-8ae1-66f3bf47c752 req-55893010-8667-4c92-8ae1-66f3bf47c752 ] Request (ServersTestJSON:setUpClass): 200 GET http://10.180.1.21/compute/v2.1/servers/a27d4d7c-8c75-4799-bc32-4acd2d33eddc 0.054s
2025-04-08 14:18:38.237 69646 INFO tempest.lib.common.rest_client [req-5e1345dd-d888-46c1-b25c-39daad512f34 req-5e1345dd-d888-46c1-b25c-39daad512f34 ] Request (ImagesOneServerNegativeTestJSON:_run_cleanups): 200 GET http://10.180.1.21/compute/v2.1/servers/9ea66b42-34d2-430c-b688-34d7a6d600a2 0.115s
2025-04-08 14:18:38.280 69666 INFO tempest.lib.common.rest_client [req-e355b71a-634a-42bc-946b-026c4f085407 req-e355b71a-634a-42bc-946b-026c4f085407 ] Request (ServerDiskConfigTestJSON:test_rebuild_server_with_manual_disk_config): 200 GET http://10.180.1.21/compute/v2.1/servers/651f02fd-b91f-4d1d-80ba-e66edff2503b 0.090s
2025-04-08 14:18:38.331 69648 INFO tempest.lib.common.rest_client [req-588b84eb-c423-48ba-8220-baab4837e0b0 req-588b84eb-c423-48ba-8220-baab4837e0b0 ] Request (ListServersNegativeTestJSON:setUpClass): 200 GET http://10.180.1.21/compute/v2.1/servers/6adb743f-3e48-41b6-9643-6e1927555681 0.113s
2025-04-08 14:18:38.384 69668 INFO tempest.lib.common.rest_client [req-8e962a7e-1d1b-48b5-81b4-01290280ec81 req-8e962a7e-1d1b-48b5-81b4-01290280ec81 ] Request (ServerDiagnosticsTest:tearDownClass): 200 GET http://10.180.1.21/compute/v2.1/servers/61c691d1-514b-44da-b3b4-c4b0475266bb 0.069s
2025-04-08 14:18:38.464 69680 INFO tempest.lib.common.rest_client [req-fd9e4afb-14ed-4859-9801-b400b2ea13e8 req-fd9e4afb-14ed-4859-9801-b400b2ea13e8 ] Request (ImagesOneServerTestJSON:setUpClass): 202 POST http://10.180.1.21/compute/v2.1/servers 0.381s
2025-04-08 14:18:38.477 69654 INFO tempest.lib.common.rest_client [req-8e40fbb4-b6b8-4a8c-a802-ea78b9ae5433 req-8e40fbb4-b6b8-4a8c-a802-ea78b9ae5433 ] Request (AttachVolumeShelveTestJSON:test_attach_volume_shelved_or_offload_server): 200 GET http://10.180.1.21/compute/v2.1/servers/63f16880-0be1-4e76-bd7b-c12e0c018c24 0.049s
2025-04-08 14:18:38.503 69680 INFO tempest.lib.common.rest_client [req-954b02bb-5a30-48ff-962e-24c8f31de8b9 req-954b02bb-5a30-48ff-962e-24c8f31de8b9 ] Request (ImagesOneServerTestJSON:setUpClass): 200 GET http://10.180.1.21/compute/v2.1/servers/b09f57f5-fb85-4c34-a981-f8a31b3c0c01 0.037s
2025-04-08 14:18:38.575 69638 INFO tempest.lib.common.rest_client [req-58adc6f9-7023-4072-8260-386c96115637 req-58adc6f9-7023-4072-8260-386c96115637 ] Request (DeleteServersAdminTestJSON:test_delete_server_while_in_error_state): 200 GET http://10.180.1.21/compute/v2.1/servers/8e660168-eb83-40cf-9103-1ad515dc6cca 0.055s
2025-04-08 14:18:38.586 69638 INFO tempest.common.waiters [-] State transition "ERROR/deleting" ==> "DELETED/None" after 3 second wait
2025-04-08 14:18:38.648 69636 INFO tempest.lib.common.rest_client [req-72f4375e-23f4-48cd-a494-41dc604cb86b req-72f4375e-23f4-48cd-a494-41dc604cb86b ] Request (SecurityGroupsTestJSON:test_list_security_groups_by_server): 200 GET http://10.180.1.21/compute/v2.1/servers/5ff74a21-d2b2-488c-af74-bc597793bc69 0.059s
2025-04-08 14:18:38.752 69652 INFO tempest.lib.common.rest_client [req-6c4cdbe5-6374-4a72-a69e-c2cb04985b0a req-6c4cdbe5-6374-4a72-a69e-c2cb04985b0a ] Request (ServersAdminTestJSON:test_create_server_with_scheduling_hint): 200 GET http://10.180.1.21/compute/v2.1/servers/15d45208-7c48-4c60-87bf-b26a14fa861f 0.059s
2025-04-08 14:18:38.754 69650 INFO tempest.lib.common.rest_client [req-ae97060c-5d69-4338-ab18-0b8fdfd5f1b5 req-ae97060c-5d69-4338-ab18-0b8fdfd5f1b5 ] Request (MultipleCreateTestJSON:test_multiple_create): 200 GET http://10.180.1.21/compute/v2.1/servers/125e57cd-019d-4880-9ffd-ba445151c55f 0.137s
2025-04-08 14:18:38.811 69634 INFO tempest.lib.common.rest_client [req-6500d6c1-d6d6-4734-a541-59c86cee67f3 req-6500d6c1-d6d6-4734-a541-59c86cee67f3 ] Request (ServersTestManualDisk:setUpClass): 200 GET http://10.180.1.21/compute/v2.1/servers/b4bdd149-3096-40cb-9e11-dbe02a9aacaf 0.112s
2025-04-08 14:18:38.826 69676 INFO tempest.lib.common.rest_client [req-311b376d-0675-4e7c-89d9-d0e2c2b478c4 req-311b376d-0675-4e7c-89d9-d0e2c2b478c4 ] Request (ServersAdminNegativeTestJSON:test_migrate_server_invalid_state): 200 GET http://10.180.1.21/compute/v2.1/servers/14ad3214-47f3-46a4-a7fe-0f97098aeba3 0.075s
2025-04-08 14:18:38.892 69690 INFO tempest.lib.common.rest_client [req-8a902b93-2b71-4655-bc4c-c8b963aff11a req-8a902b93-2b71-4655-bc4c-c8b963aff11a ] Request (FloatingIPsAssociationTestJSON:tearDownClass): 200 GET http://10.180.1.21/compute/v2.1/servers/ad1c3ba7-9981-4eeb-9c4f-afa9ae084977 0.096s
2025-04-08 14:18:38.896 69672 INFO tempest.lib.common.rest_client [req-6eb92016-76fb-4d48-897a-76c43a6affdd req-6eb92016-76fb-4d48-897a-76c43a6affdd ] Request (ServerAddressesTestJSON:setUpClass): 200 GET http://10.180.1.21/compute/v2.1/servers/14a726c1-d066-4627-bf2e-cb19ab7d3392 0.075s
2025-04-08 14:18:38.939 69692 INFO tempest.lib.common.rest_client [req-55b1e166-575a-4b1e-ac12-c9d27917ac82 req-55b1e166-575a-4b1e-ac12-c9d27917ac82 ] Request (ServersTestMultiNic:test_verify_duplicate_network_nics): 200 GET http://10.180.1.21/compute/v2.1/servers/a4343dc1-46c6-423d-b8f8-78a29041ea68 0.057s
2025-04-08 14:18:39.035 69644 INFO tempest.lib.common.rest_client [req-1d67700d-05cc-45cc-81de-6773f70c8952 req-1d67700d-05cc-45cc-81de-6773f70c8952 ] Request (ServerActionsV293TestJSON:setUpClass): 200 GET http://10.180.1.21/compute/v2.1/servers/d296fcbe-d243-4c97-a871-34bdfa99dcf6 0.069s
2025-04-08 14:18:39.047 69684 INFO tempest.lib.common.rest_client [req-a68c9df4-6ac5-4b76-bf31-09cc22b3ed89 req-a68c9df4-6ac5-4b76-bf31-09cc22b3ed89 ] Request (MigrationsAdminTest:test_list_migrations_in_flavor_resize_situation): 200 GET http://10.180.1.21/compute/v2.1/servers/48ed2483-9904-429f-b48d-8dc0150b8fff 0.105s
2025-04-08 14:18:39.081 69640 INFO tempest.lib.common.rest_client [req-852af3b0-4bb0-47cc-8218-db08eb77a2c0 req-852af3b0-4bb0-47cc-8218-db08eb77a2c0 ] Request (ServersNegativeTestMultiTenantJSON:setUpClass): 200 GET http://10.180.1.21/compute/v2.1/servers/102f49a8-bd4d-445f-b772-eb6b4ed5954c 0.084s
2025-04-08 14:18:39.133 69670 INFO tempest.lib.common.rest_client [req-0da6ba27-f4b5-434d-93ba-53960cc32616 req-0da6ba27-f4b5-434d-93ba-53960cc32616 ] Request (ServerTagsTestJSON:setUpClass): 200 GET http://10.180.1.21/compute/v2.1/servers/13556d56-c154-4033-bc15-d205744f92b9 0.055s
2025-04-08 14:18:39.239 69662 INFO tempest.lib.common.rest_client [req-dc343dfb-e344-49d4-94b3-cb64c129d1fa req-dc343dfb-e344-49d4-94b3-cb64c129d1fa ] Request (ServersTestJSON:setUpClass): 200 GET http://10.180.1.21/compute/v2.1/servers/a27d4d7c-8c75-4799-bc32-4acd2d33eddc 0.054s
2025-04-08 14:18:39.294 69646 INFO tempest.lib.common.rest_client [req-b250e0bd-4a10-4956-af0d-fe9eb9a3ce78 req-b250e0bd-4a10-4956-af0d-fe9eb9a3ce78 ] Request (ImagesOneServerNegativeTestJSON:_run_cleanups): 200 GET http://10.180.1.21/compute/v2.1/servers/9ea66b42-34d2-430c-b688-34d7a6d600a2 0.050s
2025-04-08 14:18:39.334 69666 INFO tempest.lib.common.rest_client [req-97a42d38-2022-4650-8e39-56ef2b18f326 req-97a42d38-2022-4650-8e39-56ef2b18f326 ] Request (ServerDiskConfigTestJSON:test_rebuild_server_with_manual_disk_config): 200 GET http://10.180.1.21/compute/v2.1/servers/651f02fd-b91f-4d1d-80ba-e66edff2503b 0.046s
2025-04-08 14:18:39.387 69648 INFO tempest.lib.common.rest_client [req-d5382631-a219-4e64-8cbe-78100ad8368e req-d5382631-a219-4e64-8cbe-78100ad8368e ] Request (ListServersNegativeTestJSON:setUpClass): 200 GET http://10.180.1.21/compute/v2.1/servers/6adb743f-3e48-41b6-9643-6e1927555681 0.049s
2025-04-08 14:18:39.445 69668 INFO tempest.lib.common.rest_client [req-6a6e5c16-773a-48b9-b32b-f9bb82ea067a req-6a6e5c16-773a-48b9-b32b-f9bb82ea067a ] Request (ServerDiagnosticsTest:tearDownClass): 200 GET http://10.180.1.21/compute/v2.1/servers/61c691d1-514b-44da-b3b4-c4b0475266bb 0.054s
2025-04-08 14:18:39.543 69654 INFO tempest.lib.common.rest_client [req-f6d47bfa-a8fb-453c-9929-27282ff1e27f req-f6d47bfa-a8fb-453c-9929-27282ff1e27f ] Request (AttachVolumeShelveTestJSON:test_attach_volume_shelved_or_offload_server): 200 GET http://10.180.1.21/compute/v2.1/servers/63f16880-0be1-4e76-bd7b-c12e0c018c24 0.056s
2025-04-08 14:18:39.569 69680 INFO tempest.lib.common.rest_client [req-77633bbd-aad8-4492-9a49-5b3bbe1e9f3c req-77633bbd-aad8-4492-9a49-5b3bbe1e9f3c ] Request (ImagesOneServerTestJSON:setUpClass): 200 GET http://10.180.1.21/compute/v2.1/servers/b09f57f5-fb85-4c34-a981-f8a31b3c0c01 0.056s
2025-04-08 14:18:39.659 69638 INFO tempest.lib.common.rest_client [req-7a80eff7-fd4f-4cf4-92dc-6256505e8b5b req-7a80eff7-fd4f-4cf4-92dc-6256505e8b5b ] Request (DeleteServersAdminTestJSON:test_delete_server_while_in_error_state): 200 GET http://10.180.1.21/compute/v2.1/servers/8e660168-eb83-40cf-9103-1ad515dc6cca 0.072s
2025-04-08 14:18:39.714 69636 INFO tempest.lib.common.rest_client [req-a3f87e71-b01c-438a-8a91-af3c5497a301 req-a3f87e71-b01c-438a-8a91-af3c5497a301 ] Request (SecurityGroupsTestJSON:test_list_security_groups_by_server): 200 GET http://10.180.1.21/compute/v2.1/servers/5ff74a21-d2b2-488c-af74-bc597793bc69 0.058s
2025-04-08 14:18:39.738 69686 WARNING tempest.lib.common.ssh [-] Failed to establish authenticated ssh connection to cirros@10.180.180.134 ([Errno None] Unable to connect to port 22 on 10.180.180.134). Number attempts: 2. Retry after 3 seconds.: paramiko.ssh_exception.NoValidConnectionsError: [Errno None] Unable to connect to port 22 on 10.180.180.134
2025-04-08 14:18:39.823 69652 INFO tempest.lib.common.rest_client [req-982a060b-c61c-45bc-8198-358c62abe3a3 req-982a060b-c61c-45bc-8198-358c62abe3a3 ] Request (ServersAdminTestJSON:test_create_server_with_scheduling_hint): 200 GET http://10.180.1.21/compute/v2.1/servers/15d45208-7c48-4c60-87bf-b26a14fa861f 0.062s
2025-04-08 14:18:39.868 69650 INFO tempest.lib.common.rest_client [req-42597b2d-3594-489b-80ea-2dfd1430c762 req-42597b2d-3594-489b-80ea-2dfd1430c762 ] Request (MultipleCreateTestJSON:test_multiple_create): 200 GET http://10.180.1.21/compute/v2.1/servers/125e57cd-019d-4880-9ffd-ba445151c55f 0.102s
2025-04-08 14:18:39.875 69634 INFO tempest.lib.common.rest_client [req-1ad1124e-2209-4c22-b84c-2afa342597da req-1ad1124e-2209-4c22-b84c-2afa342597da ] Request (ServersTestManualDisk:setUpClass): 200 GET http://10.180.1.21/compute/v2.1/servers/b4bdd149-3096-40cb-9e11-dbe02a9aacaf 0.051s
2025-04-08 14:18:39.913 69676 INFO tempest.lib.common.rest_client [req-641ba2de-a06d-48e9-aee7-a8170326d48f req-641ba2de-a06d-48e9-aee7-a8170326d48f ] Request (ServersAdminNegativeTestJSON:test_migrate_server_invalid_state): 200 GET http://10.180.1.21/compute/v2.1/servers/14ad3214-47f3-46a4-a7fe-0f97098aeba3 0.073s
2025-04-08 14:18:39.960 69690 INFO tempest.lib.common.rest_client [req-a8574095-b9d4-411e-a7ae-e49938b15690 req-a8574095-b9d4-411e-a7ae-e49938b15690 ] Request (FloatingIPsAssociationTestJSON:tearDownClass): 200 GET http://10.180.1.21/compute/v2.1/servers/ad1c3ba7-9981-4eeb-9c4f-afa9ae084977 0.059s
2025-04-08 14:18:39.965 69672 INFO tempest.lib.common.rest_client [req-418824fd-d4a2-4aa2-8b19-a2760ff4c187 req-418824fd-d4a2-4aa2-8b19-a2760ff4c187 ] Request (ServerAddressesTestJSON:setUpClass): 200 GET http://10.180.1.21/compute/v2.1/servers/14a726c1-d066-4627-bf2e-cb19ab7d3392 0.061s
2025-04-08 14:18:40.004 69692 INFO tempest.lib.common.rest_client [req-7b93530e-9de1-4458-a022-e2924cffb2c3 req-7b93530e-9de1-4458-a022-e2924cffb2c3 ] Request (ServersTestMultiNic:test_verify_duplicate_network_nics): 200 GET http://10.180.1.21/compute/v2.1/servers/a4343dc1-46c6-423d-b8f8-78a29041ea68 0.057s
2025-04-08 14:18:40.113 69644 INFO tempest.lib.common.rest_client [req-78a89aeb-4ea2-4aec-9f0f-f9d2e853aa65 req-78a89aeb-4ea2-4aec-9f0f-f9d2e853aa65 ] Request (ServerActionsV293TestJSON:setUpClass): 200 GET http://10.180.1.21/compute/v2.1/servers/d296fcbe-d243-4c97-a871-34bdfa99dcf6 0.064s
2025-04-08 14:18:40.144 69684 INFO tempest.lib.common.rest_client [req-0f460d6c-8cd7-4679-ab80-4b88b5cd555e req-0f460d6c-8cd7-4679-ab80-4b88b5cd555e ] Request (MigrationsAdminTest:test_list_migrations_in_flavor_resize_situation): 200 GET http://10.180.1.21/compute/v2.1/servers/48ed2483-9904-429f-b48d-8dc0150b8fff 0.090s
2025-04-08 14:18:40.152 69684 INFO tempest.common.waiters [-] State transition "VERIFY_RESIZE/None" ==> "ACTIVE/None" after 37 second wait
2025-04-08 14:18:40.160 69640 INFO tempest.lib.common.rest_client [req-965189a4-1abf-4f53-a229-9dee953aec76 req-965189a4-1abf-4f53-a229-9dee953aec76 ] Request (ServersNegativeTestMultiTenantJSON:setUpClass): 200 GET http://10.180.1.21/compute/v2.1/servers/102f49a8-bd4d-445f-b772-eb6b4ed5954c 0.070s
2025-04-08 14:18:40.195 69670 INFO tempest.lib.common.rest_client [req-13e6dac4-11c4-468f-baf3-f19df8031158 req-13e6dac4-11c4-468f-baf3-f19df8031158 ] Request (ServerTagsTestJSON:setUpClass): 200 GET http://10.180.1.21/compute/v2.1/servers/13556d56-c154-4033-bc15-d205744f92b9 0.052s
2025-04-08 14:18:40.241 69684 INFO tempest.lib.common.rest_client [req-25a2f7af-9143-4c08-8fea-7e48dcf0a063 req-25a2f7af-9143-4c08-8fea-7e48dcf0a063 ] Request (MigrationsAdminTest:test_list_migrations_in_flavor_resize_situation): 200 GET http://10.180.1.21/compute/v2.1/servers/48ed2483-9904-429f-b48d-8dc0150b8fff 0.088s
2025-04-08 14:18:40.281 69684 INFO tempest.lib.common.rest_client [req-8a9eb8f3-68c8-420c-aa07-f8716fde4d48 req-8a9eb8f3-68c8-420c-aa07-f8716fde4d48 ] Request (MigrationsAdminTest:test_list_migrations_in_flavor_resize_situation): 200 POST http://10.180.1.21/compute/v2.1/os-keypairs 0.032s
2025-04-08 14:18:40.295 69662 INFO tempest.lib.common.rest_client [req-78640f14-7e5f-4417-b39c-dbfd23a85f6d req-78640f14-7e5f-4417-b39c-dbfd23a85f6d ] Request (ServersTestJSON:setUpClass): 200 GET http://10.180.1.21/compute/v2.1/servers/a27d4d7c-8c75-4799-bc32-4acd2d33eddc 0.048s
2025-04-08 14:18:40.355 69646 INFO tempest.lib.common.rest_client [req-45342916-0e8c-4458-83da-092e9e5f7423 req-45342916-0e8c-4458-83da-092e9e5f7423 ] Request (ImagesOneServerNegativeTestJSON:_run_cleanups): 200 GET http://10.180.1.21/compute/v2.1/servers/9ea66b42-34d2-430c-b688-34d7a6d600a2 0.053s
2025-04-08 14:18:40.370 69684 INFO tempest.lib.common.rest_client [req-11cd20f9-e3c3-42bf-85d0-a17880345d04 req-11cd20f9-e3c3-42bf-85d0-a17880345d04 ] Request (MigrationsAdminTest:test_list_migrations_in_flavor_resize_situation): 201 POST http://10.180.1.21:9696/networking/v2.0/security-groups 0.087s
2025-04-08 14:18:40.389 69666 INFO tempest.lib.common.rest_client [req-4e9201ba-80b6-4452-ae55-395809e4f551 req-4e9201ba-80b6-4452-ae55-395809e4f551 ] Request (ServerDiskConfigTestJSON:test_rebuild_server_with_manual_disk_config): 200 GET http://10.180.1.21/compute/v2.1/servers/651f02fd-b91f-4d1d-80ba-e66edff2503b 0.047s
2025-04-08 14:18:40.440 69684 INFO tempest.lib.common.rest_client [req-817cc5a1-ba17-4616-ba02-e321bd9d9a76 req-817cc5a1-ba17-4616-ba02-e321bd9d9a76 ] Request (MigrationsAdminTest:test_list_migrations_in_flavor_resize_situation): 201 POST http://10.180.1.21:9696/networking/v2.0/security-group-rules 0.070s
2025-04-08 14:18:40.441 69648 INFO tempest.lib.common.rest_client [req-2e3a536d-ff15-42a0-9933-be431bc96fbc req-2e3a536d-ff15-42a0-9933-be431bc96fbc ] Request (ListServersNegativeTestJSON:setUpClass): 200 GET http://10.180.1.21/compute/v2.1/servers/6adb743f-3e48-41b6-9643-6e1927555681 0.045s
2025-04-08 14:18:40.503 69668 INFO tempest.lib.common.rest_client [req-12d56d70-66b0-453d-8a2d-1c18bc21004e req-12d56d70-66b0-453d-8a2d-1c18bc21004e ] Request (ServerDiagnosticsTest:tearDownClass): 200 GET http://10.180.1.21/compute/v2.1/servers/61c691d1-514b-44da-b3b4-c4b0475266bb 0.051s
2025-04-08 14:18:40.509 69684 INFO tempest.lib.common.rest_client [req-480c4e60-0541-40dd-a1bc-f7a63dbaa7a2 req-480c4e60-0541-40dd-a1bc-f7a63dbaa7a2 ] Request (MigrationsAdminTest:test_list_migrations_in_flavor_resize_situation): 201 POST http://10.180.1.21:9696/networking/v2.0/security-group-rules 0.068s
2025-04-08 14:18:40.600 69654 INFO tempest.lib.common.rest_client [req-c464efcd-dd65-47c7-8c08-1d640fb2b977 req-c464efcd-dd65-47c7-8c08-1d640fb2b977 ] Request (AttachVolumeShelveTestJSON:test_attach_volume_shelved_or_offload_server): 200 GET http://10.180.1.21/compute/v2.1/servers/63f16880-0be1-4e76-bd7b-c12e0c018c24 0.048s
2025-04-08 14:18:40.628 69680 INFO tempest.lib.common.rest_client [req-bbca6c2a-78f1-4050-8da9-731731e6e91b req-bbca6c2a-78f1-4050-8da9-731731e6e91b ] Request (ImagesOneServerTestJSON:setUpClass): 200 GET http://10.180.1.21/compute/v2.1/servers/b09f57f5-fb85-4c34-a981-f8a31b3c0c01 0.050s
2025-04-08 14:18:40.734 69638 INFO tempest.lib.common.rest_client [req-dbf23448-b59c-494c-8ccd-3c721da709ef req-dbf23448-b59c-494c-8ccd-3c721da709ef ] Request (DeleteServersAdminTestJSON:test_delete_server_while_in_error_state): 200 GET http://10.180.1.21/compute/v2.1/servers/8e660168-eb83-40cf-9103-1ad515dc6cca 0.066s
2025-04-08 14:18:40.781 69636 INFO tempest.lib.common.rest_client [req-02849638-a140-4f16-af98-5bdd754190b0 req-02849638-a140-4f16-af98-5bdd754190b0 ] Request (SecurityGroupsTestJSON:test_list_security_groups_by_server): 200 GET http://10.180.1.21/compute/v2.1/servers/5ff74a21-d2b2-488c-af74-bc597793bc69 0.058s
2025-04-08 14:18:40.886 69684 INFO tempest.lib.common.rest_client [req-c8c195f7-d5c4-41f6-b762-2a48a652a100 req-c8c195f7-d5c4-41f6-b762-2a48a652a100 ] Request (MigrationsAdminTest:test_list_migrations_in_flavor_resize_situation): 201 POST http://10.180.1.21:9696/networking/v2.0/floatingips 0.376s
2025-04-08 14:18:40.890 69652 INFO tempest.lib.common.rest_client [req-20c2907b-f115-4549-9419-e763b6bd1895 req-20c2907b-f115-4549-9419-e763b6bd1895 ] Request (ServersAdminTestJSON:test_create_server_with_scheduling_hint): 200 GET http://10.180.1.21/compute/v2.1/servers/15d45208-7c48-4c60-87bf-b26a14fa861f 0.057s
2025-04-08 14:18:40.942 69634 INFO tempest.lib.common.rest_client [req-303699c6-82d7-4603-965f-2f86f62dbe25 req-303699c6-82d7-4603-965f-2f86f62dbe25 ] Request (ServersTestManualDisk:setUpClass): 200 GET http://10.180.1.21/compute/v2.1/servers/b4bdd149-3096-40cb-9e11-dbe02a9aacaf 0.058s
2025-04-08 14:18:40.959 69684 INFO tempest.lib.common.rest_client [req-65e11a7e-75a9-4db0-9282-9df028ebdec3 req-65e11a7e-75a9-4db0-9282-9df028ebdec3 ] Request (MigrationsAdminTest:test_list_migrations_in_flavor_resize_situation): 200 GET http://10.180.1.21/compute/v2.1/os-migrations 0.072s
2025-04-08 14:18:40.994 69650 INFO tempest.lib.common.rest_client [req-a88664d1-1039-4582-b2df-930826d23e72 req-a88664d1-1039-4582-b2df-930826d23e72 ] Request (MultipleCreateTestJSON:test_multiple_create): 200 GET http://10.180.1.21/compute/v2.1/servers/125e57cd-019d-4880-9ffd-ba445151c55f 0.116s
2025-04-08 14:18:41.003 69650 INFO tempest.common.waiters [-] State transition "BUILD/spawning" ==> "ACTIVE/None" after 59 second wait
2025-04-08 14:18:41.006 69676 INFO tempest.lib.common.rest_client [req-1562596a-f215-4328-a79f-62f65f6fd1f9 req-1562596a-f215-4328-a79f-62f65f6fd1f9 ] Request (ServersAdminNegativeTestJSON:test_migrate_server_invalid_state): 200 GET http://10.180.1.21/compute/v2.1/servers/14ad3214-47f3-46a4-a7fe-0f97098aeba3 0.084s
2025-04-08 14:18:41.006 69684 INFO tempest.lib.common.rest_client [req-54fd1269-9d48-4353-bb1d-4946d4d12813 req-54fd1269-9d48-4353-bb1d-4946d4d12813 ] Request (MigrationsAdminTest:test_resize_server_revert_deleted_flavor): 200 GET http://10.180.1.21/compute/v2.1/flavors/42 0.043s
2025-04-08 14:18:41.062 69672 INFO tempest.lib.common.rest_client [req-8cc9ec57-01a9-4fab-aea4-7c42cd8cdbb3 req-8cc9ec57-01a9-4fab-aea4-7c42cd8cdbb3 ] Request (ServerAddressesTestJSON:setUpClass): 200 GET http://10.180.1.21/compute/v2.1/servers/14a726c1-d066-4627-bf2e-cb19ab7d3392 0.088s
2025-04-08 14:18:41.073 69690 INFO tempest.lib.common.rest_client [req-4d69f112-b803-428d-bc3f-8b2afdc4566f req-4d69f112-b803-428d-bc3f-8b2afdc4566f ] Request (FloatingIPsAssociationTestJSON:tearDownClass): 200 GET http://10.180.1.21/compute/v2.1/servers/ad1c3ba7-9981-4eeb-9c4f-afa9ae084977 0.104s
2025-04-08 14:18:41.081 69656 WARNING tempest.lib.common.ssh [-] Failed to establish authenticated ssh connection to cirros@10.180.180.178 ([Errno None] Unable to connect to port 22 on 10.180.180.178). Number attempts: 10. Retry after 11 seconds.: paramiko.ssh_exception.NoValidConnectionsError: [Errno None] Unable to connect to port 22 on 10.180.180.178
2025-04-08 14:18:41.093 69684 INFO tempest.lib.common.rest_client [req-6ddc775a-e20d-4cb6-aab4-b28c2ede4963 req-6ddc775a-e20d-4cb6-aab4-b28c2ede4963 ] Request (MigrationsAdminTest:test_resize_server_revert_deleted_flavor): 200 POST http://10.180.1.21/compute/v2.1/flavors 0.085s
2025-04-08 14:18:41.355 69692 INFO tempest.lib.common.rest_client [req-e8c8e06c-65b9-43c3-9d02-8bb49e1f5da7 req-e8c8e06c-65b9-43c3-9d02-8bb49e1f5da7 ] Request (ServersTestMultiNic:test_verify_duplicate_network_nics): 200 GET http://10.180.1.21/compute/v2.1/servers/a4343dc1-46c6-423d-b8f8-78a29041ea68 0.342s
2025-04-08 14:18:41.367 69684 INFO tempest.lib.common.rest_client [req-7614c647-7948-408b-bfff-9edc1a6a7404 req-7614c647-7948-408b-bfff-9edc1a6a7404 ] Request (MigrationsAdminTest:test_resize_server_revert_deleted_flavor): 200 GET http://10.180.1.21/compute/v2.1/flavors/42/os-extra_specs 0.271s
2025-04-08 14:18:41.427 69644 INFO tempest.lib.common.rest_client [req-244845bf-a904-465a-8734-6728b666ed48 req-244845bf-a904-465a-8734-6728b666ed48 ] Request (ServerActionsV293TestJSON:setUpClass): 200 GET http://10.180.1.21/compute/v2.1/servers/d296fcbe-d243-4c97-a871-34bdfa99dcf6 0.305s
2025-04-08 14:18:41.427 69650 INFO tempest.lib.common.rest_client [req-2a5e4dc1-501b-49f8-8b04-5267027c423e req-2a5e4dc1-501b-49f8-8b04-5267027c423e ] Request (MultipleCreateTestJSON:test_multiple_create): 200 GET http://10.180.1.21/compute/v2.1/servers/bda998f5-6a6b-45ba-a8bf-56794218f095 0.424s
2025-04-08 14:18:41.484 69670 INFO tempest.lib.common.rest_client [req-d0998609-f0eb-4117-bbb1-3de3aa06e998 req-d0998609-f0eb-4117-bbb1-3de3aa06e998 ] Request (ServerTagsTestJSON:setUpClass): 200 GET http://10.180.1.21/compute/v2.1/servers/13556d56-c154-4033-bc15-d205744f92b9 0.280s
2025-04-08 14:18:41.488 69640 INFO tempest.lib.common.rest_client [req-b6f566d5-466e-488c-870e-37af66f7ca23 req-b6f566d5-466e-488c-870e-37af66f7ca23 ] Request (ServersNegativeTestMultiTenantJSON:setUpClass): 200 GET http://10.180.1.21/compute/v2.1/servers/102f49a8-bd4d-445f-b772-eb6b4ed5954c 0.321s
2025-04-08 14:18:41.532 69662 INFO tempest.lib.common.rest_client [req-5dce60af-c31a-4cbe-bbb1-506376af7be5 req-5dce60af-c31a-4cbe-bbb1-506376af7be5 ] Request (ServersTestJSON:setUpClass): 200 GET http://10.180.1.21/compute/v2.1/servers/a27d4d7c-8c75-4799-bc32-4acd2d33eddc 0.230s
2025-04-08 14:18:41.553 69684 INFO tempest.lib.common.rest_client [req-0f259cf5-dc86-4a0d-9a4f-016d9b556968 req-0f259cf5-dc86-4a0d-9a4f-016d9b556968 ] Request (MigrationsAdminTest:test_resize_server_revert_deleted_flavor): 200 POST http://10.180.1.21/compute/v2.1/flavors/22a04a4a-f4a9-46b1-9e6e-a9fb95388ef6/os-extra_specs 0.185s
2025-04-08 14:18:41.609 69666 INFO tempest.lib.common.rest_client [req-b155d97c-b610-49c8-8b6f-d93679187a8e req-b155d97c-b610-49c8-8b6f-d93679187a8e ] Request (ServerDiskConfigTestJSON:test_rebuild_server_with_manual_disk_config): 200 GET http://10.180.1.21/compute/v2.1/servers/651f02fd-b91f-4d1d-80ba-e66edff2503b 0.211s
2025-04-08 14:18:41.632 69684 INFO tempest.lib.common.rest_client [req-18e4d38f-0469-4519-92d1-309101937130 req-18e4d38f-0469-4519-92d1-309101937130 ] Request (MigrationsAdminTest:test_resize_server_revert_deleted_flavor): 201 POST http://10.180.1.21/identity/v3/auth/tokens 0.075s
2025-04-08 14:18:41.633 69684 INFO tempest.lib.common.fixed_network [-] (MigrationsAdminTest:test_resize_server_revert_deleted_flavor) Found network None available for tenant
2025-04-08 14:18:41.662 69648 INFO tempest.lib.common.rest_client [req-1f75e8dd-76c7-4d9e-943b-dd670ca6bec9 req-1f75e8dd-76c7-4d9e-943b-dd670ca6bec9 ] Request (ListServersNegativeTestJSON:setUpClass): 200 GET http://10.180.1.21/compute/v2.1/servers/6adb743f-3e48-41b6-9643-6e1927555681 0.213s
2025-04-08 14:18:41.731 69668 INFO tempest.lib.common.rest_client [req-cb52bd3e-3cbb-4a57-9385-93f9a4c6a00b req-cb52bd3e-3cbb-4a57-9385-93f9a4c6a00b ] Request (ServerDiagnosticsTest:tearDownClass): 200 GET http://10.180.1.21/compute/v2.1/servers/61c691d1-514b-44da-b3b4-c4b0475266bb 0.220s
2025-04-08 14:18:41.775 69646 INFO tempest.lib.common.rest_client [req-7dce1a22-0eed-443a-a880-a7c892ce0994 req-7dce1a22-0eed-443a-a880-a7c892ce0994 ] Request (ImagesOneServerNegativeTestJSON:_run_cleanups): 200 GET http://10.180.1.21/compute/v2.1/servers/9ea66b42-34d2-430c-b688-34d7a6d600a2 0.412s
2025-04-08 14:18:41.788 69654 INFO tempest.lib.common.rest_client [req-2c94b30c-d268-43ac-83c4-894fae57c94c req-2c94b30c-d268-43ac-83c4-894fae57c94c ] Request (AttachVolumeShelveTestJSON:test_attach_volume_shelved_or_offload_server): 200 GET http://10.180.1.21/compute/v2.1/servers/63f16880-0be1-4e76-bd7b-c12e0c018c24 0.180s
2025-04-08 14:18:41.838 69680 INFO tempest.lib.common.rest_client [req-a14fb716-ce4c-48d4-adc9-b74866b8f08a req-a14fb716-ce4c-48d4-adc9-b74866b8f08a ] Request (ImagesOneServerTestJSON:setUpClass): 200 GET http://10.180.1.21/compute/v2.1/servers/b09f57f5-fb85-4c34-a981-f8a31b3c0c01 0.201s
2025-04-08 14:18:41.891 69638 INFO tempest.lib.common.rest_client [req-e207eb54-e2ce-4804-89bc-358702ce018c req-e207eb54-e2ce-4804-89bc-358702ce018c ] Request (DeleteServersAdminTestJSON:test_delete_server_while_in_error_state): 200 GET http://10.180.1.21/compute/v2.1/servers/8e660168-eb83-40cf-9103-1ad515dc6cca 0.149s
2025-04-08 14:18:41.935 69636 INFO tempest.lib.common.rest_client [req-cde53807-dbe8-4d4f-bf31-de30d28ce31c req-cde53807-dbe8-4d4f-bf31-de30d28ce31c ] Request (SecurityGroupsTestJSON:test_list_security_groups_by_server): 200 GET http://10.180.1.21/compute/v2.1/servers/5ff74a21-d2b2-488c-af74-bc597793bc69 0.145s
2025-04-08 14:18:41.980 69652 INFO tempest.lib.common.rest_client [req-f5cfc1b4-99d3-4b40-952f-aebc4f11675e req-f5cfc1b4-99d3-4b40-952f-aebc4f11675e ] Request (ServersAdminTestJSON:test_create_server_with_scheduling_hint): 200 GET http://10.180.1.21/compute/v2.1/servers/15d45208-7c48-4c60-87bf-b26a14fa861f 0.080s
2025-04-08 14:18:42.019 69684 INFO tempest.lib.common.rest_client [req-5bca5305-126d-4399-97bf-0bd15c7c1cad req-5bca5305-126d-4399-97bf-0bd15c7c1cad ] Request (MigrationsAdminTest:test_resize_server_revert_deleted_flavor): 202 POST http://10.180.1.21/compute/v2.1/servers 0.386s
2025-04-08 14:18:42.026 69634 INFO tempest.lib.common.rest_client [req-c7f88870-1554-4021-83c5-f108bd56ef79 req-c7f88870-1554-4021-83c5-f108bd56ef79 ] Request (ServersTestManualDisk:setUpClass): 200 GET http://10.180.1.21/compute/v2.1/servers/b4bdd149-3096-40cb-9e11-dbe02a9aacaf 0.076s
2025-04-08 14:18:42.062 69684 INFO tempest.lib.common.rest_client [req-26bc85d0-5f46-4d82-95c7-7ea7417ba7d2 req-26bc85d0-5f46-4d82-95c7-7ea7417ba7d2 ] Request (MigrationsAdminTest:test_resize_server_revert_deleted_flavor): 200 GET http://10.180.1.21/compute/v2.1/servers/0365659e-b134-4241-a4ec-f6f6378c228d 0.041s
2025-04-08 14:18:42.074 69676 INFO tempest.lib.common.rest_client [req-e1e5a4f7-211f-4c05-b139-f4f019503fe6 req-e1e5a4f7-211f-4c05-b139-f4f019503fe6 ] Request (ServersAdminNegativeTestJSON:test_migrate_server_invalid_state): 200 GET http://10.180.1.21/compute/v2.1/servers/14ad3214-47f3-46a4-a7fe-0f97098aeba3 0.055s
2025-04-08 14:18:42.117 69672 INFO tempest.lib.common.rest_client [req-4746b95e-aacc-4977-b7de-d855a94c0452 req-4746b95e-aacc-4977-b7de-d855a94c0452 ] Request (ServerAddressesTestJSON:setUpClass): 200 GET http://10.180.1.21/compute/v2.1/servers/14a726c1-d066-4627-bf2e-cb19ab7d3392 0.048s
2025-04-08 14:18:42.144 69690 INFO tempest.lib.common.rest_client [req-8b94368b-35c3-45bf-bacd-1ff39753728a req-8b94368b-35c3-45bf-bacd-1ff39753728a ] Request (FloatingIPsAssociationTestJSON:tearDownClass): 200 GET http://10.180.1.21/compute/v2.1/servers/ad1c3ba7-9981-4eeb-9c4f-afa9ae084977 0.057s
2025-04-08 14:18:42.298 69696 WARNING tempest.lib.common.ssh [-] Failed to establish authenticated ssh connection to cirros@10.180.180.130 ([Errno None] Unable to connect to port 22 on 10.180.180.130). Number attempts: 8. Retry after 9 seconds.: paramiko.ssh_exception.NoValidConnectionsError: [Errno None] Unable to connect to port 22 on 10.180.180.130
2025-04-08 14:18:42.409 69692 INFO tempest.lib.common.rest_client [req-199b46c9-37d5-488c-b10a-dc8213f98dd9 req-199b46c9-37d5-488c-b10a-dc8213f98dd9 ] Request (ServersTestMultiNic:test_verify_duplicate_network_nics): 200 GET http://10.180.1.21/compute/v2.1/servers/a4343dc1-46c6-423d-b8f8-78a29041ea68 0.047s
2025-04-08 14:18:42.415 69692 INFO tempest.common.waiters [-] State transition "BUILD/scheduling" ==> "BUILD/None" after 27 second wait
2025-04-08 14:18:42.497 69644 INFO tempest.lib.common.rest_client [req-7647e4a8-47db-44ca-9165-f1267f26bcc6 req-7647e4a8-47db-44ca-9165-f1267f26bcc6 ] Request (ServerActionsV293TestJSON:setUpClass): 200 GET http://10.180.1.21/compute/v2.1/servers/d296fcbe-d243-4c97-a871-34bdfa99dcf6 0.060s
2025-04-08 14:18:42.536 69650 INFO tempest.lib.common.rest_client [req-6771ab44-8910-4ae3-9aa7-9c0b42bb62b7 req-6771ab44-8910-4ae3-9aa7-9c0b42bb62b7 ] Request (MultipleCreateTestJSON:test_multiple_create): 200 GET http://10.180.1.21/compute/v2.1/servers/bda998f5-6a6b-45ba-a8bf-56794218f095 0.101s
2025-04-08 14:18:42.544 69670 INFO tempest.lib.common.rest_client [req-716fc562-ba33-4127-9bf0-548fe01aa8e3 req-716fc562-ba33-4127-9bf0-548fe01aa8e3 ] Request (ServerTagsTestJSON:setUpClass): 200 GET http://10.180.1.21/compute/v2.1/servers/13556d56-c154-4033-bc15-d205744f92b9 0.049s
2025-04-08 14:18:42.552 69670 INFO tempest.common.waiters [-] State transition "BUILD/None" ==> "BUILD/networking" after 48 second wait
2025-04-08 14:18:42.580 69640 INFO tempest.lib.common.rest_client [req-7f424849-5b8f-4898-a093-33b97e0c96c4 req-7f424849-5b8f-4898-a093-33b97e0c96c4 ] Request (ServersNegativeTestMultiTenantJSON:setUpClass): 200 GET http://10.180.1.21/compute/v2.1/servers/102f49a8-bd4d-445f-b772-eb6b4ed5954c 0.082s
2025-04-08 14:18:42.592 69662 INFO tempest.lib.common.rest_client [req-9e4e7317-e379-4682-a6c4-4afd75d53bae req-9e4e7317-e379-4682-a6c4-4afd75d53bae ] Request (ServersTestJSON:setUpClass): 200 GET http://10.180.1.21/compute/v2.1/servers/a27d4d7c-8c75-4799-bc32-4acd2d33eddc 0.051s
2025-04-08 14:18:42.670 69666 INFO tempest.lib.common.rest_client [req-2b3c87f2-32dd-407b-b005-e89311bc875e req-2b3c87f2-32dd-407b-b005-e89311bc875e ] Request (ServerDiskConfigTestJSON:test_rebuild_server_with_manual_disk_config): 200 GET http://10.180.1.21/compute/v2.1/servers/651f02fd-b91f-4d1d-80ba-e66edff2503b 0.053s
2025-04-08 14:18:42.727 69648 INFO tempest.lib.common.rest_client [req-f9bdaaa9-30aa-415f-ac31-cbeede1beb42 req-f9bdaaa9-30aa-415f-ac31-cbeede1beb42 ] Request (ListServersNegativeTestJSON:setUpClass): 200 GET http://10.180.1.21/compute/v2.1/servers/6adb743f-3e48-41b6-9643-6e1927555681 0.054s
2025-04-08 14:18:42.808 69668 INFO tempest.lib.common.rest_client [req-84d1a781-5ba4-4e63-8a66-4a07292aa103 req-84d1a781-5ba4-4e63-8a66-4a07292aa103 ] Request (ServerDiagnosticsTest:tearDownClass): 200 GET http://10.180.1.21/compute/v2.1/servers/61c691d1-514b-44da-b3b4-c4b0475266bb 0.067s
