2025-04-08 14:17:41.331 69686 INFO tempest.lib.common.rest_client [req-9d97a9ef-db0f-4e91-a7e9-0b8cf1c59f0b req-9d97a9ef-db0f-4e91-a7e9-0b8cf1c59f0b ] Request (ServersTestFqdnHostnames:test_create_server_with_fqdn_name): 200 GET http://10.180.1.21/compute/v2.1/servers/556e7d25-fef0-4d7b-b4f6-a80ecf0eaeef 1.424s
2025-04-08 14:17:41.408 69692 INFO tempest.lib.common.rest_client [req-e5d15c6a-e905-4e66-8f80-84dca9118157 req-e5d15c6a-e905-4e66-8f80-84dca9118157 ] Request (ServersAdmin275Test:tearDownClass): 200 GET http://10.180.1.21/compute/v2.1/servers/64aea4a9-d672-473a-b00c-e3aeaa544c14 1.336s
2025-04-08 14:17:41.417 69692 INFO tempest.common.waiters [-] State transition "ACTIVE/deleting" ==> "DELETED/None" after 5 second wait
2025-04-08 14:17:41.613 69688 INFO tempest.lib.common.rest_client [req-82786f23-2d5e-4fb1-bc2d-068909d74f51 req-82786f23-2d5e-4fb1-bc2d-068909d74f51 ] Request (ImagesNegativeTestJSON:test_create_image_from_deleted_server): 200 GET http://10.180.1.21/compute/v2.1/servers/82bf4068-a582-4d13-9b88-2ab65a1c4efe 1.523s
2025-04-08 14:17:41.729 69650 INFO tempest.lib.common.rest_client [req-1628702a-de5d-4e29-8a75-1e6a10afd8a6 req-1628702a-de5d-4e29-8a75-1e6a10afd8a6 ] Request (MultipleCreateTestJSON:test_multiple_create): 200 GET http://10.180.1.21/compute/v2.1/servers 1.352s
2025-04-08 14:17:41.739 69654 INFO tempest.lib.common.rest_client [req-a6a9d9a5-30f1-4d23-9089-d5c696a3a6cd req-a6a9d9a5-30f1-4d23-9089-d5c696a3a6cd ] Request (FlavorsExtraSpecsNegativeTestJSON:test_flavor_non_admin_update_specific_key): 403 PUT http://10.180.1.21/compute/v2.1/flavors/738025489/os-extra_specs/hw:numa_nodes 1.287s
2025-04-08 14:17:41.761 69658 INFO tempest.lib.common.rest_client [req-554dd4e7-0fac-45c1-9dd4-435af04a111f req-554dd4e7-0fac-45c1-9dd4-435af04a111f ] Request (ServicesAdminNegativeTestJSON:test_get_service_with_valid_service_and_invalid_host): 200 GET http://10.180.1.21/compute/v2.1/os-services?host=xxx&binary=nova-scheduler 1.290s
2025-04-08 14:17:41.792 69670 INFO tempest.lib.common.rest_client [req-4a9924ad-9586-435a-a564-9008037facd3 req-4a9924ad-9586-435a-a564-9008037facd3 ] Request (ImagesMetadataTestJSON:test_set_image_metadata_item): 200 GET http://10.180.1.21/compute/v2.1/images/da2a53fa-9641-4605-8603-b38255abe51f/metadata 1.264s
2025-04-08 14:17:41.812 69634 INFO tempest.lib.common.rest_client [req-046b0d95-54d3-4cd5-92f6-53f3d9952a2d req-046b0d95-54d3-4cd5-92f6-53f3d9952a2d ] Request (FlavorsAdminTestJSON:_run_cleanups): 202 DELETE http://10.180.1.21/compute/v2.1/flavors/565481902 1.256s
2025-04-08 14:17:41.813 69680 INFO tempest.lib.common.rest_client [req-5947dab7-c16f-4cc6-906c-3789bbfc3899 req-5947dab7-c16f-4cc6-906c-3789bbfc3899 ] Request (FloatingIPsAssociationNegativeTestJSON:test_associate_ip_to_server_with_floating_ip): 202 POST http://10.180.1.21/compute/v2.1/servers/64eaf31f-fef5-4a5e-93be-23f9ac796162/action 2.844s
2025-04-08 14:17:41.962 69666 INFO tempest.lib.common.rest_client [req-6d8d9ec6-e300-4772-85d8-13e81078ff5d req-6d8d9ec6-e300-4772-85d8-13e81078ff5d ] Request (ServerDiskConfigTestJSON:test_rebuild_server_with_auto_disk_config): 200 GET http://10.180.1.21/compute/v2.1/servers/6426b2b9-06d3-4c6f-9899-46bb73ceb6ec 1.141s
2025-04-08 14:17:41.972 69682 INFO tempest.lib.common.rest_client [req-c633a846-4455-4372-8f04-a696c7b6a5e1 req-c633a846-4455-4372-8f04-a696c7b6a5e1 ] Request (ServersWithSpecificFlavorTestJSON:test_verify_created_server_ephemeral_disk): 200 GET http://10.180.1.21/compute/v2.1/servers/0ad6371c-fa25-42ab-8fd3-8fd9e9c64ddd 1.171s
2025-04-08 14:17:41.985 69682 INFO tempest.common.waiters [-] State transition "BUILD/spawning" ==> "ACTIVE/None" after 31 second wait
2025-04-08 14:17:42.036 69676 INFO tempest.lib.common.rest_client [req-5515794c-2658-4e4e-966e-428687057d1b req-5515794c-2658-4e4e-966e-428687057d1b ] Request (ServersAdminNegativeTestJSON:setUpClass): 200 GET http://10.180.1.21/compute/v2.1/servers/896b5a42-7f68-4ddb-aa23-c2c9b2fc95b3 1.165s
2025-04-08 14:17:42.038 69652 INFO tempest.lib.common.rest_client [req-27db9fc1-da2a-47c8-a1e5-b3c6f3d67306 req-27db9fc1-da2a-47c8-a1e5-b3c6f3d67306 ] Request (ServersAdminTestJSON:setUpClass): 200 GET http://10.180.1.21/compute/v2.1/servers/bb4003d9-d483-4eb6-a7db-cc067adad217 1.138s
2025-04-08 14:17:42.114 69648 INFO tempest.lib.common.rest_client [req-267bead1-4c15-4905-a354-4e5902d98391 req-267bead1-4c15-4905-a354-4e5902d98391 ] Request (InstanceActionsTestJSON:tearDownClass): 200 GET http://10.180.1.21/compute/v2.1/servers/65fceb63-2326-4d32-8281-2b7402fa4d5c 1.020s
2025-04-08 14:17:42.166 69674 INFO tempest.lib.common.rest_client [req-5be56cf0-1fa9-49af-b135-39bfe1ebea1b req-5be56cf0-1fa9-49af-b135-39bfe1ebea1b ] Request (TenantUsagesTestJSON:setUpClass): 200 GET http://10.180.1.21/compute/v2.1/servers/2c565c5e-87c9-4951-8798-dde366617001 1.153s
2025-04-08 14:17:42.169 69642 INFO tempest.lib.common.rest_client [req-e61e5daf-7287-4679-84cb-ec2631cba492 req-e61e5daf-7287-4679-84cb-ec2631cba492 ] Request (ServersTestBootFromVolume:setUpClass): 200 GET http://10.180.1.21/compute/v2.1/servers/c6cb2dac-6d8a-4319-9e26-c12d31e8a733 1.000s
2025-04-08 14:17:42.320 69662 INFO tempest.lib.common.rest_client [req-736ced74-acd4-442c-86b1-3a09d6e85972 req-736ced74-acd4-442c-86b1-3a09d6e85972 ] Request (ServerDiagnosticsNegativeTest:test_get_server_diagnostics_by_non_admin): 200 GET http://10.180.1.21/compute/v2.1/servers/24afcbbb-1869-4ed4-880a-d7a2e6c312ad 1.020s
2025-04-08 14:17:42.329 69662 INFO tempest.common.waiters [-] State transition "BUILD/block_device_mapping" ==> "BUILD/spawning" after 29 second wait
2025-04-08 14:17:42.336 69644 INFO tempest.lib.common.rest_client [req-a4409451-dda1-4116-88c8-443cdfca8325 req-a4409451-dda1-4116-88c8-443cdfca8325 ] Request (ServerActionsV293TestJSON:setUpClass): 200 GET http://10.180.1.21/volume/v3/volumes/b60eda4f-5437-4869-a2b4-ed31a9725ca0 0.026s
2025-04-08 14:17:42.359 69636 INFO tempest.lib.common.rest_client [req-3d382de5-03a3-4a63-bee2-2e422659f48e req-3d382de5-03a3-4a63-bee2-2e422659f48e ] Request (SecurityGroupRulesTestJSON:test_security_group_rules_delete_when_peer_group_deleted): 200 POST http://10.180.1.21/compute/v2.1/os-security-groups 1.162s
2025-04-08 14:17:42.390 69672 INFO tempest.lib.common.rest_client [req-fc844ae5-bc65-462a-961c-c24ff29aa8ef req-fc844ae5-bc65-462a-961c-c24ff29aa8ef ] Request (ServerDiagnosticsV248Test:tearDownClass): 200 GET http://10.180.1.21/compute/v2.1/servers/0041a723-fd77-4df2-b91f-5d2461c8f5c4 1.033s
2025-04-08 14:17:42.417 69678 INFO tempest.lib.common.rest_client [req-a4deb559-fd79-4f2b-b19c-f0fe9efe8dc3 req-a4deb559-fd79-4f2b-b19c-f0fe9efe8dc3 ] Request (ServersV294TestFqdnHostnames:setUpClass): 200 GET http://10.180.1.21/compute/v2.1/servers/543068fb-32e2-4dfb-aae9-dd1c4cff92f7 0.973s
2025-04-08 14:17:42.465 69646 INFO tempest.lib.common.rest_client [req-8af9d5ae-14d5-469c-ac7d-39700b1886af req-8af9d5ae-14d5-469c-ac7d-39700b1886af ] Request (ImagesOneServerNegativeTestJSON:setUpClass): 200 GET http://10.180.1.21/compute/v2.1/servers/9ea66b42-34d2-430c-b688-34d7a6d600a2 0.938s
2025-04-08 14:17:42.497 69640 INFO tempest.lib.common.rest_client [req-37eb98b8-2d02-455c-ba1e-213c2b857408 req-37eb98b8-2d02-455c-ba1e-213c2b857408 ] Request (ServerExternalEventsTest:tearDownClass): 200 GET http://10.180.1.21/compute/v2.1/servers/5a75a617-3721-44ba-b844-6c369dfe5f9f 0.845s
2025-04-08 14:17:42.509 69654 INFO tempest.lib.common.rest_client [req-dd3e0710-653b-400a-b731-9c74b4967b1e req-dd3e0710-653b-400a-b731-9c74b4967b1e ] Request (FlavorsExtraSpecsNegativeTestJSON:test_flavor_unset_nonexistent_key): 404 DELETE http://10.180.1.21/compute/v2.1/flavors/738025489/os-extra_specs/hw:cpu_thread_policy 0.769s
2025-04-08 14:17:42.515 69650 INFO tempest.lib.common.rest_client [req-39527286-3dc9-4bf3-a781-1e7010a49a4b req-39527286-3dc9-4bf3-a781-1e7010a49a4b ] Request (MultipleCreateTestJSON:test_multiple_create): 200 GET http://10.180.1.21/compute/v2.1/servers/125e57cd-019d-4880-9ffd-ba445151c55f 0.784s
2025-04-08 14:17:42.561 69658 INFO tempest.lib.common.rest_client [req-6ac74c4c-bb6b-41a0-b017-43a67cde17cc req-6ac74c4c-bb6b-41a0-b017-43a67cde17cc ] Request (ServicesAdminNegativeTestJSON:test_list_services_with_non_admin_user): 403 GET http://10.180.1.21/compute/v2.1/os-services 0.797s
2025-04-08 14:17:42.667 69658 INFO tempest.lib.common.rest_client [req-cd8bd6e9-af0f-4e66-b2a6-3e78ace84a8e req-cd8bd6e9-af0f-4e66-b2a6-3e78ace84a8e ] Request (ServicesAdminNegativeTestJSON:tearDownClass): 204 DELETE http://10.180.1.21/identity/v3/users/df147612fb574c88805b1f4440f6ffaa 0.104s
2025-04-08 14:17:42.705 69670 INFO tempest.lib.common.rest_client [req-23fbb8a4-8fbd-4d35-b1c4-0f530fd9cbf4 req-23fbb8a4-8fbd-4d35-b1c4-0f530fd9cbf4 ] Request (ImagesMetadataTestJSON:setUp): 200 PUT http://10.180.1.21/compute/v2.1/images/da2a53fa-9641-4605-8603-b38255abe51f/metadata 0.911s
2025-04-08 14:17:42.710 69684 INFO tempest.lib.common.rest_client [req-3f2a39cb-b35d-4b11-abee-9b9df456091a req-3f2a39cb-b35d-4b11-abee-9b9df456091a ] Request (MigrationsAdminTest:test_list_migrations_in_flavor_resize_situation): 200 GET http://10.180.1.21/compute/v2.1/servers/48ed2483-9904-429f-b48d-8dc0150b8fff 0.903s
2025-04-08 14:17:42.734 69634 INFO tempest.lib.common.rest_client [req-6726480f-53bd-43e1-861f-7cc6b9005faf req-6726480f-53bd-43e1-861f-7cc6b9005faf ] Request (FlavorsAdminTestJSON:_run_cleanups): 200 GET http://10.180.1.21/compute/v2.1/flavors/detail 0.921s
2025-04-08 14:17:42.786 69658 INFO tempest.lib.common.rest_client [req-2ec55946-6e9c-447f-86d4-074969aa4866 req-2ec55946-6e9c-447f-86d4-074969aa4866 ] Request (ServicesAdminNegativeTestJSON:tearDownClass): 204 DELETE http://10.180.1.21/identity/v3/users/d2ba11e28e2d4030b60c673e7c2fee46 0.119s
2025-04-08 14:17:42.787 69658 INFO tempest.lib.common.dynamic_creds [-] Deleting project and security group for project: 4cb5a66e9653447f955e16d302827c64
2025-04-08 14:17:42.801 69668 INFO tempest.lib.common.rest_client [req-69df99ae-ef2b-4938-b396-0e5ec03656fd req-69df99ae-ef2b-4938-b396-0e5ec03656fd ] Request (ServerDiagnosticsTest:test_get_server_diagnostics): 200 GET http://10.180.1.21/compute/v2.1/servers/61c691d1-514b-44da-b3b4-c4b0475266bb 0.930s
2025-04-08 14:17:42.851 69658 INFO tempest.lib.common.rest_client [req-38741ffc-9ef8-4016-bc88-a85f1ed20bae req-38741ffc-9ef8-4016-bc88-a85f1ed20bae ] Request (ServicesAdminNegativeTestJSON:tearDownClass): 201 POST http://10.180.1.21/identity/v3/auth/tokens 0.064s
2025-04-08 14:17:42.875 69634 INFO tempest.lib.common.rest_client [req-6117ec3f-6d58-4974-ad21-b8c114edc2c1 req-6117ec3f-6d58-4974-ad21-b8c114edc2c1 ] Request (FlavorsAdminTestJSON:tearDownClass): 204 DELETE http://10.180.1.21/identity/v3/users/8ec0a43c882147b5bcc18529e67b8d2f 0.133s
2025-04-08 14:17:42.875 69690 INFO tempest.lib.common.rest_client [req-3c2f6ec3-3407-4037-a8cb-59775f1dd64d req-3c2f6ec3-3407-4037-a8cb-59775f1dd64d ] Request (FloatingIPsAssociationTestJSON:test_associate_already_associated_floating_ip): 200 GET http://10.180.1.21/compute/v2.1/servers/ad1c3ba7-9981-4eeb-9c4f-afa9ae084977 0.946s
2025-04-08 14:17:42.884 69690 INFO tempest.common.waiters [-] State transition "BUILD/scheduling" ==> "BUILD/None" after 11 second wait
2025-04-08 14:17:42.905 69664 WARNING tempest.lib.common.ssh [-] Failed to establish authenticated ssh connection to cirros@10.180.180.189 ([Errno None] Unable to connect to port 22 on 10.180.180.189). Number attempts: 4. Retry after 5 seconds.: paramiko.ssh_exception.NoValidConnectionsError: [Errno None] Unable to connect to port 22 on 10.180.180.189
2025-04-08 14:17:42.979 69682 INFO tempest.lib.common.rest_client [req-3ec18753-a849-4cf8-9510-35f9fbf315bc req-3ec18753-a849-4cf8-9510-35f9fbf315bc ] Request (ServersWithSpecificFlavorTestJSON:test_verify_created_server_ephemeral_disk): 200 GET http://10.180.1.21/compute/v2.1/servers/0ad6371c-fa25-42ab-8fd3-8fd9e9c64ddd/os-interface 0.994s
2025-04-08 14:17:42.995 69634 INFO tempest.lib.common.rest_client [req-8f03360b-fb6b-40f7-989a-eef6f7469e0f req-8f03360b-fb6b-40f7-989a-eef6f7469e0f ] Request (FlavorsAdminTestJSON:tearDownClass): 204 DELETE http://10.180.1.21/identity/v3/users/c72f58ff3391405faabe7b77124ca414 0.120s
2025-04-08 14:17:42.995 69634 INFO tempest.lib.common.dynamic_creds [-] Deleting project and security group for project: a6f808750533411e86fd3714955d9017
2025-04-08 14:17:43.070 69638 INFO tempest.lib.common.rest_client [req-918399b3-197b-4054-ab0d-9c6e34f00f71 req-918399b3-197b-4054-ab0d-9c6e34f00f71 ] Request (DeleteServersAdminTestJSON:test_delete_server_while_in_error_state): 200 GET http://10.180.1.21/compute/v2.1/servers/8e660168-eb83-40cf-9103-1ad515dc6cca 0.789s
2025-04-08 14:17:43.073 69634 INFO tempest.lib.common.rest_client [req-2b8001ec-05e2-454a-895a-2fffb2f0873e req-2b8001ec-05e2-454a-895a-2fffb2f0873e ] Request (FlavorsAdminTestJSON:tearDownClass): 201 POST http://10.180.1.21/identity/v3/auth/tokens 0.078s
2025-04-08 14:17:43.161 69656 WARNING tempest.lib.common.ssh [-] Failed to establish authenticated ssh connection to cirros@10.180.180.178 ([Errno None] Unable to connect to port 22 on 10.180.180.178). Number attempts: 5. Retry after 6 seconds.: paramiko.ssh_exception.NoValidConnectionsError: [Errno None] Unable to connect to port 22 on 10.180.180.178
2025-04-08 14:17:43.357 69686 INFO tempest.lib.common.rest_client [req-6c424f88-1247-4945-a3d4-8d8aa10a7020 req-6c424f88-1247-4945-a3d4-8d8aa10a7020 ] Request (ServersTestFqdnHostnames:test_create_server_with_fqdn_name): 200 GET http://10.180.1.21/compute/v2.1/servers/556e7d25-fef0-4d7b-b4f6-a80ecf0eaeef 1.017s
2025-04-08 14:17:43.382 69644 INFO tempest.lib.common.rest_client [req-243ef298-f29d-4250-bd51-ab7e61cc4f94 req-243ef298-f29d-4250-bd51-ab7e61cc4f94 ] Request (ServerActionsV293TestJSON:setUpClass): 200 GET http://10.180.1.21/volume/v3/volumes/b60eda4f-5437-4869-a2b4-ed31a9725ca0 0.038s
2025-04-08 14:17:43.399 69658 INFO tempest.lib.common.rest_client [req-db29e987-401b-4107-8dde-9f74db64a254 req-db29e987-401b-4107-8dde-9f74db64a254 ] Request (ServicesAdminNegativeTestJSON:tearDownClass): 200 GET http://10.180.1.21:9696/networking/v2.0/security-groups?tenant_id=4cb5a66e9653447f955e16d302827c64&name=default 0.547s
2025-04-08 14:17:43.563 69634 INFO tempest.lib.common.rest_client [req-0531461c-057c-4ae1-953b-b9923a8ac585 req-0531461c-057c-4ae1-953b-b9923a8ac585 ] Request (FlavorsAdminTestJSON:tearDownClass): 200 GET http://10.180.1.21:9696/networking/v2.0/security-groups?tenant_id=a6f808750533411e86fd3714955d9017&name=default 0.489s
2025-04-08 14:17:43.593 69658 INFO tempest.lib.common.rest_client [req-b2a2a9a8-ae7e-45b3-99bb-de1d28b88109 req-b2a2a9a8-ae7e-45b3-99bb-de1d28b88109 ] Request (ServicesAdminNegativeTestJSON:tearDownClass): 204 DELETE http://10.180.1.21:9696/networking/v2.0/security-groups/e04f44e3-deb1-44a8-b567-71267b82a78d 0.193s
2025-04-08 14:17:43.666 69634 INFO tempest.lib.common.rest_client [req-a15562b1-2bf0-47d6-8c4c-969509aa99fb req-a15562b1-2bf0-47d6-8c4c-969509aa99fb ] Request (FlavorsAdminTestJSON:tearDownClass): 204 DELETE http://10.180.1.21:9696/networking/v2.0/security-groups/d8d890e2-0aac-4c7a-868c-880d875d2da4 0.103s
2025-04-08 14:17:43.675 69636 INFO tempest.lib.common.rest_client [req-061c5240-871d-44bd-9fd0-4214cd57ff12 req-061c5240-871d-44bd-9fd0-4214cd57ff12 ] Request (SecurityGroupRulesTestJSON:test_security_group_rules_delete_when_peer_group_deleted): 200 POST http://10.180.1.21/compute/v2.1/os-security-groups 1.313s
2025-04-08 14:17:43.680 69658 INFO tempest.lib.common.rest_client [req-a673fbbd-57ce-43f2-a266-b23f3c8eca09 req-a673fbbd-57ce-43f2-a266-b23f3c8eca09 ] Request (ServicesAdminNegativeTestJSON:tearDownClass): 204 DELETE http://10.180.1.21/identity/v3/projects/4cb5a66e9653447f955e16d302827c64 0.087s
2025-04-08 14:17:43.681 69658 INFO tempest.lib.common.dynamic_creds [-] Deleting project and security group for project: 5fd77d60b70043c6b85194f7d65a9429
2025-04-08 14:17:43.801 69634 INFO tempest.lib.common.rest_client [req-8d09c0f1-d8d1-4152-872a-153dd435bfa7 req-8d09c0f1-d8d1-4152-872a-153dd435bfa7 ] Request (FlavorsAdminTestJSON:tearDownClass): 204 DELETE http://10.180.1.21/identity/v3/projects/a6f808750533411e86fd3714955d9017 0.134s
2025-04-08 14:17:43.801 69634 INFO tempest.lib.common.dynamic_creds [-] Deleting project and security group for project: 8fd6f945a3ed4347844eb2a2c6164972
2025-04-08 14:17:43.813 69692 INFO tempest.lib.common.rest_client [req-c065302e-69fa-4299-8a44-0300cf34e6a0 req-c065302e-69fa-4299-8a44-0300cf34e6a0 ] Request (ServersAdmin275Test:tearDownClass): 200 GET http://10.180.1.21/compute/v2.1/servers/64aea4a9-d672-473a-b00c-e3aeaa544c14 1.395s
2025-04-08 14:17:43.814 69658 INFO tempest.lib.common.rest_client [req-3a5c2342-2abf-423e-aca8-9c70bbf290e1 req-3a5c2342-2abf-423e-aca8-9c70bbf290e1 ] Request (ServicesAdminNegativeTestJSON:tearDownClass): 200 GET http://10.180.1.21:9696/networking/v2.0/security-groups?tenant_id=5fd77d60b70043c6b85194f7d65a9429&name=default 0.133s
2025-04-08 14:17:43.821 69654 INFO tempest.lib.common.rest_client [req-508f0ebf-6306-4e1d-8bed-191f076c534f req-508f0ebf-6306-4e1d-8bed-191f076c534f ] Request (FlavorsExtraSpecsNegativeTestJSON:test_flavor_update_mismatch_key): 400 PUT http://10.180.1.21/compute/v2.1/flavors/738025489/os-extra_specs/hw:numa_nodes 1.309s
2025-04-08 14:17:43.952 69634 INFO tempest.lib.common.rest_client [req-8156de4e-4efb-4137-8e71-d3986a05568b req-8156de4e-4efb-4137-8e71-d3986a05568b ] Request (FlavorsAdminTestJSON:tearDownClass): 200 GET http://10.180.1.21:9696/networking/v2.0/security-groups?tenant_id=8fd6f945a3ed4347844eb2a2c6164972&name=default 0.151s
2025-04-08 14:17:43.962 69658 INFO tempest.lib.common.rest_client [req-5cb1a0a8-b0b7-4dff-9d96-966662370f67 req-5cb1a0a8-b0b7-4dff-9d96-966662370f67 ] Request (ServicesAdminNegativeTestJSON:tearDownClass): 204 DELETE http://10.180.1.21:9696/networking/v2.0/security-groups/ca1d9a66-8f87-47ac-b63e-a1af31221709 0.141s
2025-04-08 14:17:44.013 69688 INFO tempest.lib.common.rest_client [req-370a3888-24bf-4ff7-83eb-51328ffbf566 req-370a3888-24bf-4ff7-83eb-51328ffbf566 ] Request (ImagesNegativeTestJSON:test_create_image_from_deleted_server): 200 GET http://10.180.1.21/compute/v2.1/servers/82bf4068-a582-4d13-9b88-2ab65a1c4efe 1.392s
2025-04-08 14:17:44.021 69688 INFO tempest.common.waiters [-] State transition "BUILD/spawning" ==> "ACTIVE/None" after 32 second wait
2025-04-08 14:17:44.031 69634 INFO tempest.lib.common.rest_client [req-37675553-2f65-4eb8-9e5d-ba4f184ac1aa req-37675553-2f65-4eb8-9e5d-ba4f184ac1aa ] Request (FlavorsAdminTestJSON:tearDownClass): 204 DELETE http://10.180.1.21:9696/networking/v2.0/security-groups/0e53459e-07a5-4d39-93cb-2516b0f2472b 0.078s
2025-04-08 14:17:44.072 69658 INFO tempest.lib.common.rest_client [req-c2acac89-4612-4fac-9810-10a3373c0d0c req-c2acac89-4612-4fac-9810-10a3373c0d0c ] Request (ServicesAdminNegativeTestJSON:tearDownClass): 204 DELETE http://10.180.1.21/identity/v3/projects/5fd77d60b70043c6b85194f7d65a9429 0.109s
2025-04-08 14:17:44.090 69634 INFO tempest.lib.common.rest_client [req-8b25cce7-baba-442a-b9aa-46c29c3a7d25 req-8b25cce7-baba-442a-b9aa-46c29c3a7d25 ] Request (FlavorsAdminTestJSON:tearDownClass): 204 DELETE http://10.180.1.21/identity/v3/projects/8fd6f945a3ed4347844eb2a2c6164972 0.058s
2025-04-08 14:17:44.134 69658 INFO tempest.lib.common.rest_client [req-d2fee5c8-d0be-4b33-be74-47fc023f34ee req-d2fee5c8-d0be-4b33-be74-47fc023f34ee ] Request (TenantUsagesNegativeTestJSON:setUpClass): 201 POST http://10.180.1.21/identity/v3/auth/tokens 0.061s
2025-04-08 14:17:44.145 69634 INFO tempest.lib.common.rest_client [req-48d51330-82ee-4de0-9116-f1685785aaa1 req-48d51330-82ee-4de0-9116-f1685785aaa1 ] Request (HypervisorAdminV253TestBase:setUpClass): 201 POST http://10.180.1.21/identity/v3/auth/tokens 0.053s
2025-04-08 14:17:44.152 69680 INFO tempest.lib.common.rest_client [req-6492f2cc-44ef-496c-8c28-3772fe6eff49 req-6492f2cc-44ef-496c-8c28-3772fe6eff49 ] Request (FloatingIPsAssociationNegativeTestJSON:test_associate_ip_to_server_with_floating_ip): 200 POST http://10.180.1.21/compute/v2.1/os-floating-ips 2.339s
2025-04-08 14:17:44.174 69634 INFO tempest.lib.common.rest_client [req-37ea1215-9eb1-4273-bad8-a5302149a5ee req-37ea1215-9eb1-4273-bad8-a5302149a5ee ] Request (HypervisorAdminV253TestBase:setUpClass): 201 POST http://10.180.1.21/identity/v3/auth/tokens 0.025s
2025-04-08 14:17:44.176 69658 INFO tempest.lib.common.rest_client [req-93b7b8dc-fa10-4c1b-acd2-66b2915b35f0 req-93b7b8dc-fa10-4c1b-acd2-66b2915b35f0 ] Request (TenantUsagesNegativeTestJSON:setUpClass): 201 POST http://10.180.1.21/identity/v3/auth/tokens 0.036s
2025-04-08 14:17:44.200 69658 INFO tempest.lib.common.rest_client [req-e80fb4a7-ed56-4be4-b089-4ce3973d13b2 req-e80fb4a7-ed56-4be4-b089-4ce3973d13b2 ] Request (TenantUsagesNegativeTestJSON:setUpClass): 200 GET http://10.180.1.21/identity/v3/domains?name=Default 0.023s
2025-04-08 14:17:44.200 69634 INFO tempest.lib.common.rest_client [req-a1be2227-c25c-4a82-9ebd-9d0d0df7dacd req-a1be2227-c25c-4a82-9ebd-9d0d0df7dacd ] Request (HypervisorAdminV253TestBase:setUpClass): 200 GET http://10.180.1.21/identity/v3/domains?name=Default 0.026s
2025-04-08 14:17:44.226 69658 INFO tempest.lib.common.rest_client [req-05dd5e5a-1a58-4e46-b5d3-29f6762f3920 req-05dd5e5a-1a58-4e46-b5d3-29f6762f3920 ] Request (TenantUsagesNegativeTestJSON:setUpClass): 201 POST http://10.180.1.21/identity/v3/projects 0.025s
2025-04-08 14:17:44.231 69634 INFO tempest.lib.common.rest_client [req-74f030d2-af4a-4195-a969-2d42d73ce322 req-74f030d2-af4a-4195-a969-2d42d73ce322 ] Request (HypervisorAdminV253TestBase:setUpClass): 201 POST http://10.180.1.21/identity/v3/projects 0.030s
2025-04-08 14:17:44.269 69670 INFO tempest.lib.common.rest_client [req-e67b56d4-8ad7-43d8-95f5-ebf25270ff41 req-e67b56d4-8ad7-43d8-95f5-ebf25270ff41 ] Request (ImagesMetadataTestJSON:test_update_image_metadata): 200 POST http://10.180.1.21/compute/v2.1/images/da2a53fa-9641-4605-8603-b38255abe51f/metadata 1.562s
2025-04-08 14:17:44.272 69682 INFO tempest.lib.common.rest_client [req-2f0a4302-e734-4143-b142-8221e85b2a1c req-2f0a4302-e734-4143-b142-8221e85b2a1c ] Request (ServersWithSpecificFlavorTestJSON:test_verify_created_server_ephemeral_disk): 200 PUT http://10.180.1.21:9696/networking/v2.0/floatingips/86e6bd6c-0112-4096-b904-32116d1d9333 1.290s
2025-04-08 14:17:44.292 69634 INFO tempest.lib.common.rest_client [req-1a4e53de-787b-456b-a166-7163d491f52d req-1a4e53de-787b-456b-a166-7163d491f52d ] Request (HypervisorAdminV253TestBase:setUpClass): 201 POST http://10.180.1.21/identity/v3/users 0.060s
2025-04-08 14:17:44.305 69666 INFO tempest.lib.common.rest_client [req-56619d10-05ca-47ad-ab44-2087aae4ab33 req-56619d10-05ca-47ad-ab44-2087aae4ab33 ] Request (ServerDiskConfigTestJSON:test_rebuild_server_with_auto_disk_config): 200 GET http://10.180.1.21/compute/v2.1/servers/6426b2b9-06d3-4c6f-9899-46bb73ceb6ec 1.333s
2025-04-08 14:17:44.312 69666 INFO tempest.common.waiters [-] State transition "BUILD/spawning" ==> "ACTIVE/None" after 34 second wait
2025-04-08 14:17:44.314 69634 INFO tempest.lib.common.rest_client [req-80b14c79-6581-4a22-81d3-3d729561247b req-80b14c79-6581-4a22-81d3-3d729561247b ] Request (HypervisorAdminV253TestBase:setUpClass): 200 GET http://10.180.1.21/identity/v3/roles 0.021s
2025-04-08 14:17:44.314 69658 INFO tempest.lib.common.rest_client [req-d0c7a94a-0dd4-44ab-b219-fbfd6d30b7bf req-d0c7a94a-0dd4-44ab-b219-fbfd6d30b7bf ] Request (TenantUsagesNegativeTestJSON:setUpClass): 201 POST http://10.180.1.21/identity/v3/users 0.088s
2025-04-08 14:17:44.317 69676 INFO tempest.lib.common.rest_client [req-6f3d782d-6508-409b-8081-e468147c0dd7 req-6f3d782d-6508-409b-8081-e468147c0dd7 ] Request (ServersAdminNegativeTestJSON:setUpClass): 200 GET http://10.180.1.21/compute/v2.1/servers/896b5a42-7f68-4ddb-aa23-c2c9b2fc95b3 1.274s
2025-04-08 14:17:44.330 69676 INFO tempest.common.waiters [-] State transition "BUILD/scheduling" ==> "BUILD/None" after 12 second wait
2025-04-08 14:17:44.339 69658 INFO tempest.lib.common.rest_client [req-166775f8-8019-4821-95c6-c3482a7b5729 req-166775f8-8019-4821-95c6-c3482a7b5729 ] Request (TenantUsagesNegativeTestJSON:setUpClass): 200 GET http://10.180.1.21/identity/v3/roles 0.024s
2025-04-08 14:17:44.342 69634 INFO tempest.lib.common.rest_client [req-63cb034f-e3e5-4d45-8b86-ed988fa701da req-63cb034f-e3e5-4d45-8b86-ed988fa701da ] Request (HypervisorAdminV253TestBase:setUpClass): 204 PUT http://10.180.1.21/identity/v3/projects/17dfe5f422d84ab18237e954cef11835/users/4a095aea4b054dd9b80f542c26555fae/roles/1bce94b911a3466b82b78ba1e59b514c 0.028s
2025-04-08 14:17:44.343 69634 INFO tempest.lib.common.dynamic_creds [-] Dynamic test user 4a095aea4b054dd9b80f542c26555fae is created with scope project and roles: ['member']
2025-04-08 14:17:44.343 69634 INFO tempest.lib.common.dynamic_creds [-] Acquired dynamic creds: credentials: Credentials: {'domain_id': 'default', 'domain_name': 'Default', 'username': 'tempest-HypervisorAdminV253TestBase-470421766-project-member', 'project_domain_id': 'default', 'project_domain_name': 'Default', 'project_id': '17dfe5f422d84ab18237e954cef11835', 'project_name': 'tempest-HypervisorAdminV253TestBase-470421766', 'tenant_id': '17dfe5f422d84ab18237e954cef11835', 'tenant_name': 'tempest-HypervisorAdminV253TestBase-470421766', 'user_domain_id': 'default', 'user_domain_name': 'Default', 'user_id': '4a095aea4b054dd9b80f542c26555fae', 'system': None}, Network: None, Subnet: None, Router: None
2025-04-08 14:17:44.343 69634 INFO tempest.lib.common.dynamic_creds [-] Created isolated network resources for: credentials: Credentials: {'domain_id': 'default', 'domain_name': 'Default', 'username': 'tempest-HypervisorAdminV253TestBase-470421766-project-member', 'project_domain_id': 'default', 'project_domain_name': 'Default', 'project_id': '17dfe5f422d84ab18237e954cef11835', 'project_name': 'tempest-HypervisorAdminV253TestBase-470421766', 'tenant_id': '17dfe5f422d84ab18237e954cef11835', 'tenant_name': 'tempest-HypervisorAdminV253TestBase-470421766', 'user_domain_id': 'default', 'user_domain_name': 'Default', 'user_id': '4a095aea4b054dd9b80f542c26555fae', 'system': None}, Network: None, Subnet: None, Router: None
2025-04-08 14:17:44.362 69652 INFO tempest.lib.common.rest_client [req-fd7861f9-41d1-4380-98f1-b571665b1ef5 req-fd7861f9-41d1-4380-98f1-b571665b1ef5 ] Request (ServersAdminTestJSON:setUpClass): 200 GET http://10.180.1.21/compute/v2.1/servers/bb4003d9-d483-4eb6-a7db-cc067adad217 1.315s
2025-04-08 14:17:44.389 69648 INFO tempest.lib.common.rest_client [req-4c8df087-f05e-4524-8625-a866634a5923 req-4c8df087-f05e-4524-8625-a866634a5923 ] Request (InstanceActionsTestJSON:tearDownClass): 200 GET http://10.180.1.21/compute/v2.1/servers/65fceb63-2326-4d32-8281-2b7402fa4d5c 1.266s
2025-04-08 14:17:44.421 69634 INFO tempest.lib.common.rest_client [req-55ba27b2-a1ce-4d64-85ca-8dd66be96cd9 req-55ba27b2-a1ce-4d64-85ca-8dd66be96cd9 ] Request (HypervisorAdminV253TestBase:setUpClass): 201 POST http://10.180.1.21/identity/v3/auth/tokens 0.075s
2025-04-08 14:17:44.427 69658 INFO tempest.lib.common.rest_client [req-1ed3abff-7baf-46a6-b327-0a9577c8b02e req-1ed3abff-7baf-46a6-b327-0a9577c8b02e ] Request (TenantUsagesNegativeTestJSON:setUpClass): 204 PUT http://10.180.1.21/identity/v3/projects/1361288bef574982ba2b4fdecc133d3b/users/1de44fec173249d9bd9aa66fe755bff0/roles/1bce94b911a3466b82b78ba1e59b514c 0.088s
2025-04-08 14:17:44.427 69644 INFO tempest.lib.common.rest_client [req-7a8a08bf-c9b9-44b7-9c1c-9030636d3913 req-7a8a08bf-c9b9-44b7-9c1c-9030636d3913 ] Request (ServerActionsV293TestJSON:setUpClass): 200 GET http://10.180.1.21/volume/v3/volumes/b60eda4f-5437-4869-a2b4-ed31a9725ca0 0.032s
2025-04-08 14:17:44.427 69658 INFO tempest.lib.common.dynamic_creds [-] Dynamic test user 1de44fec173249d9bd9aa66fe755bff0 is created with scope project and roles: ['member']
2025-04-08 14:17:44.428 69658 INFO tempest.lib.common.dynamic_creds [-] Acquired dynamic creds: credentials: Credentials: {'domain_id': 'default', 'domain_name': 'Default', 'username': 'tempest-TenantUsagesNegativeTestJSON-380690802-project-member', 'project_domain_id': 'default', 'project_domain_name': 'Default', 'project_id': '1361288bef574982ba2b4fdecc133d3b', 'project_name': 'tempest-TenantUsagesNegativeTestJSON-380690802', 'tenant_id': '1361288bef574982ba2b4fdecc133d3b', 'tenant_name': 'tempest-TenantUsagesNegativeTestJSON-380690802', 'user_domain_id': 'default', 'user_domain_name': 'Default', 'user_id': '1de44fec173249d9bd9aa66fe755bff0', 'system': None}, Network: None, Subnet: None, Router: None
2025-04-08 14:17:44.428 69658 INFO tempest.lib.common.dynamic_creds [-] Created isolated network resources for: credentials: Credentials: {'domain_id': 'default', 'domain_name': 'Default', 'username': 'tempest-TenantUsagesNegativeTestJSON-380690802-project-member', 'project_domain_id': 'default', 'project_domain_name': 'Default', 'project_id': '1361288bef574982ba2b4fdecc133d3b', 'project_name': 'tempest-TenantUsagesNegativeTestJSON-380690802', 'tenant_id': '1361288bef574982ba2b4fdecc133d3b', 'tenant_name': 'tempest-TenantUsagesNegativeTestJSON-380690802', 'user_domain_id': 'default', 'user_domain_name': 'Default', 'user_id': '1de44fec173249d9bd9aa66fe755bff0', 'system': None}, Network: None, Subnet: None, Router: None
2025-04-08 14:17:44.449 69642 INFO tempest.lib.common.rest_client [req-1b720c19-0dd4-4544-801b-451362cc53e7 req-1b720c19-0dd4-4544-801b-451362cc53e7 ] Request (ServersTestBootFromVolume:setUpClass): 200 GET http://10.180.1.21/compute/v2.1/servers/c6cb2dac-6d8a-4319-9e26-c12d31e8a733 1.268s
2025-04-08 14:17:44.478 69674 INFO tempest.lib.common.rest_client [req-07716cbf-a1b4-4894-8447-58a42cb13499 req-07716cbf-a1b4-4894-8447-58a42cb13499 ] Request (TenantUsagesTestJSON:setUpClass): 200 GET http://10.180.1.21/compute/v2.1/servers/2c565c5e-87c9-4951-8798-dde366617001 1.304s
2025-04-08 14:17:44.493 69634 INFO tempest.lib.common.rest_client [req-45ef1d17-7781-4729-b9a6-0d8562598c7a req-45ef1d17-7781-4729-b9a6-0d8562598c7a ] Request (HypervisorAdminV253TestBase:setUpClass): 201 POST http://10.180.1.21/identity/v3/projects 0.071s
2025-04-08 14:17:44.515 69658 INFO tempest.lib.common.rest_client [req-9a63b7cd-0e64-47d2-a621-574420455f55 req-9a63b7cd-0e64-47d2-a621-574420455f55 ] Request (TenantUsagesNegativeTestJSON:setUpClass): 201 POST http://10.180.1.21/identity/v3/auth/tokens 0.084s
2025-04-08 14:17:44.553 69672 INFO tempest.lib.common.rest_client [req-430c9c5c-387e-42a2-bb28-f5b20ebc3a20 req-430c9c5c-387e-42a2-bb28-f5b20ebc3a20 ] Request (ServerDiagnosticsV248Test:tearDownClass): 200 GET http://10.180.1.21/compute/v2.1/servers/0041a723-fd77-4df2-b91f-5d2461c8f5c4 1.149s
2025-04-08 14:17:44.571 69634 INFO tempest.lib.common.rest_client [req-2c5df02f-64df-4dec-867a-d1114850c1b9 req-2c5df02f-64df-4dec-867a-d1114850c1b9 ] Request (HypervisorAdminV253TestBase:setUpClass): 201 POST http://10.180.1.21/identity/v3/users 0.077s
2025-04-08 14:17:44.587 69662 INFO tempest.lib.common.rest_client [req-597a3341-dcb5-44c7-85e7-a4eb7f3d032e req-597a3341-dcb5-44c7-85e7-a4eb7f3d032e ] Request (ServerDiagnosticsNegativeTest:test_get_server_diagnostics_by_non_admin): 200 GET http://10.180.1.21/compute/v2.1/servers/24afcbbb-1869-4ed4-880a-d7a2e6c312ad 1.256s
2025-04-08 14:17:44.595 69658 INFO tempest.lib.common.rest_client [req-548a5ce2-3323-4367-955e-e354e27851ff req-548a5ce2-3323-4367-955e-e354e27851ff ] Request (TenantUsagesNegativeTestJSON:setUpClass): 201 POST http://10.180.1.21/identity/v3/projects 0.079s
2025-04-08 14:17:44.598 69634 INFO tempest.lib.common.rest_client [req-87736d99-665f-4d16-9e26-f555b0ed82c0 req-87736d99-665f-4d16-9e26-f555b0ed82c0 ] Request (HypervisorAdminV253TestBase:setUpClass): 200 GET http://10.180.1.21/identity/v3/roles 0.026s
2025-04-08 14:17:44.647 69678 INFO tempest.lib.common.rest_client [req-72d4f13e-60df-4665-a5f0-5c3c3e1abcdb req-72d4f13e-60df-4665-a5f0-5c3c3e1abcdb ] Request (ServersV294TestFqdnHostnames:setUpClass): 200 GET http://10.180.1.21/compute/v2.1/servers/543068fb-32e2-4dfb-aae9-dd1c4cff92f7 1.218s
2025-04-08 14:17:44.670 69646 INFO tempest.lib.common.rest_client [req-9d11c6e2-62ef-4ccc-85b2-f2138d0a809d req-9d11c6e2-62ef-4ccc-85b2-f2138d0a809d ] Request (ImagesOneServerNegativeTestJSON:setUpClass): 200 GET http://10.180.1.21/compute/v2.1/servers/9ea66b42-34d2-430c-b688-34d7a6d600a2 1.196s
2025-04-08 14:17:44.678 69634 INFO tempest.lib.common.rest_client [req-62a7b14e-b840-4e81-bdce-08adfd8ed9c4 req-62a7b14e-b840-4e81-bdce-08adfd8ed9c4 ] Request (HypervisorAdminV253TestBase:setUpClass): 204 PUT http://10.180.1.21/identity/v3/projects/6024171314e640bc9ef71347a85683b3/users/c7e4a78e8aa845ddb7fd1730bb933fa2/roles/86c1a9b015044bb9b893450783959f79 0.079s
2025-04-08 14:17:44.684 69658 INFO tempest.lib.common.rest_client [req-96504e47-26e0-49ae-93c1-485e1439fe0f req-96504e47-26e0-49ae-93c1-485e1439fe0f ] Request (TenantUsagesNegativeTestJSON:setUpClass): 201 POST http://10.180.1.21/identity/v3/users 0.088s
2025-04-08 14:17:44.704 69696 WARNING tempest.lib.common.ssh [-] Failed to establish authenticated ssh connection to cirros@10.180.180.130 ([Errno None] Unable to connect to port 22 on 10.180.180.130). Number attempts: 1. Retry after 2 seconds.: paramiko.ssh_exception.NoValidConnectionsError: [Errno None] Unable to connect to port 22 on 10.180.180.130
2025-04-08 14:17:44.749 69634 INFO tempest.lib.common.rest_client [req-d8921641-0ff7-4d53-b749-a09b2257393b req-d8921641-0ff7-4d53-b749-a09b2257393b ] Request (HypervisorAdminV253TestBase:setUpClass): 200 GET http://10.180.1.21/identity/v3/roles 0.071s
2025-04-08 14:17:44.750 69658 INFO tempest.lib.common.rest_client [req-70f0d6c5-d57c-4c02-a2bc-1c04a82cf11e req-70f0d6c5-d57c-4c02-a2bc-1c04a82cf11e ] Request (TenantUsagesNegativeTestJSON:setUpClass): 200 GET http://10.180.1.21/identity/v3/roles 0.066s
2025-04-08 14:17:44.776 69634 INFO tempest.lib.common.rest_client [req-f9c03737-bf13-4f80-9446-12d04f69a8af req-f9c03737-bf13-4f80-9446-12d04f69a8af ] Request (HypervisorAdminV253TestBase:setUpClass): 204 PUT http://10.180.1.21/identity/v3/projects/6024171314e640bc9ef71347a85683b3/users/c7e4a78e8aa845ddb7fd1730bb933fa2/roles/86c1a9b015044bb9b893450783959f79 0.026s
2025-04-08 14:17:44.776 69634 INFO tempest.lib.common.dynamic_creds [-] Dynamic test user c7e4a78e8aa845ddb7fd1730bb933fa2 is created with scope project and roles: ['admin']
2025-04-08 14:17:44.776 69634 INFO tempest.lib.common.dynamic_creds [-] Acquired dynamic creds: credentials: Credentials: {'domain_id': 'default', 'domain_name': 'Default', 'username': 'tempest-HypervisorAdminV253TestBase-416450368-project-admin', 'project_domain_id': 'default', 'project_domain_name': 'Default', 'project_id': '6024171314e640bc9ef71347a85683b3', 'project_name': 'tempest-HypervisorAdminV253TestBase-416450368', 'tenant_id': '6024171314e640bc9ef71347a85683b3', 'tenant_name': 'tempest-HypervisorAdminV253TestBase-416450368', 'user_domain_id': 'default', 'user_domain_name': 'Default', 'user_id': 'c7e4a78e8aa845ddb7fd1730bb933fa2', 'system': None}, Network: None, Subnet: None, Router: None
2025-04-08 14:17:44.777 69634 INFO tempest.lib.common.dynamic_creds [-] Created isolated network resources for: credentials: Credentials: {'domain_id': 'default', 'domain_name': 'Default', 'username': 'tempest-HypervisorAdminV253TestBase-416450368-project-admin', 'project_domain_id': 'default', 'project_domain_name': 'Default', 'project_id': '6024171314e640bc9ef71347a85683b3', 'project_name': 'tempest-HypervisorAdminV253TestBase-416450368', 'tenant_id': '6024171314e640bc9ef71347a85683b3', 'tenant_name': 'tempest-HypervisorAdminV253TestBase-416450368', 'user_domain_id': 'default', 'user_domain_name': 'Default', 'user_id': 'c7e4a78e8aa845ddb7fd1730bb933fa2', 'system': None}, Network: None, Subnet: None, Router: None
2025-04-08 14:17:44.777 69650 INFO tempest.lib.common.rest_client [req-1bb0bf11-b273-4cd5-9314-94cf009a2711 req-1bb0bf11-b273-4cd5-9314-94cf009a2711 ] Request (MultipleCreateTestJSON:test_multiple_create): 200 GET http://10.180.1.21/compute/v2.1/servers/125e57cd-019d-4880-9ffd-ba445151c55f 1.252s
2025-04-08 14:17:44.785 69640 INFO tempest.lib.common.rest_client [req-820d3448-5757-48bb-8b8c-8cdcbcde5d17 req-820d3448-5757-48bb-8b8c-8cdcbcde5d17 ] Request (ServerExternalEventsTest:tearDownClass): 200 GET http://10.180.1.21/compute/v2.1/servers/5a75a617-3721-44ba-b844-6c369dfe5f9f 1.276s
2025-04-08 14:17:44.806 69658 INFO tempest.lib.common.rest_client [req-dba93884-5e1b-4794-a936-193486a37577 req-dba93884-5e1b-4794-a936-193486a37577 ] Request (TenantUsagesNegativeTestJSON:setUpClass): 204 PUT http://10.180.1.21/identity/v3/projects/fc3a4166f82a446d9ff4ae64e30ff583/users/b4966d8f43a140faa6fbe28863da7f21/roles/86c1a9b015044bb9b893450783959f79 0.055s
2025-04-08 14:17:44.875 69634 INFO tempest.lib.common.rest_client [req-b4b546f1-057c-41f5-bff6-3c24674e3db9 req-b4b546f1-057c-41f5-bff6-3c24674e3db9 ] Request (HypervisorAdminV253TestBase:setUpClass): 201 POST http://10.180.1.21/identity/v3/auth/tokens 0.093s
2025-04-08 14:17:44.883 69658 INFO tempest.lib.common.rest_client [req-ac29b56b-b52e-4a1b-ae5a-d0123ef13504 req-ac29b56b-b52e-4a1b-ae5a-d0123ef13504 ] Request (TenantUsagesNegativeTestJSON:setUpClass): 200 GET http://10.180.1.21/identity/v3/roles 0.077s
2025-04-08 14:17:44.909 69658 INFO tempest.lib.common.rest_client [req-6fb96cff-272c-4bd4-9d50-19325174c4ee req-6fb96cff-272c-4bd4-9d50-19325174c4ee ] Request (TenantUsagesNegativeTestJSON:setUpClass): 204 PUT http://10.180.1.21/identity/v3/projects/fc3a4166f82a446d9ff4ae64e30ff583/users/b4966d8f43a140faa6fbe28863da7f21/roles/86c1a9b015044bb9b893450783959f79 0.025s
2025-04-08 14:17:44.909 69658 INFO tempest.lib.common.dynamic_creds [-] Dynamic test user b4966d8f43a140faa6fbe28863da7f21 is created with scope project and roles: ['admin']
2025-04-08 14:17:44.909 69658 INFO tempest.lib.common.dynamic_creds [-] Acquired dynamic creds: credentials: Credentials: {'domain_id': 'default', 'domain_name': 'Default', 'username': 'tempest-TenantUsagesNegativeTestJSON-163647293-project-admin', 'project_domain_id': 'default', 'project_domain_name': 'Default', 'project_id': 'fc3a4166f82a446d9ff4ae64e30ff583', 'project_name': 'tempest-TenantUsagesNegativeTestJSON-163647293', 'tenant_id': 'fc3a4166f82a446d9ff4ae64e30ff583', 'tenant_name': 'tempest-TenantUsagesNegativeTestJSON-163647293', 'user_domain_id': 'default', 'user_domain_name': 'Default', 'user_id': 'b4966d8f43a140faa6fbe28863da7f21', 'system': None}, Network: None, Subnet: None, Router: None
2025-04-08 14:17:44.909 69658 INFO tempest.lib.common.dynamic_creds [-] Created isolated network resources for: credentials: Credentials: {'domain_id': 'default', 'domain_name': 'Default', 'username': 'tempest-TenantUsagesNegativeTestJSON-163647293-project-admin', 'project_domain_id': 'default', 'project_domain_name': 'Default', 'project_id': 'fc3a4166f82a446d9ff4ae64e30ff583', 'project_name': 'tempest-TenantUsagesNegativeTestJSON-163647293', 'tenant_id': 'fc3a4166f82a446d9ff4ae64e30ff583', 'tenant_name': 'tempest-TenantUsagesNegativeTestJSON-163647293', 'user_domain_id': 'default', 'user_domain_name': 'Default', 'user_id': 'b4966d8f43a140faa6fbe28863da7f21', 'system': None}, Network: None, Subnet: None, Router: None
2025-04-08 14:17:44.980 69684 INFO tempest.lib.common.rest_client [req-7485954d-c1a2-423e-a614-1b79c0b2b83f req-7485954d-c1a2-423e-a614-1b79c0b2b83f ] Request (MigrationsAdminTest:test_list_migrations_in_flavor_resize_situation): 200 GET http://10.180.1.21/compute/v2.1/servers/48ed2483-9904-429f-b48d-8dc0150b8fff 1.259s
2025-04-08 14:17:44.981 69658 INFO tempest.lib.common.rest_client [req-050e0bd2-e3a9-43e4-8b6a-1b8a5105bb2e req-050e0bd2-e3a9-43e4-8b6a-1b8a5105bb2e ] Request (TenantUsagesNegativeTestJSON:setUpClass): 201 POST http://10.180.1.21/identity/v3/auth/tokens 0.069s
2025-04-08 14:17:45.042 69668 INFO tempest.lib.common.rest_client [req-6c637c05-ee68-4c49-9d22-59fe75abc1a2 req-6c637c05-ee68-4c49-9d22-59fe75abc1a2 ] Request (ServerDiagnosticsTest:test_get_server_diagnostics): 200 GET http://10.180.1.21/compute/v2.1/servers/61c691d1-514b-44da-b3b4-c4b0475266bb 1.224s
2025-04-08 14:17:45.049 69654 INFO tempest.lib.common.rest_client [req-c67032cf-7730-4a4f-b5ef-ae3f5945be85 req-c67032cf-7730-4a4f-b5ef-ae3f5945be85 ] Request (FlavorsExtraSpecsNegativeTestJSON:test_flavor_update_more_key): 400 PUT http://10.180.1.21/compute/v2.1/flavors/738025489/os-extra_specs/hw:numa_nodes 1.227s
2025-04-08 14:17:45.105 69636 INFO tempest.lib.common.rest_client [req-36f30585-dbfc-4034-9007-38090edb529b req-36f30585-dbfc-4034-9007-38090edb529b ] Request (SecurityGroupRulesTestJSON:test_security_group_rules_delete_when_peer_group_deleted): 200 POST http://10.180.1.21/compute/v2.1/os-security-group-rules 1.426s
2025-04-08 14:17:45.112 69690 INFO tempest.lib.common.rest_client [req-e16dc712-d414-4e16-b002-5094ea48f25f req-e16dc712-d414-4e16-b002-5094ea48f25f ] Request (FloatingIPsAssociationTestJSON:test_associate_already_associated_floating_ip): 200 GET http://10.180.1.21/compute/v2.1/servers/ad1c3ba7-9981-4eeb-9c4f-afa9ae084977 1.226s
2025-04-08 14:17:45.164 69638 INFO tempest.lib.common.rest_client [req-d2c986ed-a1e4-4088-b37d-59f722fb23c3 req-d2c986ed-a1e4-4088-b37d-59f722fb23c3 ] Request (DeleteServersAdminTestJSON:test_delete_server_while_in_error_state): 200 GET http://10.180.1.21/compute/v2.1/servers/8e660168-eb83-40cf-9103-1ad515dc6cca 1.085s
2025-04-08 14:17:45.178 69688 INFO tempest.lib.common.rest_client [req-4e642ad5-ada0-4e8e-a852-617621d5ff06 req-4e642ad5-ada0-4e8e-a852-617621d5ff06 ] Request (ImagesNegativeTestJSON:test_create_image_from_deleted_server): 204 DELETE http://10.180.1.21/compute/v2.1/servers/82bf4068-a582-4d13-9b88-2ab65a1c4efe 1.156s
2025-04-08 14:17:45.211 69670 INFO tempest.lib.common.rest_client [req-eaaaf850-c94a-4823-81f2-5bd76e7acc50 req-eaaaf850-c94a-4823-81f2-5bd76e7acc50 ] Request (ImagesMetadataTestJSON:test_update_image_metadata): 200 GET http://10.180.1.21/compute/v2.1/images/da2a53fa-9641-4605-8603-b38255abe51f/metadata 0.941s
2025-04-08 14:17:45.276 69670 INFO tempest.lib.common.rest_client [req-4923fa40-d041-465d-b322-dd6ad92a30e3 req-4923fa40-d041-465d-b322-dd6ad92a30e3 ] Request (ImagesMetadataTestJSON:tearDownClass): 204 DELETE http://10.180.1.21/image/v2/images/da2a53fa-9641-4605-8603-b38255abe51f 0.062s
2025-04-08 14:17:45.372 69682 INFO tempest.lib.common.rest_client [req-1f9fa066-cfff-4887-950d-0209f2362a23 req-1f9fa066-cfff-4887-950d-0209f2362a23 ] Request (ServersWithSpecificFlavorTestJSON:test_verify_created_server_ephemeral_disk): 200 GET http://10.180.1.21/compute/v2.1/servers/0ad6371c-fa25-42ab-8fd3-8fd9e9c64ddd 1.099s
2025-04-08 14:17:45.382 69682 INFO tempest.lib.common.ssh [-] Creating ssh connection to '10.180.180.190:22' as 'cirros' with public key authentication
2025-04-08 14:17:45.388 69670 INFO tempest.lib.common.rest_client [req-d73a944b-003a-4adf-990b-3315f75297c9 req-d73a944b-003a-4adf-990b-3315f75297c9 ] Request (ImagesMetadataTestJSON:tearDownClass): 204 DELETE http://10.180.1.21/identity/v3/users/cea73562f7174d30993eba0d550a3aa3 0.111s
2025-04-08 14:17:45.388 69670 INFO tempest.lib.common.dynamic_creds [-] Deleting project and security group for project: b1a4180d7dd543f999b75fa8277d649f
2025-04-08 14:17:45.456 69670 INFO tempest.lib.common.rest_client [req-bc75007f-3c10-4b1b-af7a-95f80c9856cd req-bc75007f-3c10-4b1b-af7a-95f80c9856cd ] Request (ImagesMetadataTestJSON:tearDownClass): 201 POST http://10.180.1.21/identity/v3/auth/tokens 0.068s
2025-04-08 14:17:45.478 69644 INFO tempest.lib.common.rest_client [req-7d9b61ff-ed28-481b-9929-da40a7817276 req-7d9b61ff-ed28-481b-9929-da40a7817276 ] Request (ServerActionsV293TestJSON:setUpClass): 200 GET http://10.180.1.21/volume/v3/volumes/b60eda4f-5437-4869-a2b4-ed31a9725ca0 0.036s
2025-04-08 14:17:45.490 69680 INFO tempest.lib.common.rest_client [req-48cd156b-c63c-4447-822f-a084c6d5c3b5 req-48cd156b-c63c-4447-822f-a084c6d5c3b5 ] Request (FloatingIPsAssociationNegativeTestJSON:test_associate_ip_to_server_with_floating_ip): 400 POST http://10.180.1.21/compute/v2.1/servers/64eaf31f-fef5-4a5e-93be-23f9ac796162/action 1.335s
2025-04-08 14:17:45.506 69666 INFO tempest.lib.common.rest_client [req-ea5fd2d8-c666-4339-866e-a40d5ae4f603 req-ea5fd2d8-c666-4339-866e-a40d5ae4f603 ] Request (ServerDiskConfigTestJSON:test_rebuild_server_with_auto_disk_config): 200 GET http://10.180.1.21/compute/v2.1/servers/6426b2b9-06d3-4c6f-9899-46bb73ceb6ec 1.193s
2025-04-08 14:17:45.548 69686 INFO tempest.lib.common.rest_client [req-7a6a7062-45ee-40fa-897f-e4c6825862e9 req-7a6a7062-45ee-40fa-897f-e4c6825862e9 ] Request (ServersTestFqdnHostnames:test_create_server_with_fqdn_name): 200 GET http://10.180.1.21/compute/v2.1/servers/556e7d25-fef0-4d7b-b4f6-a80ecf0eaeef 1.178s
2025-04-08 14:17:45.631 69692 INFO tempest.lib.common.rest_client [req-66243e3e-b882-44b0-9989-b7b46f642a03 req-66243e3e-b882-44b0-9989-b7b46f642a03 ] Request (ServersAdmin275Test:tearDownClass): 200 GET http://10.180.1.21/compute/v2.1/servers/64aea4a9-d672-473a-b00c-e3aeaa544c14 0.802s
2025-04-08 14:17:45.631 69670 INFO tempest.lib.common.rest_client [req-1b4da2af-687b-49d5-95a1-5e97446cae17 req-1b4da2af-687b-49d5-95a1-5e97446cae17 ] Request (ImagesMetadataTestJSON:tearDownClass): 200 GET http://10.180.1.21:9696/networking/v2.0/security-groups?tenant_id=b1a4180d7dd543f999b75fa8277d649f&name=default 0.175s
2025-04-08 14:17:45.702 69658 INFO tempest.lib.common.rest_client [req-e464d641-ec25-48f7-87ca-94785fafac10 req-e464d641-ec25-48f7-87ca-94785fafac10 ] Request (TenantUsagesNegativeTestJSON:test_get_usage_tenant_with_empty_tenant_id): 404 GET http://10.180.1.21/compute/v2.1/os-simple-tenant-usage/?start=2025-04-07T14%3A17%3A44.982343&end=2025-04-09T14%3A17%3A44.982343 0.719s
2025-04-08 14:17:45.703 69658 WARNING tempest.lib.common.rest_client [-] Deprecated: "tenant_id" property is deprecated for removal, use "project_id" instead
2025-04-08 14:17:45.722 69654 INFO tempest.lib.common.rest_client [req-851e0879-f1b5-4339-b8eb-b247d4eb8694 req-851e0879-f1b5-4339-b8eb-b247d4eb8694 ] Request (FlavorsExtraSpecsNegativeTestJSON:tearDownClass): 202 DELETE http://10.180.1.21/compute/v2.1/flavors/738025489 0.670s
2025-04-08 14:17:45.729 69670 INFO tempest.lib.common.rest_client [req-b31d446e-7214-409f-b273-df1b416ce444 req-b31d446e-7214-409f-b273-df1b416ce444 ] Request (ImagesMetadataTestJSON:tearDownClass): 204 DELETE http://10.180.1.21:9696/networking/v2.0/security-groups/f2d2bda0-78e4-4c0e-9e0c-4de536f1425f 0.097s
2025-04-08 14:17:45.730 69634 INFO tempest.lib.common.rest_client [req-90793751-1e23-498e-9dc0-2771711f1b25 req-90793751-1e23-498e-9dc0-2771711f1b25 ] Request (HypervisorAdminV253TestBase:test_list_show_detail_hypervisors): 200 GET http://10.180.1.21/compute/v2.1/os-hypervisors/detail?with_servers=True 0.852s
2025-04-08 14:17:45.796 69670 INFO tempest.lib.common.rest_client [req-06a4f036-f3e7-4b7d-a8de-09b7967fb778 req-06a4f036-f3e7-4b7d-a8de-09b7967fb778 ] Request (ImagesMetadataTestJSON:tearDownClass): 204 DELETE http://10.180.1.21/identity/v3/projects/b1a4180d7dd543f999b75fa8277d649f 0.066s
2025-04-08 14:17:45.873 69670 INFO tempest.lib.common.rest_client [req-fe8205d6-68dc-4217-be53-b8d46655c2f4 req-fe8205d6-68dc-4217-be53-b8d46655c2f4 ] Request (ServerTagsTestJSON:setUpClass): 201 POST http://10.180.1.21/identity/v3/auth/tokens 0.075s
2025-04-08 14:17:45.877 69688 INFO tempest.lib.common.rest_client [req-fce34bbe-9e46-4e4c-86d7-00c4408dfb30 req-fce34bbe-9e46-4e4c-86d7-00c4408dfb30 ] Request (ImagesNegativeTestJSON:test_create_image_from_deleted_server): 200 GET http://10.180.1.21/compute/v2.1/servers/82bf4068-a582-4d13-9b88-2ab65a1c4efe 0.699s
2025-04-08 14:17:45.885 69636 INFO tempest.lib.common.rest_client [req-336df8de-5acb-4e35-80fd-fafd642cb2e7 req-336df8de-5acb-4e35-80fd-fafd642cb2e7 ] Request (SecurityGroupRulesTestJSON:test_security_group_rules_delete_when_peer_group_deleted): 202 DELETE http://10.180.1.21/compute/v2.1/os-security-groups/b5786534-2151-466c-95f7-c88adfc462af 0.778s
2025-04-08 14:17:45.912 69670 INFO tempest.lib.common.rest_client [req-b8d899b2-f35e-433d-9946-7799411588ed req-b8d899b2-f35e-433d-9946-7799411588ed ] Request (ServerTagsTestJSON:setUpClass): 201 POST http://10.180.1.21/identity/v3/auth/tokens 0.037s
2025-04-08 14:17:45.931 69676 INFO tempest.lib.common.rest_client [req-d8fdba91-c3c6-486c-99ee-8cb2dbbd64f1 req-d8fdba91-c3c6-486c-99ee-8cb2dbbd64f1 ] Request (ServersAdminNegativeTestJSON:setUpClass): 200 GET http://10.180.1.21/compute/v2.1/servers/896b5a42-7f68-4ddb-aa23-c2c9b2fc95b3 0.598s
2025-04-08 14:17:45.940 69670 INFO tempest.lib.common.rest_client [req-f3dc02ad-f632-4c31-a984-c03a7874ebf8 req-f3dc02ad-f632-4c31-a984-c03a7874ebf8 ] Request (ServerTagsTestJSON:setUpClass): 200 GET http://10.180.1.21/identity/v3/domains?name=Default 0.028s
2025-04-08 14:17:45.944 69652 INFO tempest.lib.common.rest_client [req-cd50f0b4-f7ef-4d44-9e05-9215358072fe req-cd50f0b4-f7ef-4d44-9e05-9215358072fe ] Request (ServersAdminTestJSON:setUpClass): 200 GET http://10.180.1.21/compute/v2.1/servers/bb4003d9-d483-4eb6-a7db-cc067adad217 0.571s
2025-04-08 14:17:45.956 69648 INFO tempest.lib.common.rest_client [req-98b71525-203d-4bf9-8b3c-e0db37f7f22f req-98b71525-203d-4bf9-8b3c-e0db37f7f22f ] Request (InstanceActionsTestJSON:tearDownClass): 404 GET http://10.180.1.21/compute/v2.1/servers/65fceb63-2326-4d32-8281-2b7402fa4d5c 0.557s
2025-04-08 14:17:45.978 69670 INFO tempest.lib.common.rest_client [req-7c975a25-d9ca-4b6f-9027-0f8558464e10 req-7c975a25-d9ca-4b6f-9027-0f8558464e10 ] Request (ServerTagsTestJSON:setUpClass): 201 POST http://10.180.1.21/identity/v3/projects 0.036s
