2025-04-08 14:16:51.007 69662 INFO tempest.lib.common.rest_client [req-7810b6a5-31ea-4020-b02b-5d3b9bfb4cb1 req-7810b6a5-31ea-4020-b02b-5d3b9bfb4cb1 ] Request (FlavorsAccessTestJSON:test_flavor_access_add_remove): 200 POST http://10.180.1.21/compute/v2.1/flavors/133293080/action 1.866s
2025-04-08 14:16:51.013 69694 INFO tempest.lib.common.rest_client [req-ec5e016d-5ad3-43e3-af82-f44e58b7f7fc req-ec5e016d-5ad3-43e3-af82-f44e58b7f7fc ] Request (ServerActionsTestOtherB:setUpClass): 201 POST http://10.180.1.21/identity/v3/auth/tokens 0.172s
2025-04-08 14:16:51.015 69696 INFO tempest.lib.common.rest_client [req-958aa90c-a119-4a10-8323-310666c515d4 req-958aa90c-a119-4a10-8323-310666c515d4 ] Request (VolumesAssistedSnapshotsTest:setUpClass): 200 GET http://10.180.1.21/identity/v3/roles 0.160s
2025-04-08 14:16:51.036 69666 INFO tempest.lib.common.rest_client [req-8d00ffcb-fd77-4c6f-94db-037b5a2cb65b req-8d00ffcb-fd77-4c6f-94db-037b5a2cb65b ] Request (HypervisorAdminV228Test:tearDownClass): 201 POST http://10.180.1.21/identity/v3/auth/tokens 0.142s
2025-04-08 14:16:51.057 69694 INFO tempest.lib.common.rest_client [req-12677736-ac4b-4ac7-bd02-56f5983e4873 req-12677736-ac4b-4ac7-bd02-56f5983e4873 ] Request (ServerActionsTestOtherB:setUpClass): 200 GET http://10.180.1.21/identity/v3/domains?name=Default 0.044s
2025-04-08 14:16:51.079 69696 INFO tempest.lib.common.rest_client [req-c305e6c3-ddb2-456c-aab6-f428b2a75379 req-c305e6c3-ddb2-456c-aab6-f428b2a75379 ] Request (VolumesAssistedSnapshotsTest:setUpClass): 204 PUT http://10.180.1.21/identity/v3/projects/b41bf25014a240cc81fba3456b74992e/users/40263cde5855469d9380983343699a1f/roles/c879a68364ed448e9c4ca8bdaf98152c 0.063s
2025-04-08 14:16:51.080 69642 INFO tempest.lib.common.rest_client [req-11c8e7db-0d79-428a-8156-c9e48c40413e req-11c8e7db-0d79-428a-8156-c9e48c40413e ] Request (ServersTestBootFromVolume:setUpClass): 201 POST http://10.180.1.21/identity/v3/auth/tokens 0.144s
2025-04-08 14:16:51.113 69660 INFO tempest.lib.common.rest_client [req-fab8658d-fd8b-4f7c-9f69-46c8c9a3f21c req-fab8658d-fd8b-4f7c-9f69-46c8c9a3f21c ] Request (FlavorMetadataValidation:test_flavor_update_with_custom_namespace): 200 POST http://10.180.1.21/compute/v2.1/flavors/669086684/os-extra_specs 1.858s
2025-04-08 14:16:51.138 69694 INFO tempest.lib.common.rest_client [req-3d27a5c4-c182-4be9-ba64-5c6a4132d7e6 req-3d27a5c4-c182-4be9-ba64-5c6a4132d7e6 ] Request (ServerActionsTestOtherB:setUpClass): 201 POST http://10.180.1.21/identity/v3/projects 0.080s
2025-04-08 14:16:51.141 69690 INFO tempest.lib.common.rest_client [req-6bbceb3a-b7cd-48b9-a8d8-45174e725c8e req-6bbceb3a-b7cd-48b9-a8d8-45174e725c8e ] Request (AZAdminV2TestJSON:tearDownClass): 200 GET http://10.180.1.21:9696/networking/v2.0/security-groups?tenant_id=c3f33f42a2ee4fc4b405d4d5107c57b4&name=default 0.316s
2025-04-08 14:16:51.192 69696 INFO tempest.lib.common.rest_client [req-c34d5789-252e-4b28-a9de-2ec76c3e353f req-c34d5789-252e-4b28-a9de-2ec76c3e353f ] Request (VolumesAssistedSnapshotsTest:setUpClass): 200 GET http://10.180.1.21/identity/v3/roles 0.112s
2025-04-08 14:16:51.211 69694 INFO tempest.lib.common.rest_client [req-97e68cdf-affe-487e-969d-e164ddb6893c req-97e68cdf-affe-487e-969d-e164ddb6893c ] Request (ServerActionsTestOtherB:setUpClass): 201 POST http://10.180.1.21/identity/v3/users 0.073s
2025-04-08 14:16:51.226 69696 INFO tempest.lib.common.rest_client [req-f9802b34-3f67-436f-8736-3fab4349cb0f req-f9802b34-3f67-436f-8736-3fab4349cb0f ] Request (VolumesAssistedSnapshotsTest:setUpClass): 204 PUT http://10.180.1.21/identity/v3/projects/b41bf25014a240cc81fba3456b74992e/users/40263cde5855469d9380983343699a1f/roles/86c1a9b015044bb9b893450783959f79 0.034s
2025-04-08 14:16:51.227 69696 INFO tempest.lib.common.dynamic_creds [-] Dynamic test user 40263cde5855469d9380983343699a1f is created with scope project and roles: ['service', 'admin']
2025-04-08 14:16:51.227 69696 INFO tempest.lib.common.dynamic_creds [-] Acquired dynamic creds: credentials: Credentials: {'domain_id': 'default', 'domain_name': 'Default', 'username': 'tempest-VolumesAssistedSnapshotsTest-666362027-project', 'project_domain_id': 'default', 'project_domain_name': 'Default', 'project_id': 'b41bf25014a240cc81fba3456b74992e', 'project_name': 'tempest-VolumesAssistedSnapshotsTest-666362027', 'tenant_id': 'b41bf25014a240cc81fba3456b74992e', 'tenant_name': 'tempest-VolumesAssistedSnapshotsTest-666362027', 'user_domain_id': 'default', 'user_domain_name': 'Default', 'user_id': '40263cde5855469d9380983343699a1f', 'system': None}, Network: None, Subnet: None, Router: None
2025-04-08 14:16:51.268 69690 INFO tempest.lib.common.rest_client [req-9c0181ba-33fd-4542-8959-8890aa033a0a req-9c0181ba-33fd-4542-8959-8890aa033a0a ] Request (AZAdminV2TestJSON:tearDownClass): 204 DELETE http://10.180.1.21:9696/networking/v2.0/security-groups/de3e8a9a-a2bf-4054-aa5a-5b64535a5132 0.126s
2025-04-08 14:16:51.282 69666 INFO tempest.lib.common.rest_client [req-cded05f5-c545-4919-a4e4-72ba9a2675ed req-cded05f5-c545-4919-a4e4-72ba9a2675ed ] Request (HypervisorAdminV228Test:tearDownClass): 200 GET http://10.180.1.21:9696/networking/v2.0/security-groups?tenant_id=e763ea91a10e4efb9c785e55f44d8dd5&name=default 0.245s
2025-04-08 14:16:51.285 69694 INFO tempest.lib.common.rest_client [req-a287dc48-732d-4215-b05d-c62bfd2f10e0 req-a287dc48-732d-4215-b05d-c62bfd2f10e0 ] Request (ServerActionsTestOtherB:setUpClass): 200 GET http://10.180.1.21/identity/v3/roles 0.073s
2025-04-08 14:16:51.329 69694 INFO tempest.lib.common.rest_client [req-cbddb552-4434-4d80-9420-dc5b96c8d69d req-cbddb552-4434-4d80-9420-dc5b96c8d69d ] Request (ServerActionsTestOtherB:setUpClass): 204 PUT http://10.180.1.21/identity/v3/projects/8c86a98c6df3443f874cb49442e38198/users/b69634085662409383b00fe376fcb5ee/roles/1bce94b911a3466b82b78ba1e59b514c 0.043s
2025-04-08 14:16:51.329 69694 INFO tempest.lib.common.dynamic_creds [-] Dynamic test user b69634085662409383b00fe376fcb5ee is created with scope project and roles: ['member']
2025-04-08 14:16:51.330 69694 INFO tempest.lib.common.dynamic_creds [-] Acquired dynamic creds: credentials: Credentials: {'domain_id': 'default', 'domain_name': 'Default', 'username': 'tempest-ServerActionsTestOtherB-1677555338-project-member', 'project_domain_id': 'default', 'project_domain_name': 'Default', 'project_id': '8c86a98c6df3443f874cb49442e38198', 'project_name': 'tempest-ServerActionsTestOtherB-1677555338', 'tenant_id': '8c86a98c6df3443f874cb49442e38198', 'tenant_name': 'tempest-ServerActionsTestOtherB-1677555338', 'user_domain_id': 'default', 'user_domain_name': 'Default', 'user_id': 'b69634085662409383b00fe376fcb5ee', 'system': None}, Network: None, Subnet: None, Router: None
2025-04-08 14:16:51.354 69664 INFO tempest.lib.common.rest_client [req-83431760-fdd3-42e5-a4ba-6ad6cb161ad6 req-83431760-fdd3-42e5-a4ba-6ad6cb161ad6 ] Request (VolumesAdminNegativeTest:test_update_attached_volume_with_nonexistent_volume_in_body): 200 POST http://10.180.1.21/compute/v2.1/os-keypairs 2.044s
2025-04-08 14:16:51.369 69690 INFO tempest.lib.common.rest_client [req-638601d5-dbb6-4bb3-aba4-0d0d555a7b57 req-638601d5-dbb6-4bb3-aba4-0d0d555a7b57 ] Request (AZAdminV2TestJSON:tearDownClass): 204 DELETE http://10.180.1.21/identity/v3/projects/c3f33f42a2ee4fc4b405d4d5107c57b4 0.100s
2025-04-08 14:16:51.369 69690 INFO tempest.lib.common.dynamic_creds [-] Deleting project and security group for project: e33033b94eca4258b55586f374f03cfa
2025-04-08 14:16:51.386 69654 INFO tempest.lib.common.rest_client [req-740c1531-bc62-49b6-aad7-6eafa4074338 req-740c1531-bc62-49b6-aad7-6eafa4074338 ] Request (AggregatesAdminNegativeTestJSON:test_aggregate_add_existent_host): 200 POST http://10.180.1.21/compute/v2.1/os-aggregates 2.057s
2025-04-08 14:16:51.394 69650 INFO tempest.lib.common.rest_client [req-18ded2aa-f7cf-4b56-aecc-4e6f1a3f3113 req-18ded2aa-f7cf-4b56-aecc-4e6f1a3f3113 ] Request (HostsAdminNegativeTestJSON:test_reboot_host_with_non_admin_user): 403 GET http://10.180.1.21/compute/v2.1/os-hosts/devstack/reboot 1.963s
2025-04-08 14:16:51.399 69694 INFO tempest.lib.common.rest_client [req-20f0259b-c4bf-4d7b-b3ea-65a4af2ce6d6 req-20f0259b-c4bf-4d7b-b3ea-65a4af2ce6d6 ] Request (ServerActionsTestOtherB:setUpClass): 201 POST http://10.180.1.21/identity/v3/auth/tokens 0.069s
2025-04-08 14:16:51.542 69672 INFO tempest.lib.common.rest_client [req-2b1b9b58-870f-4cf6-a794-7726dbe1f773 req-2b1b9b58-870f-4cf6-a794-7726dbe1f773 ] Request (ServerDiagnosticsV248Test:test_get_server_diagnostics): 200 GET http://10.180.1.21/compute/v2.1/servers/0041a723-fd77-4df2-b91f-5d2461c8f5c4 2.011s
2025-04-08 14:16:51.545 69666 INFO tempest.lib.common.rest_client [req-b997043b-4697-4f9f-b825-1c6e7c2e72dd req-b997043b-4697-4f9f-b825-1c6e7c2e72dd ] Request (HypervisorAdminV228Test:tearDownClass): 204 DELETE http://10.180.1.21:9696/networking/v2.0/security-groups/ba7944ef-e8c3-463d-8818-5121d1ed26d3 0.262s
2025-04-08 14:16:51.570 69688 INFO tempest.lib.common.rest_client [req-44025f38-8ad3-401c-889a-ceaa293ccf9b req-44025f38-8ad3-401c-889a-ceaa293ccf9b ] Request (HypervisorAdminUnderV252Test:test_search_hypervisor): 200 GET http://10.180.1.21/compute/v2.1/os-hypervisors 1.672s
2025-04-08 14:16:51.590 69696 INFO tempest.lib.common.rest_client [req-00a0e895-7b79-40ea-985c-52dd4a068dde req-00a0e895-7b79-40ea-985c-52dd4a068dde ] Request (VolumesAssistedSnapshotsTest:setUpClass): 201 POST http://10.180.1.21:9696/networking/v2.0/networks 0.362s
2025-04-08 14:16:51.639 69666 INFO tempest.lib.common.rest_client [req-e8be8859-3985-4500-972f-4f7a6ff1847e req-e8be8859-3985-4500-972f-4f7a6ff1847e ] Request (HypervisorAdminV228Test:tearDownClass): 204 DELETE http://10.180.1.21/identity/v3/projects/e763ea91a10e4efb9c785e55f44d8dd5 0.093s
2025-04-08 14:16:51.639 69666 INFO tempest.lib.common.dynamic_creds [-] Deleting project and security group for project: 58ab2cdc26694b1d8b0ce805944d556e
2025-04-08 14:16:51.671 69690 INFO tempest.lib.common.rest_client [req-4aac2437-0e43-480f-9182-5b6e424db50b req-4aac2437-0e43-480f-9182-5b6e424db50b ] Request (AZAdminV2TestJSON:tearDownClass): 200 GET http://10.180.1.21:9696/networking/v2.0/security-groups?tenant_id=e33033b94eca4258b55586f374f03cfa&name=default 0.301s
2025-04-08 14:16:51.733 69646 INFO tempest.lib.common.rest_client [req-bd03c455-db71-4a06-9515-734561fd5755 req-bd03c455-db71-4a06-9515-734561fd5755 ] Request (FloatingIPDetailsTestJSON:setUpClass): 200 POST http://10.180.1.21/compute/v2.1/os-floating-ips 2.511s
2025-04-08 14:16:51.736 69686 INFO tempest.lib.common.rest_client [req-6f95839b-32fc-48f9-a571-d309e4980692 req-6f95839b-32fc-48f9-a571-d309e4980692 ] Request (FlavorsAccessNegativeTestJSON:test_add_flavor_access_duplicate): 200 POST http://10.180.1.21/compute/v2.1/flavors/883773755/action 1.823s
2025-04-08 14:16:51.767 69664 INFO tempest.lib.common.rest_client [req-e8277c82-a089-4511-920a-51d7a4ccd482 req-e8277c82-a089-4511-920a-51d7a4ccd482 ] Request (VolumesAdminNegativeTest:test_update_attached_volume_with_nonexistent_volume_in_body): 201 POST http://10.180.1.21:9696/networking/v2.0/security-groups 0.411s
2025-04-08 14:16:51.821 69682 INFO tempest.lib.common.rest_client [req-3a0970ab-ffec-4f4b-9c40-f6ea83b5c94c req-3a0970ab-ffec-4f4b-9c40-f6ea83b5c94c ] Request (ServersWithSpecificFlavorTestJSON:test_verify_created_server_ephemeral_disk): 200 GET http://10.180.1.21/compute/v2.1/flavors/42 1.739s
2025-04-08 14:16:51.866 69692 INFO tempest.lib.common.rest_client [req-cb71e5ee-78da-4ec0-b821-60bb0687c43f req-cb71e5ee-78da-4ec0-b821-60bb0687c43f ] Request (ServersAdmin275Test:test_rebuild_update_server_275): 200 GET http://10.180.1.21/compute/v2.1/servers/64aea4a9-d672-473a-b00c-e3aeaa544c14 1.654s
2025-04-08 14:16:51.881 69690 INFO tempest.lib.common.rest_client [req-1b3f4e70-3174-464e-a6d2-7eb4685ca8bf req-1b3f4e70-3174-464e-a6d2-7eb4685ca8bf ] Request (AZAdminV2TestJSON:tearDownClass): 204 DELETE http://10.180.1.21:9696/networking/v2.0/security-groups/23216b4d-52c8-42f7-9419-7e38cbbc12cc 0.209s
2025-04-08 14:16:51.903 69666 INFO tempest.lib.common.rest_client [req-d28d343f-5004-44a6-9d7c-a7480d8afb6d req-d28d343f-5004-44a6-9d7c-a7480d8afb6d ] Request (HypervisorAdminV228Test:tearDownClass): 200 GET http://10.180.1.21:9696/networking/v2.0/security-groups?tenant_id=58ab2cdc26694b1d8b0ce805944d556e&name=default 0.264s
2025-04-08 14:16:51.907 69676 INFO tempest.lib.common.rest_client [req-944ff0fc-42d0-48ca-b883-e132d4699b99 req-944ff0fc-42d0-48ca-b883-e132d4699b99 ] Request (FlavorsExtraSpecsTestJSON:test_flavor_non_admin_get_all_keys): 200 GET http://10.180.1.21/compute/v2.1/flavors/86980059/os-extra_specs 1.671s
2025-04-08 14:16:51.941 69674 INFO tempest.lib.common.rest_client [req-06054735-a299-4ad9-a623-fcdaee66c269 req-06054735-a299-4ad9-a623-fcdaee66c269 ] Request (ServicesAdminNegativeV253TestJSON:test_disable_service_with_invalid_service_id): 404 PUT http://10.180.1.21/compute/v2.1/os-services/a62e176d-d981-44d7-b0d7-e74a14e27617 1.657s
2025-04-08 14:16:51.975 69664 INFO tempest.lib.common.rest_client [req-56fb6c14-c40a-4382-87df-5132356ca4a2 req-56fb6c14-c40a-4382-87df-5132356ca4a2 ] Request (VolumesAdminNegativeTest:test_update_attached_volume_with_nonexistent_volume_in_body): 201 POST http://10.180.1.21:9696/networking/v2.0/security-group-rules 0.208s
2025-04-08 14:16:51.978 69634 INFO tempest.lib.common.rest_client [req-6e9c5353-422b-40a3-8159-c4cb5faa5ced req-6e9c5353-422b-40a3-8159-c4cb5faa5ced ] Request (FlavorsAdminTestJSON:_run_cleanups): 200 GET http://10.180.1.21/compute/v2.1/flavors/detail 1.676s
2025-04-08 14:16:52.027 69690 INFO tempest.lib.common.rest_client [req-e1b1c873-b400-434a-922c-8f7ab306ab7c req-e1b1c873-b400-434a-922c-8f7ab306ab7c ] Request (AZAdminV2TestJSON:tearDownClass): 204 DELETE http://10.180.1.21/identity/v3/projects/e33033b94eca4258b55586f374f03cfa 0.145s
2025-04-08 14:16:52.064 69640 INFO tempest.lib.common.rest_client [req-3fe80ba1-30dd-4902-8771-3b65b16114c9 req-3fe80ba1-30dd-4902-8771-3b65b16114c9 ] Request (QuotasAdminTestV257:test_get_updated_quotas): 200 PUT http://10.180.1.21/compute/v2.1/os-quota-sets/8a16375c22504ed5ba14981d2ea2669f 1.822s
2025-04-08 14:16:52.086 69680 INFO tempest.lib.common.rest_client [req-67459b50-5679-42de-a81c-92831b1eef4f req-67459b50-5679-42de-a81c-92831b1eef4f ] Request (ServicesAdminTestJSON:test_get_service_by_service_binary_name): 200 GET http://10.180.1.21/compute/v2.1/os-services?binary=nova-compute 1.762s
2025-04-08 14:16:52.094 69694 INFO tempest.lib.common.rest_client [req-eb569d05-49fc-4ad7-86ae-57c9871f0a4c req-eb569d05-49fc-4ad7-86ae-57c9871f0a4c ] Request (ServerActionsTestOtherB:setUpClass): 201 POST http://10.180.1.21:9696/networking/v2.0/networks 0.694s
2025-04-08 14:16:52.100 69696 INFO tempest.lib.common.rest_client [req-6f0abe2c-41e6-4254-a341-12aac30fa8d9 req-6f0abe2c-41e6-4254-a341-12aac30fa8d9 ] Request (VolumesAssistedSnapshotsTest:setUpClass): 201 POST http://10.180.1.21:9696/networking/v2.0/subnets 0.510s
2025-04-08 14:16:52.105 69678 INFO tempest.lib.common.rest_client [req-7d14cddd-21ec-4575-800a-d8fd09ecbcd4 req-7d14cddd-21ec-4575-800a-d8fd09ecbcd4 ] Request (HostsAdminTestJSON:test_list_hosts_with_nonexistent_zone): 200 GET http://10.180.1.21/compute/v2.1/os-hosts?zone=xxx 1.760s
2025-04-08 14:16:52.110 69666 INFO tempest.lib.common.rest_client [req-a0a556f8-9317-40f9-90c4-019b04573b60 req-a0a556f8-9317-40f9-90c4-019b04573b60 ] Request (HypervisorAdminV228Test:tearDownClass): 204 DELETE http://10.180.1.21:9696/networking/v2.0/security-groups/0132a04f-b6e6-4ef1-b08e-174d47fcd5da 0.206s
2025-04-08 14:16:52.116 69690 INFO tempest.lib.common.rest_client [req-3eb0d287-ac98-46c5-91ab-7b83f8bd65b7 req-3eb0d287-ac98-46c5-91ab-7b83f8bd65b7 ] Request (FloatingIPsAssociationTestJSON:setUpClass): 201 POST http://10.180.1.21/identity/v3/auth/tokens 0.088s
2025-04-08 14:16:52.118 69644 INFO tempest.lib.common.rest_client [req-ce4a37df-cb1f-4f58-922a-ab60309b88c5 req-ce4a37df-cb1f-4f58-922a-ab60309b88c5 ] Request (HypervisorAdminNegativeUnderV252Test:test_search_nonexistent_hypervisor): 404 GET http://10.180.1.21/compute/v2.1/os-hypervisors/nonexistent_hypervisor_name/search 1.569s
2025-04-08 14:16:52.145 69690 INFO tempest.lib.common.rest_client [req-7beaba67-8d5b-48a9-8e78-12e3ae74d9dc req-7beaba67-8d5b-48a9-8e78-12e3ae74d9dc ] Request (FloatingIPsAssociationTestJSON:setUpClass): 201 POST http://10.180.1.21/identity/v3/auth/tokens 0.026s
2025-04-08 14:16:52.153 69670 INFO tempest.lib.common.rest_client [req-14c747a3-ac0b-4e0a-8f70-c81cdc1a90d2 req-14c747a3-ac0b-4e0a-8f70-c81cdc1a90d2 ] Request (NetworksTest:test_list_all_networks): 200 GET http://10.180.1.21/compute/v2.1/os-networks 1.847s
2025-04-08 14:16:52.168 69690 INFO tempest.lib.common.rest_client [req-d4657692-1cac-41e3-87b9-72d11419455f req-d4657692-1cac-41e3-87b9-72d11419455f ] Request (FloatingIPsAssociationTestJSON:setUpClass): 200 GET http://10.180.1.21/identity/v3/domains?name=Default 0.023s
2025-04-08 14:16:52.181 69666 INFO tempest.lib.common.rest_client [req-d1027c1a-e237-4a40-869b-00d80b8cf7f3 req-d1027c1a-e237-4a40-869b-00d80b8cf7f3 ] Request (HypervisorAdminV228Test:tearDownClass): 204 DELETE http://10.180.1.21/identity/v3/projects/58ab2cdc26694b1d8b0ce805944d556e 0.071s
2025-04-08 14:16:52.195 69684 INFO tempest.lib.common.rest_client [req-4a52080b-1d7c-4e1f-8751-ddb5f8681278 req-4a52080b-1d7c-4e1f-8751-ddb5f8681278 ] Request (MigrationsAdminTest:test_list_migrations_in_flavor_resize_situation): 200 GET http://10.180.1.21/compute/v2.1/servers/48ed2483-9904-429f-b48d-8dc0150b8fff 1.433s
2025-04-08 14:16:52.209 69664 INFO tempest.lib.common.rest_client [req-9cf4f24b-4643-4a72-b943-b7289a193898 req-9cf4f24b-4643-4a72-b943-b7289a193898 ] Request (VolumesAdminNegativeTest:test_update_attached_volume_with_nonexistent_volume_in_body): 201 POST http://10.180.1.21:9696/networking/v2.0/security-group-rules 0.234s
2025-04-08 14:16:52.268 69648 INFO tempest.lib.common.rest_client [req-dc07637f-e0cd-4ba6-bd30-caca5337aa38 req-dc07637f-e0cd-4ba6-bd30-caca5337aa38 ] Request (InstanceActionsTestJSON:setUpClass): 200 GET http://10.180.1.21/compute/v2.1/servers/65fceb63-2326-4d32-8281-2b7402fa4d5c 1.417s
2025-04-08 14:16:52.282 69648 INFO tempest.common.waiters [-] State transition "BUILD/None" ==> "BUILD/block_device_mapping" after 3 second wait
2025-04-08 14:16:52.295 69670 INFO tempest.lib.common.rest_client [req-69f7120b-1a43-40db-a373-973e82b05f1f req-69f7120b-1a43-40db-a373-973e82b05f1f ] Request (NetworksTest:tearDownClass): 204 DELETE http://10.180.1.21/identity/v3/users/52cc453158b544c59a87a2c70951bff8 0.139s
2025-04-08 14:16:52.335 69656 INFO tempest.lib.common.rest_client [req-78d07f58-9567-4ae4-81b7-de713d4eb73a req-78d07f58-9567-4ae4-81b7-de713d4eb73a ] Request (ServerActionsTestOtherA:setUpClass): 200 GET http://10.180.1.21/compute/v2.1/servers/dd26354c-255e-445d-a262-9ebf5c8bd160 1.363s
2025-04-08 14:16:52.360 69666 INFO tempest.lib.common.rest_client [req-9eaa5443-134a-4863-96ca-dea366cc5a4c req-9eaa5443-134a-4863-96ca-dea366cc5a4c ] Request (InstanceUsageAuditLogTestJSON:setUpClass): 201 POST http://10.180.1.21/identity/v3/auth/tokens 0.176s
2025-04-08 14:16:52.369 69690 INFO tempest.lib.common.rest_client [req-e5299b82-dbda-4b7b-9421-3377f8acc44a req-e5299b82-dbda-4b7b-9421-3377f8acc44a ] Request (FloatingIPsAssociationTestJSON:setUpClass): 201 POST http://10.180.1.21/identity/v3/projects 0.201s
2025-04-08 14:16:52.403 69694 INFO tempest.lib.common.rest_client [req-06da0882-4c8d-415b-bfb8-a56b3a639359 req-06da0882-4c8d-415b-bfb8-a56b3a639359 ] Request (ServerActionsTestOtherB:setUpClass): 201 POST http://10.180.1.21:9696/networking/v2.0/subnets 0.306s
2025-04-08 14:16:52.473 69670 INFO tempest.lib.common.rest_client [req-5defb132-c045-41fe-ad4d-5fb58885b1c0 req-5defb132-c045-41fe-ad4d-5fb58885b1c0 ] Request (NetworksTest:tearDownClass): 204 DELETE http://10.180.1.21/identity/v3/users/4a9596029f65474cb71189bb74735ba0 0.177s
2025-04-08 14:16:52.473 69670 INFO tempest.lib.common.dynamic_creds [-] Deleting project and security group for project: 1d8c9b4f056246beb1e414ee895b264d
2025-04-08 14:16:52.527 69662 INFO tempest.lib.common.rest_client [req-536694ef-55b4-4978-b0e1-f54528e6c502 req-536694ef-55b4-4978-b0e1-f54528e6c502 ] Request (FlavorsAccessTestJSON:test_flavor_access_add_remove): 200 GET http://10.180.1.21/compute/v2.1/flavors/detail 1.519s
2025-04-08 14:16:52.540 69690 INFO tempest.lib.common.rest_client [req-ad10e9f3-52c7-4a4f-a3b1-49a6b995dbde req-ad10e9f3-52c7-4a4f-a3b1-49a6b995dbde ] Request (FloatingIPsAssociationTestJSON:setUpClass): 201 POST http://10.180.1.21/identity/v3/users 0.170s
2025-04-08 14:16:52.540 69666 INFO tempest.lib.common.rest_client [req-22a8992f-887e-41ce-b26e-0dab27ef9acf req-22a8992f-887e-41ce-b26e-0dab27ef9acf ] Request (InstanceUsageAuditLogTestJSON:setUpClass): 201 POST http://10.180.1.21/identity/v3/auth/tokens 0.178s
2025-04-08 14:16:52.578 69690 INFO tempest.lib.common.rest_client [req-81680068-fbb8-419f-9d1a-262e4bfa1839 req-81680068-fbb8-419f-9d1a-262e4bfa1839 ] Request (FloatingIPsAssociationTestJSON:setUpClass): 200 GET http://10.180.1.21/identity/v3/roles 0.037s
2025-04-08 14:16:52.578 69670 INFO tempest.lib.common.rest_client [req-338cb739-b4cf-46c2-bb82-27d63f327ae4 req-338cb739-b4cf-46c2-bb82-27d63f327ae4 ] Request (NetworksTest:tearDownClass): 201 POST http://10.180.1.21/identity/v3/auth/tokens 0.104s
2025-04-08 14:16:52.616 69666 INFO tempest.lib.common.rest_client [req-f439d63c-3b41-4c81-8f1d-76944bfa86ed req-f439d63c-3b41-4c81-8f1d-76944bfa86ed ] Request (InstanceUsageAuditLogTestJSON:setUpClass): 200 GET http://10.180.1.21/identity/v3/domains?name=Default 0.075s
2025-04-08 14:16:52.626 69690 INFO tempest.lib.common.rest_client [req-f9bc173b-ed52-4d61-b8fb-adbdefde5e45 req-f9bc173b-ed52-4d61-b8fb-adbdefde5e45 ] Request (FloatingIPsAssociationTestJSON:setUpClass): 204 PUT http://10.180.1.21/identity/v3/projects/6eace5bf0342430392148b5305321cb3/users/e2d968a24f27420abaac082abe40691e/roles/1bce94b911a3466b82b78ba1e59b514c 0.048s
2025-04-08 14:16:52.626 69690 INFO tempest.lib.common.dynamic_creds [-] Dynamic test user e2d968a24f27420abaac082abe40691e is created with scope project and roles: ['member']
2025-04-08 14:16:52.626 69690 INFO tempest.lib.common.dynamic_creds [-] Acquired dynamic creds: credentials: Credentials: {'domain_id': 'default', 'domain_name': 'Default', 'username': 'tempest-FloatingIPsAssociationTestJSON-166189143-project-member', 'project_domain_id': 'default', 'project_domain_name': 'Default', 'project_id': '6eace5bf0342430392148b5305321cb3', 'project_name': 'tempest-FloatingIPsAssociationTestJSON-166189143', 'tenant_id': '6eace5bf0342430392148b5305321cb3', 'tenant_name': 'tempest-FloatingIPsAssociationTestJSON-166189143', 'user_domain_id': 'default', 'user_domain_name': 'Default', 'user_id': 'e2d968a24f27420abaac082abe40691e', 'system': None}, Network: None, Subnet: None, Router: None
2025-04-08 14:16:52.702 69666 INFO tempest.lib.common.rest_client [req-fce725ee-0454-44e6-ac58-fbad940da1e4 req-fce725ee-0454-44e6-ac58-fbad940da1e4 ] Request (InstanceUsageAuditLogTestJSON:setUpClass): 201 POST http://10.180.1.21/identity/v3/projects 0.086s
2025-04-08 14:16:52.716 69638 INFO tempest.lib.common.rest_client [req-a16df77f-f280-4b28-ade5-32e8444dd2d8 req-a16df77f-f280-4b28-ade5-32e8444dd2d8 ] Request (DeleteServersAdminTestJSON:test_admin_delete_servers_of_others): 200 GET http://10.180.1.21/compute/v2.1/servers/4267677a-a170-4790-b847-c4f077b37015 1.671s
2025-04-08 14:16:52.770 69666 INFO tempest.lib.common.rest_client [req-db5d77a7-9b24-4170-a499-4871116cc80d req-db5d77a7-9b24-4170-a499-4871116cc80d ] Request (InstanceUsageAuditLogTestJSON:setUpClass): 201 POST http://10.180.1.21/identity/v3/users 0.067s
2025-04-08 14:16:52.778 69690 INFO tempest.lib.common.rest_client [req-b18917f5-ff61-48d3-a7c8-bb65b60f0d80 req-b18917f5-ff61-48d3-a7c8-bb65b60f0d80 ] Request (FloatingIPsAssociationTestJSON:setUpClass): 201 POST http://10.180.1.21/identity/v3/auth/tokens 0.151s
2025-04-08 14:16:52.809 69668 INFO tempest.lib.common.rest_client [req-553ed598-52cb-4fef-afb7-1379e581f9c9 req-553ed598-52cb-4fef-afb7-1379e581f9c9 ] Request (SecurityGroupsTestAdminJSON:test_list_security_groups_list_all_tenants_filter): 200 POST http://10.180.1.21/compute/v2.1/os-security-groups 2.015s
2025-04-08 14:16:52.839 69666 INFO tempest.lib.common.rest_client [req-9c1ae2b8-4949-4192-bb1e-3121d4bb9955 req-9c1ae2b8-4949-4192-bb1e-3121d4bb9955 ] Request (InstanceUsageAuditLogTestJSON:setUpClass): 200 GET http://10.180.1.21/identity/v3/roles 0.069s
2025-04-08 14:16:52.840 69660 INFO tempest.lib.common.rest_client [req-b3ecbebb-c942-41f1-ba1a-80d73b222851 req-b3ecbebb-c942-41f1-ba1a-80d73b222851 ] Request (FlavorMetadataValidation:_run_cleanups): 202 DELETE http://10.180.1.21/compute/v2.1/flavors/669086684 1.725s
2025-04-08 14:16:52.927 69642 INFO tempest.lib.common.rest_client [req-b950f589-e2d7-492d-a932-59d110537629 req-b950f589-e2d7-492d-a932-59d110537629 ] Request (ServersTestBootFromVolume:setUpClass): 200 POST http://10.180.1.21/compute/v2.1/os-keypairs 1.845s
2025-04-08 14:16:52.944 69666 INFO tempest.lib.common.rest_client [req-7c0e770d-4275-4242-b056-3f5640fc1ab1 req-7c0e770d-4275-4242-b056-3f5640fc1ab1 ] Request (InstanceUsageAuditLogTestJSON:setUpClass): 204 PUT http://10.180.1.21/identity/v3/projects/27385b570adf492fa3e82f06e9424668/users/10cd2474828f453cbd0b8c2b84427172/roles/1bce94b911a3466b82b78ba1e59b514c 0.104s
2025-04-08 14:16:52.944 69666 INFO tempest.lib.common.dynamic_creds [-] Dynamic test user 10cd2474828f453cbd0b8c2b84427172 is created with scope project and roles: ['member']
2025-04-08 14:16:52.944 69666 INFO tempest.lib.common.dynamic_creds [-] Acquired dynamic creds: credentials: Credentials: {'domain_id': 'default', 'domain_name': 'Default', 'username': 'tempest-InstanceUsageAuditLogTestJSON-1298060759-project-member', 'project_domain_id': 'default', 'project_domain_name': 'Default', 'project_id': '27385b570adf492fa3e82f06e9424668', 'project_name': 'tempest-InstanceUsageAuditLogTestJSON-1298060759', 'tenant_id': '27385b570adf492fa3e82f06e9424668', 'tenant_name': 'tempest-InstanceUsageAuditLogTestJSON-1298060759', 'user_domain_id': 'default', 'user_domain_name': 'Default', 'user_id': '10cd2474828f453cbd0b8c2b84427172', 'system': None}, Network: None, Subnet: None, Router: None
2025-04-08 14:16:52.945 69666 INFO tempest.lib.common.dynamic_creds [-] Created isolated network resources for: credentials: Credentials: {'domain_id': 'default', 'domain_name': 'Default', 'username': 'tempest-InstanceUsageAuditLogTestJSON-1298060759-project-member', 'project_domain_id': 'default', 'project_domain_name': 'Default', 'project_id': '27385b570adf492fa3e82f06e9424668', 'project_name': 'tempest-InstanceUsageAuditLogTestJSON-1298060759', 'tenant_id': '27385b570adf492fa3e82f06e9424668', 'tenant_name': 'tempest-InstanceUsageAuditLogTestJSON-1298060759', 'user_domain_id': 'default', 'user_domain_name': 'Default', 'user_id': '10cd2474828f453cbd0b8c2b84427172', 'system': None}, Network: None, Subnet: None, Router: None
2025-04-08 14:16:52.947 69650 INFO tempest.lib.common.rest_client [req-3066e1d7-3589-4bd5-8472-dd849200de25 req-3066e1d7-3589-4bd5-8472-dd849200de25 ] Request (HostsAdminNegativeTestJSON:test_reboot_nonexistent_host): 404 GET http://10.180.1.21/compute/v2.1/os-hosts/nonexistent_hostname/reboot 1.549s
2025-04-08 14:16:52.965 69688 INFO tempest.lib.common.rest_client [req-fed425b1-a7ee-47b9-8533-210765212017 req-fed425b1-a7ee-47b9-8533-210765212017 ] Request (HypervisorAdminUnderV252Test:test_search_hypervisor): 200 GET http://10.180.1.21/compute/v2.1/os-hypervisors/domain-c8.fc996f14-c53b-4953-92e3-bdfa48f5cc28/search 1.392s
2025-04-08 14:16:53.028 69666 INFO tempest.lib.common.rest_client [req-ed99ecf4-e339-49db-80d6-1c6554928460 req-ed99ecf4-e339-49db-80d6-1c6554928460 ] Request (InstanceUsageAuditLogTestJSON:setUpClass): 201 POST http://10.180.1.21/identity/v3/auth/tokens 0.070s
2025-04-08 14:16:53.037 69670 INFO tempest.lib.common.rest_client [req-e9947300-21dd-474b-9f3a-424e3d346de7 req-e9947300-21dd-474b-9f3a-424e3d346de7 ] Request (NetworksTest:tearDownClass): 200 GET http://10.180.1.21:9696/networking/v2.0/security-groups?tenant_id=1d8c9b4f056246beb1e414ee895b264d&name=default 0.459s
2025-04-08 14:16:53.082 69666 INFO tempest.lib.common.rest_client [req-c7d4c044-6b68-47b3-be40-94f38f5ae3ca req-c7d4c044-6b68-47b3-be40-94f38f5ae3ca ] Request (InstanceUsageAuditLogTestJSON:setUpClass): 201 POST http://10.180.1.21/identity/v3/projects 0.053s
2025-04-08 14:16:53.123 69688 INFO tempest.lib.common.rest_client [req-5482a28b-860a-462b-aae5-61e14ce2e649 req-5482a28b-860a-462b-aae5-61e14ce2e649 ] Request (HypervisorAdminUnderV252Test:tearDownClass): 204 DELETE http://10.180.1.21/identity/v3/users/9a867e7eb1044b6b9d7947b805dec68a 0.155s
2025-04-08 14:16:53.198 69666 INFO tempest.lib.common.rest_client [req-05a9c675-892c-4c89-8e96-a3da902a7b60 req-05a9c675-892c-4c89-8e96-a3da902a7b60 ] Request (InstanceUsageAuditLogTestJSON:setUpClass): 201 POST http://10.180.1.21/identity/v3/users 0.115s
2025-04-08 14:16:53.204 69642 INFO tempest.lib.common.rest_client [req-aaa2cc5d-effa-41d8-b0b0-dbefc49aa336 req-aaa2cc5d-effa-41d8-b0b0-dbefc49aa336 ] Request (ServersTestBootFromVolume:setUpClass): 201 POST http://10.180.1.21:9696/networking/v2.0/security-groups 0.274s
2025-04-08 14:16:53.232 69666 INFO tempest.lib.common.rest_client [req-29ec72b7-8fdb-41ae-85fd-76b92f009a33 req-29ec72b7-8fdb-41ae-85fd-76b92f009a33 ] Request (InstanceUsageAuditLogTestJSON:setUpClass): 200 GET http://10.180.1.21/identity/v3/roles 0.033s
2025-04-08 14:16:53.262 69666 INFO tempest.lib.common.rest_client [req-80e54a29-5ec7-4da0-9e43-c18f2cb57fc0 req-80e54a29-5ec7-4da0-9e43-c18f2cb57fc0 ] Request (InstanceUsageAuditLogTestJSON:setUpClass): 204 PUT http://10.180.1.21/identity/v3/projects/8b79d633c99b4264a7aafe8c09fb0ce6/users/7c87479261a8460f94ce55feee64cefc/roles/86c1a9b015044bb9b893450783959f79 0.029s
2025-04-08 14:16:53.283 69654 INFO tempest.lib.common.rest_client [req-69f33fac-1489-42c9-973b-8d9c3948b68c req-69f33fac-1489-42c9-973b-8d9c3948b68c ] Request (AggregatesAdminNegativeTestJSON:test_aggregate_add_existent_host): 200 POST http://10.180.1.21/compute/v2.1/os-aggregates/1/action 1.895s
2025-04-08 14:16:53.286 69670 INFO tempest.lib.common.rest_client [req-9f13cbd5-7644-4f6c-9de6-8a8aa42f5e0d req-9f13cbd5-7644-4f6c-9de6-8a8aa42f5e0d ] Request (NetworksTest:tearDownClass): 204 DELETE http://10.180.1.21:9696/networking/v2.0/security-groups/dac2ed47-e869-4571-a739-0457245a44bd 0.248s
2025-04-08 14:16:53.300 69688 INFO tempest.lib.common.rest_client [req-7e010848-416f-45c0-aa9a-87e0b0d3434d req-7e010848-416f-45c0-aa9a-87e0b0d3434d ] Request (HypervisorAdminUnderV252Test:tearDownClass): 204 DELETE http://10.180.1.21/identity/v3/users/a560bd07c5f747c88e8e1db58bd68e33 0.176s
2025-04-08 14:16:53.300 69688 INFO tempest.lib.common.dynamic_creds [-] Deleting project and security group for project: cf83273d93c14187bb810d25f4940049
2025-04-08 14:16:53.346 69666 INFO tempest.lib.common.rest_client [req-9a426295-7e7a-47f8-8658-ccd069937cd5 req-9a426295-7e7a-47f8-8658-ccd069937cd5 ] Request (InstanceUsageAuditLogTestJSON:setUpClass): 200 GET http://10.180.1.21/identity/v3/roles 0.084s
2025-04-08 14:16:53.387 69670 INFO tempest.lib.common.rest_client [req-3623805c-ddcb-4f40-953b-4163e138a092 req-3623805c-ddcb-4f40-953b-4163e138a092 ] Request (NetworksTest:tearDownClass): 204 DELETE http://10.180.1.21/identity/v3/projects/1d8c9b4f056246beb1e414ee895b264d 0.100s
2025-04-08 14:16:53.387 69670 INFO tempest.lib.common.dynamic_creds [-] Deleting project and security group for project: 5e8e8f319794411dbaf81777e37164eb
2025-04-08 14:16:53.404 69688 INFO tempest.lib.common.rest_client [req-7ddf0c66-ad68-488e-9eee-53bcb8521fde req-7ddf0c66-ad68-488e-9eee-53bcb8521fde ] Request (HypervisorAdminUnderV252Test:tearDownClass): 201 POST http://10.180.1.21/identity/v3/auth/tokens 0.103s
2025-04-08 14:16:53.434 69666 INFO tempest.lib.common.rest_client [req-45e87737-d8f5-4fd0-b4da-4d9376deac06 req-45e87737-d8f5-4fd0-b4da-4d9376deac06 ] Request (InstanceUsageAuditLogTestJSON:setUpClass): 204 PUT http://10.180.1.21/identity/v3/projects/8b79d633c99b4264a7aafe8c09fb0ce6/users/7c87479261a8460f94ce55feee64cefc/roles/86c1a9b015044bb9b893450783959f79 0.087s
2025-04-08 14:16:53.434 69666 INFO tempest.lib.common.dynamic_creds [-] Dynamic test user 7c87479261a8460f94ce55feee64cefc is created with scope project and roles: ['admin']
2025-04-08 14:16:53.434 69666 INFO tempest.lib.common.dynamic_creds [-] Acquired dynamic creds: credentials: Credentials: {'domain_id': 'default', 'domain_name': 'Default', 'username': 'tempest-InstanceUsageAuditLogTestJSON-287371544-project-admin', 'project_domain_id': 'default', 'project_domain_name': 'Default', 'project_id': '8b79d633c99b4264a7aafe8c09fb0ce6', 'project_name': 'tempest-InstanceUsageAuditLogTestJSON-287371544', 'tenant_id': '8b79d633c99b4264a7aafe8c09fb0ce6', 'tenant_name': 'tempest-InstanceUsageAuditLogTestJSON-287371544', 'user_domain_id': 'default', 'user_domain_name': 'Default', 'user_id': '7c87479261a8460f94ce55feee64cefc', 'system': None}, Network: None, Subnet: None, Router: None
2025-04-08 14:16:53.434 69666 INFO tempest.lib.common.dynamic_creds [-] Created isolated network resources for: credentials: Credentials: {'domain_id': 'default', 'domain_name': 'Default', 'username': 'tempest-InstanceUsageAuditLogTestJSON-287371544-project-admin', 'project_domain_id': 'default', 'project_domain_name': 'Default', 'project_id': '8b79d633c99b4264a7aafe8c09fb0ce6', 'project_name': 'tempest-InstanceUsageAuditLogTestJSON-287371544', 'tenant_id': '8b79d633c99b4264a7aafe8c09fb0ce6', 'tenant_name': 'tempest-InstanceUsageAuditLogTestJSON-287371544', 'user_domain_id': 'default', 'user_domain_name': 'Default', 'user_id': '7c87479261a8460f94ce55feee64cefc', 'system': None}, Network: None, Subnet: None, Router: None
2025-04-08 14:16:53.436 69642 INFO tempest.lib.common.rest_client [req-f81c0ad7-ada4-4653-9eb6-aa033d75ad65 req-f81c0ad7-ada4-4653-9eb6-aa033d75ad65 ] Request (ServersTestBootFromVolume:setUpClass): 201 POST http://10.180.1.21:9696/networking/v2.0/security-group-rules 0.232s
2025-04-08 14:16:53.537 69686 INFO tempest.lib.common.rest_client [req-1c6e7a8d-acb6-4474-9e6a-06d1b2925ad6 req-1c6e7a8d-acb6-4474-9e6a-06d1b2925ad6 ] Request (FlavorsAccessNegativeTestJSON:test_add_flavor_access_duplicate): 409 POST http://10.180.1.21/compute/v2.1/flavors/883773755/action 1.800s
2025-04-08 14:16:53.583 69690 INFO tempest.lib.common.rest_client [req-5e076fa4-59d8-40cd-a08a-07b296b06db3 req-5e076fa4-59d8-40cd-a08a-07b296b06db3 ] Request (FloatingIPsAssociationTestJSON:setUpClass): 201 POST http://10.180.1.21:9696/networking/v2.0/networks 0.804s
2025-04-08 14:16:53.597 69666 INFO tempest.lib.common.rest_client [req-a8fa5215-d373-4443-bb17-40bd619f4d53 req-a8fa5215-d373-4443-bb17-40bd619f4d53 ] Request (InstanceUsageAuditLogTestJSON:setUpClass): 201 POST http://10.180.1.21/identity/v3/auth/tokens 0.160s
2025-04-08 14:16:53.628 69664 INFO tempest.lib.common.rest_client [req-09d90004-bffd-4ca7-a2c5-d1550ca25d9e req-09d90004-bffd-4ca7-a2c5-d1550ca25d9e ] Request (VolumesAdminNegativeTest:test_update_attached_volume_with_nonexistent_volume_in_body): 201 POST http://10.180.1.21:9696/networking/v2.0/floatingips 1.418s
2025-04-08 14:16:53.678 69682 INFO tempest.lib.common.rest_client [req-951114c3-e8a8-4f16-9148-f56981353f12 req-951114c3-e8a8-4f16-9148-f56981353f12 ] Request (ServersWithSpecificFlavorTestJSON:test_verify_created_server_ephemeral_disk): 200 POST http://10.180.1.21/compute/v2.1/flavors 1.854s
2025-04-08 14:16:53.699 69676 INFO tempest.lib.common.rest_client [req-e1474378-00af-4e65-a3ba-c808000a9e70 req-e1474378-00af-4e65-a3ba-c808000a9e70 ] Request (FlavorsExtraSpecsTestJSON:test_flavor_non_admin_get_specific_key): 200 POST http://10.180.1.21/compute/v2.1/flavors/86980059/os-extra_specs 1.785s
2025-04-08 14:16:53.708 69670 INFO tempest.lib.common.rest_client [req-0a6a840d-3e46-49c4-ad37-8a3823cbd557 req-0a6a840d-3e46-49c4-ad37-8a3823cbd557 ] Request (NetworksTest:tearDownClass): 200 GET http://10.180.1.21:9696/networking/v2.0/security-groups?tenant_id=5e8e8f319794411dbaf81777e37164eb&name=default 0.321s
2025-04-08 14:16:53.717 69664 INFO tempest.lib.common.rest_client [req-ac5033fa-9518-4169-85a2-fa19e83f8e07 req-ac5033fa-9518-4169-85a2-fa19e83f8e07 ] Request (VolumesAdminNegativeTest:test_update_attached_volume_with_nonexistent_volume_in_body): 201 POST http://10.180.1.21/identity/v3/auth/tokens 0.081s
2025-04-08 14:16:53.717 69664 INFO tempest.lib.common.fixed_network [-] (VolumesAdminNegativeTest:test_update_attached_volume_with_nonexistent_volume_in_body) Found network {'id': '892dc894-618e-430c-acb4-51c3a2377311', 'name': 'tempest-VolumesAdminNegativeTest-77907658-network', 'tenant_id': '5342526a03a540f6a33318d46a831a32', 'admin_state_up': True, 'mtu': 8950, 'status': 'ACTIVE', 'subnets': [], 'shared': False, 'project_id': '5342526a03a540f6a33318d46a831a32', 'port_security_enabled': True, 'router:external': False, 'provider:network_type': 'vlan', 'provider:physical_network': 'default', 'provider:segmentation_id': 114, 'availability_zone_hints': [], 'availability_zones': [], 'ipv4_address_scope': None, 'ipv6_address_scope': None, 'description': '', 'tags': [], 'created_at': '2025-04-08T14:16:40Z', 'updated_at': '2025-04-08T14:16:40Z', 'revision_number': 1} available for tenant
2025-04-08 14:16:53.731 69674 INFO tempest.lib.common.rest_client [req-b45aaeaa-5984-46e5-a4f3-b8d4042287fa req-b45aaeaa-5984-46e5-a4f3-b8d4042287fa ] Request (ServicesAdminNegativeV253TestJSON:test_enable_service_with_invalid_service_id): 404 PUT http://10.180.1.21/compute/v2.1/os-services/a62e176d-d981-44d7-b0d7-e74a14e27617 1.789s
2025-04-08 14:16:53.746 69634 INFO tempest.lib.common.rest_client [req-359974df-b038-4725-bddc-0cdf4d3d4fe2 req-359974df-b038-4725-bddc-0cdf4d3d4fe2 ] Request (FlavorsAdminTestJSON:test_create_flavor_verify_entry_in_list_details): 200 POST http://10.180.1.21/compute/v2.1/flavors 1.755s
2025-04-08 14:16:53.832 69688 INFO tempest.lib.common.rest_client [req-46e3a271-a0a2-43c6-bfb9-e6bf92a9e7af req-46e3a271-a0a2-43c6-bfb9-e6bf92a9e7af ] Request (HypervisorAdminUnderV252Test:tearDownClass): 200 GET http://10.180.1.21:9696/networking/v2.0/security-groups?tenant_id=cf83273d93c14187bb810d25f4940049&name=default 0.428s
2025-04-08 14:16:53.852 69640 INFO tempest.lib.common.rest_client [req-8909dd6e-bf2d-43d0-be53-14e15cb67388 req-8909dd6e-bf2d-43d0-be53-14e15cb67388 ] Request (QuotasAdminTestV257:test_get_updated_quotas): 200 GET http://10.180.1.21/compute/v2.1/os-quota-sets/8a16375c22504ed5ba14981d2ea2669f/detail 1.783s
2025-04-08 14:16:53.874 69680 INFO tempest.lib.common.rest_client [req-b20c127e-adee-4ec8-a7e6-0e40c497c716 req-b20c127e-adee-4ec8-a7e6-0e40c497c716 ] Request (ServicesAdminTestJSON:test_list_services): 200 GET http://10.180.1.21/compute/v2.1/os-services 1.783s
2025-04-08 14:16:53.884 69640 INFO tempest.lib.common.rest_client [req-a635a966-a355-4d5c-9610-146b19dbcc21 req-a635a966-a355-4d5c-9610-146b19dbcc21 ] Request (QuotasAdminTestV257:test_get_updated_quotas): 200 GET http://10.180.1.21/identity/v3/domains?name=Default 0.028s
2025-04-08 14:16:53.898 69644 INFO tempest.lib.common.rest_client [req-ed458ef9-43b2-44c0-9a1d-733e6ffcb3d5 req-ed458ef9-43b2-44c0-9a1d-733e6ffcb3d5 ] Request (HypervisorAdminNegativeUnderV252Test:test_show_servers_with_non_admin_user): 200 GET http://10.180.1.21/compute/v2.1/os-hypervisors 1.779s
2025-04-08 14:16:53.906 69642 INFO tempest.lib.common.rest_client [req-5e104ca2-d956-4cee-a304-ddcf4a1f39db req-5e104ca2-d956-4cee-a304-ddcf4a1f39db ] Request (ServersTestBootFromVolume:setUpClass): 201 POST http://10.180.1.21:9696/networking/v2.0/security-group-rules 0.469s
2025-04-08 14:16:53.930 69640 INFO tempest.lib.common.rest_client [req-262c6212-2c25-4ce7-838e-401eaf100263 req-262c6212-2c25-4ce7-838e-401eaf100263 ] Request (QuotasAdminTestV257:test_get_updated_quotas): 201 POST http://10.180.1.21/identity/v3/users 0.045s
2025-04-08 14:16:53.961 69680 INFO tempest.lib.common.rest_client [req-65a4e79d-584a-480c-a3ce-f6fe0974ab41 req-65a4e79d-584a-480c-a3ce-f6fe0974ab41 ] Request (ServicesAdminTestJSON:tearDownClass): 204 DELETE http://10.180.1.21/identity/v3/users/88c10cea74b84339bc9bbee1d992d1c3 0.081s
2025-04-08 14:16:54.001 69694 INFO tempest.lib.common.rest_client [req-60e4e0ff-0aae-429b-9839-5a40d851480e req-60e4e0ff-0aae-429b-9839-5a40d851480e ] Request (ServerActionsTestOtherB:setUpClass): 201 POST http://10.180.1.21:9696/networking/v2.0/routers 1.596s
2025-04-08 14:16:54.015 69670 INFO tempest.lib.common.rest_client [req-2c1ee49c-6e0d-40c4-9174-ebc908aaf22b req-2c1ee49c-6e0d-40c4-9174-ebc908aaf22b ] Request (NetworksTest:tearDownClass): 204 DELETE http://10.180.1.21:9696/networking/v2.0/security-groups/886cb8ba-91d8-498a-a301-080b49b8687e 0.306s
2025-04-08 14:16:54.039 69640 INFO tempest.lib.common.rest_client [req-8601ae35-b69c-42db-a176-6b391ddac4a1 req-8601ae35-b69c-42db-a176-6b391ddac4a1 ] Request (QuotasAdminTestV257:test_get_updated_quotas): 200 GET http://10.180.1.21/identity/v3/domains?name=Default 0.108s
2025-04-08 14:16:54.103 69662 INFO tempest.lib.common.rest_client [req-3d3fb6fd-56b2-4fa3-be2b-ea4c772e3afa req-3d3fb6fd-56b2-4fa3-be2b-ea4c772e3afa ] Request (FlavorsAccessTestJSON:test_flavor_access_add_remove): 200 POST http://10.180.1.21/compute/v2.1/flavors/133293080/action 1.568s
2025-04-08 14:16:54.110 69688 INFO tempest.lib.common.rest_client [req-ca18418f-f93f-44c6-a478-022615bfe9a4 req-ca18418f-f93f-44c6-a478-022615bfe9a4 ] Request (HypervisorAdminUnderV252Test:tearDownClass): 204 DELETE http://10.180.1.21:9696/networking/v2.0/security-groups/448be75b-7826-45f7-bf51-162b6d34c494 0.277s
2025-04-08 14:16:54.132 69680 INFO tempest.lib.common.rest_client [req-4d78fa1f-cfcd-441e-9da0-5fe2d37d3bd1 req-4d78fa1f-cfcd-441e-9da0-5fe2d37d3bd1 ] Request (ServicesAdminTestJSON:tearDownClass): 204 DELETE http://10.180.1.21/identity/v3/users/5c2027b0a5d74813bfb632af61dc01eb 0.170s
2025-04-08 14:16:54.132 69680 INFO tempest.lib.common.dynamic_creds [-] Deleting project and security group for project: 58713b7fcf2a4cb5ab4e69c7a397e672
2025-04-08 14:16:54.141 69670 INFO tempest.lib.common.rest_client [req-6df3a967-3815-41be-9126-bb6bfc1d9658 req-6df3a967-3815-41be-9126-bb6bfc1d9658 ] Request (NetworksTest:tearDownClass): 204 DELETE http://10.180.1.21/identity/v3/projects/5e8e8f319794411dbaf81777e37164eb 0.125s
2025-04-08 14:16:54.142 69670 INFO tempest.test [-] raised in TestVolumeSwap.setUpClass. Invoking tearDownClass.
2025-04-08 14:16:54.170 69680 INFO tempest.lib.common.rest_client [req-782bf5ba-96c9-4ce6-a304-a22c2cea5253 req-782bf5ba-96c9-4ce6-a304-a22c2cea5253 ] Request (ServicesAdminTestJSON:tearDownClass): 201 POST http://10.180.1.21/identity/v3/auth/tokens 0.038s
2025-04-08 14:16:54.219 69688 INFO tempest.lib.common.rest_client [req-dff750fc-7686-4f33-a37c-b7e60a470cbf req-dff750fc-7686-4f33-a37c-b7e60a470cbf ] Request (HypervisorAdminUnderV252Test:tearDownClass): 204 DELETE http://10.180.1.21/identity/v3/projects/cf83273d93c14187bb810d25f4940049 0.108s
2025-04-08 14:16:54.219 69688 INFO tempest.lib.common.dynamic_creds [-] Deleting project and security group for project: f1716d4e4dc64189857f8f0dc3d625f6
2025-04-08 14:16:54.221 69672 INFO tempest.lib.common.rest_client [req-08aa53ce-0334-4fe5-873b-daec19b39494 req-08aa53ce-0334-4fe5-873b-daec19b39494 ] Request (ServerDiagnosticsV248Test:test_get_server_diagnostics): 200 GET http://10.180.1.21/compute/v2.1/servers/0041a723-fd77-4df2-b91f-5d2461c8f5c4 1.665s
2025-04-08 14:16:54.233 69670 INFO tempest.lib.common.rest_client [req-e2c5eed9-def2-4664-a0d3-1acbc57fcfdf req-e2c5eed9-def2-4664-a0d3-1acbc57fcfdf ] Request (FlavorsV2TestJSON:setUpClass): 201 POST http://10.180.1.21/identity/v3/auth/tokens 0.087s
2025-04-08 14:16:54.269 69670 INFO tempest.lib.common.rest_client [req-02a04f21-4b9b-41e4-92c9-a7eca6ffd2ee req-02a04f21-4b9b-41e4-92c9-a7eca6ffd2ee ] Request (FlavorsV2TestJSON:setUpClass): 201 POST http://10.180.1.21/identity/v3/auth/tokens 0.034s
2025-04-08 14:16:54.296 69690 INFO tempest.lib.common.rest_client [req-5b8d8398-838f-4b8c-89e1-555edb63f684 req-5b8d8398-838f-4b8c-89e1-555edb63f684 ] Request (FloatingIPsAssociationTestJSON:setUpClass): 201 POST http://10.180.1.21:9696/networking/v2.0/subnets 0.712s
2025-04-08 14:16:54.297 69670 INFO tempest.lib.common.rest_client [req-e37dfe6e-bf13-402d-98dc-5894f8e69100 req-e37dfe6e-bf13-402d-98dc-5894f8e69100 ] Request (FlavorsV2TestJSON:setUpClass): 200 GET http://10.180.1.21/identity/v3/domains?name=Default 0.027s
2025-04-08 14:16:54.325 69670 INFO tempest.lib.common.rest_client [req-cce0b5a6-1e70-48dc-a0d7-10b49972adba req-cce0b5a6-1e70-48dc-a0d7-10b49972adba ] Request (FlavorsV2TestJSON:setUpClass): 201 POST http://10.180.1.21/identity/v3/projects 0.027s
2025-04-08 14:16:54.398 69670 INFO tempest.lib.common.rest_client [req-e32f5c5b-811c-475c-908a-9df6108d2d3d req-e32f5c5b-811c-475c-908a-9df6108d2d3d ] Request (FlavorsV2TestJSON:setUpClass): 201 POST http://10.180.1.21/identity/v3/users 0.073s
2025-04-08 14:16:54.424 69670 INFO tempest.lib.common.rest_client [req-f7ad80e3-23f7-453c-9cb3-53aeabae55ee req-f7ad80e3-23f7-453c-9cb3-53aeabae55ee ] Request (FlavorsV2TestJSON:setUpClass): 200 GET http://10.180.1.21/identity/v3/roles 0.025s
2025-04-08 14:16:54.430 69696 INFO tempest.lib.common.rest_client [req-9473ad7c-c3b5-44ef-a437-a7b203929fbb req-9473ad7c-c3b5-44ef-a437-a7b203929fbb ] Request (VolumesAssistedSnapshotsTest:setUpClass): 201 POST http://10.180.1.21:9696/networking/v2.0/routers 2.329s
2025-04-08 14:16:54.431 69646 INFO tempest.lib.common.rest_client [req-b0365360-d261-4aab-94f4-073c8d7f40c3 req-b0365360-d261-4aab-94f4-073c8d7f40c3 ] Request (FloatingIPDetailsTestJSON:test_get_floating_ip_details): 200 POST http://10.180.1.21/compute/v2.1/os-floating-ips 2.694s
2025-04-08 14:16:54.463 69670 INFO tempest.lib.common.rest_client [req-03d725ce-a02c-48c5-a713-a965d7ccc478 req-03d725ce-a02c-48c5-a713-a965d7ccc478 ] Request (FlavorsV2TestJSON:setUpClass): 204 PUT http://10.180.1.21/identity/v3/projects/f1dc333f0eb54982b6bb50401a1a15b2/users/a3a5128c88f14b3d8d98d58bfb9fa999/roles/1bce94b911a3466b82b78ba1e59b514c 0.038s
2025-04-08 14:16:54.463 69670 INFO tempest.lib.common.dynamic_creds [-] Dynamic test user a3a5128c88f14b3d8d98d58bfb9fa999 is created with scope project and roles: ['member']
2025-04-08 14:16:54.463 69670 INFO tempest.lib.common.dynamic_creds [-] Acquired dynamic creds: credentials: Credentials: {'domain_id': 'default', 'domain_name': 'Default', 'username': 'tempest-FlavorsV2TestJSON-312401652-project-member', 'project_domain_id': 'default', 'project_domain_name': 'Default', 'project_id': 'f1dc333f0eb54982b6bb50401a1a15b2', 'project_name': 'tempest-FlavorsV2TestJSON-312401652', 'tenant_id': 'f1dc333f0eb54982b6bb50401a1a15b2', 'tenant_name': 'tempest-FlavorsV2TestJSON-312401652', 'user_domain_id': 'default', 'user_domain_name': 'Default', 'user_id': 'a3a5128c88f14b3d8d98d58bfb9fa999', 'system': None}, Network: None, Subnet: None, Router: None
2025-04-08 14:16:54.463 69670 INFO tempest.lib.common.dynamic_creds [-] Created isolated network resources for: credentials: Credentials: {'domain_id': 'default', 'domain_name': 'Default', 'username': 'tempest-FlavorsV2TestJSON-312401652-project-member', 'project_domain_id': 'default', 'project_domain_name': 'Default', 'project_id': 'f1dc333f0eb54982b6bb50401a1a15b2', 'project_name': 'tempest-FlavorsV2TestJSON-312401652', 'tenant_id': 'f1dc333f0eb54982b6bb50401a1a15b2', 'tenant_name': 'tempest-FlavorsV2TestJSON-312401652', 'user_domain_id': 'default', 'user_domain_name': 'Default', 'user_id': 'a3a5128c88f14b3d8d98d58bfb9fa999', 'system': None}, Network: None, Subnet: None, Router: None
2025-04-08 14:16:54.467 69660 INFO tempest.lib.common.rest_client [req-6d9f7c36-788b-4e59-8cb2-53f93c9e838f req-6d9f7c36-788b-4e59-8cb2-53f93c9e838f ] Request (FlavorMetadataValidation:_run_cleanups): 200 GET http://10.180.1.21/compute/v2.1/flavors/detail 1.626s
2025-04-08 14:16:54.546 69670 INFO tempest.lib.common.rest_client [req-9956d27a-f013-4125-810b-04ebd2e79710 req-9956d27a-f013-4125-810b-04ebd2e79710 ] Request (FlavorsV2TestJSON:setUpClass): 201 POST http://10.180.1.21/identity/v3/auth/tokens 0.073s
2025-04-08 14:16:54.565 69688 INFO tempest.lib.common.rest_client [req-0f09d93c-76cc-455c-8e7c-4882dfd47555 req-0f09d93c-76cc-455c-8e7c-4882dfd47555 ] Request (HypervisorAdminUnderV252Test:tearDownClass): 200 GET http://10.180.1.21:9696/networking/v2.0/security-groups?tenant_id=f1716d4e4dc64189857f8f0dc3d625f6&name=default 0.346s
2025-04-08 14:16:54.592 69660 INFO tempest.lib.common.rest_client [req-a78cb469-5fe1-4c1d-aa93-72ad39afe2a3 req-a78cb469-5fe1-4c1d-aa93-72ad39afe2a3 ] Request (FlavorMetadataValidation:tearDownClass): 204 DELETE http://10.180.1.21/identity/v3/users/126a258ee2284c6cb93e07097c8e78e3 0.113s
2025-04-08 14:16:54.689 69660 INFO tempest.lib.common.rest_client [req-067d8484-b268-4acf-a395-ed1671d4c09b req-067d8484-b268-4acf-a395-ed1671d4c09b ] Request (FlavorMetadataValidation:tearDownClass): 204 DELETE http://10.180.1.21/identity/v3/users/ee5b30a0ceab4d46a18a99965aa5ae90 0.096s
2025-04-08 14:16:54.689 69660 INFO tempest.lib.common.dynamic_creds [-] Deleting project and security group for project: d29d23878c2d484297e3e5265d2c41be
2025-04-08 14:16:54.698 69692 INFO tempest.lib.common.rest_client [req-70452626-cc82-42b9-bf3d-3b928215f447 req-70452626-cc82-42b9-bf3d-3b928215f447 ] Request (ServersAdmin275Test:test_rebuild_update_server_275): 200 GET http://10.180.1.21/compute/v2.1/servers/64aea4a9-d672-473a-b00c-e3aeaa544c14 1.816s
