2025-04-08 14:19:16.955 69670 INFO tempest.lib.common.rest_client [req-c33897ee-7317-45d2-854b-10bc2a9b2e89 req-c33897ee-7317-45d2-854b-10bc2a9b2e89 ] Request (ServerTagsTestJSON:tearDownClass): 200 GET http://10.180.1.21/compute/v2.1/servers/13556d56-c154-4033-bc15-d205744f92b9 0.095s
2025-04-08 14:19:16.960 69648 INFO tempest.lib.common.rest_client [req-d9527a27-aba5-4b39-81e2-bbf51d8dfa92 req-d9527a27-aba5-4b39-81e2-bbf51d8dfa92 ] Request (ListServersNegativeTestJSON:setUpClass): 200 GET http://10.180.1.21/compute/v2.1/servers/ff3b6952-b448-44b4-8cf3-3abf7cb5e26a 0.084s
2025-04-08 14:19:17.004 69654 INFO tempest.lib.common.rest_client [req-59f46a25-082a-4a36-9d6d-cbd738652e30 req-59f46a25-082a-4a36-9d6d-cbd738652e30 ] Request (AttachVolumeShelveTestJSON:test_attach_volume_shelved_or_offload_server): 200 GET http://10.180.1.21/compute/v2.1/servers/63f16880-0be1-4e76-bd7b-c12e0c018c24 0.083s
2025-04-08 14:19:17.198 69666 INFO tempest.lib.common.rest_client [req-d4ca06c7-8b9b-4ef0-ba0a-4c1274eca826 req-d4ca06c7-8b9b-4ef0-ba0a-4c1274eca826 ] Request (ServerDiskConfigTestJSON:test_rebuild_server_with_manual_disk_config): 200 GET http://10.180.1.21/compute/v2.1/servers/651f02fd-b91f-4d1d-80ba-e66edff2503b 0.088s
2025-04-08 14:19:17.245 69690 INFO tempest.lib.common.rest_client [req-7bd08dc4-b78b-4b5f-b291-343464f54c56 req-7bd08dc4-b78b-4b5f-b291-343464f54c56 ] Request (FloatingIPsAssociationTestJSON:tearDownClass): 200 GET http://10.180.1.21/compute/v2.1/servers/e99bc314-8e40-4c7f-8cb6-96e4e721023f 0.057s
2025-04-08 14:19:17.328 69672 INFO tempest.lib.common.rest_client [req-49ed926e-a32f-4850-a289-2fd3991c1d98 req-49ed926e-a32f-4850-a289-2fd3991c1d98 ] Request (ServerAddressesTestJSON:tearDownClass): 200 GET http://10.180.1.21/compute/v2.1/servers/14a726c1-d066-4627-bf2e-cb19ab7d3392 0.054s
2025-04-08 14:19:17.335 69672 INFO tempest.common.waiters [-] State transition "ACTIVE/deleting" ==> "DELETED/None" after 3 second wait
2025-04-08 14:19:17.346 69636 INFO tempest.lib.common.rest_client [req-069261b7-d727-41e2-b46f-de4ac6144d79 req-069261b7-d727-41e2-b46f-de4ac6144d79 ] Request (SecurityGroupsTestJSON:test_list_security_groups_by_server): 200 GET http://10.180.1.21/compute/v2.1/servers/5ff74a21-d2b2-488c-af74-bc597793bc69 0.094s
2025-04-08 14:19:17.369 69644 WARNING tempest.lib.common.ssh [-] Failed to establish authenticated ssh connection to cirros@10.180.180.234 ([Errno None] Unable to connect to port 22 on 10.180.180.234). Number attempts: 4. Retry after 5 seconds.: paramiko.ssh_exception.NoValidConnectionsError: [Errno None] Unable to connect to port 22 on 10.180.180.234
2025-04-08 14:19:17.387 69634 INFO tempest.lib.common.rest_client [req-c79bb289-c69c-41fb-ab70-232d6764bad7 req-c79bb289-c69c-41fb-ab70-232d6764bad7 ] Request (ServersTestManualDisk:setUpClass): 200 GET http://10.180.1.21/compute/v2.1/servers/b4bdd149-3096-40cb-9e11-dbe02a9aacaf 0.046s
2025-04-08 14:19:17.434 69680 INFO tempest.lib.common.rest_client [req-57ba70e5-44eb-44b7-a3e5-8d8354dfb6b9 req-57ba70e5-44eb-44b7-a3e5-8d8354dfb6b9 ] Request (ImagesOneServerTestJSON:setUpClass): 200 GET http://10.180.1.21/compute/v2.1/servers/b09f57f5-fb85-4c34-a981-f8a31b3c0c01 0.046s
2025-04-08 14:19:17.501 69676 INFO tempest.lib.common.rest_client [req-10972aa1-6a24-4f25-88ca-a53a7531a787 req-10972aa1-6a24-4f25-88ca-a53a7531a787 ] Request (ServersAdminNegativeTestJSON:test_migrate_server_invalid_state): 200 GET http://10.180.1.21/compute/v2.1/servers/14ad3214-47f3-46a4-a7fe-0f97098aeba3 0.047s
2025-04-08 14:19:17.581 69684 INFO tempest.lib.common.rest_client [req-cc86d96a-ea1c-41f0-a360-2c1604c3c1f8 req-cc86d96a-ea1c-41f0-a360-2c1604c3c1f8 ] Request (MigrationsAdminTest:test_resize_server_revert_deleted_flavor): 200 GET http://10.180.1.21/compute/v2.1/servers/0365659e-b134-4241-a4ec-f6f6378c228d 0.048s
2025-04-08 14:19:17.734 69642 WARNING tempest.lib.common.ssh [-] Failed to establish authenticated ssh connection to cirros@10.180.180.177 ([Errno None] Unable to connect to port 22 on 10.180.180.177). Number attempts: 9. Retry after 10 seconds.: paramiko.ssh_exception.NoValidConnectionsError: [Errno None] Unable to connect to port 22 on 10.180.180.177
2025-04-08 14:19:17.795 69650 INFO tempest.lib.common.rest_client [req-a3f2c075-0044-4408-acf1-cbfbef129382 req-a3f2c075-0044-4408-acf1-cbfbef129382 ] Request (MultipleCreateTestJSON:_run_cleanups): 200 GET http://10.180.1.21/compute/v2.1/servers/bda998f5-6a6b-45ba-a8bf-56794218f095 0.068s
2025-04-08 14:19:17.858 69640 INFO tempest.lib.common.rest_client [req-2a4c882b-b7d0-472f-bdd9-413404879dc4 req-2a4c882b-b7d0-472f-bdd9-413404879dc4 ] Request (ServersNegativeTestMultiTenantJSON:setUpClass): 200 GET http://10.180.1.21/compute/v2.1/servers/102f49a8-bd4d-445f-b772-eb6b4ed5954c 0.113s
2025-04-08 14:19:17.866 69692 INFO tempest.lib.common.rest_client [req-59fea53b-da70-4471-96d2-f09e8315d2af req-59fea53b-da70-4471-96d2-f09e8315d2af ] Request (ServersTestMultiNic:test_verify_duplicate_network_nics): 200 GET http://10.180.1.21/compute/v2.1/servers/a4343dc1-46c6-423d-b8f8-78a29041ea68 0.172s
2025-04-08 14:19:17.905 69662 INFO tempest.lib.common.rest_client [req-7a347a76-c9fe-4b22-a430-230a805584c6 req-7a347a76-c9fe-4b22-a430-230a805584c6 ] Request (ServersTestJSON:setUpClass): 200 GET http://10.180.1.21/compute/v2.1/servers/a27d4d7c-8c75-4799-bc32-4acd2d33eddc 0.123s
2025-04-08 14:19:17.921 69668 INFO tempest.lib.common.rest_client [req-eae0798b-1d35-47b2-af27-3a52c197b48c req-eae0798b-1d35-47b2-af27-3a52c197b48c ] Request (ServersAaction247Test:test_create_backup): 200 GET http://10.180.1.21/compute/v2.1/servers/2e386d21-09db-401a-8ee6-c8da8dd6d819 0.066s
2025-04-08 14:19:17.978 69638 INFO tempest.lib.common.rest_client [req-69b613f0-4979-4290-9107-8089ac5944b7 req-69b613f0-4979-4290-9107-8089ac5944b7 ] Request (InstanceActionsV221TestJSON:test_get_list_deleted_instance_actions): 200 GET http://10.180.1.21/compute/v2.1/servers/495ce11b-8ce9-4467-bac0-13a6412839a5 0.079s
2025-04-08 14:19:18.008 69652 INFO tempest.lib.common.rest_client [req-245b36ef-44d2-4bb6-a398-0b53a102a1a6 req-245b36ef-44d2-4bb6-a398-0b53a102a1a6 ] Request (ServersAdminTestJSON:test_create_server_with_scheduling_hint): 200 GET http://10.180.1.21/compute/v2.1/servers/15d45208-7c48-4c60-87bf-b26a14fa861f 0.144s
2025-04-08 14:19:18.015 69652 INFO tempest.common.waiters [-] State transition "BUILD/spawning" ==> "ACTIVE/None" after 63 second wait
2025-04-08 14:19:18.025 69646 INFO tempest.lib.common.rest_client [req-b0f408c0-9dff-49fd-a7e9-c90708e867f3 req-b0f408c0-9dff-49fd-a7e9-c90708e867f3 ] Request (ImagesOneServerNegativeTestJSON:_run_cleanups): 200 GET http://10.180.1.21/compute/v2.1/servers/44246e8b-d8af-4afc-b442-cef7731efa43 0.117s
2025-04-08 14:19:18.065 69670 INFO tempest.lib.common.rest_client [req-a10b3d5f-df3e-46f6-8a38-9e84b32deb60 req-a10b3d5f-df3e-46f6-8a38-9e84b32deb60 ] Request (ServerTagsTestJSON:tearDownClass): 200 GET http://10.180.1.21/compute/v2.1/servers/13556d56-c154-4033-bc15-d205744f92b9 0.099s
2025-04-08 14:19:18.077 69652 INFO tempest.lib.common.rest_client [req-f19bcc26-c1ec-432f-8942-56fdded2759f req-f19bcc26-c1ec-432f-8942-56fdded2759f ] Request (ServersAdminTestJSON:test_inject_network_info): 201 POST http://10.180.1.21/identity/v3/auth/tokens 0.057s
2025-04-08 14:19:18.077 69648 INFO tempest.lib.common.rest_client [req-909e97d3-c5f2-46c3-a768-294837268be3 req-909e97d3-c5f2-46c3-a768-294837268be3 ] Request (ListServersNegativeTestJSON:setUpClass): 200 GET http://10.180.1.21/compute/v2.1/servers/ff3b6952-b448-44b4-8cf3-3abf7cb5e26a 0.107s
2025-04-08 14:19:18.077 69652 INFO tempest.lib.common.fixed_network [-] (ServersAdminTestJSON:test_inject_network_info) Found network {'id': '3abd7882-7ca3-41bd-b72d-ee041a2b308e', 'name': 'tempest-ServersAdminTestJSON-922361832-network', 'tenant_id': '8286ebe831314d3fb262bf31629c898f', 'admin_state_up': True, 'mtu': 8950, 'status': 'ACTIVE', 'subnets': [], 'shared': False, 'project_id': '8286ebe831314d3fb262bf31629c898f', 'port_security_enabled': True, 'router:external': False, 'provider:network_type': 'vlan', 'provider:physical_network': 'default', 'provider:segmentation_id': 372, 'availability_zone_hints': [], 'availability_zones': [], 'ipv4_address_scope': None, 'ipv6_address_scope': None, 'description': '', 'tags': [], 'created_at': '2025-04-08T14:17:06Z', 'updated_at': '2025-04-08T14:17:06Z', 'revision_number': 1} available for tenant
2025-04-08 14:19:18.117 69654 INFO tempest.lib.common.rest_client [req-bd5d2885-3e9d-49ce-9c4f-63b935808741 req-bd5d2885-3e9d-49ce-9c4f-63b935808741 ] Request (AttachVolumeShelveTestJSON:test_attach_volume_shelved_or_offload_server): 200 GET http://10.180.1.21/compute/v2.1/servers/63f16880-0be1-4e76-bd7b-c12e0c018c24 0.102s
2025-04-08 14:19:18.320 69666 INFO tempest.lib.common.rest_client [req-5c667676-579d-495a-b7e9-954acea27ca3 req-5c667676-579d-495a-b7e9-954acea27ca3 ] Request (ServerDiskConfigTestJSON:test_rebuild_server_with_manual_disk_config): 200 GET http://10.180.1.21/compute/v2.1/servers/651f02fd-b91f-4d1d-80ba-e66edff2503b 0.114s
2025-04-08 14:19:18.376 69690 INFO tempest.lib.common.rest_client [req-0129f75c-c8a8-44bc-8833-342776c8acf7 req-0129f75c-c8a8-44bc-8833-342776c8acf7 ] Request (FloatingIPsAssociationTestJSON:tearDownClass): 200 GET http://10.180.1.21/compute/v2.1/servers/e99bc314-8e40-4c7f-8cb6-96e4e721023f 0.123s
2025-04-08 14:19:18.399 69652 INFO tempest.lib.common.rest_client [req-7a2b490c-d875-4d85-84de-f363474e1f63 req-7a2b490c-d875-4d85-84de-f363474e1f63 ] Request (ServersAdminTestJSON:test_inject_network_info): 202 POST http://10.180.1.21/compute/v2.1/servers 0.321s
2025-04-08 14:19:18.465 69672 INFO tempest.lib.common.rest_client [req-dbaba16a-118a-407e-a9aa-e4f7229cb371 req-dbaba16a-118a-407e-a9aa-e4f7229cb371 ] Request (ServerAddressesTestJSON:tearDownClass): 200 GET http://10.180.1.21/compute/v2.1/servers/14a726c1-d066-4627-bf2e-cb19ab7d3392 0.130s
2025-04-08 14:19:18.501 69636 INFO tempest.lib.common.rest_client [req-c61a570a-8f26-46ae-9659-0cb1637c2066 req-c61a570a-8f26-46ae-9659-0cb1637c2066 ] Request (SecurityGroupsTestJSON:test_list_security_groups_by_server): 200 GET http://10.180.1.21/compute/v2.1/servers/5ff74a21-d2b2-488c-af74-bc597793bc69 0.146s
2025-04-08 14:19:18.512 69634 INFO tempest.lib.common.rest_client [req-9793e24a-ec4b-46a0-bb62-775b82536e83 req-9793e24a-ec4b-46a0-bb62-775b82536e83 ] Request (ServersTestManualDisk:setUpClass): 200 GET http://10.180.1.21/compute/v2.1/servers/b4bdd149-3096-40cb-9e11-dbe02a9aacaf 0.117s
2025-04-08 14:19:18.540 69652 INFO tempest.lib.common.rest_client [req-8fac1478-f478-441b-827e-986a69c66f98 req-8fac1478-f478-441b-827e-986a69c66f98 ] Request (ServersAdminTestJSON:test_inject_network_info): 200 GET http://10.180.1.21/compute/v2.1/servers/9e087a47-ce90-4d3a-9809-837705428f05 0.139s
2025-04-08 14:19:18.559 69680 INFO tempest.lib.common.rest_client [req-04301611-769b-4033-917f-d74bbca59288 req-04301611-769b-4033-917f-d74bbca59288 ] Request (ImagesOneServerTestJSON:setUpClass): 200 GET http://10.180.1.21/compute/v2.1/servers/b09f57f5-fb85-4c34-a981-f8a31b3c0c01 0.117s
2025-04-08 14:19:18.583 69676 INFO tempest.lib.common.rest_client [req-99cf3735-b2f4-4fc3-bce5-a80dfaa17102 req-99cf3735-b2f4-4fc3-bce5-a80dfaa17102 ] Request (ServersAdminNegativeTestJSON:test_migrate_server_invalid_state): 200 GET http://10.180.1.21/compute/v2.1/servers/14ad3214-47f3-46a4-a7fe-0f97098aeba3 0.075s
2025-04-08 14:19:18.634 69684 INFO tempest.lib.common.rest_client [req-ccf46145-c3cc-43b2-aef9-b448d970989a req-ccf46145-c3cc-43b2-aef9-b448d970989a ] Request (MigrationsAdminTest:test_resize_server_revert_deleted_flavor): 200 GET http://10.180.1.21/compute/v2.1/servers/0365659e-b134-4241-a4ec-f6f6378c228d 0.045s
2025-04-08 14:19:18.865 69650 INFO tempest.lib.common.rest_client [req-39dfd0ac-b244-436f-a81b-01461ffbb1d4 req-39dfd0ac-b244-436f-a81b-01461ffbb1d4 ] Request (MultipleCreateTestJSON:_run_cleanups): 200 GET http://10.180.1.21/compute/v2.1/servers/bda998f5-6a6b-45ba-a8bf-56794218f095 0.061s
2025-04-08 14:19:18.917 69640 INFO tempest.lib.common.rest_client [req-9fe69d29-7e3f-4319-97ea-cad826635ce1 req-9fe69d29-7e3f-4319-97ea-cad826635ce1 ] Request (ServersNegativeTestMultiTenantJSON:setUpClass): 200 GET http://10.180.1.21/compute/v2.1/servers/102f49a8-bd4d-445f-b772-eb6b4ed5954c 0.051s
2025-04-08 14:19:18.975 69662 INFO tempest.lib.common.rest_client [req-67a31861-42a1-4e94-a8de-4a8605aec030 req-67a31861-42a1-4e94-a8de-4a8605aec030 ] Request (ServersTestJSON:setUpClass): 200 GET http://10.180.1.21/compute/v2.1/servers/a27d4d7c-8c75-4799-bc32-4acd2d33eddc 0.058s
2025-04-08 14:19:19.028 69668 INFO tempest.lib.common.rest_client [req-f06afef0-473e-4db1-bef7-bc3205d21365 req-f06afef0-473e-4db1-bef7-bc3205d21365 ] Request (ServersAaction247Test:test_create_backup): 200 GET http://10.180.1.21/compute/v2.1/servers/2e386d21-09db-401a-8ee6-c8da8dd6d819 0.096s
2025-04-08 14:19:19.037 69668 INFO tempest.common.waiters [-] State transition "BUILD/scheduling" ==> "BUILD/None" after 32 second wait
2025-04-08 14:19:19.039 69692 INFO tempest.lib.common.rest_client [req-f075323a-4fb2-4f82-b426-c9b7b71d865d req-f075323a-4fb2-4f82-b426-c9b7b71d865d ] Request (ServersTestMultiNic:test_verify_duplicate_network_nics): 200 GET http://10.180.1.21/compute/v2.1/servers/a4343dc1-46c6-423d-b8f8-78a29041ea68 0.165s
2025-04-08 14:19:19.077 69638 INFO tempest.lib.common.rest_client [req-be288a6e-f1bb-4902-87fb-89a964c10bc4 req-be288a6e-f1bb-4902-87fb-89a964c10bc4 ] Request (InstanceActionsV221TestJSON:test_get_list_deleted_instance_actions): 200 GET http://10.180.1.21/compute/v2.1/servers/495ce11b-8ce9-4467-bac0-13a6412839a5 0.091s
2025-04-08 14:19:19.089 69646 INFO tempest.lib.common.rest_client [req-7d7b8e39-3140-45a8-96ba-461c38427d5d req-7d7b8e39-3140-45a8-96ba-461c38427d5d ] Request (ImagesOneServerNegativeTestJSON:_run_cleanups): 200 GET http://10.180.1.21/compute/v2.1/servers/44246e8b-d8af-4afc-b442-cef7731efa43 0.057s
2025-04-08 14:19:19.343 69670 INFO tempest.lib.common.rest_client [req-198f9079-ae46-43d7-b545-576c2572116d req-198f9079-ae46-43d7-b545-576c2572116d ] Request (ServerTagsTestJSON:tearDownClass): 200 GET http://10.180.1.21/compute/v2.1/servers/13556d56-c154-4033-bc15-d205744f92b9 0.269s
2025-04-08 14:19:19.352 69648 INFO tempest.lib.common.rest_client [req-45ba544b-e74c-4329-86c7-424974983a2a req-45ba544b-e74c-4329-86c7-424974983a2a ] Request (ListServersNegativeTestJSON:setUpClass): 200 GET http://10.180.1.21/compute/v2.1/servers/ff3b6952-b448-44b4-8cf3-3abf7cb5e26a 0.267s
2025-04-08 14:19:19.392 69654 INFO tempest.lib.common.rest_client [req-ec38f560-c66c-4e55-a0bf-402e8fb0fa65 req-ec38f560-c66c-4e55-a0bf-402e8fb0fa65 ] Request (AttachVolumeShelveTestJSON:test_attach_volume_shelved_or_offload_server): 200 GET http://10.180.1.21/compute/v2.1/servers/63f16880-0be1-4e76-bd7b-c12e0c018c24 0.261s
2025-04-08 14:19:19.438 69666 INFO tempest.lib.common.rest_client [req-23f372a7-3f28-49a0-9d86-b4080b12b904 req-23f372a7-3f28-49a0-9d86-b4080b12b904 ] Request (ServerDiskConfigTestJSON:test_rebuild_server_with_manual_disk_config): 200 GET http://10.180.1.21/compute/v2.1/servers/651f02fd-b91f-4d1d-80ba-e66edff2503b 0.110s
2025-04-08 14:19:19.445 69666 INFO tempest.common.waiters [-] State transition "REBUILD/rebuild_spawning" ==> "ACTIVE/None" after 9 second wait
2025-04-08 14:19:19.448 69690 INFO tempest.lib.common.rest_client [req-43bafe40-8bba-4fb1-a819-7efe691ee662 req-43bafe40-8bba-4fb1-a819-7efe691ee662 ] Request (FloatingIPsAssociationTestJSON:tearDownClass): 200 GET http://10.180.1.21/compute/v2.1/servers/e99bc314-8e40-4c7f-8cb6-96e4e721023f 0.064s
2025-04-08 14:19:19.531 69672 INFO tempest.lib.common.rest_client [req-062021a2-6f32-4e6c-8cd7-4de4857a1769 req-062021a2-6f32-4e6c-8cd7-4de4857a1769 ] Request (ServerAddressesTestJSON:tearDownClass): 200 GET http://10.180.1.21/compute/v2.1/servers/14a726c1-d066-4627-bf2e-cb19ab7d3392 0.058s
2025-04-08 14:19:19.551 69666 INFO tempest.lib.common.rest_client [req-d2de1567-e2e5-4515-8cff-483b0a114167 req-d2de1567-e2e5-4515-8cff-483b0a114167 ] Request (ServerDiskConfigTestJSON:test_rebuild_server_with_manual_disk_config): 200 GET http://10.180.1.21/compute/v2.1/servers/651f02fd-b91f-4d1d-80ba-e66edff2503b 0.106s
2025-04-08 14:19:19.606 69634 INFO tempest.lib.common.rest_client [req-1c501799-6478-4d84-ba58-94ad27e8fa90 req-1c501799-6478-4d84-ba58-94ad27e8fa90 ] Request (ServersTestManualDisk:setUpClass): 200 GET http://10.180.1.21/compute/v2.1/servers/b4bdd149-3096-40cb-9e11-dbe02a9aacaf 0.086s
2025-04-08 14:19:19.610 69678 WARNING tempest.lib.common.ssh [-] Failed to establish authenticated ssh connection to cirros@10.180.180.237 ([Errno None] Unable to connect to port 22 on 10.180.180.237). Number attempts: 7. Retry after 8 seconds.: paramiko.ssh_exception.NoValidConnectionsError: [Errno None] Unable to connect to port 22 on 10.180.180.237
2025-04-08 14:19:19.611 69664 WARNING tempest.lib.common.ssh [-] Failed to establish authenticated ssh connection to cirros@10.180.180.189 ([Errno None] Unable to connect to port 22 on 10.180.180.189). Number attempts: 12. Retry after 13 seconds.: paramiko.ssh_exception.NoValidConnectionsError: [Errno None] Unable to connect to port 22 on 10.180.180.189
2025-04-08 14:19:19.645 69636 INFO tempest.lib.common.rest_client [req-71409f3e-610b-4ac8-a7ea-2874f9b0771c req-71409f3e-610b-4ac8-a7ea-2874f9b0771c ] Request (SecurityGroupsTestJSON:test_list_security_groups_by_server): 200 GET http://10.180.1.21/compute/v2.1/servers/5ff74a21-d2b2-488c-af74-bc597793bc69 0.137s
2025-04-08 14:19:19.656 69652 INFO tempest.lib.common.rest_client [req-2d7f4eac-cca7-4bad-8a44-6abf2787c320 req-2d7f4eac-cca7-4bad-8a44-6abf2787c320 ] Request (ServersAdminTestJSON:test_inject_network_info): 200 GET http://10.180.1.21/compute/v2.1/servers/9e087a47-ce90-4d3a-9809-837705428f05 0.104s
2025-04-08 14:19:19.709 69680 INFO tempest.lib.common.rest_client [req-253a07ff-9e4b-4050-99b0-6bbc7cc868db req-253a07ff-9e4b-4050-99b0-6bbc7cc868db ] Request (ImagesOneServerTestJSON:setUpClass): 200 GET http://10.180.1.21/compute/v2.1/servers/b09f57f5-fb85-4c34-a981-f8a31b3c0c01 0.141s
2025-04-08 14:19:19.736 69666 INFO tempest.lib.common.rest_client [req-0f5d00ad-6208-4389-8345-9d9ac1501414 req-0f5d00ad-6208-4389-8345-9d9ac1501414 ] Request (ServerDiskConfigTestJSON:_run_cleanups): 204 DELETE http://10.180.1.21/compute/v2.1/servers/651f02fd-b91f-4d1d-80ba-e66edff2503b 0.178s
2025-04-08 14:19:19.757 69676 INFO tempest.lib.common.rest_client [req-21bc2534-12d3-4ac9-9136-4251ab961c16 req-21bc2534-12d3-4ac9-9136-4251ab961c16 ] Request (ServersAdminNegativeTestJSON:test_migrate_server_invalid_state): 200 GET http://10.180.1.21/compute/v2.1/servers/14ad3214-47f3-46a4-a7fe-0f97098aeba3 0.166s
2025-04-08 14:19:19.788 69684 INFO tempest.lib.common.rest_client [req-26ed3fdd-5aec-4418-bd8b-4cb5dc167ea6 req-26ed3fdd-5aec-4418-bd8b-4cb5dc167ea6 ] Request (MigrationsAdminTest:test_resize_server_revert_deleted_flavor): 200 GET http://10.180.1.21/compute/v2.1/servers/0365659e-b134-4241-a4ec-f6f6378c228d 0.146s
2025-04-08 14:19:19.805 69666 INFO tempest.lib.common.rest_client [req-eb4caf7f-41bf-4c96-bb73-4595afefa722 req-eb4caf7f-41bf-4c96-bb73-4595afefa722 ] Request (ServerDiskConfigTestJSON:test_resize_server_from_auto_to_manual): 201 POST http://10.180.1.21/identity/v3/auth/tokens 0.064s
2025-04-08 14:19:19.805 69666 INFO tempest.lib.common.fixed_network [-] (ServerDiskConfigTestJSON:test_resize_server_from_auto_to_manual) Found network {'id': '7870edf0-7987-45fd-849c-4cb5c601b584', 'name': 'tempest-ServerDiskConfigTestJSON-1032465166-network', 'tenant_id': 'cdd9268120f74039a127c7ac485bb997', 'admin_state_up': True, 'mtu': 8950, 'status': 'ACTIVE', 'subnets': [], 'shared': False, 'project_id': 'cdd9268120f74039a127c7ac485bb997', 'port_security_enabled': True, 'router:external': False, 'provider:network_type': 'vlan', 'provider:physical_network': 'default', 'provider:segmentation_id': 993, 'availability_zone_hints': [], 'availability_zones': [], 'ipv4_address_scope': None, 'ipv6_address_scope': None, 'description': '', 'tags': [], 'created_at': '2025-04-08T14:17:00Z', 'updated_at': '2025-04-08T14:17:00Z', 'revision_number': 1} available for tenant
2025-04-08 14:19:19.949 69650 INFO tempest.lib.common.rest_client [req-239cb303-a02d-49b0-a99a-e90d4117e55d req-239cb303-a02d-49b0-a99a-e90d4117e55d ] Request (MultipleCreateTestJSON:_run_cleanups): 200 GET http://10.180.1.21/compute/v2.1/servers/bda998f5-6a6b-45ba-a8bf-56794218f095 0.076s
2025-04-08 14:19:20.006 69640 INFO tempest.lib.common.rest_client [req-09015ff0-72fe-4599-85b4-58794d773aac req-09015ff0-72fe-4599-85b4-58794d773aac ] Request (ServersNegativeTestMultiTenantJSON:setUpClass): 200 GET http://10.180.1.21/compute/v2.1/servers/102f49a8-bd4d-445f-b772-eb6b4ed5954c 0.080s
2025-04-08 14:19:20.065 69662 INFO tempest.lib.common.rest_client [req-59da8602-6355-4867-b42a-587cf9e34b49 req-59da8602-6355-4867-b42a-587cf9e34b49 ] Request (ServersTestJSON:setUpClass): 200 GET http://10.180.1.21/compute/v2.1/servers/a27d4d7c-8c75-4799-bc32-4acd2d33eddc 0.081s
2025-04-08 14:19:20.129 69668 INFO tempest.lib.common.rest_client [req-15c8ee6d-b9f3-4ebe-9643-dc66eb08840d req-15c8ee6d-b9f3-4ebe-9643-dc66eb08840d ] Request (ServersAaction247Test:test_create_backup): 200 GET http://10.180.1.21/compute/v2.1/servers/2e386d21-09db-401a-8ee6-c8da8dd6d819 0.090s
2025-04-08 14:19:20.231 69666 INFO tempest.lib.common.rest_client [req-cd8dfdac-a66e-40c8-ab78-30c56820a7b1 req-cd8dfdac-a66e-40c8-ab78-30c56820a7b1 ] Request (ServerDiskConfigTestJSON:test_resize_server_from_auto_to_manual): 202 POST http://10.180.1.21/compute/v2.1/servers 0.425s
2025-04-08 14:19:20.246 69692 INFO tempest.lib.common.rest_client [req-ade8e41f-e20e-4aeb-a922-369f8cb41289 req-ade8e41f-e20e-4aeb-a922-369f8cb41289 ] Request (ServersTestMultiNic:test_verify_duplicate_network_nics): 200 GET http://10.180.1.21/compute/v2.1/servers/a4343dc1-46c6-423d-b8f8-78a29041ea68 0.197s
2025-04-08 14:19:20.303 69638 INFO tempest.lib.common.rest_client [req-09750566-5b30-44bf-84a6-b8727cdf2f21 req-09750566-5b30-44bf-84a6-b8727cdf2f21 ] Request (InstanceActionsV221TestJSON:test_get_list_deleted_instance_actions): 200 GET http://10.180.1.21/compute/v2.1/servers/495ce11b-8ce9-4467-bac0-13a6412839a5 0.216s
2025-04-08 14:19:20.309 69646 INFO tempest.lib.common.rest_client [req-b7d2db36-afb9-4c68-9d27-b44f2bcd6b58 req-b7d2db36-afb9-4c68-9d27-b44f2bcd6b58 ] Request (ImagesOneServerNegativeTestJSON:_run_cleanups): 200 GET http://10.180.1.21/compute/v2.1/servers/44246e8b-d8af-4afc-b442-cef7731efa43 0.212s
2025-04-08 14:19:20.339 69666 INFO tempest.lib.common.rest_client [req-a05b21ca-8b44-4c3c-98c6-ca7bf55583cb req-a05b21ca-8b44-4c3c-98c6-ca7bf55583cb ] Request (ServerDiskConfigTestJSON:test_resize_server_from_auto_to_manual): 200 GET http://10.180.1.21/compute/v2.1/servers/391711ce-699a-4642-bd68-300c4cd94ce9 0.106s
2025-04-08 14:19:20.421 69648 INFO tempest.lib.common.rest_client [req-60706f4f-34ba-4915-b671-bbe48f1a42a9 req-60706f4f-34ba-4915-b671-bbe48f1a42a9 ] Request (ListServersNegativeTestJSON:setUpClass): 200 GET http://10.180.1.21/compute/v2.1/servers/ff3b6952-b448-44b4-8cf3-3abf7cb5e26a 0.061s
2025-04-08 14:19:20.422 69670 INFO tempest.lib.common.rest_client [req-a5de9b90-5b4a-4e7f-aa87-df066e0bac5b req-a5de9b90-5b4a-4e7f-aa87-df066e0bac5b ] Request (ServerTagsTestJSON:tearDownClass): 200 GET http://10.180.1.21/compute/v2.1/servers/13556d56-c154-4033-bc15-d205744f92b9 0.070s
2025-04-08 14:19:20.469 69654 INFO tempest.lib.common.rest_client [req-560a817b-8793-4d77-852d-1a62c6d9b057 req-560a817b-8793-4d77-852d-1a62c6d9b057 ] Request (AttachVolumeShelveTestJSON:test_attach_volume_shelved_or_offload_server): 200 GET http://10.180.1.21/compute/v2.1/servers/63f16880-0be1-4e76-bd7b-c12e0c018c24 0.068s
2025-04-08 14:19:20.513 69690 INFO tempest.lib.common.rest_client [req-400431ed-a9f4-49d7-9bce-f2d4db65dd59 req-400431ed-a9f4-49d7-9bce-f2d4db65dd59 ] Request (FloatingIPsAssociationTestJSON:tearDownClass): 200 GET http://10.180.1.21/compute/v2.1/servers/e99bc314-8e40-4c7f-8cb6-96e4e721023f 0.057s
2025-04-08 14:19:20.593 69672 INFO tempest.lib.common.rest_client [req-c01a93e2-4659-4fdc-be2a-43e962926f1c req-c01a93e2-4659-4fdc-be2a-43e962926f1c ] Request (ServerAddressesTestJSON:tearDownClass): 200 GET http://10.180.1.21/compute/v2.1/servers/14a726c1-d066-4627-bf2e-cb19ab7d3392 0.051s
2025-04-08 14:19:20.664 69634 INFO tempest.lib.common.rest_client [req-a058f140-2705-48bd-a713-3def073c70f1 req-a058f140-2705-48bd-a713-3def073c70f1 ] Request (ServersTestManualDisk:setUpClass): 200 GET http://10.180.1.21/compute/v2.1/servers/b4bdd149-3096-40cb-9e11-dbe02a9aacaf 0.049s
2025-04-08 14:19:20.717 69652 INFO tempest.lib.common.rest_client [req-0b8f7fe6-c965-4b5b-9494-9ecd2b6e0c53 req-0b8f7fe6-c965-4b5b-9494-9ecd2b6e0c53 ] Request (ServersAdminTestJSON:test_inject_network_info): 200 GET http://10.180.1.21/compute/v2.1/servers/9e087a47-ce90-4d3a-9809-837705428f05 0.053s
2025-04-08 14:19:20.773 69680 INFO tempest.lib.common.rest_client [req-308cdb42-e479-4f46-899f-a3301a7ccf60 req-308cdb42-e479-4f46-899f-a3301a7ccf60 ] Request (ImagesOneServerTestJSON:setUpClass): 200 GET http://10.180.1.21/compute/v2.1/servers/b09f57f5-fb85-4c34-a981-f8a31b3c0c01 0.055s
2025-04-08 14:19:20.805 69636 INFO tempest.lib.common.rest_client [req-6c621907-5b31-46f1-9536-f7961d0cf332 req-6c621907-5b31-46f1-9536-f7961d0cf332 ] Request (SecurityGroupsTestJSON:test_list_security_groups_by_server): 200 GET http://10.180.1.21/compute/v2.1/servers/5ff74a21-d2b2-488c-af74-bc597793bc69 0.151s
2025-04-08 14:19:20.820 69676 INFO tempest.lib.common.rest_client [req-783524a5-fd77-4db7-892b-372af12655d0 req-783524a5-fd77-4db7-892b-372af12655d0 ] Request (ServersAdminNegativeTestJSON:test_migrate_server_invalid_state): 200 GET http://10.180.1.21/compute/v2.1/servers/14ad3214-47f3-46a4-a7fe-0f97098aeba3 0.055s
2025-04-08 14:19:20.850 69684 INFO tempest.lib.common.rest_client [req-6c86f2f2-5e81-4cfe-b863-e41430801e8d req-6c86f2f2-5e81-4cfe-b863-e41430801e8d ] Request (MigrationsAdminTest:test_resize_server_revert_deleted_flavor): 200 GET http://10.180.1.21/compute/v2.1/servers/0365659e-b134-4241-a4ec-f6f6378c228d 0.053s
2025-04-08 14:19:21.017 69650 INFO tempest.lib.common.rest_client [req-83c98a23-86ba-4926-8b26-12efafa97bff req-83c98a23-86ba-4926-8b26-12efafa97bff ] Request (MultipleCreateTestJSON:_run_cleanups): 200 GET http://10.180.1.21/compute/v2.1/servers/bda998f5-6a6b-45ba-a8bf-56794218f095 0.060s
2025-04-08 14:19:21.063 69640 INFO tempest.lib.common.rest_client [req-e0f03d5e-2848-4b4a-90c4-557ff80a7873 req-e0f03d5e-2848-4b4a-90c4-557ff80a7873 ] Request (ServersNegativeTestMultiTenantJSON:setUpClass): 200 GET http://10.180.1.21/compute/v2.1/servers/102f49a8-bd4d-445f-b772-eb6b4ed5954c 0.049s
2025-04-08 14:19:21.122 69662 INFO tempest.lib.common.rest_client [req-106d0527-6c16-4727-b65e-f061a5a1134d req-106d0527-6c16-4727-b65e-f061a5a1134d ] Request (ServersTestJSON:setUpClass): 200 GET http://10.180.1.21/compute/v2.1/servers/a27d4d7c-8c75-4799-bc32-4acd2d33eddc 0.047s
2025-04-08 14:19:21.203 69668 INFO tempest.lib.common.rest_client [req-8fc84fd4-5a9d-4588-bc3f-aae6707a1c8a req-8fc84fd4-5a9d-4588-bc3f-aae6707a1c8a ] Request (ServersAaction247Test:test_create_backup): 200 GET http://10.180.1.21/compute/v2.1/servers/2e386d21-09db-401a-8ee6-c8da8dd6d819 0.062s
2025-04-08 14:19:21.352 69692 INFO tempest.lib.common.rest_client [req-9240eec3-7e93-4abb-9a2e-d64ff96a1205 req-9240eec3-7e93-4abb-9a2e-d64ff96a1205 ] Request (ServersTestMultiNic:test_verify_duplicate_network_nics): 200 GET http://10.180.1.21/compute/v2.1/servers/a4343dc1-46c6-423d-b8f8-78a29041ea68 0.096s
2025-04-08 14:19:21.367 69638 INFO tempest.lib.common.rest_client [req-63f7faa0-1227-4353-8517-bff9432857e9 req-63f7faa0-1227-4353-8517-bff9432857e9 ] Request (InstanceActionsV221TestJSON:test_get_list_deleted_instance_actions): 200 GET http://10.180.1.21/compute/v2.1/servers/495ce11b-8ce9-4467-bac0-13a6412839a5 0.054s
2025-04-08 14:19:21.402 69646 INFO tempest.lib.common.rest_client [req-66b78be5-69af-4725-8bb6-5ae9582cac99 req-66b78be5-69af-4725-8bb6-5ae9582cac99 ] Request (ImagesOneServerNegativeTestJSON:_run_cleanups): 200 GET http://10.180.1.21/compute/v2.1/servers/44246e8b-d8af-4afc-b442-cef7731efa43 0.084s
2025-04-08 14:19:21.415 69666 INFO tempest.lib.common.rest_client [req-1a155fc6-9454-4423-ab56-e66477e889f0 req-1a155fc6-9454-4423-ab56-e66477e889f0 ] Request (ServerDiskConfigTestJSON:test_resize_server_from_auto_to_manual): 200 GET http://10.180.1.21/compute/v2.1/servers/391711ce-699a-4642-bd68-300c4cd94ce9 0.068s
2025-04-08 14:19:21.489 69648 INFO tempest.lib.common.rest_client [req-3c8c25f8-5a4a-407b-88c4-481a306951b0 req-3c8c25f8-5a4a-407b-88c4-481a306951b0 ] Request (ListServersNegativeTestJSON:setUpClass): 200 GET http://10.180.1.21/compute/v2.1/servers/ff3b6952-b448-44b4-8cf3-3abf7cb5e26a 0.060s
2025-04-08 14:19:21.495 69670 INFO tempest.lib.common.rest_client [req-fb441011-2370-46f8-8523-a460f5b6d991 req-fb441011-2370-46f8-8523-a460f5b6d991 ] Request (ServerTagsTestJSON:tearDownClass): 200 GET http://10.180.1.21/compute/v2.1/servers/13556d56-c154-4033-bc15-d205744f92b9 0.064s
2025-04-08 14:19:21.536 69654 INFO tempest.lib.common.rest_client [req-96328e6b-b9b8-4794-9cdb-f9448930f2d5 req-96328e6b-b9b8-4794-9cdb-f9448930f2d5 ] Request (AttachVolumeShelveTestJSON:test_attach_volume_shelved_or_offload_server): 200 GET http://10.180.1.21/compute/v2.1/servers/63f16880-0be1-4e76-bd7b-c12e0c018c24 0.058s
2025-04-08 14:19:21.580 69690 INFO tempest.lib.common.rest_client [req-ec55177b-19aa-45d4-a799-9a1f697c2c8b req-ec55177b-19aa-45d4-a799-9a1f697c2c8b ] Request (FloatingIPsAssociationTestJSON:tearDownClass): 200 GET http://10.180.1.21/compute/v2.1/servers/e99bc314-8e40-4c7f-8cb6-96e4e721023f 0.057s
2025-04-08 14:19:21.656 69672 INFO tempest.lib.common.rest_client [req-af36e491-ece9-4b67-b6e4-a67bda8828de req-af36e491-ece9-4b67-b6e4-a67bda8828de ] Request (ServerAddressesTestJSON:tearDownClass): 200 GET http://10.180.1.21/compute/v2.1/servers/14a726c1-d066-4627-bf2e-cb19ab7d3392 0.055s
2025-04-08 14:19:21.727 69634 INFO tempest.lib.common.rest_client [req-780d26fc-5adf-4b04-9f95-6f5e974dcb2a req-780d26fc-5adf-4b04-9f95-6f5e974dcb2a ] Request (ServersTestManualDisk:setUpClass): 200 GET http://10.180.1.21/compute/v2.1/servers/b4bdd149-3096-40cb-9e11-dbe02a9aacaf 0.055s
2025-04-08 14:19:21.775 69652 INFO tempest.lib.common.rest_client [req-0a00df8f-4f8c-4324-aa2f-1b418bd6668e req-0a00df8f-4f8c-4324-aa2f-1b418bd6668e ] Request (ServersAdminTestJSON:test_inject_network_info): 200 GET http://10.180.1.21/compute/v2.1/servers/9e087a47-ce90-4d3a-9809-837705428f05 0.050s
2025-04-08 14:19:21.829 69680 INFO tempest.lib.common.rest_client [req-85bffc2f-b48c-49f4-8ae7-a76ec55896e6 req-85bffc2f-b48c-49f4-8ae7-a76ec55896e6 ] Request (ImagesOneServerTestJSON:setUpClass): 200 GET http://10.180.1.21/compute/v2.1/servers/b09f57f5-fb85-4c34-a981-f8a31b3c0c01 0.049s
2025-04-08 14:19:21.884 69676 INFO tempest.lib.common.rest_client [req-ee1eb80e-d2cc-4954-8bfb-cbe5d095d483 req-ee1eb80e-d2cc-4954-8bfb-cbe5d095d483 ] Request (ServersAdminNegativeTestJSON:test_migrate_server_invalid_state): 200 GET http://10.180.1.21/compute/v2.1/servers/14ad3214-47f3-46a4-a7fe-0f97098aeba3 0.056s
2025-04-08 14:19:21.919 69636 INFO tempest.lib.common.rest_client [req-bfeaa6bc-8109-4781-9c7f-685aa7bb16b0 req-bfeaa6bc-8109-4781-9c7f-685aa7bb16b0 ] Request (SecurityGroupsTestJSON:test_list_security_groups_by_server): 200 GET http://10.180.1.21/compute/v2.1/servers/5ff74a21-d2b2-488c-af74-bc597793bc69 0.106s
2025-04-08 14:19:21.930 69684 INFO tempest.lib.common.rest_client [req-cb094227-ccac-43a8-b188-74d3f9c0a8d5 req-cb094227-ccac-43a8-b188-74d3f9c0a8d5 ] Request (MigrationsAdminTest:test_resize_server_revert_deleted_flavor): 200 GET http://10.180.1.21/compute/v2.1/servers/0365659e-b134-4241-a4ec-f6f6378c228d 0.072s
2025-04-08 14:19:22.048 69650 INFO tempest.lib.common.rest_client [req-3ee8ceb5-251f-497a-b379-ddc41eddf4b6 req-3ee8ceb5-251f-497a-b379-ddc41eddf4b6 ] Request (MultipleCreateTestJSON:_run_cleanups): 404 GET http://10.180.1.21/compute/v2.1/servers/bda998f5-6a6b-45ba-a8bf-56794218f095 0.023s
2025-04-08 14:19:22.070 69650 INFO tempest.lib.common.rest_client [req-823f7339-5652-4695-98e1-4f367c076457 req-823f7339-5652-4695-98e1-4f367c076457 ] Request (MultipleCreateTestJSON:_run_cleanups): 404 GET http://10.180.1.21/compute/v2.1/servers/125e57cd-019d-4880-9ffd-ba445151c55f 0.021s
2025-04-08 14:19:22.126 69640 INFO tempest.lib.common.rest_client [req-6c9a5de4-8d85-4c5c-8ae3-04cca5cea424 req-6c9a5de4-8d85-4c5c-8ae3-04cca5cea424 ] Request (ServersNegativeTestMultiTenantJSON:setUpClass): 200 GET http://10.180.1.21/compute/v2.1/servers/102f49a8-bd4d-445f-b772-eb6b4ed5954c 0.056s
2025-04-08 14:19:22.135 69650 INFO tempest.lib.common.rest_client [req-f31b64ef-060f-4534-ac5f-33285e3f9746 req-f31b64ef-060f-4534-ac5f-33285e3f9746 ] Request (MultipleCreateTestJSON:test_multiple_create_with_reservation_return): 201 POST http://10.180.1.21/identity/v3/auth/tokens 0.060s
2025-04-08 14:19:22.136 69650 INFO tempest.lib.common.fixed_network [-] (MultipleCreateTestJSON:test_multiple_create_with_reservation_return) Found network {'id': '5537a3f2-3cc1-4286-a6b1-5929fae24f75', 'name': 'tempest-MultipleCreateTestJSON-1375761009-network', 'tenant_id': 'f4e7639e6e6d464ca1878c0cb6d09d7f', 'admin_state_up': True, 'mtu': 8950, 'status': 'ACTIVE', 'subnets': [], 'shared': False, 'project_id': 'f4e7639e6e6d464ca1878c0cb6d09d7f', 'port_security_enabled': True, 'router:external': False, 'provider:network_type': 'vlan', 'provider:physical_network': 'default', 'provider:segmentation_id': 895, 'availability_zone_hints': [], 'availability_zones': [], 'ipv4_address_scope': None, 'ipv6_address_scope': None, 'description': '', 'tags': [], 'created_at': '2025-04-08T14:17:33Z', 'updated_at': '2025-04-08T14:17:33Z', 'revision_number': 1} available for tenant
2025-04-08 14:19:22.179 69662 INFO tempest.lib.common.rest_client [req-5f33d1f7-8a0c-46e6-afac-687deaa91b7f req-5f33d1f7-8a0c-46e6-afac-687deaa91b7f ] Request (ServersTestJSON:setUpClass): 200 GET http://10.180.1.21/compute/v2.1/servers/a27d4d7c-8c75-4799-bc32-4acd2d33eddc 0.047s
2025-04-08 14:19:22.269 69668 INFO tempest.lib.common.rest_client [req-0e68b6b2-60e4-487e-a1a9-c40279173071 req-0e68b6b2-60e4-487e-a1a9-c40279173071 ] Request (ServersAaction247Test:test_create_backup): 200 GET http://10.180.1.21/compute/v2.1/servers/2e386d21-09db-401a-8ee6-c8da8dd6d819 0.056s
2025-04-08 14:19:22.455 69650 INFO tempest.lib.common.rest_client [req-360d3ad7-a064-4c57-b32a-06f17adf9475 req-360d3ad7-a064-4c57-b32a-06f17adf9475 ] Request (MultipleCreateTestJSON:test_multiple_create_with_reservation_return): 202 POST http://10.180.1.21/compute/v2.1/servers 0.318s
2025-04-08 14:19:22.467 69692 INFO tempest.lib.common.rest_client [req-3a7f7960-ebeb-4413-aab6-af532e9c8734 req-3a7f7960-ebeb-4413-aab6-af532e9c8734 ] Request (ServersTestMultiNic:test_verify_duplicate_network_nics): 200 GET http://10.180.1.21/compute/v2.1/servers/a4343dc1-46c6-423d-b8f8-78a29041ea68 0.107s
2025-04-08 14:19:22.504 69638 INFO tempest.lib.common.rest_client [req-7cd37ee3-6eb7-4de1-999f-335189e93983 req-7cd37ee3-6eb7-4de1-999f-335189e93983 ] Request (InstanceActionsV221TestJSON:test_get_list_deleted_instance_actions): 200 GET http://10.180.1.21/compute/v2.1/servers/495ce11b-8ce9-4467-bac0-13a6412839a5 0.126s
2025-04-08 14:19:22.515 69646 INFO tempest.lib.common.rest_client [req-8ae0b423-6898-4b1c-bc09-e1ffcc92f875 req-8ae0b423-6898-4b1c-bc09-e1ffcc92f875 ] Request (ImagesOneServerNegativeTestJSON:_run_cleanups): 200 GET http://10.180.1.21/compute/v2.1/servers/44246e8b-d8af-4afc-b442-cef7731efa43 0.106s
2025-04-08 14:19:22.554 69666 INFO tempest.lib.common.rest_client [req-69107b08-ed28-46e6-9ab2-3db016a50817 req-69107b08-ed28-46e6-9ab2-3db016a50817 ] Request (ServerDiskConfigTestJSON:test_resize_server_from_auto_to_manual): 200 GET http://10.180.1.21/compute/v2.1/servers/391711ce-699a-4642-bd68-300c4cd94ce9 0.131s
2025-04-08 14:19:22.582 69650 INFO tempest.lib.common.rest_client [req-09bcbc99-3996-4600-8a02-271cce0fff0b req-09bcbc99-3996-4600-8a02-271cce0fff0b ] Request (MultipleCreateTestJSON:test_multiple_create_with_reservation_return): 200 GET http://10.180.1.21/compute/v2.1/servers 0.126s
2025-04-08 14:19:22.636 69648 INFO tempest.lib.common.rest_client [req-c6dd0e26-88d6-4d78-a0a7-6730231f0870 req-c6dd0e26-88d6-4d78-a0a7-6730231f0870 ] Request (ListServersNegativeTestJSON:setUpClass): 200 GET http://10.180.1.21/compute/v2.1/servers/ff3b6952-b448-44b4-8cf3-3abf7cb5e26a 0.139s
2025-04-08 14:19:22.647 69670 INFO tempest.lib.common.rest_client [req-9698ade1-18cf-4b48-8181-9ec90ce78fff req-9698ade1-18cf-4b48-8181-9ec90ce78fff ] Request (ServerTagsTestJSON:tearDownClass): 200 GET http://10.180.1.21/compute/v2.1/servers/13556d56-c154-4033-bc15-d205744f92b9 0.143s
2025-04-08 14:19:22.683 69686 WARNING tempest.lib.common.ssh [-] Failed to establish authenticated ssh connection to cirros@10.180.180.134 ([Errno None] Unable to connect to port 22 on 10.180.180.134). Number attempts: 7. Retry after 8 seconds.: paramiko.ssh_exception.NoValidConnectionsError: [Errno None] Unable to connect to port 22 on 10.180.180.134
2025-04-08 14:19:22.686 69650 INFO tempest.lib.common.rest_client [req-ec7727d7-73c6-4892-bfde-74d716533bb5 req-ec7727d7-73c6-4892-bfde-74d716533bb5 ] Request (MultipleCreateTestJSON:test_multiple_create_with_reservation_return): 200 GET http://10.180.1.21/compute/v2.1/servers/247ce9d7-300c-4e6e-a580-7baaa4aeb115 0.102s
2025-04-08 14:19:22.700 69654 INFO tempest.lib.common.rest_client [req-ce672a54-0cb9-4aab-9870-af713985d061 req-ce672a54-0cb9-4aab-9870-af713985d061 ] Request (AttachVolumeShelveTestJSON:test_attach_volume_shelved_or_offload_server): 200 GET http://10.180.1.21/compute/v2.1/servers/63f16880-0be1-4e76-bd7b-c12e0c018c24 0.156s
2025-04-08 14:19:22.745 69690 INFO tempest.lib.common.rest_client [req-73be05ba-0964-41e9-a2d4-558b1bc0503c req-73be05ba-0964-41e9-a2d4-558b1bc0503c ] Request (FloatingIPsAssociationTestJSON:tearDownClass): 200 GET http://10.180.1.21/compute/v2.1/servers/e99bc314-8e40-4c7f-8cb6-96e4e721023f 0.156s
2025-04-08 14:19:22.757 69672 INFO tempest.lib.common.rest_client [req-5a70be15-bc57-4078-9d4d-11c96a1f2a0e req-5a70be15-bc57-4078-9d4d-11c96a1f2a0e ] Request (ServerAddressesTestJSON:tearDownClass): 200 GET http://10.180.1.21/compute/v2.1/servers/14a726c1-d066-4627-bf2e-cb19ab7d3392 0.094s
2025-04-08 14:19:22.791 69634 INFO tempest.lib.common.rest_client [req-d08ee2f1-d48f-44af-874a-c1dd3d1cc196 req-d08ee2f1-d48f-44af-874a-c1dd3d1cc196 ] Request (ServersTestManualDisk:setUpClass): 200 GET http://10.180.1.21/compute/v2.1/servers/b4bdd149-3096-40cb-9e11-dbe02a9aacaf 0.055s
2025-04-08 14:19:22.835 69652 INFO tempest.lib.common.rest_client [req-69d5ff2c-b7e0-408d-8431-1ee5bddd71ff req-69d5ff2c-b7e0-408d-8431-1ee5bddd71ff ] Request (ServersAdminTestJSON:test_inject_network_info): 200 GET http://10.180.1.21/compute/v2.1/servers/9e087a47-ce90-4d3a-9809-837705428f05 0.052s
2025-04-08 14:19:22.889 69680 INFO tempest.lib.common.rest_client [req-7b65f0a6-8ff9-4c98-bc5f-a86da1a378f8 req-7b65f0a6-8ff9-4c98-bc5f-a86da1a378f8 ] Request (ImagesOneServerTestJSON:setUpClass): 200 GET http://10.180.1.21/compute/v2.1/servers/b09f57f5-fb85-4c34-a981-f8a31b3c0c01 0.051s
2025-04-08 14:19:22.946 69676 INFO tempest.lib.common.rest_client [req-449ca5da-de1c-4bd7-999f-5953d5196794 req-449ca5da-de1c-4bd7-999f-5953d5196794 ] Request (ServersAdminNegativeTestJSON:test_migrate_server_invalid_state): 200 GET http://10.180.1.21/compute/v2.1/servers/14ad3214-47f3-46a4-a7fe-0f97098aeba3 0.054s
2025-04-08 14:19:23.001 69684 INFO tempest.lib.common.rest_client [req-3d730cb0-dff0-4e1e-9f08-ce6e564a277e req-3d730cb0-dff0-4e1e-9f08-ce6e564a277e ] Request (MigrationsAdminTest:test_resize_server_revert_deleted_flavor): 200 GET http://10.180.1.21/compute/v2.1/servers/0365659e-b134-4241-a4ec-f6f6378c228d 0.063s
2025-04-08 14:19:23.038 69636 INFO tempest.lib.common.rest_client [req-3f9b7ec1-94ab-4c44-ae0a-3c1760431d9d req-3f9b7ec1-94ab-4c44-ae0a-3c1760431d9d ] Request (SecurityGroupsTestJSON:test_list_security_groups_by_server): 200 GET http://10.180.1.21/compute/v2.1/servers/5ff74a21-d2b2-488c-af74-bc597793bc69 0.111s
2025-04-08 14:19:23.065 69696 WARNING tempest.lib.common.ssh [-] Failed to establish authenticated ssh connection to cirros@10.180.180.130 ([Errno None] Unable to connect to port 22 on 10.180.180.130). Number attempts: 11. Retry after 12 seconds.: paramiko.ssh_exception.NoValidConnectionsError: [Errno None] Unable to connect to port 22 on 10.180.180.130
2025-04-08 14:19:23.181 69640 INFO tempest.lib.common.rest_client [req-614456ea-0d36-4226-878f-f3518b128218 req-614456ea-0d36-4226-878f-f3518b128218 ] Request (ServersNegativeTestMultiTenantJSON:setUpClass): 200 GET http://10.180.1.21/compute/v2.1/servers/102f49a8-bd4d-445f-b772-eb6b4ed5954c 0.047s
2025-04-08 14:19:23.236 69662 INFO tempest.lib.common.rest_client [req-c7381461-24fc-421a-b77b-17240de077bc req-c7381461-24fc-421a-b77b-17240de077bc ] Request (ServersTestJSON:setUpClass): 200 GET http://10.180.1.21/compute/v2.1/servers/a27d4d7c-8c75-4799-bc32-4acd2d33eddc 0.048s
2025-04-08 14:19:23.328 69668 INFO tempest.lib.common.rest_client [req-d483988c-e599-47e6-b52d-c05261eb1cde req-d483988c-e599-47e6-b52d-c05261eb1cde ] Request (ServersAaction247Test:test_create_backup): 200 GET http://10.180.1.21/compute/v2.1/servers/2e386d21-09db-401a-8ee6-c8da8dd6d819 0.049s
2025-04-08 14:19:23.571 69638 INFO tempest.lib.common.rest_client [req-74c377b9-758e-47d0-a47d-fd1e74c8b27e req-74c377b9-758e-47d0-a47d-fd1e74c8b27e ] Request (InstanceActionsV221TestJSON:test_get_list_deleted_instance_actions): 200 GET http://10.180.1.21/compute/v2.1/servers/495ce11b-8ce9-4467-bac0-13a6412839a5 0.052s
2025-04-08 14:19:23.614 69692 INFO tempest.lib.common.rest_client [req-c3e5072f-4ce6-45a5-8e50-3c1062a42800 req-c3e5072f-4ce6-45a5-8e50-3c1062a42800 ] Request (ServersTestMultiNic:test_verify_duplicate_network_nics): 200 GET http://10.180.1.21/compute/v2.1/servers/a4343dc1-46c6-423d-b8f8-78a29041ea68 0.138s
2025-04-08 14:19:23.619 69646 INFO tempest.lib.common.rest_client [req-05b338fc-2eda-4e5d-868f-8ed4379033a1 req-05b338fc-2eda-4e5d-868f-8ed4379033a1 ] Request (ImagesOneServerNegativeTestJSON:_run_cleanups): 200 GET http://10.180.1.21/compute/v2.1/servers/44246e8b-d8af-4afc-b442-cef7731efa43 0.094s
2025-04-08 14:19:23.660 69666 INFO tempest.lib.common.rest_client [req-e2562cf5-b181-4994-8bee-a2608d19eff3 req-e2562cf5-b181-4994-8bee-a2608d19eff3 ] Request (ServerDiskConfigTestJSON:test_resize_server_from_auto_to_manual): 200 GET http://10.180.1.21/compute/v2.1/servers/391711ce-699a-4642-bd68-300c4cd94ce9 0.097s
2025-04-08 14:19:23.707 69648 INFO tempest.lib.common.rest_client [req-dd6c4ddf-ba3a-4613-b477-97aa01ecbe04 req-dd6c4ddf-ba3a-4613-b477-97aa01ecbe04 ] Request (ListServersNegativeTestJSON:setUpClass): 200 GET http://10.180.1.21/compute/v2.1/servers/ff3b6952-b448-44b4-8cf3-3abf7cb5e26a 0.062s
2025-04-08 14:19:23.714 69670 INFO tempest.lib.common.rest_client [req-00d3a41b-6952-4dac-9179-cd2785248293 req-00d3a41b-6952-4dac-9179-cd2785248293 ] Request (ServerTagsTestJSON:tearDownClass): 200 GET http://10.180.1.21/compute/v2.1/servers/13556d56-c154-4033-bc15-d205744f92b9 0.057s
2025-04-08 14:19:23.759 69650 INFO tempest.lib.common.rest_client [req-1c35ca02-fe70-4c0e-bf88-3c709910dcca req-1c35ca02-fe70-4c0e-bf88-3c709910dcca ] Request (MultipleCreateTestJSON:test_multiple_create_with_reservation_return): 200 GET http://10.180.1.21/compute/v2.1/servers/247ce9d7-300c-4e6e-a580-7baaa4aeb115 0.063s
2025-04-08 14:19:23.767 69654 INFO tempest.lib.common.rest_client [req-9623b1af-842c-4bc7-885b-64c99453a847 req-9623b1af-842c-4bc7-885b-64c99453a847 ] Request (AttachVolumeShelveTestJSON:test_attach_volume_shelved_or_offload_server): 200 GET http://10.180.1.21/compute/v2.1/servers/63f16880-0be1-4e76-bd7b-c12e0c018c24 0.055s
2025-04-08 14:19:23.775 69654 INFO tempest.common.waiters [-] State transition "BUILD/None" ==> "BUILD/networking" after 63 second wait
2025-04-08 14:19:23.819 69690 INFO tempest.lib.common.rest_client [req-7a73ea4e-4ad3-45c9-809c-c692cc9db762 req-7a73ea4e-4ad3-45c9-809c-c692cc9db762 ] Request (FloatingIPsAssociationTestJSON:tearDownClass): 200 GET http://10.180.1.21/compute/v2.1/servers/e99bc314-8e40-4c7f-8cb6-96e4e721023f 0.066s
2025-04-08 14:19:23.825 69672 INFO tempest.lib.common.rest_client [req-4be5b9c3-3967-4377-bb95-98350bf6f505 req-4be5b9c3-3967-4377-bb95-98350bf6f505 ] Request (ServerAddressesTestJSON:tearDownClass): 200 GET http://10.180.1.21/compute/v2.1/servers/14a726c1-d066-4627-bf2e-cb19ab7d3392 0.059s
2025-04-08 14:19:23.865 69634 INFO tempest.lib.common.rest_client [req-a067a000-3e42-442c-86a8-f5665ebba113 req-a067a000-3e42-442c-86a8-f5665ebba113 ] Request (ServersTestManualDisk:setUpClass): 200 GET http://10.180.1.21/compute/v2.1/servers/b4bdd149-3096-40cb-9e11-dbe02a9aacaf 0.064s
2025-04-08 14:19:23.892 69652 INFO tempest.lib.common.rest_client [req-79062621-debd-4181-acd5-7a4e76e4ccc2 req-79062621-debd-4181-acd5-7a4e76e4ccc2 ] Request (ServersAdminTestJSON:test_inject_network_info): 200 GET http://10.180.1.21/compute/v2.1/servers/9e087a47-ce90-4d3a-9809-837705428f05 0.049s
2025-04-08 14:19:23.947 69680 INFO tempest.lib.common.rest_client [req-0f9adfb5-f8c1-4e24-a591-6743b8194f09 req-0f9adfb5-f8c1-4e24-a591-6743b8194f09 ] Request (ImagesOneServerTestJSON:setUpClass): 200 GET http://10.180.1.21/compute/v2.1/servers/b09f57f5-fb85-4c34-a981-f8a31b3c0c01 0.051s
2025-04-08 14:19:24.009 69676 INFO tempest.lib.common.rest_client [req-6dcfccd8-c977-4126-a5a5-a0fd1c31d8ef req-6dcfccd8-c977-4126-a5a5-a0fd1c31d8ef ] Request (ServersAdminNegativeTestJSON:test_migrate_server_invalid_state): 200 GET http://10.180.1.21/compute/v2.1/servers/14ad3214-47f3-46a4-a7fe-0f97098aeba3 0.053s
2025-04-08 14:19:24.059 69684 INFO tempest.lib.common.rest_client [req-9b5a51f7-13b6-450b-9a04-94a719aab4e5 req-9b5a51f7-13b6-450b-9a04-94a719aab4e5 ] Request (MigrationsAdminTest:test_resize_server_revert_deleted_flavor): 200 GET http://10.180.1.21/compute/v2.1/servers/0365659e-b134-4241-a4ec-f6f6378c228d 0.049s
2025-04-08 14:19:24.139 69636 INFO tempest.lib.common.rest_client [req-f9a15378-94cd-4663-aee2-d05e94bf670e req-f9a15378-94cd-4663-aee2-d05e94bf670e ] Request (SecurityGroupsTestJSON:test_list_security_groups_by_server): 200 GET http://10.180.1.21/compute/v2.1/servers/5ff74a21-d2b2-488c-af74-bc597793bc69 0.093s
2025-04-08 14:19:24.146 69636 INFO tempest.common.waiters [-] State transition "BUILD/spawning" ==> "ACTIVE/None" after 68 second wait
2025-04-08 14:19:24.241 69640 INFO tempest.lib.common.rest_client [req-094c2fcb-86cb-4aa3-bb73-62437fa147f5 req-094c2fcb-86cb-4aa3-bb73-62437fa147f5 ] Request (ServersNegativeTestMultiTenantJSON:setUpClass): 200 GET http://10.180.1.21/compute/v2.1/servers/102f49a8-bd4d-445f-b772-eb6b4ed5954c 0.052s
2025-04-08 14:19:24.304 69662 INFO tempest.lib.common.rest_client [req-68225ee7-9643-40a0-a267-5d4ca72ae864 req-68225ee7-9643-40a0-a267-5d4ca72ae864 ] Request (ServersTestJSON:setUpClass): 200 GET http://10.180.1.21/compute/v2.1/servers/a27d4d7c-8c75-4799-bc32-4acd2d33eddc 0.056s
2025-04-08 14:19:24.395 69668 INFO tempest.lib.common.rest_client [req-ca4c742b-54f4-4498-a4db-fb7c25ceca8e req-ca4c742b-54f4-4498-a4db-fb7c25ceca8e ] Request (ServersAaction247Test:test_create_backup): 200 GET http://10.180.1.21/compute/v2.1/servers/2e386d21-09db-401a-8ee6-c8da8dd6d819 0.057s
2025-04-08 14:19:24.472 69636 INFO tempest.lib.common.rest_client [req-8a2d52fe-ab49-49b6-91b0-992d1688d834 req-8a2d52fe-ab49-49b6-91b0-992d1688d834 ] Request (SecurityGroupsTestJSON:test_list_security_groups_by_server): 202 POST http://10.180.1.21/compute/v2.1/servers/5ff74a21-d2b2-488c-af74-bc597793bc69/action 0.325s
2025-04-08 14:19:24.651 69638 INFO tempest.lib.common.rest_client [req-ea567f49-648f-4c0a-a3cc-71c8732106ac req-ea567f49-648f-4c0a-a3cc-71c8732106ac ] Request (InstanceActionsV221TestJSON:test_get_list_deleted_instance_actions): 200 GET http://10.180.1.21/compute/v2.1/servers/495ce11b-8ce9-4467-bac0-13a6412839a5 0.070s
2025-04-08 14:19:24.875 69692 INFO tempest.lib.common.rest_client [req-88533bcf-65d5-4c24-bca7-89b9e772207e req-88533bcf-65d5-4c24-bca7-89b9e772207e ] Request (ServersTestMultiNic:test_verify_duplicate_network_nics): 200 GET http://10.180.1.21/compute/v2.1/servers/a4343dc1-46c6-423d-b8f8-78a29041ea68 0.253s
2025-04-08 14:19:24.903 69636 INFO tempest.lib.common.rest_client [req-787169f1-b272-4b33-a35a-d157c96861fd req-787169f1-b272-4b33-a35a-d157c96861fd ] Request (SecurityGroupsTestJSON:test_list_security_groups_by_server): 202 POST http://10.180.1.21/compute/v2.1/servers/5ff74a21-d2b2-488c-af74-bc597793bc69/action 0.431s
2025-04-08 14:19:24.939 69646 INFO tempest.lib.common.rest_client [req-8a902304-2484-4da5-8bea-0c282de611a4 req-8a902304-2484-4da5-8bea-0c282de611a4 ] Request (ImagesOneServerNegativeTestJSON:_run_cleanups): 200 GET http://10.180.1.21/compute/v2.1/servers/44246e8b-d8af-4afc-b442-cef7731efa43 0.311s
2025-04-08 14:19:24.961 69666 INFO tempest.lib.common.rest_client [req-f3440fb8-dc24-4d5e-91f7-3689d2bede2e req-f3440fb8-dc24-4d5e-91f7-3689d2bede2e ] Request (ServerDiskConfigTestJSON:test_resize_server_from_auto_to_manual): 200 GET http://10.180.1.21/compute/v2.1/servers/391711ce-699a-4642-bd68-300c4cd94ce9 0.289s
2025-04-08 14:19:25.009 69648 INFO tempest.lib.common.rest_client [req-a2b358c9-48f6-4f7a-94fc-37841cf46fee req-a2b358c9-48f6-4f7a-94fc-37841cf46fee ] Request (ListServersNegativeTestJSON:setUpClass): 200 GET http://10.180.1.21/compute/v2.1/servers/ff3b6952-b448-44b4-8cf3-3abf7cb5e26a 0.292s
