2025-04-08 14:17:46.023 69642 INFO tempest.lib.common.rest_client [req-6fbc1ec2-769e-4c71-9b41-62be38bbdb58 req-6fbc1ec2-769e-4c71-9b41-62be38bbdb58 ] Request (ServersTestBootFromVolume:setUpClass): 200 GET http://10.180.1.21/compute/v2.1/servers/c6cb2dac-6d8a-4319-9e26-c12d31e8a733 0.558s
2025-04-08 14:17:46.053 69670 INFO tempest.lib.common.rest_client [req-bef2552a-7ab8-4f15-8cf5-360ef2ce7132 req-bef2552a-7ab8-4f15-8cf5-360ef2ce7132 ] Request (ServerTagsTestJSON:setUpClass): 201 POST http://10.180.1.21/identity/v3/users 0.074s
2025-04-08 14:17:46.081 69670 INFO tempest.lib.common.rest_client [req-d303ffe2-02f2-43e6-b142-8d6aabc60112 req-d303ffe2-02f2-43e6-b142-8d6aabc60112 ] Request (ServerTagsTestJSON:setUpClass): 200 GET http://10.180.1.21/identity/v3/roles 0.027s
2025-04-08 14:17:46.120 69670 INFO tempest.lib.common.rest_client [req-2f0a0af9-572d-4b08-af20-60ee055d4c04 req-2f0a0af9-572d-4b08-af20-60ee055d4c04 ] Request (ServerTagsTestJSON:setUpClass): 204 PUT http://10.180.1.21/identity/v3/projects/d92f642d1a95470e97fbd662f5df9b32/users/bb8667a5226541b4a8119edc87b1b04b/roles/1bce94b911a3466b82b78ba1e59b514c 0.039s
2025-04-08 14:17:46.121 69670 INFO tempest.lib.common.dynamic_creds [-] Dynamic test user bb8667a5226541b4a8119edc87b1b04b is created with scope project and roles: ['member']
2025-04-08 14:17:46.121 69670 INFO tempest.lib.common.dynamic_creds [-] Acquired dynamic creds: credentials: Credentials: {'domain_id': 'default', 'domain_name': 'Default', 'username': 'tempest-ServerTagsTestJSON-1703366521-project-member', 'project_domain_id': 'default', 'project_domain_name': 'Default', 'project_id': 'd92f642d1a95470e97fbd662f5df9b32', 'project_name': 'tempest-ServerTagsTestJSON-1703366521', 'tenant_id': 'd92f642d1a95470e97fbd662f5df9b32', 'tenant_name': 'tempest-ServerTagsTestJSON-1703366521', 'user_domain_id': 'default', 'user_domain_name': 'Default', 'user_id': 'bb8667a5226541b4a8119edc87b1b04b', 'system': None}, Network: None, Subnet: None, Router: None
2025-04-08 14:17:46.186 69670 INFO tempest.lib.common.rest_client [req-e222a2e1-8338-4aee-81f4-ff01bafac325 req-e222a2e1-8338-4aee-81f4-ff01bafac325 ] Request (ServerTagsTestJSON:setUpClass): 201 POST http://10.180.1.21/identity/v3/auth/tokens 0.064s
2025-04-08 14:17:46.268 69674 INFO tempest.lib.common.rest_client [req-7845b167-1a53-4936-9d0d-7bb2e4bcf792 req-7845b167-1a53-4936-9d0d-7bb2e4bcf792 ] Request (TenantUsagesTestJSON:setUpClass): 200 GET http://10.180.1.21/compute/v2.1/servers/2c565c5e-87c9-4951-8798-dde366617001 0.774s
2025-04-08 14:17:46.438 69666 INFO tempest.lib.common.rest_client [req-bbdb483c-3966-40e5-82e1-76d54b743f3e req-bbdb483c-3966-40e5-82e1-76d54b743f3e ] Request (ServerDiskConfigTestJSON:test_rebuild_server_with_auto_disk_config): 202 POST http://10.180.1.21/compute/v2.1/servers/6426b2b9-06d3-4c6f-9899-46bb73ceb6ec/action 0.923s
2025-04-08 14:17:46.516 69644 INFO tempest.lib.common.rest_client [req-959b6246-d86d-44c0-b8d6-0e1dfea74668 req-959b6246-d86d-44c0-b8d6-0e1dfea74668 ] Request (ServerActionsV293TestJSON:setUpClass): 200 GET http://10.180.1.21/volume/v3/volumes/b60eda4f-5437-4869-a2b4-ed31a9725ca0 0.028s
2025-04-08 14:17:46.547 69672 INFO tempest.lib.common.rest_client [req-504ae271-1c0d-4abf-ad1f-4001a3eb6c90 req-504ae271-1c0d-4abf-ad1f-4001a3eb6c90 ] Request (ServerDiagnosticsV248Test:tearDownClass): 200 GET http://10.180.1.21/compute/v2.1/servers/0041a723-fd77-4df2-b91f-5d2461c8f5c4 0.980s
2025-04-08 14:17:46.554 69694 WARNING tempest.lib.common.ssh [-] Failed to establish authenticated ssh connection to cirros@10.180.180.205 ([Errno None] Unable to connect to port 22 on 10.180.180.205). Number attempts: 3. Retry after 4 seconds.: paramiko.ssh_exception.NoValidConnectionsError: [Errno None] Unable to connect to port 22 on 10.180.180.205
2025-04-08 14:17:46.805 69662 INFO tempest.lib.common.rest_client [req-224d51bb-c491-4216-b164-2ed27375f5c5 req-224d51bb-c491-4216-b164-2ed27375f5c5 ] Request (ServerDiagnosticsNegativeTest:test_get_server_diagnostics_by_non_admin): 200 GET http://10.180.1.21/compute/v2.1/servers/24afcbbb-1869-4ed4-880a-d7a2e6c312ad 1.200s
2025-04-08 14:17:46.904 69678 INFO tempest.lib.common.rest_client [req-6c07dcca-fd9e-4a3f-85fc-53418a40c8de req-6c07dcca-fd9e-4a3f-85fc-53418a40c8de ] Request (ServersV294TestFqdnHostnames:setUpClass): 200 GET http://10.180.1.21/compute/v2.1/servers/543068fb-32e2-4dfb-aae9-dd1c4cff92f7 1.241s
2025-04-08 14:17:46.923 69678 INFO tempest.common.waiters [-] State transition "BUILD/scheduling" ==> "BUILD/None" after 11 second wait
2025-04-08 14:17:46.977 69646 INFO tempest.lib.common.rest_client [req-0a29e4a7-9865-40cf-9ace-ed1cf68fe1c2 req-0a29e4a7-9865-40cf-9ace-ed1cf68fe1c2 ] Request (ImagesOneServerNegativeTestJSON:setUpClass): 200 GET http://10.180.1.21/compute/v2.1/servers/9ea66b42-34d2-430c-b688-34d7a6d600a2 1.295s
2025-04-08 14:17:46.984 69658 INFO tempest.lib.common.rest_client [req-5dc2ddba-46c3-48c0-9b1b-d96097bc825c req-5dc2ddba-46c3-48c0-9b1b-d96097bc825c ] Request (TenantUsagesNegativeTestJSON:test_get_usage_tenant_with_invalid_date): 400 GET http://10.180.1.21/compute/v2.1/os-simple-tenant-usage/1361288bef574982ba2b4fdecc133d3b?start=2025-04-09T14%3A17%3A44.982343&end=2025-04-07T14%3A17%3A44.982343 1.280s
2025-04-08 14:17:47.006 69654 INFO tempest.lib.common.rest_client [req-4ccf25bf-9d4c-453d-8c4b-20f0271d41a1 req-4ccf25bf-9d4c-453d-8c4b-20f0271d41a1 ] Request (FlavorsExtraSpecsNegativeTestJSON:tearDownClass): 200 GET http://10.180.1.21/compute/v2.1/flavors/detail 1.283s
2025-04-08 14:17:47.066 69634 INFO tempest.lib.common.rest_client [req-0be7adae-aa82-4605-b5af-f932275282e2 req-0be7adae-aa82-4605-b5af-f932275282e2 ] Request (HypervisorAdminV253TestBase:test_list_show_detail_hypervisors): 200 GET http://10.180.1.21/compute/v2.1/os-hypervisors?with_servers=True 1.331s
2025-04-08 14:17:47.106 69670 INFO tempest.lib.common.rest_client [req-be798517-5d99-49a9-baf6-b1316846cfd6 req-be798517-5d99-49a9-baf6-b1316846cfd6 ] Request (ServerTagsTestJSON:setUpClass): 201 POST http://10.180.1.21:9696/networking/v2.0/networks 0.920s
2025-04-08 14:17:47.107 69654 INFO tempest.lib.common.rest_client [req-f838cd41-6613-4d25-afbb-411d7a5be62b req-f838cd41-6613-4d25-afbb-411d7a5be62b ] Request (FlavorsExtraSpecsNegativeTestJSON:tearDownClass): 204 DELETE http://10.180.1.21/identity/v3/users/a6cbe9ed79f2438b9740cfa1247074dc 0.095s
2025-04-08 14:17:47.135 69650 INFO tempest.lib.common.rest_client [req-afcc4da1-b67b-4176-b924-7527b170396f req-afcc4da1-b67b-4176-b924-7527b170396f ] Request (MultipleCreateTestJSON:test_multiple_create): 200 GET http://10.180.1.21/compute/v2.1/servers/125e57cd-019d-4880-9ffd-ba445151c55f 1.340s
2025-04-08 14:17:47.141 69680 INFO tempest.lib.common.rest_client [req-3ea2f9bd-0d49-4227-b60f-10441cf3f7c8 req-3ea2f9bd-0d49-4227-b60f-10441cf3f7c8 ] Request (FloatingIPsAssociationNegativeTestJSON:_run_cleanups): 202 DELETE http://10.180.1.21/compute/v2.1/os-floating-ips/634c8815-0f0e-446b-a67c-c218f9705f4a 1.650s
2025-04-08 14:17:47.197 69654 INFO tempest.lib.common.rest_client [req-151f5c46-b443-4c75-bb51-f474cc77c6b0 req-151f5c46-b443-4c75-bb51-f474cc77c6b0 ] Request (FlavorsExtraSpecsNegativeTestJSON:tearDownClass): 204 DELETE http://10.180.1.21/identity/v3/users/40b88b0931644657981a8da6cb633e97 0.089s
2025-04-08 14:17:47.197 69654 INFO tempest.lib.common.dynamic_creds [-] Deleting project and security group for project: 7f5d50dcfb734183ae15e30406d98c7f
2025-04-08 14:17:47.206 69640 INFO tempest.lib.common.rest_client [req-bce6362a-fbdc-4422-b8ff-02c7ed8cbe6f req-bce6362a-fbdc-4422-b8ff-02c7ed8cbe6f ] Request (ServerExternalEventsTest:tearDownClass): 200 GET http://10.180.1.21/compute/v2.1/servers/5a75a617-3721-44ba-b844-6c369dfe5f9f 1.410s
2025-04-08 14:17:47.207 69636 INFO tempest.lib.common.rest_client [req-9222ce93-0306-4566-a1ef-9a30f19547a4 req-9222ce93-0306-4566-a1ef-9a30f19547a4 ] Request (SecurityGroupRulesTestJSON:test_security_group_rules_delete_when_peer_group_deleted): 200 GET http://10.180.1.21/compute/v2.1/os-security-groups/5d24c50a-f466-4430-befa-0a8b9ffa8130 1.321s
2025-04-08 14:17:47.281 69654 INFO tempest.lib.common.rest_client [req-9505f645-a7c6-4783-ad6b-6e6f3d9c5c90 req-9505f645-a7c6-4783-ad6b-6e6f3d9c5c90 ] Request (FlavorsExtraSpecsNegativeTestJSON:tearDownClass): 201 POST http://10.180.1.21/identity/v3/auth/tokens 0.084s
2025-04-08 14:17:47.284 69668 INFO tempest.lib.common.rest_client [req-45bb820b-827d-4070-be3b-b44c80e6600a req-45bb820b-827d-4070-be3b-b44c80e6600a ] Request (ServerDiagnosticsTest:test_get_server_diagnostics): 200 GET http://10.180.1.21/compute/v2.1/servers/61c691d1-514b-44da-b3b4-c4b0475266bb 1.229s
2025-04-08 14:17:47.292 69670 INFO tempest.lib.common.rest_client [req-3feedaee-b565-4c18-befa-169ef43db831 req-3feedaee-b565-4c18-befa-169ef43db831 ] Request (ServerTagsTestJSON:setUpClass): 201 POST http://10.180.1.21:9696/networking/v2.0/subnets 0.185s
2025-04-08 14:17:47.351 69690 INFO tempest.lib.common.rest_client [req-c988819a-ce16-4aed-9db9-bf855a2aa806 req-c988819a-ce16-4aed-9db9-bf855a2aa806 ] Request (FloatingIPsAssociationTestJSON:test_associate_already_associated_floating_ip): 200 GET http://10.180.1.21/compute/v2.1/servers/ad1c3ba7-9981-4eeb-9c4f-afa9ae084977 1.230s
2025-04-08 14:17:47.359 69684 INFO tempest.lib.common.rest_client [req-bc63fc8f-218b-4236-a669-36852e6e0c84 req-bc63fc8f-218b-4236-a669-36852e6e0c84 ] Request (MigrationsAdminTest:test_list_migrations_in_flavor_resize_situation): 200 GET http://10.180.1.21/compute/v2.1/servers/48ed2483-9904-429f-b48d-8dc0150b8fff 1.371s
2025-04-08 14:17:47.378 69684 INFO tempest.common.waiters [-] State transition "RESIZE/resize_prep" ==> "RESIZE/resize_migrating" after 28 second wait
2025-04-08 14:17:47.414 69638 INFO tempest.lib.common.rest_client [req-601beac9-7806-49b6-b8e5-39540dddbc6a req-601beac9-7806-49b6-b8e5-39540dddbc6a ] Request (DeleteServersAdminTestJSON:test_delete_server_while_in_error_state): 200 GET http://10.180.1.21/compute/v2.1/servers/8e660168-eb83-40cf-9103-1ad515dc6cca 1.241s
2025-04-08 14:17:47.478 69686 INFO tempest.lib.common.rest_client [req-f0567d86-f538-421c-8bd3-009c72c90734 req-f0567d86-f538-421c-8bd3-009c72c90734 ] Request (ServersTestFqdnHostnames:test_create_server_with_fqdn_name): 200 GET http://10.180.1.21/compute/v2.1/servers/556e7d25-fef0-4d7b-b4f6-a80ecf0eaeef 0.921s
2025-04-08 14:17:47.518 69666 INFO tempest.lib.common.rest_client [req-29fb2786-ae27-4e6d-9068-3d8f6e09209d req-29fb2786-ae27-4e6d-9068-3d8f6e09209d ] Request (ServerDiskConfigTestJSON:test_rebuild_server_with_auto_disk_config): 200 GET http://10.180.1.21/compute/v2.1/servers/6426b2b9-06d3-4c6f-9899-46bb73ceb6ec 1.074s
2025-04-08 14:17:47.538 69654 INFO tempest.lib.common.rest_client [req-44816704-befd-45f3-ae90-57c1f737404f req-44816704-befd-45f3-ae90-57c1f737404f ] Request (FlavorsExtraSpecsNegativeTestJSON:tearDownClass): 200 GET http://10.180.1.21:9696/networking/v2.0/security-groups?tenant_id=7f5d50dcfb734183ae15e30406d98c7f&name=default 0.256s
2025-04-08 14:17:47.542 69692 INFO tempest.lib.common.rest_client [req-a6804b0e-e4fd-475d-b1d5-1bada15cfa6e req-a6804b0e-e4fd-475d-b1d5-1bada15cfa6e ] Request (ServersAdmin275Test:tearDownClass): 200 GET http://10.180.1.21/compute/v2.1/servers/64aea4a9-d672-473a-b00c-e3aeaa544c14 0.899s
2025-04-08 14:17:47.565 69644 INFO tempest.lib.common.rest_client [req-3cf65d19-404e-4e7a-87f4-bcac633832b7 req-3cf65d19-404e-4e7a-87f4-bcac633832b7 ] Request (ServerActionsV293TestJSON:setUpClass): 200 GET http://10.180.1.21/volume/v3/volumes/b60eda4f-5437-4869-a2b4-ed31a9725ca0 0.041s
2025-04-08 14:17:47.613 69676 INFO tempest.lib.common.rest_client [req-5f374c02-c930-4a6f-b85e-852e054a8b8c req-5f374c02-c930-4a6f-b85e-852e054a8b8c ] Request (ServersAdminNegativeTestJSON:setUpClass): 200 GET http://10.180.1.21/compute/v2.1/servers/896b5a42-7f68-4ddb-aa23-c2c9b2fc95b3 0.671s
2025-04-08 14:17:47.691 69654 INFO tempest.lib.common.rest_client [req-87eb65bf-d115-441d-b1a9-a4f71e996786 req-87eb65bf-d115-441d-b1a9-a4f71e996786 ] Request (FlavorsExtraSpecsNegativeTestJSON:tearDownClass): 204 DELETE http://10.180.1.21:9696/networking/v2.0/security-groups/4b2f82db-6326-42c5-967a-8c6849867f91 0.152s
2025-04-08 14:17:47.699 69652 INFO tempest.lib.common.rest_client [req-98e8c8ee-6a7e-4ab8-9ca0-704ccc914343 req-98e8c8ee-6a7e-4ab8-9ca0-704ccc914343 ] Request (ServersAdminTestJSON:setUpClass): 200 GET http://10.180.1.21/compute/v2.1/servers/bb4003d9-d483-4eb6-a7db-cc067adad217 0.743s
2025-04-08 14:17:47.712 69688 INFO tempest.lib.common.rest_client [req-aa2f6ba9-4f52-4c7a-a0d0-7c55cfd8640f req-aa2f6ba9-4f52-4c7a-a0d0-7c55cfd8640f ] Request (ImagesNegativeTestJSON:test_create_image_from_deleted_server): 200 GET http://10.180.1.21/compute/v2.1/servers/82bf4068-a582-4d13-9b88-2ab65a1c4efe 0.822s
2025-04-08 14:17:47.770 69696 WARNING tempest.lib.common.ssh [-] Failed to establish authenticated ssh connection to cirros@10.180.180.130 ([Errno None] Unable to connect to port 22 on 10.180.180.130). Number attempts: 2. Retry after 3 seconds.: paramiko.ssh_exception.NoValidConnectionsError: [Errno None] Unable to connect to port 22 on 10.180.180.130
2025-04-08 14:17:47.772 69654 INFO tempest.lib.common.rest_client [req-81fcb5dc-e26b-4912-bc55-539216a396ee req-81fcb5dc-e26b-4912-bc55-539216a396ee ] Request (FlavorsExtraSpecsNegativeTestJSON:tearDownClass): 204 DELETE http://10.180.1.21/identity/v3/projects/7f5d50dcfb734183ae15e30406d98c7f 0.080s
2025-04-08 14:17:47.772 69654 INFO tempest.lib.common.dynamic_creds [-] Deleting project and security group for project: 92f9a1f5d0f94a688e1c440501421297
2025-04-08 14:17:47.784 69642 INFO tempest.lib.common.rest_client [req-495425b4-d1f0-4feb-80d3-2d243128cad0 req-495425b4-d1f0-4feb-80d3-2d243128cad0 ] Request (ServersTestBootFromVolume:setUpClass): 200 GET http://10.180.1.21/compute/v2.1/servers/c6cb2dac-6d8a-4319-9e26-c12d31e8a733 0.750s
2025-04-08 14:17:47.785 69648 INFO tempest.lib.common.rest_client [req-47b0ade9-b2bf-4d76-b7c6-558e7676d65f req-47b0ade9-b2bf-4d76-b7c6-558e7676d65f ] Request (InstanceActionsTestJSON:tearDownClass): 200 PUT http://10.180.1.21:9696/networking/v2.0/routers/d3ea5941-56ab-4fed-baac-82e1e44a4c8a/remove_router_interface 1.827s
2025-04-08 14:17:47.808 69634 INFO tempest.lib.common.rest_client [req-3a154202-4b52-4f8b-9bb6-388a648b9a56 req-3a154202-4b52-4f8b-9bb6-388a648b9a56 ] Request (HypervisorAdminV253TestBase:test_list_show_detail_hypervisors): 200 GET http://10.180.1.21/compute/v2.1/os-hypervisors/6f5213e3-7dda-4c9f-aaaa-dd1951bd3c70 0.736s
2025-04-08 14:17:47.882 69658 INFO tempest.lib.common.rest_client [req-838409b1-0b14-4f94-b388-18c1a55ab935 req-838409b1-0b14-4f94-b388-18c1a55ab935 ] Request (TenantUsagesNegativeTestJSON:test_list_usage_all_tenants_with_non_admin_user): 403 GET http://10.180.1.21/compute/v2.1/os-simple-tenant-usage?start=2025-04-07T14%3A17%3A44.982343&end=2025-04-09T14%3A17%3A44.982343&detailed=1 0.896s
2025-04-08 14:17:47.921 69634 INFO tempest.lib.common.rest_client [req-21face22-2b8e-4041-be0e-89df1dd51e39 req-21face22-2b8e-4041-be0e-89df1dd51e39 ] Request (HypervisorAdminV253TestBase:tearDownClass): 204 DELETE http://10.180.1.21/identity/v3/users/4a095aea4b054dd9b80f542c26555fae 0.104s
2025-04-08 14:17:47.988 69654 INFO tempest.lib.common.rest_client [req-22a1d5da-6380-444d-b2ac-07ae51dad302 req-22a1d5da-6380-444d-b2ac-07ae51dad302 ] Request (FlavorsExtraSpecsNegativeTestJSON:tearDownClass): 200 GET http://10.180.1.21:9696/networking/v2.0/security-groups?tenant_id=92f9a1f5d0f94a688e1c440501421297&name=default 0.215s
2025-04-08 14:17:47.996 69658 INFO tempest.lib.common.rest_client [req-c2f40f8c-26a8-4a6e-a556-07cd43cd878d req-c2f40f8c-26a8-4a6e-a556-07cd43cd878d ] Request (TenantUsagesNegativeTestJSON:tearDownClass): 204 DELETE http://10.180.1.21/identity/v3/users/1de44fec173249d9bd9aa66fe755bff0 0.113s
2025-04-08 14:17:48.018 69634 INFO tempest.lib.common.rest_client [req-0f35cf82-10f6-480b-b5c2-2e2e655f934e req-0f35cf82-10f6-480b-b5c2-2e2e655f934e ] Request (HypervisorAdminV253TestBase:tearDownClass): 204 DELETE http://10.180.1.21/identity/v3/users/c7e4a78e8aa845ddb7fd1730bb933fa2 0.096s
2025-04-08 14:17:48.018 69634 INFO tempest.lib.common.dynamic_creds [-] Deleting project and security group for project: 17dfe5f422d84ab18237e954cef11835
2025-04-08 14:17:48.081 69634 INFO tempest.lib.common.rest_client [req-979aed6b-084f-4ab8-b4e2-43f7f1a9e9aa req-979aed6b-084f-4ab8-b4e2-43f7f1a9e9aa ] Request (HypervisorAdminV253TestBase:tearDownClass): 201 POST http://10.180.1.21/identity/v3/auth/tokens 0.063s
2025-04-08 14:17:48.137 69658 INFO tempest.lib.common.rest_client [req-7aa5b348-f57f-4f64-acb4-242d971f1f2c req-7aa5b348-f57f-4f64-acb4-242d971f1f2c ] Request (TenantUsagesNegativeTestJSON:tearDownClass): 204 DELETE http://10.180.1.21/identity/v3/users/b4966d8f43a140faa6fbe28863da7f21 0.140s
2025-04-08 14:17:48.137 69658 INFO tempest.lib.common.dynamic_creds [-] Deleting project and security group for project: 1361288bef574982ba2b4fdecc133d3b
2025-04-08 14:17:48.193 69654 INFO tempest.lib.common.rest_client [req-8b8069c0-2b40-4bda-a7db-3ff1d750848b req-8b8069c0-2b40-4bda-a7db-3ff1d750848b ] Request (FlavorsExtraSpecsNegativeTestJSON:tearDownClass): 204 DELETE http://10.180.1.21:9696/networking/v2.0/security-groups/fc210e4f-f5a4-4696-85a0-f8eb075c695e 0.204s
2025-04-08 14:17:48.212 69658 INFO tempest.lib.common.rest_client [req-844f7b60-8a66-469e-8b4b-ff54ebb344c7 req-844f7b60-8a66-469e-8b4b-ff54ebb344c7 ] Request (TenantUsagesNegativeTestJSON:tearDownClass): 201 POST http://10.180.1.21/identity/v3/auth/tokens 0.075s
2025-04-08 14:17:48.226 69636 INFO tempest.lib.common.rest_client [req-8ac9c7d6-6e3c-40b4-a168-176b6c380ed3 req-8ac9c7d6-6e3c-40b4-a168-176b6c380ed3 ] Request (SecurityGroupRulesTestJSON:test_security_group_rules_list): 200 POST http://10.180.1.21/compute/v2.1/os-security-groups 1.014s
2025-04-08 14:17:48.315 69654 INFO tempest.lib.common.rest_client [req-62a633d6-54b2-4dd8-930e-d04fbe57adba req-62a633d6-54b2-4dd8-930e-d04fbe57adba ] Request (FlavorsExtraSpecsNegativeTestJSON:tearDownClass): 204 DELETE http://10.180.1.21/identity/v3/projects/92f9a1f5d0f94a688e1c440501421297 0.121s
2025-04-08 14:17:48.316 69654 INFO tempest.test [-] raised in UpdateMultiattachVolumeNegativeTest.setUpClass. Invoking tearDownClass.
2025-04-08 14:17:48.335 69670 INFO tempest.lib.common.rest_client [req-d5e4a1fd-2e8c-4c32-9723-bcdb7bb29684 req-d5e4a1fd-2e8c-4c32-9723-bcdb7bb29684 ] Request (ServerTagsTestJSON:setUpClass): 201 POST http://10.180.1.21:9696/networking/v2.0/routers 1.042s
2025-04-08 14:17:48.398 69654 INFO tempest.lib.common.rest_client [req-6b7c3085-ada3-4657-9424-c599fd170495 req-6b7c3085-ada3-4657-9424-c599fd170495 ] Request (FloatingIPsTestJSON:setUpClass): 201 POST http://10.180.1.21/identity/v3/auth/tokens 0.078s
2025-04-08 14:17:48.440 69654 INFO tempest.lib.common.rest_client [req-c346fd8d-587a-48e4-97e8-39eaa99ab61c req-c346fd8d-587a-48e4-97e8-39eaa99ab61c ] Request (FloatingIPsTestJSON:setUpClass): 201 POST http://10.180.1.21/identity/v3/auth/tokens 0.038s
2025-04-08 14:17:48.475 69654 INFO tempest.lib.common.rest_client [req-a28ab253-4e50-440a-8699-3fb927324e51 req-a28ab253-4e50-440a-8699-3fb927324e51 ] Request (FloatingIPsTestJSON:setUpClass): 200 GET http://10.180.1.21/identity/v3/domains?name=Default 0.034s
2025-04-08 14:17:48.511 69654 INFO tempest.lib.common.rest_client [req-9e968ad6-69bb-48d4-bacf-480dc22811cf req-9e968ad6-69bb-48d4-bacf-480dc22811cf ] Request (FloatingIPsTestJSON:setUpClass): 201 POST http://10.180.1.21/identity/v3/projects 0.035s
2025-04-08 14:17:48.589 69654 INFO tempest.lib.common.rest_client [req-d7c3496f-ddaf-44e4-815e-c693bd329a71 req-d7c3496f-ddaf-44e4-815e-c693bd329a71 ] Request (FloatingIPsTestJSON:setUpClass): 201 POST http://10.180.1.21/identity/v3/users 0.074s
2025-04-08 14:17:48.616 69644 INFO tempest.lib.common.rest_client [req-bac77eb2-8dc8-45f9-8637-410435967f42 req-bac77eb2-8dc8-45f9-8637-410435967f42 ] Request (ServerActionsV293TestJSON:setUpClass): 200 GET http://10.180.1.21/volume/v3/volumes/b60eda4f-5437-4869-a2b4-ed31a9725ca0 0.038s
2025-04-08 14:17:48.624 69654 INFO tempest.lib.common.rest_client [req-5463ddc4-87e2-4269-b4ee-cea2c5a31959 req-5463ddc4-87e2-4269-b4ee-cea2c5a31959 ] Request (FloatingIPsTestJSON:setUpClass): 200 GET http://10.180.1.21/identity/v3/roles 0.034s
2025-04-08 14:17:48.679 69654 INFO tempest.lib.common.rest_client [req-bb512660-4d0b-4c44-a965-085137b0fca2 req-bb512660-4d0b-4c44-a965-085137b0fca2 ] Request (FloatingIPsTestJSON:setUpClass): 204 PUT http://10.180.1.21/identity/v3/projects/a1bdb56412f947e49d75c99a194a2cd1/users/f085a35635fe4492bc89bbea123cf583/roles/1bce94b911a3466b82b78ba1e59b514c 0.054s
2025-04-08 14:17:48.679 69654 INFO tempest.lib.common.dynamic_creds [-] Dynamic test user f085a35635fe4492bc89bbea123cf583 is created with scope project and roles: ['member']
2025-04-08 14:17:48.679 69654 INFO tempest.lib.common.dynamic_creds [-] Acquired dynamic creds: credentials: Credentials: {'domain_id': 'default', 'domain_name': 'Default', 'username': 'tempest-FloatingIPsTestJSON-1664598630-project-member', 'project_domain_id': 'default', 'project_domain_name': 'Default', 'project_id': 'a1bdb56412f947e49d75c99a194a2cd1', 'project_name': 'tempest-FloatingIPsTestJSON-1664598630', 'tenant_id': 'a1bdb56412f947e49d75c99a194a2cd1', 'tenant_name': 'tempest-FloatingIPsTestJSON-1664598630', 'user_domain_id': 'default', 'user_domain_name': 'Default', 'user_id': 'f085a35635fe4492bc89bbea123cf583', 'system': None}, Network: None, Subnet: None, Router: None
2025-04-08 14:17:48.714 69634 INFO tempest.lib.common.rest_client [req-0ae37379-dc4a-4782-9692-ebaab5a75d5d req-0ae37379-dc4a-4782-9692-ebaab5a75d5d ] Request (HypervisorAdminV253TestBase:tearDownClass): 200 GET http://10.180.1.21:9696/networking/v2.0/security-groups?tenant_id=17dfe5f422d84ab18237e954cef11835&name=default 0.632s
2025-04-08 14:17:48.746 69674 INFO tempest.lib.common.rest_client [req-0e0681a6-fa51-4653-aa31-0f7d2a4659ea req-0e0681a6-fa51-4653-aa31-0f7d2a4659ea ] Request (TenantUsagesTestJSON:setUpClass): 200 GET http://10.180.1.21/compute/v2.1/servers/2c565c5e-87c9-4951-8798-dde366617001 1.466s
2025-04-08 14:17:48.746 69658 INFO tempest.lib.common.rest_client [req-93ea23d4-c793-44ae-ab39-db52176692cc req-93ea23d4-c793-44ae-ab39-db52176692cc ] Request (TenantUsagesNegativeTestJSON:tearDownClass): 200 GET http://10.180.1.21:9696/networking/v2.0/security-groups?tenant_id=1361288bef574982ba2b4fdecc133d3b&name=default 0.533s
2025-04-08 14:17:48.753 69674 INFO tempest.common.waiters [-] State transition "BUILD/spawning" ==> "ACTIVE/None" after 36 second wait
2025-04-08 14:17:48.759 69654 INFO tempest.lib.common.rest_client [req-6554f38c-5eb7-45e2-bec1-1940a6e5dfc5 req-6554f38c-5eb7-45e2-bec1-1940a6e5dfc5 ] Request (FloatingIPsTestJSON:setUpClass): 201 POST http://10.180.1.21/identity/v3/auth/tokens 0.080s
2025-04-08 14:17:48.849 69672 INFO tempest.lib.common.rest_client [req-4809d080-b941-4cea-8fc1-a36a3a1d4aab req-4809d080-b941-4cea-8fc1-a36a3a1d4aab ] Request (ServerDiagnosticsV248Test:tearDownClass): 200 GET http://10.180.1.21/compute/v2.1/servers/0041a723-fd77-4df2-b91f-5d2461c8f5c4 1.288s
2025-04-08 14:17:48.977 69634 INFO tempest.lib.common.rest_client [req-bc365a8b-20fb-4109-94e2-1d6b44c9b7b1 req-bc365a8b-20fb-4109-94e2-1d6b44c9b7b1 ] Request (HypervisorAdminV253TestBase:tearDownClass): 204 DELETE http://10.180.1.21:9696/networking/v2.0/security-groups/774c2503-44cb-471b-ba37-0365672d2b07 0.262s
2025-04-08 14:17:49.005 69658 INFO tempest.lib.common.rest_client [req-f43e917e-12c1-447e-8599-ec53a3ea037d req-f43e917e-12c1-447e-8599-ec53a3ea037d ] Request (TenantUsagesNegativeTestJSON:tearDownClass): 204 DELETE http://10.180.1.21:9696/networking/v2.0/security-groups/8d54d379-1957-4b91-bc33-48ee7800061e 0.258s
2025-04-08 14:17:49.009 69648 INFO tempest.lib.common.rest_client [req-59bc5f53-1227-454d-8dce-afd05cf93bc3 req-59bc5f53-1227-454d-8dce-afd05cf93bc3 ] Request (InstanceActionsTestJSON:tearDownClass): 204 DELETE http://10.180.1.21:9696/networking/v2.0/routers/d3ea5941-56ab-4fed-baac-82e1e44a4c8a 1.223s
2025-04-08 14:17:49.051 69662 INFO tempest.lib.common.rest_client [req-5582eb7c-ec99-440e-934d-5c048686c440 req-5582eb7c-ec99-440e-934d-5c048686c440 ] Request (ServerDiagnosticsNegativeTest:test_get_server_diagnostics_by_non_admin): 200 GET http://10.180.1.21/compute/v2.1/servers/24afcbbb-1869-4ed4-880a-d7a2e6c312ad 1.236s
2025-04-08 14:17:49.086 69658 INFO tempest.lib.common.rest_client [req-065b65a4-8899-471f-8707-096cdba267fb req-065b65a4-8899-471f-8707-096cdba267fb ] Request (TenantUsagesNegativeTestJSON:tearDownClass): 204 DELETE http://10.180.1.21/identity/v3/projects/1361288bef574982ba2b4fdecc133d3b 0.080s
2025-04-08 14:17:49.086 69658 INFO tempest.lib.common.dynamic_creds [-] Deleting project and security group for project: fc3a4166f82a446d9ff4ae64e30ff583
2025-04-08 14:17:49.091 69634 INFO tempest.lib.common.rest_client [req-efe55be5-dacf-408d-8730-9bd6947f3003 req-efe55be5-dacf-408d-8730-9bd6947f3003 ] Request (HypervisorAdminV253TestBase:tearDownClass): 204 DELETE http://10.180.1.21/identity/v3/projects/17dfe5f422d84ab18237e954cef11835 0.114s
2025-04-08 14:17:49.092 69634 INFO tempest.lib.common.dynamic_creds [-] Deleting project and security group for project: 6024171314e640bc9ef71347a85683b3
2025-04-08 14:17:49.337 69678 INFO tempest.lib.common.rest_client [req-be1b8dc5-673c-4c4f-9996-b0e4645b267a req-be1b8dc5-673c-4c4f-9996-b0e4645b267a ] Request (ServersV294TestFqdnHostnames:setUpClass): 200 GET http://10.180.1.21/compute/v2.1/servers/543068fb-32e2-4dfb-aae9-dd1c4cff92f7 1.413s
2025-04-08 14:17:49.392 69648 INFO tempest.lib.common.rest_client [req-56f475cf-3390-44c4-8a50-bc18c05e693b req-56f475cf-3390-44c4-8a50-bc18c05e693b ] Request (InstanceActionsTestJSON:tearDownClass): 204 DELETE http://10.180.1.21:9696/networking/v2.0/subnets/bf9dc73b-c1b9-4c6f-b264-45667914222b 0.382s
2025-04-08 14:17:49.421 69646 INFO tempest.lib.common.rest_client [req-79977b16-e445-454a-955a-8beba26384b6 req-79977b16-e445-454a-955a-8beba26384b6 ] Request (ImagesOneServerNegativeTestJSON:setUpClass): 200 GET http://10.180.1.21/compute/v2.1/servers/9ea66b42-34d2-430c-b688-34d7a6d600a2 1.435s
2025-04-08 14:17:49.482 69658 INFO tempest.lib.common.rest_client [req-16ae5fff-1138-4549-92ea-e4fa757221f4 req-16ae5fff-1138-4549-92ea-e4fa757221f4 ] Request (TenantUsagesNegativeTestJSON:tearDownClass): 200 GET http://10.180.1.21:9696/networking/v2.0/security-groups?tenant_id=fc3a4166f82a446d9ff4ae64e30ff583&name=default 0.396s
2025-04-08 14:17:49.494 69634 INFO tempest.lib.common.rest_client [req-43cc4c85-b2d9-4e18-974e-e5af0ad77357 req-43cc4c85-b2d9-4e18-974e-e5af0ad77357 ] Request (HypervisorAdminV253TestBase:tearDownClass): 200 GET http://10.180.1.21:9696/networking/v2.0/security-groups?tenant_id=6024171314e640bc9ef71347a85683b3&name=default 0.402s
2025-04-08 14:17:49.500 69682 WARNING tempest.lib.common.ssh [-] Failed to establish authenticated ssh connection to cirros@10.180.180.190 ([Errno None] Unable to connect to port 22 on 10.180.180.190). Number attempts: 1. Retry after 2 seconds.: paramiko.ssh_exception.NoValidConnectionsError: [Errno None] Unable to connect to port 22 on 10.180.180.190
2025-04-08 14:17:49.581 69654 INFO tempest.lib.common.rest_client [req-45a82e31-4e92-4f69-bb33-b40154a308e5 req-45a82e31-4e92-4f69-bb33-b40154a308e5 ] Request (FloatingIPsTestJSON:setUpClass): 201 POST http://10.180.1.21:9696/networking/v2.0/networks 0.821s
2025-04-08 14:17:49.668 69644 INFO tempest.lib.common.rest_client [req-fb1a1d11-de80-465a-98b0-184b15e1159e req-fb1a1d11-de80-465a-98b0-184b15e1159e ] Request (ServerActionsV293TestJSON:setUpClass): 200 GET http://10.180.1.21/volume/v3/volumes/b60eda4f-5437-4869-a2b4-ed31a9725ca0 0.037s
2025-04-08 14:17:49.706 69658 INFO tempest.lib.common.rest_client [req-b0e9587f-5c13-4eba-a2bb-a5cd022fdd7f req-b0e9587f-5c13-4eba-a2bb-a5cd022fdd7f ] Request (TenantUsagesNegativeTestJSON:tearDownClass): 204 DELETE http://10.180.1.21:9696/networking/v2.0/security-groups/630c4f66-692f-404d-a5c4-3e40840e99fe 0.224s
2025-04-08 14:17:49.728 69634 INFO tempest.lib.common.rest_client [req-118eb924-8ede-4f7c-959f-8faacd6f39be req-118eb924-8ede-4f7c-959f-8faacd6f39be ] Request (HypervisorAdminV253TestBase:tearDownClass): 204 DELETE http://10.180.1.21:9696/networking/v2.0/security-groups/0a85812e-9133-41ca-bd43-1803fdbc423f 0.233s
2025-04-08 14:17:49.760 69650 INFO tempest.lib.common.rest_client [req-c5840aa7-423c-4f7f-9654-26b844c60ffb req-c5840aa7-423c-4f7f-9654-26b844c60ffb ] Request (MultipleCreateTestJSON:test_multiple_create): 200 GET http://10.180.1.21/compute/v2.1/servers/125e57cd-019d-4880-9ffd-ba445151c55f 1.613s
2025-04-08 14:17:49.858 69640 INFO tempest.lib.common.rest_client [req-351a1813-8fe1-4795-94b0-86a8413fd696 req-351a1813-8fe1-4795-94b0-86a8413fd696 ] Request (ServerExternalEventsTest:tearDownClass): 200 GET http://10.180.1.21/compute/v2.1/servers/5a75a617-3721-44ba-b844-6c369dfe5f9f 1.637s
2025-04-08 14:17:49.879 69634 INFO tempest.lib.common.rest_client [req-46526f16-3f45-4126-aa35-58342908dff2 req-46526f16-3f45-4126-aa35-58342908dff2 ] Request (HypervisorAdminV253TestBase:tearDownClass): 204 DELETE http://10.180.1.21/identity/v3/projects/6024171314e640bc9ef71347a85683b3 0.150s
2025-04-08 14:17:49.895 69658 INFO tempest.lib.common.rest_client [req-665bc4b2-3a95-4643-ba56-b0782e4540dd req-665bc4b2-3a95-4643-ba56-b0782e4540dd ] Request (TenantUsagesNegativeTestJSON:tearDownClass): 204 DELETE http://10.180.1.21/identity/v3/projects/fc3a4166f82a446d9ff4ae64e30ff583 0.187s
2025-04-08 14:17:49.950 69634 INFO tempest.lib.common.rest_client [req-f5222189-708f-45fa-97e5-1f6e41501664 req-f5222189-708f-45fa-97e5-1f6e41501664 ] Request (SecurityGroupRulesNegativeTestJSON:setUpClass): 201 POST http://10.180.1.21/identity/v3/auth/tokens 0.070s
2025-04-08 14:17:49.956 69658 INFO tempest.lib.common.rest_client [req-bf9a51ad-536e-464b-aedd-1589387b01d7 req-bf9a51ad-536e-464b-aedd-1589387b01d7 ] Request (FloatingIPsNegativeTestJSON:setUpClass): 201 POST http://10.180.1.21/identity/v3/auth/tokens 0.059s
2025-04-08 14:17:49.995 69658 INFO tempest.lib.common.rest_client [req-afc358f0-e839-4807-acbd-0c1370720c91 req-afc358f0-e839-4807-acbd-0c1370720c91 ] Request (FloatingIPsNegativeTestJSON:setUpClass): 201 POST http://10.180.1.21/identity/v3/auth/tokens 0.036s
2025-04-08 14:17:49.996 69634 INFO tempest.lib.common.rest_client [req-433f230a-98aa-4d76-8e43-ed18d492cd87 req-433f230a-98aa-4d76-8e43-ed18d492cd87 ] Request (SecurityGroupRulesNegativeTestJSON:setUpClass): 201 POST http://10.180.1.21/identity/v3/auth/tokens 0.043s
2025-04-08 14:17:50.025 69634 INFO tempest.lib.common.rest_client [req-fd4ff423-afb2-4520-8c5d-5f809dce3870 req-fd4ff423-afb2-4520-8c5d-5f809dce3870 ] Request (SecurityGroupRulesNegativeTestJSON:setUpClass): 200 GET http://10.180.1.21/identity/v3/domains?name=Default 0.028s
2025-04-08 14:17:50.044 69658 INFO tempest.lib.common.rest_client [req-55aab45d-d08d-416c-b7ca-b560a35420af req-55aab45d-d08d-416c-b7ca-b560a35420af ] Request (FloatingIPsNegativeTestJSON:setUpClass): 200 GET http://10.180.1.21/identity/v3/domains?name=Default 0.048s
2025-04-08 14:17:50.057 69680 INFO tempest.lib.common.rest_client [req-31aaf1ea-dc9a-42e7-a6b3-28b09e84d94d req-31aaf1ea-dc9a-42e7-a6b3-28b09e84d94d ] Request (FloatingIPsAssociationNegativeTestJSON:_run_cleanups): 202 POST http://10.180.1.21/compute/v2.1/servers/64eaf31f-fef5-4a5e-93be-23f9ac796162/action 2.916s
2025-04-08 14:17:50.061 69634 INFO tempest.lib.common.rest_client [req-f607dee8-6f45-4180-a4b2-2d84d6365dc1 req-f607dee8-6f45-4180-a4b2-2d84d6365dc1 ] Request (SecurityGroupRulesNegativeTestJSON:setUpClass): 201 POST http://10.180.1.21/identity/v3/projects 0.035s
2025-04-08 14:17:50.065 69654 INFO tempest.lib.common.rest_client [req-c05cf541-67ea-4f54-9af6-a8041872bc9c req-c05cf541-67ea-4f54-9af6-a8041872bc9c ] Request (FloatingIPsTestJSON:setUpClass): 201 POST http://10.180.1.21:9696/networking/v2.0/subnets 0.483s
2025-04-08 14:17:50.089 69658 INFO tempest.lib.common.rest_client [req-eff3d98b-3b69-4d57-8590-491545cd81c4 req-eff3d98b-3b69-4d57-8590-491545cd81c4 ] Request (FloatingIPsNegativeTestJSON:setUpClass): 201 POST http://10.180.1.21/identity/v3/projects 0.045s
2025-04-08 14:17:50.114 69636 INFO tempest.lib.common.rest_client [req-7cb32856-ca13-4b82-8d19-5d87c8ae260d req-7cb32856-ca13-4b82-8d19-5d87c8ae260d ] Request (SecurityGroupRulesTestJSON:test_security_group_rules_list): 200 POST http://10.180.1.21/compute/v2.1/os-security-group-rules 1.885s
2025-04-08 14:17:50.156 69658 INFO tempest.lib.common.rest_client [req-391d18cb-a00f-4063-9b0b-1b81bd771dbb req-391d18cb-a00f-4063-9b0b-1b81bd771dbb ] Request (FloatingIPsNegativeTestJSON:setUpClass): 201 POST http://10.180.1.21/identity/v3/users 0.066s
2025-04-08 14:17:50.169 69634 INFO tempest.lib.common.rest_client [req-d1ccc173-94b0-4ddf-94fa-ca0b246dfafb req-d1ccc173-94b0-4ddf-94fa-ca0b246dfafb ] Request (SecurityGroupRulesNegativeTestJSON:setUpClass): 201 POST http://10.180.1.21/identity/v3/users 0.107s
2025-04-08 14:17:50.183 69690 INFO tempest.lib.common.rest_client [req-47cd2ec0-30f6-48fe-befa-c880a1ee0e2f req-47cd2ec0-30f6-48fe-befa-c880a1ee0e2f ] Request (FloatingIPsAssociationTestJSON:test_associate_already_associated_floating_ip): 200 GET http://10.180.1.21/compute/v2.1/servers/ad1c3ba7-9981-4eeb-9c4f-afa9ae084977 1.816s
2025-04-08 14:17:50.188 69658 INFO tempest.lib.common.rest_client [req-a7e0096f-29e9-436b-bd5b-91e0ac6952e7 req-a7e0096f-29e9-436b-bd5b-91e0ac6952e7 ] Request (FloatingIPsNegativeTestJSON:setUpClass): 200 GET http://10.180.1.21/identity/v3/roles 0.031s
2025-04-08 14:17:50.189 69648 INFO tempest.lib.common.rest_client [req-c7c42ea1-48b9-4162-80b6-915b273daf96 req-c7c42ea1-48b9-4162-80b6-915b273daf96 ] Request (InstanceActionsTestJSON:tearDownClass): 204 DELETE http://10.180.1.21:9696/networking/v2.0/networks/6810f4aa-2c0d-435d-aa68-abf40b6aaf21 0.797s
2025-04-08 14:17:50.209 69634 INFO tempest.lib.common.rest_client [req-4a9bf261-f8e0-4fee-99de-8835f9b16871 req-4a9bf261-f8e0-4fee-99de-8835f9b16871 ] Request (SecurityGroupRulesNegativeTestJSON:setUpClass): 200 GET http://10.180.1.21/identity/v3/roles 0.039s
2025-04-08 14:17:50.237 69658 INFO tempest.lib.common.rest_client [req-cf85e9a6-90b0-4380-9d17-9521d08a0cd6 req-cf85e9a6-90b0-4380-9d17-9521d08a0cd6 ] Request (FloatingIPsNegativeTestJSON:setUpClass): 204 PUT http://10.180.1.21/identity/v3/projects/09653dadd864450e840a54be51296964/users/f689bad4d8464eb7bc79f4c569973daf/roles/1bce94b911a3466b82b78ba1e59b514c 0.049s
2025-04-08 14:17:50.238 69658 INFO tempest.lib.common.dynamic_creds [-] Dynamic test user f689bad4d8464eb7bc79f4c569973daf is created with scope project and roles: ['member']
2025-04-08 14:17:50.238 69658 INFO tempest.lib.common.dynamic_creds [-] Acquired dynamic creds: credentials: Credentials: {'domain_id': 'default', 'domain_name': 'Default', 'username': 'tempest-FloatingIPsNegativeTestJSON-85237812-project-member', 'project_domain_id': 'default', 'project_domain_name': 'Default', 'project_id': '09653dadd864450e840a54be51296964', 'project_name': 'tempest-FloatingIPsNegativeTestJSON-85237812', 'tenant_id': '09653dadd864450e840a54be51296964', 'tenant_name': 'tempest-FloatingIPsNegativeTestJSON-85237812', 'user_domain_id': 'default', 'user_domain_name': 'Default', 'user_id': 'f689bad4d8464eb7bc79f4c569973daf', 'system': None}, Network: None, Subnet: None, Router: None
2025-04-08 14:17:50.269 69668 INFO tempest.lib.common.rest_client [req-70ecfe60-cd58-4c9d-995a-6b23ceb90c99 req-70ecfe60-cd58-4c9d-995a-6b23ceb90c99 ] Request (ServerDiagnosticsTest:test_get_server_diagnostics): 200 GET http://10.180.1.21/compute/v2.1/servers/61c691d1-514b-44da-b3b4-c4b0475266bb 1.978s
2025-04-08 14:17:50.285 69668 INFO tempest.common.waiters [-] State transition "BUILD/None" ==> "BUILD/spawning" after 37 second wait
2025-04-08 14:17:50.303 69634 INFO tempest.lib.common.rest_client [req-5275399b-5ae6-40e4-9ceb-8e395dc3560d req-5275399b-5ae6-40e4-9ceb-8e395dc3560d ] Request (SecurityGroupRulesNegativeTestJSON:setUpClass): 204 PUT http://10.180.1.21/identity/v3/projects/f0bdc3f94c3c47ddbf93be895ccd8322/users/ad88fde2adf44be0a358ff934cbe3f4f/roles/1bce94b911a3466b82b78ba1e59b514c 0.094s
2025-04-08 14:17:50.303 69634 INFO tempest.lib.common.dynamic_creds [-] Dynamic test user ad88fde2adf44be0a358ff934cbe3f4f is created with scope project and roles: ['member']
2025-04-08 14:17:50.304 69634 INFO tempest.lib.common.dynamic_creds [-] Acquired dynamic creds: credentials: Credentials: {'domain_id': 'default', 'domain_name': 'Default', 'username': 'tempest-SecurityGroupRulesNegativeTestJSON-822255381-project-member', 'project_domain_id': 'default', 'project_domain_name': 'Default', 'project_id': 'f0bdc3f94c3c47ddbf93be895ccd8322', 'project_name': 'tempest-SecurityGroupRulesNegativeTestJSON-822255381', 'tenant_id': 'f0bdc3f94c3c47ddbf93be895ccd8322', 'tenant_name': 'tempest-SecurityGroupRulesNegativeTestJSON-822255381', 'user_domain_id': 'default', 'user_domain_name': 'Default', 'user_id': 'ad88fde2adf44be0a358ff934cbe3f4f', 'system': None}, Network: None, Subnet: None, Router: None
2025-04-08 14:17:50.348 69684 INFO tempest.lib.common.rest_client [req-e4de9c72-baee-44cd-9cf0-319ed826c5c3 req-e4de9c72-baee-44cd-9cf0-319ed826c5c3 ] Request (MigrationsAdminTest:test_list_migrations_in_flavor_resize_situation): 200 GET http://10.180.1.21/compute/v2.1/servers/48ed2483-9904-429f-b48d-8dc0150b8fff 1.969s
2025-04-08 14:17:50.354 69670 INFO tempest.lib.common.rest_client [req-f5683fed-a6ad-4c49-8e45-cea864c77955 req-f5683fed-a6ad-4c49-8e45-cea864c77955 ] Request (ServerTagsTestJSON:setUpClass): 200 PUT http://10.180.1.21:9696/networking/v2.0/routers/93f717da-848c-43eb-bcae-292dabb17310/add_router_interface 2.019s
2025-04-08 14:17:50.355 69670 INFO tempest.lib.common.dynamic_creds [-] Created isolated network resources for: credentials: Credentials: {'domain_id': 'default', 'domain_name': 'Default', 'username': 'tempest-ServerTagsTestJSON-1703366521-project-member', 'project_domain_id': 'default', 'project_domain_name': 'Default', 'project_id': 'd92f642d1a95470e97fbd662f5df9b32', 'project_name': 'tempest-ServerTagsTestJSON-1703366521', 'tenant_id': 'd92f642d1a95470e97fbd662f5df9b32', 'tenant_name': 'tempest-ServerTagsTestJSON-1703366521', 'user_domain_id': 'default', 'user_domain_name': 'Default', 'user_id': 'bb8667a5226541b4a8119edc87b1b04b', 'system': None}, Network: {'id': '3f210ccf-5c45-47a1-94c7-19c5daf4b932', 'name': 'tempest-ServerTagsTestJSON-1089045582-network', 'tenant_id': 'd92f642d1a95470e97fbd662f5df9b32', 'admin_state_up': True, 'mtu': 8950, 'status': 'ACTIVE', 'subnets': [], 'shared': False, 'project_id': 'd92f642d1a95470e97fbd662f5df9b32', 'port_security_enabled': True, 'router:external': False, 'provider:network_type': 'vlan', 'provider:physical_network': 'default', 'provider:segmentation_id': 381, 'availability_zone_hints': [], 'availability_zones': [], 'ipv4_address_scope': None, 'ipv6_address_scope': None, 'description': '', 'tags': [], 'created_at': '2025-04-08T14:17:46Z', 'updated_at': '2025-04-08T14:17:46Z', 'revision_number': 1}, Subnet: {'id': '6b5d2d84-cb0f-4c2e-b91c-9797cf751850', 'name': 'tempest-ServerTagsTestJSON-1089045582-subnet', 'tenant_id': 'd92f642d1a95470e97fbd662f5df9b32', 'network_id': '3f210ccf-5c45-47a1-94c7-19c5daf4b932', 'ip_version': 4, 'subnetpool_id': None, 'enable_dhcp': True, 'ipv6_ra_mode': None, 'ipv6_address_mode': None, 'gateway_ip': '192.168.128.1', 'cidr': '192.168.128.0/28', 'allocation_pools': [{'start': '192.168.128.2', 'end': '192.168.128.14'}], 'host_routes': [], 'dns_nameservers': [], 'description': '', 'router:external': False, 'service_types': [], 'tags': [], 'created_at': '2025-04-08T14:17:47Z', 'updated_at': '2025-04-08T14:17:47Z', 'revision_number': 0, 'project_id': 'd92f642d1a95470e97fbd662f5df9b32'}, Router: {'id': '93f717da-848c-43eb-bcae-292dabb17310', 'name': 'tempest-ServerTagsTestJSON-1089045582-router', 'tenant_id': 'd92f642d1a95470e97fbd662f5df9b32', 'admin_state_up': True, 'status': 'ACTIVE', 'external_gateway_info': {'network_id': 'eb813f47-6165-4ce3-83c2-5896be1a0339', 'external_fixed_ips': [{'subnet_id': 'ff983d59-814f-4e8d-8d33-221799b65ac6', 'ip_address': '10.180.180.217'}], 'enable_snat': True}, 'description': '', 'availability_zones': [], 'distributed': False, 'ha': False, 'availability_zone_hints': [], 'routes': [], 'flavor_id': None, 'tags': [], 'created_at': '2025-04-08T14:17:47Z', 'updated_at': '2025-04-08T14:17:47Z', 'revision_number': 2, 'project_id': 'd92f642d1a95470e97fbd662f5df9b32'}
2025-04-08 14:17:50.355 69648 INFO tempest.lib.common.rest_client [req-2bfd1fbf-3e2b-4565-bb7d-5aa34b23908a req-2bfd1fbf-3e2b-4565-bb7d-5aa34b23908a ] Request (InstanceActionsTestJSON:tearDownClass): 204 DELETE http://10.180.1.21/identity/v3/users/a7d9491c1a7e4f8fbc8a5a3ea407b9d1 0.165s
2025-04-08 14:17:50.356 69648 INFO tempest.lib.common.dynamic_creds [-] Deleting project and security group for project: 5f97f304dbcf4d8f8436103934e29ab0
2025-04-08 14:17:50.359 69658 INFO tempest.lib.common.rest_client [req-5aa0951c-0d9e-4a10-89c8-51ff62a70423 req-5aa0951c-0d9e-4a10-89c8-51ff62a70423 ] Request (FloatingIPsNegativeTestJSON:setUpClass): 201 POST http://10.180.1.21/identity/v3/auth/tokens 0.121s
2025-04-08 14:17:50.368 69638 INFO tempest.lib.common.rest_client [req-7ad3ff77-4860-45d4-a2d9-2e0b16836073 req-7ad3ff77-4860-45d4-a2d9-2e0b16836073 ] Request (DeleteServersAdminTestJSON:test_delete_server_while_in_error_state): 200 GET http://10.180.1.21/compute/v2.1/servers/8e660168-eb83-40cf-9103-1ad515dc6cca 1.945s
2025-04-08 14:17:50.390 69648 INFO tempest.lib.common.rest_client [req-f2ac738f-c211-4422-8e8d-c4c5dd8eb5fc req-f2ac738f-c211-4422-8e8d-c4c5dd8eb5fc ] Request (InstanceActionsTestJSON:tearDownClass): 200 GET http://10.180.1.21:9696/networking/v2.0/security-groups?tenant_id=5f97f304dbcf4d8f8436103934e29ab0&name=default 0.034s
2025-04-08 14:17:50.404 69686 INFO tempest.lib.common.rest_client [req-e29eacfe-4ee7-48c6-8107-616cfbe3198a req-e29eacfe-4ee7-48c6-8107-616cfbe3198a ] Request (ServersTestFqdnHostnames:test_create_server_with_fqdn_name): 200 GET http://10.180.1.21/compute/v2.1/servers/556e7d25-fef0-4d7b-b4f6-a80ecf0eaeef 1.917s
2025-04-08 14:17:50.414 69686 INFO tempest.common.waiters [-] State transition "BUILD/scheduling" ==> "BUILD/None" after 12 second wait
2025-04-08 14:17:50.426 69634 INFO tempest.lib.common.rest_client [req-14986c41-508c-43bb-9c98-7a57cc40d4b2 req-14986c41-508c-43bb-9c98-7a57cc40d4b2 ] Request (SecurityGroupRulesNegativeTestJSON:setUpClass): 201 POST http://10.180.1.21/identity/v3/auth/tokens 0.122s
2025-04-08 14:17:50.479 69670 INFO tempest.lib.common.rest_client [req-2314e7d3-99f6-4276-bbf0-959b8f606189 req-2314e7d3-99f6-4276-bbf0-959b8f606189 ] Request (ServerTagsTestJSON:setUpClass): 201 POST http://10.180.1.21/identity/v3/auth/tokens 0.119s
2025-04-08 14:17:50.479 69648 INFO tempest.lib.common.rest_client [req-1c73286d-0828-4abf-a9e6-c58d562a96f1 req-1c73286d-0828-4abf-a9e6-c58d562a96f1 ] Request (InstanceActionsTestJSON:tearDownClass): 204 DELETE http://10.180.1.21:9696/networking/v2.0/security-groups/768caa60-e59f-4786-859e-8c1a830779f5 0.089s
2025-04-08 14:17:50.498 69692 INFO tempest.lib.common.rest_client [req-e545593d-7711-45f9-a2e9-00fbfea1af3f req-e545593d-7711-45f9-a2e9-00fbfea1af3f ] Request (ServersAdmin275Test:tearDownClass): 200 GET http://10.180.1.21/compute/v2.1/servers/64aea4a9-d672-473a-b00c-e3aeaa544c14 1.946s
2025-04-08 14:17:50.544 69648 INFO tempest.lib.common.rest_client [req-de097eee-2a9d-43b1-aa81-336f00ed544c req-de097eee-2a9d-43b1-aa81-336f00ed544c ] Request (InstanceActionsTestJSON:tearDownClass): 204 DELETE http://10.180.1.21/identity/v3/projects/5f97f304dbcf4d8f8436103934e29ab0 0.065s
2025-04-08 14:17:50.567 69670 INFO tempest.lib.common.rest_client [req-3ec20aa6-dba6-46cf-bf44-55389a9ddd6d req-3ec20aa6-dba6-46cf-bf44-55389a9ddd6d ] Request (ServerTagsTestJSON:setUpClass): 201 POST http://10.180.1.21/identity/v3/auth/tokens 0.084s
2025-04-08 14:17:50.568 69670 INFO tempest.lib.common.fixed_network [-] (ServerTagsTestJSON:setUpClass) Found network {'id': '3f210ccf-5c45-47a1-94c7-19c5daf4b932', 'name': 'tempest-ServerTagsTestJSON-1089045582-network', 'tenant_id': 'd92f642d1a95470e97fbd662f5df9b32', 'admin_state_up': True, 'mtu': 8950, 'status': 'ACTIVE', 'subnets': [], 'shared': False, 'project_id': 'd92f642d1a95470e97fbd662f5df9b32', 'port_security_enabled': True, 'router:external': False, 'provider:network_type': 'vlan', 'provider:physical_network': 'default', 'provider:segmentation_id': 381, 'availability_zone_hints': [], 'availability_zones': [], 'ipv4_address_scope': None, 'ipv6_address_scope': None, 'description': '', 'tags': [], 'created_at': '2025-04-08T14:17:46Z', 'updated_at': '2025-04-08T14:17:46Z', 'revision_number': 1} available for tenant
2025-04-08 14:17:50.607 69676 INFO tempest.lib.common.rest_client [req-5c822e46-b2f4-4c60-bab4-cdfb7cba6506 req-5c822e46-b2f4-4c60-bab4-cdfb7cba6506 ] Request (ServersAdminNegativeTestJSON:setUpClass): 200 GET http://10.180.1.21/compute/v2.1/servers/896b5a42-7f68-4ddb-aa23-c2c9b2fc95b3 1.979s
2025-04-08 14:17:50.630 69648 INFO tempest.lib.common.rest_client [req-aaf08d6b-7570-4849-bb10-d5d7e760ee1a req-aaf08d6b-7570-4849-bb10-d5d7e760ee1a ] Request (ListServersNegativeTestJSON:setUpClass): 201 POST http://10.180.1.21/identity/v3/auth/tokens 0.084s
2025-04-08 14:17:50.674 69666 INFO tempest.lib.common.rest_client [req-0fdf1f3c-4536-4d6b-8891-a13ae3bd1761 req-0fdf1f3c-4536-4d6b-8891-a13ae3bd1761 ] Request (ServerDiskConfigTestJSON:test_rebuild_server_with_auto_disk_config): 200 GET http://10.180.1.21/compute/v2.1/servers/6426b2b9-06d3-4c6f-9899-46bb73ceb6ec 2.141s
2025-04-08 14:17:50.678 69648 INFO tempest.lib.common.rest_client [req-7f5ecbbd-9381-4b0a-9fe2-1df0f96d734b req-7f5ecbbd-9381-4b0a-9fe2-1df0f96d734b ] Request (ListServersNegativeTestJSON:setUpClass): 201 POST http://10.180.1.21/identity/v3/auth/tokens 0.045s
2025-04-08 14:17:50.686 69666 INFO tempest.common.waiters [-] State transition "REBUILD/rebuilding" ==> "REBUILD/rebuild_spawning" after 3 second wait
2025-04-08 14:17:50.714 69634 INFO tempest.lib.common.rest_client [req-2fe6f538-6b52-4c09-a894-385dd9dfc012 req-2fe6f538-6b52-4c09-a894-385dd9dfc012 ] Request (SecurityGroupRulesNegativeTestJSON:setUpClass): 201 POST http://10.180.1.21:9696/networking/v2.0/networks 0.288s
2025-04-08 14:17:50.718 69652 INFO tempest.lib.common.rest_client [req-4fe53f39-57fc-487f-bc22-25ca65277d57 req-4fe53f39-57fc-487f-bc22-25ca65277d57 ] Request (ServersAdminTestJSON:setUpClass): 200 GET http://10.180.1.21/compute/v2.1/servers/bb4003d9-d483-4eb6-a7db-cc067adad217 2.011s
2025-04-08 14:17:50.719 69644 INFO tempest.lib.common.rest_client [req-1556fa8b-01dd-4f8a-8f6f-2ff7e5b10659 req-1556fa8b-01dd-4f8a-8f6f-2ff7e5b10659 ] Request (ServerActionsV293TestJSON:setUpClass): 200 GET http://10.180.1.21/volume/v3/volumes/b60eda4f-5437-4869-a2b4-ed31a9725ca0 0.040s
2025-04-08 14:17:50.734 69648 INFO tempest.lib.common.rest_client [req-b4ff44ec-87f8-4f16-a3fc-cc0701649d51 req-b4ff44ec-87f8-4f16-a3fc-cc0701649d51 ] Request (ListServersNegativeTestJSON:setUpClass): 200 GET http://10.180.1.21/identity/v3/domains?name=Default 0.056s
2025-04-08 14:17:50.770 69648 INFO tempest.lib.common.rest_client [req-d4855e01-1279-4cf0-9d47-ec06d5424e34 req-d4855e01-1279-4cf0-9d47-ec06d5424e34 ] Request (ListServersNegativeTestJSON:setUpClass): 201 POST http://10.180.1.21/identity/v3/projects 0.036s
2025-04-08 14:17:50.778 69688 INFO tempest.lib.common.rest_client [req-2b2ace46-b844-49f6-a2e1-297248ab8191 req-2b2ace46-b844-49f6-a2e1-297248ab8191 ] Request (ImagesNegativeTestJSON:test_create_image_from_deleted_server): 200 GET http://10.180.1.21/compute/v2.1/servers/82bf4068-a582-4d13-9b88-2ab65a1c4efe 2.054s
2025-04-08 14:17:50.795 69688 INFO tempest.common.waiters [-] State transition "ACTIVE/deleting" ==> "DELETED/None" after 5 second wait
2025-04-08 14:17:50.836 69648 INFO tempest.lib.common.rest_client [req-dbdd9c84-33cc-4637-86a6-58a95819d943 req-dbdd9c84-33cc-4637-86a6-58a95819d943 ] Request (ListServersNegativeTestJSON:setUpClass): 201 POST http://10.180.1.21/identity/v3/users 0.065s
2025-04-08 14:17:50.857 69648 INFO tempest.lib.common.rest_client [req-403f12a9-011c-403e-b38a-b985f1f059ed req-403f12a9-011c-403e-b38a-b985f1f059ed ] Request (ListServersNegativeTestJSON:setUpClass): 200 GET http://10.180.1.21/identity/v3/roles 0.020s
2025-04-08 14:17:50.884 69642 INFO tempest.lib.common.rest_client [req-43839f78-744d-4b4c-b32a-163dbbd81671 req-43839f78-744d-4b4c-b32a-163dbbd81671 ] Request (ServersTestBootFromVolume:setUpClass): 200 GET http://10.180.1.21/compute/v2.1/servers/c6cb2dac-6d8a-4319-9e26-c12d31e8a733 2.090s
2025-04-08 14:17:50.885 69648 INFO tempest.lib.common.rest_client [req-c15fee3d-1d09-4152-907c-9059658e32ec req-c15fee3d-1d09-4152-907c-9059658e32ec ] Request (ListServersNegativeTestJSON:setUpClass): 204 PUT http://10.180.1.21/identity/v3/projects/7c89b2848f2048708139b78e464a71d7/users/0505d9957eaf4673bcd15d8cc92c8587/roles/1bce94b911a3466b82b78ba1e59b514c 0.028s
2025-04-08 14:17:50.886 69648 INFO tempest.lib.common.dynamic_creds [-] Dynamic test user 0505d9957eaf4673bcd15d8cc92c8587 is created with scope project and roles: ['member']
