2025-04-08 14:18:21.659 69686 INFO tempest.lib.common.rest_client [req-bdc8068c-12bd-4c08-be02-ab207b2b7832 req-bdc8068c-12bd-4c08-be02-ab207b2b7832 ] Request (ServersTestFqdnHostnames:test_create_server_with_fqdn_name): 200 GET http://10.180.1.21/compute/v2.1/servers/556e7d25-fef0-4d7b-b4f6-a80ecf0eaeef 0.212s
2025-04-08 14:18:21.696 69672 INFO tempest.lib.common.rest_client [req-c828b886-b24b-4ab3-bfb0-04c0081e07cb req-c828b886-b24b-4ab3-bfb0-04c0081e07cb ] Request (ServerAddressesTestJSON:setUpClass): 200 GET http://10.180.1.21/compute/v2.1/servers/14a726c1-d066-4627-bf2e-cb19ab7d3392 0.121s
2025-04-08 14:18:21.746 69692 INFO tempest.lib.common.rest_client [req-6e11ad26-67e5-414f-8532-3ed07017b1cd req-6e11ad26-67e5-414f-8532-3ed07017b1cd ] Request (ServersTestMultiNic:test_verify_duplicate_network_nics): 200 GET http://10.180.1.21/compute/v2.1/servers/a4343dc1-46c6-423d-b8f8-78a29041ea68 0.110s
2025-04-08 14:18:22.024 69640 INFO tempest.lib.common.rest_client [req-016173a6-6551-4358-a652-08fa9f26e8e8 req-016173a6-6551-4358-a652-08fa9f26e8e8 ] Request (ServersNegativeTestMultiTenantJSON:setUpClass): 201 POST http://10.180.1.21:9696/networking/v2.0/routers 0.787s
2025-04-08 14:18:22.124 69690 INFO tempest.lib.common.rest_client [req-2591fe99-7a98-413f-8014-371b4f1380c9 req-2591fe99-7a98-413f-8014-371b4f1380c9 ] Request (FloatingIPsAssociationTestJSON:test_associate_already_associated_floating_ip): 200 GET http://10.180.1.21/compute/v2.1/servers/ad1c3ba7-9981-4eeb-9c4f-afa9ae084977 0.491s
2025-04-08 14:18:22.134 69690 INFO tempest.common.waiters [-] State transition "BUILD/spawning" ==> "ACTIVE/None" after 51 second wait
2025-04-08 14:18:22.182 69676 INFO tempest.lib.common.rest_client [req-4ca6fa70-89fe-4493-9f0a-8759ea3d1533 req-4ca6fa70-89fe-4493-9f0a-8759ea3d1533 ] Request (ServersAdminNegativeTestJSON:setUpClass): 200 GET http://10.180.1.21/compute/v2.1/servers/896b5a42-7f68-4ddb-aa23-c2c9b2fc95b3 0.434s
2025-04-08 14:18:22.264 69644 INFO tempest.lib.common.rest_client [req-0936ea51-de25-473b-93b5-f6b0f6aeb01b req-0936ea51-de25-473b-93b5-f6b0f6aeb01b ] Request (ServerActionsV293TestJSON:setUpClass): 200 GET http://10.180.1.21/compute/v2.1/servers/d296fcbe-d243-4c97-a871-34bdfa99dcf6 0.353s
2025-04-08 14:18:22.295 69678 INFO tempest.lib.common.rest_client [req-14835686-437f-4e3b-b6b3-2264d9681073 req-14835686-437f-4e3b-b6b3-2264d9681073 ] Request (ServersV294TestFqdnHostnames:setUpClass): 200 GET http://10.180.1.21/compute/v2.1/servers/543068fb-32e2-4dfb-aae9-dd1c4cff92f7 0.385s
2025-04-08 14:18:22.345 69674 INFO tempest.lib.common.rest_client [req-b72d4670-97c0-47b8-a980-b9916308efe4 req-b72d4670-97c0-47b8-a980-b9916308efe4 ] Request (TenantUsagesTestJSON:tearDownClass): 200 GET http://10.180.1.21/compute/v2.1/servers/2c565c5e-87c9-4951-8798-dde366617001 0.350s
2025-04-08 14:18:22.375 69670 INFO tempest.lib.common.rest_client [req-0ec3797a-e5f6-4289-8760-f7e6dbf26dda req-0ec3797a-e5f6-4289-8760-f7e6dbf26dda ] Request (ServerTagsTestJSON:setUpClass): 200 GET http://10.180.1.21/compute/v2.1/servers/13556d56-c154-4033-bc15-d205744f92b9 0.315s
2025-04-08 14:18:22.453 69666 INFO tempest.lib.common.rest_client [req-5a1b25fe-6d62-4060-b022-79cec6a93c40 req-5a1b25fe-6d62-4060-b022-79cec6a93c40 ] Request (ServerDiskConfigTestJSON:test_rebuild_server_with_manual_disk_config): 200 GET http://10.180.1.21/compute/v2.1/servers/651f02fd-b91f-4d1d-80ba-e66edff2503b 0.330s
2025-04-08 14:18:22.552 69646 INFO tempest.lib.common.rest_client [req-a36cc3f6-84fe-4edc-887b-a51e59166b21 req-a36cc3f6-84fe-4edc-887b-a51e59166b21 ] Request (ImagesOneServerNegativeTestJSON:tearDown): 200 GET http://10.180.1.21/compute/v2.1/servers/9ea66b42-34d2-430c-b688-34d7a6d600a2 0.489s
2025-04-08 14:18:22.572 69646 INFO tempest.common.waiters [-] State transition "ACTIVE/image_uploading" ==> "ACTIVE/None" after 7 second wait
2025-04-08 14:18:22.643 69650 INFO tempest.lib.common.rest_client [req-3c8815ed-fb21-4d18-ac52-7297e8df7f3c req-3c8815ed-fb21-4d18-ac52-7297e8df7f3c ] Request (MultipleCreateTestJSON:test_multiple_create): 200 GET http://10.180.1.21/compute/v2.1/servers/125e57cd-019d-4880-9ffd-ba445151c55f 0.492s
2025-04-08 14:18:22.663 69634 INFO tempest.lib.common.rest_client [req-6e7bd7ea-2892-4d8f-9388-ffea2f0e2e98 req-6e7bd7ea-2892-4d8f-9388-ffea2f0e2e98 ] Request (ServersTestManualDisk:setUpClass): 201 POST http://10.180.1.21:9696/networking/v2.0/floatingips 1.289s
2025-04-08 14:18:22.707 69634 INFO tempest.lib.common.rest_client [req-aa2316f5-501f-49c1-9d4d-60d3e2c3fa3f req-aa2316f5-501f-49c1-9d4d-60d3e2c3fa3f ] Request (ServersTestManualDisk:setUpClass): 201 POST http://10.180.1.21/identity/v3/auth/tokens 0.038s
2025-04-08 14:18:22.707 69634 INFO tempest.lib.common.fixed_network [-] (ServersTestManualDisk:setUpClass) Found network {'id': '50f58b78-8f0a-48af-9a71-cc00e77793e2', 'name': 'tempest-ServersTestManualDisk-247452868-network', 'tenant_id': '35a7c8d531b345da841d466f2b1c0411', 'admin_state_up': True, 'mtu': 8950, 'status': 'ACTIVE', 'subnets': [], 'shared': False, 'project_id': '35a7c8d531b345da841d466f2b1c0411', 'port_security_enabled': True, 'router:external': False, 'provider:network_type': 'vlan', 'provider:physical_network': 'default', 'provider:segmentation_id': 997, 'availability_zone_hints': [], 'availability_zones': [], 'ipv4_address_scope': None, 'ipv6_address_scope': None, 'description': '', 'tags': [], 'created_at': '2025-04-08T14:18:18Z', 'updated_at': '2025-04-08T14:18:18Z', 'revision_number': 1} available for tenant
2025-04-08 14:18:22.715 69648 INFO tempest.lib.common.rest_client [req-29bc7fe8-6e84-4e94-9822-a302620670fb req-29bc7fe8-6e84-4e94-9822-a302620670fb ] Request (ListServersNegativeTestJSON:setUpClass): 200 GET http://10.180.1.21/compute/v2.1/servers/6adb743f-3e48-41b6-9643-6e1927555681 0.522s
2025-04-08 14:18:22.726 69648 INFO tempest.common.waiters [-] State transition "BUILD/scheduling" ==> "BUILD/None" after 23 second wait
2025-04-08 14:18:22.798 69680 INFO tempest.lib.common.rest_client [req-2533809d-1b7c-40cd-a2a4-e46758c49036 req-2533809d-1b7c-40cd-a2a4-e46758c49036 ] Request (FloatingIPsAssociationNegativeTestJSON:tearDownClass): 200 GET http://10.180.1.21/compute/v2.1/servers/64eaf31f-fef5-4a5e-93be-23f9ac796162 0.567s
2025-04-08 14:18:22.881 69668 INFO tempest.lib.common.rest_client [req-4b014375-7db2-4f92-abd0-f1e894a9a7a5 req-4b014375-7db2-4f92-abd0-f1e894a9a7a5 ] Request (ServerDiagnosticsTest:tearDownClass): 200 GET http://10.180.1.21/compute/v2.1/servers/61c691d1-514b-44da-b3b4-c4b0475266bb 0.611s
2025-04-08 14:18:22.910 69694 WARNING tempest.lib.common.ssh [-] Failed to establish authenticated ssh connection to cirros@10.180.180.205 ([Errno None] Unable to connect to port 22 on 10.180.180.205). Number attempts: 7. Retry after 8 seconds.: paramiko.ssh_exception.NoValidConnectionsError: [Errno None] Unable to connect to port 22 on 10.180.180.205
2025-04-08 14:18:22.945 69654 INFO tempest.lib.common.rest_client [req-616004c0-1022-4d13-a161-59c7cf921147 req-616004c0-1022-4d13-a161-59c7cf921147 ] Request (AttachVolumeShelveTestJSON:test_attach_volume_shelved_or_offload_server): 200 GET http://10.180.1.21/compute/v2.1/servers/63f16880-0be1-4e76-bd7b-c12e0c018c24 0.656s
2025-04-08 14:18:22.955 69688 INFO tempest.lib.common.rest_client [req-d9c699e8-1861-42c2-a079-3d7d154ccf3a req-d9c699e8-1861-42c2-a079-3d7d154ccf3a ] Request (ImagesNegativeTestJSON:tearDownClass): 200 PUT http://10.180.1.21:9696/networking/v2.0/routers/faa3b2b8-4246-4915-9b94-bc359384b778/remove_router_interface 1.881s
2025-04-08 14:18:23.009 69636 INFO tempest.lib.common.rest_client [req-6aca3b38-11d6-4c67-9c05-2e550ac6d392 req-6aca3b38-11d6-4c67-9c05-2e550ac6d392 ] Request (SecurityGroupsTestJSON:test_list_security_groups_by_server): 200 GET http://10.180.1.21/compute/v2.1/servers/5ff74a21-d2b2-488c-af74-bc597793bc69 0.624s
2025-04-08 14:18:23.091 69662 INFO tempest.lib.common.rest_client [req-a51baf8b-316a-40f4-8519-3aab355ad45e req-a51baf8b-316a-40f4-8519-3aab355ad45e ] Request (ServerDiagnosticsNegativeTest:tearDownClass): 200 GET http://10.180.1.21/compute/v2.1/servers/24afcbbb-1869-4ed4-880a-d7a2e6c312ad 0.618s
2025-04-08 14:18:23.226 69664 WARNING tempest.lib.common.ssh [-] Failed to establish authenticated ssh connection to cirros@10.180.180.189 ([Errno None] Unable to connect to port 22 on 10.180.180.189). Number attempts: 8. Retry after 9 seconds.: paramiko.ssh_exception.NoValidConnectionsError: [Errno None] Unable to connect to port 22 on 10.180.180.189
2025-04-08 14:18:23.234 69684 INFO tempest.lib.common.rest_client [req-473d0ae2-a96d-42f9-b1ce-b299083d56bd req-473d0ae2-a96d-42f9-b1ce-b299083d56bd ] Request (MigrationsAdminTest:test_list_migrations_in_flavor_resize_situation): 200 GET http://10.180.1.21/compute/v2.1/servers/48ed2483-9904-429f-b48d-8dc0150b8fff 0.742s
2025-04-08 14:18:23.303 69652 INFO tempest.lib.common.rest_client [req-7811c6ea-f37b-403a-88b8-60c8a55db354 req-7811c6ea-f37b-403a-88b8-60c8a55db354 ] Request (ServersAdminTestJSON:test_create_server_with_scheduling_hint): 200 GET http://10.180.1.21/compute/v2.1/servers/15d45208-7c48-4c60-87bf-b26a14fa861f 0.749s
2025-04-08 14:18:23.385 69646 INFO tempest.lib.common.rest_client [req-3fd21721-3d12-45bf-9e06-5534ccdec74e req-3fd21721-3d12-45bf-9e06-5534ccdec74e ] Request (ImagesOneServerNegativeTestJSON:_run_cleanups): 204 DELETE http://10.180.1.21/compute/v2.1/servers/9ea66b42-34d2-430c-b688-34d7a6d600a2 0.813s
2025-04-08 14:18:23.516 69638 INFO tempest.lib.common.rest_client [req-c82417bf-ba6d-4799-9d0e-be3ad23627c8 req-c82417bf-ba6d-4799-9d0e-be3ad23627c8 ] Request (DeleteServersAdminTestJSON:test_delete_server_while_in_error_state): 200 GET http://10.180.1.21/compute/v2.1/servers/8e660168-eb83-40cf-9103-1ad515dc6cca 0.869s
2025-04-08 14:18:23.524 69638 INFO tempest.common.waiters [-] State transition "BUILD/None" ==> "BUILD/spawning" after 42 second wait
2025-04-08 14:18:23.655 69640 INFO tempest.lib.common.rest_client [req-f81b90c4-7a25-4c63-8040-0ca8f13ca276 req-f81b90c4-7a25-4c63-8040-0ca8f13ca276 ] Request (ServersNegativeTestMultiTenantJSON:setUpClass): 200 PUT http://10.180.1.21:9696/networking/v2.0/routers/b0e1b992-34a9-4e88-82aa-7b3ede48e3f4/add_router_interface 1.631s
2025-04-08 14:18:23.656 69640 INFO tempest.lib.common.dynamic_creds [-] Created isolated network resources for: credentials: Credentials: {'domain_id': 'default', 'domain_name': 'Default', 'username': 'tempest-ServersNegativeTestMultiTenantJSON-1345017179-project-member', 'project_domain_id': 'default', 'project_domain_name': 'Default', 'project_id': '267dd15902114aafbb05b72a7b043fd9', 'project_name': 'tempest-ServersNegativeTestMultiTenantJSON-1345017179', 'tenant_id': '267dd15902114aafbb05b72a7b043fd9', 'tenant_name': 'tempest-ServersNegativeTestMultiTenantJSON-1345017179', 'user_domain_id': 'default', 'user_domain_name': 'Default', 'user_id': '9339053c320b4eff9b47e03deb707cab', 'system': None}, Network: {'id': '8e0ee2d0-53ed-4636-ae1e-31887abc0164', 'name': 'tempest-ServersNegativeTestMultiTenantJSON-314301388-network', 'tenant_id': '267dd15902114aafbb05b72a7b043fd9', 'admin_state_up': True, 'mtu': 8950, 'status': 'ACTIVE', 'subnets': [], 'shared': False, 'project_id': '267dd15902114aafbb05b72a7b043fd9', 'port_security_enabled': True, 'router:external': False, 'provider:network_type': 'vlan', 'provider:physical_network': 'default', 'provider:segmentation_id': 717, 'availability_zone_hints': [], 'availability_zones': [], 'ipv4_address_scope': None, 'ipv6_address_scope': None, 'description': '', 'tags': [], 'created_at': '2025-04-08T14:18:20Z', 'updated_at': '2025-04-08T14:18:20Z', 'revision_number': 1}, Subnet: {'id': 'f706c722-c99a-4b60-8d13-81db05a44cbc', 'name': 'tempest-ServersNegativeTestMultiTenantJSON-314301388-subnet', 'tenant_id': '267dd15902114aafbb05b72a7b043fd9', 'network_id': '8e0ee2d0-53ed-4636-ae1e-31887abc0164', 'ip_version': 4, 'subnetpool_id': None, 'enable_dhcp': True, 'ipv6_ra_mode': None, 'ipv6_address_mode': None, 'gateway_ip': '192.168.128.1', 'cidr': '192.168.128.0/28', 'allocation_pools': [{'start': '192.168.128.2', 'end': '192.168.128.14'}], 'host_routes': [], 'dns_nameservers': [], 'description': '', 'router:external': False, 'service_types': [], 'tags': [], 'created_at': '2025-04-08T14:18:21Z', 'updated_at': '2025-04-08T14:18:21Z', 'revision_number': 0, 'project_id': '267dd15902114aafbb05b72a7b043fd9'}, Router: {'id': 'b0e1b992-34a9-4e88-82aa-7b3ede48e3f4', 'name': 'tempest-ServersNegativeTestMultiTenantJSON-314301388-router', 'tenant_id': '267dd15902114aafbb05b72a7b043fd9', 'admin_state_up': True, 'status': 'ACTIVE', 'external_gateway_info': {'network_id': 'eb813f47-6165-4ce3-83c2-5896be1a0339', 'external_fixed_ips': [{'subnet_id': 'ff983d59-814f-4e8d-8d33-221799b65ac6', 'ip_address': '10.180.180.207'}], 'enable_snat': True}, 'description': '', 'availability_zones': [], 'distributed': False, 'ha': False, 'availability_zone_hints': [], 'routes': [], 'flavor_id': None, 'tags': [], 'created_at': '2025-04-08T14:18:21Z', 'updated_at': '2025-04-08T14:18:21Z', 'revision_number': 2, 'project_id': '267dd15902114aafbb05b72a7b043fd9'}
2025-04-08 14:18:23.677 69690 INFO tempest.lib.common.rest_client [req-321864cd-2739-4b18-ac1c-198b43873e2d req-321864cd-2739-4b18-ac1c-198b43873e2d ] Request (FloatingIPsAssociationTestJSON:test_associate_already_associated_floating_ip): 202 POST http://10.180.1.21/compute/v2.1/servers/e99bc314-8e40-4c7f-8cb6-96e4e721023f/action 1.542s
2025-04-08 14:18:23.732 69688 INFO tempest.lib.common.rest_client [req-05364791-3915-4d61-81fa-faf11d53cd04 req-05364791-3915-4d61-81fa-faf11d53cd04 ] Request (ImagesNegativeTestJSON:tearDownClass): 204 DELETE http://10.180.1.21:9696/networking/v2.0/routers/faa3b2b8-4246-4915-9b94-bc359384b778 0.776s
2025-04-08 14:18:23.744 69686 INFO tempest.lib.common.rest_client [req-d29bfcb3-2d84-41a0-9255-47b52b672a80 req-d29bfcb3-2d84-41a0-9255-47b52b672a80 ] Request (ServersTestFqdnHostnames:test_create_server_with_fqdn_name): 200 GET http://10.180.1.21/compute/v2.1/servers/556e7d25-fef0-4d7b-b4f6-a80ecf0eaeef 1.073s
2025-04-08 14:18:23.779 69640 INFO tempest.lib.common.rest_client [req-a1ca1017-c638-448d-9b64-06c701d8c9f7 req-a1ca1017-c638-448d-9b64-06c701d8c9f7 ] Request (ServersNegativeTestMultiTenantJSON:setUpClass): 201 POST http://10.180.1.21/identity/v3/auth/tokens 0.116s
2025-04-08 14:18:23.822 69640 INFO tempest.lib.common.rest_client [req-baee1cfc-7c01-4ac6-8882-3f2c296c60c8 req-baee1cfc-7c01-4ac6-8882-3f2c296c60c8 ] Request (ServersNegativeTestMultiTenantJSON:setUpClass): 201 POST http://10.180.1.21/identity/v3/projects 0.043s
2025-04-08 14:18:23.833 69672 INFO tempest.lib.common.rest_client [req-88267a81-05e1-4bb1-8eda-3bd23a7a0a52 req-88267a81-05e1-4bb1-8eda-3bd23a7a0a52 ] Request (ServerAddressesTestJSON:setUpClass): 200 GET http://10.180.1.21/compute/v2.1/servers/14a726c1-d066-4627-bf2e-cb19ab7d3392 1.122s
2025-04-08 14:18:23.885 69640 INFO tempest.lib.common.rest_client [req-8cd7fdeb-2a85-4da6-a580-79c7cc58d846 req-8cd7fdeb-2a85-4da6-a580-79c7cc58d846 ] Request (ServersNegativeTestMultiTenantJSON:setUpClass): 201 POST http://10.180.1.21/identity/v3/users 0.062s
2025-04-08 14:18:23.896 69692 INFO tempest.lib.common.rest_client [req-c1e91df1-4a70-4e02-b7e7-f293923c6a0c req-c1e91df1-4a70-4e02-b7e7-f293923c6a0c ] Request (ServersTestMultiNic:test_verify_duplicate_network_nics): 200 GET http://10.180.1.21/compute/v2.1/servers/a4343dc1-46c6-423d-b8f8-78a29041ea68 1.138s
2025-04-08 14:18:23.918 69640 INFO tempest.lib.common.rest_client [req-9ff66dbb-2edb-4f01-985f-a045a9778c58 req-9ff66dbb-2edb-4f01-985f-a045a9778c58 ] Request (ServersNegativeTestMultiTenantJSON:setUpClass): 200 GET http://10.180.1.21/identity/v3/roles 0.033s
2025-04-08 14:18:23.956 69640 INFO tempest.lib.common.rest_client [req-e753c777-4032-4a93-9342-51066788120d req-e753c777-4032-4a93-9342-51066788120d ] Request (ServersNegativeTestMultiTenantJSON:setUpClass): 204 PUT http://10.180.1.21/identity/v3/projects/8e47b0b3085e40699e623735ae113c08/users/694c5bc0aa134e52825ae6f17b2bdcd3/roles/1bce94b911a3466b82b78ba1e59b514c 0.037s
2025-04-08 14:18:23.957 69640 INFO tempest.lib.common.dynamic_creds [-] Dynamic test user 694c5bc0aa134e52825ae6f17b2bdcd3 is created with scope project and roles: ['member']
2025-04-08 14:18:23.957 69640 INFO tempest.lib.common.dynamic_creds [-] Acquired dynamic creds: credentials: Credentials: {'domain_id': 'default', 'domain_name': 'Default', 'username': 'tempest-ServersNegativeTestMultiTenantJSON-1798410645-project-member', 'project_domain_id': 'default', 'project_domain_name': 'Default', 'project_id': '8e47b0b3085e40699e623735ae113c08', 'project_name': 'tempest-ServersNegativeTestMultiTenantJSON-1798410645', 'tenant_id': '8e47b0b3085e40699e623735ae113c08', 'tenant_name': 'tempest-ServersNegativeTestMultiTenantJSON-1798410645', 'user_domain_id': 'default', 'user_domain_name': 'Default', 'user_id': '694c5bc0aa134e52825ae6f17b2bdcd3', 'system': None}, Network: None, Subnet: None, Router: None
2025-04-08 14:18:23.989 69688 INFO tempest.lib.common.rest_client [req-bd1215c5-64d7-4aa1-9743-16232c8edaab req-bd1215c5-64d7-4aa1-9743-16232c8edaab ] Request (ImagesNegativeTestJSON:tearDownClass): 204 DELETE http://10.180.1.21:9696/networking/v2.0/subnets/fab2d7c2-74f9-4508-a141-fa9709b12ff6 0.256s
2025-04-08 14:18:24.026 69676 INFO tempest.lib.common.rest_client [req-e0606531-be24-43bc-9046-814bc3332bb5 req-e0606531-be24-43bc-9046-814bc3332bb5 ] Request (ServersAdminNegativeTestJSON:setUpClass): 200 GET http://10.180.1.21/compute/v2.1/servers/896b5a42-7f68-4ddb-aa23-c2c9b2fc95b3 0.834s
2025-04-08 14:18:24.037 69676 INFO tempest.common.waiters [-] State transition "BUILD/spawning" ==> "ACTIVE/None" after 52 second wait
2025-04-08 14:18:24.108 69644 INFO tempest.lib.common.rest_client [req-e17d7c82-0b80-4965-9276-0036ac7944bc req-e17d7c82-0b80-4965-9276-0036ac7944bc ] Request (ServerActionsV293TestJSON:setUpClass): 200 GET http://10.180.1.21/compute/v2.1/servers/d296fcbe-d243-4c97-a871-34bdfa99dcf6 0.831s
2025-04-08 14:18:24.229 69678 INFO tempest.lib.common.rest_client [req-95d84914-de34-442d-a8b4-8183e34be66d req-95d84914-de34-442d-a8b4-8183e34be66d ] Request (ServersV294TestFqdnHostnames:setUpClass): 200 GET http://10.180.1.21/compute/v2.1/servers/543068fb-32e2-4dfb-aae9-dd1c4cff92f7 0.919s
2025-04-08 14:18:24.229 69634 INFO tempest.lib.common.rest_client [req-63523930-b07a-43f8-a902-dbd7931d4e1b req-63523930-b07a-43f8-a902-dbd7931d4e1b ] Request (ServersTestManualDisk:setUpClass): 202 POST http://10.180.1.21/compute/v2.1/servers 1.521s
2025-04-08 14:18:24.235 69640 INFO tempest.lib.common.rest_client [req-4c8edef7-6b9c-473c-88f9-4ae6b788b0a7 req-4c8edef7-6b9c-473c-88f9-4ae6b788b0a7 ] Request (ServersNegativeTestMultiTenantJSON:setUpClass): 201 POST http://10.180.1.21:9696/networking/v2.0/networks 0.278s
2025-04-08 14:18:24.324 69674 INFO tempest.lib.common.rest_client [req-05e93f23-87e3-4bb6-9ef2-c41b3905cb57 req-05e93f23-87e3-4bb6-9ef2-c41b3905cb57 ] Request (TenantUsagesTestJSON:tearDownClass): 200 GET http://10.180.1.21/compute/v2.1/servers/2c565c5e-87c9-4951-8798-dde366617001 0.965s
2025-04-08 14:18:24.392 69646 INFO tempest.lib.common.rest_client [req-f8a28275-3e6e-47f9-9fa3-b79e9c1b4da1 req-f8a28275-3e6e-47f9-9fa3-b79e9c1b4da1 ] Request (ImagesOneServerNegativeTestJSON:_run_cleanups): 200 GET http://10.180.1.21/compute/v2.1/servers/9ea66b42-34d2-430c-b688-34d7a6d600a2 1.006s
2025-04-08 14:18:24.401 69670 INFO tempest.lib.common.rest_client [req-a469ac20-2450-4c95-94b1-70c165fdd300 req-a469ac20-2450-4c95-94b1-70c165fdd300 ] Request (ServerTagsTestJSON:setUpClass): 200 GET http://10.180.1.21/compute/v2.1/servers/13556d56-c154-4033-bc15-d205744f92b9 1.012s
2025-04-08 14:18:24.420 69688 INFO tempest.lib.common.rest_client [req-3ed89ceb-4b07-43bc-9e96-89ed1e4c7c03 req-3ed89ceb-4b07-43bc-9e96-89ed1e4c7c03 ] Request (ImagesNegativeTestJSON:tearDownClass): 204 DELETE http://10.180.1.21:9696/networking/v2.0/networks/33e4526b-7ee1-4442-ae9e-bb0c6237c6c1 0.431s
2025-04-08 14:18:24.483 69666 INFO tempest.lib.common.rest_client [req-c5aabfb6-144b-430b-a855-dcff7014bf12 req-c5aabfb6-144b-430b-a855-dcff7014bf12 ] Request (ServerDiskConfigTestJSON:test_rebuild_server_with_manual_disk_config): 200 GET http://10.180.1.21/compute/v2.1/servers/651f02fd-b91f-4d1d-80ba-e66edff2503b 1.019s
2025-04-08 14:18:24.488 69650 INFO tempest.lib.common.rest_client [req-868e7f8f-9e48-4a4e-a73d-7de7c4cb482d req-868e7f8f-9e48-4a4e-a73d-7de7c4cb482d ] Request (MultipleCreateTestJSON:test_multiple_create): 200 GET http://10.180.1.21/compute/v2.1/servers/125e57cd-019d-4880-9ffd-ba445151c55f 0.834s
2025-04-08 14:18:24.487 69640 INFO tempest.lib.common.rest_client [req-d531491e-99e6-4fb6-8294-9baf50d8d6ec req-d531491e-99e6-4fb6-8294-9baf50d8d6ec ] Request (ServersNegativeTestMultiTenantJSON:setUpClass): 201 POST http://10.180.1.21:9696/networking/v2.0/subnets 0.251s
2025-04-08 14:18:24.554 69688 INFO tempest.lib.common.rest_client [req-e651e45d-23a5-4fdb-9ef9-132500c87575 req-e651e45d-23a5-4fdb-9ef9-132500c87575 ] Request (ImagesNegativeTestJSON:tearDownClass): 204 DELETE http://10.180.1.21/identity/v3/users/f274ba35541b4f70878194fdab999161 0.133s
2025-04-08 14:18:24.556 69688 INFO tempest.lib.common.dynamic_creds [-] Deleting project and security group for project: 90948f6a4aab4ed49d142a3a41e75c1c
2025-04-08 14:18:24.557 69648 INFO tempest.lib.common.rest_client [req-0c8266af-612c-432c-859b-013c761ceefc req-0c8266af-612c-432c-859b-013c761ceefc ] Request (ListServersNegativeTestJSON:setUpClass): 200 GET http://10.180.1.21/compute/v2.1/servers/6adb743f-3e48-41b6-9643-6e1927555681 0.828s
2025-04-08 14:18:24.613 69688 INFO tempest.lib.common.rest_client [req-c6420a80-6b22-484f-a545-cad6f1d086e9 req-c6420a80-6b22-484f-a545-cad6f1d086e9 ] Request (ImagesNegativeTestJSON:tearDownClass): 200 GET http://10.180.1.21:9696/networking/v2.0/security-groups?tenant_id=90948f6a4aab4ed49d142a3a41e75c1c&name=default 0.057s
2025-04-08 14:18:24.635 69680 INFO tempest.lib.common.rest_client [req-9e96e810-da05-4fbb-8366-5aa9c83ddfb2 req-9e96e810-da05-4fbb-8366-5aa9c83ddfb2 ] Request (FloatingIPsAssociationNegativeTestJSON:tearDownClass): 200 GET http://10.180.1.21/compute/v2.1/servers/64eaf31f-fef5-4a5e-93be-23f9ac796162 0.820s
2025-04-08 14:18:24.719 69668 INFO tempest.lib.common.rest_client [req-4b2f8f59-13e8-4055-9893-8f025bd5db4f req-4b2f8f59-13e8-4055-9893-8f025bd5db4f ] Request (ServerDiagnosticsTest:tearDownClass): 200 GET http://10.180.1.21/compute/v2.1/servers/61c691d1-514b-44da-b3b4-c4b0475266bb 0.828s
2025-04-08 14:18:24.785 69654 INFO tempest.lib.common.rest_client [req-05d34e99-9b8c-48b8-a071-8c7bad9fe88b req-05d34e99-9b8c-48b8-a071-8c7bad9fe88b ] Request (AttachVolumeShelveTestJSON:test_attach_volume_shelved_or_offload_server): 200 GET http://10.180.1.21/compute/v2.1/servers/63f16880-0be1-4e76-bd7b-c12e0c018c24 0.822s
2025-04-08 14:18:24.803 69688 INFO tempest.lib.common.rest_client [req-db29e3f6-3f3f-465c-953a-3e986ff1b7c9 req-db29e3f6-3f3f-465c-953a-3e986ff1b7c9 ] Request (ImagesNegativeTestJSON:tearDownClass): 204 DELETE http://10.180.1.21:9696/networking/v2.0/security-groups/12b291ae-6863-48bf-9765-9325bc5ad263 0.189s
2025-04-08 14:18:24.862 69636 INFO tempest.lib.common.rest_client [req-81811a39-e783-46af-be50-03e3c6fddbad req-81811a39-e783-46af-be50-03e3c6fddbad ] Request (SecurityGroupsTestJSON:test_list_security_groups_by_server): 200 GET http://10.180.1.21/compute/v2.1/servers/5ff74a21-d2b2-488c-af74-bc597793bc69 0.839s
2025-04-08 14:18:24.944 69688 INFO tempest.lib.common.rest_client [req-0c0d8754-d0e3-4686-b84f-4975991d9427 req-0c0d8754-d0e3-4686-b84f-4975991d9427 ] Request (ImagesNegativeTestJSON:tearDownClass): 204 DELETE http://10.180.1.21/identity/v3/projects/90948f6a4aab4ed49d142a3a41e75c1c 0.140s
2025-04-08 14:18:24.945 69688 INFO tempest.test [-] raised in ServerStableDeviceRescueTest.setUpClass. Invoking tearDownClass.
2025-04-08 14:18:24.954 69682 WARNING tempest.lib.common.ssh [-] Failed to establish authenticated ssh connection to cirros@10.180.180.190 ([Errno None] Unable to connect to port 22 on 10.180.180.190). Number attempts: 6. Retry after 7 seconds.: paramiko.ssh_exception.NoValidConnectionsError: [Errno None] Unable to connect to port 22 on 10.180.180.190
2025-04-08 14:18:25.037 69676 INFO tempest.lib.common.rest_client [req-442f9099-046c-4835-8a67-0b59a76c4f2a req-442f9099-046c-4835-8a67-0b59a76c4f2a ] Request (ServersAdminNegativeTestJSON:test_migrate_non_existent_server): 404 POST http://10.180.1.21/compute/v2.1/servers/5dd7f781-d05a-4bf3-9a3b-385b576f93c8/action 0.998s
2025-04-08 14:18:25.066 69662 INFO tempest.lib.common.rest_client [req-c148e093-8407-42b2-a663-17bee4a4c974 req-c148e093-8407-42b2-a663-17bee4a4c974 ] Request (ServerDiagnosticsNegativeTest:tearDownClass): 404 GET http://10.180.1.21/compute/v2.1/servers/24afcbbb-1869-4ed4-880a-d7a2e6c312ad 0.963s
2025-04-08 14:18:25.142 69676 INFO tempest.lib.common.rest_client [req-5ee48bc1-26bc-4712-966d-368c5135591a req-5ee48bc1-26bc-4712-966d-368c5135591a ] Request (ServersAdminNegativeTestJSON:test_migrate_server_invalid_state): 201 POST http://10.180.1.21/identity/v3/auth/tokens 0.099s
2025-04-08 14:18:25.142 69676 INFO tempest.lib.common.fixed_network [-] (ServersAdminNegativeTestJSON:test_migrate_server_invalid_state) Found network None available for tenant
2025-04-08 14:18:25.152 69634 INFO tempest.lib.common.rest_client [req-15cab4f9-6f70-4f35-a3c3-d92b77a7c709 req-15cab4f9-6f70-4f35-a3c3-d92b77a7c709 ] Request (ServersTestManualDisk:setUpClass): 200 GET http://10.180.1.21/compute/v2.1/servers/b4bdd149-3096-40cb-9e11-dbe02a9aacaf 0.921s
2025-04-08 14:18:25.203 69662 INFO tempest.lib.common.rest_client [req-c30a7bc3-38ae-43c8-9986-e87b224ed254 req-c30a7bc3-38ae-43c8-9986-e87b224ed254 ] Request (ServerDiagnosticsNegativeTest:tearDownClass): 204 DELETE http://10.180.1.21/identity/v3/users/48b036bc9ebf4251914a9b13c6fd918a 0.137s
2025-04-08 14:18:25.336 69662 INFO tempest.lib.common.rest_client [req-ce20d643-3318-4bd4-9781-46e532b7e43e req-ce20d643-3318-4bd4-9781-46e532b7e43e ] Request (ServerDiagnosticsNegativeTest:tearDownClass): 204 DELETE http://10.180.1.21/identity/v3/users/5bcb9fcf3cb24552ba49871adeb747ba 0.133s
2025-04-08 14:18:25.337 69662 INFO tempest.lib.common.dynamic_creds [-] Deleting project and security group for project: 02156895f42145e39c91617c5344890e
2025-04-08 14:18:25.344 69684 INFO tempest.lib.common.rest_client [req-105a9ae7-f418-4e91-a3d5-eda98682bb05 req-105a9ae7-f418-4e91-a3d5-eda98682bb05 ] Request (MigrationsAdminTest:test_list_migrations_in_flavor_resize_situation): 200 GET http://10.180.1.21/compute/v2.1/servers/48ed2483-9904-429f-b48d-8dc0150b8fff 1.098s
2025-04-08 14:18:25.418 69652 INFO tempest.lib.common.rest_client [req-4eb12850-e243-4e7c-b747-fc0eff5434bb req-4eb12850-e243-4e7c-b747-fc0eff5434bb ] Request (ServersAdminTestJSON:test_create_server_with_scheduling_hint): 200 GET http://10.180.1.21/compute/v2.1/servers/15d45208-7c48-4c60-87bf-b26a14fa861f 1.107s
2025-04-08 14:18:25.418 69640 INFO tempest.lib.common.rest_client [req-e5acb230-6f78-4796-9727-d16cc84ce950 req-e5acb230-6f78-4796-9727-d16cc84ce950 ] Request (ServersNegativeTestMultiTenantJSON:setUpClass): 201 POST http://10.180.1.21:9696/networking/v2.0/routers 0.930s
2025-04-08 14:18:25.423 69662 INFO tempest.lib.common.rest_client [req-17c915f8-9872-4ea9-b8df-f2b39a1462ac req-17c915f8-9872-4ea9-b8df-f2b39a1462ac ] Request (ServerDiagnosticsNegativeTest:tearDownClass): 201 POST http://10.180.1.21/identity/v3/auth/tokens 0.086s
2025-04-08 14:18:25.599 69662 INFO tempest.lib.common.rest_client [req-805fe445-6ab7-4570-baca-446e85bafd00 req-805fe445-6ab7-4570-baca-446e85bafd00 ] Request (ServerDiagnosticsNegativeTest:tearDownClass): 200 GET http://10.180.1.21:9696/networking/v2.0/security-groups?tenant_id=02156895f42145e39c91617c5344890e&name=default 0.175s
2025-04-08 14:18:25.710 69662 INFO tempest.lib.common.rest_client [req-1fa9dfa3-a2e0-4e21-af74-b28f68703648 req-1fa9dfa3-a2e0-4e21-af74-b28f68703648 ] Request (ServerDiagnosticsNegativeTest:tearDownClass): 204 DELETE http://10.180.1.21:9696/networking/v2.0/security-groups/066576a9-e39c-46b4-865b-1c39376a2d9c 0.110s
2025-04-08 14:18:25.796 69662 INFO tempest.lib.common.rest_client [req-bba16759-255e-4fc4-9f6e-3050fed90767 req-bba16759-255e-4fc4-9f6e-3050fed90767 ] Request (ServerDiagnosticsNegativeTest:tearDownClass): 204 DELETE http://10.180.1.21/identity/v3/projects/02156895f42145e39c91617c5344890e 0.085s
2025-04-08 14:18:25.796 69662 INFO tempest.lib.common.dynamic_creds [-] Deleting project and security group for project: c6fec65981384d88b1710d8971f87ccf
2025-04-08 14:18:25.821 69662 INFO tempest.lib.common.rest_client [req-09ea3e96-9e82-4d9f-a84f-90f36db0b9cd req-09ea3e96-9e82-4d9f-a84f-90f36db0b9cd ] Request (ServerDiagnosticsNegativeTest:tearDownClass): 200 GET http://10.180.1.21:9696/networking/v2.0/security-groups?tenant_id=c6fec65981384d88b1710d8971f87ccf&name=default 0.025s
2025-04-08 14:18:25.852 69638 INFO tempest.lib.common.rest_client [req-d393a74b-86ab-4b97-b800-55e7a00f91ed req-d393a74b-86ab-4b97-b800-55e7a00f91ed ] Request (DeleteServersAdminTestJSON:test_delete_server_while_in_error_state): 200 GET http://10.180.1.21/compute/v2.1/servers/8e660168-eb83-40cf-9103-1ad515dc6cca 1.327s
2025-04-08 14:18:25.900 69662 INFO tempest.lib.common.rest_client [req-be7d9ae2-49e5-430b-baa3-ea0ca97f6e4e req-be7d9ae2-49e5-430b-baa3-ea0ca97f6e4e ] Request (ServerDiagnosticsNegativeTest:tearDownClass): 204 DELETE http://10.180.1.21:9696/networking/v2.0/security-groups/f77217a7-5892-448b-b91c-5d2beb196f43 0.079s
2025-04-08 14:18:26.003 69662 INFO tempest.lib.common.rest_client [req-04dba42d-3d91-4857-85c2-c94629f0532e req-04dba42d-3d91-4857-85c2-c94629f0532e ] Request (ServerDiagnosticsNegativeTest:tearDownClass): 204 DELETE http://10.180.1.21/identity/v3/projects/c6fec65981384d88b1710d8971f87ccf 0.102s
2025-04-08 14:18:26.004 69662 INFO tempest.test [-] raised in TestMultiAttachVolumeSwap.setUpClass. Invoking tearDownClass.
2025-04-08 14:18:26.055 69686 INFO tempest.lib.common.rest_client [req-1659f126-f86b-4b6e-9028-5c305961923f req-1659f126-f86b-4b6e-9028-5c305961923f ] Request (ServersTestFqdnHostnames:test_create_server_with_fqdn_name): 200 GET http://10.180.1.21/compute/v2.1/servers/556e7d25-fef0-4d7b-b4f6-a80ecf0eaeef 1.302s
2025-04-08 14:18:26.080 69662 INFO tempest.lib.common.rest_client [req-1f0c144b-834a-4a35-91b8-54473367604b req-1f0c144b-834a-4a35-91b8-54473367604b ] Request (ServersTestJSON:setUpClass): 201 POST http://10.180.1.21/identity/v3/auth/tokens 0.074s
2025-04-08 14:18:26.115 69662 INFO tempest.lib.common.rest_client [req-bedddc2e-16a9-4022-9ba5-ce8eac4782e9 req-bedddc2e-16a9-4022-9ba5-ce8eac4782e9 ] Request (ServersTestJSON:setUpClass): 201 POST http://10.180.1.21/identity/v3/auth/tokens 0.033s
2025-04-08 14:18:26.143 69662 INFO tempest.lib.common.rest_client [req-433f5fc7-a837-4082-aa9f-f17ddb2b6010 req-433f5fc7-a837-4082-aa9f-f17ddb2b6010 ] Request (ServersTestJSON:setUpClass): 200 GET http://10.180.1.21/identity/v3/domains?name=Default 0.028s
2025-04-08 14:18:26.163 69672 INFO tempest.lib.common.rest_client [req-f00af2fb-0613-44c3-a29e-a50e93783e3f req-f00af2fb-0613-44c3-a29e-a50e93783e3f ] Request (ServerAddressesTestJSON:setUpClass): 200 GET http://10.180.1.21/compute/v2.1/servers/14a726c1-d066-4627-bf2e-cb19ab7d3392 1.321s
2025-04-08 14:18:26.184 69662 INFO tempest.lib.common.rest_client [req-49b03ee0-b273-40ef-ad75-ea2fcfa2a7ad req-49b03ee0-b273-40ef-ad75-ea2fcfa2a7ad ] Request (ServersTestJSON:setUpClass): 201 POST http://10.180.1.21/identity/v3/projects 0.040s
2025-04-08 14:18:26.248 69692 INFO tempest.lib.common.rest_client [req-33a3602c-b828-4277-85bc-d478103746cc req-33a3602c-b828-4277-85bc-d478103746cc ] Request (ServersTestMultiNic:test_verify_duplicate_network_nics): 200 GET http://10.180.1.21/compute/v2.1/servers/a4343dc1-46c6-423d-b8f8-78a29041ea68 1.344s
2025-04-08 14:18:26.257 69662 INFO tempest.lib.common.rest_client [req-35bed45c-3fbe-4831-ae8d-482dcb9235a7 req-35bed45c-3fbe-4831-ae8d-482dcb9235a7 ] Request (ServersTestJSON:setUpClass): 201 POST http://10.180.1.21/identity/v3/users 0.072s
2025-04-08 14:18:26.283 69662 INFO tempest.lib.common.rest_client [req-4d59d3a4-9402-42eb-b473-138611f5ed24 req-4d59d3a4-9402-42eb-b473-138611f5ed24 ] Request (ServersTestJSON:setUpClass): 200 GET http://10.180.1.21/identity/v3/roles 0.026s
2025-04-08 14:18:26.314 69662 INFO tempest.lib.common.rest_client [req-db66297f-016e-4907-83ca-d9fcfb3199d8 req-db66297f-016e-4907-83ca-d9fcfb3199d8 ] Request (ServersTestJSON:setUpClass): 204 PUT http://10.180.1.21/identity/v3/projects/3cab650a839644f98ee37c44fa9f4cb8/users/b9ef3c420a84441fa6404a72c752ad30/roles/1bce94b911a3466b82b78ba1e59b514c 0.030s
2025-04-08 14:18:26.314 69662 INFO tempest.lib.common.dynamic_creds [-] Dynamic test user b9ef3c420a84441fa6404a72c752ad30 is created with scope project and roles: ['member']
2025-04-08 14:18:26.315 69662 INFO tempest.lib.common.dynamic_creds [-] Acquired dynamic creds: credentials: Credentials: {'domain_id': 'default', 'domain_name': 'Default', 'username': 'tempest-ServersTestJSON-282178193-project-member', 'project_domain_id': 'default', 'project_domain_name': 'Default', 'project_id': '3cab650a839644f98ee37c44fa9f4cb8', 'project_name': 'tempest-ServersTestJSON-282178193', 'tenant_id': '3cab650a839644f98ee37c44fa9f4cb8', 'tenant_name': 'tempest-ServersTestJSON-282178193', 'user_domain_id': 'default', 'user_domain_name': 'Default', 'user_id': 'b9ef3c420a84441fa6404a72c752ad30', 'system': None}, Network: None, Subnet: None, Router: None
2025-04-08 14:18:26.333 69644 INFO tempest.lib.common.rest_client [req-f0ba811a-75de-4493-b518-f14c6302606d req-f0ba811a-75de-4493-b518-f14c6302606d ] Request (ServerActionsV293TestJSON:setUpClass): 200 GET http://10.180.1.21/compute/v2.1/servers/d296fcbe-d243-4c97-a871-34bdfa99dcf6 1.212s
2025-04-08 14:18:26.383 69662 INFO tempest.lib.common.rest_client [req-80e9296d-7cae-4e06-b918-31b95509a068 req-80e9296d-7cae-4e06-b918-31b95509a068 ] Request (ServersTestJSON:setUpClass): 201 POST http://10.180.1.21/identity/v3/auth/tokens 0.068s
2025-04-08 14:18:26.648 69662 INFO tempest.lib.common.rest_client [req-c8f9b047-7913-4afc-a9fe-8e986c3875e2 req-c8f9b047-7913-4afc-a9fe-8e986c3875e2 ] Request (ServersTestJSON:setUpClass): 201 POST http://10.180.1.21:9696/networking/v2.0/networks 0.265s
2025-04-08 14:18:26.741 69676 INFO tempest.lib.common.rest_client [req-c8e87e26-aed3-46e9-8dd3-a59bc5b00359 req-c8e87e26-aed3-46e9-8dd3-a59bc5b00359 ] Request (ServersAdminNegativeTestJSON:test_migrate_server_invalid_state): 202 POST http://10.180.1.21/compute/v2.1/servers 1.598s
2025-04-08 14:18:26.823 69662 INFO tempest.lib.common.rest_client [req-24920276-3136-467d-b552-1ca72bbc5a07 req-24920276-3136-467d-b552-1ca72bbc5a07 ] Request (ServersTestJSON:setUpClass): 201 POST http://10.180.1.21:9696/networking/v2.0/subnets 0.174s
2025-04-08 14:18:27.006 69678 INFO tempest.lib.common.rest_client [req-09b9464c-bf69-444d-a9af-6189e4585c84 req-09b9464c-bf69-444d-a9af-6189e4585c84 ] Request (ServersV294TestFqdnHostnames:setUpClass): 200 GET http://10.180.1.21/compute/v2.1/servers/543068fb-32e2-4dfb-aae9-dd1c4cff92f7 1.761s
2025-04-08 14:18:27.017 69678 INFO tempest.common.waiters [-] State transition "BUILD/spawning" ==> "ACTIVE/None" after 52 second wait
2025-04-08 14:18:27.090 69674 INFO tempest.lib.common.rest_client [req-e6f6cb3e-7cda-450a-a228-a3bff7f6d9a6 req-e6f6cb3e-7cda-450a-a228-a3bff7f6d9a6 ] Request (TenantUsagesTestJSON:tearDownClass): 200 GET http://10.180.1.21/compute/v2.1/servers/2c565c5e-87c9-4951-8798-dde366617001 1.756s
2025-04-08 14:18:27.167 69646 INFO tempest.lib.common.rest_client [req-62d1c2e9-96c8-4224-bf59-e6f21533bdf0 req-62d1c2e9-96c8-4224-bf59-e6f21533bdf0 ] Request (ImagesOneServerNegativeTestJSON:_run_cleanups): 200 GET http://10.180.1.21/compute/v2.1/servers/9ea66b42-34d2-430c-b688-34d7a6d600a2 1.760s
2025-04-08 14:18:27.233 69670 INFO tempest.lib.common.rest_client [req-0cc75006-b8b5-4bd0-b57f-dce6a366a143 req-0cc75006-b8b5-4bd0-b57f-dce6a366a143 ] Request (ServerTagsTestJSON:setUpClass): 200 GET http://10.180.1.21/compute/v2.1/servers/13556d56-c154-4033-bc15-d205744f92b9 1.819s
2025-04-08 14:18:27.274 69690 INFO tempest.lib.common.rest_client [req-25515d7f-405c-4dcf-86c9-a5faa12cc807 req-25515d7f-405c-4dcf-86c9-a5faa12cc807 ] Request (FloatingIPsAssociationTestJSON:test_associate_already_associated_floating_ip): 202 POST http://10.180.1.21/compute/v2.1/servers/ad1c3ba7-9981-4eeb-9c4f-afa9ae084977/action 3.597s
2025-04-08 14:18:27.291 69650 INFO tempest.lib.common.rest_client [req-0e64831f-a032-45b4-8455-688a9bace39b req-0e64831f-a032-45b4-8455-688a9bace39b ] Request (MultipleCreateTestJSON:test_multiple_create): 200 GET http://10.180.1.21/compute/v2.1/servers/125e57cd-019d-4880-9ffd-ba445151c55f 1.792s
2025-04-08 14:18:27.331 69666 INFO tempest.lib.common.rest_client [req-65121f12-c8ac-4a79-8ec5-fac6fd0bb7af req-65121f12-c8ac-4a79-8ec5-fac6fd0bb7af ] Request (ServerDiskConfigTestJSON:test_rebuild_server_with_manual_disk_config): 200 GET http://10.180.1.21/compute/v2.1/servers/651f02fd-b91f-4d1d-80ba-e66edff2503b 1.830s
2025-04-08 14:18:27.348 69648 INFO tempest.lib.common.rest_client [req-fc5cbc8b-2918-415e-8314-bc1aab14af5a req-fc5cbc8b-2918-415e-8314-bc1aab14af5a ] Request (ListServersNegativeTestJSON:setUpClass): 200 GET http://10.180.1.21/compute/v2.1/servers/6adb743f-3e48-41b6-9643-6e1927555681 1.781s
2025-04-08 14:18:27.411 69680 INFO tempest.lib.common.rest_client [req-a1dd6165-daa1-439f-9283-0cb5c3486ef1 req-a1dd6165-daa1-439f-9283-0cb5c3486ef1 ] Request (FloatingIPsAssociationNegativeTestJSON:tearDownClass): 200 GET http://10.180.1.21/compute/v2.1/servers/64eaf31f-fef5-4a5e-93be-23f9ac796162 1.763s
2025-04-08 14:18:27.418 69668 INFO tempest.lib.common.rest_client [req-56e2fa7b-b251-4f90-b73d-0c86d3a47431 req-56e2fa7b-b251-4f90-b73d-0c86d3a47431 ] Request (ServerDiagnosticsTest:tearDownClass): 200 GET http://10.180.1.21/compute/v2.1/servers/61c691d1-514b-44da-b3b4-c4b0475266bb 1.688s
2025-04-08 14:18:27.468 69654 INFO tempest.lib.common.rest_client [req-59087a04-9f83-466f-8ddd-d7e438e1a860 req-59087a04-9f83-466f-8ddd-d7e438e1a860 ] Request (AttachVolumeShelveTestJSON:test_attach_volume_shelved_or_offload_server): 200 GET http://10.180.1.21/compute/v2.1/servers/63f16880-0be1-4e76-bd7b-c12e0c018c24 1.671s
2025-04-08 14:18:27.486 69636 INFO tempest.lib.common.rest_client [req-002b96c6-b121-415c-8a25-ed942d94e3a2 req-002b96c6-b121-415c-8a25-ed942d94e3a2 ] Request (SecurityGroupsTestJSON:test_list_security_groups_by_server): 200 GET http://10.180.1.21/compute/v2.1/servers/5ff74a21-d2b2-488c-af74-bc597793bc69 1.614s
2025-04-08 14:18:27.492 69662 INFO tempest.lib.common.rest_client [req-8a217198-8d6c-4a32-aa94-a77542c16106 req-8a217198-8d6c-4a32-aa94-a77542c16106 ] Request (ServersTestJSON:setUpClass): 201 POST http://10.180.1.21:9696/networking/v2.0/routers 0.668s
2025-04-08 14:18:27.493 69640 INFO tempest.lib.common.rest_client [req-66ea2a7e-2c0a-4aa6-983b-04c5c3e3d0fa req-66ea2a7e-2c0a-4aa6-983b-04c5c3e3d0fa ] Request (ServersNegativeTestMultiTenantJSON:setUpClass): 200 PUT http://10.180.1.21:9696/networking/v2.0/routers/17c50155-d386-456f-b3b1-307e57023c53/add_router_interface 2.071s
2025-04-08 14:18:27.493 69640 INFO tempest.lib.common.dynamic_creds [-] Created isolated network resources for: credentials: Credentials: {'domain_id': 'default', 'domain_name': 'Default', 'username': 'tempest-ServersNegativeTestMultiTenantJSON-1798410645-project-member', 'project_domain_id': 'default', 'project_domain_name': 'Default', 'project_id': '8e47b0b3085e40699e623735ae113c08', 'project_name': 'tempest-ServersNegativeTestMultiTenantJSON-1798410645', 'tenant_id': '8e47b0b3085e40699e623735ae113c08', 'tenant_name': 'tempest-ServersNegativeTestMultiTenantJSON-1798410645', 'user_domain_id': 'default', 'user_domain_name': 'Default', 'user_id': '694c5bc0aa134e52825ae6f17b2bdcd3', 'system': None}, Network: {'id': '0a85a930-bd8f-464e-bf21-3437bb2f20b6', 'name': 'tempest-ServersNegativeTestMultiTenantJSON-2060217331-network', 'tenant_id': '8e47b0b3085e40699e623735ae113c08', 'admin_state_up': True, 'mtu': 8950, 'status': 'ACTIVE', 'subnets': [], 'shared': False, 'project_id': '8e47b0b3085e40699e623735ae113c08', 'port_security_enabled': True, 'router:external': False, 'provider:network_type': 'vlan', 'provider:physical_network': 'default', 'provider:segmentation_id': 917, 'availability_zone_hints': [], 'availability_zones': [], 'ipv4_address_scope': None, 'ipv6_address_scope': None, 'description': '', 'tags': [], 'created_at': '2025-04-08T14:18:24Z', 'updated_at': '2025-04-08T14:18:24Z', 'revision_number': 1}, Subnet: {'id': '35e98887-6b48-48af-9f39-846982b91d51', 'name': 'tempest-ServersNegativeTestMultiTenantJSON-2060217331-subnet', 'tenant_id': '8e47b0b3085e40699e623735ae113c08', 'network_id': '0a85a930-bd8f-464e-bf21-3437bb2f20b6', 'ip_version': 4, 'subnetpool_id': None, 'enable_dhcp': True, 'ipv6_ra_mode': None, 'ipv6_address_mode': None, 'gateway_ip': '192.168.128.1', 'cidr': '192.168.128.0/28', 'allocation_pools': [{'start': '192.168.128.2', 'end': '192.168.128.14'}], 'host_routes': [], 'dns_nameservers': [], 'description': '', 'router:external': False, 'service_types': [], 'tags': [], 'created_at': '2025-04-08T14:18:24Z', 'updated_at': '2025-04-08T14:18:24Z', 'revision_number': 0, 'project_id': '8e47b0b3085e40699e623735ae113c08'}, Router: {'id': '17c50155-d386-456f-b3b1-307e57023c53', 'name': 'tempest-ServersNegativeTestMultiTenantJSON-2060217331-router', 'tenant_id': '8e47b0b3085e40699e623735ae113c08', 'admin_state_up': True, 'status': 'ACTIVE', 'external_gateway_info': {'network_id': 'eb813f47-6165-4ce3-83c2-5896be1a0339', 'external_fixed_ips': [{'subnet_id': 'ff983d59-814f-4e8d-8d33-221799b65ac6', 'ip_address': '10.180.180.152'}], 'enable_snat': True}, 'description': '', 'availability_zones': [], 'distributed': False, 'ha': False, 'availability_zone_hints': [], 'routes': [], 'flavor_id': None, 'tags': [], 'created_at': '2025-04-08T14:18:24Z', 'updated_at': '2025-04-08T14:18:25Z', 'revision_number': 2, 'project_id': '8e47b0b3085e40699e623735ae113c08'}
2025-04-08 14:18:27.515 69656 WARNING tempest.lib.common.ssh [-] Failed to establish authenticated ssh connection to cirros@10.180.180.178 ([Errno None] Unable to connect to port 22 on 10.180.180.178). Number attempts: 9. Retry after 10 seconds.: paramiko.ssh_exception.NoValidConnectionsError: [Errno None] Unable to connect to port 22 on 10.180.180.178
2025-04-08 14:18:27.521 69634 INFO tempest.lib.common.rest_client [req-af8db09f-09e0-4d5a-b2ef-9f412476c6d6 req-af8db09f-09e0-4d5a-b2ef-9f412476c6d6 ] Request (ServersTestManualDisk:setUpClass): 200 GET http://10.180.1.21/compute/v2.1/servers/b4bdd149-3096-40cb-9e11-dbe02a9aacaf 1.355s
2025-04-08 14:18:27.588 69652 INFO tempest.lib.common.rest_client [req-25aae4cc-e2b1-491b-97f9-365f3d2648a1 req-25aae4cc-e2b1-491b-97f9-365f3d2648a1 ] Request (ServersAdminTestJSON:test_create_server_with_scheduling_hint): 200 GET http://10.180.1.21/compute/v2.1/servers/15d45208-7c48-4c60-87bf-b26a14fa861f 1.162s
2025-04-08 14:18:27.603 69684 INFO tempest.lib.common.rest_client [req-57fa9630-176d-4e3f-b0a2-0a9b63998c2a req-57fa9630-176d-4e3f-b0a2-0a9b63998c2a ] Request (MigrationsAdminTest:test_list_migrations_in_flavor_resize_situation): 200 GET http://10.180.1.21/compute/v2.1/servers/48ed2483-9904-429f-b48d-8dc0150b8fff 1.248s
2025-04-08 14:18:27.606 69640 INFO tempest.lib.common.rest_client [req-cfb1c19c-39f4-4ce5-a27c-1981fcee0d8b req-cfb1c19c-39f4-4ce5-a27c-1981fcee0d8b ] Request (ServersNegativeTestMultiTenantJSON:setUpClass): 201 POST http://10.180.1.21/identity/v3/auth/tokens 0.108s
2025-04-08 14:18:27.668 69676 INFO tempest.lib.common.rest_client [req-ed1e3ce5-f98a-4c1f-b014-9ca0495033c6 req-ed1e3ce5-f98a-4c1f-b014-9ca0495033c6 ] Request (ServersAdminNegativeTestJSON:test_migrate_server_invalid_state): 200 GET http://10.180.1.21/compute/v2.1/servers/14ad3214-47f3-46a4-a7fe-0f97098aeba3 0.925s
2025-04-08 14:18:27.688 69640 INFO tempest.lib.common.rest_client [req-de39421a-3784-4eb9-b52c-78e573af50d1 req-de39421a-3784-4eb9-b52c-78e573af50d1 ] Request (ServersNegativeTestMultiTenantJSON:setUpClass): 201 POST http://10.180.1.21/identity/v3/auth/tokens 0.076s
2025-04-08 14:18:27.689 69640 INFO tempest.lib.common.fixed_network [-] (ServersNegativeTestMultiTenantJSON:setUpClass) Found network {'id': '8e0ee2d0-53ed-4636-ae1e-31887abc0164', 'name': 'tempest-ServersNegativeTestMultiTenantJSON-314301388-network', 'tenant_id': '267dd15902114aafbb05b72a7b043fd9', 'admin_state_up': True, 'mtu': 8950, 'status': 'ACTIVE', 'subnets': [], 'shared': False, 'project_id': '267dd15902114aafbb05b72a7b043fd9', 'port_security_enabled': True, 'router:external': False, 'provider:network_type': 'vlan', 'provider:physical_network': 'default', 'provider:segmentation_id': 717, 'availability_zone_hints': [], 'availability_zones': [], 'ipv4_address_scope': None, 'ipv6_address_scope': None, 'description': '', 'tags': [], 'created_at': '2025-04-08T14:18:20Z', 'updated_at': '2025-04-08T14:18:20Z', 'revision_number': 1} available for tenant
2025-04-08 14:18:27.733 69638 INFO tempest.lib.common.rest_client [req-a283caf5-342d-4b1f-b076-07adf69ca5d1 req-a283caf5-342d-4b1f-b076-07adf69ca5d1 ] Request (DeleteServersAdminTestJSON:test_delete_server_while_in_error_state): 200 GET http://10.180.1.21/compute/v2.1/servers/8e660168-eb83-40cf-9103-1ad515dc6cca 0.872s
2025-04-08 14:18:27.755 69678 INFO tempest.lib.common.rest_client [req-a544dad2-929c-4250-a81c-d077439029f2 req-a544dad2-929c-4250-a81c-d077439029f2 ] Request (ServersV294TestFqdnHostnames:setUpClass): 200 GET http://10.180.1.21/compute/v2.1/servers/543068fb-32e2-4dfb-aae9-dd1c4cff92f7/os-interface 0.736s
2025-04-08 14:18:27.833 69672 INFO tempest.lib.common.rest_client [req-476c2b1b-24c5-4748-828b-6ee5c7ad5da8 req-476c2b1b-24c5-4748-828b-6ee5c7ad5da8 ] Request (ServerAddressesTestJSON:setUpClass): 200 GET http://10.180.1.21/compute/v2.1/servers/14a726c1-d066-4627-bf2e-cb19ab7d3392 0.659s
2025-04-08 14:18:27.898 69642 WARNING tempest.lib.common.ssh [-] Failed to establish authenticated ssh connection to cirros@10.180.180.177 ([Errno None] Unable to connect to port 22 on 10.180.180.177). Number attempts: 4. Retry after 5 seconds.: paramiko.ssh_exception.NoValidConnectionsError: [Errno None] Unable to connect to port 22 on 10.180.180.177
2025-04-08 14:18:27.898 69692 INFO tempest.lib.common.rest_client [req-c7d8c27c-5d3a-4350-ba7c-201b82766874 req-c7d8c27c-5d3a-4350-ba7c-201b82766874 ] Request (ServersTestMultiNic:test_verify_duplicate_network_nics): 200 GET http://10.180.1.21/compute/v2.1/servers/a4343dc1-46c6-423d-b8f8-78a29041ea68 0.639s
2025-04-08 14:18:27.922 69686 INFO tempest.lib.common.rest_client [req-9cabc31f-8cea-4357-826f-05611d30d226 req-9cabc31f-8cea-4357-826f-05611d30d226 ] Request (ServersTestFqdnHostnames:test_create_server_with_fqdn_name): 200 GET http://10.180.1.21/compute/v2.1/servers/556e7d25-fef0-4d7b-b4f6-a80ecf0eaeef 0.851s
2025-04-08 14:18:28.003 69644 INFO tempest.lib.common.rest_client [req-a2bdbb39-9619-4524-8bcc-ddf5a1a86cd7 req-a2bdbb39-9619-4524-8bcc-ddf5a1a86cd7 ] Request (ServerActionsV293TestJSON:setUpClass): 200 GET http://10.180.1.21/compute/v2.1/servers/d296fcbe-d243-4c97-a871-34bdfa99dcf6 0.653s
2025-04-08 14:18:28.338 69690 INFO tempest.lib.common.rest_client [req-f0038307-1b99-4bf9-ae05-bc86a7e1f520 req-f0038307-1b99-4bf9-ae05-bc86a7e1f520 ] Request (FloatingIPsAssociationTestJSON:test_associate_already_associated_floating_ip): 409 POST http://10.180.1.21/compute/v2.1/servers/e99bc314-8e40-4c7f-8cb6-96e4e721023f/action 1.064s
2025-04-08 14:18:28.391 69674 INFO tempest.lib.common.rest_client [req-72b65008-f477-4c1d-ac39-2ff9393377c3 req-72b65008-f477-4c1d-ac39-2ff9393377c3 ] Request (TenantUsagesTestJSON:tearDownClass): 404 GET http://10.180.1.21/compute/v2.1/servers/2c565c5e-87c9-4951-8798-dde366617001 0.291s
2025-04-08 14:18:28.485 69646 INFO tempest.lib.common.rest_client [req-56ed4e1b-eba9-4d96-ac01-2bf82e388192 req-56ed4e1b-eba9-4d96-ac01-2bf82e388192 ] Request (ImagesOneServerNegativeTestJSON:_run_cleanups): 200 GET http://10.180.1.21/compute/v2.1/servers/9ea66b42-34d2-430c-b688-34d7a6d600a2 0.309s
2025-04-08 14:18:28.495 69646 INFO tempest.common.waiters [-] State transition "ACTIVE/deleting" ==> "DELETED/None" after 4 second wait
2025-04-08 14:18:28.495 69674 INFO tempest.lib.common.rest_client [req-8a58d1c3-c0dd-47af-af9f-e51457a148a5 req-8a58d1c3-c0dd-47af-af9f-e51457a148a5 ] Request (TenantUsagesTestJSON:tearDownClass): 204 DELETE http://10.180.1.21/identity/v3/users/98705ad23a1d46a190a841a8f86f9bac 0.104s
2025-04-08 14:18:28.516 69662 INFO tempest.lib.common.rest_client [req-f834b4f2-9da5-4bc0-a3ac-ec247c77117d req-f834b4f2-9da5-4bc0-a3ac-ec247c77117d ] Request (ServersTestJSON:setUpClass): 200 PUT http://10.180.1.21:9696/networking/v2.0/routers/818d84b4-d35e-481d-bf03-d7f72c2b2fbe/add_router_interface 1.024s
