2025-04-23 18:40:49.150 69542 INFO tempest.lib.common.rest_client [req-c83372fe-f1aa-4f8b-bac8-dec195bd52ba req-c83372fe-f1aa-4f8b-bac8-dec195bd52ba ] Request (ServersWithSpecificFlavorTestJSON:test_verify_created_server_ephemeral_disk): 200 GET http://10.180.1.21/compute/v2.1/flavors/42/os-extra_specs 1.734s
2025-04-23 18:40:49.164 69582 INFO tempest.lib.common.rest_client [req-c80ca16e-8591-4aa1-b83a-88064304d7d2 req-c80ca16e-8591-4aa1-b83a-88064304d7d2 ] Request (FlavorsV2TestJSON:test_list_flavors_detailed_filter_by_min_disk): 200 GET http://10.180.1.21/compute/v2.1/flavors/42 1.475s
2025-04-23 18:40:49.245 69588 INFO tempest.lib.common.rest_client [req-612d278d-445f-446f-aace-2406efde2eba req-612d278d-445f-446f-aace-2406efde2eba ] Request (FlavorsAccessTestJSON:tearDownClass): 204 DELETE http://10.180.1.21/identity/v3/users/8240bd908ad94b42a96ca92fac54f448 0.100s
2025-04-23 18:40:49.394 69588 INFO tempest.lib.common.rest_client [req-5d8e4845-3f53-4668-af63-12f791264a2d req-5d8e4845-3f53-4668-af63-12f791264a2d ] Request (FlavorsAccessTestJSON:tearDownClass): 204 DELETE http://10.180.1.21/identity/v3/users/e934a4e66ddf460dbc14400a23e373b9 0.149s
2025-04-23 18:40:49.394 69588 INFO tempest.lib.common.dynamic_creds [-] Deleting project and security group for project: b514355841f844da9da6d44074a8384e
2025-04-23 18:40:49.482 69588 INFO tempest.lib.common.rest_client [req-c95f55a7-376f-4d0d-8eff-b4a2fb0aa197 req-c95f55a7-376f-4d0d-8eff-b4a2fb0aa197 ] Request (FlavorsAccessTestJSON:tearDownClass): 201 POST http://10.180.1.21/identity/v3/auth/tokens 0.088s
2025-04-23 18:40:49.690 69564 INFO tempest.lib.common.rest_client [req-1f08c1f3-a6c7-4fc3-93cc-5781278356e1 req-1f08c1f3-a6c7-4fc3-93cc-5781278356e1 ] Request (FlavorsExtraSpecsNegativeTestJSON:tearDownClass): 200 GET http://10.180.1.21:9696/networking/v2.0/security-groups?tenant_id=a040f4b3b3bc4f3d8900f79b5b384b8d&name=default 0.550s
2025-04-23 18:40:50.025 69588 INFO tempest.lib.common.rest_client [req-8305f702-20d9-4ba6-b620-685063bb976c req-8305f702-20d9-4ba6-b620-685063bb976c ] Request (FlavorsAccessTestJSON:tearDownClass): 200 GET http://10.180.1.21:9696/networking/v2.0/security-groups?tenant_id=b514355841f844da9da6d44074a8384e&name=default 0.541s
2025-04-23 18:40:50.070 69574 INFO tempest.lib.common.rest_client [req-127fe71b-712a-44ba-bb58-6d9050a5a429 req-127fe71b-712a-44ba-bb58-6d9050a5a429 ] Request (AttachInterfacesUnderV243Test:test_add_remove_fixed_ip): 202 POST http://10.180.1.21/compute/v2.1/servers 2.634s
2025-04-23 18:40:50.096 69564 INFO tempest.lib.common.rest_client [req-78eb2427-78a5-4c6c-9a9e-e6907c92297a req-78eb2427-78a5-4c6c-9a9e-e6907c92297a ] Request (FlavorsExtraSpecsNegativeTestJSON:tearDownClass): 204 DELETE http://10.180.1.21:9696/networking/v2.0/security-groups/cf942f85-2d9e-4ed1-96f7-78dbb2bf06e6 0.405s
2025-04-23 18:40:50.191 69564 INFO tempest.lib.common.rest_client [req-f0195608-2777-485d-9260-cae1b1c7174b req-f0195608-2777-485d-9260-cae1b1c7174b ] Request (FlavorsExtraSpecsNegativeTestJSON:tearDownClass): 204 DELETE http://10.180.1.21/identity/v3/projects/a040f4b3b3bc4f3d8900f79b5b384b8d 0.095s
2025-04-23 18:40:50.193 69556 INFO tempest.lib.common.rest_client [req-23c67256-dd84-4210-a39b-04c84d5bab49 req-23c67256-dd84-4210-a39b-04c84d5bab49 ] Request (ServersTestBootFromVolume:setUpClass): 201 POST http://10.180.1.21:9696/networking/v2.0/routers 1.942s
2025-04-23 18:40:50.253 69588 INFO tempest.lib.common.rest_client [req-cd11b176-ae09-430d-a5e5-54466cbfb2a7 req-cd11b176-ae09-430d-a5e5-54466cbfb2a7 ] Request (FlavorsAccessTestJSON:tearDownClass): 204 DELETE http://10.180.1.21:9696/networking/v2.0/security-groups/d2437b59-4b95-4d1b-9e6e-d7ead54554ee 0.228s
2025-04-23 18:40:50.287 69564 INFO tempest.lib.common.rest_client [req-3fef8325-b9b3-4a55-a5e8-9853cf5fbe1b req-3fef8325-b9b3-4a55-a5e8-9853cf5fbe1b ] Request (ServerDiagnosticsTest:setUpClass): 201 POST http://10.180.1.21/identity/v3/auth/tokens 0.094s
2025-04-23 18:40:50.355 69564 INFO tempest.lib.common.rest_client [req-e885ff01-fea3-4be5-b778-59a6570fb37d req-e885ff01-fea3-4be5-b778-59a6570fb37d ] Request (ServerDiagnosticsTest:setUpClass): 201 POST http://10.180.1.21/identity/v3/auth/tokens 0.062s
2025-04-23 18:40:50.361 69584 INFO tempest.lib.common.rest_client [req-01501142-cfc3-45f1-9368-5e98e4d58a36 req-01501142-cfc3-45f1-9368-5e98e4d58a36 ] Request (ServerAddressesTestJSON:setUpClass): 200 GET http://10.180.1.21/compute/v2.1/servers/59eda413-c58c-49d1-9d16-81eb83418762 2.480s
2025-04-23 18:40:50.411 69564 INFO tempest.lib.common.rest_client [req-808c3491-7e83-40be-9fe6-5154fb4741bc req-808c3491-7e83-40be-9fe6-5154fb4741bc ] Request (ServerDiagnosticsTest:setUpClass): 200 GET http://10.180.1.21/identity/v3/domains?name=Default 0.055s
2025-04-23 18:40:50.425 69588 INFO tempest.lib.common.rest_client [req-5638076e-9cdc-4bb9-84e6-90cb6351bfbc req-5638076e-9cdc-4bb9-84e6-90cb6351bfbc ] Request (FlavorsAccessTestJSON:tearDownClass): 204 DELETE http://10.180.1.21/identity/v3/projects/b514355841f844da9da6d44074a8384e 0.171s
2025-04-23 18:40:50.425 69588 INFO tempest.lib.common.dynamic_creds [-] Deleting project and security group for project: 392571f07d244127b87ecfa9d8633018
2025-04-23 18:40:50.481 69552 INFO tempest.lib.common.rest_client [req-b83f20ef-6b7b-47af-b326-d376245ac931 req-b83f20ef-6b7b-47af-b326-d376245ac931 ] Request (VolumesAssistedSnapshotsTest:test_volume_assisted_snapshot_create_delete): 200 GET http://10.180.1.21/compute/v2.1/servers/97973f40-913d-4962-adab-a05953c50e57 2.347s
2025-04-23 18:40:50.507 69564 INFO tempest.lib.common.rest_client [req-6664bdb7-8fc2-411c-9efe-0bc17ceeffff req-6664bdb7-8fc2-411c-9efe-0bc17ceeffff ] Request (ServerDiagnosticsTest:setUpClass): 201 POST http://10.180.1.21/identity/v3/projects 0.095s
2025-04-23 18:40:50.600 69564 INFO tempest.lib.common.rest_client [req-3eb583da-dcd5-4573-8ede-23b75e1ec6f6 req-3eb583da-dcd5-4573-8ede-23b75e1ec6f6 ] Request (ServerDiagnosticsTest:setUpClass): 201 POST http://10.180.1.21/identity/v3/users 0.092s
2025-04-23 18:40:50.634 69564 INFO tempest.lib.common.rest_client [req-121a07c3-e597-478e-826b-097a022be940 req-121a07c3-e597-478e-826b-097a022be940 ] Request (ServerDiagnosticsTest:setUpClass): 200 GET http://10.180.1.21/identity/v3/roles 0.033s
2025-04-23 18:40:50.694 69564 INFO tempest.lib.common.rest_client [req-ce14e142-5b6b-4500-8a59-8cf0661bf998 req-ce14e142-5b6b-4500-8a59-8cf0661bf998 ] Request (ServerDiagnosticsTest:setUpClass): 204 PUT http://10.180.1.21/identity/v3/projects/d7872d3273aa4506bf2e740296e52d2b/users/9850b4472a7b40f19528fa6bf086a3ec/roles/81fb859fcf794d16b22488f7898b405f 0.059s
2025-04-23 18:40:50.694 69564 INFO tempest.lib.common.dynamic_creds [-] Dynamic test user 9850b4472a7b40f19528fa6bf086a3ec is created with scope project and roles: ['member']
2025-04-23 18:40:50.695 69564 INFO tempest.lib.common.dynamic_creds [-] Acquired dynamic creds: credentials: Credentials: {'domain_id': 'default', 'domain_name': 'Default', 'username': 'tempest-ServerDiagnosticsTest-1418153509-project-member', 'project_domain_id': 'default', 'project_domain_name': 'Default', 'project_id': 'd7872d3273aa4506bf2e740296e52d2b', 'project_name': 'tempest-ServerDiagnosticsTest-1418153509', 'tenant_id': 'd7872d3273aa4506bf2e740296e52d2b', 'tenant_name': 'tempest-ServerDiagnosticsTest-1418153509', 'user_domain_id': 'default', 'user_domain_name': 'Default', 'user_id': '9850b4472a7b40f19528fa6bf086a3ec', 'system': None}, Network: None, Subnet: None, Router: None
2025-04-23 18:40:50.695 69564 INFO tempest.lib.common.dynamic_creds [-] Created isolated network resources for: credentials: Credentials: {'domain_id': 'default', 'domain_name': 'Default', 'username': 'tempest-ServerDiagnosticsTest-1418153509-project-member', 'project_domain_id': 'default', 'project_domain_name': 'Default', 'project_id': 'd7872d3273aa4506bf2e740296e52d2b', 'project_name': 'tempest-ServerDiagnosticsTest-1418153509', 'tenant_id': 'd7872d3273aa4506bf2e740296e52d2b', 'tenant_name': 'tempest-ServerDiagnosticsTest-1418153509', 'user_domain_id': 'default', 'user_domain_name': 'Default', 'user_id': '9850b4472a7b40f19528fa6bf086a3ec', 'system': None}, Network: None, Subnet: None, Router: None
2025-04-23 18:40:50.704 69588 INFO tempest.lib.common.rest_client [req-a365a9f1-3188-4445-b36e-5a84a8cab7a2 req-a365a9f1-3188-4445-b36e-5a84a8cab7a2 ] Request (FlavorsAccessTestJSON:tearDownClass): 200 GET http://10.180.1.21:9696/networking/v2.0/security-groups?tenant_id=392571f07d244127b87ecfa9d8633018&name=default 0.279s
2025-04-23 18:40:50.812 69564 INFO tempest.lib.common.rest_client [req-e34408aa-53fe-412e-9b53-ffa9f8e8ae9e req-e34408aa-53fe-412e-9b53-ffa9f8e8ae9e ] Request (ServerDiagnosticsTest:setUpClass): 201 POST http://10.180.1.21/identity/v3/auth/tokens 0.110s
2025-04-23 18:40:50.867 69538 INFO tempest.lib.common.rest_client [req-37519228-bf38-452e-9de5-2fce4cc4166f req-37519228-bf38-452e-9de5-2fce4cc4166f ] Request (ImagesOneServerNegativeTestJSON:setUpClass): 200 PUT http://10.180.1.21:9696/networking/v2.0/routers/89523d69-5ba2-4250-9941-87ed58f3b5a5/add_router_interface 2.527s
2025-04-23 18:40:50.867 69538 INFO tempest.lib.common.dynamic_creds [-] Created isolated network resources for: credentials: Credentials: {'domain_id': 'default', 'domain_name': 'Default', 'username': 'tempest-ImagesOneServerNegativeTestJSON-1157297624-project-member', 'project_domain_id': 'default', 'project_domain_name': 'Default', 'project_id': 'c464d11296f34c20b0169747b735642b', 'project_name': 'tempest-ImagesOneServerNegativeTestJSON-1157297624', 'tenant_id': 'c464d11296f34c20b0169747b735642b', 'tenant_name': 'tempest-ImagesOneServerNegativeTestJSON-1157297624', 'user_domain_id': 'default', 'user_domain_name': 'Default', 'user_id': '1b1c2c18b881434bb93438b12aa4cda9', 'system': None}, Network: {'id': '7c7d2fc0-3df5-4f62-ac04-bdbc6e52e8f7', 'name': 'tempest-ImagesOneServerNegativeTestJSON-1603792072-network', 'tenant_id': 'c464d11296f34c20b0169747b735642b', 'admin_state_up': True, 'mtu': 8950, 'status': 'ACTIVE', 'subnets': [], 'shared': False, 'project_id': 'c464d11296f34c20b0169747b735642b', 'port_security_enabled': True, 'router:external': False, 'provider:network_type': 'vlan', 'provider:physical_network': 'default', 'provider:segmentation_id': 788, 'availability_zone_hints': [], 'availability_zones': [], 'ipv4_address_scope': None, 'ipv6_address_scope': None, 'description': '', 'tags': [], 'created_at': '2025-04-23T18:40:45Z', 'updated_at': '2025-04-23T18:40:45Z', 'revision_number': 1}, Subnet: {'id': 'a0ae2549-0bec-432d-a7bd-abeab823937a', 'name': 'tempest-ImagesOneServerNegativeTestJSON-1603792072-subnet', 'tenant_id': 'c464d11296f34c20b0169747b735642b', 'network_id': '7c7d2fc0-3df5-4f62-ac04-bdbc6e52e8f7', 'ip_version': 4, 'subnetpool_id': None, 'enable_dhcp': True, 'ipv6_ra_mode': None, 'ipv6_address_mode': None, 'gateway_ip': '192.168.128.1', 'cidr': '192.168.128.0/28', 'allocation_pools': [{'start': '192.168.128.2', 'end': '192.168.128.14'}], 'host_routes': [], 'dns_nameservers': [], 'description': '', 'router:external': False, 'service_types': [], 'tags': [], 'created_at': '2025-04-23T18:40:45Z', 'updated_at': '2025-04-23T18:40:45Z', 'revision_number': 0, 'project_id': 'c464d11296f34c20b0169747b735642b'}, Router: {'id': '89523d69-5ba2-4250-9941-87ed58f3b5a5', 'name': 'tempest-ImagesOneServerNegativeTestJSON-1603792072-router', 'tenant_id': 'c464d11296f34c20b0169747b735642b', 'admin_state_up': True, 'status': 'ACTIVE', 'external_gateway_info': {'network_id': '3432531d-c57d-4b0d-9399-b4ad12d7f5a0', 'external_fixed_ips': [{'subnet_id': '52b4c10b-e8e2-466f-8a46-754b5c6c6205', 'ip_address': '10.180.180.153'}], 'enable_snat': True}, 'description': '', 'availability_zones': [], 'distributed': False, 'ha': False, 'availability_zone_hints': [], 'routes': [], 'flavor_id': None, 'tags': [], 'created_at': '2025-04-23T18:40:46Z', 'updated_at': '2025-04-23T18:40:47Z', 'revision_number': 2, 'project_id': 'c464d11296f34c20b0169747b735642b'}
2025-04-23 18:40:50.876 69564 INFO tempest.lib.common.rest_client [req-e1c1856c-1d25-47dd-90bc-e8e519c3f019 req-e1c1856c-1d25-47dd-90bc-e8e519c3f019 ] Request (ServerDiagnosticsTest:setUpClass): 201 POST http://10.180.1.21/identity/v3/projects 0.063s
2025-04-23 18:40:50.929 69588 INFO tempest.lib.common.rest_client [req-76db3266-f627-4284-a0e2-8d3cc8d57fdc req-76db3266-f627-4284-a0e2-8d3cc8d57fdc ] Request (FlavorsAccessTestJSON:tearDownClass): 204 DELETE http://10.180.1.21:9696/networking/v2.0/security-groups/abb49557-070b-4a0b-8e48-955bab1af494 0.224s
2025-04-23 18:40:50.937 69564 INFO tempest.lib.common.rest_client [req-e1f4aebd-534a-40be-8543-64966b549886 req-e1f4aebd-534a-40be-8543-64966b549886 ] Request (ServerDiagnosticsTest:setUpClass): 201 POST http://10.180.1.21/identity/v3/users 0.060s
2025-04-23 18:40:50.943 69596 INFO tempest.lib.common.rest_client [req-c31a3d10-62eb-4202-af73-24754bd0b66a req-c31a3d10-62eb-4202-af73-24754bd0b66a ] Request (ServerPasswordTestJSON:setUpClass): 200 PUT http://10.180.1.21:9696/networking/v2.0/routers/0ba7daf1-24a7-4cec-b293-2487b80e0d37/add_router_interface 2.091s
2025-04-23 18:40:50.943 69596 INFO tempest.lib.common.dynamic_creds [-] Created isolated network resources for: credentials: Credentials: {'domain_id': 'default', 'domain_name': 'Default', 'username': 'tempest-ServerPasswordTestJSON-121435125-project-member', 'project_domain_id': 'default', 'project_domain_name': 'Default', 'project_id': '1d43a6a438c54a549e0183f0ddc9ce7f', 'project_name': 'tempest-ServerPasswordTestJSON-121435125', 'tenant_id': '1d43a6a438c54a549e0183f0ddc9ce7f', 'tenant_name': 'tempest-ServerPasswordTestJSON-121435125', 'user_domain_id': 'default', 'user_domain_name': 'Default', 'user_id': 'ba473dd84ed94492a65b912ecf93188b', 'system': None}, Network: {'id': '14c12336-4aad-42ac-a1d1-6332e22df40b', 'name': 'tempest-ServerPasswordTestJSON-1711339762-network', 'tenant_id': '1d43a6a438c54a549e0183f0ddc9ce7f', 'admin_state_up': True, 'mtu': 8950, 'status': 'ACTIVE', 'subnets': [], 'shared': False, 'project_id': '1d43a6a438c54a549e0183f0ddc9ce7f', 'port_security_enabled': True, 'router:external': False, 'provider:network_type': 'vlan', 'provider:physical_network': 'default', 'provider:segmentation_id': 394, 'availability_zone_hints': [], 'availability_zones': [], 'ipv4_address_scope': None, 'ipv6_address_scope': None, 'description': '', 'tags': [], 'created_at': '2025-04-23T18:40:46Z', 'updated_at': '2025-04-23T18:40:46Z', 'revision_number': 1}, Subnet: {'id': '71ad19d1-5fde-413e-b7f9-cd22dd904742', 'name': 'tempest-ServerPasswordTestJSON-1711339762-subnet', 'tenant_id': '1d43a6a438c54a549e0183f0ddc9ce7f', 'network_id': '14c12336-4aad-42ac-a1d1-6332e22df40b', 'ip_version': 4, 'subnetpool_id': None, 'enable_dhcp': True, 'ipv6_ra_mode': None, 'ipv6_address_mode': None, 'gateway_ip': '192.168.128.1', 'cidr': '192.168.128.0/28', 'allocation_pools': [{'start': '192.168.128.2', 'end': '192.168.128.14'}], 'host_routes': [], 'dns_nameservers': [], 'description': '', 'router:external': False, 'service_types': [], 'tags': [], 'created_at': '2025-04-23T18:40:46Z', 'updated_at': '2025-04-23T18:40:46Z', 'revision_number': 0, 'project_id': '1d43a6a438c54a549e0183f0ddc9ce7f'}, Router: {'id': '0ba7daf1-24a7-4cec-b293-2487b80e0d37', 'name': 'tempest-ServerPasswordTestJSON-1711339762-router', 'tenant_id': '1d43a6a438c54a549e0183f0ddc9ce7f', 'admin_state_up': True, 'status': 'ACTIVE', 'external_gateway_info': {'network_id': '3432531d-c57d-4b0d-9399-b4ad12d7f5a0', 'external_fixed_ips': [{'subnet_id': '52b4c10b-e8e2-466f-8a46-754b5c6c6205', 'ip_address': '10.180.180.243'}], 'enable_snat': True}, 'description': '', 'availability_zones': [], 'distributed': False, 'ha': False, 'availability_zone_hints': [], 'routes': [], 'flavor_id': None, 'tags': [], 'created_at': '2025-04-23T18:40:47Z', 'updated_at': '2025-04-23T18:40:48Z', 'revision_number': 2, 'project_id': '1d43a6a438c54a549e0183f0ddc9ce7f'}
2025-04-23 18:40:50.955 69538 INFO tempest.lib.common.rest_client [req-b12f6895-9f21-4d32-8613-fc673cab8415 req-b12f6895-9f21-4d32-8613-fc673cab8415 ] Request (ImagesOneServerNegativeTestJSON:setUpClass): 201 POST http://10.180.1.21/identity/v3/auth/tokens 0.081s
2025-04-23 18:40:50.980 69564 INFO tempest.lib.common.rest_client [req-9b7f78ab-394c-4d1d-b6fd-f7efb01c91ac req-9b7f78ab-394c-4d1d-b6fd-f7efb01c91ac ] Request (ServerDiagnosticsTest:setUpClass): 200 GET http://10.180.1.21/identity/v3/roles 0.042s
2025-04-23 18:40:51.017 69588 INFO tempest.lib.common.rest_client [req-741a7043-8534-4966-a222-9b08e5211eb8 req-741a7043-8534-4966-a222-9b08e5211eb8 ] Request (FlavorsAccessTestJSON:tearDownClass): 204 DELETE http://10.180.1.21/identity/v3/projects/392571f07d244127b87ecfa9d8633018 0.087s
2025-04-23 18:40:51.018 69588 INFO tempest.test [-] raised in TestMultiAttachVolumeSwap.setUpClass. Invoking tearDownClass.
2025-04-23 18:40:51.018 69594 INFO tempest.lib.common.rest_client [req-b26222eb-ebb8-42ef-86ab-034c8983489a req-b26222eb-ebb8-42ef-86ab-034c8983489a ] Request (FloatingIPDetailsTestJSON:tearDownClass): 202 DELETE http://10.180.1.21/compute/v2.1/os-floating-ips/d1a9eb19-9e9e-459e-8830-c3629c48123e 2.860s
2025-04-23 18:40:51.066 69596 INFO tempest.lib.common.rest_client [req-bcc7bb58-cd37-4b1e-b225-c68579324fe0 req-bcc7bb58-cd37-4b1e-b225-c68579324fe0 ] Request (ServerPasswordTestJSON:setUpClass): 201 POST http://10.180.1.21/identity/v3/auth/tokens 0.117s
2025-04-23 18:40:51.071 69538 INFO tempest.lib.common.rest_client [req-39f0c6b5-dee8-489c-8677-18ff6908b5ca req-39f0c6b5-dee8-489c-8677-18ff6908b5ca ] Request (ImagesOneServerNegativeTestJSON:setUpClass): 201 POST http://10.180.1.21/identity/v3/auth/tokens 0.112s
2025-04-23 18:40:51.072 69538 INFO tempest.lib.common.fixed_network [-] (ImagesOneServerNegativeTestJSON:setUpClass) Found network {'id': '7c7d2fc0-3df5-4f62-ac04-bdbc6e52e8f7', 'name': 'tempest-ImagesOneServerNegativeTestJSON-1603792072-network', 'tenant_id': 'c464d11296f34c20b0169747b735642b', 'admin_state_up': True, 'mtu': 8950, 'status': 'ACTIVE', 'subnets': [], 'shared': False, 'project_id': 'c464d11296f34c20b0169747b735642b', 'port_security_enabled': True, 'router:external': False, 'provider:network_type': 'vlan', 'provider:physical_network': 'default', 'provider:segmentation_id': 788, 'availability_zone_hints': [], 'availability_zones': [], 'ipv4_address_scope': None, 'ipv6_address_scope': None, 'description': '', 'tags': [], 'created_at': '2025-04-23T18:40:45Z', 'updated_at': '2025-04-23T18:40:45Z', 'revision_number': 1} available for tenant
2025-04-23 18:40:51.127 69564 INFO tempest.lib.common.rest_client [req-417eb6dc-8160-4410-a31a-aa0f8205ef85 req-417eb6dc-8160-4410-a31a-aa0f8205ef85 ] Request (ServerDiagnosticsTest:setUpClass): 204 PUT http://10.180.1.21/identity/v3/projects/1985971a39e248c582f927fa6f6b89a2/users/55e83653e5364d1ab84660fd86be6721/roles/42732914966c4367860b745611926a34 0.147s
2025-04-23 18:40:51.175 69590 INFO tempest.lib.common.rest_client [req-6cc439b7-2f50-4880-9ebb-7336d2c25e41 req-6cc439b7-2f50-4880-9ebb-7336d2c25e41 ] Request (ServicesAdminNegativeTestJSON:test_list_services_with_non_admin_user): 403 GET http://10.180.1.21/compute/v2.1/os-services 2.957s
2025-04-23 18:40:51.177 69588 INFO tempest.lib.common.rest_client [req-33b9fa77-b94b-4e18-a37b-d258849236f0 req-33b9fa77-b94b-4e18-a37b-d258849236f0 ] Request (KeyPairsNegativeTestJSON:setUpClass): 201 POST http://10.180.1.21/identity/v3/auth/tokens 0.155s
2025-04-23 18:40:51.200 69586 INFO tempest.lib.common.rest_client [req-5778ae39-1d7a-4146-a268-eff310366333 req-5778ae39-1d7a-4146-a268-eff310366333 ] Request (FlavorsAdminTestJSON:_run_cleanups): 202 DELETE http://10.180.1.21/compute/v2.1/flavors/090d94e7-e741-4add-9995-9f99c1e2c876 2.958s
2025-04-23 18:40:51.209 69564 INFO tempest.lib.common.rest_client [req-6891e608-3e7e-4cf8-8075-a85f59486873 req-6891e608-3e7e-4cf8-8075-a85f59486873 ] Request (ServerDiagnosticsTest:setUpClass): 200 GET http://10.180.1.21/identity/v3/roles 0.081s
2025-04-23 18:40:51.228 69596 INFO tempest.lib.common.rest_client [req-d4a9b91c-efc9-4d02-96c6-da8f09d902ee req-d4a9b91c-efc9-4d02-96c6-da8f09d902ee ] Request (ServerPasswordTestJSON:setUpClass): 201 POST http://10.180.1.21/identity/v3/auth/tokens 0.157s
2025-04-23 18:40:51.228 69596 INFO tempest.lib.common.fixed_network [-] (ServerPasswordTestJSON:setUpClass) Found network {'id': '14c12336-4aad-42ac-a1d1-6332e22df40b', 'name': 'tempest-ServerPasswordTestJSON-1711339762-network', 'tenant_id': '1d43a6a438c54a549e0183f0ddc9ce7f', 'admin_state_up': True, 'mtu': 8950, 'status': 'ACTIVE', 'subnets': [], 'shared': False, 'project_id': '1d43a6a438c54a549e0183f0ddc9ce7f', 'port_security_enabled': True, 'router:external': False, 'provider:network_type': 'vlan', 'provider:physical_network': 'default', 'provider:segmentation_id': 394, 'availability_zone_hints': [], 'availability_zones': [], 'ipv4_address_scope': None, 'ipv6_address_scope': None, 'description': '', 'tags': [], 'created_at': '2025-04-23T18:40:46Z', 'updated_at': '2025-04-23T18:40:46Z', 'revision_number': 1} available for tenant
2025-04-23 18:40:51.258 69588 INFO tempest.lib.common.rest_client [req-e5b8f8e8-fd4a-4bc3-b3e6-0d3744292217 req-e5b8f8e8-fd4a-4bc3-b3e6-0d3744292217 ] Request (KeyPairsNegativeTestJSON:setUpClass): 201 POST http://10.180.1.21/identity/v3/auth/tokens 0.077s
2025-04-23 18:40:51.277 69564 INFO tempest.lib.common.rest_client [req-21e2db03-20db-4604-a5db-3c30e65cca82 req-21e2db03-20db-4604-a5db-3c30e65cca82 ] Request (ServerDiagnosticsTest:setUpClass): 204 PUT http://10.180.1.21/identity/v3/projects/1985971a39e248c582f927fa6f6b89a2/users/55e83653e5364d1ab84660fd86be6721/roles/42732914966c4367860b745611926a34 0.068s
2025-04-23 18:40:51.278 69564 INFO tempest.lib.common.dynamic_creds [-] Dynamic test user 55e83653e5364d1ab84660fd86be6721 is created with scope project and roles: ['admin']
2025-04-23 18:40:51.278 69564 INFO tempest.lib.common.dynamic_creds [-] Acquired dynamic creds: credentials: Credentials: {'domain_id': 'default', 'domain_name': 'Default', 'username': 'tempest-ServerDiagnosticsTest-1046241042-project-admin', 'project_domain_id': 'default', 'project_domain_name': 'Default', 'project_id': '1985971a39e248c582f927fa6f6b89a2', 'project_name': 'tempest-ServerDiagnosticsTest-1046241042', 'tenant_id': '1985971a39e248c582f927fa6f6b89a2', 'tenant_name': 'tempest-ServerDiagnosticsTest-1046241042', 'user_domain_id': 'default', 'user_domain_name': 'Default', 'user_id': '55e83653e5364d1ab84660fd86be6721', 'system': None}, Network: None, Subnet: None, Router: None
2025-04-23 18:40:51.278 69564 INFO tempest.lib.common.dynamic_creds [-] Created isolated network resources for: credentials: Credentials: {'domain_id': 'default', 'domain_name': 'Default', 'username': 'tempest-ServerDiagnosticsTest-1046241042-project-admin', 'project_domain_id': 'default', 'project_domain_name': 'Default', 'project_id': '1985971a39e248c582f927fa6f6b89a2', 'project_name': 'tempest-ServerDiagnosticsTest-1046241042', 'tenant_id': '1985971a39e248c582f927fa6f6b89a2', 'tenant_name': 'tempest-ServerDiagnosticsTest-1046241042', 'user_domain_id': 'default', 'user_domain_name': 'Default', 'user_id': '55e83653e5364d1ab84660fd86be6721', 'system': None}, Network: None, Subnet: None, Router: None
2025-04-23 18:40:51.284 69546 INFO tempest.lib.common.rest_client [req-c0ecd486-079d-4fbb-b6a0-38eab6b08a02 req-c0ecd486-079d-4fbb-b6a0-38eab6b08a02 ] Request (SecurityGroupsTestJSON:test_list_security_groups_by_server): 200 GET http://10.180.1.21/compute/v2.1/servers/ae681203-5fe5-41dc-8dee-0d0240349185 2.932s
2025-04-23 18:40:51.299 69578 INFO tempest.lib.common.rest_client [req-750509f6-bab4-4c76-9557-b8472f011fe3 req-750509f6-bab4-4c76-9557-b8472f011fe3 ] Request (HostsAdminNegativeTestJSON:test_reboot_nonexistent_host): 404 GET http://10.180.1.21/compute/v2.1/os-hosts/nonexistent_hostname/reboot 2.939s
2025-04-23 18:40:51.313 69590 INFO tempest.lib.common.rest_client [req-6145539f-6785-4867-99da-b5851131f8c7 req-6145539f-6785-4867-99da-b5851131f8c7 ] Request (ServicesAdminNegativeTestJSON:tearDownClass): 204 DELETE http://10.180.1.21/identity/v3/users/e8ab4b59d90a4f098efeac08da4808c7 0.135s
2025-04-23 18:40:51.399 69588 INFO tempest.lib.common.rest_client [req-bdc201c6-8918-4d95-8f68-c23dd2b565bb req-bdc201c6-8918-4d95-8f68-c23dd2b565bb ] Request (KeyPairsNegativeTestJSON:setUpClass): 200 GET http://10.180.1.21/identity/v3/domains?name=Default 0.141s
2025-04-23 18:40:51.401 69564 INFO tempest.lib.common.rest_client [req-297c7cc3-ba6f-4588-8aa0-97c325182056 req-297c7cc3-ba6f-4588-8aa0-97c325182056 ] Request (ServerDiagnosticsTest:setUpClass): 201 POST http://10.180.1.21/identity/v3/auth/tokens 0.120s
2025-04-23 18:40:51.481 69590 INFO tempest.lib.common.rest_client [req-e931186c-84ff-423f-9235-f35a9a1523e8 req-e931186c-84ff-423f-9235-f35a9a1523e8 ] Request (ServicesAdminNegativeTestJSON:tearDownClass): 204 DELETE http://10.180.1.21/identity/v3/users/ca08afec8a9e4ca09ffe877f9774b46e 0.168s
2025-04-23 18:40:51.482 69590 INFO tempest.lib.common.dynamic_creds [-] Deleting project and security group for project: a6d62f1ed5cf49c3b23ce7b4e8435740
2025-04-23 18:40:51.556 69588 INFO tempest.lib.common.rest_client [req-d559299c-1c26-4bfd-972e-54b5bd629401 req-d559299c-1c26-4bfd-972e-54b5bd629401 ] Request (KeyPairsNegativeTestJSON:setUpClass): 201 POST http://10.180.1.21/identity/v3/projects 0.156s
2025-04-23 18:40:51.595 69592 INFO tempest.lib.common.rest_client [req-331efddf-0330-43b6-adbe-a16a78c5de98 req-331efddf-0330-43b6-adbe-a16a78c5de98 ] Request (ServicesAdminNegativeV253TestJSON:test_disable_log_reason_with_invalid_service_id): 404 PUT http://10.180.1.21/compute/v2.1/os-services/6bc2e3a6-4bed-490a-b20c-9c85d055c7ba 3.163s
2025-04-23 18:40:51.612 69564 INFO tempest.lib.common.rest_client [req-01153d94-8fe7-4e70-afff-cc77373af0a6 req-01153d94-8fe7-4e70-afff-cc77373af0a6 ] Request (ServerDiagnosticsTest:test_get_server_diagnostics): 201 POST http://10.180.1.21/identity/v3/auth/tokens 0.205s
2025-04-23 18:40:51.612 69564 INFO tempest.lib.common.fixed_network [-] (ServerDiagnosticsTest:test_get_server_diagnostics) Found network None available for tenant
2025-04-23 18:40:51.618 69590 INFO tempest.lib.common.rest_client [req-1c910a20-6139-4de0-80aa-758b5985bd1f req-1c910a20-6139-4de0-80aa-758b5985bd1f ] Request (ServicesAdminNegativeTestJSON:tearDownClass): 201 POST http://10.180.1.21/identity/v3/auth/tokens 0.136s
2025-04-23 18:40:51.669 69588 INFO tempest.lib.common.rest_client [req-9011552b-b91c-494d-a62f-16a544c1b2da req-9011552b-b91c-494d-a62f-16a544c1b2da ] Request (KeyPairsNegativeTestJSON:setUpClass): 201 POST http://10.180.1.21/identity/v3/users 0.113s
2025-04-23 18:40:51.692 69588 INFO tempest.lib.common.rest_client [req-5d0e6819-fc0a-4590-b4b1-a8c218d55cdb req-5d0e6819-fc0a-4590-b4b1-a8c218d55cdb ] Request (KeyPairsNegativeTestJSON:setUpClass): 200 GET http://10.180.1.21/identity/v3/roles 0.022s
2025-04-23 18:40:51.732 69588 INFO tempest.lib.common.rest_client [req-e1c58404-2193-4561-bb18-d1d6a561d712 req-e1c58404-2193-4561-bb18-d1d6a561d712 ] Request (KeyPairsNegativeTestJSON:setUpClass): 204 PUT http://10.180.1.21/identity/v3/projects/a66d2d71aa1d497487f109edf0208314/users/6000112fce844f82967ce0aca0d5eb2c/roles/81fb859fcf794d16b22488f7898b405f 0.039s
2025-04-23 18:40:51.732 69588 INFO tempest.lib.common.dynamic_creds [-] Dynamic test user 6000112fce844f82967ce0aca0d5eb2c is created with scope project and roles: ['member']
2025-04-23 18:40:51.732 69588 INFO tempest.lib.common.dynamic_creds [-] Acquired dynamic creds: credentials: Credentials: {'domain_id': 'default', 'domain_name': 'Default', 'username': 'tempest-KeyPairsNegativeTestJSON-1933920347-project-member', 'project_domain_id': 'default', 'project_domain_name': 'Default', 'project_id': 'a66d2d71aa1d497487f109edf0208314', 'project_name': 'tempest-KeyPairsNegativeTestJSON-1933920347', 'tenant_id': 'a66d2d71aa1d497487f109edf0208314', 'tenant_name': 'tempest-KeyPairsNegativeTestJSON-1933920347', 'user_domain_id': 'default', 'user_domain_name': 'Default', 'user_id': '6000112fce844f82967ce0aca0d5eb2c', 'system': None}, Network: None, Subnet: None, Router: None
2025-04-23 18:40:51.733 69588 INFO tempest.lib.common.dynamic_creds [-] Created isolated network resources for: credentials: Credentials: {'domain_id': 'default', 'domain_name': 'Default', 'username': 'tempest-KeyPairsNegativeTestJSON-1933920347-project-member', 'project_domain_id': 'default', 'project_domain_name': 'Default', 'project_id': 'a66d2d71aa1d497487f109edf0208314', 'project_name': 'tempest-KeyPairsNegativeTestJSON-1933920347', 'tenant_id': 'a66d2d71aa1d497487f109edf0208314', 'tenant_name': 'tempest-KeyPairsNegativeTestJSON-1933920347', 'user_domain_id': 'default', 'user_domain_name': 'Default', 'user_id': '6000112fce844f82967ce0aca0d5eb2c', 'system': None}, Network: None, Subnet: None, Router: None
2025-04-23 18:40:51.764 69568 INFO tempest.lib.common.rest_client [req-d37a29b2-2bf3-4936-856b-5bf39713b7c4 req-d37a29b2-2bf3-4936-856b-5bf39713b7c4 ] Request (ServersAdminTestJSON:setUpClass): 200 GET http://10.180.1.21/compute/v2.1/servers/d7fbc3be-7558-416a-88f8-952430aa603d 3.092s
2025-04-23 18:40:51.826 69588 INFO tempest.lib.common.rest_client [req-4036ba4b-0101-4e2c-9bab-ffce19ad1779 req-4036ba4b-0101-4e2c-9bab-ffce19ad1779 ] Request (KeyPairsNegativeTestJSON:setUpClass): 201 POST http://10.180.1.21/identity/v3/auth/tokens 0.089s
2025-04-23 18:40:51.905 69576 INFO tempest.lib.common.rest_client [req-e78e2112-4c3d-411c-ae7d-67f2f2c540c4 req-e78e2112-4c3d-411c-ae7d-67f2f2c540c4 ] Request (SecurityGroupsTestAdminJSON:test_list_security_groups_list_all_tenants_filter): 200 GET http://10.180.1.21/compute/v2.1/os-security-groups?all_tenants=true 4.045s
2025-04-23 18:40:51.909 69590 INFO tempest.lib.common.rest_client [req-7dd13678-df8e-4365-a49b-7b86c45e3af0 req-7dd13678-df8e-4365-a49b-7b86c45e3af0 ] Request (ServicesAdminNegativeTestJSON:tearDownClass): 200 GET http://10.180.1.21:9696/networking/v2.0/security-groups?tenant_id=a6d62f1ed5cf49c3b23ce7b4e8435740&name=default 0.290s
2025-04-23 18:40:51.926 69570 INFO tempest.lib.common.rest_client [req-50628abb-530c-4fc2-8305-85d223e2d12c req-50628abb-530c-4fc2-8305-85d223e2d12c ] Request (QuotaClassesAdminTestJSON:test_update_default_quotas): 200 GET http://10.180.1.21/compute/v2.1/os-quota-class-sets/default 3.064s
2025-04-23 18:40:51.971 69562 INFO tempest.lib.common.rest_client [req-8d0c8037-6037-487b-b28f-1878459b45b1 req-8d0c8037-6037-487b-b28f-1878459b45b1 ] Request (QuotasAdminNegativeTest:_run_cleanups): 200 PUT http://10.180.1.21/compute/v2.1/os-quota-sets/4a02382fd96b43db8b49e516a939097b 3.206s
2025-04-23 18:40:51.974 69558 INFO tempest.lib.common.rest_client [req-a5af578d-767a-4bb7-a68f-221e2f2c86dd req-a5af578d-767a-4bb7-a68f-221e2f2c86dd ] Request (AggregatesAdminNegativeTestJSON:test_aggregate_create_aggregate_name_length_exceeds_255): 400 POST http://10.180.1.21/compute/v2.1/os-aggregates 2.864s
2025-04-23 18:40:51.991 69540 INFO tempest.lib.common.rest_client [req-f434df38-f44d-4b19-90fa-72c711159962 req-f434df38-f44d-4b19-90fa-72c711159962 ] Request (FloatingIPsNegativeTestJSON:test_allocate_floating_ip_from_nonexistent_pool): 404 POST http://10.180.1.21/compute/v2.1/os-floating-ips 2.911s
2025-04-23 18:40:52.028 69542 INFO tempest.lib.common.rest_client [req-72a8a359-426d-43a9-b163-442aee220968 req-72a8a359-426d-43a9-b163-442aee220968 ] Request (ServersWithSpecificFlavorTestJSON:test_verify_created_server_ephemeral_disk): 200 POST http://10.180.1.21/compute/v2.1/flavors/351970202/os-extra_specs 2.876s
2025-04-23 18:40:52.053 69582 INFO tempest.lib.common.rest_client [req-5812921f-81b2-486d-9007-3339361aff16 req-5812921f-81b2-486d-9007-3339361aff16 ] Request (FlavorsV2TestJSON:test_list_flavors_detailed_filter_by_min_disk): 200 GET http://10.180.1.21/compute/v2.1/flavors/detail?minDisk=2 2.886s
2025-04-23 18:40:52.057 69536 INFO tempest.lib.common.rest_client [req-1bf1c796-f805-4ddc-9acf-6d3252b7e707 req-1bf1c796-f805-4ddc-9acf-6d3252b7e707 ] Request (FlavorsAccessNegativeTestJSON:test_flavor_non_admin_add): 403 POST http://10.180.1.21/compute/v2.1/flavors/649417421/action 2.918s
2025-04-23 18:40:52.065 69590 INFO tempest.lib.common.rest_client [req-1e21ef76-f035-4919-9b1f-e04439d61755 req-1e21ef76-f035-4919-9b1f-e04439d61755 ] Request (ServicesAdminNegativeTestJSON:tearDownClass): 204 DELETE http://10.180.1.21:9696/networking/v2.0/security-groups/d00c4ef0-6ef0-42a6-a650-2a485a7dda22 0.155s
2025-04-23 18:40:52.142 69580 INFO tempest.lib.common.rest_client [req-77e23de2-214d-48a2-aa5d-8c99f2bc55e2 req-77e23de2-214d-48a2-aa5d-8c99f2bc55e2 ] Request (ServerShowV254Test:test_rebuild_server): 200 GET http://10.180.1.21/compute/v2.1/servers/50b69299-91ee-43cf-aa76-2d6fa2240f9f 2.572s
2025-04-23 18:40:52.153 69580 INFO tempest.common.waiters [-] State transition "BUILD/networking" ==> "BUILD/spawning" after 9 second wait
2025-04-23 18:40:52.172 69590 INFO tempest.lib.common.rest_client [req-5d460ef4-cf4d-40e9-9b34-699c9a31e6ae req-5d460ef4-cf4d-40e9-9b34-699c9a31e6ae ] Request (ServicesAdminNegativeTestJSON:tearDownClass): 204 DELETE http://10.180.1.21/identity/v3/projects/a6d62f1ed5cf49c3b23ce7b4e8435740 0.107s
2025-04-23 18:40:52.172 69590 INFO tempest.lib.common.dynamic_creds [-] Deleting project and security group for project: bf1ddc269f3a44d8aef6176821a60acc
2025-04-23 18:40:52.180 69556 INFO tempest.lib.common.rest_client [req-ea571aed-038d-4544-8304-866a6883c37f req-ea571aed-038d-4544-8304-866a6883c37f ] Request (ServersTestBootFromVolume:setUpClass): 200 PUT http://10.180.1.21:9696/networking/v2.0/routers/f4e29c5c-d37e-4563-b4f6-fd16892e7c87/add_router_interface 1.986s
2025-04-23 18:40:52.180 69556 INFO tempest.lib.common.dynamic_creds [-] Created isolated network resources for: credentials: Credentials: {'domain_id': 'default', 'domain_name': 'Default', 'username': 'tempest-ServersTestBootFromVolume-1223342827-project-member', 'project_domain_id': 'default', 'project_domain_name': 'Default', 'project_id': '810421a32a7840c5bc62c1a8c239783d', 'project_name': 'tempest-ServersTestBootFromVolume-1223342827', 'tenant_id': '810421a32a7840c5bc62c1a8c239783d', 'tenant_name': 'tempest-ServersTestBootFromVolume-1223342827', 'user_domain_id': 'default', 'user_domain_name': 'Default', 'user_id': 'db8fb831d32a4f42991ed5fe7a3404dd', 'system': None}, Network: {'id': '7f833280-a0ef-4385-922a-404e25a8770e', 'name': 'tempest-ServersTestBootFromVolume-337081166-network', 'tenant_id': '810421a32a7840c5bc62c1a8c239783d', 'admin_state_up': True, 'mtu': 8950, 'status': 'ACTIVE', 'subnets': [], 'shared': False, 'project_id': '810421a32a7840c5bc62c1a8c239783d', 'port_security_enabled': True, 'router:external': False, 'provider:network_type': 'vlan', 'provider:physical_network': 'default', 'provider:segmentation_id': 995, 'availability_zone_hints': [], 'availability_zones': [], 'ipv4_address_scope': None, 'ipv6_address_scope': None, 'description': '', 'tags': [], 'created_at': '2025-04-23T18:40:47Z', 'updated_at': '2025-04-23T18:40:47Z', 'revision_number': 1}, Subnet: {'id': '8a5b3a5d-e260-4588-8a85-5bc9dc7146f9', 'name': 'tempest-ServersTestBootFromVolume-337081166-subnet', 'tenant_id': '810421a32a7840c5bc62c1a8c239783d', 'network_id': '7f833280-a0ef-4385-922a-404e25a8770e', 'ip_version': 4, 'subnetpool_id': None, 'enable_dhcp': True, 'ipv6_ra_mode': None, 'ipv6_address_mode': None, 'gateway_ip': '192.168.128.1', 'cidr': '192.168.128.0/28', 'allocation_pools': [{'start': '192.168.128.2', 'end': '192.168.128.14'}], 'host_routes': [], 'dns_nameservers': [], 'description': '', 'router:external': False, 'service_types': [], 'tags': [], 'created_at': '2025-04-23T18:40:48Z', 'updated_at': '2025-04-23T18:40:48Z', 'revision_number': 0, 'project_id': '810421a32a7840c5bc62c1a8c239783d'}, Router: {'id': 'f4e29c5c-d37e-4563-b4f6-fd16892e7c87', 'name': 'tempest-ServersTestBootFromVolume-337081166-router', 'tenant_id': '810421a32a7840c5bc62c1a8c239783d', 'admin_state_up': True, 'status': 'ACTIVE', 'external_gateway_info': {'network_id': '3432531d-c57d-4b0d-9399-b4ad12d7f5a0', 'external_fixed_ips': [{'subnet_id': '52b4c10b-e8e2-466f-8a46-754b5c6c6205', 'ip_address': '10.180.180.237'}], 'enable_snat': True}, 'description': '', 'availability_zones': [], 'distributed': False, 'ha': False, 'availability_zone_hints': [], 'routes': [], 'flavor_id': None, 'tags': [], 'created_at': '2025-04-23T18:40:48Z', 'updated_at': '2025-04-23T18:40:49Z', 'revision_number': 2, 'project_id': '810421a32a7840c5bc62c1a8c239783d'}
2025-04-23 18:40:52.245 69554 INFO tempest.lib.common.rest_client [req-0f285029-dbe8-40e4-a5f7-78a7a1836fab req-0f285029-dbe8-40e4-a5f7-78a7a1836fab ] Request (FloatingIPsAssociationTestJSON:setUpClass): 200 GET http://10.180.1.21/compute/v2.1/servers/f43baed6-6386-4cab-9e4f-4dcc97eb6e87 2.761s
2025-04-23 18:40:52.259 69554 INFO tempest.common.waiters [-] State transition "BUILD/spawning" ==> "ACTIVE/None" after 19 second wait
2025-04-23 18:40:52.281 69556 INFO tempest.lib.common.rest_client [req-ec96d292-4461-4615-bec9-d7ee00e7ccc9 req-ec96d292-4461-4615-bec9-d7ee00e7ccc9 ] Request (ServersTestBootFromVolume:setUpClass): 201 POST http://10.180.1.21/identity/v3/auth/tokens 0.096s
2025-04-23 18:40:52.304 69566 INFO tempest.lib.common.rest_client [req-4e9f20f5-8a09-497a-9169-15ee242dd713 req-4e9f20f5-8a09-497a-9169-15ee242dd713 ] Request (ServerRescueTestJSON:setUpClass): 200 GET http://10.180.1.21/compute/v2.1/servers/aa58e2c6-85c2-483e-9435-db6664b30d5a 2.449s
2025-04-23 18:40:52.307 69548 INFO tempest.lib.common.rest_client [req-b4f43a95-2f2b-4542-bb40-f061ba5aff80 req-b4f43a95-2f2b-4542-bb40-f061ba5aff80 ] Request (DeleteServersAdminTestJSON:test_admin_delete_servers_of_others): 200 GET http://10.180.1.21/compute/v2.1/servers/3fd3d6a7-1609-49ae-afa5-b337aad39679 2.568s
2025-04-23 18:40:52.317 69548 INFO tempest.common.waiters [-] State transition "BUILD/spawning" ==> "ACTIVE/None" after 21 second wait
2025-04-23 18:40:52.389 69590 INFO tempest.lib.common.rest_client [req-81653dfc-d2da-46c3-886a-c5f6df27285e req-81653dfc-d2da-46c3-886a-c5f6df27285e ] Request (ServicesAdminNegativeTestJSON:tearDownClass): 200 GET http://10.180.1.21:9696/networking/v2.0/security-groups?tenant_id=bf1ddc269f3a44d8aef6176821a60acc&name=default 0.217s
2025-04-23 18:40:52.391 69550 INFO tempest.lib.common.rest_client [req-95d6a042-d712-4a61-a985-1a5afc6fcfc1 req-95d6a042-d712-4a61-a985-1a5afc6fcfc1 ] Request (MigrationsAdminTest:test_list_migrations_in_flavor_resize_situation): 200 GET http://10.180.1.21/compute/v2.1/servers/4e41b95c-a1c5-49b7-8a26-b6be40046a4e 2.331s
2025-04-23 18:40:52.437 69572 INFO tempest.lib.common.rest_client [req-ff3f3484-fc78-46c2-b0b6-01d49aaa3003 req-ff3f3484-fc78-46c2-b0b6-01d49aaa3003 ] Request (ServersAdminNegativeTestJSON:setUpClass): 200 GET http://10.180.1.21/compute/v2.1/servers/7080e070-ba39-48ca-b4c7-abcd4349eb57 2.479s
2025-04-23 18:40:52.447 69572 INFO tempest.common.waiters [-] State transition "BUILD/None" ==> "BUILD/spawning" after 9 second wait
2025-04-23 18:40:52.462 69574 INFO tempest.lib.common.rest_client [req-7631291b-77ac-454d-ac3d-7831d4366729 req-7631291b-77ac-454d-ac3d-7831d4366729 ] Request (AttachInterfacesUnderV243Test:test_add_remove_fixed_ip): 200 GET http://10.180.1.21/compute/v2.1/servers/a6a64814-a8d6-4180-83e6-08a130186223 2.390s
2025-04-23 18:40:52.494 69560 INFO tempest.lib.common.rest_client [req-cf884eca-d9dd-41c7-8b9f-37be31a96904 req-cf884eca-d9dd-41c7-8b9f-37be31a96904 ] Request (FloatingIPsAssociationNegativeTestJSON:setUpClass): 200 GET http://10.180.1.21/compute/v2.1/servers/be32720d-7237-41f3-8438-4eec21659cf6 2.369s
2025-04-23 18:40:52.502 69560 INFO tempest.common.waiters [-] State transition "BUILD/scheduling" ==> "BUILD/None" after 3 second wait
2025-04-23 18:40:52.539 69590 INFO tempest.lib.common.rest_client [req-71c3bae7-a8dc-4964-99b6-a8a2df582e17 req-71c3bae7-a8dc-4964-99b6-a8a2df582e17 ] Request (ServicesAdminNegativeTestJSON:tearDownClass): 204 DELETE http://10.180.1.21:9696/networking/v2.0/security-groups/b3a94026-676c-4240-b076-7fa259c92382 0.149s
2025-04-23 18:40:52.655 69590 INFO tempest.lib.common.rest_client [req-1b3d78db-f366-40ca-8a5a-6819f2167b96 req-1b3d78db-f366-40ca-8a5a-6819f2167b96 ] Request (ServicesAdminNegativeTestJSON:tearDownClass): 204 DELETE http://10.180.1.21/identity/v3/projects/bf1ddc269f3a44d8aef6176821a60acc 0.115s
2025-04-23 18:40:52.740 69590 INFO tempest.lib.common.rest_client [req-8113064a-19a2-4595-9c7f-95637f6af5dc req-8113064a-19a2-4595-9c7f-95637f6af5dc ] Request (AZV2TestJSON:setUpClass): 201 POST http://10.180.1.21/identity/v3/auth/tokens 0.083s
2025-04-23 18:40:52.781 69590 INFO tempest.lib.common.rest_client [req-1a352272-28de-4e44-8ffd-9eabe7786ddc req-1a352272-28de-4e44-8ffd-9eabe7786ddc ] Request (AZV2TestJSON:setUpClass): 201 POST http://10.180.1.21/identity/v3/auth/tokens 0.039s
2025-04-23 18:40:52.813 69590 INFO tempest.lib.common.rest_client [req-833b1086-b0f5-4475-96ac-f5b68362f790 req-833b1086-b0f5-4475-96ac-f5b68362f790 ] Request (AZV2TestJSON:setUpClass): 200 GET http://10.180.1.21/identity/v3/domains?name=Default 0.031s
2025-04-23 18:40:52.863 69590 INFO tempest.lib.common.rest_client [req-a4d126e4-f701-41c0-86b1-e3fa76a7f4bb req-a4d126e4-f701-41c0-86b1-e3fa76a7f4bb ] Request (AZV2TestJSON:setUpClass): 201 POST http://10.180.1.21/identity/v3/projects 0.049s
2025-04-23 18:40:52.874 69594 INFO tempest.lib.common.rest_client [req-6862b6c9-8e72-49ba-bbe6-0a610a65598d req-6862b6c9-8e72-49ba-bbe6-0a610a65598d ] Request (FloatingIPDetailsTestJSON:tearDownClass): 202 DELETE http://10.180.1.21/compute/v2.1/os-floating-ips/562f6e6a-bda4-45d5-a7c9-f51508589f6c 1.854s
2025-04-23 18:40:52.912 69586 INFO tempest.lib.common.rest_client [req-b70d2e5a-ac42-4e44-ac16-4c803e0ad177 req-b70d2e5a-ac42-4e44-ac16-4c803e0ad177 ] Request (FlavorsAdminTestJSON:_run_cleanups): 200 GET http://10.180.1.21/compute/v2.1/flavors/detail 1.712s
2025-04-23 18:40:52.964 69590 INFO tempest.lib.common.rest_client [req-d5aee389-93f1-49f3-a824-efe4f555bbad req-d5aee389-93f1-49f3-a824-efe4f555bbad ] Request (AZV2TestJSON:setUpClass): 201 POST http://10.180.1.21/identity/v3/users 0.101s
2025-04-23 18:40:52.988 69590 INFO tempest.lib.common.rest_client [req-46c64f31-2aa6-432f-af0e-20a1c88b1561 req-46c64f31-2aa6-432f-af0e-20a1c88b1561 ] Request (AZV2TestJSON:setUpClass): 200 GET http://10.180.1.21/identity/v3/roles 0.024s
2025-04-23 18:40:53.040 69590 INFO tempest.lib.common.rest_client [req-62c522a6-b4a4-418e-b936-9f77c3570a51 req-62c522a6-b4a4-418e-b936-9f77c3570a51 ] Request (AZV2TestJSON:setUpClass): 204 PUT http://10.180.1.21/identity/v3/projects/66fafa5d3013414faf249275a0b41728/users/b761625874d64203ad22af976d0db725/roles/81fb859fcf794d16b22488f7898b405f 0.051s
2025-04-23 18:40:53.040 69590 INFO tempest.lib.common.dynamic_creds [-] Dynamic test user b761625874d64203ad22af976d0db725 is created with scope project and roles: ['member']
2025-04-23 18:40:53.040 69590 INFO tempest.lib.common.dynamic_creds [-] Acquired dynamic creds: credentials: Credentials: {'domain_id': 'default', 'domain_name': 'Default', 'username': 'tempest-AZV2TestJSON-1238455796-project-member', 'project_domain_id': 'default', 'project_domain_name': 'Default', 'project_id': '66fafa5d3013414faf249275a0b41728', 'project_name': 'tempest-AZV2TestJSON-1238455796', 'tenant_id': '66fafa5d3013414faf249275a0b41728', 'tenant_name': 'tempest-AZV2TestJSON-1238455796', 'user_domain_id': 'default', 'user_domain_name': 'Default', 'user_id': 'b761625874d64203ad22af976d0db725', 'system': None}, Network: None, Subnet: None, Router: None
2025-04-23 18:40:53.040 69590 INFO tempest.lib.common.dynamic_creds [-] Created isolated network resources for: credentials: Credentials: {'domain_id': 'default', 'domain_name': 'Default', 'username': 'tempest-AZV2TestJSON-1238455796-project-member', 'project_domain_id': 'default', 'project_domain_name': 'Default', 'project_id': '66fafa5d3013414faf249275a0b41728', 'project_name': 'tempest-AZV2TestJSON-1238455796', 'tenant_id': '66fafa5d3013414faf249275a0b41728', 'tenant_name': 'tempest-AZV2TestJSON-1238455796', 'user_domain_id': 'default', 'user_domain_name': 'Default', 'user_id': 'b761625874d64203ad22af976d0db725', 'system': None}, Network: None, Subnet: None, Router: None
2025-04-23 18:40:53.178 69590 INFO tempest.lib.common.rest_client [req-d25101c3-a04f-4960-bcaa-7f17344fdf06 req-d25101c3-a04f-4960-bcaa-7f17344fdf06 ] Request (AZV2TestJSON:setUpClass): 201 POST http://10.180.1.21/identity/v3/auth/tokens 0.129s
2025-04-23 18:40:53.203 69538 INFO tempest.lib.common.rest_client [req-73392042-bce1-4195-95b9-ff39cb90e63a req-73392042-bce1-4195-95b9-ff39cb90e63a ] Request (ImagesOneServerNegativeTestJSON:setUpClass): 202 POST http://10.180.1.21/compute/v2.1/servers 2.130s
2025-04-23 18:40:53.213 69578 INFO tempest.lib.common.rest_client [req-784dbc39-d0ee-4ce7-a6d2-19c9ecbd8787 req-784dbc39-d0ee-4ce7-a6d2-19c9ecbd8787 ] Request (HostsAdminNegativeTestJSON:test_show_host_detail_with_non_admin_user): 403 GET http://10.180.1.21/compute/v2.1/os-hosts/devstack 1.912s
2025-04-23 18:40:53.366 69584 INFO tempest.lib.common.rest_client [req-f94b3bb1-7518-4533-9330-38f0398f14a2 req-f94b3bb1-7518-4533-9330-38f0398f14a2 ] Request (ServerAddressesTestJSON:setUpClass): 200 GET http://10.180.1.21/compute/v2.1/servers/59eda413-c58c-49d1-9d16-81eb83418762 1.994s
2025-04-23 18:40:53.381 69584 INFO tempest.common.waiters [-] State transition "BUILD/spawning" ==> "ACTIVE/None" after 21 second wait
2025-04-23 18:40:53.443 69552 INFO tempest.lib.common.rest_client [req-902d0a80-72c7-4fd6-804a-df856042ca42 req-902d0a80-72c7-4fd6-804a-df856042ca42 ] Request (VolumesAssistedSnapshotsTest:test_volume_assisted_snapshot_create_delete): 200 GET http://10.180.1.21/compute/v2.1/servers/97973f40-913d-4962-adab-a05953c50e57 1.950s
2025-04-23 18:40:53.458 69592 INFO tempest.lib.common.rest_client [req-f24ea350-327c-403a-836d-409b8d0ecb5f req-f24ea350-327c-403a-836d-409b8d0ecb5f ] Request (ServicesAdminNegativeV253TestJSON:test_disable_service_with_invalid_service_id): 404 PUT http://10.180.1.21/compute/v2.1/os-services/6bc2e3a6-4bed-490a-b20c-9c85d055c7ba 1.861s
2025-04-23 18:40:53.737 69596 INFO tempest.lib.common.rest_client [req-bbc32638-1f0a-4cc5-b8fd-46558cdce709 req-bbc32638-1f0a-4cc5-b8fd-46558cdce709 ] Request (ServerPasswordTestJSON:setUpClass): 202 POST http://10.180.1.21/compute/v2.1/servers 2.507s
2025-04-23 18:40:53.822 69588 INFO tempest.lib.common.rest_client [req-bedd17ae-6358-4c5b-9377-4f48bd5bb205 req-bedd17ae-6358-4c5b-9377-4f48bd5bb205 ] Request (KeyPairsNegativeTestJSON:test_create_keypair_invalid_name): 400 POST http://10.180.1.21/compute/v2.1/os-keypairs 1.994s
2025-04-23 18:40:53.878 69564 INFO tempest.lib.common.rest_client [req-a5381009-3e19-4bd3-93f0-2e4891c2a949 req-a5381009-3e19-4bd3-93f0-2e4891c2a949 ] Request (ServerDiagnosticsTest:test_get_server_diagnostics): 202 POST http://10.180.1.21/compute/v2.1/servers 2.264s
2025-04-23 18:40:53.941 69570 INFO tempest.lib.common.rest_client [req-0320730c-1c20-483b-a56b-431baadb445d req-0320730c-1c20-483b-a56b-431baadb445d ] Request (QuotaClassesAdminTestJSON:_run_cleanups): 200 PUT http://10.180.1.21/compute/v2.1/os-quota-class-sets/default 2.013s
2025-04-23 18:40:53.949 69562 INFO tempest.lib.common.rest_client [req-908da11b-0a02-4b14-b663-9f5852565c16 req-908da11b-0a02-4b14-b663-9f5852565c16 ] Request (QuotasAdminNegativeTest:test_update_quota_normal_user): 403 PUT http://10.180.1.21/compute/v2.1/os-quota-sets/4a02382fd96b43db8b49e516a939097b 1.974s
2025-04-23 18:40:53.954 69558 INFO tempest.lib.common.rest_client [req-591e21b7-2ae1-437a-a4ae-5b905727d3a4 req-591e21b7-2ae1-437a-a4ae-5b905727d3a4 ] Request (AggregatesAdminNegativeTestJSON:test_aggregate_create_aggregate_name_length_less_than_1): 400 POST http://10.180.1.21/compute/v2.1/os-aggregates 1.978s
2025-04-23 18:40:53.960 69576 INFO tempest.lib.common.rest_client [req-4d12a08e-ff83-4374-b88b-489e2590c970 req-4d12a08e-ff83-4374-b88b-489e2590c970 ] Request (SecurityGroupsTestAdminJSON:test_list_security_groups_list_all_tenants_filter): 200 GET http://10.180.1.21/compute/v2.1/os-security-groups?all_tenants=true 2.041s
2025-04-23 18:40:53.980 69540 INFO tempest.lib.common.rest_client [req-c48ed694-e54b-4551-96cf-492e4c65b274 req-c48ed694-e54b-4551-96cf-492e4c65b274 ] Request (FloatingIPsNegativeTestJSON:test_delete_nonexistent_floating_ip): 404 DELETE http://10.180.1.21/compute/v2.1/os-floating-ips/2f2c7ded-3198-4cfd-a8de-dbc445a90d0e 1.986s
2025-04-23 18:40:54.000 69536 INFO tempest.lib.common.rest_client [req-0ab5a896-5732-4e22-8809-08815d235ef0 req-0ab5a896-5732-4e22-8809-08815d235ef0 ] Request (FlavorsAccessNegativeTestJSON:_run_cleanups): 202 DELETE http://10.180.1.21/compute/v2.1/flavors/649417421 1.942s
2025-04-23 18:40:54.002 69542 INFO tempest.lib.common.rest_client [req-141d97db-cdea-46ff-9b89-6b6c5ed20ffe req-141d97db-cdea-46ff-9b89-6b6c5ed20ffe ] Request (ValidationResourcesFixture:setUp): 200 POST http://10.180.1.21/compute/v2.1/os-keypairs 1.972s
2025-04-23 18:40:54.013 69582 INFO tempest.lib.common.rest_client [req-8b567b05-4bd9-4c14-ad00-d74a481b88f1 req-8b567b05-4bd9-4c14-ad00-d74a481b88f1 ] Request (FlavorsV2TestJSON:test_list_flavors_detailed_filter_by_min_ram): 200 GET http://10.180.1.21/compute/v2.1/flavors/42 1.951s
2025-04-23 18:40:54.021 69594 INFO tempest.lib.common.rest_client [req-2cf2742c-4824-488e-99c9-6363f95e03e8 req-2cf2742c-4824-488e-99c9-6363f95e03e8 ] Request (FloatingIPDetailsTestJSON:tearDownClass): 200 PUT http://10.180.1.21:9696/networking/v2.0/routers/35291cab-6f24-45d1-bc61-1111a0f6493a/remove_router_interface 1.146s
