2025-04-23 18:41:06.102 69562 INFO tempest.lib.common.rest_client [req-700b2182-e361-4916-89dc-5cedee84c067 req-700b2182-e361-4916-89dc-5cedee84c067 ] Request (ImagesMetadataTestJSON:test_list_image_metadata): 200 GET http://10.180.1.21/compute/v2.1/images/f66c3f36-307d-4ae3-81ce-87e48fc03237/metadata 1.176s
2025-04-23 18:41:06.107 69536 INFO tempest.lib.common.rest_client [req-d0bd81cf-c1b8-4eea-b069-bab1a24ee769 req-d0bd81cf-c1b8-4eea-b069-bab1a24ee769 ] Request (FlavorsAccessNegativeTestJSON:tearDownClass): 200 GET http://10.180.1.21:9696/networking/v2.0/security-groups?tenant_id=a7cd7c7385c74fa9a545e28b5691d752&name=default 0.279s
2025-04-23 18:41:06.115 69558 INFO tempest.lib.common.rest_client [req-9a100c58-51eb-483c-b9aa-e8b79e3ec5a0 req-9a100c58-51eb-483c-b9aa-e8b79e3ec5a0 ] Request (AggregatesAdminNegativeTestJSON:test_aggregate_get_details_with_invalid_id): 404 GET http://10.180.1.21/compute/v2.1/os-aggregates/-1 1.119s
2025-04-23 18:41:06.153 69596 INFO tempest.lib.common.rest_client [req-df061477-c8f9-4b6e-88dc-e1a02e0f6c0e req-df061477-c8f9-4b6e-88dc-e1a02e0f6c0e ] Request (ServerPasswordTestJSON:setUpClass): 200 GET http://10.180.1.21/compute/v2.1/servers/785eed74-ebba-423a-a157-56027aeaa976 1.163s
2025-04-23 18:41:06.198 69590 INFO tempest.lib.common.rest_client [req-e05a6aa7-ab65-44b0-a581-5cb2e303f500 req-e05a6aa7-ab65-44b0-a581-5cb2e303f500 ] Request (ServerShowV257Test:test_rebuild_server): 200 GET http://10.180.1.21/compute/v2.1/servers/5acbf9bd-f1d8-49bb-a737-4e1ec117a690 1.115s
2025-04-23 18:41:06.205 69582 INFO tempest.lib.common.rest_client [req-533e3bb0-2bfd-42e2-aded-59631204d4c6 req-533e3bb0-2bfd-42e2-aded-59631204d4c6 ] Request (FlavorsV2TestJSON:test_list_flavors_with_detail): 200 GET http://10.180.1.21/compute/v2.1/flavors/detail 1.058s
2025-04-23 18:41:06.272 69556 INFO tempest.lib.common.rest_client [req-a27d6ccd-c3ce-4411-98a3-1eb69cd84c8e req-a27d6ccd-c3ce-4411-98a3-1eb69cd84c8e ] Request (ServersTestBootFromVolume:setUpClass): 200 GET http://10.180.1.21/volume/v3/volumes/92e7be24-655e-40ce-b21b-56754c23ad32 0.040s
2025-04-23 18:41:06.276 69540 INFO tempest.lib.common.rest_client [req-a7c91d93-c91e-4c87-9808-9a3c13b0780e req-a7c91d93-c91e-4c87-9808-9a3c13b0780e ] Request (ServersTestMultiNic:test_verify_duplicate_network_nics): 201 POST http://10.180.1.21:9696/networking/v2.0/subnets 0.932s
2025-04-23 18:41:06.287 69536 INFO tempest.lib.common.rest_client [req-4cf2ddac-630c-40f8-8d60-c38f5ebe0088 req-4cf2ddac-630c-40f8-8d60-c38f5ebe0088 ] Request (FlavorsAccessNegativeTestJSON:tearDownClass): 204 DELETE http://10.180.1.21:9696/networking/v2.0/security-groups/686fba3e-ff38-4b18-a0c6-f18061cc3075 0.180s
2025-04-23 18:41:06.314 69544 INFO tempest.lib.common.rest_client [req-60d344c1-3bbe-40a3-b3a0-1648cb906a99 req-60d344c1-3bbe-40a3-b3a0-1648cb906a99 ] Request (QuotasAdminTestJSON:test_update_all_quota_resources_for_tenant): 200 GET http://10.180.1.21/compute/v2.1/os-quota-sets/a7ce9119405644809f0be8f913cf19bf/defaults 1.071s
2025-04-23 18:41:06.322 69564 INFO tempest.lib.common.rest_client [req-8ae7b793-5b55-4b31-af65-29ea0eeabbfa req-8ae7b793-5b55-4b31-af65-29ea0eeabbfa ] Request (ServerDiagnosticsTest:test_get_server_diagnostics): 200 GET http://10.180.1.21/compute/v2.1/servers/2111606c-e076-4b37-a6a3-1490602d59c2 0.940s
2025-04-23 18:41:06.372 69578 INFO tempest.lib.common.rest_client [req-d5745459-acc2-4ca5-b5ee-e71bb0981633 req-d5745459-acc2-4ca5-b5ee-e71bb0981633 ] Request (VolumesAdminNegativeTest:setUpClass): 201 POST http://10.180.1.21:9696/networking/v2.0/subnets 0.322s
2025-04-23 18:41:06.382 69536 INFO tempest.lib.common.rest_client [req-b6e0432a-d801-420a-851d-a5efbbb8788e req-b6e0432a-d801-420a-851d-a5efbbb8788e ] Request (FlavorsAccessNegativeTestJSON:tearDownClass): 204 DELETE http://10.180.1.21/identity/v3/projects/a7cd7c7385c74fa9a545e28b5691d752 0.093s
2025-04-23 18:41:06.382 69536 INFO tempest.lib.common.dynamic_creds [-] Deleting project and security group for project: 52ea735f12474220b2d65bac250a0792
2025-04-23 18:41:06.536 69540 INFO tempest.lib.common.rest_client [req-3817743f-ebce-486c-bd5f-fe6c0876b041 req-3817743f-ebce-486c-bd5f-fe6c0876b041 ] Request (ServersTestMultiNic:test_verify_duplicate_network_nics): 201 POST http://10.180.1.21:9696/networking/v2.0/networks 0.259s
2025-04-23 18:41:06.570 69554 INFO tempest.lib.common.rest_client [req-b6c4bb9e-dda7-45d7-b545-d553613f344e req-b6c4bb9e-dda7-45d7-b545-d553613f344e ] Request (FloatingIPsAssociationTestJSON:test_associate_already_associated_floating_ip): 200 GET http://10.180.1.21/compute/v2.1/servers/36611fa9-f155-4cfc-a2ad-7c917a03a2fd 1.102s
2025-04-23 18:41:06.593 69586 INFO tempest.lib.common.rest_client [req-fd46c38b-23cf-406d-9f7c-1e32bce93379 req-fd46c38b-23cf-406d-9f7c-1e32bce93379 ] Request (FlavorsAdminTestJSON:test_is_public_string_variations): 200 POST http://10.180.1.21/compute/v2.1/flavors 1.069s
2025-04-23 18:41:06.607 69580 INFO tempest.lib.common.rest_client [req-fbf1ab54-8fc5-4288-9a2d-08a87295f158 req-fbf1ab54-8fc5-4288-9a2d-08a87295f158 ] Request (ServerShowV254Test:test_rebuild_server): 200 GET http://10.180.1.21/compute/v2.1/servers/50b69299-91ee-43cf-aa76-2d6fa2240f9f 1.181s
2025-04-23 18:41:06.625 69536 INFO tempest.lib.common.rest_client [req-5e709636-e67e-4436-b440-017ea7c47b25 req-5e709636-e67e-4436-b440-017ea7c47b25 ] Request (FlavorsAccessNegativeTestJSON:tearDownClass): 200 GET http://10.180.1.21:9696/networking/v2.0/security-groups?tenant_id=52ea735f12474220b2d65bac250a0792&name=default 0.243s
2025-04-23 18:41:06.665 69546 INFO tempest.lib.common.rest_client [req-1e63a2e4-e4e8-4c5e-b40c-1d036e6aad62 req-1e63a2e4-e4e8-4c5e-b40c-1d036e6aad62 ] Request (SecurityGroupsTestJSON:test_list_security_groups_by_server): 200 GET http://10.180.1.21/compute/v2.1/servers/ae681203-5fe5-41dc-8dee-0d0240349185 0.932s
2025-04-23 18:41:06.675 69546 INFO tempest.common.waiters [-] State transition "BUILD/None" ==> "BUILD/networking" after 15 second wait
2025-04-23 18:41:06.705 69548 INFO tempest.lib.common.rest_client [req-6da37544-da89-4c9a-b70a-e3a01f6e6508 req-6da37544-da89-4c9a-b70a-e3a01f6e6508 ] Request (DeleteServersAdminTestJSON:test_admin_delete_servers_of_others): 200 GET http://10.180.1.21/compute/v2.1/servers/3fd3d6a7-1609-49ae-afa5-b337aad39679 1.001s
2025-04-23 18:41:06.748 69570 INFO tempest.lib.common.rest_client [req-63ccf8ba-3d1c-414a-907d-dfb5d261e402 req-63ccf8ba-3d1c-414a-907d-dfb5d261e402 ] Request (ServerExternalEventsTest:test_create_server_external_events): 200 GET http://10.180.1.21/compute/v2.1/servers/a0cb9958-4a58-41d8-8686-eaa2e192034e 0.979s
2025-04-23 18:41:06.773 69552 INFO tempest.lib.common.rest_client [req-75271fe4-e740-4bf8-b977-e4e5fb8f4c53 req-75271fe4-e740-4bf8-b977-e4e5fb8f4c53 ] Request (VolumesAssistedSnapshotsTest:test_volume_assisted_snapshot_create_delete): 404 GET http://10.180.1.21/compute/v2.1/servers/97973f40-913d-4962-adab-a05953c50e57 0.706s
2025-04-23 18:41:06.833 69552 INFO tempest.lib.common.rest_client [req-bc3c6497-0fc9-4f6b-b590-7b6d9db93ed3 req-bc3c6497-0fc9-4f6b-b590-7b6d9db93ed3 ] Request (VolumesAssistedSnapshotsTest:_run_cleanups): 202 DELETE http://10.180.1.21/volume/v3/volumes/2eb9fab8-b5af-4a4f-b34c-3eeb3d3b4625 0.058s
2025-04-23 18:41:06.868 69552 INFO tempest.lib.common.rest_client [req-dfadfc4e-7ac4-4f9a-a3f1-9a03e1e8e5fa req-dfadfc4e-7ac4-4f9a-a3f1-9a03e1e8e5fa ] Request (VolumesAssistedSnapshotsTest:_run_cleanups): 200 GET http://10.180.1.21/volume/v3/volumes/2eb9fab8-b5af-4a4f-b34c-3eeb3d3b4625 0.034s
2025-04-23 18:41:06.871 69536 INFO tempest.lib.common.rest_client [req-d6934921-caf1-484d-9e00-c6d50be608d8 req-d6934921-caf1-484d-9e00-c6d50be608d8 ] Request (FlavorsAccessNegativeTestJSON:tearDownClass): 204 DELETE http://10.180.1.21:9696/networking/v2.0/security-groups/c8f53a33-d493-4e21-b37e-ce1a0ee0d10b 0.246s
2025-04-23 18:41:06.925 69562 INFO tempest.lib.common.rest_client [req-d05b2822-0f7e-42f7-b95d-6c3300c12de5 req-d05b2822-0f7e-42f7-b95d-6c3300c12de5 ] Request (ImagesMetadataTestJSON:setUp): 200 PUT http://10.180.1.21/compute/v2.1/images/f66c3f36-307d-4ae3-81ce-87e48fc03237/metadata 0.821s
2025-04-23 18:41:06.999 69536 INFO tempest.lib.common.rest_client [req-2e12ec71-7c3a-47e6-a579-7bdd27138eac req-2e12ec71-7c3a-47e6-a579-7bdd27138eac ] Request (FlavorsAccessNegativeTestJSON:tearDownClass): 204 DELETE http://10.180.1.21/identity/v3/projects/52ea735f12474220b2d65bac250a0792 0.128s
2025-04-23 18:41:07.000 69536 INFO tempest.lib.common.dynamic_creds [-] Deleting project and security group for project: fcf91cc88ee5431b923c7c4d5d718f5a
2025-04-23 18:41:07.001 69568 INFO tempest.lib.common.rest_client [req-5044b651-ac3e-47a6-a5f5-027ce45e6d27 req-5044b651-ac3e-47a6-a5f5-027ce45e6d27 ] Request (ServersAdminTestJSON:test_create_server_with_scheduling_hint): 200 GET http://10.180.1.21/compute/v2.1/servers/b778c536-fcf3-45c1-babc-f4c93bfaadbd 0.893s
2025-04-23 18:41:07.008 69558 INFO tempest.lib.common.rest_client [req-312e3833-d2d1-45ed-aaea-3e9dfa993ff3 req-312e3833-d2d1-45ed-aaea-3e9dfa993ff3 ] Request (AggregatesAdminNegativeTestJSON:test_aggregate_list_as_user): 403 GET http://10.180.1.21/compute/v2.1/os-aggregates 0.891s
2025-04-23 18:41:07.022 69582 INFO tempest.lib.common.rest_client [req-411dc67a-ffbe-43d8-8197-8581b70a1a3d req-411dc67a-ffbe-43d8-8197-8581b70a1a3d ] Request (FlavorsV2TestJSON:test_list_flavors_with_detail): 200 GET http://10.180.1.21/compute/v2.1/flavors/42 0.807s
2025-04-23 18:41:07.078 69540 INFO tempest.lib.common.rest_client [req-4a68a29f-8eab-48ba-aa0a-6b1f3077705e req-4a68a29f-8eab-48ba-aa0a-6b1f3077705e ] Request (ServersTestMultiNic:test_verify_duplicate_network_nics): 201 POST http://10.180.1.21:9696/networking/v2.0/subnets 0.541s
2025-04-23 18:41:07.092 69538 INFO tempest.lib.common.rest_client [req-a23589f7-6ca7-46a1-88a6-3bc40e1a19db req-a23589f7-6ca7-46a1-88a6-3bc40e1a19db ] Request (ImagesOneServerNegativeTestJSON:setUpClass): 200 GET http://10.180.1.21/compute/v2.1/servers/f2984bb6-02ae-471d-820c-f475b91eb6b7 0.867s
2025-04-23 18:41:07.140 69582 INFO tempest.lib.common.rest_client [req-82a301af-98db-4bd3-8eb8-dfe6241f85e6 req-82a301af-98db-4bd3-8eb8-dfe6241f85e6 ] Request (FlavorsV2TestJSON:tearDownClass): 204 DELETE http://10.180.1.21/identity/v3/users/f302054468e14e5391ee448d2cd5a643 0.113s
2025-04-23 18:41:07.140 69582 INFO tempest.lib.common.dynamic_creds [-] Deleting project and security group for project: 131e58505d814415a1362276fb061ba6
2025-04-23 18:41:07.150 69540 INFO tempest.lib.common.rest_client [req-e4af8492-4f6a-4fd1-9a49-d56bc7fb9894 req-e4af8492-4f6a-4fd1-9a49-d56bc7fb9894 ] Request (ServersTestMultiNic:test_verify_duplicate_network_nics): 201 POST http://10.180.1.21/identity/v3/auth/tokens 0.065s
2025-04-23 18:41:07.151 69540 INFO tempest.lib.common.fixed_network [-] (ServersTestMultiNic:test_verify_duplicate_network_nics) Found network {'id': '7903c101-6b5b-4281-81a6-89632d3ae109', 'name': 'tempest-ServersTestMultiNic-1884104610-network', 'tenant_id': '74a922514c5c4c689e4f6513f73997e1', 'admin_state_up': True, 'mtu': 8950, 'status': 'ACTIVE', 'subnets': [], 'shared': False, 'project_id': '74a922514c5c4c689e4f6513f73997e1', 'port_security_enabled': True, 'router:external': False, 'provider:network_type': 'vlan', 'provider:physical_network': 'default', 'provider:segmentation_id': 977, 'availability_zone_hints': [], 'availability_zones': [], 'ipv4_address_scope': None, 'ipv6_address_scope': None, 'description': '', 'tags': [], 'created_at': '2025-04-23T18:40:59Z', 'updated_at': '2025-04-23T18:40:59Z', 'revision_number': 1} available for tenant
2025-04-23 18:41:07.209 69572 INFO tempest.lib.common.rest_client [req-c21d121e-0b44-44dc-87dd-d8575aaf961f req-c21d121e-0b44-44dc-87dd-d8575aaf961f ] Request (ServersAdminNegativeTestJSON:test_migrate_server_invalid_state): 202 POST http://10.180.1.21/compute/v2.1/servers 1.174s
2025-04-23 18:41:07.218 69582 INFO tempest.lib.common.rest_client [req-d9c50cc1-2ff5-43a4-b475-787601c7460e req-d9c50cc1-2ff5-43a4-b475-787601c7460e ] Request (FlavorsV2TestJSON:tearDownClass): 201 POST http://10.180.1.21/identity/v3/auth/tokens 0.077s
2025-04-23 18:41:07.244 69536 INFO tempest.lib.common.rest_client [req-c27a665b-869c-4392-88fb-f5c5dca16819 req-c27a665b-869c-4392-88fb-f5c5dca16819 ] Request (FlavorsAccessNegativeTestJSON:tearDownClass): 200 GET http://10.180.1.21:9696/networking/v2.0/security-groups?tenant_id=fcf91cc88ee5431b923c7c4d5d718f5a&name=default 0.244s
2025-04-23 18:41:07.313 69556 INFO tempest.lib.common.rest_client [req-a8f670aa-38d7-4edb-b42e-a6cd05d24afb req-a8f670aa-38d7-4edb-b42e-a6cd05d24afb ] Request (ServersTestBootFromVolume:setUpClass): 200 GET http://10.180.1.21/volume/v3/volumes/92e7be24-655e-40ce-b21b-56754c23ad32 0.027s
2025-04-23 18:41:07.428 69544 INFO tempest.lib.common.rest_client [req-12285493-80d6-403b-9340-6cb617e08e18 req-12285493-80d6-403b-9340-6cb617e08e18 ] Request (QuotasAdminTestJSON:test_update_all_quota_resources_for_tenant): 200 PUT http://10.180.1.21/compute/v2.1/os-quota-sets/a7ce9119405644809f0be8f913cf19bf 1.108s
2025-04-23 18:41:07.500 69582 INFO tempest.lib.common.rest_client [req-f40b4d27-2a7d-4b3a-a1a9-0fa7145d83ec req-f40b4d27-2a7d-4b3a-a1a9-0fa7145d83ec ] Request (FlavorsV2TestJSON:tearDownClass): 200 GET http://10.180.1.21:9696/networking/v2.0/security-groups?tenant_id=131e58505d814415a1362276fb061ba6&name=default 0.281s
2025-04-23 18:41:07.500 69594 INFO tempest.lib.common.rest_client [req-76990bd8-59b0-45ea-a651-69c48e19bfac req-76990bd8-59b0-45ea-a651-69c48e19bfac ] Request (ImagesTestJSON:test_create_image_from_stopped_server): 200 GET http://10.180.1.21/compute/v2.1/servers/7120b731-6946-48ee-9d53-74f7b9d92858 1.001s
2025-04-23 18:41:07.554 69542 INFO tempest.lib.common.rest_client [req-0c056c49-8679-4e52-aa4f-943a17c77d5c req-0c056c49-8679-4e52-aa4f-943a17c77d5c ] Request (ServersWithSpecificFlavorTestJSON:test_verify_created_server_ephemeral_disk): 200 GET http://10.180.1.21/compute/v2.1/servers/325d5036-99de-48c1-bcac-0d5741d8dd78 0.976s
2025-04-23 18:41:07.563 69542 INFO tempest.common.waiters [-] State transition "BUILD/scheduling" ==> "BUILD/None" after 8 second wait
2025-04-23 18:41:07.572 69586 INFO tempest.lib.common.rest_client [req-66030ea7-636b-4252-b24a-c07c3ccc2c0a req-66030ea7-636b-4252-b24a-c07c3ccc2c0a ] Request (FlavorsAdminTestJSON:test_is_public_string_variations): 200 POST http://10.180.1.21/compute/v2.1/flavors 0.976s
2025-04-23 18:41:07.627 69582 INFO tempest.lib.common.rest_client [req-3d295cac-836f-4627-8c93-5be0aa738d35 req-3d295cac-836f-4627-8c93-5be0aa738d35 ] Request (FlavorsV2TestJSON:tearDownClass): 204 DELETE http://10.180.1.21:9696/networking/v2.0/security-groups/1dffd7f8-6050-4ccb-93bd-a9ea0f63abe6 0.127s
2025-04-23 18:41:07.681 69578 INFO tempest.lib.common.rest_client [req-440a2039-24a6-4395-8aec-4aa85afaa902 req-440a2039-24a6-4395-8aec-4aa85afaa902 ] Request (VolumesAdminNegativeTest:setUpClass): 201 POST http://10.180.1.21:9696/networking/v2.0/routers 1.308s
2025-04-23 18:41:07.689 69566 INFO tempest.lib.common.rest_client [req-031ae117-1c58-48e5-b034-f137ee3df7ff req-031ae117-1c58-48e5-b034-f137ee3df7ff ] Request (ServerRescueTestJSON:setUpClass): 200 GET http://10.180.1.21/compute/v2.1/servers/aa58e2c6-85c2-483e-9435-db6664b30d5a 1.279s
2025-04-23 18:41:07.692 69536 INFO tempest.lib.common.rest_client [req-e466e157-fe8b-4256-a13b-5c87bc362f21 req-e466e157-fe8b-4256-a13b-5c87bc362f21 ] Request (FlavorsAccessNegativeTestJSON:tearDownClass): 204 DELETE http://10.180.1.21:9696/networking/v2.0/security-groups/a5f7b9f4-0ef9-4928-8c2e-b7e7d052cdb7 0.448s
2025-04-23 18:41:07.697 69560 INFO tempest.lib.common.rest_client [req-6231fd4c-3d32-4a1a-bf5b-ab8430591169 req-6231fd4c-3d32-4a1a-bf5b-ab8430591169 ] Request (FloatingIPsAssociationNegativeTestJSON:setUpClass): 200 GET http://10.180.1.21/compute/v2.1/servers/be32720d-7237-41f3-8438-4eec21659cf6 0.971s
2025-04-23 18:41:07.699 69566 INFO tempest.common.waiters [-] State transition "BUILD/spawning" ==> "ACTIVE/None" after 24 second wait
2025-04-23 18:41:07.715 69582 INFO tempest.lib.common.rest_client [req-b634e443-6dad-4226-954f-5cf00a0352c2 req-b634e443-6dad-4226-954f-5cf00a0352c2 ] Request (FlavorsV2TestJSON:tearDownClass): 204 DELETE http://10.180.1.21/identity/v3/projects/131e58505d814415a1362276fb061ba6 0.087s
2025-04-23 18:41:07.790 69582 INFO tempest.lib.common.rest_client [req-7d5497a0-3da2-42c3-a520-3ad2fad85f50 req-7d5497a0-3da2-42c3-a520-3ad2fad85f50 ] Request (KeyPairsV2TestJSON:setUpClass): 201 POST http://10.180.1.21/identity/v3/auth/tokens 0.074s
2025-04-23 18:41:07.807 69574 INFO tempest.lib.common.rest_client [req-75dc0e5b-af10-4dae-981c-ccd6d6f97ae1 req-75dc0e5b-af10-4dae-981c-ccd6d6f97ae1 ] Request (AttachInterfacesUnderV243Test:test_add_remove_fixed_ip): 200 GET http://10.180.1.21/compute/v2.1/servers/a6a64814-a8d6-4180-83e6-08a130186223 1.014s
2025-04-23 18:41:07.817 69536 INFO tempest.lib.common.rest_client [req-fd9bcb99-5f6a-4abf-97bb-0e690be31d39 req-fd9bcb99-5f6a-4abf-97bb-0e690be31d39 ] Request (FlavorsAccessNegativeTestJSON:tearDownClass): 204 DELETE http://10.180.1.21/identity/v3/projects/fcf91cc88ee5431b923c7c4d5d718f5a 0.125s
2025-04-23 18:41:07.862 69582 INFO tempest.lib.common.rest_client [req-325e2bbe-48be-4f54-aa8a-913e592f8117 req-325e2bbe-48be-4f54-aa8a-913e592f8117 ] Request (KeyPairsV2TestJSON:setUpClass): 201 POST http://10.180.1.21/identity/v3/auth/tokens 0.067s
2025-04-23 18:41:07.883 69536 INFO tempest.lib.common.rest_client [req-dbfc0494-8ce0-4b81-8c67-f6d03a1725ee req-dbfc0494-8ce0-4b81-8c67-f6d03a1725ee ] Request (ListImageFiltersTestJSON:setUpClass): 201 POST http://10.180.1.21/identity/v3/auth/tokens 0.064s
2025-04-23 18:41:07.887 69582 INFO tempest.lib.common.rest_client [req-44afae4d-57e3-482a-af16-678f5b5b9aad req-44afae4d-57e3-482a-af16-678f5b5b9aad ] Request (KeyPairsV2TestJSON:setUpClass): 200 GET http://10.180.1.21/identity/v3/domains?name=Default 0.024s
2025-04-23 18:41:07.893 69552 INFO tempest.lib.common.rest_client [req-fb8de1a5-146a-45ff-8d70-c61c0902e7ef req-fb8de1a5-146a-45ff-8d70-c61c0902e7ef ] Request (VolumesAssistedSnapshotsTest:_run_cleanups): 404 GET http://10.180.1.21/volume/v3/volumes/2eb9fab8-b5af-4a4f-b34c-3eeb3d3b4625 0.017s
2025-04-23 18:41:07.914 69536 INFO tempest.lib.common.rest_client [req-28ba31c7-0ff8-4009-94ab-964b3c0deca9 req-28ba31c7-0ff8-4009-94ab-964b3c0deca9 ] Request (ListImageFiltersTestJSON:setUpClass): 201 POST http://10.180.1.21/identity/v3/auth/tokens 0.026s
2025-04-23 18:41:07.927 69582 INFO tempest.lib.common.rest_client [req-160a0c12-549c-4202-9f84-abe24e96c708 req-160a0c12-549c-4202-9f84-abe24e96c708 ] Request (KeyPairsV2TestJSON:setUpClass): 201 POST http://10.180.1.21/identity/v3/projects 0.039s
2025-04-23 18:41:07.940 69536 INFO tempest.lib.common.rest_client [req-e1141eec-a3a2-4730-9607-6d41db614367 req-e1141eec-a3a2-4730-9607-6d41db614367 ] Request (ListImageFiltersTestJSON:setUpClass): 200 GET http://10.180.1.21/identity/v3/domains?name=Default 0.025s
2025-04-23 18:41:07.990 69582 INFO tempest.lib.common.rest_client [req-9548b3f4-2ba9-4f35-bfd8-d9eb75ea8e43 req-9548b3f4-2ba9-4f35-bfd8-d9eb75ea8e43 ] Request (KeyPairsV2TestJSON:setUpClass): 201 POST http://10.180.1.21/identity/v3/users 0.063s
2025-04-23 18:41:07.997 69536 INFO tempest.lib.common.rest_client [req-247f048d-a49f-45f5-8a5f-9067fa0230f0 req-247f048d-a49f-45f5-8a5f-9067fa0230f0 ] Request (ListImageFiltersTestJSON:setUpClass): 201 POST http://10.180.1.21/identity/v3/projects 0.056s
2025-04-23 18:41:08.043 69582 INFO tempest.lib.common.rest_client [req-5bcfeb51-54ed-4d5d-b511-d39d502cdfeb req-5bcfeb51-54ed-4d5d-b511-d39d502cdfeb ] Request (KeyPairsV2TestJSON:setUpClass): 200 GET http://10.180.1.21/identity/v3/roles 0.053s
2025-04-23 18:41:08.068 69562 INFO tempest.lib.common.rest_client [req-8986fc57-b177-4b9c-a949-377dc57f863d req-8986fc57-b177-4b9c-a949-377dc57f863d ] Request (ImagesMetadataTestJSON:test_set_image_metadata): 200 PUT http://10.180.1.21/compute/v2.1/images/f66c3f36-307d-4ae3-81ce-87e48fc03237/metadata 1.142s
2025-04-23 18:41:08.078 69536 INFO tempest.lib.common.rest_client [req-47f06d96-7bd5-41d1-8289-9f8ebfcf18c8 req-47f06d96-7bd5-41d1-8289-9f8ebfcf18c8 ] Request (ListImageFiltersTestJSON:setUpClass): 201 POST http://10.180.1.21/identity/v3/users 0.079s
2025-04-23 18:41:08.081 69550 INFO tempest.lib.common.rest_client [req-8f256435-1389-4b45-980f-a9f46ba933ba req-8f256435-1389-4b45-980f-a9f46ba933ba ] Request (MigrationsAdminTest:test_list_migrations_in_flavor_resize_situation): 200 GET http://10.180.1.21/compute/v2.1/servers/4e41b95c-a1c5-49b7-8a26-b6be40046a4e 1.230s
2025-04-23 18:41:08.123 69558 INFO tempest.lib.common.rest_client [req-0d7530a4-8c81-4a83-8484-ed18b2ca2c05 req-0d7530a4-8c81-4a83-8484-ed18b2ca2c05 ] Request (AggregatesAdminNegativeTestJSON:test_aggregate_remove_host_as_user): 200 POST http://10.180.1.21/compute/v2.1/os-aggregates 1.113s
2025-04-23 18:41:08.127 69582 INFO tempest.lib.common.rest_client [req-5256e825-cb64-442f-b179-1214022963ab req-5256e825-cb64-442f-b179-1214022963ab ] Request (KeyPairsV2TestJSON:setUpClass): 204 PUT http://10.180.1.21/identity/v3/projects/21fce1a19e004880b384437779ddb657/users/b5209225256741d3b5292bbac534eedf/roles/81fb859fcf794d16b22488f7898b405f 0.084s
2025-04-23 18:41:08.128 69582 INFO tempest.lib.common.dynamic_creds [-] Dynamic test user b5209225256741d3b5292bbac534eedf is created with scope project and roles: ['member']
2025-04-23 18:41:08.128 69582 INFO tempest.lib.common.dynamic_creds [-] Acquired dynamic creds: credentials: Credentials: {'domain_id': 'default', 'domain_name': 'Default', 'username': 'tempest-KeyPairsV2TestJSON-603486878-project-member', 'project_domain_id': 'default', 'project_domain_name': 'Default', 'project_id': '21fce1a19e004880b384437779ddb657', 'project_name': 'tempest-KeyPairsV2TestJSON-603486878', 'tenant_id': '21fce1a19e004880b384437779ddb657', 'tenant_name': 'tempest-KeyPairsV2TestJSON-603486878', 'user_domain_id': 'default', 'user_domain_name': 'Default', 'user_id': 'b5209225256741d3b5292bbac534eedf', 'system': None}, Network: None, Subnet: None, Router: None
2025-04-23 18:41:08.128 69582 INFO tempest.lib.common.dynamic_creds [-] Created isolated network resources for: credentials: Credentials: {'domain_id': 'default', 'domain_name': 'Default', 'username': 'tempest-KeyPairsV2TestJSON-603486878-project-member', 'project_domain_id': 'default', 'project_domain_name': 'Default', 'project_id': '21fce1a19e004880b384437779ddb657', 'project_name': 'tempest-KeyPairsV2TestJSON-603486878', 'tenant_id': '21fce1a19e004880b384437779ddb657', 'tenant_name': 'tempest-KeyPairsV2TestJSON-603486878', 'user_domain_id': 'default', 'user_domain_name': 'Default', 'user_id': 'b5209225256741d3b5292bbac534eedf', 'system': None}, Network: None, Subnet: None, Router: None
2025-04-23 18:41:08.131 69536 INFO tempest.lib.common.rest_client [req-952049aa-13a1-454a-8821-452ed3ee6250 req-952049aa-13a1-454a-8821-452ed3ee6250 ] Request (ListImageFiltersTestJSON:setUpClass): 200 GET http://10.180.1.21/identity/v3/roles 0.053s
2025-04-23 18:41:08.144 69576 INFO tempest.lib.common.rest_client [req-ccb37fc6-b621-4940-837b-76bb60094123 req-ccb37fc6-b621-4940-837b-76bb60094123 ] Request (ServersTestJSON:setUpClass): 200 PUT http://10.180.1.21:9696/networking/v2.0/routers/321cb479-bb7f-4bf9-81da-a870cf0649eb/add_router_interface 4.083s
2025-04-23 18:41:08.144 69576 INFO tempest.lib.common.dynamic_creds [-] Created isolated network resources for: credentials: Credentials: {'domain_id': 'default', 'domain_name': 'Default', 'username': 'tempest-ServersTestJSON-1426375711-project-member', 'project_domain_id': 'default', 'project_domain_name': 'Default', 'project_id': '5e56f61f7198498f985338319ae69592', 'project_name': 'tempest-ServersTestJSON-1426375711', 'tenant_id': '5e56f61f7198498f985338319ae69592', 'tenant_name': 'tempest-ServersTestJSON-1426375711', 'user_domain_id': 'default', 'user_domain_name': 'Default', 'user_id': '1564141d83b74fdc8ef109326b56d40e', 'system': None}, Network: {'id': '43704a73-0fad-4d61-8bdd-45888e231b77', 'name': 'tempest-ServersTestJSON-204673022-network', 'tenant_id': '5e56f61f7198498f985338319ae69592', 'admin_state_up': True, 'mtu': 8950, 'status': 'ACTIVE', 'subnets': [], 'shared': False, 'project_id': '5e56f61f7198498f985338319ae69592', 'port_security_enabled': True, 'router:external': False, 'provider:network_type': 'vlan', 'provider:physical_network': 'default', 'provider:segmentation_id': 662, 'availability_zone_hints': [], 'availability_zones': [], 'ipv4_address_scope': None, 'ipv6_address_scope': None, 'description': '', 'tags': [], 'created_at': '2025-04-23T18:41:01Z', 'updated_at': '2025-04-23T18:41:01Z', 'revision_number': 1}, Subnet: {'id': '8b59a1b4-27f1-43e3-86ed-1db19b25db5e', 'name': 'tempest-ServersTestJSON-204673022-subnet', 'tenant_id': '5e56f61f7198498f985338319ae69592', 'network_id': '43704a73-0fad-4d61-8bdd-45888e231b77', 'ip_version': 4, 'subnetpool_id': None, 'enable_dhcp': True, 'ipv6_ra_mode': None, 'ipv6_address_mode': None, 'gateway_ip': '192.168.128.1', 'cidr': '192.168.128.0/28', 'allocation_pools': [{'start': '192.168.128.2', 'end': '192.168.128.14'}], 'host_routes': [], 'dns_nameservers': [], 'description': '', 'router:external': False, 'service_types': [], 'tags': [], 'created_at': '2025-04-23T18:41:01Z', 'updated_at': '2025-04-23T18:41:01Z', 'revision_number': 0, 'project_id': '5e56f61f7198498f985338319ae69592'}, Router: {'id': '321cb479-bb7f-4bf9-81da-a870cf0649eb', 'name': 'tempest-ServersTestJSON-204673022-router', 'tenant_id': '5e56f61f7198498f985338319ae69592', 'admin_state_up': True, 'status': 'ACTIVE', 'external_gateway_info': {'network_id': '3432531d-c57d-4b0d-9399-b4ad12d7f5a0', 'external_fixed_ips': [{'subnet_id': '52b4c10b-e8e2-466f-8a46-754b5c6c6205', 'ip_address': '10.180.180.166'}], 'enable_snat': True}, 'description': '', 'availability_zones': [], 'distributed': False, 'ha': False, 'availability_zone_hints': [], 'routes': [], 'flavor_id': None, 'tags': [], 'created_at': '2025-04-23T18:41:01Z', 'updated_at': '2025-04-23T18:41:02Z', 'revision_number': 2, 'project_id': '5e56f61f7198498f985338319ae69592'}
2025-04-23 18:41:08.249 69536 INFO tempest.lib.common.rest_client [req-c972f6cb-aa17-43a4-8e77-5bd307126023 req-c972f6cb-aa17-43a4-8e77-5bd307126023 ] Request (ListImageFiltersTestJSON:setUpClass): 204 PUT http://10.180.1.21/identity/v3/projects/dc325affb7454c9fb5a08672783dab67/users/bfe5429c17cf41e8a807dfc883448c41/roles/81fb859fcf794d16b22488f7898b405f 0.117s
2025-04-23 18:41:08.249 69536 INFO tempest.lib.common.dynamic_creds [-] Dynamic test user bfe5429c17cf41e8a807dfc883448c41 is created with scope project and roles: ['member']
2025-04-23 18:41:08.250 69536 INFO tempest.lib.common.dynamic_creds [-] Acquired dynamic creds: credentials: Credentials: {'domain_id': 'default', 'domain_name': 'Default', 'username': 'tempest-ListImageFiltersTestJSON-939027314-project-member', 'project_domain_id': 'default', 'project_domain_name': 'Default', 'project_id': 'dc325affb7454c9fb5a08672783dab67', 'project_name': 'tempest-ListImageFiltersTestJSON-939027314', 'tenant_id': 'dc325affb7454c9fb5a08672783dab67', 'tenant_name': 'tempest-ListImageFiltersTestJSON-939027314', 'user_domain_id': 'default', 'user_domain_name': 'Default', 'user_id': 'bfe5429c17cf41e8a807dfc883448c41', 'system': None}, Network: None, Subnet: None, Router: None
2025-04-23 18:41:08.250 69536 INFO tempest.lib.common.dynamic_creds [-] Created isolated network resources for: credentials: Credentials: {'domain_id': 'default', 'domain_name': 'Default', 'username': 'tempest-ListImageFiltersTestJSON-939027314-project-member', 'project_domain_id': 'default', 'project_domain_name': 'Default', 'project_id': 'dc325affb7454c9fb5a08672783dab67', 'project_name': 'tempest-ListImageFiltersTestJSON-939027314', 'tenant_id': 'dc325affb7454c9fb5a08672783dab67', 'tenant_name': 'tempest-ListImageFiltersTestJSON-939027314', 'user_domain_id': 'default', 'user_domain_name': 'Default', 'user_id': 'bfe5429c17cf41e8a807dfc883448c41', 'system': None}, Network: None, Subnet: None, Router: None
2025-04-23 18:41:08.258 69584 INFO tempest.lib.common.rest_client [req-d8515b1b-d34d-4bc9-be9b-c9eb382d0b03 req-d8515b1b-d34d-4bc9-be9b-c9eb382d0b03 ] Request (ServerAddressesTestJSON:tearDownClass): 200 GET http://10.180.1.21/compute/v2.1/servers/59eda413-c58c-49d1-9d16-81eb83418762 1.174s
2025-04-23 18:41:08.337 69582 INFO tempest.lib.common.rest_client [req-05c274d2-4a15-4807-a815-aed24ae481d4 req-05c274d2-4a15-4807-a815-aed24ae481d4 ] Request (KeyPairsV2TestJSON:setUpClass): 201 POST http://10.180.1.21/identity/v3/auth/tokens 0.205s
2025-04-23 18:41:08.348 69576 INFO tempest.lib.common.rest_client [req-e51b5764-61d7-4978-9dc7-a43b0fcfcdd5 req-e51b5764-61d7-4978-9dc7-a43b0fcfcdd5 ] Request (ServersTestJSON:setUpClass): 201 POST http://10.180.1.21/identity/v3/auth/tokens 0.200s
2025-04-23 18:41:08.369 69596 INFO tempest.lib.common.rest_client [req-51ec48c6-155a-4ded-a8c6-db4d97e71e34 req-51ec48c6-155a-4ded-a8c6-db4d97e71e34 ] Request (ServerPasswordTestJSON:setUpClass): 200 GET http://10.180.1.21/compute/v2.1/servers/785eed74-ebba-423a-a157-56027aeaa976 1.201s
2025-04-23 18:41:08.377 69556 INFO tempest.lib.common.rest_client [req-5c4818ce-abb4-4a37-b4c1-c0fb54e64e39 req-5c4818ce-abb4-4a37-b4c1-c0fb54e64e39 ] Request (ServersTestBootFromVolume:setUpClass): 200 GET http://10.180.1.21/volume/v3/volumes/92e7be24-655e-40ce-b21b-56754c23ad32 0.054s
2025-04-23 18:41:08.450 69536 INFO tempest.lib.common.rest_client [req-0f23ba0a-60d1-4082-bc77-5582658e3bcd req-0f23ba0a-60d1-4082-bc77-5582658e3bcd ] Request (ListImageFiltersTestJSON:setUpClass): 201 POST http://10.180.1.21/identity/v3/auth/tokens 0.196s
2025-04-23 18:41:08.460 69572 INFO tempest.lib.common.rest_client [req-8352b408-a3a0-4506-985e-03fcde8eaf0d req-8352b408-a3a0-4506-985e-03fcde8eaf0d ] Request (ServersAdminNegativeTestJSON:test_migrate_server_invalid_state): 200 GET http://10.180.1.21/compute/v2.1/servers/87ea1913-e475-40c2-bb66-8777a9fdd5c4 1.249s
2025-04-23 18:41:08.529 69590 INFO tempest.lib.common.rest_client [req-bf81f144-5402-43ee-894b-dbdaa398f1b6 req-bf81f144-5402-43ee-894b-dbdaa398f1b6 ] Request (ServerShowV257Test:test_rebuild_server): 200 GET http://10.180.1.21/compute/v2.1/servers/5acbf9bd-f1d8-49bb-a737-4e1ec117a690 1.318s
2025-04-23 18:41:08.534 69588 INFO tempest.lib.common.rest_client [req-e33f2bf7-f01a-4452-837c-17a4a72ac542 req-e33f2bf7-f01a-4452-837c-17a4a72ac542 ] Request (ServersTestJSON:setUpClass): 201 POST http://10.180.1.21:9696/networking/v2.0/routers 3.041s
2025-04-23 18:41:08.603 69564 INFO tempest.lib.common.rest_client [req-ca7a1289-3b47-470d-84e4-0d09f6fbdb36 req-ca7a1289-3b47-470d-84e4-0d09f6fbdb36 ] Request (ServerDiagnosticsTest:test_get_server_diagnostics): 200 GET http://10.180.1.21/compute/v2.1/servers/2111606c-e076-4b37-a6a3-1490602d59c2 1.270s
2025-04-23 18:41:08.744 69592 INFO tempest.lib.common.rest_client [req-9d4b1363-8797-4af9-95ef-98b508c24c65 req-9d4b1363-8797-4af9-95ef-98b508c24c65 ] Request (ServerRescueNegativeTestJSON:setUpClass): 201 POST http://10.180.1.21:9696/networking/v2.0/routers 3.132s
2025-04-23 18:41:08.894 69544 INFO tempest.lib.common.rest_client [req-2f33f4da-b1bf-4207-be11-62158f55f169 req-2f33f4da-b1bf-4207-be11-62158f55f169 ] Request (QuotasAdminTestJSON:_run_cleanups): 200 PUT http://10.180.1.21/compute/v2.1/os-quota-sets/a7ce9119405644809f0be8f913cf19bf 1.464s
2025-04-23 18:41:08.913 69586 INFO tempest.lib.common.rest_client [req-03feae48-c637-4642-b412-3a0e879da0e5 req-03feae48-c637-4642-b412-3a0e879da0e5 ] Request (FlavorsAdminTestJSON:test_is_public_string_variations): 200 GET http://10.180.1.21/compute/v2.1/flavors/detail?is_public=f 1.337s
2025-04-23 18:41:08.982 69598 INFO tempest.lib.common.rest_client [req-e5795190-903c-4478-b7d0-dd90635e8295 req-e5795190-903c-4478-b7d0-dd90635e8295 ] Request (QuotasAdminTestV236:test_get_updated_quotas): 200 GET http://10.180.1.21/identity/v3/domains?name=Default 0.077s
2025-04-23 18:41:09.008 69554 INFO tempest.lib.common.rest_client [req-0e66b3c9-227f-48f9-adf6-e5a7ddfae9ed req-0e66b3c9-227f-48f9-adf6-e5a7ddfae9ed ] Request (FloatingIPsAssociationTestJSON:test_associate_already_associated_floating_ip): 200 GET http://10.180.1.21/compute/v2.1/servers/36611fa9-f155-4cfc-a2ad-7c917a03a2fd 1.424s
2025-04-23 18:41:09.010 69544 INFO tempest.lib.common.rest_client [req-f85daf94-38b7-466b-8adb-e3753c02fd73 req-f85daf94-38b7-466b-8adb-e3753c02fd73 ] Request (QuotasAdminTestJSON:tearDownClass): 204 DELETE http://10.180.1.21/identity/v3/users/6d29673036da4fd09eedfdb75ec8cea4 0.111s
2025-04-23 18:41:09.068 69536 INFO tempest.lib.common.rest_client [req-24c9e464-cbfb-479e-ac84-9ac8f0405021 req-24c9e464-cbfb-479e-ac84-9ac8f0405021 ] Request (ListImageFiltersTestJSON:setUpClass): 201 POST http://10.180.1.21/image/v2/images 0.616s
2025-04-23 18:41:09.084 69598 INFO tempest.lib.common.rest_client [req-f15352f5-d07d-45ca-988a-226a24f7d9a6 req-f15352f5-d07d-45ca-988a-226a24f7d9a6 ] Request (QuotasAdminTestV236:test_get_updated_quotas): 201 POST http://10.180.1.21/identity/v3/projects 0.101s
2025-04-23 18:41:09.113 69580 INFO tempest.lib.common.rest_client [req-fc802ee2-26fa-4911-a878-643956dd8fec req-fc802ee2-26fa-4911-a878-643956dd8fec ] Request (ServerShowV254Test:test_rebuild_server): 200 GET http://10.180.1.21/compute/v2.1/servers/50b69299-91ee-43cf-aa76-2d6fa2240f9f 1.496s
2025-04-23 18:41:09.125 69580 INFO tempest.common.waiters [-] State transition "REBUILD/rebuilding" ==> "REBUILD/rebuild_spawning" after 3 second wait
2025-04-23 18:41:09.131 69544 INFO tempest.lib.common.rest_client [req-55c6b402-07e1-4c94-84ff-4292eec90912 req-55c6b402-07e1-4c94-84ff-4292eec90912 ] Request (QuotasAdminTestJSON:tearDownClass): 204 DELETE http://10.180.1.21/identity/v3/users/1df385597b4340e0b4eb16067cdfd105 0.120s
2025-04-23 18:41:09.131 69544 INFO tempest.lib.common.dynamic_creds [-] Deleting project and security group for project: a7ce9119405644809f0be8f913cf19bf
2025-04-23 18:41:09.187 69598 INFO tempest.lib.common.rest_client [req-680799e2-0d75-4a59-bb74-2b0e82498c4f req-680799e2-0d75-4a59-bb74-2b0e82498c4f ] Request (QuotasAdminTestV236:test_get_updated_quotas): 200 GET http://10.180.1.21/identity/v3/domains?name=Default 0.103s
2025-04-23 18:41:09.195 69544 INFO tempest.lib.common.rest_client [req-2170d2d9-8bb2-4bf3-a04f-506c7b97e931 req-2170d2d9-8bb2-4bf3-a04f-506c7b97e931 ] Request (QuotasAdminTestJSON:tearDownClass): 201 POST http://10.180.1.21/identity/v3/auth/tokens 0.064s
2025-04-23 18:41:09.244 69540 INFO tempest.lib.common.rest_client [req-fdf0e1cd-e441-4320-bb02-5eeeb6d452aa req-fdf0e1cd-e441-4320-bb02-5eeeb6d452aa ] Request (ServersTestMultiNic:test_verify_duplicate_network_nics): 202 POST http://10.180.1.21/compute/v2.1/servers 2.092s
2025-04-23 18:41:09.407 69566 INFO tempest.lib.common.rest_client [req-b3d3f67e-df92-413a-9f8a-299356b50030 req-b3d3f67e-df92-413a-9f8a-299356b50030 ] Request (ServerRescueTestJSON:setUpClass): 200 POST http://10.180.1.21/compute/v2.1/servers/aa58e2c6-85c2-483e-9435-db6664b30d5a/action 1.706s
2025-04-23 18:41:09.419 69556 INFO tempest.lib.common.rest_client [req-0d863ed0-039a-4a62-bb38-d18b68e2cd96 req-0d863ed0-039a-4a62-bb38-d18b68e2cd96 ] Request (ServersTestBootFromVolume:setUpClass): 200 GET http://10.180.1.21/volume/v3/volumes/92e7be24-655e-40ce-b21b-56754c23ad32 0.034s
2025-04-23 18:41:09.487 69546 INFO tempest.lib.common.rest_client [req-7b51ea7b-c103-4d45-a583-c9aec42be0dc req-7b51ea7b-c103-4d45-a583-c9aec42be0dc ] Request (SecurityGroupsTestJSON:test_list_security_groups_by_server): 200 GET http://10.180.1.21/compute/v2.1/servers/ae681203-5fe5-41dc-8dee-0d0240349185 1.810s
2025-04-23 18:41:09.495 69546 INFO tempest.common.waiters [-] State transition "BUILD/networking" ==> "BUILD/spawning" after 18 second wait
2025-04-23 18:41:09.503 69548 INFO tempest.lib.common.rest_client [req-f6ff61e3-0627-487a-ad8a-bad7f7e19b01 req-f6ff61e3-0627-487a-ad8a-bad7f7e19b01 ] Request (DeleteServersAdminTestJSON:test_admin_delete_servers_of_others): 200 GET http://10.180.1.21/compute/v2.1/servers/3fd3d6a7-1609-49ae-afa5-b337aad39679 1.791s
2025-04-23 18:41:09.524 69552 INFO tempest.lib.common.rest_client [req-290063f2-2a90-4ad3-bbeb-2311de80cb2d req-290063f2-2a90-4ad3-bbeb-2311de80cb2d ] Request (VolumesAssistedSnapshotsTest:tearDownClass): 202 DELETE http://10.180.1.21/compute/v2.1/os-keypairs/tempest-keypair-1018753977 1.620s
2025-04-23 18:41:09.556 69544 INFO tempest.lib.common.rest_client [req-57a581f7-d310-49ac-aa65-98914ad1ce9f req-57a581f7-d310-49ac-aa65-98914ad1ce9f ] Request (QuotasAdminTestJSON:tearDownClass): 200 GET http://10.180.1.21:9696/networking/v2.0/security-groups?tenant_id=a7ce9119405644809f0be8f913cf19bf&name=default 0.360s
2025-04-23 18:41:09.587 69570 INFO tempest.lib.common.rest_client [req-13aa68fa-ebb8-42a4-8bee-af191e047488 req-13aa68fa-ebb8-42a4-8bee-af191e047488 ] Request (ServerExternalEventsTest:test_create_server_external_events): 200 GET http://10.180.1.21/compute/v2.1/servers/a0cb9958-4a58-41d8-8686-eaa2e192034e 1.827s
2025-04-23 18:41:09.601 69568 INFO tempest.lib.common.rest_client [req-ab093665-1567-43a5-b86e-237393a156e4 req-ab093665-1567-43a5-b86e-237393a156e4 ] Request (ServersAdminTestJSON:test_create_server_with_scheduling_hint): 200 GET http://10.180.1.21/compute/v2.1/servers/b778c536-fcf3-45c1-babc-f4c93bfaadbd 1.590s
2025-04-23 18:41:09.637 69562 INFO tempest.lib.common.rest_client [req-abfe0fb1-4a40-4445-93ab-e4a49f4139ff req-abfe0fb1-4a40-4445-93ab-e4a49f4139ff ] Request (ImagesMetadataTestJSON:test_set_image_metadata): 200 GET http://10.180.1.21/compute/v2.1/images/f66c3f36-307d-4ae3-81ce-87e48fc03237/metadata 1.566s
2025-04-23 18:41:09.705 69538 INFO tempest.lib.common.rest_client [req-2feaff21-c972-4e53-b8ba-fc548206f418 req-2feaff21-c972-4e53-b8ba-fc548206f418 ] Request (ImagesOneServerNegativeTestJSON:setUpClass): 200 GET http://10.180.1.21/compute/v2.1/servers/f2984bb6-02ae-471d-820c-f475b91eb6b7 1.596s
2025-04-23 18:41:09.738 69578 INFO tempest.lib.common.rest_client [req-96d00f4e-7c8f-415d-a950-638206f56fa4 req-96d00f4e-7c8f-415d-a950-638206f56fa4 ] Request (VolumesAdminNegativeTest:setUpClass): 200 PUT http://10.180.1.21:9696/networking/v2.0/routers/3b0bf933-5596-4664-9c20-1b0b673d06f8/add_router_interface 2.056s
2025-04-23 18:41:09.738 69578 INFO tempest.lib.common.dynamic_creds [-] Created isolated network resources for: credentials: Credentials: {'domain_id': 'default', 'domain_name': 'Default', 'username': 'tempest-VolumesAdminNegativeTest-718793641-project-member', 'project_domain_id': 'default', 'project_domain_name': 'Default', 'project_id': '2758c17d653747858f72770ebf14ffc5', 'project_name': 'tempest-VolumesAdminNegativeTest-718793641', 'tenant_id': '2758c17d653747858f72770ebf14ffc5', 'tenant_name': 'tempest-VolumesAdminNegativeTest-718793641', 'user_domain_id': 'default', 'user_domain_name': 'Default', 'user_id': 'cede41b61bd64b0e8f599aa0699bd890', 'system': None}, Network: {'id': '535a711f-f6d7-4bee-b03f-915111844b55', 'name': 'tempest-VolumesAdminNegativeTest-646040073-network', 'tenant_id': '2758c17d653747858f72770ebf14ffc5', 'admin_state_up': True, 'mtu': 8950, 'status': 'ACTIVE', 'subnets': [], 'shared': False, 'project_id': '2758c17d653747858f72770ebf14ffc5', 'port_security_enabled': True, 'router:external': False, 'provider:network_type': 'vlan', 'provider:physical_network': 'default', 'provider:segmentation_id': 129, 'availability_zone_hints': [], 'availability_zones': [], 'ipv4_address_scope': None, 'ipv6_address_scope': None, 'description': '', 'tags': [], 'created_at': '2025-04-23T18:41:05Z', 'updated_at': '2025-04-23T18:41:05Z', 'revision_number': 1}, Subnet: {'id': '9b2f415b-f03d-4a71-8ad4-fc1adeb19e58', 'name': 'tempest-VolumesAdminNegativeTest-646040073-subnet', 'tenant_id': '2758c17d653747858f72770ebf14ffc5', 'network_id': '535a711f-f6d7-4bee-b03f-915111844b55', 'ip_version': 4, 'subnetpool_id': None, 'enable_dhcp': True, 'ipv6_ra_mode': None, 'ipv6_address_mode': None, 'gateway_ip': '192.168.128.1', 'cidr': '192.168.128.0/28', 'allocation_pools': [{'start': '192.168.128.2', 'end': '192.168.128.14'}], 'host_routes': [], 'dns_nameservers': [], 'description': '', 'router:external': False, 'service_types': [], 'tags': [], 'created_at': '2025-04-23T18:41:06Z', 'updated_at': '2025-04-23T18:41:06Z', 'revision_number': 0, 'project_id': '2758c17d653747858f72770ebf14ffc5'}, Router: {'id': '3b0bf933-5596-4664-9c20-1b0b673d06f8', 'name': 'tempest-VolumesAdminNegativeTest-646040073-router', 'tenant_id': '2758c17d653747858f72770ebf14ffc5', 'admin_state_up': True, 'status': 'ACTIVE', 'external_gateway_info': {'network_id': '3432531d-c57d-4b0d-9399-b4ad12d7f5a0', 'external_fixed_ips': [{'subnet_id': '52b4c10b-e8e2-466f-8a46-754b5c6c6205', 'ip_address': '10.180.180.192'}], 'enable_snat': True}, 'description': '', 'availability_zones': [], 'distributed': False, 'ha': False, 'availability_zone_hints': [], 'routes': [], 'flavor_id': None, 'tags': [], 'created_at': '2025-04-23T18:41:06Z', 'updated_at': '2025-04-23T18:41:07Z', 'revision_number': 2, 'project_id': '2758c17d653747858f72770ebf14ffc5'}
2025-04-23 18:41:09.798 69558 INFO tempest.lib.common.rest_client [req-1e78d1dd-fdf0-4a54-aa68-dc3f112356f3 req-1e78d1dd-fdf0-4a54-aa68-dc3f112356f3 ] Request (AggregatesAdminNegativeTestJSON:test_aggregate_remove_host_as_user): 200 POST http://10.180.1.21/compute/v2.1/os-aggregates/7/action 1.670s
2025-04-23 18:41:09.838 69544 INFO tempest.lib.common.rest_client [req-efb7fdc2-9efd-4cc0-83e8-cccef3e96b53 req-efb7fdc2-9efd-4cc0-83e8-cccef3e96b53 ] Request (QuotasAdminTestJSON:tearDownClass): 204 DELETE http://10.180.1.21:9696/networking/v2.0/security-groups/41fa8b5d-36a9-450c-8d96-8d9a29ef1b46 0.282s
2025-04-23 18:41:09.876 69552 INFO tempest.lib.common.rest_client [req-c81e87eb-32ab-4721-9216-b2a069042eee req-c81e87eb-32ab-4721-9216-b2a069042eee ] Request (VolumesAssistedSnapshotsTest:tearDownClass): 204 DELETE http://10.180.1.21:9696/networking/v2.0/security-groups/3f112605-ebd9-4d7b-9770-f0cc7d92214b 0.352s
2025-04-23 18:41:09.907 69552 INFO tempest.lib.common.rest_client [req-b2019cc2-90f5-4897-bc89-4507f2c638af req-b2019cc2-90f5-4897-bc89-4507f2c638af ] Request (VolumesAssistedSnapshotsTest:tearDownClass): 404 GET http://10.180.1.21:9696/networking/v2.0/security-groups/3f112605-ebd9-4d7b-9770-f0cc7d92214b 0.030s
2025-04-23 18:41:09.911 69578 INFO tempest.lib.common.rest_client [req-01d76805-2c28-46ed-9214-f2606a1653fc req-01d76805-2c28-46ed-9214-f2606a1653fc ] Request (VolumesAdminNegativeTest:setUpClass): 201 POST http://10.180.1.21/identity/v3/auth/tokens 0.167s
2025-04-23 18:41:09.992 69582 INFO tempest.lib.common.rest_client [req-2fae9ae2-9498-42a3-bbdb-d3ad0d90ca11 req-2fae9ae2-9498-42a3-bbdb-d3ad0d90ca11 ] Request (KeyPairsV2TestJSON:test_get_keypair_detail): 200 POST http://10.180.1.21/compute/v2.1/os-keypairs 1.651s
2025-04-23 18:41:10.030 69544 INFO tempest.lib.common.rest_client [req-f7ab5f5b-6044-41b9-83bf-ab40048540ae req-f7ab5f5b-6044-41b9-83bf-ab40048540ae ] Request (QuotasAdminTestJSON:tearDownClass): 204 DELETE http://10.180.1.21/identity/v3/projects/a7ce9119405644809f0be8f913cf19bf 0.191s
2025-04-23 18:41:10.030 69544 INFO tempest.lib.common.dynamic_creds [-] Deleting project and security group for project: 4706f0f15e4c4d859667049dd7746a03
2025-04-23 18:41:10.033 69576 INFO tempest.lib.common.rest_client [req-2fd8a89f-5533-4038-89a2-98d7219eb59f req-2fd8a89f-5533-4038-89a2-98d7219eb59f ] Request (ServersTestJSON:setUpClass): 200 POST http://10.180.1.21/compute/v2.1/os-keypairs 1.683s
2025-04-23 18:41:10.075 69578 INFO tempest.lib.common.rest_client [req-a52f2659-bb1c-4650-8b71-4cda8c9b51a8 req-a52f2659-bb1c-4650-8b71-4cda8c9b51a8 ] Request (VolumesAdminNegativeTest:setUpClass): 201 POST http://10.180.1.21/identity/v3/projects 0.163s
2025-04-23 18:41:10.099 69542 INFO tempest.lib.common.rest_client [req-1bdbff34-6500-4dcc-ab6c-dc652088076d req-1bdbff34-6500-4dcc-ab6c-dc652088076d ] Request (ServersWithSpecificFlavorTestJSON:test_verify_created_server_ephemeral_disk): 200 GET http://10.180.1.21/compute/v2.1/servers/325d5036-99de-48c1-bcac-0d5741d8dd78 1.535s
2025-04-23 18:41:10.118 69594 INFO tempest.lib.common.rest_client [req-b25a0ff6-4d0a-41dc-9f8c-b1054929326c req-b25a0ff6-4d0a-41dc-9f8c-b1054929326c ] Request (ImagesTestJSON:test_create_image_from_stopped_server): 200 GET http://10.180.1.21/compute/v2.1/servers/7120b731-6946-48ee-9d53-74f7b9d92858 1.607s
2025-04-23 18:41:10.183 69578 INFO tempest.lib.common.rest_client [req-7657b91e-a7e8-415b-88bf-57f30a087bd7 req-7657b91e-a7e8-415b-88bf-57f30a087bd7 ] Request (VolumesAdminNegativeTest:setUpClass): 201 POST http://10.180.1.21/identity/v3/users 0.107s
2025-04-23 18:41:10.218 69578 INFO tempest.lib.common.rest_client [req-7f6f951f-7954-4313-8941-f47771b1c596 req-7f6f951f-7954-4313-8941-f47771b1c596 ] Request (VolumesAdminNegativeTest:setUpClass): 200 GET http://10.180.1.21/identity/v3/roles 0.035s
2025-04-23 18:41:10.258 69578 INFO tempest.lib.common.rest_client [req-d01c274c-4cdc-44df-8f22-36300b0d65f8 req-d01c274c-4cdc-44df-8f22-36300b0d65f8 ] Request (VolumesAdminNegativeTest:setUpClass): 204 PUT http://10.180.1.21/identity/v3/projects/c2cd95d7a73f4a3a8f9176d50a82be4d/users/1527cd864cd4427dbcd9e79dcc50cf04/roles/42732914966c4367860b745611926a34 0.039s
2025-04-23 18:41:10.340 69578 INFO tempest.lib.common.rest_client [req-1e8b5fb1-cca0-4066-b22f-385d1a6b4ff7 req-1e8b5fb1-cca0-4066-b22f-385d1a6b4ff7 ] Request (VolumesAdminNegativeTest:setUpClass): 200 GET http://10.180.1.21/identity/v3/roles 0.082s
2025-04-23 18:41:10.368 69560 INFO tempest.lib.common.rest_client [req-7233cb6e-d7ba-4ce7-b8f7-298104e9b9a6 req-7233cb6e-d7ba-4ce7-b8f7-298104e9b9a6 ] Request (FloatingIPsAssociationNegativeTestJSON:setUpClass): 200 GET http://10.180.1.21/compute/v2.1/servers/be32720d-7237-41f3-8438-4eec21659cf6 1.661s
2025-04-23 18:41:10.369 69578 INFO tempest.lib.common.rest_client [req-74341603-84c1-4be6-b220-10f658d3a9f7 req-74341603-84c1-4be6-b220-10f658d3a9f7 ] Request (VolumesAdminNegativeTest:setUpClass): 204 PUT http://10.180.1.21/identity/v3/projects/c2cd95d7a73f4a3a8f9176d50a82be4d/users/1527cd864cd4427dbcd9e79dcc50cf04/roles/42732914966c4367860b745611926a34 0.028s
2025-04-23 18:41:10.369 69578 INFO tempest.lib.common.dynamic_creds [-] Dynamic test user 1527cd864cd4427dbcd9e79dcc50cf04 is created with scope project and roles: ['admin']
2025-04-23 18:41:10.369 69578 INFO tempest.lib.common.dynamic_creds [-] Acquired dynamic creds: credentials: Credentials: {'domain_id': 'default', 'domain_name': 'Default', 'username': 'tempest-VolumesAdminNegativeTest-1463389563-project-admin', 'project_domain_id': 'default', 'project_domain_name': 'Default', 'project_id': 'c2cd95d7a73f4a3a8f9176d50a82be4d', 'project_name': 'tempest-VolumesAdminNegativeTest-1463389563', 'tenant_id': 'c2cd95d7a73f4a3a8f9176d50a82be4d', 'tenant_name': 'tempest-VolumesAdminNegativeTest-1463389563', 'user_domain_id': 'default', 'user_domain_name': 'Default', 'user_id': '1527cd864cd4427dbcd9e79dcc50cf04', 'system': None}, Network: None, Subnet: None, Router: None
2025-04-23 18:41:10.394 69586 INFO tempest.lib.common.rest_client [req-aea0848d-551f-499d-8998-97d154c07e44 req-aea0848d-551f-499d-8998-97d154c07e44 ] Request (FlavorsAdminTestJSON:test_is_public_string_variations): 200 GET http://10.180.1.21/compute/v2.1/flavors/detail?is_public=false 1.478s
2025-04-23 18:41:10.424 69576 INFO tempest.lib.common.rest_client [req-b9e6c23f-a534-499f-98c1-5d7a7e78a99c req-b9e6c23f-a534-499f-98c1-5d7a7e78a99c ] Request (ServersTestJSON:setUpClass): 201 POST http://10.180.1.21:9696/networking/v2.0/security-groups 0.389s
2025-04-23 18:41:10.470 69556 INFO tempest.lib.common.rest_client [req-cca95977-d331-4826-b52e-9337cab65891 req-cca95977-d331-4826-b52e-9337cab65891 ] Request (ServersTestBootFromVolume:setUpClass): 200 GET http://10.180.1.21/volume/v3/volumes/92e7be24-655e-40ce-b21b-56754c23ad32 0.042s
2025-04-23 18:41:10.528 69574 INFO tempest.lib.common.rest_client [req-e70f982d-534e-414c-8282-5362d3f9f11a req-e70f982d-534e-414c-8282-5362d3f9f11a ] Request (AttachInterfacesUnderV243Test:test_add_remove_fixed_ip): 200 GET http://10.180.1.21/compute/v2.1/servers/a6a64814-a8d6-4180-83e6-08a130186223 1.712s
2025-04-23 18:41:10.537 69574 INFO tempest.common.waiters [-] State transition "BUILD/None" ==> "BUILD/spawning" after 18 second wait
2025-04-23 18:41:10.648 69544 INFO tempest.lib.common.rest_client [req-d29e13b8-2951-4d97-acd1-440429af5281 req-d29e13b8-2951-4d97-acd1-440429af5281 ] Request (QuotasAdminTestJSON:tearDownClass): 200 GET http://10.180.1.21:9696/networking/v2.0/security-groups?tenant_id=4706f0f15e4c4d859667049dd7746a03&name=default 0.617s
2025-04-23 18:41:10.707 69598 INFO tempest.lib.common.rest_client [req-43304691-5c55-48bd-aa65-bf0f98956c37 req-43304691-5c55-48bd-aa65-bf0f98956c37 ] Request (QuotasAdminTestV236:test_get_updated_quotas): 200 PUT http://10.180.1.21/compute/v2.1/os-quota-sets/943b89f2614341d6bd9691830d81d531 1.520s
2025-04-23 18:41:10.774 69536 INFO tempest.lib.common.rest_client [req-45e83375-2ae4-496f-92cb-fda1c0ef4247 req-45e83375-2ae4-496f-92cb-fda1c0ef4247 ] Request (ListImageFiltersTestJSON:setUpClass): 204 PUT http://10.180.1.21/image/v2/images/b20dde41-4f9b-42ee-adea-7f499506fb5e/file 0.704s
2025-04-23 18:41:10.818 69540 INFO tempest.lib.common.rest_client [req-2bcc4272-9c1b-4f6a-b1bf-fe382e4ed6a1 req-2bcc4272-9c1b-4f6a-b1bf-fe382e4ed6a1 ] Request (ServersTestMultiNic:test_verify_duplicate_network_nics): 200 GET http://10.180.1.21/compute/v2.1/servers/b5e4935e-86a3-40d4-870e-bcfde8ce3e75 1.570s
