2025-04-23 18:41:02.299 69594 INFO tempest.lib.common.dynamic_creds [-] Created isolated network resources for: credentials: Credentials: {'domain_id': 'default', 'domain_name': 'Default', 'username': 'tempest-ImagesTestJSON-1255114503-project-member', 'project_domain_id': 'default', 'project_domain_name': 'Default', 'project_id': 'bc797c67fd7048769dc22d4394443bb3', 'project_name': 'tempest-ImagesTestJSON-1255114503', 'tenant_id': 'bc797c67fd7048769dc22d4394443bb3', 'tenant_name': 'tempest-ImagesTestJSON-1255114503', 'user_domain_id': 'default', 'user_domain_name': 'Default', 'user_id': '05f7a296c8e44151b905a795cdd54be0', 'system': None}, Network: {'id': '288f304f-81b7-4d01-a374-6c6b1176a033', 'name': 'tempest-ImagesTestJSON-781375990-network', 'tenant_id': 'bc797c67fd7048769dc22d4394443bb3', 'admin_state_up': True, 'mtu': 8950, 'status': 'ACTIVE', 'subnets': [], 'shared': False, 'project_id': 'bc797c67fd7048769dc22d4394443bb3', 'port_security_enabled': True, 'router:external': False, 'provider:network_type': 'vlan', 'provider:physical_network': 'default', 'provider:segmentation_id': 933, 'availability_zone_hints': [], 'availability_zones': [], 'ipv4_address_scope': None, 'ipv6_address_scope': None, 'description': '', 'tags': [], 'created_at': '2025-04-23T18:40:58Z', 'updated_at': '2025-04-23T18:40:58Z', 'revision_number': 1}, Subnet: {'id': 'c05037b5-e586-40c0-a5a3-be32c6b85a90', 'name': 'tempest-ImagesTestJSON-781375990-subnet', 'tenant_id': 'bc797c67fd7048769dc22d4394443bb3', 'network_id': '288f304f-81b7-4d01-a374-6c6b1176a033', 'ip_version': 4, 'subnetpool_id': None, 'enable_dhcp': True, 'ipv6_ra_mode': None, 'ipv6_address_mode': None, 'gateway_ip': '192.168.128.1', 'cidr': '192.168.128.0/28', 'allocation_pools': [{'start': '192.168.128.2', 'end': '192.168.128.14'}], 'host_routes': [], 'dns_nameservers': [], 'description': '', 'router:external': False, 'service_types': [], 'tags': [], 'created_at': '2025-04-23T18:40:58Z', 'updated_at': '2025-04-23T18:40:58Z', 'revision_number': 0, 'project_id': 'bc797c67fd7048769dc22d4394443bb3'}, Router: {'id': '6f36cd4b-1288-4f40-afc9-cd23d7efcf6e', 'name': 'tempest-ImagesTestJSON-781375990-router', 'tenant_id': 'bc797c67fd7048769dc22d4394443bb3', 'admin_state_up': True, 'status': 'ACTIVE', 'external_gateway_info': {'network_id': '3432531d-c57d-4b0d-9399-b4ad12d7f5a0', 'external_fixed_ips': [{'subnet_id': '52b4c10b-e8e2-466f-8a46-754b5c6c6205', 'ip_address': '10.180.180.221'}], 'enable_snat': True}, 'description': '', 'availability_zones': [], 'distributed': False, 'ha': False, 'availability_zone_hints': [], 'routes': [], 'flavor_id': None, 'tags': [], 'created_at': '2025-04-23T18:40:58Z', 'updated_at': '2025-04-23T18:40:59Z', 'revision_number': 2, 'project_id': 'bc797c67fd7048769dc22d4394443bb3'}
2025-04-23 18:41:02.316 69558 INFO tempest.lib.common.rest_client [req-a51d6551-247d-4879-98da-9d3a49977f42 req-a51d6551-247d-4879-98da-9d3a49977f42 ] Request (AggregatesAdminNegativeTestJSON:test_aggregate_delete_with_invalid_id): 404 DELETE http://10.180.1.21/compute/v2.1/os-aggregates/-1 0.516s
2025-04-23 18:41:02.324 69552 INFO tempest.lib.common.rest_client [req-757ee172-2277-408e-8cf4-71eed1a193c6 req-757ee172-2277-408e-8cf4-71eed1a193c6 ] Request (VolumesAssistedSnapshotsTest:test_volume_assisted_snapshot_create_delete): 200 GET http://10.180.1.21/compute/v2.1/servers/97973f40-913d-4962-adab-a05953c50e57 0.529s
2025-04-23 18:41:02.345 69582 INFO tempest.lib.common.rest_client [req-0a3150bd-1c81-402e-93c6-7c4e6315612b req-0a3150bd-1c81-402e-93c6-7c4e6315612b ] Request (FlavorsV2TestJSON:test_list_flavors_filter_by_min_ram): 200 GET http://10.180.1.21/compute/v2.1/flavors?minRam=193 0.524s
2025-04-23 18:41:02.349 69536 INFO tempest.lib.common.rest_client [req-b863d3df-1699-429b-8827-db488a23ac3a req-b863d3df-1699-429b-8827-db488a23ac3a ] Request (FlavorsAccessNegativeTestJSON:test_remove_flavor_access_not_found): 200 POST http://10.180.1.21/compute/v2.1/flavors 0.512s
2025-04-23 18:41:02.402 69594 INFO tempest.lib.common.rest_client [req-2be2b299-f7b3-4e64-8edc-9c906ca8c326 req-2be2b299-f7b3-4e64-8edc-9c906ca8c326 ] Request (ImagesTestJSON:setUpClass): 201 POST http://10.180.1.21/identity/v3/auth/tokens 0.097s
2025-04-23 18:41:02.410 69546 INFO tempest.lib.common.rest_client [req-1ea8d280-164c-4116-b4b2-82f445be53b4 req-1ea8d280-164c-4116-b4b2-82f445be53b4 ] Request (SecurityGroupsTestJSON:test_list_security_groups_by_server): 200 GET http://10.180.1.21/compute/v2.1/servers/ae681203-5fe5-41dc-8dee-0d0240349185 0.546s
2025-04-23 18:41:02.420 69592 INFO tempest.lib.common.rest_client [req-55ed19ca-3bfc-4480-9ed0-33cdc09c0e46 req-55ed19ca-3bfc-4480-9ed0-33cdc09c0e46 ] Request (ServicesAdminNegativeV253TestJSON:tearDownClass): 204 DELETE http://10.180.1.21/identity/v3/users/4165670be61f48e29367fe695e7d5313 0.123s
2025-04-23 18:41:02.439 69548 INFO tempest.lib.common.rest_client [req-9f47f9ed-4b68-441a-bba1-dddeff0089b0 req-9f47f9ed-4b68-441a-bba1-dddeff0089b0 ] Request (DeleteServersAdminTestJSON:test_admin_delete_servers_of_others): 200 GET http://10.180.1.21/compute/v2.1/servers/3fd3d6a7-1609-49ae-afa5-b337aad39679 0.592s
2025-04-23 18:41:02.486 69594 INFO tempest.lib.common.rest_client [req-f6a9e03e-2741-431c-ae6e-387d6ae454ba req-f6a9e03e-2741-431c-ae6e-387d6ae454ba ] Request (ImagesTestJSON:test_create_image_from_stopped_server): 201 POST http://10.180.1.21/identity/v3/auth/tokens 0.076s
2025-04-23 18:41:02.489 69594 INFO tempest.lib.common.fixed_network [-] (ImagesTestJSON:test_create_image_from_stopped_server) Found network {'id': '288f304f-81b7-4d01-a374-6c6b1176a033', 'name': 'tempest-ImagesTestJSON-781375990-network', 'tenant_id': 'bc797c67fd7048769dc22d4394443bb3', 'admin_state_up': True, 'mtu': 8950, 'status': 'ACTIVE', 'subnets': [], 'shared': False, 'project_id': 'bc797c67fd7048769dc22d4394443bb3', 'port_security_enabled': True, 'router:external': False, 'provider:network_type': 'vlan', 'provider:physical_network': 'default', 'provider:segmentation_id': 933, 'availability_zone_hints': [], 'availability_zones': [], 'ipv4_address_scope': None, 'ipv6_address_scope': None, 'description': '', 'tags': [], 'created_at': '2025-04-23T18:40:58Z', 'updated_at': '2025-04-23T18:40:58Z', 'revision_number': 1} available for tenant
2025-04-23 18:41:02.491 69570 INFO tempest.lib.common.rest_client [req-46c47ffc-3ad2-4b28-915e-28d47e72591a req-46c47ffc-3ad2-4b28-915e-28d47e72591a ] Request (ServerExternalEventsTest:test_create_server_external_events): 200 GET http://10.180.1.21/compute/v2.1/servers/a0cb9958-4a58-41d8-8686-eaa2e192034e 0.541s
2025-04-23 18:41:02.500 69578 INFO tempest.lib.common.rest_client [req-9ad741a1-504c-4e9e-a5a0-8efcb0881fa2 req-9ad741a1-504c-4e9e-a5a0-8efcb0881fa2 ] Request (HostsAdminNegativeTestJSON:test_update_host_without_param): 400 PUT http://10.180.1.21/compute/v2.1/os-hosts/devstack 0.480s
2025-04-23 18:41:02.526 69586 INFO tempest.lib.common.rest_client [req-5b33e8af-3073-4e65-ab05-8f56ec5b7dc2 req-5b33e8af-3073-4e65-ab05-8f56ec5b7dc2 ] Request (FlavorsAdminTestJSON:test_create_server_with_non_public_flavor): 200 POST http://10.180.1.21/compute/v2.1/flavors 0.482s
2025-04-23 18:41:02.550 69592 INFO tempest.lib.common.rest_client [req-542cab5c-fd53-4287-b38d-f2b909df36b1 req-542cab5c-fd53-4287-b38d-f2b909df36b1 ] Request (ServicesAdminNegativeV253TestJSON:tearDownClass): 204 DELETE http://10.180.1.21/identity/v3/users/ad052c30fc124d67ab58d6767d6b906d 0.127s
2025-04-23 18:41:02.550 69592 INFO tempest.lib.common.dynamic_creds [-] Deleting project and security group for project: a849024dfa1840bdb53f138e72e66748
2025-04-23 18:41:02.592 69540 INFO tempest.lib.common.rest_client [req-3a23b145-e852-427d-bf42-29aa759b2047 req-3a23b145-e852-427d-bf42-29aa759b2047 ] Request (ServersTestMultiNic:setUpClass): 201 POST http://10.180.1.21:9696/networking/v2.0/routers 2.349s
2025-04-23 18:41:02.615 69592 INFO tempest.lib.common.rest_client [req-6f92dc88-cfd2-40cc-9068-717b701fca71 req-6f92dc88-cfd2-40cc-9068-717b701fca71 ] Request (ServicesAdminNegativeV253TestJSON:tearDownClass): 201 POST http://10.180.1.21/identity/v3/auth/tokens 0.065s
2025-04-23 18:41:02.679 69544 INFO tempest.lib.common.rest_client [req-00a25282-f61f-47dc-b07a-fd1729996c64 req-00a25282-f61f-47dc-b07a-fd1729996c64 ] Request (QuotasAdminTestJSON:test_get_updated_quotas): 200 GET http://10.180.1.21/compute/v2.1/os-quota-sets/b228b45dddf54f2ab71eca043f2363ef/detail 0.665s
2025-04-23 18:41:02.725 69544 INFO tempest.lib.common.rest_client [req-8a859fc3-980d-45cf-9dcf-06ca2946d2e6 req-8a859fc3-980d-45cf-9dcf-06ca2946d2e6 ] Request (QuotasAdminTestJSON:test_get_updated_quotas): 200 GET http://10.180.1.21/identity/v3/domains?name=Default 0.035s
2025-04-23 18:41:02.754 69544 INFO tempest.lib.common.rest_client [req-c3fcebb3-004c-4df9-9399-3f3cc0812811 req-c3fcebb3-004c-4df9-9399-3f3cc0812811 ] Request (QuotasAdminTestJSON:test_get_updated_quotas): 201 POST http://10.180.1.21/identity/v3/users 0.028s
2025-04-23 18:41:02.773 69562 INFO tempest.lib.common.rest_client [req-6850faa9-53e6-427e-93f4-0f1ae0d44bec req-6850faa9-53e6-427e-93f4-0f1ae0d44bec ] Request (ImagesMetadataTestJSON:setUp): 200 PUT http://10.180.1.21/compute/v2.1/images/f66c3f36-307d-4ae3-81ce-87e48fc03237/metadata 0.699s
2025-04-23 18:41:02.780 69544 INFO tempest.lib.common.rest_client [req-bda5655f-41b7-4c8e-b160-9d2d12298172 req-bda5655f-41b7-4c8e-b160-9d2d12298172 ] Request (QuotasAdminTestJSON:test_get_updated_quotas): 200 GET http://10.180.1.21/identity/v3/domains?name=Default 0.025s
2025-04-23 18:41:02.781 69580 INFO tempest.lib.common.rest_client [req-b33de334-c11d-463e-98cf-96eca0050ec4 req-b33de334-c11d-463e-98cf-96eca0050ec4 ] Request (ServerShowV254Test:test_rebuild_server): 200 GET http://10.180.1.21/compute/v2.1/servers/50b69299-91ee-43cf-aa76-2d6fa2240f9f 0.690s
2025-04-23 18:41:02.795 69580 INFO tempest.common.waiters [-] State transition "BUILD/spawning" ==> "ACTIVE/None" after 19 second wait
2025-04-23 18:41:02.799 69588 INFO tempest.lib.common.rest_client [req-92e0a837-9ce9-4adc-9625-15f902041e2a req-92e0a837-9ce9-4adc-9625-15f902041e2a ] Request (KeyPairsNegativeTestJSON:test_keypair_delete_nonexistent_key): 404 DELETE http://10.180.1.21/compute/v2.1/os-keypairs/tempest-keypair-non-existent-534382220 0.669s
2025-04-23 18:41:02.843 69568 INFO tempest.lib.common.rest_client [req-32a17d48-6815-4b39-aa04-1e9b2ec4ab00 req-32a17d48-6815-4b39-aa04-1e9b2ec4ab00 ] Request (ServersAdminTestJSON:test_create_server_with_scheduling_hint): 200 GET http://10.180.1.21/compute/v2.1/servers/b778c536-fcf3-45c1-babc-f4c93bfaadbd 0.738s
2025-04-23 18:41:02.867 69558 INFO tempest.lib.common.rest_client [req-9ea81878-a6e0-4580-923b-74b48ffec5e2 req-9ea81878-a6e0-4580-923b-74b48ffec5e2 ] Request (AggregatesAdminNegativeTestJSON:test_aggregate_get_details_as_user): 200 POST http://10.180.1.21/compute/v2.1/os-aggregates 0.548s
2025-04-23 18:41:02.890 69538 INFO tempest.lib.common.rest_client [req-5c87d379-f31e-4426-aa69-45c4f1fd78de req-5c87d379-f31e-4426-aa69-45c4f1fd78de ] Request (ImagesOneServerNegativeTestJSON:setUpClass): 200 GET http://10.180.1.21/compute/v2.1/servers/f2984bb6-02ae-471d-820c-f475b91eb6b7 0.740s
2025-04-23 18:41:02.902 69588 INFO tempest.lib.common.rest_client [req-9a919ab2-e33e-4b59-aa84-1fd1edece468 req-9a919ab2-e33e-4b59-aa84-1fd1edece468 ] Request (KeyPairsNegativeTestJSON:tearDownClass): 204 DELETE http://10.180.1.21/identity/v3/users/6000112fce844f82967ce0aca0d5eb2c 0.101s
2025-04-23 18:41:02.903 69588 INFO tempest.lib.common.dynamic_creds [-] Deleting project and security group for project: a66d2d71aa1d497487f109edf0208314
2025-04-23 18:41:02.906 69582 INFO tempest.lib.common.rest_client [req-5375cdd5-c117-41ca-ab85-c7bb6126ae09 req-5375cdd5-c117-41ca-ab85-c7bb6126ae09 ] Request (FlavorsV2TestJSON:test_list_flavors_limit_results): 200 GET http://10.180.1.21/compute/v2.1/flavors?limit=1 0.551s
2025-04-23 18:41:02.977 69592 INFO tempest.lib.common.rest_client [req-e98d0cca-b5bf-4560-af5c-e12a634e9740 req-e98d0cca-b5bf-4560-af5c-e12a634e9740 ] Request (ServicesAdminNegativeV253TestJSON:tearDownClass): 200 GET http://10.180.1.21:9696/networking/v2.0/security-groups?tenant_id=a849024dfa1840bdb53f138e72e66748&name=default 0.362s
2025-04-23 18:41:02.985 69588 INFO tempest.lib.common.rest_client [req-eb73c134-4f53-4ddb-9379-4126bf2d3df9 req-eb73c134-4f53-4ddb-9379-4126bf2d3df9 ] Request (KeyPairsNegativeTestJSON:tearDownClass): 201 POST http://10.180.1.21/identity/v3/auth/tokens 0.082s
2025-04-23 18:41:03.010 69566 INFO tempest.lib.common.rest_client [req-a5b6bbf5-57b5-4bbd-a2cb-05c5960eef5d req-a5b6bbf5-57b5-4bbd-a2cb-05c5960eef5d ] Request (ServerRescueTestJSON:setUpClass): 200 GET http://10.180.1.21/compute/v2.1/servers/aa58e2c6-85c2-483e-9435-db6664b30d5a 0.683s
2025-04-23 18:41:03.094 69556 INFO tempest.lib.common.rest_client [req-a96a33e7-065c-4c96-b64f-37b17bbfaa49 req-a96a33e7-065c-4c96-b64f-37b17bbfaa49 ] Request (ServersTestBootFromVolume:setUpClass): 200 GET http://10.180.1.21/volume/v3/volumes/92e7be24-655e-40ce-b21b-56754c23ad32 0.047s
2025-04-23 18:41:03.095 69536 INFO tempest.lib.common.rest_client [req-b4ce2ddd-aa5e-4dc9-9a7b-7a50e02e1198 req-b4ce2ddd-aa5e-4dc9-9a7b-7a50e02e1198 ] Request (FlavorsAccessNegativeTestJSON:test_remove_flavor_access_not_found): 404 POST http://10.180.1.21/compute/v2.1/flavors/1999109338/action 0.736s
2025-04-23 18:41:03.153 69592 INFO tempest.lib.common.rest_client [req-086237f8-32cc-4cea-8774-0dfe2b7e3410 req-086237f8-32cc-4cea-8774-0dfe2b7e3410 ] Request (ServicesAdminNegativeV253TestJSON:tearDownClass): 204 DELETE http://10.180.1.21:9696/networking/v2.0/security-groups/4e4a7fec-e148-4641-9537-f285b023ae0c 0.175s
2025-04-23 18:41:03.184 69550 INFO tempest.lib.common.rest_client [req-55a937c2-575b-4c29-b4ce-798354f0baa9 req-55a937c2-575b-4c29-b4ce-798354f0baa9 ] Request (MigrationsAdminTest:test_list_migrations_in_flavor_resize_situation): 200 GET http://10.180.1.21/compute/v2.1/servers/4e41b95c-a1c5-49b7-8a26-b6be40046a4e 0.820s
2025-04-23 18:41:03.202 69578 INFO tempest.lib.common.rest_client [req-964078dd-7591-47b7-a07d-c3560e6d8fc4 req-964078dd-7591-47b7-a07d-c3560e6d8fc4 ] Request (HostsAdminNegativeTestJSON:test_update_nonexistent_host): 404 PUT http://10.180.1.21/compute/v2.1/os-hosts/nonexistent_hostname 0.699s
2025-04-23 18:41:03.216 69586 INFO tempest.lib.common.rest_client [req-e1a33938-4465-4d8d-b4dd-db2a22443c9a req-e1a33938-4465-4d8d-b4dd-db2a22443c9a ] Request (FlavorsAdminTestJSON:test_create_server_with_non_public_flavor): 400 POST http://10.180.1.21/compute/v2.1/servers 0.685s
2025-04-23 18:41:03.267 69592 INFO tempest.lib.common.rest_client [req-b3f356ec-fc3d-42eb-869b-b03b7cd55540 req-b3f356ec-fc3d-42eb-869b-b03b7cd55540 ] Request (ServicesAdminNegativeV253TestJSON:tearDownClass): 204 DELETE http://10.180.1.21/identity/v3/projects/a849024dfa1840bdb53f138e72e66748 0.113s
2025-04-23 18:41:03.268 69592 INFO tempest.lib.common.dynamic_creds [-] Deleting project and security group for project: 99f59eed0ba0438295e59701973dd2b2
2025-04-23 18:41:03.299 69542 INFO tempest.lib.common.rest_client [req-e724d658-7d5d-454f-966b-92a86b3ce3b1 req-e724d658-7d5d-454f-966b-92a86b3ce3b1 ] Request (ServersWithSpecificFlavorTestJSON:test_verify_created_server_ephemeral_disk): 200 GET http://10.180.1.21/compute/v2.1/servers/325d5036-99de-48c1-bcac-0d5741d8dd78 0.676s
2025-04-23 18:41:03.351 69578 INFO tempest.lib.common.rest_client [req-2d66fa15-16bf-46da-bf67-123cc6f8cef7 req-2d66fa15-16bf-46da-bf67-123cc6f8cef7 ] Request (HostsAdminNegativeTestJSON:tearDownClass): 204 DELETE http://10.180.1.21/identity/v3/users/56621f0a50754149a5ff2206b77ce60b 0.148s
2025-04-23 18:41:03.383 69560 INFO tempest.lib.common.rest_client [req-34e34b0e-d30e-45f9-823a-11e0545e19e5 req-34e34b0e-d30e-45f9-823a-11e0545e19e5 ] Request (FloatingIPsAssociationNegativeTestJSON:setUpClass): 200 GET http://10.180.1.21/compute/v2.1/servers/be32720d-7237-41f3-8438-4eec21659cf6 0.691s
2025-04-23 18:41:03.396 69560 INFO tempest.common.waiters [-] State transition "BUILD/None" ==> "BUILD/networking" after 14 second wait
2025-04-23 18:41:03.489 69574 INFO tempest.lib.common.rest_client [req-fc693a5d-0f21-41c1-a4ac-4d26960f2f63 req-fc693a5d-0f21-41c1-a4ac-4d26960f2f63 ] Request (AttachInterfacesUnderV243Test:test_add_remove_fixed_ip): 200 GET http://10.180.1.21/compute/v2.1/servers/a6a64814-a8d6-4180-83e6-08a130186223 0.746s
2025-04-23 18:41:03.494 69578 INFO tempest.lib.common.rest_client [req-946059df-d4c1-4ed2-8293-ea0bf2dbad03 req-946059df-d4c1-4ed2-8293-ea0bf2dbad03 ] Request (HostsAdminNegativeTestJSON:tearDownClass): 204 DELETE http://10.180.1.21/identity/v3/users/67100bac4c224245adc19fc5e2832858 0.142s
2025-04-23 18:41:03.495 69578 INFO tempest.lib.common.dynamic_creds [-] Deleting project and security group for project: a1cad9774081437fa48c893a3a5022c0
2025-04-23 18:41:03.526 69592 INFO tempest.lib.common.rest_client [req-4d29c0b5-99d3-463f-97bc-0a2231977c0c req-4d29c0b5-99d3-463f-97bc-0a2231977c0c ] Request (ServicesAdminNegativeV253TestJSON:tearDownClass): 200 GET http://10.180.1.21:9696/networking/v2.0/security-groups?tenant_id=99f59eed0ba0438295e59701973dd2b2&name=default 0.258s
2025-04-23 18:41:03.529 69562 INFO tempest.lib.common.rest_client [req-287b751b-33ac-462f-b4d3-a60b272dc64b req-287b751b-33ac-462f-b4d3-a60b272dc64b ] Request (ImagesMetadataTestJSON:test_get_image_metadata_item): 200 GET http://10.180.1.21/compute/v2.1/images/f66c3f36-307d-4ae3-81ce-87e48fc03237/metadata/os_distro 0.756s
2025-04-23 18:41:03.576 69578 INFO tempest.lib.common.rest_client [req-6788f43d-16d0-4399-bfb7-066369876a5e req-6788f43d-16d0-4399-bfb7-066369876a5e ] Request (HostsAdminNegativeTestJSON:tearDownClass): 201 POST http://10.180.1.21/identity/v3/auth/tokens 0.081s
2025-04-23 18:41:03.696 69592 INFO tempest.lib.common.rest_client [req-615846ab-d0aa-454a-81a4-3b1338017646 req-615846ab-d0aa-454a-81a4-3b1338017646 ] Request (ServicesAdminNegativeV253TestJSON:tearDownClass): 204 DELETE http://10.180.1.21:9696/networking/v2.0/security-groups/ea80de74-2581-4232-aa0b-eeffed2ae830 0.170s
2025-04-23 18:41:03.704 69588 INFO tempest.lib.common.rest_client [req-263776ca-3f94-4cfb-91e8-370b251fa073 req-263776ca-3f94-4cfb-91e8-370b251fa073 ] Request (KeyPairsNegativeTestJSON:tearDownClass): 200 GET http://10.180.1.21:9696/networking/v2.0/security-groups?tenant_id=a66d2d71aa1d497487f109edf0208314&name=default 0.718s
2025-04-23 18:41:03.709 69544 INFO tempest.lib.common.rest_client [req-10fdea8a-06bd-4a6b-b991-8056527a2ebd req-10fdea8a-06bd-4a6b-b991-8056527a2ebd ] Request (QuotasAdminTestJSON:test_get_updated_quotas): 200 PUT http://10.180.1.21/compute/v2.1/os-quota-sets/b228b45dddf54f2ab71eca043f2363ef?user_id=9c97934dd7c54ed9a5d9c5dce853fb33 0.929s
2025-04-23 18:41:03.745 69580 INFO tempest.lib.common.rest_client [req-4c236c58-57cf-4ff1-a389-1a1bda53d09f req-4c236c58-57cf-4ff1-a389-1a1bda53d09f ] Request (ServerShowV254Test:test_rebuild_server): 201 POST http://10.180.1.21/compute/v2.1/os-keypairs 0.949s
2025-04-23 18:41:03.790 69592 INFO tempest.lib.common.rest_client [req-c5d9762f-a861-4fec-8313-bec6ef9ee2c3 req-c5d9762f-a861-4fec-8313-bec6ef9ee2c3 ] Request (ServicesAdminNegativeV253TestJSON:tearDownClass): 204 DELETE http://10.180.1.21/identity/v3/projects/99f59eed0ba0438295e59701973dd2b2 0.093s
2025-04-23 18:41:03.835 69584 INFO tempest.lib.common.rest_client [req-5a95868c-2987-42c7-b4d2-d7695442fe3d req-5a95868c-2987-42c7-b4d2-d7695442fe3d ] Request (ServerAddressesTestJSON:tearDownClass): 200 GET http://10.180.1.21/compute/v2.1/servers/59eda413-c58c-49d1-9d16-81eb83418762 1.028s
2025-04-23 18:41:03.841 69578 INFO tempest.lib.common.rest_client [req-de71960e-ec11-4627-923b-590cceb61622 req-de71960e-ec11-4627-923b-590cceb61622 ] Request (HostsAdminNegativeTestJSON:tearDownClass): 200 GET http://10.180.1.21:9696/networking/v2.0/security-groups?tenant_id=a1cad9774081437fa48c893a3a5022c0&name=default 0.264s
2025-04-23 18:41:03.845 69584 INFO tempest.common.waiters [-] State transition "ACTIVE/deleting" ==> "DELETED/None" after 4 second wait
2025-04-23 18:41:03.846 69558 INFO tempest.lib.common.rest_client [req-f4fe1805-9991-4c4e-b7d9-946a53c17ad2 req-f4fe1805-9991-4c4e-b7d9-946a53c17ad2 ] Request (AggregatesAdminNegativeTestJSON:test_aggregate_get_details_as_user): 403 GET http://10.180.1.21/compute/v2.1/os-aggregates/6 0.976s
2025-04-23 18:41:03.876 69582 INFO tempest.lib.common.rest_client [req-7b281d9d-3e6d-4c42-96a4-e557cb800ab9 req-7b281d9d-3e6d-4c42-96a4-e557cb800ab9 ] Request (FlavorsV2TestJSON:test_list_flavors_using_marker): 200 GET http://10.180.1.21/compute/v2.1/flavors/42 0.967s
2025-04-23 18:41:03.894 69592 INFO tempest.lib.common.rest_client [req-caea2af7-2489-4cbd-a6b0-22f910d18d4e req-caea2af7-2489-4cbd-a6b0-22f910d18d4e ] Request (ServerRescueNegativeTestJSON:setUpClass): 201 POST http://10.180.1.21/identity/v3/auth/tokens 0.101s
2025-04-23 18:41:03.938 69592 INFO tempest.lib.common.rest_client [req-e0498611-55fe-4ef3-8cc0-ff9a0fd55b77 req-e0498611-55fe-4ef3-8cc0-ff9a0fd55b77 ] Request (ServerRescueNegativeTestJSON:setUpClass): 201 POST http://10.180.1.21/identity/v3/auth/tokens 0.039s
2025-04-23 18:41:03.973 69592 INFO tempest.lib.common.rest_client [req-46bb1243-293f-4d05-a500-e5e184380093 req-46bb1243-293f-4d05-a500-e5e184380093 ] Request (ServerRescueNegativeTestJSON:setUpClass): 200 GET http://10.180.1.21/identity/v3/domains?name=Default 0.034s
2025-04-23 18:41:03.979 69596 INFO tempest.lib.common.rest_client [req-ae4a41e7-f8b9-4586-b40d-82c2b027cd06 req-ae4a41e7-f8b9-4586-b40d-82c2b027cd06 ] Request (ServerPasswordTestJSON:setUpClass): 200 GET http://10.180.1.21/compute/v2.1/servers/785eed74-ebba-423a-a157-56027aeaa976 1.063s
2025-04-23 18:41:04.014 69588 INFO tempest.lib.common.rest_client [req-c83e6d3d-42c8-40a4-8202-0227e4f9b092 req-c83e6d3d-42c8-40a4-8202-0227e4f9b092 ] Request (KeyPairsNegativeTestJSON:tearDownClass): 204 DELETE http://10.180.1.21:9696/networking/v2.0/security-groups/69095776-bc6f-424b-b046-dbbc84a1658c 0.310s
2025-04-23 18:41:04.018 69592 INFO tempest.lib.common.rest_client [req-936d8a7c-fa3f-4ee1-ac9d-ea5174f7f36d req-936d8a7c-fa3f-4ee1-ac9d-ea5174f7f36d ] Request (ServerRescueNegativeTestJSON:setUpClass): 201 POST http://10.180.1.21/identity/v3/projects 0.044s
2025-04-23 18:41:04.060 69576 INFO tempest.lib.common.rest_client [req-04b49104-078c-4778-ab6c-6c2f433153d7 req-04b49104-078c-4778-ab6c-6c2f433153d7 ] Request (ServersTestJSON:setUpClass): 201 POST http://10.180.1.21:9696/networking/v2.0/routers 2.340s
2025-04-23 18:41:04.066 69590 INFO tempest.lib.common.rest_client [req-d6642519-b7d7-4462-9f17-792946d7e3a0 req-d6642519-b7d7-4462-9f17-792946d7e3a0 ] Request (ServerShowV257Test:test_rebuild_server): 200 GET http://10.180.1.21/compute/v2.1/servers/5acbf9bd-f1d8-49bb-a737-4e1ec117a690 1.047s
2025-04-23 18:41:04.085 69592 INFO tempest.lib.common.rest_client [req-43ca47e7-2abb-49ee-a8c2-4ae20bb47d34 req-43ca47e7-2abb-49ee-a8c2-4ae20bb47d34 ] Request (ServerRescueNegativeTestJSON:setUpClass): 201 POST http://10.180.1.21/identity/v3/users 0.066s
2025-04-23 18:41:04.106 69536 INFO tempest.lib.common.rest_client [req-b6fd3c69-e868-4354-8233-c7e4ace90773 req-b6fd3c69-e868-4354-8233-c7e4ace90773 ] Request (FlavorsAccessNegativeTestJSON:_run_cleanups): 202 DELETE http://10.180.1.21/compute/v2.1/flavors/1999109338 1.011s
2025-04-23 18:41:04.125 69592 INFO tempest.lib.common.rest_client [req-efdb9ea6-3ab0-4a63-b475-9ee84f0c322f req-efdb9ea6-3ab0-4a63-b475-9ee84f0c322f ] Request (ServerRescueNegativeTestJSON:setUpClass): 200 GET http://10.180.1.21/identity/v3/roles 0.038s
2025-04-23 18:41:04.159 69556 INFO tempest.lib.common.rest_client [req-2b1aeb0c-b05d-416d-a4fb-6675a684562f req-2b1aeb0c-b05d-416d-a4fb-6675a684562f ] Request (ServersTestBootFromVolume:setUpClass): 200 GET http://10.180.1.21/volume/v3/volumes/92e7be24-655e-40ce-b21b-56754c23ad32 0.051s
2025-04-23 18:41:04.163 69592 INFO tempest.lib.common.rest_client [req-720c4df3-17f5-4efe-a60d-2608a74444b1 req-720c4df3-17f5-4efe-a60d-2608a74444b1 ] Request (ServerRescueNegativeTestJSON:setUpClass): 204 PUT http://10.180.1.21/identity/v3/projects/7980e2400744463f906213e4951741e0/users/dd7dac896f0b41de9d48c47e01e06517/roles/81fb859fcf794d16b22488f7898b405f 0.035s
2025-04-23 18:41:04.164 69592 INFO tempest.lib.common.dynamic_creds [-] Dynamic test user dd7dac896f0b41de9d48c47e01e06517 is created with scope project and roles: ['member']
2025-04-23 18:41:04.164 69592 INFO tempest.lib.common.dynamic_creds [-] Acquired dynamic creds: credentials: Credentials: {'domain_id': 'default', 'domain_name': 'Default', 'username': 'tempest-ServerRescueNegativeTestJSON-971862345-project-member', 'project_domain_id': 'default', 'project_domain_name': 'Default', 'project_id': '7980e2400744463f906213e4951741e0', 'project_name': 'tempest-ServerRescueNegativeTestJSON-971862345', 'tenant_id': '7980e2400744463f906213e4951741e0', 'tenant_name': 'tempest-ServerRescueNegativeTestJSON-971862345', 'user_domain_id': 'default', 'user_domain_name': 'Default', 'user_id': 'dd7dac896f0b41de9d48c47e01e06517', 'system': None}, Network: None, Subnet: None, Router: None
2025-04-23 18:41:04.208 69588 INFO tempest.lib.common.rest_client [req-2969993a-80bc-44d1-943a-acf621fd5244 req-2969993a-80bc-44d1-943a-acf621fd5244 ] Request (KeyPairsNegativeTestJSON:tearDownClass): 204 DELETE http://10.180.1.21/identity/v3/projects/a66d2d71aa1d497487f109edf0208314 0.193s
2025-04-23 18:41:04.243 69592 INFO tempest.lib.common.rest_client [req-434c6b9a-bbd9-444e-9f80-7d51f7c7d3f9 req-434c6b9a-bbd9-444e-9f80-7d51f7c7d3f9 ] Request (ServerRescueNegativeTestJSON:setUpClass): 201 POST http://10.180.1.21/identity/v3/auth/tokens 0.078s
2025-04-23 18:41:04.252 69588 INFO tempest.lib.common.rest_client [req-b588f844-8296-4271-963a-70407dda2d21 req-b588f844-8296-4271-963a-70407dda2d21 ] Request (ServersTestJSON:setUpClass): 201 POST http://10.180.1.21/identity/v3/auth/tokens 0.042s
2025-04-23 18:41:04.262 69594 INFO tempest.lib.common.rest_client [req-dc0c0090-04df-41f3-ab2a-5d0d3d5fb052 req-dc0c0090-04df-41f3-ab2a-5d0d3d5fb052 ] Request (ImagesTestJSON:test_create_image_from_stopped_server): 202 POST http://10.180.1.21/compute/v2.1/servers 1.772s
2025-04-23 18:41:04.306 69586 INFO tempest.lib.common.rest_client [req-1c8689f8-1886-4fac-a7b4-60a5eaf9833e req-1c8689f8-1886-4fac-a7b4-60a5eaf9833e ] Request (FlavorsAdminTestJSON:_run_cleanups): 202 DELETE http://10.180.1.21/compute/v2.1/flavors/558166028 1.089s
2025-04-23 18:41:04.308 69588 INFO tempest.lib.common.rest_client [req-4ab8caca-bb59-4069-8d82-3963d9b0fc97 req-4ab8caca-bb59-4069-8d82-3963d9b0fc97 ] Request (ServersTestJSON:setUpClass): 201 POST http://10.180.1.21/identity/v3/auth/tokens 0.053s
2025-04-23 18:41:04.346 69588 INFO tempest.lib.common.rest_client [req-17cdc566-c8df-4f1f-bbac-c634d37922d8 req-17cdc566-c8df-4f1f-bbac-c634d37922d8 ] Request (ServersTestJSON:setUpClass): 200 GET http://10.180.1.21/identity/v3/domains?name=Default 0.037s
2025-04-23 18:41:04.347 69578 INFO tempest.lib.common.rest_client [req-7659a7a9-d604-4693-adfe-f52639e0627a req-7659a7a9-d604-4693-adfe-f52639e0627a ] Request (HostsAdminNegativeTestJSON:tearDownClass): 204 DELETE http://10.180.1.21:9696/networking/v2.0/security-groups/99fd4d39-8fb1-4b51-be37-1ce51247ce38 0.506s
2025-04-23 18:41:04.365 69564 INFO tempest.lib.common.rest_client [req-3dc4fff7-b72e-4d9e-9e7f-7d109e082344 req-3dc4fff7-b72e-4d9e-9e7f-7d109e082344 ] Request (ServerDiagnosticsTest:test_get_server_diagnostics): 200 GET http://10.180.1.21/compute/v2.1/servers/2111606c-e076-4b37-a6a3-1490602d59c2 1.261s
2025-04-23 18:41:04.380 69564 INFO tempest.common.waiters [-] State transition "BUILD/scheduling" ==> "BUILD/None" after 8 second wait
2025-04-23 18:41:04.432 69578 INFO tempest.lib.common.rest_client [req-d7ccf62b-160d-42c2-8697-db57f276c4ae req-d7ccf62b-160d-42c2-8697-db57f276c4ae ] Request (HostsAdminNegativeTestJSON:tearDownClass): 204 DELETE http://10.180.1.21/identity/v3/projects/a1cad9774081437fa48c893a3a5022c0 0.083s
2025-04-23 18:41:04.432 69578 INFO tempest.lib.common.dynamic_creds [-] Deleting project and security group for project: ce72716c26254dfc830deb75325b7eed
2025-04-23 18:41:04.435 69588 INFO tempest.lib.common.rest_client [req-90fe15fc-60dd-40e9-86d0-57564d1a57e0 req-90fe15fc-60dd-40e9-86d0-57564d1a57e0 ] Request (ServersTestJSON:setUpClass): 201 POST http://10.180.1.21/identity/v3/projects 0.087s
2025-04-23 18:41:04.449 69554 INFO tempest.lib.common.rest_client [req-4c03850d-80c6-4be8-941a-c7b4fb737475 req-4c03850d-80c6-4be8-941a-c7b4fb737475 ] Request (FloatingIPsAssociationTestJSON:test_associate_already_associated_floating_ip): 200 GET http://10.180.1.21/compute/v2.1/servers/36611fa9-f155-4cfc-a2ad-7c917a03a2fd 1.224s
2025-04-23 18:41:04.465 69554 INFO tempest.common.waiters [-] State transition "BUILD/scheduling" ==> "BUILD/None" after 6 second wait
2025-04-23 18:41:04.545 69588 INFO tempest.lib.common.rest_client [req-95e4ca19-a5bd-48dd-9134-f4c812f6a7bc req-95e4ca19-a5bd-48dd-9134-f4c812f6a7bc ] Request (ServersTestJSON:setUpClass): 201 POST http://10.180.1.21/identity/v3/users 0.109s
2025-04-23 18:41:04.556 69540 INFO tempest.lib.common.rest_client [req-a3fd59cb-b246-4c8d-878b-9240ca2c33ea req-a3fd59cb-b246-4c8d-878b-9240ca2c33ea ] Request (ServersTestMultiNic:setUpClass): 200 PUT http://10.180.1.21:9696/networking/v2.0/routers/bd4b4757-f988-453f-859f-18f5020c6b98/add_router_interface 1.964s
2025-04-23 18:41:04.557 69540 INFO tempest.lib.common.dynamic_creds [-] Created isolated network resources for: credentials: Credentials: {'domain_id': 'default', 'domain_name': 'Default', 'username': 'tempest-ServersTestMultiNic-2079719788-project-member', 'project_domain_id': 'default', 'project_domain_name': 'Default', 'project_id': '74a922514c5c4c689e4f6513f73997e1', 'project_name': 'tempest-ServersTestMultiNic-2079719788', 'tenant_id': '74a922514c5c4c689e4f6513f73997e1', 'tenant_name': 'tempest-ServersTestMultiNic-2079719788', 'user_domain_id': 'default', 'user_domain_name': 'Default', 'user_id': 'aefb6d9d7f314fb3b96be4a03d17aeb3', 'system': None}, Network: {'id': '7903c101-6b5b-4281-81a6-89632d3ae109', 'name': 'tempest-ServersTestMultiNic-1884104610-network', 'tenant_id': '74a922514c5c4c689e4f6513f73997e1', 'admin_state_up': True, 'mtu': 8950, 'status': 'ACTIVE', 'subnets': [], 'shared': False, 'project_id': '74a922514c5c4c689e4f6513f73997e1', 'port_security_enabled': True, 'router:external': False, 'provider:network_type': 'vlan', 'provider:physical_network': 'default', 'provider:segmentation_id': 977, 'availability_zone_hints': [], 'availability_zones': [], 'ipv4_address_scope': None, 'ipv6_address_scope': None, 'description': '', 'tags': [], 'created_at': '2025-04-23T18:40:59Z', 'updated_at': '2025-04-23T18:40:59Z', 'revision_number': 1}, Subnet: {'id': '0538360d-58bd-4d93-bf91-4f6592b8e616', 'name': 'tempest-ServersTestMultiNic-1884104610-subnet', 'tenant_id': '74a922514c5c4c689e4f6513f73997e1', 'network_id': '7903c101-6b5b-4281-81a6-89632d3ae109', 'ip_version': 4, 'subnetpool_id': None, 'enable_dhcp': True, 'ipv6_ra_mode': None, 'ipv6_address_mode': None, 'gateway_ip': '192.168.128.1', 'cidr': '192.168.128.0/28', 'allocation_pools': [{'start': '192.168.128.2', 'end': '192.168.128.14'}], 'host_routes': [], 'dns_nameservers': [], 'description': '', 'router:external': False, 'service_types': [], 'tags': [], 'created_at': '2025-04-23T18:41:00Z', 'updated_at': '2025-04-23T18:41:00Z', 'revision_number': 0, 'project_id': '74a922514c5c4c689e4f6513f73997e1'}, Router: {'id': 'bd4b4757-f988-453f-859f-18f5020c6b98', 'name': 'tempest-ServersTestMultiNic-1884104610-router', 'tenant_id': '74a922514c5c4c689e4f6513f73997e1', 'admin_state_up': True, 'status': 'ACTIVE', 'external_gateway_info': {'network_id': '3432531d-c57d-4b0d-9399-b4ad12d7f5a0', 'external_fixed_ips': [{'subnet_id': '52b4c10b-e8e2-466f-8a46-754b5c6c6205', 'ip_address': '10.180.180.247'}], 'enable_snat': True}, 'description': '', 'availability_zones': [], 'distributed': False, 'ha': False, 'availability_zone_hints': [], 'routes': [], 'flavor_id': None, 'tags': [], 'created_at': '2025-04-23T18:41:00Z', 'updated_at': '2025-04-23T18:41:01Z', 'revision_number': 2, 'project_id': '74a922514c5c4c689e4f6513f73997e1'}
2025-04-23 18:41:04.584 69588 INFO tempest.lib.common.rest_client [req-c4acbe0b-5bb8-47ec-95bd-2336e6118f7f req-c4acbe0b-5bb8-47ec-95bd-2336e6118f7f ] Request (ServersTestJSON:setUpClass): 200 GET http://10.180.1.21/identity/v3/roles 0.038s
2025-04-23 18:41:04.600 69552 INFO tempest.lib.common.rest_client [req-f3014845-1816-4c7f-8159-5ff3ee17e8ce req-f3014845-1816-4c7f-8159-5ff3ee17e8ce ] Request (VolumesAssistedSnapshotsTest:test_volume_assisted_snapshot_create_delete): 200 GET http://10.180.1.21/compute/v2.1/servers/97973f40-913d-4962-adab-a05953c50e57 1.259s
2025-04-23 18:41:04.611 69572 INFO tempest.lib.common.rest_client [req-3331c855-f74b-46fa-bbec-6ab9b78c2fa3 req-3331c855-f74b-46fa-bbec-6ab9b78c2fa3 ] Request (ServersAdminNegativeTestJSON:setUpClass): 200 GET http://10.180.1.21/compute/v2.1/servers/7080e070-ba39-48ca-b4c7-abcd4349eb57 1.349s
2025-04-23 18:41:04.616 69552 INFO tempest.common.waiters [-] State transition "BUILD/None" ==> "ERROR/None" after 20 second wait
2025-04-23 18:41:04.622 69572 INFO tempest.common.waiters [-] State transition "BUILD/spawning" ==> "ACTIVE/None" after 21 second wait
2025-04-23 18:41:04.636 69588 INFO tempest.lib.common.rest_client [req-992690da-b9d6-4929-af4f-1864b94a40e2 req-992690da-b9d6-4929-af4f-1864b94a40e2 ] Request (ServersTestJSON:setUpClass): 204 PUT http://10.180.1.21/identity/v3/projects/4211c68a0db74b849efa879d94d6aee5/users/fbbb66ac4f37404ab9dd684de7c0aa38/roles/81fb859fcf794d16b22488f7898b405f 0.051s
2025-04-23 18:41:04.636 69588 INFO tempest.lib.common.dynamic_creds [-] Dynamic test user fbbb66ac4f37404ab9dd684de7c0aa38 is created with scope project and roles: ['member']
2025-04-23 18:41:04.637 69588 INFO tempest.lib.common.dynamic_creds [-] Acquired dynamic creds: credentials: Credentials: {'domain_id': 'default', 'domain_name': 'Default', 'username': 'tempest-ServersTestJSON-1620055869-project-member', 'project_domain_id': 'default', 'project_domain_name': 'Default', 'project_id': '4211c68a0db74b849efa879d94d6aee5', 'project_name': 'tempest-ServersTestJSON-1620055869', 'tenant_id': '4211c68a0db74b849efa879d94d6aee5', 'tenant_name': 'tempest-ServersTestJSON-1620055869', 'user_domain_id': 'default', 'user_domain_name': 'Default', 'user_id': 'fbbb66ac4f37404ab9dd684de7c0aa38', 'system': None}, Network: None, Subnet: None, Router: None
2025-04-23 18:41:04.664 69540 INFO tempest.lib.common.rest_client [req-a61941c3-c7b8-404e-be54-b1045978469c req-a61941c3-c7b8-404e-be54-b1045978469c ] Request (ServersTestMultiNic:setUpClass): 201 POST http://10.180.1.21/identity/v3/auth/tokens 0.103s
2025-04-23 18:41:04.691 69548 INFO tempest.lib.common.rest_client [req-0e929e25-c25e-43bd-896d-5f85c2429a5d req-0e929e25-c25e-43bd-896d-5f85c2429a5d ] Request (DeleteServersAdminTestJSON:test_admin_delete_servers_of_others): 200 GET http://10.180.1.21/compute/v2.1/servers/3fd3d6a7-1609-49ae-afa5-b337aad39679 1.243s
2025-04-23 18:41:04.718 69588 INFO tempest.lib.common.rest_client [req-b1514cca-f4c5-43b5-a6b2-d96d8bb53452 req-b1514cca-f4c5-43b5-a6b2-d96d8bb53452 ] Request (ServersTestJSON:setUpClass): 201 POST http://10.180.1.21/identity/v3/auth/tokens 0.081s
2025-04-23 18:41:04.723 69546 INFO tempest.lib.common.rest_client [req-69fbdd08-b6b3-4164-86ca-25801c6e7308 req-69fbdd08-b6b3-4164-86ca-25801c6e7308 ] Request (SecurityGroupsTestJSON:test_list_security_groups_by_server): 200 GET http://10.180.1.21/compute/v2.1/servers/ae681203-5fe5-41dc-8dee-0d0240349185 1.297s
2025-04-23 18:41:04.758 69570 INFO tempest.lib.common.rest_client [req-5d19e674-6556-4b01-916b-7bf999c36c88 req-5d19e674-6556-4b01-916b-7bf999c36c88 ] Request (ServerExternalEventsTest:test_create_server_external_events): 200 GET http://10.180.1.21/compute/v2.1/servers/a0cb9958-4a58-41d8-8686-eaa2e192034e 1.254s
2025-04-23 18:41:04.794 69578 INFO tempest.lib.common.rest_client [req-33c12e14-d877-4d81-b108-f8b42ff023d8 req-33c12e14-d877-4d81-b108-f8b42ff023d8 ] Request (HostsAdminNegativeTestJSON:tearDownClass): 200 GET http://10.180.1.21:9696/networking/v2.0/security-groups?tenant_id=ce72716c26254dfc830deb75325b7eed&name=default 0.362s
2025-04-23 18:41:04.925 69562 INFO tempest.lib.common.rest_client [req-59cf9ff2-b188-4d86-a434-f47a7e1ffce7 req-59cf9ff2-b188-4d86-a434-f47a7e1ffce7 ] Request (ImagesMetadataTestJSON:setUp): 200 PUT http://10.180.1.21/compute/v2.1/images/f66c3f36-307d-4ae3-81ce-87e48fc03237/metadata 1.394s
2025-04-23 18:41:04.966 69544 INFO tempest.lib.common.rest_client [req-ffb60b76-cedc-41cb-9e3c-24e5a0bb2657 req-ffb60b76-cedc-41cb-9e3c-24e5a0bb2657 ] Request (QuotasAdminTestJSON:test_get_updated_quotas): 200 GET http://10.180.1.21/compute/v2.1/os-quota-sets/b228b45dddf54f2ab71eca043f2363ef?user_id=9c97934dd7c54ed9a5d9c5dce853fb33 1.253s
2025-04-23 18:41:04.981 69578 INFO tempest.lib.common.rest_client [req-f59139d0-9663-4db4-89ea-4dae5b248372 req-f59139d0-9663-4db4-89ea-4dae5b248372 ] Request (HostsAdminNegativeTestJSON:tearDownClass): 204 DELETE http://10.180.1.21:9696/networking/v2.0/security-groups/45f1dccf-4b1b-4b89-9bea-0a630e25ef03 0.186s
2025-04-23 18:41:04.994 69558 INFO tempest.lib.common.rest_client [req-08707a75-2917-41c7-b49d-fe603cc9e766 req-08707a75-2917-41c7-b49d-fe603cc9e766 ] Request (AggregatesAdminNegativeTestJSON:_run_cleanups): 200 DELETE http://10.180.1.21/compute/v2.1/os-aggregates/6 1.147s
2025-04-23 18:41:05.087 69544 INFO tempest.lib.common.rest_client [req-41db6105-b72b-45de-8141-8bcf478e5d71 req-41db6105-b72b-45de-8141-8bcf478e5d71 ] Request (QuotasAdminTestJSON:_run_cleanups): 204 DELETE http://10.180.1.21/identity/v3/users/9c97934dd7c54ed9a5d9c5dce853fb33 0.119s
2025-04-23 18:41:05.090 69578 INFO tempest.lib.common.rest_client [req-42c3303f-2d39-4644-9d03-9ae1c0031d76 req-42c3303f-2d39-4644-9d03-9ae1c0031d76 ] Request (HostsAdminNegativeTestJSON:tearDownClass): 204 DELETE http://10.180.1.21/identity/v3/projects/ce72716c26254dfc830deb75325b7eed 0.109s
2025-04-23 18:41:05.100 69568 INFO tempest.lib.common.rest_client [req-7590ab04-7ec1-487f-a14d-300db8db8bf2 req-7590ab04-7ec1-487f-a14d-300db8db8bf2 ] Request (ServersAdminTestJSON:test_create_server_with_scheduling_hint): 200 GET http://10.180.1.21/compute/v2.1/servers/b778c536-fcf3-45c1-babc-f4c93bfaadbd 1.246s
2025-04-23 18:41:05.108 69568 INFO tempest.common.waiters [-] State transition "BUILD/scheduling" ==> "BUILD/None" after 6 second wait
2025-04-23 18:41:05.142 69582 INFO tempest.lib.common.rest_client [req-d9b45ef3-ad24-4e02-919b-eba5fd09dd89 req-d9b45ef3-ad24-4e02-919b-eba5fd09dd89 ] Request (FlavorsV2TestJSON:test_list_flavors_using_marker): 200 GET http://10.180.1.21/compute/v2.1/flavors?marker=42 1.263s
2025-04-23 18:41:05.189 69578 INFO tempest.lib.common.rest_client [req-d119def1-312e-411b-a71a-aac439db6383 req-d119def1-312e-411b-a71a-aac439db6383 ] Request (VolumesAdminNegativeTest:setUpClass): 201 POST http://10.180.1.21/identity/v3/auth/tokens 0.097s
2025-04-23 18:41:05.199 69588 INFO tempest.lib.common.rest_client [req-91b10bf4-785d-4699-9b91-4832c292ad96 req-91b10bf4-785d-4699-9b91-4832c292ad96 ] Request (ServersTestJSON:setUpClass): 201 POST http://10.180.1.21:9696/networking/v2.0/networks 0.480s
2025-04-23 18:41:05.203 69538 INFO tempest.lib.common.rest_client [req-ffaf73c9-ccf0-4537-951f-a30dd4310093 req-ffaf73c9-ccf0-4537-951f-a30dd4310093 ] Request (ImagesOneServerNegativeTestJSON:setUpClass): 200 GET http://10.180.1.21/compute/v2.1/servers/f2984bb6-02ae-471d-820c-f475b91eb6b7 1.303s
2025-04-23 18:41:05.218 69556 INFO tempest.lib.common.rest_client [req-a2d09b64-8973-493e-ad03-18ffa921a93e req-a2d09b64-8973-493e-ad03-18ffa921a93e ] Request (ServersTestBootFromVolume:setUpClass): 200 GET http://10.180.1.21/volume/v3/volumes/92e7be24-655e-40ce-b21b-56754c23ad32 0.050s
2025-04-23 18:41:05.241 69544 INFO tempest.lib.common.rest_client [req-0bee5ac9-a82d-4523-bdd0-fc2ad8f6b5fa req-0bee5ac9-a82d-4523-bdd0-fc2ad8f6b5fa ] Request (QuotasAdminTestJSON:_run_cleanups): 204 DELETE http://10.180.1.21/identity/v3/projects/b228b45dddf54f2ab71eca043f2363ef 0.152s
2025-04-23 18:41:05.289 69578 INFO tempest.lib.common.rest_client [req-c5ad66d0-870d-48c2-852d-1f4e91cd14d9 req-c5ad66d0-870d-48c2-852d-1f4e91cd14d9 ] Request (VolumesAdminNegativeTest:setUpClass): 201 POST http://10.180.1.21/identity/v3/auth/tokens 0.090s
2025-04-23 18:41:05.332 69578 INFO tempest.lib.common.rest_client [req-f97c808f-0c59-4617-b925-a72ebb6c6c5f req-f97c808f-0c59-4617-b925-a72ebb6c6c5f ] Request (VolumesAdminNegativeTest:setUpClass): 200 GET http://10.180.1.21/identity/v3/domains?name=Default 0.043s
2025-04-23 18:41:05.343 69540 INFO tempest.lib.common.rest_client [req-30c40dff-0b0d-44fc-878c-04c1b31593f3 req-30c40dff-0b0d-44fc-878c-04c1b31593f3 ] Request (ServersTestMultiNic:test_verify_duplicate_network_nics): 201 POST http://10.180.1.21:9696/networking/v2.0/networks 0.676s
2025-04-23 18:41:05.372 69578 INFO tempest.lib.common.rest_client [req-29cc0760-1684-460a-93c6-981b6ce1f6dc req-29cc0760-1684-460a-93c6-981b6ce1f6dc ] Request (VolumesAdminNegativeTest:setUpClass): 201 POST http://10.180.1.21/identity/v3/projects 0.039s
2025-04-23 18:41:05.380 69592 INFO tempest.lib.common.rest_client [req-8bb7bae3-a3c9-405e-9a82-2551a3699e7e req-8bb7bae3-a3c9-405e-9a82-2551a3699e7e ] Request (ServerRescueNegativeTestJSON:setUpClass): 201 POST http://10.180.1.21:9696/networking/v2.0/networks 1.137s
2025-04-23 18:41:05.400 69566 INFO tempest.lib.common.rest_client [req-c1f3a9da-f927-4c42-b045-00819210025c req-c1f3a9da-f927-4c42-b045-00819210025c ] Request (ServerRescueTestJSON:setUpClass): 200 GET http://10.180.1.21/compute/v2.1/servers/aa58e2c6-85c2-483e-9435-db6664b30d5a 1.379s
2025-04-23 18:41:05.418 69580 INFO tempest.lib.common.rest_client [req-47ba45b6-2d43-4d55-9467-96f19093c092 req-47ba45b6-2d43-4d55-9467-96f19093c092 ] Request (ServerShowV254Test:test_rebuild_server): 202 POST http://10.180.1.21/compute/v2.1/servers/50b69299-91ee-43cf-aa76-2d6fa2240f9f/action 1.670s
2025-04-23 18:41:05.426 69536 INFO tempest.lib.common.rest_client [req-9f83027b-3541-4cad-bb7e-09eb72db03b1 req-9f83027b-3541-4cad-bb7e-09eb72db03b1 ] Request (FlavorsAccessNegativeTestJSON:_run_cleanups): 200 GET http://10.180.1.21/compute/v2.1/flavors/detail 1.319s
2025-04-23 18:41:05.450 69578 INFO tempest.lib.common.rest_client [req-89287c49-4ac0-4d65-ac4d-f977e824e9ac req-89287c49-4ac0-4d65-ac4d-f977e824e9ac ] Request (VolumesAdminNegativeTest:setUpClass): 201 POST http://10.180.1.21/identity/v3/users 0.077s
2025-04-23 18:41:05.473 69578 INFO tempest.lib.common.rest_client [req-8b621fda-4c89-4c8d-8d5a-1a8f1d4016d9 req-8b621fda-4c89-4c8d-8d5a-1a8f1d4016d9 ] Request (VolumesAdminNegativeTest:setUpClass): 200 GET http://10.180.1.21/identity/v3/roles 0.023s
2025-04-23 18:41:05.488 69594 INFO tempest.lib.common.rest_client [req-262b3320-5ada-4a72-a76a-ba70f679a976 req-262b3320-5ada-4a72-a76a-ba70f679a976 ] Request (ImagesTestJSON:test_create_image_from_stopped_server): 200 GET http://10.180.1.21/compute/v2.1/servers/7120b731-6946-48ee-9d53-74f7b9d92858 1.218s
2025-04-23 18:41:05.491 69588 INFO tempest.lib.common.rest_client [req-903179bd-4d5e-46b2-95b4-3e20ae6b8c91 req-903179bd-4d5e-46b2-95b4-3e20ae6b8c91 ] Request (ServersTestJSON:setUpClass): 201 POST http://10.180.1.21:9696/networking/v2.0/subnets 0.291s
2025-04-23 18:41:05.511 69536 INFO tempest.lib.common.rest_client [req-858af335-0173-4b13-9aa3-cea5a906e396 req-858af335-0173-4b13-9aa3-cea5a906e396 ] Request (FlavorsAccessNegativeTestJSON:tearDownClass): 204 DELETE http://10.180.1.21/identity/v3/users/591d5ca91a2f42aa8fd4560703c52b70 0.075s
2025-04-23 18:41:05.514 69586 INFO tempest.lib.common.rest_client [req-c74d6722-3ed1-4369-bb98-7680db476ea8 req-c74d6722-3ed1-4369-bb98-7680db476ea8 ] Request (FlavorsAdminTestJSON:_run_cleanups): 200 GET http://10.180.1.21/compute/v2.1/flavors/detail 1.207s
2025-04-23 18:41:05.539 69578 INFO tempest.lib.common.rest_client [req-ce2170e9-d473-4d9e-98c7-95d4e11969f5 req-ce2170e9-d473-4d9e-98c7-95d4e11969f5 ] Request (VolumesAdminNegativeTest:setUpClass): 204 PUT http://10.180.1.21/identity/v3/projects/2758c17d653747858f72770ebf14ffc5/users/cede41b61bd64b0e8f599aa0699bd890/roles/81fb859fcf794d16b22488f7898b405f 0.065s
2025-04-23 18:41:05.539 69578 INFO tempest.lib.common.dynamic_creds [-] Dynamic test user cede41b61bd64b0e8f599aa0699bd890 is created with scope project and roles: ['member']
2025-04-23 18:41:05.539 69578 INFO tempest.lib.common.dynamic_creds [-] Acquired dynamic creds: credentials: Credentials: {'domain_id': 'default', 'domain_name': 'Default', 'username': 'tempest-VolumesAdminNegativeTest-718793641-project-member', 'project_domain_id': 'default', 'project_domain_name': 'Default', 'project_id': '2758c17d653747858f72770ebf14ffc5', 'project_name': 'tempest-VolumesAdminNegativeTest-718793641', 'tenant_id': '2758c17d653747858f72770ebf14ffc5', 'tenant_name': 'tempest-VolumesAdminNegativeTest-718793641', 'user_domain_id': 'default', 'user_domain_name': 'Default', 'user_id': 'cede41b61bd64b0e8f599aa0699bd890', 'system': None}, Network: None, Subnet: None, Router: None
2025-04-23 18:41:05.565 69542 INFO tempest.lib.common.rest_client [req-27a22c7a-0a92-43b7-9733-78ead81e40f5 req-27a22c7a-0a92-43b7-9733-78ead81e40f5 ] Request (ServersWithSpecificFlavorTestJSON:test_verify_created_server_ephemeral_disk): 200 GET http://10.180.1.21/compute/v2.1/servers/325d5036-99de-48c1-bcac-0d5741d8dd78 1.248s
2025-04-23 18:41:05.608 69578 INFO tempest.lib.common.rest_client [req-a3e16238-fdc5-4fe9-b1c9-3fbb836abb42 req-a3e16238-fdc5-4fe9-b1c9-3fbb836abb42 ] Request (VolumesAdminNegativeTest:setUpClass): 201 POST http://10.180.1.21/identity/v3/auth/tokens 0.068s
2025-04-23 18:41:05.610 69592 INFO tempest.lib.common.rest_client [req-4aaaad01-92a8-4fd1-827e-b9680be73bc6 req-4aaaad01-92a8-4fd1-827e-b9680be73bc6 ] Request (ServerRescueNegativeTestJSON:setUpClass): 201 POST http://10.180.1.21:9696/networking/v2.0/subnets 0.229s
2025-04-23 18:41:05.633 69536 INFO tempest.lib.common.rest_client [req-050bf29d-b1a5-41d8-93eb-2a3e152e77ee req-050bf29d-b1a5-41d8-93eb-2a3e152e77ee ] Request (FlavorsAccessNegativeTestJSON:tearDownClass): 204 DELETE http://10.180.1.21/identity/v3/users/ded5f7907e854a8189ad8ba34d9fd812 0.122s
2025-04-23 18:41:05.711 69560 INFO tempest.lib.common.rest_client [req-c5a61c6e-04b7-4247-b54b-529ec7f6a5e5 req-c5a61c6e-04b7-4247-b54b-529ec7f6a5e5 ] Request (FloatingIPsAssociationNegativeTestJSON:setUpClass): 200 GET http://10.180.1.21/compute/v2.1/servers/be32720d-7237-41f3-8438-4eec21659cf6 1.314s
2025-04-23 18:41:05.723 69560 INFO tempest.common.waiters [-] State transition "BUILD/networking" ==> "BUILD/spawning" after 16 second wait
2025-04-23 18:41:05.764 69536 INFO tempest.lib.common.rest_client [req-12c28043-1cb1-45e2-91fb-f924d57aceea req-12c28043-1cb1-45e2-91fb-f924d57aceea ] Request (FlavorsAccessNegativeTestJSON:tearDownClass): 204 DELETE http://10.180.1.21/identity/v3/users/3d00c87d50b948d09cf89b707d2cb709 0.130s
2025-04-23 18:41:05.764 69536 INFO tempest.lib.common.dynamic_creds [-] Deleting project and security group for project: a7cd7c7385c74fa9a545e28b5691d752
2025-04-23 18:41:05.781 69574 INFO tempest.lib.common.rest_client [req-e5689926-f62f-4a3d-9f8a-378a3b725942 req-e5689926-f62f-4a3d-9f8a-378a3b725942 ] Request (AttachInterfacesUnderV243Test:test_add_remove_fixed_ip): 200 GET http://10.180.1.21/compute/v2.1/servers/a6a64814-a8d6-4180-83e6-08a130186223 1.282s
2025-04-23 18:41:05.827 69536 INFO tempest.lib.common.rest_client [req-a9abe7d0-d7af-4a99-96c0-83777eca7c24 req-a9abe7d0-d7af-4a99-96c0-83777eca7c24 ] Request (FlavorsAccessNegativeTestJSON:tearDownClass): 201 POST http://10.180.1.21/identity/v3/auth/tokens 0.062s
2025-04-23 18:41:05.842 69550 INFO tempest.lib.common.rest_client [req-78347e48-df7a-46e3-8c0b-d706a3a84d3b req-78347e48-df7a-46e3-8c0b-d706a3a84d3b ] Request (MigrationsAdminTest:test_list_migrations_in_flavor_resize_situation): 200 GET http://10.180.1.21/compute/v2.1/servers/4e41b95c-a1c5-49b7-8a26-b6be40046a4e 1.645s
2025-04-23 18:41:05.951 69572 INFO tempest.lib.common.rest_client [req-395faf8c-103e-4898-9a24-aa730953ed38 req-395faf8c-103e-4898-9a24-aa730953ed38 ] Request (ServersAdminNegativeTestJSON:test_migrate_non_existent_server): 404 POST http://10.180.1.21/compute/v2.1/servers/b8bcf773-a096-448c-b582-99f8410db661/action 1.328s
2025-04-23 18:41:06.034 69572 INFO tempest.lib.common.rest_client [req-476d7f0d-74fd-4def-95d0-2daeaa41ab7a req-476d7f0d-74fd-4def-95d0-2daeaa41ab7a ] Request (ServersAdminNegativeTestJSON:test_migrate_server_invalid_state): 201 POST http://10.180.1.21/identity/v3/auth/tokens 0.078s
2025-04-23 18:41:06.034 69572 INFO tempest.lib.common.fixed_network [-] (ServersAdminNegativeTestJSON:test_migrate_server_invalid_state) Found network None available for tenant
2025-04-23 18:41:06.049 69578 INFO tempest.lib.common.rest_client [req-7dbea0a2-c631-424a-b432-81fa5c1f836c req-7dbea0a2-c631-424a-b432-81fa5c1f836c ] Request (VolumesAdminNegativeTest:setUpClass): 201 POST http://10.180.1.21:9696/networking/v2.0/networks 0.441s
2025-04-23 18:41:06.066 69552 INFO tempest.lib.common.rest_client [req-2ae277ee-b034-4130-8535-6c309f561eac req-2ae277ee-b034-4130-8535-6c309f561eac ] Request (VolumesAssistedSnapshotsTest:test_volume_assisted_snapshot_create_delete): 204 DELETE http://10.180.1.21/compute/v2.1/servers/97973f40-913d-4962-adab-a05953c50e57 1.450s
2025-04-23 18:41:06.068 69584 INFO tempest.lib.common.rest_client [req-36635bb4-f566-4ffe-9ed8-9f61d73848fb req-36635bb4-f566-4ffe-9ed8-9f61d73848fb ] Request (ServerAddressesTestJSON:tearDownClass): 200 GET http://10.180.1.21/compute/v2.1/servers/59eda413-c58c-49d1-9d16-81eb83418762 1.222s
