2025-04-23 18:42:42.756 69598 INFO tempest.lib.common.rest_client [req-8c1526f9-e4b2-4b9c-a5ab-6dc1dde73bfd req-8c1526f9-e4b2-4b9c-a5ab-6dc1dde73bfd ] Request (TenantUsagesTestJSON:tearDownClass): 200 GET http://10.180.1.21/compute/v2.1/servers/3906fb0a-c725-4bdb-9aef-d274c4ac709c 0.105s
2025-04-23 18:42:42.771 69586 INFO tempest.lib.common.rest_client [req-d9f1c591-cfaa-42d0-8b0b-8e6ebc155fbf req-d9f1c591-cfaa-42d0-8b0b-8e6ebc155fbf ] Request (DeleteServersTestJSON:test_delete_active_server): 200 GET http://10.180.1.21/compute/v2.1/servers/c5c17394-0a0f-41e7-b83c-595d3bd1382a 0.072s
2025-04-23 18:42:42.825 69572 INFO tempest.lib.common.rest_client [req-b9561f01-b328-47eb-94d6-f8eed80b3fe5 req-b9561f01-b328-47eb-94d6-f8eed80b3fe5 ] Request (ServersAdminNegativeTestJSON:tearDownClass): 200 GET http://10.180.1.21/compute/v2.1/servers/87ea1913-e475-40c2-bb66-8777a9fdd5c4 0.061s
2025-04-23 18:42:42.853 69566 INFO tempest.lib.common.rest_client [req-dd4eca0a-4199-45a2-bc7b-f7d3637293b7 req-dd4eca0a-4199-45a2-bc7b-f7d3637293b7 ] Request (ServerRescueTestJSON:test_rescue_unrescue_instance): 200 GET http://10.180.1.21/compute/v2.1/servers/236cb010-201d-4b20-8101-9ae1214d53da 0.103s
2025-04-23 18:42:42.869 69568 INFO tempest.lib.common.rest_client [req-70e77a23-da97-4b88-a5a7-f6da9cd124af req-70e77a23-da97-4b88-a5a7-f6da9cd124af ] Request (ServersAdminTestJSON:test_inject_network_info): 200 GET http://10.180.1.21/compute/v2.1/servers/47795e70-9159-4984-86dd-a633479c48f3 0.076s
2025-04-23 18:42:42.896 69556 WARNING tempest.lib.common.ssh [-] Failed to establish authenticated ssh connection to cirros@10.180.180.143 ([Errno None] Unable to connect to port 22 on 10.180.180.143). Number attempts: 1. Retry after 2 seconds.: paramiko.ssh_exception.NoValidConnectionsError: [Errno None] Unable to connect to port 22 on 10.180.180.143
2025-04-23 18:42:42.905 69574 INFO tempest.lib.common.rest_client [req-ba0a4c19-c756-44d2-b69b-1014055a27bb req-ba0a4c19-c756-44d2-b69b-1014055a27bb ] Request (AttachInterfacesUnderV243Test:_run_cleanups): 200 GET http://10.180.1.21/compute/v2.1/servers/a6a64814-a8d6-4180-83e6-08a130186223 0.070s
2025-04-23 18:42:43.155 69560 INFO tempest.lib.common.rest_client [req-e1d57fe4-00d6-412b-b728-00673e2208ca req-e1d57fe4-00d6-412b-b728-00673e2208ca ] Request (ImagesOneServerTestJSON:setUpClass): 200 GET http://10.180.1.21/compute/v2.1/servers/2bf536aa-c2b2-4734-80a8-539449cfa90d 0.049s
2025-04-23 18:42:43.160 69548 INFO tempest.lib.common.rest_client [req-a2c6b406-1998-476b-83c4-5207e8e47a10 req-a2c6b406-1998-476b-83c4-5207e8e47a10 ] Request (DeleteServersAdminTestJSON:test_delete_server_while_in_error_state): 200 GET http://10.180.1.21/compute/v2.1/servers/ce848aad-e8b8-4e6e-9e4c-b7c0aee4d5fd 0.059s
2025-04-23 18:42:43.223 69578 INFO tempest.lib.common.rest_client [req-5fc5c7bb-d7fc-4238-9bd7-b813aba9442c req-5fc5c7bb-d7fc-4238-9bd7-b813aba9442c ] Request (VolumesAdminNegativeTest:test_update_attached_volume_with_nonexistent_volume_in_body): 200 GET http://10.180.1.21/compute/v2.1/servers/fd2abf04-8542-4fe9-9d72-77202b316adf 0.051s
2025-04-23 18:42:43.231 69578 INFO tempest.common.waiters [-] State transition "BUILD/None" ==> "BUILD/networking" after 78 second wait
2025-04-23 18:42:43.266 69558 INFO tempest.lib.common.rest_client [req-8bf156e8-9220-4d15-be2b-4f0c738098d6 req-8bf156e8-9220-4d15-be2b-4f0c738098d6 ] Request (ServersAdmin275Test:test_rebuild_update_server_275): 200 GET http://10.180.1.21/compute/v2.1/servers/70a6297b-dd21-4f4f-b72b-656b0abe42fd 0.067s
2025-04-23 18:42:43.274 69588 INFO tempest.lib.common.rest_client [req-8fddcd7e-4a22-405a-9957-81a6b8e24180 req-8fddcd7e-4a22-405a-9957-81a6b8e24180 ] Request (ServersTestJSON:test_create_server_with_ipv6_addr_only): 200 GET http://10.180.1.21/compute/v2.1/servers/056a3b7c-e7a5-4e10-b8de-d944dbf886bd 0.049s
2025-04-23 18:42:43.327 69552 INFO tempest.lib.common.rest_client [req-3d2dde2d-8a52-4469-b476-db846c37ec4e req-3d2dde2d-8a52-4469-b476-db846c37ec4e ] Request (MultipleCreateTestJSON:test_multiple_create): 200 GET http://10.180.1.21/compute/v2.1/servers/e0c53650-bfef-4d7b-ae92-8cf3e1f66591 0.052s
2025-04-23 18:42:43.332 69562 INFO tempest.lib.common.rest_client [req-303c6d00-4865-4ad0-af40-1aba3bf7cc05 req-303c6d00-4865-4ad0-af40-1aba3bf7cc05 ] Request (AttachInterfacesV270Test:test_create_get_list_interfaces): 200 GET http://10.180.1.21/compute/v2.1/servers/ceb9cb81-06e9-49ed-b337-3b28aae0a3fa 0.059s
2025-04-23 18:42:43.406 69544 INFO tempest.lib.common.rest_client [req-b9ec0e04-e3fe-4274-baec-1edb905e1b9a req-b9ec0e04-e3fe-4274-baec-1edb905e1b9a ] Request (InstanceActionsTestJSON:tearDownClass): 200 GET http://10.180.1.21/compute/v2.1/servers/e1b54424-6d34-498e-91ce-c7ec6660011a 0.062s
2025-04-23 18:42:43.426 69546 INFO tempest.lib.common.rest_client [req-3935c7d0-5b35-4d62-85a8-373ab9ca842a req-3935c7d0-5b35-4d62-85a8-373ab9ca842a ] Request (SecurityGroupsTestJSON:test_server_security_groups): 200 GET http://10.180.1.21/compute/v2.1/servers/073db647-b69f-4675-91ec-1154ccfcff13 0.056s
2025-04-23 18:42:43.477 69584 INFO tempest.lib.common.rest_client [req-f1ef315a-475b-41e5-9100-6a08c786b790 req-f1ef315a-475b-41e5-9100-6a08c786b790 ] Request (ServerShowV247Test:test_update_rebuild_list_server): 200 GET http://10.180.1.21/compute/v2.1/servers/7a6ea806-ae3d-4abf-a03b-89e0087a2a30 0.056s
2025-04-23 18:42:43.519 69536 INFO tempest.lib.common.rest_client [req-3d105e37-3dd3-4442-876d-05317bea0e29 req-3d105e37-3dd3-4442-876d-05317bea0e29 ] Request (ListImageFiltersTestJSON:setUpClass): 200 GET http://10.180.1.21/compute/v2.1/servers/70163c15-4bdc-4898-b2b8-02dd5c0a9ba0 0.054s
2025-04-23 18:42:43.534 69538 INFO tempest.lib.common.rest_client [req-d1051f9f-43f7-48ad-83c5-619fe665a9b4 req-d1051f9f-43f7-48ad-83c5-619fe665a9b4 ] Request (ImagesOneServerNegativeTestJSON:_run_cleanups): 200 GET http://10.180.1.21/compute/v2.1/servers/a0fedd32-ed2e-4ace-9526-25f398a645cf 0.055s
2025-04-23 18:42:43.580 69594 INFO tempest.lib.common.rest_client [req-04ff262d-a54b-4655-9a42-6b9d026b1238 req-04ff262d-a54b-4655-9a42-6b9d026b1238 ] Request (ImagesTestJSON:test_create_image_from_suspended_server): 200 GET http://10.180.1.21/compute/v2.1/servers/ecb26f1d-77d3-4475-a07b-f86ded036620 0.066s
2025-04-23 18:42:43.695 69554 INFO tempest.lib.common.rest_client [req-6166feaa-209b-4bda-872a-92896d7c44a4 req-6166feaa-209b-4bda-872a-92896d7c44a4 ] Request (FloatingIPsAssociationTestJSON:tearDownClass): 200 GET http://10.180.1.21/compute/v2.1/servers/f43baed6-6386-4cab-9e4f-4dcc97eb6e87 0.069s
2025-04-23 18:42:43.753 69550 INFO tempest.lib.common.rest_client [req-da74ae20-fef0-4376-b4ba-67b281adf83b req-da74ae20-fef0-4376-b4ba-67b281adf83b ] Request (MigrationsAdminTest:test_resize_server_revert_deleted_flavor): 200 GET http://10.180.1.21/compute/v2.1/servers/136c5d15-818e-4289-8571-1ccbab5b1b3b 0.078s
2025-04-23 18:42:43.822 69540 INFO tempest.lib.common.rest_client [req-9f7760d2-ef3e-46ac-bc40-5605fb6b3e48 req-9f7760d2-ef3e-46ac-bc40-5605fb6b3e48 ] Request (ServersTestMultiNic:_run_cleanups): 200 GET http://10.180.1.21/compute/v2.1/servers/b5e4935e-86a3-40d4-870e-bcfde8ce3e75 0.089s
2025-04-23 18:42:43.825 69592 INFO tempest.lib.common.rest_client [req-9f2dea73-65fe-4f0a-8b04-0305dec3d0c7 req-9f2dea73-65fe-4f0a-8b04-0305dec3d0c7 ] Request (ServerRescueNegativeTestJSON:_run_cleanups): 200 GET http://10.180.1.21/compute/v2.1/servers/1bfb197a-067d-498f-9af3-bd6a384bd451 0.157s
2025-04-23 18:42:43.875 69598 INFO tempest.lib.common.rest_client [req-105b6c82-f057-4bf0-bc15-0945a503eccd req-105b6c82-f057-4bf0-bc15-0945a503eccd ] Request (TenantUsagesTestJSON:tearDownClass): 200 GET http://10.180.1.21/compute/v2.1/servers/3906fb0a-c725-4bdb-9aef-d274c4ac709c 0.111s
2025-04-23 18:42:43.890 69586 INFO tempest.lib.common.rest_client [req-94fc559e-5db0-470e-ac49-d31e01262419 req-94fc559e-5db0-470e-ac49-d31e01262419 ] Request (DeleteServersTestJSON:test_delete_active_server): 200 GET http://10.180.1.21/compute/v2.1/servers/c5c17394-0a0f-41e7-b83c-595d3bd1382a 0.111s
2025-04-23 18:42:43.931 69572 INFO tempest.lib.common.rest_client [req-12e7274f-e1e8-4881-b4a4-df8d5b5dbc20 req-12e7274f-e1e8-4881-b4a4-df8d5b5dbc20 ] Request (ServersAdminNegativeTestJSON:tearDownClass): 200 GET http://10.180.1.21/compute/v2.1/servers/87ea1913-e475-40c2-bb66-8777a9fdd5c4 0.093s
2025-04-23 18:42:43.976 69568 INFO tempest.lib.common.rest_client [req-f2ed91c3-ed66-442f-b13a-6a3a2f43d66b req-f2ed91c3-ed66-442f-b13a-6a3a2f43d66b ] Request (ServersAdminTestJSON:test_inject_network_info): 200 GET http://10.180.1.21/compute/v2.1/servers/47795e70-9159-4984-86dd-a633479c48f3 0.100s
2025-04-23 18:42:43.985 69566 INFO tempest.lib.common.rest_client [req-67adadf1-ead4-4e40-b92d-7c64f12ed2da req-67adadf1-ead4-4e40-b92d-7c64f12ed2da ] Request (ServerRescueTestJSON:test_rescue_unrescue_instance): 200 GET http://10.180.1.21/compute/v2.1/servers/236cb010-201d-4b20-8101-9ae1214d53da 0.125s
2025-04-23 18:42:44.037 69574 INFO tempest.lib.common.rest_client [req-3dac277c-cd0a-4c2b-818e-6af267d2b713 req-3dac277c-cd0a-4c2b-818e-6af267d2b713 ] Request (AttachInterfacesUnderV243Test:_run_cleanups): 200 GET http://10.180.1.21/compute/v2.1/servers/a6a64814-a8d6-4180-83e6-08a130186223 0.125s
2025-04-23 18:42:44.219 69560 INFO tempest.lib.common.rest_client [req-f3682423-29c8-4248-b8de-56da435eeadf req-f3682423-29c8-4248-b8de-56da435eeadf ] Request (ImagesOneServerTestJSON:setUpClass): 200 GET http://10.180.1.21/compute/v2.1/servers/2bf536aa-c2b2-4734-80a8-539449cfa90d 0.056s
2025-04-23 18:42:44.228 69548 INFO tempest.lib.common.rest_client [req-35e4fba3-eb64-482d-9043-12dd163bc531 req-35e4fba3-eb64-482d-9043-12dd163bc531 ] Request (DeleteServersAdminTestJSON:test_delete_server_while_in_error_state): 200 GET http://10.180.1.21/compute/v2.1/servers/ce848aad-e8b8-4e6e-9e4c-b7c0aee4d5fd 0.060s
2025-04-23 18:42:44.341 69558 INFO tempest.lib.common.rest_client [req-62b2e346-b2d2-4e99-9c66-9da7fb694785 req-62b2e346-b2d2-4e99-9c66-9da7fb694785 ] Request (ServersAdmin275Test:test_rebuild_update_server_275): 200 GET http://10.180.1.21/compute/v2.1/servers/70a6297b-dd21-4f4f-b72b-656b0abe42fd 0.064s
2025-04-23 18:42:44.351 69578 INFO tempest.lib.common.rest_client [req-f56d2291-2a13-4ce7-89d9-068d065cdd98 req-f56d2291-2a13-4ce7-89d9-068d065cdd98 ] Request (VolumesAdminNegativeTest:test_update_attached_volume_with_nonexistent_volume_in_body): 200 GET http://10.180.1.21/compute/v2.1/servers/fd2abf04-8542-4fe9-9d72-77202b316adf 0.119s
2025-04-23 18:42:44.359 69578 INFO tempest.common.waiters [-] State transition "BUILD/networking" ==> "BUILD/spawning" after 79 second wait
2025-04-23 18:42:44.395 69588 INFO tempest.lib.common.rest_client [req-0fd19966-1357-4563-a31a-e5159c02f74b req-0fd19966-1357-4563-a31a-e5159c02f74b ] Request (ServersTestJSON:test_create_server_with_ipv6_addr_only): 200 GET http://10.180.1.21/compute/v2.1/servers/056a3b7c-e7a5-4e10-b8de-d944dbf886bd 0.111s
2025-04-23 18:42:44.405 69552 INFO tempest.lib.common.rest_client [req-14fc07e6-5d83-45b5-a308-8bee5ce37e5f req-14fc07e6-5d83-45b5-a308-8bee5ce37e5f ] Request (MultipleCreateTestJSON:test_multiple_create): 200 GET http://10.180.1.21/compute/v2.1/servers/e0c53650-bfef-4d7b-ae92-8cf3e1f66591 0.070s
2025-04-23 18:42:44.414 69576 WARNING tempest.lib.common.ssh [-] Failed to establish authenticated ssh connection to cirros@10.180.180.194 ([Errno None] Unable to connect to port 22 on 10.180.180.194). Number attempts: 6. Retry after 7 seconds.: paramiko.ssh_exception.NoValidConnectionsError: [Errno None] Unable to connect to port 22 on 10.180.180.194
2025-04-23 18:42:44.449 69562 INFO tempest.lib.common.rest_client [req-e151b02d-409b-415e-821d-2e3b2c814b2a req-e151b02d-409b-415e-821d-2e3b2c814b2a ] Request (AttachInterfacesV270Test:test_create_get_list_interfaces): 200 GET http://10.180.1.21/compute/v2.1/servers/ceb9cb81-06e9-49ed-b337-3b28aae0a3fa 0.107s
2025-04-23 18:42:44.472 69544 INFO tempest.lib.common.rest_client [req-cc86f8d5-09b8-4748-ae53-8bcf47321968 req-cc86f8d5-09b8-4748-ae53-8bcf47321968 ] Request (InstanceActionsTestJSON:tearDownClass): 200 GET http://10.180.1.21/compute/v2.1/servers/e1b54424-6d34-498e-91ce-c7ec6660011a 0.057s
2025-04-23 18:42:44.493 69546 INFO tempest.lib.common.rest_client [req-06c20270-dba9-4c3a-b418-429eda7c51c1 req-06c20270-dba9-4c3a-b418-429eda7c51c1 ] Request (SecurityGroupsTestJSON:test_server_security_groups): 200 GET http://10.180.1.21/compute/v2.1/servers/073db647-b69f-4675-91ec-1154ccfcff13 0.059s
2025-04-23 18:42:44.534 69584 INFO tempest.lib.common.rest_client [req-1e627a56-b3ac-4dac-b95b-5e95dbb3b754 req-1e627a56-b3ac-4dac-b95b-5e95dbb3b754 ] Request (ServerShowV247Test:test_update_rebuild_list_server): 200 GET http://10.180.1.21/compute/v2.1/servers/7a6ea806-ae3d-4abf-a03b-89e0087a2a30 0.048s
2025-04-23 18:42:44.573 69536 INFO tempest.lib.common.rest_client [req-57aad4a1-658e-4d7e-ab5a-c8286bc36270 req-57aad4a1-658e-4d7e-ab5a-c8286bc36270 ] Request (ListImageFiltersTestJSON:setUpClass): 200 GET http://10.180.1.21/compute/v2.1/servers/70163c15-4bdc-4898-b2b8-02dd5c0a9ba0 0.046s
2025-04-23 18:42:44.591 69538 INFO tempest.lib.common.rest_client [req-fff55363-61ae-40d7-b0ea-a7e62c3b0537 req-fff55363-61ae-40d7-b0ea-a7e62c3b0537 ] Request (ImagesOneServerNegativeTestJSON:_run_cleanups): 200 GET http://10.180.1.21/compute/v2.1/servers/a0fedd32-ed2e-4ace-9526-25f398a645cf 0.045s
2025-04-23 18:42:44.635 69594 INFO tempest.lib.common.rest_client [req-b10382e4-be88-4871-aa59-c667d0963758 req-b10382e4-be88-4871-aa59-c667d0963758 ] Request (ImagesTestJSON:test_create_image_from_suspended_server): 200 GET http://10.180.1.21/compute/v2.1/servers/ecb26f1d-77d3-4475-a07b-f86ded036620 0.043s
2025-04-23 18:42:44.767 69554 INFO tempest.lib.common.rest_client [req-63dd7737-f0a1-4b1f-a91a-9140f30e45c7 req-63dd7737-f0a1-4b1f-a91a-9140f30e45c7 ] Request (FloatingIPsAssociationTestJSON:tearDownClass): 200 GET http://10.180.1.21/compute/v2.1/servers/f43baed6-6386-4cab-9e4f-4dcc97eb6e87 0.061s
2025-04-23 18:42:44.810 69550 INFO tempest.lib.common.rest_client [req-90e73bf2-3fff-4cc7-98df-efa24e90c0d8 req-90e73bf2-3fff-4cc7-98df-efa24e90c0d8 ] Request (MigrationsAdminTest:test_resize_server_revert_deleted_flavor): 200 GET http://10.180.1.21/compute/v2.1/servers/136c5d15-818e-4289-8571-1ccbab5b1b3b 0.048s
2025-04-23 18:42:44.886 69540 INFO tempest.lib.common.rest_client [req-a1db414b-a22f-4487-ab91-fd0b6bba17ca req-a1db414b-a22f-4487-ab91-fd0b6bba17ca ] Request (ServersTestMultiNic:_run_cleanups): 200 GET http://10.180.1.21/compute/v2.1/servers/b5e4935e-86a3-40d4-870e-bcfde8ce3e75 0.055s
2025-04-23 18:42:44.936 69598 INFO tempest.lib.common.rest_client [req-67254d40-9834-4c17-883a-532ba97fd7d3 req-67254d40-9834-4c17-883a-532ba97fd7d3 ] Request (TenantUsagesTestJSON:tearDownClass): 200 GET http://10.180.1.21/compute/v2.1/servers/3906fb0a-c725-4bdb-9aef-d274c4ac709c 0.048s
2025-04-23 18:42:44.981 69586 INFO tempest.lib.common.rest_client [req-fdde28f8-1b34-40ed-af68-e6d306b0de7b req-fdde28f8-1b34-40ed-af68-e6d306b0de7b ] Request (DeleteServersTestJSON:test_delete_active_server): 200 GET http://10.180.1.21/compute/v2.1/servers/c5c17394-0a0f-41e7-b83c-595d3bd1382a 0.081s
2025-04-23 18:42:44.988 69592 INFO tempest.lib.common.rest_client [req-ec8d3475-223a-437f-8ea9-245a5423a953 req-ec8d3475-223a-437f-8ea9-245a5423a953 ] Request (ServerRescueNegativeTestJSON:_run_cleanups): 200 GET http://10.180.1.21/compute/v2.1/servers/1bfb197a-067d-498f-9af3-bd6a384bd451 0.152s
2025-04-23 18:42:45.036 69572 INFO tempest.lib.common.rest_client [req-5ecf04ba-b197-475c-97c0-8efb52368600 req-5ecf04ba-b197-475c-97c0-8efb52368600 ] Request (ServersAdminNegativeTestJSON:tearDownClass): 200 GET http://10.180.1.21/compute/v2.1/servers/87ea1913-e475-40c2-bb66-8777a9fdd5c4 0.096s
2025-04-23 18:42:45.040 69568 INFO tempest.lib.common.rest_client [req-ab89cf7a-b3b8-4130-a2d6-9accea6dca12 req-ab89cf7a-b3b8-4130-a2d6-9accea6dca12 ] Request (ServersAdminTestJSON:test_inject_network_info): 200 GET http://10.180.1.21/compute/v2.1/servers/47795e70-9159-4984-86dd-a633479c48f3 0.054s
2025-04-23 18:42:45.101 69574 INFO tempest.lib.common.rest_client [req-638bc095-21fd-46c6-b284-b106da54b364 req-638bc095-21fd-46c6-b284-b106da54b364 ] Request (AttachInterfacesUnderV243Test:_run_cleanups): 200 GET http://10.180.1.21/compute/v2.1/servers/a6a64814-a8d6-4180-83e6-08a130186223 0.057s
2025-04-23 18:42:45.142 69566 INFO tempest.lib.common.rest_client [req-f02e3984-4d94-44ef-8302-a3ef629b9d48 req-f02e3984-4d94-44ef-8302-a3ef629b9d48 ] Request (ServerRescueTestJSON:test_rescue_unrescue_instance): 200 GET http://10.180.1.21/compute/v2.1/servers/236cb010-201d-4b20-8101-9ae1214d53da 0.148s
2025-04-23 18:42:45.284 69560 INFO tempest.lib.common.rest_client [req-1baff6c8-7959-420e-bf22-bbfe13826f90 req-1baff6c8-7959-420e-bf22-bbfe13826f90 ] Request (ImagesOneServerTestJSON:setUpClass): 200 GET http://10.180.1.21/compute/v2.1/servers/2bf536aa-c2b2-4734-80a8-539449cfa90d 0.053s
2025-04-23 18:42:45.298 69548 INFO tempest.lib.common.rest_client [req-03daa0d2-ce87-4e97-9ad9-55a26067b815 req-03daa0d2-ce87-4e97-9ad9-55a26067b815 ] Request (DeleteServersAdminTestJSON:test_delete_server_while_in_error_state): 200 GET http://10.180.1.21/compute/v2.1/servers/ce848aad-e8b8-4e6e-9e4c-b7c0aee4d5fd 0.061s
2025-04-23 18:42:45.413 69558 INFO tempest.lib.common.rest_client [req-a270845e-f5d0-45f6-8b95-d75e319d87ad req-a270845e-f5d0-45f6-8b95-d75e319d87ad ] Request (ServersAdmin275Test:test_rebuild_update_server_275): 200 GET http://10.180.1.21/compute/v2.1/servers/70a6297b-dd21-4f4f-b72b-656b0abe42fd 0.061s
2025-04-23 18:42:45.462 69588 INFO tempest.lib.common.rest_client [req-2633d511-082c-4a26-9d05-5b8c5c961f1b req-2633d511-082c-4a26-9d05-5b8c5c961f1b ] Request (ServersTestJSON:test_create_server_with_ipv6_addr_only): 200 GET http://10.180.1.21/compute/v2.1/servers/056a3b7c-e7a5-4e10-b8de-d944dbf886bd 0.059s
2025-04-23 18:42:45.477 69578 INFO tempest.lib.common.rest_client [req-3c5f4593-de4e-45e2-a390-5c96ad465f3d req-3c5f4593-de4e-45e2-a390-5c96ad465f3d ] Request (VolumesAdminNegativeTest:test_update_attached_volume_with_nonexistent_volume_in_body): 200 GET http://10.180.1.21/compute/v2.1/servers/fd2abf04-8542-4fe9-9d72-77202b316adf 0.116s
2025-04-23 18:42:45.506 69552 INFO tempest.lib.common.rest_client [req-0acc019e-9bdc-4264-8106-3879de48297e req-0acc019e-9bdc-4264-8106-3879de48297e ] Request (MultipleCreateTestJSON:test_multiple_create): 200 GET http://10.180.1.21/compute/v2.1/servers/e0c53650-bfef-4d7b-ae92-8cf3e1f66591 0.093s
2025-04-23 18:42:45.522 69562 INFO tempest.lib.common.rest_client [req-57fd1fa9-e592-4d00-a41f-7b8e2b14b0a2 req-57fd1fa9-e592-4d00-a41f-7b8e2b14b0a2 ] Request (AttachInterfacesV270Test:test_create_get_list_interfaces): 200 GET http://10.180.1.21/compute/v2.1/servers/ceb9cb81-06e9-49ed-b337-3b28aae0a3fa 0.062s
2025-04-23 18:42:45.562 69544 INFO tempest.lib.common.rest_client [req-dd3df3c1-132a-48b4-943c-6dabe5b287f0 req-dd3df3c1-132a-48b4-943c-6dabe5b287f0 ] Request (InstanceActionsTestJSON:tearDownClass): 200 GET http://10.180.1.21/compute/v2.1/servers/e1b54424-6d34-498e-91ce-c7ec6660011a 0.082s
2025-04-23 18:42:45.607 69584 INFO tempest.lib.common.rest_client [req-ca1cacc9-e9ca-48d7-80b6-232fde64518b req-ca1cacc9-e9ca-48d7-80b6-232fde64518b ] Request (ServerShowV247Test:test_update_rebuild_list_server): 200 GET http://10.180.1.21/compute/v2.1/servers/7a6ea806-ae3d-4abf-a03b-89e0087a2a30 0.063s
2025-04-23 18:42:45.651 69536 INFO tempest.lib.common.rest_client [req-6bbca37d-a902-4bce-9866-65b3d55eb18e req-6bbca37d-a902-4bce-9866-65b3d55eb18e ] Request (ListImageFiltersTestJSON:setUpClass): 200 GET http://10.180.1.21/compute/v2.1/servers/70163c15-4bdc-4898-b2b8-02dd5c0a9ba0 0.071s
2025-04-23 18:42:45.694 69538 INFO tempest.lib.common.rest_client [req-8a92d3d2-b123-4ca3-96cc-5f500661da4b req-8a92d3d2-b123-4ca3-96cc-5f500661da4b ] Request (ImagesOneServerNegativeTestJSON:_run_cleanups): 200 GET http://10.180.1.21/compute/v2.1/servers/a0fedd32-ed2e-4ace-9526-25f398a645cf 0.095s
2025-04-23 18:42:45.743 69594 INFO tempest.lib.common.rest_client [req-7e985c8c-474b-41bf-966a-ad209e46b253 req-7e985c8c-474b-41bf-966a-ad209e46b253 ] Request (ImagesTestJSON:test_create_image_from_suspended_server): 200 GET http://10.180.1.21/compute/v2.1/servers/ecb26f1d-77d3-4475-a07b-f86ded036620 0.100s
2025-04-23 18:42:45.813 69546 INFO tempest.lib.common.rest_client [req-1bfa38a7-492c-468c-91ce-bddefad0a366 req-1bfa38a7-492c-468c-91ce-bddefad0a366 ] Request (SecurityGroupsTestJSON:test_server_security_groups): 200 GET http://10.180.1.21/compute/v2.1/servers/073db647-b69f-4675-91ec-1154ccfcff13 0.312s
2025-04-23 18:42:45.840 69554 INFO tempest.lib.common.rest_client [req-13d04a67-fe51-407e-9c86-2d537e83f601 req-13d04a67-fe51-407e-9c86-2d537e83f601 ] Request (FloatingIPsAssociationTestJSON:tearDownClass): 200 GET http://10.180.1.21/compute/v2.1/servers/f43baed6-6386-4cab-9e4f-4dcc97eb6e87 0.065s
2025-04-23 18:42:45.870 69550 INFO tempest.lib.common.rest_client [req-d19a3927-db44-442d-bb87-dc6c067e1088 req-d19a3927-db44-442d-bb87-dc6c067e1088 ] Request (MigrationsAdminTest:test_resize_server_revert_deleted_flavor): 200 GET http://10.180.1.21/compute/v2.1/servers/136c5d15-818e-4289-8571-1ccbab5b1b3b 0.052s
2025-04-23 18:42:45.956 69540 INFO tempest.lib.common.rest_client [req-ca97acd9-dd49-45e8-8e61-43ccc47f5d2a req-ca97acd9-dd49-45e8-8e61-43ccc47f5d2a ] Request (ServersTestMultiNic:_run_cleanups): 200 GET http://10.180.1.21/compute/v2.1/servers/b5e4935e-86a3-40d4-870e-bcfde8ce3e75 0.063s
2025-04-23 18:42:45.968 69556 WARNING tempest.lib.common.ssh [-] Failed to establish authenticated ssh connection to cirros@10.180.180.143 ([Errno None] Unable to connect to port 22 on 10.180.180.143). Number attempts: 2. Retry after 3 seconds.: paramiko.ssh_exception.NoValidConnectionsError: [Errno None] Unable to connect to port 22 on 10.180.180.143
2025-04-23 18:42:46.005 69598 INFO tempest.lib.common.rest_client [req-e8e031ac-8372-40e0-b73d-81a01fa7e888 req-e8e031ac-8372-40e0-b73d-81a01fa7e888 ] Request (TenantUsagesTestJSON:tearDownClass): 200 GET http://10.180.1.21/compute/v2.1/servers/3906fb0a-c725-4bdb-9aef-d274c4ac709c 0.061s
2025-04-23 18:42:46.012 69598 INFO tempest.common.waiters [-] State transition "ACTIVE/deleting" ==> "DELETED/None" after 5 second wait
2025-04-23 18:42:46.039 69586 INFO tempest.lib.common.rest_client [req-e6a1462e-0811-4104-8a94-ad3b455e04b7 req-e6a1462e-0811-4104-8a94-ad3b455e04b7 ] Request (DeleteServersTestJSON:test_delete_active_server): 200 GET http://10.180.1.21/compute/v2.1/servers/c5c17394-0a0f-41e7-b83c-595d3bd1382a 0.050s
2025-04-23 18:42:46.099 69572 INFO tempest.lib.common.rest_client [req-71429a17-6b47-4bbc-83a3-bf5b60272315 req-71429a17-6b47-4bbc-83a3-bf5b60272315 ] Request (ServersAdminNegativeTestJSON:tearDownClass): 200 GET http://10.180.1.21/compute/v2.1/servers/87ea1913-e475-40c2-bb66-8777a9fdd5c4 0.056s
2025-04-23 18:42:46.127 69592 INFO tempest.lib.common.rest_client [req-f48c5f28-bf36-4410-baa9-5a9294950e48 req-f48c5f28-bf36-4410-baa9-5a9294950e48 ] Request (ServerRescueNegativeTestJSON:_run_cleanups): 200 GET http://10.180.1.21/compute/v2.1/servers/1bfb197a-067d-498f-9af3-bd6a384bd451 0.131s
2025-04-23 18:42:46.134 69592 INFO tempest.common.waiters [-] State transition "RESCUE/unrescuing" ==> "ACTIVE/None" after 5 second wait
2025-04-23 18:42:46.152 69568 INFO tempest.lib.common.rest_client [req-8573c80b-747d-4d50-9caa-4ed6026f3c0e req-8573c80b-747d-4d50-9caa-4ed6026f3c0e ] Request (ServersAdminTestJSON:test_inject_network_info): 200 GET http://10.180.1.21/compute/v2.1/servers/47795e70-9159-4984-86dd-a633479c48f3 0.105s
2025-04-23 18:42:46.182 69574 INFO tempest.lib.common.rest_client [req-6e6960d8-d994-40ef-97f0-961eadbe225a req-6e6960d8-d994-40ef-97f0-961eadbe225a ] Request (AttachInterfacesUnderV243Test:_run_cleanups): 200 GET http://10.180.1.21/compute/v2.1/servers/a6a64814-a8d6-4180-83e6-08a130186223 0.072s
2025-04-23 18:42:46.271 69592 INFO tempest.lib.common.rest_client [req-48a3ea6d-76ff-41a2-a1d9-863433dd661d req-48a3ea6d-76ff-41a2-a1d9-863433dd661d ] Request (ServerRescueNegativeTestJSON:test_rescued_vm_detach_volume): 202 POST http://10.180.1.21/volume/v3/volumes 0.136s
2025-04-23 18:42:46.307 69592 INFO tempest.lib.common.rest_client [req-15d74c51-e0b9-459b-ba89-9f598a8a5f08 req-15d74c51-e0b9-459b-ba89-9f598a8a5f08 ] Request (ServerRescueNegativeTestJSON:test_rescued_vm_detach_volume): 200 GET http://10.180.1.21/volume/v3/volumes/3156e3ce-5839-4c3c-8a2f-118a5cc562b5 0.030s
2025-04-23 18:42:46.331 69566 INFO tempest.lib.common.rest_client [req-17e9380d-6f15-4f91-a03f-3c6694fcdc4f req-17e9380d-6f15-4f91-a03f-3c6694fcdc4f ] Request (ServerRescueTestJSON:test_rescue_unrescue_instance): 200 GET http://10.180.1.21/compute/v2.1/servers/236cb010-201d-4b20-8101-9ae1214d53da 0.182s
2025-04-23 18:42:46.355 69560 INFO tempest.lib.common.rest_client [req-99d54b40-96eb-4187-afb6-aaa1d121babc req-99d54b40-96eb-4187-afb6-aaa1d121babc ] Request (ImagesOneServerTestJSON:setUpClass): 200 GET http://10.180.1.21/compute/v2.1/servers/2bf536aa-c2b2-4734-80a8-539449cfa90d 0.063s
2025-04-23 18:42:46.402 69548 INFO tempest.lib.common.rest_client [req-f14dc355-bff3-459d-9ab5-0057332b6935 req-f14dc355-bff3-459d-9ab5-0057332b6935 ] Request (DeleteServersAdminTestJSON:test_delete_server_while_in_error_state): 200 GET http://10.180.1.21/compute/v2.1/servers/ce848aad-e8b8-4e6e-9e4c-b7c0aee4d5fd 0.097s
2025-04-23 18:42:46.478 69558 INFO tempest.lib.common.rest_client [req-9eeed819-abae-4b9e-b33c-4f3af0648dd6 req-9eeed819-abae-4b9e-b33c-4f3af0648dd6 ] Request (ServersAdmin275Test:test_rebuild_update_server_275): 200 GET http://10.180.1.21/compute/v2.1/servers/70a6297b-dd21-4f4f-b72b-656b0abe42fd 0.055s
2025-04-23 18:42:46.487 69558 INFO tempest.common.waiters [-] State transition "BUILD/None" ==> "BUILD/networking" after 78 second wait
2025-04-23 18:42:46.520 69588 INFO tempest.lib.common.rest_client [req-ae2a2090-f84e-48dc-b7ef-c5bcf30a6a89 req-ae2a2090-f84e-48dc-b7ef-c5bcf30a6a89 ] Request (ServersTestJSON:test_create_server_with_ipv6_addr_only): 200 GET http://10.180.1.21/compute/v2.1/servers/056a3b7c-e7a5-4e10-b8de-d944dbf886bd 0.050s
2025-04-23 18:42:46.565 69552 INFO tempest.lib.common.rest_client [req-366c1bec-bb44-4685-bd5a-28187670ca4c req-366c1bec-bb44-4685-bd5a-28187670ca4c ] Request (MultipleCreateTestJSON:test_multiple_create): 200 GET http://10.180.1.21/compute/v2.1/servers/e0c53650-bfef-4d7b-ae92-8cf3e1f66591 0.051s
2025-04-23 18:42:46.573 69578 INFO tempest.lib.common.rest_client [req-331c9175-c00f-4ab7-b26a-1501ca40fc28 req-331c9175-c00f-4ab7-b26a-1501ca40fc28 ] Request (VolumesAdminNegativeTest:test_update_attached_volume_with_nonexistent_volume_in_body): 200 GET http://10.180.1.21/compute/v2.1/servers/fd2abf04-8542-4fe9-9d72-77202b316adf 0.088s
2025-04-23 18:42:46.612 69562 INFO tempest.lib.common.rest_client [req-60762e63-9ace-4686-b0a2-01559c93e310 req-60762e63-9ace-4686-b0a2-01559c93e310 ] Request (AttachInterfacesV270Test:test_create_get_list_interfaces): 200 GET http://10.180.1.21/compute/v2.1/servers/ceb9cb81-06e9-49ed-b337-3b28aae0a3fa 0.080s
2025-04-23 18:42:46.624 69544 INFO tempest.lib.common.rest_client [req-4caa1e1d-205d-42bc-b1a8-0334a205865d req-4caa1e1d-205d-42bc-b1a8-0334a205865d ] Request (InstanceActionsTestJSON:tearDownClass): 200 GET http://10.180.1.21/compute/v2.1/servers/e1b54424-6d34-498e-91ce-c7ec6660011a 0.050s
2025-04-23 18:42:46.665 69584 INFO tempest.lib.common.rest_client [req-dc084991-70ff-4b9b-b369-a68b7b357ac5 req-dc084991-70ff-4b9b-b369-a68b7b357ac5 ] Request (ServerShowV247Test:test_update_rebuild_list_server): 200 GET http://10.180.1.21/compute/v2.1/servers/7a6ea806-ae3d-4abf-a03b-89e0087a2a30 0.048s
2025-04-23 18:42:46.703 69536 INFO tempest.lib.common.rest_client [req-28df9a5b-11e5-4ddc-ba68-12c9d291eaf2 req-28df9a5b-11e5-4ddc-ba68-12c9d291eaf2 ] Request (ListImageFiltersTestJSON:setUpClass): 200 GET http://10.180.1.21/compute/v2.1/servers/70163c15-4bdc-4898-b2b8-02dd5c0a9ba0 0.045s
2025-04-23 18:42:46.749 69538 INFO tempest.lib.common.rest_client [req-f744f3fc-063f-454e-8348-69446b661891 req-f744f3fc-063f-454e-8348-69446b661891 ] Request (ImagesOneServerNegativeTestJSON:_run_cleanups): 200 GET http://10.180.1.21/compute/v2.1/servers/a0fedd32-ed2e-4ace-9526-25f398a645cf 0.046s
2025-04-23 18:42:46.803 69594 INFO tempest.lib.common.rest_client [req-bfd1c020-a085-460e-aed3-4c4d727d0d7b req-bfd1c020-a085-460e-aed3-4c4d727d0d7b ] Request (ImagesTestJSON:test_create_image_from_suspended_server): 200 GET http://10.180.1.21/compute/v2.1/servers/ecb26f1d-77d3-4475-a07b-f86ded036620 0.052s
2025-04-23 18:42:46.872 69546 INFO tempest.lib.common.rest_client [req-06d05e5a-9837-4839-8c0c-eac2eb308b75 req-06d05e5a-9837-4839-8c0c-eac2eb308b75 ] Request (SecurityGroupsTestJSON:test_server_security_groups): 200 GET http://10.180.1.21/compute/v2.1/servers/073db647-b69f-4675-91ec-1154ccfcff13 0.051s
2025-04-23 18:42:46.914 69554 INFO tempest.lib.common.rest_client [req-f0d7d304-23af-4ee7-9f52-54a8a13feb0c req-f0d7d304-23af-4ee7-9f52-54a8a13feb0c ] Request (FloatingIPsAssociationTestJSON:tearDownClass): 200 GET http://10.180.1.21/compute/v2.1/servers/f43baed6-6386-4cab-9e4f-4dcc97eb6e87 0.065s
2025-04-23 18:42:46.929 69550 INFO tempest.lib.common.rest_client [req-502434de-a4e9-4837-a4e8-ed62423b7a33 req-502434de-a4e9-4837-a4e8-ed62423b7a33 ] Request (MigrationsAdminTest:test_resize_server_revert_deleted_flavor): 200 GET http://10.180.1.21/compute/v2.1/servers/136c5d15-818e-4289-8571-1ccbab5b1b3b 0.051s
2025-04-23 18:42:47.018 69540 INFO tempest.lib.common.rest_client [req-7a237ea0-9506-4086-9966-80bf9cce013e req-7a237ea0-9506-4086-9966-80bf9cce013e ] Request (ServersTestMultiNic:_run_cleanups): 200 GET http://10.180.1.21/compute/v2.1/servers/b5e4935e-86a3-40d4-870e-bcfde8ce3e75 0.054s
2025-04-23 18:42:47.067 69598 INFO tempest.lib.common.rest_client [req-1874161a-333a-40f7-8464-9a0c0e6841ee req-1874161a-333a-40f7-8464-9a0c0e6841ee ] Request (TenantUsagesTestJSON:tearDownClass): 200 GET http://10.180.1.21/compute/v2.1/servers/3906fb0a-c725-4bdb-9aef-d274c4ac709c 0.054s
2025-04-23 18:42:47.095 69586 INFO tempest.lib.common.rest_client [req-89c685dd-68eb-452b-8d1d-c14b55e10c4a req-89c685dd-68eb-452b-8d1d-c14b55e10c4a ] Request (DeleteServersTestJSON:test_delete_active_server): 200 GET http://10.180.1.21/compute/v2.1/servers/c5c17394-0a0f-41e7-b83c-595d3bd1382a 0.049s
2025-04-23 18:42:47.164 69572 INFO tempest.lib.common.rest_client [req-033bacd6-e1ac-42db-a315-038f982ff26d req-033bacd6-e1ac-42db-a315-038f982ff26d ] Request (ServersAdminNegativeTestJSON:tearDownClass): 200 GET http://10.180.1.21/compute/v2.1/servers/87ea1913-e475-40c2-bb66-8777a9fdd5c4 0.057s
2025-04-23 18:42:47.205 69568 INFO tempest.lib.common.rest_client [req-ded3fdbe-f514-457a-9f77-8b3a096e2614 req-ded3fdbe-f514-457a-9f77-8b3a096e2614 ] Request (ServersAdminTestJSON:test_inject_network_info): 200 GET http://10.180.1.21/compute/v2.1/servers/47795e70-9159-4984-86dd-a633479c48f3 0.046s
2025-04-23 18:42:47.247 69574 INFO tempest.lib.common.rest_client [req-fbbadd7b-2a46-4083-bc4d-00b01002eec6 req-fbbadd7b-2a46-4083-bc4d-00b01002eec6 ] Request (AttachInterfacesUnderV243Test:_run_cleanups): 200 GET http://10.180.1.21/compute/v2.1/servers/a6a64814-a8d6-4180-83e6-08a130186223 0.057s
2025-04-23 18:42:47.340 69592 INFO tempest.lib.common.rest_client [req-e7a48347-b48f-4b35-a255-de554939b1bc req-e7a48347-b48f-4b35-a255-de554939b1bc ] Request (ServerRescueNegativeTestJSON:test_rescued_vm_detach_volume): 200 GET http://10.180.1.21/volume/v3/volumes/3156e3ce-5839-4c3c-8a2f-118a5cc562b5 0.025s
2025-04-23 18:42:47.346 69592 INFO tempest.common.waiters [-] volume 3156e3ce-5839-4c3c-8a2f-118a5cc562b5 reached available after waiting for 1.346880 seconds
2025-04-23 18:42:47.405 69592 INFO tempest.lib.common.rest_client [req-fc7df4f5-04e9-4526-916b-3574a7bdc52c req-fc7df4f5-04e9-4526-916b-3574a7bdc52c ] Request (ServerRescueNegativeTestJSON:test_rescued_vm_detach_volume): 200 POST http://10.180.1.21/compute/v2.1/os-keypairs 0.057s
2025-04-23 18:42:47.447 69566 INFO tempest.lib.common.rest_client [req-8cfc96ef-34e3-42c8-8bee-e9f7bf9029c8 req-8cfc96ef-34e3-42c8-8bee-e9f7bf9029c8 ] Request (ServerRescueTestJSON:test_rescue_unrescue_instance): 200 GET http://10.180.1.21/compute/v2.1/servers/236cb010-201d-4b20-8101-9ae1214d53da 0.103s
2025-04-23 18:42:47.465 69560 INFO tempest.lib.common.rest_client [req-90d78a93-b3ab-48e7-b03b-e648188cd03b req-90d78a93-b3ab-48e7-b03b-e648188cd03b ] Request (ImagesOneServerTestJSON:setUpClass): 200 GET http://10.180.1.21/compute/v2.1/servers/2bf536aa-c2b2-4734-80a8-539449cfa90d 0.100s
2025-04-23 18:42:47.502 69548 INFO tempest.lib.common.rest_client [req-ae272267-639d-4b3b-8183-8a85ea816987 req-ae272267-639d-4b3b-8183-8a85ea816987 ] Request (DeleteServersAdminTestJSON:test_delete_server_while_in_error_state): 200 GET http://10.180.1.21/compute/v2.1/servers/ce848aad-e8b8-4e6e-9e4c-b7c0aee4d5fd 0.092s
2025-04-23 18:42:47.525 69592 INFO tempest.lib.common.rest_client [req-adf20543-d37a-47b0-b497-def58ba6f514 req-adf20543-d37a-47b0-b497-def58ba6f514 ] Request (ServerRescueNegativeTestJSON:test_rescued_vm_detach_volume): 201 POST http://10.180.1.21:9696/networking/v2.0/security-groups 0.118s
2025-04-23 18:42:47.556 69558 INFO tempest.lib.common.rest_client [req-5f4e8a46-82c2-4f54-a4df-24387b4f1b5a req-5f4e8a46-82c2-4f54-a4df-24387b4f1b5a ] Request (ServersAdmin275Test:test_rebuild_update_server_275): 200 GET http://10.180.1.21/compute/v2.1/servers/70a6297b-dd21-4f4f-b72b-656b0abe42fd 0.068s
2025-04-23 18:42:47.567 69558 INFO tempest.common.waiters [-] State transition "BUILD/networking" ==> "BUILD/spawning" after 79 second wait
2025-04-23 18:42:47.589 69588 INFO tempest.lib.common.rest_client [req-a00f9c2a-1f03-4eb5-b36e-23ad470b5b3d req-a00f9c2a-1f03-4eb5-b36e-23ad470b5b3d ] Request (ServersTestJSON:test_create_server_with_ipv6_addr_only): 200 GET http://10.180.1.21/compute/v2.1/servers/056a3b7c-e7a5-4e10-b8de-d944dbf886bd 0.060s
2025-04-23 18:42:47.635 69552 INFO tempest.lib.common.rest_client [req-b35ef5d5-9020-465f-b45b-369245455680 req-b35ef5d5-9020-465f-b45b-369245455680 ] Request (MultipleCreateTestJSON:test_multiple_create): 200 GET http://10.180.1.21/compute/v2.1/servers/e0c53650-bfef-4d7b-ae92-8cf3e1f66591 0.061s
2025-04-23 18:42:47.644 69592 INFO tempest.lib.common.rest_client [req-bb0b2b16-1aea-4740-a16d-f420d3f1f613 req-bb0b2b16-1aea-4740-a16d-f420d3f1f613 ] Request (ServerRescueNegativeTestJSON:test_rescued_vm_detach_volume): 201 POST http://10.180.1.21:9696/networking/v2.0/security-group-rules 0.119s
2025-04-23 18:42:47.694 69578 INFO tempest.lib.common.rest_client [req-54f847df-a0dc-49e3-a52b-967120559888 req-54f847df-a0dc-49e3-a52b-967120559888 ] Request (VolumesAdminNegativeTest:test_update_attached_volume_with_nonexistent_volume_in_body): 200 GET http://10.180.1.21/compute/v2.1/servers/fd2abf04-8542-4fe9-9d72-77202b316adf 0.112s
2025-04-23 18:42:47.698 69562 INFO tempest.lib.common.rest_client [req-cd257f8a-b887-4763-8666-752e1630d26f req-cd257f8a-b887-4763-8666-752e1630d26f ] Request (AttachInterfacesV270Test:test_create_get_list_interfaces): 200 GET http://10.180.1.21/compute/v2.1/servers/ceb9cb81-06e9-49ed-b337-3b28aae0a3fa 0.077s
2025-04-23 18:42:47.755 69584 INFO tempest.lib.common.rest_client [req-25514382-0788-4210-a6b2-793964e70a16 req-25514382-0788-4210-a6b2-793964e70a16 ] Request (ServerShowV247Test:test_update_rebuild_list_server): 200 GET http://10.180.1.21/compute/v2.1/servers/7a6ea806-ae3d-4abf-a03b-89e0087a2a30 0.080s
2025-04-23 18:42:47.762 69544 INFO tempest.lib.common.rest_client [req-91afe73f-b168-49d0-99e9-0a09a01e4fc1 req-91afe73f-b168-49d0-99e9-0a09a01e4fc1 ] Request (InstanceActionsTestJSON:tearDownClass): 200 GET http://10.180.1.21/compute/v2.1/servers/e1b54424-6d34-498e-91ce-c7ec6660011a 0.130s
2025-04-23 18:42:47.815 69536 INFO tempest.lib.common.rest_client [req-cc6e85d2-daba-4727-a27a-7937b2f81609 req-cc6e85d2-daba-4727-a27a-7937b2f81609 ] Request (ListImageFiltersTestJSON:setUpClass): 200 GET http://10.180.1.21/compute/v2.1/servers/70163c15-4bdc-4898-b2b8-02dd5c0a9ba0 0.105s
2025-04-23 18:42:47.829 69538 INFO tempest.lib.common.rest_client [req-3eca5981-94b2-4814-b6c7-3e54bb78cf8a req-3eca5981-94b2-4814-b6c7-3e54bb78cf8a ] Request (ImagesOneServerNegativeTestJSON:_run_cleanups): 200 GET http://10.180.1.21/compute/v2.1/servers/a0fedd32-ed2e-4ace-9526-25f398a645cf 0.073s
2025-04-23 18:42:47.838 69592 INFO tempest.lib.common.rest_client [req-4e250223-6907-4275-8615-b2be0e03445e req-4e250223-6907-4275-8615-b2be0e03445e ] Request (ServerRescueNegativeTestJSON:test_rescued_vm_detach_volume): 201 POST http://10.180.1.21:9696/networking/v2.0/security-group-rules 0.193s
2025-04-23 18:42:47.869 69594 INFO tempest.lib.common.rest_client [req-6c25b78c-eb69-4ec7-a0ee-a7c37a67b859 req-6c25b78c-eb69-4ec7-a0ee-a7c37a67b859 ] Request (ImagesTestJSON:test_create_image_from_suspended_server): 200 GET http://10.180.1.21/compute/v2.1/servers/ecb26f1d-77d3-4475-a07b-f86ded036620 0.058s
2025-04-23 18:42:47.940 69546 INFO tempest.lib.common.rest_client [req-e9a028da-88f2-4e5c-a17f-fece44cd6525 req-e9a028da-88f2-4e5c-a17f-fece44cd6525 ] Request (SecurityGroupsTestJSON:test_server_security_groups): 200 GET http://10.180.1.21/compute/v2.1/servers/073db647-b69f-4675-91ec-1154ccfcff13 0.060s
2025-04-23 18:42:47.951 69542 WARNING tempest.lib.common.ssh [-] Failed to establish authenticated ssh connection to cirros@10.180.180.181 ([Errno None] Unable to connect to port 22 on 10.180.180.181). Number attempts: 8. Retry after 9 seconds.: paramiko.ssh_exception.NoValidConnectionsError: [Errno None] Unable to connect to port 22 on 10.180.180.181
2025-04-23 18:42:47.984 69554 INFO tempest.lib.common.rest_client [req-71c6a9eb-7274-43b8-bfcc-15b6899d5d1b req-71c6a9eb-7274-43b8-bfcc-15b6899d5d1b ] Request (FloatingIPsAssociationTestJSON:tearDownClass): 200 GET http://10.180.1.21/compute/v2.1/servers/f43baed6-6386-4cab-9e4f-4dcc97eb6e87 0.062s
2025-04-23 18:42:47.996 69550 INFO tempest.lib.common.rest_client [req-9cab71a8-0949-4b7e-8d51-e1d7a44a0d89 req-9cab71a8-0949-4b7e-8d51-e1d7a44a0d89 ] Request (MigrationsAdminTest:test_resize_server_revert_deleted_flavor): 200 GET http://10.180.1.21/compute/v2.1/servers/136c5d15-818e-4289-8571-1ccbab5b1b3b 0.058s
2025-04-23 18:42:48.080 69540 INFO tempest.lib.common.rest_client [req-23a79091-c703-4f4e-950d-6191515408d0 req-23a79091-c703-4f4e-950d-6191515408d0 ] Request (ServersTestMultiNic:_run_cleanups): 200 GET http://10.180.1.21/compute/v2.1/servers/b5e4935e-86a3-40d4-870e-bcfde8ce3e75 0.054s
2025-04-23 18:42:48.132 69598 INFO tempest.lib.common.rest_client [req-c1832841-eac1-45bd-91bd-baa73028657b req-c1832841-eac1-45bd-91bd-baa73028657b ] Request (TenantUsagesTestJSON:tearDownClass): 200 GET http://10.180.1.21/compute/v2.1/servers/3906fb0a-c725-4bdb-9aef-d274c4ac709c 0.057s
2025-04-23 18:42:48.154 69586 INFO tempest.lib.common.rest_client [req-003f78c5-3033-4caa-99a1-89e9d7d7bcde req-003f78c5-3033-4caa-99a1-89e9d7d7bcde ] Request (DeleteServersTestJSON:test_delete_active_server): 200 GET http://10.180.1.21/compute/v2.1/servers/c5c17394-0a0f-41e7-b83c-595d3bd1382a 0.051s
2025-04-23 18:42:48.193 69572 INFO tempest.lib.common.rest_client [req-0b67d1de-cd66-44c6-997b-02041becf9ad req-0b67d1de-cd66-44c6-997b-02041becf9ad ] Request (ServersAdminNegativeTestJSON:tearDownClass): 404 GET http://10.180.1.21/compute/v2.1/servers/87ea1913-e475-40c2-bb66-8777a9fdd5c4 0.022s
2025-04-23 18:42:48.209 69592 INFO tempest.lib.common.rest_client [req-296653ad-4221-47d8-980b-52c319335901 req-296653ad-4221-47d8-980b-52c319335901 ] Request (ServerRescueNegativeTestJSON:test_rescued_vm_detach_volume): 201 POST http://10.180.1.21:9696/networking/v2.0/floatingips 0.370s
2025-04-23 18:42:48.265 69568 INFO tempest.lib.common.rest_client [req-1fde0638-7436-4e80-9ad2-85df8f8aaa38 req-1fde0638-7436-4e80-9ad2-85df8f8aaa38 ] Request (ServersAdminTestJSON:test_inject_network_info): 200 GET http://10.180.1.21/compute/v2.1/servers/47795e70-9159-4984-86dd-a633479c48f3 0.052s
2025-04-23 18:42:48.276 69572 INFO tempest.lib.common.rest_client [req-c1827e5d-54e5-4f51-870f-5f3ce12eb064 req-c1827e5d-54e5-4f51-870f-5f3ce12eb064 ] Request (ServersAdminNegativeTestJSON:tearDownClass): 204 DELETE http://10.180.1.21/compute/v2.1/servers/7080e070-ba39-48ca-b4c7-abcd4349eb57 0.082s
2025-04-23 18:42:48.278 69592 INFO tempest.lib.common.rest_client [req-0a105eee-2eb4-4944-b487-48d14224e02f req-0a105eee-2eb4-4944-b487-48d14224e02f ] Request (ServerRescueNegativeTestJSON:test_rescued_vm_detach_volume): 201 POST http://10.180.1.21/identity/v3/auth/tokens 0.066s
2025-04-23 18:42:48.279 69592 INFO tempest.lib.common.fixed_network [-] (ServerRescueNegativeTestJSON:test_rescued_vm_detach_volume) Found network {'id': 'bf39d7be-3757-49a8-9316-8bad2b2fcb19', 'name': 'tempest-ServerRescueNegativeTestJSON-19837563-network', 'tenant_id': '7980e2400744463f906213e4951741e0', 'admin_state_up': True, 'mtu': 8950, 'status': 'ACTIVE', 'subnets': [], 'shared': False, 'project_id': '7980e2400744463f906213e4951741e0', 'port_security_enabled': True, 'router:external': False, 'provider:network_type': 'vlan', 'provider:physical_network': 'default', 'provider:segmentation_id': 388, 'availability_zone_hints': [], 'availability_zones': [], 'ipv4_address_scope': None, 'ipv6_address_scope': None, 'description': '', 'tags': [], 'created_at': '2025-04-23T18:41:05Z', 'updated_at': '2025-04-23T18:41:05Z', 'revision_number': 1} available for tenant
2025-04-23 18:42:48.323 69574 INFO tempest.lib.common.rest_client [req-ce211c95-c719-46d5-99fd-973019c3c359 req-ce211c95-c719-46d5-99fd-973019c3c359 ] Request (AttachInterfacesUnderV243Test:_run_cleanups): 200 GET http://10.180.1.21/compute/v2.1/servers/a6a64814-a8d6-4180-83e6-08a130186223 0.070s
2025-04-23 18:42:48.407 69572 INFO tempest.lib.common.rest_client [req-054fb019-83e8-4f1f-800b-62e2226c3b3b req-054fb019-83e8-4f1f-800b-62e2226c3b3b ] Request (ServersAdminNegativeTestJSON:tearDownClass): 200 GET http://10.180.1.21/compute/v2.1/servers/7080e070-ba39-48ca-b4c7-abcd4349eb57 0.130s
2025-04-23 18:42:48.546 69566 INFO tempest.lib.common.rest_client [req-0fea4518-9c5e-41a9-88c3-3f7a601ff3fa req-0fea4518-9c5e-41a9-88c3-3f7a601ff3fa ] Request (ServerRescueTestJSON:test_rescue_unrescue_instance): 200 GET http://10.180.1.21/compute/v2.1/servers/236cb010-201d-4b20-8101-9ae1214d53da 0.090s
2025-04-23 18:42:48.554 69566 INFO tempest.common.waiters [-] State transition "BUILD/spawning" ==> "ACTIVE/None" after 84 second wait
2025-04-23 18:42:48.594 69560 INFO tempest.lib.common.rest_client [req-fd04c079-7e97-4b52-83a6-c988294f1df1 req-fd04c079-7e97-4b52-83a6-c988294f1df1 ] Request (ImagesOneServerTestJSON:setUpClass): 200 GET http://10.180.1.21/compute/v2.1/servers/2bf536aa-c2b2-4734-80a8-539449cfa90d 0.120s
2025-04-23 18:42:48.625 69592 INFO tempest.lib.common.rest_client [req-a5dad050-9002-42f4-8e87-93f4b5be1be8 req-a5dad050-9002-42f4-8e87-93f4b5be1be8 ] Request (ServerRescueNegativeTestJSON:test_rescued_vm_detach_volume): 202 POST http://10.180.1.21/compute/v2.1/servers 0.345s
2025-04-23 18:42:48.654 69548 INFO tempest.lib.common.rest_client [req-8cbcf011-28be-4e0d-8371-ff7f4339aacd req-8cbcf011-28be-4e0d-8371-ff7f4339aacd ] Request (DeleteServersAdminTestJSON:test_delete_server_while_in_error_state): 200 GET http://10.180.1.21/compute/v2.1/servers/ce848aad-e8b8-4e6e-9e4c-b7c0aee4d5fd 0.144s
2025-04-23 18:42:48.695 69566 INFO tempest.lib.common.rest_client [req-121be8f4-fba9-47fb-8904-637895af54fb req-121be8f4-fba9-47fb-8904-637895af54fb ] Request (ServerRescueTestJSON:test_rescue_unrescue_instance): 200 POST http://10.180.1.21/compute/v2.1/servers/236cb010-201d-4b20-8101-9ae1214d53da/action 0.140s
2025-04-23 18:42:48.712 69558 INFO tempest.lib.common.rest_client [req-9bf4699c-f19b-4a01-819c-e22bc3167a5d req-9bf4699c-f19b-4a01-819c-e22bc3167a5d ] Request (ServersAdmin275Test:test_rebuild_update_server_275): 200 GET http://10.180.1.21/compute/v2.1/servers/70a6297b-dd21-4f4f-b72b-656b0abe42fd 0.144s
2025-04-23 18:42:48.749 69588 INFO tempest.lib.common.rest_client [req-cd24eae1-ee56-4cd0-88ae-bb111e2eb44c req-cd24eae1-ee56-4cd0-88ae-bb111e2eb44c ] Request (ServersTestJSON:test_create_server_with_ipv6_addr_only): 200 GET http://10.180.1.21/compute/v2.1/servers/056a3b7c-e7a5-4e10-b8de-d944dbf886bd 0.152s
2025-04-23 18:42:48.755 69592 INFO tempest.lib.common.rest_client [req-fcf95ad6-9d1c-4848-acd2-08f8fbd77d86 req-fcf95ad6-9d1c-4848-acd2-08f8fbd77d86 ] Request (ServerRescueNegativeTestJSON:test_rescued_vm_detach_volume): 200 GET http://10.180.1.21/compute/v2.1/servers/de8da247-fd8a-4d0a-82ae-0ea053ce2ce6 0.127s
2025-04-23 18:42:48.804 69552 INFO tempest.lib.common.rest_client [req-4accb07b-e1c5-493b-8cc9-fadee4b30c40 req-4accb07b-e1c5-493b-8cc9-fadee4b30c40 ] Request (MultipleCreateTestJSON:test_multiple_create): 200 GET http://10.180.1.21/compute/v2.1/servers/e0c53650-bfef-4d7b-ae92-8cf3e1f66591 0.157s
2025-04-23 18:42:48.862 69566 INFO tempest.lib.common.rest_client [req-ff50dcbc-22b1-49cd-a8dd-66cd56a60d34 req-ff50dcbc-22b1-49cd-a8dd-66cd56a60d34 ] Request (ServerRescueTestJSON:test_rescue_unrescue_instance): 200 GET http://10.180.1.21/compute/v2.1/servers/236cb010-201d-4b20-8101-9ae1214d53da 0.166s
2025-04-23 18:42:48.898 69578 INFO tempest.lib.common.rest_client [req-303641e3-0871-4e57-9040-029f436bd31a req-303641e3-0871-4e57-9040-029f436bd31a ] Request (VolumesAdminNegativeTest:test_update_attached_volume_with_nonexistent_volume_in_body): 200 GET http://10.180.1.21/compute/v2.1/servers/fd2abf04-8542-4fe9-9d72-77202b316adf 0.197s
2025-04-23 18:42:48.914 69562 INFO tempest.lib.common.rest_client [req-9fa846c0-e621-4d68-96ac-9204f4e07f19 req-9fa846c0-e621-4d68-96ac-9204f4e07f19 ] Request (AttachInterfacesV270Test:test_create_get_list_interfaces): 200 GET http://10.180.1.21/compute/v2.1/servers/ceb9cb81-06e9-49ed-b337-3b28aae0a3fa 0.205s
2025-04-23 18:42:48.947 69584 INFO tempest.lib.common.rest_client [req-477ee4b4-d1eb-4cae-a7a6-84fbb0dc295e req-477ee4b4-d1eb-4cae-a7a6-84fbb0dc295e ] Request (ServerShowV247Test:test_update_rebuild_list_server): 200 GET http://10.180.1.21/compute/v2.1/servers/7a6ea806-ae3d-4abf-a03b-89e0087a2a30 0.183s
2025-04-23 18:42:48.968 69544 INFO tempest.lib.common.rest_client [req-4e0d4a58-a12c-498d-9033-b04be2ecae97 req-4e0d4a58-a12c-498d-9033-b04be2ecae97 ] Request (InstanceActionsTestJSON:tearDownClass): 200 GET http://10.180.1.21/compute/v2.1/servers/e1b54424-6d34-498e-91ce-c7ec6660011a 0.197s
2025-04-23 18:42:48.993 69536 INFO tempest.lib.common.rest_client [req-487967df-3f6f-45a7-85e2-900ffc849c76 req-487967df-3f6f-45a7-85e2-900ffc849c76 ] Request (ListImageFiltersTestJSON:setUpClass): 200 GET http://10.180.1.21/compute/v2.1/servers/70163c15-4bdc-4898-b2b8-02dd5c0a9ba0 0.165s
2025-04-23 18:42:49.011 69538 INFO tempest.lib.common.rest_client [req-e0036123-ae99-42f6-a433-d7300478f81b req-e0036123-ae99-42f6-a433-d7300478f81b ] Request (ImagesOneServerNegativeTestJSON:_run_cleanups): 200 GET http://10.180.1.21/compute/v2.1/servers/a0fedd32-ed2e-4ace-9526-25f398a645cf 0.174s
2025-04-23 18:42:49.038 69594 INFO tempest.lib.common.rest_client [req-b1d96083-d54a-4145-bd11-ab2c4609d433 req-b1d96083-d54a-4145-bd11-ab2c4609d433 ] Request (ImagesTestJSON:test_create_image_from_suspended_server): 200 GET http://10.180.1.21/compute/v2.1/servers/ecb26f1d-77d3-4475-a07b-f86ded036620 0.162s
2025-04-23 18:42:49.057 69546 INFO tempest.lib.common.rest_client [req-fb7292db-942b-4df0-bf52-712b38fc5c07 req-fb7292db-942b-4df0-bf52-712b38fc5c07 ] Request (SecurityGroupsTestJSON:test_server_security_groups): 200 GET http://10.180.1.21/compute/v2.1/servers/073db647-b69f-4675-91ec-1154ccfcff13 0.109s
2025-04-23 18:42:49.092 69554 INFO tempest.lib.common.rest_client [req-80591ef9-0808-4e23-9658-36e26ba911a7 req-80591ef9-0808-4e23-9658-36e26ba911a7 ] Request (FloatingIPsAssociationTestJSON:tearDownClass): 200 GET http://10.180.1.21/compute/v2.1/servers/f43baed6-6386-4cab-9e4f-4dcc97eb6e87 0.100s
2025-04-23 18:42:49.100 69550 INFO tempest.lib.common.rest_client [req-23c5ae08-9e80-4b51-8f67-f2334e597edd req-23c5ae08-9e80-4b51-8f67-f2334e597edd ] Request (MigrationsAdminTest:test_resize_server_revert_deleted_flavor): 200 GET http://10.180.1.21/compute/v2.1/servers/136c5d15-818e-4289-8571-1ccbab5b1b3b 0.097s
2025-04-23 18:42:49.143 69540 INFO tempest.lib.common.rest_client [req-85808bcb-d3b1-470d-a58e-3aab3a3cf072 req-85808bcb-d3b1-470d-a58e-3aab3a3cf072 ] Request (ServersTestMultiNic:_run_cleanups): 200 GET http://10.180.1.21/compute/v2.1/servers/b5e4935e-86a3-40d4-870e-bcfde8ce3e75 0.055s
2025-04-23 18:42:49.198 69598 INFO tempest.lib.common.rest_client [req-54995a34-61af-4a9d-95f4-a011d45078dc req-54995a34-61af-4a9d-95f4-a011d45078dc ] Request (TenantUsagesTestJSON:tearDownClass): 200 GET http://10.180.1.21/compute/v2.1/servers/3906fb0a-c725-4bdb-9aef-d274c4ac709c 0.058s
2025-04-23 18:42:49.219 69586 INFO tempest.lib.common.rest_client [req-eed6141d-9284-4001-8335-416e207c0b65 req-eed6141d-9284-4001-8335-416e207c0b65 ] Request (DeleteServersTestJSON:test_delete_active_server): 200 GET http://10.180.1.21/compute/v2.1/servers/c5c17394-0a0f-41e7-b83c-595d3bd1382a 0.058s
2025-04-23 18:42:49.325 69568 INFO tempest.lib.common.rest_client [req-10f9e112-051c-4839-ab59-4723eaa970f1 req-10f9e112-051c-4839-ab59-4723eaa970f1 ] Request (ServersAdminTestJSON:test_inject_network_info): 200 GET http://10.180.1.21/compute/v2.1/servers/47795e70-9159-4984-86dd-a633479c48f3 0.051s
2025-04-23 18:42:49.420 69574 INFO tempest.lib.common.rest_client [req-b190cc10-8e23-4aed-bdc5-40042b79dd4e req-b190cc10-8e23-4aed-bdc5-40042b79dd4e ] Request (AttachInterfacesUnderV243Test:_run_cleanups): 200 GET http://10.180.1.21/compute/v2.1/servers/a6a64814-a8d6-4180-83e6-08a130186223 0.088s
