2025-04-23 18:41:10.853 69550 INFO tempest.lib.common.rest_client [req-6500bfe4-340d-4daf-a6d6-1c106a3808b1 req-6500bfe4-340d-4daf-a6d6-1c106a3808b1 ] Request (MigrationsAdminTest:test_list_migrations_in_flavor_resize_situation): 200 GET http://10.180.1.21/compute/v2.1/servers/4e41b95c-a1c5-49b7-8a26-b6be40046a4e 1.761s
2025-04-23 18:41:10.939 69584 INFO tempest.lib.common.rest_client [req-ef89d5bf-f0c1-47c5-85fb-cdc57c8d54bb req-ef89d5bf-f0c1-47c5-85fb-cdc57c8d54bb ] Request (ServerAddressesTestJSON:tearDownClass): 200 GET http://10.180.1.21/compute/v2.1/servers/59eda413-c58c-49d1-9d16-81eb83418762 1.664s
2025-04-23 18:41:10.956 69552 INFO tempest.lib.common.rest_client [req-b6b922ca-231d-45f9-a110-b6f47e5e3456 req-b6b922ca-231d-45f9-a110-b6f47e5e3456 ] Request (VolumesAssistedSnapshotsTest:tearDownClass): 204 DELETE http://10.180.1.21:9696/networking/v2.0/floatingips/4a7a18ba-cd4c-4486-bca9-df1c703a5d65 1.049s
2025-04-23 18:41:10.980 69552 INFO tempest.lib.common.rest_client [req-f612771a-fe34-4921-9a93-9106c15e2272 req-f612771a-fe34-4921-9a93-9106c15e2272 ] Request (VolumesAssistedSnapshotsTest:tearDownClass): 404 DELETE http://10.180.1.21/volume/v3/volumes/2eb9fab8-b5af-4a4f-b34c-3eeb3d3b4625 0.023s
2025-04-23 18:41:11.002 69552 INFO tempest.lib.common.rest_client [req-67ab5c33-03e4-49db-a01e-e01d15c3e1fb req-67ab5c33-03e4-49db-a01e-e01d15c3e1fb ] Request (VolumesAssistedSnapshotsTest:tearDownClass): 404 GET http://10.180.1.21/volume/v3/volumes/2eb9fab8-b5af-4a4f-b34c-3eeb3d3b4625 0.022s
2025-04-23 18:41:11.018 69596 INFO tempest.lib.common.rest_client [req-3c069a92-5c6a-400a-8f34-4cea7b30cfb6 req-3c069a92-5c6a-400a-8f34-4cea7b30cfb6 ] Request (ServerPasswordTestJSON:setUpClass): 200 GET http://10.180.1.21/compute/v2.1/servers/785eed74-ebba-423a-a157-56027aeaa976 1.634s
2025-04-23 18:41:11.046 69544 INFO tempest.lib.common.rest_client [req-a56efb90-e5c2-4485-84e4-5b863b37e8f0 req-a56efb90-e5c2-4485-84e4-5b863b37e8f0 ] Request (QuotasAdminTestJSON:tearDownClass): 204 DELETE http://10.180.1.21:9696/networking/v2.0/security-groups/85ca863b-5cbf-47d1-958c-5c5101dd742e 0.398s
2025-04-23 18:41:11.128 69572 INFO tempest.lib.common.rest_client [req-802effc1-4069-4021-b36d-deb99855c01e req-802effc1-4069-4021-b36d-deb99855c01e ] Request (ServersAdminNegativeTestJSON:test_migrate_server_invalid_state): 200 GET http://10.180.1.21/compute/v2.1/servers/87ea1913-e475-40c2-bb66-8777a9fdd5c4 1.659s
2025-04-23 18:41:11.184 69576 INFO tempest.lib.common.rest_client [req-d68a5de5-e895-452f-8bf3-ea16f48ed07a req-d68a5de5-e895-452f-8bf3-ea16f48ed07a ] Request (ServersTestJSON:setUpClass): 201 POST http://10.180.1.21:9696/networking/v2.0/security-group-rules 0.759s
2025-04-23 18:41:11.185 69566 INFO tempest.lib.common.rest_client [req-fc9074d8-5370-4cde-a31a-7052900f952f req-fc9074d8-5370-4cde-a31a-7052900f952f ] Request (ServerRescueTestJSON:setUpClass): 200 GET http://10.180.1.21/compute/v2.1/servers/aa58e2c6-85c2-483e-9435-db6664b30d5a 1.777s
2025-04-23 18:41:11.217 69544 INFO tempest.lib.common.rest_client [req-2dc3463e-595d-46c3-a071-796752e75bd0 req-2dc3463e-595d-46c3-a071-796752e75bd0 ] Request (QuotasAdminTestJSON:tearDownClass): 204 DELETE http://10.180.1.21/identity/v3/projects/4706f0f15e4c4d859667049dd7746a03 0.170s
2025-04-23 18:41:11.243 69590 INFO tempest.lib.common.rest_client [req-e043c04e-48b8-4883-94c9-888b574231b4 req-e043c04e-48b8-4883-94c9-888b574231b4 ] Request (ServerShowV257Test:test_rebuild_server): 200 GET http://10.180.1.21/compute/v2.1/servers/5acbf9bd-f1d8-49bb-a737-4e1ec117a690 1.698s
2025-04-23 18:41:11.263 69578 INFO tempest.lib.common.rest_client [req-8396f09d-4897-4201-b066-94886f6fd74f req-8396f09d-4897-4201-b066-94886f6fd74f ] Request (VolumesAdminNegativeTest:setUpClass): 201 POST http://10.180.1.21:9696/networking/v2.0/networks 0.894s
2025-04-23 18:41:11.297 69544 INFO tempest.lib.common.rest_client [req-d921e32c-626d-4500-9747-7265884306a4 req-d921e32c-626d-4500-9747-7265884306a4 ] Request (InstanceActionsTestJSON:setUpClass): 201 POST http://10.180.1.21/identity/v3/auth/tokens 0.078s
2025-04-23 18:41:11.340 69544 INFO tempest.lib.common.rest_client [req-cd929164-8a56-4641-905d-d24e2e6f34d1 req-cd929164-8a56-4641-905d-d24e2e6f34d1 ] Request (InstanceActionsTestJSON:setUpClass): 201 POST http://10.180.1.21/identity/v3/auth/tokens 0.039s
2025-04-23 18:41:11.379 69544 INFO tempest.lib.common.rest_client [req-e77fea1d-c65b-4262-ae7a-1047b16859fe req-e77fea1d-c65b-4262-ae7a-1047b16859fe ] Request (InstanceActionsTestJSON:setUpClass): 200 GET http://10.180.1.21/identity/v3/domains?name=Default 0.038s
2025-04-23 18:41:11.419 69588 INFO tempest.lib.common.rest_client [req-7ebf992a-9f6d-40d1-b6a4-35579a3243d2 req-7ebf992a-9f6d-40d1-b6a4-35579a3243d2 ] Request (ServersTestJSON:setUpClass): 200 PUT http://10.180.1.21:9696/networking/v2.0/routers/885ab798-8143-4676-8ab2-ed124a0c241e/add_router_interface 2.885s
2025-04-23 18:41:11.420 69588 INFO tempest.lib.common.dynamic_creds [-] Created isolated network resources for: credentials: Credentials: {'domain_id': 'default', 'domain_name': 'Default', 'username': 'tempest-ServersTestJSON-1620055869-project-member', 'project_domain_id': 'default', 'project_domain_name': 'Default', 'project_id': '4211c68a0db74b849efa879d94d6aee5', 'project_name': 'tempest-ServersTestJSON-1620055869', 'tenant_id': '4211c68a0db74b849efa879d94d6aee5', 'tenant_name': 'tempest-ServersTestJSON-1620055869', 'user_domain_id': 'default', 'user_domain_name': 'Default', 'user_id': 'fbbb66ac4f37404ab9dd684de7c0aa38', 'system': None}, Network: {'id': '811fbc1b-415e-4e5c-9618-b4a40b989338', 'name': 'tempest-ServersTestJSON-1752756680-network', 'tenant_id': '4211c68a0db74b849efa879d94d6aee5', 'admin_state_up': True, 'mtu': 8950, 'status': 'ACTIVE', 'subnets': [], 'shared': False, 'project_id': '4211c68a0db74b849efa879d94d6aee5', 'port_security_enabled': True, 'router:external': False, 'provider:network_type': 'vlan', 'provider:physical_network': 'default', 'provider:segmentation_id': 763, 'availability_zone_hints': [], 'availability_zones': [], 'ipv4_address_scope': None, 'ipv6_address_scope': None, 'description': '', 'tags': [], 'created_at': '2025-04-23T18:41:05Z', 'updated_at': '2025-04-23T18:41:05Z', 'revision_number': 1}, Subnet: {'id': 'dbfb1398-8b5d-49e9-af06-c8cec6ab3356', 'name': 'tempest-ServersTestJSON-1752756680-subnet', 'tenant_id': '4211c68a0db74b849efa879d94d6aee5', 'network_id': '811fbc1b-415e-4e5c-9618-b4a40b989338', 'ip_version': 4, 'subnetpool_id': None, 'enable_dhcp': True, 'ipv6_ra_mode': None, 'ipv6_address_mode': None, 'gateway_ip': '192.168.128.1', 'cidr': '192.168.128.0/28', 'allocation_pools': [{'start': '192.168.128.2', 'end': '192.168.128.14'}], 'host_routes': [], 'dns_nameservers': [], 'description': '', 'router:external': False, 'service_types': [], 'tags': [], 'created_at': '2025-04-23T18:41:05Z', 'updated_at': '2025-04-23T18:41:05Z', 'revision_number': 0, 'project_id': '4211c68a0db74b849efa879d94d6aee5'}, Router: {'id': '885ab798-8143-4676-8ab2-ed124a0c241e', 'name': 'tempest-ServersTestJSON-1752756680-router', 'tenant_id': '4211c68a0db74b849efa879d94d6aee5', 'admin_state_up': True, 'status': 'ACTIVE', 'external_gateway_info': {'network_id': '3432531d-c57d-4b0d-9399-b4ad12d7f5a0', 'external_fixed_ips': [{'subnet_id': '52b4c10b-e8e2-466f-8a46-754b5c6c6205', 'ip_address': '10.180.180.240'}], 'enable_snat': True}, 'description': '', 'availability_zones': [], 'distributed': False, 'ha': False, 'availability_zone_hints': [], 'routes': [], 'flavor_id': None, 'tags': [], 'created_at': '2025-04-23T18:41:05Z', 'updated_at': '2025-04-23T18:41:07Z', 'revision_number': 2, 'project_id': '4211c68a0db74b849efa879d94d6aee5'}
2025-04-23 18:41:11.431 69544 INFO tempest.lib.common.rest_client [req-39277d8a-1ead-477b-8364-281bc0951dd7 req-39277d8a-1ead-477b-8364-281bc0951dd7 ] Request (InstanceActionsTestJSON:setUpClass): 201 POST http://10.180.1.21/identity/v3/projects 0.052s
2025-04-23 18:41:11.486 69564 INFO tempest.lib.common.rest_client [req-64958e73-477b-4744-8653-d3c2c00d7831 req-64958e73-477b-4744-8653-d3c2c00d7831 ] Request (ServerDiagnosticsTest:test_get_server_diagnostics): 200 GET http://10.180.1.21/compute/v2.1/servers/2111606c-e076-4b37-a6a3-1490602d59c2 1.871s
2025-04-23 18:41:11.497 69558 INFO tempest.lib.common.rest_client [req-c29acbf2-4528-48e8-ae17-ebc08522f5ee req-c29acbf2-4528-48e8-ae17-ebc08522f5ee ] Request (AggregatesAdminNegativeTestJSON:test_aggregate_remove_host_as_user): 403 POST http://10.180.1.21/compute/v2.1/os-aggregates/7/action 1.697s
2025-04-23 18:41:11.525 69582 INFO tempest.lib.common.rest_client [req-c999bd23-8248-4e03-8667-ce5c02805f12 req-c999bd23-8248-4e03-8667-ce5c02805f12 ] Request (KeyPairsV2TestJSON:test_get_keypair_detail): 200 GET http://10.180.1.21/compute/v2.1/os-keypairs/tempest-keypair-529390709 1.530s
2025-04-23 18:41:11.545 69556 INFO tempest.lib.common.rest_client [req-b36c60af-73a0-4697-a1cb-c78d8d37e79e req-b36c60af-73a0-4697-a1cb-c78d8d37e79e ] Request (ServersTestBootFromVolume:setUpClass): 200 GET http://10.180.1.21/volume/v3/volumes/92e7be24-655e-40ce-b21b-56754c23ad32 0.064s
2025-04-23 18:41:11.565 69588 INFO tempest.lib.common.rest_client [req-1d9608ab-a919-4750-819a-d2ceac21b8e3 req-1d9608ab-a919-4750-819a-d2ceac21b8e3 ] Request (ServersTestJSON:setUpClass): 201 POST http://10.180.1.21/identity/v3/auth/tokens 0.137s
2025-04-23 18:41:11.570 69544 INFO tempest.lib.common.rest_client [req-fe9e15c0-6926-4fcc-ab1d-6ea3ef679182 req-fe9e15c0-6926-4fcc-ab1d-6ea3ef679182 ] Request (InstanceActionsTestJSON:setUpClass): 201 POST http://10.180.1.21/identity/v3/users 0.138s
2025-04-23 18:41:11.582 69562 INFO tempest.lib.common.rest_client [req-272ec827-40a0-48a7-9cf6-6e32d02c8b34 req-272ec827-40a0-48a7-9cf6-6e32d02c8b34 ] Request (ImagesMetadataTestJSON:setUp): 200 PUT http://10.180.1.21/compute/v2.1/images/f66c3f36-307d-4ae3-81ce-87e48fc03237/metadata 1.942s
2025-04-23 18:41:11.602 69544 INFO tempest.lib.common.rest_client [req-cc32272b-0295-4524-85bf-315a43fe39b6 req-cc32272b-0295-4524-85bf-315a43fe39b6 ] Request (InstanceActionsTestJSON:setUpClass): 200 GET http://10.180.1.21/identity/v3/roles 0.031s
2025-04-23 18:41:11.605 69588 INFO tempest.lib.common.rest_client [req-c32c46e8-7a79-40da-b778-854b8592c234 req-c32c46e8-7a79-40da-b778-854b8592c234 ] Request (ServersTestJSON:setUpClass): 200 GET http://10.180.1.21/identity/v3/projects/4211c68a0db74b849efa879d94d6aee5 0.040s
2025-04-23 18:41:11.605 69588 INFO tempest.lib.common.dynamic_creds [-] Using the existing project 4211c68a0db74b849efa879d94d6aee5 for scope project and roles: ['reader']
2025-04-23 18:41:11.636 69544 INFO tempest.lib.common.rest_client [req-5460d07e-3894-4d6e-956e-6c2ec9679685 req-5460d07e-3894-4d6e-956e-6c2ec9679685 ] Request (InstanceActionsTestJSON:setUpClass): 204 PUT http://10.180.1.21/identity/v3/projects/a8e471d649d7456d98510d477819cafc/users/0afae4bdfcb543929a3cd1e9e2afa76f/roles/81fb859fcf794d16b22488f7898b405f 0.033s
2025-04-23 18:41:11.636 69544 INFO tempest.lib.common.dynamic_creds [-] Dynamic test user 0afae4bdfcb543929a3cd1e9e2afa76f is created with scope project and roles: ['member']
2025-04-23 18:41:11.637 69544 INFO tempest.lib.common.dynamic_creds [-] Acquired dynamic creds: credentials: Credentials: {'domain_id': 'default', 'domain_name': 'Default', 'username': 'tempest-InstanceActionsTestJSON-384176457-project-member', 'project_domain_id': 'default', 'project_domain_name': 'Default', 'project_id': 'a8e471d649d7456d98510d477819cafc', 'project_name': 'tempest-InstanceActionsTestJSON-384176457', 'tenant_id': 'a8e471d649d7456d98510d477819cafc', 'tenant_name': 'tempest-InstanceActionsTestJSON-384176457', 'user_domain_id': 'default', 'user_domain_name': 'Default', 'user_id': '0afae4bdfcb543929a3cd1e9e2afa76f', 'system': None}, Network: None, Subnet: None, Router: None
2025-04-23 18:41:11.637 69588 INFO tempest.lib.common.rest_client [req-58f49f34-8064-49ff-a379-5d36e100bd5d req-58f49f34-8064-49ff-a379-5d36e100bd5d ] Request (ServersTestJSON:setUpClass): 201 POST http://10.180.1.21/identity/v3/users 0.031s
2025-04-23 18:41:11.654 69554 INFO tempest.lib.common.rest_client [req-83d47098-1490-4ba2-b793-b70fac5d36f2 req-83d47098-1490-4ba2-b793-b70fac5d36f2 ] Request (FloatingIPsAssociationTestJSON:test_associate_already_associated_floating_ip): 200 GET http://10.180.1.21/compute/v2.1/servers/36611fa9-f155-4cfc-a2ad-7c917a03a2fd 1.632s
2025-04-23 18:41:11.690 69586 INFO tempest.lib.common.rest_client [req-0d895700-922a-4957-97e3-72dd1229f452 req-0d895700-922a-4957-97e3-72dd1229f452 ] Request (FlavorsAdminTestJSON:test_is_public_string_variations): 200 GET http://10.180.1.21/compute/v2.1/flavors/detail?is_public=no 1.292s
2025-04-23 18:41:11.691 69580 INFO tempest.lib.common.rest_client [req-41971880-979f-4c24-8a82-f9fd468f1975 req-41971880-979f-4c24-8a82-f9fd468f1975 ] Request (ServerShowV254Test:test_rebuild_server): 200 GET http://10.180.1.21/compute/v2.1/servers/50b69299-91ee-43cf-aa76-2d6fa2240f9f 1.565s
2025-04-23 18:41:11.705 69544 INFO tempest.lib.common.rest_client [req-2d4260d6-e811-477f-8165-91c5dbd23846 req-2d4260d6-e811-477f-8165-91c5dbd23846 ] Request (InstanceActionsTestJSON:setUpClass): 201 POST http://10.180.1.21/identity/v3/auth/tokens 0.068s
2025-04-23 18:41:11.735 69588 INFO tempest.lib.common.rest_client [req-6e516e29-9786-451a-a0e2-895f8b0ffee5 req-6e516e29-9786-451a-a0e2-895f8b0ffee5 ] Request (ServersTestJSON:setUpClass): 200 GET http://10.180.1.21/identity/v3/roles 0.098s
2025-04-23 18:41:11.765 69588 INFO tempest.lib.common.rest_client [req-634d42df-330e-4d4b-9e4d-688aca905df0 req-634d42df-330e-4d4b-9e4d-688aca905df0 ] Request (ServersTestJSON:setUpClass): 204 PUT http://10.180.1.21/identity/v3/projects/4211c68a0db74b849efa879d94d6aee5/users/31d264ce6d6c43b7802c79cc1c9dc68a/roles/07b7629f2c0e415f8c065198c009879b 0.026s
2025-04-23 18:41:11.766 69588 INFO tempest.lib.common.dynamic_creds [-] Dynamic test user 31d264ce6d6c43b7802c79cc1c9dc68a is created with scope project and roles: ['reader']
2025-04-23 18:41:11.766 69588 INFO tempest.lib.common.dynamic_creds [-] Acquired dynamic creds: credentials: Credentials: {'domain_id': 'default', 'domain_name': 'Default', 'username': 'tempest-ServersTestJSON-1620055869-project-reader', 'project_domain_id': 'default', 'project_domain_name': 'Default', 'project_id': '4211c68a0db74b849efa879d94d6aee5', 'project_name': 'tempest-ServersTestJSON-1620055869', 'tenant_id': '4211c68a0db74b849efa879d94d6aee5', 'tenant_name': 'tempest-ServersTestJSON-1620055869', 'user_domain_id': 'default', 'user_domain_name': 'Default', 'user_id': '31d264ce6d6c43b7802c79cc1c9dc68a', 'system': None}, Network: None, Subnet: None, Router: None
2025-04-23 18:41:11.766 69588 INFO tempest.lib.common.dynamic_creds [-] Network resources are not created for requested scope: project and credentials: Credentials: {'domain_id': 'default', 'domain_name': 'Default', 'username': 'tempest-ServersTestJSON-1620055869-project-reader', 'project_domain_id': 'default', 'project_domain_name': 'Default', 'project_id': '4211c68a0db74b849efa879d94d6aee5', 'project_name': 'tempest-ServersTestJSON-1620055869', 'tenant_id': '4211c68a0db74b849efa879d94d6aee5', 'tenant_name': 'tempest-ServersTestJSON-1620055869', 'user_domain_id': 'default', 'user_domain_name': 'Default', 'user_id': '31d264ce6d6c43b7802c79cc1c9dc68a', 'system': None}, Network: None, Subnet: None, Router: None
2025-04-23 18:41:11.793 69576 INFO tempest.lib.common.rest_client [req-b67d6972-8ce9-4c26-af33-645c4ab09f4b req-b67d6972-8ce9-4c26-af33-645c4ab09f4b ] Request (ServersTestJSON:setUpClass): 201 POST http://10.180.1.21:9696/networking/v2.0/security-group-rules 0.609s
2025-04-23 18:41:11.820 69548 INFO tempest.lib.common.rest_client [req-936a0c96-b829-4385-ade0-c4062c7b3c01 req-936a0c96-b829-4385-ade0-c4062c7b3c01 ] Request (DeleteServersAdminTestJSON:test_admin_delete_servers_of_others): 200 GET http://10.180.1.21/compute/v2.1/servers/3fd3d6a7-1609-49ae-afa5-b337aad39679 1.306s
2025-04-23 18:41:11.849 69588 INFO tempest.lib.common.rest_client [req-3c55c85a-af41-4758-b654-3c7ff812e680 req-3c55c85a-af41-4758-b654-3c7ff812e680 ] Request (ServersTestJSON:setUpClass): 201 POST http://10.180.1.21/identity/v3/auth/tokens 0.078s
2025-04-23 18:41:11.850 69546 INFO tempest.lib.common.rest_client [req-a4731354-d2f8-4c68-8bfe-38b12cc74857 req-a4731354-d2f8-4c68-8bfe-38b12cc74857 ] Request (SecurityGroupsTestJSON:test_list_security_groups_by_server): 200 GET http://10.180.1.21/compute/v2.1/servers/ae681203-5fe5-41dc-8dee-0d0240349185 1.353s
2025-04-23 18:41:11.898 69570 INFO tempest.lib.common.rest_client [req-295840e7-f95a-4048-834b-194f219a99e1 req-295840e7-f95a-4048-834b-194f219a99e1 ] Request (ServerExternalEventsTest:test_create_server_external_events): 200 GET http://10.180.1.21/compute/v2.1/servers/a0cb9958-4a58-41d8-8686-eaa2e192034e 1.297s
2025-04-23 18:41:11.905 69578 INFO tempest.lib.common.rest_client [req-177e2bf7-2d94-4a9e-a4cf-73ab9b033724 req-177e2bf7-2d94-4a9e-a4cf-73ab9b033724 ] Request (VolumesAdminNegativeTest:setUpClass): 201 POST http://10.180.1.21:9696/networking/v2.0/subnets 0.641s
2025-04-23 18:41:11.934 69588 INFO tempest.lib.common.rest_client [req-cf863d0a-7cc7-41cf-8903-24b95489b21e req-cf863d0a-7cc7-41cf-8903-24b95489b21e ] Request (ServersTestJSON:test_create_server_specify_multibyte_character_name): 201 POST http://10.180.1.21/identity/v3/auth/tokens 0.079s
2025-04-23 18:41:11.935 69588 INFO tempest.lib.common.fixed_network [-] (ServersTestJSON:test_create_server_specify_multibyte_character_name) Found network {'id': '811fbc1b-415e-4e5c-9618-b4a40b989338', 'name': 'tempest-ServersTestJSON-1752756680-network', 'tenant_id': '4211c68a0db74b849efa879d94d6aee5', 'admin_state_up': True, 'mtu': 8950, 'status': 'ACTIVE', 'subnets': [], 'shared': False, 'project_id': '4211c68a0db74b849efa879d94d6aee5', 'port_security_enabled': True, 'router:external': False, 'provider:network_type': 'vlan', 'provider:physical_network': 'default', 'provider:segmentation_id': 763, 'availability_zone_hints': [], 'availability_zones': [], 'ipv4_address_scope': None, 'ipv6_address_scope': None, 'description': '', 'tags': [], 'created_at': '2025-04-23T18:41:05Z', 'updated_at': '2025-04-23T18:41:05Z', 'revision_number': 1} available for tenant
2025-04-23 18:41:11.948 69568 INFO tempest.lib.common.rest_client [req-c0a3aa47-e38a-43ea-a937-3916df3e6894 req-c0a3aa47-e38a-43ea-a937-3916df3e6894 ] Request (ServersAdminTestJSON:test_create_server_with_scheduling_hint): 200 GET http://10.180.1.21/compute/v2.1/servers/b778c536-fcf3-45c1-babc-f4c93bfaadbd 1.337s
2025-04-23 18:41:11.976 69592 INFO tempest.lib.common.rest_client [req-32630bce-9352-4e0b-b018-628de96b0f67 req-32630bce-9352-4e0b-b018-628de96b0f67 ] Request (ServerRescueNegativeTestJSON:setUpClass): 200 PUT http://10.180.1.21:9696/networking/v2.0/routers/b312560a-ddd4-4d83-a0b7-4fd7340e29cc/add_router_interface 3.230s
2025-04-23 18:41:11.976 69592 INFO tempest.lib.common.dynamic_creds [-] Created isolated network resources for: credentials: Credentials: {'domain_id': 'default', 'domain_name': 'Default', 'username': 'tempest-ServerRescueNegativeTestJSON-971862345-project-member', 'project_domain_id': 'default', 'project_domain_name': 'Default', 'project_id': '7980e2400744463f906213e4951741e0', 'project_name': 'tempest-ServerRescueNegativeTestJSON-971862345', 'tenant_id': '7980e2400744463f906213e4951741e0', 'tenant_name': 'tempest-ServerRescueNegativeTestJSON-971862345', 'user_domain_id': 'default', 'user_domain_name': 'Default', 'user_id': 'dd7dac896f0b41de9d48c47e01e06517', 'system': None}, Network: {'id': 'bf39d7be-3757-49a8-9316-8bad2b2fcb19', 'name': 'tempest-ServerRescueNegativeTestJSON-19837563-network', 'tenant_id': '7980e2400744463f906213e4951741e0', 'admin_state_up': True, 'mtu': 8950, 'status': 'ACTIVE', 'subnets': [], 'shared': False, 'project_id': '7980e2400744463f906213e4951741e0', 'port_security_enabled': True, 'router:external': False, 'provider:network_type': 'vlan', 'provider:physical_network': 'default', 'provider:segmentation_id': 388, 'availability_zone_hints': [], 'availability_zones': [], 'ipv4_address_scope': None, 'ipv6_address_scope': None, 'description': '', 'tags': [], 'created_at': '2025-04-23T18:41:05Z', 'updated_at': '2025-04-23T18:41:05Z', 'revision_number': 1}, Subnet: {'id': 'e601cea0-972c-4345-89fc-75d84251f5d7', 'name': 'tempest-ServerRescueNegativeTestJSON-19837563-subnet', 'tenant_id': '7980e2400744463f906213e4951741e0', 'network_id': 'bf39d7be-3757-49a8-9316-8bad2b2fcb19', 'ip_version': 4, 'subnetpool_id': None, 'enable_dhcp': True, 'ipv6_ra_mode': None, 'ipv6_address_mode': None, 'gateway_ip': '192.168.128.1', 'cidr': '192.168.128.0/28', 'allocation_pools': [{'start': '192.168.128.2', 'end': '192.168.128.14'}], 'host_routes': [], 'dns_nameservers': [], 'description': '', 'router:external': False, 'service_types': [], 'tags': [], 'created_at': '2025-04-23T18:41:05Z', 'updated_at': '2025-04-23T18:41:05Z', 'revision_number': 0, 'project_id': '7980e2400744463f906213e4951741e0'}, Router: {'id': 'b312560a-ddd4-4d83-a0b7-4fd7340e29cc', 'name': 'tempest-ServerRescueNegativeTestJSON-19837563-router', 'tenant_id': '7980e2400744463f906213e4951741e0', 'admin_state_up': True, 'status': 'ACTIVE', 'external_gateway_info': {'network_id': '3432531d-c57d-4b0d-9399-b4ad12d7f5a0', 'external_fixed_ips': [{'subnet_id': '52b4c10b-e8e2-466f-8a46-754b5c6c6205', 'ip_address': '10.180.180.154'}], 'enable_snat': True}, 'description': '', 'availability_zones': [], 'distributed': False, 'ha': False, 'availability_zone_hints': [], 'routes': [], 'flavor_id': None, 'tags': [], 'created_at': '2025-04-23T18:41:05Z', 'updated_at': '2025-04-23T18:41:07Z', 'revision_number': 2, 'project_id': '7980e2400744463f906213e4951741e0'}
2025-04-23 18:41:12.036 69538 INFO tempest.lib.common.rest_client [req-a9c3ee79-1f4e-4d1b-a06e-5b8353790084 req-a9c3ee79-1f4e-4d1b-a06e-5b8353790084 ] Request (ImagesOneServerNegativeTestJSON:setUpClass): 200 GET http://10.180.1.21/compute/v2.1/servers/f2984bb6-02ae-471d-820c-f475b91eb6b7 1.315s
2025-04-23 18:41:12.048 69538 INFO tempest.common.waiters [-] State transition "BUILD/None" ==> "BUILD/block_device_mapping" after 17 second wait
2025-04-23 18:41:12.081 69536 INFO tempest.lib.common.rest_client [req-90cf41c4-3742-434b-a30e-37e9fffeba96 req-90cf41c4-3742-434b-a30e-37e9fffeba96 ] Request (ListImageFiltersTestJSON:setUpClass): 200 GET http://10.180.1.21/compute/v2.1/images/b20dde41-4f9b-42ee-adea-7f499506fb5e 1.306s
2025-04-23 18:41:12.086 69598 INFO tempest.lib.common.rest_client [req-bc462fcd-1d17-40ce-af99-122393e4235c req-bc462fcd-1d17-40ce-af99-122393e4235c ] Request (QuotasAdminTestV236:test_get_updated_quotas): 200 GET http://10.180.1.21/compute/v2.1/os-quota-sets/943b89f2614341d6bd9691830d81d531/detail 1.377s
2025-04-23 18:41:12.105 69592 INFO tempest.lib.common.rest_client [req-df9fd602-b0b7-4691-8013-7a9a08c30986 req-df9fd602-b0b7-4691-8013-7a9a08c30986 ] Request (ServerRescueNegativeTestJSON:setUpClass): 201 POST http://10.180.1.21/identity/v3/auth/tokens 0.124s
2025-04-23 18:41:12.126 69598 INFO tempest.lib.common.rest_client [req-796f030e-8799-49b9-9356-d7f2614478d0 req-796f030e-8799-49b9-9356-d7f2614478d0 ] Request (QuotasAdminTestV236:test_get_updated_quotas): 200 GET http://10.180.1.21/identity/v3/domains?name=Default 0.031s
2025-04-23 18:41:12.157 69592 INFO tempest.lib.common.rest_client [req-1ac6aa03-640b-47a6-ad67-5e0268129f95 req-1ac6aa03-640b-47a6-ad67-5e0268129f95 ] Request (ServerRescueNegativeTestJSON:setUpClass): 201 POST http://10.180.1.21/identity/v3/auth/tokens 0.041s
2025-04-23 18:41:12.157 69592 INFO tempest.lib.common.fixed_network [-] (ServerRescueNegativeTestJSON:setUpClass) Found network {'id': 'bf39d7be-3757-49a8-9316-8bad2b2fcb19', 'name': 'tempest-ServerRescueNegativeTestJSON-19837563-network', 'tenant_id': '7980e2400744463f906213e4951741e0', 'admin_state_up': True, 'mtu': 8950, 'status': 'ACTIVE', 'subnets': [], 'shared': False, 'project_id': '7980e2400744463f906213e4951741e0', 'port_security_enabled': True, 'router:external': False, 'provider:network_type': 'vlan', 'provider:physical_network': 'default', 'provider:segmentation_id': 388, 'availability_zone_hints': [], 'availability_zones': [], 'ipv4_address_scope': None, 'ipv6_address_scope': None, 'description': '', 'tags': [], 'created_at': '2025-04-23T18:41:05Z', 'updated_at': '2025-04-23T18:41:05Z', 'revision_number': 1} available for tenant
2025-04-23 18:41:12.189 69598 INFO tempest.lib.common.rest_client [req-e9c8f7f2-657c-4f2e-92e2-1c1f70cc002e req-e9c8f7f2-657c-4f2e-92e2-1c1f70cc002e ] Request (QuotasAdminTestV236:test_get_updated_quotas): 201 POST http://10.180.1.21/identity/v3/users 0.062s
2025-04-23 18:41:12.198 69594 INFO tempest.lib.common.rest_client [req-08c5b195-ac80-4e70-909f-678142120ccc req-08c5b195-ac80-4e70-909f-678142120ccc ] Request (ImagesTestJSON:test_create_image_from_stopped_server): 200 GET http://10.180.1.21/compute/v2.1/servers/7120b731-6946-48ee-9d53-74f7b9d92858 1.067s
2025-04-23 18:41:12.200 69542 INFO tempest.lib.common.rest_client [req-a0722d8d-d0d8-4916-a059-8fe776937cb6 req-a0722d8d-d0d8-4916-a059-8fe776937cb6 ] Request (ServersWithSpecificFlavorTestJSON:test_verify_created_server_ephemeral_disk): 200 GET http://10.180.1.21/compute/v2.1/servers/325d5036-99de-48c1-bcac-0d5741d8dd78 1.090s
2025-04-23 18:41:12.223 69598 INFO tempest.lib.common.rest_client [req-e903c68a-0095-470b-98e0-28906de0c708 req-e903c68a-0095-470b-98e0-28906de0c708 ] Request (QuotasAdminTestV236:test_get_updated_quotas): 200 GET http://10.180.1.21/identity/v3/domains?name=Default 0.034s
2025-04-23 18:41:12.372 69558 INFO tempest.lib.common.rest_client [req-a1b071a6-0262-4bd3-baa0-af8c0f2b54de req-a1b071a6-0262-4bd3-baa0-af8c0f2b54de ] Request (AggregatesAdminNegativeTestJSON:_run_cleanups): 200 POST http://10.180.1.21/compute/v2.1/os-aggregates/7/action 0.874s
2025-04-23 18:41:12.390 69582 INFO tempest.lib.common.rest_client [req-80319ff0-077a-4f31-b753-f0f49ae080ce req-80319ff0-077a-4f31-b753-f0f49ae080ce ] Request (KeyPairsV2TestJSON:_run_cleanups): 202 DELETE http://10.180.1.21/compute/v2.1/os-keypairs/tempest-keypair-529390709 0.853s
2025-04-23 18:41:12.510 69544 INFO tempest.lib.common.rest_client [req-1d046812-f51a-4ebd-a877-53a77868d71f req-1d046812-f51a-4ebd-a877-53a77868d71f ] Request (InstanceActionsTestJSON:setUpClass): 201 POST http://10.180.1.21:9696/networking/v2.0/networks 0.805s
2025-04-23 18:41:12.539 69560 INFO tempest.lib.common.rest_client [req-818fdb1a-d8ba-4156-a224-f9e814fefca7 req-818fdb1a-d8ba-4156-a224-f9e814fefca7 ] Request (FloatingIPsAssociationNegativeTestJSON:setUpClass): 200 GET http://10.180.1.21/compute/v2.1/servers/be32720d-7237-41f3-8438-4eec21659cf6 1.158s
2025-04-23 18:41:12.582 69556 INFO tempest.lib.common.rest_client [req-a94e2f19-d229-4349-9ea7-de9552b22e43 req-a94e2f19-d229-4349-9ea7-de9552b22e43 ] Request (ServersTestBootFromVolume:setUpClass): 200 GET http://10.180.1.21/volume/v3/volumes/92e7be24-655e-40ce-b21b-56754c23ad32 0.026s
2025-04-23 18:41:12.757 69562 INFO tempest.lib.common.rest_client [req-8eff71ff-aa13-420a-8ccf-4f9118a71f68 req-8eff71ff-aa13-420a-8ccf-4f9118a71f68 ] Request (ImagesMetadataTestJSON:test_set_image_metadata_item): 200 PUT http://10.180.1.21/compute/v2.1/images/f66c3f36-307d-4ae3-81ce-87e48fc03237/metadata/os_version 1.174s
2025-04-23 18:41:12.774 69586 INFO tempest.lib.common.rest_client [req-a929e155-9d9d-424c-9b12-803da4ff85c1 req-a929e155-9d9d-424c-9b12-803da4ff85c1 ] Request (FlavorsAdminTestJSON:test_is_public_string_variations): 200 GET http://10.180.1.21/compute/v2.1/flavors/detail?is_public=0 1.080s
2025-04-23 18:41:12.890 69540 INFO tempest.lib.common.rest_client [req-abb59d74-af4d-48b4-89a4-577bc4a4ee1f req-abb59d74-af4d-48b4-89a4-577bc4a4ee1f ] Request (ServersTestMultiNic:test_verify_duplicate_network_nics): 200 GET http://10.180.1.21/compute/v2.1/servers/b5e4935e-86a3-40d4-870e-bcfde8ce3e75 1.060s
2025-04-23 18:41:12.911 69574 INFO tempest.lib.common.rest_client [req-c3e7cc73-9571-4e80-8169-0887a0174832 req-c3e7cc73-9571-4e80-8169-0887a0174832 ] Request (AttachInterfacesUnderV243Test:test_add_remove_fixed_ip): 200 GET http://10.180.1.21/compute/v2.1/servers/a6a64814-a8d6-4180-83e6-08a130186223 1.371s
2025-04-23 18:41:13.119 69550 INFO tempest.lib.common.rest_client [req-b9349aba-65e1-4433-b899-528025e0a233 req-b9349aba-65e1-4433-b899-528025e0a233 ] Request (MigrationsAdminTest:test_list_migrations_in_flavor_resize_situation): 200 GET http://10.180.1.21/compute/v2.1/servers/4e41b95c-a1c5-49b7-8a26-b6be40046a4e 1.255s
2025-04-23 18:41:13.128 69550 INFO tempest.common.waiters [-] State transition "BUILD/spawning" ==> "ACTIVE/None" after 29 second wait
2025-04-23 18:41:13.187 69584 INFO tempest.lib.common.rest_client [req-bc9915bc-b09d-4067-876a-0dc5a67738b8 req-bc9915bc-b09d-4067-876a-0dc5a67738b8 ] Request (ServerAddressesTestJSON:tearDownClass): 200 GET http://10.180.1.21/compute/v2.1/servers/59eda413-c58c-49d1-9d16-81eb83418762 1.233s
2025-04-23 18:41:13.240 69596 INFO tempest.lib.common.rest_client [req-7e86b7f1-a907-48e8-953e-c671be04e71d req-7e86b7f1-a907-48e8-953e-c671be04e71d ] Request (ServerPasswordTestJSON:setUpClass): 200 GET http://10.180.1.21/compute/v2.1/servers/785eed74-ebba-423a-a157-56027aeaa976 1.209s
2025-04-23 18:41:13.282 69536 INFO tempest.lib.common.rest_client [req-4481c765-a7c4-429e-8d14-3aeea58ce887 req-4481c765-a7c4-429e-8d14-3aeea58ce887 ] Request (ListImageFiltersTestJSON:setUpClass): 200 GET http://10.180.1.21/compute/v2.1/images/b20dde41-4f9b-42ee-adea-7f499506fb5e 1.194s
2025-04-23 18:41:13.369 69572 INFO tempest.lib.common.rest_client [req-dd433e4c-1cc7-4750-b2ae-0553bc6ae433 req-dd433e4c-1cc7-4750-b2ae-0553bc6ae433 ] Request (ServersAdminNegativeTestJSON:test_migrate_server_invalid_state): 200 GET http://10.180.1.21/compute/v2.1/servers/87ea1913-e475-40c2-bb66-8777a9fdd5c4 1.229s
2025-04-23 18:41:13.503 69544 INFO tempest.lib.common.rest_client [req-7b565a1f-df44-4ee2-ad9c-0c1fe2392e91 req-7b565a1f-df44-4ee2-ad9c-0c1fe2392e91 ] Request (InstanceActionsTestJSON:setUpClass): 201 POST http://10.180.1.21:9696/networking/v2.0/subnets 0.991s
2025-04-23 18:41:13.525 69576 INFO tempest.lib.common.rest_client [req-8f9a7025-76d5-44d6-93d2-6a44bfff982d req-8f9a7025-76d5-44d6-93d2-6a44bfff982d ] Request (ServersTestJSON:setUpClass): 201 POST http://10.180.1.21:9696/networking/v2.0/floatingips 1.731s
2025-04-23 18:41:13.537 69552 INFO tempest.lib.common.rest_client [req-d7c2217c-682f-4e58-ac62-919b24bfe073 req-d7c2217c-682f-4e58-ac62-919b24bfe073 ] Request (VolumesAssistedSnapshotsTest:tearDownClass): 200 PUT http://10.180.1.21:9696/networking/v2.0/routers/27e8ecb8-6327-410a-9463-1eba05d81974/remove_router_interface 2.535s
2025-04-23 18:41:13.612 69576 INFO tempest.lib.common.rest_client [req-3df7a4f4-1e2f-4143-a4c2-4ee042921c34 req-3df7a4f4-1e2f-4143-a4c2-4ee042921c34 ] Request (ServersTestJSON:setUpClass): 201 POST http://10.180.1.21/identity/v3/auth/tokens 0.084s
2025-04-23 18:41:13.612 69576 INFO tempest.lib.common.fixed_network [-] (ServersTestJSON:setUpClass) Found network {'id': '43704a73-0fad-4d61-8bdd-45888e231b77', 'name': 'tempest-ServersTestJSON-204673022-network', 'tenant_id': '5e56f61f7198498f985338319ae69592', 'admin_state_up': True, 'mtu': 8950, 'status': 'ACTIVE', 'subnets': [], 'shared': False, 'project_id': '5e56f61f7198498f985338319ae69592', 'port_security_enabled': True, 'router:external': False, 'provider:network_type': 'vlan', 'provider:physical_network': 'default', 'provider:segmentation_id': 662, 'availability_zone_hints': [], 'availability_zones': [], 'ipv4_address_scope': None, 'ipv6_address_scope': None, 'description': '', 'tags': [], 'created_at': '2025-04-23T18:41:01Z', 'updated_at': '2025-04-23T18:41:01Z', 'revision_number': 1} available for tenant
2025-04-23 18:41:13.626 69556 INFO tempest.lib.common.rest_client [req-87740354-1986-41bf-be8d-daa31a2999da req-87740354-1986-41bf-be8d-daa31a2999da ] Request (ServersTestBootFromVolume:setUpClass): 200 GET http://10.180.1.21/volume/v3/volumes/92e7be24-655e-40ce-b21b-56754c23ad32 0.032s
2025-04-23 18:41:13.753 69536 INFO tempest.lib.common.rest_client [req-8e1d165e-235a-44d5-a893-40222ae57f93 req-8e1d165e-235a-44d5-a893-40222ae57f93 ] Request (ListImageFiltersTestJSON:setUpClass): 201 POST http://10.180.1.21/image/v2/images 0.466s
2025-04-23 18:41:13.775 69588 INFO tempest.lib.common.rest_client [req-70d9801e-84d6-495d-b57d-d509d6d961c9 req-70d9801e-84d6-495d-b57d-d509d6d961c9 ] Request (ServersTestJSON:test_create_server_specify_multibyte_character_name): 202 POST http://10.180.1.21/compute/v2.1/servers 1.840s
2025-04-23 18:41:14.056 69566 INFO tempest.lib.common.rest_client [req-03323d22-556b-4721-ab86-f65bf7d44196 req-03323d22-556b-4721-ab86-f65bf7d44196 ] Request (ServerRescueTestJSON:setUpClass): 200 GET http://10.180.1.21/compute/v2.1/servers/aa58e2c6-85c2-483e-9435-db6664b30d5a 1.860s
2025-04-23 18:41:14.057 69592 INFO tempest.lib.common.rest_client [req-370a6a1a-6e97-4810-8cce-89189dbe8fa2 req-370a6a1a-6e97-4810-8cce-89189dbe8fa2 ] Request (ServerRescueNegativeTestJSON:setUpClass): 202 POST http://10.180.1.21/compute/v2.1/servers 1.899s
2025-04-23 18:41:14.163 69590 INFO tempest.lib.common.rest_client [req-3b27b328-ec6f-4c3d-a21c-320aecc430e7 req-3b27b328-ec6f-4c3d-a21c-320aecc430e7 ] Request (ServerShowV257Test:test_rebuild_server): 200 GET http://10.180.1.21/compute/v2.1/servers/5acbf9bd-f1d8-49bb-a737-4e1ec117a690 1.908s
2025-04-23 18:41:14.175 69590 INFO tempest.common.waiters [-] State transition "BUILD/scheduling" ==> "BUILD/None" after 14 second wait
2025-04-23 18:41:14.196 69598 INFO tempest.lib.common.rest_client [req-22185cdc-d939-4a23-b19d-23478cf77040 req-22185cdc-d939-4a23-b19d-23478cf77040 ] Request (QuotasAdminTestV236:test_get_updated_quotas): 200 PUT http://10.180.1.21/compute/v2.1/os-quota-sets/943b89f2614341d6bd9691830d81d531?user_id=599b19ed77b341718713bd8e65afb65b 1.972s
2025-04-23 18:41:14.220 69558 INFO tempest.lib.common.rest_client [req-d269943b-0a04-44bc-83a4-4ff5dd7b6682 req-d269943b-0a04-44bc-83a4-4ff5dd7b6682 ] Request (AggregatesAdminNegativeTestJSON:_run_cleanups): 200 DELETE http://10.180.1.21/compute/v2.1/os-aggregates/7 1.846s
2025-04-23 18:41:14.245 69578 INFO tempest.lib.common.rest_client [req-7b6cb8f3-5f53-4931-97db-d06c9f5f96a1 req-7b6cb8f3-5f53-4931-97db-d06c9f5f96a1 ] Request (VolumesAdminNegativeTest:setUpClass): 201 POST http://10.180.1.21:9696/networking/v2.0/routers 2.340s
2025-04-23 18:41:14.249 69582 INFO tempest.lib.common.rest_client [req-6c15b8ea-7222-4750-a588-9e70aff98224 req-6c15b8ea-7222-4750-a588-9e70aff98224 ] Request (KeyPairsV2TestJSON:test_keypair_create_delete): 200 POST http://10.180.1.21/compute/v2.1/os-keypairs 1.855s
2025-04-23 18:41:14.318 69564 INFO tempest.lib.common.rest_client [req-e9394103-81dd-4e8d-a16a-c9fe81bea923 req-e9394103-81dd-4e8d-a16a-c9fe81bea923 ] Request (ServerDiagnosticsTest:test_get_server_diagnostics): 200 GET http://10.180.1.21/compute/v2.1/servers/2111606c-e076-4b37-a6a3-1490602d59c2 1.817s
2025-04-23 18:41:14.354 69554 INFO tempest.lib.common.rest_client [req-ee339a25-6371-4293-bf7e-77a9705d044b req-ee339a25-6371-4293-bf7e-77a9705d044b ] Request (FloatingIPsAssociationTestJSON:test_associate_already_associated_floating_ip): 200 GET http://10.180.1.21/compute/v2.1/servers/36611fa9-f155-4cfc-a2ad-7c917a03a2fd 1.684s
2025-04-23 18:41:14.405 69562 INFO tempest.lib.common.rest_client [req-9862d9c6-62e0-48e1-b051-320e0f74bd6f req-9862d9c6-62e0-48e1-b051-320e0f74bd6f ] Request (ImagesMetadataTestJSON:test_set_image_metadata_item): 200 GET http://10.180.1.21/compute/v2.1/images/f66c3f36-307d-4ae3-81ce-87e48fc03237/metadata 1.646s
2025-04-23 18:41:14.428 69580 INFO tempest.lib.common.rest_client [req-d2f2208c-780f-4b39-99f2-813c4c630f71 req-d2f2208c-780f-4b39-99f2-813c4c630f71 ] Request (ServerShowV254Test:test_rebuild_server): 200 GET http://10.180.1.21/compute/v2.1/servers/50b69299-91ee-43cf-aa76-2d6fa2240f9f 1.716s
2025-04-23 18:41:14.455 69586 INFO tempest.lib.common.rest_client [req-d881c988-c510-4318-9c10-c6c9834553a0 req-d881c988-c510-4318-9c10-c6c9834553a0 ] Request (FlavorsAdminTestJSON:test_is_public_string_variations): 200 GET http://10.180.1.21/compute/v2.1/flavors/detail?is_public=t 1.675s
2025-04-23 18:41:14.617 69548 INFO tempest.lib.common.rest_client [req-7a0ba002-5017-4abd-97e9-932f8ccdb02e req-7a0ba002-5017-4abd-97e9-932f8ccdb02e ] Request (DeleteServersAdminTestJSON:test_admin_delete_servers_of_others): 200 GET http://10.180.1.21/compute/v2.1/servers/3fd3d6a7-1609-49ae-afa5-b337aad39679 1.784s
2025-04-23 18:41:14.656 69552 INFO tempest.lib.common.rest_client [req-3ecd7232-2496-4b58-83e8-874218161fc5 req-3ecd7232-2496-4b58-83e8-874218161fc5 ] Request (VolumesAssistedSnapshotsTest:tearDownClass): 204 DELETE http://10.180.1.21:9696/networking/v2.0/routers/27e8ecb8-6327-410a-9463-1eba05d81974 1.118s
2025-04-23 18:41:14.673 69556 INFO tempest.lib.common.rest_client [req-5755c7d9-a02f-46da-9b32-b6f6d113a462 req-5755c7d9-a02f-46da-9b32-b6f6d113a462 ] Request (ServersTestBootFromVolume:setUpClass): 200 GET http://10.180.1.21/volume/v3/volumes/92e7be24-655e-40ce-b21b-56754c23ad32 0.037s
2025-04-23 18:41:14.730 69570 INFO tempest.lib.common.rest_client [req-27621bdf-10bc-45f1-b6a1-ac928c14979e req-27621bdf-10bc-45f1-b6a1-ac928c14979e ] Request (ServerExternalEventsTest:test_create_server_external_events): 200 GET http://10.180.1.21/compute/v2.1/servers/a0cb9958-4a58-41d8-8686-eaa2e192034e 1.821s
2025-04-23 18:41:14.826 69568 INFO tempest.lib.common.rest_client [req-acc402a0-bfcc-4e0f-bd20-ed0b33deed62 req-acc402a0-bfcc-4e0f-bd20-ed0b33deed62 ] Request (ServersAdminTestJSON:test_create_server_with_scheduling_hint): 200 GET http://10.180.1.21/compute/v2.1/servers/b778c536-fcf3-45c1-babc-f4c93bfaadbd 1.869s
2025-04-23 18:41:14.863 69546 INFO tempest.lib.common.rest_client [req-a5767ad5-a3be-4c57-945b-aeaecbf67c8c req-a5767ad5-a3be-4c57-945b-aeaecbf67c8c ] Request (SecurityGroupsTestJSON:test_list_security_groups_by_server): 200 GET http://10.180.1.21/compute/v2.1/servers/ae681203-5fe5-41dc-8dee-0d0240349185 2.004s
2025-04-23 18:41:15.105 69550 INFO tempest.lib.common.rest_client [req-a2ee922e-bc10-41dd-997f-4ee729af80d8 req-a2ee922e-bc10-41dd-997f-4ee729af80d8 ] Request (MigrationsAdminTest:test_list_migrations_in_flavor_resize_situation): 202 POST http://10.180.1.21/compute/v2.1/servers/4e41b95c-a1c5-49b7-8a26-b6be40046a4e/action 1.976s
2025-04-23 18:41:15.125 69552 INFO tempest.lib.common.rest_client [req-a44a215f-1ec8-4c5a-8a72-828ac062f50f req-a44a215f-1ec8-4c5a-8a72-828ac062f50f ] Request (VolumesAssistedSnapshotsTest:tearDownClass): 204 DELETE http://10.180.1.21:9696/networking/v2.0/subnets/731efaa8-e1a6-4807-9bf6-51aa70b9835f 0.468s
2025-04-23 18:41:15.202 69594 INFO tempest.lib.common.rest_client [req-6126a250-91e5-4922-9d61-2ae41e61d973 req-6126a250-91e5-4922-9d61-2ae41e61d973 ] Request (ImagesTestJSON:test_create_image_from_stopped_server): 200 GET http://10.180.1.21/compute/v2.1/servers/7120b731-6946-48ee-9d53-74f7b9d92858 1.988s
2025-04-23 18:41:15.325 69538 INFO tempest.lib.common.rest_client [req-70e5efb1-53ae-4a3d-bcb4-a44d75649980 req-70e5efb1-53ae-4a3d-bcb4-a44d75649980 ] Request (ImagesOneServerNegativeTestJSON:setUpClass): 200 GET http://10.180.1.21/compute/v2.1/servers/f2984bb6-02ae-471d-820c-f475b91eb6b7 2.274s
2025-04-23 18:41:15.336 69538 INFO tempest.common.waiters [-] State transition "BUILD/block_device_mapping" ==> "BUILD/spawning" after 20 second wait
2025-04-23 18:41:15.508 69542 INFO tempest.lib.common.rest_client [req-fc086721-85f1-49d4-abca-7115909df2af req-fc086721-85f1-49d4-abca-7115909df2af ] Request (ServersWithSpecificFlavorTestJSON:test_verify_created_server_ephemeral_disk): 200 GET http://10.180.1.21/compute/v2.1/servers/325d5036-99de-48c1-bcac-0d5741d8dd78 2.283s
2025-04-23 18:41:15.581 69560 INFO tempest.lib.common.rest_client [req-2d2edcdc-44c2-44b0-8741-83e7418f4fb0 req-2d2edcdc-44c2-44b0-8741-83e7418f4fb0 ] Request (FloatingIPsAssociationNegativeTestJSON:setUpClass): 200 GET http://10.180.1.21/compute/v2.1/servers/be32720d-7237-41f3-8438-4eec21659cf6 2.033s
2025-04-23 18:41:15.706 69588 INFO tempest.lib.common.rest_client [req-6a6cceb2-de2c-46be-907c-190e2f0dbf73 req-6a6cceb2-de2c-46be-907c-190e2f0dbf73 ] Request (ServersTestJSON:test_create_server_specify_multibyte_character_name): 200 GET http://10.180.1.21/compute/v2.1/servers/860c3c53-b3eb-43fe-8aad-2df79bee35c3 1.929s
2025-04-23 18:41:15.745 69556 INFO tempest.lib.common.rest_client [req-8b7badab-e784-4db2-a61c-24680acacd23 req-8b7badab-e784-4db2-a61c-24680acacd23 ] Request (ServersTestBootFromVolume:setUpClass): 200 GET http://10.180.1.21/volume/v3/volumes/92e7be24-655e-40ce-b21b-56754c23ad32 0.056s
2025-04-23 18:41:15.760 69536 INFO tempest.lib.common.rest_client [req-f9e9c91b-f582-4e4f-8cbc-ac8d6d078c82 req-f9e9c91b-f582-4e4f-8cbc-ac8d6d078c82 ] Request (ListImageFiltersTestJSON:setUpClass): 204 PUT http://10.180.1.21/image/v2/images/90da7475-8bd8-4cb3-b563-7c76f33dee1a/file 1.007s
2025-04-23 18:41:15.848 69540 INFO tempest.lib.common.rest_client [req-6285b3e1-cf38-491a-b502-804d15d73720 req-6285b3e1-cf38-491a-b502-804d15d73720 ] Request (ServersTestMultiNic:test_verify_duplicate_network_nics): 200 GET http://10.180.1.21/compute/v2.1/servers/b5e4935e-86a3-40d4-870e-bcfde8ce3e75 1.949s
2025-04-23 18:41:15.862 69544 INFO tempest.lib.common.rest_client [req-488dbecb-036d-44f0-ace8-dba3cd4bfb14 req-488dbecb-036d-44f0-ace8-dba3cd4bfb14 ] Request (InstanceActionsTestJSON:setUpClass): 201 POST http://10.180.1.21:9696/networking/v2.0/routers 2.359s
2025-04-23 18:41:15.872 69552 INFO tempest.lib.common.rest_client [req-d7cc3050-18f9-440d-a8ad-b363b908a48a req-d7cc3050-18f9-440d-a8ad-b363b908a48a ] Request (VolumesAssistedSnapshotsTest:tearDownClass): 204 DELETE http://10.180.1.21:9696/networking/v2.0/networks/22f9b2d8-b7fc-48e0-b520-70bd750ad427 0.746s
2025-04-23 18:41:15.994 69574 INFO tempest.lib.common.rest_client [req-b654a30c-8b72-4389-bdd8-37ddfdb1134a req-b654a30c-8b72-4389-bdd8-37ddfdb1134a ] Request (AttachInterfacesUnderV243Test:test_add_remove_fixed_ip): 200 GET http://10.180.1.21/compute/v2.1/servers/a6a64814-a8d6-4180-83e6-08a130186223 2.072s
2025-04-23 18:41:16.075 69592 INFO tempest.lib.common.rest_client [req-bcefee91-e01c-4e5a-a017-0a50957f910a req-bcefee91-e01c-4e5a-a017-0a50957f910a ] Request (ServerRescueNegativeTestJSON:setUpClass): 200 GET http://10.180.1.21/compute/v2.1/servers/1bfb197a-067d-498f-9af3-bd6a384bd451 2.015s
2025-04-23 18:41:16.127 69592 INFO tempest.lib.common.rest_client [req-8798fb1a-7dbb-4e4b-b213-9965647e7d95 req-8798fb1a-7dbb-4e4b-b213-9965647e7d95 ] Request (ServerRescueNegativeTestJSON:setUpClass): 201 POST http://10.180.1.21/identity/v3/auth/tokens 0.041s
2025-04-23 18:41:16.128 69592 INFO tempest.lib.common.fixed_network [-] (ServerRescueNegativeTestJSON:setUpClass) Found network {'id': 'bf39d7be-3757-49a8-9316-8bad2b2fcb19', 'name': 'tempest-ServerRescueNegativeTestJSON-19837563-network', 'tenant_id': '7980e2400744463f906213e4951741e0', 'admin_state_up': True, 'mtu': 8950, 'status': 'ACTIVE', 'subnets': [], 'shared': False, 'project_id': '7980e2400744463f906213e4951741e0', 'port_security_enabled': True, 'router:external': False, 'provider:network_type': 'vlan', 'provider:physical_network': 'default', 'provider:segmentation_id': 388, 'availability_zone_hints': [], 'availability_zones': [], 'ipv4_address_scope': None, 'ipv6_address_scope': None, 'description': '', 'tags': [], 'created_at': '2025-04-23T18:41:05Z', 'updated_at': '2025-04-23T18:41:05Z', 'revision_number': 1} available for tenant
2025-04-23 18:41:16.153 69598 INFO tempest.lib.common.rest_client [req-5d7b578f-a8e2-4fbe-befc-b3285ffa8ac2 req-5d7b578f-a8e2-4fbe-befc-b3285ffa8ac2 ] Request (QuotasAdminTestV236:test_get_updated_quotas): 200 GET http://10.180.1.21/compute/v2.1/os-quota-sets/943b89f2614341d6bd9691830d81d531?user_id=599b19ed77b341718713bd8e65afb65b 1.955s
2025-04-23 18:41:16.249 69598 INFO tempest.lib.common.rest_client [req-27d73c73-1361-451d-8b4e-52261cca68eb req-27d73c73-1361-451d-8b4e-52261cca68eb ] Request (QuotasAdminTestV236:_run_cleanups): 204 DELETE http://10.180.1.21/identity/v3/users/599b19ed77b341718713bd8e65afb65b 0.095s
2025-04-23 18:41:16.264 69584 INFO tempest.lib.common.rest_client [req-08359164-9d4c-461f-b4ae-ac8004ddddfb req-08359164-9d4c-461f-b4ae-ac8004ddddfb ] Request (ServerAddressesTestJSON:tearDownClass): 200 GET http://10.180.1.21/compute/v2.1/servers/59eda413-c58c-49d1-9d16-81eb83418762 2.064s
2025-04-23 18:41:16.303 69558 INFO tempest.lib.common.rest_client [req-39e33361-17cc-4b38-81bc-a601227d949e req-39e33361-17cc-4b38-81bc-a601227d949e ] Request (AggregatesAdminNegativeTestJSON:test_aggregate_remove_nonexistent_host): 200 POST http://10.180.1.21/compute/v2.1/os-aggregates 2.081s
2025-04-23 18:41:16.325 69582 INFO tempest.lib.common.rest_client [req-98246581-2d7e-4b92-b2fa-85785fbae708 req-98246581-2d7e-4b92-b2fa-85785fbae708 ] Request (KeyPairsV2TestJSON:_run_cleanups): 202 DELETE http://10.180.1.21/compute/v2.1/os-keypairs/tempest-keypair-557335260 2.073s
2025-04-23 18:41:16.406 69598 INFO tempest.lib.common.rest_client [req-2ef81945-c35f-4de3-9410-826727d88fff req-2ef81945-c35f-4de3-9410-826727d88fff ] Request (QuotasAdminTestV236:_run_cleanups): 204 DELETE http://10.180.1.21/identity/v3/projects/943b89f2614341d6bd9691830d81d531 0.156s
2025-04-23 18:41:16.416 69576 INFO tempest.lib.common.rest_client [req-b8890342-1a84-4b9c-9318-22219dd0eff0 req-b8890342-1a84-4b9c-9318-22219dd0eff0 ] Request (ServersTestJSON:setUpClass): 202 POST http://10.180.1.21/compute/v2.1/servers 2.803s
2025-04-23 18:41:16.503 69572 INFO tempest.lib.common.rest_client [req-92d7ab99-5bed-4d83-9d5b-9f18c87fd101 req-92d7ab99-5bed-4d83-9d5b-9f18c87fd101 ] Request (ServersAdminNegativeTestJSON:test_migrate_server_invalid_state): 200 GET http://10.180.1.21/compute/v2.1/servers/87ea1913-e475-40c2-bb66-8777a9fdd5c4 2.124s
2025-04-23 18:41:16.604 69598 INFO tempest.lib.common.rest_client [req-8bc42c36-1911-46c0-a42d-61608ab64b47 req-8bc42c36-1911-46c0-a42d-61608ab64b47 ] Request (QuotasAdminTestV236:tearDownClass): 204 DELETE http://10.180.1.21/identity/v3/users/308e733265eb4619bf56d22bcc37244e 0.197s
2025-04-23 18:41:16.623 69596 INFO tempest.lib.common.rest_client [req-bda5e4ab-7aab-4545-9b9c-ac832bcda46c req-bda5e4ab-7aab-4545-9b9c-ac832bcda46c ] Request (ServerPasswordTestJSON:setUpClass): 200 GET http://10.180.1.21/compute/v2.1/servers/785eed74-ebba-423a-a157-56027aeaa976 2.369s
2025-04-23 18:41:16.632 69596 INFO tempest.common.waiters [-] State transition "BUILD/None" ==> "BUILD/spawning" after 21 second wait
2025-04-23 18:41:16.651 69586 INFO tempest.lib.common.rest_client [req-a32b2928-d46d-41d2-ba09-9d6aa20ce8b8 req-a32b2928-d46d-41d2-ba09-9d6aa20ce8b8 ] Request (FlavorsAdminTestJSON:test_is_public_string_variations): 200 GET http://10.180.1.21/compute/v2.1/flavors/detail?is_public=true 2.191s
2025-04-23 18:41:16.660 69578 INFO tempest.lib.common.rest_client [req-65586af5-615c-4bbe-97fe-29450498e459 req-65586af5-615c-4bbe-97fe-29450498e459 ] Request (VolumesAdminNegativeTest:setUpClass): 200 PUT http://10.180.1.21:9696/networking/v2.0/routers/ce91bd53-ca4f-4fe5-bc56-dd110d79978c/add_router_interface 2.414s
