2025-04-23 18:40:45.186 69578 INFO tempest.lib.common.rest_client [req-58aff02c-9f23-4b5e-a3f5-0cee191f57b2 req-58aff02c-9f23-4b5e-a3f5-0cee191f57b2 ] Request (HostsAdminNegativeTestJSON:setUpClass): 200 GET http://10.180.1.21/compute/v2.1/os-hosts 1.767s
2025-04-23 18:40:45.198 69560 INFO tempest.lib.common.rest_client [req-8655153d-ce6a-4e2b-a3d6-b2ddb3e7ed6b req-8655153d-ce6a-4e2b-a3d6-b2ddb3e7ed6b ] Request (FloatingIPsAssociationNegativeTestJSON:setUpClass): 201 POST http://10.180.1.21/identity/v3/auth/tokens 0.118s
2025-04-23 18:40:45.199 69560 INFO tempest.lib.common.fixed_network [-] (FloatingIPsAssociationNegativeTestJSON:setUpClass) Found network {'id': '1a6f5d6c-f246-48bb-83bc-f2784a222ccb', 'name': 'tempest-FloatingIPsAssociationNegativeTestJSON-1979233501-network', 'tenant_id': '286a846c3f0748b3975943c194108e74', 'admin_state_up': True, 'mtu': 8950, 'status': 'ACTIVE', 'subnets': [], 'shared': False, 'project_id': '286a846c3f0748b3975943c194108e74', 'port_security_enabled': True, 'router:external': False, 'provider:network_type': 'vlan', 'provider:physical_network': 'default', 'provider:segmentation_id': 17, 'availability_zone_hints': [], 'availability_zones': [], 'ipv4_address_scope': None, 'ipv6_address_scope': None, 'description': '', 'tags': [], 'created_at': '2025-04-23T18:40:41Z', 'updated_at': '2025-04-23T18:40:41Z', 'revision_number': 1} available for tenant
2025-04-23 18:40:45.226 69596 INFO tempest.lib.common.rest_client [req-3f691ccf-e43e-450e-bc2e-8ae603124faf req-3f691ccf-e43e-450e-bc2e-8ae603124faf ] Request (HypervisorAdminV253TestBase:tearDownClass): 204 DELETE http://10.180.1.21:9696/networking/v2.0/security-groups/9216eb61-2fa1-48eb-954d-ce3bc5229e57 0.204s
2025-04-23 18:40:45.235 69592 INFO tempest.lib.common.rest_client [req-8c5ac001-0a31-437b-8573-eb59c1ea2016 req-8c5ac001-0a31-437b-8573-eb59c1ea2016 ] Request (QuotasAdminTestV257:_run_cleanups): 204 DELETE http://10.180.1.21/identity/v3/users/36d45167627840c18904ef086200d31d 0.139s
2025-04-23 18:40:45.317 69574 INFO tempest.lib.common.rest_client [req-768d9c2d-3343-4bf6-bd2a-1c4ba66498f2 req-768d9c2d-3343-4bf6-bd2a-1c4ba66498f2 ] Request (ValidationResourcesFixture:setUp): 201 POST http://10.180.1.21:9696/networking/v2.0/security-groups 0.293s
2025-04-23 18:40:45.322 69554 INFO tempest.lib.common.rest_client [req-58c851ef-c979-4e56-9803-ee97962f151c req-58c851ef-c979-4e56-9803-ee97962f151c ] Request (FloatingIPsAssociationTestJSON:setUpClass): 200 GET http://10.180.1.21/compute/v2.1/servers/f43baed6-6386-4cab-9e4f-4dcc97eb6e87 1.543s
2025-04-23 18:40:45.334 69596 INFO tempest.lib.common.rest_client [req-2b4a49f4-beae-48b9-8e6a-8451cd8387ca req-2b4a49f4-beae-48b9-8e6a-8451cd8387ca ] Request (HypervisorAdminV253TestBase:tearDownClass): 204 DELETE http://10.180.1.21/identity/v3/projects/c4435da52e154c8bb2b78dc894b386cd 0.107s
2025-04-23 18:40:45.334 69596 INFO tempest.lib.common.dynamic_creds [-] Deleting project and security group for project: 4486fbc23fb34f769df85bfe9233e70b
2025-04-23 18:40:45.353 69562 INFO tempest.lib.common.rest_client [req-6be3e229-8cd5-4273-ac8d-dafebf8d0122 req-6be3e229-8cd5-4273-ac8d-dafebf8d0122 ] Request (QuotasAdminNegativeTest:test_create_server_when_memory_quota_is_full): 200 GET http://10.180.1.21/compute/v2.1/os-quota-sets/4a02382fd96b43db8b49e516a939097b 1.555s
2025-04-23 18:40:45.423 69592 INFO tempest.lib.common.rest_client [req-d6a18edf-14c9-4553-82f7-4b34c351b2e8 req-d6a18edf-14c9-4553-82f7-4b34c351b2e8 ] Request (QuotasAdminTestV257:_run_cleanups): 204 DELETE http://10.180.1.21/identity/v3/projects/8e7036c3b334464caa02ff4b4eb3bc7d 0.188s
2025-04-23 18:40:45.536 69592 INFO tempest.lib.common.rest_client [req-e5c2eb38-9528-43a4-90d2-aafbcf088cfd req-e5c2eb38-9528-43a4-90d2-aafbcf088cfd ] Request (QuotasAdminTestV257:tearDownClass): 204 DELETE http://10.180.1.21/identity/v3/users/3a453bb6246f4d54bf0e01c2e9a513d1 0.106s
2025-04-23 18:40:45.551 69594 INFO tempest.lib.common.rest_client [req-208101f4-9361-4628-862e-e29468559282 req-208101f4-9361-4628-862e-e29468559282 ] Request (FloatingIPDetailsTestJSON:test_list_floating_ips): 200 GET http://10.180.1.21/compute/v2.1/os-floating-ips 1.349s
2025-04-23 18:40:45.592 69558 INFO tempest.lib.common.rest_client [req-fbbf6727-26b8-4f51-8802-31ed3ad2d144 req-fbbf6727-26b8-4f51-8802-31ed3ad2d144 ] Request (AggregatesAdminNegativeTestJSON:test_aggregate_add_non_exist_host): 200 POST http://10.180.1.21/compute/v2.1/os-aggregates 1.327s
2025-04-23 18:40:45.611 69588 INFO tempest.lib.common.rest_client [req-5cc92270-c89f-407b-a9b7-3dd97e7cc460 req-5cc92270-c89f-407b-a9b7-3dd97e7cc460 ] Request (FlavorsAccessTestJSON:test_flavor_access_list_with_private_flavor): 200 GET http://10.180.1.21/compute/v2.1/flavors/1835913678/os-flavor-access 1.315s
2025-04-23 18:40:45.627 69596 INFO tempest.lib.common.rest_client [req-c4b00f37-f725-4a6a-a8cd-7bca3d1d59c7 req-c4b00f37-f725-4a6a-a8cd-7bca3d1d59c7 ] Request (HypervisorAdminV253TestBase:tearDownClass): 200 GET http://10.180.1.21:9696/networking/v2.0/security-groups?tenant_id=4486fbc23fb34f769df85bfe9233e70b&name=default 0.292s
2025-04-23 18:40:45.633 69574 INFO tempest.lib.common.rest_client [req-1236abcf-4357-4f42-9c42-aee0e8632696 req-1236abcf-4357-4f42-9c42-aee0e8632696 ] Request (ValidationResourcesFixture:setUp): 201 POST http://10.180.1.21:9696/networking/v2.0/security-group-rules 0.315s
2025-04-23 18:40:45.654 69556 INFO tempest.lib.common.rest_client [req-e26bdc3c-4a47-4174-8e55-3d937795c394 req-e26bdc3c-4a47-4174-8e55-3d937795c394 ] Request (HostsAdminTestJSON:test_show_host_detail): 200 GET http://10.180.1.21/compute/v2.1/os-hosts/cpu-1 1.336s
2025-04-23 18:40:45.668 69592 INFO tempest.lib.common.rest_client [req-29b7f216-610b-4257-9964-7fc1c647f8c3 req-29b7f216-610b-4257-9964-7fc1c647f8c3 ] Request (QuotasAdminTestV257:tearDownClass): 204 DELETE http://10.180.1.21/identity/v3/users/280c75d3b3454354801e70c774cfcd7f 0.131s
2025-04-23 18:40:45.668 69592 INFO tempest.lib.common.dynamic_creds [-] Deleting project and security group for project: 8a71675983134bc988432a9447163bcb
2025-04-23 18:40:45.677 69536 INFO tempest.lib.common.rest_client [req-e3c111b7-8cc0-4170-88e4-ac38ab5425ad req-e3c111b7-8cc0-4170-88e4-ac38ab5425ad ] Request (FlavorsAccessNegativeTestJSON:_run_cleanups): 202 DELETE http://10.180.1.21/compute/v2.1/flavors/481567976 1.303s
2025-04-23 18:40:45.683 69538 INFO tempest.lib.common.rest_client [req-e618f69a-96d1-4213-9cab-c90760e440c5 req-e618f69a-96d1-4213-9cab-c90760e440c5 ] Request (ImagesOneServerNegativeTestJSON:setUpClass): 201 POST http://10.180.1.21:9696/networking/v2.0/networks 0.700s
2025-04-23 18:40:45.737 69592 INFO tempest.lib.common.rest_client [req-ef9e04d3-f220-4352-85ec-c07eb1e40e94 req-ef9e04d3-f220-4352-85ec-c07eb1e40e94 ] Request (QuotasAdminTestV257:tearDownClass): 201 POST http://10.180.1.21/identity/v3/auth/tokens 0.069s
2025-04-23 18:40:45.764 69580 INFO tempest.lib.common.rest_client [req-8e2afbfd-7577-4693-87ec-5fb4b1c164ed req-8e2afbfd-7577-4693-87ec-5fb4b1c164ed ] Request (ServerShowV254Test:test_rebuild_server): 200 GET http://10.180.1.21/compute/v2.1/servers/50b69299-91ee-43cf-aa76-2d6fa2240f9f 1.386s
2025-04-23 18:40:45.775 69556 INFO tempest.lib.common.rest_client [req-6bd1c3a0-9a82-4361-ab0b-ece850dcc4fd req-6bd1c3a0-9a82-4361-ab0b-ece850dcc4fd ] Request (HostsAdminTestJSON:tearDownClass): 204 DELETE http://10.180.1.21/identity/v3/users/ef8dfc34bff44712ae73a23806eeb0b3 0.118s
2025-04-23 18:40:45.800 69542 INFO tempest.lib.common.rest_client [req-6f3eaeb7-957e-41e3-bdea-5af4622ebd1e req-6f3eaeb7-957e-41e3-bdea-5af4622ebd1e ] Request (ServersWithSpecificFlavorTestJSON:test_verify_created_server_ephemeral_disk): 200 POST http://10.180.1.21/compute/v2.1/flavors/1107654100/os-extra_specs 1.410s
2025-04-23 18:40:45.833 69596 INFO tempest.lib.common.rest_client [req-881591cd-a619-4408-853d-b33be75ee4a9 req-881591cd-a619-4408-853d-b33be75ee4a9 ] Request (HypervisorAdminV253TestBase:tearDownClass): 204 DELETE http://10.180.1.21:9696/networking/v2.0/security-groups/e4e6edeb-0959-4473-b3a2-492f454afb96 0.206s
2025-04-23 18:40:45.842 69574 INFO tempest.lib.common.rest_client [req-d5124f82-2271-4e14-8b32-360a89911806 req-d5124f82-2271-4e14-8b32-360a89911806 ] Request (ValidationResourcesFixture:setUp): 201 POST http://10.180.1.21:9696/networking/v2.0/security-group-rules 0.209s
2025-04-23 18:40:45.913 69556 INFO tempest.lib.common.rest_client [req-139af476-f56c-4669-92dd-4cf7642179a0 req-139af476-f56c-4669-92dd-4cf7642179a0 ] Request (HostsAdminTestJSON:tearDownClass): 204 DELETE http://10.180.1.21/identity/v3/users/b9e91d739cfd4756857f35d8d000f072 0.137s
2025-04-23 18:40:45.913 69556 INFO tempest.lib.common.dynamic_creds [-] Deleting project and security group for project: 94ebc98cbec44866ada5693a39a2661b
2025-04-23 18:40:45.978 69548 INFO tempest.lib.common.rest_client [req-d6ebcee7-7467-4005-bf21-66121725506e req-d6ebcee7-7467-4005-bf21-66121725506e ] Request (DeleteServersAdminTestJSON:test_admin_delete_servers_of_others): 200 GET http://10.180.1.21/compute/v2.1/servers/3fd3d6a7-1609-49ae-afa5-b337aad39679 1.381s
2025-04-23 18:40:45.992 69556 INFO tempest.lib.common.rest_client [req-0c824eb5-cd47-42e3-9c41-16211758b280 req-0c824eb5-cd47-42e3-9c41-16211758b280 ] Request (HostsAdminTestJSON:tearDownClass): 201 POST http://10.180.1.21/identity/v3/auth/tokens 0.079s
2025-04-23 18:40:46.002 69582 INFO tempest.lib.common.rest_client [req-882d5f35-894b-48c2-ab82-6c07b3707555 req-882d5f35-894b-48c2-ab82-6c07b3707555 ] Request (FlavorsV2TestJSON:test_list_flavors): 200 GET http://10.180.1.21/compute/v2.1/flavors 1.369s
2025-04-23 18:40:46.002 69576 INFO tempest.lib.common.rest_client [req-707f9462-b7d7-4037-b7de-83fe17c4823f req-707f9462-b7d7-4037-b7de-83fe17c4823f ] Request (SecurityGroupsTestAdminJSON:test_list_security_groups_list_all_tenants_filter): 200 POST http://10.180.1.21/compute/v2.1/os-security-groups 1.794s
2025-04-23 18:40:46.013 69596 INFO tempest.lib.common.rest_client [req-9f7faa05-f53f-43dc-bc52-226bd3a0482a req-9f7faa05-f53f-43dc-bc52-226bd3a0482a ] Request (HypervisorAdminV253TestBase:tearDownClass): 204 DELETE http://10.180.1.21/identity/v3/projects/4486fbc23fb34f769df85bfe9233e70b 0.177s
2025-04-23 18:40:46.023 69538 INFO tempest.lib.common.rest_client [req-4cd19f71-b442-4768-8d4c-28a23ad8bddc req-4cd19f71-b442-4768-8d4c-28a23ad8bddc ] Request (ImagesOneServerNegativeTestJSON:setUpClass): 201 POST http://10.180.1.21:9696/networking/v2.0/subnets 0.339s
2025-04-23 18:40:46.090 69596 INFO tempest.lib.common.rest_client [req-7077f9f6-6221-4f7b-8190-243717ec8ec3 req-7077f9f6-6221-4f7b-8190-243717ec8ec3 ] Request (ServerPasswordTestJSON:setUpClass): 201 POST http://10.180.1.21/identity/v3/auth/tokens 0.075s
2025-04-23 18:40:46.118 69596 INFO tempest.lib.common.rest_client [req-40de1df7-b75f-4827-afd7-fa36be80713a req-40de1df7-b75f-4827-afd7-fa36be80713a ] Request (ServerPasswordTestJSON:setUpClass): 201 POST http://10.180.1.21/identity/v3/auth/tokens 0.026s
2025-04-23 18:40:46.132 69566 INFO tempest.lib.common.rest_client [req-321f40c8-9809-4b00-9b5b-f47bf884ee9b req-321f40c8-9809-4b00-9b5b-f47bf884ee9b ] Request (ServerRescueTestJSON:setUpClass): 200 GET http://10.180.1.21/compute/v2.1/servers/aa58e2c6-85c2-483e-9435-db6664b30d5a 1.472s
2025-04-23 18:40:46.156 69596 INFO tempest.lib.common.rest_client [req-4681907b-8ea2-4f31-96b8-f33a5c036ebc req-4681907b-8ea2-4f31-96b8-f33a5c036ebc ] Request (ServerPasswordTestJSON:setUpClass): 200 GET http://10.180.1.21/identity/v3/domains?name=Default 0.038s
2025-04-23 18:40:46.173 69546 INFO tempest.lib.common.rest_client [req-d4e84b4a-11fe-4779-9d2d-bd569f70be3d req-d4e84b4a-11fe-4779-9d2d-bd569f70be3d ] Request (SecurityGroupsTestJSON:test_list_security_groups_by_server): 200 POST http://10.180.1.21/compute/v2.1/os-security-groups 1.345s
2025-04-23 18:40:46.190 69596 INFO tempest.lib.common.rest_client [req-e6958f5c-c99e-4e9a-a3f5-9b20ce20bb24 req-e6958f5c-c99e-4e9a-a3f5-9b20ce20bb24 ] Request (ServerPasswordTestJSON:setUpClass): 201 POST http://10.180.1.21/identity/v3/projects 0.033s
2025-04-23 18:40:46.250 69572 INFO tempest.lib.common.rest_client [req-564ee2b9-e4f4-49e4-b60b-5e7493938917 req-564ee2b9-e4f4-49e4-b60b-5e7493938917 ] Request (ServersAdminNegativeTestJSON:setUpClass): 200 GET http://10.180.1.21/compute/v2.1/servers/7080e070-ba39-48ca-b4c7-abcd4349eb57 1.375s
2025-04-23 18:40:46.257 69550 INFO tempest.lib.common.rest_client [req-b2cbfbaf-a3e5-48e4-9dbe-fea58be35407 req-b2cbfbaf-a3e5-48e4-9dbe-fea58be35407 ] Request (MigrationsAdminTest:test_list_migrations_in_flavor_resize_situation): 200 GET http://10.180.1.21/compute/v2.1/servers/4e41b95c-a1c5-49b7-8a26-b6be40046a4e 1.253s
2025-04-23 18:40:46.260 69546 INFO tempest.lib.common.rest_client [req-af36e374-75f9-4487-b4d6-da7828096292 req-af36e374-75f9-4487-b4d6-da7828096292 ] Request (SecurityGroupsTestJSON:test_list_security_groups_by_server): 201 POST http://10.180.1.21/identity/v3/auth/tokens 0.078s
2025-04-23 18:40:46.261 69546 INFO tempest.lib.common.fixed_network [-] (SecurityGroupsTestJSON:test_list_security_groups_by_server) Found network {'id': '8bb9f009-2cda-4b96-b6b5-02855d7da5d6', 'name': 'tempest-SecurityGroupsTestJSON-1742718433-network', 'tenant_id': '35e76f8d15514258841b4736646458b8', 'admin_state_up': True, 'mtu': 8950, 'status': 'ACTIVE', 'subnets': [], 'shared': False, 'project_id': '35e76f8d15514258841b4736646458b8', 'port_security_enabled': True, 'router:external': False, 'provider:network_type': 'vlan', 'provider:physical_network': 'default', 'provider:segmentation_id': 247, 'availability_zone_hints': [], 'availability_zones': [], 'ipv4_address_scope': None, 'ipv6_address_scope': None, 'description': '', 'tags': [], 'created_at': '2025-04-23T18:40:36Z', 'updated_at': '2025-04-23T18:40:36Z', 'revision_number': 1} available for tenant
2025-04-23 18:40:46.269 69596 INFO tempest.lib.common.rest_client [req-63900ed6-3375-45e6-991c-41a227c12a79 req-63900ed6-3375-45e6-991c-41a227c12a79 ] Request (ServerPasswordTestJSON:setUpClass): 201 POST http://10.180.1.21/identity/v3/users 0.079s
2025-04-23 18:40:46.281 69590 INFO tempest.lib.common.rest_client [req-17983fe7-7ed9-4f63-9a63-2f2b4de2182f req-17983fe7-7ed9-4f63-9a63-2f2b4de2182f ] Request (ServicesAdminNegativeTestJSON:test_get_service_with_valid_service_and_invalid_host): 200 GET http://10.180.1.21/compute/v2.1/os-services 1.224s
2025-04-23 18:40:46.284 69564 INFO tempest.lib.common.rest_client [req-c397a407-97b5-43f1-bcd9-bd4ce75ac36f req-c397a407-97b5-43f1-bcd9-bd4ce75ac36f ] Request (FlavorsExtraSpecsNegativeTestJSON:tearDownClass): 202 DELETE http://10.180.1.21/compute/v2.1/flavors/2131363687 1.220s
2025-04-23 18:40:46.298 69596 INFO tempest.lib.common.rest_client [req-4164ddae-3b68-4d2b-867b-dece8c99aceb req-4164ddae-3b68-4d2b-867b-dece8c99aceb ] Request (ServerPasswordTestJSON:setUpClass): 200 GET http://10.180.1.21/identity/v3/roles 0.028s
2025-04-23 18:40:46.310 69586 INFO tempest.lib.common.rest_client [req-6e129cbd-2385-42bd-b484-d32036c01720 req-6e129cbd-2385-42bd-b484-d32036c01720 ] Request (FlavorsAdminTestJSON:_run_cleanups): 200 GET http://10.180.1.21/compute/v2.1/flavors/detail 1.192s
2025-04-23 18:40:46.341 69596 INFO tempest.lib.common.rest_client [req-3cc0f368-85a9-4e14-848a-44be2d7f7f4c req-3cc0f368-85a9-4e14-848a-44be2d7f7f4c ] Request (ServerPasswordTestJSON:setUpClass): 204 PUT http://10.180.1.21/identity/v3/projects/1d43a6a438c54a549e0183f0ddc9ce7f/users/ba473dd84ed94492a65b912ecf93188b/roles/81fb859fcf794d16b22488f7898b405f 0.042s
2025-04-23 18:40:46.341 69596 INFO tempest.lib.common.dynamic_creds [-] Dynamic test user ba473dd84ed94492a65b912ecf93188b is created with scope project and roles: ['member']
2025-04-23 18:40:46.341 69596 INFO tempest.lib.common.dynamic_creds [-] Acquired dynamic creds: credentials: Credentials: {'domain_id': 'default', 'domain_name': 'Default', 'username': 'tempest-ServerPasswordTestJSON-121435125-project-member', 'project_domain_id': 'default', 'project_domain_name': 'Default', 'project_id': '1d43a6a438c54a549e0183f0ddc9ce7f', 'project_name': 'tempest-ServerPasswordTestJSON-121435125', 'tenant_id': '1d43a6a438c54a549e0183f0ddc9ce7f', 'tenant_name': 'tempest-ServerPasswordTestJSON-121435125', 'user_domain_id': 'default', 'user_domain_name': 'Default', 'user_id': 'ba473dd84ed94492a65b912ecf93188b', 'system': None}, Network: None, Subnet: None, Router: None
2025-04-23 18:40:46.351 69556 INFO tempest.lib.common.rest_client [req-2a899cd6-b913-4274-92a5-1ae3888a3a55 req-2a899cd6-b913-4274-92a5-1ae3888a3a55 ] Request (HostsAdminTestJSON:tearDownClass): 200 GET http://10.180.1.21:9696/networking/v2.0/security-groups?tenant_id=94ebc98cbec44866ada5693a39a2661b&name=default 0.359s
2025-04-23 18:40:46.362 69592 INFO tempest.lib.common.rest_client [req-67092e53-47c6-4022-8c80-691e4b183c0e req-67092e53-47c6-4022-8c80-691e4b183c0e ] Request (QuotasAdminTestV257:tearDownClass): 200 GET http://10.180.1.21:9696/networking/v2.0/security-groups?tenant_id=8a71675983134bc988432a9447163bcb&name=default 0.624s
2025-04-23 18:40:46.452 69578 INFO tempest.lib.common.rest_client [req-9c0395c0-f636-4b6a-b1b3-63156b82c7ea req-9c0395c0-f636-4b6a-b1b3-63156b82c7ea ] Request (HostsAdminNegativeTestJSON:test_list_hosts_with_non_admin_user): 403 GET http://10.180.1.21/compute/v2.1/os-hosts 1.265s
2025-04-23 18:40:46.495 69596 INFO tempest.lib.common.rest_client [req-ce240c29-5fa1-499d-a55d-b95ccc806015 req-ce240c29-5fa1-499d-a55d-b95ccc806015 ] Request (ServerPasswordTestJSON:setUpClass): 201 POST http://10.180.1.21/identity/v3/auth/tokens 0.154s
2025-04-23 18:40:46.523 69556 INFO tempest.lib.common.rest_client [req-5eaa15ed-ac9c-4edd-8f7f-3f2b54165168 req-5eaa15ed-ac9c-4edd-8f7f-3f2b54165168 ] Request (HostsAdminTestJSON:tearDownClass): 204 DELETE http://10.180.1.21:9696/networking/v2.0/security-groups/c4fd8c1d-3e39-4fac-a7ef-7d7ee2fc000a 0.171s
2025-04-23 18:40:46.528 69592 INFO tempest.lib.common.rest_client [req-18f1db9d-1652-47aa-8149-22d1db909744 req-18f1db9d-1652-47aa-8149-22d1db909744 ] Request (QuotasAdminTestV257:tearDownClass): 204 DELETE http://10.180.1.21:9696/networking/v2.0/security-groups/91dc50bc-68e6-448e-b3e6-ed167058ee4f 0.166s
2025-04-23 18:40:46.580 69562 INFO tempest.lib.common.rest_client [req-bdfc12a2-054a-400d-8b70-9b1e9a9483ad req-bdfc12a2-054a-400d-8b70-9b1e9a9483ad ] Request (QuotasAdminNegativeTest:test_create_server_when_memory_quota_is_full): 200 PUT http://10.180.1.21/compute/v2.1/os-quota-sets/4a02382fd96b43db8b49e516a939097b 1.225s
2025-04-23 18:40:46.612 69556 INFO tempest.lib.common.rest_client [req-d46a5d83-fa74-4494-8e08-58406f083cff req-d46a5d83-fa74-4494-8e08-58406f083cff ] Request (HostsAdminTestJSON:tearDownClass): 204 DELETE http://10.180.1.21/identity/v3/projects/94ebc98cbec44866ada5693a39a2661b 0.088s
2025-04-23 18:40:46.612 69556 INFO tempest.lib.common.dynamic_creds [-] Deleting project and security group for project: f7ad0e614d1d4f22973390076598b535
2025-04-23 18:40:46.617 69592 INFO tempest.lib.common.rest_client [req-90a0029c-cd0a-43a0-a69e-e56d5b47765a req-90a0029c-cd0a-43a0-a69e-e56d5b47765a ] Request (QuotasAdminTestV257:tearDownClass): 204 DELETE http://10.180.1.21/identity/v3/projects/8a71675983134bc988432a9447163bcb 0.088s
2025-04-23 18:40:46.617 69592 INFO tempest.lib.common.dynamic_creds [-] Deleting project and security group for project: 661861bf981644109c91b4d23e3aae30
2025-04-23 18:40:46.676 69562 INFO tempest.lib.common.rest_client [req-cae29082-e277-4b45-b40f-7d1814d2a68b req-cae29082-e277-4b45-b40f-7d1814d2a68b ] Request (QuotasAdminNegativeTest:test_create_server_when_memory_quota_is_full): 201 POST http://10.180.1.21/identity/v3/auth/tokens 0.089s
2025-04-23 18:40:46.676 69562 INFO tempest.lib.common.fixed_network [-] (QuotasAdminNegativeTest:test_create_server_when_memory_quota_is_full) Found network None available for tenant
2025-04-23 18:40:46.831 69556 INFO tempest.lib.common.rest_client [req-b071cbab-1a20-49f3-bd6e-81b256d7ff24 req-b071cbab-1a20-49f3-bd6e-81b256d7ff24 ] Request (HostsAdminTestJSON:tearDownClass): 200 GET http://10.180.1.21:9696/networking/v2.0/security-groups?tenant_id=f7ad0e614d1d4f22973390076598b535&name=default 0.219s
2025-04-23 18:40:46.848 69596 INFO tempest.lib.common.rest_client [req-c547af46-34ec-44d7-9951-4bd7a548628f req-c547af46-34ec-44d7-9951-4bd7a548628f ] Request (ServerPasswordTestJSON:setUpClass): 201 POST http://10.180.1.21:9696/networking/v2.0/networks 0.352s
2025-04-23 18:40:46.873 69584 INFO tempest.lib.common.rest_client [req-311f0d88-a988-4acf-8727-a4eeebd58ed5 req-311f0d88-a988-4acf-8727-a4eeebd58ed5 ] Request (ServerAddressesTestJSON:setUpClass): 200 GET http://10.180.1.21/compute/v2.1/servers/59eda413-c58c-49d1-9d16-81eb83418762 1.495s
2025-04-23 18:40:46.956 69556 INFO tempest.lib.common.rest_client [req-770758bc-7dd1-4187-ba2f-4600d3b47c31 req-770758bc-7dd1-4187-ba2f-4600d3b47c31 ] Request (HostsAdminTestJSON:tearDownClass): 204 DELETE http://10.180.1.21:9696/networking/v2.0/security-groups/11c2f780-317c-4d54-b8fc-07158c03d4f5 0.123s
2025-04-23 18:40:47.022 69570 INFO tempest.lib.common.rest_client [req-b5fc22c1-1fbb-42fc-a838-a3b8159ba80d req-b5fc22c1-1fbb-42fc-a838-a3b8159ba80d ] Request (QuotaClassesAdminTestJSON:test_update_default_quotas): 200 GET http://10.180.1.21/compute/v2.1/os-quota-class-sets/default 1.580s
2025-04-23 18:40:47.085 69556 INFO tempest.lib.common.rest_client [req-5a07593e-cac6-4b7d-9bcb-acf9078d6f6e req-5a07593e-cac6-4b7d-9bcb-acf9078d6f6e ] Request (HostsAdminTestJSON:tearDownClass): 204 DELETE http://10.180.1.21/identity/v3/projects/f7ad0e614d1d4f22973390076598b535 0.129s
2025-04-23 18:40:47.085 69540 INFO tempest.lib.common.rest_client [req-ee7a8571-efdf-467a-8e8d-29255ec7a93f req-ee7a8571-efdf-467a-8e8d-29255ec7a93f ] Request (FloatingIPsNegativeTestJSON:setUpClass): 200 PUT http://10.180.1.21:9696/networking/v2.0/routers/1e009ac2-ff43-4b42-b095-a6505dc08aaf/add_router_interface 2.617s
2025-04-23 18:40:47.089 69540 INFO tempest.lib.common.dynamic_creds [-] Created isolated network resources for: credentials: Credentials: {'domain_id': 'default', 'domain_name': 'Default', 'username': 'tempest-FloatingIPsNegativeTestJSON-1049616252-project-member', 'project_domain_id': 'default', 'project_domain_name': 'Default', 'project_id': '9b957ffd03ce4f7eae6434e40e715722', 'project_name': 'tempest-FloatingIPsNegativeTestJSON-1049616252', 'tenant_id': '9b957ffd03ce4f7eae6434e40e715722', 'tenant_name': 'tempest-FloatingIPsNegativeTestJSON-1049616252', 'user_domain_id': 'default', 'user_domain_name': 'Default', 'user_id': '7113e256d9f44b95b9a239c541946d37', 'system': None}, Network: {'id': '56cd6e1b-3024-4b48-a603-8cfe8098cd5a', 'name': 'tempest-FloatingIPsNegativeTestJSON-1102699425-network', 'tenant_id': '9b957ffd03ce4f7eae6434e40e715722', 'admin_state_up': True, 'mtu': 8950, 'status': 'ACTIVE', 'subnets': [], 'shared': False, 'project_id': '9b957ffd03ce4f7eae6434e40e715722', 'port_security_enabled': True, 'router:external': False, 'provider:network_type': 'vlan', 'provider:physical_network': 'default', 'provider:segmentation_id': 527, 'availability_zone_hints': [], 'availability_zones': [], 'ipv4_address_scope': None, 'ipv6_address_scope': None, 'description': '', 'tags': [], 'created_at': '2025-04-23T18:40:41Z', 'updated_at': '2025-04-23T18:40:41Z', 'revision_number': 1}, Subnet: {'id': '4a1f2ee4-4603-4f2d-9848-2ededc40caf2', 'name': 'tempest-FloatingIPsNegativeTestJSON-1102699425-subnet', 'tenant_id': '9b957ffd03ce4f7eae6434e40e715722', 'network_id': '56cd6e1b-3024-4b48-a603-8cfe8098cd5a', 'ip_version': 4, 'subnetpool_id': None, 'enable_dhcp': True, 'ipv6_ra_mode': None, 'ipv6_address_mode': None, 'gateway_ip': '192.168.128.1', 'cidr': '192.168.128.0/28', 'allocation_pools': [{'start': '192.168.128.2', 'end': '192.168.128.14'}], 'host_routes': [], 'dns_nameservers': [], 'description': '', 'router:external': False, 'service_types': [], 'tags': [], 'created_at': '2025-04-23T18:40:41Z', 'updated_at': '2025-04-23T18:40:41Z', 'revision_number': 0, 'project_id': '9b957ffd03ce4f7eae6434e40e715722'}, Router: {'id': '1e009ac2-ff43-4b42-b095-a6505dc08aaf', 'name': 'tempest-FloatingIPsNegativeTestJSON-1102699425-router', 'tenant_id': '9b957ffd03ce4f7eae6434e40e715722', 'admin_state_up': True, 'status': 'ACTIVE', 'external_gateway_info': {'network_id': '3432531d-c57d-4b0d-9399-b4ad12d7f5a0', 'external_fixed_ips': [{'subnet_id': '52b4c10b-e8e2-466f-8a46-754b5c6c6205', 'ip_address': '10.180.180.147'}], 'enable_snat': True}, 'description': '', 'availability_zones': [], 'distributed': False, 'ha': False, 'availability_zone_hints': [], 'routes': [], 'flavor_id': None, 'tags': [], 'created_at': '2025-04-23T18:40:42Z', 'updated_at': '2025-04-23T18:40:43Z', 'revision_number': 2, 'project_id': '9b957ffd03ce4f7eae6434e40e715722'}
2025-04-23 18:40:47.106 69552 INFO tempest.lib.common.rest_client [req-985d1685-9907-40a3-80ae-dff211cbfe0f req-985d1685-9907-40a3-80ae-dff211cbfe0f ] Request (VolumesAssistedSnapshotsTest:test_volume_assisted_snapshot_create_delete): 200 GET http://10.180.1.21/compute/v2.1/servers/97973f40-913d-4962-adab-a05953c50e57 1.629s
2025-04-23 18:40:47.132 69592 INFO tempest.lib.common.rest_client [req-d7306dab-e216-49d6-89b3-d481419d3adb req-d7306dab-e216-49d6-89b3-d481419d3adb ] Request (QuotasAdminTestV257:tearDownClass): 200 GET http://10.180.1.21:9696/networking/v2.0/security-groups?tenant_id=661861bf981644109c91b4d23e3aae30&name=default 0.514s
2025-04-23 18:40:47.184 69556 INFO tempest.lib.common.rest_client [req-32ddfef8-828d-410c-a49f-0aa5237864f5 req-32ddfef8-828d-410c-a49f-0aa5237864f5 ] Request (ServersTestBootFromVolume:setUpClass): 201 POST http://10.180.1.21/identity/v3/auth/tokens 0.093s
2025-04-23 18:40:47.201 69540 INFO tempest.lib.common.rest_client [req-c2835aec-e958-4223-8e74-c8ccebee662d req-c2835aec-e958-4223-8e74-c8ccebee662d ] Request (FloatingIPsNegativeTestJSON:setUpClass): 201 POST http://10.180.1.21/identity/v3/auth/tokens 0.107s
2025-04-23 18:40:47.214 69556 INFO tempest.lib.common.rest_client [req-aa3ac813-2d69-4fdd-abf9-04ead0a790e8 req-aa3ac813-2d69-4fdd-abf9-04ead0a790e8 ] Request (ServersTestBootFromVolume:setUpClass): 201 POST http://10.180.1.21/identity/v3/auth/tokens 0.027s
2025-04-23 18:40:47.216 69596 INFO tempest.lib.common.rest_client [req-8cfbd539-9a24-458e-94fa-585616aa3112 req-8cfbd539-9a24-458e-94fa-585616aa3112 ] Request (ServerPasswordTestJSON:setUpClass): 201 POST http://10.180.1.21:9696/networking/v2.0/subnets 0.366s
2025-04-23 18:40:47.241 69556 INFO tempest.lib.common.rest_client [req-8d418ade-bb0e-4e56-b91d-6548cf7ed413 req-8d418ade-bb0e-4e56-b91d-6548cf7ed413 ] Request (ServersTestBootFromVolume:setUpClass): 200 GET http://10.180.1.21/identity/v3/domains?name=Default 0.027s
2025-04-23 18:40:47.276 69556 INFO tempest.lib.common.rest_client [req-a05afc2a-5177-406a-88d9-eb8960f0e928 req-a05afc2a-5177-406a-88d9-eb8960f0e928 ] Request (ServersTestBootFromVolume:setUpClass): 201 POST http://10.180.1.21/identity/v3/projects 0.034s
2025-04-23 18:40:47.305 69560 INFO tempest.lib.common.rest_client [req-7e4c0934-b42a-4af8-9710-7b9bb2649bf0 req-7e4c0934-b42a-4af8-9710-7b9bb2649bf0 ] Request (FloatingIPsAssociationNegativeTestJSON:setUpClass): 202 POST http://10.180.1.21/compute/v2.1/servers 2.106s
2025-04-23 18:40:47.336 69574 INFO tempest.lib.common.rest_client [req-4d824254-92cf-426a-b56d-43e6dd26bd15 req-4d824254-92cf-426a-b56d-43e6dd26bd15 ] Request (ValidationResourcesFixture:setUp): 201 POST http://10.180.1.21:9696/networking/v2.0/floatingips 1.493s
2025-04-23 18:40:47.344 69558 INFO tempest.lib.common.rest_client [req-b5aad0da-4eee-4767-85c8-d3bb61133fad req-b5aad0da-4eee-4767-85c8-d3bb61133fad ] Request (AggregatesAdminNegativeTestJSON:test_aggregate_add_non_exist_host): 404 POST http://10.180.1.21/compute/v2.1/os-aggregates/3/action 1.750s
2025-04-23 18:40:47.368 69588 INFO tempest.lib.common.rest_client [req-78724512-62cf-423e-b184-052c18be9d8e req-78724512-62cf-423e-b184-052c18be9d8e ] Request (FlavorsAccessTestJSON:_run_cleanups): 202 DELETE http://10.180.1.21/compute/v2.1/flavors/1835913678 1.756s
2025-04-23 18:40:47.379 69592 INFO tempest.lib.common.rest_client [req-31ad6aaf-7a89-449c-a82c-7a713c6d3fe1 req-31ad6aaf-7a89-449c-a82c-7a713c6d3fe1 ] Request (QuotasAdminTestV257:tearDownClass): 204 DELETE http://10.180.1.21:9696/networking/v2.0/security-groups/2ea331e4-eabc-4c44-b9f4-4ef88d3c4d63 0.247s
2025-04-23 18:40:47.394 69536 INFO tempest.lib.common.rest_client [req-56165cfd-e0c4-4b90-975a-0a9dcf02ef9a req-56165cfd-e0c4-4b90-975a-0a9dcf02ef9a ] Request (FlavorsAccessNegativeTestJSON:_run_cleanups): 200 GET http://10.180.1.21/compute/v2.1/flavors/detail 1.716s
2025-04-23 18:40:47.413 69542 INFO tempest.lib.common.rest_client [req-bc1679f3-3261-49e4-ad66-a8c50071f70c req-bc1679f3-3261-49e4-ad66-a8c50071f70c ] Request (ServersWithSpecificFlavorTestJSON:test_verify_created_server_ephemeral_disk): 200 POST http://10.180.1.21/compute/v2.1/flavors 1.611s
2025-04-23 18:40:47.422 69556 INFO tempest.lib.common.rest_client [req-81ef35ac-dd06-45c0-b4e7-5a4b26a42e52 req-81ef35ac-dd06-45c0-b4e7-5a4b26a42e52 ] Request (ServersTestBootFromVolume:setUpClass): 201 POST http://10.180.1.21/identity/v3/users 0.144s
2025-04-23 18:40:47.434 69574 INFO tempest.lib.common.rest_client [req-ac6ff2d9-39ef-4417-9947-141e8c1c1787 req-ac6ff2d9-39ef-4417-9947-141e8c1c1787 ] Request (AttachInterfacesUnderV243Test:test_add_remove_fixed_ip): 201 POST http://10.180.1.21/identity/v3/auth/tokens 0.093s
2025-04-23 18:40:47.435 69574 INFO tempest.lib.common.fixed_network [-] (AttachInterfacesUnderV243Test:test_add_remove_fixed_ip) Found network {'id': '4fc64f17-fc06-411c-9b24-833342698416', 'name': 'tempest-AttachInterfacesUnderV243Test-1518973515-network', 'tenant_id': '57b2595308ab494ab9f9171bff42a94f', 'admin_state_up': True, 'mtu': 8950, 'status': 'ACTIVE', 'subnets': [], 'shared': False, 'project_id': '57b2595308ab494ab9f9171bff42a94f', 'port_security_enabled': True, 'router:external': False, 'provider:network_type': 'vlan', 'provider:physical_network': 'default', 'provider:segmentation_id': 524, 'availability_zone_hints': [], 'availability_zones': [], 'ipv4_address_scope': None, 'ipv6_address_scope': None, 'description': '', 'tags': [], 'created_at': '2025-04-23T18:40:37Z', 'updated_at': '2025-04-23T18:40:37Z', 'revision_number': 1} available for tenant
2025-04-23 18:40:47.467 69556 INFO tempest.lib.common.rest_client [req-1cb10ee0-55b0-4f64-9597-4ba4529a5d7c req-1cb10ee0-55b0-4f64-9597-4ba4529a5d7c ] Request (ServersTestBootFromVolume:setUpClass): 200 GET http://10.180.1.21/identity/v3/roles 0.045s
2025-04-23 18:40:47.515 69556 INFO tempest.lib.common.rest_client [req-97c5d983-ab65-4b0c-a2ab-a84de63ffacc req-97c5d983-ab65-4b0c-a2ab-a84de63ffacc ] Request (ServersTestBootFromVolume:setUpClass): 204 PUT http://10.180.1.21/identity/v3/projects/810421a32a7840c5bc62c1a8c239783d/users/db8fb831d32a4f42991ed5fe7a3404dd/roles/81fb859fcf794d16b22488f7898b405f 0.047s
2025-04-23 18:40:47.515 69556 INFO tempest.lib.common.dynamic_creds [-] Dynamic test user db8fb831d32a4f42991ed5fe7a3404dd is created with scope project and roles: ['member']
2025-04-23 18:40:47.515 69556 INFO tempest.lib.common.dynamic_creds [-] Acquired dynamic creds: credentials: Credentials: {'domain_id': 'default', 'domain_name': 'Default', 'username': 'tempest-ServersTestBootFromVolume-1223342827-project-member', 'project_domain_id': 'default', 'project_domain_name': 'Default', 'project_id': '810421a32a7840c5bc62c1a8c239783d', 'project_name': 'tempest-ServersTestBootFromVolume-1223342827', 'tenant_id': '810421a32a7840c5bc62c1a8c239783d', 'tenant_name': 'tempest-ServersTestBootFromVolume-1223342827', 'user_domain_id': 'default', 'user_domain_name': 'Default', 'user_id': 'db8fb831d32a4f42991ed5fe7a3404dd', 'system': None}, Network: None, Subnet: None, Router: None
2025-04-23 18:40:47.542 69592 INFO tempest.lib.common.rest_client [req-47b4d718-7a3c-48c1-8add-7fef9302222e req-47b4d718-7a3c-48c1-8add-7fef9302222e ] Request (QuotasAdminTestV257:tearDownClass): 204 DELETE http://10.180.1.21/identity/v3/projects/661861bf981644109c91b4d23e3aae30 0.162s
2025-04-23 18:40:47.588 69556 INFO tempest.lib.common.rest_client [req-f71eb45d-572b-4a9d-9094-db5f7381512e req-f71eb45d-572b-4a9d-9094-db5f7381512e ] Request (ServersTestBootFromVolume:setUpClass): 201 POST http://10.180.1.21/identity/v3/auth/tokens 0.072s
2025-04-23 18:40:47.618 69592 INFO tempest.lib.common.rest_client [req-e3a863fa-b9b6-4004-ac4d-98fe19c8e8b1 req-e3a863fa-b9b6-4004-ac4d-98fe19c8e8b1 ] Request (ServicesAdminNegativeV253TestJSON:setUpClass): 201 POST http://10.180.1.21/identity/v3/auth/tokens 0.074s
2025-04-23 18:40:47.653 69592 INFO tempest.lib.common.rest_client [req-6b3a45a0-6be3-4f2a-8ec7-6c49ddaa2f9a req-6b3a45a0-6be3-4f2a-8ec7-6c49ddaa2f9a ] Request (ServicesAdminNegativeV253TestJSON:setUpClass): 201 POST http://10.180.1.21/identity/v3/auth/tokens 0.031s
2025-04-23 18:40:47.661 69568 INFO tempest.lib.common.rest_client [req-6b87ad00-32be-461e-bb50-dcf5da77972e req-6b87ad00-32be-461e-bb50-dcf5da77972e ] Request (ServersAdminTestJSON:setUpClass): 200 GET http://10.180.1.21/compute/v2.1/servers/d7fbc3be-7558-416a-88f8-952430aa603d 1.754s
2025-04-23 18:40:47.682 69592 INFO tempest.lib.common.rest_client [req-066fe77d-1381-4344-ad5c-3f635d6048f9 req-066fe77d-1381-4344-ad5c-3f635d6048f9 ] Request (ServicesAdminNegativeV253TestJSON:setUpClass): 200 GET http://10.180.1.21/identity/v3/domains?name=Default 0.029s
2025-04-23 18:40:47.686 69582 INFO tempest.lib.common.rest_client [req-60e69fa4-ed5c-4551-9468-3cde26b1f325 req-60e69fa4-ed5c-4551-9468-3cde26b1f325 ] Request (FlavorsV2TestJSON:test_list_flavors): 200 GET http://10.180.1.21/compute/v2.1/flavors/42 1.680s
2025-04-23 18:40:47.715 69592 INFO tempest.lib.common.rest_client [req-a275f7d6-605b-4ee6-a26e-25f9dcf58d88 req-a275f7d6-605b-4ee6-a26e-25f9dcf58d88 ] Request (ServicesAdminNegativeV253TestJSON:setUpClass): 201 POST http://10.180.1.21/identity/v3/projects 0.032s
2025-04-23 18:40:47.798 69592 INFO tempest.lib.common.rest_client [req-9e0503b3-a034-4b46-a0bc-472762f8eb06 req-9e0503b3-a034-4b46-a0bc-472762f8eb06 ] Request (ServicesAdminNegativeV253TestJSON:setUpClass): 201 POST http://10.180.1.21/identity/v3/users 0.082s
2025-04-23 18:40:47.825 69592 INFO tempest.lib.common.rest_client [req-5ea892a2-1b80-4859-bd72-d5185fc3093a req-5ea892a2-1b80-4859-bd72-d5185fc3093a ] Request (ServicesAdminNegativeV253TestJSON:setUpClass): 200 GET http://10.180.1.21/identity/v3/roles 0.027s
2025-04-23 18:40:47.855 69576 INFO tempest.lib.common.rest_client [req-cb7be126-887e-45e7-b31e-469f9b262d5b req-cb7be126-887e-45e7-b31e-469f9b262d5b ] Request (SecurityGroupsTestAdminJSON:test_list_security_groups_list_all_tenants_filter): 200 POST http://10.180.1.21/compute/v2.1/os-security-groups 1.848s
2025-04-23 18:40:47.870 69592 INFO tempest.lib.common.rest_client [req-16653e4e-fe8d-4df4-99de-9d0ee3bf20f5 req-16653e4e-fe8d-4df4-99de-9d0ee3bf20f5 ] Request (ServicesAdminNegativeV253TestJSON:setUpClass): 204 PUT http://10.180.1.21/identity/v3/projects/a849024dfa1840bdb53f138e72e66748/users/4165670be61f48e29367fe695e7d5313/roles/81fb859fcf794d16b22488f7898b405f 0.044s
2025-04-23 18:40:47.870 69592 INFO tempest.lib.common.dynamic_creds [-] Dynamic test user 4165670be61f48e29367fe695e7d5313 is created with scope project and roles: ['member']
2025-04-23 18:40:47.870 69592 INFO tempest.lib.common.dynamic_creds [-] Acquired dynamic creds: credentials: Credentials: {'domain_id': 'default', 'domain_name': 'Default', 'username': 'tempest-ServicesAdminNegativeV253TestJSON-1233377618-project-member', 'project_domain_id': 'default', 'project_domain_name': 'Default', 'project_id': 'a849024dfa1840bdb53f138e72e66748', 'project_name': 'tempest-ServicesAdminNegativeV253TestJSON-1233377618', 'tenant_id': 'a849024dfa1840bdb53f138e72e66748', 'tenant_name': 'tempest-ServicesAdminNegativeV253TestJSON-1233377618', 'user_domain_id': 'default', 'user_domain_name': 'Default', 'user_id': '4165670be61f48e29367fe695e7d5313', 'system': None}, Network: None, Subnet: None, Router: None
2025-04-23 18:40:47.870 69592 INFO tempest.lib.common.dynamic_creds [-] Created isolated network resources for: credentials: Credentials: {'domain_id': 'default', 'domain_name': 'Default', 'username': 'tempest-ServicesAdminNegativeV253TestJSON-1233377618-project-member', 'project_domain_id': 'default', 'project_domain_name': 'Default', 'project_id': 'a849024dfa1840bdb53f138e72e66748', 'project_name': 'tempest-ServicesAdminNegativeV253TestJSON-1233377618', 'tenant_id': 'a849024dfa1840bdb53f138e72e66748', 'tenant_name': 'tempest-ServicesAdminNegativeV253TestJSON-1233377618', 'user_domain_id': 'default', 'user_domain_name': 'Default', 'user_id': '4165670be61f48e29367fe695e7d5313', 'system': None}, Network: None, Subnet: None, Router: None
2025-04-23 18:40:47.935 69556 INFO tempest.lib.common.rest_client [req-44002e6c-78be-4107-92c6-20ee4e197dea req-44002e6c-78be-4107-92c6-20ee4e197dea ] Request (ServersTestBootFromVolume:setUpClass): 201 POST http://10.180.1.21:9696/networking/v2.0/networks 0.346s
2025-04-23 18:40:47.959 69592 INFO tempest.lib.common.rest_client [req-8c22bdcd-4a0d-49e0-aec8-834105fb29ec req-8c22bdcd-4a0d-49e0-aec8-834105fb29ec ] Request (ServicesAdminNegativeV253TestJSON:setUpClass): 201 POST http://10.180.1.21/identity/v3/auth/tokens 0.084s
2025-04-23 18:40:48.039 69592 INFO tempest.lib.common.rest_client [req-b2388b0d-7a49-4403-b25d-dce727ecfad2 req-b2388b0d-7a49-4403-b25d-dce727ecfad2 ] Request (ServicesAdminNegativeV253TestJSON:setUpClass): 201 POST http://10.180.1.21/identity/v3/projects 0.079s
2025-04-23 18:40:48.124 69592 INFO tempest.lib.common.rest_client [req-b01a6479-1b03-445c-9b17-7ee647dbe216 req-b01a6479-1b03-445c-9b17-7ee647dbe216 ] Request (ServicesAdminNegativeV253TestJSON:setUpClass): 201 POST http://10.180.1.21/identity/v3/users 0.085s
2025-04-23 18:40:48.150 69592 INFO tempest.lib.common.rest_client [req-2512b55b-4dda-400f-845e-f9ed52d6dd0f req-2512b55b-4dda-400f-845e-f9ed52d6dd0f ] Request (ServicesAdminNegativeV253TestJSON:setUpClass): 200 GET http://10.180.1.21/identity/v3/roles 0.025s
2025-04-23 18:40:48.157 69594 INFO tempest.lib.common.rest_client [req-b1c0b019-2419-4536-a0f1-36805b352b8b req-b1c0b019-2419-4536-a0f1-36805b352b8b ] Request (FloatingIPDetailsTestJSON:tearDownClass): 202 DELETE http://10.180.1.21/compute/v2.1/os-floating-ips/f1b5b3dd-f064-4da0-ba29-6b603cbcca82 2.603s
2025-04-23 18:40:48.182 69592 INFO tempest.lib.common.rest_client [req-e4e1514e-89fd-44e4-881d-9597599af1df req-e4e1514e-89fd-44e4-881d-9597599af1df ] Request (ServicesAdminNegativeV253TestJSON:setUpClass): 204 PUT http://10.180.1.21/identity/v3/projects/99f59eed0ba0438295e59701973dd2b2/users/ad052c30fc124d67ab58d6767d6b906d/roles/42732914966c4367860b745611926a34 0.032s
2025-04-23 18:40:48.186 69564 INFO tempest.lib.common.rest_client [req-603e9219-6395-4030-bc4a-754cf4d67e98 req-603e9219-6395-4030-bc4a-754cf4d67e98 ] Request (FlavorsExtraSpecsNegativeTestJSON:tearDownClass): 200 GET http://10.180.1.21/compute/v2.1/flavors/detail 1.902s
2025-04-23 18:40:48.212 69590 INFO tempest.lib.common.rest_client [req-ab095d0c-6349-4bad-a958-389f9e020dba req-ab095d0c-6349-4bad-a958-389f9e020dba ] Request (ServicesAdminNegativeTestJSON:test_get_service_with_valid_service_and_invalid_host): 200 GET http://10.180.1.21/compute/v2.1/os-services?host=xxx&binary=nova-scheduler 1.926s
2025-04-23 18:40:48.239 69586 INFO tempest.lib.common.rest_client [req-1f5efa1c-a449-449a-b5e3-24ea2ad892a3 req-1f5efa1c-a449-449a-b5e3-24ea2ad892a3 ] Request (FlavorsAdminTestJSON:test_create_flavor_with_none_id): 200 POST http://10.180.1.21/compute/v2.1/flavors 1.922s
2025-04-23 18:40:48.250 69556 INFO tempest.lib.common.rest_client [req-ab74427d-1ef8-45e2-8228-646a1c41d366 req-ab74427d-1ef8-45e2-8228-646a1c41d366 ] Request (ServersTestBootFromVolume:setUpClass): 201 POST http://10.180.1.21:9696/networking/v2.0/subnets 0.314s
2025-04-23 18:40:48.263 69592 INFO tempest.lib.common.rest_client [req-ed81039e-6be0-43c8-a722-037f5474a38f req-ed81039e-6be0-43c8-a722-037f5474a38f ] Request (ServicesAdminNegativeV253TestJSON:setUpClass): 200 GET http://10.180.1.21/identity/v3/roles 0.080s
2025-04-23 18:40:48.291 69592 INFO tempest.lib.common.rest_client [req-21534b64-76f4-4e4f-a31d-2341b15d905b req-21534b64-76f4-4e4f-a31d-2341b15d905b ] Request (ServicesAdminNegativeV253TestJSON:setUpClass): 204 PUT http://10.180.1.21/identity/v3/projects/99f59eed0ba0438295e59701973dd2b2/users/ad052c30fc124d67ab58d6767d6b906d/roles/42732914966c4367860b745611926a34 0.027s
2025-04-23 18:40:48.291 69592 INFO tempest.lib.common.dynamic_creds [-] Dynamic test user ad052c30fc124d67ab58d6767d6b906d is created with scope project and roles: ['admin']
2025-04-23 18:40:48.291 69592 INFO tempest.lib.common.dynamic_creds [-] Acquired dynamic creds: credentials: Credentials: {'domain_id': 'default', 'domain_name': 'Default', 'username': 'tempest-ServicesAdminNegativeV253TestJSON-1534108208-project-admin', 'project_domain_id': 'default', 'project_domain_name': 'Default', 'project_id': '99f59eed0ba0438295e59701973dd2b2', 'project_name': 'tempest-ServicesAdminNegativeV253TestJSON-1534108208', 'tenant_id': '99f59eed0ba0438295e59701973dd2b2', 'tenant_name': 'tempest-ServicesAdminNegativeV253TestJSON-1534108208', 'user_domain_id': 'default', 'user_domain_name': 'Default', 'user_id': 'ad052c30fc124d67ab58d6767d6b906d', 'system': None}, Network: None, Subnet: None, Router: None
2025-04-23 18:40:48.292 69592 INFO tempest.lib.common.dynamic_creds [-] Created isolated network resources for: credentials: Credentials: {'domain_id': 'default', 'domain_name': 'Default', 'username': 'tempest-ServicesAdminNegativeV253TestJSON-1534108208-project-admin', 'project_domain_id': 'default', 'project_domain_name': 'Default', 'project_id': '99f59eed0ba0438295e59701973dd2b2', 'project_name': 'tempest-ServicesAdminNegativeV253TestJSON-1534108208', 'tenant_id': '99f59eed0ba0438295e59701973dd2b2', 'tenant_name': 'tempest-ServicesAdminNegativeV253TestJSON-1534108208', 'user_domain_id': 'default', 'user_domain_name': 'Default', 'user_id': 'ad052c30fc124d67ab58d6767d6b906d', 'system': None}, Network: None, Subnet: None, Router: None
2025-04-23 18:40:48.339 69538 INFO tempest.lib.common.rest_client [req-07b7f15b-7218-4564-bc7e-e49dd6d8e02a req-07b7f15b-7218-4564-bc7e-e49dd6d8e02a ] Request (ImagesOneServerNegativeTestJSON:setUpClass): 201 POST http://10.180.1.21:9696/networking/v2.0/routers 2.315s
2025-04-23 18:40:48.350 69546 INFO tempest.lib.common.rest_client [req-cd781d1c-4f8b-482f-8c48-d0b0da87cf17 req-cd781d1c-4f8b-482f-8c48-d0b0da87cf17 ] Request (SecurityGroupsTestJSON:test_list_security_groups_by_server): 202 POST http://10.180.1.21/compute/v2.1/servers 2.088s
2025-04-23 18:40:48.350 69564 INFO tempest.lib.common.rest_client [req-3724c357-c474-4420-8f2e-293aa5874fd5 req-3724c357-c474-4420-8f2e-293aa5874fd5 ] Request (FlavorsExtraSpecsNegativeTestJSON:tearDownClass): 204 DELETE http://10.180.1.21/identity/v3/users/1638797917bf48569d09186fe624ac1d 0.158s
2025-04-23 18:40:48.355 69578 INFO tempest.lib.common.rest_client [req-6fa329fb-d5a1-41bb-9008-2ee1f5a5d636 req-6fa329fb-d5a1-41bb-9008-2ee1f5a5d636 ] Request (HostsAdminNegativeTestJSON:test_reboot_host_with_non_admin_user): 403 GET http://10.180.1.21/compute/v2.1/os-hosts/devstack/reboot 1.901s
2025-04-23 18:40:48.430 69592 INFO tempest.lib.common.rest_client [req-9a29f137-36ce-46a8-8a16-bff943de6534 req-9a29f137-36ce-46a8-8a16-bff943de6534 ] Request (ServicesAdminNegativeV253TestJSON:setUpClass): 201 POST http://10.180.1.21/identity/v3/auth/tokens 0.135s
2025-04-23 18:40:48.472 69554 INFO tempest.lib.common.rest_client [req-4c548a93-f693-4a76-8be8-a1236222666b req-4c548a93-f693-4a76-8be8-a1236222666b ] Request (FloatingIPsAssociationTestJSON:setUpClass): 200 GET http://10.180.1.21/compute/v2.1/servers/f43baed6-6386-4cab-9e4f-4dcc97eb6e87 2.137s
2025-04-23 18:40:48.500 69564 INFO tempest.lib.common.rest_client [req-5b49f08a-73f4-4864-8d3a-525c4389c5ba req-5b49f08a-73f4-4864-8d3a-525c4389c5ba ] Request (FlavorsExtraSpecsNegativeTestJSON:tearDownClass): 204 DELETE http://10.180.1.21/identity/v3/users/af2383f9229946439917ac1594a408ca 0.149s
2025-04-23 18:40:48.500 69564 INFO tempest.lib.common.dynamic_creds [-] Deleting project and security group for project: c2d64192f63947819823d672c3fb136a
2025-04-23 18:40:48.560 69580 INFO tempest.lib.common.rest_client [req-9bae3e09-47e9-4e4a-b5fa-65dba3095706 req-9bae3e09-47e9-4e4a-b5fa-65dba3095706 ] Request (ServerShowV254Test:test_rebuild_server): 200 GET http://10.180.1.21/compute/v2.1/servers/50b69299-91ee-43cf-aa76-2d6fa2240f9f 1.784s
2025-04-23 18:40:48.569 69580 INFO tempest.common.waiters [-] State transition "BUILD/None" ==> "BUILD/networking" after 5 second wait
2025-04-23 18:40:48.579 69564 INFO tempest.lib.common.rest_client [req-22be223b-23b3-4c3b-b25c-e371449a1b8b req-22be223b-23b3-4c3b-b25c-e371449a1b8b ] Request (FlavorsExtraSpecsNegativeTestJSON:tearDownClass): 201 POST http://10.180.1.21/identity/v3/auth/tokens 0.078s
2025-04-23 18:40:48.723 69548 INFO tempest.lib.common.rest_client [req-15792e9c-e742-42b6-b15b-aa09f93343de req-15792e9c-e742-42b6-b15b-aa09f93343de ] Request (DeleteServersAdminTestJSON:test_admin_delete_servers_of_others): 200 GET http://10.180.1.21/compute/v2.1/servers/3fd3d6a7-1609-49ae-afa5-b337aad39679 1.734s
2025-04-23 18:40:48.762 69562 INFO tempest.lib.common.rest_client [req-55306bbc-d329-4e23-9a79-0d988f8fd30a req-55306bbc-d329-4e23-9a79-0d988f8fd30a ] Request (QuotasAdminNegativeTest:test_create_server_when_memory_quota_is_full): 403 POST http://10.180.1.21/compute/v2.1/servers 2.085s
2025-04-23 18:40:48.818 69564 INFO tempest.lib.common.rest_client [req-ee1551e2-95e3-4346-aa3e-fe2689b9da5f req-ee1551e2-95e3-4346-aa3e-fe2689b9da5f ] Request (FlavorsExtraSpecsNegativeTestJSON:tearDownClass): 200 GET http://10.180.1.21:9696/networking/v2.0/security-groups?tenant_id=c2d64192f63947819823d672c3fb136a&name=default 0.238s
2025-04-23 18:40:48.845 69566 INFO tempest.lib.common.rest_client [req-c3346e23-6624-40df-9656-f16522735837 req-c3346e23-6624-40df-9656-f16522735837 ] Request (ServerRescueTestJSON:setUpClass): 200 GET http://10.180.1.21/compute/v2.1/servers/aa58e2c6-85c2-483e-9435-db6664b30d5a 1.701s
2025-04-23 18:40:48.851 69596 INFO tempest.lib.common.rest_client [req-7c3bb56a-1d68-4173-9ef0-912c85c7bdf1 req-7c3bb56a-1d68-4173-9ef0-912c85c7bdf1 ] Request (ServerPasswordTestJSON:setUpClass): 201 POST http://10.180.1.21:9696/networking/v2.0/routers 1.634s
2025-04-23 18:40:48.860 69570 INFO tempest.lib.common.rest_client [req-6a502dc2-fbfc-41e8-a814-4aaf12b5eb67 req-6a502dc2-fbfc-41e8-a814-4aaf12b5eb67 ] Request (QuotaClassesAdminTestJSON:test_update_default_quotas): 200 PUT http://10.180.1.21/compute/v2.1/os-quota-class-sets/default 1.836s
2025-04-23 18:40:48.945 69572 INFO tempest.lib.common.rest_client [req-44e67e18-3f28-443c-9b00-4b52369f674a req-44e67e18-3f28-443c-9b00-4b52369f674a ] Request (ServersAdminNegativeTestJSON:setUpClass): 200 GET http://10.180.1.21/compute/v2.1/servers/7080e070-ba39-48ca-b4c7-abcd4349eb57 1.682s
2025-04-23 18:40:49.050 69550 INFO tempest.lib.common.rest_client [req-59c93a68-8d53-4753-91d8-0b154cab76d6 req-59c93a68-8d53-4753-91d8-0b154cab76d6 ] Request (MigrationsAdminTest:test_list_migrations_in_flavor_resize_situation): 200 GET http://10.180.1.21/compute/v2.1/servers/4e41b95c-a1c5-49b7-8a26-b6be40046a4e 1.779s
2025-04-23 18:40:49.057 69564 INFO tempest.lib.common.rest_client [req-3f528fee-b075-4c03-bb19-929e81ff28c0 req-3f528fee-b075-4c03-bb19-929e81ff28c0 ] Request (FlavorsExtraSpecsNegativeTestJSON:tearDownClass): 204 DELETE http://10.180.1.21:9696/networking/v2.0/security-groups/9066b1bf-18f0-4ec0-baeb-c01dd9f8c762 0.239s
2025-04-23 18:40:49.077 69540 INFO tempest.lib.common.rest_client [req-90022627-7ff6-4833-88e0-819060c5e70f req-90022627-7ff6-4833-88e0-819060c5e70f ] Request (FloatingIPsNegativeTestJSON:setUpClass): 200 GET http://10.180.1.21/compute/v2.1/os-floating-ips 1.875s
2025-04-23 18:40:49.107 69558 INFO tempest.lib.common.rest_client [req-24e4520d-3b1b-46dd-86c3-5b104433162b req-24e4520d-3b1b-46dd-86c3-5b104433162b ] Request (AggregatesAdminNegativeTestJSON:_run_cleanups): 200 DELETE http://10.180.1.21/compute/v2.1/os-aggregates/3 1.761s
2025-04-23 18:40:49.110 69560 INFO tempest.lib.common.rest_client [req-a65673e4-a9e9-412d-bd60-150a28c8e682 req-a65673e4-a9e9-412d-bd60-150a28c8e682 ] Request (FloatingIPsAssociationNegativeTestJSON:setUpClass): 200 GET http://10.180.1.21/compute/v2.1/servers/be32720d-7237-41f3-8438-4eec21659cf6 1.801s
2025-04-23 18:40:49.136 69536 INFO tempest.lib.common.rest_client [req-dafdfb92-6885-44e6-ad1c-36f78e8129c3 req-dafdfb92-6885-44e6-ad1c-36f78e8129c3 ] Request (FlavorsAccessNegativeTestJSON:test_flavor_non_admin_add): 200 POST http://10.180.1.21/compute/v2.1/flavors 1.736s
2025-04-23 18:40:49.136 69588 INFO tempest.lib.common.rest_client [req-de93cbcd-86a7-40c6-a7eb-242c6bcb8082 req-de93cbcd-86a7-40c6-a7eb-242c6bcb8082 ] Request (FlavorsAccessTestJSON:_run_cleanups): 200 GET http://10.180.1.21/compute/v2.1/flavors/detail 1.767s
2025-04-23 18:40:49.140 69564 INFO tempest.lib.common.rest_client [req-696d7960-fb1f-4437-82ed-4cfa8868be5c req-696d7960-fb1f-4437-82ed-4cfa8868be5c ] Request (FlavorsExtraSpecsNegativeTestJSON:tearDownClass): 204 DELETE http://10.180.1.21/identity/v3/projects/c2d64192f63947819823d672c3fb136a 0.082s
2025-04-23 18:40:49.140 69564 INFO tempest.lib.common.dynamic_creds [-] Deleting project and security group for project: a040f4b3b3bc4f3d8900f79b5b384b8d
