2025-04-10 06:02:44.011 70414 INFO tempest.lib.common.rest_client [req-53b3525c-c375-41d8-bcdc-3f608f83472d req-53b3525c-c375-41d8-bcdc-3f608f83472d ] Request (AttachInterfacesV270Test:tearDownClass): 404 GET http://10.180.1.21/compute/v2.1/servers/9b2b6fab-c836-4c5d-83a1-cf114fd908b7 0.023s
2025-04-10 06:02:44.078 70400 INFO tempest.lib.common.rest_client [req-9cc84252-4b07-4b75-aa51-4a2c80ade670 req-9cc84252-4b07-4b75-aa51-4a2c80ade670 ] Request (FloatingIPsAssociationTestJSON:setUpClass): 200 GET http://10.180.1.21/compute/v2.1/servers/5d6ac61c-6665-43e7-ab72-c2f17f4bbdfa 0.051s
2025-04-10 06:02:44.152 70410 INFO tempest.lib.common.rest_client [req-8f869a27-b9ec-47ac-83d7-7a8591c23c2e req-8f869a27-b9ec-47ac-83d7-7a8591c23c2e ] Request (ListServersNegativeTestJSON:tearDownClass): 200 GET http://10.180.1.21/compute/v2.1/servers/c6eff15b-a047-414f-a599-c3c4eec2e8d0 0.069s
2025-04-10 06:02:44.213 70440 INFO tempest.lib.common.rest_client [req-842a2fdf-5c7e-4cb8-9ec9-34f2a257d516 req-842a2fdf-5c7e-4cb8-9ec9-34f2a257d516 ] Request (InstanceActionsV221TestJSON:test_get_list_deleted_instance_actions): 200 GET http://10.180.1.21/compute/v2.1/servers/f1a69e79-d8ad-4782-9150-7215548506e8 0.058s
2025-04-10 06:02:44.274 70408 INFO tempest.lib.common.rest_client [req-feecc6ae-69f4-4e82-93ff-e03f92bb1aeb req-feecc6ae-69f4-4e82-93ff-e03f92bb1aeb ] Request (ServerDiagnosticsV248Test:tearDownClass): 200 GET http://10.180.1.21/compute/v2.1/servers/da2a951e-1858-4e53-8831-2575d9969cd8 0.075s
2025-04-10 06:02:44.283 70418 INFO tempest.lib.common.rest_client [req-98110633-d60f-47f2-b06a-019eaaa0ed5f req-98110633-d60f-47f2-b06a-019eaaa0ed5f ] Request (ServerRescueTestJSON:test_rescue_unrescue_instance): 200 GET http://10.180.1.21/compute/v2.1/servers/b653d098-78d9-4993-985a-1f60005fb935 0.065s
2025-04-10 06:02:44.336 70404 INFO tempest.lib.common.rest_client [req-4ad03b1b-f330-4af3-b49a-647fa743c89f req-4ad03b1b-f330-4af3-b49a-647fa743c89f ] Request (ServerDiagnosticsNegativeTest:test_get_server_diagnostics_by_non_admin): 200 GET http://10.180.1.21/compute/v2.1/servers/37d2d699-8362-4bfe-8afe-d43e6da3966c 0.096s
2025-04-10 06:02:44.346 70448 INFO tempest.lib.common.rest_client [req-909ae482-31a7-432d-b28b-8283ac608041 req-909ae482-31a7-432d-b28b-8283ac608041 ] Request (TenantUsagesTestJSON:tearDownClass): 200 GET http://10.180.1.21/compute/v2.1/servers/e7a52d5f-92a6-4363-94ef-4dec1466164b 0.074s
2025-04-10 06:02:44.394 70426 INFO tempest.lib.common.rest_client [req-5ecc0bb4-2c0a-4c9a-b17f-ddcca58b10f3 req-5ecc0bb4-2c0a-4c9a-b17f-ddcca58b10f3 ] Request (ServersTestBootFromVolume:setUpClass): 200 GET http://10.180.1.21/compute/v2.1/servers/f839c019-46b5-43fd-81e5-ace2c82c4263 0.078s
2025-04-10 06:02:44.403 70406 INFO tempest.lib.common.rest_client [req-53951745-d9b1-43db-95b4-bf83254ff8b7 req-53951745-d9b1-43db-95b4-bf83254ff8b7 ] Request (AttachInterfacesTestJSON:_run_cleanups): 200 GET http://10.180.1.21/compute/v2.1/servers/cd455839-d8b8-469a-9f5a-ff427fb90807 0.095s
2025-04-10 06:02:44.440 70392 INFO tempest.lib.common.rest_client [req-944d6add-3096-479e-bec5-00ccfdec1274 req-944d6add-3096-479e-bec5-00ccfdec1274 ] Request (ServerDiskConfigTestJSON:test_rebuild_server_with_manual_disk_config): 200 GET http://10.180.1.21/compute/v2.1/servers/edc6122e-6c43-41ac-918a-4fac2c168ee4 0.090s
2025-04-10 06:02:44.459 70446 INFO tempest.lib.common.rest_client [req-c49a460f-5cd8-44ad-ba83-6bc2d5663db9 req-c49a460f-5cd8-44ad-ba83-6bc2d5663db9 ] Request (ServersAaction247Test:tearDownClass): 200 GET http://10.180.1.21/compute/v2.1/servers/19fabf54-73cd-4544-9913-b89f7c3339a5 0.080s
2025-04-10 06:02:44.495 70390 INFO tempest.lib.common.rest_client [req-43a324de-4520-4c52-ad43-f9229542e6e9 req-43a324de-4520-4c52-ad43-f9229542e6e9 ] Request (ServerRescueNegativeTestJSON:setUpClass): 200 GET http://10.180.1.21/compute/v2.1/servers/c949f194-d662-4fdb-8025-b5dc46465add 0.089s
2025-04-10 06:02:44.515 70396 INFO tempest.lib.common.rest_client [req-05ded230-5d45-4e6c-a0f3-875681ddf722 req-05ded230-5d45-4e6c-a0f3-875681ddf722 ] Request (DeleteServersAdminTestJSON:test_delete_server_while_in_error_state): 200 GET http://10.180.1.21/compute/v2.1/servers/5fdba60e-db04-441c-bc59-005f598cf826 0.078s
2025-04-10 06:02:44.557 70430 INFO tempest.lib.common.rest_client [req-f7cbd99a-4f27-47c4-b5a7-b4cae4d14810 req-f7cbd99a-4f27-47c4-b5a7-b4cae4d14810 ] Request (ServersAdminTestJSON:test_inject_network_info): 200 GET http://10.180.1.21/compute/v2.1/servers/966fa315-8a69-4a44-819f-661671a3bf5c 0.095s
2025-04-10 06:02:44.572 70434 INFO tempest.lib.common.rest_client [req-4d6db765-bb3a-4b59-8947-e8d859fa37e4 req-4d6db765-bb3a-4b59-8947-e8d859fa37e4 ] Request (ServerRescueTestJSONUnderV235:setUpClass): 200 GET http://10.180.1.21/compute/v2.1/servers/e1210f33-2fba-4dc1-a38f-70f46f8034af 0.056s
2025-04-10 06:02:44.642 70424 INFO tempest.lib.common.rest_client [req-ee539517-7212-4483-b795-67b81e660c59 req-ee539517-7212-4483-b795-67b81e660c59 ] Request (ServerAddressesTestJSON:tearDownClass): 200 GET http://10.180.1.21/compute/v2.1/servers/ced4a485-7b18-48fc-af01-76a6ee562adb 0.063s
2025-04-10 06:02:44.702 70398 INFO tempest.lib.common.rest_client [req-eeed7bf3-ab94-4d34-b8ac-28703e246fe4 req-eeed7bf3-ab94-4d34-b8ac-28703e246fe4 ] Request (ServerMetadataTestJSON:setUpClass): 200 GET http://10.180.1.21/compute/v2.1/servers/aaa4e4b7-e7ec-4647-bc4f-12bce6169ce6 0.081s
2025-04-10 06:02:44.723 70394 INFO tempest.lib.common.rest_client [req-a21da4fc-4e79-46d5-946f-03342cbb2d65 req-a21da4fc-4e79-46d5-946f-03342cbb2d65 ] Request (ImagesTestJSON:test_create_image_from_suspended_server): 200 GET http://10.180.1.21/compute/v2.1/servers/4bfd7730-3528-4c66-ac61-7bc6e676f531 0.125s
2025-04-10 06:02:44.752 70438 INFO tempest.lib.common.rest_client [req-626795ba-06a9-47a9-a260-119cfac2b2ad req-626795ba-06a9-47a9-a260-119cfac2b2ad ] Request (AttachVolumeTestJSON:test_attach_detach_volume): 200 GET http://10.180.1.21/compute/v2.1/servers/db981e04-53a9-4dab-8fc7-ffc6631cd41d 0.071s
2025-04-10 06:02:44.828 70386 INFO tempest.lib.common.rest_client [req-838b40af-b811-464e-bcc4-b6253c384ed3 req-838b40af-b811-464e-bcc4-b6253c384ed3 ] Request (ServersAdminNegativeTestJSON:tearDownClass): 200 GET http://10.180.1.21/compute/v2.1/servers/080eca8e-17a7-440b-9077-aaf2e6db062f 0.068s
2025-04-10 06:02:44.839 70414 INFO tempest.lib.common.rest_client [req-6b790135-4a4f-409a-91d3-3d4bd09c7405 req-6b790135-4a4f-409a-91d3-3d4bd09c7405 ] Request (AttachInterfacesV270Test:tearDownClass): 200 PUT http://10.180.1.21:9696/networking/v2.0/routers/42d3ad4f-cf44-4830-8165-8c26b3234d5e/remove_router_interface 0.828s
2025-04-10 06:02:44.909 70436 INFO tempest.lib.common.rest_client [req-5d7b6eb5-c609-4312-b48d-fe59c4072009 req-5d7b6eb5-c609-4312-b48d-fe59c4072009 ] Request (MigrationsAdminTest:test_list_migrations_in_flavor_resize_situation): 200 GET http://10.180.1.21/compute/v2.1/servers/506b1ae3-fc96-4c09-9e45-8fceeb80b492 0.126s
2025-04-10 06:02:44.917 70413 INFO tempest.lib.common.rest_client [req-4165e0fe-ab74-45d8-9a61-575b590bc481 req-4165e0fe-ab74-45d8-9a61-575b590bc481 ] Request (ServersV294TestFqdnHostnames:setUpClass): 200 GET http://10.180.1.21/compute/v2.1/servers/d3a4cde4-60db-489f-ae8d-66372fe71361 0.077s
2025-04-10 06:02:44.969 70402 INFO tempest.lib.common.rest_client [req-3fb7116e-e67e-4767-94e4-ac5f6ec3f8ba req-3fb7116e-e67e-4767-94e4-ac5f6ec3f8ba ] Request (ImagesOneServerTestJSON:setUpClass): 200 GET http://10.180.1.21/compute/v2.1/servers/3deb79e5-62ed-4533-b25a-efb3d209de09 0.101s
2025-04-10 06:02:44.992 70416 INFO tempest.lib.common.rest_client [req-95019679-e462-4480-ab36-58aa2e7ae3c5 req-95019679-e462-4480-ab36-58aa2e7ae3c5 ] Request (ServersTestFqdnHostnames:test_create_server_with_fqdn_name): 200 GET http://10.180.1.21/compute/v2.1/servers/40567fa1-7b4d-4334-a3b2-34c92981f237 0.067s
2025-04-10 06:02:45.079 70420 INFO tempest.lib.common.rest_client [req-327a9e44-bf04-4b2f-8628-887897eeb2db req-327a9e44-bf04-4b2f-8628-887897eeb2db ] Request (ServerExternalEventsTest:tearDownClass): 200 GET http://10.180.1.21/compute/v2.1/servers/b5d44093-2bb4-4f6d-a774-2db3d2f91f47 0.092s
2025-04-10 06:02:45.154 70388 INFO tempest.lib.common.rest_client [req-a1eea467-765d-4c17-81e8-7d8599033da6 req-a1eea467-765d-4c17-81e8-7d8599033da6 ] Request (ServerGroupTestJSON:test_create_server_with_scheduler_hint_group): 200 GET http://10.180.1.21/compute/v2.1/servers/daa9ce53-98b2-4511-b37c-d52c218be544 0.186s
2025-04-10 06:02:45.156 70400 INFO tempest.lib.common.rest_client [req-2a6fdfa7-a3a8-4e94-86b7-70294622f24c req-2a6fdfa7-a3a8-4e94-86b7-70294622f24c ] Request (FloatingIPsAssociationTestJSON:setUpClass): 200 GET http://10.180.1.21/compute/v2.1/servers/5d6ac61c-6665-43e7-ab72-c2f17f4bbdfa 0.070s
2025-04-10 06:02:45.228 70410 INFO tempest.lib.common.rest_client [req-2d6fe88c-ae62-4f4d-8f69-a25a93de087f req-2d6fe88c-ae62-4f4d-8f69-a25a93de087f ] Request (ListServersNegativeTestJSON:tearDownClass): 200 GET http://10.180.1.21/compute/v2.1/servers/c6eff15b-a047-414f-a599-c3c4eec2e8d0 0.067s
2025-04-10 06:02:45.305 70440 INFO tempest.lib.common.rest_client [req-75b836d9-6900-4492-ac3e-a5e7e1615ce7 req-75b836d9-6900-4492-ac3e-a5e7e1615ce7 ] Request (InstanceActionsV221TestJSON:test_get_list_deleted_instance_actions): 200 GET http://10.180.1.21/compute/v2.1/servers/f1a69e79-d8ad-4782-9150-7215548506e8 0.080s
2025-04-10 06:02:45.318 70414 INFO tempest.lib.common.rest_client [req-5cf66c34-afd9-40c5-aeb1-db4e2a8a4a01 req-5cf66c34-afd9-40c5-aeb1-db4e2a8a4a01 ] Request (AttachInterfacesV270Test:tearDownClass): 204 DELETE http://10.180.1.21:9696/networking/v2.0/routers/42d3ad4f-cf44-4830-8165-8c26b3234d5e 0.478s
2025-04-10 06:02:45.357 70408 INFO tempest.lib.common.rest_client [req-f453899a-dec2-4209-8fa3-c1407d20a550 req-f453899a-dec2-4209-8fa3-c1407d20a550 ] Request (ServerDiagnosticsV248Test:tearDownClass): 200 GET http://10.180.1.21/compute/v2.1/servers/da2a951e-1858-4e53-8831-2575d9969cd8 0.071s
2025-04-10 06:02:45.369 70418 INFO tempest.lib.common.rest_client [req-41af11b3-8ad6-45bf-baeb-757d6a3c67ed req-41af11b3-8ad6-45bf-baeb-757d6a3c67ed ] Request (ServerRescueTestJSON:test_rescue_unrescue_instance): 200 GET http://10.180.1.21/compute/v2.1/servers/b653d098-78d9-4993-985a-1f60005fb935 0.075s
2025-04-10 06:02:45.412 70404 INFO tempest.lib.common.rest_client [req-e95e04f2-641f-4914-bec9-6bcf180ae072 req-e95e04f2-641f-4914-bec9-6bcf180ae072 ] Request (ServerDiagnosticsNegativeTest:test_get_server_diagnostics_by_non_admin): 200 GET http://10.180.1.21/compute/v2.1/servers/37d2d699-8362-4bfe-8afe-d43e6da3966c 0.064s
2025-04-10 06:02:45.427 70448 INFO tempest.lib.common.rest_client [req-220f88ff-40ba-4907-96c5-b94fe6442095 req-220f88ff-40ba-4907-96c5-b94fe6442095 ] Request (TenantUsagesTestJSON:tearDownClass): 200 GET http://10.180.1.21/compute/v2.1/servers/e7a52d5f-92a6-4363-94ef-4dec1466164b 0.073s
2025-04-10 06:02:45.459 70426 INFO tempest.lib.common.rest_client [req-5a2f0e11-a2a2-46c9-96c4-47785bfeeef5 req-5a2f0e11-a2a2-46c9-96c4-47785bfeeef5 ] Request (ServersTestBootFromVolume:setUpClass): 200 GET http://10.180.1.21/compute/v2.1/servers/f839c019-46b5-43fd-81e5-ace2c82c4263 0.055s
2025-04-10 06:02:45.465 70414 INFO tempest.lib.common.rest_client [req-4c3b4009-2866-411a-bf02-9e151c83f034 req-4c3b4009-2866-411a-bf02-9e151c83f034 ] Request (AttachInterfacesV270Test:tearDownClass): 204 DELETE http://10.180.1.21:9696/networking/v2.0/subnets/852ef787-7921-4625-8bfa-60d8ece5f226 0.147s
2025-04-10 06:02:45.490 70406 INFO tempest.lib.common.rest_client [req-71750daa-d695-4204-8b19-3f31b5dbbbce req-71750daa-d695-4204-8b19-3f31b5dbbbce ] Request (AttachInterfacesTestJSON:_run_cleanups): 200 GET http://10.180.1.21/compute/v2.1/servers/cd455839-d8b8-469a-9f5a-ff427fb90807 0.078s
2025-04-10 06:02:45.510 70392 INFO tempest.lib.common.rest_client [req-79deb0fa-2540-48b0-b41d-d28ead505838 req-79deb0fa-2540-48b0-b41d-d28ead505838 ] Request (ServerDiskConfigTestJSON:test_rebuild_server_with_manual_disk_config): 200 GET http://10.180.1.21/compute/v2.1/servers/edc6122e-6c43-41ac-918a-4fac2c168ee4 0.062s
2025-04-10 06:02:45.544 70446 INFO tempest.lib.common.rest_client [req-a0d54661-fa85-4bdb-809f-5ce238da0b58 req-a0d54661-fa85-4bdb-809f-5ce238da0b58 ] Request (ServersAaction247Test:tearDownClass): 200 GET http://10.180.1.21/compute/v2.1/servers/19fabf54-73cd-4544-9913-b89f7c3339a5 0.071s
2025-04-10 06:02:45.568 70390 INFO tempest.lib.common.rest_client [req-3db93d72-37bb-48d7-b1a6-4c6a6f3fa936 req-3db93d72-37bb-48d7-b1a6-4c6a6f3fa936 ] Request (ServerRescueNegativeTestJSON:setUpClass): 200 GET http://10.180.1.21/compute/v2.1/servers/c949f194-d662-4fdb-8025-b5dc46465add 0.062s
2025-04-10 06:02:45.608 70396 INFO tempest.lib.common.rest_client [req-d37aa210-8141-4f5f-af00-a8829f746561 req-d37aa210-8141-4f5f-af00-a8829f746561 ] Request (DeleteServersAdminTestJSON:test_delete_server_while_in_error_state): 200 GET http://10.180.1.21/compute/v2.1/servers/5fdba60e-db04-441c-bc59-005f598cf826 0.083s
2025-04-10 06:02:45.624 70430 INFO tempest.lib.common.rest_client [req-af5a2d9f-20a1-41a2-a80f-7dd988a79f8b req-af5a2d9f-20a1-41a2-a80f-7dd988a79f8b ] Request (ServersAdminTestJSON:test_inject_network_info): 200 GET http://10.180.1.21/compute/v2.1/servers/966fa315-8a69-4a44-819f-661671a3bf5c 0.061s
2025-04-10 06:02:45.671 70434 INFO tempest.lib.common.rest_client [req-2a893c8f-eed7-4527-8ae4-db9cde08bff8 req-2a893c8f-eed7-4527-8ae4-db9cde08bff8 ] Request (ServerRescueTestJSONUnderV235:setUpClass): 200 GET http://10.180.1.21/compute/v2.1/servers/e1210f33-2fba-4dc1-a38f-70f46f8034af 0.088s
2025-04-10 06:02:45.728 70424 INFO tempest.lib.common.rest_client [req-95864552-e6f9-4ea3-ae15-af763da94365 req-95864552-e6f9-4ea3-ae15-af763da94365 ] Request (ServerAddressesTestJSON:tearDownClass): 200 GET http://10.180.1.21/compute/v2.1/servers/ced4a485-7b18-48fc-af01-76a6ee562adb 0.076s
2025-04-10 06:02:45.771 70398 INFO tempest.lib.common.rest_client [req-3b01b4e7-2f13-4d43-aee4-d08d9aba19fb req-3b01b4e7-2f13-4d43-aee4-d08d9aba19fb ] Request (ServerMetadataTestJSON:setUpClass): 200 GET http://10.180.1.21/compute/v2.1/servers/aaa4e4b7-e7ec-4647-bc4f-12bce6169ce6 0.060s
2025-04-10 06:02:45.797 70414 INFO tempest.lib.common.rest_client [req-d43a2ed2-ede4-44e2-9ecd-739cdb057576 req-d43a2ed2-ede4-44e2-9ecd-739cdb057576 ] Request (AttachInterfacesV270Test:tearDownClass): 204 DELETE http://10.180.1.21:9696/networking/v2.0/networks/8a516eee-fead-4c73-ac3b-1e4882253293 0.331s
2025-04-10 06:02:45.824 70438 INFO tempest.lib.common.rest_client [req-b2d4fd1c-645d-44e7-8f7f-5325933d4661 req-b2d4fd1c-645d-44e7-8f7f-5325933d4661 ] Request (AttachVolumeTestJSON:test_attach_detach_volume): 200 GET http://10.180.1.21/compute/v2.1/servers/db981e04-53a9-4dab-8fc7-ffc6631cd41d 0.063s
2025-04-10 06:02:45.846 70394 INFO tempest.lib.common.rest_client [req-766e35b5-72c3-4244-8420-cd60e2e5828e req-766e35b5-72c3-4244-8420-cd60e2e5828e ] Request (ImagesTestJSON:test_create_image_from_suspended_server): 200 GET http://10.180.1.21/compute/v2.1/servers/4bfd7730-3528-4c66-ac61-7bc6e676f531 0.112s
2025-04-10 06:02:45.870 70414 INFO tempest.lib.common.rest_client [req-62cbc774-257f-4bdc-93fe-4238090ea44b req-62cbc774-257f-4bdc-93fe-4238090ea44b ] Request (AttachInterfacesV270Test:tearDownClass): 204 DELETE http://10.180.1.21/identity/v3/users/31284ba700314618943fa3a7e6f8b83e 0.073s
2025-04-10 06:02:45.870 70414 INFO tempest.lib.common.dynamic_creds [-] Deleting project and security group for project: 11d1aad2d1114d368583115044b83016
2025-04-10 06:02:45.894 70414 INFO tempest.lib.common.rest_client [req-25867f97-ae38-4d88-ba09-5557e59c8a85 req-25867f97-ae38-4d88-ba09-5557e59c8a85 ] Request (AttachInterfacesV270Test:tearDownClass): 200 GET http://10.180.1.21:9696/networking/v2.0/security-groups?tenant_id=11d1aad2d1114d368583115044b83016&name=default 0.023s
2025-04-10 06:02:45.895 70386 INFO tempest.lib.common.rest_client [req-c7ef00b6-61aa-4c2f-ad33-16b919e44ea7 req-c7ef00b6-61aa-4c2f-ad33-16b919e44ea7 ] Request (ServersAdminNegativeTestJSON:tearDownClass): 200 GET http://10.180.1.21/compute/v2.1/servers/080eca8e-17a7-440b-9077-aaf2e6db062f 0.058s
2025-04-10 06:02:45.969 70414 INFO tempest.lib.common.rest_client [req-79863282-76c2-4f53-9a5f-43086e050895 req-79863282-76c2-4f53-9a5f-43086e050895 ] Request (AttachInterfacesV270Test:tearDownClass): 204 DELETE http://10.180.1.21:9696/networking/v2.0/security-groups/e3d7e78a-0b14-4e9a-a1ef-dafee68ed1f7 0.074s
2025-04-10 06:02:45.990 70413 INFO tempest.lib.common.rest_client [req-08eda8c9-328c-4fdd-8c12-c3d94275611b req-08eda8c9-328c-4fdd-8c12-c3d94275611b ] Request (ServersV294TestFqdnHostnames:setUpClass): 200 GET http://10.180.1.21/compute/v2.1/servers/d3a4cde4-60db-489f-ae8d-66372fe71361 0.055s
2025-04-10 06:02:46.005 70428 WARNING tempest.lib.common.ssh [-] Failed to establish authenticated ssh connection to cirros@10.180.180.180 ([Errno None] Unable to connect to port 22 on 10.180.180.180). Number attempts: 8. Retry after 9 seconds.: paramiko.ssh_exception.NoValidConnectionsError: [Errno None] Unable to connect to port 22 on 10.180.180.180
2025-04-10 06:02:46.037 70402 INFO tempest.lib.common.rest_client [req-7f2191b8-8701-4776-a687-50c70d8c126a req-7f2191b8-8701-4776-a687-50c70d8c126a ] Request (ImagesOneServerTestJSON:setUpClass): 200 GET http://10.180.1.21/compute/v2.1/servers/3deb79e5-62ed-4533-b25a-efb3d209de09 0.056s
2025-04-10 06:02:46.055 70436 INFO tempest.lib.common.rest_client [req-87249641-7270-4186-94ab-bb4f8c5f3e2a req-87249641-7270-4186-94ab-bb4f8c5f3e2a ] Request (MigrationsAdminTest:test_list_migrations_in_flavor_resize_situation): 200 GET http://10.180.1.21/compute/v2.1/servers/506b1ae3-fc96-4c09-9e45-8fceeb80b492 0.127s
2025-04-10 06:02:46.061 70414 INFO tempest.lib.common.rest_client [req-d97877aa-d42b-4948-bfaf-483e2b7eabea req-d97877aa-d42b-4948-bfaf-483e2b7eabea ] Request (AttachInterfacesV270Test:tearDownClass): 204 DELETE http://10.180.1.21/identity/v3/projects/11d1aad2d1114d368583115044b83016 0.092s
2025-04-10 06:02:46.084 70416 INFO tempest.lib.common.rest_client [req-243ff6a7-ae4b-4e75-99a5-4f744cf638b9 req-243ff6a7-ae4b-4e75-99a5-4f744cf638b9 ] Request (ServersTestFqdnHostnames:test_create_server_with_fqdn_name): 200 GET http://10.180.1.21/compute/v2.1/servers/40567fa1-7b4d-4334-a3b2-34c92981f237 0.075s
2025-04-10 06:02:46.110 70420 INFO tempest.lib.common.rest_client [req-9bfcab5d-8024-424d-951c-8010848873c9 req-9bfcab5d-8024-424d-951c-8010848873c9 ] Request (ServerExternalEventsTest:tearDownClass): 404 GET http://10.180.1.21/compute/v2.1/servers/b5d44093-2bb4-4f6d-a774-2db3d2f91f47 0.021s
2025-04-10 06:02:46.121 70414 INFO tempest.lib.common.rest_client [req-02360b1b-f354-40d4-94e1-0940894cea00 req-02360b1b-f354-40d4-94e1-0940894cea00 ] Request (ServerActionsTestOtherA:setUpClass): 201 POST http://10.180.1.21/identity/v3/auth/tokens 0.058s
2025-04-10 06:02:46.149 70414 INFO tempest.lib.common.rest_client [req-fcd758cd-1fa0-4375-a63e-3e7a407c8eb7 req-fcd758cd-1fa0-4375-a63e-3e7a407c8eb7 ] Request (ServerActionsTestOtherA:setUpClass): 201 POST http://10.180.1.21/identity/v3/auth/tokens 0.025s
2025-04-10 06:02:46.173 70414 INFO tempest.lib.common.rest_client [req-215e0f69-46e6-4143-ba36-41f8b980b969 req-215e0f69-46e6-4143-ba36-41f8b980b969 ] Request (ServerActionsTestOtherA:setUpClass): 200 GET http://10.180.1.21/identity/v3/domains?name=Default 0.023s
2025-04-10 06:02:46.198 70420 INFO tempest.lib.common.rest_client [req-b630089a-9a32-4c21-a494-05f991787290 req-b630089a-9a32-4c21-a494-05f991787290 ] Request (ServerExternalEventsTest:tearDownClass): 204 DELETE http://10.180.1.21/identity/v3/users/5ab11478f1fa400dbdeb33660b4c291e 0.087s
2025-04-10 06:02:46.225 70400 INFO tempest.lib.common.rest_client [req-a44e8e0d-4a02-46fa-8a59-7bb82b33c9ac req-a44e8e0d-4a02-46fa-8a59-7bb82b33c9ac ] Request (FloatingIPsAssociationTestJSON:setUpClass): 200 GET http://10.180.1.21/compute/v2.1/servers/5d6ac61c-6665-43e7-ab72-c2f17f4bbdfa 0.060s
2025-04-10 06:02:46.244 70414 INFO tempest.lib.common.rest_client [req-aafa570e-a2e2-471d-9379-ae68e8d4987b req-aafa570e-a2e2-471d-9379-ae68e8d4987b ] Request (ServerActionsTestOtherA:setUpClass): 201 POST http://10.180.1.21/identity/v3/projects 0.071s
2025-04-10 06:02:46.282 70388 INFO tempest.lib.common.rest_client [req-2dc9e01e-6ce7-4ca9-9e24-5cb922c749f9 req-2dc9e01e-6ce7-4ca9-9e24-5cb922c749f9 ] Request (ServerGroupTestJSON:test_create_server_with_scheduler_hint_group): 200 GET http://10.180.1.21/compute/v2.1/servers/daa9ce53-98b2-4511-b37c-d52c218be544 0.121s
2025-04-10 06:02:46.299 70420 INFO tempest.lib.common.rest_client [req-dab2d62e-930f-4d18-8ede-05654e342953 req-dab2d62e-930f-4d18-8ede-05654e342953 ] Request (ServerExternalEventsTest:tearDownClass): 204 DELETE http://10.180.1.21/identity/v3/users/fffe4c00f2074ffbbf48547c9cb57601 0.101s
2025-04-10 06:02:46.319 70410 INFO tempest.lib.common.rest_client [req-15665a70-9de1-4279-8aa4-56be662276a8 req-15665a70-9de1-4279-8aa4-56be662276a8 ] Request (ListServersNegativeTestJSON:tearDownClass): 200 GET http://10.180.1.21/compute/v2.1/servers/c6eff15b-a047-414f-a599-c3c4eec2e8d0 0.077s
2025-04-10 06:02:46.394 70414 INFO tempest.lib.common.rest_client [req-d4deaec1-31da-4af0-a6fd-895d112d4793 req-d4deaec1-31da-4af0-a6fd-895d112d4793 ] Request (ServerActionsTestOtherA:setUpClass): 201 POST http://10.180.1.21/identity/v3/users 0.149s
2025-04-10 06:02:46.402 70420 INFO tempest.lib.common.rest_client [req-f166ba9a-e356-4b3e-b2a3-fa68bdd264f9 req-f166ba9a-e356-4b3e-b2a3-fa68bdd264f9 ] Request (ServerExternalEventsTest:tearDownClass): 204 DELETE http://10.180.1.21/identity/v3/users/3d59e86c314345f18697cbdec7eb719d 0.102s
2025-04-10 06:02:46.402 70420 INFO tempest.lib.common.dynamic_creds [-] Deleting project and security group for project: d8590d5649734148948674a0d2863631
2025-04-10 06:02:46.404 70440 INFO tempest.lib.common.rest_client [req-65e314a3-a4c4-47c5-be8a-e773d035298c req-65e314a3-a4c4-47c5-be8a-e773d035298c ] Request (InstanceActionsV221TestJSON:test_get_list_deleted_instance_actions): 200 GET http://10.180.1.21/compute/v2.1/servers/f1a69e79-d8ad-4782-9150-7215548506e8 0.083s
2025-04-10 06:02:46.430 70408 INFO tempest.lib.common.rest_client [req-b7aa1d48-8973-46a5-a7a2-a9e4a01a1ca4 req-b7aa1d48-8973-46a5-a7a2-a9e4a01a1ca4 ] Request (ServerDiagnosticsV248Test:tearDownClass): 200 GET http://10.180.1.21/compute/v2.1/servers/da2a951e-1858-4e53-8831-2575d9969cd8 0.064s
2025-04-10 06:02:46.459 70414 INFO tempest.lib.common.rest_client [req-3dfad913-1936-4644-8b5d-9e8d8953a186 req-3dfad913-1936-4644-8b5d-9e8d8953a186 ] Request (ServerActionsTestOtherA:setUpClass): 200 GET http://10.180.1.21/identity/v3/roles 0.065s
2025-04-10 06:02:46.469 70418 INFO tempest.lib.common.rest_client [req-0b7a9277-fa36-493e-9775-165956136db5 req-0b7a9277-fa36-493e-9775-165956136db5 ] Request (ServerRescueTestJSON:test_rescue_unrescue_instance): 200 GET http://10.180.1.21/compute/v2.1/servers/b653d098-78d9-4993-985a-1f60005fb935 0.091s
2025-04-10 06:02:46.474 70420 INFO tempest.lib.common.rest_client [req-b5878078-0847-47c0-84d5-710753544c06 req-b5878078-0847-47c0-84d5-710753544c06 ] Request (ServerExternalEventsTest:tearDownClass): 201 POST http://10.180.1.21/identity/v3/auth/tokens 0.072s
2025-04-10 06:02:46.478 70404 INFO tempest.lib.common.rest_client [req-06628a60-5d27-4bb7-a4fa-03018a223970 req-06628a60-5d27-4bb7-a4fa-03018a223970 ] Request (ServerDiagnosticsNegativeTest:test_get_server_diagnostics_by_non_admin): 200 GET http://10.180.1.21/compute/v2.1/servers/37d2d699-8362-4bfe-8afe-d43e6da3966c 0.055s
2025-04-10 06:02:46.486 70414 INFO tempest.lib.common.rest_client [req-6a1c471b-60ce-4027-af0d-9640ec9bffe5 req-6a1c471b-60ce-4027-af0d-9640ec9bffe5 ] Request (ServerActionsTestOtherA:setUpClass): 204 PUT http://10.180.1.21/identity/v3/projects/42aa9af93d2848df8c6d9df92d844712/users/039373538d9d4f60a9347b81658c855f/roles/cec1d792379a488aa8583928e80bd957 0.026s
2025-04-10 06:02:46.486 70414 INFO tempest.lib.common.dynamic_creds [-] Dynamic test user 039373538d9d4f60a9347b81658c855f is created with scope project and roles: ['member']
2025-04-10 06:02:46.486 70414 INFO tempest.lib.common.dynamic_creds [-] Acquired dynamic creds: credentials: Credentials: {'domain_id': 'default', 'domain_name': 'Default', 'username': 'tempest-ServerActionsTestOtherA-1244086621-project-member', 'project_domain_id': 'default', 'project_domain_name': 'Default', 'project_id': '42aa9af93d2848df8c6d9df92d844712', 'project_name': 'tempest-ServerActionsTestOtherA-1244086621', 'tenant_id': '42aa9af93d2848df8c6d9df92d844712', 'tenant_name': 'tempest-ServerActionsTestOtherA-1244086621', 'user_domain_id': 'default', 'user_domain_name': 'Default', 'user_id': '039373538d9d4f60a9347b81658c855f', 'system': None}, Network: None, Subnet: None, Router: None
2025-04-10 06:02:46.531 70448 INFO tempest.lib.common.rest_client [req-06bd55ed-41b7-4146-af90-c0404e635ffd req-06bd55ed-41b7-4146-af90-c0404e635ffd ] Request (TenantUsagesTestJSON:tearDownClass): 200 GET http://10.180.1.21/compute/v2.1/servers/e7a52d5f-92a6-4363-94ef-4dec1466164b 0.096s
2025-04-10 06:02:46.533 70426 INFO tempest.lib.common.rest_client [req-bc294899-438b-49ea-bfb9-c443a62dc28c req-bc294899-438b-49ea-bfb9-c443a62dc28c ] Request (ServersTestBootFromVolume:setUpClass): 200 GET http://10.180.1.21/compute/v2.1/servers/f839c019-46b5-43fd-81e5-ace2c82c4263 0.066s
2025-04-10 06:02:46.549 70414 INFO tempest.lib.common.rest_client [req-d03f0ec3-0e73-4d39-8d1d-b34fd5d88ff4 req-d03f0ec3-0e73-4d39-8d1d-b34fd5d88ff4 ] Request (ServerActionsTestOtherA:setUpClass): 201 POST http://10.180.1.21/identity/v3/auth/tokens 0.062s
2025-04-10 06:02:46.585 70392 INFO tempest.lib.common.rest_client [req-5af6e9a6-9fe6-4368-bd2e-51e0ed91a178 req-5af6e9a6-9fe6-4368-bd2e-51e0ed91a178 ] Request (ServerDiskConfigTestJSON:test_rebuild_server_with_manual_disk_config): 200 GET http://10.180.1.21/compute/v2.1/servers/edc6122e-6c43-41ac-918a-4fac2c168ee4 0.067s
2025-04-10 06:02:46.591 70406 INFO tempest.lib.common.rest_client [req-2ec51a7e-1e60-44cb-be5f-2b5f4af954bd req-2ec51a7e-1e60-44cb-be5f-2b5f4af954bd ] Request (AttachInterfacesTestJSON:_run_cleanups): 200 GET http://10.180.1.21/compute/v2.1/servers/cd455839-d8b8-469a-9f5a-ff427fb90807 0.092s
2025-04-10 06:02:46.602 70420 INFO tempest.lib.common.rest_client [req-d523cd8b-d861-45ce-af7a-4b0aefe8119e req-d523cd8b-d861-45ce-af7a-4b0aefe8119e ] Request (ServerExternalEventsTest:tearDownClass): 200 GET http://10.180.1.21:9696/networking/v2.0/security-groups?tenant_id=d8590d5649734148948674a0d2863631&name=default 0.127s
2025-04-10 06:02:46.651 70390 INFO tempest.lib.common.rest_client [req-03cbdfcb-f72a-45a4-836b-71e221f951b3 req-03cbdfcb-f72a-45a4-836b-71e221f951b3 ] Request (ServerRescueNegativeTestJSON:setUpClass): 200 GET http://10.180.1.21/compute/v2.1/servers/c949f194-d662-4fdb-8025-b5dc46465add 0.072s
2025-04-10 06:02:46.655 70446 INFO tempest.lib.common.rest_client [req-9874bb5e-cc7e-4e13-98fa-8d29e3ccdc9c req-9874bb5e-cc7e-4e13-98fa-8d29e3ccdc9c ] Request (ServersAaction247Test:tearDownClass): 200 GET http://10.180.1.21/compute/v2.1/servers/19fabf54-73cd-4544-9913-b89f7c3339a5 0.102s
2025-04-10 06:02:46.704 70420 INFO tempest.lib.common.rest_client [req-4808f7bb-0bfb-4ffd-98f4-ee5c2cc58a03 req-4808f7bb-0bfb-4ffd-98f4-ee5c2cc58a03 ] Request (ServerExternalEventsTest:tearDownClass): 204 DELETE http://10.180.1.21:9696/networking/v2.0/security-groups/0a8b4f89-bde9-4f90-a2a0-beb30d421674 0.101s
2025-04-10 06:02:46.713 70430 INFO tempest.lib.common.rest_client [req-a062485d-298b-4321-bb21-cb40a870824c req-a062485d-298b-4321-bb21-cb40a870824c ] Request (ServersAdminTestJSON:test_inject_network_info): 200 GET http://10.180.1.21/compute/v2.1/servers/966fa315-8a69-4a44-819f-661671a3bf5c 0.078s
2025-04-10 06:02:46.724 70396 INFO tempest.lib.common.rest_client [req-44b16d8e-e605-4318-ba9c-0997f58f08f1 req-44b16d8e-e605-4318-ba9c-0997f58f08f1 ] Request (DeleteServersAdminTestJSON:test_delete_server_while_in_error_state): 200 GET http://10.180.1.21/compute/v2.1/servers/5fdba60e-db04-441c-bc59-005f598cf826 0.106s
2025-04-10 06:02:46.763 70434 INFO tempest.lib.common.rest_client [req-6b73bfd9-b8bf-4226-99f3-df77e06a505f req-6b73bfd9-b8bf-4226-99f3-df77e06a505f ] Request (ServerRescueTestJSONUnderV235:setUpClass): 200 GET http://10.180.1.21/compute/v2.1/servers/e1210f33-2fba-4dc1-a38f-70f46f8034af 0.083s
2025-04-10 06:02:46.773 70420 INFO tempest.lib.common.rest_client [req-f9416c5f-b194-419b-8318-c576ef5539aa req-f9416c5f-b194-419b-8318-c576ef5539aa ] Request (ServerExternalEventsTest:tearDownClass): 204 DELETE http://10.180.1.21/identity/v3/projects/d8590d5649734148948674a0d2863631 0.069s
2025-04-10 06:02:46.773 70420 INFO tempest.lib.common.dynamic_creds [-] Deleting project and security group for project: 0c0d0fd34e8d4321a2f3b3471b2ba1ff
2025-04-10 06:02:46.800 70414 INFO tempest.lib.common.rest_client [req-6fa8c4b4-a44f-4f39-a98f-b351b396899a req-6fa8c4b4-a44f-4f39-a98f-b351b396899a ] Request (ServerActionsTestOtherA:setUpClass): 201 POST http://10.180.1.21:9696/networking/v2.0/networks 0.251s
2025-04-10 06:02:46.810 70424 INFO tempest.lib.common.rest_client [req-4e9fed1e-a164-4a3a-83d5-bbd971980ebe req-4e9fed1e-a164-4a3a-83d5-bbd971980ebe ] Request (ServerAddressesTestJSON:tearDownClass): 200 GET http://10.180.1.21/compute/v2.1/servers/ced4a485-7b18-48fc-af01-76a6ee562adb 0.073s
2025-04-10 06:02:46.835 70398 INFO tempest.lib.common.rest_client [req-7ee3fbae-79fa-4187-a847-1aa1019c86aa req-7ee3fbae-79fa-4187-a847-1aa1019c86aa ] Request (ServerMetadataTestJSON:setUpClass): 200 GET http://10.180.1.21/compute/v2.1/servers/aaa4e4b7-e7ec-4647-bc4f-12bce6169ce6 0.056s
2025-04-10 06:02:46.889 70438 INFO tempest.lib.common.rest_client [req-0e3386fe-6c0b-406d-a34a-74df07d78186 req-0e3386fe-6c0b-406d-a34a-74df07d78186 ] Request (AttachVolumeTestJSON:test_attach_detach_volume): 200 GET http://10.180.1.21/compute/v2.1/servers/db981e04-53a9-4dab-8fc7-ffc6631cd41d 0.057s
2025-04-10 06:02:46.893 70420 INFO tempest.lib.common.rest_client [req-2ab315f0-ea86-4a42-b59e-bfd251dad02a req-2ab315f0-ea86-4a42-b59e-bfd251dad02a ] Request (ServerExternalEventsTest:tearDownClass): 200 GET http://10.180.1.21:9696/networking/v2.0/security-groups?tenant_id=0c0d0fd34e8d4321a2f3b3471b2ba1ff&name=default 0.119s
2025-04-10 06:02:46.965 70386 INFO tempest.lib.common.rest_client [req-e303f2fe-bdb9-4c19-89de-c42dcde678b0 req-e303f2fe-bdb9-4c19-89de-c42dcde678b0 ] Request (ServersAdminNegativeTestJSON:tearDownClass): 200 GET http://10.180.1.21/compute/v2.1/servers/080eca8e-17a7-440b-9077-aaf2e6db062f 0.063s
2025-04-10 06:02:46.966 70394 INFO tempest.lib.common.rest_client [req-d4b1e6ad-0381-439c-a794-dc494640bcd1 req-d4b1e6ad-0381-439c-a794-dc494640bcd1 ] Request (ImagesTestJSON:test_create_image_from_suspended_server): 200 GET http://10.180.1.21/compute/v2.1/servers/4bfd7730-3528-4c66-ac61-7bc6e676f531 0.111s
2025-04-10 06:02:46.973 70420 INFO tempest.lib.common.rest_client [req-96ae20f8-f9c3-48e3-b75a-b3235ea7e8c1 req-96ae20f8-f9c3-48e3-b75a-b3235ea7e8c1 ] Request (ServerExternalEventsTest:tearDownClass): 204 DELETE http://10.180.1.21:9696/networking/v2.0/security-groups/72a984d7-7bff-418f-8098-e23c3527fe3b 0.079s
2025-04-10 06:02:47.002 70414 INFO tempest.lib.common.rest_client [req-45f559c3-5a3b-4672-9755-773657669fef req-45f559c3-5a3b-4672-9755-773657669fef ] Request (ServerActionsTestOtherA:setUpClass): 201 POST http://10.180.1.21:9696/networking/v2.0/subnets 0.201s
2025-04-10 06:02:47.054 70413 INFO tempest.lib.common.rest_client [req-db20d26d-6afe-466c-8571-f37cd31fc256 req-db20d26d-6afe-466c-8571-f37cd31fc256 ] Request (ServersV294TestFqdnHostnames:setUpClass): 200 GET http://10.180.1.21/compute/v2.1/servers/d3a4cde4-60db-489f-ae8d-66372fe71361 0.053s
2025-04-10 06:02:47.059 70420 INFO tempest.lib.common.rest_client [req-446dc35d-7b19-4a89-9ecc-c91768c9195c req-446dc35d-7b19-4a89-9ecc-c91768c9195c ] Request (ServerExternalEventsTest:tearDownClass): 204 DELETE http://10.180.1.21/identity/v3/projects/0c0d0fd34e8d4321a2f3b3471b2ba1ff 0.085s
2025-04-10 06:02:47.059 70420 INFO tempest.lib.common.dynamic_creds [-] Deleting project and security group for project: bad7966f0e8348e4a80cba0f1c973c03
2025-04-10 06:02:47.111 70402 INFO tempest.lib.common.rest_client [req-a3bf62c2-9ed3-4323-a4fc-dcda8c18caa9 req-a3bf62c2-9ed3-4323-a4fc-dcda8c18caa9 ] Request (ImagesOneServerTestJSON:setUpClass): 200 GET http://10.180.1.21/compute/v2.1/servers/3deb79e5-62ed-4533-b25a-efb3d209de09 0.066s
2025-04-10 06:02:47.173 70416 INFO tempest.lib.common.rest_client [req-88b2c312-4f5b-441d-a1b3-6dd804857386 req-88b2c312-4f5b-441d-a1b3-6dd804857386 ] Request (ServersTestFqdnHostnames:test_create_server_with_fqdn_name): 200 GET http://10.180.1.21/compute/v2.1/servers/40567fa1-7b4d-4334-a3b2-34c92981f237 0.081s
2025-04-10 06:02:47.191 70420 INFO tempest.lib.common.rest_client [req-b6ea07a9-1c2a-4acf-8b6c-b318556d6b5f req-b6ea07a9-1c2a-4acf-8b6c-b318556d6b5f ] Request (ServerExternalEventsTest:tearDownClass): 200 GET http://10.180.1.21:9696/networking/v2.0/security-groups?tenant_id=bad7966f0e8348e4a80cba0f1c973c03&name=default 0.131s
2025-04-10 06:02:47.249 70436 INFO tempest.lib.common.rest_client [req-cdd5a108-b44f-490a-a2b1-cff4a4907a0f req-cdd5a108-b44f-490a-a2b1-cff4a4907a0f ] Request (MigrationsAdminTest:test_list_migrations_in_flavor_resize_situation): 200 GET http://10.180.1.21/compute/v2.1/servers/506b1ae3-fc96-4c09-9e45-8fceeb80b492 0.186s
2025-04-10 06:02:47.294 70420 INFO tempest.lib.common.rest_client [req-c6b83435-d145-4f95-907b-3b8828fe7b9d req-c6b83435-d145-4f95-907b-3b8828fe7b9d ] Request (ServerExternalEventsTest:tearDownClass): 204 DELETE http://10.180.1.21:9696/networking/v2.0/security-groups/663f41d3-78d8-48b3-8900-ac9d49717534 0.103s
2025-04-10 06:02:47.296 70400 INFO tempest.lib.common.rest_client [req-bd226213-f4dd-461a-a44f-043fa45aaa6f req-bd226213-f4dd-461a-a44f-043fa45aaa6f ] Request (FloatingIPsAssociationTestJSON:setUpClass): 200 GET http://10.180.1.21/compute/v2.1/servers/5d6ac61c-6665-43e7-ab72-c2f17f4bbdfa 0.062s
2025-04-10 06:02:47.397 70388 INFO tempest.lib.common.rest_client [req-fe6b2f0a-f301-4b07-a55d-7b4d8f01def8 req-fe6b2f0a-f301-4b07-a55d-7b4d8f01def8 ] Request (ServerGroupTestJSON:test_create_server_with_scheduler_hint_group): 200 GET http://10.180.1.21/compute/v2.1/servers/daa9ce53-98b2-4511-b37c-d52c218be544 0.105s
2025-04-10 06:02:47.400 70410 INFO tempest.lib.common.rest_client [req-e5ac5a3c-4bfc-477d-9b91-91bb0251a94d req-e5ac5a3c-4bfc-477d-9b91-91bb0251a94d ] Request (ListServersNegativeTestJSON:tearDownClass): 200 GET http://10.180.1.21/compute/v2.1/servers/c6eff15b-a047-414f-a599-c3c4eec2e8d0 0.067s
2025-04-10 06:02:47.403 70420 INFO tempest.lib.common.rest_client [req-c239398d-3839-4438-9070-ea0db3b54207 req-c239398d-3839-4438-9070-ea0db3b54207 ] Request (ServerExternalEventsTest:tearDownClass): 204 DELETE http://10.180.1.21/identity/v3/projects/bad7966f0e8348e4a80cba0f1c973c03 0.109s
2025-04-10 06:02:47.405 70388 INFO tempest.common.waiters [-] State transition "BUILD/spawning" ==> "ACTIVE/None" after 63 second wait
2025-04-10 06:02:47.452 70388 INFO tempest.lib.common.rest_client [req-7c24fa1a-2267-42f3-9a3c-81c77e05f202 req-7c24fa1a-2267-42f3-9a3c-81c77e05f202 ] Request (ServerGroupTestJSON:test_create_server_with_scheduler_hint_group): 200 GET http://10.180.1.21/compute/v2.1/os-server-groups/892a661a-278e-47bb-9d05-227cb15548fb 0.046s
2025-04-10 06:02:47.482 70440 INFO tempest.lib.common.rest_client [req-de238adc-95c5-43bf-b10c-7901db5eeca1 req-de238adc-95c5-43bf-b10c-7901db5eeca1 ] Request (InstanceActionsV221TestJSON:test_get_list_deleted_instance_actions): 200 GET http://10.180.1.21/compute/v2.1/servers/f1a69e79-d8ad-4782-9150-7215548506e8 0.068s
2025-04-10 06:02:47.510 70408 INFO tempest.lib.common.rest_client [req-429a89ac-6084-48ed-9ead-ee4d4edd29ac req-429a89ac-6084-48ed-9ead-ee4d4edd29ac ] Request (ServerDiagnosticsV248Test:tearDownClass): 200 GET http://10.180.1.21/compute/v2.1/servers/da2a951e-1858-4e53-8831-2575d9969cd8 0.067s
2025-04-10 06:02:47.520 70408 INFO tempest.common.waiters [-] State transition "ACTIVE/deleting" ==> "DELETED/None" after 4 second wait
2025-04-10 06:02:47.551 70388 INFO tempest.lib.common.rest_client [req-058f0547-76bf-4588-b88c-e377dbef1541 req-058f0547-76bf-4588-b88c-e377dbef1541 ] Request (ServerGroupTestJSON:_run_cleanups): 204 DELETE http://10.180.1.21/compute/v2.1/servers/daa9ce53-98b2-4511-b37c-d52c218be544 0.097s
2025-04-10 06:02:47.564 70418 INFO tempest.lib.common.rest_client [req-348d1eda-a626-47ff-80cb-01461a165ab1 req-348d1eda-a626-47ff-80cb-01461a165ab1 ] Request (ServerRescueTestJSON:test_rescue_unrescue_instance): 200 GET http://10.180.1.21/compute/v2.1/servers/b653d098-78d9-4993-985a-1f60005fb935 0.086s
2025-04-10 06:02:47.608 70404 INFO tempest.lib.common.rest_client [req-7bb22346-b340-449f-8aad-592fd1222f0a req-7bb22346-b340-449f-8aad-592fd1222f0a ] Request (ServerDiagnosticsNegativeTest:test_get_server_diagnostics_by_non_admin): 200 GET http://10.180.1.21/compute/v2.1/servers/37d2d699-8362-4bfe-8afe-d43e6da3966c 0.120s
2025-04-10 06:02:47.616 70426 INFO tempest.lib.common.rest_client [req-e10fa32f-5f12-4c40-a3d5-364e08c582e7 req-e10fa32f-5f12-4c40-a3d5-364e08c582e7 ] Request (ServersTestBootFromVolume:setUpClass): 200 GET http://10.180.1.21/compute/v2.1/servers/f839c019-46b5-43fd-81e5-ace2c82c4263 0.076s
2025-04-10 06:02:47.676 70448 INFO tempest.lib.common.rest_client [req-d4cf7aac-b9c5-4488-93ec-fbab9f0825fe req-d4cf7aac-b9c5-4488-93ec-fbab9f0825fe ] Request (TenantUsagesTestJSON:tearDownClass): 200 GET http://10.180.1.21/compute/v2.1/servers/e7a52d5f-92a6-4363-94ef-4dec1466164b 0.134s
2025-04-10 06:02:47.711 70414 INFO tempest.lib.common.rest_client [req-0882c135-e7ab-436c-a62b-1684fb714eac req-0882c135-e7ab-436c-a62b-1684fb714eac ] Request (ServerActionsTestOtherA:setUpClass): 201 POST http://10.180.1.21:9696/networking/v2.0/routers 0.708s
2025-04-10 06:02:47.736 70388 INFO tempest.lib.common.rest_client [req-57ed1f6b-20b2-487c-9cea-cb26d12197c6 req-57ed1f6b-20b2-487c-9cea-cb26d12197c6 ] Request (ServerGroupTestJSON:_run_cleanups): 200 GET http://10.180.1.21/compute/v2.1/servers/daa9ce53-98b2-4511-b37c-d52c218be544 0.184s
2025-04-10 06:02:47.748 70392 INFO tempest.lib.common.rest_client [req-567ff64d-4367-4419-8704-48789efe56a2 req-567ff64d-4367-4419-8704-48789efe56a2 ] Request (ServerDiskConfigTestJSON:test_rebuild_server_with_manual_disk_config): 200 GET http://10.180.1.21/compute/v2.1/servers/edc6122e-6c43-41ac-918a-4fac2c168ee4 0.155s
2025-04-10 06:02:47.809 70390 INFO tempest.lib.common.rest_client [req-c68d63c0-3395-4f82-a603-13aa391b5ea2 req-c68d63c0-3395-4f82-a603-13aa391b5ea2 ] Request (ServerRescueNegativeTestJSON:setUpClass): 200 GET http://10.180.1.21/compute/v2.1/servers/c949f194-d662-4fdb-8025-b5dc46465add 0.148s
2025-04-10 06:02:47.811 70406 INFO tempest.lib.common.rest_client [req-8d13cb1e-9de7-4bba-be89-e0a858299866 req-8d13cb1e-9de7-4bba-be89-e0a858299866 ] Request (AttachInterfacesTestJSON:_run_cleanups): 200 GET http://10.180.1.21/compute/v2.1/servers/cd455839-d8b8-469a-9f5a-ff427fb90807 0.208s
2025-04-10 06:02:47.869 70430 INFO tempest.lib.common.rest_client [req-6c1d9932-bf23-43fc-85da-34ffd78bcb4d req-6c1d9932-bf23-43fc-85da-34ffd78bcb4d ] Request (ServersAdminTestJSON:test_inject_network_info): 200 GET http://10.180.1.21/compute/v2.1/servers/966fa315-8a69-4a44-819f-661671a3bf5c 0.147s
2025-04-10 06:02:47.879 70446 INFO tempest.lib.common.rest_client [req-fbfc2687-e5a2-41fe-8ce3-35b86e5448ca req-fbfc2687-e5a2-41fe-8ce3-35b86e5448ca ] Request (ServersAaction247Test:tearDownClass): 200 GET http://10.180.1.21/compute/v2.1/servers/19fabf54-73cd-4544-9913-b89f7c3339a5 0.209s
2025-04-10 06:02:47.922 70396 INFO tempest.lib.common.rest_client [req-a16e0dc6-4dd3-4419-a17d-2dbf10f6e6a0 req-a16e0dc6-4dd3-4419-a17d-2dbf10f6e6a0 ] Request (DeleteServersAdminTestJSON:test_delete_server_while_in_error_state): 200 GET http://10.180.1.21/compute/v2.1/servers/5fdba60e-db04-441c-bc59-005f598cf826 0.190s
2025-04-10 06:02:47.933 70434 INFO tempest.lib.common.rest_client [req-232e0b48-33a2-4c4f-988b-2cb4c0180ba5 req-232e0b48-33a2-4c4f-988b-2cb4c0180ba5 ] Request (ServerRescueTestJSONUnderV235:setUpClass): 200 GET http://10.180.1.21/compute/v2.1/servers/e1210f33-2fba-4dc1-a38f-70f46f8034af 0.159s
2025-04-10 06:02:47.985 70424 INFO tempest.lib.common.rest_client [req-5ff5002f-49eb-412b-a73e-5ca7f41ff205 req-5ff5002f-49eb-412b-a73e-5ca7f41ff205 ] Request (ServerAddressesTestJSON:tearDownClass): 200 GET http://10.180.1.21/compute/v2.1/servers/ced4a485-7b18-48fc-af01-76a6ee562adb 0.166s
2025-04-10 06:02:47.988 70398 INFO tempest.lib.common.rest_client [req-7c9459d7-0e07-4e7c-bc79-a687ba98e818 req-7c9459d7-0e07-4e7c-bc79-a687ba98e818 ] Request (ServerMetadataTestJSON:setUpClass): 200 GET http://10.180.1.21/compute/v2.1/servers/aaa4e4b7-e7ec-4647-bc4f-12bce6169ce6 0.146s
2025-04-10 06:02:48.041 70438 INFO tempest.lib.common.rest_client [req-cea7d3eb-8578-4a3b-bc3e-899b39fc4ed2 req-cea7d3eb-8578-4a3b-bc3e-899b39fc4ed2 ] Request (AttachVolumeTestJSON:test_attach_detach_volume): 200 GET http://10.180.1.21/compute/v2.1/servers/db981e04-53a9-4dab-8fc7-ffc6631cd41d 0.142s
2025-04-10 06:02:48.105 70386 INFO tempest.lib.common.rest_client [req-2defdfaa-259f-439e-8913-7b1ac9d2afb0 req-2defdfaa-259f-439e-8913-7b1ac9d2afb0 ] Request (ServersAdminNegativeTestJSON:tearDownClass): 200 GET http://10.180.1.21/compute/v2.1/servers/080eca8e-17a7-440b-9077-aaf2e6db062f 0.125s
2025-04-10 06:02:48.150 70394 INFO tempest.lib.common.rest_client [req-ad23fca3-7bfc-459f-890e-0cb318455706 req-ad23fca3-7bfc-459f-890e-0cb318455706 ] Request (ImagesTestJSON:test_create_image_from_suspended_server): 200 GET http://10.180.1.21/compute/v2.1/servers/4bfd7730-3528-4c66-ac61-7bc6e676f531 0.176s
2025-04-10 06:02:48.171 70413 INFO tempest.lib.common.rest_client [req-c5fbe9ea-29e9-4152-a33c-2e04c242d6d2 req-c5fbe9ea-29e9-4152-a33c-2e04c242d6d2 ] Request (ServersV294TestFqdnHostnames:setUpClass): 200 GET http://10.180.1.21/compute/v2.1/servers/d3a4cde4-60db-489f-ae8d-66372fe71361 0.105s
2025-04-10 06:02:48.215 70402 INFO tempest.lib.common.rest_client [req-c291622e-829d-4a8a-96a7-590a6b0dc92a req-c291622e-829d-4a8a-96a7-590a6b0dc92a ] Request (ImagesOneServerTestJSON:setUpClass): 200 GET http://10.180.1.21/compute/v2.1/servers/3deb79e5-62ed-4533-b25a-efb3d209de09 0.095s
2025-04-10 06:02:48.247 70416 INFO tempest.lib.common.rest_client [req-a0237603-f320-453c-835c-0d36dae21585 req-a0237603-f320-453c-835c-0d36dae21585 ] Request (ServersTestFqdnHostnames:test_create_server_with_fqdn_name): 200 GET http://10.180.1.21/compute/v2.1/servers/40567fa1-7b4d-4334-a3b2-34c92981f237 0.062s
2025-04-10 06:02:48.369 70400 INFO tempest.lib.common.rest_client [req-7fea5bcd-f94e-4e56-a5bf-1c5ea802aca7 req-7fea5bcd-f94e-4e56-a5bf-1c5ea802aca7 ] Request (FloatingIPsAssociationTestJSON:setUpClass): 200 GET http://10.180.1.21/compute/v2.1/servers/5d6ac61c-6665-43e7-ab72-c2f17f4bbdfa 0.062s
2025-04-10 06:02:48.377 70436 INFO tempest.lib.common.rest_client [req-555ded6c-d838-435c-a2dc-30ee98727f04 req-555ded6c-d838-435c-a2dc-30ee98727f04 ] Request (MigrationsAdminTest:test_list_migrations_in_flavor_resize_situation): 200 GET http://10.180.1.21/compute/v2.1/servers/506b1ae3-fc96-4c09-9e45-8fceeb80b492 0.118s
2025-04-10 06:02:48.474 70410 INFO tempest.lib.common.rest_client [req-0d9d1f63-57b4-4234-bd7f-0dc2d138c104 req-0d9d1f63-57b4-4234-bd7f-0dc2d138c104 ] Request (ListServersNegativeTestJSON:tearDownClass): 200 GET http://10.180.1.21/compute/v2.1/servers/c6eff15b-a047-414f-a599-c3c4eec2e8d0 0.064s
2025-04-10 06:02:48.559 70440 INFO tempest.lib.common.rest_client [req-78282a00-b911-4606-9c6c-61ca0694df9c req-78282a00-b911-4606-9c6c-61ca0694df9c ] Request (InstanceActionsV221TestJSON:test_get_list_deleted_instance_actions): 200 GET http://10.180.1.21/compute/v2.1/servers/f1a69e79-d8ad-4782-9150-7215548506e8 0.065s
2025-04-10 06:02:48.582 70408 INFO tempest.lib.common.rest_client [req-42b20db8-3547-4e84-893a-5efd33f4347b req-42b20db8-3547-4e84-893a-5efd33f4347b ] Request (ServerDiagnosticsV248Test:tearDownClass): 200 GET http://10.180.1.21/compute/v2.1/servers/da2a951e-1858-4e53-8831-2575d9969cd8 0.062s
2025-04-10 06:02:48.637 70414 INFO tempest.lib.common.rest_client [req-e233be19-c12b-40e5-baf0-81465b49b848 req-e233be19-c12b-40e5-baf0-81465b49b848 ] Request (ServerActionsTestOtherA:setUpClass): 200 PUT http://10.180.1.21:9696/networking/v2.0/routers/d19f7d56-af27-4dda-ba7f-f5f41922f1c0/add_router_interface 0.926s
2025-04-10 06:02:48.638 70414 INFO tempest.lib.common.dynamic_creds [-] Created isolated network resources for: credentials: Credentials: {'domain_id': 'default', 'domain_name': 'Default', 'username': 'tempest-ServerActionsTestOtherA-1244086621-project-member', 'project_domain_id': 'default', 'project_domain_name': 'Default', 'project_id': '42aa9af93d2848df8c6d9df92d844712', 'project_name': 'tempest-ServerActionsTestOtherA-1244086621', 'tenant_id': '42aa9af93d2848df8c6d9df92d844712', 'tenant_name': 'tempest-ServerActionsTestOtherA-1244086621', 'user_domain_id': 'default', 'user_domain_name': 'Default', 'user_id': '039373538d9d4f60a9347b81658c855f', 'system': None}, Network: {'id': '7e55214e-5528-439c-bac7-7ff1d2e6c288', 'name': 'tempest-ServerActionsTestOtherA-712259038-network', 'tenant_id': '42aa9af93d2848df8c6d9df92d844712', 'admin_state_up': True, 'mtu': 8950, 'status': 'ACTIVE', 'subnets': [], 'shared': False, 'project_id': '42aa9af93d2848df8c6d9df92d844712', 'port_security_enabled': True, 'router:external': False, 'provider:network_type': 'vlan', 'provider:physical_network': 'default', 'provider:segmentation_id': 97, 'availability_zone_hints': [], 'availability_zones': [], 'ipv4_address_scope': None, 'ipv6_address_scope': None, 'description': '', 'tags': [], 'created_at': '2025-04-10T06:02:46Z', 'updated_at': '2025-04-10T06:02:46Z', 'revision_number': 1}, Subnet: {'id': 'd59f9867-9ed9-400a-8090-32087bbdbfb3', 'name': 'tempest-ServerActionsTestOtherA-712259038-subnet', 'tenant_id': '42aa9af93d2848df8c6d9df92d844712', 'network_id': '7e55214e-5528-439c-bac7-7ff1d2e6c288', 'ip_version': 4, 'subnetpool_id': None, 'enable_dhcp': True, 'ipv6_ra_mode': None, 'ipv6_address_mode': None, 'gateway_ip': '192.168.128.1', 'cidr': '192.168.128.0/28', 'allocation_pools': [{'start': '192.168.128.2', 'end': '192.168.128.14'}], 'host_routes': [], 'dns_nameservers': [], 'description': '', 'router:external': False, 'service_types': [], 'tags': [], 'created_at': '2025-04-10T06:02:46Z', 'updated_at': '2025-04-10T06:02:46Z', 'revision_number': 0, 'project_id': '42aa9af93d2848df8c6d9df92d844712'}, Router: {'id': 'd19f7d56-af27-4dda-ba7f-f5f41922f1c0', 'name': 'tempest-ServerActionsTestOtherA-712259038-router', 'tenant_id': '42aa9af93d2848df8c6d9df92d844712', 'admin_state_up': True, 'status': 'ACTIVE', 'external_gateway_info': {'network_id': '7252e10f-30a4-47ea-b0e1-15858f289aec', 'external_fixed_ips': [{'subnet_id': '03954cc0-cb98-4f2d-88e9-406ca6d2a60f', 'ip_address': '10.180.180.173'}], 'enable_snat': True}, 'description': '', 'availability_zones': [], 'distributed': False, 'ha': False, 'availability_zone_hints': [], 'routes': [], 'flavor_id': None, 'tags': [], 'created_at': '2025-04-10T06:02:47Z', 'updated_at': '2025-04-10T06:02:47Z', 'revision_number': 2, 'project_id': '42aa9af93d2848df8c6d9df92d844712'}
2025-04-10 06:02:48.639 70418 INFO tempest.lib.common.rest_client [req-aadb7c60-555b-42f2-aeec-73c1ec0f5f9c req-aadb7c60-555b-42f2-aeec-73c1ec0f5f9c ] Request (ServerRescueTestJSON:test_rescue_unrescue_instance): 200 GET http://10.180.1.21/compute/v2.1/servers/b653d098-78d9-4993-985a-1f60005fb935 0.066s
2025-04-10 06:02:48.678 70404 INFO tempest.lib.common.rest_client [req-395cda79-a128-40c0-9a39-d88be3f9ae09 req-395cda79-a128-40c0-9a39-d88be3f9ae09 ] Request (ServerDiagnosticsNegativeTest:test_get_server_diagnostics_by_non_admin): 200 GET http://10.180.1.21/compute/v2.1/servers/37d2d699-8362-4bfe-8afe-d43e6da3966c 0.059s
2025-04-10 06:02:48.690 70404 INFO tempest.common.waiters [-] State transition "BUILD/scheduling" ==> "BUILD/None" after 39 second wait
2025-04-10 06:02:48.692 70426 INFO tempest.lib.common.rest_client [req-7d1536c6-9bd1-4d31-9ec5-f0507f1f22a4 req-7d1536c6-9bd1-4d31-9ec5-f0507f1f22a4 ] Request (ServersTestBootFromVolume:setUpClass): 200 GET http://10.180.1.21/compute/v2.1/servers/f839c019-46b5-43fd-81e5-ace2c82c4263 0.065s
2025-04-10 06:02:48.741 70414 INFO tempest.lib.common.rest_client [req-a9f48919-3370-4cf1-8c4d-793bb2062336 req-a9f48919-3370-4cf1-8c4d-793bb2062336 ] Request (ServerActionsTestOtherA:setUpClass): 201 POST http://10.180.1.21/identity/v3/auth/tokens 0.098s
2025-04-10 06:02:48.756 70448 INFO tempest.lib.common.rest_client [req-287a8bc4-94cc-4197-af40-a1a2cb968272 req-287a8bc4-94cc-4197-af40-a1a2cb968272 ] Request (TenantUsagesTestJSON:tearDownClass): 200 GET http://10.180.1.21/compute/v2.1/servers/e7a52d5f-92a6-4363-94ef-4dec1466164b 0.070s
2025-04-10 06:02:48.881 70414 INFO tempest.lib.common.rest_client [req-0ab60f96-2887-438c-b698-53392c95cef7 req-0ab60f96-2887-438c-b698-53392c95cef7 ] Request (ServerActionsTestOtherA:setUpClass): 200 POST http://10.180.1.21/compute/v2.1/os-keypairs 0.138s
2025-04-10 06:02:48.927 70388 INFO tempest.lib.common.rest_client [req-7414e3c4-ce0c-4b38-b72b-c71287dc14e5 req-7414e3c4-ce0c-4b38-b72b-c71287dc14e5 ] Request (ServerGroupTestJSON:_run_cleanups): 200 GET http://10.180.1.21/compute/v2.1/servers/daa9ce53-98b2-4511-b37c-d52c218be544 0.175s
2025-04-10 06:02:48.939 70392 INFO tempest.lib.common.rest_client [req-3c1c8593-7a82-4bc5-b540-8e993e4ecfe7 req-3c1c8593-7a82-4bc5-b540-8e993e4ecfe7 ] Request (ServerDiskConfigTestJSON:test_rebuild_server_with_manual_disk_config): 200 GET http://10.180.1.21/compute/v2.1/servers/edc6122e-6c43-41ac-918a-4fac2c168ee4 0.178s
