2025-04-10 06:01:40.343 70424 INFO tempest.lib.common.rest_client [req-0bdd282c-23e6-481e-99c1-90dfeba3f2fa req-0bdd282c-23e6-481e-99c1-90dfeba3f2fa ] Request (ServerAddressesTestJSON:setUpClass): 202 POST http://10.180.1.21/compute/v2.1/servers 2.364s
2025-04-10 06:01:40.357 70438 INFO tempest.lib.common.rest_client [req-52ee8498-b8f8-4f97-97e0-9542c8f8a9eb req-52ee8498-b8f8-4f97-97e0-9542c8f8a9eb ] Request (ServerMetadataNegativeTestJSON:test_server_metadata_non_existent_server): 404 GET http://10.180.1.21/compute/v2.1/servers/4a9c6341-0ed9-489c-bb50-960a95f94e6f/metadata/test2 2.069s
2025-04-10 06:01:40.393 70392 INFO tempest.lib.common.rest_client [req-0df02e7b-aa2f-4aa6-a41c-12cde7d0774d req-0df02e7b-aa2f-4aa6-a41c-12cde7d0774d ] Request (ServerDiskConfigTestJSON:test_rebuild_server_with_auto_disk_config): 200 GET http://10.180.1.21/compute/v2.1/servers/0a2bc9c4-5335-495e-8f4b-7796eb7a74c7 2.138s
2025-04-10 06:01:40.403 70392 INFO tempest.common.waiters [-] State transition "BUILD/scheduling" ==> "BUILD/None" after 10 second wait
2025-04-10 06:01:40.453 70408 INFO tempest.lib.common.rest_client [req-d2245649-0435-4ef9-9064-db931a558fcf req-d2245649-0435-4ef9-9064-db931a558fcf ] Request (ServerDiagnosticsV248Test:test_get_server_diagnostics): 200 GET http://10.180.1.21/compute/v2.1/servers/da2a951e-1858-4e53-8831-2575d9969cd8 2.127s
2025-04-10 06:01:40.485 70396 INFO tempest.lib.common.rest_client [req-93b9a633-53e5-4b0b-bf14-6e449b07a8ee req-93b9a633-53e5-4b0b-bf14-6e449b07a8ee ] Request (DeleteServersAdminTestJSON:test_delete_server_while_in_error_state): 200 GET http://10.180.1.21/compute/v2.1/servers/5fdba60e-db04-441c-bc59-005f598cf826 2.157s
2025-04-10 06:01:40.572 70444 INFO tempest.lib.common.rest_client [req-16458650-4dea-4117-af6a-06bb22ea5695 req-16458650-4dea-4117-af6a-06bb22ea5695 ] Request (AbsoluteLimitsTestJSON:test_absLimits_get): 200 GET http://10.180.1.21/compute/v2.1/limits 2.032s
2025-04-10 06:01:40.601 70404 INFO tempest.lib.common.rest_client [req-d37d22d5-be65-45fd-af46-f1459bd02827 req-d37d22d5-be65-45fd-af46-f1459bd02827 ] Request (FlavorsAdminTestJSON:test_is_public_string_variations): 200 GET http://10.180.1.21/compute/v2.1/flavors/detail?is_public=no 1.698s
2025-04-10 06:01:40.653 70394 INFO tempest.lib.common.rest_client [req-1bb58fa0-4e05-471f-a2ef-f7ef6d4b3bde req-1bb58fa0-4e05-471f-a2ef-f7ef6d4b3bde ] Request (ImagesTestJSON:test_create_image_from_stopped_server): 200 GET http://10.180.1.21/compute/v2.1/images/e3a85752-c899-400b-9db2-a8de552d9efa 1.712s
2025-04-10 06:01:40.653 70406 INFO tempest.lib.common.rest_client [req-7e30df10-6642-421a-97eb-48b46c3401d7 req-7e30df10-6642-421a-97eb-48b46c3401d7 ] Request (AttachInterfacesTestJSON:test_create_list_show_delete_interfaces_by_fixed_ip): 200 GET http://10.180.1.21/compute/v2.1/servers/cd455839-d8b8-469a-9f5a-ff427fb90807 1.822s
2025-04-10 06:01:40.670 70406 INFO tempest.lib.common.ssh [-] Creating ssh connection to '10.180.180.159:22' as 'cirros' with public key authentication
2025-04-10 06:01:40.707 70444 INFO tempest.lib.common.rest_client [req-c22d3d8e-2d5c-47f0-bafb-398a5d03e6c9 req-c22d3d8e-2d5c-47f0-bafb-398a5d03e6c9 ] Request (AbsoluteLimitsTestJSON:tearDownClass): 204 DELETE http://10.180.1.21/identity/v3/users/2e7b44bc52a64251bed412b44909e263 0.124s
2025-04-10 06:01:40.707 70444 INFO tempest.lib.common.dynamic_creds [-] Deleting project and security group for project: 22b655c0f46a4f3a95d73005150863c6
2025-04-10 06:01:40.710 70388 INFO tempest.lib.common.rest_client [req-14dd14d8-3d19-420b-91ad-8e391cb34023 req-14dd14d8-3d19-420b-91ad-8e391cb34023 ] Request (ServerGroupTestJSON:test_create_delete_server_group_with_anti_affinity_policy): 200 GET http://10.180.1.21/compute/v2.1/os-server-groups 1.510s
2025-04-10 06:01:40.711 70434 INFO tempest.lib.common.rest_client [req-e5e833a5-8c1f-4a71-8f51-067b4bbf10c6 req-e5e833a5-8c1f-4a71-8f51-067b4bbf10c6 ] Request (SecurityGroupRulesTestJSON:test_security_group_rules_delete_when_peer_group_deleted): 200 GET http://10.180.1.21/compute/v2.1/os-security-groups/a5d70b70-e615-4faa-9cc2-ee7945712fca 1.653s
2025-04-10 06:01:40.711 70394 INFO tempest.lib.common.rest_client [req-bf88f6a7-e9e0-4f3b-919a-efa5d76980a8 req-bf88f6a7-e9e0-4f3b-919a-efa5d76980a8 ] Request (ImagesTestJSON:test_create_image_from_stopped_server): 200 GET http://10.180.1.21/image/v2/images/e3a85752-c899-400b-9db2-a8de552d9efa/tasks 0.052s
2025-04-10 06:01:40.739 70400 INFO tempest.lib.common.rest_client [req-c4b721bb-8fd5-4478-88a2-16cf042827ad req-c4b721bb-8fd5-4478-88a2-16cf042827ad ] Request (QuotaClassesAdminTestJSON:test_update_default_quotas): 200 GET http://10.180.1.21/compute/v2.1/os-quota-class-sets/default 1.199s
2025-04-10 06:01:40.807 70388 INFO tempest.lib.common.rest_client [req-00a6f0bc-2226-4726-9fd2-76e04c9c2a97 req-00a6f0bc-2226-4726-9fd2-76e04c9c2a97 ] Request (ServerGroupTestJSON:test_create_server_with_scheduler_hint_group): 201 POST http://10.180.1.21/identity/v3/auth/tokens 0.082s
2025-04-10 06:01:40.808 70388 INFO tempest.lib.common.fixed_network [-] (ServerGroupTestJSON:test_create_server_with_scheduler_hint_group) Found network {'id': '9547a407-a08a-47e6-9e81-a9ef8f3ed038', 'name': 'tempest-ServerGroupTestJSON-721359462-network', 'tenant_id': '8133f728786b4d49b4f6514744e93cdc', 'admin_state_up': True, 'mtu': 8950, 'status': 'ACTIVE', 'subnets': [], 'shared': False, 'project_id': '8133f728786b4d49b4f6514744e93cdc', 'port_security_enabled': True, 'router:external': False, 'provider:network_type': 'vlan', 'provider:physical_network': 'default', 'provider:segmentation_id': 42, 'availability_zone_hints': [], 'availability_zones': [], 'ipv4_address_scope': None, 'ipv6_address_scope': None, 'description': '', 'tags': [], 'created_at': '2025-04-10T06:01:10Z', 'updated_at': '2025-04-10T06:01:10Z', 'revision_number': 1} available for tenant
2025-04-10 06:01:40.809 70444 INFO tempest.lib.common.rest_client [req-0f04e624-5a4f-4a1f-b6b1-6e068d33b470 req-0f04e624-5a4f-4a1f-b6b1-6e068d33b470 ] Request (AbsoluteLimitsTestJSON:tearDownClass): 201 POST http://10.180.1.21/identity/v3/auth/tokens 0.101s
2025-04-10 06:01:40.819 70416 INFO tempest.lib.common.rest_client [req-4e4439dd-1bf5-44d4-be9a-7c2eab908aea req-4e4439dd-1bf5-44d4-be9a-7c2eab908aea ] Request (FloatingIPsAssociationNegativeTestJSON:tearDownClass): 200 GET http://10.180.1.21/compute/v2.1/servers/5124e102-6811-46a0-a71a-a237ae4a6356 1.138s
2025-04-10 06:01:40.830 70416 INFO tempest.common.waiters [-] State transition "ACTIVE/deleting" ==> "DELETED/None" after 2 second wait
2025-04-10 06:01:40.884 70430 INFO tempest.lib.common.rest_client [req-6726cafe-e1f6-4346-87e2-337860abdb51 req-6726cafe-e1f6-4346-87e2-337860abdb51 ] Request (ServersAdminTestJSON:test_create_server_with_scheduling_hint): 200 GET http://10.180.1.21/compute/v2.1/servers/011f3a11-47dc-4297-95e1-542e1a0227c1 1.116s
2025-04-10 06:01:40.923 70413 INFO tempest.lib.common.rest_client [req-199962f5-6a83-4e59-86ec-b325c83cb52e req-199962f5-6a83-4e59-86ec-b325c83cb52e ] Request (SecurityGroupRulesNegativeTestJSON:setUpClass): 201 POST http://10.180.1.21:9696/networking/v2.0/subnets 0.818s
2025-04-10 06:01:40.944 70402 INFO tempest.lib.common.rest_client [req-d25cc60f-39a4-4538-a6a0-497d406a8b9a req-d25cc60f-39a4-4538-a6a0-497d406a8b9a ] Request (ImagesOneServerTestJSON:setUpClass): 201 POST http://10.180.1.21:9696/networking/v2.0/routers 1.647s
2025-04-10 06:01:40.992 70436 INFO tempest.lib.common.rest_client [req-f1c7ed36-7b79-418a-abec-ece08e1702b0 req-f1c7ed36-7b79-418a-abec-ece08e1702b0 ] Request (MigrationsAdminTest:test_list_migrations_in_flavor_resize_situation): 200 GET http://10.180.1.21/compute/v2.1/servers/506b1ae3-fc96-4c09-9e45-8fceeb80b492 1.710s
2025-04-10 06:01:41.077 70440 INFO tempest.lib.common.rest_client [req-7f297dbd-18f9-4745-9aa5-f7b45402a4e6 req-7f297dbd-18f9-4745-9aa5-f7b45402a4e6 ] Request (InstanceActionsV221TestJSON:test_get_list_deleted_instance_actions): 200 GET http://10.180.1.21/compute/v2.1/servers/f1a69e79-d8ad-4782-9150-7215548506e8 1.180s
2025-04-10 06:01:41.090 70442 INFO tempest.lib.common.rest_client [req-2fe92705-a89e-4abe-be00-ab7017f12fa8 req-2fe92705-a89e-4abe-be00-ab7017f12fa8 ] Request (VolumesAssistedSnapshotsTest:test_volume_assisted_snapshot_create_delete): 200 GET http://10.180.1.21/compute/v2.1/servers/70afd0e3-0624-4d8a-8edb-b130d6e8c548 1.293s
2025-04-10 06:01:41.199 70448 INFO tempest.lib.common.rest_client [req-ececfa59-831d-4933-a2b4-cbb35141069c req-ececfa59-831d-4933-a2b4-cbb35141069c ] Request (TenantUsagesTestJSON:setUpClass): 200 GET http://10.180.1.21/compute/v2.1/servers/e7a52d5f-92a6-4363-94ef-4dec1466164b 1.042s
2025-04-10 06:01:41.204 70444 INFO tempest.lib.common.rest_client [req-2235879d-53f3-49dd-9473-aa83da1d75ee req-2235879d-53f3-49dd-9473-aa83da1d75ee ] Request (AbsoluteLimitsTestJSON:tearDownClass): 200 GET http://10.180.1.21:9696/networking/v2.0/security-groups?tenant_id=22b655c0f46a4f3a95d73005150863c6&name=default 0.395s
2025-04-10 06:01:41.282 70428 INFO tempest.lib.common.rest_client [req-02a7ecd6-0061-4bb9-9565-a500554c883b req-02a7ecd6-0061-4bb9-9565-a500554c883b ] Request (ServersWithSpecificFlavorTestJSON:test_verify_created_server_ephemeral_disk): 200 GET http://10.180.1.21/compute/v2.1/servers/59b174de-0389-440b-8cd3-ba3b11f7fd12/os-interface 1.063s
2025-04-10 06:01:41.322 70426 INFO tempest.lib.common.rest_client [req-2ae6eace-b9ba-4422-b6e7-5dbab705fdd4 req-2ae6eace-b9ba-4422-b6e7-5dbab705fdd4 ] Request (AggregatesAdminNegativeTestJSON:test_aggregate_remove_nonexistent_host): 200 POST http://10.180.1.21/compute/v2.1/os-aggregates 1.087s
2025-04-10 06:01:41.471 70444 INFO tempest.lib.common.rest_client [req-6a3cfd4b-49f4-430e-bf55-25a7f155135c req-6a3cfd4b-49f4-430e-bf55-25a7f155135c ] Request (AbsoluteLimitsTestJSON:tearDownClass): 204 DELETE http://10.180.1.21:9696/networking/v2.0/security-groups/975b4f05-7974-4d4f-b628-67356bde49d9 0.265s
2025-04-10 06:01:41.562 70444 INFO tempest.lib.common.rest_client [req-3b317904-ed4c-48a9-917c-64d3ae325e69 req-3b317904-ed4c-48a9-917c-64d3ae325e69 ] Request (AbsoluteLimitsTestJSON:tearDownClass): 204 DELETE http://10.180.1.21/identity/v3/projects/22b655c0f46a4f3a95d73005150863c6 0.090s
2025-04-10 06:01:41.563 70444 INFO tempest.test [-] raised in ServerStableDeviceRescueTestIDE.setUpClass. Invoking tearDownClass.
2025-04-10 06:01:41.664 70410 INFO tempest.lib.common.rest_client [req-e1cd17e1-189a-4122-a730-ae357e2de4d6 req-e1cd17e1-189a-4122-a730-ae357e2de4d6 ] Request (ListServersNegativeTestJSON:setUpClass): 200 GET http://10.180.1.21/compute/v2.1/servers/3e91912e-2579-4026-b994-0f78a07bf0a2 1.429s
2025-04-10 06:01:41.665 70418 INFO tempest.lib.common.rest_client [req-dd67b1e4-776c-4aac-bb29-a8f589615e5e req-dd67b1e4-776c-4aac-bb29-a8f589615e5e ] Request (ServerRescueTestJSON:setUpClass): 200 GET http://10.180.1.21/compute/v2.1/servers/b66731cf-6f94-4c15-83e0-e4144b20566a 1.508s
2025-04-10 06:01:41.676 70410 INFO tempest.common.waiters [-] State transition "BUILD/networking" ==> "BUILD/spawning" after 16 second wait
2025-04-10 06:01:41.713 70390 INFO tempest.lib.common.rest_client [req-59e6f474-b061-4e04-9042-75b86de1b35a req-59e6f474-b061-4e04-9042-75b86de1b35a ] Request (ServerRescueNegativeTestJSON:setUpClass): 200 PUT http://10.180.1.21:9696/networking/v2.0/routers/5198b91e-46a9-4a1c-8b0d-084dd845aa50/add_router_interface 2.422s
2025-04-10 06:01:41.713 70390 INFO tempest.lib.common.dynamic_creds [-] Created isolated network resources for: credentials: Credentials: {'domain_id': 'default', 'domain_name': 'Default', 'username': 'tempest-ServerRescueNegativeTestJSON-823714785-project-member', 'project_domain_id': 'default', 'project_domain_name': 'Default', 'project_id': '47f6bc4c96784c08b0ab08a685ff9a80', 'project_name': 'tempest-ServerRescueNegativeTestJSON-823714785', 'tenant_id': '47f6bc4c96784c08b0ab08a685ff9a80', 'tenant_name': 'tempest-ServerRescueNegativeTestJSON-823714785', 'user_domain_id': 'default', 'user_domain_name': 'Default', 'user_id': 'e6250c2c63cb4a188c7cb60e497f8f19', 'system': None}, Network: {'id': '0386b485-f9b7-4108-96be-1dfac81b83d4', 'name': 'tempest-ServerRescueNegativeTestJSON-1744922854-network', 'tenant_id': '47f6bc4c96784c08b0ab08a685ff9a80', 'admin_state_up': True, 'mtu': 8950, 'status': 'ACTIVE', 'subnets': [], 'shared': False, 'project_id': '47f6bc4c96784c08b0ab08a685ff9a80', 'port_security_enabled': True, 'router:external': False, 'provider:network_type': 'vlan', 'provider:physical_network': 'default', 'provider:segmentation_id': 634, 'availability_zone_hints': [], 'availability_zones': [], 'ipv4_address_scope': None, 'ipv6_address_scope': None, 'description': '', 'tags': [], 'created_at': '2025-04-10T06:01:36Z', 'updated_at': '2025-04-10T06:01:36Z', 'revision_number': 1}, Subnet: {'id': 'b7c7d893-29bc-42ef-b880-539332f6f6f5', 'name': 'tempest-ServerRescueNegativeTestJSON-1744922854-subnet', 'tenant_id': '47f6bc4c96784c08b0ab08a685ff9a80', 'network_id': '0386b485-f9b7-4108-96be-1dfac81b83d4', 'ip_version': 4, 'subnetpool_id': None, 'enable_dhcp': True, 'ipv6_ra_mode': None, 'ipv6_address_mode': None, 'gateway_ip': '192.168.128.1', 'cidr': '192.168.128.0/28', 'allocation_pools': [{'start': '192.168.128.2', 'end': '192.168.128.14'}], 'host_routes': [], 'dns_nameservers': [], 'description': '', 'router:external': False, 'service_types': [], 'tags': [], 'created_at': '2025-04-10T06:01:36Z', 'updated_at': '2025-04-10T06:01:36Z', 'revision_number': 0, 'project_id': '47f6bc4c96784c08b0ab08a685ff9a80'}, Router: {'id': '5198b91e-46a9-4a1c-8b0d-084dd845aa50', 'name': 'tempest-ServerRescueNegativeTestJSON-1744922854-router', 'tenant_id': '47f6bc4c96784c08b0ab08a685ff9a80', 'admin_state_up': True, 'status': 'ACTIVE', 'external_gateway_info': {'network_id': '7252e10f-30a4-47ea-b0e1-15858f289aec', 'external_fixed_ips': [{'subnet_id': '03954cc0-cb98-4f2d-88e9-406ca6d2a60f', 'ip_address': '10.180.180.137'}], 'enable_snat': True}, 'description': '', 'availability_zones': [], 'distributed': False, 'ha': False, 'availability_zone_hints': [], 'routes': [], 'flavor_id': None, 'tags': [], 'created_at': '2025-04-10T06:01:37Z', 'updated_at': '2025-04-10T06:01:38Z', 'revision_number': 2, 'project_id': '47f6bc4c96784c08b0ab08a685ff9a80'}
2025-04-10 06:01:41.765 70424 INFO tempest.lib.common.rest_client [req-608a8cb4-b366-455d-9dc2-eb7c7e7ad5c6 req-608a8cb4-b366-455d-9dc2-eb7c7e7ad5c6 ] Request (ServerAddressesTestJSON:setUpClass): 200 GET http://10.180.1.21/compute/v2.1/servers/ced4a485-7b18-48fc-af01-76a6ee562adb 1.420s
2025-04-10 06:01:41.779 70446 INFO tempest.lib.common.rest_client [req-090fa252-3330-4178-ab56-dd935ba5cc20 req-090fa252-3330-4178-ab56-dd935ba5cc20 ] Request (ServersAaction247Test:test_create_backup): 200 GET http://10.180.1.21/compute/v2.1/servers/19fabf54-73cd-4544-9913-b89f7c3339a5 1.462s
2025-04-10 06:01:41.815 70438 INFO tempest.lib.common.rest_client [req-49975d3a-f7ab-4065-9886-06b628726cb6 req-49975d3a-f7ab-4065-9886-06b628726cb6 ] Request (ServerMetadataNegativeTestJSON:test_set_metadata_invalid_key): 400 PUT http://10.180.1.21/compute/v2.1/servers/f2473b2c-be7c-42a9-ac0a-6f5d85d8a4c6/metadata/key 1.456s
2025-04-10 06:01:41.829 70390 INFO tempest.lib.common.rest_client [req-fdf43949-cc8a-488c-b54b-6f60066e27c0 req-fdf43949-cc8a-488c-b54b-6f60066e27c0 ] Request (ServerRescueNegativeTestJSON:setUpClass): 201 POST http://10.180.1.21/identity/v3/auth/tokens 0.111s
2025-04-10 06:01:41.870 70420 INFO tempest.lib.common.rest_client [req-b59f52b0-72fd-424c-8f2b-baddf26899ec req-b59f52b0-72fd-424c-8f2b-baddf26899ec ] Request (ServerExternalEventsTest:test_create_server_external_events): 200 GET http://10.180.1.21/compute/v2.1/servers/b5d44093-2bb4-4f6d-a774-2db3d2f91f47 1.497s
2025-04-10 06:01:41.881 70390 INFO tempest.lib.common.rest_client [req-d2c252c3-05a4-4d31-9db6-2c5157feafcd req-d2c252c3-05a4-4d31-9db6-2c5157feafcd ] Request (ServerRescueNegativeTestJSON:setUpClass): 201 POST http://10.180.1.21/identity/v3/auth/tokens 0.047s
2025-04-10 06:01:41.881 70390 INFO tempest.lib.common.fixed_network [-] (ServerRescueNegativeTestJSON:setUpClass) Found network {'id': '0386b485-f9b7-4108-96be-1dfac81b83d4', 'name': 'tempest-ServerRescueNegativeTestJSON-1744922854-network', 'tenant_id': '47f6bc4c96784c08b0ab08a685ff9a80', 'admin_state_up': True, 'mtu': 8950, 'status': 'ACTIVE', 'subnets': [], 'shared': False, 'project_id': '47f6bc4c96784c08b0ab08a685ff9a80', 'port_security_enabled': True, 'router:external': False, 'provider:network_type': 'vlan', 'provider:physical_network': 'default', 'provider:segmentation_id': 634, 'availability_zone_hints': [], 'availability_zones': [], 'ipv4_address_scope': None, 'ipv6_address_scope': None, 'description': '', 'tags': [], 'created_at': '2025-04-10T06:01:36Z', 'updated_at': '2025-04-10T06:01:36Z', 'revision_number': 1} available for tenant
2025-04-10 06:01:41.881 70414 INFO tempest.lib.common.rest_client [req-478bada7-c8cf-4867-b230-a717a3a66d79 req-478bada7-c8cf-4867-b230-a717a3a66d79 ] Request (AttachInterfacesV270Test:test_create_get_list_interfaces): 200 GET http://10.180.1.21/compute/v2.1/servers/9b2b6fab-c836-4c5d-83a1-cf114fd908b7 1.442s
2025-04-10 06:01:41.886 70404 INFO tempest.lib.common.rest_client [req-4e9f0084-07bc-4ca6-a61e-2004a92d36f9 req-4e9f0084-07bc-4ca6-a61e-2004a92d36f9 ] Request (FlavorsAdminTestJSON:test_is_public_string_variations): 200 GET http://10.180.1.21/compute/v2.1/flavors/detail?is_public=0 1.279s
2025-04-10 06:01:42.000 70394 INFO tempest.lib.common.rest_client [req-689c1e56-753e-4bd1-a749-02e3045e6834 req-689c1e56-753e-4bd1-a749-02e3045e6834 ] Request (ImagesTestJSON:_run_cleanups): 204 DELETE http://10.180.1.21/compute/v2.1/images/e3a85752-c899-400b-9db2-a8de552d9efa 1.288s
2025-04-10 06:01:42.073 70398 INFO tempest.lib.common.rest_client [req-ab2a04ef-97e4-4e4a-a681-4717bda21073 req-ab2a04ef-97e4-4e4a-a681-4717bda21073 ] Request (InstanceActionsTestJSON:setUpClass): 200 GET http://10.180.1.21/compute/v2.1/servers/8e973be7-c31b-4a66-8d0d-d4e7a51b580f 1.371s
2025-04-10 06:01:42.148 70400 INFO tempest.lib.common.rest_client [req-c4e40a00-168f-4d02-9725-63624ed8dbe4 req-c4e40a00-168f-4d02-9725-63624ed8dbe4 ] Request (QuotaClassesAdminTestJSON:_run_cleanups): 200 PUT http://10.180.1.21/compute/v2.1/os-quota-class-sets/default 1.406s
2025-04-10 06:01:42.283 70400 INFO tempest.lib.common.rest_client [req-64638d1e-beb0-43c2-9611-f29966cbf222 req-64638d1e-beb0-43c2-9611-f29966cbf222 ] Request (QuotaClassesAdminTestJSON:tearDownClass): 204 DELETE http://10.180.1.21/identity/v3/users/e444ceb8ee2544be83089066510af146 0.132s
2025-04-10 06:01:42.313 70434 INFO tempest.lib.common.rest_client [req-341a4b3b-fbdc-4ab6-ad02-f33ae54e67bd req-341a4b3b-fbdc-4ab6-ad02-f33ae54e67bd ] Request (SecurityGroupRulesTestJSON:test_security_group_rules_list): 200 POST http://10.180.1.21/compute/v2.1/os-security-groups 1.596s
2025-04-10 06:01:42.390 70426 INFO tempest.lib.common.rest_client [req-6f44f2b6-24a8-40bf-9eba-5971405c2306 req-6f44f2b6-24a8-40bf-9eba-5971405c2306 ] Request (AggregatesAdminNegativeTestJSON:test_aggregate_remove_nonexistent_host): 404 POST http://10.180.1.21/compute/v2.1/os-aggregates/8/action 1.066s
2025-04-10 06:01:42.451 70400 INFO tempest.lib.common.rest_client [req-f2f67b1c-bcff-4837-bd4a-04a26a1869b7 req-f2f67b1c-bcff-4837-bd4a-04a26a1869b7 ] Request (QuotaClassesAdminTestJSON:tearDownClass): 204 DELETE http://10.180.1.21/identity/v3/users/09954618cb41407c99e31dc025d6972c 0.167s
2025-04-10 06:01:42.451 70400 INFO tempest.lib.common.dynamic_creds [-] Deleting project and security group for project: 4f52bc432db74dac865f425bc56ada7c
2025-04-10 06:01:42.489 70386 INFO tempest.lib.common.rest_client [req-9ce42dc5-01f0-4c44-b58f-6be80bc53855 req-9ce42dc5-01f0-4c44-b58f-6be80bc53855 ] Request (ServersAdminNegativeTestJSON:test_migrate_server_invalid_state): 200 GET http://10.180.1.21/compute/v2.1/servers/080eca8e-17a7-440b-9077-aaf2e6db062f 1.157s
2025-04-10 06:01:42.530 70400 INFO tempest.lib.common.rest_client [req-cf5dc7ec-9d6d-4dfa-bb77-4befd2d26ea4 req-cf5dc7ec-9d6d-4dfa-bb77-4befd2d26ea4 ] Request (QuotaClassesAdminTestJSON:tearDownClass): 201 POST http://10.180.1.21/identity/v3/auth/tokens 0.078s
2025-04-10 06:01:42.765 70428 INFO tempest.lib.common.rest_client [req-89a7ad74-a55f-43a3-b2ea-3a78a6d9f706 req-89a7ad74-a55f-43a3-b2ea-3a78a6d9f706 ] Request (ServersWithSpecificFlavorTestJSON:test_verify_created_server_ephemeral_disk): 200 PUT http://10.180.1.21:9696/networking/v2.0/floatingips/82aa6e23-222b-4231-b7fb-8713bbc56dcd 1.479s
2025-04-10 06:01:42.770 70392 INFO tempest.lib.common.rest_client [req-b1420008-5d58-4761-bbfb-2ef5cac4790e req-b1420008-5d58-4761-bbfb-2ef5cac4790e ] Request (ServerDiskConfigTestJSON:test_rebuild_server_with_auto_disk_config): 200 GET http://10.180.1.21/compute/v2.1/servers/0a2bc9c4-5335-495e-8f4b-7796eb7a74c7 1.366s
2025-04-10 06:01:42.773 70432 WARNING tempest.lib.common.ssh [-] Failed to establish authenticated ssh connection to cirros@10.180.180.156 ([Errno None] Unable to connect to port 22 on 10.180.180.156). Number attempts: 4. Retry after 5 seconds.: paramiko.ssh_exception.NoValidConnectionsError: [Errno None] Unable to connect to port 22 on 10.180.180.156
2025-04-10 06:01:42.806 70388 INFO tempest.lib.common.rest_client [req-7e7f739f-9ffe-4242-baf2-77af7b295e09 req-7e7f739f-9ffe-4242-baf2-77af7b295e09 ] Request (ServerGroupTestJSON:test_create_server_with_scheduler_hint_group): 202 POST http://10.180.1.21/compute/v2.1/servers 1.997s
2025-04-10 06:01:42.897 70408 INFO tempest.lib.common.rest_client [req-2431d25f-3bab-4d01-b6d0-3d2d325f75b5 req-2431d25f-3bab-4d01-b6d0-3d2d325f75b5 ] Request (ServerDiagnosticsV248Test:test_get_server_diagnostics): 200 GET http://10.180.1.21/compute/v2.1/servers/da2a951e-1858-4e53-8831-2575d9969cd8 1.428s
2025-04-10 06:01:42.906 70396 INFO tempest.lib.common.rest_client [req-593be78b-9d46-45cf-9f16-10d3897168b2 req-593be78b-9d46-45cf-9f16-10d3897168b2 ] Request (DeleteServersAdminTestJSON:test_delete_server_while_in_error_state): 200 GET http://10.180.1.21/compute/v2.1/servers/5fdba60e-db04-441c-bc59-005f598cf826 1.410s
2025-04-10 06:01:42.920 70438 INFO tempest.lib.common.rest_client [req-05b6e33a-4cf2-4ba3-a1fe-8965f337e1fc req-05b6e33a-4cf2-4ba3-a1fe-8965f337e1fc ] Request (ServerMetadataNegativeTestJSON:test_set_metadata_non_existent_server): 404 PUT http://10.180.1.21/compute/v2.1/servers/b0387a14-6df2-405a-b52f-4c248eccac04/metadata 1.103s
2025-04-10 06:01:42.922 70400 INFO tempest.lib.common.rest_client [req-1024c0fc-2271-4104-a1a4-90c03939b2a4 req-1024c0fc-2271-4104-a1a4-90c03939b2a4 ] Request (QuotaClassesAdminTestJSON:tearDownClass): 200 GET http://10.180.1.21:9696/networking/v2.0/security-groups?tenant_id=4f52bc432db74dac865f425bc56ada7c&name=default 0.392s
2025-04-10 06:01:43.004 70416 INFO tempest.lib.common.rest_client [req-3b0c7f1f-f1b8-419c-b105-a1b2c065f751 req-3b0c7f1f-f1b8-419c-b105-a1b2c065f751 ] Request (FloatingIPsAssociationNegativeTestJSON:tearDownClass): 200 GET http://10.180.1.21/compute/v2.1/servers/5124e102-6811-46a0-a71a-a237ae4a6356 1.172s
2025-04-10 06:01:43.040 70404 INFO tempest.lib.common.rest_client [req-40074269-c8fa-4da3-a972-ec798a25bf0a req-40074269-c8fa-4da3-a972-ec798a25bf0a ] Request (FlavorsAdminTestJSON:test_is_public_string_variations): 200 GET http://10.180.1.21/compute/v2.1/flavors/detail?is_public=t 1.151s
2025-04-10 06:01:43.108 70413 INFO tempest.lib.common.rest_client [req-a864fff2-c5cd-4e5d-b884-55c8da6d3939 req-a864fff2-c5cd-4e5d-b884-55c8da6d3939 ] Request (SecurityGroupRulesNegativeTestJSON:setUpClass): 201 POST http://10.180.1.21:9696/networking/v2.0/routers 2.184s
2025-04-10 06:01:43.137 70430 INFO tempest.lib.common.rest_client [req-53491198-9d5f-4ff5-aa15-c39b75aa8dfc req-53491198-9d5f-4ff5-aa15-c39b75aa8dfc ] Request (ServersAdminTestJSON:test_create_server_with_scheduling_hint): 200 GET http://10.180.1.21/compute/v2.1/servers/011f3a11-47dc-4297-95e1-542e1a0227c1 1.243s
2025-04-10 06:01:43.149 70402 INFO tempest.lib.common.rest_client [req-beed0a11-f5a6-4c8c-9850-a9b0fa62531c req-beed0a11-f5a6-4c8c-9850-a9b0fa62531c ] Request (ImagesOneServerTestJSON:setUpClass): 200 PUT http://10.180.1.21:9696/networking/v2.0/routers/c99ca4e2-f255-442c-bbf5-a0f9b4c10bfe/add_router_interface 2.204s
2025-04-10 06:01:43.150 70402 INFO tempest.lib.common.dynamic_creds [-] Created isolated network resources for: credentials: Credentials: {'domain_id': 'default', 'domain_name': 'Default', 'username': 'tempest-ImagesOneServerTestJSON-284783639-project-member', 'project_domain_id': 'default', 'project_domain_name': 'Default', 'project_id': '22d06822ead640798e01880fae2003f6', 'project_name': 'tempest-ImagesOneServerTestJSON-284783639', 'tenant_id': '22d06822ead640798e01880fae2003f6', 'tenant_name': 'tempest-ImagesOneServerTestJSON-284783639', 'user_domain_id': 'default', 'user_domain_name': 'Default', 'user_id': '61a84ec33e6a408b9dfe6d4c11132020', 'system': None}, Network: {'id': '658d6e20-4edb-41e4-b7e5-e98bfa786a1d', 'name': 'tempest-ImagesOneServerTestJSON-1163309356-network', 'tenant_id': '22d06822ead640798e01880fae2003f6', 'admin_state_up': True, 'mtu': 8950, 'status': 'ACTIVE', 'subnets': [], 'shared': False, 'project_id': '22d06822ead640798e01880fae2003f6', 'port_security_enabled': True, 'router:external': False, 'provider:network_type': 'vlan', 'provider:physical_network': 'default', 'provider:segmentation_id': 867, 'availability_zone_hints': [], 'availability_zones': [], 'ipv4_address_scope': None, 'ipv6_address_scope': None, 'description': '', 'tags': [], 'created_at': '2025-04-10T06:01:38Z', 'updated_at': '2025-04-10T06:01:38Z', 'revision_number': 1}, Subnet: {'id': 'ea81cd14-cae5-45e1-9b5f-13efcfc5bc82', 'name': 'tempest-ImagesOneServerTestJSON-1163309356-subnet', 'tenant_id': '22d06822ead640798e01880fae2003f6', 'network_id': '658d6e20-4edb-41e4-b7e5-e98bfa786a1d', 'ip_version': 4, 'subnetpool_id': None, 'enable_dhcp': True, 'ipv6_ra_mode': None, 'ipv6_address_mode': None, 'gateway_ip': '192.168.128.1', 'cidr': '192.168.128.0/28', 'allocation_pools': [{'start': '192.168.128.2', 'end': '192.168.128.14'}], 'host_routes': [], 'dns_nameservers': [], 'description': '', 'router:external': False, 'service_types': [], 'tags': [], 'created_at': '2025-04-10T06:01:39Z', 'updated_at': '2025-04-10T06:01:39Z', 'revision_number': 0, 'project_id': '22d06822ead640798e01880fae2003f6'}, Router: {'id': 'c99ca4e2-f255-442c-bbf5-a0f9b4c10bfe', 'name': 'tempest-ImagesOneServerTestJSON-1163309356-router', 'tenant_id': '22d06822ead640798e01880fae2003f6', 'admin_state_up': True, 'status': 'ACTIVE', 'external_gateway_info': {'network_id': '7252e10f-30a4-47ea-b0e1-15858f289aec', 'external_fixed_ips': [{'subnet_id': '03954cc0-cb98-4f2d-88e9-406ca6d2a60f', 'ip_address': '10.180.180.236'}], 'enable_snat': True}, 'description': '', 'availability_zones': [], 'distributed': False, 'ha': False, 'availability_zone_hints': [], 'routes': [], 'flavor_id': None, 'tags': [], 'created_at': '2025-04-10T06:01:39Z', 'updated_at': '2025-04-10T06:01:40Z', 'revision_number': 2, 'project_id': '22d06822ead640798e01880fae2003f6'}
2025-04-10 06:01:43.196 70400 INFO tempest.lib.common.rest_client [req-8aab96ad-2313-42a2-bc9e-3f50d4906f7e req-8aab96ad-2313-42a2-bc9e-3f50d4906f7e ] Request (QuotaClassesAdminTestJSON:tearDownClass): 204 DELETE http://10.180.1.21:9696/networking/v2.0/security-groups/c35a16a3-57ab-4608-8ed2-d0d19e484dc7 0.273s
2025-04-10 06:01:43.247 70402 INFO tempest.lib.common.rest_client [req-ddf0b07a-5a6a-4150-8924-2f00efc1c90e req-ddf0b07a-5a6a-4150-8924-2f00efc1c90e ] Request (ImagesOneServerTestJSON:setUpClass): 201 POST http://10.180.1.21/identity/v3/auth/tokens 0.092s
2025-04-10 06:01:43.268 70394 INFO tempest.lib.common.rest_client [req-5acaff38-344d-4d62-a00e-d80060656187 req-5acaff38-344d-4d62-a00e-d80060656187 ] Request (ImagesTestJSON:_run_cleanups): 204 DELETE http://10.180.1.21/compute/v2.1/servers/d3e886ac-e6cf-4689-a461-cd9ae872124a 1.268s
2025-04-10 06:01:43.304 70400 INFO tempest.lib.common.rest_client [req-601999fc-7563-4c6d-b7eb-05f2c6f0d643 req-601999fc-7563-4c6d-b7eb-05f2c6f0d643 ] Request (QuotaClassesAdminTestJSON:tearDownClass): 204 DELETE http://10.180.1.21/identity/v3/projects/4f52bc432db74dac865f425bc56ada7c 0.107s
2025-04-10 06:01:43.304 70400 INFO tempest.lib.common.dynamic_creds [-] Deleting project and security group for project: df1050ccaa4247348020d54d7a991079
2025-04-10 06:01:43.317 70402 INFO tempest.lib.common.rest_client [req-72cae465-8b9a-4f63-85f1-3a688012b5bb req-72cae465-8b9a-4f63-85f1-3a688012b5bb ] Request (ImagesOneServerTestJSON:setUpClass): 201 POST http://10.180.1.21/identity/v3/auth/tokens 0.066s
2025-04-10 06:01:43.318 70402 INFO tempest.lib.common.fixed_network [-] (ImagesOneServerTestJSON:setUpClass) Found network {'id': '658d6e20-4edb-41e4-b7e5-e98bfa786a1d', 'name': 'tempest-ImagesOneServerTestJSON-1163309356-network', 'tenant_id': '22d06822ead640798e01880fae2003f6', 'admin_state_up': True, 'mtu': 8950, 'status': 'ACTIVE', 'subnets': [], 'shared': False, 'project_id': '22d06822ead640798e01880fae2003f6', 'port_security_enabled': True, 'router:external': False, 'provider:network_type': 'vlan', 'provider:physical_network': 'default', 'provider:segmentation_id': 867, 'availability_zone_hints': [], 'availability_zones': [], 'ipv4_address_scope': None, 'ipv6_address_scope': None, 'description': '', 'tags': [], 'created_at': '2025-04-10T06:01:38Z', 'updated_at': '2025-04-10T06:01:38Z', 'revision_number': 1} available for tenant
2025-04-10 06:01:43.393 70394 INFO tempest.lib.common.rest_client [req-25528103-87bf-4c8d-b0da-89acbe16df45 req-25528103-87bf-4c8d-b0da-89acbe16df45 ] Request (ImagesTestJSON:test_create_image_from_suspended_server): 201 POST http://10.180.1.21/identity/v3/auth/tokens 0.106s
2025-04-10 06:01:43.393 70394 INFO tempest.lib.common.fixed_network [-] (ImagesTestJSON:test_create_image_from_suspended_server) Found network {'id': '7d0cae18-0096-49c6-9acc-c99b0691a889', 'name': 'tempest-ImagesTestJSON-667673260-network', 'tenant_id': '1935f599ecb147f29329dc8f4ef9eaf2', 'admin_state_up': True, 'mtu': 8950, 'status': 'ACTIVE', 'subnets': [], 'shared': False, 'project_id': '1935f599ecb147f29329dc8f4ef9eaf2', 'port_security_enabled': True, 'router:external': False, 'provider:network_type': 'vlan', 'provider:physical_network': 'default', 'provider:segmentation_id': 941, 'availability_zone_hints': [], 'availability_zones': [], 'ipv4_address_scope': None, 'ipv6_address_scope': None, 'description': '', 'tags': [], 'created_at': '2025-04-10T06:00:41Z', 'updated_at': '2025-04-10T06:00:42Z', 'revision_number': 1} available for tenant
2025-04-10 06:01:43.455 70436 INFO tempest.lib.common.rest_client [req-c255f682-d5ac-42b4-8c74-f681261bb87d req-c255f682-d5ac-42b4-8c74-f681261bb87d ] Request (MigrationsAdminTest:test_list_migrations_in_flavor_resize_situation): 200 GET http://10.180.1.21/compute/v2.1/servers/506b1ae3-fc96-4c09-9e45-8fceeb80b492 1.454s
2025-04-10 06:01:43.519 70400 INFO tempest.lib.common.rest_client [req-c91b72a0-807f-4391-9092-72448e91b02c req-c91b72a0-807f-4391-9092-72448e91b02c ] Request (QuotaClassesAdminTestJSON:tearDownClass): 200 GET http://10.180.1.21:9696/networking/v2.0/security-groups?tenant_id=df1050ccaa4247348020d54d7a991079&name=default 0.214s
2025-04-10 06:01:43.524 70440 INFO tempest.lib.common.rest_client [req-7e1ef55d-5548-4db6-87c2-d091be7f7206 req-7e1ef55d-5548-4db6-87c2-d091be7f7206 ] Request (InstanceActionsV221TestJSON:test_get_list_deleted_instance_actions): 200 GET http://10.180.1.21/compute/v2.1/servers/f1a69e79-d8ad-4782-9150-7215548506e8 1.426s
2025-04-10 06:01:43.543 70422 WARNING tempest.lib.common.ssh [-] Failed to establish authenticated ssh connection to cirros@10.180.180.130 ([Errno None] Unable to connect to port 22 on 10.180.180.130). Number attempts: 1. Retry after 2 seconds.: paramiko.ssh_exception.NoValidConnectionsError: [Errno None] Unable to connect to port 22 on 10.180.180.130
2025-04-10 06:01:43.659 70442 INFO tempest.lib.common.rest_client [req-14507d75-0fd2-4d3e-ad68-8d3a1d9002ab req-14507d75-0fd2-4d3e-ad68-8d3a1d9002ab ] Request (VolumesAssistedSnapshotsTest:test_volume_assisted_snapshot_create_delete): 200 GET http://10.180.1.21/compute/v2.1/servers/70afd0e3-0624-4d8a-8edb-b130d6e8c548 1.555s
2025-04-10 06:01:43.742 70448 INFO tempest.lib.common.rest_client [req-8f67bd33-3775-40ea-8325-67b9c6192277 req-8f67bd33-3775-40ea-8325-67b9c6192277 ] Request (TenantUsagesTestJSON:setUpClass): 200 GET http://10.180.1.21/compute/v2.1/servers/e7a52d5f-92a6-4363-94ef-4dec1466164b 1.531s
2025-04-10 06:01:43.777 70400 INFO tempest.lib.common.rest_client [req-0590a780-b897-4cb5-b4a8-57d06bbbbc6e req-0590a780-b897-4cb5-b4a8-57d06bbbbc6e ] Request (QuotaClassesAdminTestJSON:tearDownClass): 204 DELETE http://10.180.1.21:9696/networking/v2.0/security-groups/fa551e0a-4f9e-4c51-a48c-cef30ece6161 0.258s
2025-04-10 06:01:43.860 70390 INFO tempest.lib.common.rest_client [req-6ce99e9d-d910-4ecb-87ac-2ffde457d954 req-6ce99e9d-d910-4ecb-87ac-2ffde457d954 ] Request (ServerRescueNegativeTestJSON:setUpClass): 202 POST http://10.180.1.21/compute/v2.1/servers 1.978s
2025-04-10 06:01:43.897 70434 INFO tempest.lib.common.rest_client [req-b0960ee8-15d1-4727-b50d-ebdef0d684f6 req-b0960ee8-15d1-4727-b50d-ebdef0d684f6 ] Request (SecurityGroupRulesTestJSON:test_security_group_rules_list): 200 POST http://10.180.1.21/compute/v2.1/os-security-group-rules 1.577s
2025-04-10 06:01:43.904 70426 INFO tempest.lib.common.rest_client [req-1579528e-d406-45dc-9a03-71779aca8e42 req-1579528e-d406-45dc-9a03-71779aca8e42 ] Request (AggregatesAdminNegativeTestJSON:_run_cleanups): 200 DELETE http://10.180.1.21/compute/v2.1/os-aggregates/8 1.514s
2025-04-10 06:01:43.923 70400 INFO tempest.lib.common.rest_client [req-e605d3a5-9908-4c8f-8481-3ca562ac237b req-e605d3a5-9908-4c8f-8481-3ca562ac237b ] Request (QuotaClassesAdminTestJSON:tearDownClass): 204 DELETE http://10.180.1.21/identity/v3/projects/df1050ccaa4247348020d54d7a991079 0.145s
2025-04-10 06:01:44.010 70400 INFO tempest.lib.common.rest_client [req-7d44b275-2e99-46d1-83c5-278e018885cd req-7d44b275-2e99-46d1-83c5-278e018885cd ] Request (FloatingIPsAssociationTestJSON:setUpClass): 201 POST http://10.180.1.21/identity/v3/auth/tokens 0.085s
2025-04-10 06:01:44.041 70400 INFO tempest.lib.common.rest_client [req-a2eb56cc-38be-43ea-b71a-624d0d31c549 req-a2eb56cc-38be-43ea-b71a-624d0d31c549 ] Request (FloatingIPsAssociationTestJSON:setUpClass): 201 POST http://10.180.1.21/identity/v3/auth/tokens 0.028s
2025-04-10 06:01:44.058 70418 INFO tempest.lib.common.rest_client [req-d3151550-8db8-4a67-940c-cb0a3f13cac8 req-d3151550-8db8-4a67-940c-cb0a3f13cac8 ] Request (ServerRescueTestJSON:setUpClass): 200 GET http://10.180.1.21/compute/v2.1/servers/b66731cf-6f94-4c15-83e0-e4144b20566a 1.382s
2025-04-10 06:01:44.066 70410 INFO tempest.lib.common.rest_client [req-1d0f4208-1411-4411-9dea-eef22e7bb73f req-1d0f4208-1411-4411-9dea-eef22e7bb73f ] Request (ListServersNegativeTestJSON:setUpClass): 200 GET http://10.180.1.21/compute/v2.1/servers/3e91912e-2579-4026-b994-0f78a07bf0a2 1.389s
2025-04-10 06:01:44.071 70418 INFO tempest.common.waiters [-] State transition "ACTIVE/rescuing" ==> "RESCUE/None" after 8 second wait
2025-04-10 06:01:44.101 70426 INFO tempest.lib.common.rest_client [req-b5ab1d91-5488-4944-a71a-a7644ed834b3 req-b5ab1d91-5488-4944-a71a-a7644ed834b3 ] Request (AggregatesAdminNegativeTestJSON:tearDownClass): 204 DELETE http://10.180.1.21/identity/v3/users/bd5212d803d94178b39e5324c91f7247 0.194s
2025-04-10 06:01:44.130 70400 INFO tempest.lib.common.rest_client [req-fef03494-1a9c-4934-bcb4-a721f22f5f0e req-fef03494-1a9c-4934-bcb4-a721f22f5f0e ] Request (FloatingIPsAssociationTestJSON:setUpClass): 200 GET http://10.180.1.21/identity/v3/domains?name=Default 0.088s
2025-04-10 06:01:44.165 70424 INFO tempest.lib.common.rest_client [req-e6c3a150-e2ed-46ba-a955-34f6719c779f req-e6c3a150-e2ed-46ba-a955-34f6719c779f ] Request (ServerAddressesTestJSON:setUpClass): 200 GET http://10.180.1.21/compute/v2.1/servers/ced4a485-7b18-48fc-af01-76a6ee562adb 1.386s
2025-04-10 06:01:44.175 70418 INFO tempest.lib.common.rest_client [req-9bb6bd6e-8165-4ff3-b92e-edc845c2b17b req-9bb6bd6e-8165-4ff3-b92e-edc845c2b17b ] Request (ServerRescueTestJSON:test_rescue_unrescue_instance): 201 POST http://10.180.1.21/identity/v3/auth/tokens 0.100s
2025-04-10 06:01:44.176 70418 INFO tempest.lib.common.fixed_network [-] (ServerRescueTestJSON:test_rescue_unrescue_instance) Found network {'id': 'fd76a2fe-de29-4707-b799-81365c9f104f', 'name': 'tempest-ServerRescueTestJSON-825754276-network', 'tenant_id': '57c5449121a84225957cb81e3f393369', 'admin_state_up': True, 'mtu': 8950, 'status': 'ACTIVE', 'subnets': [], 'shared': False, 'project_id': '57c5449121a84225957cb81e3f393369', 'port_security_enabled': True, 'router:external': False, 'provider:network_type': 'vlan', 'provider:physical_network': 'default', 'provider:segmentation_id': 931, 'availability_zone_hints': [], 'availability_zones': [], 'ipv4_address_scope': None, 'ipv6_address_scope': None, 'description': '', 'tags': [], 'created_at': '2025-04-10T06:00:56Z', 'updated_at': '2025-04-10T06:00:56Z', 'revision_number': 1} available for tenant
2025-04-10 06:01:44.208 70400 INFO tempest.lib.common.rest_client [req-7a209afd-194c-46f0-adc7-5ee27e13cdf3 req-7a209afd-194c-46f0-adc7-5ee27e13cdf3 ] Request (FloatingIPsAssociationTestJSON:setUpClass): 201 POST http://10.180.1.21/identity/v3/projects 0.077s
2025-04-10 06:01:44.222 70446 INFO tempest.lib.common.rest_client [req-e7aeac18-9e8b-41cf-8ca8-e431db96fd35 req-e7aeac18-9e8b-41cf-8ca8-e431db96fd35 ] Request (ServersAaction247Test:test_create_backup): 200 GET http://10.180.1.21/compute/v2.1/servers/19fabf54-73cd-4544-9913-b89f7c3339a5 1.425s
2025-04-10 06:01:44.230 70426 INFO tempest.lib.common.rest_client [req-cb2f65e9-c988-41a4-8989-0d236edc56a6 req-cb2f65e9-c988-41a4-8989-0d236edc56a6 ] Request (AggregatesAdminNegativeTestJSON:tearDownClass): 204 DELETE http://10.180.1.21/identity/v3/users/79dc7d975b65474e92eebd06b38b90c2 0.128s
2025-04-10 06:01:44.230 70426 INFO tempest.lib.common.dynamic_creds [-] Deleting project and security group for project: f6d3c8c7beb749bebdb9ccaec71bbd6d
2025-04-10 06:01:44.265 70428 INFO tempest.lib.common.rest_client [req-b67e08af-34d9-47a5-8e5b-1212c5c9aa7b req-b67e08af-34d9-47a5-8e5b-1212c5c9aa7b ] Request (ServersWithSpecificFlavorTestJSON:test_verify_created_server_ephemeral_disk): 200 GET http://10.180.1.21/compute/v2.1/servers/59b174de-0389-440b-8cd3-ba3b11f7fd12 1.500s
2025-04-10 06:01:44.274 70428 INFO tempest.lib.common.ssh [-] Creating ssh connection to '10.180.180.180:22' as 'cirros' with public key authentication
2025-04-10 06:01:44.299 70426 INFO tempest.lib.common.rest_client [req-593dae5d-ed24-44da-b3a2-a18f4ffe04ab req-593dae5d-ed24-44da-b3a2-a18f4ffe04ab ] Request (AggregatesAdminNegativeTestJSON:tearDownClass): 201 POST http://10.180.1.21/identity/v3/auth/tokens 0.069s
2025-04-10 06:01:44.300 70388 INFO tempest.lib.common.rest_client [req-1940d447-4bc7-418e-a8e6-a9fb592c88da req-1940d447-4bc7-418e-a8e6-a9fb592c88da ] Request (ServerGroupTestJSON:test_create_server_with_scheduler_hint_group): 200 GET http://10.180.1.21/compute/v2.1/servers/daa9ce53-98b2-4511-b37c-d52c218be544 1.490s
2025-04-10 06:01:44.308 70400 INFO tempest.lib.common.rest_client [req-e4ef7fe9-7d52-456d-a635-4bb521535082 req-e4ef7fe9-7d52-456d-a635-4bb521535082 ] Request (FloatingIPsAssociationTestJSON:setUpClass): 201 POST http://10.180.1.21/identity/v3/users 0.100s
2025-04-10 06:01:44.327 70420 INFO tempest.lib.common.rest_client [req-9f849296-e6fa-44d6-94ac-2f7f24325e0e req-9f849296-e6fa-44d6-94ac-2f7f24325e0e ] Request (ServerExternalEventsTest:test_create_server_external_events): 200 GET http://10.180.1.21/compute/v2.1/servers/b5d44093-2bb4-4f6d-a774-2db3d2f91f47 1.444s
2025-04-10 06:01:44.334 70438 INFO tempest.lib.common.rest_client [req-2b09c863-efae-4add-ae3b-e456ef1aa126 req-2b09c863-efae-4add-ae3b-e456ef1aa126 ] Request (ServerMetadataNegativeTestJSON:test_set_server_metadata_blank_key): 400 PUT http://10.180.1.21/compute/v2.1/servers/f2473b2c-be7c-42a9-ac0a-6f5d85d8a4c6/metadata 1.412s
2025-04-10 06:01:44.336 70400 INFO tempest.lib.common.rest_client [req-787a8c4c-bdec-4e72-8cc5-22d605713d9f req-787a8c4c-bdec-4e72-8cc5-22d605713d9f ] Request (FloatingIPsAssociationTestJSON:setUpClass): 200 GET http://10.180.1.21/identity/v3/roles 0.026s
2025-04-10 06:01:44.363 70404 INFO tempest.lib.common.rest_client [req-2d6857a5-98c8-494a-aedf-a51e481fbcf6 req-2d6857a5-98c8-494a-aedf-a51e481fbcf6 ] Request (FlavorsAdminTestJSON:test_is_public_string_variations): 200 GET http://10.180.1.21/compute/v2.1/flavors/detail?is_public=true 1.318s
2025-04-10 06:01:44.364 70400 INFO tempest.lib.common.rest_client [req-801002ee-7dcc-48e4-bea8-70e6ea7fd765 req-801002ee-7dcc-48e4-bea8-70e6ea7fd765 ] Request (FloatingIPsAssociationTestJSON:setUpClass): 204 PUT http://10.180.1.21/identity/v3/projects/022672932afc4f5b8e55188d1d77d1f3/users/452e16e0d13d4ca8919a97ae8e608162/roles/cec1d792379a488aa8583928e80bd957 0.028s
2025-04-10 06:01:44.365 70400 INFO tempest.lib.common.dynamic_creds [-] Dynamic test user 452e16e0d13d4ca8919a97ae8e608162 is created with scope project and roles: ['member']
2025-04-10 06:01:44.365 70400 INFO tempest.lib.common.dynamic_creds [-] Acquired dynamic creds: credentials: Credentials: {'domain_id': 'default', 'domain_name': 'Default', 'username': 'tempest-FloatingIPsAssociationTestJSON-1480405748-project-member', 'project_domain_id': 'default', 'project_domain_name': 'Default', 'project_id': '022672932afc4f5b8e55188d1d77d1f3', 'project_name': 'tempest-FloatingIPsAssociationTestJSON-1480405748', 'tenant_id': '022672932afc4f5b8e55188d1d77d1f3', 'tenant_name': 'tempest-FloatingIPsAssociationTestJSON-1480405748', 'user_domain_id': 'default', 'user_domain_name': 'Default', 'user_id': '452e16e0d13d4ca8919a97ae8e608162', 'system': None}, Network: None, Subnet: None, Router: None
2025-04-10 06:01:44.369 70414 INFO tempest.lib.common.rest_client [req-10456d09-ef1c-432d-b102-fb5be5c59d7f req-10456d09-ef1c-432d-b102-fb5be5c59d7f ] Request (AttachInterfacesV270Test:test_create_get_list_interfaces): 200 GET http://10.180.1.21/compute/v2.1/servers/9b2b6fab-c836-4c5d-83a1-cf114fd908b7 1.472s
2025-04-10 06:01:44.434 70400 INFO tempest.lib.common.rest_client [req-380f3a23-1280-49b1-af0b-bc6bdc94c090 req-380f3a23-1280-49b1-af0b-bc6bdc94c090 ] Request (FloatingIPsAssociationTestJSON:setUpClass): 201 POST http://10.180.1.21/identity/v3/auth/tokens 0.068s
2025-04-10 06:01:44.567 70398 INFO tempest.lib.common.rest_client [req-6a6c4930-856f-434e-85e8-d7fe9c263bee req-6a6c4930-856f-434e-85e8-d7fe9c263bee ] Request (InstanceActionsTestJSON:setUpClass): 200 GET http://10.180.1.21/compute/v2.1/servers/8e973be7-c31b-4a66-8d0d-d4e7a51b580f 1.482s
2025-04-10 06:01:44.690 70426 INFO tempest.lib.common.rest_client [req-7f503622-dc29-4cb3-8941-ab59f3e89ba8 req-7f503622-dc29-4cb3-8941-ab59f3e89ba8 ] Request (AggregatesAdminNegativeTestJSON:tearDownClass): 200 GET http://10.180.1.21:9696/networking/v2.0/security-groups?tenant_id=f6d3c8c7beb749bebdb9ccaec71bbd6d&name=default 0.390s
2025-04-10 06:01:44.760 70406 WARNING tempest.lib.common.ssh [-] Failed to establish authenticated ssh connection to cirros@10.180.180.159 ([Errno None] Unable to connect to port 22 on 10.180.180.159). Number attempts: 1. Retry after 2 seconds.: paramiko.ssh_exception.NoValidConnectionsError: [Errno None] Unable to connect to port 22 on 10.180.180.159
2025-04-10 06:01:45.096 70426 INFO tempest.lib.common.rest_client [req-b5ebbf21-b8cb-40d6-b119-6f5756218761 req-b5ebbf21-b8cb-40d6-b119-6f5756218761 ] Request (AggregatesAdminNegativeTestJSON:tearDownClass): 204 DELETE http://10.180.1.21:9696/networking/v2.0/security-groups/5d4db9e3-4183-4013-bbe9-03ba4666bd47 0.405s
2025-04-10 06:01:45.156 70413 INFO tempest.lib.common.rest_client [req-76b9d8f6-d840-41d2-9c2e-50b7c591f722 req-76b9d8f6-d840-41d2-9c2e-50b7c591f722 ] Request (SecurityGroupRulesNegativeTestJSON:setUpClass): 200 PUT http://10.180.1.21:9696/networking/v2.0/routers/097f5a2b-fc96-4f1b-8d9b-6126aa4804bd/add_router_interface 2.047s
2025-04-10 06:01:45.156 70413 INFO tempest.lib.common.dynamic_creds [-] Created isolated network resources for: credentials: Credentials: {'domain_id': 'default', 'domain_name': 'Default', 'username': 'tempest-SecurityGroupRulesNegativeTestJSON-1936915485-project-member', 'project_domain_id': 'default', 'project_domain_name': 'Default', 'project_id': '6c00056549344db69fa41de6f801631f', 'project_name': 'tempest-SecurityGroupRulesNegativeTestJSON-1936915485', 'tenant_id': '6c00056549344db69fa41de6f801631f', 'tenant_name': 'tempest-SecurityGroupRulesNegativeTestJSON-1936915485', 'user_domain_id': 'default', 'user_domain_name': 'Default', 'user_id': '3ba8dee7246f49a3b0ad006f3a0e7847', 'system': None}, Network: {'id': '4181aca8-61ce-4ca7-bc3b-6694529b30d1', 'name': 'tempest-SecurityGroupRulesNegativeTestJSON-425229293-network', 'tenant_id': '6c00056549344db69fa41de6f801631f', 'admin_state_up': True, 'mtu': 8950, 'status': 'ACTIVE', 'subnets': [], 'shared': False, 'project_id': '6c00056549344db69fa41de6f801631f', 'port_security_enabled': True, 'router:external': False, 'provider:network_type': 'vlan', 'provider:physical_network': 'default', 'provider:segmentation_id': 797, 'availability_zone_hints': [], 'availability_zones': [], 'ipv4_address_scope': None, 'ipv6_address_scope': None, 'description': '', 'tags': [], 'created_at': '2025-04-10T06:01:39Z', 'updated_at': '2025-04-10T06:01:39Z', 'revision_number': 1}, Subnet: {'id': '67d4fc15-10bc-4d5d-8521-7bca05a3a05a', 'name': 'tempest-SecurityGroupRulesNegativeTestJSON-425229293-subnet', 'tenant_id': '6c00056549344db69fa41de6f801631f', 'network_id': '4181aca8-61ce-4ca7-bc3b-6694529b30d1', 'ip_version': 4, 'subnetpool_id': None, 'enable_dhcp': True, 'ipv6_ra_mode': None, 'ipv6_address_mode': None, 'gateway_ip': '192.168.128.1', 'cidr': '192.168.128.0/28', 'allocation_pools': [{'start': '192.168.128.2', 'end': '192.168.128.14'}], 'host_routes': [], 'dns_nameservers': [], 'description': '', 'router:external': False, 'service_types': [], 'tags': [], 'created_at': '2025-04-10T06:01:40Z', 'updated_at': '2025-04-10T06:01:40Z', 'revision_number': 0, 'project_id': '6c00056549344db69fa41de6f801631f'}, Router: {'id': '097f5a2b-fc96-4f1b-8d9b-6126aa4804bd', 'name': 'tempest-SecurityGroupRulesNegativeTestJSON-425229293-router', 'tenant_id': '6c00056549344db69fa41de6f801631f', 'admin_state_up': True, 'status': 'ACTIVE', 'external_gateway_info': {'network_id': '7252e10f-30a4-47ea-b0e1-15858f289aec', 'external_fixed_ips': [{'subnet_id': '03954cc0-cb98-4f2d-88e9-406ca6d2a60f', 'ip_address': '10.180.180.183'}], 'enable_snat': True}, 'description': '', 'availability_zones': [], 'distributed': False, 'ha': False, 'availability_zone_hints': [], 'routes': [], 'flavor_id': None, 'tags': [], 'created_at': '2025-04-10T06:01:41Z', 'updated_at': '2025-04-10T06:01:42Z', 'revision_number': 2, 'project_id': '6c00056549344db69fa41de6f801631f'}
2025-04-10 06:01:45.183 70400 INFO tempest.lib.common.rest_client [req-effc5587-037f-4442-b194-9a7a759e1a6c req-effc5587-037f-4442-b194-9a7a759e1a6c ] Request (FloatingIPsAssociationTestJSON:setUpClass): 201 POST http://10.180.1.21:9696/networking/v2.0/networks 0.749s
2025-04-10 06:01:45.186 70394 INFO tempest.lib.common.rest_client [req-db643926-09c1-4822-92e3-300cf9985543 req-db643926-09c1-4822-92e3-300cf9985543 ] Request (ImagesTestJSON:test_create_image_from_suspended_server): 202 POST http://10.180.1.21/compute/v2.1/servers 1.792s
2025-04-10 06:01:45.221 70426 INFO tempest.lib.common.rest_client [req-a3c3d9ce-1784-4d24-84bc-089de373299a req-a3c3d9ce-1784-4d24-84bc-089de373299a ] Request (AggregatesAdminNegativeTestJSON:tearDownClass): 204 DELETE http://10.180.1.21/identity/v3/projects/f6d3c8c7beb749bebdb9ccaec71bbd6d 0.125s
2025-04-10 06:01:45.221 70426 INFO tempest.lib.common.dynamic_creds [-] Deleting project and security group for project: 63ef7c4c70b34764949ba9a40aa377de
2025-04-10 06:01:45.293 70413 INFO tempest.lib.common.rest_client [req-7e56e658-c799-48be-89d8-228cd6a622bc req-7e56e658-c799-48be-89d8-228cd6a622bc ] Request (SecurityGroupRulesNegativeTestJSON:setUpClass): 201 POST http://10.180.1.21/identity/v3/auth/tokens 0.132s
2025-04-10 06:01:45.298 70386 INFO tempest.lib.common.rest_client [req-5d829f41-3ac4-4769-8ac1-eab50fb687ec req-5d829f41-3ac4-4769-8ac1-eab50fb687ec ] Request (ServersAdminNegativeTestJSON:test_migrate_server_invalid_state): 200 GET http://10.180.1.21/compute/v2.1/servers/080eca8e-17a7-440b-9077-aaf2e6db062f 1.798s
2025-04-10 06:01:45.387 70392 INFO tempest.lib.common.rest_client [req-48bd86ba-4f78-4800-90ea-b9d832a9d64b req-48bd86ba-4f78-4800-90ea-b9d832a9d64b ] Request (ServerDiskConfigTestJSON:test_rebuild_server_with_auto_disk_config): 200 GET http://10.180.1.21/compute/v2.1/servers/0a2bc9c4-5335-495e-8f4b-7796eb7a74c7 1.606s
2025-04-10 06:01:45.433 70402 INFO tempest.lib.common.rest_client [req-a55c4f41-d79c-4907-9401-b44bc5d10dc0 req-a55c4f41-d79c-4907-9401-b44bc5d10dc0 ] Request (ImagesOneServerTestJSON:setUpClass): 202 POST http://10.180.1.21/compute/v2.1/servers 2.114s
2025-04-10 06:01:45.479 70390 INFO tempest.lib.common.rest_client [req-1fb86c33-26e7-4cb6-933d-a39ee3d160f4 req-1fb86c33-26e7-4cb6-933d-a39ee3d160f4 ] Request (ServerRescueNegativeTestJSON:setUpClass): 200 GET http://10.180.1.21/compute/v2.1/servers/12ce4033-baa4-43ca-b2b6-6927e5c38516 1.617s
2025-04-10 06:01:45.544 70426 INFO tempest.lib.common.rest_client [req-54e3c286-bf0b-40ef-a8fe-e6ec207ed8aa req-54e3c286-bf0b-40ef-a8fe-e6ec207ed8aa ] Request (AggregatesAdminNegativeTestJSON:tearDownClass): 200 GET http://10.180.1.21:9696/networking/v2.0/security-groups?tenant_id=63ef7c4c70b34764949ba9a40aa377de&name=default 0.322s
