2025-04-10 06:03:23.541 70398 INFO tempest.lib.common.rest_client [req-0c50a1aa-87a2-4b01-a432-a1fb4ad5c1c6 req-0c50a1aa-87a2-4b01-a432-a1fb4ad5c1c6 ] Request (ServerMetadataTestJSON:setUpClass): 200 GET http://10.180.1.21/compute/v2.1/servers/aaa4e4b7-e7ec-4647-bc4f-12bce6169ce6 1.246s
2025-04-10 06:03:23.579 70442 INFO tempest.lib.common.rest_client [req-c26b47b7-da12-4e3f-a0ae-ce0ee9be5041 req-c26b47b7-da12-4e3f-a0ae-ce0ee9be5041 ] Request (VolumesAssistedSnapshotsTest:test_volume_assisted_snapshot_create_delete): 200 POST http://10.180.1.21/compute/v2.1/servers/70afd0e3-0624-4d8a-8edb-b130d6e8c548/os-volume_attachments 1.958s
2025-04-10 06:03:23.589 70438 INFO tempest.lib.common.rest_client [req-49847632-d042-4e60-b881-995aed0dba3b req-49847632-d042-4e60-b881-995aed0dba3b ] Request (AttachVolumeTestJSON:test_attach_detach_volume): 200 GET http://10.180.1.21/compute/v2.1/servers/db981e04-53a9-4dab-8fc7-ffc6631cd41d 1.236s
2025-04-10 06:03:23.652 70424 INFO tempest.lib.common.rest_client [req-749de953-db5e-4845-a748-c99456be80a9 req-749de953-db5e-4845-a748-c99456be80a9 ] Request (ServerAddressesTestJSON:tearDownClass): 200 GET http://10.180.1.21/compute/v2.1/servers/ced4a485-7b18-48fc-af01-76a6ee562adb 1.281s
2025-04-10 06:03:23.659 70416 INFO tempest.lib.common.rest_client [req-57605e12-090a-45ef-bab4-7941b77310cf req-57605e12-090a-45ef-bab4-7941b77310cf ] Request (ServersTestFqdnHostnames:test_create_server_with_fqdn_name): 200 GET http://10.180.1.21/compute/v2.1/servers/40567fa1-7b4d-4334-a3b2-34c92981f237 1.224s
2025-04-10 06:03:23.755 70442 INFO tempest.lib.common.rest_client [req-730624f7-9d6d-4b8f-ba9a-cbb39e10c7a4 req-730624f7-9d6d-4b8f-ba9a-cbb39e10c7a4 ] Request (VolumesAssistedSnapshotsTest:test_volume_assisted_snapshot_create_delete): 200 GET http://10.180.1.21/volume/v3/volumes/411143e6-8e3b-4537-8918-20fe211ca763 0.172s
2025-04-10 06:03:23.807 70434 INFO tempest.lib.common.rest_client [req-23551541-a0c4-4b30-99a2-d774589af3db req-23551541-a0c4-4b30-99a2-d774589af3db ] Request (ServerRescueTestJSONUnderV235:setUpClass): 200 GET http://10.180.1.21/compute/v2.1/servers/e1210f33-2fba-4dc1-a38f-70f46f8034af 1.351s
2025-04-10 06:03:23.838 70413 INFO tempest.lib.common.rest_client [req-4bdf3a4f-915d-4650-961c-1e6a02158545 req-4bdf3a4f-915d-4650-961c-1e6a02158545 ] Request (ServersV294TestFqdnHostnames:setUpClass): 200 GET http://10.180.1.21/compute/v2.1/servers/d3a4cde4-60db-489f-ae8d-66372fe71361 1.327s
2025-04-10 06:03:23.849 70413 INFO tempest.common.waiters [-] State transition "BUILD/networking" ==> "BUILD/spawning" after 76 second wait
2025-04-10 06:03:23.872 70402 INFO tempest.lib.common.rest_client [req-bea29aec-3303-4300-8a9a-9138f7cf94af req-bea29aec-3303-4300-8a9a-9138f7cf94af ] Request (ImagesOneServerTestJSON:test_create_delete_image): 200 GET http://10.180.1.21/compute/v2.1/images/5ddc731a-165c-4ad1-8a32-10816cb4885b 1.302s
2025-04-10 06:03:23.930 70410 INFO tempest.lib.common.rest_client [req-b2dd40ab-d6d1-43d5-b999-c6089ac81903 req-b2dd40ab-d6d1-43d5-b999-c6089ac81903 ] Request (ListServersNegativeTestJSON:tearDownClass): 200 GET http://10.180.1.21/compute/v2.1/servers/c6eff15b-a047-414f-a599-c3c4eec2e8d0 1.309s
2025-04-10 06:03:23.983 70446 INFO tempest.lib.common.rest_client [req-6d55827b-5824-459c-a889-02ea3f129c58 req-6d55827b-5824-459c-a889-02ea3f129c58 ] Request (ServerShowV247Test:test_update_rebuild_list_server): 200 GET http://10.180.1.21/compute/v2.1/servers/28a18cfd-b956-45d7-b3d9-10410e4be610 1.292s
2025-04-10 06:03:23.992 70418 INFO tempest.lib.common.rest_client [req-361c3c7f-16d6-4cec-9fba-8ea3d071e0cb req-361c3c7f-16d6-4cec-9fba-8ea3d071e0cb ] Request (ServerRescueTestJSON:test_rescue_unrescue_instance): 200 GET http://10.180.1.21/compute/v2.1/servers/b653d098-78d9-4993-985a-1f60005fb935 1.437s
2025-04-10 06:03:24.000 70418 INFO tempest.common.waiters [-] State transition "RESCUE/unrescuing" ==> "ACTIVE/None" after 6 second wait
2025-04-10 06:03:24.032 70404 INFO tempest.lib.common.rest_client [req-175781de-08e6-4ede-9cb3-6d9cf4fc6f2b req-175781de-08e6-4ede-9cb3-6d9cf4fc6f2b ] Request (ServerDiagnosticsNegativeTest:test_get_server_diagnostics_by_non_admin): 200 GET http://10.180.1.21/compute/v2.1/servers/37d2d699-8362-4bfe-8afe-d43e6da3966c 1.291s
2025-04-10 06:03:24.042 70390 INFO tempest.lib.common.rest_client [req-d9856778-719e-4601-9cf1-43b054c2f1a4 req-d9856778-719e-4601-9cf1-43b054c2f1a4 ] Request (ServerRescueNegativeTestJSON:test_rescue_non_existent_server): 404 POST http://10.180.1.21/compute/v2.1/servers/6034e1fe-a9b3-4a79-a239-ba6c4d2a3b1c/action 1.237s
2025-04-10 06:03:24.044 70400 INFO tempest.lib.common.rest_client [req-bdeaaef2-94e0-4a83-81dd-18c3351eb962 req-bdeaaef2-94e0-4a83-81dd-18c3351eb962 ] Request (FloatingIPsAssociationTestJSON:test_associate_already_associated_floating_ip): 200 GET http://10.180.1.21/compute/v2.1/servers/0ed0bc72-ab06-472d-bf0e-9bff035dda6e 1.242s
2025-04-10 06:03:24.104 70386 INFO tempest.lib.common.rest_client [req-dd0a0ab9-1d5b-40bd-804b-ab3824aa58d1 req-dd0a0ab9-1d5b-40bd-804b-ab3824aa58d1 ] Request (ServersAdminNegativeTestJSON:tearDownClass): 200 GET http://10.180.1.21/compute/v2.1/servers/82801bc1-42eb-43e1-8d34-160f09f4d777 0.976s
2025-04-10 06:03:24.112 70432 INFO tempest.lib.common.rest_client [req-f75b6329-e8f1-4ac2-8c59-195ed8c3f49e req-f75b6329-e8f1-4ac2-8c59-195ed8c3f49e ] Request (ServersTestManualDisk:tearDownClass): 200 GET http://10.180.1.21/compute/v2.1/servers/04f5b4b8-8598-4466-a9c7-3f9ca48dea15 1.221s
2025-04-10 06:03:24.173 70408 INFO tempest.lib.common.rest_client [req-1cb1d237-4ab5-4e14-bffa-44b2e32420da req-1cb1d237-4ab5-4e14-bffa-44b2e32420da ] Request (ServerDiagnosticsV248Test:tearDownClass): 200 GET http://10.180.1.21/compute/v2.1/servers/da2a951e-1858-4e53-8831-2575d9969cd8 0.833s
2025-04-10 06:03:24.219 70390 INFO tempest.lib.common.rest_client [req-f7daca47-5728-4914-8c69-e9fcfd2702ec req-f7daca47-5728-4914-8c69-e9fcfd2702ec ] Request (ServerRescueNegativeTestJSON:test_rescued_vm_attach_volume): 202 POST http://10.180.1.21/volume/v3/volumes 0.175s
2025-04-10 06:03:24.224 70426 INFO tempest.lib.common.rest_client [req-54ed1af4-05b8-4e58-ba7f-847df705d0c6 req-54ed1af4-05b8-4e58-ba7f-847df705d0c6 ] Request (ServersTestBootFromVolume:setUpClass): 200 GET http://10.180.1.21/compute/v2.1/servers/f839c019-46b5-43fd-81e5-ace2c82c4263 0.822s
2025-04-10 06:03:24.254 70390 INFO tempest.lib.common.rest_client [req-467073f1-a15b-4ac9-b10f-5097fbfe09e1 req-467073f1-a15b-4ac9-b10f-5097fbfe09e1 ] Request (ServerRescueNegativeTestJSON:test_rescued_vm_attach_volume): 200 GET http://10.180.1.21/volume/v3/volumes/8ba6849e-38f2-4414-8c03-6a95b38811b4 0.028s
2025-04-10 06:03:24.283 70388 INFO tempest.lib.common.rest_client [req-313416b2-707c-4d67-80a6-878e0bb95554 req-313416b2-707c-4d67-80a6-878e0bb95554 ] Request (ServerGroupTestJSON:_run_cleanups): 200 GET http://10.180.1.21/compute/v2.1/servers/daa9ce53-98b2-4511-b37c-d52c218be544 0.808s
2025-04-10 06:03:24.337 70394 INFO tempest.lib.common.rest_client [req-66f6c0bf-7c1c-4895-a086-6baad71a7197 req-66f6c0bf-7c1c-4895-a086-6baad71a7197 ] Request (ImagesTestJSON:test_create_server_from_snapshot): 200 GET http://10.180.1.21/compute/v2.1/servers/0fa7bf74-e578-4158-9684-3f9d8ce3e569 0.797s
2025-04-10 06:03:24.384 70392 INFO tempest.lib.common.rest_client [req-c3119877-3efe-4167-b9a8-24eeaef09f54 req-c3119877-3efe-4167-b9a8-24eeaef09f54 ] Request (ServerDiskConfigTestJSON:test_rebuild_server_with_manual_disk_config): 200 GET http://10.180.1.21/compute/v2.1/servers/edc6122e-6c43-41ac-918a-4fac2c168ee4 0.737s
2025-04-10 06:03:24.432 70436 INFO tempest.lib.common.rest_client [req-467c9fb6-2bac-4723-ba56-8dd3d504318c req-467c9fb6-2bac-4723-ba56-8dd3d504318c ] Request (MigrationsAdminTest:test_resize_server_revert_deleted_flavor): 200 GET http://10.180.1.21/compute/v2.1/servers/458ff062-7b22-477f-85d1-4110870956cb 0.569s
2025-04-10 06:03:24.460 70396 INFO tempest.lib.common.rest_client [req-c0f485be-3756-40df-ab94-1a32804c4080 req-c0f485be-3756-40df-ab94-1a32804c4080 ] Request (FloatingIPDetailsTestJSON:tearDownClass): 202 DELETE http://10.180.1.21/compute/v2.1/os-floating-ips/c7ca492c-235a-4dba-a745-55e4c4a5f9f0 1.115s
2025-04-10 06:03:24.513 70406 INFO tempest.lib.common.rest_client [req-88a73a3c-d272-4917-a333-0f1a97148878 req-88a73a3c-d272-4917-a333-0f1a97148878 ] Request (AttachInterfacesTestJSON:_run_cleanups): 200 GET http://10.180.1.21/compute/v2.1/servers/cd455839-d8b8-469a-9f5a-ff427fb90807 0.589s
2025-04-10 06:03:24.560 70402 INFO tempest.lib.common.rest_client [req-28406613-fa54-4823-89fa-da0aa17b1428 req-28406613-fa54-4823-89fa-da0aa17b1428 ] Request (ImagesOneServerTestJSON:test_create_delete_image): 200 GET http://10.180.1.21/compute/v2.1/servers/3deb79e5-62ed-4533-b25a-efb3d209de09 0.684s
2025-04-10 06:03:24.581 70414 INFO tempest.lib.common.rest_client [req-2d72008a-427c-4adb-ab29-ce78d6a2fce4 req-2d72008a-427c-4adb-ab29-ce78d6a2fce4 ] Request (ServerActionsTestOtherA:setUpClass): 200 GET http://10.180.1.21/compute/v2.1/servers/40dbcc71-72f3-4e67-8fbe-2ddcee9bba8e 0.614s
2025-04-10 06:03:24.631 70428 INFO tempest.lib.common.rest_client [req-9d861643-c05a-47ae-8d55-e163dbb164af req-9d861643-c05a-47ae-8d55-e163dbb164af ] Request (ServersWithSpecificFlavorTestJSON:test_verify_created_server_ephemeral_disk): 200 GET http://10.180.1.21/compute/v2.1/servers/192d6d08-babf-4efe-b22b-ab6676698975 0.613s
2025-04-10 06:03:24.638 70418 INFO tempest.lib.common.rest_client [req-8cff0316-21e1-4d91-9a53-36ba078def2c req-8cff0316-21e1-4d91-9a53-36ba078def2c ] Request (ServerRescueTestJSON:tearDownClass): 204 DELETE http://10.180.1.21/compute/v2.1/servers/b653d098-78d9-4993-985a-1f60005fb935 0.637s
2025-04-10 06:03:24.779 70430 INFO tempest.lib.common.rest_client [req-f4a7b4ad-c68b-41d8-92e8-180e88e8aa9b req-f4a7b4ad-c68b-41d8-92e8-180e88e8aa9b ] Request (ServersAdminTestJSON:test_inject_network_info): 200 GET http://10.180.1.21/compute/v2.1/servers/966fa315-8a69-4a44-819f-661671a3bf5c 0.294s
2025-04-10 06:03:24.806 70442 INFO tempest.lib.common.rest_client [req-8d1a33b3-3987-4713-8ef1-69e904ce88e2 req-8d1a33b3-3987-4713-8ef1-69e904ce88e2 ] Request (VolumesAssistedSnapshotsTest:test_volume_assisted_snapshot_create_delete): 200 GET http://10.180.1.21/volume/v3/volumes/411143e6-8e3b-4537-8918-20fe211ca763 0.043s
2025-04-10 06:03:24.854 70398 INFO tempest.lib.common.rest_client [req-34a5ca41-091c-4b98-9e76-30827729da6e req-34a5ca41-091c-4b98-9e76-30827729da6e ] Request (ServerMetadataTestJSON:setUpClass): 200 GET http://10.180.1.21/compute/v2.1/servers/aaa4e4b7-e7ec-4647-bc4f-12bce6169ce6 0.303s
2025-04-10 06:03:24.909 70438 INFO tempest.lib.common.rest_client [req-1a7489b1-b875-4528-a84f-622f3f2980ea req-1a7489b1-b875-4528-a84f-622f3f2980ea ] Request (AttachVolumeTestJSON:test_attach_detach_volume): 200 GET http://10.180.1.21/compute/v2.1/servers/db981e04-53a9-4dab-8fc7-ffc6631cd41d 0.308s
2025-04-10 06:03:25.012 70418 INFO tempest.lib.common.rest_client [req-d5c26d4d-8fa0-4747-84dc-06f7ad9147ba req-d5c26d4d-8fa0-4747-84dc-06f7ad9147ba ] Request (ServerRescueTestJSON:tearDownClass): 200 GET http://10.180.1.21/compute/v2.1/servers/b653d098-78d9-4993-985a-1f60005fb935 0.373s
2025-04-10 06:03:25.070 70424 INFO tempest.lib.common.rest_client [req-93274891-9a28-431b-a430-242160b272c5 req-93274891-9a28-431b-a430-242160b272c5 ] Request (ServerAddressesTestJSON:tearDownClass): 200 GET http://10.180.1.21/compute/v2.1/servers/ced4a485-7b18-48fc-af01-76a6ee562adb 0.407s
2025-04-10 06:03:25.117 70416 INFO tempest.lib.common.rest_client [req-082b7d93-cd12-40ee-a17a-2c07710c1a8d req-082b7d93-cd12-40ee-a17a-2c07710c1a8d ] Request (ServersTestFqdnHostnames:test_create_server_with_fqdn_name): 200 GET http://10.180.1.21/compute/v2.1/servers/40567fa1-7b4d-4334-a3b2-34c92981f237 0.444s
2025-04-10 06:03:25.183 70396 INFO tempest.lib.common.rest_client [req-a20a1b12-d1d9-4374-8ebd-4f86c5f3c15b req-a20a1b12-d1d9-4374-8ebd-4f86c5f3c15b ] Request (FloatingIPDetailsTestJSON:tearDownClass): 202 DELETE http://10.180.1.21/compute/v2.1/os-floating-ips/6fde9330-cf7b-4a76-9b23-7b3973fe50dc 0.722s
2025-04-10 06:03:25.280 70434 INFO tempest.lib.common.rest_client [req-45b5d9ea-b260-4769-b37e-e823e1340ebb req-45b5d9ea-b260-4769-b37e-e823e1340ebb ] Request (ServerRescueTestJSONUnderV235:setUpClass): 200 GET http://10.180.1.21/compute/v2.1/servers/e1210f33-2fba-4dc1-a38f-70f46f8034af 0.462s
2025-04-10 06:03:25.285 70390 INFO tempest.lib.common.rest_client [req-689b69ae-1784-4346-9bbe-8691a11b4754 req-689b69ae-1784-4346-9bbe-8691a11b4754 ] Request (ServerRescueNegativeTestJSON:test_rescued_vm_attach_volume): 200 GET http://10.180.1.21/volume/v3/volumes/8ba6849e-38f2-4414-8c03-6a95b38811b4 0.023s
2025-04-10 06:03:25.289 70434 INFO tempest.common.waiters [-] State transition "BUILD/spawning" ==> "ACTIVE/None" after 82 second wait
2025-04-10 06:03:25.292 70390 INFO tempest.common.waiters [-] volume 8ba6849e-38f2-4414-8c03-6a95b38811b4 reached available after waiting for 1.292663 seconds
2025-04-10 06:03:25.311 70413 INFO tempest.lib.common.rest_client [req-8d7c0391-0141-4571-94b0-05b44ea4182a req-8d7c0391-0141-4571-94b0-05b44ea4182a ] Request (ServersV294TestFqdnHostnames:setUpClass): 200 GET http://10.180.1.21/compute/v2.1/servers/d3a4cde4-60db-489f-ae8d-66372fe71361 0.459s
2025-04-10 06:03:25.338 70410 INFO tempest.lib.common.rest_client [req-76e961e1-d95f-4258-a468-ee087a3c4d5f req-76e961e1-d95f-4258-a468-ee087a3c4d5f ] Request (ListServersNegativeTestJSON:tearDownClass): 200 GET http://10.180.1.21/compute/v2.1/servers/c6eff15b-a047-414f-a599-c3c4eec2e8d0 0.401s
2025-04-10 06:03:25.377 70446 INFO tempest.lib.common.rest_client [req-9bee78d1-08f4-4596-8b8a-1eea94072ee0 req-9bee78d1-08f4-4596-8b8a-1eea94072ee0 ] Request (ServerShowV247Test:test_update_rebuild_list_server): 200 GET http://10.180.1.21/compute/v2.1/servers/28a18cfd-b956-45d7-b3d9-10410e4be610 0.383s
2025-04-10 06:03:25.436 70400 INFO tempest.lib.common.rest_client [req-c8df6dcc-81b8-4b63-a31f-79c350aef207 req-c8df6dcc-81b8-4b63-a31f-79c350aef207 ] Request (FloatingIPsAssociationTestJSON:test_associate_already_associated_floating_ip): 200 GET http://10.180.1.21/compute/v2.1/servers/0ed0bc72-ab06-472d-bf0e-9bff035dda6e 0.383s
2025-04-10 06:03:25.510 70386 INFO tempest.lib.common.rest_client [req-ae9412f5-d9ef-4bba-9107-56ece8518c25 req-ae9412f5-d9ef-4bba-9107-56ece8518c25 ] Request (ServersAdminNegativeTestJSON:tearDownClass): 200 GET http://10.180.1.21/compute/v2.1/servers/82801bc1-42eb-43e1-8d34-160f09f4d777 0.395s
2025-04-10 06:03:25.577 70432 INFO tempest.lib.common.rest_client [req-8c1b9971-1e7e-473f-9a60-17b3931ad64b req-8c1b9971-1e7e-473f-9a60-17b3931ad64b ] Request (ServersTestManualDisk:tearDownClass): 200 GET http://10.180.1.21/compute/v2.1/servers/04f5b4b8-8598-4466-a9c7-3f9ca48dea15 0.453s
2025-04-10 06:03:25.617 70404 INFO tempest.lib.common.rest_client [req-e44f8724-eaf6-44bf-99a8-f6fa32e6d2d7 req-e44f8724-eaf6-44bf-99a8-f6fa32e6d2d7 ] Request (ServerDiagnosticsNegativeTest:test_get_server_diagnostics_by_non_admin): 200 GET http://10.180.1.21/compute/v2.1/servers/37d2d699-8362-4bfe-8afe-d43e6da3966c 0.577s
2025-04-10 06:03:25.635 70408 INFO tempest.lib.common.rest_client [req-cba8ca10-16f4-43fa-bdfd-b7cd8a4f21e8 req-cba8ca10-16f4-43fa-bdfd-b7cd8a4f21e8 ] Request (ServerDiagnosticsV248Test:tearDownClass): 200 GET http://10.180.1.21/compute/v2.1/servers/da2a951e-1858-4e53-8831-2575d9969cd8 0.452s
2025-04-10 06:03:25.679 70426 INFO tempest.lib.common.rest_client [req-40ab6d0e-55be-4c46-826f-a5645b7652ed req-40ab6d0e-55be-4c46-826f-a5645b7652ed ] Request (ServersTestBootFromVolume:setUpClass): 200 GET http://10.180.1.21/compute/v2.1/servers/f839c019-46b5-43fd-81e5-ace2c82c4263 0.446s
2025-04-10 06:03:25.702 70388 INFO tempest.lib.common.rest_client [req-3707775e-26b5-4840-b444-40522fcbd1fc req-3707775e-26b5-4840-b444-40522fcbd1fc ] Request (ServerGroupTestJSON:_run_cleanups): 200 GET http://10.180.1.21/compute/v2.1/servers/daa9ce53-98b2-4511-b37c-d52c218be544 0.410s
2025-04-10 06:03:25.749 70390 INFO tempest.lib.common.rest_client [req-a0c93e1b-0547-45c0-a534-c318860bf80e req-a0c93e1b-0547-45c0-a534-c318860bf80e ] Request (ServerRescueNegativeTestJSON:test_rescued_vm_attach_volume): 200 POST http://10.180.1.21/compute/v2.1/servers/12ce4033-baa4-43ca-b2b6-6927e5c38516/action 0.456s
2025-04-10 06:03:25.773 70434 INFO tempest.lib.common.rest_client [req-6b8dad6f-8a51-4e0c-b96b-cc5496218784 req-6b8dad6f-8a51-4e0c-b96b-cc5496218784 ] Request (ServerRescueTestJSONUnderV235:setUpClass): 200 POST http://10.180.1.21/compute/v2.1/servers/e1210f33-2fba-4dc1-a38f-70f46f8034af/action 0.483s
2025-04-10 06:03:25.803 70394 INFO tempest.lib.common.rest_client [req-d4669040-41fd-470b-8bbb-7131038485f9 req-d4669040-41fd-470b-8bbb-7131038485f9 ] Request (ImagesTestJSON:test_create_server_from_snapshot): 200 GET http://10.180.1.21/compute/v2.1/servers/0fa7bf74-e578-4158-9684-3f9d8ce3e569 0.456s
2025-04-10 06:03:25.828 70392 INFO tempest.lib.common.rest_client [req-a09aa439-18ea-4e1d-bc49-b408a135ae2a req-a09aa439-18ea-4e1d-bc49-b408a135ae2a ] Request (ServerDiskConfigTestJSON:test_rebuild_server_with_manual_disk_config): 200 GET http://10.180.1.21/compute/v2.1/servers/edc6122e-6c43-41ac-918a-4fac2c168ee4 0.432s
2025-04-10 06:03:25.851 70406 INFO tempest.lib.common.rest_client [req-5518f741-1e47-4e27-b314-9548ce89d3bf req-5518f741-1e47-4e27-b314-9548ce89d3bf ] Request (AttachInterfacesTestJSON:_run_cleanups): 404 GET http://10.180.1.21/compute/v2.1/servers/cd455839-d8b8-469a-9f5a-ff427fb90807 0.328s
2025-04-10 06:03:25.854 70436 INFO tempest.lib.common.rest_client [req-204cf7a9-271c-4105-8d63-67943eef428c req-204cf7a9-271c-4105-8d63-67943eef428c ] Request (MigrationsAdminTest:test_resize_server_revert_deleted_flavor): 200 GET http://10.180.1.21/compute/v2.1/servers/458ff062-7b22-477f-85d1-4110870956cb 0.411s
2025-04-10 06:03:25.854 70442 INFO tempest.lib.common.rest_client [req-58b836ef-0a71-4f80-866d-b6b390cb8b3b req-58b836ef-0a71-4f80-866d-b6b390cb8b3b ] Request (VolumesAssistedSnapshotsTest:test_volume_assisted_snapshot_create_delete): 200 GET http://10.180.1.21/volume/v3/volumes/411143e6-8e3b-4537-8918-20fe211ca763 0.033s
2025-04-10 06:03:25.910 70414 INFO tempest.lib.common.rest_client [req-01f49276-a491-4258-a272-3ae41695bd42 req-01f49276-a491-4258-a272-3ae41695bd42 ] Request (ServerActionsTestOtherA:setUpClass): 200 GET http://10.180.1.21/compute/v2.1/servers/40dbcc71-72f3-4e67-8fbe-2ddcee9bba8e 0.321s
2025-04-10 06:03:25.960 70428 INFO tempest.lib.common.rest_client [req-80749c5b-92ea-42a5-9826-092f4d378963 req-80749c5b-92ea-42a5-9826-092f4d378963 ] Request (ServersWithSpecificFlavorTestJSON:test_verify_created_server_ephemeral_disk): 200 GET http://10.180.1.21/compute/v2.1/servers/192d6d08-babf-4efe-b22b-ab6676698975 0.314s
2025-04-10 06:03:26.045 70402 INFO tempest.lib.common.rest_client [req-1c893126-6620-4529-b0e2-18a4b6fd0baa req-1c893126-6620-4529-b0e2-18a4b6fd0baa ] Request (ImagesOneServerTestJSON:test_create_delete_image): 200 GET http://10.180.1.21/compute/v2.1/servers/3deb79e5-62ed-4533-b25a-efb3d209de09 0.475s
2025-04-10 06:03:26.050 70396 INFO tempest.lib.common.rest_client [req-ff3bbf05-b10c-4720-858b-0d6cab4cf94e req-ff3bbf05-b10c-4720-858b-0d6cab4cf94e ] Request (FloatingIPDetailsTestJSON:tearDownClass): 200 PUT http://10.180.1.21:9696/networking/v2.0/routers/5c8b179e-0dc6-41f1-a866-0953b5aaa121/remove_router_interface 0.867s
2025-04-10 06:03:26.056 70402 INFO tempest.common.waiters [-] State transition "ACTIVE/image_uploading" ==> "ACTIVE/None" after 2 second wait
2025-04-10 06:03:26.093 70390 INFO tempest.lib.common.rest_client [req-2aeb5201-73aa-4ebb-b4a6-465c0c28b92e req-2aeb5201-73aa-4ebb-b4a6-465c0c28b92e ] Request (ServerRescueNegativeTestJSON:test_rescued_vm_attach_volume): 200 GET http://10.180.1.21/compute/v2.1/servers/12ce4033-baa4-43ca-b2b6-6927e5c38516 0.343s
2025-04-10 06:03:26.191 70430 INFO tempest.lib.common.rest_client [req-97952a03-0316-4cd8-a48a-aeb3aa5bf228 req-97952a03-0316-4cd8-a48a-aeb3aa5bf228 ] Request (ServersAdminTestJSON:test_inject_network_info): 200 GET http://10.180.1.21/compute/v2.1/servers/966fa315-8a69-4a44-819f-661671a3bf5c 0.395s
2025-04-10 06:03:26.207 70406 INFO tempest.lib.common.rest_client [req-af2212a9-9f7b-459f-80c8-90f25f33de42 req-af2212a9-9f7b-459f-80c8-90f25f33de42 ] Request (AttachInterfacesTestJSON:_run_cleanups): 202 DELETE http://10.180.1.21/compute/v2.1/os-keypairs/tempest-keypair-431263196 0.355s
2025-04-10 06:03:26.233 70434 INFO tempest.lib.common.rest_client [req-d8c9595d-af98-4c5a-9704-5ac5614d3fa8 req-d8c9595d-af98-4c5a-9704-5ac5614d3fa8 ] Request (ServerRescueTestJSONUnderV235:setUpClass): 200 GET http://10.180.1.21/compute/v2.1/servers/e1210f33-2fba-4dc1-a38f-70f46f8034af 0.459s
2025-04-10 06:03:26.264 70398 INFO tempest.lib.common.rest_client [req-a5843d7b-0ff3-4ccb-afaa-933263c39854 req-a5843d7b-0ff3-4ccb-afaa-933263c39854 ] Request (ServerMetadataTestJSON:setUpClass): 200 GET http://10.180.1.21/compute/v2.1/servers/aaa4e4b7-e7ec-4647-bc4f-12bce6169ce6 0.395s
2025-04-10 06:03:26.297 70438 INFO tempest.lib.common.rest_client [req-38e2faa6-20be-4ec6-96c5-d60089d1eaa3 req-38e2faa6-20be-4ec6-96c5-d60089d1eaa3 ] Request (AttachVolumeTestJSON:test_attach_detach_volume): 200 GET http://10.180.1.21/compute/v2.1/servers/db981e04-53a9-4dab-8fc7-ffc6631cd41d 0.379s
2025-04-10 06:03:26.311 70406 INFO tempest.lib.common.rest_client [req-32151842-3c79-40d7-bfb1-ad63d087784f req-32151842-3c79-40d7-bfb1-ad63d087784f ] Request (AttachInterfacesTestJSON:_run_cleanups): 204 DELETE http://10.180.1.21:9696/networking/v2.0/security-groups/b2e375cc-65e5-427c-aa34-fdeb09581319 0.103s
2025-04-10 06:03:26.326 70406 INFO tempest.lib.common.rest_client [req-f7f41d8b-6363-4c01-8ea9-d318fae6fcfc req-f7f41d8b-6363-4c01-8ea9-d318fae6fcfc ] Request (AttachInterfacesTestJSON:_run_cleanups): 404 GET http://10.180.1.21:9696/networking/v2.0/security-groups/b2e375cc-65e5-427c-aa34-fdeb09581319 0.014s
2025-04-10 06:03:26.336 70402 INFO tempest.lib.common.rest_client [req-c9504d75-c17c-4760-85a7-91d0682dd20c req-c9504d75-c17c-4760-85a7-91d0682dd20c ] Request (ImagesOneServerTestJSON:test_create_delete_image): 200 GET http://10.180.1.21/compute/v2.1/images/a7b93a95-275a-41dc-8462-e5dcda197cf8 0.279s
2025-04-10 06:03:26.366 70418 INFO tempest.lib.common.rest_client [req-867479ca-e2d8-4e15-a04c-43d3ae5b9bce req-867479ca-e2d8-4e15-a04c-43d3ae5b9bce ] Request (ServerRescueTestJSON:tearDownClass): 200 GET http://10.180.1.21/compute/v2.1/servers/b653d098-78d9-4993-985a-1f60005fb935 0.343s
2025-04-10 06:03:26.415 70424 INFO tempest.lib.common.rest_client [req-e5bba02f-5751-4d36-8964-2e0a107ae401 req-e5bba02f-5751-4d36-8964-2e0a107ae401 ] Request (ServerAddressesTestJSON:tearDownClass): 200 GET http://10.180.1.21/compute/v2.1/servers/ced4a485-7b18-48fc-af01-76a6ee562adb 0.337s
2025-04-10 06:03:26.415 70416 INFO tempest.lib.common.rest_client [req-b8acace8-1287-4189-b4cf-d66d4ff1be0c req-b8acace8-1287-4189-b4cf-d66d4ff1be0c ] Request (ServersTestFqdnHostnames:test_create_server_with_fqdn_name): 200 GET http://10.180.1.21/compute/v2.1/servers/40567fa1-7b4d-4334-a3b2-34c92981f237 0.288s
2025-04-10 06:03:26.428 70402 INFO tempest.lib.common.rest_client [req-8ee3fa5c-db27-41d7-a0fd-05fe39f14b7c req-8ee3fa5c-db27-41d7-a0fd-05fe39f14b7c ] Request (ImagesOneServerTestJSON:test_create_delete_image): 200 GET http://10.180.1.21/compute/v2.1/flavors/42 0.089s
2025-04-10 06:03:26.496 70410 INFO tempest.lib.common.rest_client [req-f915ae79-2abd-4a44-97bf-93e585b0a785 req-f915ae79-2abd-4a44-97bf-93e585b0a785 ] Request (ListServersNegativeTestJSON:tearDownClass): 200 GET http://10.180.1.21/compute/v2.1/servers/c6eff15b-a047-414f-a599-c3c4eec2e8d0 0.149s
2025-04-10 06:03:26.550 70446 INFO tempest.lib.common.rest_client [req-59109c09-55f3-49d6-a242-96fedcc651a1 req-59109c09-55f3-49d6-a242-96fedcc651a1 ] Request (ServerShowV247Test:test_update_rebuild_list_server): 200 GET http://10.180.1.21/compute/v2.1/servers/28a18cfd-b956-45d7-b3d9-10410e4be610 0.163s
2025-04-10 06:03:26.577 70413 INFO tempest.lib.common.rest_client [req-39438b50-ee7c-4f70-b7a5-33743bd770cd req-39438b50-ee7c-4f70-b7a5-33743bd770cd ] Request (ServersV294TestFqdnHostnames:setUpClass): 200 GET http://10.180.1.21/compute/v2.1/servers/d3a4cde4-60db-489f-ae8d-66372fe71361 0.256s
2025-04-10 06:03:26.655 70400 INFO tempest.lib.common.rest_client [req-b674499f-03bc-4389-996d-0e27ebcbfe82 req-b674499f-03bc-4389-996d-0e27ebcbfe82 ] Request (FloatingIPsAssociationTestJSON:test_associate_already_associated_floating_ip): 200 GET http://10.180.1.21/compute/v2.1/servers/0ed0bc72-ab06-472d-bf0e-9bff035dda6e 0.211s
2025-04-10 06:03:26.671 70402 INFO tempest.lib.common.rest_client [req-d781ee0b-d736-42b5-97e6-662455859759 req-d781ee0b-d736-42b5-97e6-662455859759 ] Request (ImagesOneServerTestJSON:test_create_delete_image): 204 DELETE http://10.180.1.21/compute/v2.1/images/5ddc731a-165c-4ad1-8a32-10816cb4885b 0.241s
2025-04-10 06:03:26.716 70396 INFO tempest.lib.common.rest_client [req-5432b72d-6ad5-4db1-9523-ed7036be22ed req-5432b72d-6ad5-4db1-9523-ed7036be22ed ] Request (FloatingIPDetailsTestJSON:tearDownClass): 204 DELETE http://10.180.1.21:9696/networking/v2.0/routers/5c8b179e-0dc6-41f1-a866-0953b5aaa121 0.665s
2025-04-10 06:03:26.748 70406 INFO tempest.lib.common.rest_client [req-c11c0d68-f464-40fa-a60e-faf61ead8ff1 req-c11c0d68-f464-40fa-a60e-faf61ead8ff1 ] Request (AttachInterfacesTestJSON:_run_cleanups): 204 DELETE http://10.180.1.21:9696/networking/v2.0/floatingips/02d8901c-7067-4d04-bdf1-85a6672a2210 0.421s
2025-04-10 06:03:26.751 70386 INFO tempest.lib.common.rest_client [req-c1fe018f-00de-483f-970a-6c7524db9a36 req-c1fe018f-00de-483f-970a-6c7524db9a36 ] Request (ServersAdminNegativeTestJSON:tearDownClass): 200 GET http://10.180.1.21/compute/v2.1/servers/82801bc1-42eb-43e1-8d34-160f09f4d777 0.226s
2025-04-10 06:03:26.784 70432 INFO tempest.lib.common.rest_client [req-fe06585a-b759-4f3a-b83b-8eb31b887bb6 req-fe06585a-b759-4f3a-b83b-8eb31b887bb6 ] Request (ServersTestManualDisk:tearDownClass): 200 GET http://10.180.1.21/compute/v2.1/servers/04f5b4b8-8598-4466-a9c7-3f9ca48dea15 0.192s
2025-04-10 06:03:26.823 70404 INFO tempest.lib.common.rest_client [req-0a0a6e8a-5269-44e3-be92-7d43fe72af06 req-0a0a6e8a-5269-44e3-be92-7d43fe72af06 ] Request (ServerDiagnosticsNegativeTest:test_get_server_diagnostics_by_non_admin): 200 GET http://10.180.1.21/compute/v2.1/servers/37d2d699-8362-4bfe-8afe-d43e6da3966c 0.195s
2025-04-10 06:03:26.853 70402 INFO tempest.lib.common.rest_client [req-e8959872-7645-4560-80db-72304bc51b11 req-e8959872-7645-4560-80db-72304bc51b11 ] Request (ImagesOneServerTestJSON:test_create_delete_image): 404 GET http://10.180.1.21/compute/v2.1/images/5ddc731a-165c-4ad1-8a32-10816cb4885b 0.180s
2025-04-10 06:03:26.864 70408 INFO tempest.lib.common.rest_client [req-867153e4-1501-4078-b914-00905674b668 req-867153e4-1501-4078-b914-00905674b668 ] Request (ServerDiagnosticsV248Test:tearDownClass): 200 GET http://10.180.1.21/compute/v2.1/servers/da2a951e-1858-4e53-8831-2575d9969cd8 0.219s
2025-04-10 06:03:26.901 70442 INFO tempest.lib.common.rest_client [req-0d25f3d5-143a-4ce0-9935-91e393948b5e req-0d25f3d5-143a-4ce0-9935-91e393948b5e ] Request (VolumesAssistedSnapshotsTest:test_volume_assisted_snapshot_create_delete): 200 GET http://10.180.1.21/volume/v3/volumes/411143e6-8e3b-4537-8918-20fe211ca763 0.033s
2025-04-10 06:03:26.929 70388 INFO tempest.lib.common.rest_client [req-a1ba4bbd-50dc-4a67-bbc9-bb8e80b5a8ce req-a1ba4bbd-50dc-4a67-bbc9-bb8e80b5a8ce ] Request (ServerGroupTestJSON:_run_cleanups): 200 GET http://10.180.1.21/compute/v2.1/servers/daa9ce53-98b2-4511-b37c-d52c218be544 0.216s
2025-04-10 06:03:26.940 70426 INFO tempest.lib.common.rest_client [req-1b1d3aba-945d-48f8-9fa2-3d4d257d2665 req-1b1d3aba-945d-48f8-9fa2-3d4d257d2665 ] Request (ServersTestBootFromVolume:setUpClass): 200 GET http://10.180.1.21/compute/v2.1/servers/f839c019-46b5-43fd-81e5-ace2c82c4263 0.249s
2025-04-10 06:03:26.967 70406 INFO tempest.lib.common.rest_client [req-ae1d945b-3193-407d-aec8-d2c431eb29ea req-ae1d945b-3193-407d-aec8-d2c431eb29ea ] Request (ValidationResourcesFixture:setUp): 200 POST http://10.180.1.21/compute/v2.1/os-keypairs 0.217s
2025-04-10 06:03:26.977 70396 INFO tempest.lib.common.rest_client [req-6ad2a754-db88-4575-9ec9-2e24d3e9762e req-6ad2a754-db88-4575-9ec9-2e24d3e9762e ] Request (FloatingIPDetailsTestJSON:tearDownClass): 204 DELETE http://10.180.1.21:9696/networking/v2.0/subnets/b05167f1-18bd-4fcf-9e7f-c5c7462039da 0.261s
2025-04-10 06:03:27.010 70394 INFO tempest.lib.common.rest_client [req-57f8ec95-c204-46c9-b78d-576273804218 req-57f8ec95-c204-46c9-b78d-576273804218 ] Request (ImagesTestJSON:test_create_server_from_snapshot): 200 GET http://10.180.1.21/compute/v2.1/servers/0fa7bf74-e578-4158-9684-3f9d8ce3e569 0.196s
2025-04-10 06:03:27.037 70392 INFO tempest.lib.common.rest_client [req-6485e99d-715a-4026-9624-90b8386861ac req-6485e99d-715a-4026-9624-90b8386861ac ] Request (ServerDiskConfigTestJSON:test_rebuild_server_with_manual_disk_config): 200 GET http://10.180.1.21/compute/v2.1/servers/edc6122e-6c43-41ac-918a-4fac2c168ee4 0.202s
2025-04-10 06:03:27.101 70436 INFO tempest.lib.common.rest_client [req-20d6721e-d784-47eb-a414-45b957783a9b req-20d6721e-d784-47eb-a414-45b957783a9b ] Request (MigrationsAdminTest:test_resize_server_revert_deleted_flavor): 200 GET http://10.180.1.21/compute/v2.1/servers/458ff062-7b22-477f-85d1-4110870956cb 0.238s
2025-04-10 06:03:27.108 70436 INFO tempest.common.waiters [-] State transition "BUILD/scheduling" ==> "BUILD/None" after 36 second wait
2025-04-10 06:03:27.201 70414 INFO tempest.lib.common.rest_client [req-67bc380e-65fc-49e6-83f8-29621a0f285b req-67bc380e-65fc-49e6-83f8-29621a0f285b ] Request (ServerActionsTestOtherA:setUpClass): 200 GET http://10.180.1.21/compute/v2.1/servers/40dbcc71-72f3-4e67-8fbe-2ddcee9bba8e 0.280s
2025-04-10 06:03:27.280 70428 INFO tempest.lib.common.rest_client [req-338ae07c-f4b3-435e-bc91-d5c6789e242c req-338ae07c-f4b3-435e-bc91-d5c6789e242c ] Request (ServersWithSpecificFlavorTestJSON:test_verify_created_server_ephemeral_disk): 200 GET http://10.180.1.21/compute/v2.1/servers/192d6d08-babf-4efe-b22b-ab6676698975 0.311s
2025-04-10 06:03:27.291 70406 INFO tempest.lib.common.rest_client [req-c6d37125-72c0-408d-9dab-d185f1ebc510 req-c6d37125-72c0-408d-9dab-d185f1ebc510 ] Request (ValidationResourcesFixture:setUp): 201 POST http://10.180.1.21:9696/networking/v2.0/security-groups 0.319s
2025-04-10 06:03:27.434 70390 INFO tempest.lib.common.rest_client [req-e82feb3e-25a9-4389-8060-44c3639263ea req-e82feb3e-25a9-4389-8060-44c3639263ea ] Request (ServerRescueNegativeTestJSON:test_rescued_vm_attach_volume): 200 GET http://10.180.1.21/compute/v2.1/servers/12ce4033-baa4-43ca-b2b6-6927e5c38516 0.333s
2025-04-10 06:03:27.467 70406 INFO tempest.lib.common.rest_client [req-8df27178-dc09-4463-bbe8-6751c0a34f70 req-8df27178-dc09-4463-bbe8-6751c0a34f70 ] Request (ValidationResourcesFixture:setUp): 201 POST http://10.180.1.21:9696/networking/v2.0/security-group-rules 0.176s
2025-04-10 06:03:27.522 70396 INFO tempest.lib.common.rest_client [req-6597d7f4-1ce8-45d0-9ac3-bd6a6043f905 req-6597d7f4-1ce8-45d0-9ac3-bd6a6043f905 ] Request (FloatingIPDetailsTestJSON:tearDownClass): 204 DELETE http://10.180.1.21:9696/networking/v2.0/networks/3ce513b0-a8a9-4773-a528-3503f7de1be2 0.544s
2025-04-10 06:03:27.525 70402 INFO tempest.lib.common.rest_client [req-8c6300ba-ba9b-44b6-b42a-3fe15cc888bb req-8c6300ba-ba9b-44b6-b42a-3fe15cc888bb ] Request (ImagesOneServerTestJSON:test_create_image_specify_multibyte_character_image_name): 202 POST http://10.180.1.21/compute/v2.1/servers/3deb79e5-62ed-4533-b25a-efb3d209de09/action 0.671s
2025-04-10 06:03:27.557 70406 INFO tempest.lib.common.rest_client [req-4c52b37d-f0ca-466e-afa6-fd8a22e74f91 req-4c52b37d-f0ca-466e-afa6-fd8a22e74f91 ] Request (ValidationResourcesFixture:setUp): 201 POST http://10.180.1.21:9696/networking/v2.0/security-group-rules 0.089s
2025-04-10 06:03:27.588 70430 INFO tempest.lib.common.rest_client [req-08dfcee0-4608-441b-9d11-60ae8a72eabc req-08dfcee0-4608-441b-9d11-60ae8a72eabc ] Request (ServersAdminTestJSON:test_inject_network_info): 200 GET http://10.180.1.21/compute/v2.1/servers/966fa315-8a69-4a44-819f-661671a3bf5c 0.389s
2025-04-10 06:03:27.597 70430 INFO tempest.common.waiters [-] State transition "BUILD/spawning" ==> "ACTIVE/None" after 80 second wait
2025-04-10 06:03:27.613 70434 INFO tempest.lib.common.rest_client [req-52392d17-8e7c-4f4e-89f1-6513c14a3894 req-52392d17-8e7c-4f4e-89f1-6513c14a3894 ] Request (ServerRescueTestJSONUnderV235:setUpClass): 200 GET http://10.180.1.21/compute/v2.1/servers/e1210f33-2fba-4dc1-a38f-70f46f8034af 0.370s
2025-04-10 06:03:27.642 70396 INFO tempest.lib.common.rest_client [req-a2919828-86f5-44c7-a050-6756e8bd1392 req-a2919828-86f5-44c7-a050-6756e8bd1392 ] Request (FloatingIPDetailsTestJSON:tearDownClass): 204 DELETE http://10.180.1.21/identity/v3/users/7c02f7da6f804b829e4f9eb0cace9fac 0.120s
2025-04-10 06:03:27.642 70396 INFO tempest.lib.common.dynamic_creds [-] Deleting project and security group for project: 8e4dc76a02be4318b2f2bb4da6844f48
2025-04-10 06:03:27.643 70398 INFO tempest.lib.common.rest_client [req-0a5b22cf-2102-4b00-9bff-1bce0ee17beb req-0a5b22cf-2102-4b00-9bff-1bce0ee17beb ] Request (ServerMetadataTestJSON:setUpClass): 200 GET http://10.180.1.21/compute/v2.1/servers/aaa4e4b7-e7ec-4647-bc4f-12bce6169ce6 0.370s
2025-04-10 06:03:27.664 70438 INFO tempest.lib.common.rest_client [req-43e04df2-3908-402c-b129-fa7f755f81e1 req-43e04df2-3908-402c-b129-fa7f755f81e1 ] Request (AttachVolumeTestJSON:test_attach_detach_volume): 200 GET http://10.180.1.21/compute/v2.1/servers/db981e04-53a9-4dab-8fc7-ffc6631cd41d 0.354s
2025-04-10 06:03:27.681 70396 INFO tempest.lib.common.rest_client [req-7564db79-7cda-45b1-823e-5cea28e49fc4 req-7564db79-7cda-45b1-823e-5cea28e49fc4 ] Request (FloatingIPDetailsTestJSON:tearDownClass): 200 GET http://10.180.1.21:9696/networking/v2.0/security-groups?tenant_id=8e4dc76a02be4318b2f2bb4da6844f48&name=default 0.039s
2025-04-10 06:03:27.709 70418 INFO tempest.lib.common.rest_client [req-b060bd7a-a37c-487f-9084-aaaf105c1028 req-b060bd7a-a37c-487f-9084-aaaf105c1028 ] Request (ServerRescueTestJSON:tearDownClass): 200 GET http://10.180.1.21/compute/v2.1/servers/b653d098-78d9-4993-985a-1f60005fb935 0.335s
2025-04-10 06:03:27.723 70416 INFO tempest.lib.common.rest_client [req-9cc6c4cc-c8a6-44c5-867e-ad884ad5aad0 req-9cc6c4cc-c8a6-44c5-867e-ad884ad5aad0 ] Request (ServersTestFqdnHostnames:test_create_server_with_fqdn_name): 200 GET http://10.180.1.21/compute/v2.1/servers/40567fa1-7b4d-4334-a3b2-34c92981f237 0.296s
2025-04-10 06:03:27.745 70410 INFO tempest.lib.common.rest_client [req-7b381ef7-0702-4912-ae08-f05a6d825347 req-7b381ef7-0702-4912-ae08-f05a6d825347 ] Request (ListServersNegativeTestJSON:tearDownClass): 404 GET http://10.180.1.21/compute/v2.1/servers/c6eff15b-a047-414f-a599-c3c4eec2e8d0 0.240s
2025-04-10 06:03:27.785 70402 INFO tempest.lib.common.rest_client [req-89445812-1e6c-4767-b194-92d66df855a5 req-89445812-1e6c-4767-b194-92d66df855a5 ] Request (ImagesOneServerTestJSON:test_create_image_specify_multibyte_character_image_name): 200 GET http://10.180.1.21/compute/v2.1/images/0f57c2ae-e67f-4771-b3fd-ac2c7682d992 0.258s
2025-04-10 06:03:27.795 70396 INFO tempest.lib.common.rest_client [req-35a86105-9fb8-4f39-b907-6b665d21d66e req-35a86105-9fb8-4f39-b907-6b665d21d66e ] Request (FloatingIPDetailsTestJSON:tearDownClass): 204 DELETE http://10.180.1.21:9696/networking/v2.0/security-groups/3aa3569c-dcd8-403e-b05b-e8a526bb3a4f 0.113s
2025-04-10 06:03:27.807 70424 INFO tempest.lib.common.rest_client [req-7583cb85-a916-4f39-9ec6-5a992c762f63 req-7583cb85-a916-4f39-9ec6-5a992c762f63 ] Request (ServerAddressesTestJSON:tearDownClass): 200 GET http://10.180.1.21/compute/v2.1/servers/ced4a485-7b18-48fc-af01-76a6ee562adb 0.379s
2025-04-10 06:03:27.854 70446 INFO tempest.lib.common.rest_client [req-98deae0d-aa7c-4451-abab-2b6653632d20 req-98deae0d-aa7c-4451-abab-2b6653632d20 ] Request (ServerShowV247Test:test_update_rebuild_list_server): 200 GET http://10.180.1.21/compute/v2.1/servers/28a18cfd-b956-45d7-b3d9-10410e4be610 0.287s
2025-04-10 06:03:27.905 70396 INFO tempest.lib.common.rest_client [req-ad07f8e1-2a45-4db7-8ba9-b9608053879c req-ad07f8e1-2a45-4db7-8ba9-b9608053879c ] Request (FloatingIPDetailsTestJSON:tearDownClass): 204 DELETE http://10.180.1.21/identity/v3/projects/8e4dc76a02be4318b2f2bb4da6844f48 0.109s
2025-04-10 06:03:27.938 70442 INFO tempest.lib.common.rest_client [req-fb6398e2-95da-457c-aee0-a0260c98b0ca req-fb6398e2-95da-457c-aee0-a0260c98b0ca ] Request (VolumesAssistedSnapshotsTest:test_volume_assisted_snapshot_create_delete): 200 GET http://10.180.1.21/volume/v3/volumes/411143e6-8e3b-4537-8918-20fe211ca763 0.027s
2025-04-10 06:03:27.972 70396 INFO tempest.lib.common.rest_client [req-3cfc436a-3a26-485e-b2a2-1097c370a021 req-3cfc436a-3a26-485e-b2a2-1097c370a021 ] Request (SecurityGroupsTestJSON:setUpClass): 201 POST http://10.180.1.21/identity/v3/auth/tokens 0.065s
2025-04-10 06:03:27.983 70413 INFO tempest.lib.common.rest_client [req-7fcce9e3-a903-4e19-aa02-7688dee6160b req-7fcce9e3-a903-4e19-aa02-7688dee6160b ] Request (ServersV294TestFqdnHostnames:setUpClass): 200 GET http://10.180.1.21/compute/v2.1/servers/d3a4cde4-60db-489f-ae8d-66372fe71361 0.388s
2025-04-10 06:03:28.010 70396 INFO tempest.lib.common.rest_client [req-06da2361-2af3-4484-bc3b-c66fdb3315a9 req-06da2361-2af3-4484-bc3b-c66fdb3315a9 ] Request (SecurityGroupsTestJSON:setUpClass): 201 POST http://10.180.1.21/identity/v3/auth/tokens 0.036s
2025-04-10 06:03:28.013 70430 INFO tempest.lib.common.rest_client [req-b2076f61-4e8f-4d46-879b-43da5ec6e4c5 req-b2076f61-4e8f-4d46-879b-43da5ec6e4c5 ] Request (ServersAdminTestJSON:test_inject_network_info): 202 POST http://10.180.1.21/compute/v2.1/servers/966fa315-8a69-4a44-819f-661671a3bf5c/action 0.416s
2025-04-10 06:03:28.039 70410 INFO tempest.lib.common.rest_client [req-d9a291bc-7aa7-4192-8fde-0acc4fe16a25 req-d9a291bc-7aa7-4192-8fde-0acc4fe16a25 ] Request (ListServersNegativeTestJSON:tearDownClass): 404 GET http://10.180.1.21/compute/v2.1/servers/5d016a77-5a8b-434f-ba21-11c1229b2fe2 0.293s
2025-04-10 06:03:28.039 70396 INFO tempest.lib.common.rest_client [req-897a30c0-a898-4e2e-9aa8-145a3e05e32d req-897a30c0-a898-4e2e-9aa8-145a3e05e32d ] Request (SecurityGroupsTestJSON:setUpClass): 200 GET http://10.180.1.21/identity/v3/domains?name=Default 0.028s
2025-04-10 06:03:28.047 70400 INFO tempest.lib.common.rest_client [req-d811317b-8b40-428a-8079-71a6cf36be6f req-d811317b-8b40-428a-8079-71a6cf36be6f ] Request (FloatingIPsAssociationTestJSON:test_associate_already_associated_floating_ip): 200 GET http://10.180.1.21/compute/v2.1/servers/0ed0bc72-ab06-472d-bf0e-9bff035dda6e 0.380s
2025-04-10 06:03:28.081 70406 INFO tempest.lib.common.rest_client [req-35c2ca30-5558-46d0-b218-f2e3307675a9 req-35c2ca30-5558-46d0-b218-f2e3307675a9 ] Request (ValidationResourcesFixture:setUp): 201 POST http://10.180.1.21:9696/networking/v2.0/floatingips 0.524s
2025-04-10 06:03:28.085 70396 INFO tempest.lib.common.rest_client [req-45e1db3d-b447-4590-b6fb-d2e76b3fb0ee req-45e1db3d-b447-4590-b6fb-d2e76b3fb0ee ] Request (SecurityGroupsTestJSON:setUpClass): 201 POST http://10.180.1.21/identity/v3/projects 0.045s
2025-04-10 06:03:28.102 70386 INFO tempest.lib.common.rest_client [req-c8197d84-8816-4e6d-81b0-4d1fcc52ead8 req-c8197d84-8816-4e6d-81b0-4d1fcc52ead8 ] Request (ServersAdminNegativeTestJSON:tearDownClass): 200 GET http://10.180.1.21/compute/v2.1/servers/82801bc1-42eb-43e1-8d34-160f09f4d777 0.339s
2025-04-10 06:03:28.110 70432 INFO tempest.lib.common.rest_client [req-bb3ffc02-ff1c-460c-86ca-b90235c205f2 req-bb3ffc02-ff1c-460c-86ca-b90235c205f2 ] Request (ServersTestManualDisk:tearDownClass): 200 GET http://10.180.1.21/compute/v2.1/servers/04f5b4b8-8598-4466-a9c7-3f9ca48dea15 0.317s
2025-04-10 06:03:28.144 70406 INFO tempest.lib.common.rest_client [req-b9123579-db48-41e9-a706-ff358e5b8459 req-b9123579-db48-41e9-a706-ff358e5b8459 ] Request (AttachInterfacesTestJSON:test_create_list_show_delete_interfaces_by_network_port): 201 POST http://10.180.1.21/identity/v3/auth/tokens 0.059s
2025-04-10 06:03:28.144 70406 INFO tempest.lib.common.fixed_network [-] (AttachInterfacesTestJSON:test_create_list_show_delete_interfaces_by_network_port) Found network {'id': '504b24e4-f426-41bf-bbb3-2afc8307256a', 'name': 'tempest-AttachInterfacesTestJSON-609418150-network', 'tenant_id': 'd019bc81988e4249bc75b9ab4688b870', 'admin_state_up': True, 'mtu': 8950, 'status': 'ACTIVE', 'subnets': [], 'shared': False, 'project_id': 'd019bc81988e4249bc75b9ab4688b870', 'port_security_enabled': True, 'router:external': False, 'provider:network_type': 'vlan', 'provider:physical_network': 'default', 'provider:segmentation_id': 423, 'availability_zone_hints': [], 'availability_zones': [], 'ipv4_address_scope': None, 'ipv6_address_scope': None, 'description': '', 'tags': [], 'created_at': '2025-04-10T06:00:57Z', 'updated_at': '2025-04-10T06:00:57Z', 'revision_number': 1} available for tenant
2025-04-10 06:03:28.146 70396 INFO tempest.lib.common.rest_client [req-8c027a30-47c0-4a75-a106-6d7ade573d83 req-8c027a30-47c0-4a75-a106-6d7ade573d83 ] Request (SecurityGroupsTestJSON:setUpClass): 201 POST http://10.180.1.21/identity/v3/users 0.060s
2025-04-10 06:03:28.154 70404 INFO tempest.lib.common.rest_client [req-446e42fa-a057-4802-bfe9-35b0cf0befdd req-446e42fa-a057-4802-bfe9-35b0cf0befdd ] Request (ServerDiagnosticsNegativeTest:test_get_server_diagnostics_by_non_admin): 200 GET http://10.180.1.21/compute/v2.1/servers/37d2d699-8362-4bfe-8afe-d43e6da3966c 0.318s
2025-04-10 06:03:28.169 70396 INFO tempest.lib.common.rest_client [req-3a3cb79e-c085-4f93-963b-58d7839ed629 req-3a3cb79e-c085-4f93-963b-58d7839ed629 ] Request (SecurityGroupsTestJSON:setUpClass): 200 GET http://10.180.1.21/identity/v3/roles 0.022s
2025-04-10 06:03:28.175 70408 INFO tempest.lib.common.rest_client [req-d2d59906-450d-4f40-9a03-e8d3c0ab1a8e req-d2d59906-450d-4f40-9a03-e8d3c0ab1a8e ] Request (ServerDiagnosticsV248Test:tearDownClass): 200 GET http://10.180.1.21/compute/v2.1/servers/da2a951e-1858-4e53-8831-2575d9969cd8 0.298s
2025-04-10 06:03:28.211 70396 INFO tempest.lib.common.rest_client [req-efff042e-6013-49f2-92f7-fa617b932dba req-efff042e-6013-49f2-92f7-fa617b932dba ] Request (SecurityGroupsTestJSON:setUpClass): 204 PUT http://10.180.1.21/identity/v3/projects/173bd5a794d2437e8ddf5715569e4094/users/7c2086c4ac174bb382dc1837a638a8ad/roles/cec1d792379a488aa8583928e80bd957 0.041s
2025-04-10 06:03:28.211 70396 INFO tempest.lib.common.dynamic_creds [-] Dynamic test user 7c2086c4ac174bb382dc1837a638a8ad is created with scope project and roles: ['member']
2025-04-10 06:03:28.211 70396 INFO tempest.lib.common.dynamic_creds [-] Acquired dynamic creds: credentials: Credentials: {'domain_id': 'default', 'domain_name': 'Default', 'username': 'tempest-SecurityGroupsTestJSON-323241233-project-member', 'project_domain_id': 'default', 'project_domain_name': 'Default', 'project_id': '173bd5a794d2437e8ddf5715569e4094', 'project_name': 'tempest-SecurityGroupsTestJSON-323241233', 'tenant_id': '173bd5a794d2437e8ddf5715569e4094', 'tenant_name': 'tempest-SecurityGroupsTestJSON-323241233', 'user_domain_id': 'default', 'user_domain_name': 'Default', 'user_id': '7c2086c4ac174bb382dc1837a638a8ad', 'system': None}, Network: None, Subnet: None, Router: None
2025-04-10 06:03:28.217 70388 INFO tempest.lib.common.rest_client [req-1b62f52c-1e62-4b83-b5f0-b7c59d56d711 req-1b62f52c-1e62-4b83-b5f0-b7c59d56d711 ] Request (ServerGroupTestJSON:_run_cleanups): 200 GET http://10.180.1.21/compute/v2.1/servers/daa9ce53-98b2-4511-b37c-d52c218be544 0.270s
2025-04-10 06:03:28.232 70426 INFO tempest.lib.common.rest_client [req-fd22e335-dbd5-4d43-bb49-0b3dbca5f76c req-fd22e335-dbd5-4d43-bb49-0b3dbca5f76c ] Request (ServersTestBootFromVolume:setUpClass): 200 GET http://10.180.1.21/compute/v2.1/servers/f839c019-46b5-43fd-81e5-ace2c82c4263 0.280s
2025-04-10 06:03:28.251 70430 INFO tempest.lib.common.rest_client [req-bdce0f87-bb86-4b77-a53f-584448755774 req-bdce0f87-bb86-4b77-a53f-584448755774 ] Request (ServersAdminTestJSON:test_list_servers_by_admin): 200 GET http://10.180.1.21/compute/v2.1/servers/detail 0.235s
2025-04-10 06:03:28.276 70396 INFO tempest.lib.common.rest_client [req-ea1e061d-f737-44c4-8910-fc0439a26107 req-ea1e061d-f737-44c4-8910-fc0439a26107 ] Request (SecurityGroupsTestJSON:setUpClass): 201 POST http://10.180.1.21/identity/v3/auth/tokens 0.065s
2025-04-10 06:03:28.284 70394 INFO tempest.lib.common.rest_client [req-f2b032aa-2cfd-4be0-9520-fcdf2efe1a49 req-f2b032aa-2cfd-4be0-9520-fcdf2efe1a49 ] Request (ImagesTestJSON:test_create_server_from_snapshot): 200 GET http://10.180.1.21/compute/v2.1/servers/0fa7bf74-e578-4158-9684-3f9d8ce3e569 0.264s
2025-04-10 06:03:28.304 70410 INFO tempest.lib.common.rest_client [req-83b695dd-6c58-4270-9d47-fc66b1516438 req-83b695dd-6c58-4270-9d47-fc66b1516438 ] Request (ListServersNegativeTestJSON:tearDownClass): 200 GET http://10.180.1.21/compute/v2.1/servers/3e91912e-2579-4026-b994-0f78a07bf0a2 0.265s
2025-04-10 06:03:28.335 70392 INFO tempest.lib.common.rest_client [req-0e408522-0f66-4e04-b98d-6b20c761e162 req-0e408522-0f66-4e04-b98d-6b20c761e162 ] Request (ServerDiskConfigTestJSON:test_rebuild_server_with_manual_disk_config): 200 GET http://10.180.1.21/compute/v2.1/servers/edc6122e-6c43-41ac-918a-4fac2c168ee4 0.288s
2025-04-10 06:03:28.352 70436 INFO tempest.lib.common.rest_client [req-fa5cff11-11cc-48bd-b850-212c613003ff req-fa5cff11-11cc-48bd-b850-212c613003ff ] Request (MigrationsAdminTest:test_resize_server_revert_deleted_flavor): 200 GET http://10.180.1.21/compute/v2.1/servers/458ff062-7b22-477f-85d1-4110870956cb 0.241s
2025-04-10 06:03:28.401 70414 INFO tempest.lib.common.rest_client [req-1cfa06f6-6fe5-42a7-96bc-ff486568243e req-1cfa06f6-6fe5-42a7-96bc-ff486568243e ] Request (ServerActionsTestOtherA:setUpClass): 200 GET http://10.180.1.21/compute/v2.1/servers/40dbcc71-72f3-4e67-8fbe-2ddcee9bba8e 0.188s
2025-04-10 06:03:28.566 70396 INFO tempest.lib.common.rest_client [req-112262b5-c9de-42c5-8119-af656bdfab30 req-112262b5-c9de-42c5-8119-af656bdfab30 ] Request (SecurityGroupsTestJSON:setUpClass): 201 POST http://10.180.1.21:9696/networking/v2.0/networks 0.290s
2025-04-10 06:03:28.707 70430 INFO tempest.lib.common.rest_client [req-7499ca53-3458-440d-ae66-083e69d7d10c req-7499ca53-3458-440d-ae66-083e69d7d10c ] Request (ServersAdminTestJSON:test_list_servers_by_admin_with_all_tenants): 200 GET http://10.180.1.21/compute/v2.1/servers/detail?all_tenants= 0.447s
2025-04-10 06:03:28.756 70430 WARNING tempest.lib.common.rest_client [-] Deprecated: "tenant_id" property is deprecated for removal, use "project_id" instead
2025-04-10 06:03:28.795 70428 INFO tempest.lib.common.rest_client [req-b2acfc09-e3a9-404f-832f-bb651cff2c38 req-b2acfc09-e3a9-404f-832f-bb651cff2c38 ] Request (ServersWithSpecificFlavorTestJSON:test_verify_created_server_ephemeral_disk): 200 GET http://10.180.1.21/compute/v2.1/servers/192d6d08-babf-4efe-b22b-ab6676698975 0.502s
2025-04-10 06:03:28.810 70396 INFO tempest.lib.common.rest_client [req-143ea35d-a902-46c8-852a-963cce33e08d req-143ea35d-a902-46c8-852a-963cce33e08d ] Request (SecurityGroupsTestJSON:setUpClass): 201 POST http://10.180.1.21:9696/networking/v2.0/subnets 0.243s
2025-04-10 06:03:28.819 70406 INFO tempest.lib.common.rest_client [req-2ef44f95-ddd7-477f-942f-305e0eb76575 req-2ef44f95-ddd7-477f-942f-305e0eb76575 ] Request (AttachInterfacesTestJSON:test_create_list_show_delete_interfaces_by_network_port): 202 POST http://10.180.1.21/compute/v2.1/servers 0.674s
2025-04-10 06:03:28.982 70442 INFO tempest.lib.common.rest_client [req-f519ece1-34bf-4db8-930a-c4f1bb979a3b req-f519ece1-34bf-4db8-930a-c4f1bb979a3b ] Request (VolumesAssistedSnapshotsTest:test_volume_assisted_snapshot_create_delete): 200 GET http://10.180.1.21/volume/v3/volumes/411143e6-8e3b-4537-8918-20fe211ca763 0.031s
2025-04-10 06:03:29.000 70434 INFO tempest.lib.common.rest_client [req-cb4862e0-6110-416f-b59a-4c630fd759fc req-cb4862e0-6110-416f-b59a-4c630fd759fc ] Request (ServerRescueTestJSONUnderV235:setUpClass): 200 GET http://10.180.1.21/compute/v2.1/servers/e1210f33-2fba-4dc1-a38f-70f46f8034af 0.377s
2025-04-10 06:03:29.004 70390 INFO tempest.lib.common.rest_client [req-15a1f914-c23a-4b0b-a105-89e8b79ce861 req-15a1f914-c23a-4b0b-a105-89e8b79ce861 ] Request (ServerRescueNegativeTestJSON:test_rescued_vm_attach_volume): 200 GET http://10.180.1.21/compute/v2.1/servers/12ce4033-baa4-43ca-b2b6-6927e5c38516 0.562s
2025-04-10 06:03:29.055 70438 INFO tempest.lib.common.rest_client [req-ace08931-860a-4141-b893-fa56b2782bc5 req-ace08931-860a-4141-b893-fa56b2782bc5 ] Request (AttachVolumeTestJSON:test_attach_detach_volume): 200 GET http://10.180.1.21/compute/v2.1/servers/db981e04-53a9-4dab-8fc7-ffc6631cd41d 0.378s
2025-04-10 06:03:29.055 70398 INFO tempest.lib.common.rest_client [req-afdf5a6f-a8b1-4647-bb67-47150d12ea2a req-afdf5a6f-a8b1-4647-bb67-47150d12ea2a ] Request (ServerMetadataTestJSON:setUpClass): 200 GET http://10.180.1.21/compute/v2.1/servers/aaa4e4b7-e7ec-4647-bc4f-12bce6169ce6 0.403s
2025-04-10 06:03:29.112 70416 INFO tempest.lib.common.rest_client [req-69a04605-96e9-4821-9f70-0a0ce1827156 req-69a04605-96e9-4821-9f70-0a0ce1827156 ] Request (ServersTestFqdnHostnames:test_create_server_with_fqdn_name): 200 GET http://10.180.1.21/compute/v2.1/servers/40567fa1-7b4d-4334-a3b2-34c92981f237 0.378s
2025-04-10 06:03:29.120 70418 INFO tempest.lib.common.rest_client [req-e50913cd-3202-412d-8ffb-71191a58cd5d req-e50913cd-3202-412d-8ffb-71191a58cd5d ] Request (ServerRescueTestJSON:tearDownClass): 200 GET http://10.180.1.21/compute/v2.1/servers/b653d098-78d9-4993-985a-1f60005fb935 0.399s
