2025-04-10 06:01:06.224 70446 INFO tempest.lib.common.rest_client [req-ee84dbb8-c1a6-42cb-b724-98f50d28bafb req-ee84dbb8-c1a6-42cb-b724-98f50d28bafb ] Request (ServicesAdminNegativeTestJSON:setUpClass): 201 POST http://10.180.1.21/identity/v3/projects 0.085s
2025-04-10 06:01:06.236 70434 INFO tempest.lib.common.rest_client [req-cd798ff5-5b10-474a-93eb-da5fa99ef387 req-cd798ff5-5b10-474a-93eb-da5fa99ef387 ] Request (FlavorsAccessTestJSON:_run_cleanups): 200 GET http://10.180.1.21/compute/v2.1/flavors/detail 2.033s
2025-04-10 06:01:06.310 70438 INFO tempest.lib.common.rest_client [req-bfe0063f-bf7d-438a-a522-a8c8fac3e89d req-bfe0063f-bf7d-438a-a522-a8c8fac3e89d ] Request (ServerMetadataNegativeTestJSON:setUpClass): 200 GET http://10.180.1.21/compute/v2.1/servers/f2473b2c-be7c-42a9-ac0a-6f5d85d8a4c6 2.174s
2025-04-10 06:01:06.314 70386 INFO tempest.lib.common.rest_client [req-5a132dff-6b23-42ac-951a-2e61ba176866 req-5a132dff-6b23-42ac-951a-2e61ba176866 ] Request (ServersAdminNegativeTestJSON:setUpClass): 200 GET http://10.180.1.21/compute/v2.1/servers/82801bc1-42eb-43e1-8d34-160f09f4d777 1.934s
2025-04-10 06:01:06.325 70438 INFO tempest.common.waiters [-] State transition "BUILD/None" ==> "BUILD/spawning" after 7 second wait
2025-04-10 06:01:06.327 70446 INFO tempest.lib.common.rest_client [req-9f3f9356-5ec6-4b5a-9770-704683574e84 req-9f3f9356-5ec6-4b5a-9770-704683574e84 ] Request (ServicesAdminNegativeTestJSON:setUpClass): 201 POST http://10.180.1.21/identity/v3/users 0.103s
2025-04-10 06:01:06.396 70434 INFO tempest.lib.common.rest_client [req-b08d4f84-6cbf-45fb-951f-816a06d09ec5 req-b08d4f84-6cbf-45fb-951f-816a06d09ec5 ] Request (FlavorsAccessTestJSON:tearDownClass): 204 DELETE http://10.180.1.21/identity/v3/users/579c4805c2954a9ab786239f712d26ff 0.148s
2025-04-10 06:01:06.411 70428 INFO tempest.lib.common.rest_client [req-7ddf60f1-1f06-4253-b1de-3ebe153fc15d req-7ddf60f1-1f06-4253-b1de-3ebe153fc15d ] Request (ValidationResourcesFixture:setUp): 201 POST http://10.180.1.21:9696/networking/v2.0/security-group-rules 0.307s
2025-04-10 06:01:06.451 70446 INFO tempest.lib.common.rest_client [req-643e0e05-8e34-421c-9e7d-8a84fdc4490a req-643e0e05-8e34-421c-9e7d-8a84fdc4490a ] Request (ServicesAdminNegativeTestJSON:setUpClass): 200 GET http://10.180.1.21/identity/v3/roles 0.123s
2025-04-10 06:01:06.491 70416 INFO tempest.lib.common.rest_client [req-68997ff9-627b-4fa3-9d04-6bf14e2652fe req-68997ff9-627b-4fa3-9d04-6bf14e2652fe ] Request (FloatingIPsAssociationNegativeTestJSON:setUpClass): 200 GET http://10.180.1.21/compute/v2.1/servers/5124e102-6811-46a0-a71a-a237ae4a6356 2.024s
2025-04-10 06:01:06.500 70442 INFO tempest.lib.common.rest_client [req-1725c42c-978b-4e3e-ba73-e63f4c9c689d req-1725c42c-978b-4e3e-ba73-e63f4c9c689d ] Request (VolumesAssistedSnapshotsTest:test_volume_assisted_snapshot_create_delete): 200 POST http://10.180.1.21/compute/v2.1/os-keypairs 2.053s
2025-04-10 06:01:06.514 70434 INFO tempest.lib.common.rest_client [req-c3d240c8-22b3-4d61-85aa-a04a015bbaca req-c3d240c8-22b3-4d61-85aa-a04a015bbaca ] Request (FlavorsAccessTestJSON:tearDownClass): 204 DELETE http://10.180.1.21/identity/v3/users/61690f4813e548679eb608db21290a42 0.117s
2025-04-10 06:01:06.514 70434 INFO tempest.lib.common.dynamic_creds [-] Deleting project and security group for project: f26452463e344ea89f17c67c8f101c12
2025-04-10 06:01:06.592 70446 INFO tempest.lib.common.rest_client [req-430db12d-826e-4afa-a98e-7fc87ae395c5 req-430db12d-826e-4afa-a98e-7fc87ae395c5 ] Request (ServicesAdminNegativeTestJSON:setUpClass): 204 PUT http://10.180.1.21/identity/v3/projects/20cd182a4f8c47f18bd34a2d68af3aa9/users/49895ef2ee52432ab784b7d52b99e5b0/roles/5b59a42ce5264241a1c2f38972be1b09 0.140s
2025-04-10 06:01:06.599 70436 INFO tempest.lib.common.rest_client [req-cd9dc5e4-9fb8-4d1e-9600-8f77c759a137 req-cd9dc5e4-9fb8-4d1e-9600-8f77c759a137 ] Request (MigrationsAdminTest:test_list_migrations_in_flavor_resize_situation): 200 GET http://10.180.1.21/compute/v2.1/servers/506b1ae3-fc96-4c09-9e45-8fceeb80b492 1.938s
2025-04-10 06:01:06.621 70434 INFO tempest.lib.common.rest_client [req-0413de50-4497-45a5-94d8-1f81fd895218 req-0413de50-4497-45a5-94d8-1f81fd895218 ] Request (FlavorsAccessTestJSON:tearDownClass): 201 POST http://10.180.1.21/identity/v3/auth/tokens 0.107s
2025-04-10 06:01:06.652 70430 INFO tempest.lib.common.rest_client [req-6bc7ced3-1535-4005-a860-078396b492c9 req-6bc7ced3-1535-4005-a860-078396b492c9 ] Request (ServersAdminTestJSON:setUpClass): 200 GET http://10.180.1.21/compute/v2.1/servers/5eb916ca-a7a4-4fe1-8802-e3619587155a 1.821s
2025-04-10 06:01:06.660 70430 INFO tempest.common.waiters [-] State transition "BUILD/None" ==> "BUILD/networking" after 5 second wait
2025-04-10 06:01:06.672 70422 INFO tempest.lib.common.rest_client [req-d12ab6d2-b937-435c-8222-10b09453c5fd req-d12ab6d2-b937-435c-8222-10b09453c5fd ] Request (ServersTestJSON:setUpClass): 200 GET http://10.180.1.21/compute/v2.1/servers/b31c1806-9771-440b-830a-529ef3cdaaea 1.837s
2025-04-10 06:01:06.678 70390 INFO tempest.lib.common.rest_client [req-e437e56f-c6c3-4235-8cae-450828d01018 req-e437e56f-c6c3-4235-8cae-450828d01018 ] Request (HostsAdminNegativeTestJSON:test_update_host_with_invalid_status): 400 PUT http://10.180.1.21/compute/v2.1/os-hosts/devstack 1.809s
2025-04-10 06:01:06.692 70446 INFO tempest.lib.common.rest_client [req-d488b817-aca8-4a53-8440-11df5b305875 req-d488b817-aca8-4a53-8440-11df5b305875 ] Request (ServicesAdminNegativeTestJSON:setUpClass): 200 GET http://10.180.1.21/identity/v3/roles 0.099s
2025-04-10 06:01:06.695 70413 INFO tempest.lib.common.rest_client [req-363014dc-2358-41a0-9d7e-596937e22c28 req-363014dc-2358-41a0-9d7e-596937e22c28 ] Request (FlavorsExtraSpecsTestJSON:tearDownClass): 200 GET http://10.180.1.21/compute/v2.1/flavors/detail 1.833s
2025-04-10 06:01:06.700 70440 INFO tempest.lib.common.rest_client [req-3085b94c-93b4-47ca-bb3e-14d15e182328 req-3085b94c-93b4-47ca-bb3e-14d15e182328 ] Request (KeyPairsV2TestJSON:_run_cleanups): 202 DELETE http://10.180.1.21/compute/v2.1/os-keypairs/tempest-keypair-829416955 1.796s
2025-04-10 06:01:06.722 70442 INFO tempest.lib.common.rest_client [req-cea1e2f9-31a8-4cb4-8a0e-743cf0c6ccc8 req-cea1e2f9-31a8-4cb4-8a0e-743cf0c6ccc8 ] Request (VolumesAssistedSnapshotsTest:test_volume_assisted_snapshot_create_delete): 201 POST http://10.180.1.21:9696/networking/v2.0/security-groups 0.220s
2025-04-10 06:01:06.723 70398 INFO tempest.lib.common.rest_client [req-c3a4d07d-eee0-4da9-ab09-1b429eeb30a5 req-c3a4d07d-eee0-4da9-ab09-1b429eeb30a5 ] Request (ImagesMetadataNegativeTestJSON:test_update_nonexistent_image_metadata): 404 POST http://10.180.1.21/compute/v2.1/images/64552f66-9acf-49a7-9824-68bde25fdde1/metadata 1.568s
2025-04-10 06:01:06.729 70446 INFO tempest.lib.common.rest_client [req-c411ce27-837e-48b1-a94f-8efe823695ec req-c411ce27-837e-48b1-a94f-8efe823695ec ] Request (ServicesAdminNegativeTestJSON:setUpClass): 204 PUT http://10.180.1.21/identity/v3/projects/20cd182a4f8c47f18bd34a2d68af3aa9/users/49895ef2ee52432ab784b7d52b99e5b0/roles/5b59a42ce5264241a1c2f38972be1b09 0.036s
2025-04-10 06:01:06.729 70446 INFO tempest.lib.common.dynamic_creds [-] Dynamic test user 49895ef2ee52432ab784b7d52b99e5b0 is created with scope project and roles: ['admin']
2025-04-10 06:01:06.729 70446 INFO tempest.lib.common.dynamic_creds [-] Acquired dynamic creds: credentials: Credentials: {'domain_id': 'default', 'domain_name': 'Default', 'username': 'tempest-ServicesAdminNegativeTestJSON-1979667396-project-admin', 'project_domain_id': 'default', 'project_domain_name': 'Default', 'project_id': '20cd182a4f8c47f18bd34a2d68af3aa9', 'project_name': 'tempest-ServicesAdminNegativeTestJSON-1979667396', 'tenant_id': '20cd182a4f8c47f18bd34a2d68af3aa9', 'tenant_name': 'tempest-ServicesAdminNegativeTestJSON-1979667396', 'user_domain_id': 'default', 'user_domain_name': 'Default', 'user_id': '49895ef2ee52432ab784b7d52b99e5b0', 'system': None}, Network: None, Subnet: None, Router: None
2025-04-10 06:01:06.729 70446 INFO tempest.lib.common.dynamic_creds [-] Created isolated network resources for: credentials: Credentials: {'domain_id': 'default', 'domain_name': 'Default', 'username': 'tempest-ServicesAdminNegativeTestJSON-1979667396-project-admin', 'project_domain_id': 'default', 'project_domain_name': 'Default', 'project_id': '20cd182a4f8c47f18bd34a2d68af3aa9', 'project_name': 'tempest-ServicesAdminNegativeTestJSON-1979667396', 'tenant_id': '20cd182a4f8c47f18bd34a2d68af3aa9', 'tenant_name': 'tempest-ServicesAdminNegativeTestJSON-1979667396', 'user_domain_id': 'default', 'user_domain_name': 'Default', 'user_id': '49895ef2ee52432ab784b7d52b99e5b0', 'system': None}, Network: None, Subnet: None, Router: None
2025-04-10 06:01:06.745 70404 INFO tempest.lib.common.rest_client [req-4bb64f48-26a0-4ceb-9012-ff57b690b532 req-4bb64f48-26a0-4ceb-9012-ff57b690b532 ] Request (FlavorsAdminTestJSON:_run_cleanups): 202 DELETE http://10.180.1.21/compute/v2.1/flavors/8ab1fd2a-a041-46f1-a4fa-adc3faa3ba00 1.570s
2025-04-10 06:01:06.839 70400 INFO tempest.lib.common.rest_client [req-33f96233-c906-4573-9287-e18bf669a1f2 req-33f96233-c906-4573-9287-e18bf669a1f2 ] Request (FlavorsAccessNegativeTestJSON:test_flavor_non_admin_add): 403 POST http://10.180.1.21/compute/v2.1/flavors/839794184/action 1.910s
2025-04-10 06:01:06.862 70413 INFO tempest.lib.common.rest_client [req-5eb1d560-166a-4a1a-b2ff-b371f35cc8a9 req-5eb1d560-166a-4a1a-b2ff-b371f35cc8a9 ] Request (FlavorsExtraSpecsTestJSON:tearDownClass): 204 DELETE http://10.180.1.21/identity/v3/users/2ec70365e10c4dafb0befc32f7e21999 0.154s
2025-04-10 06:01:06.931 70398 INFO tempest.lib.common.rest_client [req-b0bd238e-03cd-44bc-b160-4f9763924f89 req-b0bd238e-03cd-44bc-b160-4f9763924f89 ] Request (ImagesMetadataNegativeTestJSON:tearDownClass): 204 DELETE http://10.180.1.21/identity/v3/users/d7498cbcddeb41e0a25995b0ad23d746 0.206s
2025-04-10 06:01:06.931 70398 INFO tempest.lib.common.dynamic_creds [-] Deleting project and security group for project: 45ed1618ea164da1bbd0ef4026fc7cc3
2025-04-10 06:01:06.948 70446 INFO tempest.lib.common.rest_client [req-1cecac1e-a9b6-49b5-9d7f-4b6e0ee571b7 req-1cecac1e-a9b6-49b5-9d7f-4b6e0ee571b7 ] Request (ServicesAdminNegativeTestJSON:setUpClass): 201 POST http://10.180.1.21/identity/v3/auth/tokens 0.214s
2025-04-10 06:01:06.974 70398 INFO tempest.lib.common.rest_client [req-c87ba1af-a1fb-4a64-bcc7-d433867ec988 req-c87ba1af-a1fb-4a64-bcc7-d433867ec988 ] Request (ImagesMetadataNegativeTestJSON:tearDownClass): 201 POST http://10.180.1.21/identity/v3/auth/tokens 0.043s
2025-04-10 06:01:06.975 70418 INFO tempest.lib.common.rest_client [req-b3a38613-eab2-4e71-8f1b-1ca6aab76d1d req-b3a38613-eab2-4e71-8f1b-1ca6aab76d1d ] Request (ServerRescueTestJSON:setUpClass): 200 GET http://10.180.1.21/compute/v2.1/servers/b66731cf-6f94-4c15-83e0-e4144b20566a 1.613s
2025-04-10 06:01:06.997 70388 INFO tempest.lib.common.rest_client [req-eb89cb9c-b406-4000-b605-1a17e43d9088 req-eb89cb9c-b406-4000-b605-1a17e43d9088 ] Request (KeyPairsV210TestJSON:_run_cleanups): 204 DELETE http://10.180.1.21/compute/v2.1/os-keypairs/tempest-keypair-2136591693?user_id=41a52361cf7049fdb970db98efee3b82 1.518s
2025-04-10 06:01:07.003 70420 INFO tempest.lib.common.rest_client [req-467f7c27-e264-48ef-a99e-af4e70ab2afa req-467f7c27-e264-48ef-a99e-af4e70ab2afa ] Request (HypervisorAdminNegativeUnderV252Test:test_show_servers_with_non_admin_user): 403 GET http://10.180.1.21/compute/v2.1/os-hypervisors/1/servers 1.439s
2025-04-10 06:01:07.018 70414 INFO tempest.lib.common.rest_client [req-88c93041-3122-4246-98c3-568765a62c1a req-88c93041-3122-4246-98c3-568765a62c1a ] Request (FloatingIPsTestJSON:tearDownClass): 204 DELETE http://10.180.1.21:9696/networking/v2.0/routers/12568c57-b262-41fe-ba89-868583f99a79 1.019s
2025-04-10 06:01:07.020 70413 INFO tempest.lib.common.rest_client [req-87efdf4d-8e56-4dff-bb2f-9495f366f098 req-87efdf4d-8e56-4dff-bb2f-9495f366f098 ] Request (FlavorsExtraSpecsTestJSON:tearDownClass): 204 DELETE http://10.180.1.21/identity/v3/users/2846428a117f4c1d95044c9021c2cf62 0.158s
2025-04-10 06:01:07.021 70413 INFO tempest.lib.common.dynamic_creds [-] Deleting project and security group for project: b758be3baea34b088927ba0ac443c935
2025-04-10 06:01:07.032 70392 INFO tempest.lib.common.rest_client [req-041e7d59-b447-4e84-b5b4-1e838530faba req-041e7d59-b447-4e84-b5b4-1e838530faba ] Request (ServicesAdminNegativeV253TestJSON:test_get_service_by_invalid_params): 200 GET http://10.180.1.21/compute/v2.1/os-services 1.452s
2025-04-10 06:01:07.113 70388 INFO tempest.lib.common.rest_client [req-ab6aaa88-81fd-4884-b103-63ba55178825 req-ab6aaa88-81fd-4884-b103-63ba55178825 ] Request (KeyPairsV210TestJSON:tearDownClass): 204 DELETE http://10.180.1.21/identity/v3/users/41a52361cf7049fdb970db98efee3b82 0.113s
2025-04-10 06:01:07.122 70406 INFO tempest.lib.common.rest_client [req-72a51b39-50c4-430b-adbc-f2938c727fbd req-72a51b39-50c4-430b-adbc-f2938c727fbd ] Request (ValidationResourcesFixture:setUp): 201 POST http://10.180.1.21:9696/networking/v2.0/floatingips 0.952s
2025-04-10 06:01:07.148 70413 INFO tempest.lib.common.rest_client [req-2ec7a26f-d84f-47e8-804d-ec7924791cac req-2ec7a26f-d84f-47e8-804d-ec7924791cac ] Request (FlavorsExtraSpecsTestJSON:tearDownClass): 201 POST http://10.180.1.21/identity/v3/auth/tokens 0.127s
2025-04-10 06:01:07.219 70388 INFO tempest.lib.common.rest_client [req-9a22aa2f-b9ff-44da-854a-db321d6cd4d7 req-9a22aa2f-b9ff-44da-854a-db321d6cd4d7 ] Request (KeyPairsV210TestJSON:tearDownClass): 204 DELETE http://10.180.1.21/identity/v3/users/9f44392dae934f88a593ec99e6f9e454 0.105s
2025-04-10 06:01:07.219 70388 INFO tempest.lib.common.dynamic_creds [-] Deleting project and security group for project: e4a8a10b268a43ce937aabd6513c8db1
2025-04-10 06:01:07.235 70402 INFO tempest.lib.common.rest_client [req-f66241aa-0252-4e9b-97b5-5d9d00ecd6a8 req-f66241aa-0252-4e9b-97b5-5d9d00ecd6a8 ] Request (ServerDiagnosticsTest:test_get_server_diagnostics): 200 GET http://10.180.1.21/compute/v2.1/servers/4c38beb9-7705-4515-b020-ace48f9ab324 2.045s
2025-04-10 06:01:07.256 70442 INFO tempest.lib.common.rest_client [req-0d4bb682-2552-4006-9cd8-02c96aa2609d req-0d4bb682-2552-4006-9cd8-02c96aa2609d ] Request (VolumesAssistedSnapshotsTest:test_volume_assisted_snapshot_create_delete): 201 POST http://10.180.1.21:9696/networking/v2.0/security-group-rules 0.533s
2025-04-10 06:01:07.282 70406 INFO tempest.lib.common.rest_client [req-ca68dabd-864f-4ce5-b510-4ded9f79b6dd req-ca68dabd-864f-4ce5-b510-4ded9f79b6dd ] Request (AttachInterfacesTestJSON:test_create_list_show_delete_interfaces_by_fixed_ip): 201 POST http://10.180.1.21/identity/v3/auth/tokens 0.153s
2025-04-10 06:01:07.282 70424 INFO tempest.lib.common.rest_client [req-eed30fc6-7ead-4799-9a98-9b1a606bce41 req-eed30fc6-7ead-4799-9a98-9b1a606bce41 ] Request (ImagesMetadataTestJSON:test_get_image_metadata_item): 200 GET http://10.180.1.21/compute/v2.1/images/6dbaef40-6c2e-419d-9e3c-285714b69dac/metadata/os_distro 1.458s
2025-04-10 06:01:07.282 70406 INFO tempest.lib.common.fixed_network [-] (AttachInterfacesTestJSON:test_create_list_show_delete_interfaces_by_fixed_ip) Found network {'id': '504b24e4-f426-41bf-bbb3-2afc8307256a', 'name': 'tempest-AttachInterfacesTestJSON-609418150-network', 'tenant_id': 'd019bc81988e4249bc75b9ab4688b870', 'admin_state_up': True, 'mtu': 8950, 'status': 'ACTIVE', 'subnets': [], 'shared': False, 'project_id': 'd019bc81988e4249bc75b9ab4688b870', 'port_security_enabled': True, 'router:external': False, 'provider:network_type': 'vlan', 'provider:physical_network': 'default', 'provider:segmentation_id': 423, 'availability_zone_hints': [], 'availability_zones': [], 'ipv4_address_scope': None, 'ipv6_address_scope': None, 'description': '', 'tags': [], 'created_at': '2025-04-10T06:00:57Z', 'updated_at': '2025-04-10T06:00:57Z', 'revision_number': 1} available for tenant
2025-04-10 06:01:07.288 70410 INFO tempest.lib.common.rest_client [req-d2536a40-6220-4b53-94cd-2b25addf50dd req-d2536a40-6220-4b53-94cd-2b25addf50dd ] Request (InstanceUsageAuditLogNegativeTestJSON:test_instance_usage_audit_logs_with_nonadmin_user): 403 GET http://10.180.1.21/compute/v2.1/os-instance_usage_audit_log/2025-04-10%2006%3A01%3A05 1.379s
2025-04-10 06:01:07.290 70434 INFO tempest.lib.common.rest_client [req-65731cfa-25ab-430c-9075-b35e921b568c req-65731cfa-25ab-430c-9075-b35e921b568c ] Request (FlavorsAccessTestJSON:tearDownClass): 200 GET http://10.180.1.21:9696/networking/v2.0/security-groups?tenant_id=f26452463e344ea89f17c67c8f101c12&name=default 0.669s
2025-04-10 06:01:07.342 70388 INFO tempest.lib.common.rest_client [req-6be945d8-d493-498a-aac3-c63afe3d97c8 req-6be945d8-d493-498a-aac3-c63afe3d97c8 ] Request (KeyPairsV210TestJSON:tearDownClass): 201 POST http://10.180.1.21/identity/v3/auth/tokens 0.123s
2025-04-10 06:01:07.372 70444 INFO tempest.lib.common.rest_client [req-e6f236ac-af64-4ddf-9e35-0959aa1418a9 req-e6f236ac-af64-4ddf-9e35-0959aa1418a9 ] Request (QuotasAdminTestJSON:test_get_updated_quotas): 200 PUT http://10.180.1.21/compute/v2.1/os-quota-sets/858103b130474ff69f0b526ad99646b6 1.574s
2025-04-10 06:01:07.372 70398 INFO tempest.lib.common.rest_client [req-de17c211-f27c-4b35-8599-77d00ff52751 req-de17c211-f27c-4b35-8599-77d00ff52751 ] Request (ImagesMetadataNegativeTestJSON:tearDownClass): 200 GET http://10.180.1.21:9696/networking/v2.0/security-groups?tenant_id=45ed1618ea164da1bbd0ef4026fc7cc3&name=default 0.398s
2025-04-10 06:01:07.411 70410 INFO tempest.lib.common.rest_client [req-98647f32-9232-4d80-8310-7e105db6b04d req-98647f32-9232-4d80-8310-7e105db6b04d ] Request (InstanceUsageAuditLogNegativeTestJSON:tearDownClass): 204 DELETE http://10.180.1.21/identity/v3/users/9cb3462623e44eed877e838d327b0689 0.120s
2025-04-10 06:01:07.493 70428 INFO tempest.lib.common.rest_client [req-51b79973-8c9b-43ac-a964-feca69e19b5c req-51b79973-8c9b-43ac-a964-feca69e19b5c ] Request (ValidationResourcesFixture:setUp): 201 POST http://10.180.1.21:9696/networking/v2.0/floatingips 1.082s
2025-04-10 06:01:07.538 70448 INFO tempest.lib.common.rest_client [req-fe35d86b-6a88-4460-bc02-492227f0d690 req-fe35d86b-6a88-4460-bc02-492227f0d690 ] Request (QuotasAdminNegativeTest:test_create_server_when_instances_quota_is_full): 200 PUT http://10.180.1.21/compute/v2.1/os-quota-sets/454367b60e004a949cc0402a5ab44c79 1.478s
2025-04-10 06:01:07.546 70426 INFO tempest.lib.common.rest_client [req-7bfba918-1278-4b0f-a4e0-7ec988ccb6a4 req-7bfba918-1278-4b0f-a4e0-7ec988ccb6a4 ] Request (AggregatesAdminNegativeTestJSON:test_aggregate_create_as_user): 403 POST http://10.180.1.21/compute/v2.1/os-aggregates 1.338s
2025-04-10 06:01:07.552 70414 INFO tempest.lib.common.rest_client [req-34bb01f1-7d96-4a0a-8f03-492ef5c6a5d2 req-34bb01f1-7d96-4a0a-8f03-492ef5c6a5d2 ] Request (FloatingIPsTestJSON:tearDownClass): 204 DELETE http://10.180.1.21:9696/networking/v2.0/subnets/4c5a5cbc-6e94-49ce-b913-80d97af6e7a0 0.534s
2025-04-10 06:01:07.565 70434 INFO tempest.lib.common.rest_client [req-de0b7d38-3787-4d4e-8b99-17553c340b6a req-de0b7d38-3787-4d4e-8b99-17553c340b6a ] Request (FlavorsAccessTestJSON:tearDownClass): 204 DELETE http://10.180.1.21:9696/networking/v2.0/security-groups/a2b4c28d-9947-445a-b7f6-b762a73c0609 0.274s
2025-04-10 06:01:07.566 70410 INFO tempest.lib.common.rest_client [req-bced5fcb-88d5-468c-be0b-a8240730a38d req-bced5fcb-88d5-468c-be0b-a8240730a38d ] Request (InstanceUsageAuditLogNegativeTestJSON:tearDownClass): 204 DELETE http://10.180.1.21/identity/v3/users/f6398f1c58c24e83a701ca8f0bef154c 0.155s
2025-04-10 06:01:07.567 70410 INFO tempest.lib.common.dynamic_creds [-] Deleting project and security group for project: bb220e4c0d79424b9fcf4e0e28657bc9
2025-04-10 06:01:07.567 70428 INFO tempest.lib.common.rest_client [req-f4073bb3-6749-4d14-bf87-44820cd2d5b7 req-f4073bb3-6749-4d14-bf87-44820cd2d5b7 ] Request (ServersWithSpecificFlavorTestJSON:test_verify_created_server_ephemeral_disk): 201 POST http://10.180.1.21/identity/v3/auth/tokens 0.071s
2025-04-10 06:01:07.568 70428 INFO tempest.lib.common.fixed_network [-] (ServersWithSpecificFlavorTestJSON:test_verify_created_server_ephemeral_disk) Found network {'id': '8007cc24-7e0b-46ce-b687-eeedd1255503', 'name': 'tempest-ServersWithSpecificFlavorTestJSON-1632858061-network', 'tenant_id': '4d056a3e6cbc433dae4d74fca3104e93', 'admin_state_up': True, 'mtu': 8950, 'status': 'ACTIVE', 'subnets': [], 'shared': False, 'project_id': '4d056a3e6cbc433dae4d74fca3104e93', 'port_security_enabled': True, 'router:external': False, 'provider:network_type': 'vlan', 'provider:physical_network': 'default', 'provider:segmentation_id': 802, 'availability_zone_hints': [], 'availability_zones': [], 'ipv4_address_scope': None, 'ipv6_address_scope': None, 'description': '', 'tags': [], 'created_at': '2025-04-10T06:00:42Z', 'updated_at': '2025-04-10T06:00:42Z', 'revision_number': 1} available for tenant
2025-04-10 06:01:07.624 70448 INFO tempest.lib.common.rest_client [req-490e3a17-0f09-414e-b97e-2071a6731c7b req-490e3a17-0f09-414e-b97e-2071a6731c7b ] Request (QuotasAdminNegativeTest:test_create_server_when_instances_quota_is_full): 201 POST http://10.180.1.21/identity/v3/auth/tokens 0.079s
2025-04-10 06:01:07.625 70448 INFO tempest.lib.common.fixed_network [-] (QuotasAdminNegativeTest:test_create_server_when_instances_quota_is_full) Found network None available for tenant
2025-04-10 06:01:07.648 70410 INFO tempest.lib.common.rest_client [req-18dbb838-68e0-4aa1-bc5a-2c503e854f3f req-18dbb838-68e0-4aa1-bc5a-2c503e854f3f ] Request (InstanceUsageAuditLogNegativeTestJSON:tearDownClass): 201 POST http://10.180.1.21/identity/v3/auth/tokens 0.081s
2025-04-10 06:01:07.695 70434 INFO tempest.lib.common.rest_client [req-14834cae-5f1c-4849-81bf-8e35cf6637c4 req-14834cae-5f1c-4849-81bf-8e35cf6637c4 ] Request (FlavorsAccessTestJSON:tearDownClass): 204 DELETE http://10.180.1.21/identity/v3/projects/f26452463e344ea89f17c67c8f101c12 0.130s
2025-04-10 06:01:07.696 70434 INFO tempest.lib.common.dynamic_creds [-] Deleting project and security group for project: 555c9e047589486b973c548daaddbb0f
2025-04-10 06:01:07.722 70442 INFO tempest.lib.common.rest_client [req-12b4d26e-c86f-4f46-9558-ba1bf72723a9 req-12b4d26e-c86f-4f46-9558-ba1bf72723a9 ] Request (VolumesAssistedSnapshotsTest:test_volume_assisted_snapshot_create_delete): 201 POST http://10.180.1.21:9696/networking/v2.0/security-group-rules 0.465s
2025-04-10 06:01:07.777 70398 INFO tempest.lib.common.rest_client [req-b5bb1b1c-2988-4e67-934c-692014b2ab1c req-b5bb1b1c-2988-4e67-934c-692014b2ab1c ] Request (ImagesMetadataNegativeTestJSON:tearDownClass): 204 DELETE http://10.180.1.21:9696/networking/v2.0/security-groups/01e2c211-81ef-47b8-85ad-d61fcf0151fe 0.403s
2025-04-10 06:01:07.786 70413 INFO tempest.lib.common.rest_client [req-7dd4c15d-fe29-4501-88b5-40f559991f57 req-7dd4c15d-fe29-4501-88b5-40f559991f57 ] Request (FlavorsExtraSpecsTestJSON:tearDownClass): 200 GET http://10.180.1.21:9696/networking/v2.0/security-groups?tenant_id=b758be3baea34b088927ba0ac443c935&name=default 0.637s
2025-04-10 06:01:07.820 70396 INFO tempest.lib.common.rest_client [req-ecf96b66-7a62-409f-96c7-c98df901541b req-ecf96b66-7a62-409f-96c7-c98df901541b ] Request (DeleteServersAdminTestJSON:test_admin_delete_servers_of_others): 200 GET http://10.180.1.21/compute/v2.1/servers/9106d5e1-6862-4a9b-bf89-5928856cf064 1.677s
2025-04-10 06:01:07.828 70390 INFO tempest.lib.common.rest_client [req-f4da756d-554a-4fb0-9bbb-c9b7e65d3bcb req-f4da756d-554a-4fb0-9bbb-c9b7e65d3bcb ] Request (HostsAdminNegativeTestJSON:test_update_host_with_non_admin_user): 403 PUT http://10.180.1.21/compute/v2.1/os-hosts/devstack 1.146s
2025-04-10 06:01:07.847 70398 INFO tempest.lib.common.rest_client [req-86345e4f-10b6-47e5-b0d7-8a67d331f713 req-86345e4f-10b6-47e5-b0d7-8a67d331f713 ] Request (ImagesMetadataNegativeTestJSON:tearDownClass): 204 DELETE http://10.180.1.21/identity/v3/projects/45ed1618ea164da1bbd0ef4026fc7cc3 0.069s
2025-04-10 06:01:07.868 70388 INFO tempest.lib.common.rest_client [req-baecb947-56f3-43af-9471-03c7d9942d2f req-baecb947-56f3-43af-9471-03c7d9942d2f ] Request (KeyPairsV210TestJSON:tearDownClass): 200 GET http://10.180.1.21:9696/networking/v2.0/security-groups?tenant_id=e4a8a10b268a43ce937aabd6513c8db1&name=default 0.525s
2025-04-10 06:01:07.882 70440 INFO tempest.lib.common.rest_client [req-2011670b-48b5-4dfe-8ef9-855b735fee89 req-2011670b-48b5-4dfe-8ef9-855b735fee89 ] Request (KeyPairsV2TestJSON:test_keypair_create_with_pub_key): 200 POST http://10.180.1.21/compute/v2.1/os-keypairs 1.180s
2025-04-10 06:01:07.908 70404 INFO tempest.lib.common.rest_client [req-339d7787-91c1-4fe2-b2df-713a8e2d4189 req-339d7787-91c1-4fe2-b2df-713a8e2d4189 ] Request (FlavorsAdminTestJSON:_run_cleanups): 200 GET http://10.180.1.21/compute/v2.1/flavors/detail 1.163s
2025-04-10 06:01:07.917 70398 INFO tempest.lib.common.rest_client [req-1a9e76fa-5162-4e5b-90ee-beb48e1cac3d req-1a9e76fa-5162-4e5b-90ee-beb48e1cac3d ] Request (InstanceActionsTestJSON:setUpClass): 201 POST http://10.180.1.21/identity/v3/auth/tokens 0.069s
2025-04-10 06:01:07.929 70400 INFO tempest.lib.common.rest_client [req-29055532-976f-4234-9b30-3a36b3a80991 req-29055532-976f-4234-9b30-3a36b3a80991 ] Request (FlavorsAccessNegativeTestJSON:_run_cleanups): 202 DELETE http://10.180.1.21/compute/v2.1/flavors/839794184 1.090s
2025-04-10 06:01:07.951 70398 INFO tempest.lib.common.rest_client [req-fda6dac5-d521-4e04-9cfe-15104e9bb10c req-fda6dac5-d521-4e04-9cfe-15104e9bb10c ] Request (InstanceActionsTestJSON:setUpClass): 201 POST http://10.180.1.21/identity/v3/auth/tokens 0.032s
2025-04-10 06:01:07.977 70398 INFO tempest.lib.common.rest_client [req-662f78b9-3d8c-4308-84df-9e34c0faa8ea req-662f78b9-3d8c-4308-84df-9e34c0faa8ea ] Request (InstanceActionsTestJSON:setUpClass): 200 GET http://10.180.1.21/identity/v3/domains?name=Default 0.025s
2025-04-10 06:01:07.981 70413 INFO tempest.lib.common.rest_client [req-11034d5f-17b0-4cc5-b944-8788ab5699bd req-11034d5f-17b0-4cc5-b944-8788ab5699bd ] Request (FlavorsExtraSpecsTestJSON:tearDownClass): 204 DELETE http://10.180.1.21:9696/networking/v2.0/security-groups/0aa79789-2525-475a-a8f4-8a312b95c331 0.195s
2025-04-10 06:01:07.990 70394 INFO tempest.lib.common.rest_client [req-473ff85f-918c-4b56-91b8-6782b56bf9ad req-473ff85f-918c-4b56-91b8-6782b56bf9ad ] Request (ImagesTestJSON:test_create_image_from_stopped_server): 200 GET http://10.180.1.21/compute/v2.1/servers/d3e886ac-e6cf-4689-a461-cd9ae872124a 1.527s
2025-04-10 06:01:08.010 70420 INFO tempest.lib.common.rest_client [req-3ce893c2-880b-4dc7-8a8a-cdc26e5e50dc req-3ce893c2-880b-4dc7-8a8a-cdc26e5e50dc ] Request (HypervisorAdminNegativeUnderV252Test:test_show_servers_with_nonexistent_hypervisor): 404 GET http://10.180.1.21/compute/v2.1/os-hypervisors/98fcec2e-0c28-4119-9c6c-03c4a7f73da2/servers 1.004s
2025-04-10 06:01:08.011 70398 INFO tempest.lib.common.rest_client [req-5ed8654c-550b-4adf-a83b-b356cd835247 req-5ed8654c-550b-4adf-a83b-b356cd835247 ] Request (InstanceActionsTestJSON:setUpClass): 201 POST http://10.180.1.21/identity/v3/projects 0.031s
2025-04-10 06:01:08.013 70388 INFO tempest.lib.common.rest_client [req-ca1ffe21-7b9d-40e1-9ede-347860c80c53 req-ca1ffe21-7b9d-40e1-9ede-347860c80c53 ] Request (KeyPairsV210TestJSON:tearDownClass): 204 DELETE http://10.180.1.21:9696/networking/v2.0/security-groups/73bfa65f-5ed5-48b9-bfb3-efb3d4169d19 0.144s
2025-04-10 06:01:08.032 70392 INFO tempest.lib.common.rest_client [req-1261aae4-1a26-4ab9-928f-c559a7c7fddd req-1261aae4-1a26-4ab9-928f-c559a7c7fddd ] Request (ServicesAdminNegativeV253TestJSON:test_get_service_by_invalid_params): 200 GET http://10.180.1.21/compute/v2.1/os-services?xxx=nova-compute 0.997s
2025-04-10 06:01:08.078 70446 INFO tempest.lib.common.rest_client [req-02f4a0a1-2c85-4e6f-9ca2-43e91e3edd48 req-02f4a0a1-2c85-4e6f-9ca2-43e91e3edd48 ] Request (ServicesAdminNegativeTestJSON:test_get_service_by_invalid_params): 200 GET http://10.180.1.21/compute/v2.1/os-services 1.128s
2025-04-10 06:01:08.126 70413 INFO tempest.lib.common.rest_client [req-0ec73d56-0d6e-47e3-912e-a8df96d86202 req-0ec73d56-0d6e-47e3-912e-a8df96d86202 ] Request (FlavorsExtraSpecsTestJSON:tearDownClass): 204 DELETE http://10.180.1.21/identity/v3/projects/b758be3baea34b088927ba0ac443c935 0.145s
2025-04-10 06:01:08.126 70413 INFO tempest.lib.common.dynamic_creds [-] Deleting project and security group for project: fb5481e47dbf4cb8b795c277168681f5
2025-04-10 06:01:08.156 70420 INFO tempest.lib.common.rest_client [req-0234a9c5-db11-4ebb-9dea-384afa271bb7 req-0234a9c5-db11-4ebb-9dea-384afa271bb7 ] Request (HypervisorAdminNegativeUnderV252Test:tearDownClass): 204 DELETE http://10.180.1.21/identity/v3/users/2eb439ad51684132852d0442e63aad12 0.145s
2025-04-10 06:01:08.192 70434 INFO tempest.lib.common.rest_client [req-c9adca76-29fd-4d32-ba1b-c3e2954c2549 req-c9adca76-29fd-4d32-ba1b-c3e2954c2549 ] Request (FlavorsAccessTestJSON:tearDownClass): 200 GET http://10.180.1.21:9696/networking/v2.0/security-groups?tenant_id=555c9e047589486b973c548daaddbb0f&name=default 0.496s
2025-04-10 06:01:08.242 70424 INFO tempest.lib.common.rest_client [req-c3a162c4-2cf9-47b8-b708-c1c7a644e04a req-c3a162c4-2cf9-47b8-b708-c1c7a644e04a ] Request (ImagesMetadataTestJSON:setUp): 200 PUT http://10.180.1.21/compute/v2.1/images/6dbaef40-6c2e-419d-9e3c-285714b69dac/metadata 0.958s
2025-04-10 06:01:08.246 70398 INFO tempest.lib.common.rest_client [req-8301fa8d-95c9-4c6a-bf3c-0a839f428976 req-8301fa8d-95c9-4c6a-bf3c-0a839f428976 ] Request (InstanceActionsTestJSON:setUpClass): 201 POST http://10.180.1.21/identity/v3/users 0.234s
2025-04-10 06:01:08.260 70388 INFO tempest.lib.common.rest_client [req-d1888dc4-135c-49f3-a302-e21c78e6d06c req-d1888dc4-135c-49f3-a302-e21c78e6d06c ] Request (KeyPairsV210TestJSON:tearDownClass): 204 DELETE http://10.180.1.21/identity/v3/projects/e4a8a10b268a43ce937aabd6513c8db1 0.246s
2025-04-10 06:01:08.260 70388 INFO tempest.lib.common.dynamic_creds [-] Deleting project and security group for project: b09314cc4a7e40df9c7d8326164541fc
2025-04-10 06:01:08.305 70410 INFO tempest.lib.common.rest_client [req-f21c65f7-1e5e-4cae-8a35-bee3d8893e77 req-f21c65f7-1e5e-4cae-8a35-bee3d8893e77 ] Request (InstanceUsageAuditLogNegativeTestJSON:tearDownClass): 200 GET http://10.180.1.21:9696/networking/v2.0/security-groups?tenant_id=bb220e4c0d79424b9fcf4e0e28657bc9&name=default 0.656s
2025-04-10 06:01:08.305 70413 INFO tempest.lib.common.rest_client [req-47e566a3-2f9c-475e-9647-fbd80afb4c1c req-47e566a3-2f9c-475e-9647-fbd80afb4c1c ] Request (FlavorsExtraSpecsTestJSON:tearDownClass): 200 GET http://10.180.1.21:9696/networking/v2.0/security-groups?tenant_id=fb5481e47dbf4cb8b795c277168681f5&name=default 0.179s
2025-04-10 06:01:08.313 70398 INFO tempest.lib.common.rest_client [req-04e148be-c4e6-490b-947f-8417ee2865cc req-04e148be-c4e6-490b-947f-8417ee2865cc ] Request (InstanceActionsTestJSON:setUpClass): 200 GET http://10.180.1.21/identity/v3/roles 0.067s
2025-04-10 06:01:08.332 70432 INFO tempest.lib.common.rest_client [req-b917c4c5-37a1-415a-9664-bfa96e48c722 req-b917c4c5-37a1-415a-9664-bfa96e48c722 ] Request (ServersTestManualDisk:setUpClass): 200 GET http://10.180.1.21/compute/v2.1/servers/04f5b4b8-8598-4466-a9c7-3f9ca48dea15 1.125s
2025-04-10 06:01:08.349 70420 INFO tempest.lib.common.rest_client [req-e915d87e-f7ff-471a-a51f-cf7a5ad3ce45 req-e915d87e-f7ff-471a-a51f-cf7a5ad3ce45 ] Request (HypervisorAdminNegativeUnderV252Test:tearDownClass): 204 DELETE http://10.180.1.21/identity/v3/users/bf9a5e78d0b744fa965f96d0105c9d59 0.192s
2025-04-10 06:01:08.349 70420 INFO tempest.lib.common.dynamic_creds [-] Deleting project and security group for project: bdeea1162489471881895a9033c44141
2025-04-10 06:01:08.374 70398 INFO tempest.lib.common.rest_client [req-1bb0cf16-ce62-48ca-a3b3-3090465876c0 req-1bb0cf16-ce62-48ca-a3b3-3090465876c0 ] Request (InstanceActionsTestJSON:setUpClass): 204 PUT http://10.180.1.21/identity/v3/projects/22f324c9670c4d3a9e130cacd4e303b1/users/d913043635894f6b8724cc68479ecc14/roles/cec1d792379a488aa8583928e80bd957 0.061s
2025-04-10 06:01:08.374 70398 INFO tempest.lib.common.dynamic_creds [-] Dynamic test user d913043635894f6b8724cc68479ecc14 is created with scope project and roles: ['member']
2025-04-10 06:01:08.375 70398 INFO tempest.lib.common.dynamic_creds [-] Acquired dynamic creds: credentials: Credentials: {'domain_id': 'default', 'domain_name': 'Default', 'username': 'tempest-InstanceActionsTestJSON-1953114615-project-member', 'project_domain_id': 'default', 'project_domain_name': 'Default', 'project_id': '22f324c9670c4d3a9e130cacd4e303b1', 'project_name': 'tempest-InstanceActionsTestJSON-1953114615', 'tenant_id': '22f324c9670c4d3a9e130cacd4e303b1', 'tenant_name': 'tempest-InstanceActionsTestJSON-1953114615', 'user_domain_id': 'default', 'user_domain_name': 'Default', 'user_id': 'd913043635894f6b8724cc68479ecc14', 'system': None}, Network: None, Subnet: None, Router: None
2025-04-10 06:01:08.415 70420 INFO tempest.lib.common.rest_client [req-70a1beb0-640d-49a0-a6b4-14d2087c04b2 req-70a1beb0-640d-49a0-a6b4-14d2087c04b2 ] Request (HypervisorAdminNegativeUnderV252Test:tearDownClass): 201 POST http://10.180.1.21/identity/v3/auth/tokens 0.066s
2025-04-10 06:01:08.428 70398 INFO tempest.lib.common.rest_client [req-8f36f5a1-0561-4dc0-8dfd-66a77189093b req-8f36f5a1-0561-4dc0-8dfd-66a77189093b ] Request (InstanceActionsTestJSON:setUpClass): 201 POST http://10.180.1.21/identity/v3/auth/tokens 0.053s
2025-04-10 06:01:08.472 70388 INFO tempest.lib.common.rest_client [req-4e9caf95-e0a7-4b64-bcdf-5e6fc457af47 req-4e9caf95-e0a7-4b64-bcdf-5e6fc457af47 ] Request (KeyPairsV210TestJSON:tearDownClass): 200 GET http://10.180.1.21:9696/networking/v2.0/security-groups?tenant_id=b09314cc4a7e40df9c7d8326164541fc&name=default 0.212s
2025-04-10 06:01:08.637 70434 INFO tempest.lib.common.rest_client [req-41af67b1-780c-4b37-b2ed-10219bd4c9c1 req-41af67b1-780c-4b37-b2ed-10219bd4c9c1 ] Request (FlavorsAccessTestJSON:tearDownClass): 204 DELETE http://10.180.1.21:9696/networking/v2.0/security-groups/8cce534e-758b-4ab0-9302-b5877096234e 0.444s
2025-04-10 06:01:08.695 70438 INFO tempest.lib.common.rest_client [req-9f35fe26-02c1-4bc1-9ea2-225a52b37c47 req-9f35fe26-02c1-4bc1-9ea2-225a52b37c47 ] Request (ServerMetadataNegativeTestJSON:setUpClass): 200 GET http://10.180.1.21/compute/v2.1/servers/f2473b2c-be7c-42a9-ac0a-6f5d85d8a4c6 1.367s
2025-04-10 06:01:08.713 70410 INFO tempest.lib.common.rest_client [req-7f87a919-5c37-465c-8c50-0b38d5e922ca req-7f87a919-5c37-465c-8c50-0b38d5e922ca ] Request (InstanceUsageAuditLogNegativeTestJSON:tearDownClass): 204 DELETE http://10.180.1.21:9696/networking/v2.0/security-groups/61cb32b5-5a3d-4f8e-91d8-a028ee426673 0.408s
2025-04-10 06:01:08.725 70414 INFO tempest.lib.common.rest_client [req-b333b473-7c7b-4116-b17c-c55d4f4025e2 req-b333b473-7c7b-4116-b17c-c55d4f4025e2 ] Request (FloatingIPsTestJSON:tearDownClass): 204 DELETE http://10.180.1.21:9696/networking/v2.0/networks/4edb8668-a843-463d-bb3c-3bfa31e6e63e 1.172s
2025-04-10 06:01:08.748 70434 INFO tempest.lib.common.rest_client [req-69afc652-146b-4b36-986e-10ea60193526 req-69afc652-146b-4b36-986e-10ea60193526 ] Request (FlavorsAccessTestJSON:tearDownClass): 204 DELETE http://10.180.1.21/identity/v3/projects/555c9e047589486b973c548daaddbb0f 0.110s
2025-04-10 06:01:08.749 70388 INFO tempest.lib.common.rest_client [req-fa5ee7c4-0b0d-4db0-a78c-af4c548ab141 req-fa5ee7c4-0b0d-4db0-a78c-af4c548ab141 ] Request (KeyPairsV210TestJSON:tearDownClass): 204 DELETE http://10.180.1.21:9696/networking/v2.0/security-groups/0cc3602e-a7cd-46cf-8505-60329b0962e4 0.276s
2025-04-10 06:01:08.755 70413 INFO tempest.lib.common.rest_client [req-67467929-31e5-49e7-b50f-8a7f36a6eb48 req-67467929-31e5-49e7-b50f-8a7f36a6eb48 ] Request (FlavorsExtraSpecsTestJSON:tearDownClass): 204 DELETE http://10.180.1.21:9696/networking/v2.0/security-groups/71656a90-eb6f-40b1-93ba-19283ea52e55 0.449s
2025-04-10 06:01:08.771 70420 INFO tempest.lib.common.rest_client [req-546cde45-7264-4421-b39a-fc5c4a4ef977 req-546cde45-7264-4421-b39a-fc5c4a4ef977 ] Request (HypervisorAdminNegativeUnderV252Test:tearDownClass): 200 GET http://10.180.1.21:9696/networking/v2.0/security-groups?tenant_id=bdeea1162489471881895a9033c44141&name=default 0.355s
2025-04-10 06:01:08.792 70386 INFO tempest.lib.common.rest_client [req-f00e1f11-013e-4eff-b83a-ca720d6aa406 req-f00e1f11-013e-4eff-b83a-ca720d6aa406 ] Request (ServersAdminNegativeTestJSON:setUpClass): 200 GET http://10.180.1.21/compute/v2.1/servers/82801bc1-42eb-43e1-8d34-160f09f4d777 1.464s
2025-04-10 06:01:08.843 70410 INFO tempest.lib.common.rest_client [req-fc1add5b-7a99-48f2-abcc-e3599ed03fbc req-fc1add5b-7a99-48f2-abcc-e3599ed03fbc ] Request (InstanceUsageAuditLogNegativeTestJSON:tearDownClass): 204 DELETE http://10.180.1.21/identity/v3/projects/bb220e4c0d79424b9fcf4e0e28657bc9 0.128s
2025-04-10 06:01:08.843 70410 INFO tempest.lib.common.dynamic_creds [-] Deleting project and security group for project: c7472e5f528f4c0382b075a07173306f
2025-04-10 06:01:08.940 70388 INFO tempest.lib.common.rest_client [req-fa0c1f4e-e0c6-4011-800a-099e747f8e93 req-fa0c1f4e-e0c6-4011-800a-099e747f8e93 ] Request (KeyPairsV210TestJSON:tearDownClass): 204 DELETE http://10.180.1.21/identity/v3/projects/b09314cc4a7e40df9c7d8326164541fc 0.190s
2025-04-10 06:01:08.950 70406 INFO tempest.lib.common.rest_client [req-66b2db8a-edd6-45d7-8cc2-ac8d93e374cd req-66b2db8a-edd6-45d7-8cc2-ac8d93e374cd ] Request (AttachInterfacesTestJSON:test_create_list_show_delete_interfaces_by_fixed_ip): 202 POST http://10.180.1.21/compute/v2.1/servers 1.666s
2025-04-10 06:01:08.974 70420 INFO tempest.lib.common.rest_client [req-cdb51d16-980c-4a34-945d-f0519f8df809 req-cdb51d16-980c-4a34-945d-f0519f8df809 ] Request (HypervisorAdminNegativeUnderV252Test:tearDownClass): 204 DELETE http://10.180.1.21:9696/networking/v2.0/security-groups/e641e1ed-6b37-48d0-aa5f-d8a4fac49bf0 0.202s
2025-04-10 06:01:08.988 70414 INFO tempest.lib.common.rest_client [req-a7c3ec8c-90bf-45b4-8cf8-d15d5f982294 req-a7c3ec8c-90bf-45b4-8cf8-d15d5f982294 ] Request (FloatingIPsTestJSON:tearDownClass): 204 DELETE http://10.180.1.21/identity/v3/users/8bf8c8fc2cb54e498e8e00b61686c884 0.262s
2025-04-10 06:01:08.990 70414 INFO tempest.lib.common.dynamic_creds [-] Deleting project and security group for project: 0614752c121148ceaf91cb6f901c3e56
2025-04-10 06:01:09.015 70434 INFO tempest.lib.common.rest_client [req-60a7311c-e3f8-4c7f-8a55-7e8b5eabd632 req-60a7311c-e3f8-4c7f-8a55-7e8b5eabd632 ] Request (SecurityGroupRulesTestJSON:setUpClass): 201 POST http://10.180.1.21/identity/v3/auth/tokens 0.265s
2025-04-10 06:01:09.038 70398 INFO tempest.lib.common.rest_client [req-bace1851-0f75-448b-b532-447e45be570a req-bace1851-0f75-448b-b532-447e45be570a ] Request (InstanceActionsTestJSON:setUpClass): 201 POST http://10.180.1.21:9696/networking/v2.0/networks 0.609s
2025-04-10 06:01:09.040 70414 INFO tempest.lib.common.rest_client [req-4a1fc16b-12ee-426c-97d8-d522c2ff65bc req-4a1fc16b-12ee-426c-97d8-d522c2ff65bc ] Request (FloatingIPsTestJSON:tearDownClass): 200 GET http://10.180.1.21:9696/networking/v2.0/security-groups?tenant_id=0614752c121148ceaf91cb6f901c3e56&name=default 0.049s
2025-04-10 06:01:09.044 70388 INFO tempest.lib.common.rest_client [req-c9ea17e7-b4a2-43aa-9cf3-ebadb15b2f14 req-c9ea17e7-b4a2-43aa-9cf3-ebadb15b2f14 ] Request (ServerGroupTestJSON:setUpClass): 201 POST http://10.180.1.21/identity/v3/auth/tokens 0.102s
2025-04-10 06:01:09.083 70410 INFO tempest.lib.common.rest_client [req-9893412f-5ebd-4e9a-a148-7085bd95af14 req-9893412f-5ebd-4e9a-a148-7085bd95af14 ] Request (InstanceUsageAuditLogNegativeTestJSON:tearDownClass): 200 GET http://10.180.1.21:9696/networking/v2.0/security-groups?tenant_id=c7472e5f528f4c0382b075a07173306f&name=default 0.240s
2025-04-10 06:01:09.112 70420 INFO tempest.lib.common.rest_client [req-4de2ec31-8063-42ff-a561-58dbde9a82ea req-4de2ec31-8063-42ff-a561-58dbde9a82ea ] Request (HypervisorAdminNegativeUnderV252Test:tearDownClass): 204 DELETE http://10.180.1.21/identity/v3/projects/bdeea1162489471881895a9033c44141 0.138s
2025-04-10 06:01:09.112 70420 INFO tempest.lib.common.dynamic_creds [-] Deleting project and security group for project: cf4b6bfebbae4801b6d6d1adaa54993a
2025-04-10 06:01:09.116 70413 INFO tempest.lib.common.rest_client [req-8ffde405-a0c4-47d8-ae1d-f3575b765323 req-8ffde405-a0c4-47d8-ae1d-f3575b765323 ] Request (FlavorsExtraSpecsTestJSON:tearDownClass): 204 DELETE http://10.180.1.21/identity/v3/projects/fb5481e47dbf4cb8b795c277168681f5 0.360s
2025-04-10 06:01:09.125 70416 INFO tempest.lib.common.rest_client [req-734889fc-1618-4c1a-a74f-d664a96f0a79 req-734889fc-1618-4c1a-a74f-d664a96f0a79 ] Request (FloatingIPsAssociationNegativeTestJSON:setUpClass): 200 GET http://10.180.1.21/compute/v2.1/servers/5124e102-6811-46a0-a71a-a237ae4a6356 1.621s
2025-04-10 06:01:09.134 70416 INFO tempest.common.waiters [-] State transition "BUILD/spawning" ==> "ACTIVE/None" after 21 second wait
2025-04-10 06:01:09.165 70426 INFO tempest.lib.common.rest_client [req-b07c675c-49af-4261-b3e9-08f51b7983a2 req-b07c675c-49af-4261-b3e9-08f51b7983a2 ] Request (AggregatesAdminNegativeTestJSON:test_aggregate_create_with_existent_aggregate_name): 200 POST http://10.180.1.21/compute/v2.1/os-aggregates 1.617s
2025-04-10 06:01:09.172 70434 INFO tempest.lib.common.rest_client [req-2c33a0b8-2ccf-4631-90f0-8c3d5239f40b req-2c33a0b8-2ccf-4631-90f0-8c3d5239f40b ] Request (SecurityGroupRulesTestJSON:setUpClass): 201 POST http://10.180.1.21/identity/v3/auth/tokens 0.155s
2025-04-10 06:01:09.198 70388 INFO tempest.lib.common.rest_client [req-a6cea4f2-c389-4cf7-a31e-30c4b385751f req-a6cea4f2-c389-4cf7-a31e-30c4b385751f ] Request (ServerGroupTestJSON:setUpClass): 201 POST http://10.180.1.21/identity/v3/auth/tokens 0.150s
2025-04-10 06:01:09.215 70442 INFO tempest.lib.common.rest_client [req-91b71148-aa7b-4e45-a1d6-843cdbaf1722 req-91b71148-aa7b-4e45-a1d6-843cdbaf1722 ] Request (VolumesAssistedSnapshotsTest:test_volume_assisted_snapshot_create_delete): 201 POST http://10.180.1.21:9696/networking/v2.0/floatingips 1.492s
2025-04-10 06:01:09.225 70413 INFO tempest.lib.common.rest_client [req-d5add826-b2d4-4623-bf23-9b10c04a7abe req-d5add826-b2d4-4623-bf23-9b10c04a7abe ] Request (FlavorsExtraSpecsNegativeTestJSON:setUpClass): 201 POST http://10.180.1.21/identity/v3/auth/tokens 0.106s
2025-04-10 06:01:09.227 70420 INFO tempest.lib.common.rest_client [req-1f5a6b68-ca41-4c8b-96e0-1417c15b1cee req-1f5a6b68-ca41-4c8b-96e0-1417c15b1cee ] Request (HypervisorAdminNegativeUnderV252Test:tearDownClass): 200 GET http://10.180.1.21:9696/networking/v2.0/security-groups?tenant_id=cf4b6bfebbae4801b6d6d1adaa54993a&name=default 0.112s
2025-04-10 06:01:09.247 70434 INFO tempest.lib.common.rest_client [req-20bb9765-8155-4e76-82cd-31a249f7d10b req-20bb9765-8155-4e76-82cd-31a249f7d10b ] Request (SecurityGroupRulesTestJSON:setUpClass): 200 GET http://10.180.1.21/identity/v3/domains?name=Default 0.074s
2025-04-10 06:01:09.275 70388 INFO tempest.lib.common.rest_client [req-920d2d56-3795-484d-b851-a963f10415eb req-920d2d56-3795-484d-b851-a963f10415eb ] Request (ServerGroupTestJSON:setUpClass): 200 GET http://10.180.1.21/identity/v3/domains?name=Default 0.076s
2025-04-10 06:01:09.294 70444 INFO tempest.lib.common.rest_client [req-5dab128f-9e19-47ef-b26f-5a6ff672181b req-5dab128f-9e19-47ef-b26f-5a6ff672181b ] Request (QuotasAdminTestJSON:test_get_updated_quotas): 200 GET http://10.180.1.21/compute/v2.1/os-quota-sets/858103b130474ff69f0b526ad99646b6/detail 1.920s
2025-04-10 06:01:09.306 70413 INFO tempest.lib.common.rest_client [req-2cc1b370-1bb2-4153-82ef-b0b6d0f815a3 req-2cc1b370-1bb2-4153-82ef-b0b6d0f815a3 ] Request (FlavorsExtraSpecsNegativeTestJSON:setUpClass): 201 POST http://10.180.1.21/identity/v3/auth/tokens 0.074s
2025-04-10 06:01:09.321 70442 INFO tempest.lib.common.rest_client [req-f769a872-650e-4427-8df8-fe3d830129bd req-f769a872-650e-4427-8df8-fe3d830129bd ] Request (VolumesAssistedSnapshotsTest:test_volume_assisted_snapshot_create_delete): 201 POST http://10.180.1.21/identity/v3/auth/tokens 0.101s
2025-04-10 06:01:09.321 70442 INFO tempest.lib.common.fixed_network [-] (VolumesAssistedSnapshotsTest:test_volume_assisted_snapshot_create_delete) Found network {'id': '5bb3bcfb-a3b2-481c-8768-549530c8c46a', 'name': 'tempest-VolumesAssistedSnapshotsTest-1942856402-network', 'tenant_id': '727edc1957f844dca95e49c985e2996e', 'admin_state_up': True, 'mtu': 8950, 'status': 'ACTIVE', 'subnets': [], 'shared': False, 'project_id': '727edc1957f844dca95e49c985e2996e', 'port_security_enabled': True, 'router:external': False, 'provider:network_type': 'vlan', 'provider:physical_network': 'default', 'provider:segmentation_id': 615, 'availability_zone_hints': [], 'availability_zones': [], 'ipv4_address_scope': None, 'ipv6_address_scope': None, 'description': '', 'tags': [], 'created_at': '2025-04-10T06:00:42Z', 'updated_at': '2025-04-10T06:00:42Z', 'revision_number': 1} available for tenant
2025-04-10 06:01:09.338 70434 INFO tempest.lib.common.rest_client [req-40dc1445-09d3-4197-967b-a9a24eb8b3c6 req-40dc1445-09d3-4197-967b-a9a24eb8b3c6 ] Request (SecurityGroupRulesTestJSON:setUpClass): 201 POST http://10.180.1.21/identity/v3/projects 0.090s
2025-04-10 06:01:09.349 70388 INFO tempest.lib.common.rest_client [req-74faf0fb-27c3-4da6-8a57-34e77b47a7d8 req-74faf0fb-27c3-4da6-8a57-34e77b47a7d8 ] Request (ServerGroupTestJSON:setUpClass): 201 POST http://10.180.1.21/identity/v3/projects 0.072s
2025-04-10 06:01:09.399 70436 INFO tempest.lib.common.rest_client [req-51270ea5-c47e-425b-89e7-84fa59496fe3 req-51270ea5-c47e-425b-89e7-84fa59496fe3 ] Request (MigrationsAdminTest:test_list_migrations_in_flavor_resize_situation): 200 GET http://10.180.1.21/compute/v2.1/servers/506b1ae3-fc96-4c09-9e45-8fceeb80b492 1.783s
2025-04-10 06:01:09.401 70413 INFO tempest.lib.common.rest_client [req-07c77b11-0f5c-4392-bc47-405c4850af6f req-07c77b11-0f5c-4392-bc47-405c4850af6f ] Request (FlavorsExtraSpecsNegativeTestJSON:setUpClass): 200 GET http://10.180.1.21/identity/v3/domains?name=Default 0.094s
2025-04-10 06:01:09.428 70434 INFO tempest.lib.common.rest_client [req-6d0eb775-7b03-4a48-a294-4ee6aee096e9 req-6d0eb775-7b03-4a48-a294-4ee6aee096e9 ] Request (SecurityGroupRulesTestJSON:setUpClass): 201 POST http://10.180.1.21/identity/v3/users 0.089s
2025-04-10 06:01:09.432 70414 INFO tempest.lib.common.rest_client [req-7362f783-3e57-45c9-9c11-400183795edb req-7362f783-3e57-45c9-9c11-400183795edb ] Request (FloatingIPsTestJSON:tearDownClass): 204 DELETE http://10.180.1.21:9696/networking/v2.0/security-groups/87ac98c2-7234-4adb-967c-722d127c121e 0.392s
2025-04-10 06:01:09.436 70444 INFO tempest.lib.common.rest_client [req-b52623be-b852-4f74-a8f7-ab079f230de5 req-b52623be-b852-4f74-a8f7-ab079f230de5 ] Request (QuotasAdminTestJSON:test_get_updated_quotas): 200 GET http://10.180.1.21/identity/v3/domains?name=Default 0.131s
2025-04-10 06:01:09.450 70388 INFO tempest.lib.common.rest_client [req-05c3b40a-8012-4f62-8f77-4a4311cc9d61 req-05c3b40a-8012-4f62-8f77-4a4311cc9d61 ] Request (ServerGroupTestJSON:setUpClass): 201 POST http://10.180.1.21/identity/v3/users 0.101s
2025-04-10 06:01:09.468 70413 INFO tempest.lib.common.rest_client [req-414a8a49-0a07-4b2c-a313-e9974d54183b req-414a8a49-0a07-4b2c-a313-e9974d54183b ] Request (FlavorsExtraSpecsNegativeTestJSON:setUpClass): 201 POST http://10.180.1.21/identity/v3/projects 0.067s
2025-04-10 06:01:09.491 70410 INFO tempest.lib.common.rest_client [req-da8466ee-7fe5-4b41-b60c-d13f38133e3a req-da8466ee-7fe5-4b41-b60c-d13f38133e3a ] Request (InstanceUsageAuditLogNegativeTestJSON:tearDownClass): 204 DELETE http://10.180.1.21:9696/networking/v2.0/security-groups/bafe0f88-f854-4597-aa15-47739f639f95 0.407s
2025-04-10 06:01:09.516 70414 INFO tempest.lib.common.rest_client [req-b6348af4-3900-420b-9797-ff401ea72b45 req-b6348af4-3900-420b-9797-ff401ea72b45 ] Request (FloatingIPsTestJSON:tearDownClass): 204 DELETE http://10.180.1.21/identity/v3/projects/0614752c121148ceaf91cb6f901c3e56 0.083s
2025-04-10 06:01:09.575 70434 INFO tempest.lib.common.rest_client [req-b0516b75-5429-46e1-aabb-1d48be409f47 req-b0516b75-5429-46e1-aabb-1d48be409f47 ] Request (SecurityGroupRulesTestJSON:setUpClass): 200 GET http://10.180.1.21/identity/v3/roles 0.147s
2025-04-10 06:01:09.600 70444 INFO tempest.lib.common.rest_client [req-ec3f84cc-d10c-40f4-bd99-89c4ddf2201e req-ec3f84cc-d10c-40f4-bd99-89c4ddf2201e ] Request (QuotasAdminTestJSON:test_get_updated_quotas): 201 POST http://10.180.1.21/identity/v3/users 0.163s
2025-04-10 06:01:09.601 70388 INFO tempest.lib.common.rest_client [req-1d56656a-d236-41e4-87c2-81777c6e6ac0 req-1d56656a-d236-41e4-87c2-81777c6e6ac0 ] Request (ServerGroupTestJSON:setUpClass): 200 GET http://10.180.1.21/identity/v3/roles 0.150s
2025-04-10 06:01:09.621 70420 INFO tempest.lib.common.rest_client [req-3bdc5bf2-f596-4aa1-9e80-7511027a8374 req-3bdc5bf2-f596-4aa1-9e80-7511027a8374 ] Request (HypervisorAdminNegativeUnderV252Test:tearDownClass): 204 DELETE http://10.180.1.21:9696/networking/v2.0/security-groups/ac38e410-62eb-4223-a89f-4853908ebb08 0.394s
2025-04-10 06:01:09.629 70413 INFO tempest.lib.common.rest_client [req-162965e8-35a2-4774-ba11-01f1a7111d8d req-162965e8-35a2-4774-ba11-01f1a7111d8d ] Request (FlavorsExtraSpecsNegativeTestJSON:setUpClass): 201 POST http://10.180.1.21/identity/v3/users 0.160s
2025-04-10 06:01:09.679 70410 INFO tempest.lib.common.rest_client [req-504c0d43-1096-40fc-8725-531cb5fedb27 req-504c0d43-1096-40fc-8725-531cb5fedb27 ] Request (InstanceUsageAuditLogNegativeTestJSON:tearDownClass): 204 DELETE http://10.180.1.21/identity/v3/projects/c7472e5f528f4c0382b075a07173306f 0.187s
2025-04-10 06:01:09.695 70414 INFO tempest.lib.common.rest_client [req-b8c49dcb-fc53-4234-8da6-4761f57d5e47 req-b8c49dcb-fc53-4234-8da6-4761f57d5e47 ] Request (AttachInterfacesV270Test:setUpClass): 201 POST http://10.180.1.21/identity/v3/auth/tokens 0.177s
