2025-04-10 06:01:31.532 70424 INFO tempest.lib.common.dynamic_creds [-] Acquired dynamic creds: credentials: Credentials: {'domain_id': 'default', 'domain_name': 'Default', 'username': 'tempest-ServerAddressesTestJSON-1759525681-project-member', 'project_domain_id': 'default', 'project_domain_name': 'Default', 'project_id': 'b777f0485dff46229be479c56d1c24b8', 'project_name': 'tempest-ServerAddressesTestJSON-1759525681', 'tenant_id': 'b777f0485dff46229be479c56d1c24b8', 'tenant_name': 'tempest-ServerAddressesTestJSON-1759525681', 'user_domain_id': 'default', 'user_domain_name': 'Default', 'user_id': '2f230ac855bb45bdbfe0e272095190eb', 'system': None}, Network: None, Subnet: None, Router: None
2025-04-10 06:01:31.551 70404 INFO tempest.lib.common.rest_client [req-b76130a2-e1b5-4c2a-9d75-e1b806fce149 req-b76130a2-e1b5-4c2a-9d75-e1b806fce149 ] Request (FlavorsAdminTestJSON:_run_cleanups): 202 DELETE http://10.180.1.21/compute/v2.1/flavors/1433063185 1.715s
2025-04-10 06:01:31.569 70388 INFO tempest.lib.common.rest_client [req-01927242-cdf5-435c-87e1-d612814cc6a8 req-01927242-cdf5-435c-87e1-d612814cc6a8 ] Request (ServerGroupTestJSON:test_create_delete_multiple_server_groups_with_same_name_policy): 200 GET http://10.180.1.21/compute/v2.1/os-server-groups 1.701s
2025-04-10 06:01:31.598 70400 INFO tempest.lib.common.rest_client [req-5eeb30a0-fca9-4821-b591-ea716e5597a5 req-5eeb30a0-fca9-4821-b591-ea716e5597a5 ] Request (FlavorsAccessNegativeTestJSON:_run_cleanups): 200 GET http://10.180.1.21/compute/v2.1/flavors/detail 1.712s
2025-04-10 06:01:31.623 70424 INFO tempest.lib.common.rest_client [req-c369eec8-4cfc-431b-b876-bcebfd14801d req-c369eec8-4cfc-431b-b876-bcebfd14801d ] Request (ServerAddressesTestJSON:setUpClass): 201 POST http://10.180.1.21/identity/v3/auth/tokens 0.090s
2025-04-10 06:01:31.628 70408 INFO tempest.lib.common.rest_client [req-bb1089dc-c991-4a47-be8c-77d09c8d36c5 req-bb1089dc-c991-4a47-be8c-77d09c8d36c5 ] Request (QuotasAdminTestV236:test_get_updated_quotas): 200 GET http://10.180.1.21/compute/v2.1/os-quota-sets/8903d8086af14009a93e6a0ed5da0f5e?user_id=8a7cb92247944a76823fd0ed916cb7b4 1.835s
2025-04-10 06:01:31.685 70410 INFO tempest.lib.common.rest_client [req-9a1b4fc6-05ea-4405-8cbc-4e3815e9e32f req-9a1b4fc6-05ea-4405-8cbc-4e3815e9e32f ] Request (ListServersNegativeTestJSON:setUpClass): 200 GET http://10.180.1.21/compute/v2.1/servers/3e91912e-2579-4026-b994-0f78a07bf0a2 1.787s
2025-04-10 06:01:31.701 70438 INFO tempest.lib.common.rest_client [req-bd06786c-022e-45e1-b4ed-0cfe6018bb34 req-bd06786c-022e-45e1-b4ed-0cfe6018bb34 ] Request (ServerMetadataNegativeTestJSON:test_metadata_items_limit): 403 POST http://10.180.1.21/compute/v2.1/servers/f2473b2c-be7c-42a9-ac0a-6f5d85d8a4c6/metadata 1.733s
2025-04-10 06:01:31.736 70408 INFO tempest.lib.common.rest_client [req-1713d618-09c0-4802-b1a2-015fff4b3e6c req-1713d618-09c0-4802-b1a2-015fff4b3e6c ] Request (QuotasAdminTestV236:_run_cleanups): 204 DELETE http://10.180.1.21/identity/v3/users/8a7cb92247944a76823fd0ed916cb7b4 0.106s
2025-04-10 06:01:31.752 70400 INFO tempest.lib.common.rest_client [req-b95578fc-d708-4403-8aaa-ee6dc035d8c4 req-b95578fc-d708-4403-8aaa-ee6dc035d8c4 ] Request (FlavorsAccessNegativeTestJSON:tearDownClass): 204 DELETE http://10.180.1.21/identity/v3/users/59e0a2da86664a4d8bea85093b71b275 0.144s
2025-04-10 06:01:31.769 70402 INFO tempest.lib.common.rest_client [req-3b1a3758-6f45-41c0-b261-87d439b44bc1 req-3b1a3758-6f45-41c0-b261-87d439b44bc1 ] Request (ServerDiagnosticsTest:tearDownClass): 200 GET http://10.180.1.21/compute/v2.1/servers/4c38beb9-7705-4515-b020-ace48f9ab324 1.756s
2025-04-10 06:01:31.802 70426 INFO tempest.lib.common.rest_client [req-a0ed964c-b71d-4bb6-a756-b217bf55bb0a req-a0ed964c-b71d-4bb6-a756-b217bf55bb0a ] Request (AggregatesAdminNegativeTestJSON:test_aggregate_list_as_user): 403 GET http://10.180.1.21/compute/v2.1/os-aggregates 1.554s
2025-04-10 06:01:31.806 70446 INFO tempest.lib.common.rest_client [req-4e6a020d-7276-44f7-97fb-f2f89995409b req-4e6a020d-7276-44f7-97fb-f2f89995409b ] Request (ServersAaction247Test:test_create_backup): 200 GET http://10.180.1.21/compute/v2.1/servers/19fabf54-73cd-4544-9913-b89f7c3339a5 1.595s
2025-04-10 06:01:31.814 70416 INFO tempest.lib.common.rest_client [req-8a6b89f0-a9f2-4635-ad37-808d68c34a07 req-8a6b89f0-a9f2-4635-ad37-808d68c34a07 ] Request (FloatingIPsAssociationNegativeTestJSON:test_associate_ip_to_server_without_passing_floating_ip): 400 POST http://10.180.1.21/compute/v2.1/servers/5124e102-6811-46a0-a71a-a237ae4a6356/action 1.556s
2025-04-10 06:01:31.814 70438 INFO tempest.lib.common.rest_client [req-56b3c169-2c48-4adc-b0bb-606475893d67 req-56b3c169-2c48-4adc-b0bb-606475893d67 ] Request (ServerMetadataNegativeTestJSON:test_server_create_metadata_key_too_long): 201 POST http://10.180.1.21/identity/v3/auth/tokens 0.107s
2025-04-10 06:01:31.815 70438 INFO tempest.lib.common.fixed_network [-] (ServerMetadataNegativeTestJSON:test_server_create_metadata_key_too_long) Found network {'id': 'ee920f14-f33b-4466-b222-196d19455ca5', 'name': 'tempest-ServerMetadataNegativeTestJSON-2104973517-network', 'tenant_id': '07ca2fc3b86d4000bcc7860e14af4060', 'admin_state_up': True, 'mtu': 8950, 'status': 'ACTIVE', 'subnets': [], 'shared': False, 'project_id': '07ca2fc3b86d4000bcc7860e14af4060', 'port_security_enabled': True, 'router:external': False, 'provider:network_type': 'vlan', 'provider:physical_network': 'default', 'provider:segmentation_id': 505, 'availability_zone_hints': [], 'availability_zones': [], 'ipv4_address_scope': None, 'ipv6_address_scope': None, 'description': '', 'tags': [], 'created_at': '2025-04-10T06:00:48Z', 'updated_at': '2025-04-10T06:00:49Z', 'revision_number': 1} available for tenant
2025-04-10 06:01:31.844 70440 INFO tempest.lib.common.rest_client [req-e49d8b78-d8e6-421f-815c-4085a29cb29d req-e49d8b78-d8e6-421f-815c-4085a29cb29d ] Request (InstanceActionsV221TestJSON:setUpClass): 200 PUT http://10.180.1.21:9696/networking/v2.0/routers/b9d87ec9-c71e-4859-ba20-13dd83e9d029/add_router_interface 2.644s
2025-04-10 06:01:31.844 70440 INFO tempest.lib.common.dynamic_creds [-] Created isolated network resources for: credentials: Credentials: {'domain_id': 'default', 'domain_name': 'Default', 'username': 'tempest-InstanceActionsV221TestJSON-1089158465-project-member', 'project_domain_id': 'default', 'project_domain_name': 'Default', 'project_id': 'aa6f1fe7c7ab42b7b3020e4139790c00', 'project_name': 'tempest-InstanceActionsV221TestJSON-1089158465', 'tenant_id': 'aa6f1fe7c7ab42b7b3020e4139790c00', 'tenant_name': 'tempest-InstanceActionsV221TestJSON-1089158465', 'user_domain_id': 'default', 'user_domain_name': 'Default', 'user_id': 'bd1d9ca00c4e4d61a7289ede5f015de8', 'system': None}, Network: {'id': 'd160fe23-ca30-4c44-a7a1-2c543e1aeeb8', 'name': 'tempest-InstanceActionsV221TestJSON-1705366192-network', 'tenant_id': 'aa6f1fe7c7ab42b7b3020e4139790c00', 'admin_state_up': True, 'mtu': 8950, 'status': 'ACTIVE', 'subnets': [], 'shared': False, 'project_id': 'aa6f1fe7c7ab42b7b3020e4139790c00', 'port_security_enabled': True, 'router:external': False, 'provider:network_type': 'vlan', 'provider:physical_network': 'default', 'provider:segmentation_id': 157, 'availability_zone_hints': [], 'availability_zones': [], 'ipv4_address_scope': None, 'ipv6_address_scope': None, 'description': '', 'tags': [], 'created_at': '2025-04-10T06:01:27Z', 'updated_at': '2025-04-10T06:01:27Z', 'revision_number': 1}, Subnet: {'id': '0fcbcd7c-d366-469d-b46c-84b25a1dc8eb', 'name': 'tempest-InstanceActionsV221TestJSON-1705366192-subnet', 'tenant_id': 'aa6f1fe7c7ab42b7b3020e4139790c00', 'network_id': 'd160fe23-ca30-4c44-a7a1-2c543e1aeeb8', 'ip_version': 4, 'subnetpool_id': None, 'enable_dhcp': True, 'ipv6_ra_mode': None, 'ipv6_address_mode': None, 'gateway_ip': '192.168.128.1', 'cidr': '192.168.128.0/28', 'allocation_pools': [{'start': '192.168.128.2', 'end': '192.168.128.14'}], 'host_routes': [], 'dns_nameservers': [], 'description': '', 'router:external': False, 'service_types': [], 'tags': [], 'created_at': '2025-04-10T06:01:27Z', 'updated_at': '2025-04-10T06:01:27Z', 'revision_number': 0, 'project_id': 'aa6f1fe7c7ab42b7b3020e4139790c00'}, Router: {'id': 'b9d87ec9-c71e-4859-ba20-13dd83e9d029', 'name': 'tempest-InstanceActionsV221TestJSON-1705366192-router', 'tenant_id': 'aa6f1fe7c7ab42b7b3020e4139790c00', 'admin_state_up': True, 'status': 'ACTIVE', 'external_gateway_info': {'network_id': '7252e10f-30a4-47ea-b0e1-15858f289aec', 'external_fixed_ips': [{'subnet_id': '03954cc0-cb98-4f2d-88e9-406ca6d2a60f', 'ip_address': '10.180.180.248'}], 'enable_snat': True}, 'description': '', 'availability_zones': [], 'distributed': False, 'ha': False, 'availability_zone_hints': [], 'routes': [], 'flavor_id': None, 'tags': [], 'created_at': '2025-04-10T06:01:28Z', 'updated_at': '2025-04-10T06:01:28Z', 'revision_number': 2, 'project_id': 'aa6f1fe7c7ab42b7b3020e4139790c00'}
2025-04-10 06:01:31.890 70420 INFO tempest.lib.common.rest_client [req-e588546b-51fa-4ae8-9235-14b274903679 req-e588546b-51fa-4ae8-9235-14b274903679 ] Request (ServerExternalEventsTest:test_create_server_external_events): 200 GET http://10.180.1.21/compute/v2.1/servers/b5d44093-2bb4-4f6d-a774-2db3d2f91f47 1.615s
2025-04-10 06:01:31.921 70444 INFO tempest.lib.common.rest_client [req-711160aa-ade7-457b-afa5-1872fbdc8fa2 req-711160aa-ade7-457b-afa5-1872fbdc8fa2 ] Request (FloatingIPsNegativeTestJSON:test_allocate_floating_ip_from_nonexistent_pool): 404 POST http://10.180.1.21/compute/v2.1/os-floating-ips 1.422s
2025-04-10 06:01:31.966 70408 INFO tempest.lib.common.rest_client [req-e12c9465-1e26-4f1b-ae86-be7e22262b00 req-e12c9465-1e26-4f1b-ae86-be7e22262b00 ] Request (QuotasAdminTestV236:_run_cleanups): 204 DELETE http://10.180.1.21/identity/v3/projects/8903d8086af14009a93e6a0ed5da0f5e 0.229s
2025-04-10 06:01:31.970 70400 INFO tempest.lib.common.rest_client [req-f74691d2-1158-4c7e-a42e-ec1b7d65823a req-f74691d2-1158-4c7e-a42e-ec1b7d65823a ] Request (FlavorsAccessNegativeTestJSON:tearDownClass): 204 DELETE http://10.180.1.21/identity/v3/users/ea37aa209d5f4f0d8bd8af19587742f5 0.218s
2025-04-10 06:01:31.985 70428 INFO tempest.lib.common.rest_client [req-50af23a7-72db-43c9-9e81-218541011bb0 req-50af23a7-72db-43c9-9e81-218541011bb0 ] Request (ServersWithSpecificFlavorTestJSON:test_verify_created_server_ephemeral_disk): 200 GET http://10.180.1.21/compute/v2.1/servers/59b174de-0389-440b-8cd3-ba3b11f7fd12 1.669s
2025-04-10 06:01:32.033 70414 INFO tempest.lib.common.rest_client [req-998f8a4e-1f09-46f0-be97-d823086825f9 req-998f8a4e-1f09-46f0-be97-d823086825f9 ] Request (AttachInterfacesV270Test:test_create_get_list_interfaces): 200 GET http://10.180.1.21/compute/v2.1/servers/9b2b6fab-c836-4c5d-83a1-cf114fd908b7 1.325s
2025-04-10 06:01:32.063 70440 INFO tempest.lib.common.rest_client [req-697fb5c4-14f6-4876-9cde-60b8c5ffbfb4 req-697fb5c4-14f6-4876-9cde-60b8c5ffbfb4 ] Request (InstanceActionsV221TestJSON:setUpClass): 201 POST http://10.180.1.21/identity/v3/auth/tokens 0.210s
2025-04-10 06:01:32.089 70398 INFO tempest.lib.common.rest_client [req-f9b4d6ac-927a-48fc-a67c-89fdf2e1d6c3 req-f9b4d6ac-927a-48fc-a67c-89fdf2e1d6c3 ] Request (InstanceActionsTestJSON:setUpClass): 200 GET http://10.180.1.21/compute/v2.1/servers/8e973be7-c31b-4a66-8d0d-d4e7a51b580f 1.301s
2025-04-10 06:01:32.101 70398 INFO tempest.common.waiters [-] State transition "BUILD/None" ==> "BUILD/networking" after 11 second wait
2025-04-10 06:01:32.147 70408 INFO tempest.lib.common.rest_client [req-0ac14c8e-50b9-4cba-a549-a673116715c5 req-0ac14c8e-50b9-4cba-a549-a673116715c5 ] Request (QuotasAdminTestV236:tearDownClass): 204 DELETE http://10.180.1.21/identity/v3/users/c97bdad0620b47f7bcedc0869bd6f43b 0.180s
2025-04-10 06:01:32.158 70386 INFO tempest.lib.common.rest_client [req-cfc06114-3ba3-40d2-8236-31becab8c262 req-cfc06114-3ba3-40d2-8236-31becab8c262 ] Request (ServersAdminNegativeTestJSON:test_migrate_server_invalid_state): 200 GET http://10.180.1.21/compute/v2.1/servers/080eca8e-17a7-440b-9077-aaf2e6db062f 0.894s
2025-04-10 06:01:32.169 70400 INFO tempest.lib.common.rest_client [req-bb4372f1-bd0a-41c9-aeed-b0c45de1ba1e req-bb4372f1-bd0a-41c9-aeed-b0c45de1ba1e ] Request (FlavorsAccessNegativeTestJSON:tearDownClass): 204 DELETE http://10.180.1.21/identity/v3/users/e71267fac7824687ad1fb516c1933534 0.198s
2025-04-10 06:01:32.169 70400 INFO tempest.lib.common.dynamic_creds [-] Deleting project and security group for project: 7c21ee9d6711456ea79aa78f311b6a35
2025-04-10 06:01:32.211 70440 INFO tempest.lib.common.rest_client [req-5bcce272-8a56-4973-adbf-c2e8fc38e12c req-5bcce272-8a56-4973-adbf-c2e8fc38e12c ] Request (InstanceActionsV221TestJSON:test_get_list_deleted_instance_actions): 201 POST http://10.180.1.21/identity/v3/auth/tokens 0.141s
2025-04-10 06:01:32.212 70440 INFO tempest.lib.common.fixed_network [-] (InstanceActionsV221TestJSON:test_get_list_deleted_instance_actions) Found network {'id': 'd160fe23-ca30-4c44-a7a1-2c543e1aeeb8', 'name': 'tempest-InstanceActionsV221TestJSON-1705366192-network', 'tenant_id': 'aa6f1fe7c7ab42b7b3020e4139790c00', 'admin_state_up': True, 'mtu': 8950, 'status': 'ACTIVE', 'subnets': [], 'shared': False, 'project_id': 'aa6f1fe7c7ab42b7b3020e4139790c00', 'port_security_enabled': True, 'router:external': False, 'provider:network_type': 'vlan', 'provider:physical_network': 'default', 'provider:segmentation_id': 157, 'availability_zone_hints': [], 'availability_zones': [], 'ipv4_address_scope': None, 'ipv6_address_scope': None, 'description': '', 'tags': [], 'created_at': '2025-04-10T06:01:27Z', 'updated_at': '2025-04-10T06:01:27Z', 'revision_number': 1} available for tenant
2025-04-10 06:01:32.232 70392 INFO tempest.lib.common.rest_client [req-b880760b-3248-4f75-b2ce-a30496e1bf97 req-b880760b-3248-4f75-b2ce-a30496e1bf97 ] Request (ServerDiskConfigTestJSON:test_rebuild_server_with_auto_disk_config): 200 GET http://10.180.1.21/compute/v2.1/servers/0a2bc9c4-5335-495e-8f4b-7796eb7a74c7 0.881s
2025-04-10 06:01:32.240 70400 INFO tempest.lib.common.rest_client [req-201fa82d-eafb-4c51-8749-768365ed340d req-201fa82d-eafb-4c51-8749-768365ed340d ] Request (FlavorsAccessNegativeTestJSON:tearDownClass): 201 POST http://10.180.1.21/identity/v3/auth/tokens 0.070s
2025-04-10 06:01:32.265 70390 INFO tempest.lib.common.rest_client [req-2108eeee-4ea1-4aea-8623-8539f9de609b req-2108eeee-4ea1-4aea-8623-8539f9de609b ] Request (ServerGroup264TestJSON:tearDownClass): 200 PUT http://10.180.1.21:9696/networking/v2.0/routers/868f7c03-082d-48e0-9878-baa554d851dc/remove_router_interface 2.372s
2025-04-10 06:01:32.287 70408 INFO tempest.lib.common.rest_client [req-0a364353-ddd3-48e1-ad8f-aa2e0cb39142 req-0a364353-ddd3-48e1-ad8f-aa2e0cb39142 ] Request (QuotasAdminTestV236:tearDownClass): 204 DELETE http://10.180.1.21/identity/v3/users/ee799bf5b18f4029af39053a0b30ca94 0.138s
2025-04-10 06:01:32.287 70408 INFO tempest.lib.common.dynamic_creds [-] Deleting project and security group for project: 03247889d5244f17b65e4193889c5a22
2025-04-10 06:01:32.302 70436 INFO tempest.lib.common.rest_client [req-6caf0880-160a-4223-9fb7-64a039a0d41d req-6caf0880-160a-4223-9fb7-64a039a0d41d ] Request (MigrationsAdminTest:test_list_migrations_in_flavor_resize_situation): 200 GET http://10.180.1.21/compute/v2.1/servers/506b1ae3-fc96-4c09-9e45-8fceeb80b492 1.054s
2025-04-10 06:01:32.316 70396 INFO tempest.lib.common.rest_client [req-8cf1956b-fb3c-4393-8649-7a800431d076 req-8cf1956b-fb3c-4393-8649-7a800431d076 ] Request (DeleteServersAdminTestJSON:test_delete_server_while_in_error_state): 200 GET http://10.180.1.21/compute/v2.1/servers/5fdba60e-db04-441c-bc59-005f598cf826 0.894s
2025-04-10 06:01:32.356 70408 INFO tempest.lib.common.rest_client [req-644c4b3f-f32b-4aa3-aea5-f5964ca441f2 req-644c4b3f-f32b-4aa3-aea5-f5964ca441f2 ] Request (QuotasAdminTestV236:tearDownClass): 201 POST http://10.180.1.21/identity/v3/auth/tokens 0.068s
2025-04-10 06:01:32.438 70424 INFO tempest.lib.common.rest_client [req-8f7664ec-34f2-405a-9a83-440bb2ef8956 req-8f7664ec-34f2-405a-9a83-440bb2ef8956 ] Request (ServerAddressesTestJSON:setUpClass): 201 POST http://10.180.1.21:9696/networking/v2.0/networks 0.815s
2025-04-10 06:01:32.659 70400 INFO tempest.lib.common.rest_client [req-e525f9ac-e4b1-47f3-a98b-dba162aa3899 req-e525f9ac-e4b1-47f3-a98b-dba162aa3899 ] Request (FlavorsAccessNegativeTestJSON:tearDownClass): 200 GET http://10.180.1.21:9696/networking/v2.0/security-groups?tenant_id=7c21ee9d6711456ea79aa78f311b6a35&name=default 0.418s
2025-04-10 06:01:32.725 70434 INFO tempest.lib.common.rest_client [req-9874fb91-6a1a-4ab2-89c6-fc025417958f req-9874fb91-6a1a-4ab2-89c6-fc025417958f ] Request (SecurityGroupRulesTestJSON:test_security_group_rules_create_with_optional_group_id): 200 POST http://10.180.1.21/compute/v2.1/os-security-group-rules 1.206s
2025-04-10 06:01:32.731 70413 INFO tempest.lib.common.rest_client [req-841ea990-0f97-4c0b-85f5-0b03f3c3b346 req-841ea990-0f97-4c0b-85f5-0b03f3c3b346 ] Request (FlavorsExtraSpecsNegativeTestJSON:test_flavor_update_more_key): 400 PUT http://10.180.1.21/compute/v2.1/flavors/1048120549/os-extra_specs/hw:numa_nodes 1.208s
2025-04-10 06:01:32.742 70418 INFO tempest.lib.common.rest_client [req-c0c38c9f-7169-4921-a9d9-0aa6854f440d req-c0c38c9f-7169-4921-a9d9-0aa6854f440d ] Request (ServerRescueTestJSON:setUpClass): 200 GET http://10.180.1.21/compute/v2.1/servers/b66731cf-6f94-4c15-83e0-e4144b20566a 1.316s
2025-04-10 06:01:32.750 70418 INFO tempest.common.waiters [-] State transition "BUILD/spawning" ==> "ACTIVE/None" after 26 second wait
2025-04-10 06:01:32.766 70404 INFO tempest.lib.common.rest_client [req-84df1160-a0e4-412e-b84e-1184710d4674 req-84df1160-a0e4-412e-b84e-1184710d4674 ] Request (FlavorsAdminTestJSON:_run_cleanups): 200 GET http://10.180.1.21/compute/v2.1/flavors/detail 1.214s
2025-04-10 06:01:32.815 70388 INFO tempest.lib.common.rest_client [req-98ed0c70-6088-43db-af90-041735726b36 req-98ed0c70-6088-43db-af90-041735726b36 ] Request (ServerGroupTestJSON:test_create_delete_server_group_with_affinity_policy): 200 POST http://10.180.1.21/compute/v2.1/os-server-groups 1.243s
2025-04-10 06:01:32.843 70400 INFO tempest.lib.common.rest_client [req-8738c5c6-3624-4dbe-9257-a2613f656db8 req-8738c5c6-3624-4dbe-9257-a2613f656db8 ] Request (FlavorsAccessNegativeTestJSON:tearDownClass): 204 DELETE http://10.180.1.21:9696/networking/v2.0/security-groups/de860bf0-b618-40b8-8d71-80d7fe58dab3 0.183s
2025-04-10 06:01:32.848 70426 INFO tempest.lib.common.rest_client [req-32b43004-87cf-44d3-ae67-dde1da5132e9 req-32b43004-87cf-44d3-ae67-dde1da5132e9 ] Request (AggregatesAdminNegativeTestJSON:test_aggregate_remove_host_as_user): 200 POST http://10.180.1.21/compute/v2.1/os-aggregates 1.044s
2025-04-10 06:01:32.858 70438 INFO tempest.lib.common.rest_client [req-68e4e726-9f92-4053-bb93-321b3548e7c1 req-68e4e726-9f92-4053-bb93-321b3548e7c1 ] Request (ServerMetadataNegativeTestJSON:test_server_create_metadata_key_too_long): 400 POST http://10.180.1.21/compute/v2.1/servers 1.042s
2025-04-10 06:01:32.911 70408 INFO tempest.lib.common.rest_client [req-dece6ae2-199d-4e00-b5bb-651016be7673 req-dece6ae2-199d-4e00-b5bb-651016be7673 ] Request (QuotasAdminTestV236:tearDownClass): 200 GET http://10.180.1.21:9696/networking/v2.0/security-groups?tenant_id=03247889d5244f17b65e4193889c5a22&name=default 0.554s
2025-04-10 06:01:32.930 70406 INFO tempest.lib.common.rest_client [req-875aade6-9908-47b0-84f5-10e3ef273521 req-875aade6-9908-47b0-84f5-10e3ef273521 ] Request (AttachInterfacesTestJSON:test_create_list_show_delete_interfaces_by_fixed_ip): 200 GET http://10.180.1.21/compute/v2.1/servers/cd455839-d8b8-469a-9f5a-ff427fb90807 1.282s
2025-04-10 06:01:32.939 70400 INFO tempest.lib.common.rest_client [req-2e517bda-7ed1-49b0-9647-8bfb40e1293e req-2e517bda-7ed1-49b0-9647-8bfb40e1293e ] Request (FlavorsAccessNegativeTestJSON:tearDownClass): 204 DELETE http://10.180.1.21/identity/v3/projects/7c21ee9d6711456ea79aa78f311b6a35 0.096s
2025-04-10 06:01:32.940 70400 INFO tempest.lib.common.dynamic_creds [-] Deleting project and security group for project: 6388781dd76240c59fabaefba04a8117
2025-04-10 06:01:32.943 70438 INFO tempest.lib.common.rest_client [req-ce0a9345-bc6c-4d53-a94b-ec7ae20302a5 req-ce0a9345-bc6c-4d53-a94b-ec7ae20302a5 ] Request (ServerMetadataNegativeTestJSON:test_server_create_metadata_key_too_long): 201 POST http://10.180.1.21/identity/v3/auth/tokens 0.080s
2025-04-10 06:01:32.943 70438 INFO tempest.lib.common.fixed_network [-] (ServerMetadataNegativeTestJSON:test_server_create_metadata_key_too_long) Found network {'id': 'ee920f14-f33b-4466-b222-196d19455ca5', 'name': 'tempest-ServerMetadataNegativeTestJSON-2104973517-network', 'tenant_id': '07ca2fc3b86d4000bcc7860e14af4060', 'admin_state_up': True, 'mtu': 8950, 'status': 'ACTIVE', 'subnets': [], 'shared': False, 'project_id': '07ca2fc3b86d4000bcc7860e14af4060', 'port_security_enabled': True, 'router:external': False, 'provider:network_type': 'vlan', 'provider:physical_network': 'default', 'provider:segmentation_id': 505, 'availability_zone_hints': [], 'availability_zones': [], 'ipv4_address_scope': None, 'ipv6_address_scope': None, 'description': '', 'tags': [], 'created_at': '2025-04-10T06:00:48Z', 'updated_at': '2025-04-10T06:00:49Z', 'revision_number': 1} available for tenant
2025-04-10 06:01:33.137 70390 INFO tempest.lib.common.rest_client [req-eeb058c7-b539-4de1-be7b-bbb55bbb2a4b req-eeb058c7-b539-4de1-be7b-bbb55bbb2a4b ] Request (ServerGroup264TestJSON:tearDownClass): 204 DELETE http://10.180.1.21:9696/networking/v2.0/routers/868f7c03-082d-48e0-9878-baa554d851dc 0.871s
2025-04-10 06:01:33.152 70442 INFO tempest.lib.common.rest_client [req-16337cc7-e8ad-46ca-8e76-e872bd26ab29 req-16337cc7-e8ad-46ca-8e76-e872bd26ab29 ] Request (VolumesAssistedSnapshotsTest:test_volume_assisted_snapshot_create_delete): 200 GET http://10.180.1.21/compute/v2.1/servers/70afd0e3-0624-4d8a-8edb-b130d6e8c548 1.312s
2025-04-10 06:01:33.165 70416 INFO tempest.lib.common.rest_client [req-2758a18d-3786-498f-9860-4a4333fcde8e req-2758a18d-3786-498f-9860-4a4333fcde8e ] Request (FloatingIPsAssociationNegativeTestJSON:test_associate_nonexistent_floating_ip): 404 POST http://10.180.1.21/compute/v2.1/servers/5124e102-6811-46a0-a71a-a237ae4a6356/action 1.349s
2025-04-10 06:01:33.198 70408 INFO tempest.lib.common.rest_client [req-4f6c3f6e-5e38-4967-9ffe-1a5e7cf056d1 req-4f6c3f6e-5e38-4967-9ffe-1a5e7cf056d1 ] Request (QuotasAdminTestV236:tearDownClass): 204 DELETE http://10.180.1.21:9696/networking/v2.0/security-groups/295f7cb6-2048-490e-a2e5-1a9e024e36d5 0.286s
2025-04-10 06:01:33.222 70444 INFO tempest.lib.common.rest_client [req-eab54a64-e070-42fc-bdc8-22e0da5f38f9 req-eab54a64-e070-42fc-bdc8-22e0da5f38f9 ] Request (FloatingIPsNegativeTestJSON:test_delete_nonexistent_floating_ip): 404 DELETE http://10.180.1.21/compute/v2.1/os-floating-ips/2edb6e20-a68d-41e7-bf0e-20aa3a382073 1.299s
2025-04-10 06:01:33.244 70430 INFO tempest.lib.common.rest_client [req-0d188ffe-1f23-41d6-9411-66deec68a204 req-0d188ffe-1f23-41d6-9411-66deec68a204 ] Request (ServersAdminTestJSON:test_create_server_with_scheduling_hint): 200 GET http://10.180.1.21/compute/v2.1/servers/011f3a11-47dc-4297-95e1-542e1a0227c1 1.334s
2025-04-10 06:01:33.259 70400 INFO tempest.lib.common.rest_client [req-ae411927-8f8f-4174-8457-667fb5d44934 req-ae411927-8f8f-4174-8457-667fb5d44934 ] Request (FlavorsAccessNegativeTestJSON:tearDownClass): 200 GET http://10.180.1.21:9696/networking/v2.0/security-groups?tenant_id=6388781dd76240c59fabaefba04a8117&name=default 0.318s
2025-04-10 06:01:33.259 70430 INFO tempest.common.waiters [-] State transition "BUILD/scheduling" ==> "BUILD/None" after 5 second wait
2025-04-10 06:01:33.322 70408 INFO tempest.lib.common.rest_client [req-3f32e959-61ac-45fe-a381-761bd2bd8902 req-3f32e959-61ac-45fe-a381-761bd2bd8902 ] Request (QuotasAdminTestV236:tearDownClass): 204 DELETE http://10.180.1.21/identity/v3/projects/03247889d5244f17b65e4193889c5a22 0.124s
2025-04-10 06:01:33.323 70408 INFO tempest.lib.common.dynamic_creds [-] Deleting project and security group for project: 072cb4791b804c39ab2b81e20dc142df
2025-04-10 06:01:33.362 70390 INFO tempest.lib.common.rest_client [req-0f138f8e-1c2e-48e3-9c57-6dd0a641dc0a req-0f138f8e-1c2e-48e3-9c57-6dd0a641dc0a ] Request (ServerGroup264TestJSON:tearDownClass): 204 DELETE http://10.180.1.21:9696/networking/v2.0/subnets/a5022665-8bb3-44ca-adec-444ac1094201 0.223s
2025-04-10 06:01:33.407 70424 INFO tempest.lib.common.rest_client [req-70d2e83a-999a-47a6-a565-cbd644472a67 req-70d2e83a-999a-47a6-a565-cbd644472a67 ] Request (ServerAddressesTestJSON:setUpClass): 201 POST http://10.180.1.21:9696/networking/v2.0/subnets 0.968s
2025-04-10 06:01:33.477 70400 INFO tempest.lib.common.rest_client [req-08ed9643-e3c2-4c4f-89ca-ccbe5593a877 req-08ed9643-e3c2-4c4f-89ca-ccbe5593a877 ] Request (FlavorsAccessNegativeTestJSON:tearDownClass): 204 DELETE http://10.180.1.21:9696/networking/v2.0/security-groups/51f4a349-d05b-415e-9abe-a043d09095b1 0.218s
2025-04-10 06:01:33.541 70422 INFO tempest.lib.common.rest_client [req-c746d44e-f257-4f8f-8d2b-8366de215e08 req-c746d44e-f257-4f8f-8d2b-8366de215e08 ] Request (ServersTestJSON:setUpClass): 200 GET http://10.180.1.21/compute/v2.1/servers/b31c1806-9771-440b-830a-529ef3cdaaea 1.494s
2025-04-10 06:01:33.549 70422 INFO tempest.common.waiters [-] State transition "BUILD/spawning" ==> "ACTIVE/None" after 27 second wait
2025-04-10 06:01:33.583 70394 INFO tempest.lib.common.rest_client [req-abd84aaf-cf99-4f76-9657-58a00702d92f req-abd84aaf-cf99-4f76-9657-58a00702d92f ] Request (ImagesTestJSON:test_create_image_from_stopped_server): 200 GET http://10.180.1.21/compute/v2.1/images/e3a85752-c899-400b-9db2-a8de552d9efa 1.278s
2025-04-10 06:01:33.664 70400 INFO tempest.lib.common.rest_client [req-e1286dfb-2b99-4495-a880-50d82faa5175 req-e1286dfb-2b99-4495-a880-50d82faa5175 ] Request (FlavorsAccessNegativeTestJSON:tearDownClass): 204 DELETE http://10.180.1.21/identity/v3/projects/6388781dd76240c59fabaefba04a8117 0.186s
2025-04-10 06:01:33.664 70400 INFO tempest.lib.common.dynamic_creds [-] Deleting project and security group for project: b748fed0dd924778b684abbdb9d54a58
2025-04-10 06:01:33.682 70448 INFO tempest.lib.common.rest_client [req-ce62edda-e8b5-4879-81fa-ca1bde26d9e4 req-ce62edda-e8b5-4879-81fa-ca1bde26d9e4 ] Request (TenantUsagesTestJSON:setUpClass): 200 GET http://10.180.1.21/compute/v2.1/servers/e7a52d5f-92a6-4363-94ef-4dec1466164b 1.299s
2025-04-10 06:01:33.789 70410 INFO tempest.lib.common.rest_client [req-8179436e-25a6-4ff6-9443-512f1b58e0e1 req-8179436e-25a6-4ff6-9443-512f1b58e0e1 ] Request (ListServersNegativeTestJSON:setUpClass): 200 GET http://10.180.1.21/compute/v2.1/servers/3e91912e-2579-4026-b994-0f78a07bf0a2 1.091s
2025-04-10 06:01:33.865 70408 INFO tempest.lib.common.rest_client [req-2e9743be-0a37-4e5f-8de3-2d497e1f9a5c req-2e9743be-0a37-4e5f-8de3-2d497e1f9a5c ] Request (QuotasAdminTestV236:tearDownClass): 200 GET http://10.180.1.21:9696/networking/v2.0/security-groups?tenant_id=072cb4791b804c39ab2b81e20dc142df&name=default 0.542s
2025-04-10 06:01:34.030 70390 INFO tempest.lib.common.rest_client [req-1b38369a-c2e1-441c-b356-19ad3685c320 req-1b38369a-c2e1-441c-b356-19ad3685c320 ] Request (ServerGroup264TestJSON:tearDownClass): 204 DELETE http://10.180.1.21:9696/networking/v2.0/networks/8c022869-a8d2-4611-906b-1259f2b006f7 0.668s
2025-04-10 06:01:34.037 70400 INFO tempest.lib.common.rest_client [req-eb3b3945-9cb8-4e57-9984-de2451c4315b req-eb3b3945-9cb8-4e57-9984-de2451c4315b ] Request (FlavorsAccessNegativeTestJSON:tearDownClass): 200 GET http://10.180.1.21:9696/networking/v2.0/security-groups?tenant_id=b748fed0dd924778b684abbdb9d54a58&name=default 0.373s
2025-04-10 06:01:34.121 70408 INFO tempest.lib.common.rest_client [req-420ba90a-b99e-4055-85e1-a32039762ea1 req-420ba90a-b99e-4055-85e1-a32039762ea1 ] Request (QuotasAdminTestV236:tearDownClass): 204 DELETE http://10.180.1.21:9696/networking/v2.0/security-groups/f6e9396a-72b9-4832-bca3-7a2a22b491cd 0.255s
2025-04-10 06:01:34.149 70434 INFO tempest.lib.common.rest_client [req-dac02818-2470-4213-93c0-25d69a742cd5 req-dac02818-2470-4213-93c0-25d69a742cd5 ] Request (SecurityGroupRulesTestJSON:test_security_group_rules_delete_when_peer_group_deleted): 200 POST http://10.180.1.21/compute/v2.1/os-security-groups 1.419s
2025-04-10 06:01:34.152 70390 INFO tempest.lib.common.rest_client [req-3a3d96cc-b9f8-4dc0-bf4c-d264b24ff110 req-3a3d96cc-b9f8-4dc0-bf4c-d264b24ff110 ] Request (ServerGroup264TestJSON:tearDownClass): 204 DELETE http://10.180.1.21/identity/v3/users/522978e0ee0e4589bca748d04541fa52 0.121s
2025-04-10 06:01:34.153 70390 INFO tempest.lib.common.dynamic_creds [-] Deleting project and security group for project: 6afe205c6d274a9cb8270062be5fabfc
2025-04-10 06:01:34.185 70413 INFO tempest.lib.common.rest_client [req-bfabd97c-b28e-458f-827e-f146ee8a2f0f req-bfabd97c-b28e-458f-827e-f146ee8a2f0f ] Request (FlavorsExtraSpecsNegativeTestJSON:tearDownClass): 202 DELETE http://10.180.1.21/compute/v2.1/flavors/1048120549 1.451s
2025-04-10 06:01:34.208 70390 INFO tempest.lib.common.rest_client [req-619da939-e9cd-40bd-85db-d19c03f43069 req-619da939-e9cd-40bd-85db-d19c03f43069 ] Request (ServerGroup264TestJSON:tearDownClass): 200 GET http://10.180.1.21:9696/networking/v2.0/security-groups?tenant_id=6afe205c6d274a9cb8270062be5fabfc&name=default 0.055s
2025-04-10 06:01:34.257 70408 INFO tempest.lib.common.rest_client [req-977f7d6a-649c-405f-8eb3-34f442058f7f req-977f7d6a-649c-405f-8eb3-34f442058f7f ] Request (QuotasAdminTestV236:tearDownClass): 204 DELETE http://10.180.1.21/identity/v3/projects/072cb4791b804c39ab2b81e20dc142df 0.135s
2025-04-10 06:01:34.261 70400 INFO tempest.lib.common.rest_client [req-aafb171d-3d89-4154-b08d-8242ad77699a req-aafb171d-3d89-4154-b08d-8242ad77699a ] Request (FlavorsAccessNegativeTestJSON:tearDownClass): 204 DELETE http://10.180.1.21:9696/networking/v2.0/security-groups/eed6f439-4926-4c2b-bfe4-2f9d9d824cfa 0.223s
2025-04-10 06:01:34.332 70408 INFO tempest.lib.common.rest_client [req-c07a847b-27c8-4c48-af20-5f388ff86b82 req-c07a847b-27c8-4c48-af20-5f388ff86b82 ] Request (ServerDiagnosticsV248Test:setUpClass): 201 POST http://10.180.1.21/identity/v3/auth/tokens 0.074s
2025-04-10 06:01:34.341 70418 INFO tempest.lib.common.rest_client [req-c154184f-6d26-43b0-815b-3c6806f0c639 req-c154184f-6d26-43b0-815b-3c6806f0c639 ] Request (ServerRescueTestJSON:setUpClass): 200 POST http://10.180.1.21/compute/v2.1/servers/b66731cf-6f94-4c15-83e0-e4144b20566a/action 1.590s
2025-04-10 06:01:34.368 70404 INFO tempest.lib.common.rest_client [req-b00107f1-094e-4425-9cb6-89c9a3a53d4a req-b00107f1-094e-4425-9cb6-89c9a3a53d4a ] Request (FlavorsAdminTestJSON:test_is_public_string_variations): 200 POST http://10.180.1.21/compute/v2.1/flavors 1.596s
2025-04-10 06:01:34.379 70390 INFO tempest.lib.common.rest_client [req-803c2d87-6d6d-4ae4-8a92-d95528b907a2 req-803c2d87-6d6d-4ae4-8a92-d95528b907a2 ] Request (ServerGroup264TestJSON:tearDownClass): 204 DELETE http://10.180.1.21:9696/networking/v2.0/security-groups/ebf3626c-b575-48e1-ae61-d829bf8278d9 0.171s
2025-04-10 06:01:34.380 70400 INFO tempest.lib.common.rest_client [req-f11ef494-e501-4acb-ba36-b81614ab4a26 req-f11ef494-e501-4acb-ba36-b81614ab4a26 ] Request (FlavorsAccessNegativeTestJSON:tearDownClass): 204 DELETE http://10.180.1.21/identity/v3/projects/b748fed0dd924778b684abbdb9d54a58 0.118s
2025-04-10 06:01:34.389 70440 INFO tempest.lib.common.rest_client [req-02bacdb3-a572-4b81-8633-0227f2352d9c req-02bacdb3-a572-4b81-8633-0227f2352d9c ] Request (InstanceActionsV221TestJSON:test_get_list_deleted_instance_actions): 202 POST http://10.180.1.21/compute/v2.1/servers 2.175s
2025-04-10 06:01:34.398 70402 INFO tempest.lib.common.rest_client [req-57f1c1cb-3bb6-42cd-8b13-c28e17e1088f req-57f1c1cb-3bb6-42cd-8b13-c28e17e1088f ] Request (ServerDiagnosticsTest:tearDownClass): 404 GET http://10.180.1.21/compute/v2.1/servers/4c38beb9-7705-4515-b020-ace48f9ab324 1.618s
2025-04-10 06:01:34.416 70408 INFO tempest.lib.common.rest_client [req-e7b2589c-8026-4e2d-934a-f26763034496 req-e7b2589c-8026-4e2d-934a-f26763034496 ] Request (ServerDiagnosticsV248Test:setUpClass): 201 POST http://10.180.1.21/identity/v3/auth/tokens 0.082s
2025-04-10 06:01:34.420 70388 INFO tempest.lib.common.rest_client [req-0304e47b-8e72-4aa2-914c-9b28b5092da4 req-0304e47b-8e72-4aa2-914c-9b28b5092da4 ] Request (ServerGroupTestJSON:test_create_delete_server_group_with_affinity_policy): 204 DELETE http://10.180.1.21/compute/v2.1/os-server-groups/b06fa76e-34c0-413a-9988-936625881cc9 1.603s
2025-04-10 06:01:34.453 70400 INFO tempest.lib.common.rest_client [req-25c0203d-c298-4305-9c07-93a08ae0b0e5 req-25c0203d-c298-4305-9c07-93a08ae0b0e5 ] Request (QuotaClassesAdminTestJSON:setUpClass): 201 POST http://10.180.1.21/identity/v3/auth/tokens 0.071s
2025-04-10 06:01:34.482 70446 INFO tempest.lib.common.rest_client [req-5dce0fdb-9590-4669-a58b-653edb6d28e1 req-5dce0fdb-9590-4669-a58b-653edb6d28e1 ] Request (ServersAaction247Test:test_create_backup): 200 GET http://10.180.1.21/compute/v2.1/servers/19fabf54-73cd-4544-9913-b89f7c3339a5 1.662s
2025-04-10 06:01:34.487 70390 INFO tempest.lib.common.rest_client [req-e4a2b01f-518d-4881-a747-5ea1b4bbb1ab req-e4a2b01f-518d-4881-a747-5ea1b4bbb1ab ] Request (ServerGroup264TestJSON:tearDownClass): 204 DELETE http://10.180.1.21/identity/v3/projects/6afe205c6d274a9cb8270062be5fabfc 0.106s
2025-04-10 06:01:34.547 70408 INFO tempest.lib.common.rest_client [req-c688fec0-7183-4748-849a-31004632ef9a req-c688fec0-7183-4748-849a-31004632ef9a ] Request (ServerDiagnosticsV248Test:setUpClass): 200 GET http://10.180.1.21/identity/v3/domains?name=Default 0.130s
2025-04-10 06:01:34.563 70420 INFO tempest.lib.common.rest_client [req-ff3954c5-25c6-4ca9-a9ee-e1200ec8809c req-ff3954c5-25c6-4ca9-a9ee-e1200ec8809c ] Request (ServerExternalEventsTest:test_create_server_external_events): 200 GET http://10.180.1.21/compute/v2.1/servers/b5d44093-2bb4-4f6d-a774-2db3d2f91f47 1.659s
2025-04-10 06:01:34.568 70426 INFO tempest.lib.common.rest_client [req-606db31a-665e-4f8c-bcef-9d9972b3f18d req-606db31a-665e-4f8c-bcef-9d9972b3f18d ] Request (AggregatesAdminNegativeTestJSON:test_aggregate_remove_host_as_user): 200 POST http://10.180.1.21/compute/v2.1/os-aggregates/7/action 1.718s
2025-04-10 06:01:34.568 70438 INFO tempest.lib.common.rest_client [req-479863da-3049-4d9e-9727-c425a5e1d0b2 req-479863da-3049-4d9e-9727-c425a5e1d0b2 ] Request (ServerMetadataNegativeTestJSON:test_server_create_metadata_key_too_long): 400 POST http://10.180.1.21/compute/v2.1/servers 1.625s
2025-04-10 06:01:34.575 70420 INFO tempest.common.waiters [-] State transition "BUILD/scheduling" ==> "BUILD/None" after 9 second wait
2025-04-10 06:01:34.621 70402 INFO tempest.lib.common.rest_client [req-687545f2-1449-4f77-86b8-26f09668bc44 req-687545f2-1449-4f77-86b8-26f09668bc44 ] Request (ServerDiagnosticsTest:tearDownClass): 204 DELETE http://10.180.1.21/identity/v3/users/be8562b9a13d432bbb7e4c8f16062ae0 0.222s
2025-04-10 06:01:34.629 70400 INFO tempest.lib.common.rest_client [req-03006b9b-5939-4880-b0a4-b718c8e5de79 req-03006b9b-5939-4880-b0a4-b718c8e5de79 ] Request (QuotaClassesAdminTestJSON:setUpClass): 201 POST http://10.180.1.21/identity/v3/auth/tokens 0.172s
2025-04-10 06:01:34.646 70414 INFO tempest.lib.common.rest_client [req-a472d675-5bba-4b70-8027-f4f4197c5024 req-a472d675-5bba-4b70-8027-f4f4197c5024 ] Request (AttachInterfacesV270Test:test_create_get_list_interfaces): 200 GET http://10.180.1.21/compute/v2.1/servers/9b2b6fab-c836-4c5d-83a1-cf114fd908b7 1.595s
2025-04-10 06:01:34.712 70390 INFO tempest.lib.common.rest_client [req-c475a741-1270-4651-918d-22977b71d115 req-c475a741-1270-4651-918d-22977b71d115 ] Request (ServerRescueNegativeTestJSON:setUpClass): 201 POST http://10.180.1.21/identity/v3/auth/tokens 0.224s
2025-04-10 06:01:34.756 70408 INFO tempest.lib.common.rest_client [req-37bd034d-63c4-4267-9897-7e76c4986281 req-37bd034d-63c4-4267-9897-7e76c4986281 ] Request (ServerDiagnosticsV248Test:setUpClass): 201 POST http://10.180.1.21/identity/v3/projects 0.208s
2025-04-10 06:01:34.778 70438 INFO tempest.lib.common.rest_client [req-b31099f8-dfc7-4126-ae8b-d65a472aa08d req-b31099f8-dfc7-4126-ae8b-d65a472aa08d ] Request (ServerMetadataNegativeTestJSON:test_server_create_metadata_key_too_long): 201 POST http://10.180.1.21/identity/v3/auth/tokens 0.205s
2025-04-10 06:01:34.778 70438 INFO tempest.lib.common.fixed_network [-] (ServerMetadataNegativeTestJSON:test_server_create_metadata_key_too_long) Found network {'id': 'ee920f14-f33b-4466-b222-196d19455ca5', 'name': 'tempest-ServerMetadataNegativeTestJSON-2104973517-network', 'tenant_id': '07ca2fc3b86d4000bcc7860e14af4060', 'admin_state_up': True, 'mtu': 8950, 'status': 'ACTIVE', 'subnets': [], 'shared': False, 'project_id': '07ca2fc3b86d4000bcc7860e14af4060', 'port_security_enabled': True, 'router:external': False, 'provider:network_type': 'vlan', 'provider:physical_network': 'default', 'provider:segmentation_id': 505, 'availability_zone_hints': [], 'availability_zones': [], 'ipv4_address_scope': None, 'ipv6_address_scope': None, 'description': '', 'tags': [], 'created_at': '2025-04-10T06:00:48Z', 'updated_at': '2025-04-10T06:00:49Z', 'revision_number': 1} available for tenant
2025-04-10 06:01:34.796 70398 INFO tempest.lib.common.rest_client [req-cb0dfb18-0f9a-47f8-9556-af96e8dd80f5 req-cb0dfb18-0f9a-47f8-9556-af96e8dd80f5 ] Request (InstanceActionsTestJSON:setUpClass): 200 GET http://10.180.1.21/compute/v2.1/servers/8e973be7-c31b-4a66-8d0d-d4e7a51b580f 1.693s
2025-04-10 06:01:34.806 70398 INFO tempest.common.waiters [-] State transition "BUILD/networking" ==> "BUILD/spawning" after 13 second wait
2025-04-10 06:01:34.812 70428 INFO tempest.lib.common.rest_client [req-39260db9-a3bb-4db4-ad70-7529251ff734 req-39260db9-a3bb-4db4-ad70-7529251ff734 ] Request (ServersWithSpecificFlavorTestJSON:test_verify_created_server_ephemeral_disk): 200 GET http://10.180.1.21/compute/v2.1/servers/59b174de-0389-440b-8cd3-ba3b11f7fd12 1.814s
2025-04-10 06:01:34.830 70416 INFO tempest.lib.common.rest_client [req-c3d2d309-45a0-4b2c-86df-e4dd121f0e6d req-c3d2d309-45a0-4b2c-86df-e4dd121f0e6d ] Request (FloatingIPsAssociationNegativeTestJSON:test_dissociate_nonexistent_floating_ip): 404 POST http://10.180.1.21/compute/v2.1/servers/5124e102-6811-46a0-a71a-a237ae4a6356/action 1.663s
2025-04-10 06:01:34.859 70444 INFO tempest.lib.common.rest_client [req-0e4a5e67-9f38-47a7-a3a4-a3c3e6d15557 req-0e4a5e67-9f38-47a7-a3a4-a3c3e6d15557 ] Request (FloatingIPsNegativeTestJSON:tearDownClass): 200 PUT http://10.180.1.21:9696/networking/v2.0/routers/5e7fb510-a447-4c4d-a33a-916f95d0ecec/remove_router_interface 1.635s
2025-04-10 06:01:34.861 70400 INFO tempest.lib.common.rest_client [req-8e2bb9c1-d5ba-402e-a75e-2bb7d41f29d5 req-8e2bb9c1-d5ba-402e-a75e-2bb7d41f29d5 ] Request (QuotaClassesAdminTestJSON:setUpClass): 200 GET http://10.180.1.21/identity/v3/domains?name=Default 0.231s
2025-04-10 06:01:34.887 70386 INFO tempest.lib.common.rest_client [req-a41d6030-a4d2-4c9a-83dd-492bbadddd18 req-a41d6030-a4d2-4c9a-83dd-492bbadddd18 ] Request (ServersAdminNegativeTestJSON:test_migrate_server_invalid_state): 200 GET http://10.180.1.21/compute/v2.1/servers/080eca8e-17a7-440b-9077-aaf2e6db062f 1.718s
2025-04-10 06:01:34.892 70402 INFO tempest.lib.common.rest_client [req-e52e237f-998f-4d4e-ad4e-39953107ebd9 req-e52e237f-998f-4d4e-ad4e-39953107ebd9 ] Request (ServerDiagnosticsTest:tearDownClass): 204 DELETE http://10.180.1.21/identity/v3/users/598c1f5151794dc091d80af6132c3323 0.270s
2025-04-10 06:01:34.892 70402 INFO tempest.lib.common.dynamic_creds [-] Deleting project and security group for project: 9b3c19a4ab9e48d1ba7a093d1fc1823d
2025-04-10 06:01:34.911 70424 INFO tempest.lib.common.rest_client [req-4ce88f12-2661-4b24-81d2-0b248fcacc1f req-4ce88f12-2661-4b24-81d2-0b248fcacc1f ] Request (ServerAddressesTestJSON:setUpClass): 201 POST http://10.180.1.21:9696/networking/v2.0/routers 1.504s
2025-04-10 06:01:34.923 70390 INFO tempest.lib.common.rest_client [req-9dd18b75-d50b-4d1a-8068-ceb62c942a49 req-9dd18b75-d50b-4d1a-8068-ceb62c942a49 ] Request (ServerRescueNegativeTestJSON:setUpClass): 201 POST http://10.180.1.21/identity/v3/auth/tokens 0.208s
2025-04-10 06:01:34.927 70392 INFO tempest.lib.common.rest_client [req-9798a8bd-5c14-4dc5-b3c5-a76f0836212d req-9798a8bd-5c14-4dc5-b3c5-a76f0836212d ] Request (ServerDiskConfigTestJSON:test_rebuild_server_with_auto_disk_config): 200 GET http://10.180.1.21/compute/v2.1/servers/0a2bc9c4-5335-495e-8f4b-7796eb7a74c7 1.680s
2025-04-10 06:01:34.985 70408 INFO tempest.lib.common.rest_client [req-d256e29b-77ea-4ac4-8d65-47ce6a52dde9 req-d256e29b-77ea-4ac4-8d65-47ce6a52dde9 ] Request (ServerDiagnosticsV248Test:setUpClass): 201 POST http://10.180.1.21/identity/v3/users 0.227s
2025-04-10 06:01:34.995 70400 INFO tempest.lib.common.rest_client [req-f1967d32-b36f-4083-885a-ba6d462b524b req-f1967d32-b36f-4083-885a-ba6d462b524b ] Request (QuotaClassesAdminTestJSON:setUpClass): 201 POST http://10.180.1.21/identity/v3/projects 0.133s
2025-04-10 06:01:35.019 70396 INFO tempest.lib.common.rest_client [req-f9d1722d-8622-40eb-ae01-fcbf54ff1194 req-f9d1722d-8622-40eb-ae01-fcbf54ff1194 ] Request (DeleteServersAdminTestJSON:test_delete_server_while_in_error_state): 200 GET http://10.180.1.21/compute/v2.1/servers/5fdba60e-db04-441c-bc59-005f598cf826 1.688s
2025-04-10 06:01:35.038 70402 INFO tempest.lib.common.rest_client [req-33cc66f7-9c8d-421f-9eac-15f01d5d654b req-33cc66f7-9c8d-421f-9eac-15f01d5d654b ] Request (ServerDiagnosticsTest:tearDownClass): 201 POST http://10.180.1.21/identity/v3/auth/tokens 0.146s
2025-04-10 06:01:35.058 70390 INFO tempest.lib.common.rest_client [req-e8b2660a-5103-43a8-86c1-8eef79d19349 req-e8b2660a-5103-43a8-86c1-8eef79d19349 ] Request (ServerRescueNegativeTestJSON:setUpClass): 200 GET http://10.180.1.21/identity/v3/domains?name=Default 0.135s
2025-04-10 06:01:35.084 70400 INFO tempest.lib.common.rest_client [req-f5075036-ab39-4ec2-94f3-80a97478f294 req-f5075036-ab39-4ec2-94f3-80a97478f294 ] Request (QuotaClassesAdminTestJSON:setUpClass): 201 POST http://10.180.1.21/identity/v3/users 0.088s
2025-04-10 06:01:35.089 70408 INFO tempest.lib.common.rest_client [req-a2618b20-3e6f-4acf-b49e-620f29a0836a req-a2618b20-3e6f-4acf-b49e-620f29a0836a ] Request (ServerDiagnosticsV248Test:setUpClass): 200 GET http://10.180.1.21/identity/v3/roles 0.104s
2025-04-10 06:01:35.116 70390 INFO tempest.lib.common.rest_client [req-a7f028d1-c5fc-403d-86e1-f30433c153e2 req-a7f028d1-c5fc-403d-86e1-f30433c153e2 ] Request (ServerRescueNegativeTestJSON:setUpClass): 201 POST http://10.180.1.21/identity/v3/projects 0.057s
2025-04-10 06:01:35.153 70436 INFO tempest.lib.common.rest_client [req-85eb39f5-dee1-4961-8744-f40fa30fee20 req-85eb39f5-dee1-4961-8744-f40fa30fee20 ] Request (MigrationsAdminTest:test_list_migrations_in_flavor_resize_situation): 200 GET http://10.180.1.21/compute/v2.1/servers/506b1ae3-fc96-4c09-9e45-8fceeb80b492 1.838s
2025-04-10 06:01:35.157 70432 WARNING tempest.lib.common.ssh [-] Failed to establish authenticated ssh connection to cirros@10.180.180.156 ([Errno None] Unable to connect to port 22 on 10.180.180.156). Number attempts: 3. Retry after 4 seconds.: paramiko.ssh_exception.NoValidConnectionsError: [Errno None] Unable to connect to port 22 on 10.180.180.156
2025-04-10 06:01:35.162 70422 INFO tempest.lib.common.rest_client [req-286cda20-ebe5-4699-a7e3-714595fab445 req-286cda20-ebe5-4699-a7e3-714595fab445 ] Request (ServersTestJSON:setUpClass): 200 GET http://10.180.1.21/compute/v2.1/servers/b31c1806-9771-440b-830a-529ef3cdaaea/os-interface 1.613s
2025-04-10 06:01:35.168 70400 INFO tempest.lib.common.rest_client [req-529d10b8-8658-4b5e-a8e5-78a4e4c3054e req-529d10b8-8658-4b5e-a8e5-78a4e4c3054e ] Request (QuotaClassesAdminTestJSON:setUpClass): 200 GET http://10.180.1.21/identity/v3/roles 0.083s
2025-04-10 06:01:35.207 70408 INFO tempest.lib.common.rest_client [req-490e7c64-9361-46cc-8ebf-f3510af60eed req-490e7c64-9361-46cc-8ebf-f3510af60eed ] Request (ServerDiagnosticsV248Test:setUpClass): 204 PUT http://10.180.1.21/identity/v3/projects/624163308ee24044a84bfd7727ca03cc/users/180eed2ff9f34b358de92a89ec92b3d7/roles/cec1d792379a488aa8583928e80bd957 0.118s
2025-04-10 06:01:35.208 70408 INFO tempest.lib.common.dynamic_creds [-] Dynamic test user 180eed2ff9f34b358de92a89ec92b3d7 is created with scope project and roles: ['member']
2025-04-10 06:01:35.208 70408 INFO tempest.lib.common.dynamic_creds [-] Acquired dynamic creds: credentials: Credentials: {'domain_id': 'default', 'domain_name': 'Default', 'username': 'tempest-ServerDiagnosticsV248Test-344878101-project-member', 'project_domain_id': 'default', 'project_domain_name': 'Default', 'project_id': '624163308ee24044a84bfd7727ca03cc', 'project_name': 'tempest-ServerDiagnosticsV248Test-344878101', 'tenant_id': '624163308ee24044a84bfd7727ca03cc', 'tenant_name': 'tempest-ServerDiagnosticsV248Test-344878101', 'user_domain_id': 'default', 'user_domain_name': 'Default', 'user_id': '180eed2ff9f34b358de92a89ec92b3d7', 'system': None}, Network: None, Subnet: None, Router: None
2025-04-10 06:01:35.208 70408 INFO tempest.lib.common.dynamic_creds [-] Created isolated network resources for: credentials: Credentials: {'domain_id': 'default', 'domain_name': 'Default', 'username': 'tempest-ServerDiagnosticsV248Test-344878101-project-member', 'project_domain_id': 'default', 'project_domain_name': 'Default', 'project_id': '624163308ee24044a84bfd7727ca03cc', 'project_name': 'tempest-ServerDiagnosticsV248Test-344878101', 'tenant_id': '624163308ee24044a84bfd7727ca03cc', 'tenant_name': 'tempest-ServerDiagnosticsV248Test-344878101', 'user_domain_id': 'default', 'user_domain_name': 'Default', 'user_id': '180eed2ff9f34b358de92a89ec92b3d7', 'system': None}, Network: None, Subnet: None, Router: None
2025-04-10 06:01:35.282 70390 INFO tempest.lib.common.rest_client [req-9b393bf2-0109-4ead-b096-21bb03a56d0a req-9b393bf2-0109-4ead-b096-21bb03a56d0a ] Request (ServerRescueNegativeTestJSON:setUpClass): 201 POST http://10.180.1.21/identity/v3/users 0.165s
2025-04-10 06:01:35.292 70400 INFO tempest.lib.common.rest_client [req-483006b6-d8b0-4ed4-9423-7668a44d0dce req-483006b6-d8b0-4ed4-9423-7668a44d0dce ] Request (QuotaClassesAdminTestJSON:setUpClass): 204 PUT http://10.180.1.21/identity/v3/projects/df1050ccaa4247348020d54d7a991079/users/e444ceb8ee2544be83089066510af146/roles/cec1d792379a488aa8583928e80bd957 0.123s
2025-04-10 06:01:35.292 70400 INFO tempest.lib.common.dynamic_creds [-] Dynamic test user e444ceb8ee2544be83089066510af146 is created with scope project and roles: ['member']
2025-04-10 06:01:35.293 70400 INFO tempest.lib.common.dynamic_creds [-] Acquired dynamic creds: credentials: Credentials: {'domain_id': 'default', 'domain_name': 'Default', 'username': 'tempest-QuotaClassesAdminTestJSON-835835300-project-member', 'project_domain_id': 'default', 'project_domain_name': 'Default', 'project_id': 'df1050ccaa4247348020d54d7a991079', 'project_name': 'tempest-QuotaClassesAdminTestJSON-835835300', 'tenant_id': 'df1050ccaa4247348020d54d7a991079', 'tenant_name': 'tempest-QuotaClassesAdminTestJSON-835835300', 'user_domain_id': 'default', 'user_domain_name': 'Default', 'user_id': 'e444ceb8ee2544be83089066510af146', 'system': None}, Network: None, Subnet: None, Router: None
2025-04-10 06:01:35.293 70400 INFO tempest.lib.common.dynamic_creds [-] Created isolated network resources for: credentials: Credentials: {'domain_id': 'default', 'domain_name': 'Default', 'username': 'tempest-QuotaClassesAdminTestJSON-835835300-project-member', 'project_domain_id': 'default', 'project_domain_name': 'Default', 'project_id': 'df1050ccaa4247348020d54d7a991079', 'project_name': 'tempest-QuotaClassesAdminTestJSON-835835300', 'tenant_id': 'df1050ccaa4247348020d54d7a991079', 'tenant_name': 'tempest-QuotaClassesAdminTestJSON-835835300', 'user_domain_id': 'default', 'user_domain_name': 'Default', 'user_id': 'e444ceb8ee2544be83089066510af146', 'system': None}, Network: None, Subnet: None, Router: None
2025-04-10 06:01:35.345 70390 INFO tempest.lib.common.rest_client [req-2c22256c-6f8b-4d6f-bfd3-facd66b595b3 req-2c22256c-6f8b-4d6f-bfd3-facd66b595b3 ] Request (ServerRescueNegativeTestJSON:setUpClass): 200 GET http://10.180.1.21/identity/v3/roles 0.062s
2025-04-10 06:01:35.359 70408 INFO tempest.lib.common.rest_client [req-825a0e93-c20a-493e-862c-848e3979e7f8 req-825a0e93-c20a-493e-862c-848e3979e7f8 ] Request (ServerDiagnosticsV248Test:setUpClass): 201 POST http://10.180.1.21/identity/v3/auth/tokens 0.145s
2025-04-10 06:01:35.393 70390 INFO tempest.lib.common.rest_client [req-d62ff3af-7ea7-4172-8a4c-3baf9deeb824 req-d62ff3af-7ea7-4172-8a4c-3baf9deeb824 ] Request (ServerRescueNegativeTestJSON:setUpClass): 204 PUT http://10.180.1.21/identity/v3/projects/47f6bc4c96784c08b0ab08a685ff9a80/users/e6250c2c63cb4a188c7cb60e497f8f19/roles/cec1d792379a488aa8583928e80bd957 0.047s
2025-04-10 06:01:35.393 70390 INFO tempest.lib.common.dynamic_creds [-] Dynamic test user e6250c2c63cb4a188c7cb60e497f8f19 is created with scope project and roles: ['member']
2025-04-10 06:01:35.393 70390 INFO tempest.lib.common.dynamic_creds [-] Acquired dynamic creds: credentials: Credentials: {'domain_id': 'default', 'domain_name': 'Default', 'username': 'tempest-ServerRescueNegativeTestJSON-823714785-project-member', 'project_domain_id': 'default', 'project_domain_name': 'Default', 'project_id': '47f6bc4c96784c08b0ab08a685ff9a80', 'project_name': 'tempest-ServerRescueNegativeTestJSON-823714785', 'tenant_id': '47f6bc4c96784c08b0ab08a685ff9a80', 'tenant_name': 'tempest-ServerRescueNegativeTestJSON-823714785', 'user_domain_id': 'default', 'user_domain_name': 'Default', 'user_id': 'e6250c2c63cb4a188c7cb60e497f8f19', 'system': None}, Network: None, Subnet: None, Router: None
