2025-04-09 11:11:03.127 69766 INFO tempest.lib.common.rest_client [req-edc92f6e-5d72-4e87-b7d0-418b216960e6 req-edc92f6e-5d72-4e87-b7d0-418b216960e6 ] Request (TenantUsagesTestJSON:tearDownClass): 200 GET http://10.180.1.21/compute/v2.1/servers/03603f13-a3d3-4960-889c-4f26d1eef446 0.148s
2025-04-09 11:11:03.143 69748 INFO tempest.lib.common.rest_client [req-c0c84c9f-7e0b-4ec7-9869-e1599a5f32e4 req-c0c84c9f-7e0b-4ec7-9869-e1599a5f32e4 ] Request (FloatingIPsAssociationNegativeTestJSON:tearDownClass): 200 GET http://10.180.1.21/compute/v2.1/servers/128c4e20-7be2-403b-ab7c-e7d2a0ba1f62 0.067s
2025-04-09 11:11:03.201 69744 INFO tempest.lib.common.rest_client [req-e12a7dfc-f4d8-41d3-863b-923ace388bc6 req-e12a7dfc-f4d8-41d3-863b-923ace388bc6 ] Request (ServersAdminNegativeTestJSON:tearDownClass): 200 GET http://10.180.1.21/compute/v2.1/servers/e6f2af6a-16e7-48f8-b199-0a093cd4bac5 0.076s
2025-04-09 11:11:03.276 69780 INFO tempest.lib.common.rest_client [req-9453e19b-53f3-4673-9c89-24c29f7d8ba4 req-9453e19b-53f3-4673-9c89-24c29f7d8ba4 ] Request (ServersTestJSON:test_create_server_specify_multibyte_character_name): 200 GET http://10.180.1.21/compute/v2.1/servers/9848c369-d516-4e71-9d00-6f21d0dda7e4 0.086s
2025-04-09 11:11:03.301 69740 INFO tempest.lib.common.rest_client [req-e08cb49c-cea6-45ce-91fc-47c88e9617c8 req-e08cb49c-cea6-45ce-91fc-47c88e9617c8 ] Request (ServersTestJSON:setUpClass): 200 GET http://10.180.1.21/compute/v2.1/servers/34eaab5d-18bd-4868-a439-7ae67fdecc3b 0.069s
2025-04-09 11:11:03.342 69786 INFO tempest.lib.common.rest_client [req-0c727c89-4573-43f0-b0c3-7fc75dee1af1 req-0c727c89-4573-43f0-b0c3-7fc75dee1af1 ] Request (ImagesTestJSON:test_create_image_from_suspended_server): 200 GET http://10.180.1.21/compute/v2.1/servers/fef4cad8-9e52-4c98-a450-5cbcb43f19d9 0.080s
2025-04-09 11:11:03.380 69795 INFO tempest.lib.common.rest_client [req-ef2a2aea-259b-40d1-802e-87ff0750b782 req-ef2a2aea-259b-40d1-802e-87ff0750b782 ] Request (ServersAdminTestJSON:setUpClass): 201 POST http://10.180.1.21:9696/networking/v2.0/networks 0.255s
2025-04-09 11:11:03.396 69738 INFO tempest.lib.common.rest_client [req-abf3ada0-50b2-4387-aa6f-7ee58970b5dd req-abf3ada0-50b2-4387-aa6f-7ee58970b5dd ] Request (ServersV294TestFqdnHostnames:setUpClass): 200 GET http://10.180.1.21/compute/v2.1/servers/8ceee979-38df-4fd1-81af-bf1436af8ec9 0.077s
2025-04-09 11:11:03.433 69760 INFO tempest.lib.common.rest_client [req-808200c2-f73a-4386-b47f-a715caaba941 req-808200c2-f73a-4386-b47f-a715caaba941 ] Request (ServersWithSpecificFlavorTestJSON:test_verify_created_server_ephemeral_disk): 200 GET http://10.180.1.21/compute/v2.1/servers/0c614753-736c-4a3d-9690-692674dd7c35 0.073s
2025-04-09 11:11:03.456 69788 INFO tempest.lib.common.rest_client [req-dd65062e-8219-4f41-a12c-0c940155133d req-dd65062e-8219-4f41-a12c-0c940155133d ] Request (FloatingIPsAssociationTestJSON:test_associate_already_associated_floating_ip): 200 GET http://10.180.1.21/compute/v2.1/servers/cdffdfdf-9505-497b-9b37-7a8dcb35d0f8 0.071s
2025-04-09 11:11:03.515 69792 INFO tempest.lib.common.rest_client [req-7afcac37-69ed-479b-89e8-f31cde11fb92 req-7afcac37-69ed-479b-89e8-f31cde11fb92 ] Request (MultipleCreateTestJSON:test_multiple_create): 200 GET http://10.180.1.21/compute/v2.1/servers/34d5f258-9dba-438d-9a91-f40138283ffc 0.061s
2025-04-09 11:11:03.574 69770 INFO tempest.lib.common.rest_client [req-f8629188-fa16-42f8-903f-0ff994d82c39 req-f8629188-fa16-42f8-903f-0ff994d82c39 ] Request (ServerExternalEventsTest:test_create_server_external_events): 200 GET http://10.180.1.21/compute/v2.1/servers/49c399d8-1be9-45aa-974b-19cb742d8685 0.072s
2025-04-09 11:11:03.609 69784 INFO tempest.lib.common.rest_client [req-f3516060-9ee4-415b-b372-ec6682a2d8da req-f3516060-9ee4-415b-b372-ec6682a2d8da ] Request (DeleteServersTestJSON:test_delete_server_while_in_attached_volume): 200 GET http://10.180.1.21/compute/v2.1/servers/8d8c0afd-ded8-4fa3-9e95-f2967a4fa4d8 0.055s
2025-04-09 11:11:03.627 69795 INFO tempest.lib.common.rest_client [req-321d2b2c-4ec4-4396-992f-70070bfc3e8c req-321d2b2c-4ec4-4396-992f-70070bfc3e8c ] Request (ServersAdminTestJSON:setUpClass): 201 POST http://10.180.1.21:9696/networking/v2.0/subnets 0.247s
2025-04-09 11:11:03.685 69776 INFO tempest.lib.common.rest_client [req-d95c1804-7b68-498c-bf94-49661e2e756a req-d95c1804-7b68-498c-bf94-49661e2e756a ] Request (ServerAddressesNegativeTestJSON:tearDownClass): 200 GET http://10.180.1.21/compute/v2.1/servers/3bce4c1a-a27e-42d5-811a-8f400d4af972 0.063s
2025-04-09 11:11:03.687 69756 INFO tempest.lib.common.rest_client [req-01f94739-d71a-49e7-b4d8-c1ea38f8bdb7 req-01f94739-d71a-49e7-b4d8-c1ea38f8bdb7 ] Request (ImagesOneServerNegativeTestJSON:tearDown): 200 GET http://10.180.1.21/compute/v2.1/servers/cf426e3f-1187-49a3-baf2-6e668af23fe0 0.119s
2025-04-09 11:11:03.758 69772 INFO tempest.lib.common.rest_client [req-2bcf7a7f-d3cf-4604-8279-b56cf1f750a4 req-2bcf7a7f-d3cf-4604-8279-b56cf1f750a4 ] Request (ServersTestMultiNic:test_verify_multiple_nics_order): 200 GET http://10.180.1.21/compute/v2.1/servers/10726899-1cb9-4d56-bb77-36c41176ca8b 0.127s
2025-04-09 11:11:03.763 69758 INFO tempest.lib.common.rest_client [req-5326f99a-f4d1-4146-8808-cd2110483d22 req-5326f99a-f4d1-4146-8808-cd2110483d22 ] Request (ServerShowV257Test:test_rebuild_server): 200 GET http://10.180.1.21/compute/v2.1/servers/9966e2b7-5af8-4307-94e2-78e5975b8e14 0.074s
2025-04-09 11:11:03.818 69778 INFO tempest.lib.common.rest_client [req-c10a18da-ebb9-4592-85d9-628e6ceb7b7f req-c10a18da-ebb9-4592-85d9-628e6ceb7b7f ] Request (ServerActionsTestOtherA:setUpClass): 200 GET http://10.180.1.21/compute/v2.1/servers/5577226c-6081-4ae5-909f-2dea19be98a1 0.077s
2025-04-09 11:11:03.910 69742 INFO tempest.lib.common.rest_client [req-3b94fa40-b8ea-4c51-bc89-d896cc6126d4 req-3b94fa40-b8ea-4c51-bc89-d896cc6126d4 ] Request (DeleteServersAdminTestJSON:test_delete_server_while_in_error_state): 200 GET http://10.180.1.21/compute/v2.1/servers/677f4657-cc6f-4528-bf47-dd0aa59fdb58 0.084s
2025-04-09 11:11:03.975 69736 INFO tempest.lib.common.rest_client [req-b030306a-3d5b-4859-b40a-0497371a5dc6 req-b030306a-3d5b-4859-b40a-0497371a5dc6 ] Request (SecurityGroupsTestJSON:test_server_security_groups): 200 GET http://10.180.1.21/compute/v2.1/servers/0cdca785-e451-4391-9eee-9c310bff924d 0.082s
2025-04-09 11:11:03.993 69762 INFO tempest.lib.common.rest_client [req-ba038ba4-307f-4446-be1a-7d9168fba3e1 req-ba038ba4-307f-4446-be1a-7d9168fba3e1 ] Request (ListServersNegativeTestJSON:setUpClass): 200 GET http://10.180.1.21/compute/v2.1/servers/43868de5-6e4f-4e9e-8db8-63fb9f5f180b 0.137s
2025-04-09 11:11:04.003 69762 INFO tempest.common.waiters [-] State transition "BUILD/spawning" ==> "ACTIVE/None" after 57 second wait
2025-04-09 11:11:04.010 69768 INFO tempest.lib.common.rest_client [req-a6ba1c1b-5e49-48f8-80f9-d1026cdaf355 req-a6ba1c1b-5e49-48f8-80f9-d1026cdaf355 ] Request (ListImageFiltersTestJSON:setUpClass): 200 GET http://10.180.1.21/compute/v2.1/images/bcbb50ee-a3be-4c6e-92af-cb18c3e153b4 0.059s
2025-04-09 11:11:04.077 69796 INFO tempest.lib.common.rest_client [req-3f3c8c6f-04f4-4257-88fd-04cdd7d56006 req-3f3c8c6f-04f4-4257-88fd-04cdd7d56006 ] Request (AttachInterfacesV270Test:test_create_get_list_interfaces): 200 GET http://10.180.1.21/compute/v2.1/servers/555b0fa4-0a00-4aa3-afb8-2ced527008dd 0.125s
2025-04-09 11:11:04.103 69750 WARNING tempest.lib.common.ssh [-] Failed to establish authenticated ssh connection to cirros@10.180.180.250 ([Errno None] Unable to connect to port 22 on 10.180.180.250). Number attempts: 8. Retry after 9 seconds.: paramiko.ssh_exception.NoValidConnectionsError: [Errno None] Unable to connect to port 22 on 10.180.180.250
2025-04-09 11:11:04.117 69762 INFO tempest.lib.common.rest_client [req-c735121a-5ed6-4f38-86a0-044cc95c98e6 req-c735121a-5ed6-4f38-86a0-044cc95c98e6 ] Request (ListServersNegativeTestJSON:setUpClass): 200 GET http://10.180.1.21/compute/v2.1/servers/9794b7d7-2319-4b49-94b4-3478c397fcea 0.114s
2025-04-09 11:11:04.158 69734 INFO tempest.lib.common.rest_client [req-6f3b1d32-7cb9-4321-b58f-c8d5c0774796 req-6f3b1d32-7cb9-4321-b58f-c8d5c0774796 ] Request (ServerMetadataNegativeTestJSON:tearDownClass): 200 GET http://10.180.1.21/compute/v2.1/servers/a2d78409-c1cb-4eaa-ab49-08d51f0d670b 0.084s
2025-04-09 11:11:04.225 69766 INFO tempest.lib.common.rest_client [req-474d1927-672c-4555-916d-9db46ce88aeb req-474d1927-672c-4555-916d-9db46ce88aeb ] Request (TenantUsagesTestJSON:tearDownClass): 200 GET http://10.180.1.21/compute/v2.1/servers/03603f13-a3d3-4960-889c-4f26d1eef446 0.089s
2025-04-09 11:11:04.257 69782 INFO tempest.lib.common.rest_client [req-1ccd8ecf-8572-438a-a04e-aa46ad124a27 req-1ccd8ecf-8572-438a-a04e-aa46ad124a27 ] Request (MigrationsAdminTest:test_list_migrations_in_flavor_resize_situation): 200 GET http://10.180.1.21/compute/v2.1/servers/065960f4-681e-4867-9b12-00672a5a9055 0.169s
2025-04-09 11:11:04.291 69748 INFO tempest.lib.common.rest_client [req-a0ced326-d1f1-4407-a235-98101b357916 req-a0ced326-d1f1-4407-a235-98101b357916 ] Request (FloatingIPsAssociationNegativeTestJSON:tearDownClass): 200 GET http://10.180.1.21/compute/v2.1/servers/128c4e20-7be2-403b-ab7c-e7d2a0ba1f62 0.140s
2025-04-09 11:11:04.320 69744 INFO tempest.lib.common.rest_client [req-cde1a44a-08f2-4713-bc7e-48d284b0230e req-cde1a44a-08f2-4713-bc7e-48d284b0230e ] Request (ServersAdminNegativeTestJSON:tearDownClass): 200 GET http://10.180.1.21/compute/v2.1/servers/e6f2af6a-16e7-48f8-b199-0a093cd4bac5 0.110s
2025-04-09 11:11:04.356 69780 INFO tempest.lib.common.rest_client [req-9bd8e729-8a9c-47a8-b72a-2b3523ba1ded req-9bd8e729-8a9c-47a8-b72a-2b3523ba1ded ] Request (ServersTestJSON:test_create_server_specify_multibyte_character_name): 200 GET http://10.180.1.21/compute/v2.1/servers/9848c369-d516-4e71-9d00-6f21d0dda7e4 0.066s
2025-04-09 11:11:04.391 69740 INFO tempest.lib.common.rest_client [req-08d29751-1190-4540-b4d4-86d30a3a387d req-08d29751-1190-4540-b4d4-86d30a3a387d ] Request (ServersTestJSON:setUpClass): 200 GET http://10.180.1.21/compute/v2.1/servers/34eaab5d-18bd-4868-a439-7ae67fdecc3b 0.082s
2025-04-09 11:11:04.423 69786 INFO tempest.lib.common.rest_client [req-c261923a-2cfb-4649-a5f2-ffc23a329e72 req-c261923a-2cfb-4649-a5f2-ffc23a329e72 ] Request (ImagesTestJSON:test_create_image_from_suspended_server): 200 GET http://10.180.1.21/compute/v2.1/servers/fef4cad8-9e52-4c98-a450-5cbcb43f19d9 0.072s
2025-04-09 11:11:04.485 69738 INFO tempest.lib.common.rest_client [req-5568f77f-158c-4781-8c8f-0bc74896592a req-5568f77f-158c-4781-8c8f-0bc74896592a ] Request (ServersV294TestFqdnHostnames:setUpClass): 200 GET http://10.180.1.21/compute/v2.1/servers/8ceee979-38df-4fd1-81af-bf1436af8ec9 0.074s
2025-04-09 11:11:04.512 69795 INFO tempest.lib.common.rest_client [req-30348610-c9c4-433e-960f-a1b21bd95173 req-30348610-c9c4-433e-960f-a1b21bd95173 ] Request (ServersAdminTestJSON:setUpClass): 201 POST http://10.180.1.21:9696/networking/v2.0/routers 0.883s
2025-04-09 11:11:04.516 69760 INFO tempest.lib.common.rest_client [req-af99b3ba-01a7-4256-9729-ce57a0a978f0 req-af99b3ba-01a7-4256-9729-ce57a0a978f0 ] Request (ServersWithSpecificFlavorTestJSON:test_verify_created_server_ephemeral_disk): 200 GET http://10.180.1.21/compute/v2.1/servers/0c614753-736c-4a3d-9690-692674dd7c35 0.074s
2025-04-09 11:11:04.555 69788 INFO tempest.lib.common.rest_client [req-706cb1d8-7b51-4e92-837c-599ed6b46fe0 req-706cb1d8-7b51-4e92-837c-599ed6b46fe0 ] Request (FloatingIPsAssociationTestJSON:test_associate_already_associated_floating_ip): 200 GET http://10.180.1.21/compute/v2.1/servers/cdffdfdf-9505-497b-9b37-7a8dcb35d0f8 0.091s
2025-04-09 11:11:04.600 69792 INFO tempest.lib.common.rest_client [req-af09f3de-93af-4278-9361-2622fb2bed1d req-af09f3de-93af-4278-9361-2622fb2bed1d ] Request (MultipleCreateTestJSON:test_multiple_create): 200 GET http://10.180.1.21/compute/v2.1/servers/34d5f258-9dba-438d-9a91-f40138283ffc 0.071s
2025-04-09 11:11:04.648 69770 INFO tempest.lib.common.rest_client [req-fbcb0d41-00f5-407a-96a9-b7dab748c150 req-fbcb0d41-00f5-407a-96a9-b7dab748c150 ] Request (ServerExternalEventsTest:test_create_server_external_events): 200 GET http://10.180.1.21/compute/v2.1/servers/49c399d8-1be9-45aa-974b-19cb742d8685 0.066s
2025-04-09 11:11:04.690 69784 INFO tempest.lib.common.rest_client [req-ff3a537e-9197-4f60-aab3-956cf255ce43 req-ff3a537e-9197-4f60-aab3-956cf255ce43 ] Request (DeleteServersTestJSON:test_delete_server_while_in_attached_volume): 200 GET http://10.180.1.21/compute/v2.1/servers/8d8c0afd-ded8-4fa3-9e95-f2967a4fa4d8 0.069s
2025-04-09 11:11:04.800 69776 INFO tempest.lib.common.rest_client [req-0a3395fe-47fb-4a73-81ed-c243e22391c5 req-0a3395fe-47fb-4a73-81ed-c243e22391c5 ] Request (ServerAddressesNegativeTestJSON:tearDownClass): 200 GET http://10.180.1.21/compute/v2.1/servers/3bce4c1a-a27e-42d5-811a-8f400d4af972 0.099s
2025-04-09 11:11:04.887 69772 INFO tempest.lib.common.rest_client [req-bcd8ba56-9e90-4713-81cb-f6aeeba36954 req-bcd8ba56-9e90-4713-81cb-f6aeeba36954 ] Request (ServersTestMultiNic:test_verify_multiple_nics_order): 200 GET http://10.180.1.21/compute/v2.1/servers/10726899-1cb9-4d56-bb77-36c41176ca8b 0.118s
2025-04-09 11:11:04.966 69758 INFO tempest.lib.common.rest_client [req-30db53d7-cb4c-4118-a576-71494ac256d9 req-30db53d7-cb4c-4118-a576-71494ac256d9 ] Request (ServerShowV257Test:test_rebuild_server): 200 GET http://10.180.1.21/compute/v2.1/servers/9966e2b7-5af8-4307-94e2-78e5975b8e14 0.191s
2025-04-09 11:11:05.032 69778 INFO tempest.lib.common.rest_client [req-f67bd3d5-30a8-4740-8200-45baadc9b38d req-f67bd3d5-30a8-4740-8200-45baadc9b38d ] Request (ServerActionsTestOtherA:setUpClass): 200 GET http://10.180.1.21/compute/v2.1/servers/5577226c-6081-4ae5-909f-2dea19be98a1 0.204s
2025-04-09 11:11:05.106 69742 INFO tempest.lib.common.rest_client [req-fc6f40ee-93be-4806-b6f0-760e0d7aa128 req-fc6f40ee-93be-4806-b6f0-760e0d7aa128 ] Request (DeleteServersAdminTestJSON:test_delete_server_while_in_error_state): 200 GET http://10.180.1.21/compute/v2.1/servers/677f4657-cc6f-4528-bf47-dd0aa59fdb58 0.187s
2025-04-09 11:11:05.164 69756 INFO tempest.lib.common.rest_client [req-643f042b-187f-4982-9e1d-ae86bb4d54c9 req-643f042b-187f-4982-9e1d-ae86bb4d54c9 ] Request (ImagesOneServerNegativeTestJSON:tearDown): 200 GET http://10.180.1.21/compute/v2.1/servers/cf426e3f-1187-49a3-baf2-6e668af23fe0 0.467s
2025-04-09 11:11:05.211 69768 INFO tempest.lib.common.rest_client [req-6761adfc-cae3-4944-8f06-ece8a127d6a9 req-6761adfc-cae3-4944-8f06-ece8a127d6a9 ] Request (ListImageFiltersTestJSON:setUpClass): 200 GET http://10.180.1.21/compute/v2.1/images/bcbb50ee-a3be-4c6e-92af-cb18c3e153b4 0.194s
2025-04-09 11:11:05.215 69736 INFO tempest.lib.common.rest_client [req-9f2389de-8c50-4d43-96aa-4a77fc094dac req-9f2389de-8c50-4d43-96aa-4a77fc094dac ] Request (SecurityGroupsTestJSON:test_server_security_groups): 200 GET http://10.180.1.21/compute/v2.1/servers/0cdca785-e451-4391-9eee-9c310bff924d 0.225s
2025-04-09 11:11:05.364 69762 INFO tempest.lib.common.rest_client [req-b8156fed-782a-4125-8092-c0fab2a26783 req-b8156fed-782a-4125-8092-c0fab2a26783 ] Request (ListServersNegativeTestJSON:setUpClass): 200 GET http://10.180.1.21/compute/v2.1/servers/9794b7d7-2319-4b49-94b4-3478c397fcea 0.235s
2025-04-09 11:11:05.433 69796 INFO tempest.lib.common.rest_client [req-fdc6bbbe-3fa2-4424-a9ae-8668b3815598 req-fdc6bbbe-3fa2-4424-a9ae-8668b3815598 ] Request (AttachInterfacesV270Test:test_create_get_list_interfaces): 200 GET http://10.180.1.21/compute/v2.1/servers/555b0fa4-0a00-4aa3-afb8-2ced527008dd 0.342s
2025-04-09 11:11:05.438 69734 INFO tempest.lib.common.rest_client [req-9ad9331a-4775-4057-8930-12ba67a30c08 req-9ad9331a-4775-4057-8930-12ba67a30c08 ] Request (ServerMetadataNegativeTestJSON:tearDownClass): 200 GET http://10.180.1.21/compute/v2.1/servers/a2d78409-c1cb-4eaa-ab49-08d51f0d670b 0.266s
2025-04-09 11:11:05.442 69796 INFO tempest.common.waiters [-] State transition "BUILD/None" ==> "BUILD/block_device_mapping" after 56 second wait
2025-04-09 11:11:05.503 69766 INFO tempest.lib.common.rest_client [req-d821cbdc-cd8b-4bf4-9f01-74a57bb7f6c0 req-d821cbdc-cd8b-4bf4-9f01-74a57bb7f6c0 ] Request (TenantUsagesTestJSON:tearDownClass): 200 GET http://10.180.1.21/compute/v2.1/servers/03603f13-a3d3-4960-889c-4f26d1eef446 0.271s
2025-04-09 11:11:05.569 69782 INFO tempest.lib.common.rest_client [req-ca652675-fc26-4099-86e8-e340d18cc6ab req-ca652675-fc26-4099-86e8-e340d18cc6ab ] Request (MigrationsAdminTest:test_list_migrations_in_flavor_resize_situation): 200 GET http://10.180.1.21/compute/v2.1/servers/065960f4-681e-4867-9b12-00672a5a9055 0.303s
2025-04-09 11:11:05.573 69748 INFO tempest.lib.common.rest_client [req-4ce0658e-e1b5-486d-8d2f-4274b430a54a req-4ce0658e-e1b5-486d-8d2f-4274b430a54a ] Request (FloatingIPsAssociationNegativeTestJSON:tearDownClass): 200 GET http://10.180.1.21/compute/v2.1/servers/128c4e20-7be2-403b-ab7c-e7d2a0ba1f62 0.272s
2025-04-09 11:11:05.641 69744 INFO tempest.lib.common.rest_client [req-3c184b76-fffb-41c2-8a48-77903de3da92 req-3c184b76-fffb-41c2-8a48-77903de3da92 ] Request (ServersAdminNegativeTestJSON:tearDownClass): 200 GET http://10.180.1.21/compute/v2.1/servers/e6f2af6a-16e7-48f8-b199-0a093cd4bac5 0.312s
2025-04-09 11:11:05.647 69780 INFO tempest.lib.common.rest_client [req-e9d12420-1baf-456f-b91b-30524cb3455f req-e9d12420-1baf-456f-b91b-30524cb3455f ] Request (ServersTestJSON:test_create_server_specify_multibyte_character_name): 200 GET http://10.180.1.21/compute/v2.1/servers/9848c369-d516-4e71-9d00-6f21d0dda7e4 0.281s
2025-04-09 11:11:05.703 69740 INFO tempest.lib.common.rest_client [req-90a8dbc8-5898-4cbd-af3c-9d2e0f6e13e9 req-90a8dbc8-5898-4cbd-af3c-9d2e0f6e13e9 ] Request (ServersTestJSON:setUpClass): 200 GET http://10.180.1.21/compute/v2.1/servers/34eaab5d-18bd-4868-a439-7ae67fdecc3b 0.304s
2025-04-09 11:11:05.707 69786 INFO tempest.lib.common.rest_client [req-aaf24afc-668a-4ef9-aa73-f0ea5837db0b req-aaf24afc-668a-4ef9-aa73-f0ea5837db0b ] Request (ImagesTestJSON:test_create_image_from_suspended_server): 200 GET http://10.180.1.21/compute/v2.1/servers/fef4cad8-9e52-4c98-a450-5cbcb43f19d9 0.274s
2025-04-09 11:11:05.758 69760 INFO tempest.lib.common.rest_client [req-2b5b6dd1-88dc-496b-96c5-9dc1c2fb5b32 req-2b5b6dd1-88dc-496b-96c5-9dc1c2fb5b32 ] Request (ServersWithSpecificFlavorTestJSON:test_verify_created_server_ephemeral_disk): 200 GET http://10.180.1.21/compute/v2.1/servers/0c614753-736c-4a3d-9690-692674dd7c35 0.226s
2025-04-09 11:11:05.767 69738 INFO tempest.lib.common.rest_client [req-09e380b1-cc33-47be-9d51-03c638cc271e req-09e380b1-cc33-47be-9d51-03c638cc271e ] Request (ServersV294TestFqdnHostnames:setUpClass): 200 GET http://10.180.1.21/compute/v2.1/servers/8ceee979-38df-4fd1-81af-bf1436af8ec9 0.267s
2025-04-09 11:11:05.814 69788 INFO tempest.lib.common.rest_client [req-550f2198-ecae-4755-89cf-a25393404eee req-550f2198-ecae-4755-89cf-a25393404eee ] Request (FloatingIPsAssociationTestJSON:test_associate_already_associated_floating_ip): 200 GET http://10.180.1.21/compute/v2.1/servers/cdffdfdf-9505-497b-9b37-7a8dcb35d0f8 0.247s
2025-04-09 11:11:05.824 69788 INFO tempest.common.waiters [-] State transition "BUILD/scheduling" ==> "BUILD/None" after 40 second wait
2025-04-09 11:11:05.830 69792 INFO tempest.lib.common.rest_client [req-942a3845-34cf-4222-90a3-5e863173f8f8 req-942a3845-34cf-4222-90a3-5e863173f8f8 ] Request (MultipleCreateTestJSON:test_multiple_create): 200 GET http://10.180.1.21/compute/v2.1/servers/34d5f258-9dba-438d-9a91-f40138283ffc 0.222s
2025-04-09 11:11:05.880 69770 INFO tempest.lib.common.rest_client [req-6e243254-54b6-4015-baf5-f89cd545b6a7 req-6e243254-54b6-4015-baf5-f89cd545b6a7 ] Request (ServerExternalEventsTest:test_create_server_external_events): 200 GET http://10.180.1.21/compute/v2.1/servers/49c399d8-1be9-45aa-974b-19cb742d8685 0.223s
2025-04-09 11:11:05.881 69784 INFO tempest.lib.common.rest_client [req-d848f30e-b2ec-4fbb-8cd2-29825421b055 req-d848f30e-b2ec-4fbb-8cd2-29825421b055 ] Request (DeleteServersTestJSON:test_delete_server_while_in_attached_volume): 200 GET http://10.180.1.21/compute/v2.1/servers/8d8c0afd-ded8-4fa3-9e95-f2967a4fa4d8 0.173s
2025-04-09 11:11:05.905 69795 INFO tempest.lib.common.rest_client [req-1d534c1c-2f2c-4180-aa64-9c35e36d5ddb req-1d534c1c-2f2c-4180-aa64-9c35e36d5ddb ] Request (ServersAdminTestJSON:setUpClass): 200 PUT http://10.180.1.21:9696/networking/v2.0/routers/e508fd7a-9806-4859-8e44-da5676bec142/add_router_interface 1.393s
2025-04-09 11:11:05.905 69795 INFO tempest.lib.common.dynamic_creds [-] Created isolated network resources for: credentials: Credentials: {'domain_id': 'default', 'domain_name': 'Default', 'username': 'tempest-ServersAdminTestJSON-1518569729-project-admin', 'project_domain_id': 'default', 'project_domain_name': 'Default', 'project_id': 'b0f8ee76041c499d9c1b0259129ad12b', 'project_name': 'tempest-ServersAdminTestJSON-1518569729', 'tenant_id': 'b0f8ee76041c499d9c1b0259129ad12b', 'tenant_name': 'tempest-ServersAdminTestJSON-1518569729', 'user_domain_id': 'default', 'user_domain_name': 'Default', 'user_id': 'b32213fa090a4ced9f94b0cb47813301', 'system': None}, Network: {'id': '81afb598-3b6c-423d-83d4-d7f5773deecd', 'name': 'tempest-ServersAdminTestJSON-714592765-network', 'tenant_id': 'b0f8ee76041c499d9c1b0259129ad12b', 'admin_state_up': True, 'mtu': 8950, 'status': 'ACTIVE', 'subnets': [], 'shared': False, 'project_id': 'b0f8ee76041c499d9c1b0259129ad12b', 'port_security_enabled': True, 'router:external': False, 'provider:network_type': 'vlan', 'provider:physical_network': 'default', 'provider:segmentation_id': 102, 'availability_zone_hints': [], 'availability_zones': [], 'ipv4_address_scope': None, 'ipv6_address_scope': None, 'description': '', 'tags': [], 'created_at': '2025-04-09T11:11:03Z', 'updated_at': '2025-04-09T11:11:03Z', 'revision_number': 1}, Subnet: {'id': 'd35a0490-b104-4346-88f8-62fa4122ac4b', 'name': 'tempest-ServersAdminTestJSON-714592765-subnet', 'tenant_id': 'b0f8ee76041c499d9c1b0259129ad12b', 'network_id': '81afb598-3b6c-423d-83d4-d7f5773deecd', 'ip_version': 4, 'subnetpool_id': None, 'enable_dhcp': True, 'ipv6_ra_mode': None, 'ipv6_address_mode': None, 'gateway_ip': '192.168.128.1', 'cidr': '192.168.128.0/28', 'allocation_pools': [{'start': '192.168.128.2', 'end': '192.168.128.14'}], 'host_routes': [], 'dns_nameservers': [], 'description': '', 'router:external': False, 'service_types': [], 'tags': [], 'created_at': '2025-04-09T11:11:03Z', 'updated_at': '2025-04-09T11:11:03Z', 'revision_number': 0, 'project_id': 'b0f8ee76041c499d9c1b0259129ad12b'}, Router: {'id': 'e508fd7a-9806-4859-8e44-da5676bec142', 'name': 'tempest-ServersAdminTestJSON-714592765-router', 'tenant_id': 'b0f8ee76041c499d9c1b0259129ad12b', 'admin_state_up': True, 'status': 'ACTIVE', 'external_gateway_info': {'network_id': 'ea103fc6-7954-4eda-9ee2-679255bf6129', 'external_fixed_ips': [{'subnet_id': '1564f3fa-40e4-4c50-8022-f94766fee17e', 'ip_address': '10.180.180.238'}], 'enable_snat': True}, 'description': '', 'availability_zones': [], 'distributed': False, 'ha': False, 'availability_zone_hints': [], 'routes': [], 'flavor_id': None, 'tags': [], 'created_at': '2025-04-09T11:11:03Z', 'updated_at': '2025-04-09T11:11:04Z', 'revision_number': 2, 'project_id': 'b0f8ee76041c499d9c1b0259129ad12b'}
2025-04-09 11:11:05.941 69776 INFO tempest.lib.common.rest_client [req-212bbeef-0419-4f7c-9792-b9224a11839b req-212bbeef-0419-4f7c-9792-b9224a11839b ] Request (ServerAddressesNegativeTestJSON:tearDownClass): 200 GET http://10.180.1.21/compute/v2.1/servers/3bce4c1a-a27e-42d5-811a-8f400d4af972 0.128s
2025-04-09 11:11:05.954 69772 INFO tempest.lib.common.rest_client [req-03c1987e-ef50-4e2c-8813-868c75a312ee req-03c1987e-ef50-4e2c-8813-868c75a312ee ] Request (ServersTestMultiNic:test_verify_multiple_nics_order): 200 GET http://10.180.1.21/compute/v2.1/servers/10726899-1cb9-4d56-bb77-36c41176ca8b 0.054s
2025-04-09 11:11:06.013 69795 INFO tempest.lib.common.rest_client [req-f27ab508-437b-4705-9039-02d529da844b req-f27ab508-437b-4705-9039-02d529da844b ] Request (ServersAdminTestJSON:setUpClass): 201 POST http://10.180.1.21/identity/v3/auth/tokens 0.103s
2025-04-09 11:11:06.037 69758 INFO tempest.lib.common.rest_client [req-3e79fca4-5ec2-4a22-9eb1-fec4007cc509 req-3e79fca4-5ec2-4a22-9eb1-fec4007cc509 ] Request (ServerShowV257Test:test_rebuild_server): 200 GET http://10.180.1.21/compute/v2.1/servers/9966e2b7-5af8-4307-94e2-78e5975b8e14 0.058s
2025-04-09 11:11:06.082 69795 INFO tempest.lib.common.rest_client [req-b9259549-d958-41ee-a86f-33280c7f4753 req-b9259549-d958-41ee-a86f-33280c7f4753 ] Request (ServersAdminTestJSON:setUpClass): 201 POST http://10.180.1.21/identity/v3/auth/tokens 0.065s
2025-04-09 11:11:06.082 69795 INFO tempest.lib.common.fixed_network [-] (ServersAdminTestJSON:setUpClass) Found network {'id': '1662fe48-2100-4f58-9071-5e5c32d85f08', 'name': 'tempest-ServersAdminTestJSON-519586079-network', 'tenant_id': '14cb180a19af409ab3cbb02a5fd08c6b', 'admin_state_up': True, 'mtu': 8950, 'status': 'ACTIVE', 'subnets': [], 'shared': False, 'project_id': '14cb180a19af409ab3cbb02a5fd08c6b', 'port_security_enabled': True, 'router:external': False, 'provider:network_type': 'vlan', 'provider:physical_network': 'default', 'provider:segmentation_id': 645, 'availability_zone_hints': [], 'availability_zones': [], 'ipv4_address_scope': None, 'ipv6_address_scope': None, 'description': '', 'tags': [], 'created_at': '2025-04-09T11:11:00Z', 'updated_at': '2025-04-09T11:11:00Z', 'revision_number': 1} available for tenant
2025-04-09 11:11:06.097 69778 INFO tempest.lib.common.rest_client [req-3eb8b8a9-2901-4e18-962f-62bfdcb0623b req-3eb8b8a9-2901-4e18-962f-62bfdcb0623b ] Request (ServerActionsTestOtherA:setUpClass): 200 GET http://10.180.1.21/compute/v2.1/servers/5577226c-6081-4ae5-909f-2dea19be98a1 0.055s
2025-04-09 11:11:06.190 69742 INFO tempest.lib.common.rest_client [req-b5484950-960d-4e86-9f2a-fab60d63b915 req-b5484950-960d-4e86-9f2a-fab60d63b915 ] Request (DeleteServersAdminTestJSON:test_delete_server_while_in_error_state): 200 GET http://10.180.1.21/compute/v2.1/servers/677f4657-cc6f-4528-bf47-dd0aa59fdb58 0.072s
2025-04-09 11:11:06.358 69756 INFO tempest.lib.common.rest_client [req-7cfdd688-da98-4547-a650-d27f55e9abbd req-7cfdd688-da98-4547-a650-d27f55e9abbd ] Request (ImagesOneServerNegativeTestJSON:tearDown): 200 GET http://10.180.1.21/compute/v2.1/servers/cf426e3f-1187-49a3-baf2-6e668af23fe0 0.183s
2025-04-09 11:11:06.366 69756 INFO tempest.common.waiters [-] State transition "ACTIVE/image_uploading" ==> "ACTIVE/None" after 8 second wait
2025-04-09 11:11:06.397 69768 INFO tempest.lib.common.rest_client [req-d11f46b2-2295-42ef-add2-215833aa54c9 req-d11f46b2-2295-42ef-add2-215833aa54c9 ] Request (ListImageFiltersTestJSON:setUpClass): 200 GET http://10.180.1.21/compute/v2.1/images/bcbb50ee-a3be-4c6e-92af-cb18c3e153b4 0.182s
2025-04-09 11:11:06.460 69795 INFO tempest.lib.common.rest_client [req-6db82483-5dfb-4ea4-89c5-289a268ccf25 req-6db82483-5dfb-4ea4-89c5-289a268ccf25 ] Request (ServersAdminTestJSON:setUpClass): 202 POST http://10.180.1.21/compute/v2.1/servers 0.376s
2025-04-09 11:11:06.473 69736 INFO tempest.lib.common.rest_client [req-63336c4a-3b5c-497b-8db6-bc0cd67bd0cd req-63336c4a-3b5c-497b-8db6-bc0cd67bd0cd ] Request (SecurityGroupsTestJSON:test_server_security_groups): 200 GET http://10.180.1.21/compute/v2.1/servers/0cdca785-e451-4391-9eee-9c310bff924d 0.240s
2025-04-09 11:11:06.501 69795 INFO tempest.lib.common.rest_client [req-3d56eac4-ef76-44a0-964e-2d45da779872 req-3d56eac4-ef76-44a0-964e-2d45da779872 ] Request (ServersAdminTestJSON:setUpClass): 201 POST http://10.180.1.21/identity/v3/auth/tokens 0.034s
2025-04-09 11:11:06.501 69795 INFO tempest.lib.common.fixed_network [-] (ServersAdminTestJSON:setUpClass) Found network {'id': '1662fe48-2100-4f58-9071-5e5c32d85f08', 'name': 'tempest-ServersAdminTestJSON-519586079-network', 'tenant_id': '14cb180a19af409ab3cbb02a5fd08c6b', 'admin_state_up': True, 'mtu': 8950, 'status': 'ACTIVE', 'subnets': [], 'shared': False, 'project_id': '14cb180a19af409ab3cbb02a5fd08c6b', 'port_security_enabled': True, 'router:external': False, 'provider:network_type': 'vlan', 'provider:physical_network': 'default', 'provider:segmentation_id': 645, 'availability_zone_hints': [], 'availability_zones': [], 'ipv4_address_scope': None, 'ipv6_address_scope': None, 'description': '', 'tags': [], 'created_at': '2025-04-09T11:11:00Z', 'updated_at': '2025-04-09T11:11:00Z', 'revision_number': 1} available for tenant
2025-04-09 11:11:06.545 69756 INFO tempest.lib.common.rest_client [req-05d4405e-5f95-4d5f-b069-14f2315cb420 req-05d4405e-5f95-4d5f-b069-14f2315cb420 ] Request (ImagesOneServerNegativeTestJSON:_run_cleanups): 204 DELETE http://10.180.1.21/compute/v2.1/servers/cf426e3f-1187-49a3-baf2-6e668af23fe0 0.178s
2025-04-09 11:11:06.630 69762 INFO tempest.lib.common.rest_client [req-091742f5-a275-4229-acc5-d15f89494e93 req-091742f5-a275-4229-acc5-d15f89494e93 ] Request (ListServersNegativeTestJSON:setUpClass): 200 GET http://10.180.1.21/compute/v2.1/servers/9794b7d7-2319-4b49-94b4-3478c397fcea 0.257s
2025-04-09 11:11:06.664 69796 INFO tempest.lib.common.rest_client [req-12e5ed92-db9c-4b54-a151-b480d810709c req-12e5ed92-db9c-4b54-a151-b480d810709c ] Request (AttachInterfacesV270Test:test_create_get_list_interfaces): 200 GET http://10.180.1.21/compute/v2.1/servers/555b0fa4-0a00-4aa3-afb8-2ced527008dd 0.220s
2025-04-09 11:11:06.677 69796 INFO tempest.common.waiters [-] State transition "BUILD/block_device_mapping" ==> "BUILD/spawning" after 57 second wait
2025-04-09 11:11:06.704 69734 INFO tempest.lib.common.rest_client [req-07efe729-da21-48ae-81d0-0785e6d854ea req-07efe729-da21-48ae-81d0-0785e6d854ea ] Request (ServerMetadataNegativeTestJSON:tearDownClass): 200 GET http://10.180.1.21/compute/v2.1/servers/a2d78409-c1cb-4eaa-ab49-08d51f0d670b 0.252s
2025-04-09 11:11:06.777 69766 INFO tempest.lib.common.rest_client [req-9c48fbd9-abbd-4504-9692-43261751dbf7 req-9c48fbd9-abbd-4504-9692-43261751dbf7 ] Request (TenantUsagesTestJSON:tearDownClass): 200 GET http://10.180.1.21/compute/v2.1/servers/03603f13-a3d3-4960-889c-4f26d1eef446 0.263s
2025-04-09 11:11:06.893 69756 INFO tempest.lib.common.rest_client [req-e990aa77-0f99-4e04-9c7a-d05fa7eccce2 req-e990aa77-0f99-4e04-9c7a-d05fa7eccce2 ] Request (ImagesOneServerNegativeTestJSON:_run_cleanups): 200 GET http://10.180.1.21/compute/v2.1/servers/cf426e3f-1187-49a3-baf2-6e668af23fe0 0.347s
2025-04-09 11:11:06.968 69795 INFO tempest.lib.common.rest_client [req-538342f2-23ca-443c-a204-ac3dd6aee36d req-538342f2-23ca-443c-a204-ac3dd6aee36d ] Request (ServersAdminTestJSON:setUpClass): 202 POST http://10.180.1.21/compute/v2.1/servers 0.466s
2025-04-09 11:11:07.007 69782 INFO tempest.lib.common.rest_client [req-3aa0f65a-392c-4363-b827-d2686365e459 req-3aa0f65a-392c-4363-b827-d2686365e459 ] Request (MigrationsAdminTest:test_list_migrations_in_flavor_resize_situation): 200 GET http://10.180.1.21/compute/v2.1/servers/065960f4-681e-4867-9b12-00672a5a9055 0.423s
2025-04-09 11:11:07.029 69748 INFO tempest.lib.common.rest_client [req-d0cb4a80-d2ef-4d08-a65f-00de93b30583 req-d0cb4a80-d2ef-4d08-a65f-00de93b30583 ] Request (FloatingIPsAssociationNegativeTestJSON:tearDownClass): 200 GET http://10.180.1.21/compute/v2.1/servers/128c4e20-7be2-403b-ab7c-e7d2a0ba1f62 0.444s
2025-04-09 11:11:07.061 69780 INFO tempest.lib.common.rest_client [req-83fea592-c9ad-4fb8-8f02-ff28007254df req-83fea592-c9ad-4fb8-8f02-ff28007254df ] Request (ServersTestJSON:test_create_server_specify_multibyte_character_name): 200 GET http://10.180.1.21/compute/v2.1/servers/9848c369-d516-4e71-9d00-6f21d0dda7e4 0.405s
2025-04-09 11:11:07.101 69744 INFO tempest.lib.common.rest_client [req-823b49cc-b6f0-4ce1-846b-73bb57d97758 req-823b49cc-b6f0-4ce1-846b-73bb57d97758 ] Request (ServersAdminNegativeTestJSON:tearDownClass): 200 GET http://10.180.1.21/compute/v2.1/servers/e6f2af6a-16e7-48f8-b199-0a093cd4bac5 0.444s
2025-04-09 11:11:07.125 69740 INFO tempest.lib.common.rest_client [req-e967f5dc-3512-4def-960d-154ae058e711 req-e967f5dc-3512-4def-960d-154ae058e711 ] Request (ServersTestJSON:setUpClass): 200 GET http://10.180.1.21/compute/v2.1/servers/34eaab5d-18bd-4868-a439-7ae67fdecc3b 0.414s
2025-04-09 11:11:07.155 69786 INFO tempest.lib.common.rest_client [req-b92f4ab9-101b-4d33-8421-bbd2f5c07115 req-b92f4ab9-101b-4d33-8421-bbd2f5c07115 ] Request (ImagesTestJSON:test_create_image_from_suspended_server): 200 GET http://10.180.1.21/compute/v2.1/servers/fef4cad8-9e52-4c98-a450-5cbcb43f19d9 0.440s
2025-04-09 11:11:07.214 69760 INFO tempest.lib.common.rest_client [req-340f9127-0435-4c84-b347-ac8982e07016 req-340f9127-0435-4c84-b347-ac8982e07016 ] Request (ServersWithSpecificFlavorTestJSON:test_verify_created_server_ephemeral_disk): 200 GET http://10.180.1.21/compute/v2.1/servers/0c614753-736c-4a3d-9690-692674dd7c35 0.446s
2025-04-09 11:11:07.221 69738 INFO tempest.lib.common.rest_client [req-ab2b04db-7e3f-4785-b423-9f5a144835af req-ab2b04db-7e3f-4785-b423-9f5a144835af ] Request (ServersV294TestFqdnHostnames:setUpClass): 200 GET http://10.180.1.21/compute/v2.1/servers/8ceee979-38df-4fd1-81af-bf1436af8ec9 0.439s
2025-04-09 11:11:07.262 69788 INFO tempest.lib.common.rest_client [req-fbf928ad-e6b7-47e4-9685-bf4c286950f6 req-fbf928ad-e6b7-47e4-9685-bf4c286950f6 ] Request (FloatingIPsAssociationTestJSON:test_associate_already_associated_floating_ip): 200 GET http://10.180.1.21/compute/v2.1/servers/cdffdfdf-9505-497b-9b37-7a8dcb35d0f8 0.437s
2025-04-09 11:11:07.269 69792 INFO tempest.lib.common.rest_client [req-9c10f646-41cf-4a44-a782-8ce43c7c7600 req-9c10f646-41cf-4a44-a782-8ce43c7c7600 ] Request (MultipleCreateTestJSON:test_multiple_create): 200 GET http://10.180.1.21/compute/v2.1/servers/34d5f258-9dba-438d-9a91-f40138283ffc 0.427s
2025-04-09 11:11:07.310 69770 INFO tempest.lib.common.rest_client [req-228f7cb3-6b03-478c-b617-fdb4524b2bdc req-228f7cb3-6b03-478c-b617-fdb4524b2bdc ] Request (ServerExternalEventsTest:test_create_server_external_events): 200 GET http://10.180.1.21/compute/v2.1/servers/49c399d8-1be9-45aa-974b-19cb742d8685 0.419s
2025-04-09 11:11:07.315 69784 INFO tempest.lib.common.rest_client [req-b3471d52-0d7f-4f97-bf01-0c39dfbba411 req-b3471d52-0d7f-4f97-bf01-0c39dfbba411 ] Request (DeleteServersTestJSON:test_delete_server_while_in_attached_volume): 200 GET http://10.180.1.21/compute/v2.1/servers/8d8c0afd-ded8-4fa3-9e95-f2967a4fa4d8 0.421s
2025-04-09 11:11:07.365 69772 INFO tempest.lib.common.rest_client [req-23c1374d-f062-486c-ba59-de59d146e2db req-23c1374d-f062-486c-ba59-de59d146e2db ] Request (ServersTestMultiNic:test_verify_multiple_nics_order): 200 GET http://10.180.1.21/compute/v2.1/servers/10726899-1cb9-4d56-bb77-36c41176ca8b 0.403s
2025-04-09 11:11:07.376 69776 INFO tempest.lib.common.rest_client [req-8f457b90-e815-4216-8fa4-4ab17f7d6e4d req-8f457b90-e815-4216-8fa4-4ab17f7d6e4d ] Request (ServerAddressesNegativeTestJSON:tearDownClass): 200 GET http://10.180.1.21/compute/v2.1/servers/3bce4c1a-a27e-42d5-811a-8f400d4af972 0.427s
2025-04-09 11:11:07.408 69795 INFO tempest.lib.common.rest_client [req-59c8e9e8-a1fb-48a3-be45-aece4245a09a req-59c8e9e8-a1fb-48a3-be45-aece4245a09a ] Request (ServersAdminTestJSON:setUpClass): 200 GET http://10.180.1.21/compute/v2.1/servers/59be5fbd-08c1-45a9-9f8f-0bbe90384a24 0.438s
2025-04-09 11:11:07.423 69758 INFO tempest.lib.common.rest_client [req-fb47bcde-4a0f-440c-9759-12622412dc17 req-fb47bcde-4a0f-440c-9759-12622412dc17 ] Request (ServerShowV257Test:test_rebuild_server): 200 GET http://10.180.1.21/compute/v2.1/servers/9966e2b7-5af8-4307-94e2-78e5975b8e14 0.375s
2025-04-09 11:11:07.458 69778 INFO tempest.lib.common.rest_client [req-d24771b2-5b0e-4d4e-a60d-65556d9fb375 req-d24771b2-5b0e-4d4e-a60d-65556d9fb375 ] Request (ServerActionsTestOtherA:setUpClass): 200 GET http://10.180.1.21/compute/v2.1/servers/5577226c-6081-4ae5-909f-2dea19be98a1 0.353s
2025-04-09 11:11:07.482 69742 INFO tempest.lib.common.rest_client [req-f0ce7155-aa79-4c44-8e49-a96db28560be req-f0ce7155-aa79-4c44-8e49-a96db28560be ] Request (DeleteServersAdminTestJSON:test_delete_server_while_in_error_state): 200 GET http://10.180.1.21/compute/v2.1/servers/677f4657-cc6f-4528-bf47-dd0aa59fdb58 0.284s
2025-04-09 11:11:07.502 69768 INFO tempest.lib.common.rest_client [req-017bb9cf-046e-4232-8f00-48dd27f4632e req-017bb9cf-046e-4232-8f00-48dd27f4632e ] Request (ListImageFiltersTestJSON:setUpClass): 200 GET http://10.180.1.21/compute/v2.1/images/bcbb50ee-a3be-4c6e-92af-cb18c3e153b4 0.101s
2025-04-09 11:11:07.566 69736 INFO tempest.lib.common.rest_client [req-367a3b60-3cd2-4021-b477-a95f3cc59297 req-367a3b60-3cd2-4021-b477-a95f3cc59297 ] Request (SecurityGroupsTestJSON:test_server_security_groups): 200 GET http://10.180.1.21/compute/v2.1/servers/0cdca785-e451-4391-9eee-9c310bff924d 0.080s
2025-04-09 11:11:07.748 69762 INFO tempest.lib.common.rest_client [req-16f4347d-e8e0-4e7c-8d8d-78ca736fb684 req-16f4347d-e8e0-4e7c-8d8d-78ca736fb684 ] Request (ListServersNegativeTestJSON:setUpClass): 200 GET http://10.180.1.21/compute/v2.1/servers/9794b7d7-2319-4b49-94b4-3478c397fcea 0.108s
2025-04-09 11:11:07.789 69796 INFO tempest.lib.common.rest_client [req-e9d8b9be-6437-48b5-a492-a0ab840fa22f req-e9d8b9be-6437-48b5-a492-a0ab840fa22f ] Request (AttachInterfacesV270Test:test_create_get_list_interfaces): 200 GET http://10.180.1.21/compute/v2.1/servers/555b0fa4-0a00-4aa3-afb8-2ced527008dd 0.110s
2025-04-09 11:11:07.818 69734 INFO tempest.lib.common.rest_client [req-d80f7e12-9111-4412-b101-7b05959ac76a req-d80f7e12-9111-4412-b101-7b05959ac76a ] Request (ServerMetadataNegativeTestJSON:tearDownClass): 200 GET http://10.180.1.21/compute/v2.1/servers/a2d78409-c1cb-4eaa-ab49-08d51f0d670b 0.102s
2025-04-09 11:11:07.850 69766 INFO tempest.lib.common.rest_client [req-8e8c421d-36a4-4d55-b37f-91c19918d3dc req-8e8c421d-36a4-4d55-b37f-91c19918d3dc ] Request (TenantUsagesTestJSON:tearDownClass): 200 GET http://10.180.1.21/compute/v2.1/servers/03603f13-a3d3-4960-889c-4f26d1eef446 0.064s
2025-04-09 11:11:08.013 69756 INFO tempest.lib.common.rest_client [req-bac1751f-572b-4e50-940c-f690c25bb41b req-bac1751f-572b-4e50-940c-f690c25bb41b ] Request (ImagesOneServerNegativeTestJSON:_run_cleanups): 200 GET http://10.180.1.21/compute/v2.1/servers/cf426e3f-1187-49a3-baf2-6e668af23fe0 0.107s
2025-04-09 11:11:08.104 69748 INFO tempest.lib.common.rest_client [req-659a0e9c-ebe7-498a-b3d2-f95e3d4532c4 req-659a0e9c-ebe7-498a-b3d2-f95e3d4532c4 ] Request (FloatingIPsAssociationNegativeTestJSON:tearDownClass): 200 GET http://10.180.1.21/compute/v2.1/servers/128c4e20-7be2-403b-ab7c-e7d2a0ba1f62 0.067s
2025-04-09 11:11:08.178 69782 INFO tempest.lib.common.rest_client [req-bffcb216-8a03-4ad0-b16d-4a57a258cc94 req-bffcb216-8a03-4ad0-b16d-4a57a258cc94 ] Request (MigrationsAdminTest:test_list_migrations_in_flavor_resize_situation): 200 GET http://10.180.1.21/compute/v2.1/servers/065960f4-681e-4867-9b12-00672a5a9055 0.157s
2025-04-09 11:11:08.180 69780 INFO tempest.lib.common.rest_client [req-04105076-4443-499b-94e6-fbc5a7d2d96e req-04105076-4443-499b-94e6-fbc5a7d2d96e ] Request (ServersTestJSON:test_create_server_specify_multibyte_character_name): 200 GET http://10.180.1.21/compute/v2.1/servers/9848c369-d516-4e71-9d00-6f21d0dda7e4 0.108s
2025-04-09 11:11:08.240 69740 INFO tempest.lib.common.rest_client [req-019db316-7236-43fa-a877-49e3289be282 req-019db316-7236-43fa-a877-49e3289be282 ] Request (ServersTestJSON:setUpClass): 200 GET http://10.180.1.21/compute/v2.1/servers/34eaab5d-18bd-4868-a439-7ae67fdecc3b 0.103s
2025-04-09 11:11:08.260 69744 INFO tempest.lib.common.rest_client [req-d86bf9f4-b8a3-47ab-a729-2e9f6854ab87 req-d86bf9f4-b8a3-47ab-a729-2e9f6854ab87 ] Request (ServersAdminNegativeTestJSON:tearDownClass): 200 GET http://10.180.1.21/compute/v2.1/servers/e6f2af6a-16e7-48f8-b199-0a093cd4bac5 0.149s
2025-04-09 11:11:08.309 69786 INFO tempest.lib.common.rest_client [req-4f08f28f-a47b-42bb-ad33-73809375c71b req-4f08f28f-a47b-42bb-ad33-73809375c71b ] Request (ImagesTestJSON:test_create_image_from_suspended_server): 200 GET http://10.180.1.21/compute/v2.1/servers/fef4cad8-9e52-4c98-a450-5cbcb43f19d9 0.139s
2025-04-09 11:11:08.315 69760 INFO tempest.lib.common.rest_client [req-04a532d4-017b-4566-b18f-20e2b41c2454 req-04a532d4-017b-4566-b18f-20e2b41c2454 ] Request (ServersWithSpecificFlavorTestJSON:test_verify_created_server_ephemeral_disk): 200 GET http://10.180.1.21/compute/v2.1/servers/0c614753-736c-4a3d-9690-692674dd7c35 0.092s
2025-04-09 11:11:08.371 69788 INFO tempest.lib.common.rest_client [req-5184bcb5-fcac-463c-aba6-3a0e67909a57 req-5184bcb5-fcac-463c-aba6-3a0e67909a57 ] Request (FloatingIPsAssociationTestJSON:test_associate_already_associated_floating_ip): 200 GET http://10.180.1.21/compute/v2.1/servers/cdffdfdf-9505-497b-9b37-7a8dcb35d0f8 0.099s
2025-04-09 11:11:08.373 69738 INFO tempest.lib.common.rest_client [req-0169833a-3a4b-464f-be6f-eed40344e8ef req-0169833a-3a4b-464f-be6f-eed40344e8ef ] Request (ServersV294TestFqdnHostnames:setUpClass): 200 GET http://10.180.1.21/compute/v2.1/servers/8ceee979-38df-4fd1-81af-bf1436af8ec9 0.140s
2025-04-09 11:11:08.431 69792 INFO tempest.lib.common.rest_client [req-fbdadb0d-d966-4482-a7cf-a3335c599e85 req-fbdadb0d-d966-4482-a7cf-a3335c599e85 ] Request (MultipleCreateTestJSON:test_multiple_create): 200 GET http://10.180.1.21/compute/v2.1/servers/34d5f258-9dba-438d-9a91-f40138283ffc 0.152s
2025-04-09 11:11:08.436 69770 INFO tempest.lib.common.rest_client [req-841a7ed0-21e0-4d18-9775-a56d11041ebf req-841a7ed0-21e0-4d18-9775-a56d11041ebf ] Request (ServerExternalEventsTest:test_create_server_external_events): 200 GET http://10.180.1.21/compute/v2.1/servers/49c399d8-1be9-45aa-974b-19cb742d8685 0.118s
2025-04-09 11:11:08.444 69770 INFO tempest.common.waiters [-] State transition "BUILD/scheduling" ==> "BUILD/None" after 42 second wait
2025-04-09 11:11:08.491 69772 INFO tempest.lib.common.rest_client [req-d9fc84a6-0a0d-4267-a951-d8ac45064c8c req-d9fc84a6-0a0d-4267-a951-d8ac45064c8c ] Request (ServersTestMultiNic:test_verify_multiple_nics_order): 200 GET http://10.180.1.21/compute/v2.1/servers/10726899-1cb9-4d56-bb77-36c41176ca8b 0.113s
2025-04-09 11:11:08.491 69784 INFO tempest.lib.common.rest_client [req-46796cd1-811a-49ea-ad65-cd37a8de657f req-46796cd1-811a-49ea-ad65-cd37a8de657f ] Request (DeleteServersTestJSON:test_delete_server_while_in_attached_volume): 200 GET http://10.180.1.21/compute/v2.1/servers/8d8c0afd-ded8-4fa3-9e95-f2967a4fa4d8 0.161s
2025-04-09 11:11:08.542 69795 INFO tempest.lib.common.rest_client [req-efde088b-b7f6-456e-a945-1cf63b0be20e req-efde088b-b7f6-456e-a945-1cf63b0be20e ] Request (ServersAdminTestJSON:setUpClass): 200 GET http://10.180.1.21/compute/v2.1/servers/59be5fbd-08c1-45a9-9f8f-0bbe90384a24 0.120s
2025-04-09 11:11:08.550 69776 INFO tempest.lib.common.rest_client [req-8c361fad-b2a5-40f2-a095-a48589f33743 req-8c361fad-b2a5-40f2-a095-a48589f33743 ] Request (ServerAddressesNegativeTestJSON:tearDownClass): 200 GET http://10.180.1.21/compute/v2.1/servers/3bce4c1a-a27e-42d5-811a-8f400d4af972 0.164s
2025-04-09 11:11:08.592 69758 INFO tempest.lib.common.rest_client [req-651aa38d-ec96-4ee9-be76-cbfb90c6757a req-651aa38d-ec96-4ee9-be76-cbfb90c6757a ] Request (ServerShowV257Test:test_rebuild_server): 200 GET http://10.180.1.21/compute/v2.1/servers/9966e2b7-5af8-4307-94e2-78e5975b8e14 0.157s
2025-04-09 11:11:08.601 69778 INFO tempest.lib.common.rest_client [req-ebd39667-a9ba-475d-8173-85c6a1254ebc req-ebd39667-a9ba-475d-8173-85c6a1254ebc ] Request (ServerActionsTestOtherA:setUpClass): 200 GET http://10.180.1.21/compute/v2.1/servers/5577226c-6081-4ae5-909f-2dea19be98a1 0.135s
2025-04-09 11:11:08.637 69768 INFO tempest.lib.common.rest_client [req-04a48458-b9c3-4d36-b5c8-4e5e87641815 req-04a48458-b9c3-4d36-b5c8-4e5e87641815 ] Request (ListImageFiltersTestJSON:setUpClass): 200 GET http://10.180.1.21/compute/v2.1/images/bcbb50ee-a3be-4c6e-92af-cb18c3e153b4 0.131s
2025-04-09 11:11:08.649 69742 INFO tempest.lib.common.rest_client [req-ff85014d-c1fa-4a7a-b065-b5b44c202e26 req-ff85014d-c1fa-4a7a-b065-b5b44c202e26 ] Request (DeleteServersAdminTestJSON:test_delete_server_while_in_error_state): 200 GET http://10.180.1.21/compute/v2.1/servers/677f4657-cc6f-4528-bf47-dd0aa59fdb58 0.155s
2025-04-09 11:11:08.687 69736 INFO tempest.lib.common.rest_client [req-ea8c0dd8-1720-4746-a365-f25ca967f397 req-ea8c0dd8-1720-4746-a365-f25ca967f397 ] Request (SecurityGroupsTestJSON:test_server_security_groups): 200 GET http://10.180.1.21/compute/v2.1/servers/0cdca785-e451-4391-9eee-9c310bff924d 0.111s
2025-04-09 11:11:08.878 69762 INFO tempest.lib.common.rest_client [req-67ffc3c7-9849-468b-a186-5df42e49c0b4 req-67ffc3c7-9849-468b-a186-5df42e49c0b4 ] Request (ListServersNegativeTestJSON:setUpClass): 200 GET http://10.180.1.21/compute/v2.1/servers/9794b7d7-2319-4b49-94b4-3478c397fcea 0.122s
2025-04-09 11:11:08.919 69796 INFO tempest.lib.common.rest_client [req-3189886f-70e8-4d91-bfe4-e9e141187db2 req-3189886f-70e8-4d91-bfe4-e9e141187db2 ] Request (AttachInterfacesV270Test:test_create_get_list_interfaces): 200 GET http://10.180.1.21/compute/v2.1/servers/555b0fa4-0a00-4aa3-afb8-2ced527008dd 0.120s
2025-04-09 11:11:08.936 69734 INFO tempest.lib.common.rest_client [req-248d9071-bd1c-4323-96c5-8396f5210d73 req-248d9071-bd1c-4323-96c5-8396f5210d73 ] Request (ServerMetadataNegativeTestJSON:tearDownClass): 200 GET http://10.180.1.21/compute/v2.1/servers/a2d78409-c1cb-4eaa-ab49-08d51f0d670b 0.108s
2025-04-09 11:11:08.993 69766 INFO tempest.lib.common.rest_client [req-c8d8a6b2-0637-42e4-ad4a-6ab8423cec60 req-c8d8a6b2-0637-42e4-ad4a-6ab8423cec60 ] Request (TenantUsagesTestJSON:tearDownClass): 200 GET http://10.180.1.21/compute/v2.1/servers/03603f13-a3d3-4960-889c-4f26d1eef446 0.133s
2025-04-09 11:11:09.078 69756 INFO tempest.lib.common.rest_client [req-d79b1481-802f-446d-95c4-ddff6182cc21 req-d79b1481-802f-446d-95c4-ddff6182cc21 ] Request (ImagesOneServerNegativeTestJSON:_run_cleanups): 200 GET http://10.180.1.21/compute/v2.1/servers/cf426e3f-1187-49a3-baf2-6e668af23fe0 0.057s
2025-04-09 11:11:09.186 69748 INFO tempest.lib.common.rest_client [req-99d42811-e0f0-4e64-a1c0-b513d44d937d req-99d42811-e0f0-4e64-a1c0-b513d44d937d ] Request (FloatingIPsAssociationNegativeTestJSON:tearDownClass): 200 GET http://10.180.1.21/compute/v2.1/servers/128c4e20-7be2-403b-ab7c-e7d2a0ba1f62 0.075s
2025-04-09 11:11:09.243 69780 INFO tempest.lib.common.rest_client [req-fe44ab89-4efb-48a9-af9b-afe71ea3c135 req-fe44ab89-4efb-48a9-af9b-afe71ea3c135 ] Request (ServersTestJSON:test_create_server_specify_multibyte_character_name): 200 GET http://10.180.1.21/compute/v2.1/servers/9848c369-d516-4e71-9d00-6f21d0dda7e4 0.052s
2025-04-09 11:11:09.307 69740 INFO tempest.lib.common.rest_client [req-f3426e54-f1f1-43bc-a6c6-e42b31dccef5 req-f3426e54-f1f1-43bc-a6c6-e42b31dccef5 ] Request (ServersTestJSON:setUpClass): 200 GET http://10.180.1.21/compute/v2.1/servers/34eaab5d-18bd-4868-a439-7ae67fdecc3b 0.054s
2025-04-09 11:11:09.325 69782 INFO tempest.lib.common.rest_client [req-2d08d396-ee9f-4636-b140-cc37bbae9cc1 req-2d08d396-ee9f-4636-b140-cc37bbae9cc1 ] Request (MigrationsAdminTest:test_list_migrations_in_flavor_resize_situation): 200 GET http://10.180.1.21/compute/v2.1/servers/065960f4-681e-4867-9b12-00672a5a9055 0.138s
2025-04-09 11:11:09.364 69744 INFO tempest.lib.common.rest_client [req-0b6eeb58-5b9e-4002-9972-aab403a51627 req-0b6eeb58-5b9e-4002-9972-aab403a51627 ] Request (ServersAdminNegativeTestJSON:tearDownClass): 200 GET http://10.180.1.21/compute/v2.1/servers/e6f2af6a-16e7-48f8-b199-0a093cd4bac5 0.096s
2025-04-09 11:11:09.374 69786 INFO tempest.lib.common.rest_client [req-169004ef-8663-433d-8a7e-ea8f03eb0afb req-169004ef-8663-433d-8a7e-ea8f03eb0afb ] Request (ImagesTestJSON:test_create_image_from_suspended_server): 200 GET http://10.180.1.21/compute/v2.1/servers/fef4cad8-9e52-4c98-a450-5cbcb43f19d9 0.056s
2025-04-09 11:11:09.412 69760 INFO tempest.lib.common.rest_client [req-4a4474ca-30f9-4bfa-a9bf-38ede80dd055 req-4a4474ca-30f9-4bfa-a9bf-38ede80dd055 ] Request (ServersWithSpecificFlavorTestJSON:test_verify_created_server_ephemeral_disk): 200 GET http://10.180.1.21/compute/v2.1/servers/0c614753-736c-4a3d-9690-692674dd7c35 0.089s
2025-04-09 11:11:09.432 69788 INFO tempest.lib.common.rest_client [req-638d4490-4b3e-49c5-acbe-83f56d727e1a req-638d4490-4b3e-49c5-acbe-83f56d727e1a ] Request (FloatingIPsAssociationTestJSON:test_associate_already_associated_floating_ip): 200 GET http://10.180.1.21/compute/v2.1/servers/cdffdfdf-9505-497b-9b37-7a8dcb35d0f8 0.052s
2025-04-09 11:11:09.462 69738 INFO tempest.lib.common.rest_client [req-1c8b3079-88ae-4d42-af37-b0d94a32cc59 req-1c8b3079-88ae-4d42-af37-b0d94a32cc59 ] Request (ServersV294TestFqdnHostnames:setUpClass): 200 GET http://10.180.1.21/compute/v2.1/servers/8ceee979-38df-4fd1-81af-bf1436af8ec9 0.078s
2025-04-09 11:11:09.486 69792 INFO tempest.lib.common.rest_client [req-3b69f5b1-29ae-4226-9395-c4638f52a0d9 req-3b69f5b1-29ae-4226-9395-c4638f52a0d9 ] Request (MultipleCreateTestJSON:test_multiple_create): 200 GET http://10.180.1.21/compute/v2.1/servers/34d5f258-9dba-438d-9a91-f40138283ffc 0.047s
2025-04-09 11:11:09.509 69770 INFO tempest.lib.common.rest_client [req-c065a6d8-0de0-44d8-94a4-086b813682c7 req-c065a6d8-0de0-44d8-94a4-086b813682c7 ] Request (ServerExternalEventsTest:test_create_server_external_events): 200 GET http://10.180.1.21/compute/v2.1/servers/49c399d8-1be9-45aa-974b-19cb742d8685 0.064s
2025-04-09 11:11:09.552 69772 INFO tempest.lib.common.rest_client [req-37054193-9e41-4c54-9a12-ab8cc5b19f32 req-37054193-9e41-4c54-9a12-ab8cc5b19f32 ] Request (ServersTestMultiNic:test_verify_multiple_nics_order): 200 GET http://10.180.1.21/compute/v2.1/servers/10726899-1cb9-4d56-bb77-36c41176ca8b 0.053s
