2025-04-09 11:10:52.258 69734 INFO tempest.lib.common.rest_client [req-d1f6ca8b-eb71-4fd1-bf9b-73ff59688d02 req-d1f6ca8b-eb71-4fd1-bf9b-73ff59688d02 ] Request (ServerMetadataNegativeTestJSON:tearDownClass): 200 GET http://10.180.1.21/compute/v2.1/servers/a2d78409-c1cb-4eaa-ab49-08d51f0d670b 0.073s
2025-04-09 11:10:52.302 69766 INFO tempest.lib.common.rest_client [req-983bdbe8-663d-4cd3-a5ce-546a7a562725 req-983bdbe8-663d-4cd3-a5ce-546a7a562725 ] Request (TenantUsagesTestJSON:tearDownClass): 200 GET http://10.180.1.21/compute/v2.1/servers/03603f13-a3d3-4960-889c-4f26d1eef446 0.059s
2025-04-09 11:10:52.351 69786 INFO tempest.lib.common.rest_client [req-edd307ce-bfb0-4a40-a5ec-f97a37fe026c req-edd307ce-bfb0-4a40-a5ec-f97a37fe026c ] Request (ImagesTestJSON:test_create_image_from_suspended_server): 200 GET http://10.180.1.21/compute/v2.1/servers/fef4cad8-9e52-4c98-a450-5cbcb43f19d9 0.062s
2025-04-09 11:10:52.389 69760 INFO tempest.lib.common.rest_client [req-8857e767-a44e-4e9a-a5de-c9dbaa71e0ad req-8857e767-a44e-4e9a-a5de-c9dbaa71e0ad ] Request (ServersWithSpecificFlavorTestJSON:test_verify_created_server_ephemeral_disk): 200 GET http://10.180.1.21/compute/v2.1/servers/0c614753-736c-4a3d-9690-692674dd7c35 0.051s
2025-04-09 11:10:52.429 69744 INFO tempest.lib.common.rest_client [req-35cf4bae-74ac-4987-95a2-d994510599f0 req-35cf4bae-74ac-4987-95a2-d994510599f0 ] Request (ServersAdminNegativeTestJSON:tearDownClass): 200 GET http://10.180.1.21/compute/v2.1/servers/e6f2af6a-16e7-48f8-b199-0a093cd4bac5 0.055s
2025-04-09 11:10:52.494 69780 INFO tempest.lib.common.rest_client [req-27101efc-daf9-47d9-ac03-7108cc281eef req-27101efc-daf9-47d9-ac03-7108cc281eef ] Request (ServersTestJSON:test_create_server_specify_multibyte_character_name): 200 GET http://10.180.1.21/compute/v2.1/servers/9848c369-d516-4e71-9d00-6f21d0dda7e4 0.053s
2025-04-09 11:10:52.519 69754 WARNING tempest.lib.common.ssh [-] Failed to establish authenticated ssh connection to cirros@10.180.180.171 ([Errno None] Unable to connect to port 22 on 10.180.180.171). Number attempts: 6. Retry after 7 seconds.: paramiko.ssh_exception.NoValidConnectionsError: [Errno None] Unable to connect to port 22 on 10.180.180.171
2025-04-09 11:10:52.519 69750 WARNING tempest.lib.common.ssh [-] Failed to establish authenticated ssh connection to cirros@10.180.180.250 ([Errno None] Unable to connect to port 22 on 10.180.180.250). Number attempts: 7. Retry after 8 seconds.: paramiko.ssh_exception.NoValidConnectionsError: [Errno None] Unable to connect to port 22 on 10.180.180.250
2025-04-09 11:10:52.553 69738 INFO tempest.lib.common.rest_client [req-cf4cc999-40d4-4916-9090-152782dc46d4 req-cf4cc999-40d4-4916-9090-152782dc46d4 ] Request (ServersV294TestFqdnHostnames:setUpClass): 200 GET http://10.180.1.21/compute/v2.1/servers/8ceee979-38df-4fd1-81af-bf1436af8ec9 0.067s
2025-04-09 11:10:52.578 69756 INFO tempest.lib.common.rest_client [req-991c4dbd-b775-474a-8f3a-6b10d635babf req-991c4dbd-b775-474a-8f3a-6b10d635babf ] Request (ImagesOneServerNegativeTestJSON:setUpClass): 200 GET http://10.180.1.21/compute/v2.1/servers/cf426e3f-1187-49a3-baf2-6e668af23fe0 0.141s
2025-04-09 11:10:52.606 69788 INFO tempest.lib.common.rest_client [req-b95f7253-86f0-4217-bfe8-afa5a2a55f66 req-b95f7253-86f0-4217-bfe8-afa5a2a55f66 ] Request (FloatingIPsAssociationTestJSON:test_associate_already_associated_floating_ip): 200 GET http://10.180.1.21/compute/v2.1/servers/cdffdfdf-9505-497b-9b37-7a8dcb35d0f8 0.113s
2025-04-09 11:10:52.617 69768 INFO tempest.lib.common.rest_client [req-16fd913c-2725-4033-ae0b-e0c27f6014e1 req-16fd913c-2725-4033-ae0b-e0c27f6014e1 ] Request (ListImageFiltersTestJSON:setUpClass): 200 GET http://10.180.1.21/compute/v2.1/images/80b4f2d5-7e8c-447f-9c46-374153bcaf80 0.104s
2025-04-09 11:10:52.768 69795 INFO tempest.lib.common.rest_client [req-4ebe250d-4e9b-483a-b2cc-fe0b46eb6736 req-4ebe250d-4e9b-483a-b2cc-fe0b46eb6736 ] Request (ServersAdmin275Test:tearDownClass): 200 GET http://10.180.1.21/compute/v2.1/servers/3a2b2049-4cae-4ff4-b271-a4b72ef293f5 0.070s
2025-04-09 11:10:52.827 69792 INFO tempest.lib.common.rest_client [req-a52809f7-7d8e-4217-85ab-ad7f7de70de4 req-a52809f7-7d8e-4217-85ab-ad7f7de70de4 ] Request (MultipleCreateTestJSON:test_multiple_create): 200 GET http://10.180.1.21/compute/v2.1/servers/34d5f258-9dba-438d-9a91-f40138283ffc 0.053s
2025-04-09 11:10:52.847 69742 INFO tempest.lib.common.rest_client [req-0e4bea55-a31d-46c4-8add-52e64e833561 req-0e4bea55-a31d-46c4-8add-52e64e833561 ] Request (DeleteServersAdminTestJSON:test_delete_server_while_in_error_state): 200 GET http://10.180.1.21/compute/v2.1/servers/677f4657-cc6f-4528-bf47-dd0aa59fdb58 0.107s
2025-04-09 11:10:52.886 69740 INFO tempest.lib.common.rest_client [req-42ba878e-af7e-455f-b011-7fc1bf8f5118 req-42ba878e-af7e-455f-b011-7fc1bf8f5118 ] Request (ImagesNegativeTestJSON:tearDownClass): 200 PUT http://10.180.1.21:9696/networking/v2.0/routers/bcb0b54a-297c-4b15-b7be-80a54e371479/remove_router_interface 0.752s
2025-04-09 11:10:52.888 69770 INFO tempest.lib.common.rest_client [req-33d60706-13f3-4f85-bc2d-82f29b7e1094 req-33d60706-13f3-4f85-bc2d-82f29b7e1094 ] Request (ServerExternalEventsTest:test_create_server_external_events): 200 GET http://10.180.1.21/compute/v2.1/servers/49c399d8-1be9-45aa-974b-19cb742d8685 0.050s
2025-04-09 11:10:53.032 69784 INFO tempest.lib.common.rest_client [req-4c90fba3-bd95-4b58-97ce-0f56b62183bd req-4c90fba3-bd95-4b58-97ce-0f56b62183bd ] Request (DeleteServersTestJSON:test_delete_server_while_in_attached_volume): 200 GET http://10.180.1.21/compute/v2.1/servers/8d8c0afd-ded8-4fa3-9e95-f2967a4fa4d8 0.058s
2025-04-09 11:10:53.039 69776 INFO tempest.lib.common.rest_client [req-dd333215-ae0b-46ba-b35d-6cb14b1c9dcc req-dd333215-ae0b-46ba-b35d-6cb14b1c9dcc ] Request (ServerAddressesNegativeTestJSON:tearDownClass): 200 GET http://10.180.1.21/compute/v2.1/servers/3bce4c1a-a27e-42d5-811a-8f400d4af972 0.133s
2025-04-09 11:10:53.112 69762 INFO tempest.lib.common.rest_client [req-454f6593-0c2e-4726-9348-a7539aba45ca req-454f6593-0c2e-4726-9348-a7539aba45ca ] Request (ListServersNegativeTestJSON:setUpClass): 200 GET http://10.180.1.21/compute/v2.1/servers/43868de5-6e4f-4e9e-8db8-63fb9f5f180b 0.081s
2025-04-09 11:10:53.150 69782 INFO tempest.lib.common.rest_client [req-40f87fa2-d8e1-4299-bd7b-23aabc5e386a req-40f87fa2-d8e1-4299-bd7b-23aabc5e386a ] Request (MigrationsAdminTest:test_list_migrations_in_flavor_resize_situation): 200 GET http://10.180.1.21/compute/v2.1/servers/065960f4-681e-4867-9b12-00672a5a9055 0.147s
2025-04-09 11:10:53.204 69772 INFO tempest.lib.common.rest_client [req-80263d69-00d2-415c-a8dd-28d7a17ce4fc req-80263d69-00d2-415c-a8dd-28d7a17ce4fc ] Request (ServersTestMultiNic:test_verify_multiple_nics_order): 200 GET http://10.180.1.21/compute/v2.1/servers/10726899-1cb9-4d56-bb77-36c41176ca8b 0.135s
2025-04-09 11:10:53.219 69736 INFO tempest.lib.common.rest_client [req-20330aaf-fa99-4c6e-ad8d-7f02d1eea048 req-20330aaf-fa99-4c6e-ad8d-7f02d1eea048 ] Request (SecurityGroupsTestJSON:test_server_security_groups): 200 GET http://10.180.1.21/compute/v2.1/servers/0cdca785-e451-4391-9eee-9c310bff924d 0.129s
2025-04-09 11:10:53.229 69736 INFO tempest.common.waiters [-] State transition "BUILD/scheduling" ==> "BUILD/None" after 35 second wait
2025-04-09 11:10:53.283 69758 INFO tempest.lib.common.rest_client [req-d76a8166-2458-4665-9ac4-3a30b07ac6fd req-d76a8166-2458-4665-9ac4-3a30b07ac6fd ] Request (ServerShowV257Test:test_rebuild_server): 200 GET http://10.180.1.21/compute/v2.1/servers/9966e2b7-5af8-4307-94e2-78e5975b8e14 0.129s
2025-04-09 11:10:53.288 69748 INFO tempest.lib.common.rest_client [req-bbac0b0e-de4c-458f-ba36-e7d8bc3a9ffb req-bbac0b0e-de4c-458f-ba36-e7d8bc3a9ffb ] Request (FloatingIPsAssociationNegativeTestJSON:tearDownClass): 200 GET http://10.180.1.21/compute/v2.1/servers/128c4e20-7be2-403b-ab7c-e7d2a0ba1f62 0.086s
2025-04-09 11:10:53.298 69748 INFO tempest.common.waiters [-] State transition "ACTIVE/deleting" ==> "DELETED/None" after 5 second wait
2025-04-09 11:10:53.347 69778 INFO tempest.lib.common.rest_client [req-7ec9cf5a-2f29-4937-9b2b-a89fec496539 req-7ec9cf5a-2f29-4937-9b2b-a89fec496539 ] Request (ServerActionsTestOtherA:setUpClass): 200 GET http://10.180.1.21/compute/v2.1/servers/5577226c-6081-4ae5-909f-2dea19be98a1 0.096s
2025-04-09 11:10:53.355 69796 INFO tempest.lib.common.rest_client [req-cb90996b-312c-440c-8e95-f3d7953540c4 req-cb90996b-312c-440c-8e95-f3d7953540c4 ] Request (AttachInterfacesV270Test:test_create_get_list_interfaces): 200 GET http://10.180.1.21/compute/v2.1/servers/555b0fa4-0a00-4aa3-afb8-2ced527008dd 0.143s
2025-04-09 11:10:53.416 69734 INFO tempest.lib.common.rest_client [req-099e4f0e-5d46-4d8b-8d96-9e80a8817bdb req-099e4f0e-5d46-4d8b-8d96-9e80a8817bdb ] Request (ServerMetadataNegativeTestJSON:tearDownClass): 200 GET http://10.180.1.21/compute/v2.1/servers/a2d78409-c1cb-4eaa-ab49-08d51f0d670b 0.149s
2025-04-09 11:10:53.428 69740 INFO tempest.lib.common.rest_client [req-38610254-e0a6-48c9-90a5-eee87de9a6e1 req-38610254-e0a6-48c9-90a5-eee87de9a6e1 ] Request (ImagesNegativeTestJSON:tearDownClass): 204 DELETE http://10.180.1.21:9696/networking/v2.0/routers/bcb0b54a-297c-4b15-b7be-80a54e371479 0.541s
2025-04-09 11:10:53.437 69766 INFO tempest.lib.common.rest_client [req-1f66c4ba-6740-415a-9ddd-d32d06e13181 req-1f66c4ba-6740-415a-9ddd-d32d06e13181 ] Request (TenantUsagesTestJSON:tearDownClass): 200 GET http://10.180.1.21/compute/v2.1/servers/03603f13-a3d3-4960-889c-4f26d1eef446 0.125s
2025-04-09 11:10:53.478 69786 INFO tempest.lib.common.rest_client [req-5452685e-0fba-4e0a-929a-945ac7814f4b req-5452685e-0fba-4e0a-929a-945ac7814f4b ] Request (ImagesTestJSON:test_create_image_from_suspended_server): 200 GET http://10.180.1.21/compute/v2.1/servers/fef4cad8-9e52-4c98-a450-5cbcb43f19d9 0.119s
2025-04-09 11:10:53.502 69760 INFO tempest.lib.common.rest_client [req-76741ea0-72d3-4230-b4e3-32c86a7a2dbb req-76741ea0-72d3-4230-b4e3-32c86a7a2dbb ] Request (ServersWithSpecificFlavorTestJSON:test_verify_created_server_ephemeral_disk): 200 GET http://10.180.1.21/compute/v2.1/servers/0c614753-736c-4a3d-9690-692674dd7c35 0.105s
2025-04-09 11:10:53.544 69744 INFO tempest.lib.common.rest_client [req-0a710557-d761-4233-9346-ca0985161f1e req-0a710557-d761-4233-9346-ca0985161f1e ] Request (ServersAdminNegativeTestJSON:tearDownClass): 200 GET http://10.180.1.21/compute/v2.1/servers/e6f2af6a-16e7-48f8-b199-0a093cd4bac5 0.103s
2025-04-09 11:10:53.554 69744 INFO tempest.common.waiters [-] State transition "SUSPENDED/deleting" ==> "DELETED/None" after 4 second wait
2025-04-09 11:10:53.563 69780 INFO tempest.lib.common.rest_client [req-e5eb029d-7796-43df-8592-36e04d95cea8 req-e5eb029d-7796-43df-8592-36e04d95cea8 ] Request (ServersTestJSON:test_create_server_specify_multibyte_character_name): 200 GET http://10.180.1.21/compute/v2.1/servers/9848c369-d516-4e71-9d00-6f21d0dda7e4 0.061s
2025-04-09 11:10:53.590 69740 INFO tempest.lib.common.rest_client [req-f41b3d95-8932-45c3-8437-eb55904a1bb7 req-f41b3d95-8932-45c3-8437-eb55904a1bb7 ] Request (ImagesNegativeTestJSON:tearDownClass): 204 DELETE http://10.180.1.21:9696/networking/v2.0/subnets/3f0d7410-8d5b-4270-a84e-65f0211f5a94 0.161s
2025-04-09 11:10:53.625 69738 INFO tempest.lib.common.rest_client [req-05e06bfc-000c-4cee-8b8b-b4f3f8982bd2 req-05e06bfc-000c-4cee-8b8b-b4f3f8982bd2 ] Request (ServersV294TestFqdnHostnames:setUpClass): 200 GET http://10.180.1.21/compute/v2.1/servers/8ceee979-38df-4fd1-81af-bf1436af8ec9 0.059s
2025-04-09 11:10:53.679 69788 INFO tempest.lib.common.rest_client [req-e44a7c8b-5d99-42d6-a512-54eaf2badf35 req-e44a7c8b-5d99-42d6-a512-54eaf2badf35 ] Request (FloatingIPsAssociationTestJSON:test_associate_already_associated_floating_ip): 200 GET http://10.180.1.21/compute/v2.1/servers/cdffdfdf-9505-497b-9b37-7a8dcb35d0f8 0.064s
2025-04-09 11:10:53.719 69756 INFO tempest.lib.common.rest_client [req-6f49bf87-9219-4bd4-b873-4de6483923d3 req-6f49bf87-9219-4bd4-b873-4de6483923d3 ] Request (ImagesOneServerNegativeTestJSON:setUpClass): 200 GET http://10.180.1.21/compute/v2.1/servers/cf426e3f-1187-49a3-baf2-6e668af23fe0 0.132s
2025-04-09 11:10:53.725 69768 INFO tempest.lib.common.rest_client [req-0cb28c32-3517-4dc2-8ee3-7d5a3b612991 req-0cb28c32-3517-4dc2-8ee3-7d5a3b612991 ] Request (ListImageFiltersTestJSON:setUpClass): 200 GET http://10.180.1.21/compute/v2.1/images/80b4f2d5-7e8c-447f-9c46-374153bcaf80 0.104s
2025-04-09 11:10:53.852 69795 INFO tempest.lib.common.rest_client [req-cfdd7b7f-5efe-4016-9a01-bccbcd6a8a39 req-cfdd7b7f-5efe-4016-9a01-bccbcd6a8a39 ] Request (ServersAdmin275Test:tearDownClass): 200 GET http://10.180.1.21/compute/v2.1/servers/3a2b2049-4cae-4ff4-b271-a4b72ef293f5 0.074s
2025-04-09 11:10:53.878 69740 INFO tempest.lib.common.rest_client [req-540bcd83-5fde-42d4-a16f-4fdbf0eb5105 req-540bcd83-5fde-42d4-a16f-4fdbf0eb5105 ] Request (ImagesNegativeTestJSON:tearDownClass): 204 DELETE http://10.180.1.21:9696/networking/v2.0/networks/5d2d0bad-71f8-4fc7-b4f0-adf20730c953 0.287s
2025-04-09 11:10:53.889 69792 INFO tempest.lib.common.rest_client [req-f9e32440-281b-498b-8841-fea447e3a521 req-f9e32440-281b-498b-8841-fea447e3a521 ] Request (MultipleCreateTestJSON:test_multiple_create): 200 GET http://10.180.1.21/compute/v2.1/servers/34d5f258-9dba-438d-9a91-f40138283ffc 0.049s
2025-04-09 11:10:53.952 69770 INFO tempest.lib.common.rest_client [req-968c68fd-bdc2-4c1f-bd5b-7019301cc74f req-968c68fd-bdc2-4c1f-bd5b-7019301cc74f ] Request (ServerExternalEventsTest:test_create_server_external_events): 200 GET http://10.180.1.21/compute/v2.1/servers/49c399d8-1be9-45aa-974b-19cb742d8685 0.056s
2025-04-09 11:10:53.955 69742 INFO tempest.lib.common.rest_client [req-d6e62d6f-23e0-4a53-9a7a-8dcae563629d req-d6e62d6f-23e0-4a53-9a7a-8dcae563629d ] Request (DeleteServersAdminTestJSON:test_delete_server_while_in_error_state): 200 GET http://10.180.1.21/compute/v2.1/servers/677f4657-cc6f-4528-bf47-dd0aa59fdb58 0.099s
2025-04-09 11:10:53.961 69740 INFO tempest.lib.common.rest_client [req-aaf1e574-db59-4fa0-8bc2-6d55696705e2 req-aaf1e574-db59-4fa0-8bc2-6d55696705e2 ] Request (ImagesNegativeTestJSON:tearDownClass): 204 DELETE http://10.180.1.21/identity/v3/users/37ce07dacbdc436e931216a87c76b579 0.082s
2025-04-09 11:10:53.961 69740 INFO tempest.lib.common.dynamic_creds [-] Deleting project and security group for project: ccf81de2c84543dc90c53045ae3ddd8a
2025-04-09 11:10:54.003 69740 INFO tempest.lib.common.rest_client [req-80b25ba0-3e03-4076-95a1-77d0b23e777e req-80b25ba0-3e03-4076-95a1-77d0b23e777e ] Request (ImagesNegativeTestJSON:tearDownClass): 200 GET http://10.180.1.21:9696/networking/v2.0/security-groups?tenant_id=ccf81de2c84543dc90c53045ae3ddd8a&name=default 0.041s
2025-04-09 11:10:54.097 69784 INFO tempest.lib.common.rest_client [req-8448de54-b2a2-4212-ad29-2648393b72cc req-8448de54-b2a2-4212-ad29-2648393b72cc ] Request (DeleteServersTestJSON:test_delete_server_while_in_attached_volume): 200 GET http://10.180.1.21/compute/v2.1/servers/8d8c0afd-ded8-4fa3-9e95-f2967a4fa4d8 0.056s
2025-04-09 11:10:54.110 69740 INFO tempest.lib.common.rest_client [req-6d077ba3-123e-420a-a3b9-03427596448d req-6d077ba3-123e-420a-a3b9-03427596448d ] Request (ImagesNegativeTestJSON:tearDownClass): 204 DELETE http://10.180.1.21:9696/networking/v2.0/security-groups/16694edc-5bc3-4995-96c0-e3759f722a2d 0.106s
2025-04-09 11:10:54.182 69776 INFO tempest.lib.common.rest_client [req-8b0148ef-3486-4ddc-b6b4-9fdefdf318ea req-8b0148ef-3486-4ddc-b6b4-9fdefdf318ea ] Request (ServerAddressesNegativeTestJSON:tearDownClass): 200 GET http://10.180.1.21/compute/v2.1/servers/3bce4c1a-a27e-42d5-811a-8f400d4af972 0.129s
2025-04-09 11:10:54.187 69762 INFO tempest.lib.common.rest_client [req-d7ad4355-b9ab-4189-8d54-98491ae784bf req-d7ad4355-b9ab-4189-8d54-98491ae784bf ] Request (ListServersNegativeTestJSON:setUpClass): 200 GET http://10.180.1.21/compute/v2.1/servers/43868de5-6e4f-4e9e-8db8-63fb9f5f180b 0.068s
2025-04-09 11:10:54.194 69762 INFO tempest.common.waiters [-] State transition "BUILD/None" ==> "BUILD/networking" after 47 second wait
2025-04-09 11:10:54.272 69740 INFO tempest.lib.common.rest_client [req-a94baeec-811f-46a6-94d7-f2894f6e578c req-a94baeec-811f-46a6-94d7-f2894f6e578c ] Request (ImagesNegativeTestJSON:tearDownClass): 204 DELETE http://10.180.1.21/identity/v3/projects/ccf81de2c84543dc90c53045ae3ddd8a 0.162s
2025-04-09 11:10:54.287 69772 INFO tempest.lib.common.rest_client [req-91efad97-0b1c-495f-8c6e-7a7e94276276 req-91efad97-0b1c-495f-8c6e-7a7e94276276 ] Request (ServersTestMultiNic:test_verify_multiple_nics_order): 200 GET http://10.180.1.21/compute/v2.1/servers/10726899-1cb9-4d56-bb77-36c41176ca8b 0.074s
2025-04-09 11:10:54.339 69782 INFO tempest.lib.common.rest_client [req-fff7b17b-8eb2-4424-b8e5-e1cc01cdddbc req-fff7b17b-8eb2-4424-b8e5-e1cc01cdddbc ] Request (MigrationsAdminTest:test_list_migrations_in_flavor_resize_situation): 200 GET http://10.180.1.21/compute/v2.1/servers/065960f4-681e-4867-9b12-00672a5a9055 0.178s
2025-04-09 11:10:54.351 69740 INFO tempest.lib.common.rest_client [req-e305c8fc-469e-4fc9-8aa3-c8c49f633e2d req-e305c8fc-469e-4fc9-8aa3-c8c49f633e2d ] Request (ServersTestJSON:setUpClass): 201 POST http://10.180.1.21/identity/v3/auth/tokens 0.077s
2025-04-09 11:10:54.353 69736 INFO tempest.lib.common.rest_client [req-c5bdf16b-c0ee-48d3-a0d6-6133cd768771 req-c5bdf16b-c0ee-48d3-a0d6-6133cd768771 ] Request (SecurityGroupsTestJSON:test_server_security_groups): 200 GET http://10.180.1.21/compute/v2.1/servers/0cdca785-e451-4391-9eee-9c310bff924d 0.122s
2025-04-09 11:10:54.383 69740 INFO tempest.lib.common.rest_client [req-d1a11e6a-721a-4683-8efd-9d695aea2836 req-d1a11e6a-721a-4683-8efd-9d695aea2836 ] Request (ServersTestJSON:setUpClass): 201 POST http://10.180.1.21/identity/v3/auth/tokens 0.029s
2025-04-09 11:10:54.394 69758 INFO tempest.lib.common.rest_client [req-701e3a65-5314-499c-8acb-7524e5a454a7 req-701e3a65-5314-499c-8acb-7524e5a454a7 ] Request (ServerShowV257Test:test_rebuild_server): 200 GET http://10.180.1.21/compute/v2.1/servers/9966e2b7-5af8-4307-94e2-78e5975b8e14 0.099s
2025-04-09 11:10:54.411 69740 INFO tempest.lib.common.rest_client [req-240e31fb-b3ba-431f-b662-b0f135defcc4 req-240e31fb-b3ba-431f-b662-b0f135defcc4 ] Request (ServersTestJSON:setUpClass): 200 GET http://10.180.1.21/identity/v3/domains?name=Default 0.028s
2025-04-09 11:10:54.417 69748 INFO tempest.lib.common.rest_client [req-5e072689-6c9e-44ea-befb-3f47e5c32dd3 req-5e072689-6c9e-44ea-befb-3f47e5c32dd3 ] Request (FloatingIPsAssociationNegativeTestJSON:tearDownClass): 200 GET http://10.180.1.21/compute/v2.1/servers/128c4e20-7be2-403b-ab7c-e7d2a0ba1f62 0.118s
2025-04-09 11:10:54.447 69740 INFO tempest.lib.common.rest_client [req-aa2dfb00-bcbb-41f9-8110-cdee9fc3d6dd req-aa2dfb00-bcbb-41f9-8110-cdee9fc3d6dd ] Request (ServersTestJSON:setUpClass): 201 POST http://10.180.1.21/identity/v3/projects 0.035s
2025-04-09 11:10:54.447 69778 INFO tempest.lib.common.rest_client [req-9a00b952-56d0-4850-8ea8-685118cfc017 req-9a00b952-56d0-4850-8ea8-685118cfc017 ] Request (ServerActionsTestOtherA:setUpClass): 200 GET http://10.180.1.21/compute/v2.1/servers/5577226c-6081-4ae5-909f-2dea19be98a1 0.089s
2025-04-09 11:10:54.474 69796 INFO tempest.lib.common.rest_client [req-97aaafda-5575-4ee3-8f0b-0ea99496dbdc req-97aaafda-5575-4ee3-8f0b-0ea99496dbdc ] Request (AttachInterfacesV270Test:test_create_get_list_interfaces): 200 GET http://10.180.1.21/compute/v2.1/servers/555b0fa4-0a00-4aa3-afb8-2ced527008dd 0.108s
2025-04-09 11:10:54.507 69740 INFO tempest.lib.common.rest_client [req-72d12ebb-2b3a-47ce-b14b-0aca702b69d7 req-72d12ebb-2b3a-47ce-b14b-0aca702b69d7 ] Request (ServersTestJSON:setUpClass): 201 POST http://10.180.1.21/identity/v3/users 0.059s
2025-04-09 11:10:54.509 69734 INFO tempest.lib.common.rest_client [req-9a025cbb-d602-4066-9d93-cc565e9f558f req-9a025cbb-d602-4066-9d93-cc565e9f558f ] Request (ServerMetadataNegativeTestJSON:tearDownClass): 200 GET http://10.180.1.21/compute/v2.1/servers/a2d78409-c1cb-4eaa-ab49-08d51f0d670b 0.062s
2025-04-09 11:10:54.530 69740 INFO tempest.lib.common.rest_client [req-7a8ae41f-53d3-4acb-ad75-9f55ad3a209d req-7a8ae41f-53d3-4acb-ad75-9f55ad3a209d ] Request (ServersTestJSON:setUpClass): 200 GET http://10.180.1.21/identity/v3/roles 0.022s
2025-04-09 11:10:54.537 69766 INFO tempest.lib.common.rest_client [req-a90885a4-b095-46b5-b8d1-907f392dace0 req-a90885a4-b095-46b5-b8d1-907f392dace0 ] Request (TenantUsagesTestJSON:tearDownClass): 200 GET http://10.180.1.21/compute/v2.1/servers/03603f13-a3d3-4960-889c-4f26d1eef446 0.088s
2025-04-09 11:10:54.559 69740 INFO tempest.lib.common.rest_client [req-15fe00b0-0b4b-4eb9-bfdc-7f4464aaf83f req-15fe00b0-0b4b-4eb9-bfdc-7f4464aaf83f ] Request (ServersTestJSON:setUpClass): 204 PUT http://10.180.1.21/identity/v3/projects/0ff5f7ff08514b62b29ab66f8ceccf6b/users/9ef875b2f38a4dbb983e462c7cbdf38c/roles/5e5d1fe725534430b1f1c4aeee0e573d 0.029s
2025-04-09 11:10:54.560 69740 INFO tempest.lib.common.dynamic_creds [-] Dynamic test user 9ef875b2f38a4dbb983e462c7cbdf38c is created with scope project and roles: ['member']
2025-04-09 11:10:54.560 69740 INFO tempest.lib.common.dynamic_creds [-] Acquired dynamic creds: credentials: Credentials: {'domain_id': 'default', 'domain_name': 'Default', 'username': 'tempest-ServersTestJSON-1453525471-project-member', 'project_domain_id': 'default', 'project_domain_name': 'Default', 'project_id': '0ff5f7ff08514b62b29ab66f8ceccf6b', 'project_name': 'tempest-ServersTestJSON-1453525471', 'tenant_id': '0ff5f7ff08514b62b29ab66f8ceccf6b', 'tenant_name': 'tempest-ServersTestJSON-1453525471', 'user_domain_id': 'default', 'user_domain_name': 'Default', 'user_id': '9ef875b2f38a4dbb983e462c7cbdf38c', 'system': None}, Network: None, Subnet: None, Router: None
2025-04-09 11:10:54.563 69786 INFO tempest.lib.common.rest_client [req-445030c9-b837-4529-a8f1-fee1102a8854 req-445030c9-b837-4529-a8f1-fee1102a8854 ] Request (ImagesTestJSON:test_create_image_from_suspended_server): 200 GET http://10.180.1.21/compute/v2.1/servers/fef4cad8-9e52-4c98-a450-5cbcb43f19d9 0.075s
2025-04-09 11:10:54.590 69760 INFO tempest.lib.common.rest_client [req-5c586adc-f803-4815-ab66-7e1632704edb req-5c586adc-f803-4815-ab66-7e1632704edb ] Request (ServersWithSpecificFlavorTestJSON:test_verify_created_server_ephemeral_disk): 200 GET http://10.180.1.21/compute/v2.1/servers/0c614753-736c-4a3d-9690-692674dd7c35 0.080s
2025-04-09 11:10:54.615 69744 INFO tempest.lib.common.rest_client [req-73510305-fa5c-4808-b16f-4752807ca94b req-73510305-fa5c-4808-b16f-4752807ca94b ] Request (ServersAdminNegativeTestJSON:tearDownClass): 200 GET http://10.180.1.21/compute/v2.1/servers/e6f2af6a-16e7-48f8-b199-0a093cd4bac5 0.059s
2025-04-09 11:10:54.617 69740 INFO tempest.lib.common.rest_client [req-8dd068ae-8349-4088-96d8-83129864e081 req-8dd068ae-8349-4088-96d8-83129864e081 ] Request (ServersTestJSON:setUpClass): 201 POST http://10.180.1.21/identity/v3/auth/tokens 0.056s
2025-04-09 11:10:54.648 69780 INFO tempest.lib.common.rest_client [req-888c38da-e8c4-4117-9dad-953b3e24ed77 req-888c38da-e8c4-4117-9dad-953b3e24ed77 ] Request (ServersTestJSON:test_create_server_specify_multibyte_character_name): 200 GET http://10.180.1.21/compute/v2.1/servers/9848c369-d516-4e71-9d00-6f21d0dda7e4 0.075s
2025-04-09 11:10:54.695 69738 INFO tempest.lib.common.rest_client [req-5f87111a-6228-4452-984e-b5c5e2a2ef43 req-5f87111a-6228-4452-984e-b5c5e2a2ef43 ] Request (ServersV294TestFqdnHostnames:setUpClass): 200 GET http://10.180.1.21/compute/v2.1/servers/8ceee979-38df-4fd1-81af-bf1436af8ec9 0.057s
2025-04-09 11:10:54.768 69788 INFO tempest.lib.common.rest_client [req-790b7e83-e54c-4540-8b80-9d3aec360808 req-790b7e83-e54c-4540-8b80-9d3aec360808 ] Request (FloatingIPsAssociationTestJSON:test_associate_already_associated_floating_ip): 200 GET http://10.180.1.21/compute/v2.1/servers/cdffdfdf-9505-497b-9b37-7a8dcb35d0f8 0.079s
2025-04-09 11:10:54.801 69768 INFO tempest.lib.common.rest_client [req-e796b73c-9d59-4331-8f55-da629740b386 req-e796b73c-9d59-4331-8f55-da629740b386 ] Request (ListImageFiltersTestJSON:setUpClass): 200 GET http://10.180.1.21/compute/v2.1/images/80b4f2d5-7e8c-447f-9c46-374153bcaf80 0.068s
2025-04-09 11:10:54.846 69768 INFO tempest.lib.common.rest_client [req-1869bd2a-aaa6-4198-aa67-abccce373f6b req-1869bd2a-aaa6-4198-aa67-abccce373f6b ] Request (ListImageFiltersTestJSON:setUpClass): 200 GET http://10.180.1.21/compute/v2.1/images/80b4f2d5-7e8c-447f-9c46-374153bcaf80 0.041s
2025-04-09 11:10:54.854 69756 INFO tempest.lib.common.rest_client [req-9722e5f4-69e2-46a3-8a46-30ca8c691f60 req-9722e5f4-69e2-46a3-8a46-30ca8c691f60 ] Request (ImagesOneServerNegativeTestJSON:setUpClass): 200 GET http://10.180.1.21/compute/v2.1/servers/cf426e3f-1187-49a3-baf2-6e668af23fe0 0.125s
2025-04-09 11:10:54.862 69756 INFO tempest.common.waiters [-] State transition "BUILD/spawning" ==> "ACTIVE/None" after 53 second wait
2025-04-09 11:10:54.892 69740 INFO tempest.lib.common.rest_client [req-62ba82aa-d60b-437b-9dac-ae302ab1e39f req-62ba82aa-d60b-437b-9dac-ae302ab1e39f ] Request (ServersTestJSON:setUpClass): 201 POST http://10.180.1.21:9696/networking/v2.0/networks 0.275s
2025-04-09 11:10:54.951 69768 INFO tempest.lib.common.rest_client [req-a0a5fcd0-fa2b-4343-97cf-c53d5c84505e req-a0a5fcd0-fa2b-4343-97cf-c53d5c84505e ] Request (ListImageFiltersTestJSON:setUpClass): 200 GET http://10.180.1.21/compute/v2.1/servers/e946f1e9-8219-4a53-843d-65044bd6d369 0.102s
2025-04-09 11:10:55.000 69756 INFO tempest.lib.common.rest_client [req-1af937f3-fbfa-4c9e-a36b-f51fdbb3ffb8 req-1af937f3-fbfa-4c9e-a36b-f51fdbb3ffb8 ] Request (ImagesOneServerNegativeTestJSON:setUp): 200 GET http://10.180.1.21/compute/v2.1/servers/cf426e3f-1187-49a3-baf2-6e668af23fe0 0.137s
2025-04-09 11:10:55.014 69795 INFO tempest.lib.common.rest_client [req-c87a81a2-c31b-4881-bcc8-0851d629c6ae req-c87a81a2-c31b-4881-bcc8-0851d629c6ae ] Request (ServersAdmin275Test:tearDownClass): 200 GET http://10.180.1.21/compute/v2.1/servers/3a2b2049-4cae-4ff4-b271-a4b72ef293f5 0.151s
2025-04-09 11:10:55.055 69792 INFO tempest.lib.common.rest_client [req-3f41303e-0775-4c7d-a4b8-ee15eef88926 req-3f41303e-0775-4c7d-a4b8-ee15eef88926 ] Request (MultipleCreateTestJSON:test_multiple_create): 200 GET http://10.180.1.21/compute/v2.1/servers/34d5f258-9dba-438d-9a91-f40138283ffc 0.159s
2025-04-09 11:10:55.068 69770 INFO tempest.lib.common.rest_client [req-14b9662d-1899-4bec-ab44-fe70e67bc4fc req-14b9662d-1899-4bec-ab44-fe70e67bc4fc ] Request (ServerExternalEventsTest:test_create_server_external_events): 200 GET http://10.180.1.21/compute/v2.1/servers/49c399d8-1be9-45aa-974b-19cb742d8685 0.106s
2025-04-09 11:10:55.076 69756 INFO tempest.lib.common.rest_client [req-e884f380-d4ef-45b7-8626-ddfa7208d3b8 req-e884f380-d4ef-45b7-8626-ddfa7208d3b8 ] Request (ImagesOneServerNegativeTestJSON:test_create_image_specify_invalid_metadata): 400 POST http://10.180.1.21/compute/v2.1/servers/cf426e3f-1187-49a3-baf2-6e668af23fe0/action 0.063s
2025-04-09 11:10:55.107 69740 INFO tempest.lib.common.rest_client [req-1efe7b4d-f6b2-4633-b179-67e2e461552c req-1efe7b4d-f6b2-4633-b179-67e2e461552c ] Request (ServersTestJSON:setUpClass): 201 POST http://10.180.1.21:9696/networking/v2.0/subnets 0.215s
2025-04-09 11:10:55.206 69742 INFO tempest.lib.common.rest_client [req-cbd33ad8-27a8-4b68-92a6-f783ba266ee0 req-cbd33ad8-27a8-4b68-92a6-f783ba266ee0 ] Request (DeleteServersAdminTestJSON:test_delete_server_while_in_error_state): 200 GET http://10.180.1.21/compute/v2.1/servers/677f4657-cc6f-4528-bf47-dd0aa59fdb58 0.242s
2025-04-09 11:10:55.215 69756 INFO tempest.lib.common.rest_client [req-42dad89f-855f-4e90-a15b-05abefa1fe3e req-42dad89f-855f-4e90-a15b-05abefa1fe3e ] Request (ImagesOneServerNegativeTestJSON:tearDown): 200 GET http://10.180.1.21/compute/v2.1/servers/cf426e3f-1187-49a3-baf2-6e668af23fe0 0.138s
2025-04-09 11:10:55.272 69784 INFO tempest.lib.common.rest_client [req-49a63e54-4b64-4d9d-acda-da3901f4d4df req-49a63e54-4b64-4d9d-acda-da3901f4d4df ] Request (DeleteServersTestJSON:test_delete_server_while_in_attached_volume): 200 GET http://10.180.1.21/compute/v2.1/servers/8d8c0afd-ded8-4fa3-9e95-f2967a4fa4d8 0.167s
2025-04-09 11:10:55.273 69776 INFO tempest.lib.common.rest_client [req-48d69329-a307-4084-a2e5-46c1a4531c1e req-48d69329-a307-4084-a2e5-46c1a4531c1e ] Request (ServerAddressesNegativeTestJSON:tearDownClass): 200 GET http://10.180.1.21/compute/v2.1/servers/3bce4c1a-a27e-42d5-811a-8f400d4af972 0.081s
2025-04-09 11:10:55.376 69756 INFO tempest.lib.common.rest_client [req-2cffb43f-0668-4b44-8356-77d05549390f req-2cffb43f-0668-4b44-8356-77d05549390f ] Request (ImagesOneServerNegativeTestJSON:setUp): 200 GET http://10.180.1.21/compute/v2.1/servers/cf426e3f-1187-49a3-baf2-6e668af23fe0 0.152s
2025-04-09 11:10:55.411 69762 INFO tempest.lib.common.rest_client [req-3484da1a-2fc2-4d74-a30b-597f04983b38 req-3484da1a-2fc2-4d74-a30b-597f04983b38 ] Request (ListServersNegativeTestJSON:setUpClass): 200 GET http://10.180.1.21/compute/v2.1/servers/43868de5-6e4f-4e9e-8db8-63fb9f5f180b 0.215s
2025-04-09 11:10:55.418 69762 INFO tempest.common.waiters [-] State transition "BUILD/networking" ==> "BUILD/spawning" after 48 second wait
2025-04-09 11:10:55.429 69772 INFO tempest.lib.common.rest_client [req-198fa940-798f-4251-953a-5a143c16593c req-198fa940-798f-4251-953a-5a143c16593c ] Request (ServersTestMultiNic:test_verify_multiple_nics_order): 200 GET http://10.180.1.21/compute/v2.1/servers/10726899-1cb9-4d56-bb77-36c41176ca8b 0.131s
2025-04-09 11:10:55.478 69736 INFO tempest.lib.common.rest_client [req-3795af76-453d-48bd-8c29-15d8e8a91268 req-3795af76-453d-48bd-8c29-15d8e8a91268 ] Request (SecurityGroupsTestJSON:test_server_security_groups): 200 GET http://10.180.1.21/compute/v2.1/servers/0cdca785-e451-4391-9eee-9c310bff924d 0.117s
2025-04-09 11:10:55.492 69756 INFO tempest.lib.common.rest_client [req-040d5634-0297-4cec-9ad2-8dddfdd54f90 req-040d5634-0297-4cec-9ad2-8dddfdd54f90 ] Request (ImagesOneServerNegativeTestJSON:test_create_image_specify_metadata_over_limits): 400 POST http://10.180.1.21/compute/v2.1/servers/cf426e3f-1187-49a3-baf2-6e668af23fe0/action 0.104s
2025-04-09 11:10:55.531 69782 INFO tempest.lib.common.rest_client [req-b06580f4-fa93-49a9-8b1b-8a1cb6773296 req-b06580f4-fa93-49a9-8b1b-8a1cb6773296 ] Request (MigrationsAdminTest:test_list_migrations_in_flavor_resize_situation): 200 GET http://10.180.1.21/compute/v2.1/servers/065960f4-681e-4867-9b12-00672a5a9055 0.184s
2025-04-09 11:10:55.548 69758 INFO tempest.lib.common.rest_client [req-c831d1f7-692c-4975-9014-d22d0df8a24e req-c831d1f7-692c-4975-9014-d22d0df8a24e ] Request (ServerShowV257Test:test_rebuild_server): 200 GET http://10.180.1.21/compute/v2.1/servers/9966e2b7-5af8-4307-94e2-78e5975b8e14 0.144s
2025-04-09 11:10:55.597 69778 INFO tempest.lib.common.rest_client [req-62797487-35f4-4050-bf04-645972f0b41e req-62797487-35f4-4050-bf04-645972f0b41e ] Request (ServerActionsTestOtherA:setUpClass): 200 GET http://10.180.1.21/compute/v2.1/servers/5577226c-6081-4ae5-909f-2dea19be98a1 0.141s
2025-04-09 11:10:55.647 69796 INFO tempest.lib.common.rest_client [req-0479e896-0ae3-40b2-9f31-cd4302c5ac4e req-0479e896-0ae3-40b2-9f31-cd4302c5ac4e ] Request (AttachInterfacesV270Test:test_create_get_list_interfaces): 200 GET http://10.180.1.21/compute/v2.1/servers/555b0fa4-0a00-4aa3-afb8-2ced527008dd 0.161s
2025-04-09 11:10:55.730 69756 INFO tempest.lib.common.rest_client [req-7398ff5e-76ba-445f-9961-8cf672e175ae req-7398ff5e-76ba-445f-9961-8cf672e175ae ] Request (ImagesOneServerNegativeTestJSON:tearDown): 200 GET http://10.180.1.21/compute/v2.1/servers/cf426e3f-1187-49a3-baf2-6e668af23fe0 0.237s
2025-04-09 11:10:55.783 69734 INFO tempest.lib.common.rest_client [req-8898ad2b-8541-406a-beb6-c0c44d89490a req-8898ad2b-8541-406a-beb6-c0c44d89490a ] Request (ServerMetadataNegativeTestJSON:tearDownClass): 200 GET http://10.180.1.21/compute/v2.1/servers/a2d78409-c1cb-4eaa-ab49-08d51f0d670b 0.265s
2025-04-09 11:10:55.815 69748 INFO tempest.lib.common.rest_client [req-2fd26c3b-4c5c-4f02-ae4f-96d513ceb9df req-2fd26c3b-4c5c-4f02-ae4f-96d513ceb9df ] Request (FloatingIPsAssociationNegativeTestJSON:tearDownClass): 200 GET http://10.180.1.21/compute/v2.1/servers/128c4e20-7be2-403b-ab7c-e7d2a0ba1f62 0.384s
2025-04-09 11:10:55.836 69766 INFO tempest.lib.common.rest_client [req-f4f6e767-f672-475d-b088-edaa538acd57 req-f4f6e767-f672-475d-b088-edaa538acd57 ] Request (TenantUsagesTestJSON:tearDownClass): 200 GET http://10.180.1.21/compute/v2.1/servers/03603f13-a3d3-4960-889c-4f26d1eef446 0.291s
2025-04-09 11:10:55.890 69786 INFO tempest.lib.common.rest_client [req-46173e19-052b-465f-b90a-16d1adbb35fb req-46173e19-052b-465f-b90a-16d1adbb35fb ] Request (ImagesTestJSON:test_create_image_from_suspended_server): 200 GET http://10.180.1.21/compute/v2.1/servers/fef4cad8-9e52-4c98-a450-5cbcb43f19d9 0.317s
2025-04-09 11:10:55.948 69744 INFO tempest.lib.common.rest_client [req-dd366fc0-6b9f-42df-ae02-6c500ec14e78 req-dd366fc0-6b9f-42df-ae02-6c500ec14e78 ] Request (ServersAdminNegativeTestJSON:tearDownClass): 200 GET http://10.180.1.21/compute/v2.1/servers/e6f2af6a-16e7-48f8-b199-0a093cd4bac5 0.324s
2025-04-09 11:10:56.003 69780 INFO tempest.lib.common.rest_client [req-637fa726-661a-4079-9c85-5e58cf6cdded req-637fa726-661a-4079-9c85-5e58cf6cdded ] Request (ServersTestJSON:test_create_server_specify_multibyte_character_name): 200 GET http://10.180.1.21/compute/v2.1/servers/9848c369-d516-4e71-9d00-6f21d0dda7e4 0.347s
2025-04-09 11:10:56.068 69738 INFO tempest.lib.common.rest_client [req-a8d1e477-0b8b-4c43-9f4a-e27f7d787a9a req-a8d1e477-0b8b-4c43-9f4a-e27f7d787a9a ] Request (ServersV294TestFqdnHostnames:setUpClass): 200 GET http://10.180.1.21/compute/v2.1/servers/8ceee979-38df-4fd1-81af-bf1436af8ec9 0.357s
2025-04-09 11:10:56.082 69738 INFO tempest.common.waiters [-] State transition "BUILD/scheduling" ==> "BUILD/None" after 34 second wait
2025-04-09 11:10:56.115 69760 INFO tempest.lib.common.rest_client [req-6c9d1cb2-947d-4dda-b141-e8163e505c0f req-6c9d1cb2-947d-4dda-b141-e8163e505c0f ] Request (ServersWithSpecificFlavorTestJSON:test_verify_created_server_ephemeral_disk): 200 GET http://10.180.1.21/compute/v2.1/servers/0c614753-736c-4a3d-9690-692674dd7c35 0.513s
2025-04-09 11:10:56.170 69788 INFO tempest.lib.common.rest_client [req-98fd9a0b-8559-4950-89ff-92e711a30345 req-98fd9a0b-8559-4950-89ff-92e711a30345 ] Request (FloatingIPsAssociationTestJSON:test_associate_already_associated_floating_ip): 200 GET http://10.180.1.21/compute/v2.1/servers/cdffdfdf-9505-497b-9b37-7a8dcb35d0f8 0.390s
2025-04-09 11:10:56.205 69756 INFO tempest.lib.common.rest_client [req-85f924a6-66f9-4943-8e1b-b1bb6d06920c req-85f924a6-66f9-4943-8e1b-b1bb6d06920c ] Request (ImagesOneServerNegativeTestJSON:setUp): 200 GET http://10.180.1.21/compute/v2.1/servers/cf426e3f-1187-49a3-baf2-6e668af23fe0 0.456s
2025-04-09 11:10:56.264 69768 INFO tempest.lib.common.rest_client [req-3e1fe0b2-2202-42d2-ac6f-7bca9e2b8c5e req-3e1fe0b2-2202-42d2-ac6f-7bca9e2b8c5e ] Request (ListImageFiltersTestJSON:setUpClass): 200 GET http://10.180.1.21/compute/v2.1/servers/e946f1e9-8219-4a53-843d-65044bd6d369 0.304s
2025-04-09 11:10:56.275 69768 INFO tempest.common.waiters [-] State transition "ACTIVE/image_uploading" ==> "ACTIVE/None" after 2 second wait
2025-04-09 11:10:56.279 69795 INFO tempest.lib.common.rest_client [req-ea55beb8-55f1-438c-a4a5-d0852cde9260 req-ea55beb8-55f1-438c-a4a5-d0852cde9260 ] Request (ServersAdmin275Test:tearDownClass): 200 GET http://10.180.1.21/compute/v2.1/servers/3a2b2049-4cae-4ff4-b271-a4b72ef293f5 0.252s
2025-04-09 11:10:56.312 69792 INFO tempest.lib.common.rest_client [req-9c3991f9-9d27-49fd-9804-ae9dde573141 req-9c3991f9-9d27-49fd-9804-ae9dde573141 ] Request (MultipleCreateTestJSON:test_multiple_create): 200 GET http://10.180.1.21/compute/v2.1/servers/34d5f258-9dba-438d-9a91-f40138283ffc 0.249s
2025-04-09 11:10:56.330 69740 INFO tempest.lib.common.rest_client [req-c1c06ea1-5ecf-4686-ac88-87705c0f4812 req-c1c06ea1-5ecf-4686-ac88-87705c0f4812 ] Request (ServersTestJSON:setUpClass): 201 POST http://10.180.1.21:9696/networking/v2.0/routers 1.222s
2025-04-09 11:10:56.340 69770 INFO tempest.lib.common.rest_client [req-812a0e03-2678-4de7-94a4-9bb60f0247b0 req-812a0e03-2678-4de7-94a4-9bb60f0247b0 ] Request (ServerExternalEventsTest:test_create_server_external_events): 200 GET http://10.180.1.21/compute/v2.1/servers/49c399d8-1be9-45aa-974b-19cb742d8685 0.263s
2025-04-09 11:10:56.343 69756 INFO tempest.lib.common.rest_client [req-77d29bf9-6392-4ce9-beb4-b68aca0d8aec req-77d29bf9-6392-4ce9-beb4-b68aca0d8aec ] Request (ImagesOneServerNegativeTestJSON:test_create_image_specify_name_over_character_limit): 400 POST http://10.180.1.21/compute/v2.1/servers/cf426e3f-1187-49a3-baf2-6e668af23fe0/action 0.127s
2025-04-09 11:10:56.415 69742 INFO tempest.lib.common.rest_client [req-b74807aa-5e75-439a-94ba-5c3d8f26b6f4 req-b74807aa-5e75-439a-94ba-5c3d8f26b6f4 ] Request (DeleteServersAdminTestJSON:test_delete_server_while_in_error_state): 200 GET http://10.180.1.21/compute/v2.1/servers/677f4657-cc6f-4528-bf47-dd0aa59fdb58 0.201s
2025-04-09 11:10:56.424 69742 INFO tempest.common.waiters [-] State transition "BUILD/spawning" ==> "ACTIVE/None" after 52 second wait
2025-04-09 11:10:56.465 69784 INFO tempest.lib.common.rest_client [req-6ee5c737-08df-4e94-a09d-e74a01ec92b2 req-6ee5c737-08df-4e94-a09d-e74a01ec92b2 ] Request (DeleteServersTestJSON:test_delete_server_while_in_attached_volume): 200 GET http://10.180.1.21/compute/v2.1/servers/8d8c0afd-ded8-4fa3-9e95-f2967a4fa4d8 0.185s
2025-04-09 11:10:56.546 69776 INFO tempest.lib.common.rest_client [req-d6ef2fe1-d30f-498f-bf8c-50164a3f40b7 req-d6ef2fe1-d30f-498f-bf8c-50164a3f40b7 ] Request (ServerAddressesNegativeTestJSON:tearDownClass): 200 GET http://10.180.1.21/compute/v2.1/servers/3bce4c1a-a27e-42d5-811a-8f400d4af972 0.264s
2025-04-09 11:10:56.555 69776 INFO tempest.common.waiters [-] State transition "ACTIVE/deleting" ==> "DELETED/None" after 5 second wait
2025-04-09 11:10:56.634 69756 INFO tempest.lib.common.rest_client [req-9fe95b7c-fd5f-4030-acb5-a2f3f2b0c79e req-9fe95b7c-fd5f-4030-acb5-a2f3f2b0c79e ] Request (ImagesOneServerNegativeTestJSON:tearDown): 200 GET http://10.180.1.21/compute/v2.1/servers/cf426e3f-1187-49a3-baf2-6e668af23fe0 0.291s
2025-04-09 11:10:56.780 69762 INFO tempest.lib.common.rest_client [req-033070bb-68ff-453f-aadd-eea1645f4d56 req-033070bb-68ff-453f-aadd-eea1645f4d56 ] Request (ListServersNegativeTestJSON:setUpClass): 200 GET http://10.180.1.21/compute/v2.1/servers/43868de5-6e4f-4e9e-8db8-63fb9f5f180b 0.361s
2025-04-09 11:10:56.818 69768 INFO tempest.lib.common.rest_client [req-0b64e593-f578-4f84-9a62-f26670e2a0f9 req-0b64e593-f578-4f84-9a62-f26670e2a0f9 ] Request (ListImageFiltersTestJSON:setUpClass): 202 POST http://10.180.1.21/compute/v2.1/servers/e7691dd6-87a7-4496-bc9a-e4b56a725796/action 0.542s
2025-04-09 11:10:56.846 69742 INFO tempest.lib.common.rest_client [req-86307ebe-8612-47be-8a0a-031f4e5d481f req-86307ebe-8612-47be-8a0a-031f4e5d481f ] Request (DeleteServersAdminTestJSON:test_delete_server_while_in_error_state): 202 POST http://10.180.1.21/compute/v2.1/servers/677f4657-cc6f-4528-bf47-dd0aa59fdb58/action 0.421s
2025-04-09 11:10:56.884 69772 INFO tempest.lib.common.rest_client [req-ee0ee909-e44a-4164-84f4-ea0662eba1da req-ee0ee909-e44a-4164-84f4-ea0662eba1da ] Request (ServersTestMultiNic:test_verify_multiple_nics_order): 200 GET http://10.180.1.21/compute/v2.1/servers/10726899-1cb9-4d56-bb77-36c41176ca8b 0.444s
2025-04-09 11:10:56.916 69736 INFO tempest.lib.common.rest_client [req-9b7fbf20-94f9-4924-a63c-2569a3423d30 req-9b7fbf20-94f9-4924-a63c-2569a3423d30 ] Request (SecurityGroupsTestJSON:test_server_security_groups): 200 GET http://10.180.1.21/compute/v2.1/servers/0cdca785-e451-4391-9eee-9c310bff924d 0.420s
2025-04-09 11:10:56.967 69758 INFO tempest.lib.common.rest_client [req-5c53f26a-9d99-4830-add6-3e7b373c662e req-5c53f26a-9d99-4830-add6-3e7b373c662e ] Request (ServerShowV257Test:test_rebuild_server): 200 GET http://10.180.1.21/compute/v2.1/servers/9966e2b7-5af8-4307-94e2-78e5975b8e14 0.407s
2025-04-09 11:10:57.022 69778 INFO tempest.lib.common.rest_client [req-cde61921-4b8e-41a7-bc5d-95aecc5dea53 req-cde61921-4b8e-41a7-bc5d-95aecc5dea53 ] Request (ServerActionsTestOtherA:setUpClass): 200 GET http://10.180.1.21/compute/v2.1/servers/5577226c-6081-4ae5-909f-2dea19be98a1 0.416s
2025-04-09 11:10:57.116 69756 INFO tempest.lib.common.rest_client [req-7d5f3076-49e2-4f56-a87d-38cadfa47900 req-7d5f3076-49e2-4f56-a87d-38cadfa47900 ] Request (ImagesOneServerNegativeTestJSON:setUp): 200 GET http://10.180.1.21/compute/v2.1/servers/cf426e3f-1187-49a3-baf2-6e668af23fe0 0.466s
2025-04-09 11:10:57.125 69782 INFO tempest.lib.common.rest_client [req-4d18defa-dc9b-4a5d-a1e0-f2cf800bf9eb req-4d18defa-dc9b-4a5d-a1e0-f2cf800bf9eb ] Request (MigrationsAdminTest:test_list_migrations_in_flavor_resize_situation): 200 GET http://10.180.1.21/compute/v2.1/servers/065960f4-681e-4867-9b12-00672a5a9055 0.586s
2025-04-09 11:10:57.168 69796 INFO tempest.lib.common.rest_client [req-c2a18c33-9b07-456c-8305-bb9fd8a331de req-c2a18c33-9b07-456c-8305-bb9fd8a331de ] Request (AttachInterfacesV270Test:test_create_get_list_interfaces): 200 GET http://10.180.1.21/compute/v2.1/servers/555b0fa4-0a00-4aa3-afb8-2ced527008dd 0.509s
2025-04-09 11:10:57.198 69734 INFO tempest.lib.common.rest_client [req-ef72de4c-19cf-4ad2-a829-e92b9965ea85 req-ef72de4c-19cf-4ad2-a829-e92b9965ea85 ] Request (ServerMetadataNegativeTestJSON:tearDownClass): 200 GET http://10.180.1.21/compute/v2.1/servers/a2d78409-c1cb-4eaa-ab49-08d51f0d670b 0.407s
2025-04-09 11:10:57.201 69768 INFO tempest.lib.common.rest_client [req-bc2c62a3-8081-452a-b163-60772657a326 req-bc2c62a3-8081-452a-b163-60772657a326 ] Request (ListImageFiltersTestJSON:setUpClass): 200 GET http://10.180.1.21/compute/v2.1/images/bcbb50ee-a3be-4c6e-92af-cb18c3e153b4 0.381s
2025-04-09 11:10:57.254 69766 INFO tempest.lib.common.rest_client [req-35693f7c-163e-40a2-89b3-9970f2fea19e req-35693f7c-163e-40a2-89b3-9970f2fea19e ] Request (TenantUsagesTestJSON:tearDownClass): 200 GET http://10.180.1.21/compute/v2.1/servers/03603f13-a3d3-4960-889c-4f26d1eef446 0.410s
2025-04-09 11:10:57.263 69748 INFO tempest.lib.common.rest_client [req-7f2e515d-069c-4ba3-9b71-0c07182b07c4 req-7f2e515d-069c-4ba3-9b71-0c07182b07c4 ] Request (FloatingIPsAssociationNegativeTestJSON:tearDownClass): 200 GET http://10.180.1.21/compute/v2.1/servers/128c4e20-7be2-403b-ab7c-e7d2a0ba1f62 0.438s
2025-04-09 11:10:57.323 69786 INFO tempest.lib.common.rest_client [req-5f5c9fb4-a730-4794-a85f-e37ee3bafccc req-5f5c9fb4-a730-4794-a85f-e37ee3bafccc ] Request (ImagesTestJSON:test_create_image_from_suspended_server): 200 GET http://10.180.1.21/compute/v2.1/servers/fef4cad8-9e52-4c98-a450-5cbcb43f19d9 0.417s
2025-04-09 11:10:57.395 69742 INFO tempest.lib.common.rest_client [req-c79c7c26-6a8a-4382-94d8-ddb64eb3c604 req-c79c7c26-6a8a-4382-94d8-ddb64eb3c604 ] Request (DeleteServersAdminTestJSON:test_delete_server_while_in_error_state): 200 GET http://10.180.1.21/compute/v2.1/servers/677f4657-cc6f-4528-bf47-dd0aa59fdb58 0.549s
2025-04-09 11:10:57.399 69744 INFO tempest.lib.common.rest_client [req-ccbe7a18-9327-4739-9d1e-0c1bec477a29 req-ccbe7a18-9327-4739-9d1e-0c1bec477a29 ] Request (ServersAdminNegativeTestJSON:tearDownClass): 200 GET http://10.180.1.21/compute/v2.1/servers/e6f2af6a-16e7-48f8-b199-0a093cd4bac5 0.441s
2025-04-09 11:10:57.465 69780 INFO tempest.lib.common.rest_client [req-a4dbad6c-3e15-46a3-81a1-2a53acee87a6 req-a4dbad6c-3e15-46a3-81a1-2a53acee87a6 ] Request (ServersTestJSON:test_create_server_specify_multibyte_character_name): 200 GET http://10.180.1.21/compute/v2.1/servers/9848c369-d516-4e71-9d00-6f21d0dda7e4 0.452s
2025-04-09 11:10:57.487 69738 INFO tempest.lib.common.rest_client [req-b6d81734-7684-4ab9-a778-cc3100181a63 req-b6d81734-7684-4ab9-a778-cc3100181a63 ] Request (ServersV294TestFqdnHostnames:setUpClass): 200 GET http://10.180.1.21/compute/v2.1/servers/8ceee979-38df-4fd1-81af-bf1436af8ec9 0.404s
2025-04-09 11:10:57.519 69760 INFO tempest.lib.common.rest_client [req-116cce7b-16be-4068-9aa6-604520f5a39b req-116cce7b-16be-4068-9aa6-604520f5a39b ] Request (ServersWithSpecificFlavorTestJSON:test_verify_created_server_ephemeral_disk): 200 GET http://10.180.1.21/compute/v2.1/servers/0c614753-736c-4a3d-9690-692674dd7c35 0.393s
2025-04-09 11:10:57.571 69788 INFO tempest.lib.common.rest_client [req-201303f5-8577-4c00-854c-639103272cca req-201303f5-8577-4c00-854c-639103272cca ] Request (FloatingIPsAssociationTestJSON:test_associate_already_associated_floating_ip): 200 GET http://10.180.1.21/compute/v2.1/servers/cdffdfdf-9505-497b-9b37-7a8dcb35d0f8 0.392s
2025-04-09 11:10:57.610 69740 INFO tempest.lib.common.rest_client [req-77624cbb-de4e-4103-abad-237af88577df req-77624cbb-de4e-4103-abad-237af88577df ] Request (ServersTestJSON:setUpClass): 200 PUT http://10.180.1.21:9696/networking/v2.0/routers/744b0f89-3a0e-4acd-b055-b4a19635b1e6/add_router_interface 1.279s
2025-04-09 11:10:57.611 69740 INFO tempest.lib.common.dynamic_creds [-] Created isolated network resources for: credentials: Credentials: {'domain_id': 'default', 'domain_name': 'Default', 'username': 'tempest-ServersTestJSON-1453525471-project-member', 'project_domain_id': 'default', 'project_domain_name': 'Default', 'project_id': '0ff5f7ff08514b62b29ab66f8ceccf6b', 'project_name': 'tempest-ServersTestJSON-1453525471', 'tenant_id': '0ff5f7ff08514b62b29ab66f8ceccf6b', 'tenant_name': 'tempest-ServersTestJSON-1453525471', 'user_domain_id': 'default', 'user_domain_name': 'Default', 'user_id': '9ef875b2f38a4dbb983e462c7cbdf38c', 'system': None}, Network: {'id': 'd8cfb38f-e935-4658-9d50-3ff18e5bbdda', 'name': 'tempest-ServersTestJSON-389555612-network', 'tenant_id': '0ff5f7ff08514b62b29ab66f8ceccf6b', 'admin_state_up': True, 'mtu': 8950, 'status': 'ACTIVE', 'subnets': [], 'shared': False, 'project_id': '0ff5f7ff08514b62b29ab66f8ceccf6b', 'port_security_enabled': True, 'router:external': False, 'provider:network_type': 'vlan', 'provider:physical_network': 'default', 'provider:segmentation_id': 83, 'availability_zone_hints': [], 'availability_zones': [], 'ipv4_address_scope': None, 'ipv6_address_scope': None, 'description': '', 'tags': [], 'created_at': '2025-04-09T11:10:54Z', 'updated_at': '2025-04-09T11:10:54Z', 'revision_number': 1}, Subnet: {'id': '1a98162a-52fb-432c-9bbb-5ebcb913a222', 'name': 'tempest-ServersTestJSON-389555612-subnet', 'tenant_id': '0ff5f7ff08514b62b29ab66f8ceccf6b', 'network_id': 'd8cfb38f-e935-4658-9d50-3ff18e5bbdda', 'ip_version': 4, 'subnetpool_id': None, 'enable_dhcp': True, 'ipv6_ra_mode': None, 'ipv6_address_mode': None, 'gateway_ip': '192.168.128.1', 'cidr': '192.168.128.0/28', 'allocation_pools': [{'start': '192.168.128.2', 'end': '192.168.128.14'}], 'host_routes': [], 'dns_nameservers': [], 'description': '', 'router:external': False, 'service_types': [], 'tags': [], 'created_at': '2025-04-09T11:10:54Z', 'updated_at': '2025-04-09T11:10:54Z', 'revision_number': 0, 'project_id': '0ff5f7ff08514b62b29ab66f8ceccf6b'}, Router: {'id': '744b0f89-3a0e-4acd-b055-b4a19635b1e6', 'name': 'tempest-ServersTestJSON-389555612-router', 'tenant_id': '0ff5f7ff08514b62b29ab66f8ceccf6b', 'admin_state_up': True, 'status': 'ACTIVE', 'external_gateway_info': {'network_id': 'ea103fc6-7954-4eda-9ee2-679255bf6129', 'external_fixed_ips': [{'subnet_id': '1564f3fa-40e4-4c50-8022-f94766fee17e', 'ip_address': '10.180.180.156'}], 'enable_snat': True}, 'description': '', 'availability_zones': [], 'distributed': False, 'ha': False, 'availability_zone_hints': [], 'routes': [], 'flavor_id': None, 'tags': [], 'created_at': '2025-04-09T11:10:55Z', 'updated_at': '2025-04-09T11:10:55Z', 'revision_number': 2, 'project_id': '0ff5f7ff08514b62b29ab66f8ceccf6b'}
2025-04-09 11:10:57.633 69795 INFO tempest.lib.common.rest_client [req-2f68f057-1189-4c0b-a63b-424a629b062a req-2f68f057-1189-4c0b-a63b-424a629b062a ] Request (ServersAdmin275Test:tearDownClass): 200 GET http://10.180.1.21/compute/v2.1/servers/3a2b2049-4cae-4ff4-b271-a4b72ef293f5 0.344s
2025-04-09 11:10:57.679 69792 INFO tempest.lib.common.rest_client [req-51561cca-3be1-40a0-904d-deee50c9cd4b req-51561cca-3be1-40a0-904d-deee50c9cd4b ] Request (MultipleCreateTestJSON:test_multiple_create): 200 GET http://10.180.1.21/compute/v2.1/servers/34d5f258-9dba-438d-9a91-f40138283ffc 0.353s
2025-04-09 11:10:57.694 69740 INFO tempest.lib.common.rest_client [req-cece6ef6-9beb-4d3b-a368-9fff28b7d7e3 req-cece6ef6-9beb-4d3b-a368-9fff28b7d7e3 ] Request (ServersTestJSON:setUpClass): 201 POST http://10.180.1.21/identity/v3/auth/tokens 0.081s
2025-04-09 11:10:57.731 69770 INFO tempest.lib.common.rest_client [req-83bd856d-df8c-49e9-8042-fa8e6e577abc req-83bd856d-df8c-49e9-8042-fa8e6e577abc ] Request (ServerExternalEventsTest:test_create_server_external_events): 200 GET http://10.180.1.21/compute/v2.1/servers/49c399d8-1be9-45aa-974b-19cb742d8685 0.383s
2025-04-09 11:10:57.819 69742 INFO tempest.lib.common.rest_client [req-3ba3f164-031b-4873-9725-978dddd6c909 req-3ba3f164-031b-4873-9725-978dddd6c909 ] Request (DeleteServersAdminTestJSON:test_delete_server_while_in_error_state): 204 DELETE http://10.180.1.21/compute/v2.1/servers/677f4657-cc6f-4528-bf47-dd0aa59fdb58 0.415s
2025-04-09 11:10:57.876 69784 INFO tempest.lib.common.rest_client [req-3d97e5e8-2415-4f21-9c8b-7d86958189ce req-3d97e5e8-2415-4f21-9c8b-7d86958189ce ] Request (DeleteServersTestJSON:test_delete_server_while_in_attached_volume): 200 GET http://10.180.1.21/compute/v2.1/servers/8d8c0afd-ded8-4fa3-9e95-f2967a4fa4d8 0.399s
2025-04-09 11:10:57.913 69756 INFO tempest.lib.common.rest_client [req-a1808046-575b-4be1-8da8-1faea3af8ce7 req-a1808046-575b-4be1-8da8-1faea3af8ce7 ] Request (ImagesOneServerNegativeTestJSON:test_create_second_image_when_first_image_is_being_saved): 202 POST http://10.180.1.21/compute/v2.1/servers/cf426e3f-1187-49a3-baf2-6e668af23fe0/action 0.789s
