2025-04-09 11:10:26.587 69796 INFO tempest.lib.common.rest_client [req-289b4a0b-052d-42c1-9bb1-2ff1f79ef9e9 req-289b4a0b-052d-42c1-9bb1-2ff1f79ef9e9 ] Request (AttachInterfacesV270Test:test_create_get_list_interfaces): 200 GET http://10.180.1.21/compute/v2.1/servers/555b0fa4-0a00-4aa3-afb8-2ced527008dd 0.538s
2025-04-09 11:10:26.602 69796 INFO tempest.common.waiters [-] State transition "BUILD/scheduling" ==> "BUILD/None" after 17 second wait
2025-04-09 11:10:26.634 69776 INFO tempest.lib.common.rest_client [req-d1f2f69b-3c6b-49d4-b991-7e48ac2169e2 req-d1f2f69b-3c6b-49d4-b991-7e48ac2169e2 ] Request (ServerAddressesNegativeTestJSON:setUpClass): 200 GET http://10.180.1.21/compute/v2.1/servers/3bce4c1a-a27e-42d5-811a-8f400d4af972 0.478s
2025-04-09 11:10:26.639 69734 INFO tempest.lib.common.rest_client [req-728b2c31-8b7d-454c-a0d6-c50dcc1e6630 req-728b2c31-8b7d-454c-a0d6-c50dcc1e6630 ] Request (ServerMetadataNegativeTestJSON:test_create_server_metadata_blank_key): 400 POST http://10.180.1.21/compute/v2.1/servers 0.469s
2025-04-09 11:10:26.660 69760 INFO tempest.lib.common.rest_client [req-aaffdad0-f708-42ba-b831-16203313c30b req-aaffdad0-f708-42ba-b831-16203313c30b ] Request (ServersWithSpecificFlavorTestJSON:test_verify_created_server_ephemeral_disk): 200 POST http://10.180.1.21/compute/v2.1/flavors 0.491s
2025-04-09 11:10:26.705 69756 INFO tempest.lib.common.rest_client [req-38f3e959-a767-4fee-9b7c-f615a1fb39cb req-38f3e959-a767-4fee-9b7c-f615a1fb39cb ] Request (ImagesOneServerNegativeTestJSON:setUpClass): 200 GET http://10.180.1.21/compute/v2.1/servers/cf426e3f-1187-49a3-baf2-6e668af23fe0 0.488s
2025-04-09 11:10:26.721 69768 INFO tempest.lib.common.rest_client [req-fcba4ef7-0110-4b9f-8ea8-57b6dc6ffc2a req-fcba4ef7-0110-4b9f-8ea8-57b6dc6ffc2a ] Request (ListImageFiltersTestJSON:setUpClass): 200 GET http://10.180.1.21/compute/v2.1/images/2afcdbd9-8bb7-4508-bbcc-0131f2aca2ae 0.447s
2025-04-09 11:10:26.728 69754 WARNING tempest.lib.common.ssh [-] Failed to establish authenticated ssh connection to cirros@10.180.180.171 ([Errno None] Unable to connect to port 22 on 10.180.180.171). Number attempts: 3. Retry after 4 seconds.: paramiko.ssh_exception.NoValidConnectionsError: [Errno None] Unable to connect to port 22 on 10.180.180.171
2025-04-09 11:10:26.767 69780 INFO tempest.lib.common.rest_client [req-7d6c7e2b-2bc9-4861-baf5-e8ca7f1449a1 req-7d6c7e2b-2bc9-4861-baf5-e8ca7f1449a1 ] Request (ServersTestJSON:test_create_server_specify_multibyte_character_name): 200 GET http://10.180.1.21/compute/v2.1/servers/9848c369-d516-4e71-9d00-6f21d0dda7e4 0.442s
2025-04-09 11:10:26.787 69738 INFO tempest.lib.common.rest_client [req-563783c4-63e9-4073-90b5-0966416ccd5a req-563783c4-63e9-4073-90b5-0966416ccd5a ] Request (ServersV294TestFqdnHostnames:setUpClass): 200 GET http://10.180.1.21/compute/v2.1/servers/8ceee979-38df-4fd1-81af-bf1436af8ec9 0.403s
2025-04-09 11:10:26.836 69786 INFO tempest.lib.common.rest_client [req-395821c3-705a-4c8e-b95f-04e6ff863be5 req-395821c3-705a-4c8e-b95f-04e6ff863be5 ] Request (ImagesTestJSON:test_create_image_from_suspended_server): 200 GET http://10.180.1.21/compute/v2.1/servers/fef4cad8-9e52-4c98-a450-5cbcb43f19d9 0.395s
2025-04-09 11:10:26.969 69778 INFO tempest.lib.common.rest_client [req-6905c6c1-55c7-4427-b0b1-f86a94dd0af7 req-6905c6c1-55c7-4427-b0b1-f86a94dd0af7 ] Request (ServerActionsTestOtherA:setUpClass): 201 POST http://10.180.1.21:9696/networking/v2.0/networks 0.551s
2025-04-09 11:10:26.969 69742 INFO tempest.lib.common.rest_client [req-9663a232-0890-4c01-bcb6-de3de59dea72 req-9663a232-0890-4c01-bcb6-de3de59dea72 ] Request (DeleteServersAdminTestJSON:test_delete_server_while_in_error_state): 200 GET http://10.180.1.21/compute/v2.1/servers/677f4657-cc6f-4528-bf47-dd0aa59fdb58 0.398s
2025-04-09 11:10:26.992 69746 INFO tempest.lib.common.rest_client [req-c64522ff-d63d-4703-95ba-9f1f27bb97bd req-c64522ff-d63d-4703-95ba-9f1f27bb97bd ] Request (SecurityGroupRulesTestJSON:tearDownClass): 202 DELETE http://10.180.1.21/compute/v2.1/os-security-groups/9707e224-ded4-4f0a-b0a6-86d0e35f763f 0.548s
2025-04-09 11:10:27.003 69734 INFO tempest.lib.common.rest_client [req-7a3cb51c-235b-4701-b555-7d76035f340b req-7a3cb51c-235b-4701-b555-7d76035f340b ] Request (ServerMetadataNegativeTestJSON:test_delete_metadata_non_existent_server): 404 DELETE http://10.180.1.21/compute/v2.1/servers/38147f8c-5e58-4411-8922-05693ed8dbcc/metadata/d 0.359s
2025-04-09 11:10:27.028 69760 INFO tempest.lib.common.rest_client [req-6f767bec-519a-49d3-88e8-c2295fc16a00 req-6f767bec-519a-49d3-88e8-c2295fc16a00 ] Request (ServersWithSpecificFlavorTestJSON:test_verify_created_server_ephemeral_disk): 200 GET http://10.180.1.21/compute/v2.1/flavors/42/os-extra_specs 0.365s
2025-04-09 11:10:27.120 69782 INFO tempest.lib.common.rest_client [req-eb773969-0c6e-49b8-8385-1750d042c0d3 req-eb773969-0c6e-49b8-8385-1750d042c0d3 ] Request (MigrationsAdminTest:test_list_migrations_in_flavor_resize_situation): 200 GET http://10.180.1.21/compute/v2.1/servers/065960f4-681e-4867-9b12-00672a5a9055 0.529s
2025-04-09 11:10:27.133 69795 INFO tempest.lib.common.rest_client [req-80d84bd9-bccd-4502-ab7b-f29c257b91fe req-80d84bd9-bccd-4502-ab7b-f29c257b91fe ] Request (ServersAdmin275Test:tearDownClass): 200 GET http://10.180.1.21/compute/v2.1/servers/3a2b2049-4cae-4ff4-b271-a4b72ef293f5 0.465s
2025-04-09 11:10:27.204 69744 INFO tempest.lib.common.rest_client [req-464d86e4-115e-4879-ad72-8af0ebe766b0 req-464d86e4-115e-4879-ad72-8af0ebe766b0 ] Request (ServersAdminNegativeTestJSON:test_migrate_server_invalid_state): 200 GET http://10.180.1.21/compute/v2.1/servers/e6f2af6a-16e7-48f8-b199-0a093cd4bac5 0.467s
2025-04-09 11:10:27.205 69788 INFO tempest.lib.common.rest_client [req-690e836e-db36-49d4-bdc7-d3c752ec8b66 req-690e836e-db36-49d4-bdc7-d3c752ec8b66 ] Request (FloatingIPsAssociationTestJSON:test_associate_already_associated_floating_ip): 200 GET http://10.180.1.21/compute/v2.1/servers/cdffdfdf-9505-497b-9b37-7a8dcb35d0f8 0.527s
2025-04-09 11:10:27.215 69778 INFO tempest.lib.common.rest_client [req-0108d099-90b0-44e5-b4e7-d6e4929ed9e5 req-0108d099-90b0-44e5-b4e7-d6e4929ed9e5 ] Request (ServerActionsTestOtherA:setUpClass): 201 POST http://10.180.1.21:9696/networking/v2.0/subnets 0.245s
2025-04-09 11:10:27.272 69772 INFO tempest.lib.common.rest_client [req-fbffbd8b-ac2d-45f1-ba23-9b6180712f03 req-fbffbd8b-ac2d-45f1-ba23-9b6180712f03 ] Request (ServersTestMultiNic:_run_cleanups): 200 GET http://10.180.1.21/compute/v2.1/servers/81d85e58-a72f-443a-aea2-8bf16ec1e973 0.389s
2025-04-09 11:10:27.325 69762 INFO tempest.lib.common.rest_client [req-1ed11ef4-14ef-4def-8244-f09f04c854cc req-1ed11ef4-14ef-4def-8244-f09f04c854cc ] Request (ListServersNegativeTestJSON:setUpClass): 200 GET http://10.180.1.21/compute/v2.1/servers/43868de5-6e4f-4e9e-8db8-63fb9f5f180b 0.431s
2025-04-09 11:10:27.347 69748 INFO tempest.lib.common.rest_client [req-20f90c23-3c56-4f28-9bd2-e4b1ab47fa07 req-20f90c23-3c56-4f28-9bd2-e4b1ab47fa07 ] Request (FloatingIPsAssociationNegativeTestJSON:setUpClass): 200 GET http://10.180.1.21/compute/v2.1/servers/128c4e20-7be2-403b-ab7c-e7d2a0ba1f62 0.539s
2025-04-09 11:10:27.354 69748 INFO tempest.common.waiters [-] State transition "BUILD/networking" ==> "BUILD/spawning" after 35 second wait
2025-04-09 11:10:27.393 69792 INFO tempest.lib.common.rest_client [req-92ce7f0e-2e24-4c08-b0d1-95fe8cc46738 req-92ce7f0e-2e24-4c08-b0d1-95fe8cc46738 ] Request (ServerDiagnosticsTest:tearDownClass): 200 GET http://10.180.1.21/compute/v2.1/servers/4aafbb59-7ef3-4f16-9e90-973898612a06 0.429s
2025-04-09 11:10:27.401 69734 INFO tempest.lib.common.rest_client [req-553663df-0273-49ec-ba23-4db122c7a3be req-553663df-0273-49ec-ba23-4db122c7a3be ] Request (ServerMetadataNegativeTestJSON:test_list_server_metadata_non_existent_server): 404 GET http://10.180.1.21/compute/v2.1/servers/0180f49e-c78c-4619-a412-61c9e315cc34/metadata 0.396s
2025-04-09 11:10:27.505 69784 INFO tempest.lib.common.rest_client [req-6d1e5c9d-c0d1-46bf-b925-066d09843df9 req-6d1e5c9d-c0d1-46bf-b925-066d09843df9 ] Request (DeleteServersTestJSON:test_delete_server_while_in_attached_volume): 200 GET http://10.180.1.21/compute/v2.1/servers/8d8c0afd-ded8-4fa3-9e95-f2967a4fa4d8 0.480s
2025-04-09 11:10:27.512 69746 INFO tempest.lib.common.rest_client [req-d574bc02-8b12-4acf-b1a8-bc26398ffefe req-d574bc02-8b12-4acf-b1a8-bc26398ffefe ] Request (SecurityGroupRulesTestJSON:tearDownClass): 202 DELETE http://10.180.1.21/compute/v2.1/os-security-groups/c661d41a-5565-429a-aa28-288ee93470a3 0.520s
2025-04-09 11:10:27.562 69760 INFO tempest.lib.common.rest_client [req-8c49a359-ed23-43ec-ae0b-954a8c8eb5a2 req-8c49a359-ed23-43ec-ae0b-954a8c8eb5a2 ] Request (ServersWithSpecificFlavorTestJSON:test_verify_created_server_ephemeral_disk): 200 POST http://10.180.1.21/compute/v2.1/flavors/1722724269/os-extra_specs 0.533s
2025-04-09 11:10:27.647 69740 INFO tempest.lib.common.rest_client [req-ec4a806c-3b1f-431c-ad9b-28b07298430c req-ec4a806c-3b1f-431c-ad9b-28b07298430c ] Request (ImagesNegativeTestJSON:test_create_image_from_deleted_server): 200 GET http://10.180.1.21/compute/v2.1/servers/01df552d-1482-4974-b0cd-22f8c4494d0a 0.538s
2025-04-09 11:10:27.657 69770 INFO tempest.lib.common.rest_client [req-3d23b008-5f79-48e9-bd5a-9385edd54fba req-3d23b008-5f79-48e9-bd5a-9385edd54fba ] Request (ServerExternalEventsTest:test_create_server_external_events): 200 GET http://10.180.1.21/compute/v2.1/servers/49c399d8-1be9-45aa-974b-19cb742d8685 0.527s
2025-04-09 11:10:27.861 69766 INFO tempest.lib.common.rest_client [req-489001b6-0247-4832-adb0-e13d7e7f78de req-489001b6-0247-4832-adb0-e13d7e7f78de ] Request (TenantUsagesTestJSON:setUpClass): 200 GET http://10.180.1.21/compute/v2.1/servers/03603f13-a3d3-4960-889c-4f26d1eef446 0.359s
2025-04-09 11:10:27.886 69734 INFO tempest.lib.common.rest_client [req-ca4e3673-efa4-4900-bf81-5c748faab109 req-ca4e3673-efa4-4900-bf81-5c748faab109 ] Request (ServerMetadataNegativeTestJSON:test_metadata_items_limit): 200 GET http://10.180.1.21/compute/v2.1/os-quota-sets/1a458d0a3a94483b9cacaa4c46548b10 0.483s
2025-04-09 11:10:27.955 69760 INFO tempest.lib.common.rest_client [req-5d595253-bbc0-4bd6-a628-012c72aff2dd req-5d595253-bbc0-4bd6-a628-012c72aff2dd ] Request (ValidationResourcesFixture:setUp): 200 POST http://10.180.1.21/compute/v2.1/os-keypairs 0.388s
2025-04-09 11:10:27.984 69758 INFO tempest.lib.common.rest_client [req-a835c533-e23a-4fea-94b4-ac5ab038ae58 req-a835c533-e23a-4fea-94b4-ac5ab038ae58 ] Request (ServerShowV257Test:test_rebuild_server): 200 GET http://10.180.1.21/compute/v2.1/servers/9966e2b7-5af8-4307-94e2-78e5975b8e14 0.446s
2025-04-09 11:10:28.048 69736 INFO tempest.lib.common.rest_client [req-6c66a475-424e-493f-8cd0-626a9191564d req-6c66a475-424e-493f-8cd0-626a9191564d ] Request (SecurityGroupsTestJSON:test_server_security_groups): 200 GET http://10.180.1.21/compute/v2.1/servers/0cdca785-e451-4391-9eee-9c310bff924d 0.481s
2025-04-09 11:10:28.060 69796 INFO tempest.lib.common.rest_client [req-38c782e2-16a9-4ebd-958c-1c044588ecc8 req-38c782e2-16a9-4ebd-958c-1c044588ecc8 ] Request (AttachInterfacesV270Test:test_create_get_list_interfaces): 200 GET http://10.180.1.21/compute/v2.1/servers/555b0fa4-0a00-4aa3-afb8-2ced527008dd 0.457s
2025-04-09 11:10:28.127 69756 INFO tempest.lib.common.rest_client [req-ed3357ab-254f-4f9f-a37f-d1d484a8f75e req-ed3357ab-254f-4f9f-a37f-d1d484a8f75e ] Request (ImagesOneServerNegativeTestJSON:setUpClass): 200 GET http://10.180.1.21/compute/v2.1/servers/cf426e3f-1187-49a3-baf2-6e668af23fe0 0.410s
2025-04-09 11:10:28.130 69776 INFO tempest.lib.common.rest_client [req-d6235f55-20ba-4867-a2a1-48341363c82f req-d6235f55-20ba-4867-a2a1-48341363c82f ] Request (ServerAddressesNegativeTestJSON:setUpClass): 200 GET http://10.180.1.21/compute/v2.1/servers/3bce4c1a-a27e-42d5-811a-8f400d4af972 0.477s
2025-04-09 11:10:28.141 69760 INFO tempest.lib.common.rest_client [req-4bdbeaed-952d-406f-a32a-cd16557a6867 req-4bdbeaed-952d-406f-a32a-cd16557a6867 ] Request (ValidationResourcesFixture:setUp): 201 POST http://10.180.1.21:9696/networking/v2.0/security-groups 0.184s
2025-04-09 11:10:28.180 69768 INFO tempest.lib.common.rest_client [req-31366c8a-40ca-4b71-b2eb-f75139e47c53 req-31366c8a-40ca-4b71-b2eb-f75139e47c53 ] Request (ListImageFiltersTestJSON:setUpClass): 200 GET http://10.180.1.21/compute/v2.1/images/2afcdbd9-8bb7-4508-bbcc-0131f2aca2ae 0.453s
2025-04-09 11:10:28.193 69780 INFO tempest.lib.common.rest_client [req-a64049fa-c59d-44bd-ac51-caa17b690306 req-a64049fa-c59d-44bd-ac51-caa17b690306 ] Request (ServersTestJSON:test_create_server_specify_multibyte_character_name): 200 GET http://10.180.1.21/compute/v2.1/servers/9848c369-d516-4e71-9d00-6f21d0dda7e4 0.410s
2025-04-09 11:10:28.253 69786 INFO tempest.lib.common.rest_client [req-cd4168ad-9196-4f9d-a4a1-6742c81a45c4 req-cd4168ad-9196-4f9d-a4a1-6742c81a45c4 ] Request (ImagesTestJSON:test_create_image_from_suspended_server): 200 GET http://10.180.1.21/compute/v2.1/servers/fef4cad8-9e52-4c98-a450-5cbcb43f19d9 0.406s
2025-04-09 11:10:28.262 69738 INFO tempest.lib.common.rest_client [req-7881408d-914d-43fb-9804-141347ecdeda req-7881408d-914d-43fb-9804-141347ecdeda ] Request (ServersV294TestFqdnHostnames:setUpClass): 200 GET http://10.180.1.21/compute/v2.1/servers/8ceee979-38df-4fd1-81af-bf1436af8ec9 0.463s
2025-04-09 11:10:28.356 69760 INFO tempest.lib.common.rest_client [req-456455ae-1f0e-48b4-9f77-9a9a364a22c8 req-456455ae-1f0e-48b4-9f77-9a9a364a22c8 ] Request (ValidationResourcesFixture:setUp): 201 POST http://10.180.1.21:9696/networking/v2.0/security-group-rules 0.215s
2025-04-09 11:10:28.368 69742 INFO tempest.lib.common.rest_client [req-f0ad3c56-4191-432f-a1f3-738e429b818c req-f0ad3c56-4191-432f-a1f3-738e429b818c ] Request (DeleteServersAdminTestJSON:test_delete_server_while_in_error_state): 200 GET http://10.180.1.21/compute/v2.1/servers/677f4657-cc6f-4528-bf47-dd0aa59fdb58 0.387s
2025-04-09 11:10:28.394 69734 INFO tempest.lib.common.rest_client [req-a8844447-0542-4b01-a191-e4c7b45f1f93 req-a8844447-0542-4b01-a191-e4c7b45f1f93 ] Request (ServerMetadataNegativeTestJSON:test_metadata_items_limit): 403 PUT http://10.180.1.21/compute/v2.1/servers/a2d78409-c1cb-4eaa-ab49-08d51f0d670b/metadata 0.505s
2025-04-09 11:10:28.496 69795 INFO tempest.lib.common.rest_client [req-894d73e2-cf8a-4905-a1d0-2a8c929d410c req-894d73e2-cf8a-4905-a1d0-2a8c929d410c ] Request (ServersAdmin275Test:tearDownClass): 200 GET http://10.180.1.21/compute/v2.1/servers/3a2b2049-4cae-4ff4-b271-a4b72ef293f5 0.351s
2025-04-09 11:10:28.527 69760 INFO tempest.lib.common.rest_client [req-48eaed9f-c5d4-4ada-a80d-006714b89556 req-48eaed9f-c5d4-4ada-a80d-006714b89556 ] Request (ValidationResourcesFixture:setUp): 201 POST http://10.180.1.21:9696/networking/v2.0/security-group-rules 0.171s
2025-04-09 11:10:28.586 69744 INFO tempest.lib.common.rest_client [req-edd4df75-f0d7-4eac-91e9-daf3b53c6cc5 req-edd4df75-f0d7-4eac-91e9-daf3b53c6cc5 ] Request (ServersAdminNegativeTestJSON:test_migrate_server_invalid_state): 200 GET http://10.180.1.21/compute/v2.1/servers/e6f2af6a-16e7-48f8-b199-0a093cd4bac5 0.374s
2025-04-09 11:10:28.593 69744 INFO tempest.common.waiters [-] State transition "BUILD/None" ==> "BUILD/networking" after 33 second wait
2025-04-09 11:10:28.652 69788 INFO tempest.lib.common.rest_client [req-73b69864-7a75-439f-99b9-4438ac087878 req-73b69864-7a75-439f-99b9-4438ac087878 ] Request (FloatingIPsAssociationTestJSON:test_associate_already_associated_floating_ip): 200 GET http://10.180.1.21/compute/v2.1/servers/cdffdfdf-9505-497b-9b37-7a8dcb35d0f8 0.436s
2025-04-09 11:10:28.748 69772 INFO tempest.lib.common.rest_client [req-47dbb73b-22e8-4107-b605-a2d0188206ba req-47dbb73b-22e8-4107-b605-a2d0188206ba ] Request (ServersTestMultiNic:_run_cleanups): 200 GET http://10.180.1.21/compute/v2.1/servers/81d85e58-a72f-443a-aea2-8bf16ec1e973 0.468s
2025-04-09 11:10:28.862 69762 INFO tempest.lib.common.rest_client [req-23b3b3fb-5572-40a1-aab2-777bc4c74189 req-23b3b3fb-5572-40a1-aab2-777bc4c74189 ] Request (ListServersNegativeTestJSON:setUpClass): 200 GET http://10.180.1.21/compute/v2.1/servers/43868de5-6e4f-4e9e-8db8-63fb9f5f180b 0.529s
2025-04-09 11:10:28.864 69782 INFO tempest.lib.common.rest_client [req-20757351-9194-4a08-8afa-8984d921227d req-20757351-9194-4a08-8afa-8984d921227d ] Request (MigrationsAdminTest:test_list_migrations_in_flavor_resize_situation): 200 GET http://10.180.1.21/compute/v2.1/servers/065960f4-681e-4867-9b12-00672a5a9055 0.735s
2025-04-09 11:10:28.874 69782 INFO tempest.common.waiters [-] State transition "RESIZE/resize_migrating" ==> "RESIZE/resize_migrated" after 32 second wait
2025-04-09 11:10:28.960 69734 INFO tempest.lib.common.rest_client [req-3167403b-f3f9-4cc9-9435-f97563794157 req-3167403b-f3f9-4cc9-9435-f97563794157 ] Request (ServerMetadataNegativeTestJSON:test_metadata_items_limit): 403 POST http://10.180.1.21/compute/v2.1/servers/a2d78409-c1cb-4eaa-ab49-08d51f0d670b/metadata 0.566s
2025-04-09 11:10:29.016 69734 INFO tempest.lib.common.rest_client [req-36addf55-1d1d-4ea6-89a3-fc2e912f5625 req-36addf55-1d1d-4ea6-89a3-fc2e912f5625 ] Request (ServerMetadataNegativeTestJSON:test_server_create_metadata_key_too_long): 201 POST http://10.180.1.21/identity/v3/auth/tokens 0.051s
2025-04-09 11:10:29.016 69734 INFO tempest.lib.common.fixed_network [-] (ServerMetadataNegativeTestJSON:test_server_create_metadata_key_too_long) Found network {'id': 'b8690587-71a2-44a3-9461-f14021c75578', 'name': 'tempest-ServerMetadataNegativeTestJSON-774464276-network', 'tenant_id': '1a458d0a3a94483b9cacaa4c46548b10', 'admin_state_up': True, 'mtu': 8950, 'status': 'ACTIVE', 'subnets': [], 'shared': False, 'project_id': '1a458d0a3a94483b9cacaa4c46548b10', 'port_security_enabled': True, 'router:external': False, 'provider:network_type': 'vlan', 'provider:physical_network': 'default', 'provider:segmentation_id': 609, 'availability_zone_hints': [], 'availability_zones': [], 'ipv4_address_scope': None, 'ipv6_address_scope': None, 'description': '', 'tags': [], 'created_at': '2025-04-09T11:09:38Z', 'updated_at': '2025-04-09T11:09:38Z', 'revision_number': 1} available for tenant
2025-04-09 11:10:29.035 69748 INFO tempest.lib.common.rest_client [req-1cf3d173-0449-4bbb-b998-ef7a066191b1 req-1cf3d173-0449-4bbb-b998-ef7a066191b1 ] Request (FloatingIPsAssociationNegativeTestJSON:setUpClass): 200 GET http://10.180.1.21/compute/v2.1/servers/128c4e20-7be2-403b-ab7c-e7d2a0ba1f62 0.680s
2025-04-09 11:10:29.053 69792 INFO tempest.lib.common.rest_client [req-58f9acca-bd80-4181-b179-7ad0ef712808 req-58f9acca-bd80-4181-b179-7ad0ef712808 ] Request (ServerDiagnosticsTest:tearDownClass): 200 GET http://10.180.1.21/compute/v2.1/servers/4aafbb59-7ef3-4f16-9e90-973898612a06 0.651s
2025-04-09 11:10:29.142 69740 INFO tempest.lib.common.rest_client [req-2974a2c3-bf56-4066-8cd8-3d29f245a210 req-2974a2c3-bf56-4066-8cd8-3d29f245a210 ] Request (ImagesNegativeTestJSON:test_create_image_from_deleted_server): 200 GET http://10.180.1.21/compute/v2.1/servers/01df552d-1482-4974-b0cd-22f8c4494d0a 0.480s
2025-04-09 11:10:29.150 69784 INFO tempest.lib.common.rest_client [req-c55d91d2-6839-4ce9-8f9f-af5058400274 req-c55d91d2-6839-4ce9-8f9f-af5058400274 ] Request (DeleteServersTestJSON:test_delete_server_while_in_attached_volume): 200 GET http://10.180.1.21/compute/v2.1/servers/8d8c0afd-ded8-4fa3-9e95-f2967a4fa4d8 0.634s
2025-04-09 11:10:29.282 69770 INFO tempest.lib.common.rest_client [req-361f6a94-6def-405b-903c-191ca23601bb req-361f6a94-6def-405b-903c-191ca23601bb ] Request (ServerExternalEventsTest:test_create_server_external_events): 200 GET http://10.180.1.21/compute/v2.1/servers/49c399d8-1be9-45aa-974b-19cb742d8685 0.613s
2025-04-09 11:10:29.316 69778 INFO tempest.lib.common.rest_client [req-25c9446f-20f8-499d-a630-ac04591abd30 req-25c9446f-20f8-499d-a630-ac04591abd30 ] Request (ServerActionsTestOtherA:setUpClass): 201 POST http://10.180.1.21:9696/networking/v2.0/routers 2.101s
2025-04-09 11:10:29.371 69758 INFO tempest.lib.common.rest_client [req-3e4c52ae-fbbc-482c-ba91-1d5a263e5c4b req-3e4c52ae-fbbc-482c-ba91-1d5a263e5c4b ] Request (ServerShowV257Test:test_rebuild_server): 200 GET http://10.180.1.21/compute/v2.1/servers/9966e2b7-5af8-4307-94e2-78e5975b8e14 0.373s
2025-04-09 11:10:29.378 69734 INFO tempest.lib.common.rest_client [req-d05b530e-0705-4e5d-a82b-3f681f1a518c req-d05b530e-0705-4e5d-a82b-3f681f1a518c ] Request (ServerMetadataNegativeTestJSON:test_server_create_metadata_key_too_long): 400 POST http://10.180.1.21/compute/v2.1/servers 0.362s
2025-04-09 11:10:29.444 69766 INFO tempest.lib.common.rest_client [req-36bd5af4-04a2-42ff-b367-67f102f68e7c req-36bd5af4-04a2-42ff-b367-67f102f68e7c ] Request (TenantUsagesTestJSON:setUpClass): 200 GET http://10.180.1.21/compute/v2.1/servers/03603f13-a3d3-4960-889c-4f26d1eef446 0.575s
2025-04-09 11:10:29.467 69736 INFO tempest.lib.common.rest_client [req-40b832b9-0f0e-4352-807d-fbfb6dad3ff8 req-40b832b9-0f0e-4352-807d-fbfb6dad3ff8 ] Request (SecurityGroupsTestJSON:test_server_security_groups): 200 GET http://10.180.1.21/compute/v2.1/servers/0cdca785-e451-4391-9eee-9c310bff924d 0.407s
2025-04-09 11:10:29.482 69734 INFO tempest.lib.common.rest_client [req-ff3540d3-4356-42f3-aee9-609e36c0faf4 req-ff3540d3-4356-42f3-aee9-609e36c0faf4 ] Request (ServerMetadataNegativeTestJSON:test_server_create_metadata_key_too_long): 201 POST http://10.180.1.21/identity/v3/auth/tokens 0.101s
2025-04-09 11:10:29.483 69734 INFO tempest.lib.common.fixed_network [-] (ServerMetadataNegativeTestJSON:test_server_create_metadata_key_too_long) Found network {'id': 'b8690587-71a2-44a3-9461-f14021c75578', 'name': 'tempest-ServerMetadataNegativeTestJSON-774464276-network', 'tenant_id': '1a458d0a3a94483b9cacaa4c46548b10', 'admin_state_up': True, 'mtu': 8950, 'status': 'ACTIVE', 'subnets': [], 'shared': False, 'project_id': '1a458d0a3a94483b9cacaa4c46548b10', 'port_security_enabled': True, 'router:external': False, 'provider:network_type': 'vlan', 'provider:physical_network': 'default', 'provider:segmentation_id': 609, 'availability_zone_hints': [], 'availability_zones': [], 'ipv4_address_scope': None, 'ipv6_address_scope': None, 'description': '', 'tags': [], 'created_at': '2025-04-09T11:09:38Z', 'updated_at': '2025-04-09T11:09:38Z', 'revision_number': 1} available for tenant
2025-04-09 11:10:29.550 69796 INFO tempest.lib.common.rest_client [req-11f34f51-9a2b-470a-b1fe-8102daf2bcef req-11f34f51-9a2b-470a-b1fe-8102daf2bcef ] Request (AttachInterfacesV270Test:test_create_get_list_interfaces): 200 GET http://10.180.1.21/compute/v2.1/servers/555b0fa4-0a00-4aa3-afb8-2ced527008dd 0.465s
2025-04-09 11:10:29.564 69776 INFO tempest.lib.common.rest_client [req-d5c1b212-8c43-41f2-a347-fb90f730c0a5 req-d5c1b212-8c43-41f2-a347-fb90f730c0a5 ] Request (ServerAddressesNegativeTestJSON:setUpClass): 200 GET http://10.180.1.21/compute/v2.1/servers/3bce4c1a-a27e-42d5-811a-8f400d4af972 0.425s
2025-04-09 11:10:29.565 69760 INFO tempest.lib.common.rest_client [req-044875be-b722-48d9-94f8-95e7a8408a8d req-044875be-b722-48d9-94f8-95e7a8408a8d ] Request (ValidationResourcesFixture:setUp): 201 POST http://10.180.1.21:9696/networking/v2.0/floatingips 1.038s
2025-04-09 11:10:29.590 69746 INFO tempest.lib.common.rest_client [req-b0cfad0a-7525-488c-842b-32e3b0a2cd88 req-b0cfad0a-7525-488c-842b-32e3b0a2cd88 ] Request (SecurityGroupRulesTestJSON:tearDownClass): 200 PUT http://10.180.1.21:9696/networking/v2.0/routers/a686b820-e313-4f76-ac47-0036c0c7bfbd/remove_router_interface 2.078s
2025-04-09 11:10:29.608 69756 INFO tempest.lib.common.rest_client [req-cefebcec-1cb8-410c-8442-cbc93a6b6d80 req-cefebcec-1cb8-410c-8442-cbc93a6b6d80 ] Request (ImagesOneServerNegativeTestJSON:setUpClass): 200 GET http://10.180.1.21/compute/v2.1/servers/cf426e3f-1187-49a3-baf2-6e668af23fe0 0.467s
2025-04-09 11:10:29.610 69768 INFO tempest.lib.common.rest_client [req-ab813af1-c049-456d-9b03-55ce6d2e0e26 req-ab813af1-c049-456d-9b03-55ce6d2e0e26 ] Request (ListImageFiltersTestJSON:setUpClass): 200 GET http://10.180.1.21/compute/v2.1/images/2afcdbd9-8bb7-4508-bbcc-0131f2aca2ae 0.422s
2025-04-09 11:10:29.678 69760 INFO tempest.lib.common.rest_client [req-43a98531-db21-4fa6-8b16-2d71e319c54e req-43a98531-db21-4fa6-8b16-2d71e319c54e ] Request (ServersWithSpecificFlavorTestJSON:test_verify_created_server_ephemeral_disk): 201 POST http://10.180.1.21/identity/v3/auth/tokens 0.108s
2025-04-09 11:10:29.679 69760 INFO tempest.lib.common.fixed_network [-] (ServersWithSpecificFlavorTestJSON:test_verify_created_server_ephemeral_disk) Found network {'id': 'c6375637-c6b3-4dd5-9a74-5deb40e5aca5', 'name': 'tempest-ServersWithSpecificFlavorTestJSON-273453138-network', 'tenant_id': 'c976c7abebf94fed899a8ab9cd5235f2', 'admin_state_up': True, 'mtu': 8950, 'status': 'ACTIVE', 'subnets': [], 'shared': False, 'project_id': 'c976c7abebf94fed899a8ab9cd5235f2', 'port_security_enabled': True, 'router:external': False, 'provider:network_type': 'vlan', 'provider:physical_network': 'default', 'provider:segmentation_id': 819, 'availability_zone_hints': [], 'availability_zones': [], 'ipv4_address_scope': None, 'ipv6_address_scope': None, 'description': '', 'tags': [], 'created_at': '2025-04-09T11:10:13Z', 'updated_at': '2025-04-09T11:10:13Z', 'revision_number': 1} available for tenant
2025-04-09 11:10:29.707 69786 INFO tempest.lib.common.rest_client [req-24d7897b-0749-4ab2-9b85-f2b423681ec9 req-24d7897b-0749-4ab2-9b85-f2b423681ec9 ] Request (ImagesTestJSON:test_create_image_from_suspended_server): 200 GET http://10.180.1.21/compute/v2.1/servers/fef4cad8-9e52-4c98-a450-5cbcb43f19d9 0.444s
2025-04-09 11:10:29.730 69780 INFO tempest.lib.common.rest_client [req-9220637c-c168-421f-b930-1c8620ddd513 req-9220637c-c168-421f-b930-1c8620ddd513 ] Request (ServersTestJSON:test_create_server_specify_multibyte_character_name): 200 GET http://10.180.1.21/compute/v2.1/servers/9848c369-d516-4e71-9d00-6f21d0dda7e4 0.527s
2025-04-09 11:10:29.793 69738 INFO tempest.lib.common.rest_client [req-ffa9f9b1-2df6-40f1-a994-98d04d761aad req-ffa9f9b1-2df6-40f1-a994-98d04d761aad ] Request (ServersV294TestFqdnHostnames:setUpClass): 200 GET http://10.180.1.21/compute/v2.1/servers/8ceee979-38df-4fd1-81af-bf1436af8ec9 0.520s
2025-04-09 11:10:29.799 69734 INFO tempest.lib.common.rest_client [req-29335be7-44a2-4b9f-b29c-d937b04c359f req-29335be7-44a2-4b9f-b29c-d937b04c359f ] Request (ServerMetadataNegativeTestJSON:test_server_create_metadata_key_too_long): 400 POST http://10.180.1.21/compute/v2.1/servers 0.312s
2025-04-09 11:10:29.831 69742 INFO tempest.lib.common.rest_client [req-132a39cd-1b45-4ce7-b810-8121131900db req-132a39cd-1b45-4ce7-b810-8121131900db ] Request (DeleteServersAdminTestJSON:test_delete_server_while_in_error_state): 200 GET http://10.180.1.21/compute/v2.1/servers/677f4657-cc6f-4528-bf47-dd0aa59fdb58 0.448s
2025-04-09 11:10:29.869 69734 INFO tempest.lib.common.rest_client [req-3b83a118-2754-4cae-9341-7165ef91ffac req-3b83a118-2754-4cae-9341-7165ef91ffac ] Request (ServerMetadataNegativeTestJSON:test_server_create_metadata_key_too_long): 201 POST http://10.180.1.21/identity/v3/auth/tokens 0.066s
2025-04-09 11:10:29.870 69734 INFO tempest.lib.common.fixed_network [-] (ServerMetadataNegativeTestJSON:test_server_create_metadata_key_too_long) Found network {'id': 'b8690587-71a2-44a3-9461-f14021c75578', 'name': 'tempest-ServerMetadataNegativeTestJSON-774464276-network', 'tenant_id': '1a458d0a3a94483b9cacaa4c46548b10', 'admin_state_up': True, 'mtu': 8950, 'status': 'ACTIVE', 'subnets': [], 'shared': False, 'project_id': '1a458d0a3a94483b9cacaa4c46548b10', 'port_security_enabled': True, 'router:external': False, 'provider:network_type': 'vlan', 'provider:physical_network': 'default', 'provider:segmentation_id': 609, 'availability_zone_hints': [], 'availability_zones': [], 'ipv4_address_scope': None, 'ipv6_address_scope': None, 'description': '', 'tags': [], 'created_at': '2025-04-09T11:09:38Z', 'updated_at': '2025-04-09T11:09:38Z', 'revision_number': 1} available for tenant
2025-04-09 11:10:29.914 69795 INFO tempest.lib.common.rest_client [req-e9adf913-0a81-4671-9767-c54a682f4686 req-e9adf913-0a81-4671-9767-c54a682f4686 ] Request (ServersAdmin275Test:tearDownClass): 200 GET http://10.180.1.21/compute/v2.1/servers/3a2b2049-4cae-4ff4-b271-a4b72ef293f5 0.406s
2025-04-09 11:10:29.996 69788 INFO tempest.lib.common.rest_client [req-c2bb5053-c9b5-4d01-8111-aab1115f6629 req-c2bb5053-c9b5-4d01-8111-aab1115f6629 ] Request (FloatingIPsAssociationTestJSON:test_associate_already_associated_floating_ip): 200 GET http://10.180.1.21/compute/v2.1/servers/cdffdfdf-9505-497b-9b37-7a8dcb35d0f8 0.333s
2025-04-09 11:10:30.113 69744 INFO tempest.lib.common.rest_client [req-6958d154-f646-4392-815a-81b5280109e6 req-6958d154-f646-4392-815a-81b5280109e6 ] Request (ServersAdminNegativeTestJSON:test_migrate_server_invalid_state): 200 GET http://10.180.1.21/compute/v2.1/servers/e6f2af6a-16e7-48f8-b199-0a093cd4bac5 0.518s
2025-04-09 11:10:30.123 69744 INFO tempest.common.waiters [-] State transition "BUILD/networking" ==> "BUILD/spawning" after 35 second wait
2025-04-09 11:10:30.279 69772 INFO tempest.lib.common.rest_client [req-f667f4b1-63c1-4be9-8ece-a932e829f4fc req-f667f4b1-63c1-4be9-8ece-a932e829f4fc ] Request (ServersTestMultiNic:_run_cleanups): 200 GET http://10.180.1.21/compute/v2.1/servers/81d85e58-a72f-443a-aea2-8bf16ec1e973 0.517s
2025-04-09 11:10:30.293 69734 INFO tempest.lib.common.rest_client [req-d90921a2-4714-48a0-943b-09e2c347dd5c req-d90921a2-4714-48a0-943b-09e2c347dd5c ] Request (ServerMetadataNegativeTestJSON:test_server_create_metadata_key_too_long): 400 POST http://10.180.1.21/compute/v2.1/servers 0.422s
2025-04-09 11:10:30.355 69734 INFO tempest.lib.common.rest_client [req-0d590493-e006-4452-925d-6a6ce57e3da8 req-0d590493-e006-4452-925d-6a6ce57e3da8 ] Request (ServerMetadataNegativeTestJSON:test_server_create_metadata_key_too_long): 201 POST http://10.180.1.21/identity/v3/auth/tokens 0.058s
2025-04-09 11:10:30.355 69734 INFO tempest.lib.common.fixed_network [-] (ServerMetadataNegativeTestJSON:test_server_create_metadata_key_too_long) Found network {'id': 'b8690587-71a2-44a3-9461-f14021c75578', 'name': 'tempest-ServerMetadataNegativeTestJSON-774464276-network', 'tenant_id': '1a458d0a3a94483b9cacaa4c46548b10', 'admin_state_up': True, 'mtu': 8950, 'status': 'ACTIVE', 'subnets': [], 'shared': False, 'project_id': '1a458d0a3a94483b9cacaa4c46548b10', 'port_security_enabled': True, 'router:external': False, 'provider:network_type': 'vlan', 'provider:physical_network': 'default', 'provider:segmentation_id': 609, 'availability_zone_hints': [], 'availability_zones': [], 'ipv4_address_scope': None, 'ipv6_address_scope': None, 'description': '', 'tags': [], 'created_at': '2025-04-09T11:09:38Z', 'updated_at': '2025-04-09T11:09:38Z', 'revision_number': 1} available for tenant
2025-04-09 11:10:30.374 69762 INFO tempest.lib.common.rest_client [req-239c5104-73a8-489e-bfac-c287668d04f9 req-239c5104-73a8-489e-bfac-c287668d04f9 ] Request (ListServersNegativeTestJSON:setUpClass): 200 GET http://10.180.1.21/compute/v2.1/servers/43868de5-6e4f-4e9e-8db8-63fb9f5f180b 0.504s
2025-04-09 11:10:30.530 69782 INFO tempest.lib.common.rest_client [req-52db5121-54ba-4b02-a245-2bd5262906e6 req-52db5121-54ba-4b02-a245-2bd5262906e6 ] Request (MigrationsAdminTest:test_list_migrations_in_flavor_resize_situation): 200 GET http://10.180.1.21/compute/v2.1/servers/065960f4-681e-4867-9b12-00672a5a9055 0.654s
2025-04-09 11:10:30.580 69746 INFO tempest.lib.common.rest_client [req-8d2248fe-6078-4cd4-81c2-910238a7f8f9 req-8d2248fe-6078-4cd4-81c2-910238a7f8f9 ] Request (SecurityGroupRulesTestJSON:tearDownClass): 204 DELETE http://10.180.1.21:9696/networking/v2.0/routers/a686b820-e313-4f76-ac47-0036c0c7bfbd 0.990s
2025-04-09 11:10:30.666 69748 INFO tempest.lib.common.rest_client [req-0ae9deec-ccd1-4df1-8f9f-4610ee7a59e7 req-0ae9deec-ccd1-4df1-8f9f-4610ee7a59e7 ] Request (FloatingIPsAssociationNegativeTestJSON:setUpClass): 200 GET http://10.180.1.21/compute/v2.1/servers/128c4e20-7be2-403b-ab7c-e7d2a0ba1f62 0.619s
2025-04-09 11:10:30.736 69760 INFO tempest.lib.common.rest_client [req-0af331c2-0946-4eb8-a9fd-0ef8f7b53d00 req-0af331c2-0946-4eb8-a9fd-0ef8f7b53d00 ] Request (ServersWithSpecificFlavorTestJSON:test_verify_created_server_ephemeral_disk): 202 POST http://10.180.1.21/compute/v2.1/servers 1.057s
2025-04-09 11:10:30.798 69792 INFO tempest.lib.common.rest_client [req-e79f561c-3f6e-406f-8bd8-66e73debab94 req-e79f561c-3f6e-406f-8bd8-66e73debab94 ] Request (ServerDiagnosticsTest:tearDownClass): 200 GET http://10.180.1.21/compute/v2.1/servers/4aafbb59-7ef3-4f16-9e90-973898612a06 0.733s
2025-04-09 11:10:30.854 69740 INFO tempest.lib.common.rest_client [req-31419e77-fe5e-40c1-aabd-e112237006e4 req-31419e77-fe5e-40c1-aabd-e112237006e4 ] Request (ImagesNegativeTestJSON:test_create_image_from_deleted_server): 200 GET http://10.180.1.21/compute/v2.1/servers/01df552d-1482-4974-b0cd-22f8c4494d0a 0.700s
2025-04-09 11:10:30.862 69784 INFO tempest.lib.common.rest_client [req-031f011b-082c-4c03-b761-f1f9504cf566 req-031f011b-082c-4c03-b761-f1f9504cf566 ] Request (DeleteServersTestJSON:test_delete_server_while_in_attached_volume): 200 GET http://10.180.1.21/compute/v2.1/servers/8d8c0afd-ded8-4fa3-9e95-f2967a4fa4d8 0.700s
2025-04-09 11:10:30.923 69734 INFO tempest.lib.common.rest_client [req-4573c71a-d64a-4a5c-bcaa-7c16b3be1a8e req-4573c71a-d64a-4a5c-bcaa-7c16b3be1a8e ] Request (ServerMetadataNegativeTestJSON:test_server_create_metadata_key_too_long): 400 POST http://10.180.1.21/compute/v2.1/servers 0.567s
2025-04-09 11:10:30.940 69770 INFO tempest.lib.common.rest_client [req-cf990c1e-751a-4fc6-ba93-48fd80d6e602 req-cf990c1e-751a-4fc6-ba93-48fd80d6e602 ] Request (ServerExternalEventsTest:test_create_server_external_events): 200 GET http://10.180.1.21/compute/v2.1/servers/49c399d8-1be9-45aa-974b-19cb742d8685 0.649s
2025-04-09 11:10:30.945 69778 INFO tempest.lib.common.rest_client [req-fe402e0e-a5b7-4f3a-a5a4-aa5861214e20 req-fe402e0e-a5b7-4f3a-a5a4-aa5861214e20 ] Request (ServerActionsTestOtherA:setUpClass): 200 PUT http://10.180.1.21:9696/networking/v2.0/routers/ebf701b8-d22a-4a06-bb7b-f4f2c59f3023/add_router_interface 1.628s
2025-04-09 11:10:30.945 69778 INFO tempest.lib.common.dynamic_creds [-] Created isolated network resources for: credentials: Credentials: {'domain_id': 'default', 'domain_name': 'Default', 'username': 'tempest-ServerActionsTestOtherA-2097499334-project-member', 'project_domain_id': 'default', 'project_domain_name': 'Default', 'project_id': 'a113171e2957476384fabda388f043f1', 'project_name': 'tempest-ServerActionsTestOtherA-2097499334', 'tenant_id': 'a113171e2957476384fabda388f043f1', 'tenant_name': 'tempest-ServerActionsTestOtherA-2097499334', 'user_domain_id': 'default', 'user_domain_name': 'Default', 'user_id': 'dd336239f5db4508935fa64e1bcf20a3', 'system': None}, Network: {'id': 'a0cf1b8a-c8e7-4997-a38f-01b7efe0a9fe', 'name': 'tempest-ServerActionsTestOtherA-2104954553-network', 'tenant_id': 'a113171e2957476384fabda388f043f1', 'admin_state_up': True, 'mtu': 8950, 'status': 'ACTIVE', 'subnets': [], 'shared': False, 'project_id': 'a113171e2957476384fabda388f043f1', 'port_security_enabled': True, 'router:external': False, 'provider:network_type': 'vlan', 'provider:physical_network': 'default', 'provider:segmentation_id': 441, 'availability_zone_hints': [], 'availability_zones': [], 'ipv4_address_scope': None, 'ipv6_address_scope': None, 'description': '', 'tags': [], 'created_at': '2025-04-09T11:10:26Z', 'updated_at': '2025-04-09T11:10:26Z', 'revision_number': 1}, Subnet: {'id': 'f7a0cdfd-2d14-4723-8b52-8a2f307334e8', 'name': 'tempest-ServerActionsTestOtherA-2104954553-subnet', 'tenant_id': 'a113171e2957476384fabda388f043f1', 'network_id': 'a0cf1b8a-c8e7-4997-a38f-01b7efe0a9fe', 'ip_version': 4, 'subnetpool_id': None, 'enable_dhcp': True, 'ipv6_ra_mode': None, 'ipv6_address_mode': None, 'gateway_ip': '192.168.128.1', 'cidr': '192.168.128.0/28', 'allocation_pools': [{'start': '192.168.128.2', 'end': '192.168.128.14'}], 'host_routes': [], 'dns_nameservers': [], 'description': '', 'router:external': False, 'service_types': [], 'tags': [], 'created_at': '2025-04-09T11:10:27Z', 'updated_at': '2025-04-09T11:10:27Z', 'revision_number': 0, 'project_id': 'a113171e2957476384fabda388f043f1'}, Router: {'id': 'ebf701b8-d22a-4a06-bb7b-f4f2c59f3023', 'name': 'tempest-ServerActionsTestOtherA-2104954553-router', 'tenant_id': 'a113171e2957476384fabda388f043f1', 'admin_state_up': True, 'status': 'ACTIVE', 'external_gateway_info': {'network_id': 'ea103fc6-7954-4eda-9ee2-679255bf6129', 'external_fixed_ips': [{'subnet_id': '1564f3fa-40e4-4c50-8022-f94766fee17e', 'ip_address': '10.180.180.135'}], 'enable_snat': True}, 'description': '', 'availability_zones': [], 'distributed': False, 'ha': False, 'availability_zone_hints': [], 'routes': [], 'flavor_id': None, 'tags': [], 'created_at': '2025-04-09T11:10:27Z', 'updated_at': '2025-04-09T11:10:28Z', 'revision_number': 2, 'project_id': 'a113171e2957476384fabda388f043f1'}
2025-04-09 11:10:31.010 69758 INFO tempest.lib.common.rest_client [req-4f8e4d09-89ba-43a1-921b-5dfbc26ab939 req-4f8e4d09-89ba-43a1-921b-5dfbc26ab939 ] Request (ServerShowV257Test:test_rebuild_server): 200 GET http://10.180.1.21/compute/v2.1/servers/9966e2b7-5af8-4307-94e2-78e5975b8e14 0.616s
2025-04-09 11:10:31.082 69736 INFO tempest.lib.common.rest_client [req-f6d3552a-62d9-482e-bfc6-71c38008b5a5 req-f6d3552a-62d9-482e-bfc6-71c38008b5a5 ] Request (SecurityGroupsTestJSON:test_server_security_groups): 200 GET http://10.180.1.21/compute/v2.1/servers/0cdca785-e451-4391-9eee-9c310bff924d 0.601s
2025-04-09 11:10:31.120 69778 INFO tempest.lib.common.rest_client [req-3d048c3f-3228-4d6b-b58a-8903f222abe2 req-3d048c3f-3228-4d6b-b58a-8903f222abe2 ] Request (ServerActionsTestOtherA:setUpClass): 201 POST http://10.180.1.21/identity/v3/auth/tokens 0.171s
2025-04-09 11:10:31.153 69766 INFO tempest.lib.common.rest_client [req-dc24c5ba-2f64-446e-a0ca-20320d651b9e req-dc24c5ba-2f64-446e-a0ca-20320d651b9e ] Request (TenantUsagesTestJSON:setUpClass): 200 GET http://10.180.1.21/compute/v2.1/servers/03603f13-a3d3-4960-889c-4f26d1eef446 0.695s
2025-04-09 11:10:31.159 69796 INFO tempest.lib.common.rest_client [req-cc0ee3ff-db05-4a9a-81df-ad79e7d7c4d5 req-cc0ee3ff-db05-4a9a-81df-ad79e7d7c4d5 ] Request (AttachInterfacesV270Test:test_create_get_list_interfaces): 200 GET http://10.180.1.21/compute/v2.1/servers/555b0fa4-0a00-4aa3-afb8-2ced527008dd 0.594s
2025-04-09 11:10:31.198 69768 INFO tempest.lib.common.rest_client [req-baf7ed1f-4ef2-4276-a3af-b23fa9677e9b req-baf7ed1f-4ef2-4276-a3af-b23fa9677e9b ] Request (ListImageFiltersTestJSON:setUpClass): 200 GET http://10.180.1.21/compute/v2.1/images/2afcdbd9-8bb7-4508-bbcc-0131f2aca2ae 0.584s
2025-04-09 11:10:31.220 69776 INFO tempest.lib.common.rest_client [req-e8a43030-8fd4-4689-b9e7-45751e32e0e3 req-e8a43030-8fd4-4689-b9e7-45751e32e0e3 ] Request (ServerAddressesNegativeTestJSON:setUpClass): 200 GET http://10.180.1.21/compute/v2.1/servers/3bce4c1a-a27e-42d5-811a-8f400d4af972 0.646s
2025-04-09 11:10:31.228 69746 INFO tempest.lib.common.rest_client [req-02cf2125-ef7a-46a5-bc30-117664451543 req-02cf2125-ef7a-46a5-bc30-117664451543 ] Request (SecurityGroupRulesTestJSON:tearDownClass): 204 DELETE http://10.180.1.21:9696/networking/v2.0/subnets/d5014e9a-bd01-44dd-915a-11b994a04366 0.647s
2025-04-09 11:10:31.274 69756 INFO tempest.lib.common.rest_client [req-5f6e988c-4f5b-4097-a95c-29e2915c875d req-5f6e988c-4f5b-4097-a95c-29e2915c875d ] Request (ImagesOneServerNegativeTestJSON:setUpClass): 200 GET http://10.180.1.21/compute/v2.1/servers/cf426e3f-1187-49a3-baf2-6e668af23fe0 0.654s
2025-04-09 11:10:31.303 69786 INFO tempest.lib.common.rest_client [req-1af792ac-e3c9-4db0-8f1d-847bf46ae58d req-1af792ac-e3c9-4db0-8f1d-847bf46ae58d ] Request (ImagesTestJSON:test_create_image_from_suspended_server): 200 GET http://10.180.1.21/compute/v2.1/servers/fef4cad8-9e52-4c98-a450-5cbcb43f19d9 0.584s
2025-04-09 11:10:31.345 69760 INFO tempest.lib.common.rest_client [req-54b2affd-ca66-4ada-8c68-f5c624eadf81 req-54b2affd-ca66-4ada-8c68-f5c624eadf81 ] Request (ServersWithSpecificFlavorTestJSON:test_verify_created_server_ephemeral_disk): 200 GET http://10.180.1.21/compute/v2.1/servers/0c614753-736c-4a3d-9690-692674dd7c35 0.606s
2025-04-09 11:10:31.377 69780 INFO tempest.lib.common.rest_client [req-042bb43e-ce3a-4de9-b610-9c25e6a36cf3 req-042bb43e-ce3a-4de9-b610-9c25e6a36cf3 ] Request (ServersTestJSON:test_create_server_specify_multibyte_character_name): 200 GET http://10.180.1.21/compute/v2.1/servers/9848c369-d516-4e71-9d00-6f21d0dda7e4 0.627s
2025-04-09 11:10:31.428 69738 INFO tempest.lib.common.rest_client [req-a11c68cb-0e9f-4c2c-b027-9d366aac43b5 req-a11c68cb-0e9f-4c2c-b027-9d366aac43b5 ] Request (ServersV294TestFqdnHostnames:setUpClass): 200 GET http://10.180.1.21/compute/v2.1/servers/8ceee979-38df-4fd1-81af-bf1436af8ec9 0.616s
2025-04-09 11:10:31.445 69742 INFO tempest.lib.common.rest_client [req-5879dda7-a98e-45f2-af3e-58794ba8f214 req-5879dda7-a98e-45f2-af3e-58794ba8f214 ] Request (DeleteServersAdminTestJSON:test_delete_server_while_in_error_state): 200 GET http://10.180.1.21/compute/v2.1/servers/677f4657-cc6f-4528-bf47-dd0aa59fdb58 0.600s
2025-04-09 11:10:31.448 69734 INFO tempest.lib.common.rest_client [req-06c9c7ea-27c5-43ea-b343-82876091114e req-06c9c7ea-27c5-43ea-b343-82876091114e ] Request (ServerMetadataNegativeTestJSON:test_server_metadata_non_existent_server): 404 GET http://10.180.1.21/compute/v2.1/servers/a2abd4fd-a80a-4e6b-9d30-af3ffd3a6ab7/metadata/test2 0.523s
2025-04-09 11:10:31.574 69788 INFO tempest.lib.common.rest_client [req-8c3a941b-439d-4937-b6f3-3b470068d595 req-8c3a941b-439d-4937-b6f3-3b470068d595 ] Request (FloatingIPsAssociationTestJSON:test_associate_already_associated_floating_ip): 200 GET http://10.180.1.21/compute/v2.1/servers/cdffdfdf-9505-497b-9b37-7a8dcb35d0f8 0.565s
2025-04-09 11:10:31.589 69795 INFO tempest.lib.common.rest_client [req-e368b6b3-7d00-4641-b149-f5f0546160df req-e368b6b3-7d00-4641-b149-f5f0546160df ] Request (ServersAdmin275Test:tearDownClass): 200 GET http://10.180.1.21/compute/v2.1/servers/3a2b2049-4cae-4ff4-b271-a4b72ef293f5 0.662s
2025-04-09 11:10:31.734 69744 INFO tempest.lib.common.rest_client [req-14631837-fa5e-4cfe-820b-41509db19176 req-14631837-fa5e-4cfe-820b-41509db19176 ] Request (ServersAdminNegativeTestJSON:test_migrate_server_invalid_state): 200 GET http://10.180.1.21/compute/v2.1/servers/e6f2af6a-16e7-48f8-b199-0a093cd4bac5 0.607s
2025-04-09 11:10:31.751 69778 INFO tempest.lib.common.rest_client [req-2aeaa9ca-5994-428e-bf24-7bee4201783b req-2aeaa9ca-5994-428e-bf24-7bee4201783b ] Request (ServerActionsTestOtherA:setUpClass): 200 POST http://10.180.1.21/compute/v2.1/os-keypairs 0.628s
2025-04-09 11:10:31.858 69762 INFO tempest.lib.common.rest_client [req-8f7faa43-b92e-41ec-8f1c-67afadede2af req-8f7faa43-b92e-41ec-8f1c-67afadede2af ] Request (ListServersNegativeTestJSON:setUpClass): 200 GET http://10.180.1.21/compute/v2.1/servers/43868de5-6e4f-4e9e-8db8-63fb9f5f180b 0.476s
2025-04-09 11:10:31.861 69772 INFO tempest.lib.common.rest_client [req-db08a154-1fed-4da6-a747-e08a4f6fcd0e req-db08a154-1fed-4da6-a747-e08a4f6fcd0e ] Request (ServersTestMultiNic:_run_cleanups): 200 GET http://10.180.1.21/compute/v2.1/servers/81d85e58-a72f-443a-aea2-8bf16ec1e973 0.569s
2025-04-09 11:10:31.890 69734 INFO tempest.lib.common.rest_client [req-679b5d5b-b88e-4995-b889-80fa723d9fdc req-679b5d5b-b88e-4995-b889-80fa723d9fdc ] Request (ServerMetadataNegativeTestJSON:test_set_metadata_invalid_key): 400 PUT http://10.180.1.21/compute/v2.1/servers/a2d78409-c1cb-4eaa-ab49-08d51f0d670b/metadata/key 0.438s
2025-04-09 11:10:31.957 69746 INFO tempest.lib.common.rest_client [req-de22f58c-3983-4f2d-965d-50944014455f req-de22f58c-3983-4f2d-965d-50944014455f ] Request (SecurityGroupRulesTestJSON:tearDownClass): 204 DELETE http://10.180.1.21:9696/networking/v2.0/networks/9761bdf5-1158-43cb-963e-bc031733e264 0.727s
2025-04-09 11:10:32.021 69782 INFO tempest.lib.common.rest_client [req-ac310935-54f5-4aa1-8cac-9b0128a2a459 req-ac310935-54f5-4aa1-8cac-9b0128a2a459 ] Request (MigrationsAdminTest:test_list_migrations_in_flavor_resize_situation): 200 GET http://10.180.1.21/compute/v2.1/servers/065960f4-681e-4867-9b12-00672a5a9055 0.482s
2025-04-09 11:10:32.022 69778 INFO tempest.lib.common.rest_client [req-9dcd78dd-58b3-4a13-8b6e-f7c5acda3751 req-9dcd78dd-58b3-4a13-8b6e-f7c5acda3751 ] Request (ServerActionsTestOtherA:setUpClass): 201 POST http://10.180.1.21:9696/networking/v2.0/security-groups 0.269s
2025-04-09 11:10:32.029 69782 INFO tempest.common.waiters [-] State transition "RESIZE/resize_migrated" ==> "RESIZE/resize_finish" after 36 second wait
2025-04-09 11:10:32.047 69792 INFO tempest.lib.common.rest_client [req-01cc2695-be9a-4ec2-bdb0-209f2c9c6de8 req-01cc2695-be9a-4ec2-bdb0-209f2c9c6de8 ] Request (ServerDiagnosticsTest:tearDownClass): 404 GET http://10.180.1.21/compute/v2.1/servers/4aafbb59-7ef3-4f16-9e90-973898612a06 0.238s
2025-04-09 11:10:32.089 69748 INFO tempest.lib.common.rest_client [req-e7b77d5e-7c71-4391-a212-2775f91ecc31 req-e7b77d5e-7c71-4391-a212-2775f91ecc31 ] Request (FloatingIPsAssociationNegativeTestJSON:setUpClass): 200 GET http://10.180.1.21/compute/v2.1/servers/128c4e20-7be2-403b-ab7c-e7d2a0ba1f62 0.410s
2025-04-09 11:10:32.148 69740 INFO tempest.lib.common.rest_client [req-9f15055c-3ea3-44f0-a28b-4710797fe1d7 req-9f15055c-3ea3-44f0-a28b-4710797fe1d7 ] Request (ImagesNegativeTestJSON:test_create_image_from_deleted_server): 200 GET http://10.180.1.21/compute/v2.1/servers/01df552d-1482-4974-b0cd-22f8c4494d0a 0.285s
2025-04-09 11:10:32.159 69734 INFO tempest.lib.common.rest_client [req-34a49e66-6d5e-4f7f-b40c-dd02b6a07cae req-34a49e66-6d5e-4f7f-b40c-dd02b6a07cae ] Request (ServerMetadataNegativeTestJSON:test_set_metadata_non_existent_server): 404 PUT http://10.180.1.21/compute/v2.1/servers/4d8e0e62-f808-4406-9107-d5bed653d031/metadata 0.264s
2025-04-09 11:10:32.216 69746 INFO tempest.lib.common.rest_client [req-af32817f-90d1-424b-a34c-dac3f9bed173 req-af32817f-90d1-424b-a34c-dac3f9bed173 ] Request (SecurityGroupRulesTestJSON:tearDownClass): 204 DELETE http://10.180.1.21/identity/v3/users/ba1015b867ef4ac2961984d38b91e685 0.259s
2025-04-09 11:10:32.216 69746 INFO tempest.lib.common.dynamic_creds [-] Deleting project and security group for project: f1e0fe27eacf4bda9a5e24305ae8295f
2025-04-09 11:10:32.220 69778 INFO tempest.lib.common.rest_client [req-a5ae7814-0dc9-4fa3-8ae0-34f121446ead req-a5ae7814-0dc9-4fa3-8ae0-34f121446ead ] Request (ServerActionsTestOtherA:setUpClass): 201 POST http://10.180.1.21:9696/networking/v2.0/security-group-rules 0.197s
2025-04-09 11:10:32.233 69770 INFO tempest.lib.common.rest_client [req-b6f84bee-39b3-4c03-975a-40efe1be75af req-b6f84bee-39b3-4c03-975a-40efe1be75af ] Request (ServerExternalEventsTest:test_create_server_external_events): 200 GET http://10.180.1.21/compute/v2.1/servers/49c399d8-1be9-45aa-974b-19cb742d8685 0.283s
2025-04-09 11:10:32.233 69792 INFO tempest.lib.common.rest_client [req-70ecde97-0dee-4c9c-9440-643e1ea9c2ad req-70ecde97-0dee-4c9c-9440-643e1ea9c2ad ] Request (ServerDiagnosticsTest:tearDownClass): 204 DELETE http://10.180.1.21/identity/v3/users/169c939b751645c081f560533ea23de1 0.185s
2025-04-09 11:10:32.235 69784 INFO tempest.lib.common.rest_client [req-266e5699-838d-4601-856e-a45cfbc21a12 req-266e5699-838d-4601-856e-a45cfbc21a12 ] Request (DeleteServersTestJSON:test_delete_server_while_in_attached_volume): 200 GET http://10.180.1.21/compute/v2.1/servers/8d8c0afd-ded8-4fa3-9e95-f2967a4fa4d8 0.361s
2025-04-09 11:10:32.260 69746 INFO tempest.lib.common.rest_client [req-c77a1acc-50ef-4271-992b-513385b161af req-c77a1acc-50ef-4271-992b-513385b161af ] Request (SecurityGroupRulesTestJSON:tearDownClass): 200 GET http://10.180.1.21:9696/networking/v2.0/security-groups?tenant_id=f1e0fe27eacf4bda9a5e24305ae8295f&name=default 0.043s
2025-04-09 11:10:32.304 69736 INFO tempest.lib.common.rest_client [req-288ce5b9-45e4-47b5-ac1f-3d7161b3318f req-288ce5b9-45e4-47b5-ac1f-3d7161b3318f ] Request (SecurityGroupsTestJSON:test_server_security_groups): 200 GET http://10.180.1.21/compute/v2.1/servers/0cdca785-e451-4391-9eee-9c310bff924d 0.213s
2025-04-09 11:10:32.310 69734 INFO tempest.lib.common.rest_client [req-9123f698-81e2-4e8f-a8d2-e18c13a4585a req-9123f698-81e2-4e8f-a8d2-e18c13a4585a ] Request (ServerMetadataNegativeTestJSON:test_set_server_metadata_blank_key): 400 PUT http://10.180.1.21/compute/v2.1/servers/a2d78409-c1cb-4eaa-ab49-08d51f0d670b/metadata 0.150s
2025-04-09 11:10:32.338 69758 INFO tempest.lib.common.rest_client [req-2fc39fb4-920e-4d24-82dc-faaf40ccc6f2 req-2fc39fb4-920e-4d24-82dc-faaf40ccc6f2 ] Request (ServerShowV257Test:test_rebuild_server): 200 GET http://10.180.1.21/compute/v2.1/servers/9966e2b7-5af8-4307-94e2-78e5975b8e14 0.316s
2025-04-09 11:10:32.360 69750 WARNING tempest.lib.common.ssh [-] Failed to establish authenticated ssh connection to cirros@10.180.180.250 ([Errno None] Unable to connect to port 22 on 10.180.180.250). Number attempts: 5. Retry after 6 seconds.: paramiko.ssh_exception.NoValidConnectionsError: [Errno None] Unable to connect to port 22 on 10.180.180.250
2025-04-09 11:10:32.431 69796 INFO tempest.lib.common.rest_client [req-88171204-b2c5-4c2a-86bc-473a2a515a15 req-88171204-b2c5-4c2a-86bc-473a2a515a15 ] Request (AttachInterfacesV270Test:test_create_get_list_interfaces): 200 GET http://10.180.1.21/compute/v2.1/servers/555b0fa4-0a00-4aa3-afb8-2ced527008dd 0.256s
2025-04-09 11:10:32.489 69768 INFO tempest.lib.common.rest_client [req-f7a5638a-013c-4322-9dde-7bd8f7011396 req-f7a5638a-013c-4322-9dde-7bd8f7011396 ] Request (ListImageFiltersTestJSON:setUpClass): 200 GET http://10.180.1.21/compute/v2.1/images/2afcdbd9-8bb7-4508-bbcc-0131f2aca2ae 0.281s
