2025-04-09 11:10:01.570 69772 INFO tempest.lib.common.rest_client [req-bf671297-3578-4978-9f12-70354f687a65 req-bf671297-3578-4978-9f12-70354f687a65 ] Request (ServersTestMultiNic:test_verify_duplicate_network_nics): 200 GET http://10.180.1.21/compute/v2.1/servers/81d85e58-a72f-443a-aea2-8bf16ec1e973/ips 1.248s
2025-04-09 11:10:01.575 69758 INFO tempest.lib.common.rest_client [req-1928536b-5f82-4381-b32e-a539a46b6fa4 req-1928536b-5f82-4381-b32e-a539a46b6fa4 ] Request (FlavorsAccessNegativeTestJSON:tearDownClass): 204 DELETE http://10.180.1.21:9696/networking/v2.0/security-groups/c2a1c268-a500-4be9-9a19-0faccc3b6043 0.562s
2025-04-09 11:10:01.604 69774 INFO tempest.lib.common.rest_client [req-bc29a42f-ba60-4716-b870-f0ccfd7836f2 req-bc29a42f-ba60-4716-b870-f0ccfd7836f2 ] Request (ExtensionsTest:tearDownClass): 204 DELETE http://10.180.1.21/identity/v3/projects/fa10a20f94db4fffaefb908796c6ced5 0.087s
2025-04-09 11:10:01.607 69796 INFO tempest.lib.common.rest_client [req-fc8cec02-c60e-4624-bc1d-fa9be9accf06 req-fc8cec02-c60e-4624-bc1d-fa9be9accf06 ] Request (SecurityGroupsNegativeTestJSON:tearDownClass): 204 DELETE http://10.180.1.21:9696/networking/v2.0/subnets/b37df3e8-9cf5-4444-89d9-5d3c74ccadee 0.582s
2025-04-09 11:10:01.690 69758 INFO tempest.lib.common.rest_client [req-03325250-218e-4c12-bb5b-b5c13371bbb6 req-03325250-218e-4c12-bb5b-b5c13371bbb6 ] Request (FlavorsAccessNegativeTestJSON:tearDownClass): 204 DELETE http://10.180.1.21/identity/v3/projects/f3b38bcc4f2045498b25ffdfd6097453 0.115s
2025-04-09 11:10:01.690 69758 INFO tempest.lib.common.dynamic_creds [-] Deleting project and security group for project: 83128d9fc42747e88987006089b3a150
2025-04-09 11:10:01.751 69746 INFO tempest.lib.common.rest_client [req-06e44cda-ae5d-4c98-b721-3ed9cabece63 req-06e44cda-ae5d-4c98-b721-3ed9cabece63 ] Request (ListImageFiltersNegativeTestJSON:test_get_nonexistent_image): 404 GET http://10.180.1.21/compute/v2.1/images/0aa89514-473b-4a47-b875-0b6c1d37f4b3 1.243s
2025-04-09 11:10:01.821 69780 INFO tempest.lib.common.rest_client [req-2b378106-0d9c-4d99-84ac-e498d86f3dc0 req-2b378106-0d9c-4d99-84ac-e498d86f3dc0 ] Request (SecurityGroupRulesNegativeTestJSON:test_create_security_group_rule_with_invalid_ip_protocol): 400 POST http://10.180.1.21/compute/v2.1/os-security-group-rules 1.266s
2025-04-09 11:10:01.870 69746 INFO tempest.lib.common.rest_client [req-c00ab70c-f522-45bc-9aca-69e3f6be8d70 req-c00ab70c-f522-45bc-9aca-69e3f6be8d70 ] Request (ListImageFiltersNegativeTestJSON:tearDownClass): 204 DELETE http://10.180.1.21/identity/v3/users/d44dd6a9946449eb95e32cbc7a46675a 0.117s
2025-04-09 11:10:01.870 69746 INFO tempest.lib.common.dynamic_creds [-] Deleting project and security group for project: 7a18c3264e884fbbaad15942b817e6bf
2025-04-09 11:10:01.907 69762 INFO tempest.lib.common.rest_client [req-0f1b126e-6bc3-4302-bab5-5667e0a4e19d req-0f1b126e-6bc3-4302-bab5-5667e0a4e19d ] Request (ListServersNegativeTestJSON:setUpClass): 200 PUT http://10.180.1.21:9696/networking/v2.0/routers/5136ce6e-46c0-45bc-ac0b-f04bd8912d05/add_router_interface 2.503s
2025-04-09 11:10:01.907 69762 INFO tempest.lib.common.dynamic_creds [-] Created isolated network resources for: credentials: Credentials: {'domain_id': 'default', 'domain_name': 'Default', 'username': 'tempest-ListServersNegativeTestJSON-1641640845-project-member', 'project_domain_id': 'default', 'project_domain_name': 'Default', 'project_id': 'a6287360e3b14164aed283a835d37135', 'project_name': 'tempest-ListServersNegativeTestJSON-1641640845', 'tenant_id': 'a6287360e3b14164aed283a835d37135', 'tenant_name': 'tempest-ListServersNegativeTestJSON-1641640845', 'user_domain_id': 'default', 'user_domain_name': 'Default', 'user_id': '04578e0efd054de9b715e9b8bae200d5', 'system': None}, Network: {'id': '6bae5626-880a-4ca8-a8b8-e4969794d274', 'name': 'tempest-ListServersNegativeTestJSON-2059538349-network', 'tenant_id': 'a6287360e3b14164aed283a835d37135', 'admin_state_up': True, 'mtu': 8950, 'status': 'ACTIVE', 'subnets': [], 'shared': False, 'project_id': 'a6287360e3b14164aed283a835d37135', 'port_security_enabled': True, 'router:external': False, 'provider:network_type': 'vlan', 'provider:physical_network': 'default', 'provider:segmentation_id': 8, 'availability_zone_hints': [], 'availability_zones': [], 'ipv4_address_scope': None, 'ipv6_address_scope': None, 'description': '', 'tags': [], 'created_at': '2025-04-09T11:09:56Z', 'updated_at': '2025-04-09T11:09:56Z', 'revision_number': 1}, Subnet: {'id': '1b222c50-c322-4f92-9645-5eac100ccf84', 'name': 'tempest-ListServersNegativeTestJSON-2059538349-subnet', 'tenant_id': 'a6287360e3b14164aed283a835d37135', 'network_id': '6bae5626-880a-4ca8-a8b8-e4969794d274', 'ip_version': 4, 'subnetpool_id': None, 'enable_dhcp': True, 'ipv6_ra_mode': None, 'ipv6_address_mode': None, 'gateway_ip': '192.168.128.1', 'cidr': '192.168.128.0/28', 'allocation_pools': [{'start': '192.168.128.2', 'end': '192.168.128.14'}], 'host_routes': [], 'dns_nameservers': [], 'description': '', 'router:external': False, 'service_types': [], 'tags': [], 'created_at': '2025-04-09T11:09:56Z', 'updated_at': '2025-04-09T11:09:56Z', 'revision_number': 0, 'project_id': 'a6287360e3b14164aed283a835d37135'}, Router: {'id': '5136ce6e-46c0-45bc-ac0b-f04bd8912d05', 'name': 'tempest-ListServersNegativeTestJSON-2059538349-router', 'tenant_id': 'a6287360e3b14164aed283a835d37135', 'admin_state_up': True, 'status': 'ACTIVE', 'external_gateway_info': {'network_id': 'ea103fc6-7954-4eda-9ee2-679255bf6129', 'external_fixed_ips': [{'subnet_id': '1564f3fa-40e4-4c50-8022-f94766fee17e', 'ip_address': '10.180.180.240'}], 'enable_snat': True}, 'description': '', 'availability_zones': [], 'distributed': False, 'ha': False, 'availability_zone_hints': [], 'routes': [], 'flavor_id': None, 'tags': [], 'created_at': '2025-04-09T11:09:57Z', 'updated_at': '2025-04-09T11:09:58Z', 'revision_number': 2, 'project_id': 'a6287360e3b14164aed283a835d37135'}
2025-04-09 11:10:01.929 69758 INFO tempest.lib.common.rest_client [req-7618d5e8-1a05-46f0-9207-f80927b1d4d2 req-7618d5e8-1a05-46f0-9207-f80927b1d4d2 ] Request (FlavorsAccessNegativeTestJSON:tearDownClass): 200 GET http://10.180.1.21:9696/networking/v2.0/security-groups?tenant_id=83128d9fc42747e88987006089b3a150&name=default 0.239s
2025-04-09 11:10:01.950 69746 INFO tempest.lib.common.rest_client [req-86cf6ee7-6946-4ca6-bb76-67cd350219f2 req-86cf6ee7-6946-4ca6-bb76-67cd350219f2 ] Request (ListImageFiltersNegativeTestJSON:tearDownClass): 201 POST http://10.180.1.21/identity/v3/auth/tokens 0.080s
2025-04-09 11:10:01.970 69765 INFO tempest.lib.common.rest_client [req-ea98b3bd-1704-4f7d-ad21-2c2075ff79a6 req-ea98b3bd-1704-4f7d-ad21-2c2075ff79a6 ] Request (FlavorsV2NegativeTest:test_boot_with_low_ram): 200 GET http://10.180.1.21/compute/v2.1/flavors/42 1.206s
2025-04-09 11:10:02.009 69762 INFO tempest.lib.common.rest_client [req-f178ab25-e19c-4206-bb2c-6aa03363ac71 req-f178ab25-e19c-4206-bb2c-6aa03363ac71 ] Request (ListServersNegativeTestJSON:setUpClass): 201 POST http://10.180.1.21/identity/v3/auth/tokens 0.096s
2025-04-09 11:10:02.168 69784 INFO tempest.lib.common.rest_client [req-1cfd4126-1182-4074-8df0-c1bc09c38241 req-1cfd4126-1182-4074-8df0-c1bc09c38241 ] Request (DeleteServersTestJSON:test_delete_active_server): 200 GET http://10.180.1.21/compute/v2.1/servers/0080c279-4069-450e-af95-e915d15df9f0 1.346s
2025-04-09 11:10:02.175 69762 INFO tempest.lib.common.rest_client [req-94ce4830-e73b-4104-8670-9ed1681fde54 req-94ce4830-e73b-4104-8670-9ed1681fde54 ] Request (ListServersNegativeTestJSON:setUpClass): 201 POST http://10.180.1.21/identity/v3/auth/tokens 0.159s
2025-04-09 11:10:02.176 69762 INFO tempest.lib.common.fixed_network [-] (ListServersNegativeTestJSON:setUpClass) Found network {'id': '6bae5626-880a-4ca8-a8b8-e4969794d274', 'name': 'tempest-ListServersNegativeTestJSON-2059538349-network', 'tenant_id': 'a6287360e3b14164aed283a835d37135', 'admin_state_up': True, 'mtu': 8950, 'status': 'ACTIVE', 'subnets': [], 'shared': False, 'project_id': 'a6287360e3b14164aed283a835d37135', 'port_security_enabled': True, 'router:external': False, 'provider:network_type': 'vlan', 'provider:physical_network': 'default', 'provider:segmentation_id': 8, 'availability_zone_hints': [], 'availability_zones': [], 'ipv4_address_scope': None, 'ipv6_address_scope': None, 'description': '', 'tags': [], 'created_at': '2025-04-09T11:09:56Z', 'updated_at': '2025-04-09T11:09:56Z', 'revision_number': 1} available for tenant
2025-04-09 11:10:02.240 69742 INFO tempest.lib.common.rest_client [req-09581af6-6790-4f95-952c-a28fbdf81af2 req-09581af6-6790-4f95-952c-a28fbdf81af2 ] Request (DeleteServersAdminTestJSON:test_delete_server_while_in_error_state): 202 POST http://10.180.1.21/compute/v2.1/servers 1.649s
2025-04-09 11:10:02.255 69758 INFO tempest.lib.common.rest_client [req-83e93ec1-9be4-422b-b201-53e974396914 req-83e93ec1-9be4-422b-b201-53e974396914 ] Request (FlavorsAccessNegativeTestJSON:tearDownClass): 204 DELETE http://10.180.1.21:9696/networking/v2.0/security-groups/c8e245f9-1da9-4d54-ad75-9f697b26da34 0.325s
2025-04-09 11:10:02.265 69796 INFO tempest.lib.common.rest_client [req-a3196a6d-e3fb-495f-8749-6545302badf1 req-a3196a6d-e3fb-495f-8749-6545302badf1 ] Request (SecurityGroupsNegativeTestJSON:tearDownClass): 204 DELETE http://10.180.1.21:9696/networking/v2.0/networks/e9262283-4929-4ed5-81ec-47353168ec66 0.657s
2025-04-09 11:10:02.376 69754 INFO tempest.lib.common.rest_client [req-11c0afe8-5681-4e37-82e6-2e6b3c055fe1 req-11c0afe8-5681-4e37-82e6-2e6b3c055fe1 ] Request (AttachVolumeTestJSON:test_attach_detach_volume): 200 GET http://10.180.1.21/compute/v2.1/servers/029a7f6a-74cd-4abe-a014-8ac5eb138aa3 1.553s
2025-04-09 11:10:02.385 69746 INFO tempest.lib.common.rest_client [req-0cdb6469-3710-4ff2-92e2-5058d5c1f628 req-0cdb6469-3710-4ff2-92e2-5058d5c1f628 ] Request (ListImageFiltersNegativeTestJSON:tearDownClass): 200 GET http://10.180.1.21:9696/networking/v2.0/security-groups?tenant_id=7a18c3264e884fbbaad15942b817e6bf&name=default 0.434s
2025-04-09 11:10:02.425 69758 INFO tempest.lib.common.rest_client [req-7c6a9634-582c-48ff-943b-572f6051fc88 req-7c6a9634-582c-48ff-943b-572f6051fc88 ] Request (FlavorsAccessNegativeTestJSON:tearDownClass): 204 DELETE http://10.180.1.21/identity/v3/projects/83128d9fc42747e88987006089b3a150 0.169s
2025-04-09 11:10:02.425 69758 INFO tempest.lib.common.dynamic_creds [-] Deleting project and security group for project: 4a211b39b6f049e18fac00f599051044
2025-04-09 11:10:02.437 69750 INFO tempest.lib.common.rest_client [req-1691212e-60b1-4ed1-aca1-a880d23d3c83 req-1691212e-60b1-4ed1-aca1-a880d23d3c83 ] Request (VolumesAssistedSnapshotsTest:test_volume_assisted_snapshot_create_delete): 200 PUT http://10.180.1.21:9696/networking/v2.0/floatingips/949b1f6b-8fe4-44d9-9d0d-158c0c7c2888 1.508s
2025-04-09 11:10:02.439 69750 INFO tempest.lib.common.ssh [-] Creating ssh connection to '10.180.180.250:22' as 'cirros' with public key authentication
2025-04-09 11:10:02.485 69746 INFO tempest.lib.common.rest_client [req-34f6f9c9-57ad-4bee-9893-8c2c6cb2312d req-34f6f9c9-57ad-4bee-9893-8c2c6cb2312d ] Request (ListImageFiltersNegativeTestJSON:tearDownClass): 204 DELETE http://10.180.1.21:9696/networking/v2.0/security-groups/38a44c22-c4ad-4344-8287-6f8af07bdcc3 0.099s
2025-04-09 11:10:02.496 69796 INFO tempest.lib.common.rest_client [req-0bbbcc1f-f02c-4d89-9791-c52128b977ee req-0bbbcc1f-f02c-4d89-9791-c52128b977ee ] Request (SecurityGroupsNegativeTestJSON:tearDownClass): 204 DELETE http://10.180.1.21/identity/v3/users/e610bcaa75734361806f9d3ee2ec00f0 0.231s
2025-04-09 11:10:02.496 69796 INFO tempest.lib.common.dynamic_creds [-] Deleting project and security group for project: 69d5856d583b4f87b6b221852c40b9d8
2025-04-09 11:10:02.523 69796 INFO tempest.lib.common.rest_client [req-f38eab9b-9387-41fa-867e-a23d812c8ba7 req-f38eab9b-9387-41fa-867e-a23d812c8ba7 ] Request (SecurityGroupsNegativeTestJSON:tearDownClass): 200 GET http://10.180.1.21:9696/networking/v2.0/security-groups?tenant_id=69d5856d583b4f87b6b221852c40b9d8&name=default 0.026s
2025-04-09 11:10:02.526 69758 INFO tempest.lib.common.rest_client [req-d6f29dac-9446-4de9-be15-d51db6550ee5 req-d6f29dac-9446-4de9-be15-d51db6550ee5 ] Request (FlavorsAccessNegativeTestJSON:tearDownClass): 200 GET http://10.180.1.21:9696/networking/v2.0/security-groups?tenant_id=4a211b39b6f049e18fac00f599051044&name=default 0.101s
2025-04-09 11:10:02.582 69746 INFO tempest.lib.common.rest_client [req-cf7e58ea-fc97-4a9d-891c-2f5ac4559790 req-cf7e58ea-fc97-4a9d-891c-2f5ac4559790 ] Request (ListImageFiltersNegativeTestJSON:tearDownClass): 204 DELETE http://10.180.1.21/identity/v3/projects/7a18c3264e884fbbaad15942b817e6bf 0.096s
2025-04-09 11:10:02.640 69746 INFO tempest.lib.common.rest_client [req-8d803c81-6596-4225-bd8d-58ea6ab910e0 req-8d803c81-6596-4225-bd8d-58ea6ab910e0 ] Request (SecurityGroupRulesTestJSON:setUpClass): 201 POST http://10.180.1.21/identity/v3/auth/tokens 0.056s
2025-04-09 11:10:02.671 69746 INFO tempest.lib.common.rest_client [req-681cd188-0680-433a-9bec-a363e970e951 req-681cd188-0680-433a-9bec-a363e970e951 ] Request (SecurityGroupRulesTestJSON:setUpClass): 201 POST http://10.180.1.21/identity/v3/auth/tokens 0.027s
2025-04-09 11:10:02.691 69758 INFO tempest.lib.common.rest_client [req-3453d42d-e1af-44f6-82cb-38827950378a req-3453d42d-e1af-44f6-82cb-38827950378a ] Request (FlavorsAccessNegativeTestJSON:tearDownClass): 204 DELETE http://10.180.1.21:9696/networking/v2.0/security-groups/854143c9-d9fb-4dc8-915b-dc22dc9b0667 0.164s
2025-04-09 11:10:02.694 69796 INFO tempest.lib.common.rest_client [req-2dd69533-d417-4496-ba6d-3c35a411658e req-2dd69533-d417-4496-ba6d-3c35a411658e ] Request (SecurityGroupsNegativeTestJSON:tearDownClass): 204 DELETE http://10.180.1.21:9696/networking/v2.0/security-groups/419a6c23-b556-41e7-a18e-f8c6502da38a 0.169s
2025-04-09 11:10:02.694 69746 INFO tempest.lib.common.rest_client [req-23d1b2f4-67d3-4e68-9e85-5dac07ff0bc7 req-23d1b2f4-67d3-4e68-9e85-5dac07ff0bc7 ] Request (SecurityGroupRulesTestJSON:setUpClass): 200 GET http://10.180.1.21/identity/v3/domains?name=Default 0.022s
2025-04-09 11:10:02.717 69765 INFO tempest.lib.common.rest_client [req-09ee117a-af11-4837-8b6b-d829906ba19a req-09ee117a-af11-4837-8b6b-d829906ba19a ] Request (FlavorsV2NegativeTest:test_boot_with_low_ram): 201 POST http://10.180.1.21/image/v2/images 0.733s
2025-04-09 11:10:02.720 69746 INFO tempest.lib.common.rest_client [req-5666f2ec-826b-45fc-8132-1ab47d52bf6f req-5666f2ec-826b-45fc-8132-1ab47d52bf6f ] Request (SecurityGroupRulesTestJSON:setUpClass): 201 POST http://10.180.1.21/identity/v3/projects 0.026s
2025-04-09 11:10:02.757 69758 INFO tempest.lib.common.rest_client [req-68c8a01c-b3e7-4c0a-8b9b-cff7b5f93538 req-68c8a01c-b3e7-4c0a-8b9b-cff7b5f93538 ] Request (FlavorsAccessNegativeTestJSON:tearDownClass): 204 DELETE http://10.180.1.21/identity/v3/projects/4a211b39b6f049e18fac00f599051044 0.064s
2025-04-09 11:10:02.831 69746 INFO tempest.lib.common.rest_client [req-ce69918a-9128-4763-9c90-3920262dc075 req-ce69918a-9128-4763-9c90-3920262dc075 ] Request (SecurityGroupRulesTestJSON:setUpClass): 201 POST http://10.180.1.21/identity/v3/users 0.110s
2025-04-09 11:10:02.855 69796 INFO tempest.lib.common.rest_client [req-dbce938f-43b7-4ac7-8424-96d08c7502a7 req-dbce938f-43b7-4ac7-8424-96d08c7502a7 ] Request (SecurityGroupsNegativeTestJSON:tearDownClass): 204 DELETE http://10.180.1.21/identity/v3/projects/69d5856d583b4f87b6b221852c40b9d8 0.160s
2025-04-09 11:10:02.888 69792 INFO tempest.lib.common.rest_client [req-d2f1bc32-4fac-492e-9eec-49cdafc473c4 req-d2f1bc32-4fac-492e-9eec-49cdafc473c4 ] Request (ServerDiagnosticsTest:test_get_server_diagnostics): 200 GET http://10.180.1.21/compute/v2.1/servers/4aafbb59-7ef3-4f16-9e90-973898612a06/diagnostics 2.030s
2025-04-09 11:10:02.911 69758 INFO tempest.lib.common.rest_client [req-aedd12ba-b220-4669-9f05-f2364df30937 req-aedd12ba-b220-4669-9f05-f2364df30937 ] Request (InstanceUsageAuditLogNegativeTestJSON:setUpClass): 201 POST http://10.180.1.21/identity/v3/auth/tokens 0.153s
2025-04-09 11:10:02.943 69796 INFO tempest.lib.common.rest_client [req-bb7242af-0d1c-4754-bb74-a51e5b332dea req-bb7242af-0d1c-4754-bb74-a51e5b332dea ] Request (AttachInterfacesV270Test:setUpClass): 201 POST http://10.180.1.21/identity/v3/auth/tokens 0.086s
2025-04-09 11:10:02.947 69746 INFO tempest.lib.common.rest_client [req-f1912235-31f7-4fba-9e51-fc1da18e9c39 req-f1912235-31f7-4fba-9e51-fc1da18e9c39 ] Request (SecurityGroupRulesTestJSON:setUpClass): 200 GET http://10.180.1.21/identity/v3/roles 0.115s
2025-04-09 11:10:02.963 69744 INFO tempest.lib.common.rest_client [req-93e31ed6-412b-450c-93c4-c72962720226 req-93e31ed6-412b-450c-93c4-c72962720226 ] Request (ServersAdminNegativeTestJSON:test_migrate_server_invalid_state): 200 GET http://10.180.1.21/compute/v2.1/servers/e6f2af6a-16e7-48f8-b199-0a093cd4bac5 2.061s
2025-04-09 11:10:02.973 69744 INFO tempest.common.waiters [-] State transition "BUILD/scheduling" ==> "BUILD/None" after 7 second wait
2025-04-09 11:10:02.994 69758 INFO tempest.lib.common.rest_client [req-7e46d507-bdec-402d-9d99-139b7d6c8d9e req-7e46d507-bdec-402d-9d99-139b7d6c8d9e ] Request (InstanceUsageAuditLogNegativeTestJSON:setUpClass): 201 POST http://10.180.1.21/identity/v3/auth/tokens 0.081s
2025-04-09 11:10:03.027 69796 INFO tempest.lib.common.rest_client [req-7c3119a9-c88b-4cf5-bd52-3375fd41e704 req-7c3119a9-c88b-4cf5-bd52-3375fd41e704 ] Request (AttachInterfacesV270Test:setUpClass): 201 POST http://10.180.1.21/identity/v3/auth/tokens 0.081s
2025-04-09 11:10:03.057 69746 INFO tempest.lib.common.rest_client [req-2b371ad2-b754-471b-81d8-f608b08268d7 req-2b371ad2-b754-471b-81d8-f608b08268d7 ] Request (SecurityGroupRulesTestJSON:setUpClass): 204 PUT http://10.180.1.21/identity/v3/projects/f1e0fe27eacf4bda9a5e24305ae8295f/users/ba1015b867ef4ac2961984d38b91e685/roles/5e5d1fe725534430b1f1c4aeee0e573d 0.109s
2025-04-09 11:10:03.057 69746 INFO tempest.lib.common.dynamic_creds [-] Dynamic test user ba1015b867ef4ac2961984d38b91e685 is created with scope project and roles: ['member']
2025-04-09 11:10:03.058 69746 INFO tempest.lib.common.dynamic_creds [-] Acquired dynamic creds: credentials: Credentials: {'domain_id': 'default', 'domain_name': 'Default', 'username': 'tempest-SecurityGroupRulesTestJSON-1604217537-project-member', 'project_domain_id': 'default', 'project_domain_name': 'Default', 'project_id': 'f1e0fe27eacf4bda9a5e24305ae8295f', 'project_name': 'tempest-SecurityGroupRulesTestJSON-1604217537', 'tenant_id': 'f1e0fe27eacf4bda9a5e24305ae8295f', 'tenant_name': 'tempest-SecurityGroupRulesTestJSON-1604217537', 'user_domain_id': 'default', 'user_domain_name': 'Default', 'user_id': 'ba1015b867ef4ac2961984d38b91e685', 'system': None}, Network: None, Subnet: None, Router: None
2025-04-09 11:10:03.120 69758 INFO tempest.lib.common.rest_client [req-c8401155-8945-4889-ba01-d9afb9e7067d req-c8401155-8945-4889-ba01-d9afb9e7067d ] Request (InstanceUsageAuditLogNegativeTestJSON:setUpClass): 200 GET http://10.180.1.21/identity/v3/domains?name=Default 0.125s
2025-04-09 11:10:03.144 69796 INFO tempest.lib.common.rest_client [req-f2d6064b-490b-4777-bd5b-1864bc7042ea req-f2d6064b-490b-4777-bd5b-1864bc7042ea ] Request (AttachInterfacesV270Test:setUpClass): 200 GET http://10.180.1.21/identity/v3/domains?name=Default 0.116s
2025-04-09 11:10:03.174 69746 INFO tempest.lib.common.rest_client [req-82967a7a-42f9-442d-a3c6-a04e0ec343ab req-82967a7a-42f9-442d-a3c6-a04e0ec343ab ] Request (SecurityGroupRulesTestJSON:setUpClass): 201 POST http://10.180.1.21/identity/v3/auth/tokens 0.116s
2025-04-09 11:10:03.180 69740 INFO tempest.lib.common.rest_client [req-9bf57912-167a-469b-8224-1be90cc97240 req-9bf57912-167a-469b-8224-1be90cc97240 ] Request (ImagesNegativeTestJSON:test_create_image_from_deleted_server): 200 GET http://10.180.1.21/compute/v2.1/servers/01df552d-1482-4974-b0cd-22f8c4494d0a 2.212s
2025-04-09 11:10:03.189 69740 INFO tempest.common.waiters [-] State transition "BUILD/None" ==> "BUILD/networking" after 22 second wait
2025-04-09 11:10:03.211 69758 INFO tempest.lib.common.rest_client [req-23d54bd3-1be6-4d78-b741-329036876404 req-23d54bd3-1be6-4d78-b741-329036876404 ] Request (InstanceUsageAuditLogNegativeTestJSON:setUpClass): 201 POST http://10.180.1.21/identity/v3/projects 0.090s
2025-04-09 11:10:03.272 69796 INFO tempest.lib.common.rest_client [req-1b5cb1fd-010b-4273-89a9-5a5dfd2883a9 req-1b5cb1fd-010b-4273-89a9-5a5dfd2883a9 ] Request (AttachInterfacesV270Test:setUpClass): 201 POST http://10.180.1.21/identity/v3/projects 0.127s
2025-04-09 11:10:03.278 69795 INFO tempest.lib.common.rest_client [req-801e5a2f-131c-4479-bc73-2c239fce28b4 req-801e5a2f-131c-4479-bc73-2c239fce28b4 ] Request (ServersAdmin275Test:test_rebuild_update_server_275): 200 GET http://10.180.1.21/compute/v2.1/servers/3a2b2049-4cae-4ff4-b271-a4b72ef293f5 1.977s
2025-04-09 11:10:03.287 69760 INFO tempest.lib.common.rest_client [req-21228a03-bb89-4b8d-bc17-4841c082e907 req-21228a03-bb89-4b8d-bc17-4841c082e907 ] Request (AggregatesAdminNegativeTestJSON:test_aggregate_list_as_user): 403 GET http://10.180.1.21/compute/v2.1/os-aggregates 1.954s
2025-04-09 11:10:03.292 69795 INFO tempest.common.waiters [-] State transition "REBUILD/rebuild_spawning" ==> "ACTIVE/None" after 10 second wait
2025-04-09 11:10:03.310 69738 INFO tempest.lib.common.rest_client [req-8854435b-cee0-4553-99b1-ba8b31058952 req-8854435b-cee0-4553-99b1-ba8b31058952 ] Request (FlavorsV2TestJSON:test_list_flavors_filter_by_min_disk): 200 GET http://10.180.1.21/compute/v2.1/flavors/42 1.937s
2025-04-09 11:10:03.333 69770 INFO tempest.lib.common.rest_client [req-bd428590-7c97-4a25-9c8f-faac4a7e31cf req-bd428590-7c97-4a25-9c8f-faac4a7e31cf ] Request (FlavorsAdminTestJSON:test_is_public_string_variations): 200 GET http://10.180.1.21/compute/v2.1/flavors/detail?is_public=f 1.943s
2025-04-09 11:10:03.376 69758 INFO tempest.lib.common.rest_client [req-a7e8ec4e-4cb0-400c-8ed0-258a9586b10a req-a7e8ec4e-4cb0-400c-8ed0-258a9586b10a ] Request (InstanceUsageAuditLogNegativeTestJSON:setUpClass): 201 POST http://10.180.1.21/identity/v3/users 0.165s
2025-04-09 11:10:03.400 69758 INFO tempest.lib.common.rest_client [req-c28a9140-6463-4a0e-8fd3-880fc95f2571 req-c28a9140-6463-4a0e-8fd3-880fc95f2571 ] Request (InstanceUsageAuditLogNegativeTestJSON:setUpClass): 200 GET http://10.180.1.21/identity/v3/roles 0.023s
2025-04-09 11:10:03.409 69796 INFO tempest.lib.common.rest_client [req-c92a768e-908f-49fa-82bc-e37030301378 req-c92a768e-908f-49fa-82bc-e37030301378 ] Request (AttachInterfacesV270Test:setUpClass): 201 POST http://10.180.1.21/identity/v3/users 0.137s
2025-04-09 11:10:03.433 69758 INFO tempest.lib.common.rest_client [req-c7ebb22c-74e7-420d-9b09-6269b13c60c5 req-c7ebb22c-74e7-420d-9b09-6269b13c60c5 ] Request (InstanceUsageAuditLogNegativeTestJSON:setUpClass): 204 PUT http://10.180.1.21/identity/v3/projects/c49237e873df48c9984a1179ff1d7bb8/users/aef3733b43c04163b2d11f4e16989ed0/roles/5e5d1fe725534430b1f1c4aeee0e573d 0.032s
2025-04-09 11:10:03.433 69758 INFO tempest.lib.common.dynamic_creds [-] Dynamic test user aef3733b43c04163b2d11f4e16989ed0 is created with scope project and roles: ['member']
2025-04-09 11:10:03.433 69758 INFO tempest.lib.common.dynamic_creds [-] Acquired dynamic creds: credentials: Credentials: {'domain_id': 'default', 'domain_name': 'Default', 'username': 'tempest-InstanceUsageAuditLogNegativeTestJSON-255645317-project-member', 'project_domain_id': 'default', 'project_domain_name': 'Default', 'project_id': 'c49237e873df48c9984a1179ff1d7bb8', 'project_name': 'tempest-InstanceUsageAuditLogNegativeTestJSON-255645317', 'tenant_id': 'c49237e873df48c9984a1179ff1d7bb8', 'tenant_name': 'tempest-InstanceUsageAuditLogNegativeTestJSON-255645317', 'user_domain_id': 'default', 'user_domain_name': 'Default', 'user_id': 'aef3733b43c04163b2d11f4e16989ed0', 'system': None}, Network: None, Subnet: None, Router: None
2025-04-09 11:10:03.434 69758 INFO tempest.lib.common.dynamic_creds [-] Created isolated network resources for: credentials: Credentials: {'domain_id': 'default', 'domain_name': 'Default', 'username': 'tempest-InstanceUsageAuditLogNegativeTestJSON-255645317-project-member', 'project_domain_id': 'default', 'project_domain_name': 'Default', 'project_id': 'c49237e873df48c9984a1179ff1d7bb8', 'project_name': 'tempest-InstanceUsageAuditLogNegativeTestJSON-255645317', 'tenant_id': 'c49237e873df48c9984a1179ff1d7bb8', 'tenant_name': 'tempest-InstanceUsageAuditLogNegativeTestJSON-255645317', 'user_domain_id': 'default', 'user_domain_name': 'Default', 'user_id': 'aef3733b43c04163b2d11f4e16989ed0', 'system': None}, Network: None, Subnet: None, Router: None
2025-04-09 11:10:03.483 69796 INFO tempest.lib.common.rest_client [req-c84014e5-ec7b-401d-a668-d31ae042290f req-c84014e5-ec7b-401d-a668-d31ae042290f ] Request (AttachInterfacesV270Test:setUpClass): 200 GET http://10.180.1.21/identity/v3/roles 0.073s
2025-04-09 11:10:03.498 69736 INFO tempest.lib.common.rest_client [req-2a00bbb2-a79d-4927-be4e-aa6c3b7fc7bf req-2a00bbb2-a79d-4927-be4e-aa6c3b7fc7bf ] Request (SecurityGroupsTestJSON:test_security_group_create_get_delete): 202 DELETE http://10.180.1.21/compute/v2.1/os-security-groups/c43bbb0f-7cb2-4e4c-a485-503bea17d177 1.961s
2025-04-09 11:10:03.522 69758 INFO tempest.lib.common.rest_client [req-6f0e594f-3c71-4c11-9f1d-f6932b213159 req-6f0e594f-3c71-4c11-9f1d-f6932b213159 ] Request (InstanceUsageAuditLogNegativeTestJSON:setUpClass): 201 POST http://10.180.1.21/identity/v3/auth/tokens 0.082s
2025-04-09 11:10:03.547 69796 INFO tempest.lib.common.rest_client [req-62e22a1f-b188-499d-88ef-e8f83b4becce req-62e22a1f-b188-499d-88ef-e8f83b4becce ] Request (AttachInterfacesV270Test:setUpClass): 204 PUT http://10.180.1.21/identity/v3/projects/d524b158227c42a49401ce3d561966a6/users/6156e6a85f3c4808a895ef7a80625aad/roles/5e5d1fe725534430b1f1c4aeee0e573d 0.063s
2025-04-09 11:10:03.548 69796 INFO tempest.lib.common.dynamic_creds [-] Dynamic test user 6156e6a85f3c4808a895ef7a80625aad is created with scope project and roles: ['member']
2025-04-09 11:10:03.548 69796 INFO tempest.lib.common.dynamic_creds [-] Acquired dynamic creds: credentials: Credentials: {'domain_id': 'default', 'domain_name': 'Default', 'username': 'tempest-AttachInterfacesV270Test-226969959-project-member', 'project_domain_id': 'default', 'project_domain_name': 'Default', 'project_id': 'd524b158227c42a49401ce3d561966a6', 'project_name': 'tempest-AttachInterfacesV270Test-226969959', 'tenant_id': 'd524b158227c42a49401ce3d561966a6', 'tenant_name': 'tempest-AttachInterfacesV270Test-226969959', 'user_domain_id': 'default', 'user_domain_name': 'Default', 'user_id': '6156e6a85f3c4808a895ef7a80625aad', 'system': None}, Network: None, Subnet: None, Router: None
2025-04-09 11:10:03.550 69746 INFO tempest.lib.common.rest_client [req-5e735b32-efbb-49c2-8d17-ac2b9df53111 req-5e735b32-efbb-49c2-8d17-ac2b9df53111 ] Request (SecurityGroupRulesTestJSON:setUpClass): 201 POST http://10.180.1.21:9696/networking/v2.0/networks 0.374s
2025-04-09 11:10:03.586 69772 INFO tempest.lib.common.rest_client [req-78318d97-5660-462e-a2f6-a40f51f207e6 req-78318d97-5660-462e-a2f6-a40f51f207e6 ] Request (ServersTestMultiNic:_run_cleanups): 204 DELETE http://10.180.1.21/compute/v2.1/servers/81d85e58-a72f-443a-aea2-8bf16ec1e973 2.014s
2025-04-09 11:10:03.611 69796 INFO tempest.lib.common.rest_client [req-7bfc963c-451b-457c-9bb8-35177ccf4a0a req-7bfc963c-451b-457c-9bb8-35177ccf4a0a ] Request (AttachInterfacesV270Test:setUpClass): 201 POST http://10.180.1.21/identity/v3/auth/tokens 0.063s
2025-04-09 11:10:03.612 69758 INFO tempest.lib.common.rest_client [req-4033e7b0-721a-4df0-9f00-6d7e7f1af432 req-4033e7b0-721a-4df0-9f00-6d7e7f1af432 ] Request (InstanceUsageAuditLogNegativeTestJSON:setUpClass): 201 POST http://10.180.1.21/identity/v3/projects 0.089s
2025-04-09 11:10:03.670 69758 INFO tempest.lib.common.rest_client [req-93b5a516-b40e-40ec-a421-86abb802e6fe req-93b5a516-b40e-40ec-a421-86abb802e6fe ] Request (InstanceUsageAuditLogNegativeTestJSON:setUpClass): 201 POST http://10.180.1.21/identity/v3/users 0.057s
2025-04-09 11:10:03.694 69782 INFO tempest.lib.common.rest_client [req-9d6a5ebd-cb4e-4c6c-be27-0f97f79bed0b req-9d6a5ebd-cb4e-4c6c-be27-0f97f79bed0b ] Request (MigrationsAdminTest:test_list_migrations_in_flavor_resize_situation): 200 GET http://10.180.1.21/compute/v2.1/servers/065960f4-681e-4867-9b12-00672a5a9055 2.092s
2025-04-09 11:10:03.715 69746 INFO tempest.lib.common.rest_client [req-92a1429b-0f12-44d0-995a-0c072212f5bd req-92a1429b-0f12-44d0-995a-0c072212f5bd ] Request (SecurityGroupRulesTestJSON:setUpClass): 201 POST http://10.180.1.21:9696/networking/v2.0/subnets 0.164s
2025-04-09 11:10:03.729 69758 INFO tempest.lib.common.rest_client [req-83fe0e7e-8f2a-4f7b-ace3-1989a33fe2ea req-83fe0e7e-8f2a-4f7b-ace3-1989a33fe2ea ] Request (InstanceUsageAuditLogNegativeTestJSON:setUpClass): 200 GET http://10.180.1.21/identity/v3/roles 0.059s
2025-04-09 11:10:03.761 69758 INFO tempest.lib.common.rest_client [req-1cdcac3a-cf3d-470b-9da8-e436731f1eaa req-1cdcac3a-cf3d-470b-9da8-e436731f1eaa ] Request (InstanceUsageAuditLogNegativeTestJSON:setUpClass): 204 PUT http://10.180.1.21/identity/v3/projects/e92ad94c1e1c4455bdfe138b5b52f790/users/60e0ab04f14b408e9d6fb7ad794e36b7/roles/fcd2a20bdaca4249a67abe7a23ba975e 0.031s
2025-04-09 11:10:03.769 69778 INFO tempest.lib.common.rest_client [req-0a760cc2-4191-4632-9fb1-12fb4fd35cb4 req-0a760cc2-4191-4632-9fb1-12fb4fd35cb4 ] Request (ServerDiagnosticsV248Test:tearDownClass): 200 GET http://10.180.1.21/compute/v2.1/servers/e57281f9-b754-4d11-afd6-6a4f9d351b60 2.073s
2025-04-09 11:10:03.773 69765 INFO tempest.lib.common.rest_client [req-a88806d7-a942-459a-b05a-055f3af843e4 req-a88806d7-a942-459a-b05a-055f3af843e4 ] Request (FlavorsV2NegativeTest:test_boot_with_low_ram): 204 PUT http://10.180.1.21/image/v2/images/47187a41-fc07-4904-b38c-5f898f991df3/file 1.056s
2025-04-09 11:10:03.783 69786 INFO tempest.lib.common.rest_client [req-34fbc637-5208-4131-8ebd-2c8b56b60d00 req-34fbc637-5208-4131-8ebd-2c8b56b60d00 ] Request (ImagesTestJSON:test_create_image_from_stopped_server): 200 GET http://10.180.1.21/compute/v2.1/images/6b27621b-1c9e-427d-beb2-5da963bdf5ce 2.920s
2025-04-09 11:10:03.833 69758 INFO tempest.lib.common.rest_client [req-7a6b859a-3fd3-41d9-b4a8-5233c491dd52 req-7a6b859a-3fd3-41d9-b4a8-5233c491dd52 ] Request (InstanceUsageAuditLogNegativeTestJSON:setUpClass): 200 GET http://10.180.1.21/identity/v3/roles 0.071s
2025-04-09 11:10:03.845 69765 INFO tempest.lib.common.rest_client [req-f5beba96-f006-43ff-87ba-b7314d62a5e8 req-f5beba96-f006-43ff-87ba-b7314d62a5e8 ] Request (FlavorsV2NegativeTest:test_boot_with_low_ram): 201 POST http://10.180.1.21/identity/v3/auth/tokens 0.068s
2025-04-09 11:10:03.846 69765 INFO tempest.lib.common.fixed_network [-] (FlavorsV2NegativeTest:test_boot_with_low_ram) Found network None available for tenant
2025-04-09 11:10:03.854 69776 INFO tempest.lib.common.rest_client [req-4872be8f-d10a-42fb-ab61-f07796c0cb9d req-4872be8f-d10a-42fb-ab61-f07796c0cb9d ] Request (ServerAddressesNegativeTestJSON:setUpClass): 200 GET http://10.180.1.21/compute/v2.1/servers/3bce4c1a-a27e-42d5-811a-8f400d4af972 1.900s
2025-04-09 11:10:03.859 69758 INFO tempest.lib.common.rest_client [req-e349d348-498e-43a7-9607-01074c6b442c req-e349d348-498e-43a7-9607-01074c6b442c ] Request (InstanceUsageAuditLogNegativeTestJSON:setUpClass): 204 PUT http://10.180.1.21/identity/v3/projects/e92ad94c1e1c4455bdfe138b5b52f790/users/60e0ab04f14b408e9d6fb7ad794e36b7/roles/fcd2a20bdaca4249a67abe7a23ba975e 0.025s
2025-04-09 11:10:03.859 69758 INFO tempest.lib.common.dynamic_creds [-] Dynamic test user 60e0ab04f14b408e9d6fb7ad794e36b7 is created with scope project and roles: ['admin']
2025-04-09 11:10:03.859 69758 INFO tempest.lib.common.dynamic_creds [-] Acquired dynamic creds: credentials: Credentials: {'domain_id': 'default', 'domain_name': 'Default', 'username': 'tempest-InstanceUsageAuditLogNegativeTestJSON-2097885663-project-admin', 'project_domain_id': 'default', 'project_domain_name': 'Default', 'project_id': 'e92ad94c1e1c4455bdfe138b5b52f790', 'project_name': 'tempest-InstanceUsageAuditLogNegativeTestJSON-2097885663', 'tenant_id': 'e92ad94c1e1c4455bdfe138b5b52f790', 'tenant_name': 'tempest-InstanceUsageAuditLogNegativeTestJSON-2097885663', 'user_domain_id': 'default', 'user_domain_name': 'Default', 'user_id': '60e0ab04f14b408e9d6fb7ad794e36b7', 'system': None}, Network: None, Subnet: None, Router: None
2025-04-09 11:10:03.859 69758 INFO tempest.lib.common.dynamic_creds [-] Created isolated network resources for: credentials: Credentials: {'domain_id': 'default', 'domain_name': 'Default', 'username': 'tempest-InstanceUsageAuditLogNegativeTestJSON-2097885663-project-admin', 'project_domain_id': 'default', 'project_domain_name': 'Default', 'project_id': 'e92ad94c1e1c4455bdfe138b5b52f790', 'project_name': 'tempest-InstanceUsageAuditLogNegativeTestJSON-2097885663', 'tenant_id': 'e92ad94c1e1c4455bdfe138b5b52f790', 'tenant_name': 'tempest-InstanceUsageAuditLogNegativeTestJSON-2097885663', 'user_domain_id': 'default', 'user_domain_name': 'Default', 'user_id': '60e0ab04f14b408e9d6fb7ad794e36b7', 'system': None}, Network: None, Subnet: None, Router: None
2025-04-09 11:10:03.927 69766 INFO tempest.lib.common.rest_client [req-5498924e-e630-44a0-b78f-ab3ac0a47959 req-5498924e-e630-44a0-b78f-ab3ac0a47959 ] Request (TenantUsagesTestJSON:setUpClass): 200 GET http://10.180.1.21/compute/v2.1/servers/03603f13-a3d3-4960-889c-4f26d1eef446 1.786s
2025-04-09 11:10:03.948 69758 INFO tempest.lib.common.rest_client [req-fc0b705c-1c5d-4a74-8b97-54bd931b91f2 req-fc0b705c-1c5d-4a74-8b97-54bd931b91f2 ] Request (InstanceUsageAuditLogNegativeTestJSON:setUpClass): 201 POST http://10.180.1.21/identity/v3/auth/tokens 0.085s
2025-04-09 11:10:03.969 69780 INFO tempest.lib.common.rest_client [req-03dda509-ecbc-4ddc-aa94-fe68f5f1d6a9 req-03dda509-ecbc-4ddc-aa94-fe68f5f1d6a9 ] Request (SecurityGroupRulesNegativeTestJSON:test_create_security_group_rule_with_invalid_port_range): 200 POST http://10.180.1.21/compute/v2.1/os-security-groups 2.144s
2025-04-09 11:10:03.996 69788 INFO tempest.lib.common.rest_client [req-4b94ed5e-3018-48f8-ac5f-c2fbc73c25dc req-4b94ed5e-3018-48f8-ac5f-c2fbc73c25dc ] Request (FloatingIPsAssociationTestJSON:setUpClass): 200 GET http://10.180.1.21/compute/v2.1/servers/30d08bf2-b802-49e7-8bc5-8cb85fb16264 1.839s
2025-04-09 11:10:04.002 69796 INFO tempest.lib.common.rest_client [req-0a8d0ee3-ae57-42e6-9cd8-ea7072d2f056 req-0a8d0ee3-ae57-42e6-9cd8-ea7072d2f056 ] Request (AttachInterfacesV270Test:setUpClass): 201 POST http://10.180.1.21:9696/networking/v2.0/networks 0.390s
2025-04-09 11:10:04.062 69756 INFO tempest.lib.common.rest_client [req-81650e87-1337-40ca-80f3-e1d905a84635 req-81650e87-1337-40ca-80f3-e1d905a84635 ] Request (ImagesOneServerNegativeTestJSON:setUpClass): 200 GET http://10.180.1.21/compute/v2.1/servers/cf426e3f-1187-49a3-baf2-6e668af23fe0 1.826s
2025-04-09 11:10:04.135 69742 INFO tempest.lib.common.rest_client [req-2eb550ff-ed36-428a-b271-1e230269111a req-2eb550ff-ed36-428a-b271-1e230269111a ] Request (DeleteServersAdminTestJSON:test_delete_server_while_in_error_state): 200 GET http://10.180.1.21/compute/v2.1/servers/677f4657-cc6f-4528-bf47-dd0aa59fdb58 1.893s
2025-04-09 11:10:04.209 69768 INFO tempest.lib.common.rest_client [req-92437bf3-a2f4-43a1-a597-7c318aeedb30 req-92437bf3-a2f4-43a1-a597-7c318aeedb30 ] Request (ListImageFiltersTestJSON:setUpClass): 200 GET http://10.180.1.21/compute/v2.1/servers/e946f1e9-8219-4a53-843d-65044bd6d369 1.885s
2025-04-09 11:10:04.211 69796 INFO tempest.lib.common.rest_client [req-8a5826dd-e866-430b-93d3-64898190c94b req-8a5826dd-e866-430b-93d3-64898190c94b ] Request (AttachInterfacesV270Test:setUpClass): 201 POST http://10.180.1.21:9696/networking/v2.0/subnets 0.208s
2025-04-09 11:10:04.361 69790 INFO tempest.lib.common.rest_client [req-d3a2a54f-aed3-481c-92ad-db9450b94d22 req-d3a2a54f-aed3-481c-92ad-db9450b94d22 ] Request (AttachInterfacesTestJSON:test_create_list_show_delete_interfaces_by_fixed_ip): 200 GET http://10.180.1.21/compute/v2.1/servers/81dc722f-5177-4034-83dd-7d4fbeb373c3 1.957s
2025-04-09 11:10:04.433 69748 INFO tempest.lib.common.rest_client [req-29a71627-03cc-4a3b-86c4-592979e6b824 req-29a71627-03cc-4a3b-86c4-592979e6b824 ] Request (FloatingIPsAssociationNegativeTestJSON:setUpClass): 200 GET http://10.180.1.21/compute/v2.1/servers/128c4e20-7be2-403b-ab7c-e7d2a0ba1f62 1.944s
2025-04-09 11:10:04.505 69734 INFO tempest.lib.common.rest_client [req-22338676-1288-4113-9dcb-0639726a6209 req-22338676-1288-4113-9dcb-0639726a6209 ] Request (ServerMetadataNegativeTestJSON:setUpClass): 200 GET http://10.180.1.21/compute/v2.1/servers/a2d78409-c1cb-4eaa-ab49-08d51f0d670b 1.926s
2025-04-09 11:10:04.613 69792 INFO tempest.lib.common.rest_client [req-1afeb47c-b0ed-464e-b5f4-4d460c9f279f req-1afeb47c-b0ed-464e-b5f4-4d460c9f279f ] Request (ServerDiagnosticsTest:tearDownClass): 204 DELETE http://10.180.1.21/compute/v2.1/servers/4aafbb59-7ef3-4f16-9e90-973898612a06 1.722s
2025-04-09 11:10:04.679 69762 INFO tempest.lib.common.rest_client [req-6a86893a-54b0-49b7-b014-fe8c06bc8bf8 req-6a86893a-54b0-49b7-b014-fe8c06bc8bf8 ] Request (ListServersNegativeTestJSON:setUpClass): 202 POST http://10.180.1.21/compute/v2.1/servers 2.502s
2025-04-09 11:10:04.726 69784 INFO tempest.lib.common.rest_client [req-0a249c30-5c5a-4962-82fc-b84bedbbe416 req-0a249c30-5c5a-4962-82fc-b84bedbbe416 ] Request (DeleteServersTestJSON:test_delete_active_server): 200 GET http://10.180.1.21/compute/v2.1/servers/0080c279-4069-450e-af95-e915d15df9f0 1.548s
2025-04-09 11:10:04.770 69746 INFO tempest.lib.common.rest_client [req-741901f4-6813-433e-9702-fa3c1c90e186 req-741901f4-6813-433e-9702-fa3c1c90e186 ] Request (SecurityGroupRulesTestJSON:setUpClass): 201 POST http://10.180.1.21:9696/networking/v2.0/routers 1.055s
2025-04-09 11:10:04.777 69760 INFO tempest.lib.common.rest_client [req-e2d58bb1-c271-4eec-9a11-3d1bf62b5894 req-e2d58bb1-c271-4eec-9a11-3d1bf62b5894 ] Request (AggregatesAdminNegativeTestJSON:test_aggregate_remove_host_as_user): 200 POST http://10.180.1.21/compute/v2.1/os-aggregates 1.483s
2025-04-09 11:10:04.810 69738 INFO tempest.lib.common.rest_client [req-9ee4fff2-0a6a-4b9e-a3c3-2cfad938381e req-9ee4fff2-0a6a-4b9e-a3c3-2cfad938381e ] Request (FlavorsV2TestJSON:test_list_flavors_filter_by_min_disk): 200 GET http://10.180.1.21/compute/v2.1/flavors?minDisk=2 1.495s
2025-04-09 11:10:04.824 69770 INFO tempest.lib.common.rest_client [req-c4043726-b40d-4320-a676-673985ede8ed req-c4043726-b40d-4320-a676-673985ede8ed ] Request (FlavorsAdminTestJSON:test_is_public_string_variations): 200 GET http://10.180.1.21/compute/v2.1/flavors/detail?is_public=false 1.483s
2025-04-09 11:10:05.060 69754 INFO tempest.lib.common.rest_client [req-9961bc8f-8152-430a-b304-8b37f0b25987 req-9961bc8f-8152-430a-b304-8b37f0b25987 ] Request (AttachVolumeTestJSON:test_attach_detach_volume): 200 GET http://10.180.1.21/compute/v2.1/servers/029a7f6a-74cd-4abe-a014-8ac5eb138aa3 1.673s
2025-04-09 11:10:05.116 69736 INFO tempest.lib.common.rest_client [req-16e63afb-1165-422b-a9f0-bd7feb922f81 req-16e63afb-1165-422b-a9f0-bd7feb922f81 ] Request (SecurityGroupsTestJSON:test_security_group_create_get_delete): 404 GET http://10.180.1.21/compute/v2.1/os-security-groups/c43bbb0f-7cb2-4e4c-a485-503bea17d177 1.617s
2025-04-09 11:10:05.274 69795 INFO tempest.lib.common.rest_client [req-1e9818fd-f9e8-475b-a128-a3972cc37a8e req-1e9818fd-f9e8-475b-a128-a3972cc37a8e ] Request (ServersAdmin275Test:test_rebuild_update_server_275): 202 POST http://10.180.1.21/compute/v2.1/servers/3a2b2049-4cae-4ff4-b271-a4b72ef293f5/action 1.982s
2025-04-09 11:10:05.324 69796 INFO tempest.lib.common.rest_client [req-bd51eff4-f1d5-461d-a6a4-b6794a2743e9 req-bd51eff4-f1d5-461d-a6a4-b6794a2743e9 ] Request (AttachInterfacesV270Test:setUpClass): 201 POST http://10.180.1.21:9696/networking/v2.0/routers 1.112s
2025-04-09 11:10:05.414 69772 INFO tempest.lib.common.rest_client [req-3b8cc2d5-64b3-48b1-aa39-f10d54bc1337 req-3b8cc2d5-64b3-48b1-aa39-f10d54bc1337 ] Request (ServersTestMultiNic:_run_cleanups): 200 GET http://10.180.1.21/compute/v2.1/servers/81d85e58-a72f-443a-aea2-8bf16ec1e973 1.827s
2025-04-09 11:10:05.471 69758 INFO tempest.lib.common.rest_client [req-0b6d59ad-02a7-4215-86c6-0ac52030920b req-0b6d59ad-02a7-4215-86c6-0ac52030920b ] Request (InstanceUsageAuditLogNegativeTestJSON:test_get_instance_usage_audit_logs_with_invalid_time): 400 GET http://10.180.1.21/compute/v2.1/os-instance_usage_audit_log/invalid_time 1.521s
2025-04-09 11:10:05.553 69744 INFO tempest.lib.common.rest_client [req-899a7e19-2a00-4dea-9a00-dc68a24ed6b9 req-899a7e19-2a00-4dea-9a00-dc68a24ed6b9 ] Request (ServersAdminNegativeTestJSON:test_migrate_server_invalid_state): 200 GET http://10.180.1.21/compute/v2.1/servers/e6f2af6a-16e7-48f8-b199-0a093cd4bac5 1.579s
2025-04-09 11:10:05.611 69765 INFO tempest.lib.common.rest_client [req-c1762eb6-95f9-475b-8228-993ac8a05ddb req-c1762eb6-95f9-475b-8228-993ac8a05ddb ] Request (FlavorsV2NegativeTest:test_boot_with_low_ram): 400 POST http://10.180.1.21/compute/v2.1/servers 1.764s
2025-04-09 11:10:05.627 69780 INFO tempest.lib.common.rest_client [req-76fb487e-aab1-46aa-9f35-588ee4e4094a req-76fb487e-aab1-46aa-9f35-588ee4e4094a ] Request (SecurityGroupRulesNegativeTestJSON:test_create_security_group_rule_with_invalid_port_range): 400 POST http://10.180.1.21/compute/v2.1/os-security-group-rules 1.653s
2025-04-09 11:10:05.690 69765 INFO tempest.lib.common.rest_client [req-0a592fcd-1242-4f6a-834f-f65ae35497f5 req-0a592fcd-1242-4f6a-834f-f65ae35497f5 ] Request (FlavorsV2NegativeTest:_run_cleanups): 204 DELETE http://10.180.1.21/image/v2/images/47187a41-fc07-4904-b38c-5f898f991df3 0.078s
2025-04-09 11:10:05.780 69740 INFO tempest.lib.common.rest_client [req-911652d5-206f-4231-a94d-8bf00c2eb611 req-911652d5-206f-4231-a94d-8bf00c2eb611 ] Request (ImagesNegativeTestJSON:test_create_image_from_deleted_server): 200 GET http://10.180.1.21/compute/v2.1/servers/01df552d-1482-4974-b0cd-22f8c4494d0a 1.590s
2025-04-09 11:10:05.790 69740 INFO tempest.common.waiters [-] State transition "BUILD/networking" ==> "BUILD/spawning" after 24 second wait
2025-04-09 11:10:05.863 69765 INFO tempest.lib.common.rest_client [req-44f7cd0b-0ffe-46f1-8f71-4f12162f3d74 req-44f7cd0b-0ffe-46f1-8f71-4f12162f3d74 ] Request (FlavorsV2NegativeTest:tearDownClass): 204 DELETE http://10.180.1.21/identity/v3/users/22c4ba49fc81461a8e01cbdf6b3f69a4 0.166s
2025-04-09 11:10:05.863 69765 INFO tempest.lib.common.dynamic_creds [-] Deleting project and security group for project: ba2dcaf7e3c94d18b265c1c07be7b812
2025-04-09 11:10:05.900 69792 INFO tempest.lib.common.rest_client [req-52025cb3-dca9-4023-befd-c8a3cbe4a3e4 req-52025cb3-dca9-4023-befd-c8a3cbe4a3e4 ] Request (ServerDiagnosticsTest:tearDownClass): 200 GET http://10.180.1.21/compute/v2.1/servers/4aafbb59-7ef3-4f16-9e90-973898612a06 1.286s
2025-04-09 11:10:05.917 69762 INFO tempest.lib.common.rest_client [req-f4110d8a-8a6b-40d0-9a18-5b8b9527a826 req-f4110d8a-8a6b-40d0-9a18-5b8b9527a826 ] Request (ListServersNegativeTestJSON:setUpClass): 200 GET http://10.180.1.21/compute/v2.1/servers 1.234s
2025-04-09 11:10:05.943 69765 INFO tempest.lib.common.rest_client [req-3e4be524-deff-4f8c-923b-47597157be8b req-3e4be524-deff-4f8c-923b-47597157be8b ] Request (FlavorsV2NegativeTest:tearDownClass): 201 POST http://10.180.1.21/identity/v3/auth/tokens 0.080s
2025-04-09 11:10:05.994 69778 INFO tempest.lib.common.rest_client [req-3ebb59f0-9e76-4ef5-82e5-74863269a87b req-3ebb59f0-9e76-4ef5-82e5-74863269a87b ] Request (ServerDiagnosticsV248Test:tearDownClass): 200 GET http://10.180.1.21/compute/v2.1/servers/e57281f9-b754-4d11-afd6-6a4f9d351b60 1.216s
2025-04-09 11:10:06.126 69782 INFO tempest.lib.common.rest_client [req-c842a9b6-23b1-4799-b7b0-10cebc20e50c req-c842a9b6-23b1-4799-b7b0-10cebc20e50c ] Request (MigrationsAdminTest:test_list_migrations_in_flavor_resize_situation): 200 GET http://10.180.1.21/compute/v2.1/servers/065960f4-681e-4867-9b12-00672a5a9055 1.424s
2025-04-09 11:10:06.166 69786 INFO tempest.lib.common.rest_client [req-e0a97b90-42c3-422c-88aa-3ede9a89bc9d req-e0a97b90-42c3-422c-88aa-3ede9a89bc9d ] Request (ImagesTestJSON:test_create_image_from_stopped_server): 200 GET http://10.180.1.21/compute/v2.1/images/6b27621b-1c9e-427d-beb2-5da963bdf5ce 1.379s
2025-04-09 11:10:06.168 69760 INFO tempest.lib.common.rest_client [req-4f2493ad-e8a4-4742-b276-825c43a70a4b req-4f2493ad-e8a4-4742-b276-825c43a70a4b ] Request (AggregatesAdminNegativeTestJSON:test_aggregate_remove_host_as_user): 200 POST http://10.180.1.21/compute/v2.1/os-aggregates/7/action 1.388s
2025-04-09 11:10:06.182 69770 INFO tempest.lib.common.rest_client [req-967e4ac9-9858-4a35-b860-e46b821064c3 req-967e4ac9-9858-4a35-b860-e46b821064c3 ] Request (FlavorsAdminTestJSON:test_is_public_string_variations): 200 GET http://10.180.1.21/compute/v2.1/flavors/detail?is_public=no 1.354s
2025-04-09 11:10:06.185 69738 INFO tempest.lib.common.rest_client [req-920b8899-62ff-4081-804d-edc3228eae5f req-920b8899-62ff-4081-804d-edc3228eae5f ] Request (FlavorsV2TestJSON:test_list_flavors_filter_by_min_ram): 200 GET http://10.180.1.21/compute/v2.1/flavors/42 1.371s
2025-04-09 11:10:06.251 69766 INFO tempest.lib.common.rest_client [req-e61ab736-4399-4cfa-bc47-4d1625605b27 req-e61ab736-4399-4cfa-bc47-4d1625605b27 ] Request (TenantUsagesTestJSON:setUpClass): 200 GET http://10.180.1.21/compute/v2.1/servers/03603f13-a3d3-4960-889c-4f26d1eef446 1.315s
2025-04-09 11:10:06.262 69776 INFO tempest.lib.common.rest_client [req-f09bc2ce-8bd3-49cb-8619-7a6acf8a0633 req-f09bc2ce-8bd3-49cb-8619-7a6acf8a0633 ] Request (ServerAddressesNegativeTestJSON:setUpClass): 200 GET http://10.180.1.21/compute/v2.1/servers/3bce4c1a-a27e-42d5-811a-8f400d4af972 1.397s
2025-04-09 11:10:06.276 69765 INFO tempest.lib.common.rest_client [req-a5a36d6e-c6ea-44ef-af65-e78e19449e74 req-a5a36d6e-c6ea-44ef-af65-e78e19449e74 ] Request (FlavorsV2NegativeTest:tearDownClass): 200 GET http://10.180.1.21:9696/networking/v2.0/security-groups?tenant_id=ba2dcaf7e3c94d18b265c1c07be7b812&name=default 0.332s
2025-04-09 11:10:06.326 69756 INFO tempest.lib.common.rest_client [req-f90a0dea-14f0-408d-8c3f-714f315eae66 req-f90a0dea-14f0-408d-8c3f-714f315eae66 ] Request (ImagesOneServerNegativeTestJSON:setUpClass): 200 GET http://10.180.1.21/compute/v2.1/servers/cf426e3f-1187-49a3-baf2-6e668af23fe0 1.247s
2025-04-09 11:10:06.346 69788 INFO tempest.lib.common.rest_client [req-4c3c547d-5780-485e-99da-caf21bf6fbfa req-4c3c547d-5780-485e-99da-caf21bf6fbfa ] Request (FloatingIPsAssociationTestJSON:setUpClass): 200 GET http://10.180.1.21/compute/v2.1/servers/30d08bf2-b802-49e7-8bc5-8cb85fb16264 1.339s
2025-04-09 11:10:06.439 69742 INFO tempest.lib.common.rest_client [req-2301d5c0-db40-4d41-88a8-9659295f99f3 req-2301d5c0-db40-4d41-88a8-9659295f99f3 ] Request (DeleteServersAdminTestJSON:test_delete_server_while_in_error_state): 200 GET http://10.180.1.21/compute/v2.1/servers/677f4657-cc6f-4528-bf47-dd0aa59fdb58 1.294s
2025-04-09 11:10:06.446 69746 INFO tempest.lib.common.rest_client [req-fc259090-130a-498a-85ea-363dd5804146 req-fc259090-130a-498a-85ea-363dd5804146 ] Request (SecurityGroupRulesTestJSON:setUpClass): 200 PUT http://10.180.1.21:9696/networking/v2.0/routers/a686b820-e313-4f76-ac47-0036c0c7bfbd/add_router_interface 1.676s
