2025-04-09 11:37:53.804 69817 INFO tempest.lib.common.rest_client [req-d9685447-e855-4f43-85a9-9a17f7d85bbd req-d9685447-e855-4f43-85a9-9a17f7d85bbd ] Request (HypervisorAdminNegativeTestJSON:test_get_hypervisor_uptime_with_non_admin_user): 403 GET http://10.180.1.21/compute/v2.1/os-hypervisors/1/uptime 1.317s
2025-04-09 11:37:53.815 69841 INFO tempest.lib.common.rest_client [req-b2cee4a0-e2e0-4e06-a0e2-1b85299c4f25 req-b2cee4a0-e2e0-4e06-a0e2-1b85299c4f25 ] Request (InstanceUsageAuditLogNegativeTestJSON:setUpClass): 200 GET http://10.180.1.21/identity/v3/domains?name=Default 0.172s
2025-04-09 11:37:53.826 69801 INFO tempest.lib.common.rest_client [req-27b4f069-7481-4360-9d27-f45dec1eddb6 req-27b4f069-7481-4360-9d27-f45dec1eddb6 ] Request (FlavorsAccessNegativeTestJSON:_run_cleanups): 200 POST http://10.180.1.21/compute/v2.1/flavors/903253695/action 1.877s
2025-04-09 11:37:53.830 69827 INFO tempest.lib.common.rest_client [req-1d2fb6dc-0751-42fb-98f7-1662297173d0 req-1d2fb6dc-0751-42fb-98f7-1662297173d0 ] Request (FlavorsV255TestJSON:tearDownClass): 204 DELETE http://10.180.1.21:9696/networking/v2.0/security-groups/db4a916b-e7de-4022-a4f5-f980e15b75c1 0.153s
2025-04-09 11:37:53.855 69791 INFO tempest.lib.common.rest_client [req-72596ef8-0d49-4926-bdbf-fa2a142d0b35 req-72596ef8-0d49-4926-bdbf-fa2a142d0b35 ] Request (QuotasAdminTestJSON:test_delete_quota): 200 GET http://10.180.1.21/identity/v3/domains?name=Default 0.204s
2025-04-09 11:37:53.884 69821 INFO tempest.lib.common.rest_client [req-aa03b643-2f25-4c10-842a-6fa493a78c16 req-aa03b643-2f25-4c10-842a-6fa493a78c16 ] Request (ServerDiagnosticsNegativeTest:setUpClass): 204 PUT http://10.180.1.21/identity/v3/projects/13ed9d44daf7440681f07f505d1b10ed/users/fb63cf8379ce4cfca95a0db7ebce055c/roles/639a724e67f5425d8c8efe8135fb82c5 0.178s
2025-04-09 11:37:53.884 69821 INFO tempest.lib.common.dynamic_creds [-] Dynamic test user fb63cf8379ce4cfca95a0db7ebce055c is created with scope project and roles: ['admin']
2025-04-09 11:37:53.884 69821 INFO tempest.lib.common.dynamic_creds [-] Acquired dynamic creds: credentials: Credentials: {'domain_id': 'default', 'domain_name': 'Default', 'username': 'tempest-ServerDiagnosticsNegativeTest-1091668892-project-admin', 'project_domain_id': 'default', 'project_domain_name': 'Default', 'project_id': '13ed9d44daf7440681f07f505d1b10ed', 'project_name': 'tempest-ServerDiagnosticsNegativeTest-1091668892', 'tenant_id': '13ed9d44daf7440681f07f505d1b10ed', 'tenant_name': 'tempest-ServerDiagnosticsNegativeTest-1091668892', 'user_domain_id': 'default', 'user_domain_name': 'Default', 'user_id': 'fb63cf8379ce4cfca95a0db7ebce055c', 'system': None}, Network: None, Subnet: None, Router: None
2025-04-09 11:37:53.884 69821 INFO tempest.lib.common.dynamic_creds [-] Created isolated network resources for: credentials: Credentials: {'domain_id': 'default', 'domain_name': 'Default', 'username': 'tempest-ServerDiagnosticsNegativeTest-1091668892-project-admin', 'project_domain_id': 'default', 'project_domain_name': 'Default', 'project_id': '13ed9d44daf7440681f07f505d1b10ed', 'project_name': 'tempest-ServerDiagnosticsNegativeTest-1091668892', 'tenant_id': '13ed9d44daf7440681f07f505d1b10ed', 'tenant_name': 'tempest-ServerDiagnosticsNegativeTest-1091668892', 'user_domain_id': 'default', 'user_domain_name': 'Default', 'user_id': 'fb63cf8379ce4cfca95a0db7ebce055c', 'system': None}, Network: None, Subnet: None, Router: None
2025-04-09 11:37:53.902 69799 INFO tempest.lib.common.rest_client [req-846bddb6-cf3c-4219-a9aa-e0b99386e50e req-846bddb6-cf3c-4219-a9aa-e0b99386e50e ] Request (MigrationsAdminTest:test_list_migrations_in_flavor_resize_situation): 200 GET http://10.180.1.21/compute/v2.1/servers/fc09ea54-6b9a-46af-95f5-ab03122a00ee 1.267s
2025-04-09 11:37:53.911 69833 INFO tempest.lib.common.rest_client [req-761a268e-9845-4b84-bb34-940e6b41b59e req-761a268e-9845-4b84-bb34-940e6b41b59e ] Request (FlavorMetadataValidation:tearDownClass): 204 DELETE http://10.180.1.21:9696/networking/v2.0/security-groups/d32bfbf8-b329-4e57-a068-716e373ff7f6 0.160s
2025-04-09 11:37:53.946 69843 INFO tempest.lib.common.rest_client [req-1429498a-88e8-479f-9cdb-2fd67a7e4a38 req-1429498a-88e8-479f-9cdb-2fd67a7e4a38 ] Request (SecurityGroupRulesTestJSON:setUpClass): 200 GET http://10.180.1.21/identity/v3/domains?name=Default 0.216s
2025-04-09 11:37:53.977 69841 INFO tempest.lib.common.rest_client [req-a7dc7418-0c81-4880-b554-ccd97fcc6ae6 req-a7dc7418-0c81-4880-b554-ccd97fcc6ae6 ] Request (InstanceUsageAuditLogNegativeTestJSON:setUpClass): 201 POST http://10.180.1.21/identity/v3/projects 0.161s
2025-04-09 11:37:53.980 69813 INFO tempest.lib.common.rest_client [req-42b337a0-3315-471c-b19f-978fe4b47ddd req-42b337a0-3315-471c-b19f-978fe4b47ddd ] Request (VolumesAdminNegativeTest:setUpClass): 201 POST http://10.180.1.21:9696/networking/v2.0/networks 0.908s
2025-04-09 11:37:53.981 69851 INFO tempest.lib.common.rest_client [req-dddf41fe-bb2f-4b30-9207-62dd22d3c962 req-dddf41fe-bb2f-4b30-9207-62dd22d3c962 ] Request (AbsoluteLimitsNegativeTestJSON:tearDownClass): 200 GET http://10.180.1.21:9696/networking/v2.0/security-groups?tenant_id=211c5f192c504b22b8f25b64335eae67&name=default 0.433s
2025-04-09 11:37:53.983 69849 INFO tempest.lib.common.rest_client [req-d65ba09f-f5f7-4cbe-b8e4-5ead82ed8559 req-d65ba09f-f5f7-4cbe-b8e4-5ead82ed8559 ] Request (ServicesAdminTestJSON:tearDownClass): 204 DELETE http://10.180.1.21/identity/v3/projects/c8fb1ba278b040f79c00e9dad62498ce 0.268s
2025-04-09 11:37:53.983 69849 INFO tempest.lib.common.dynamic_creds [-] Deleting project and security group for project: 14d4ff8b2ac24962b1b1560e8b3c728d
2025-04-09 11:37:54.014 69825 INFO tempest.lib.common.rest_client [req-12eb4e18-da19-4c74-bc63-aaa27443d9b5 req-12eb4e18-da19-4c74-bc63-aaa27443d9b5 ] Request (DeleteServersAdminTestJSON:test_admin_delete_servers_of_others): 200 GET http://10.180.1.21/compute/v2.1/servers/f502aac5-5a9c-45ce-8f4a-920835a713e2 1.366s
2025-04-09 11:37:54.021 69825 INFO tempest.common.waiters [-] State transition "BUILD/None" ==> "BUILD/spawning" after 6 second wait
2025-04-09 11:37:54.053 69821 INFO tempest.lib.common.rest_client [req-a0258faa-e3a0-4936-9ebf-5a8afb07250e req-a0258faa-e3a0-4936-9ebf-5a8afb07250e ] Request (ServerDiagnosticsNegativeTest:setUpClass): 201 POST http://10.180.1.21/identity/v3/auth/tokens 0.165s
2025-04-09 11:37:54.071 69827 INFO tempest.lib.common.rest_client [req-d055ec17-d04d-41d2-9f16-d6b2b268edca req-d055ec17-d04d-41d2-9f16-d6b2b268edca ] Request (FlavorsV255TestJSON:tearDownClass): 204 DELETE http://10.180.1.21/identity/v3/projects/7102c1cbc325420da26b251744f74e74 0.240s
2025-04-09 11:37:54.072 69827 INFO tempest.lib.common.dynamic_creds [-] Deleting project and security group for project: f2a8fc123df54493a977835cb561cb5d
2025-04-09 11:37:54.136 69843 INFO tempest.lib.common.rest_client [req-1d86497d-188e-4ba3-a8dc-ef76f3900f26 req-1d86497d-188e-4ba3-a8dc-ef76f3900f26 ] Request (SecurityGroupRulesTestJSON:setUpClass): 201 POST http://10.180.1.21/identity/v3/projects 0.189s
2025-04-09 11:37:54.147 69833 INFO tempest.lib.common.rest_client [req-3d2ee615-d008-490e-9ff2-61ad13ffb731 req-3d2ee615-d008-490e-9ff2-61ad13ffb731 ] Request (FlavorMetadataValidation:tearDownClass): 204 DELETE http://10.180.1.21/identity/v3/projects/ffcaad1248ba49e7a9be38ccff462215 0.236s
2025-04-09 11:37:54.148 69833 INFO tempest.lib.common.dynamic_creds [-] Deleting project and security group for project: d65bc758f546438893a5e35d5d2f3d61
2025-04-09 11:37:54.148 69851 INFO tempest.lib.common.rest_client [req-561de8f8-d4b2-4a0f-ac5c-44087a267abb req-561de8f8-d4b2-4a0f-ac5c-44087a267abb ] Request (AbsoluteLimitsNegativeTestJSON:tearDownClass): 204 DELETE http://10.180.1.21:9696/networking/v2.0/security-groups/907a9a31-83c4-4f9c-b7cc-9cb9d759029a 0.166s
2025-04-09 11:37:54.185 69849 INFO tempest.lib.common.rest_client [req-d58ab6f9-4943-401d-b6ad-78e067e651b0 req-d58ab6f9-4943-401d-b6ad-78e067e651b0 ] Request (ServicesAdminTestJSON:tearDownClass): 200 GET http://10.180.1.21:9696/networking/v2.0/security-groups?tenant_id=14d4ff8b2ac24962b1b1560e8b3c728d&name=default 0.202s
2025-04-09 11:37:54.202 69841 INFO tempest.lib.common.rest_client [req-8eca3d35-9201-43fd-9c2e-244749c8d153 req-8eca3d35-9201-43fd-9c2e-244749c8d153 ] Request (InstanceUsageAuditLogNegativeTestJSON:setUpClass): 201 POST http://10.180.1.21/identity/v3/users 0.224s
2025-04-09 11:37:54.206 69821 INFO tempest.lib.common.rest_client [req-4c8cd711-c502-4474-9e7d-b5a8cf4471c2 req-4c8cd711-c502-4474-9e7d-b5a8cf4471c2 ] Request (ServerDiagnosticsNegativeTest:test_get_server_diagnostics_by_non_admin): 201 POST http://10.180.1.21/identity/v3/auth/tokens 0.148s
2025-04-09 11:37:54.206 69821 INFO tempest.lib.common.fixed_network [-] (ServerDiagnosticsNegativeTest:test_get_server_diagnostics_by_non_admin) Found network None available for tenant
2025-04-09 11:37:54.210 69831 INFO tempest.lib.common.rest_client [req-760525e2-2781-4273-8f06-8b43065af742 req-760525e2-2781-4273-8f06-8b43065af742 ] Request (TenantUsagesTestJSON:setUpClass): 200 GET http://10.180.1.21/compute/v2.1/servers/06d0f8ea-94ba-46fd-8899-1945b10aa790 1.331s
2025-04-09 11:37:54.242 69807 INFO tempest.lib.common.rest_client [req-204c1cbe-a999-408f-8af2-350fabb8c471 req-204c1cbe-a999-408f-8af2-350fabb8c471 ] Request (FlavorsExtraSpecsTestJSON:test_flavor_non_admin_get_all_keys): 200 POST http://10.180.1.21/compute/v2.1/flavors/1315648054/os-extra_specs 1.335s
2025-04-09 11:37:54.252 69843 INFO tempest.lib.common.rest_client [req-542f9077-5cdc-47a4-add7-7d5abc86ef73 req-542f9077-5cdc-47a4-add7-7d5abc86ef73 ] Request (SecurityGroupRulesTestJSON:setUpClass): 201 POST http://10.180.1.21/identity/v3/users 0.115s
2025-04-09 11:37:54.297 69849 INFO tempest.lib.common.rest_client [req-27ed940d-aac0-4fe2-8cfe-fb5d197549bc req-27ed940d-aac0-4fe2-8cfe-fb5d197549bc ] Request (ServicesAdminTestJSON:tearDownClass): 204 DELETE http://10.180.1.21:9696/networking/v2.0/security-groups/1a29e3ad-6207-49ad-b2ee-053ca83d69ab 0.111s
2025-04-09 11:37:54.307 69851 INFO tempest.lib.common.rest_client [req-b6635741-7426-4aa2-9510-0c51fe046fcd req-b6635741-7426-4aa2-9510-0c51fe046fcd ] Request (AbsoluteLimitsNegativeTestJSON:tearDownClass): 204 DELETE http://10.180.1.21/identity/v3/projects/211c5f192c504b22b8f25b64335eae67 0.158s
2025-04-09 11:37:54.325 69839 INFO tempest.lib.common.rest_client [req-642051d9-8493-4003-beaa-daa8e95c0184 req-642051d9-8493-4003-beaa-daa8e95c0184 ] Request (AttachInterfacesUnderV243Test:test_add_remove_fixed_ip): 200 GET http://10.180.1.21/compute/v2.1/servers/f1d34676-2431-4872-be04-2893823d1799 1.393s
2025-04-09 11:37:54.367 69829 INFO tempest.lib.common.rest_client [req-5fc179f3-13b3-4761-9dbc-5a2bf114ba6c req-5fc179f3-13b3-4761-9dbc-5a2bf114ba6c ] Request (QuotasAdminNegativeTest:test_create_server_when_instances_quota_is_full): 200 GET http://10.180.1.21/compute/v2.1/os-quota-sets/10ab72d8a20749ba938f3d3384a9d1a6 1.714s
2025-04-09 11:37:54.400 69843 INFO tempest.lib.common.rest_client [req-f6ea32db-e4f5-40fd-b34b-1f21ce689f48 req-f6ea32db-e4f5-40fd-b34b-1f21ce689f48 ] Request (SecurityGroupRulesTestJSON:setUpClass): 200 GET http://10.180.1.21/identity/v3/roles 0.148s
2025-04-09 11:37:54.401 69841 INFO tempest.lib.common.rest_client [req-d85ece42-563e-4fbc-99ee-ca73e75d59ae req-d85ece42-563e-4fbc-99ee-ca73e75d59ae ] Request (InstanceUsageAuditLogNegativeTestJSON:setUpClass): 200 GET http://10.180.1.21/identity/v3/roles 0.198s
2025-04-09 11:37:54.424 69793 INFO tempest.lib.common.rest_client [req-f63a4fff-c7af-4a83-8d00-e5711cc145c8 req-f63a4fff-c7af-4a83-8d00-e5711cc145c8 ] Request (FloatingIPsAssociationNegativeTestJSON:setUpClass): 200 GET http://10.180.1.21/compute/v2.1/servers/78f33845-ef69-45e3-abb7-0db7ba212fdd 1.422s
2025-04-09 11:37:54.428 69827 INFO tempest.lib.common.rest_client [req-ab0b9619-f4d9-4229-81a8-0ba743348c61 req-ab0b9619-f4d9-4229-81a8-0ba743348c61 ] Request (FlavorsV255TestJSON:tearDownClass): 200 GET http://10.180.1.21:9696/networking/v2.0/security-groups?tenant_id=f2a8fc123df54493a977835cb561cb5d&name=default 0.356s
2025-04-09 11:37:54.431 69815 INFO tempest.lib.common.rest_client [req-c83d2aaa-75ad-428f-bab8-a9df2453c4c1 req-c83d2aaa-75ad-428f-bab8-a9df2453c4c1 ] Request (HypervisorAdminNegativeUnderV252Test:test_show_servers_with_non_admin_user): 403 GET http://10.180.1.21/compute/v2.1/os-hypervisors/1/servers 1.381s
2025-04-09 11:37:54.434 69793 INFO tempest.common.waiters [-] State transition "BUILD/None" ==> "BUILD/networking" after 5 second wait
2025-04-09 11:37:54.440 69845 INFO tempest.lib.common.rest_client [req-e19c27b8-c404-490e-85aa-1eedb570d149 req-e19c27b8-c404-490e-85aa-1eedb570d149 ] Request (FlavorsExtraSpecsNegativeTestJSON:test_flavor_non_admin_unset_keys): 403 DELETE http://10.180.1.21/compute/v2.1/flavors/2092682176/os-extra_specs/hw:numa_nodes 1.366s
2025-04-09 11:37:54.446 69809 INFO tempest.lib.common.rest_client [-] Request (TestVersions:test_list_api_versions): 200 GET http://10.180.1.21/compute/ 1.366s
2025-04-09 11:37:54.453 69851 INFO tempest.lib.common.rest_client [req-7049966c-2351-4426-bcaa-e88169948c63 req-7049966c-2351-4426-bcaa-e88169948c63 ] Request (AttachInterfacesTestJSON:setUpClass): 201 POST http://10.180.1.21/identity/v3/auth/tokens 0.145s
2025-04-09 11:37:54.479 69803 INFO tempest.lib.common.rest_client [req-2e09c3ff-19f6-40fc-bfd9-95e65015e669 req-2e09c3ff-19f6-40fc-bfd9-95e65015e669 ] Request (FlavorsAccessTestJSON:_run_cleanups): 200 GET http://10.180.1.21/compute/v2.1/flavors/detail 1.377s
2025-04-09 11:37:54.492 69789 INFO tempest.lib.common.rest_client [req-0df60f85-e331-4f30-86d1-8d60f92bccee req-0df60f85-e331-4f30-86d1-8d60f92bccee ] Request (AggregatesAdminNegativeTestJSON:_run_cleanups): 200 POST http://10.180.1.21/compute/v2.1/os-aggregates/1/action 1.464s
2025-04-09 11:37:54.494 69849 INFO tempest.lib.common.rest_client [req-5b8ad7e0-cafd-494f-81df-0ee82595e536 req-5b8ad7e0-cafd-494f-81df-0ee82595e536 ] Request (ServicesAdminTestJSON:tearDownClass): 204 DELETE http://10.180.1.21/identity/v3/projects/14d4ff8b2ac24962b1b1560e8b3c728d 0.197s
2025-04-09 11:37:54.495 69811 INFO tempest.lib.common.rest_client [req-c68d9cf2-fe92-4c6f-8929-7bd87ca449a3 req-c68d9cf2-fe92-4c6f-8929-7bd87ca449a3 ] Request (ServersWithSpecificFlavorTestJSON:test_verify_created_server_ephemeral_disk): 200 GET http://10.180.1.21/compute/v2.1/flavors/42/os-extra_specs 1.205s
2025-04-09 11:37:54.503 69833 INFO tempest.lib.common.rest_client [req-786f2e1a-96f0-42f7-8c3a-f79f8dac7a1d req-786f2e1a-96f0-42f7-8c3a-f79f8dac7a1d ] Request (FlavorMetadataValidation:tearDownClass): 200 GET http://10.180.1.21:9696/networking/v2.0/security-groups?tenant_id=d65bc758f546438893a5e35d5d2f3d61&name=default 0.355s
2025-04-09 11:37:54.537 69843 INFO tempest.lib.common.rest_client [req-4b8721f5-3c27-451a-a962-61fa82e71309 req-4b8721f5-3c27-451a-a962-61fa82e71309 ] Request (SecurityGroupRulesTestJSON:setUpClass): 204 PUT http://10.180.1.21/identity/v3/projects/07a880a39a5f4cb6af9deeafabca2b4d/users/2ba8b2dcdd28445eaf03ffa91d5e456c/roles/259b7c5f0a234d9cbc8bdf95101db64c 0.136s
2025-04-09 11:37:54.537 69843 INFO tempest.lib.common.dynamic_creds [-] Dynamic test user 2ba8b2dcdd28445eaf03ffa91d5e456c is created with scope project and roles: ['member']
2025-04-09 11:37:54.537 69843 INFO tempest.lib.common.dynamic_creds [-] Acquired dynamic creds: credentials: Credentials: {'domain_id': 'default', 'domain_name': 'Default', 'username': 'tempest-SecurityGroupRulesTestJSON-2004689177-project-member', 'project_domain_id': 'default', 'project_domain_name': 'Default', 'project_id': '07a880a39a5f4cb6af9deeafabca2b4d', 'project_name': 'tempest-SecurityGroupRulesTestJSON-2004689177', 'tenant_id': '07a880a39a5f4cb6af9deeafabca2b4d', 'tenant_name': 'tempest-SecurityGroupRulesTestJSON-2004689177', 'user_domain_id': 'default', 'user_domain_name': 'Default', 'user_id': '2ba8b2dcdd28445eaf03ffa91d5e456c', 'system': None}, Network: None, Subnet: None, Router: None
2025-04-09 11:37:54.551 69813 INFO tempest.lib.common.rest_client [req-c0923719-5712-484c-9ea5-196f3bf8eecf req-c0923719-5712-484c-9ea5-196f3bf8eecf ] Request (VolumesAdminNegativeTest:setUpClass): 201 POST http://10.180.1.21:9696/networking/v2.0/subnets 0.570s
2025-04-09 11:37:54.561 69836 INFO tempest.lib.common.rest_client [req-e40b04ba-7944-4b6d-9746-4bf67d90560b req-e40b04ba-7944-4b6d-9746-4bf67d90560b ] Request (ServerDiskConfigTestJSON:test_rebuild_server_with_auto_disk_config): 200 GET http://10.180.1.21/compute/v2.1/servers/7c756c10-798f-4e22-8d53-52d3c4d446c2 0.990s
2025-04-09 11:37:54.596 69827 INFO tempest.lib.common.rest_client [req-423ec2c1-ae0e-4b6a-ac18-ac69db99e540 req-423ec2c1-ae0e-4b6a-ac18-ac69db99e540 ] Request (FlavorsV255TestJSON:tearDownClass): 204 DELETE http://10.180.1.21:9696/networking/v2.0/security-groups/ab6e3604-f7c0-400d-b5b6-fc2feac68ccb 0.167s
2025-04-09 11:37:54.595 69841 INFO tempest.lib.common.rest_client [req-733a0bec-f70b-46cc-bbf6-aded7866bf03 req-733a0bec-f70b-46cc-bbf6-aded7866bf03 ] Request (InstanceUsageAuditLogNegativeTestJSON:setUpClass): 204 PUT http://10.180.1.21/identity/v3/projects/e4ffb2ab3dd848469c66b31996c3ccf9/users/b0e82a9bf7824f919ba922446ff81a2b/roles/259b7c5f0a234d9cbc8bdf95101db64c 0.190s
2025-04-09 11:37:54.596 69841 INFO tempest.lib.common.dynamic_creds [-] Dynamic test user b0e82a9bf7824f919ba922446ff81a2b is created with scope project and roles: ['member']
2025-04-09 11:37:54.596 69841 INFO tempest.lib.common.dynamic_creds [-] Acquired dynamic creds: credentials: Credentials: {'domain_id': 'default', 'domain_name': 'Default', 'username': 'tempest-InstanceUsageAuditLogNegativeTestJSON-407560802-project-member', 'project_domain_id': 'default', 'project_domain_name': 'Default', 'project_id': 'e4ffb2ab3dd848469c66b31996c3ccf9', 'project_name': 'tempest-InstanceUsageAuditLogNegativeTestJSON-407560802', 'tenant_id': 'e4ffb2ab3dd848469c66b31996c3ccf9', 'tenant_name': 'tempest-InstanceUsageAuditLogNegativeTestJSON-407560802', 'user_domain_id': 'default', 'user_domain_name': 'Default', 'user_id': 'b0e82a9bf7824f919ba922446ff81a2b', 'system': None}, Network: None, Subnet: None, Router: None
2025-04-09 11:37:54.597 69841 INFO tempest.lib.common.dynamic_creds [-] Created isolated network resources for: credentials: Credentials: {'domain_id': 'default', 'domain_name': 'Default', 'username': 'tempest-InstanceUsageAuditLogNegativeTestJSON-407560802-project-member', 'project_domain_id': 'default', 'project_domain_name': 'Default', 'project_id': 'e4ffb2ab3dd848469c66b31996c3ccf9', 'project_name': 'tempest-InstanceUsageAuditLogNegativeTestJSON-407560802', 'tenant_id': 'e4ffb2ab3dd848469c66b31996c3ccf9', 'tenant_name': 'tempest-InstanceUsageAuditLogNegativeTestJSON-407560802', 'user_domain_id': 'default', 'user_domain_name': 'Default', 'user_id': 'b0e82a9bf7824f919ba922446ff81a2b', 'system': None}, Network: None, Subnet: None, Router: None
2025-04-09 11:37:54.644 69809 INFO tempest.lib.common.rest_client [req-0b4ed8c9-f564-4ac4-87b9-38c1912e468e req-0b4ed8c9-f564-4ac4-87b9-38c1912e468e ] Request (TestVersions:tearDownClass): 204 DELETE http://10.180.1.21/identity/v3/users/09d5086ad2304a44b6f199f92b419fde 0.191s
2025-04-09 11:37:54.645 69809 INFO tempest.lib.common.dynamic_creds [-] Deleting project and security group for project: 4cf5595f504b4ac89d0e871a468d49c1
2025-04-09 11:37:54.655 69823 INFO tempest.lib.common.rest_client [req-7ad5e799-b213-4756-a127-fd6bdb74ae44 req-7ad5e799-b213-4756-a127-fd6bdb74ae44 ] Request (ServerDiagnosticsV248Test:test_get_server_diagnostics): 200 GET http://10.180.1.21/compute/v2.1/servers/d1eb6bed-1ed6-4243-8416-1083822cfa9f 0.882s
2025-04-09 11:37:54.655 69851 INFO tempest.lib.common.rest_client [req-e3f58e70-5407-4809-b3c3-29468611632a req-e3f58e70-5407-4809-b3c3-29468611632a ] Request (AttachInterfacesTestJSON:setUpClass): 201 POST http://10.180.1.21/identity/v3/auth/tokens 0.199s
2025-04-09 11:37:54.679 69847 INFO tempest.lib.common.rest_client [req-9d3872da-6a68-4705-a538-2b70950f5ed2 req-9d3872da-6a68-4705-a538-2b70950f5ed2 ] Request (FlavorsV261TestJSON:_run_cleanups): 202 DELETE http://10.180.1.21/compute/v2.1/flavors/961127061 0.880s
2025-04-09 11:37:54.686 69817 INFO tempest.lib.common.rest_client [req-8afb8d8a-1af3-410d-97b1-e6e5ebb9303e req-8afb8d8a-1af3-410d-97b1-e6e5ebb9303e ] Request (HypervisorAdminNegativeTestJSON:test_get_nonexistent_hypervisor_uptime): 404 GET http://10.180.1.21/compute/v2.1/os-hypervisors/4180e164-2b4b-44e2-bf19-786929caad2f/uptime 0.880s
2025-04-09 11:37:54.687 69833 INFO tempest.lib.common.rest_client [req-805513ac-9c94-41eb-a828-2640f68d9004 req-805513ac-9c94-41eb-a828-2640f68d9004 ] Request (FlavorMetadataValidation:tearDownClass): 204 DELETE http://10.180.1.21:9696/networking/v2.0/security-groups/7370876f-56e2-47a8-93cb-f4827c468d3c 0.179s
2025-04-09 11:37:54.698 69819 INFO tempest.lib.common.rest_client [req-d3e8de14-4ab3-4de8-b1fd-01c65d7d64c1 req-d3e8de14-4ab3-4de8-b1fd-01c65d7d64c1 ] Request (FloatingIPsAssociationTestJSON:setUpClass): 201 POST http://10.180.1.21:9696/networking/v2.0/routers 1.576s
2025-04-09 11:37:54.699 69801 INFO tempest.lib.common.rest_client [req-45d16939-8178-4d82-b606-3bebe620e70b req-45d16939-8178-4d82-b606-3bebe620e70b ] Request (FlavorsAccessNegativeTestJSON:_run_cleanups): 202 DELETE http://10.180.1.21/compute/v2.1/flavors/903253695 0.872s
2025-04-09 11:37:54.712 69849 INFO tempest.lib.common.rest_client [req-c0228e73-cbc4-4286-86ac-f6683f076a64 req-c0228e73-cbc4-4286-86ac-f6683f076a64 ] Request (ImagesMetadataNegativeTestJSON:setUpClass): 201 POST http://10.180.1.21/identity/v3/auth/tokens 0.216s
2025-04-09 11:37:54.734 69843 INFO tempest.lib.common.rest_client [req-108a93e6-033d-44e2-9acc-d419e3ef09e7 req-108a93e6-033d-44e2-9acc-d419e3ef09e7 ] Request (SecurityGroupRulesTestJSON:setUpClass): 201 POST http://10.180.1.21/identity/v3/auth/tokens 0.196s
2025-04-09 11:37:54.784 69795 INFO tempest.lib.common.rest_client [req-30b6f34a-4fe7-4703-a8ef-6645cf9c9682 req-30b6f34a-4fe7-4703-a8ef-6645cf9c9682 ] Request (ListImagesTestJSON:test_get_image): 200 GET http://10.180.1.21/compute/v2.1/images/e9fc5286-1250-4e6a-bc5b-0cceba5da63a 1.306s
2025-04-09 11:37:54.789 69827 INFO tempest.lib.common.rest_client [req-be788fab-4fac-44df-b731-4db62089cc16 req-be788fab-4fac-44df-b731-4db62089cc16 ] Request (FlavorsV255TestJSON:tearDownClass): 204 DELETE http://10.180.1.21/identity/v3/projects/f2a8fc123df54493a977835cb561cb5d 0.193s
2025-04-09 11:37:54.808 69841 INFO tempest.lib.common.rest_client [req-c98714e6-fe26-497b-ae21-6d24e775df2f req-c98714e6-fe26-497b-ae21-6d24e775df2f ] Request (InstanceUsageAuditLogNegativeTestJSON:setUpClass): 201 POST http://10.180.1.21/identity/v3/auth/tokens 0.206s
2025-04-09 11:37:54.819 69837 INFO tempest.lib.common.rest_client [req-ed6495b0-45d4-4a75-99db-fe852f9aad8e req-ed6495b0-45d4-4a75-99db-fe852f9aad8e ] Request (VolumesAssistedSnapshotsTest:test_volume_assisted_snapshot_create_delete): 200 GET http://10.180.1.21/volume/v3/volumes/9a989c71-06d3-4cfa-bb1a-a6b20f4e5af3 0.039s
2025-04-09 11:37:54.828 69837 INFO tempest.common.waiters [-] volume 9a989c71-06d3-4cfa-bb1a-a6b20f4e5af3 reached available after waiting for 1.828348 seconds
2025-04-09 11:37:54.842 69809 INFO tempest.lib.common.rest_client [req-c09ea1f6-a157-4cbe-9a73-5188a28ae992 req-c09ea1f6-a157-4cbe-9a73-5188a28ae992 ] Request (TestVersions:tearDownClass): 201 POST http://10.180.1.21/identity/v3/auth/tokens 0.197s
2025-04-09 11:37:54.867 69851 INFO tempest.lib.common.rest_client [req-c00d70b0-672f-4f31-b837-cdc525962992 req-c00d70b0-672f-4f31-b837-cdc525962992 ] Request (AttachInterfacesTestJSON:setUpClass): 200 GET http://10.180.1.21/identity/v3/domains?name=Default 0.211s
2025-04-09 11:37:54.904 69833 INFO tempest.lib.common.rest_client [req-fcc19469-30bd-48c7-a682-6b1350cce756 req-fcc19469-30bd-48c7-a682-6b1350cce756 ] Request (FlavorMetadataValidation:tearDownClass): 204 DELETE http://10.180.1.21/identity/v3/projects/d65bc758f546438893a5e35d5d2f3d61 0.216s
2025-04-09 11:37:54.955 69849 INFO tempest.lib.common.rest_client [req-dba9e1ed-f3cb-49ac-b7f9-3d8b2fc7f61b req-dba9e1ed-f3cb-49ac-b7f9-3d8b2fc7f61b ] Request (ImagesMetadataNegativeTestJSON:setUpClass): 201 POST http://10.180.1.21/identity/v3/auth/tokens 0.237s
2025-04-09 11:37:55.030 69827 INFO tempest.lib.common.rest_client [req-7c1b7a01-c7c7-4905-8ac5-0a115a678b4a req-7c1b7a01-c7c7-4905-8ac5-0a115a678b4a ] Request (FloatingIPsNegativeTestJSON:setUpClass): 201 POST http://10.180.1.21/identity/v3/auth/tokens 0.239s
2025-04-09 11:37:55.065 69841 INFO tempest.lib.common.rest_client [req-41277189-45c0-4119-ba1f-72f398ac221e req-41277189-45c0-4119-ba1f-72f398ac221e ] Request (InstanceUsageAuditLogNegativeTestJSON:setUpClass): 201 POST http://10.180.1.21/identity/v3/projects 0.257s
2025-04-09 11:37:55.118 69833 INFO tempest.lib.common.rest_client [req-552f8549-7efe-48bc-ae61-69ec9a42d81f req-552f8549-7efe-48bc-ae61-69ec9a42d81f ] Request (QuotaClassesAdminTestJSON:setUpClass): 201 POST http://10.180.1.21/identity/v3/auth/tokens 0.212s
2025-04-09 11:37:55.142 69849 INFO tempest.lib.common.rest_client [req-7c4feb1f-ddb9-4a61-94d8-e9ac482448f9 req-7c4feb1f-ddb9-4a61-94d8-e9ac482448f9 ] Request (ImagesMetadataNegativeTestJSON:setUpClass): 200 GET http://10.180.1.21/identity/v3/domains?name=Default 0.187s
2025-04-09 11:37:55.149 69851 INFO tempest.lib.common.rest_client [req-638f5bde-4796-4895-874f-82e542d1ce27 req-638f5bde-4796-4895-874f-82e542d1ce27 ] Request (AttachInterfacesTestJSON:setUpClass): 201 POST http://10.180.1.21/identity/v3/projects 0.281s
2025-04-09 11:37:55.197 69841 INFO tempest.lib.common.rest_client [req-3a9a3f75-6762-4952-b7bd-39e04c100576 req-3a9a3f75-6762-4952-b7bd-39e04c100576 ] Request (InstanceUsageAuditLogNegativeTestJSON:setUpClass): 201 POST http://10.180.1.21/identity/v3/users 0.131s
2025-04-09 11:37:55.204 69827 INFO tempest.lib.common.rest_client [req-3f56ccc4-d58c-426f-b576-7b1af52c2b48 req-3f56ccc4-d58c-426f-b576-7b1af52c2b48 ] Request (FloatingIPsNegativeTestJSON:setUpClass): 201 POST http://10.180.1.21/identity/v3/auth/tokens 0.172s
2025-04-09 11:37:55.230 69833 INFO tempest.lib.common.rest_client [req-62c67704-88c4-47b0-94f9-8de8d09227de req-62c67704-88c4-47b0-94f9-8de8d09227de ] Request (QuotaClassesAdminTestJSON:setUpClass): 201 POST http://10.180.1.21/identity/v3/auth/tokens 0.109s
2025-04-09 11:37:55.255 69849 INFO tempest.lib.common.rest_client [req-ccd6787b-0ea7-4e5d-93c3-3cc53928b737 req-ccd6787b-0ea7-4e5d-93c3-3cc53928b737 ] Request (ImagesMetadataNegativeTestJSON:setUpClass): 201 POST http://10.180.1.21/identity/v3/projects 0.113s
2025-04-09 11:37:55.337 69851 INFO tempest.lib.common.rest_client [req-97f0384c-42fd-483f-b4d5-c3106f385db5 req-97f0384c-42fd-483f-b4d5-c3106f385db5 ] Request (AttachInterfacesTestJSON:setUpClass): 201 POST http://10.180.1.21/identity/v3/users 0.187s
2025-04-09 11:37:55.362 69841 INFO tempest.lib.common.rest_client [req-db41b01a-1709-47d5-9a41-aaccc3839843 req-db41b01a-1709-47d5-9a41-aaccc3839843 ] Request (InstanceUsageAuditLogNegativeTestJSON:setUpClass): 200 GET http://10.180.1.21/identity/v3/roles 0.164s
2025-04-09 11:37:55.370 69791 INFO tempest.lib.common.rest_client [req-9f9f2a23-7b8d-428b-90d9-face880d969a req-9f9f2a23-7b8d-428b-90d9-face880d969a ] Request (QuotasAdminTestJSON:test_delete_quota): 200 GET http://10.180.1.21/compute/v2.1/os-quota-sets/749cde5dbe11491d80855eb9abb6d7a9 1.514s
2025-04-09 11:37:55.379 69827 INFO tempest.lib.common.rest_client [req-b77c2498-134b-4229-8b7f-d5a0aa007523 req-b77c2498-134b-4229-8b7f-d5a0aa007523 ] Request (FloatingIPsNegativeTestJSON:setUpClass): 200 GET http://10.180.1.21/identity/v3/domains?name=Default 0.174s
2025-04-09 11:37:55.390 69833 INFO tempest.lib.common.rest_client [req-c03c3c05-5694-4b03-9803-2ca785c3d582 req-c03c3c05-5694-4b03-9803-2ca785c3d582 ] Request (QuotaClassesAdminTestJSON:setUpClass): 200 GET http://10.180.1.21/identity/v3/domains?name=Default 0.160s
2025-04-09 11:37:55.401 69809 INFO tempest.lib.common.rest_client [req-4a9633cc-1146-479c-ba34-13de6f72ea03 req-4a9633cc-1146-479c-ba34-13de6f72ea03 ] Request (TestVersions:tearDownClass): 200 GET http://10.180.1.21:9696/networking/v2.0/security-groups?tenant_id=4cf5595f504b4ac89d0e871a468d49c1&name=default 0.558s
2025-04-09 11:37:55.411 69851 INFO tempest.lib.common.rest_client [req-e6cde7d5-1ab2-4209-b2b4-d7145d634392 req-e6cde7d5-1ab2-4209-b2b4-d7145d634392 ] Request (AttachInterfacesTestJSON:setUpClass): 200 GET http://10.180.1.21/identity/v3/roles 0.073s
2025-04-09 11:37:55.417 69849 INFO tempest.lib.common.rest_client [req-316fea6a-3cc7-4d63-a819-a36c4035bf52 req-316fea6a-3cc7-4d63-a819-a36c4035bf52 ] Request (ImagesMetadataNegativeTestJSON:setUpClass): 201 POST http://10.180.1.21/identity/v3/users 0.161s
2025-04-09 11:37:55.451 69841 INFO tempest.lib.common.rest_client [req-37d5f84d-80bf-4027-b214-a5a760cf4aba req-37d5f84d-80bf-4027-b214-a5a760cf4aba ] Request (InstanceUsageAuditLogNegativeTestJSON:setUpClass): 204 PUT http://10.180.1.21/identity/v3/projects/0e5bbe4b08a6489b948be17106e59397/users/167726ab467949599a418844fb9fdf1d/roles/639a724e67f5425d8c8efe8135fb82c5 0.089s
2025-04-09 11:37:55.516 69807 INFO tempest.lib.common.rest_client [req-a30f8586-8b25-498b-bbce-adf4b2c40a8f req-a30f8586-8b25-498b-bbce-adf4b2c40a8f ] Request (FlavorsExtraSpecsTestJSON:test_flavor_non_admin_get_all_keys): 200 GET http://10.180.1.21/compute/v2.1/flavors/1315648054/os-extra_specs 1.273s
2025-04-09 11:37:55.527 69827 INFO tempest.lib.common.rest_client [req-a6045709-7a6b-4287-9392-d19d6ac60e94 req-a6045709-7a6b-4287-9392-d19d6ac60e94 ] Request (FloatingIPsNegativeTestJSON:setUpClass): 201 POST http://10.180.1.21/identity/v3/projects 0.148s
2025-04-09 11:37:55.578 69833 INFO tempest.lib.common.rest_client [req-a6eb7efe-68a1-4a00-88f9-f73dc29b8380 req-a6eb7efe-68a1-4a00-88f9-f73dc29b8380 ] Request (QuotaClassesAdminTestJSON:setUpClass): 201 POST http://10.180.1.21/identity/v3/projects 0.188s
2025-04-09 11:37:55.584 69843 INFO tempest.lib.common.rest_client [req-ea964a61-b951-4b68-b039-aa07d011c267 req-ea964a61-b951-4b68-b039-aa07d011c267 ] Request (SecurityGroupRulesTestJSON:setUpClass): 201 POST http://10.180.1.21:9696/networking/v2.0/networks 0.849s
2025-04-09 11:37:55.588 69851 INFO tempest.lib.common.rest_client [req-c3a45953-bf87-4359-8bc7-49f55abffefb req-c3a45953-bf87-4359-8bc7-49f55abffefb ] Request (AttachInterfacesTestJSON:setUpClass): 204 PUT http://10.180.1.21/identity/v3/projects/cffde83660764838afd5cd2b073ce0c5/users/e06a620f02c34f21b60d3b867c8baff6/roles/259b7c5f0a234d9cbc8bdf95101db64c 0.177s
2025-04-09 11:37:55.589 69851 INFO tempest.lib.common.dynamic_creds [-] Dynamic test user e06a620f02c34f21b60d3b867c8baff6 is created with scope project and roles: ['member']
2025-04-09 11:37:55.589 69851 INFO tempest.lib.common.dynamic_creds [-] Acquired dynamic creds: credentials: Credentials: {'domain_id': 'default', 'domain_name': 'Default', 'username': 'tempest-AttachInterfacesTestJSON-2055467997-project-member', 'project_domain_id': 'default', 'project_domain_name': 'Default', 'project_id': 'cffde83660764838afd5cd2b073ce0c5', 'project_name': 'tempest-AttachInterfacesTestJSON-2055467997', 'tenant_id': 'cffde83660764838afd5cd2b073ce0c5', 'tenant_name': 'tempest-AttachInterfacesTestJSON-2055467997', 'user_domain_id': 'default', 'user_domain_name': 'Default', 'user_id': 'e06a620f02c34f21b60d3b867c8baff6', 'system': None}, Network: None, Subnet: None, Router: None
2025-04-09 11:37:55.591 69809 INFO tempest.lib.common.rest_client [req-58d3734d-441e-4738-9b9c-6c7c0b7e8dd5 req-58d3734d-441e-4738-9b9c-6c7c0b7e8dd5 ] Request (TestVersions:tearDownClass): 204 DELETE http://10.180.1.21:9696/networking/v2.0/security-groups/5f9114ca-0db8-4892-96f9-d3d605dee7c4 0.190s
2025-04-09 11:37:55.603 69813 INFO tempest.lib.common.rest_client [req-09ec4101-3181-4ab5-a72d-69756a7307d0 req-09ec4101-3181-4ab5-a72d-69756a7307d0 ] Request (VolumesAdminNegativeTest:setUpClass): 201 POST http://10.180.1.21:9696/networking/v2.0/routers 1.052s
2025-04-09 11:37:55.637 69841 INFO tempest.lib.common.rest_client [req-8c6b27c4-ee3c-456f-9700-a0e7f23805d4 req-8c6b27c4-ee3c-456f-9700-a0e7f23805d4 ] Request (InstanceUsageAuditLogNegativeTestJSON:setUpClass): 200 GET http://10.180.1.21/identity/v3/roles 0.184s
2025-04-09 11:37:55.660 69849 INFO tempest.lib.common.rest_client [req-fa2cda90-6dbe-4658-a0e5-78dc0944896d req-fa2cda90-6dbe-4658-a0e5-78dc0944896d ] Request (ImagesMetadataNegativeTestJSON:setUpClass): 200 GET http://10.180.1.21/identity/v3/roles 0.242s
2025-04-09 11:37:55.663 69827 INFO tempest.lib.common.rest_client [req-434c4b49-7238-45bd-a589-ec914eb3fe46 req-434c4b49-7238-45bd-a589-ec914eb3fe46 ] Request (FloatingIPsNegativeTestJSON:setUpClass): 201 POST http://10.180.1.21/identity/v3/users 0.135s
2025-04-09 11:37:55.686 69833 INFO tempest.lib.common.rest_client [req-055e0539-adc5-4352-8b7c-1b026fd1c87d req-055e0539-adc5-4352-8b7c-1b026fd1c87d ] Request (QuotaClassesAdminTestJSON:setUpClass): 201 POST http://10.180.1.21/identity/v3/users 0.107s
2025-04-09 11:37:55.686 69851 INFO tempest.lib.common.rest_client [req-59e29a34-d1d8-47f1-a774-c10901d8ce89 req-59e29a34-d1d8-47f1-a774-c10901d8ce89 ] Request (AttachInterfacesTestJSON:setUpClass): 201 POST http://10.180.1.21/identity/v3/auth/tokens 0.097s
2025-04-09 11:37:55.701 69841 INFO tempest.lib.common.rest_client [req-da62f683-731b-4be8-8602-edacc8b89004 req-da62f683-731b-4be8-8602-edacc8b89004 ] Request (InstanceUsageAuditLogNegativeTestJSON:setUpClass): 204 PUT http://10.180.1.21/identity/v3/projects/0e5bbe4b08a6489b948be17106e59397/users/167726ab467949599a418844fb9fdf1d/roles/639a724e67f5425d8c8efe8135fb82c5 0.063s
2025-04-09 11:37:55.701 69841 INFO tempest.lib.common.dynamic_creds [-] Dynamic test user 167726ab467949599a418844fb9fdf1d is created with scope project and roles: ['admin']
2025-04-09 11:37:55.701 69841 INFO tempest.lib.common.dynamic_creds [-] Acquired dynamic creds: credentials: Credentials: {'domain_id': 'default', 'domain_name': 'Default', 'username': 'tempest-InstanceUsageAuditLogNegativeTestJSON-1413603570-project-admin', 'project_domain_id': 'default', 'project_domain_name': 'Default', 'project_id': '0e5bbe4b08a6489b948be17106e59397', 'project_name': 'tempest-InstanceUsageAuditLogNegativeTestJSON-1413603570', 'tenant_id': '0e5bbe4b08a6489b948be17106e59397', 'tenant_name': 'tempest-InstanceUsageAuditLogNegativeTestJSON-1413603570', 'user_domain_id': 'default', 'user_domain_name': 'Default', 'user_id': '167726ab467949599a418844fb9fdf1d', 'system': None}, Network: None, Subnet: None, Router: None
2025-04-09 11:37:55.701 69841 INFO tempest.lib.common.dynamic_creds [-] Created isolated network resources for: credentials: Credentials: {'domain_id': 'default', 'domain_name': 'Default', 'username': 'tempest-InstanceUsageAuditLogNegativeTestJSON-1413603570-project-admin', 'project_domain_id': 'default', 'project_domain_name': 'Default', 'project_id': '0e5bbe4b08a6489b948be17106e59397', 'project_name': 'tempest-InstanceUsageAuditLogNegativeTestJSON-1413603570', 'tenant_id': '0e5bbe4b08a6489b948be17106e59397', 'tenant_name': 'tempest-InstanceUsageAuditLogNegativeTestJSON-1413603570', 'user_domain_id': 'default', 'user_domain_name': 'Default', 'user_id': '167726ab467949599a418844fb9fdf1d', 'system': None}, Network: None, Subnet: None, Router: None
2025-04-09 11:37:55.736 69843 INFO tempest.lib.common.rest_client [req-d34096d6-6975-4273-a3ca-48b600bfcaee req-d34096d6-6975-4273-a3ca-48b600bfcaee ] Request (SecurityGroupRulesTestJSON:setUpClass): 201 POST http://10.180.1.21:9696/networking/v2.0/subnets 0.151s
2025-04-09 11:37:55.747 69809 INFO tempest.lib.common.rest_client [req-cce14bef-bc88-4828-adb3-059ae61e84b0 req-cce14bef-bc88-4828-adb3-059ae61e84b0 ] Request (TestVersions:tearDownClass): 204 DELETE http://10.180.1.21/identity/v3/projects/4cf5595f504b4ac89d0e871a468d49c1 0.156s
2025-04-09 11:37:55.801 69849 INFO tempest.lib.common.rest_client [req-3cc48c83-ea1c-45d7-8dd5-21286a6fc0ce req-3cc48c83-ea1c-45d7-8dd5-21286a6fc0ce ] Request (ImagesMetadataNegativeTestJSON:setUpClass): 204 PUT http://10.180.1.21/identity/v3/projects/caae9d538da44dabac4c6c375d3a90b6/users/f979701b0df04086ba69ff72b71f66cc/roles/259b7c5f0a234d9cbc8bdf95101db64c 0.141s
2025-04-09 11:37:55.803 69849 INFO tempest.lib.common.dynamic_creds [-] Dynamic test user f979701b0df04086ba69ff72b71f66cc is created with scope project and roles: ['member']
2025-04-09 11:37:55.803 69849 INFO tempest.lib.common.dynamic_creds [-] Acquired dynamic creds: credentials: Credentials: {'domain_id': 'default', 'domain_name': 'Default', 'username': 'tempest-ImagesMetadataNegativeTestJSON-190641815-project-member', 'project_domain_id': 'default', 'project_domain_name': 'Default', 'project_id': 'caae9d538da44dabac4c6c375d3a90b6', 'project_name': 'tempest-ImagesMetadataNegativeTestJSON-190641815', 'tenant_id': 'caae9d538da44dabac4c6c375d3a90b6', 'tenant_name': 'tempest-ImagesMetadataNegativeTestJSON-190641815', 'user_domain_id': 'default', 'user_domain_name': 'Default', 'user_id': 'f979701b0df04086ba69ff72b71f66cc', 'system': None}, Network: None, Subnet: None, Router: None
2025-04-09 11:37:55.803 69849 INFO tempest.lib.common.dynamic_creds [-] Created isolated network resources for: credentials: Credentials: {'domain_id': 'default', 'domain_name': 'Default', 'username': 'tempest-ImagesMetadataNegativeTestJSON-190641815-project-member', 'project_domain_id': 'default', 'project_domain_name': 'Default', 'project_id': 'caae9d538da44dabac4c6c375d3a90b6', 'project_name': 'tempest-ImagesMetadataNegativeTestJSON-190641815', 'tenant_id': 'caae9d538da44dabac4c6c375d3a90b6', 'tenant_name': 'tempest-ImagesMetadataNegativeTestJSON-190641815', 'user_domain_id': 'default', 'user_domain_name': 'Default', 'user_id': 'f979701b0df04086ba69ff72b71f66cc', 'system': None}, Network: None, Subnet: None, Router: None
2025-04-09 11:37:55.857 69827 INFO tempest.lib.common.rest_client [req-c7c244bc-986e-420f-a387-1052fa2e687f req-c7c244bc-986e-420f-a387-1052fa2e687f ] Request (FloatingIPsNegativeTestJSON:setUpClass): 200 GET http://10.180.1.21/identity/v3/roles 0.193s
2025-04-09 11:37:55.875 69833 INFO tempest.lib.common.rest_client [req-614c7518-03de-4abd-a7cb-a3b14bb6853c req-614c7518-03de-4abd-a7cb-a3b14bb6853c ] Request (QuotaClassesAdminTestJSON:setUpClass): 200 GET http://10.180.1.21/identity/v3/roles 0.189s
2025-04-09 11:37:55.900 69829 INFO tempest.lib.common.rest_client [req-c7b94a7d-ef5b-4a5e-957c-3b1de73494c2 req-c7b94a7d-ef5b-4a5e-957c-3b1de73494c2 ] Request (QuotasAdminNegativeTest:test_create_server_when_instances_quota_is_full): 200 PUT http://10.180.1.21/compute/v2.1/os-quota-sets/10ab72d8a20749ba938f3d3384a9d1a6 1.526s
2025-04-09 11:37:55.912 69815 INFO tempest.lib.common.rest_client [req-6e421ee7-66ef-4fe9-9e98-33db1791659d req-6e421ee7-66ef-4fe9-9e98-33db1791659d ] Request (HypervisorAdminNegativeUnderV252Test:test_show_servers_with_nonexistent_hypervisor): 404 GET http://10.180.1.21/compute/v2.1/os-hypervisors/1bd182af-a2eb-4e9b-b5be-9e4f4084620f/servers 1.479s
2025-04-09 11:37:55.940 69845 INFO tempest.lib.common.rest_client [req-11d180c1-6785-4417-9fcf-7be30f2572ff req-11d180c1-6785-4417-9fcf-7be30f2572ff ] Request (FlavorsExtraSpecsNegativeTestJSON:test_flavor_non_admin_update_specific_key): 200 POST http://10.180.1.21/compute/v2.1/flavors/2092682176/os-extra_specs 1.499s
2025-04-09 11:37:55.956 69841 INFO tempest.lib.common.rest_client [req-9916ff1e-ba76-4a2a-ba7c-1d353c696e5c req-9916ff1e-ba76-4a2a-ba7c-1d353c696e5c ] Request (InstanceUsageAuditLogNegativeTestJSON:setUpClass): 201 POST http://10.180.1.21/identity/v3/auth/tokens 0.252s
2025-04-09 11:37:55.958 69803 INFO tempest.lib.common.rest_client [req-60b1a0fa-5a04-4ff0-9c00-d3b83a3df07f req-60b1a0fa-5a04-4ff0-9c00-d3b83a3df07f ] Request (FlavorsAccessTestJSON:test_flavor_access_list_with_private_flavor): 200 POST http://10.180.1.21/compute/v2.1/flavors 1.467s
2025-04-09 11:37:55.979 69849 INFO tempest.lib.common.rest_client [req-9526147d-8a54-4fe4-94de-25d77a8d6687 req-9526147d-8a54-4fe4-94de-25d77a8d6687 ] Request (ImagesMetadataNegativeTestJSON:setUpClass): 201 POST http://10.180.1.21/identity/v3/auth/tokens 0.172s
2025-04-09 11:37:55.984 69827 INFO tempest.lib.common.rest_client [req-4a6599b4-4d0a-4409-945e-bdb1394105a2 req-4a6599b4-4d0a-4409-945e-bdb1394105a2 ] Request (FloatingIPsNegativeTestJSON:setUpClass): 204 PUT http://10.180.1.21/identity/v3/projects/406d2598815e4010962287beb8fa70f9/users/634ef9ebb6ff46feba077e13ebc17b2f/roles/259b7c5f0a234d9cbc8bdf95101db64c 0.127s
2025-04-09 11:37:55.985 69827 INFO tempest.lib.common.dynamic_creds [-] Dynamic test user 634ef9ebb6ff46feba077e13ebc17b2f is created with scope project and roles: ['member']
2025-04-09 11:37:55.985 69827 INFO tempest.lib.common.dynamic_creds [-] Acquired dynamic creds: credentials: Credentials: {'domain_id': 'default', 'domain_name': 'Default', 'username': 'tempest-FloatingIPsNegativeTestJSON-401109645-project-member', 'project_domain_id': 'default', 'project_domain_name': 'Default', 'project_id': '406d2598815e4010962287beb8fa70f9', 'project_name': 'tempest-FloatingIPsNegativeTestJSON-401109645', 'tenant_id': '406d2598815e4010962287beb8fa70f9', 'tenant_name': 'tempest-FloatingIPsNegativeTestJSON-401109645', 'user_domain_id': 'default', 'user_domain_name': 'Default', 'user_id': '634ef9ebb6ff46feba077e13ebc17b2f', 'system': None}, Network: None, Subnet: None, Router: None
2025-04-09 11:37:55.990 69811 INFO tempest.lib.common.rest_client [req-498c4e6d-348f-4765-a764-1e5bae1bad92 req-498c4e6d-348f-4765-a764-1e5bae1bad92 ] Request (ServersWithSpecificFlavorTestJSON:test_verify_created_server_ephemeral_disk): 200 POST http://10.180.1.21/compute/v2.1/flavors/2133695819/os-extra_specs 1.492s
2025-04-09 11:37:56.022 69789 INFO tempest.lib.common.rest_client [req-46b44739-7021-4c86-9efe-f66d7424e234 req-46b44739-7021-4c86-9efe-f66d7424e234 ] Request (AggregatesAdminNegativeTestJSON:_run_cleanups): 200 DELETE http://10.180.1.21/compute/v2.1/os-aggregates/1 1.522s
2025-04-09 11:37:56.045 69833 INFO tempest.lib.common.rest_client [req-53cd1b59-4677-4a71-ae23-edd8df2dddf4 req-53cd1b59-4677-4a71-ae23-edd8df2dddf4 ] Request (QuotaClassesAdminTestJSON:setUpClass): 204 PUT http://10.180.1.21/identity/v3/projects/bd3d9e1ad0fe46b7af01c5c2e671282d/users/1234372f857b46f98c2df01042e67b1a/roles/259b7c5f0a234d9cbc8bdf95101db64c 0.169s
2025-04-09 11:37:56.045 69833 INFO tempest.lib.common.dynamic_creds [-] Dynamic test user 1234372f857b46f98c2df01042e67b1a is created with scope project and roles: ['member']
2025-04-09 11:37:56.045 69833 INFO tempest.lib.common.dynamic_creds [-] Acquired dynamic creds: credentials: Credentials: {'domain_id': 'default', 'domain_name': 'Default', 'username': 'tempest-QuotaClassesAdminTestJSON-88480780-project-member', 'project_domain_id': 'default', 'project_domain_name': 'Default', 'project_id': 'bd3d9e1ad0fe46b7af01c5c2e671282d', 'project_name': 'tempest-QuotaClassesAdminTestJSON-88480780', 'tenant_id': 'bd3d9e1ad0fe46b7af01c5c2e671282d', 'tenant_name': 'tempest-QuotaClassesAdminTestJSON-88480780', 'user_domain_id': 'default', 'user_domain_name': 'Default', 'user_id': '1234372f857b46f98c2df01042e67b1a', 'system': None}, Network: None, Subnet: None, Router: None
2025-04-09 11:37:56.047 69833 INFO tempest.lib.common.dynamic_creds [-] Created isolated network resources for: credentials: Credentials: {'domain_id': 'default', 'domain_name': 'Default', 'username': 'tempest-QuotaClassesAdminTestJSON-88480780-project-member', 'project_domain_id': 'default', 'project_domain_name': 'Default', 'project_id': 'bd3d9e1ad0fe46b7af01c5c2e671282d', 'project_name': 'tempest-QuotaClassesAdminTestJSON-88480780', 'tenant_id': 'bd3d9e1ad0fe46b7af01c5c2e671282d', 'tenant_name': 'tempest-QuotaClassesAdminTestJSON-88480780', 'user_domain_id': 'default', 'user_domain_name': 'Default', 'user_id': '1234372f857b46f98c2df01042e67b1a', 'system': None}, Network: None, Subnet: None, Router: None
2025-04-09 11:37:56.057 69821 INFO tempest.lib.common.rest_client [req-c9a8bc2e-0bf0-489a-96dd-4743e3d06d8b req-c9a8bc2e-0bf0-489a-96dd-4743e3d06d8b ] Request (ServerDiagnosticsNegativeTest:test_get_server_diagnostics_by_non_admin): 202 POST http://10.180.1.21/compute/v2.1/servers 1.850s
2025-04-09 11:37:56.066 69829 INFO tempest.lib.common.rest_client [req-82b47fb3-0818-4f75-8c50-8a52e154e91d req-82b47fb3-0818-4f75-8c50-8a52e154e91d ] Request (QuotasAdminNegativeTest:test_create_server_when_instances_quota_is_full): 201 POST http://10.180.1.21/identity/v3/auth/tokens 0.158s
2025-04-09 11:37:56.066 69829 INFO tempest.lib.common.fixed_network [-] (QuotasAdminNegativeTest:test_create_server_when_instances_quota_is_full) Found network None available for tenant
2025-04-09 11:37:56.087 69847 INFO tempest.lib.common.rest_client [req-86a2662d-efdf-4a4e-a37d-804fe0226cd7 req-86a2662d-efdf-4a4e-a37d-804fe0226cd7 ] Request (FlavorsV261TestJSON:_run_cleanups): 200 GET http://10.180.1.21/compute/v2.1/flavors/detail 1.407s
2025-04-09 11:37:56.100 69817 INFO tempest.lib.common.rest_client [req-0f7e596f-9f9b-4d29-874e-17f62b8a2120 req-0f7e596f-9f9b-4d29-874e-17f62b8a2120 ] Request (HypervisorAdminNegativeTestJSON:test_show_hypervisor_with_non_admin_user): 200 GET http://10.180.1.21/compute/v2.1/os-hypervisors 1.413s
2025-04-09 11:37:56.120 69827 INFO tempest.lib.common.rest_client [req-00918ff7-7312-46c8-b439-d7d9db960729 req-00918ff7-7312-46c8-b439-d7d9db960729 ] Request (FloatingIPsNegativeTestJSON:setUpClass): 201 POST http://10.180.1.21/identity/v3/auth/tokens 0.134s
2025-04-09 11:37:56.126 69801 INFO tempest.lib.common.rest_client [req-6b3c9ea1-4c02-4f79-bf2b-f3ca6c945021 req-6b3c9ea1-4c02-4f79-bf2b-f3ca6c945021 ] Request (FlavorsAccessNegativeTestJSON:_run_cleanups): 200 GET http://10.180.1.21/compute/v2.1/flavors/detail 1.426s
2025-04-09 11:37:56.172 69795 INFO tempest.lib.common.rest_client [req-5e9a28dc-8bd3-44a4-a210-74fcddd36f30 req-5e9a28dc-8bd3-44a4-a210-74fcddd36f30 ] Request (ListImagesTestJSON:test_list_images): 200 GET http://10.180.1.21/compute/v2.1/images 1.383s
2025-04-09 11:37:56.195 69815 INFO tempest.lib.common.rest_client [req-d5ebe615-055a-4714-8f32-b7191d9422e7 req-d5ebe615-055a-4714-8f32-b7191d9422e7 ] Request (HypervisorAdminNegativeUnderV252Test:tearDownClass): 204 DELETE http://10.180.1.21/identity/v3/users/6f8549d6862f4c8298344f3b4cd6bf2b 0.281s
2025-04-09 11:37:56.211 69833 INFO tempest.lib.common.rest_client [req-b16d8951-4a68-455e-b57b-1b068aab9b34 req-b16d8951-4a68-455e-b57b-1b068aab9b34 ] Request (QuotaClassesAdminTestJSON:setUpClass): 201 POST http://10.180.1.21/identity/v3/auth/tokens 0.156s
2025-04-09 11:37:56.250 69799 INFO tempest.lib.common.rest_client [req-aad21010-5b00-4992-a3fa-12090ecd5009 req-aad21010-5b00-4992-a3fa-12090ecd5009 ] Request (MigrationsAdminTest:test_list_migrations_in_flavor_resize_situation): 200 GET http://10.180.1.21/compute/v2.1/servers/fc09ea54-6b9a-46af-95f5-ab03122a00ee 1.340s
2025-04-09 11:37:56.341 69847 INFO tempest.lib.common.rest_client [req-33dc5529-b1c9-4f13-83dd-483a6d8d2f0e req-33dc5529-b1c9-4f13-83dd-483a6d8d2f0e ] Request (FlavorsV261TestJSON:tearDownClass): 204 DELETE http://10.180.1.21/identity/v3/users/e41d6eaaa19b49d89eac5a9d969c3dc7 0.236s
2025-04-09 11:37:56.411 69837 INFO tempest.lib.common.rest_client [req-e41da221-811c-482f-bc76-c8b3a054e6b4 req-e41da221-811c-482f-bc76-c8b3a054e6b4 ] Request (VolumesAssistedSnapshotsTest:test_volume_assisted_snapshot_create_delete): 200 POST http://10.180.1.21/compute/v2.1/os-keypairs 1.581s
2025-04-09 11:37:56.473 69815 INFO tempest.lib.common.rest_client [req-55a2625d-0616-46bc-bfcd-6e9aedf12989 req-55a2625d-0616-46bc-bfcd-6e9aedf12989 ] Request (HypervisorAdminNegativeUnderV252Test:tearDownClass): 204 DELETE http://10.180.1.21/identity/v3/users/b4445da764d64578bbbfa9462dc7123d 0.277s
2025-04-09 11:37:56.473 69815 INFO tempest.lib.common.dynamic_creds [-] Deleting project and security group for project: 0b088a39828749ebad7fc48e359a5173
2025-04-09 11:37:56.518 69833 INFO tempest.lib.common.rest_client [req-61e669e1-6af0-485f-8f7a-ee1513c3a90a req-61e669e1-6af0-485f-8f7a-ee1513c3a90a ] Request (QuotaClassesAdminTestJSON:setUpClass): 201 POST http://10.180.1.21/identity/v3/projects 0.306s
2025-04-09 11:37:56.546 69851 INFO tempest.lib.common.rest_client [req-cecd6434-4877-4b58-b6a3-8c7f0e8670f4 req-cecd6434-4877-4b58-b6a3-8c7f0e8670f4 ] Request (AttachInterfacesTestJSON:setUpClass): 201 POST http://10.180.1.21:9696/networking/v2.0/networks 0.860s
2025-04-09 11:37:56.587 69815 INFO tempest.lib.common.rest_client [req-527641e6-8b55-457c-b00c-192b0eb98b5a req-527641e6-8b55-457c-b00c-192b0eb98b5a ] Request (HypervisorAdminNegativeUnderV252Test:tearDownClass): 201 POST http://10.180.1.21/identity/v3/auth/tokens 0.113s
2025-04-09 11:37:56.632 69831 INFO tempest.lib.common.rest_client [req-414c3011-1d73-4759-9579-11a0a3e39484 req-414c3011-1d73-4759-9579-11a0a3e39484 ] Request (TenantUsagesTestJSON:setUpClass): 200 GET http://10.180.1.21/compute/v2.1/servers/06d0f8ea-94ba-46fd-8899-1945b10aa790 1.410s
2025-04-09 11:37:56.641 69833 INFO tempest.lib.common.rest_client [req-6bbbfe56-b80f-4d57-8b19-110e5175596a req-6bbbfe56-b80f-4d57-8b19-110e5175596a ] Request (QuotaClassesAdminTestJSON:setUpClass): 201 POST http://10.180.1.21/identity/v3/users 0.122s
2025-04-09 11:37:56.649 69847 INFO tempest.lib.common.rest_client [req-8df7217d-2c10-48db-9daa-bd82d3eaa8e7 req-8df7217d-2c10-48db-9daa-bd82d3eaa8e7 ] Request (FlavorsV261TestJSON:tearDownClass): 204 DELETE http://10.180.1.21/identity/v3/users/7feb0f5934ec433e952ab76232ac58ed 0.307s
2025-04-09 11:37:56.649 69847 INFO tempest.lib.common.dynamic_creds [-] Deleting project and security group for project: d822e26415b746f7a89bca033616ab78
