2025-04-09 11:39:40.636 69795 INFO tempest.lib.common.rest_client [req-35a5ca26-9ab6-4544-8720-0cd1a8584370 req-35a5ca26-9ab6-4544-8720-0cd1a8584370 ] Request (ListServerFiltersTestJSON:tearDownClass): 200 GET http://10.180.1.21/compute/v2.1/servers/60b53559-2eae-4f70-b76e-a12c8d522950 0.097s
2025-04-09 11:39:40.688 69803 INFO tempest.lib.common.rest_client [req-90b3c888-51ce-49cb-aa23-6e70d2e0f70a req-90b3c888-51ce-49cb-aa23-6e70d2e0f70a ] Request (ServerTagsTestJSON:setUpClass): 200 GET http://10.180.1.21/compute/v2.1/servers/de6a6647-9368-4d4f-8f42-fb49ab4f03f0 0.094s
2025-04-09 11:39:40.691 69821 INFO tempest.lib.common.rest_client [req-26eeb9f0-57b3-45a3-b7cc-451a01e92de0 req-26eeb9f0-57b3-45a3-b7cc-451a01e92de0 ] Request (ServersAdminNegativeTestJSON:setUpClass): 200 GET http://10.180.1.21/compute/v2.1/servers/76ca89d1-edfd-4e50-bdd6-52012bfa6c25 0.082s
2025-04-09 11:39:40.700 69821 INFO tempest.common.waiters [-] State transition "BUILD/None" ==> "BUILD/networking" after 44 second wait
2025-04-09 11:39:40.748 69845 INFO tempest.lib.common.rest_client [req-56911ee6-391a-48ca-bbff-55495f2e4298 req-56911ee6-391a-48ca-bbff-55495f2e4298 ] Request (ImagesTestJSON:test_create_image_from_suspended_server): 200 GET http://10.180.1.21/compute/v2.1/servers/e9346371-d893-41bc-a791-913588ae16ac 0.092s
2025-04-09 11:39:40.757 69829 WARNING tempest.lib.common.ssh [-] Failed to establish authenticated ssh connection to cirros@10.180.180.134 ([Errno None] Unable to connect to port 22 on 10.180.180.134). Number attempts: 2. Retry after 3 seconds.: paramiko.ssh_exception.NoValidConnectionsError: [Errno None] Unable to connect to port 22 on 10.180.180.134
2025-04-09 11:39:40.761 69789 INFO tempest.lib.common.rest_client [req-8d2160dd-5c42-49f3-95cf-2b972b4e4f6b req-8d2160dd-5c42-49f3-95cf-2b972b4e4f6b ] Request (ServersTestBootFromVolume:setUpClass): 200 GET http://10.180.1.21/compute/v2.1/servers/b1befc10-11e5-481c-8d4a-f794548b2dd3 0.123s
2025-04-09 11:39:40.803 69823 INFO tempest.lib.common.rest_client [req-61300cf8-89ab-417f-8827-a5dd37ec00c3 req-61300cf8-89ab-417f-8827-a5dd37ec00c3 ] Request (ServerGroupTestJSON:test_create_server_with_scheduler_hint_group): 200 GET http://10.180.1.21/compute/v2.1/servers/1aa285be-8146-4e88-92a5-8fa76b067c4a 0.121s
2025-04-09 11:39:40.870 69819 INFO tempest.lib.common.rest_client [req-f54272c6-f14b-428c-8fd0-0b134044caf7 req-f54272c6-f14b-428c-8fd0-0b134044caf7 ] Request (FloatingIPsAssociationTestJSON:tearDownClass): 200 GET http://10.180.1.21/compute/v2.1/servers/4d89d5e2-ce5d-487c-be93-95d687f45ca6 0.135s
2025-04-09 11:39:40.902 69805 INFO tempest.lib.common.rest_client [req-730bf149-f55f-4b1b-936b-6ebb753a5146 req-730bf149-f55f-4b1b-936b-6ebb753a5146 ] Request (ServersListShow296Test:test_list_show_update_rebuild_server_296): 200 GET http://10.180.1.21/compute/v2.1/servers/e82f0091-f698-418d-aa6f-966d756eade9 0.074s
2025-04-09 11:39:40.943 69827 INFO tempest.lib.common.rest_client [req-11bb751d-9e7c-483d-b61d-d8770048c980 req-11bb751d-9e7c-483d-b61d-d8770048c980 ] Request (ServersNegativeTestMultiTenantJSON:setUpClass): 200 GET http://10.180.1.21/compute/v2.1/servers/85c9439a-5909-4e66-b300-3274ed11d2ac 0.074s
2025-04-09 11:39:41.008 69836 INFO tempest.lib.common.rest_client [req-cb448dec-2fc2-4fc7-9406-3f9ea2ed5959 req-cb448dec-2fc2-4fc7-9406-3f9ea2ed5959 ] Request (ServerDiskConfigTestJSON:test_resize_server_from_auto_to_manual): 200 GET http://10.180.1.21/compute/v2.1/servers/a5293aee-ba56-4387-ad43-48320ef0a18f 0.060s
2025-04-09 11:39:41.076 69797 INFO tempest.lib.common.rest_client [req-edfa2d39-ac66-4d46-91d3-b9a2cd52bfc3 req-edfa2d39-ac66-4d46-91d3-b9a2cd52bfc3 ] Request (ServerDiagnosticsTest:tearDownClass): 200 GET http://10.180.1.21/compute/v2.1/servers/b339634c-cd82-41af-93a1-05c780391709 0.058s
2025-04-09 11:39:41.106 69799 INFO tempest.lib.common.rest_client [req-0175d2d0-7a53-4ba3-a30c-d6596edf1782 req-0175d2d0-7a53-4ba3-a30c-d6596edf1782 ] Request (MigrationsAdminTest:test_resize_server_revert_deleted_flavor): 200 GET http://10.180.1.21/compute/v2.1/servers/216d2a59-f25f-4d74-b956-1e1b68a95187 0.052s
2025-04-09 11:39:41.182 69825 INFO tempest.lib.common.rest_client [req-d246bf65-d800-482c-9953-c1d4610a7fb5 req-d246bf65-d800-482c-9953-c1d4610a7fb5 ] Request (DeleteServersAdminTestJSON:test_delete_server_while_in_error_state): 200 GET http://10.180.1.21/compute/v2.1/servers/cc60a360-27cc-4c89-a040-4346787b381f 0.067s
2025-04-09 11:39:41.244 69843 INFO tempest.lib.common.rest_client [req-4ad50c36-e25a-4ac9-ba23-344ec09cd7af req-4ad50c36-e25a-4ac9-ba23-344ec09cd7af ] Request (SecurityGroupsTestJSON:test_list_security_groups_by_server): 200 GET http://10.180.1.21/compute/v2.1/servers/2387148a-8e7d-4652-a09b-b71ac952044b 0.112s
2025-04-09 11:39:41.316 69817 INFO tempest.lib.common.rest_client [req-76927587-02d3-45d6-b41a-f2e3c699e721 req-76927587-02d3-45d6-b41a-f2e3c699e721 ] Request (ServersAdminTestJSON:test_create_server_with_scheduling_hint): 200 GET http://10.180.1.21/compute/v2.1/servers/c00aaa3c-3298-4a19-bd4d-49267443a4d8 0.053s
2025-04-09 11:39:41.455 69831 INFO tempest.lib.common.rest_client [req-bf83d0d5-053c-4073-85f1-c8369bd7456c req-bf83d0d5-053c-4073-85f1-c8369bd7456c ] Request (AttachInterfacesV270Test:test_create_get_list_interfaces): 200 GET http://10.180.1.21/compute/v2.1/servers/b3f7ee3f-649f-4c28-b281-3f0e9bea9080 0.050s
2025-04-09 11:39:41.517 69801 INFO tempest.lib.common.rest_client [req-c5b456c1-d6f1-4d0f-85b9-24d5645a8a10 req-c5b456c1-d6f1-4d0f-85b9-24d5645a8a10 ] Request (InstanceActionsNegativeTestJSON:tearDownClass): 200 GET http://10.180.1.21/compute/v2.1/servers/4d95802c-4632-4247-a0a6-7ec4bb6712bc 0.054s
2025-04-09 11:39:41.625 69791 INFO tempest.lib.common.rest_client [req-e003c9a1-f49d-48d4-8b91-4e0078c2fdf6 req-e003c9a1-f49d-48d4-8b91-4e0078c2fdf6 ] Request (ServerAddressesTestJSON:tearDownClass): 200 GET http://10.180.1.21/compute/v2.1/servers/93b81605-017f-4c6a-aa21-c46c34f1dfc8 0.054s
2025-04-09 11:39:41.633 69791 INFO tempest.common.waiters [-] State transition "ACTIVE/deleting" ==> "DELETED/None" after 4 second wait
2025-04-09 11:39:41.682 69793 INFO tempest.lib.common.rest_client [req-133303a4-32bc-4fe3-8e92-3632a43f61ce req-133303a4-32bc-4fe3-8e92-3632a43f61ce ] Request (ServerRescueTestJSON:setUpClass): 200 GET http://10.180.1.21/compute/v2.1/servers/4b7d9950-20fe-4549-b5db-2547ec0599bb 0.050s
2025-04-09 11:39:41.697 69837 WARNING tempest.lib.common.ssh [-] Failed to establish authenticated ssh connection to cirros@10.180.180.218 ([Errno None] Unable to connect to port 22 on 10.180.180.218). Number attempts: 9. Retry after 10 seconds.: paramiko.ssh_exception.NoValidConnectionsError: [Errno None] Unable to connect to port 22 on 10.180.180.218
2025-04-09 11:39:41.701 69795 INFO tempest.lib.common.rest_client [req-af8a73b9-9107-4f6d-b1d5-d2a797113215 req-af8a73b9-9107-4f6d-b1d5-d2a797113215 ] Request (ListServerFiltersTestJSON:tearDownClass): 200 GET http://10.180.1.21/compute/v2.1/servers/60b53559-2eae-4f70-b76e-a12c8d522950 0.053s
2025-04-09 11:39:41.750 69803 INFO tempest.lib.common.rest_client [req-bec555fb-654c-477d-8bac-05ac4fda7abd req-bec555fb-654c-477d-8bac-05ac4fda7abd ] Request (ServerTagsTestJSON:setUpClass): 200 GET http://10.180.1.21/compute/v2.1/servers/de6a6647-9368-4d4f-8f42-fb49ab4f03f0 0.052s
2025-04-09 11:39:41.781 69811 WARNING tempest.lib.common.ssh [-] Failed to establish authenticated ssh connection to cirros@10.180.180.190 ([Errno None] Unable to connect to port 22 on 10.180.180.190). Number attempts: 8. Retry after 9 seconds.: paramiko.ssh_exception.NoValidConnectionsError: [Errno None] Unable to connect to port 22 on 10.180.180.190
2025-04-09 11:39:41.810 69845 INFO tempest.lib.common.rest_client [req-0bd01fba-c7f0-4a48-b35c-c03f622448ea req-0bd01fba-c7f0-4a48-b35c-c03f622448ea ] Request (ImagesTestJSON:test_create_image_from_suspended_server): 200 GET http://10.180.1.21/compute/v2.1/servers/e9346371-d893-41bc-a791-913588ae16ac 0.048s
2025-04-09 11:39:41.832 69821 INFO tempest.lib.common.rest_client [req-effca19f-baaf-47f1-8d80-00827dcf4f8d req-effca19f-baaf-47f1-8d80-00827dcf4f8d ] Request (ServersAdminNegativeTestJSON:setUpClass): 200 GET http://10.180.1.21/compute/v2.1/servers/76ca89d1-edfd-4e50-bdd6-52012bfa6c25 0.131s
2025-04-09 11:39:41.839 69821 INFO tempest.common.waiters [-] State transition "BUILD/networking" ==> "BUILD/spawning" after 45 second wait
2025-04-09 11:39:41.856 69789 INFO tempest.lib.common.rest_client [req-3f006240-ad1e-49c4-b86e-596084ac208a req-3f006240-ad1e-49c4-b86e-596084ac208a ] Request (ServersTestBootFromVolume:setUpClass): 200 GET http://10.180.1.21/compute/v2.1/servers/b1befc10-11e5-481c-8d4a-f794548b2dd3 0.086s
2025-04-09 11:39:41.882 69823 INFO tempest.lib.common.rest_client [req-cabff398-2967-4cdb-9eff-e88542aa3cd4 req-cabff398-2967-4cdb-9eff-e88542aa3cd4 ] Request (ServerGroupTestJSON:test_create_server_with_scheduler_hint_group): 200 GET http://10.180.1.21/compute/v2.1/servers/1aa285be-8146-4e88-92a5-8fa76b067c4a 0.071s
2025-04-09 11:39:41.941 69819 INFO tempest.lib.common.rest_client [req-dcbcf6a8-18b6-417e-b3bd-e43048b75b3d req-dcbcf6a8-18b6-417e-b3bd-e43048b75b3d ] Request (FloatingIPsAssociationTestJSON:tearDownClass): 200 GET http://10.180.1.21/compute/v2.1/servers/4d89d5e2-ce5d-487c-be93-95d687f45ca6 0.058s
2025-04-09 11:39:41.988 69805 INFO tempest.lib.common.rest_client [req-ef9b7039-bad2-413c-a24e-4909f51a3f77 req-ef9b7039-bad2-413c-a24e-4909f51a3f77 ] Request (ServersListShow296Test:test_list_show_update_rebuild_server_296): 200 GET http://10.180.1.21/compute/v2.1/servers/e82f0091-f698-418d-aa6f-966d756eade9 0.067s
2025-04-09 11:39:42.002 69827 INFO tempest.lib.common.rest_client [req-efa00653-0786-43c2-8509-85a7d0accfdf req-efa00653-0786-43c2-8509-85a7d0accfdf ] Request (ServersNegativeTestMultiTenantJSON:setUpClass): 200 GET http://10.180.1.21/compute/v2.1/servers/85c9439a-5909-4e66-b300-3274ed11d2ac 0.050s
2025-04-09 11:39:42.065 69836 INFO tempest.lib.common.rest_client [req-583576b5-404a-48d8-98de-8dfe9e1dcfb6 req-583576b5-404a-48d8-98de-8dfe9e1dcfb6 ] Request (ServerDiskConfigTestJSON:test_resize_server_from_auto_to_manual): 200 GET http://10.180.1.21/compute/v2.1/servers/a5293aee-ba56-4387-ad43-48320ef0a18f 0.048s
2025-04-09 11:39:42.137 69797 INFO tempest.lib.common.rest_client [req-555dff3f-5d14-4d7f-a1f6-cb620c02df75 req-555dff3f-5d14-4d7f-a1f6-cb620c02df75 ] Request (ServerDiagnosticsTest:tearDownClass): 200 GET http://10.180.1.21/compute/v2.1/servers/b339634c-cd82-41af-93a1-05c780391709 0.053s
2025-04-09 11:39:42.162 69799 INFO tempest.lib.common.rest_client [req-4cb06b31-018f-4b56-8d35-d6996ed27488 req-4cb06b31-018f-4b56-8d35-d6996ed27488 ] Request (MigrationsAdminTest:test_resize_server_revert_deleted_flavor): 200 GET http://10.180.1.21/compute/v2.1/servers/216d2a59-f25f-4d74-b956-1e1b68a95187 0.049s
2025-04-09 11:39:42.246 69825 INFO tempest.lib.common.rest_client [req-5e332611-1ca8-4289-ace6-7c8456af5435 req-5e332611-1ca8-4289-ace6-7c8456af5435 ] Request (DeleteServersAdminTestJSON:test_delete_server_while_in_error_state): 200 GET http://10.180.1.21/compute/v2.1/servers/cc60a360-27cc-4c89-a040-4346787b381f 0.055s
2025-04-09 11:39:42.342 69843 INFO tempest.lib.common.rest_client [req-4e3b1d12-651b-4783-9576-2bd7ecd5404f req-4e3b1d12-651b-4783-9576-2bd7ecd5404f ] Request (SecurityGroupsTestJSON:test_list_security_groups_by_server): 200 GET http://10.180.1.21/compute/v2.1/servers/2387148a-8e7d-4652-a09b-b71ac952044b 0.087s
2025-04-09 11:39:42.377 69817 INFO tempest.lib.common.rest_client [req-b22ddbec-0639-4f2b-9bed-89ddd4a2c0e1 req-b22ddbec-0639-4f2b-9bed-89ddd4a2c0e1 ] Request (ServersAdminTestJSON:test_create_server_with_scheduling_hint): 200 GET http://10.180.1.21/compute/v2.1/servers/c00aaa3c-3298-4a19-bd4d-49267443a4d8 0.054s
2025-04-09 11:39:42.516 69831 INFO tempest.lib.common.rest_client [req-825d2f55-4a86-415a-b108-0a4967b7a18a req-825d2f55-4a86-415a-b108-0a4967b7a18a ] Request (AttachInterfacesV270Test:test_create_get_list_interfaces): 200 GET http://10.180.1.21/compute/v2.1/servers/b3f7ee3f-649f-4c28-b281-3f0e9bea9080 0.051s
2025-04-09 11:39:42.581 69801 INFO tempest.lib.common.rest_client [req-cf5d2218-bcae-4fe3-bca1-94e631deeb31 req-cf5d2218-bcae-4fe3-bca1-94e631deeb31 ] Request (InstanceActionsNegativeTestJSON:tearDownClass): 200 GET http://10.180.1.21/compute/v2.1/servers/4d95802c-4632-4247-a0a6-7ec4bb6712bc 0.057s
2025-04-09 11:39:42.634 69813 WARNING tempest.lib.common.ssh [-] Failed to establish authenticated ssh connection to cirros@10.180.180.147 ([Errno None] Unable to connect to port 22 on 10.180.180.147). Number attempts: 7. Retry after 8 seconds.: paramiko.ssh_exception.NoValidConnectionsError: [Errno None] Unable to connect to port 22 on 10.180.180.147
2025-04-09 11:39:42.692 69791 INFO tempest.lib.common.rest_client [req-43343af5-0e33-4639-8a59-c6651ca405ee req-43343af5-0e33-4639-8a59-c6651ca405ee ] Request (ServerAddressesTestJSON:tearDownClass): 200 GET http://10.180.1.21/compute/v2.1/servers/93b81605-017f-4c6a-aa21-c46c34f1dfc8 0.058s
2025-04-09 11:39:42.741 69793 INFO tempest.lib.common.rest_client [req-10bf1c7c-d679-468b-bf75-754751e5b1c8 req-10bf1c7c-d679-468b-bf75-754751e5b1c8 ] Request (ServerRescueTestJSON:setUpClass): 200 GET http://10.180.1.21/compute/v2.1/servers/4b7d9950-20fe-4549-b5db-2547ec0599bb 0.050s
2025-04-09 11:39:42.766 69795 INFO tempest.lib.common.rest_client [req-7f56c536-b80d-4796-8df8-00e5eceb87ce req-7f56c536-b80d-4796-8df8-00e5eceb87ce ] Request (ListServerFiltersTestJSON:tearDownClass): 200 GET http://10.180.1.21/compute/v2.1/servers/60b53559-2eae-4f70-b76e-a12c8d522950 0.057s
2025-04-09 11:39:42.773 69795 INFO tempest.common.waiters [-] State transition "ACTIVE/deleting" ==> "DELETED/None" after 4 second wait
2025-04-09 11:39:42.811 69803 INFO tempest.lib.common.rest_client [req-cc39ae18-b3fa-4df2-8066-89372311aaf0 req-cc39ae18-b3fa-4df2-8066-89372311aaf0 ] Request (ServerTagsTestJSON:setUpClass): 200 GET http://10.180.1.21/compute/v2.1/servers/de6a6647-9368-4d4f-8f42-fb49ab4f03f0 0.052s
2025-04-09 11:39:42.863 69845 INFO tempest.lib.common.rest_client [req-f5b4abb7-a5c2-4046-b928-2f606aa74b9c req-f5b4abb7-a5c2-4046-b928-2f606aa74b9c ] Request (ImagesTestJSON:test_create_image_from_suspended_server): 200 GET http://10.180.1.21/compute/v2.1/servers/e9346371-d893-41bc-a791-913588ae16ac 0.046s
2025-04-09 11:39:42.908 69789 INFO tempest.lib.common.rest_client [req-ee89eccf-dad2-4fde-a939-6f1f8fbe7d2b req-ee89eccf-dad2-4fde-a939-6f1f8fbe7d2b ] Request (ServersTestBootFromVolume:setUpClass): 200 GET http://10.180.1.21/compute/v2.1/servers/b1befc10-11e5-481c-8d4a-f794548b2dd3 0.044s
2025-04-09 11:39:42.928 69821 INFO tempest.lib.common.rest_client [req-046d51f4-8f29-418d-9a24-7aac6926e0e4 req-046d51f4-8f29-418d-9a24-7aac6926e0e4 ] Request (ServersAdminNegativeTestJSON:setUpClass): 200 GET http://10.180.1.21/compute/v2.1/servers/76ca89d1-edfd-4e50-bdd6-52012bfa6c25 0.087s
2025-04-09 11:39:42.959 69823 INFO tempest.lib.common.rest_client [req-2d4494b6-8d7c-4b6c-bde9-19405fcf35a9 req-2d4494b6-8d7c-4b6c-bde9-19405fcf35a9 ] Request (ServerGroupTestJSON:test_create_server_with_scheduler_hint_group): 200 GET http://10.180.1.21/compute/v2.1/servers/1aa285be-8146-4e88-92a5-8fa76b067c4a 0.069s
2025-04-09 11:39:43.016 69819 INFO tempest.lib.common.rest_client [req-a373f36a-caf4-4d25-b051-c601994ae93b req-a373f36a-caf4-4d25-b051-c601994ae93b ] Request (FloatingIPsAssociationTestJSON:tearDownClass): 200 GET http://10.180.1.21/compute/v2.1/servers/4d89d5e2-ce5d-487c-be93-95d687f45ca6 0.066s
2025-04-09 11:39:43.056 69805 INFO tempest.lib.common.rest_client [req-3e7ca4f8-6d0f-4284-9627-871ba4e47f1a req-3e7ca4f8-6d0f-4284-9627-871ba4e47f1a ] Request (ServersListShow296Test:test_list_show_update_rebuild_server_296): 200 GET http://10.180.1.21/compute/v2.1/servers/e82f0091-f698-418d-aa6f-966d756eade9 0.057s
2025-04-09 11:39:43.065 69827 INFO tempest.lib.common.rest_client [req-9f1b6a21-92cf-4cc5-b9da-91e348d5ea5f req-9f1b6a21-92cf-4cc5-b9da-91e348d5ea5f ] Request (ServersNegativeTestMultiTenantJSON:setUpClass): 200 GET http://10.180.1.21/compute/v2.1/servers/85c9439a-5909-4e66-b300-3274ed11d2ac 0.055s
2025-04-09 11:39:43.072 69827 INFO tempest.common.waiters [-] State transition "BUILD/None" ==> "BUILD/networking" after 45 second wait
2025-04-09 11:39:43.126 69836 INFO tempest.lib.common.rest_client [req-9d1dd12e-b4d7-4e31-addd-578116adedec req-9d1dd12e-b4d7-4e31-addd-578116adedec ] Request (ServerDiskConfigTestJSON:test_resize_server_from_auto_to_manual): 200 GET http://10.180.1.21/compute/v2.1/servers/a5293aee-ba56-4387-ad43-48320ef0a18f 0.054s
2025-04-09 11:39:43.200 69797 INFO tempest.lib.common.rest_client [req-250f414b-09e4-4737-996a-df392543c525 req-250f414b-09e4-4737-996a-df392543c525 ] Request (ServerDiagnosticsTest:tearDownClass): 200 GET http://10.180.1.21/compute/v2.1/servers/b339634c-cd82-41af-93a1-05c780391709 0.055s
2025-04-09 11:39:43.224 69799 INFO tempest.lib.common.rest_client [req-7acf2883-bc94-40a1-803f-efecd4e1652d req-7acf2883-bc94-40a1-803f-efecd4e1652d ] Request (MigrationsAdminTest:test_resize_server_revert_deleted_flavor): 200 GET http://10.180.1.21/compute/v2.1/servers/216d2a59-f25f-4d74-b956-1e1b68a95187 0.054s
2025-04-09 11:39:43.314 69825 INFO tempest.lib.common.rest_client [req-d143b818-8838-48f9-b68f-93b8c2be89ad req-d143b818-8838-48f9-b68f-93b8c2be89ad ] Request (DeleteServersAdminTestJSON:test_delete_server_while_in_error_state): 200 GET http://10.180.1.21/compute/v2.1/servers/cc60a360-27cc-4c89-a040-4346787b381f 0.060s
2025-04-09 11:39:43.437 69817 INFO tempest.lib.common.rest_client [req-c3bc1f24-df00-465c-a9bf-eb5f0839bc5a req-c3bc1f24-df00-465c-a9bf-eb5f0839bc5a ] Request (ServersAdminTestJSON:test_create_server_with_scheduling_hint): 200 GET http://10.180.1.21/compute/v2.1/servers/c00aaa3c-3298-4a19-bd4d-49267443a4d8 0.053s
2025-04-09 11:39:43.458 69843 INFO tempest.lib.common.rest_client [req-2fe41cc0-7daa-4076-821f-6cee33717748 req-2fe41cc0-7daa-4076-821f-6cee33717748 ] Request (SecurityGroupsTestJSON:test_list_security_groups_by_server): 200 GET http://10.180.1.21/compute/v2.1/servers/2387148a-8e7d-4652-a09b-b71ac952044b 0.108s
2025-04-09 11:39:43.587 69831 INFO tempest.lib.common.rest_client [req-02223a72-6a49-4eab-a5ff-f7d5977a3100 req-02223a72-6a49-4eab-a5ff-f7d5977a3100 ] Request (AttachInterfacesV270Test:test_create_get_list_interfaces): 200 GET http://10.180.1.21/compute/v2.1/servers/b3f7ee3f-649f-4c28-b281-3f0e9bea9080 0.060s
2025-04-09 11:39:43.672 69801 INFO tempest.lib.common.rest_client [req-510004d0-7556-4f12-b7fc-7c66f3d69f7b req-510004d0-7556-4f12-b7fc-7c66f3d69f7b ] Request (InstanceActionsNegativeTestJSON:tearDownClass): 200 GET http://10.180.1.21/compute/v2.1/servers/4d95802c-4632-4247-a0a6-7ec4bb6712bc 0.082s
2025-04-09 11:39:43.757 69791 INFO tempest.lib.common.rest_client [req-2b696283-0273-49e6-8064-17db1835273a req-2b696283-0273-49e6-8064-17db1835273a ] Request (ServerAddressesTestJSON:tearDownClass): 200 GET http://10.180.1.21/compute/v2.1/servers/93b81605-017f-4c6a-aa21-c46c34f1dfc8 0.057s
2025-04-09 11:39:43.801 69793 INFO tempest.lib.common.rest_client [req-e764176d-f699-4930-a894-b205220d8eda req-e764176d-f699-4930-a894-b205220d8eda ] Request (ServerRescueTestJSON:setUpClass): 200 GET http://10.180.1.21/compute/v2.1/servers/4b7d9950-20fe-4549-b5db-2547ec0599bb 0.053s
2025-04-09 11:39:43.841 69795 INFO tempest.lib.common.rest_client [req-19ed4263-02db-4baf-85b6-282a6705643c req-19ed4263-02db-4baf-85b6-282a6705643c ] Request (ListServerFiltersTestJSON:tearDownClass): 200 GET http://10.180.1.21/compute/v2.1/servers/60b53559-2eae-4f70-b76e-a12c8d522950 0.066s
2025-04-09 11:39:43.875 69803 INFO tempest.lib.common.rest_client [req-f8faf00f-daea-4472-97da-b62257f126d4 req-f8faf00f-daea-4472-97da-b62257f126d4 ] Request (ServerTagsTestJSON:setUpClass): 200 GET http://10.180.1.21/compute/v2.1/servers/de6a6647-9368-4d4f-8f42-fb49ab4f03f0 0.054s
2025-04-09 11:39:43.917 69845 INFO tempest.lib.common.rest_client [req-27d026b1-cf67-4306-8fc7-c0db87bd6cbb req-27d026b1-cf67-4306-8fc7-c0db87bd6cbb ] Request (ImagesTestJSON:test_create_image_from_suspended_server): 200 GET http://10.180.1.21/compute/v2.1/servers/e9346371-d893-41bc-a791-913588ae16ac 0.045s
2025-04-09 11:39:43.966 69789 INFO tempest.lib.common.rest_client [req-1ea0f481-4bbe-4100-a692-7cd7a8571225 req-1ea0f481-4bbe-4100-a692-7cd7a8571225 ] Request (ServersTestBootFromVolume:setUpClass): 200 GET http://10.180.1.21/compute/v2.1/servers/b1befc10-11e5-481c-8d4a-f794548b2dd3 0.050s
2025-04-09 11:39:44.012 69823 INFO tempest.lib.common.rest_client [req-2ef5e55b-0ec7-4427-a1ee-b73576c951e7 req-2ef5e55b-0ec7-4427-a1ee-b73576c951e7 ] Request (ServerGroupTestJSON:test_create_server_with_scheduler_hint_group): 200 GET http://10.180.1.21/compute/v2.1/servers/1aa285be-8146-4e88-92a5-8fa76b067c4a 0.046s
2025-04-09 11:39:44.024 69821 INFO tempest.lib.common.rest_client [req-e9d717c4-c2f9-4e7d-b88c-a0e1c19dde53 req-e9d717c4-c2f9-4e7d-b88c-a0e1c19dde53 ] Request (ServersAdminNegativeTestJSON:setUpClass): 200 GET http://10.180.1.21/compute/v2.1/servers/76ca89d1-edfd-4e50-bdd6-52012bfa6c25 0.087s
2025-04-09 11:39:44.075 69819 INFO tempest.lib.common.rest_client [req-ffc472d3-c7b4-4ad5-bf40-f9e3d64e141c req-ffc472d3-c7b4-4ad5-bf40-f9e3d64e141c ] Request (FloatingIPsAssociationTestJSON:tearDownClass): 200 GET http://10.180.1.21/compute/v2.1/servers/4d89d5e2-ce5d-487c-be93-95d687f45ca6 0.050s
2025-04-09 11:39:44.125 69805 INFO tempest.lib.common.rest_client [req-f20f8f07-dfd8-42a4-bfc0-e4450e136526 req-f20f8f07-dfd8-42a4-bfc0-e4450e136526 ] Request (ServersListShow296Test:test_list_show_update_rebuild_server_296): 200 GET http://10.180.1.21/compute/v2.1/servers/e82f0091-f698-418d-aa6f-966d756eade9 0.058s
2025-04-09 11:39:44.155 69827 INFO tempest.lib.common.rest_client [req-2a67c5a9-3d64-4287-ac59-1c360a81fe3b req-2a67c5a9-3d64-4287-ac59-1c360a81fe3b ] Request (ServersNegativeTestMultiTenantJSON:setUpClass): 200 GET http://10.180.1.21/compute/v2.1/servers/85c9439a-5909-4e66-b300-3274ed11d2ac 0.082s
2025-04-09 11:39:44.161 69827 INFO tempest.common.waiters [-] State transition "BUILD/networking" ==> "BUILD/spawning" after 46 second wait
2025-04-09 11:39:44.181 69836 INFO tempest.lib.common.rest_client [req-9069c9f4-67a4-4495-9ab5-44dbfc731048 req-9069c9f4-67a4-4495-9ab5-44dbfc731048 ] Request (ServerDiskConfigTestJSON:test_resize_server_from_auto_to_manual): 200 GET http://10.180.1.21/compute/v2.1/servers/a5293aee-ba56-4387-ad43-48320ef0a18f 0.047s
2025-04-09 11:39:44.264 69797 INFO tempest.lib.common.rest_client [req-27bb811f-6786-4250-a6b4-d4a16a73f712 req-27bb811f-6786-4250-a6b4-d4a16a73f712 ] Request (ServerDiagnosticsTest:tearDownClass): 200 GET http://10.180.1.21/compute/v2.1/servers/b339634c-cd82-41af-93a1-05c780391709 0.056s
2025-04-09 11:39:44.283 69799 INFO tempest.lib.common.rest_client [req-8b8fd73a-3f84-4d0b-9382-021ea35bbfde req-8b8fd73a-3f84-4d0b-9382-021ea35bbfde ] Request (MigrationsAdminTest:test_resize_server_revert_deleted_flavor): 200 GET http://10.180.1.21/compute/v2.1/servers/216d2a59-f25f-4d74-b956-1e1b68a95187 0.050s
2025-04-09 11:39:44.378 69825 INFO tempest.lib.common.rest_client [req-f3b4b451-4ded-4228-96c0-18322dec6360 req-f3b4b451-4ded-4228-96c0-18322dec6360 ] Request (DeleteServersAdminTestJSON:test_delete_server_while_in_error_state): 200 GET http://10.180.1.21/compute/v2.1/servers/cc60a360-27cc-4c89-a040-4346787b381f 0.054s
2025-04-09 11:39:44.497 69817 INFO tempest.lib.common.rest_client [req-78d91206-d6d5-44b3-8272-1de4d02b10f7 req-78d91206-d6d5-44b3-8272-1de4d02b10f7 ] Request (ServersAdminTestJSON:test_create_server_with_scheduling_hint): 200 GET http://10.180.1.21/compute/v2.1/servers/c00aaa3c-3298-4a19-bd4d-49267443a4d8 0.051s
2025-04-09 11:39:44.590 69843 INFO tempest.lib.common.rest_client [req-e6defe71-e8d3-4655-beca-1e07017633a5 req-e6defe71-e8d3-4655-beca-1e07017633a5 ] Request (SecurityGroupsTestJSON:test_list_security_groups_by_server): 200 GET http://10.180.1.21/compute/v2.1/servers/2387148a-8e7d-4652-a09b-b71ac952044b 0.125s
2025-04-09 11:39:44.597 69843 INFO tempest.common.waiters [-] State transition "BUILD/spawning" ==> "ACTIVE/None" after 51 second wait
2025-04-09 11:39:44.655 69831 INFO tempest.lib.common.rest_client [req-23d75546-dc45-4f3d-8b83-fee7215c589c req-23d75546-dc45-4f3d-8b83-fee7215c589c ] Request (AttachInterfacesV270Test:test_create_get_list_interfaces): 200 GET http://10.180.1.21/compute/v2.1/servers/b3f7ee3f-649f-4c28-b281-3f0e9bea9080 0.056s
2025-04-09 11:39:44.745 69801 INFO tempest.lib.common.rest_client [req-fdfb306a-541d-494c-bf76-a09131e6aca9 req-fdfb306a-541d-494c-bf76-a09131e6aca9 ] Request (InstanceActionsNegativeTestJSON:tearDownClass): 200 GET http://10.180.1.21/compute/v2.1/servers/4d95802c-4632-4247-a0a6-7ec4bb6712bc 0.066s
2025-04-09 11:39:44.839 69791 INFO tempest.lib.common.rest_client [req-4d665315-14b2-4829-88e9-8320d2355b98 req-4d665315-14b2-4829-88e9-8320d2355b98 ] Request (ServerAddressesTestJSON:tearDownClass): 200 GET http://10.180.1.21/compute/v2.1/servers/93b81605-017f-4c6a-aa21-c46c34f1dfc8 0.073s
2025-04-09 11:39:44.896 69793 INFO tempest.lib.common.rest_client [req-24d72ff8-11ce-4a06-a690-ff50a4be6589 req-24d72ff8-11ce-4a06-a690-ff50a4be6589 ] Request (ServerRescueTestJSON:setUpClass): 200 GET http://10.180.1.21/compute/v2.1/servers/4b7d9950-20fe-4549-b5db-2547ec0599bb 0.086s
2025-04-09 11:39:44.935 69843 INFO tempest.lib.common.rest_client [req-5c80b1da-e16b-43c5-863a-1a098bc8ce49 req-5c80b1da-e16b-43c5-863a-1a098bc8ce49 ] Request (SecurityGroupsTestJSON:test_list_security_groups_by_server): 202 POST http://10.180.1.21/compute/v2.1/servers/2387148a-8e7d-4652-a09b-b71ac952044b/action 0.337s
2025-04-09 11:39:44.964 69795 INFO tempest.lib.common.rest_client [req-f13cded2-1077-4280-8649-18353de09a95 req-f13cded2-1077-4280-8649-18353de09a95 ] Request (ListServerFiltersTestJSON:tearDownClass): 200 GET http://10.180.1.21/compute/v2.1/servers/60b53559-2eae-4f70-b76e-a12c8d522950 0.115s
2025-04-09 11:39:45.004 69803 INFO tempest.lib.common.rest_client [req-7331b798-17c3-4c67-a627-b4991218be6c req-7331b798-17c3-4c67-a627-b4991218be6c ] Request (ServerTagsTestJSON:setUpClass): 200 GET http://10.180.1.21/compute/v2.1/servers/de6a6647-9368-4d4f-8f42-fb49ab4f03f0 0.119s
2025-04-09 11:39:45.018 69845 INFO tempest.lib.common.rest_client [req-ce4b0014-410d-4687-be43-a8b3ff7389fa req-ce4b0014-410d-4687-be43-a8b3ff7389fa ] Request (ImagesTestJSON:test_create_image_from_suspended_server): 200 GET http://10.180.1.21/compute/v2.1/servers/e9346371-d893-41bc-a791-913588ae16ac 0.093s
2025-04-09 11:39:45.095 69789 INFO tempest.lib.common.rest_client [req-4e9a5089-d9bc-4671-a12f-6e7a7720f05d req-4e9a5089-d9bc-4671-a12f-6e7a7720f05d ] Request (ServersTestBootFromVolume:setUpClass): 200 GET http://10.180.1.21/compute/v2.1/servers/b1befc10-11e5-481c-8d4a-f794548b2dd3 0.120s
2025-04-09 11:39:45.138 69823 INFO tempest.lib.common.rest_client [req-09782994-3f09-46bc-82c1-c7a38ddecfb4 req-09782994-3f09-46bc-82c1-c7a38ddecfb4 ] Request (ServerGroupTestJSON:test_create_server_with_scheduler_hint_group): 200 GET http://10.180.1.21/compute/v2.1/servers/1aa285be-8146-4e88-92a5-8fa76b067c4a 0.118s
2025-04-09 11:39:45.213 69821 INFO tempest.lib.common.rest_client [req-eb33c5f7-f39a-4088-b44e-07e5b0a1dc31 req-eb33c5f7-f39a-4088-b44e-07e5b0a1dc31 ] Request (ServersAdminNegativeTestJSON:setUpClass): 200 GET http://10.180.1.21/compute/v2.1/servers/76ca89d1-edfd-4e50-bdd6-52012bfa6c25 0.180s
2025-04-09 11:39:45.263 69819 INFO tempest.lib.common.rest_client [req-b8015946-e652-45c3-b251-a7644a078e78 req-b8015946-e652-45c3-b251-a7644a078e78 ] Request (FloatingIPsAssociationTestJSON:tearDownClass): 200 GET http://10.180.1.21/compute/v2.1/servers/4d89d5e2-ce5d-487c-be93-95d687f45ca6 0.180s
2025-04-09 11:39:45.310 69843 INFO tempest.lib.common.rest_client [req-e2f9ecaa-c0f6-4f23-886f-c63a1902a2cb req-e2f9ecaa-c0f6-4f23-886f-c63a1902a2cb ] Request (SecurityGroupsTestJSON:test_list_security_groups_by_server): 202 POST http://10.180.1.21/compute/v2.1/servers/2387148a-8e7d-4652-a09b-b71ac952044b/action 0.375s
2025-04-09 11:39:45.326 69805 INFO tempest.lib.common.rest_client [req-bce8b934-38fa-411e-8acc-45b41a08096b req-bce8b934-38fa-411e-8acc-45b41a08096b ] Request (ServersListShow296Test:test_list_show_update_rebuild_server_296): 200 GET http://10.180.1.21/compute/v2.1/servers/e82f0091-f698-418d-aa6f-966d756eade9 0.190s
2025-04-09 11:39:45.371 69836 INFO tempest.lib.common.rest_client [req-38c2a849-904a-4d80-87c3-1f01f5239198 req-38c2a849-904a-4d80-87c3-1f01f5239198 ] Request (ServerDiskConfigTestJSON:test_resize_server_from_auto_to_manual): 200 GET http://10.180.1.21/compute/v2.1/servers/a5293aee-ba56-4387-ad43-48320ef0a18f 0.183s
2025-04-09 11:39:45.393 69827 INFO tempest.lib.common.rest_client [req-7007b9f2-bcd4-406c-8b53-d571888c90de req-7007b9f2-bcd4-406c-8b53-d571888c90de ] Request (ServersNegativeTestMultiTenantJSON:setUpClass): 200 GET http://10.180.1.21/compute/v2.1/servers/85c9439a-5909-4e66-b300-3274ed11d2ac 0.230s
2025-04-09 11:39:45.425 69797 INFO tempest.lib.common.rest_client [req-4d7c9780-57ad-44d9-a886-b940e0328c07 req-4d7c9780-57ad-44d9-a886-b940e0328c07 ] Request (ServerDiagnosticsTest:tearDownClass): 200 GET http://10.180.1.21/compute/v2.1/servers/b339634c-cd82-41af-93a1-05c780391709 0.154s
2025-04-09 11:39:45.441 69799 INFO tempest.lib.common.rest_client [req-45adc38e-1903-4d66-ae46-06d1eb86bafc req-45adc38e-1903-4d66-ae46-06d1eb86bafc ] Request (MigrationsAdminTest:test_resize_server_revert_deleted_flavor): 200 GET http://10.180.1.21/compute/v2.1/servers/216d2a59-f25f-4d74-b956-1e1b68a95187 0.147s
2025-04-09 11:39:45.504 69825 INFO tempest.lib.common.rest_client [req-50c9e45c-fef9-4eb0-9eeb-ce0be69aa80c req-50c9e45c-fef9-4eb0-9eeb-ce0be69aa80c ] Request (DeleteServersAdminTestJSON:test_delete_server_while_in_error_state): 200 GET http://10.180.1.21/compute/v2.1/servers/cc60a360-27cc-4c89-a040-4346787b381f 0.119s
2025-04-09 11:39:45.526 69843 INFO tempest.lib.common.rest_client [req-2e2badf5-24af-4d98-86ab-8a1c4b2be73c req-2e2badf5-24af-4d98-86ab-8a1c4b2be73c ] Request (SecurityGroupsTestJSON:test_list_security_groups_by_server): 200 GET http://10.180.1.21/compute/v2.1/servers/2387148a-8e7d-4652-a09b-b71ac952044b/os-security-groups 0.215s
2025-04-09 11:39:45.582 69817 INFO tempest.lib.common.rest_client [req-9acf89f7-6be3-488b-94ee-d854fdea06b1 req-9acf89f7-6be3-488b-94ee-d854fdea06b1 ] Request (ServersAdminTestJSON:test_create_server_with_scheduling_hint): 200 GET http://10.180.1.21/compute/v2.1/servers/c00aaa3c-3298-4a19-bd4d-49267443a4d8 0.076s
2025-04-09 11:39:45.632 69843 INFO tempest.lib.common.rest_client [req-1eb60eea-eda6-4985-9514-10c67984afa0 req-1eb60eea-eda6-4985-9514-10c67984afa0 ] Request (SecurityGroupsTestJSON:test_security_group_create_get_delete): 200 POST http://10.180.1.21/compute/v2.1/os-security-groups 0.102s
2025-04-09 11:39:45.696 69843 INFO tempest.lib.common.rest_client [req-7e5e177f-df11-49ce-8631-bf8a2b6d6a75 req-7e5e177f-df11-49ce-8631-bf8a2b6d6a75 ] Request (SecurityGroupsTestJSON:test_security_group_create_get_delete): 200 GET http://10.180.1.21/compute/v2.1/os-security-groups/c9d224f3-c3c2-4c38-b520-5c5f195fb0b2 0.060s
2025-04-09 11:39:45.724 69831 INFO tempest.lib.common.rest_client [req-8925b83d-1135-42bc-9fd5-053f4ad4b77b req-8925b83d-1135-42bc-9fd5-053f4ad4b77b ] Request (AttachInterfacesV270Test:test_create_get_list_interfaces): 200 GET http://10.180.1.21/compute/v2.1/servers/b3f7ee3f-649f-4c28-b281-3f0e9bea9080 0.058s
2025-04-09 11:39:45.733 69831 INFO tempest.common.waiters [-] State transition "BUILD/None" ==> "BUILD/networking" after 45 second wait
2025-04-09 11:39:45.814 69801 INFO tempest.lib.common.rest_client [req-c8a8dff7-8792-4937-9155-f17d22f9803c req-c8a8dff7-8792-4937-9155-f17d22f9803c ] Request (InstanceActionsNegativeTestJSON:tearDownClass): 200 GET http://10.180.1.21/compute/v2.1/servers/4d95802c-4632-4247-a0a6-7ec4bb6712bc 0.061s
2025-04-09 11:39:45.913 69791 INFO tempest.lib.common.rest_client [req-608b96d5-b333-4f3a-bcf3-ae84b54f6013 req-608b96d5-b333-4f3a-bcf3-ae84b54f6013 ] Request (ServerAddressesTestJSON:tearDownClass): 200 GET http://10.180.1.21/compute/v2.1/servers/93b81605-017f-4c6a-aa21-c46c34f1dfc8 0.065s
2025-04-09 11:39:45.923 69843 INFO tempest.lib.common.rest_client [req-d60ff82c-f458-4774-9099-c467be756121 req-d60ff82c-f458-4774-9099-c467be756121 ] Request (SecurityGroupsTestJSON:test_security_group_create_get_delete): 202 DELETE http://10.180.1.21/compute/v2.1/os-security-groups/c9d224f3-c3c2-4c38-b520-5c5f195fb0b2 0.224s
2025-04-09 11:39:45.951 69843 INFO tempest.lib.common.rest_client [req-9ce5f6d2-99cc-4de0-bcd2-ec64f3f7ab63 req-9ce5f6d2-99cc-4de0-bcd2-ec64f3f7ab63 ] Request (SecurityGroupsTestJSON:test_security_group_create_get_delete): 404 GET http://10.180.1.21/compute/v2.1/os-security-groups/c9d224f3-c3c2-4c38-b520-5c5f195fb0b2 0.028s
2025-04-09 11:39:45.966 69793 INFO tempest.lib.common.rest_client [req-1c600fb6-4d3a-4f97-8f28-20ca38143c2f req-1c600fb6-4d3a-4f97-8f28-20ca38143c2f ] Request (ServerRescueTestJSON:setUpClass): 200 GET http://10.180.1.21/compute/v2.1/servers/4b7d9950-20fe-4549-b5db-2547ec0599bb 0.062s
2025-04-09 11:39:46.047 69795 INFO tempest.lib.common.rest_client [req-0fd2390f-55c3-4c67-8227-e70a7b45a497 req-0fd2390f-55c3-4c67-8227-e70a7b45a497 ] Request (ListServerFiltersTestJSON:tearDownClass): 200 GET http://10.180.1.21/compute/v2.1/servers/60b53559-2eae-4f70-b76e-a12c8d522950 0.070s
2025-04-09 11:39:46.097 69803 INFO tempest.lib.common.rest_client [req-f069e5d1-120e-4087-babf-807b58ae04db req-f069e5d1-120e-4087-babf-807b58ae04db ] Request (ServerTagsTestJSON:setUpClass): 200 GET http://10.180.1.21/compute/v2.1/servers/de6a6647-9368-4d4f-8f42-fb49ab4f03f0 0.079s
2025-04-09 11:39:46.150 69843 INFO tempest.lib.common.rest_client [req-255a5fa4-3f1b-4f82-ba87-0701988f45b6 req-255a5fa4-3f1b-4f82-ba87-0701988f45b6 ] Request (SecurityGroupsTestJSON:test_security_groups_create_list_delete): 200 POST http://10.180.1.21/compute/v2.1/os-security-groups 0.198s
2025-04-09 11:39:46.154 69845 INFO tempest.lib.common.rest_client [req-817aa478-0b1f-4ca4-820f-8b456b37bb19 req-817aa478-0b1f-4ca4-820f-8b456b37bb19 ] Request (ImagesTestJSON:test_create_image_from_suspended_server): 200 GET http://10.180.1.21/compute/v2.1/servers/e9346371-d893-41bc-a791-913588ae16ac 0.127s
2025-04-09 11:39:46.198 69823 INFO tempest.lib.common.rest_client [req-c7ed456f-fa4c-4b4f-85be-99557c80a6ca req-c7ed456f-fa4c-4b4f-85be-99557c80a6ca ] Request (ServerGroupTestJSON:test_create_server_with_scheduler_hint_group): 200 GET http://10.180.1.21/compute/v2.1/servers/1aa285be-8146-4e88-92a5-8fa76b067c4a 0.049s
2025-04-09 11:39:46.241 69789 INFO tempest.lib.common.rest_client [req-cd57e979-9f46-40dd-870c-35c68f4d6462 req-cd57e979-9f46-40dd-870c-35c68f4d6462 ] Request (ServersTestBootFromVolume:setUpClass): 200 GET http://10.180.1.21/compute/v2.1/servers/b1befc10-11e5-481c-8d4a-f794548b2dd3 0.138s
2025-04-09 11:39:46.315 69843 INFO tempest.lib.common.rest_client [req-e45943bf-83f3-40bf-aebd-d78b92bfbc3c req-e45943bf-83f3-40bf-aebd-d78b92bfbc3c ] Request (SecurityGroupsTestJSON:test_security_groups_create_list_delete): 200 POST http://10.180.1.21/compute/v2.1/os-security-groups 0.154s
2025-04-09 11:39:46.378 69819 INFO tempest.lib.common.rest_client [req-66e3166b-b517-49fb-9aaf-df1c28bc49bf req-66e3166b-b517-49fb-9aaf-df1c28bc49bf ] Request (FloatingIPsAssociationTestJSON:tearDownClass): 200 GET http://10.180.1.21/compute/v2.1/servers/4d89d5e2-ce5d-487c-be93-95d687f45ca6 0.107s
2025-04-09 11:39:46.447 69821 INFO tempest.lib.common.rest_client [req-26b9ae29-ff5a-4736-97b6-3f6e396f543e req-26b9ae29-ff5a-4736-97b6-3f6e396f543e ] Request (ServersAdminNegativeTestJSON:setUpClass): 200 GET http://10.180.1.21/compute/v2.1/servers/76ca89d1-edfd-4e50-bdd6-52012bfa6c25 0.227s
2025-04-09 11:39:46.491 69843 INFO tempest.lib.common.rest_client [req-65256b87-870e-46df-a073-ed3c260212df req-65256b87-870e-46df-a073-ed3c260212df ] Request (SecurityGroupsTestJSON:test_security_groups_create_list_delete): 200 POST http://10.180.1.21/compute/v2.1/os-security-groups 0.169s
2025-04-09 11:39:46.518 69805 INFO tempest.lib.common.rest_client [req-e9db5efc-1575-4527-b185-3c64efa88650 req-e9db5efc-1575-4527-b185-3c64efa88650 ] Request (ServersListShow296Test:test_list_show_update_rebuild_server_296): 200 GET http://10.180.1.21/compute/v2.1/servers/e82f0091-f698-418d-aa6f-966d756eade9 0.181s
2025-04-09 11:39:46.543 69836 INFO tempest.lib.common.rest_client [req-65f0159e-2538-4929-b8e5-047957505b41 req-65f0159e-2538-4929-b8e5-047957505b41 ] Request (ServerDiskConfigTestJSON:test_resize_server_from_auto_to_manual): 200 GET http://10.180.1.21/compute/v2.1/servers/a5293aee-ba56-4387-ad43-48320ef0a18f 0.164s
2025-04-09 11:39:46.551 69836 INFO tempest.common.waiters [-] State transition "BUILD/scheduling" ==> "BUILD/None" after 11 second wait
2025-04-09 11:39:46.602 69797 INFO tempest.lib.common.rest_client [req-c2cafd5d-2040-4d9c-9de9-a46625877ef2 req-c2cafd5d-2040-4d9c-9de9-a46625877ef2 ] Request (ServerDiagnosticsTest:tearDownClass): 200 GET http://10.180.1.21/compute/v2.1/servers/b339634c-cd82-41af-93a1-05c780391709 0.170s
2025-04-09 11:39:46.623 69827 INFO tempest.lib.common.rest_client [req-36c9f8b1-287a-4d57-8f1d-cf28d3f2a69e req-36c9f8b1-287a-4d57-8f1d-cf28d3f2a69e ] Request (ServersNegativeTestMultiTenantJSON:setUpClass): 200 GET http://10.180.1.21/compute/v2.1/servers/85c9439a-5909-4e66-b300-3274ed11d2ac 0.223s
2025-04-09 11:39:46.651 69799 INFO tempest.lib.common.rest_client [req-822ab32c-cb04-4e4a-b027-80a0285d08ad req-822ab32c-cb04-4e4a-b027-80a0285d08ad ] Request (MigrationsAdminTest:test_resize_server_revert_deleted_flavor): 200 GET http://10.180.1.21/compute/v2.1/servers/216d2a59-f25f-4d74-b956-1e1b68a95187 0.203s
2025-04-09 11:39:46.704 69825 INFO tempest.lib.common.rest_client [req-5e54dd05-421f-402b-ac1d-d1f7f19ca706 req-5e54dd05-421f-402b-ac1d-d1f7f19ca706 ] Request (DeleteServersAdminTestJSON:test_delete_server_while_in_error_state): 200 GET http://10.180.1.21/compute/v2.1/servers/cc60a360-27cc-4c89-a040-4346787b381f 0.190s
2025-04-09 11:39:46.707 69843 INFO tempest.lib.common.rest_client [req-2dff89d7-6dfa-4008-9b08-ac3ad6b36b83 req-2dff89d7-6dfa-4008-9b08-ac3ad6b36b83 ] Request (SecurityGroupsTestJSON:test_security_groups_create_list_delete): 200 GET http://10.180.1.21/compute/v2.1/os-security-groups 0.213s
2025-04-09 11:39:46.747 69817 INFO tempest.lib.common.rest_client [req-7ed44a68-37b9-42a4-8306-d1a63edd5568 req-7ed44a68-37b9-42a4-8306-d1a63edd5568 ] Request (ServersAdminTestJSON:test_create_server_with_scheduling_hint): 200 GET http://10.180.1.21/compute/v2.1/servers/c00aaa3c-3298-4a19-bd4d-49267443a4d8 0.157s
2025-04-09 11:39:46.799 69843 INFO tempest.lib.common.rest_client [req-b651386e-1407-4bc6-98ea-196c6b88605a req-b651386e-1407-4bc6-98ea-196c6b88605a ] Request (SecurityGroupsTestJSON:test_security_groups_create_list_delete): 202 DELETE http://10.180.1.21/compute/v2.1/os-security-groups/2c16b643-928c-4ed6-8a50-c041a787c1ca 0.089s
2025-04-09 11:39:46.818 69843 INFO tempest.lib.common.rest_client [req-a4199257-c5b1-42eb-b2c3-714a775535a6 req-a4199257-c5b1-42eb-b2c3-714a775535a6 ] Request (SecurityGroupsTestJSON:test_security_groups_create_list_delete): 404 GET http://10.180.1.21/compute/v2.1/os-security-groups/2c16b643-928c-4ed6-8a50-c041a787c1ca 0.019s
2025-04-09 11:39:46.905 69843 INFO tempest.lib.common.rest_client [req-4261daa6-f980-4036-ae63-c85a27285fad req-4261daa6-f980-4036-ae63-c85a27285fad ] Request (SecurityGroupsTestJSON:test_security_groups_create_list_delete): 202 DELETE http://10.180.1.21/compute/v2.1/os-security-groups/0f02fc24-f341-45ea-8757-b68f3a39f6be 0.086s
2025-04-09 11:39:46.968 69801 INFO tempest.lib.common.rest_client [req-5f9b9065-00ef-4362-b31b-12b533fe69ac req-5f9b9065-00ef-4362-b31b-12b533fe69ac ] Request (InstanceActionsNegativeTestJSON:tearDownClass): 200 GET http://10.180.1.21/compute/v2.1/servers/4d95802c-4632-4247-a0a6-7ec4bb6712bc 0.146s
2025-04-09 11:39:47.022 69839 WARNING tempest.lib.common.ssh [-] Failed to establish authenticated ssh connection to cirros@10.180.180.144 ([Errno None] Unable to connect to port 22 on 10.180.180.144). Number attempts: 10. Retry after 11 seconds.: paramiko.ssh_exception.NoValidConnectionsError: [Errno None] Unable to connect to port 22 on 10.180.180.144
2025-04-09 11:39:47.076 69831 INFO tempest.lib.common.rest_client [req-043e5074-2b78-4990-bd82-3ce16e9e4872 req-043e5074-2b78-4990-bd82-3ce16e9e4872 ] Request (AttachInterfacesV270Test:test_create_get_list_interfaces): 200 GET http://10.180.1.21/compute/v2.1/servers/b3f7ee3f-649f-4c28-b281-3f0e9bea9080 0.342s
2025-04-09 11:39:47.084 69831 INFO tempest.common.waiters [-] State transition "BUILD/networking" ==> "BUILD/spawning" after 47 second wait
2025-04-09 11:39:47.132 69791 INFO tempest.lib.common.rest_client [req-2d4809c2-c0d3-47bd-b7f3-086da25bfb58 req-2d4809c2-c0d3-47bd-b7f3-086da25bfb58 ] Request (ServerAddressesTestJSON:tearDownClass): 200 GET http://10.180.1.21/compute/v2.1/servers/93b81605-017f-4c6a-aa21-c46c34f1dfc8 0.209s
2025-04-09 11:39:47.179 69793 INFO tempest.lib.common.rest_client [req-9198e49f-394a-485b-90c6-58e7ae65fa5a req-9198e49f-394a-485b-90c6-58e7ae65fa5a ] Request (ServerRescueTestJSON:setUpClass): 200 GET http://10.180.1.21/compute/v2.1/servers/4b7d9950-20fe-4549-b5db-2547ec0599bb 0.204s
2025-04-09 11:39:47.216 69843 INFO tempest.lib.common.rest_client [req-d416b39d-6d06-4a43-9339-34096148cd50 req-d416b39d-6d06-4a43-9339-34096148cd50 ] Request (SecurityGroupsTestJSON:test_security_groups_create_list_delete): 404 GET http://10.180.1.21/compute/v2.1/os-security-groups/0f02fc24-f341-45ea-8757-b68f3a39f6be 0.311s
2025-04-09 11:39:47.241 69795 INFO tempest.lib.common.rest_client [req-b7dfd734-62f1-4201-b59d-8e5bda2cb011 req-b7dfd734-62f1-4201-b59d-8e5bda2cb011 ] Request (ListServerFiltersTestJSON:tearDownClass): 200 GET http://10.180.1.21/compute/v2.1/servers/60b53559-2eae-4f70-b76e-a12c8d522950 0.184s
2025-04-09 11:39:47.267 69803 INFO tempest.lib.common.rest_client [req-059cbe87-d80a-4492-ad86-da3bfda56c5d req-059cbe87-d80a-4492-ad86-da3bfda56c5d ] Request (ServerTagsTestJSON:setUpClass): 200 GET http://10.180.1.21/compute/v2.1/servers/de6a6647-9368-4d4f-8f42-fb49ab4f03f0 0.155s
2025-04-09 11:39:47.291 69845 INFO tempest.lib.common.rest_client [req-09356095-8a7a-4a0c-b17a-a261e65334de req-09356095-8a7a-4a0c-b17a-a261e65334de ] Request (ImagesTestJSON:test_create_image_from_suspended_server): 200 GET http://10.180.1.21/compute/v2.1/servers/e9346371-d893-41bc-a791-913588ae16ac 0.127s
2025-04-09 11:39:47.315 69823 INFO tempest.lib.common.rest_client [req-b91772f3-cba4-4048-ad92-6fc3737a40f9 req-b91772f3-cba4-4048-ad92-6fc3737a40f9 ] Request (ServerGroupTestJSON:test_create_server_with_scheduler_hint_group): 200 GET http://10.180.1.21/compute/v2.1/servers/1aa285be-8146-4e88-92a5-8fa76b067c4a 0.107s
2025-04-09 11:39:47.350 69829 WARNING tempest.lib.common.ssh [-] Failed to establish authenticated ssh connection to cirros@10.180.180.134 ([Errno None] Unable to connect to port 22 on 10.180.180.134). Number attempts: 3. Retry after 4 seconds.: paramiko.ssh_exception.NoValidConnectionsError: [Errno None] Unable to connect to port 22 on 10.180.180.134
2025-04-09 11:39:47.370 69789 INFO tempest.lib.common.rest_client [req-9cf7a8ac-9b8e-47b5-bf09-ed995900e0c5 req-9cf7a8ac-9b8e-47b5-bf09-ed995900e0c5 ] Request (ServersTestBootFromVolume:setUpClass): 200 GET http://10.180.1.21/compute/v2.1/servers/b1befc10-11e5-481c-8d4a-f794548b2dd3 0.120s
2025-04-09 11:39:47.419 69843 INFO tempest.lib.common.rest_client [req-c466bacf-a1ce-4a88-993c-b8bc9883cd7c req-c466bacf-a1ce-4a88-993c-b8bc9883cd7c ] Request (SecurityGroupsTestJSON:test_security_groups_create_list_delete): 202 DELETE http://10.180.1.21/compute/v2.1/os-security-groups/c62a00eb-b6ea-4e3f-8595-94a97a0ce61b 0.202s
2025-04-09 11:39:47.451 69843 INFO tempest.lib.common.rest_client [req-ddc4da1d-be8a-44d3-90c8-b1d2f5ed27cd req-ddc4da1d-be8a-44d3-90c8-b1d2f5ed27cd ] Request (SecurityGroupsTestJSON:test_security_groups_create_list_delete): 404 GET http://10.180.1.21/compute/v2.1/os-security-groups/c62a00eb-b6ea-4e3f-8595-94a97a0ce61b 0.031s
2025-04-09 11:39:47.462 69819 INFO tempest.lib.common.rest_client [req-906a8486-55cb-4663-872c-77e1c4ef838d req-906a8486-55cb-4663-872c-77e1c4ef838d ] Request (FloatingIPsAssociationTestJSON:tearDownClass): 200 GET http://10.180.1.21/compute/v2.1/servers/4d89d5e2-ce5d-487c-be93-95d687f45ca6 0.073s
2025-04-09 11:39:47.563 69843 INFO tempest.lib.common.rest_client [req-1883c37c-5b50-451d-9c73-4df3249b8d6b req-1883c37c-5b50-451d-9c73-4df3249b8d6b ] Request (SecurityGroupsTestJSON:test_security_groups_create_list_delete): 200 GET http://10.180.1.21/compute/v2.1/os-security-groups 0.111s
2025-04-09 11:39:47.603 69821 INFO tempest.lib.common.rest_client [req-1881138e-4190-479b-aedc-34d31c7b17aa req-1881138e-4190-479b-aedc-34d31c7b17aa ] Request (ServersAdminNegativeTestJSON:setUpClass): 200 GET http://10.180.1.21/compute/v2.1/servers/76ca89d1-edfd-4e50-bdd6-52012bfa6c25 0.147s
2025-04-09 11:39:47.620 69805 INFO tempest.lib.common.rest_client [req-bbd757c8-de07-4274-9f79-25f053b6ae22 req-bbd757c8-de07-4274-9f79-25f053b6ae22 ] Request (ServersListShow296Test:test_list_show_update_rebuild_server_296): 200 GET http://10.180.1.21/compute/v2.1/servers/e82f0091-f698-418d-aa6f-966d756eade9 0.090s
2025-04-09 11:39:47.651 69836 INFO tempest.lib.common.rest_client [req-8f854a3e-168a-4291-bcba-8d18466ab0eb req-8f854a3e-168a-4291-bcba-8d18466ab0eb ] Request (ServerDiskConfigTestJSON:test_resize_server_from_auto_to_manual): 200 GET http://10.180.1.21/compute/v2.1/servers/a5293aee-ba56-4387-ad43-48320ef0a18f 0.098s
2025-04-09 11:39:47.704 69797 INFO tempest.lib.common.rest_client [req-52541c0e-cb88-401b-a2c4-68b47d20457a req-52541c0e-cb88-401b-a2c4-68b47d20457a ] Request (ServerDiagnosticsTest:tearDownClass): 200 GET http://10.180.1.21/compute/v2.1/servers/b339634c-cd82-41af-93a1-05c780391709 0.088s
2025-04-09 11:39:47.759 69843 INFO tempest.lib.common.rest_client [req-0aeda468-568c-44e7-8660-04f400a6e266 req-0aeda468-568c-44e7-8660-04f400a6e266 ] Request (SecurityGroupsTestJSON:test_server_security_groups): 200 POST http://10.180.1.21/compute/v2.1/os-security-groups 0.192s
2025-04-09 11:39:47.808 69799 INFO tempest.lib.common.rest_client [req-e95e5423-e925-49be-8442-ae7ce0b56390 req-e95e5423-e925-49be-8442-ae7ce0b56390 ] Request (MigrationsAdminTest:test_resize_server_revert_deleted_flavor): 200 GET http://10.180.1.21/compute/v2.1/servers/216d2a59-f25f-4d74-b956-1e1b68a95187 0.145s
2025-04-09 11:39:47.815 69827 INFO tempest.lib.common.rest_client [req-1ee96285-a65c-4d30-8720-5d0969ea4a13 req-1ee96285-a65c-4d30-8720-5d0969ea4a13 ] Request (ServersNegativeTestMultiTenantJSON:setUpClass): 200 GET http://10.180.1.21/compute/v2.1/servers/85c9439a-5909-4e66-b300-3274ed11d2ac 0.184s
2025-04-09 11:39:47.870 69817 INFO tempest.lib.common.rest_client [req-f943ee50-9ca1-48ca-badc-6e0acc4cd0e8 req-f943ee50-9ca1-48ca-badc-6e0acc4cd0e8 ] Request (ServersAdminTestJSON:test_create_server_with_scheduling_hint): 200 GET http://10.180.1.21/compute/v2.1/servers/c00aaa3c-3298-4a19-bd4d-49267443a4d8 0.115s
2025-04-09 11:39:47.870 69825 INFO tempest.lib.common.rest_client [req-04e34d42-d4f3-4f17-9c0a-1eefc09d67e8 req-04e34d42-d4f3-4f17-9c0a-1eefc09d67e8 ] Request (DeleteServersAdminTestJSON:test_delete_server_while_in_error_state): 200 GET http://10.180.1.21/compute/v2.1/servers/cc60a360-27cc-4c89-a040-4346787b381f 0.159s
2025-04-09 11:39:48.041 69801 INFO tempest.lib.common.rest_client [req-1df26b06-5bdc-4536-9e4d-ca949efed569 req-1df26b06-5bdc-4536-9e4d-ca949efed569 ] Request (InstanceActionsNegativeTestJSON:tearDownClass): 200 GET http://10.180.1.21/compute/v2.1/servers/4d95802c-4632-4247-a0a6-7ec4bb6712bc 0.063s
2025-04-09 11:39:48.107 69843 INFO tempest.lib.common.rest_client [req-a46f26b0-2755-4451-a230-d062053c8d72 req-a46f26b0-2755-4451-a230-d062053c8d72 ] Request (SecurityGroupsTestJSON:test_server_security_groups): 200 POST http://10.180.1.21/compute/v2.1/os-security-groups 0.345s
2025-04-09 11:39:48.199 69843 INFO tempest.lib.common.rest_client [req-e50f2c04-61b8-444f-8538-ba01116e85c2 req-e50f2c04-61b8-444f-8538-ba01116e85c2 ] Request (SecurityGroupsTestJSON:test_server_security_groups): 201 POST http://10.180.1.21/identity/v3/auth/tokens 0.086s
2025-04-09 11:39:48.199 69843 INFO tempest.lib.common.fixed_network [-] (SecurityGroupsTestJSON:test_server_security_groups) Found network {'id': 'db91ac3b-a858-4b4c-9fdd-f314ee7df98d', 'name': 'tempest-SecurityGroupsTestJSON-32585936-network', 'tenant_id': '93ba18b981f9411f8b8b59adf0e9942d', 'admin_state_up': True, 'mtu': 8950, 'status': 'ACTIVE', 'subnets': [], 'shared': False, 'project_id': '93ba18b981f9411f8b8b59adf0e9942d', 'port_security_enabled': True, 'router:external': False, 'provider:network_type': 'vlan', 'provider:physical_network': 'default', 'provider:segmentation_id': 828, 'availability_zone_hints': [], 'availability_zones': [], 'ipv4_address_scope': None, 'ipv6_address_scope': None, 'description': '', 'tags': [], 'created_at': '2025-04-09T11:38:48Z', 'updated_at': '2025-04-09T11:38:48Z', 'revision_number': 1} available for tenant
2025-04-09 11:39:48.215 69791 INFO tempest.lib.common.rest_client [req-82137705-3d7e-40f9-a850-216c0c2f31a4 req-82137705-3d7e-40f9-a850-216c0c2f31a4 ] Request (ServerAddressesTestJSON:tearDownClass): 200 GET http://10.180.1.21/compute/v2.1/servers/93b81605-017f-4c6a-aa21-c46c34f1dfc8 0.072s
