2025-04-09 11:38:43.574 69807 INFO tempest.lib.common.rest_client [req-ae075e6b-e49a-42b7-9af5-8ca7f8c9c890 req-ae075e6b-e49a-42b7-9af5-8ca7f8c9c890 ] Request (VolumesTestJSON:test_volume_list_param_limit): 200 GET http://10.180.1.21/compute/v2.1/os-volumes?limit=2 0.260s
2025-04-09 11:38:43.576 69791 INFO tempest.lib.common.rest_client [req-e987555b-a703-4799-9914-d2367884c486 req-e987555b-a703-4799-9914-d2367884c486 ] Request (QuotasAdminTestV236:tearDownClass): 200 GET http://10.180.1.21:9696/networking/v2.0/security-groups?tenant_id=0c8ff79e45ce49b98bce96c44c32713b&name=default 0.152s
2025-04-09 11:38:43.632 69831 INFO tempest.lib.common.rest_client [req-79dd7ac4-239a-46a3-aff2-a146c12bf306 req-79dd7ac4-239a-46a3-aff2-a146c12bf306 ] Request (FlavorsV2TestJSON:setUpClass): 201 POST http://10.180.1.21/identity/v3/users 0.087s
2025-04-09 11:38:43.653 69829 INFO tempest.lib.common.rest_client [req-cc1a0c58-ceb8-437d-bb85-31da1d41d6cc req-cc1a0c58-ceb8-437d-bb85-31da1d41d6cc ] Request (ServerActionsTestOtherB:setUpClass): 200 GET http://10.180.1.21/compute/v2.1/servers/86fa999a-071c-40b9-84f9-6bb0518de89f 0.319s
2025-04-09 11:38:43.663 69831 INFO tempest.lib.common.rest_client [req-7094616b-8ec2-40c5-b39a-fe53ae3f67c6 req-7094616b-8ec2-40c5-b39a-fe53ae3f67c6 ] Request (FlavorsV2TestJSON:setUpClass): 200 GET http://10.180.1.21/identity/v3/roles 0.031s
2025-04-09 11:38:43.704 69831 INFO tempest.lib.common.rest_client [req-bc6c5bad-f52b-4fcb-bd6b-a78ae63aff93 req-bc6c5bad-f52b-4fcb-bd6b-a78ae63aff93 ] Request (FlavorsV2TestJSON:setUpClass): 204 PUT http://10.180.1.21/identity/v3/projects/9636848559794f7dbb90cca2127aa5ad/users/4a1dc08d101b4c92a75c64d3ffea5e7f/roles/259b7c5f0a234d9cbc8bdf95101db64c 0.040s
2025-04-09 11:38:43.704 69831 INFO tempest.lib.common.dynamic_creds [-] Dynamic test user 4a1dc08d101b4c92a75c64d3ffea5e7f is created with scope project and roles: ['member']
2025-04-09 11:38:43.705 69831 INFO tempest.lib.common.dynamic_creds [-] Acquired dynamic creds: credentials: Credentials: {'domain_id': 'default', 'domain_name': 'Default', 'username': 'tempest-FlavorsV2TestJSON-290231854-project-member', 'project_domain_id': 'default', 'project_domain_name': 'Default', 'project_id': '9636848559794f7dbb90cca2127aa5ad', 'project_name': 'tempest-FlavorsV2TestJSON-290231854', 'tenant_id': '9636848559794f7dbb90cca2127aa5ad', 'tenant_name': 'tempest-FlavorsV2TestJSON-290231854', 'user_domain_id': 'default', 'user_domain_name': 'Default', 'user_id': '4a1dc08d101b4c92a75c64d3ffea5e7f', 'system': None}, Network: None, Subnet: None, Router: None
2025-04-09 11:38:43.705 69831 INFO tempest.lib.common.dynamic_creds [-] Created isolated network resources for: credentials: Credentials: {'domain_id': 'default', 'domain_name': 'Default', 'username': 'tempest-FlavorsV2TestJSON-290231854-project-member', 'project_domain_id': 'default', 'project_domain_name': 'Default', 'project_id': '9636848559794f7dbb90cca2127aa5ad', 'project_name': 'tempest-FlavorsV2TestJSON-290231854', 'tenant_id': '9636848559794f7dbb90cca2127aa5ad', 'tenant_name': 'tempest-FlavorsV2TestJSON-290231854', 'user_domain_id': 'default', 'user_domain_name': 'Default', 'user_id': '4a1dc08d101b4c92a75c64d3ffea5e7f', 'system': None}, Network: None, Subnet: None, Router: None
2025-04-09 11:38:43.757 69827 INFO tempest.lib.common.rest_client [req-f7e796e0-ea82-4212-bb61-537721be9920 req-f7e796e0-ea82-4212-bb61-537721be9920 ] Request (SecurityGroupRulesNegativeTestJSON:tearDownClass): 202 DELETE http://10.180.1.21/compute/v2.1/os-security-groups/1ef58ed7-4023-48bc-bd89-58d3f2af20b8 0.508s
2025-04-09 11:38:43.770 69791 INFO tempest.lib.common.rest_client [req-36479a36-c8db-4650-b151-840c611b2fcd req-36479a36-c8db-4650-b151-840c611b2fcd ] Request (QuotasAdminTestV236:tearDownClass): 204 DELETE http://10.180.1.21:9696/networking/v2.0/security-groups/2c330703-067d-4186-a210-a1a39c783a5b 0.194s
2025-04-09 11:38:43.811 69831 INFO tempest.lib.common.rest_client [req-f9daa6be-e018-4574-b492-6e8a59bb0cda req-f9daa6be-e018-4574-b492-6e8a59bb0cda ] Request (FlavorsV2TestJSON:setUpClass): 201 POST http://10.180.1.21/identity/v3/auth/tokens 0.102s
2025-04-09 11:38:43.856 69851 INFO tempest.lib.common.rest_client [req-8f1c39ac-8c2b-4984-a97e-b40c9644cb6c req-8f1c39ac-8c2b-4984-a97e-b40c9644cb6c ] Request (AttachInterfacesTestJSON:test_create_list_show_delete_interfaces_by_fixed_ip): 200 GET http://10.180.1.21/compute/v2.1/servers/5b662da1-f32f-47da-a044-62f86557d784 0.498s
2025-04-09 11:38:43.890 69791 INFO tempest.lib.common.rest_client [req-3f825641-e5cb-45e1-817f-321bdafa80a8 req-3f825641-e5cb-45e1-817f-321bdafa80a8 ] Request (QuotasAdminTestV236:tearDownClass): 204 DELETE http://10.180.1.21/identity/v3/projects/0c8ff79e45ce49b98bce96c44c32713b 0.119s
2025-04-09 11:38:43.910 69815 INFO tempest.lib.common.rest_client [req-f8ba5370-b81f-4b73-a810-e14c32b73ae7 req-f8ba5370-b81f-4b73-a810-e14c32b73ae7 ] Request (ServersAdmin275Test:_run_cleanups): 200 GET http://10.180.1.21/compute/v2.1/servers/3ca386ea-bb2d-412c-a855-399c4776feb2 0.498s
2025-04-09 11:38:43.914 69825 INFO tempest.lib.common.rest_client [req-4895041b-d72f-48e0-87a9-66dd6b199956 req-4895041b-d72f-48e0-87a9-66dd6b199956 ] Request (DeleteServersAdminTestJSON:test_delete_server_while_in_error_state): 200 GET http://10.180.1.21/compute/v2.1/servers/cc60a360-27cc-4c89-a040-4346787b381f 0.476s
2025-04-09 11:38:43.919 69815 INFO tempest.common.waiters [-] State transition "REBUILD/rebuilding" ==> "REBUILD/rebuild_spawning" after 3 second wait
2025-04-09 11:38:43.935 69789 INFO tempest.lib.common.rest_client [req-8920e27e-cf7b-4f75-988e-ad21a42bf8e7 req-8920e27e-cf7b-4f75-988e-ad21a42bf8e7 ] Request (ServersTestBootFromVolume:setUpClass): 201 POST http://10.180.1.21:9696/networking/v2.0/networks 0.603s
2025-04-09 11:38:43.948 69807 INFO tempest.lib.common.rest_client [req-d2a104fe-bc30-4d31-a725-e6c411784a21 req-d2a104fe-bc30-4d31-a725-e6c411784a21 ] Request (VolumesTestJSON:test_volume_list_param_offset_and_limit): 200 GET http://10.180.1.21/compute/v2.1/os-volumes 0.370s
2025-04-09 11:38:43.952 69833 INFO tempest.lib.common.rest_client [req-07b03177-b668-422b-b208-24d2c204ca00 req-07b03177-b668-422b-b208-24d2c204ca00 ] Request (KeyPairsV2TestJSON:test_keypair_create_with_pub_key): 200 POST http://10.180.1.21/compute/v2.1/os-keypairs 0.504s
2025-04-09 11:38:43.975 69791 INFO tempest.lib.common.rest_client [req-3bfad73d-4cf0-467d-ac99-5a2637b2e09a req-3bfad73d-4cf0-467d-ac99-5a2637b2e09a ] Request (ServerAddressesTestJSON:setUpClass): 201 POST http://10.180.1.21/identity/v3/auth/tokens 0.083s
2025-04-09 11:38:44.006 69791 INFO tempest.lib.common.rest_client [req-59ee0c62-d405-4738-a8f4-4814605b0f69 req-59ee0c62-d405-4738-a8f4-4814605b0f69 ] Request (ServerAddressesTestJSON:setUpClass): 201 POST http://10.180.1.21/identity/v3/auth/tokens 0.029s
2025-04-09 11:38:44.031 69791 INFO tempest.lib.common.rest_client [req-b428fd32-0dfc-4f04-af01-797eb19f2679 req-b428fd32-0dfc-4f04-af01-797eb19f2679 ] Request (ServerAddressesTestJSON:setUpClass): 200 GET http://10.180.1.21/identity/v3/domains?name=Default 0.025s
2025-04-09 11:38:44.066 69791 INFO tempest.lib.common.rest_client [req-591ed7ed-20ca-4b22-9ab3-4534aa8ba7c3 req-591ed7ed-20ca-4b22-9ab3-4534aa8ba7c3 ] Request (ServerAddressesTestJSON:setUpClass): 201 POST http://10.180.1.21/identity/v3/projects 0.034s
2025-04-09 11:38:44.110 69805 INFO tempest.lib.common.rest_client [req-e87fde68-53b1-4262-a68f-b914ac1b7e50 req-e87fde68-53b1-4262-a68f-b914ac1b7e50 ] Request (ServerMetadataNegativeTestJSON:setUpClass): 200 GET http://10.180.1.21/compute/v2.1/servers/fb61d87f-5c4c-4c97-b224-d1033a8c5c83 0.379s
2025-04-09 11:38:44.118 69791 INFO tempest.lib.common.rest_client [req-1042accd-0f76-4587-806b-9b72248e8a5e req-1042accd-0f76-4587-806b-9b72248e8a5e ] Request (ServerAddressesTestJSON:setUpClass): 201 POST http://10.180.1.21/identity/v3/users 0.052s
2025-04-09 11:38:44.143 69791 INFO tempest.lib.common.rest_client [req-a29992e5-4036-4bda-8d18-00ddc5a08cf0 req-a29992e5-4036-4bda-8d18-00ddc5a08cf0 ] Request (ServerAddressesTestJSON:setUpClass): 200 GET http://10.180.1.21/identity/v3/roles 0.024s
2025-04-09 11:38:44.153 69789 INFO tempest.lib.common.rest_client [req-10b4b064-c59f-403a-b611-4333d56b5acb req-10b4b064-c59f-403a-b611-4333d56b5acb ] Request (ServersTestBootFromVolume:setUpClass): 201 POST http://10.180.1.21:9696/networking/v2.0/subnets 0.217s
2025-04-09 11:38:44.170 69791 INFO tempest.lib.common.rest_client [req-529513f4-5049-4fcc-b1a0-b7ccad6e761d req-529513f4-5049-4fcc-b1a0-b7ccad6e761d ] Request (ServerAddressesTestJSON:setUpClass): 204 PUT http://10.180.1.21/identity/v3/projects/ae31f18e816040d6975189424cf7ec77/users/6e69f1ba6e1d492bbefbfa7e29df9606/roles/259b7c5f0a234d9cbc8bdf95101db64c 0.027s
2025-04-09 11:38:44.171 69791 INFO tempest.lib.common.dynamic_creds [-] Dynamic test user 6e69f1ba6e1d492bbefbfa7e29df9606 is created with scope project and roles: ['member']
2025-04-09 11:38:44.171 69791 INFO tempest.lib.common.dynamic_creds [-] Acquired dynamic creds: credentials: Credentials: {'domain_id': 'default', 'domain_name': 'Default', 'username': 'tempest-ServerAddressesTestJSON-1737983309-project-member', 'project_domain_id': 'default', 'project_domain_name': 'Default', 'project_id': 'ae31f18e816040d6975189424cf7ec77', 'project_name': 'tempest-ServerAddressesTestJSON-1737983309', 'tenant_id': 'ae31f18e816040d6975189424cf7ec77', 'tenant_name': 'tempest-ServerAddressesTestJSON-1737983309', 'user_domain_id': 'default', 'user_domain_name': 'Default', 'user_id': '6e69f1ba6e1d492bbefbfa7e29df9606', 'system': None}, Network: None, Subnet: None, Router: None
2025-04-09 11:38:44.183 69811 WARNING tempest.lib.common.ssh [-] Failed to establish authenticated ssh connection to cirros@10.180.180.190 ([Errno None] Unable to connect to port 22 on 10.180.180.190). Number attempts: 1. Retry after 2 seconds.: paramiko.ssh_exception.NoValidConnectionsError: [Errno None] Unable to connect to port 22 on 10.180.180.190
2025-04-09 11:38:44.190 69827 INFO tempest.lib.common.rest_client [req-f6b7ff32-f802-4209-8886-6f97cf2ac8aa req-f6b7ff32-f802-4209-8886-6f97cf2ac8aa ] Request (SecurityGroupRulesNegativeTestJSON:tearDownClass): 202 DELETE http://10.180.1.21/compute/v2.1/os-security-groups/58948433-a938-49a9-8aa7-8d4583ceff36 0.432s
2025-04-09 11:38:44.236 69813 INFO tempest.lib.common.rest_client [req-640b0d16-4b2f-4541-bff9-be8221de6ae1 req-640b0d16-4b2f-4541-bff9-be8221de6ae1 ] Request (VolumesAdminNegativeTest:test_update_attached_volume_with_nonexistent_volume_in_body): 200 GET http://10.180.1.21/compute/v2.1/servers/3a1465b0-4472-4e1f-b1ed-2487a25ce73d 0.453s
2025-04-09 11:38:44.242 69791 INFO tempest.lib.common.rest_client [req-f6e39aca-fdc8-4850-9976-9002958dc30f req-f6e39aca-fdc8-4850-9976-9002958dc30f ] Request (ServerAddressesTestJSON:setUpClass): 201 POST http://10.180.1.21/identity/v3/auth/tokens 0.071s
2025-04-09 11:38:44.244 69837 WARNING tempest.lib.common.ssh [-] Failed to establish authenticated ssh connection to cirros@10.180.180.218 ([Errno None] Unable to connect to port 22 on 10.180.180.218). Number attempts: 3. Retry after 4 seconds.: paramiko.ssh_exception.NoValidConnectionsError: [Errno None] Unable to connect to port 22 on 10.180.180.218
2025-04-09 11:38:44.305 69801 INFO tempest.lib.common.rest_client [req-aba0f1cb-bd97-4da9-94ee-d13986428c4c req-aba0f1cb-bd97-4da9-94ee-d13986428c4c ] Request (InstanceActionsNegativeTestJSON:setUpClass): 200 GET http://10.180.1.21/compute/v2.1/servers/4d95802c-4632-4247-a0a6-7ec4bb6712bc 0.459s
2025-04-09 11:38:44.324 69831 INFO tempest.lib.common.rest_client [req-ebcad690-3e02-470d-916e-1a88c6a86d99 req-ebcad690-3e02-470d-916e-1a88c6a86d99 ] Request (FlavorsV2TestJSON:test_get_flavor): 200 GET http://10.180.1.21/compute/v2.1/flavors/42 0.511s
2025-04-09 11:38:44.433 69799 INFO tempest.lib.common.rest_client [req-b76de631-10eb-47ee-9593-521ea4e82595 req-b76de631-10eb-47ee-9593-521ea4e82595 ] Request (MigrationsAdminTest:test_list_migrations_in_flavor_resize_situation): 200 GET http://10.180.1.21/compute/v2.1/servers/fc09ea54-6b9a-46af-95f5-ab03122a00ee 0.546s
2025-04-09 11:38:44.478 69807 INFO tempest.lib.common.rest_client [req-e6c6706c-b521-411b-afca-72cb3b58ef41 req-e6c6706c-b521-411b-afca-72cb3b58ef41 ] Request (VolumesTestJSON:test_volume_list_param_offset_and_limit): 200 GET http://10.180.1.21/compute/v2.1/os-volumes?offset=1&limit=1 0.526s
2025-04-09 11:38:44.498 69833 INFO tempest.lib.common.rest_client [req-9a0d8209-0dd2-420d-9dfe-7a5e31ac6912 req-9a0d8209-0dd2-420d-9dfe-7a5e31ac6912 ] Request (KeyPairsV2TestJSON:_run_cleanups): 202 DELETE http://10.180.1.21/compute/v2.1/os-keypairs/tempest-keypair-1511355454 0.543s
2025-04-09 11:38:44.580 69793 INFO tempest.lib.common.rest_client [req-ceeb0afe-63de-49fc-ab60-c6449720260e req-ceeb0afe-63de-49fc-ab60-c6449720260e ] Request (FloatingIPsAssociationNegativeTestJSON:tearDownClass): 200 GET http://10.180.1.21/compute/v2.1/servers/78f33845-ef69-45e3-abb7-0db7ba212fdd 0.501s
2025-04-09 11:38:44.664 69821 INFO tempest.lib.common.rest_client [req-afb076f4-4bb0-4eff-a08d-dcc1411c6f3d req-afb076f4-4bb0-4eff-a08d-dcc1411c6f3d ] Request (ServerDiagnosticsNegativeTest:tearDownClass): 200 GET http://10.180.1.21/compute/v2.1/servers/25443750-5a62-4761-a992-6761814c445d 0.719s
2025-04-09 11:38:44.709 69795 INFO tempest.lib.common.rest_client [req-f0f6035a-bc3b-4db5-b15a-11725f1f890e req-f0f6035a-bc3b-4db5-b15a-11725f1f890e ] Request (ListServerFiltersTestJSON:setUpClass): 200 GET http://10.180.1.21/compute/v2.1/servers/199e1c7c-fdb2-4074-84c4-7b4477d1dc9e 0.580s
2025-04-09 11:38:44.723 69795 INFO tempest.common.waiters [-] State transition "BUILD/spawning" ==> "ACTIVE/None" after 31 second wait
2025-04-09 11:38:44.745 69836 INFO tempest.lib.common.rest_client [req-60ba75dc-82b6-4656-9af9-93439dcfe328 req-60ba75dc-82b6-4656-9af9-93439dcfe328 ] Request (ServerDiskConfigTestJSON:test_rebuild_server_with_manual_disk_config): 200 GET http://10.180.1.21/compute/v2.1/servers/bf7f6c84-ceda-463a-a87a-47d3d37e5dab 0.517s
2025-04-09 11:38:44.758 69836 INFO tempest.common.waiters [-] State transition "BUILD/scheduling" ==> "BUILD/None" after 11 second wait
2025-04-09 11:38:44.765 69831 INFO tempest.lib.common.rest_client [req-e15d66d2-9098-4c04-b403-3c7c9cc42c09 req-e15d66d2-9098-4c04-b403-3c7c9cc42c09 ] Request (FlavorsV2TestJSON:test_list_flavors): 200 GET http://10.180.1.21/compute/v2.1/flavors 0.438s
2025-04-09 11:38:44.770 69803 INFO tempest.lib.common.rest_client [req-094f4571-1fd7-4dbc-894a-b80d3b69dc5c req-094f4571-1fd7-4dbc-894a-b80d3b69dc5c ] Request (ServerExternalEventsTest:test_create_server_external_events): 200 GET http://10.180.1.21/compute/v2.1/servers/2caaed18-e8a8-40e8-a8ac-60d4aea0e4fd 0.462s
2025-04-09 11:38:44.778 69803 INFO tempest.common.waiters [-] State transition "BUILD/networking" ==> "BUILD/block_device_mapping" after 27 second wait
2025-04-09 11:38:44.829 69845 INFO tempest.lib.common.rest_client [req-3b7d5335-fad9-49a4-bd69-7d9537707787 req-3b7d5335-fad9-49a4-bd69-7d9537707787 ] Request (ImagesTestJSON:test_create_image_from_stopped_server): 200 GET http://10.180.1.21/compute/v2.1/servers/c8efdc90-e47b-4628-bfcb-143a0a958257 0.415s
2025-04-09 11:38:44.851 69823 INFO tempest.lib.common.rest_client [req-832d6066-7b50-4017-80e7-57f52c31dc54 req-832d6066-7b50-4017-80e7-57f52c31dc54 ] Request (ServerDiagnosticsV248Test:tearDownClass): 200 GET http://10.180.1.21/compute/v2.1/servers/d1eb6bed-1ed6-4243-8416-1083822cfa9f 0.480s
2025-04-09 11:38:44.883 69807 INFO tempest.lib.common.rest_client [req-37f936ac-83f5-4ce2-8c73-63dbc0cc2520 req-37f936ac-83f5-4ce2-8c73-63dbc0cc2520 ] Request (VolumesTestJSON:test_volume_list_with_detail_param_limit): 200 GET http://10.180.1.21/compute/v2.1/os-volumes/detail?limit=2 0.401s
2025-04-09 11:38:44.891 69817 INFO tempest.lib.common.rest_client [req-1f8edd33-c2b6-46d6-baa4-716ac7c0e4dd req-1f8edd33-c2b6-46d6-baa4-716ac7c0e4dd ] Request (ServersAdminTestJSON:setUpClass): 200 GET http://10.180.1.21/compute/v2.1/servers/78e0c1fd-c336-4ca7-ba6e-d22b8d4a9f5d 0.448s
2025-04-09 11:38:44.897 69843 INFO tempest.lib.common.rest_client [req-eb4e6430-fc2a-43b8-8042-8b73b3e4011c req-eb4e6430-fc2a-43b8-8042-8b73b3e4011c ] Request (SecurityGroupRulesTestJSON:tearDownClass): 200 PUT http://10.180.1.21:9696/networking/v2.0/routers/6e7ace43-4bb7-4eb2-9e77-62233dfa3a83/remove_router_interface 1.910s
2025-04-09 11:38:44.933 69833 INFO tempest.lib.common.rest_client [req-82318c60-068b-460c-9d2d-e8d2248e4618 req-82318c60-068b-460c-9d2d-e8d2248e4618 ] Request (KeyPairsV2TestJSON:test_keypairs_create_list_delete): 200 POST http://10.180.1.21/compute/v2.1/os-keypairs 0.433s
2025-04-09 11:38:44.967 69797 INFO tempest.lib.common.rest_client [req-49823808-807c-4579-9272-ff4822110eaa req-49823808-807c-4579-9272-ff4822110eaa ] Request (ServerDiagnosticsTest:test_get_server_diagnostics): 200 GET http://10.180.1.21/compute/v2.1/servers/b339634c-cd82-41af-93a1-05c780391709 0.480s
2025-04-09 11:38:45.006 69819 INFO tempest.lib.common.rest_client [req-767262e0-fd27-4483-bb39-91dfa6973e37 req-767262e0-fd27-4483-bb39-91dfa6973e37 ] Request (FloatingIPsAssociationTestJSON:test_associate_already_associated_floating_ip): 200 GET http://10.180.1.21/compute/v2.1/servers/4d89d5e2-ce5d-487c-be93-95d687f45ca6 0.487s
2025-04-09 11:38:45.053 69829 INFO tempest.lib.common.rest_client [req-cd2ecac8-911e-4d30-a113-e591d0082ab6 req-cd2ecac8-911e-4d30-a113-e591d0082ab6 ] Request (ServerActionsTestOtherB:setUpClass): 200 GET http://10.180.1.21/compute/v2.1/servers/86fa999a-071c-40b9-84f9-6bb0518de89f 0.382s
2025-04-09 11:38:45.076 69831 INFO tempest.lib.common.rest_client [req-c70f8953-99aa-4724-9b74-d02181e4710e req-c70f8953-99aa-4724-9b74-d02181e4710e ] Request (FlavorsV2TestJSON:test_list_flavors): 200 GET http://10.180.1.21/compute/v2.1/flavors/42 0.307s
2025-04-09 11:38:45.181 69791 INFO tempest.lib.common.rest_client [req-eafbaf18-54fe-48c1-b913-2cffde874986 req-eafbaf18-54fe-48c1-b913-2cffde874986 ] Request (ServerAddressesTestJSON:setUpClass): 201 POST http://10.180.1.21:9696/networking/v2.0/networks 0.938s
2025-04-09 11:38:45.186 69789 INFO tempest.lib.common.rest_client [req-0521f4d3-f6fc-4f9e-b626-68d3cf28176a req-0521f4d3-f6fc-4f9e-b626-68d3cf28176a ] Request (ServersTestBootFromVolume:setUpClass): 201 POST http://10.180.1.21:9696/networking/v2.0/routers 1.032s
2025-04-09 11:38:45.233 69795 INFO tempest.lib.common.rest_client [req-5cf9dd1e-aa90-4278-a3fe-387f783cccc3 req-5cf9dd1e-aa90-4278-a3fe-387f783cccc3 ] Request (ListServerFiltersTestJSON:setUpClass): 200 GET http://10.180.1.21/compute/v2.1/servers/f9e131e0-417f-4baf-b7fd-a3547169fd41 0.509s
2025-04-09 11:38:45.272 69807 INFO tempest.lib.common.rest_client [req-f0a03488-f257-4734-89bd-629e541978a0 req-f0a03488-f257-4734-89bd-629e541978a0 ] Request (VolumesTestJSON:test_volume_list_with_detail_param_offset_and_limit): 200 GET http://10.180.1.21/compute/v2.1/os-volumes/detail 0.385s
2025-04-09 11:38:45.288 69851 INFO tempest.lib.common.rest_client [req-907fb221-036c-44ce-b077-4154a135271e req-907fb221-036c-44ce-b077-4154a135271e ] Request (AttachInterfacesTestJSON:test_create_list_show_delete_interfaces_by_fixed_ip): 200 GET http://10.180.1.21/compute/v2.1/servers/5b662da1-f32f-47da-a044-62f86557d784 0.424s
2025-04-09 11:38:45.361 69815 INFO tempest.lib.common.rest_client [req-0fee74b7-88f4-4e58-8591-71585fb9fd65 req-0fee74b7-88f4-4e58-8591-71585fb9fd65 ] Request (ServersAdmin275Test:_run_cleanups): 200 GET http://10.180.1.21/compute/v2.1/servers/3ca386ea-bb2d-412c-a855-399c4776feb2 0.440s
2025-04-09 11:38:45.373 69825 INFO tempest.lib.common.rest_client [req-932cdf46-2070-41dd-bc06-4b85cee73d97 req-932cdf46-2070-41dd-bc06-4b85cee73d97 ] Request (DeleteServersAdminTestJSON:test_delete_server_while_in_error_state): 200 GET http://10.180.1.21/compute/v2.1/servers/cc60a360-27cc-4c89-a040-4346787b381f 0.448s
2025-04-09 11:38:45.389 69831 INFO tempest.lib.common.rest_client [req-80ee8ca6-2e74-4c69-b6d5-694c1914e4c0 req-80ee8ca6-2e74-4c69-b6d5-694c1914e4c0 ] Request (FlavorsV2TestJSON:test_list_flavors_detailed_filter_by_min_disk): 200 GET http://10.180.1.21/compute/v2.1/flavors/42 0.310s
2025-04-09 11:38:45.397 69833 INFO tempest.lib.common.rest_client [req-aef97e88-85f3-4d3d-850a-cbec2bc0c490 req-aef97e88-85f3-4d3d-850a-cbec2bc0c490 ] Request (KeyPairsV2TestJSON:test_keypairs_create_list_delete): 200 POST http://10.180.1.21/compute/v2.1/os-keypairs 0.461s
2025-04-09 11:38:45.624 69795 INFO tempest.lib.common.rest_client [req-cef86d80-630e-4469-a8d8-45815f6dfa4e req-cef86d80-630e-4469-a8d8-45815f6dfa4e ] Request (ListServerFiltersTestJSON:setUpClass): 200 GET http://10.180.1.21/compute/v2.1/servers/60b53559-2eae-4f70-b76e-a12c8d522950 0.379s
2025-04-09 11:38:45.658 69805 INFO tempest.lib.common.rest_client [req-783c5e14-f3f8-4cf0-b8ff-bcac6095e697 req-783c5e14-f3f8-4cf0-b8ff-bcac6095e697 ] Request (ServerMetadataNegativeTestJSON:setUpClass): 200 GET http://10.180.1.21/compute/v2.1/servers/fb61d87f-5c4c-4c97-b224-d1033a8c5c83 0.539s
2025-04-09 11:38:45.691 69807 INFO tempest.lib.common.rest_client [req-f184b823-6684-4620-817e-137a4fa821b7 req-f184b823-6684-4620-817e-137a4fa821b7 ] Request (VolumesTestJSON:test_volume_list_with_detail_param_offset_and_limit): 200 GET http://10.180.1.21/compute/v2.1/os-volumes/detail?offset=1&limit=1 0.414s
2025-04-09 11:38:45.712 69791 INFO tempest.lib.common.rest_client [req-b08f5519-71af-4e34-8742-91e3a7ae925a req-b08f5519-71af-4e34-8742-91e3a7ae925a ] Request (ServerAddressesTestJSON:setUpClass): 201 POST http://10.180.1.21:9696/networking/v2.0/subnets 0.530s
2025-04-09 11:38:45.768 69801 INFO tempest.lib.common.rest_client [req-a1f3bb7e-f8c5-42cf-b543-9e2b7999f481 req-a1f3bb7e-f8c5-42cf-b543-9e2b7999f481 ] Request (InstanceActionsNegativeTestJSON:setUpClass): 200 GET http://10.180.1.21/compute/v2.1/servers/4d95802c-4632-4247-a0a6-7ec4bb6712bc 0.453s
2025-04-09 11:38:45.796 69831 INFO tempest.lib.common.rest_client [req-634b99d4-d64b-4c07-9eb4-93c1416c7bda req-634b99d4-d64b-4c07-9eb4-93c1416c7bda ] Request (FlavorsV2TestJSON:test_list_flavors_detailed_filter_by_min_disk): 200 GET http://10.180.1.21/compute/v2.1/flavors/detail?minDisk=2 0.405s
2025-04-09 11:38:45.840 69833 INFO tempest.lib.common.rest_client [req-3afb1a19-8068-4aa5-8318-45a89db2e905 req-3afb1a19-8068-4aa5-8318-45a89db2e905 ] Request (KeyPairsV2TestJSON:test_keypairs_create_list_delete): 200 POST http://10.180.1.21/compute/v2.1/os-keypairs 0.441s
2025-04-09 11:38:46.051 69813 INFO tempest.lib.common.rest_client [req-10ffbc6f-bfb5-4f8a-8cf6-31a6c0acd770 req-10ffbc6f-bfb5-4f8a-8cf6-31a6c0acd770 ] Request (VolumesAdminNegativeTest:test_update_attached_volume_with_nonexistent_volume_in_body): 200 GET http://10.180.1.21/compute/v2.1/servers/3a1465b0-4472-4e1f-b1ed-2487a25ce73d 0.807s
2025-04-09 11:38:46.059 69799 INFO tempest.lib.common.rest_client [req-53a38a85-a134-4666-8287-60857d60da82 req-53a38a85-a134-4666-8287-60857d60da82 ] Request (MigrationsAdminTest:test_list_migrations_in_flavor_resize_situation): 200 GET http://10.180.1.21/compute/v2.1/servers/fc09ea54-6b9a-46af-95f5-ab03122a00ee 0.611s
2025-04-09 11:38:46.103 69843 INFO tempest.lib.common.rest_client [req-289e835b-ea31-4490-84bd-308d4822573f req-289e835b-ea31-4490-84bd-308d4822573f ] Request (SecurityGroupRulesTestJSON:tearDownClass): 204 DELETE http://10.180.1.21:9696/networking/v2.0/routers/6e7ace43-4bb7-4eb2-9e77-62233dfa3a83 1.205s
2025-04-09 11:38:46.150 69793 INFO tempest.lib.common.rest_client [req-aa4f8c98-78d5-4035-a4fa-46b844d4563f req-aa4f8c98-78d5-4035-a4fa-46b844d4563f ] Request (FloatingIPsAssociationNegativeTestJSON:tearDownClass): 200 GET http://10.180.1.21/compute/v2.1/servers/78f33845-ef69-45e3-abb7-0db7ba212fdd 0.556s
2025-04-09 11:38:46.254 69821 INFO tempest.lib.common.rest_client [req-5c6c7b53-b9ba-4867-bca1-a1058c2b8ef8 req-5c6c7b53-b9ba-4867-bca1-a1058c2b8ef8 ] Request (ServerDiagnosticsNegativeTest:tearDownClass): 200 GET http://10.180.1.21/compute/v2.1/servers/25443750-5a62-4761-a992-6761814c445d 0.582s
2025-04-09 11:38:46.296 69827 INFO tempest.lib.common.rest_client [req-0c688429-5674-4c7a-a098-3b47e979f137 req-0c688429-5674-4c7a-a098-3b47e979f137 ] Request (SecurityGroupRulesNegativeTestJSON:tearDownClass): 200 PUT http://10.180.1.21:9696/networking/v2.0/routers/18c86753-650b-45e9-81fe-815cd4b281d3/remove_router_interface 2.105s
2025-04-09 11:38:46.317 69807 INFO tempest.lib.common.rest_client [req-984e7548-a7dc-4295-a3ec-4081f09d7899 req-984e7548-a7dc-4295-a3ec-4081f09d7899 ] Request (VolumesTestJSON:test_volume_list_with_details): 200 GET http://10.180.1.21/compute/v2.1/os-volumes/detail 0.623s
2025-04-09 11:38:46.326 69795 INFO tempest.lib.common.rest_client [req-fd53f40d-1de1-4e2d-a5ee-42fdf765c68c req-fd53f40d-1de1-4e2d-a5ee-42fdf765c68c ] Request (ListServerFiltersTestJSON:test_list_servers_detailed_filter_by_flavor): 200 GET http://10.180.1.21/compute/v2.1/servers/detail?flavor=84 0.689s
2025-04-09 11:38:46.377 69843 INFO tempest.lib.common.rest_client [req-9952f62c-64db-4758-bd39-644215364910 req-9952f62c-64db-4758-bd39-644215364910 ] Request (SecurityGroupRulesTestJSON:tearDownClass): 204 DELETE http://10.180.1.21:9696/networking/v2.0/subnets/cd88b161-a37c-4a63-b408-e7d09bff5e42 0.274s
2025-04-09 11:38:46.399 69807 INFO tempest.lib.common.rest_client [req-5743a77a-b992-4257-a5fd-014bb1a485ff req-5743a77a-b992-4257-a5fd-014bb1a485ff ] Request (VolumesTestJSON:tearDownClass): 202 DELETE http://10.180.1.21/volume/v3/volumes/b0489194-c795-4c82-860c-f97396dc61c5 0.069s
2025-04-09 11:38:46.431 69836 INFO tempest.lib.common.rest_client [req-815006d2-068f-40ac-96fd-ad9cbd20c635 req-815006d2-068f-40ac-96fd-ad9cbd20c635 ] Request (ServerDiskConfigTestJSON:test_rebuild_server_with_manual_disk_config): 200 GET http://10.180.1.21/compute/v2.1/servers/bf7f6c84-ceda-463a-a87a-47d3d37e5dab 0.672s
2025-04-09 11:38:46.444 69807 INFO tempest.lib.common.rest_client [req-e0765dd0-fd72-4f4c-98ff-201a75c84859 req-e0765dd0-fd72-4f4c-98ff-201a75c84859 ] Request (VolumesTestJSON:tearDownClass): 200 GET http://10.180.1.21/volume/v3/volumes/b0489194-c795-4c82-860c-f97396dc61c5 0.045s
2025-04-09 11:38:46.453 69831 INFO tempest.lib.common.rest_client [req-03672fca-a10b-4b58-ae22-9e046e602c5b req-03672fca-a10b-4b58-ae22-9e046e602c5b ] Request (FlavorsV2TestJSON:test_list_flavors_detailed_filter_by_min_ram): 200 GET http://10.180.1.21/compute/v2.1/flavors/42 0.652s
2025-04-09 11:38:46.467 69833 INFO tempest.lib.common.rest_client [req-3c2dcf7f-4899-4b0c-9d06-a8dbc0c3271c req-3c2dcf7f-4899-4b0c-9d06-a8dbc0c3271c ] Request (KeyPairsV2TestJSON:test_keypairs_create_list_delete): 200 GET http://10.180.1.21/compute/v2.1/os-keypairs 0.625s
2025-04-09 11:38:46.498 69803 INFO tempest.lib.common.rest_client [req-c86e3223-a1ab-4449-ac21-83804bd57756 req-c86e3223-a1ab-4449-ac21-83804bd57756 ] Request (ServerExternalEventsTest:test_create_server_external_events): 200 GET http://10.180.1.21/compute/v2.1/servers/2caaed18-e8a8-40e8-a8ac-60d4aea0e4fd 0.717s
2025-04-09 11:38:46.514 69803 INFO tempest.common.waiters [-] State transition "BUILD/block_device_mapping" ==> "BUILD/spawning" after 29 second wait
2025-04-09 11:38:46.565 69845 INFO tempest.lib.common.rest_client [req-0d11a2de-6e11-418e-b56f-fb4b7699ab62 req-0d11a2de-6e11-418e-b56f-fb4b7699ab62 ] Request (ImagesTestJSON:test_create_image_from_stopped_server): 200 GET http://10.180.1.21/compute/v2.1/servers/c8efdc90-e47b-4628-bfcb-143a0a958257 0.721s
2025-04-09 11:38:46.572 69823 INFO tempest.lib.common.rest_client [req-c8a93c93-52b7-4bd5-b21d-53728b827408 req-c8a93c93-52b7-4bd5-b21d-53728b827408 ] Request (ServerDiagnosticsV248Test:tearDownClass): 200 GET http://10.180.1.21/compute/v2.1/servers/d1eb6bed-1ed6-4243-8416-1083822cfa9f 0.711s
2025-04-09 11:38:46.636 69797 INFO tempest.lib.common.rest_client [req-e1a1a532-4f1c-4dfa-bc7e-f435aee3ada0 req-e1a1a532-4f1c-4dfa-bc7e-f435aee3ada0 ] Request (ServerDiagnosticsTest:test_get_server_diagnostics): 200 GET http://10.180.1.21/compute/v2.1/servers/b339634c-cd82-41af-93a1-05c780391709 0.657s
2025-04-09 11:38:46.640 69817 INFO tempest.lib.common.rest_client [req-80761547-bd2e-4ea4-904d-620d7f4270d8 req-80761547-bd2e-4ea4-904d-620d7f4270d8 ] Request (ServersAdminTestJSON:setUpClass): 200 GET http://10.180.1.21/compute/v2.1/servers/78e0c1fd-c336-4ca7-ba6e-d22b8d4a9f5d 0.742s
2025-04-09 11:38:46.677 69839 WARNING tempest.lib.common.ssh [-] Failed to establish authenticated ssh connection to cirros@10.180.180.144 ([Errno None] Unable to connect to port 22 on 10.180.180.144). Number attempts: 4. Retry after 5 seconds.: paramiko.ssh_exception.NoValidConnectionsError: [Errno None] Unable to connect to port 22 on 10.180.180.144
2025-04-09 11:38:46.698 69819 INFO tempest.lib.common.rest_client [req-12f95c41-40fe-4908-a0cc-db069f56029a req-12f95c41-40fe-4908-a0cc-db069f56029a ] Request (FloatingIPsAssociationTestJSON:test_associate_already_associated_floating_ip): 200 GET http://10.180.1.21/compute/v2.1/servers/4d89d5e2-ce5d-487c-be93-95d687f45ca6 0.684s
2025-04-09 11:38:46.720 69829 INFO tempest.lib.common.rest_client [req-395c162a-dc03-4af7-8835-def34fcbc0de req-395c162a-dc03-4af7-8835-def34fcbc0de ] Request (ServerActionsTestOtherB:setUpClass): 200 GET http://10.180.1.21/compute/v2.1/servers/86fa999a-071c-40b9-84f9-6bb0518de89f 0.656s
2025-04-09 11:38:46.882 69851 INFO tempest.lib.common.rest_client [req-0b4e93a3-4b76-4404-868b-989ba0cff079 req-0b4e93a3-4b76-4404-868b-989ba0cff079 ] Request (AttachInterfacesTestJSON:test_create_list_show_delete_interfaces_by_fixed_ip): 200 GET http://10.180.1.21/compute/v2.1/servers/5b662da1-f32f-47da-a044-62f86557d784 0.583s
2025-04-09 11:38:46.893 69851 INFO tempest.common.waiters [-] State transition "BUILD/spawning" ==> "ACTIVE/None" after 32 second wait
2025-04-09 11:38:46.947 69815 INFO tempest.lib.common.rest_client [req-2f08d858-c987-4377-a0d2-4590643879ce req-2f08d858-c987-4377-a0d2-4590643879ce ] Request (ServersAdmin275Test:_run_cleanups): 200 GET http://10.180.1.21/compute/v2.1/servers/3ca386ea-bb2d-412c-a855-399c4776feb2 0.573s
2025-04-09 11:38:46.974 69791 INFO tempest.lib.common.rest_client [req-91a25148-30e5-40e4-afaf-21575cd3bfbf req-91a25148-30e5-40e4-afaf-21575cd3bfbf ] Request (ServerAddressesTestJSON:setUpClass): 201 POST http://10.180.1.21:9696/networking/v2.0/routers 1.261s
2025-04-09 11:38:47.018 69825 INFO tempest.lib.common.rest_client [req-6c0b2a50-05db-4fda-a402-e7f030d51282 req-6c0b2a50-05db-4fda-a402-e7f030d51282 ] Request (DeleteServersAdminTestJSON:test_delete_server_while_in_error_state): 200 GET http://10.180.1.21/compute/v2.1/servers/cc60a360-27cc-4c89-a040-4346787b381f 0.631s
2025-04-09 11:38:47.032 69843 INFO tempest.lib.common.rest_client [req-21d5d066-7f1e-42c8-8f4e-42d956c7eafc req-21d5d066-7f1e-42c8-8f4e-42d956c7eafc ] Request (SecurityGroupRulesTestJSON:tearDownClass): 204 DELETE http://10.180.1.21:9696/networking/v2.0/networks/42fac894-375f-42b8-a144-61fdd668d61c 0.654s
2025-04-09 11:38:47.048 69795 INFO tempest.lib.common.rest_client [req-6552076a-7d5c-4cb5-8def-a039b0f53f08 req-6552076a-7d5c-4cb5-8def-a039b0f53f08 ] Request (ListServerFiltersTestJSON:test_list_servers_detailed_filter_by_server_name): 200 GET http://10.180.1.21/compute/v2.1/servers/detail?name=tempest-ListServerFiltersTestJSON-instance-520579550 0.703s
2025-04-09 11:38:47.055 69831 INFO tempest.lib.common.rest_client [req-403ba870-64fe-4176-bd96-b184d2940559 req-403ba870-64fe-4176-bd96-b184d2940559 ] Request (FlavorsV2TestJSON:test_list_flavors_detailed_filter_by_min_ram): 200 GET http://10.180.1.21/compute/v2.1/flavors/detail?minRam=193 0.599s
2025-04-09 11:38:47.073 69833 INFO tempest.lib.common.rest_client [req-c2a40115-80f6-456d-91ed-08901037af70 req-c2a40115-80f6-456d-91ed-08901037af70 ] Request (KeyPairsV2TestJSON:_run_cleanups): 202 DELETE http://10.180.1.21/compute/v2.1/os-keypairs/tempest-KeyPairsV2TestJSON-keypair-1563059529 0.603s
2025-04-09 11:38:47.137 69843 INFO tempest.lib.common.rest_client [req-ba4686f1-0e33-4868-b920-0a31a40314f9 req-ba4686f1-0e33-4868-b920-0a31a40314f9 ] Request (SecurityGroupRulesTestJSON:tearDownClass): 204 DELETE http://10.180.1.21/identity/v3/users/2ba8b2dcdd28445eaf03ffa91d5e456c 0.104s
2025-04-09 11:38:47.137 69843 INFO tempest.lib.common.dynamic_creds [-] Deleting project and security group for project: 07a880a39a5f4cb6af9deeafabca2b4d
2025-04-09 11:38:47.151 69801 INFO tempest.lib.common.rest_client [req-7870e4f5-4670-4beb-8f01-aa6105ac4f19 req-7870e4f5-4670-4beb-8f01-aa6105ac4f19 ] Request (InstanceActionsNegativeTestJSON:setUpClass): 200 GET http://10.180.1.21/compute/v2.1/servers/4d95802c-4632-4247-a0a6-7ec4bb6712bc 0.371s
2025-04-09 11:38:47.213 69827 INFO tempest.lib.common.rest_client [req-2321c9e4-df53-4644-8132-b5f3d2516f60 req-2321c9e4-df53-4644-8132-b5f3d2516f60 ] Request (SecurityGroupRulesNegativeTestJSON:tearDownClass): 204 DELETE http://10.180.1.21:9696/networking/v2.0/routers/18c86753-650b-45e9-81fe-815cd4b281d3 0.917s
2025-04-09 11:38:47.220 69843 INFO tempest.lib.common.rest_client [req-7330552e-918c-40d5-87b7-347b32845b04 req-7330552e-918c-40d5-87b7-347b32845b04 ] Request (SecurityGroupRulesTestJSON:tearDownClass): 200 GET http://10.180.1.21:9696/networking/v2.0/security-groups?tenant_id=07a880a39a5f4cb6af9deeafabca2b4d&name=default 0.083s
2025-04-09 11:38:47.246 69805 INFO tempest.lib.common.rest_client [req-7531cefa-c6f4-4d74-a6d5-66223479f2b8 req-7531cefa-c6f4-4d74-a6d5-66223479f2b8 ] Request (ServerMetadataNegativeTestJSON:setUpClass): 200 GET http://10.180.1.21/compute/v2.1/servers/fb61d87f-5c4c-4c97-b224-d1033a8c5c83 0.574s
2025-04-09 11:38:47.254 69811 WARNING tempest.lib.common.ssh [-] Failed to establish authenticated ssh connection to cirros@10.180.180.190 ([Errno None] Unable to connect to port 22 on 10.180.180.190). Number attempts: 2. Retry after 3 seconds.: paramiko.ssh_exception.NoValidConnectionsError: [Errno None] Unable to connect to port 22 on 10.180.180.190
2025-04-09 11:38:47.255 69805 INFO tempest.common.waiters [-] State transition "BUILD/spawning" ==> "ACTIVE/None" after 31 second wait
2025-04-09 11:38:47.257 69851 INFO tempest.lib.common.rest_client [req-4cdfcc94-108b-4850-be92-7a9844c1f3c4 req-4cdfcc94-108b-4850-be92-7a9844c1f3c4 ] Request (AttachInterfacesTestJSON:test_create_list_show_delete_interfaces_by_fixed_ip): 200 GET http://10.180.1.21/compute/v2.1/servers/5b662da1-f32f-47da-a044-62f86557d784/os-interface 0.363s
2025-04-09 11:38:47.261 69831 INFO tempest.lib.common.rest_client [req-802723ba-9d85-4837-b560-77410fe514df req-802723ba-9d85-4837-b560-77410fe514df ] Request (FlavorsV2TestJSON:test_list_flavors_detailed_limit_results): 200 GET http://10.180.1.21/compute/v2.1/flavors/detail?limit=1 0.201s
2025-04-09 11:38:47.331 69805 INFO tempest.lib.common.rest_client [req-f901325c-1976-47b3-abcc-c9391e096bde req-f901325c-1976-47b3-abcc-c9391e096bde ] Request (ServerMetadataNegativeTestJSON:test_create_server_metadata_blank_key): 201 POST http://10.180.1.21/identity/v3/auth/tokens 0.070s
2025-04-09 11:38:47.331 69805 INFO tempest.lib.common.fixed_network [-] (ServerMetadataNegativeTestJSON:test_create_server_metadata_blank_key) Found network {'id': '329f77fa-a541-4a3f-8ad8-aff8e723ee5d', 'name': 'tempest-ServerMetadataNegativeTestJSON-585279656-network', 'tenant_id': '07c1d86de83845d7a16461baa42e5a2f', 'admin_state_up': True, 'mtu': 8950, 'status': 'ACTIVE', 'subnets': [], 'shared': False, 'project_id': '07c1d86de83845d7a16461baa42e5a2f', 'port_security_enabled': True, 'router:external': False, 'provider:network_type': 'vlan', 'provider:physical_network': 'default', 'provider:segmentation_id': 102, 'availability_zone_hints': [], 'availability_zones': [], 'ipv4_address_scope': None, 'ipv6_address_scope': None, 'description': '', 'tags': [], 'created_at': '2025-04-09T11:38:04Z', 'updated_at': '2025-04-09T11:38:04Z', 'revision_number': 1} available for tenant
2025-04-09 11:38:47.472 69807 INFO tempest.lib.common.rest_client [req-2e942f15-817e-4907-86ad-25497ff58556 req-2e942f15-817e-4907-86ad-25497ff58556 ] Request (VolumesTestJSON:tearDownClass): 404 GET http://10.180.1.21/volume/v3/volumes/b0489194-c795-4c82-860c-f97396dc61c5 0.019s
2025-04-09 11:38:47.518 69843 INFO tempest.lib.common.rest_client [req-5cc5df2a-5d17-440c-980a-fe0a744f6ca8 req-5cc5df2a-5d17-440c-980a-fe0a744f6ca8 ] Request (SecurityGroupRulesTestJSON:tearDownClass): 204 DELETE http://10.180.1.21:9696/networking/v2.0/security-groups/5a6940ed-b631-44c9-8d7e-26c759fd8eca 0.296s
2025-04-09 11:38:47.523 69807 INFO tempest.lib.common.rest_client [req-3ab10076-6794-4722-9f12-73a67705b1eb req-3ab10076-6794-4722-9f12-73a67705b1eb ] Request (VolumesTestJSON:tearDownClass): 202 DELETE http://10.180.1.21/volume/v3/volumes/d7b8a71f-b22f-482b-a6a9-57f1e4edf453 0.050s
2025-04-09 11:38:47.565 69807 INFO tempest.lib.common.rest_client [req-a7237402-8b70-4d7b-b849-1ca758d32e85 req-a7237402-8b70-4d7b-b849-1ca758d32e85 ] Request (VolumesTestJSON:tearDownClass): 200 GET http://10.180.1.21/volume/v3/volumes/d7b8a71f-b22f-482b-a6a9-57f1e4edf453 0.042s
2025-04-09 11:38:47.600 69813 INFO tempest.lib.common.rest_client [req-b73a2ca4-ab37-4d7a-87ad-db717f4564fb req-b73a2ca4-ab37-4d7a-87ad-db717f4564fb ] Request (VolumesAdminNegativeTest:test_update_attached_volume_with_nonexistent_volume_in_body): 200 GET http://10.180.1.21/compute/v2.1/servers/3a1465b0-4472-4e1f-b1ed-2487a25ce73d 0.534s
2025-04-09 11:38:47.652 69827 INFO tempest.lib.common.rest_client [req-9e237264-1605-4b7e-8ce1-5087f0ae20db req-9e237264-1605-4b7e-8ce1-5087f0ae20db ] Request (SecurityGroupRulesNegativeTestJSON:tearDownClass): 204 DELETE http://10.180.1.21:9696/networking/v2.0/subnets/ac11fbe0-e7dc-4107-8b59-820ab09bf7d1 0.438s
2025-04-09 11:38:47.670 69843 INFO tempest.lib.common.rest_client [req-cf6a23c6-3ede-470d-bc8d-2fd33a9aceb8 req-cf6a23c6-3ede-470d-bc8d-2fd33a9aceb8 ] Request (SecurityGroupRulesTestJSON:tearDownClass): 204 DELETE http://10.180.1.21/identity/v3/projects/07a880a39a5f4cb6af9deeafabca2b4d 0.152s
2025-04-09 11:38:47.750 69843 INFO tempest.lib.common.rest_client [req-87bf7d26-174d-41cd-8666-bb177dfe7110 req-87bf7d26-174d-41cd-8666-bb177dfe7110 ] Request (SecurityGroupsTestJSON:setUpClass): 201 POST http://10.180.1.21/identity/v3/auth/tokens 0.078s
2025-04-09 11:38:47.781 69843 INFO tempest.lib.common.rest_client [req-0a0fb10c-3f6a-4e2b-9f14-58a9b50f4f49 req-0a0fb10c-3f6a-4e2b-9f14-58a9b50f4f49 ] Request (SecurityGroupsTestJSON:setUpClass): 201 POST http://10.180.1.21/identity/v3/auth/tokens 0.028s
2025-04-09 11:38:47.812 69843 INFO tempest.lib.common.rest_client [req-bd97fc2f-1184-4ebe-9641-6bf45ff5670c req-bd97fc2f-1184-4ebe-9641-6bf45ff5670c ] Request (SecurityGroupsTestJSON:setUpClass): 200 GET http://10.180.1.21/identity/v3/domains?name=Default 0.030s
2025-04-09 11:38:47.817 69789 INFO tempest.lib.common.rest_client [req-594a5d88-b3ec-4403-999d-d278620a4dfe req-594a5d88-b3ec-4403-999d-d278620a4dfe ] Request (ServersTestBootFromVolume:setUpClass): 200 PUT http://10.180.1.21:9696/networking/v2.0/routers/a8cabb0b-762e-4a9c-bcd5-2d558d81ab8a/add_router_interface 2.631s
2025-04-09 11:38:47.818 69789 INFO tempest.lib.common.dynamic_creds [-] Created isolated network resources for: credentials: Credentials: {'domain_id': 'default', 'domain_name': 'Default', 'username': 'tempest-ServersTestBootFromVolume-165190847-project-member', 'project_domain_id': 'default', 'project_domain_name': 'Default', 'project_id': '862bc954794d48df91c9cdd037018078', 'project_name': 'tempest-ServersTestBootFromVolume-165190847', 'tenant_id': '862bc954794d48df91c9cdd037018078', 'tenant_name': 'tempest-ServersTestBootFromVolume-165190847', 'user_domain_id': 'default', 'user_domain_name': 'Default', 'user_id': '58d5ea6de93c4edea507779999d7f39b', 'system': None}, Network: {'id': 'e987d9aa-5df9-4df2-a7c3-0bf5b2b63a56', 'name': 'tempest-ServersTestBootFromVolume-1132130834-network', 'tenant_id': '862bc954794d48df91c9cdd037018078', 'admin_state_up': True, 'mtu': 8950, 'status': 'ACTIVE', 'subnets': [], 'shared': False, 'project_id': '862bc954794d48df91c9cdd037018078', 'port_security_enabled': True, 'router:external': False, 'provider:network_type': 'vlan', 'provider:physical_network': 'default', 'provider:segmentation_id': 745, 'availability_zone_hints': [], 'availability_zones': [], 'ipv4_address_scope': None, 'ipv6_address_scope': None, 'description': '', 'tags': [], 'created_at': '2025-04-09T11:38:43Z', 'updated_at': '2025-04-09T11:38:43Z', 'revision_number': 1}, Subnet: {'id': '26f08f10-15be-427f-889e-02772ac3e91f', 'name': 'tempest-ServersTestBootFromVolume-1132130834-subnet', 'tenant_id': '862bc954794d48df91c9cdd037018078', 'network_id': 'e987d9aa-5df9-4df2-a7c3-0bf5b2b63a56', 'ip_version': 4, 'subnetpool_id': None, 'enable_dhcp': True, 'ipv6_ra_mode': None, 'ipv6_address_mode': None, 'gateway_ip': '192.168.128.1', 'cidr': '192.168.128.0/28', 'allocation_pools': [{'start': '192.168.128.2', 'end': '192.168.128.14'}], 'host_routes': [], 'dns_nameservers': [], 'description': '', 'router:external': False, 'service_types': [], 'tags': [], 'created_at': '2025-04-09T11:38:43Z', 'updated_at': '2025-04-09T11:38:43Z', 'revision_number': 0, 'project_id': '862bc954794d48df91c9cdd037018078'}, Router: {'id': 'a8cabb0b-762e-4a9c-bcd5-2d558d81ab8a', 'name': 'tempest-ServersTestBootFromVolume-1132130834-router', 'tenant_id': '862bc954794d48df91c9cdd037018078', 'admin_state_up': True, 'status': 'ACTIVE', 'external_gateway_info': {'network_id': '6303e908-bb4b-42bb-ae89-4ceee401f0b4', 'external_fixed_ips': [{'subnet_id': '947001cb-4020-4c0e-9a30-cd4c9320b22c', 'ip_address': '10.180.180.210'}], 'enable_snat': True}, 'description': '', 'availability_zones': [], 'distributed': False, 'ha': False, 'availability_zone_hints': [], 'routes': [], 'flavor_id': None, 'tags': [], 'created_at': '2025-04-09T11:38:44Z', 'updated_at': '2025-04-09T11:38:44Z', 'revision_number': 2, 'project_id': '862bc954794d48df91c9cdd037018078'}
2025-04-09 11:38:47.841 69799 INFO tempest.lib.common.rest_client [req-190e99f8-7b12-44fc-803f-989b5c017d67 req-190e99f8-7b12-44fc-803f-989b5c017d67 ] Request (MigrationsAdminTest:test_list_migrations_in_flavor_resize_situation): 200 GET http://10.180.1.21/compute/v2.1/servers/fc09ea54-6b9a-46af-95f5-ab03122a00ee 0.773s
2025-04-09 11:38:47.847 69843 INFO tempest.lib.common.rest_client [req-20501477-255a-434a-bd0e-3bbe4455c99e req-20501477-255a-434a-bd0e-3bbe4455c99e ] Request (SecurityGroupsTestJSON:setUpClass): 201 POST http://10.180.1.21/identity/v3/projects 0.035s
2025-04-09 11:38:47.860 69795 INFO tempest.lib.common.rest_client [req-72988eac-e3b1-4f70-8661-3285b20de53f req-72988eac-e3b1-4f70-8661-3285b20de53f ] Request (ListServerFiltersTestJSON:test_list_servers_detailed_filter_by_server_status): 200 GET http://10.180.1.21/compute/v2.1/servers/detail?status=active 0.792s
2025-04-09 11:38:47.867 69833 INFO tempest.lib.common.rest_client [req-6542a087-535a-4389-bd7d-c87ea5f525d1 req-6542a087-535a-4389-bd7d-c87ea5f525d1 ] Request (KeyPairsV2TestJSON:_run_cleanups): 202 DELETE http://10.180.1.21/compute/v2.1/os-keypairs/tempest-KeyPairsV2TestJSON-keypair-1557023510 0.793s
2025-04-09 11:38:47.890 69831 INFO tempest.lib.common.rest_client [req-16fddf93-5a9f-4713-8fcf-2121d98c7694 req-16fddf93-5a9f-4713-8fcf-2121d98c7694 ] Request (FlavorsV2TestJSON:test_list_flavors_detailed_using_marker): 200 GET http://10.180.1.21/compute/v2.1/flavors/42 0.621s
2025-04-09 11:38:47.905 69789 INFO tempest.lib.common.rest_client [req-f1023144-7f80-4d3f-8648-8558bab2a8ef req-f1023144-7f80-4d3f-8648-8558bab2a8ef ] Request (ServersTestBootFromVolume:setUpClass): 201 POST http://10.180.1.21/identity/v3/auth/tokens 0.084s
2025-04-09 11:38:47.930 69843 INFO tempest.lib.common.rest_client [req-beef03ad-1cc9-4665-8585-4cb60fc33eff req-beef03ad-1cc9-4665-8585-4cb60fc33eff ] Request (SecurityGroupsTestJSON:setUpClass): 201 POST http://10.180.1.21/identity/v3/users 0.083s
2025-04-09 11:38:47.950 69821 INFO tempest.lib.common.rest_client [req-9821fe09-e782-4a39-9af2-fc5679723c69 req-9821fe09-e782-4a39-9af2-fc5679723c69 ] Request (ServerDiagnosticsNegativeTest:tearDownClass): 200 GET http://10.180.1.21/compute/v2.1/servers/25443750-5a62-4761-a992-6761814c445d 0.678s
2025-04-09 11:38:47.956 69843 INFO tempest.lib.common.rest_client [req-8ee1681f-44ca-4402-8a01-967400baf8ba req-8ee1681f-44ca-4402-8a01-967400baf8ba ] Request (SecurityGroupsTestJSON:setUpClass): 200 GET http://10.180.1.21/identity/v3/roles 0.024s
2025-04-09 11:38:47.956 69793 INFO tempest.lib.common.rest_client [req-d33b1ce3-cbef-4fdb-bc0b-80e4c24d2227 req-d33b1ce3-cbef-4fdb-bc0b-80e4c24d2227 ] Request (FloatingIPsAssociationNegativeTestJSON:tearDownClass): 200 GET http://10.180.1.21/compute/v2.1/servers/78f33845-ef69-45e3-abb7-0db7ba212fdd 0.793s
2025-04-09 11:38:47.956 69805 INFO tempest.lib.common.rest_client [req-0a040199-ad72-457f-9a30-f3d03f6e7573 req-0a040199-ad72-457f-9a30-f3d03f6e7573 ] Request (ServerMetadataNegativeTestJSON:test_create_server_metadata_blank_key): 400 POST http://10.180.1.21/compute/v2.1/servers 0.624s
2025-04-09 11:38:48.003 69843 INFO tempest.lib.common.rest_client [req-9da19529-ea6f-42e0-9015-db7cccbb7694 req-9da19529-ea6f-42e0-9015-db7cccbb7694 ] Request (SecurityGroupsTestJSON:setUpClass): 204 PUT http://10.180.1.21/identity/v3/projects/93ba18b981f9411f8b8b59adf0e9942d/users/787bb87a54b0435e86222f2a795e5953/roles/259b7c5f0a234d9cbc8bdf95101db64c 0.047s
2025-04-09 11:38:48.004 69843 INFO tempest.lib.common.dynamic_creds [-] Dynamic test user 787bb87a54b0435e86222f2a795e5953 is created with scope project and roles: ['member']
2025-04-09 11:38:48.004 69843 INFO tempest.lib.common.dynamic_creds [-] Acquired dynamic creds: credentials: Credentials: {'domain_id': 'default', 'domain_name': 'Default', 'username': 'tempest-SecurityGroupsTestJSON-231780078-project-member', 'project_domain_id': 'default', 'project_domain_name': 'Default', 'project_id': '93ba18b981f9411f8b8b59adf0e9942d', 'project_name': 'tempest-SecurityGroupsTestJSON-231780078', 'tenant_id': '93ba18b981f9411f8b8b59adf0e9942d', 'tenant_name': 'tempest-SecurityGroupsTestJSON-231780078', 'user_domain_id': 'default', 'user_domain_name': 'Default', 'user_id': '787bb87a54b0435e86222f2a795e5953', 'system': None}, Network: None, Subnet: None, Router: None
2025-04-09 11:38:48.030 69836 INFO tempest.lib.common.rest_client [req-cd8542c9-57b0-4bbd-b46f-286c1e6c50af req-cd8542c9-57b0-4bbd-b46f-286c1e6c50af ] Request (ServerDiskConfigTestJSON:test_rebuild_server_with_manual_disk_config): 200 GET http://10.180.1.21/compute/v2.1/servers/bf7f6c84-ceda-463a-a87a-47d3d37e5dab 0.585s
2025-04-09 11:38:48.085 69843 INFO tempest.lib.common.rest_client [req-427a1ca2-bec7-44bb-90b0-10e452c28cf3 req-427a1ca2-bec7-44bb-90b0-10e452c28cf3 ] Request (SecurityGroupsTestJSON:setUpClass): 201 POST http://10.180.1.21/identity/v3/auth/tokens 0.081s
2025-04-09 11:38:48.110 69845 INFO tempest.lib.common.rest_client [req-e4955234-0c1f-4c38-a4b9-6c5d95c53911 req-e4955234-0c1f-4c38-a4b9-6c5d95c53911 ] Request (ImagesTestJSON:test_create_image_from_stopped_server): 200 GET http://10.180.1.21/compute/v2.1/servers/c8efdc90-e47b-4628-bfcb-143a0a958257 0.533s
2025-04-09 11:38:48.169 69803 INFO tempest.lib.common.rest_client [req-8776b4eb-8d54-433a-bc08-a6aa33e463c9 req-8776b4eb-8d54-433a-bc08-a6aa33e463c9 ] Request (ServerExternalEventsTest:test_create_server_external_events): 200 GET http://10.180.1.21/compute/v2.1/servers/2caaed18-e8a8-40e8-a8ac-60d4aea0e4fd 0.652s
2025-04-09 11:38:48.188 69827 INFO tempest.lib.common.rest_client [req-013e3657-5b36-45e9-8ba6-d4daa731ca97 req-013e3657-5b36-45e9-8ba6-d4daa731ca97 ] Request (SecurityGroupRulesNegativeTestJSON:tearDownClass): 204 DELETE http://10.180.1.21:9696/networking/v2.0/networks/3de36e29-7332-446a-851b-264dcbf47537 0.536s
2025-04-09 11:38:48.236 69823 INFO tempest.lib.common.rest_client [req-93f99ccd-db72-48d8-8f23-113e5c9b3e09 req-93f99ccd-db72-48d8-8f23-113e5c9b3e09 ] Request (ServerDiagnosticsV248Test:tearDownClass): 200 GET http://10.180.1.21/compute/v2.1/servers/d1eb6bed-1ed6-4243-8416-1083822cfa9f 0.651s
2025-04-09 11:38:48.255 69817 INFO tempest.lib.common.rest_client [req-09a12ffd-4d9b-484b-9704-cc6d80c2ab24 req-09a12ffd-4d9b-484b-9704-cc6d80c2ab24 ] Request (ServersAdminTestJSON:setUpClass): 200 GET http://10.180.1.21/compute/v2.1/servers/78e0c1fd-c336-4ca7-ba6e-d22b8d4a9f5d 0.606s
2025-04-09 11:38:48.293 69827 INFO tempest.lib.common.rest_client [req-785cbbfa-f498-42b3-97af-cc685ad44901 req-785cbbfa-f498-42b3-97af-cc685ad44901 ] Request (SecurityGroupRulesNegativeTestJSON:tearDownClass): 204 DELETE http://10.180.1.21/identity/v3/users/ab4410fb403448a7bec659178a92c4b2 0.104s
2025-04-09 11:38:48.293 69827 INFO tempest.lib.common.dynamic_creds [-] Deleting project and security group for project: 5a168a7e761d472abcbb1e9e068644a5
2025-04-09 11:38:48.318 69797 INFO tempest.lib.common.rest_client [req-82cb500c-7668-41df-9329-1bda0a1ebbf0 req-82cb500c-7668-41df-9329-1bda0a1ebbf0 ] Request (ServerDiagnosticsTest:test_get_server_diagnostics): 200 GET http://10.180.1.21/compute/v2.1/servers/b339634c-cd82-41af-93a1-05c780391709 0.668s
2025-04-09 11:38:48.327 69797 INFO tempest.common.waiters [-] State transition "BUILD/scheduling" ==> "BUILD/None" after 10 second wait
2025-04-09 11:38:48.371 69827 INFO tempest.lib.common.rest_client [req-04e5ed25-4c42-43b2-b5a4-8e10a5e58edf req-04e5ed25-4c42-43b2-b5a4-8e10a5e58edf ] Request (SecurityGroupRulesNegativeTestJSON:tearDownClass): 200 GET http://10.180.1.21:9696/networking/v2.0/security-groups?tenant_id=5a168a7e761d472abcbb1e9e068644a5&name=default 0.078s
