2025-04-09 11:40:27.815 69819 INFO tempest.lib.common.rest_client [req-aae7a069-27f7-4a24-b19b-fe0028000b86 req-aae7a069-27f7-4a24-b19b-fe0028000b86 ] Request (FloatingIPsAssociationTestJSON:tearDownClass): 200 GET http://10.180.1.21/compute/v2.1/servers/8449c056-fd63-4c95-b517-8fb2240182f3 0.259s
2025-04-09 11:40:27.876 69811 INFO tempest.lib.common.rest_client [req-f91fe734-9d65-4b1d-9c66-ee10a3e44907 req-f91fe734-9d65-4b1d-9c66-ee10a3e44907 ] Request (ServersWithSpecificFlavorTestJSON:test_verify_created_server_ephemeral_disk): 200 GET http://10.180.1.21/compute/v2.1/servers/34c39af5-e57e-4d02-a38b-3695e3ff4e08 0.275s
2025-04-09 11:40:27.921 69821 INFO tempest.lib.common.rest_client [req-fbd212a3-3c92-4ff5-a867-52917d2e65e9 req-fbd212a3-3c92-4ff5-a867-52917d2e65e9 ] Request (ServersAdminNegativeTestJSON:test_migrate_server_invalid_state): 200 GET http://10.180.1.21/compute/v2.1/servers/8d5328f4-63a9-4da8-8cc5-8f10dc2f63a5 0.275s
2025-04-09 11:40:27.945 69837 INFO tempest.lib.common.rest_client [req-babdc540-d8ca-4e9b-affb-1e1feeca01dc req-babdc540-d8ca-4e9b-affb-1e1feeca01dc ] Request (VolumesAssistedSnapshotsTest:_run_cleanups): 200 GET http://10.180.1.21/compute/v2.1/servers/02a2e207-94cf-48fc-92fb-701ccaa6dce8/os-volume_attachments 0.270s
2025-04-09 11:40:27.991 69803 INFO tempest.lib.common.rest_client [req-4f6aef6d-342b-4705-9b20-d8a2471ce8a1 req-4f6aef6d-342b-4705-9b20-d8a2471ce8a1 ] Request (ServerTagsTestJSON:setUpClass): 200 GET http://10.180.1.21/compute/v2.1/servers/de6a6647-9368-4d4f-8f42-fb49ab4f03f0 0.290s
2025-04-09 11:40:28.079 69805 INFO tempest.lib.common.rest_client [req-f83f1d33-e0f9-42ca-9b39-b7f4ecb7d4dc req-f83f1d33-e0f9-42ca-9b39-b7f4ecb7d4dc ] Request (ServersListShow296Test:tearDownClass): 204 DELETE http://10.180.1.21/compute/v2.1/servers/e82f0091-f698-418d-aa6f-966d756eade9 0.328s
2025-04-09 11:40:28.139 69831 INFO tempest.lib.common.rest_client [req-293e40c9-1699-4b33-9fa8-ff11bdce7f0c req-293e40c9-1699-4b33-9fa8-ff11bdce7f0c ] Request (AttachInterfacesV270Test:tearDownClass): 200 GET http://10.180.1.21/compute/v2.1/servers/b3f7ee3f-649f-4c28-b281-3f0e9bea9080 0.386s
2025-04-09 11:40:28.194 69839 INFO tempest.lib.common.rest_client [req-adac8ee5-6976-41b5-bea6-510ddbcea6bd req-adac8ee5-6976-41b5-bea6-510ddbcea6bd ] Request (AttachInterfacesUnderV243Test:_run_cleanups): 200 GET http://10.180.1.21/compute/v2.1/servers/f1d34676-2431-4872-be04-2893823d1799 0.391s
2025-04-09 11:40:28.242 69813 INFO tempest.lib.common.rest_client [req-bd3f09e5-2926-4c5b-a9c1-beb5f931d148 req-bd3f09e5-2926-4c5b-a9c1-beb5f931d148 ] Request (VolumesAdminNegativeTest:test_update_attached_volume_with_nonexistent_volume_in_uri): 200 GET http://10.180.1.21/compute/v2.1/servers/7f3b102d-8016-4479-a4c3-a8923dbad0c8 0.391s
2025-04-09 11:40:28.292 69797 INFO tempest.lib.common.rest_client [req-db2874df-d2bb-4a04-a00c-49bcaa79ade5 req-db2874df-d2bb-4a04-a00c-49bcaa79ade5 ] Request (ServersTestManualDisk:setUpClass): 200 GET http://10.180.1.21/compute/v2.1/servers/f4a956b4-8429-4a96-aa8b-e03c0cfdce4a 0.395s
2025-04-09 11:40:28.323 69845 INFO tempest.lib.common.rest_client [req-61a04169-6fea-421d-8d74-def534359255 req-61a04169-6fea-421d-8d74-def534359255 ] Request (ImagesTestJSON:test_create_image_from_suspended_server): 200 GET http://10.180.1.21/compute/v2.1/images/fa743b1c-1256-4cc8-a514-be48cdbc0484 0.399s
2025-04-09 11:40:28.369 69791 INFO tempest.lib.common.rest_client [req-e27ecc3f-e7c4-4d4f-a900-726ed468a966 req-e27ecc3f-e7c4-4d4f-a900-726ed468a966 ] Request (ServerRescueNegativeTestJSON:setUpClass): 200 GET http://10.180.1.21/compute/v2.1/servers/ca73261e-7ec6-46e5-a21a-1b0758d631a1 0.393s
2025-04-09 11:40:28.427 69795 INFO tempest.lib.common.rest_client [req-9d0b9477-e7c4-49ff-9659-bb4fb2e0e35c req-9d0b9477-e7c4-49ff-9659-bb4fb2e0e35c ] Request (ListServerFiltersTestJSON:tearDownClass): 200 GET http://10.180.1.21/compute/v2.1/servers/f9e131e0-417f-4baf-b7fd-a3547169fd41 0.388s
2025-04-09 11:40:28.490 69805 INFO tempest.lib.common.rest_client [req-fac67e29-0f1a-418d-9aa8-f8c8d5338f2f req-fac67e29-0f1a-418d-9aa8-f8c8d5338f2f ] Request (ServersListShow296Test:tearDownClass): 200 GET http://10.180.1.21/compute/v2.1/servers/e82f0091-f698-418d-aa6f-966d756eade9 0.410s
2025-04-09 11:40:28.538 69793 INFO tempest.lib.common.rest_client [req-ec8f6e7a-b539-4527-a32e-ec94fb5d21b1 req-ec8f6e7a-b539-4527-a32e-ec94fb5d21b1 ] Request (ServerRescueTestJSON:test_rescue_unrescue_instance): 200 GET http://10.180.1.21/compute/v2.1/servers/26c36bdd-1e0f-4752-8a53-f5ba3bd0a12c 0.451s
2025-04-09 11:40:28.592 69843 INFO tempest.lib.common.rest_client [req-1f424d4f-8882-4cc8-a5f5-d69aae772380 req-1f424d4f-8882-4cc8-a5f5-d69aae772380 ] Request (SecurityGroupsTestJSON:test_server_security_groups): 200 GET http://10.180.1.21/compute/v2.1/servers/1449565c-37c1-4dd9-ad9f-640870f7b4e8 0.436s
2025-04-09 11:40:28.639 69817 INFO tempest.lib.common.rest_client [req-f1dccaa1-f7ac-49bd-bd75-2a000b221a47 req-f1dccaa1-f7ac-49bd-bd75-2a000b221a47 ] Request (ServersAdminTestJSON:test_inject_network_info): 200 GET http://10.180.1.21/compute/v2.1/servers/24d731ee-6b5d-4253-998c-6fdd83696af1 0.438s
2025-04-09 11:40:28.688 69836 INFO tempest.lib.common.rest_client [req-6d63e6b6-7245-487f-ada9-c22a862e0de3 req-6d63e6b6-7245-487f-ada9-c22a862e0de3 ] Request (ServerDiskConfigTestJSON:test_resize_server_from_auto_to_manual): 200 GET http://10.180.1.21/compute/v2.1/servers/a5293aee-ba56-4387-ad43-48320ef0a18f 0.438s
2025-04-09 11:40:28.729 69829 INFO tempest.lib.common.rest_client [req-c4a6561a-f3b6-4d2c-b850-d1b5099ba692 req-c4a6561a-f3b6-4d2c-b850-d1b5099ba692 ] Request (ServerActionsTestOtherB:test_create_backup): 200 GET http://10.180.1.21/image/v2/images/f66a005b-8d82-42ac-9918-13ad6266f255 0.034s
2025-04-09 11:40:28.737 69799 INFO tempest.lib.common.rest_client [req-6abb83e6-1bee-4a1e-a6ec-98850b68fd80 req-6abb83e6-1bee-4a1e-a6ec-98850b68fd80 ] Request (MigrationsAdminTest:test_resize_server_revert_deleted_flavor): 200 GET http://10.180.1.21/compute/v2.1/servers/216d2a59-f25f-4d74-b956-1e1b68a95187 0.403s
2025-04-09 11:40:28.789 69825 INFO tempest.lib.common.rest_client [req-ca5c3a9f-cdce-4ffd-84a3-bcc1144757a0 req-ca5c3a9f-cdce-4ffd-84a3-bcc1144757a0 ] Request (ImagesOneServerTestJSON:setUpClass): 200 GET http://10.180.1.21/compute/v2.1/servers/e83bb82d-e0aa-4f28-b4c7-56f35b5de500 0.411s
2025-04-09 11:40:28.892 69827 INFO tempest.lib.common.rest_client [req-ca79b592-0cf0-4db1-870b-10e6c4877b14 req-ca79b592-0cf0-4db1-870b-10e6c4877b14 ] Request (ServersNegativeTestMultiTenantJSON:tearDownClass): 200 GET http://10.180.1.21/compute/v2.1/servers/85c9439a-5909-4e66-b300-3274ed11d2ac 0.468s
2025-04-09 11:40:28.939 69801 INFO tempest.lib.common.rest_client [req-cef8770a-eb9c-47df-ae5f-0cece7b35700 req-cef8770a-eb9c-47df-ae5f-0cece7b35700 ] Request (ServerActionsTestJSON:setUpClass): 200 GET http://10.180.1.21/compute/v2.1/servers/0a7f917c-2a24-46bc-8478-fa7f3d4e0f05 0.472s
2025-04-09 11:40:28.992 69823 INFO tempest.lib.common.rest_client [req-96bc7ea9-68c7-4eca-b764-a510eb298fe3 req-96bc7ea9-68c7-4eca-b764-a510eb298fe3 ] Request (ServerGroupTestJSON:_run_cleanups): 200 GET http://10.180.1.21/compute/v2.1/servers/1aa285be-8146-4e88-92a5-8fa76b067c4a 0.477s
2025-04-09 11:40:29.051 69819 INFO tempest.lib.common.rest_client [req-5e21dcc8-0695-4672-ac71-215d2b67510c req-5e21dcc8-0695-4672-ac71-215d2b67510c ] Request (FloatingIPsAssociationTestJSON:tearDownClass): 200 GET http://10.180.1.21/compute/v2.1/servers/8449c056-fd63-4c95-b517-8fb2240182f3 0.224s
2025-04-09 11:40:29.101 69811 INFO tempest.lib.common.rest_client [req-14198ef1-a5a9-45d8-9585-06422e26105f req-14198ef1-a5a9-45d8-9585-06422e26105f ] Request (ServersWithSpecificFlavorTestJSON:test_verify_created_server_ephemeral_disk): 200 GET http://10.180.1.21/compute/v2.1/servers/34c39af5-e57e-4d02-a38b-3695e3ff4e08 0.218s
2025-04-09 11:40:29.144 69821 INFO tempest.lib.common.rest_client [req-c4a722ab-3a6f-4af2-87f6-ef16cab21c3f req-c4a722ab-3a6f-4af2-87f6-ef16cab21c3f ] Request (ServersAdminNegativeTestJSON:test_migrate_server_invalid_state): 200 GET http://10.180.1.21/compute/v2.1/servers/8d5328f4-63a9-4da8-8cc5-8f10dc2f63a5 0.216s
2025-04-09 11:40:29.166 69837 INFO tempest.lib.common.rest_client [req-0e491b61-1dd9-4435-b0f7-5a43546de98d req-0e491b61-1dd9-4435-b0f7-5a43546de98d ] Request (VolumesAssistedSnapshotsTest:_run_cleanups): 200 GET http://10.180.1.21/compute/v2.1/servers/02a2e207-94cf-48fc-92fb-701ccaa6dce8/os-volume_attachments 0.219s
2025-04-09 11:40:29.211 69803 INFO tempest.lib.common.rest_client [req-bdbedd14-c86c-4a5d-8db7-7579f87655e0 req-bdbedd14-c86c-4a5d-8db7-7579f87655e0 ] Request (ServerTagsTestJSON:setUpClass): 200 GET http://10.180.1.21/compute/v2.1/servers/de6a6647-9368-4d4f-8f42-fb49ab4f03f0 0.210s
2025-04-09 11:40:29.262 69831 INFO tempest.lib.common.rest_client [req-2bce300c-2a97-476c-8886-81d7abd3b9ad req-2bce300c-2a97-476c-8886-81d7abd3b9ad ] Request (AttachInterfacesV270Test:tearDownClass): 200 GET http://10.180.1.21/compute/v2.1/servers/b3f7ee3f-649f-4c28-b281-3f0e9bea9080 0.113s
2025-04-09 11:40:29.320 69839 INFO tempest.lib.common.rest_client [req-958080d2-2875-4f7b-bfc1-24cb1578ee95 req-958080d2-2875-4f7b-bfc1-24cb1578ee95 ] Request (AttachInterfacesUnderV243Test:_run_cleanups): 200 GET http://10.180.1.21/compute/v2.1/servers/f1d34676-2431-4872-be04-2893823d1799 0.118s
2025-04-09 11:40:29.363 69813 INFO tempest.lib.common.rest_client [req-932e75a6-4790-42d7-bdeb-73ab5d63ed54 req-932e75a6-4790-42d7-bdeb-73ab5d63ed54 ] Request (VolumesAdminNegativeTest:test_update_attached_volume_with_nonexistent_volume_in_uri): 200 GET http://10.180.1.21/compute/v2.1/servers/7f3b102d-8016-4479-a4c3-a8923dbad0c8 0.113s
2025-04-09 11:40:29.412 69797 INFO tempest.lib.common.rest_client [req-18f6b015-73d2-4f18-891b-90d1a90f033b req-18f6b015-73d2-4f18-891b-90d1a90f033b ] Request (ServersTestManualDisk:setUpClass): 200 GET http://10.180.1.21/compute/v2.1/servers/f4a956b4-8429-4a96-aa8b-e03c0cfdce4a 0.112s
2025-04-09 11:40:29.438 69845 INFO tempest.lib.common.rest_client [req-07b1cb5b-0f1f-4b0a-aa63-3100db11a50d req-07b1cb5b-0f1f-4b0a-aa63-3100db11a50d ] Request (ImagesTestJSON:test_create_image_from_suspended_server): 200 GET http://10.180.1.21/compute/v2.1/images/fa743b1c-1256-4cc8-a514-be48cdbc0484 0.111s
2025-04-09 11:40:29.479 69791 INFO tempest.lib.common.rest_client [req-1e1490e2-f08e-4651-802a-ef1c088c88f5 req-1e1490e2-f08e-4651-802a-ef1c088c88f5 ] Request (ServerRescueNegativeTestJSON:setUpClass): 200 GET http://10.180.1.21/compute/v2.1/servers/ca73261e-7ec6-46e5-a21a-1b0758d631a1 0.102s
2025-04-09 11:40:29.525 69789 WARNING tempest.lib.common.ssh [-] Failed to establish authenticated ssh connection to cirros@10.180.180.157 ([Errno None] Unable to connect to port 22 on 10.180.180.157). Number attempts: 4. Retry after 5 seconds.: paramiko.ssh_exception.NoValidConnectionsError: [Errno None] Unable to connect to port 22 on 10.180.180.157
2025-04-09 11:40:29.529 69795 INFO tempest.lib.common.rest_client [req-f30d4c15-05b7-41de-9ef8-6e37ebb2453e req-f30d4c15-05b7-41de-9ef8-6e37ebb2453e ] Request (ListServerFiltersTestJSON:tearDownClass): 200 GET http://10.180.1.21/compute/v2.1/servers/f9e131e0-417f-4baf-b7fd-a3547169fd41 0.094s
2025-04-09 11:40:29.594 69805 INFO tempest.lib.common.rest_client [req-b23b359c-41aa-450e-86a7-7ce463f2bcc5 req-b23b359c-41aa-450e-86a7-7ce463f2bcc5 ] Request (ServersListShow296Test:tearDownClass): 200 GET http://10.180.1.21/compute/v2.1/servers/e82f0091-f698-418d-aa6f-966d756eade9 0.092s
2025-04-09 11:40:29.643 69793 INFO tempest.lib.common.rest_client [req-ca47ba8f-0fe5-4355-a700-6a6a0ffa7fa5 req-ca47ba8f-0fe5-4355-a700-6a6a0ffa7fa5 ] Request (ServerRescueTestJSON:test_rescue_unrescue_instance): 200 GET http://10.180.1.21/compute/v2.1/servers/26c36bdd-1e0f-4752-8a53-f5ba3bd0a12c 0.097s
2025-04-09 11:40:29.689 69843 INFO tempest.lib.common.rest_client [req-7f11517c-4b2b-4c88-9217-65c2e700f60f req-7f11517c-4b2b-4c88-9217-65c2e700f60f ] Request (SecurityGroupsTestJSON:test_server_security_groups): 200 GET http://10.180.1.21/compute/v2.1/servers/1449565c-37c1-4dd9-ad9f-640870f7b4e8 0.087s
2025-04-09 11:40:29.747 69817 INFO tempest.lib.common.rest_client [req-b7039956-2437-4113-8669-d289162f8728 req-b7039956-2437-4113-8669-d289162f8728 ] Request (ServersAdminTestJSON:test_inject_network_info): 200 GET http://10.180.1.21/compute/v2.1/servers/24d731ee-6b5d-4253-998c-6fdd83696af1 0.099s
2025-04-09 11:40:29.758 69829 INFO tempest.lib.common.rest_client [req-9abe4626-3510-406b-9978-f765a8a47ee4 req-9abe4626-3510-406b-9978-f765a8a47ee4 ] Request (ServerActionsTestOtherB:test_create_backup): 200 GET http://10.180.1.21/image/v2/images/f66a005b-8d82-42ac-9918-13ad6266f255 0.028s
2025-04-09 11:40:29.797 69836 INFO tempest.lib.common.rest_client [req-b59f7c56-3ca6-4e38-b1b5-d272a41c37f0 req-b59f7c56-3ca6-4e38-b1b5-d272a41c37f0 ] Request (ServerDiskConfigTestJSON:test_resize_server_from_auto_to_manual): 200 GET http://10.180.1.21/compute/v2.1/servers/a5293aee-ba56-4387-ad43-48320ef0a18f 0.101s
2025-04-09 11:40:29.845 69799 INFO tempest.lib.common.rest_client [req-e731766e-9844-46d6-9746-9d7ec0a49782 req-e731766e-9844-46d6-9746-9d7ec0a49782 ] Request (MigrationsAdminTest:test_resize_server_revert_deleted_flavor): 200 GET http://10.180.1.21/compute/v2.1/servers/216d2a59-f25f-4d74-b956-1e1b68a95187 0.099s
2025-04-09 11:40:29.890 69825 INFO tempest.lib.common.rest_client [req-735cf48c-a320-4048-8a11-e50ea4964b5b req-735cf48c-a320-4048-8a11-e50ea4964b5b ] Request (ImagesOneServerTestJSON:setUpClass): 200 GET http://10.180.1.21/compute/v2.1/servers/e83bb82d-e0aa-4f28-b4c7-56f35b5de500 0.093s
2025-04-09 11:40:29.957 69827 INFO tempest.lib.common.rest_client [req-545459fd-5ec4-4466-8576-ee764e383d64 req-545459fd-5ec4-4466-8576-ee764e383d64 ] Request (ServersNegativeTestMultiTenantJSON:tearDownClass): 200 GET http://10.180.1.21/compute/v2.1/servers/85c9439a-5909-4e66-b300-3274ed11d2ac 0.056s
2025-04-09 11:40:30.002 69801 INFO tempest.lib.common.rest_client [req-dfad0613-159d-4fc2-ab96-35aab133491f req-dfad0613-159d-4fc2-ab96-35aab133491f ] Request (ServerActionsTestJSON:setUpClass): 200 GET http://10.180.1.21/compute/v2.1/servers/0a7f917c-2a24-46bc-8478-fa7f3d4e0f05 0.055s
2025-04-09 11:40:30.057 69823 INFO tempest.lib.common.rest_client [req-b7ea5c1e-a562-459d-93ed-14f2c35010a7 req-b7ea5c1e-a562-459d-93ed-14f2c35010a7 ] Request (ServerGroupTestJSON:_run_cleanups): 200 GET http://10.180.1.21/compute/v2.1/servers/1aa285be-8146-4e88-92a5-8fa76b067c4a 0.056s
2025-04-09 11:40:30.117 69819 INFO tempest.lib.common.rest_client [req-d09ee568-8b31-4b2a-a601-178898e55f36 req-d09ee568-8b31-4b2a-a601-178898e55f36 ] Request (FloatingIPsAssociationTestJSON:tearDownClass): 200 GET http://10.180.1.21/compute/v2.1/servers/8449c056-fd63-4c95-b517-8fb2240182f3 0.057s
2025-04-09 11:40:30.167 69811 INFO tempest.lib.common.rest_client [req-812f4bc6-897b-44ab-af8a-34748eaeb460 req-812f4bc6-897b-44ab-af8a-34748eaeb460 ] Request (ServersWithSpecificFlavorTestJSON:test_verify_created_server_ephemeral_disk): 200 GET http://10.180.1.21/compute/v2.1/servers/34c39af5-e57e-4d02-a38b-3695e3ff4e08 0.058s
2025-04-09 11:40:30.213 69821 INFO tempest.lib.common.rest_client [req-3ec5da52-98b1-420d-8e83-ade6c2071e40 req-3ec5da52-98b1-420d-8e83-ade6c2071e40 ] Request (ServersAdminNegativeTestJSON:test_migrate_server_invalid_state): 200 GET http://10.180.1.21/compute/v2.1/servers/8d5328f4-63a9-4da8-8cc5-8f10dc2f63a5 0.060s
2025-04-09 11:40:30.239 69837 INFO tempest.lib.common.rest_client [req-be7fcff6-b35e-4d69-b5d1-e3b11fd02f69 req-be7fcff6-b35e-4d69-b5d1-e3b11fd02f69 ] Request (VolumesAssistedSnapshotsTest:_run_cleanups): 200 GET http://10.180.1.21/compute/v2.1/servers/02a2e207-94cf-48fc-92fb-701ccaa6dce8/os-volume_attachments 0.070s
2025-04-09 11:40:30.289 69803 INFO tempest.lib.common.rest_client [req-d8e99dbd-e93f-446f-b099-ebb01fe5fd54 req-d8e99dbd-e93f-446f-b099-ebb01fe5fd54 ] Request (ServerTagsTestJSON:setUpClass): 200 GET http://10.180.1.21/compute/v2.1/servers/de6a6647-9368-4d4f-8f42-fb49ab4f03f0 0.068s
2025-04-09 11:40:30.348 69831 INFO tempest.lib.common.rest_client [req-a4e5ea2a-a816-4f31-821a-a9145b9d0e0d req-a4e5ea2a-a816-4f31-821a-a9145b9d0e0d ] Request (AttachInterfacesV270Test:tearDownClass): 200 GET http://10.180.1.21/compute/v2.1/servers/b3f7ee3f-649f-4c28-b281-3f0e9bea9080 0.076s
2025-04-09 11:40:30.403 69839 INFO tempest.lib.common.rest_client [req-20766e79-4458-4931-848c-9e7c807a927e req-20766e79-4458-4931-848c-9e7c807a927e ] Request (AttachInterfacesUnderV243Test:_run_cleanups): 200 GET http://10.180.1.21/compute/v2.1/servers/f1d34676-2431-4872-be04-2893823d1799 0.074s
2025-04-09 11:40:30.450 69813 INFO tempest.lib.common.rest_client [req-7e4c2e47-65af-4e9f-ac6a-d1e48aa32844 req-7e4c2e47-65af-4e9f-ac6a-d1e48aa32844 ] Request (VolumesAdminNegativeTest:test_update_attached_volume_with_nonexistent_volume_in_uri): 200 GET http://10.180.1.21/compute/v2.1/servers/7f3b102d-8016-4479-a4c3-a8923dbad0c8 0.080s
2025-04-09 11:40:30.502 69797 INFO tempest.lib.common.rest_client [req-19fe01f4-80d5-444f-ab2d-156256f859eb req-19fe01f4-80d5-444f-ab2d-156256f859eb ] Request (ServersTestManualDisk:setUpClass): 200 GET http://10.180.1.21/compute/v2.1/servers/f4a956b4-8429-4a96-aa8b-e03c0cfdce4a 0.082s
2025-04-09 11:40:30.542 69845 INFO tempest.lib.common.rest_client [req-f3ba25cd-4d24-4f99-8877-8c29f7b18749 req-f3ba25cd-4d24-4f99-8877-8c29f7b18749 ] Request (ImagesTestJSON:test_create_image_from_suspended_server): 200 GET http://10.180.1.21/compute/v2.1/images/fa743b1c-1256-4cc8-a514-be48cdbc0484 0.101s
2025-04-09 11:40:30.594 69791 INFO tempest.lib.common.rest_client [req-27849d06-67bd-4108-8c47-3db9c925adfe req-27849d06-67bd-4108-8c47-3db9c925adfe ] Request (ServerRescueNegativeTestJSON:setUpClass): 200 GET http://10.180.1.21/compute/v2.1/servers/ca73261e-7ec6-46e5-a21a-1b0758d631a1 0.106s
2025-04-09 11:40:30.674 69795 INFO tempest.lib.common.rest_client [req-1a3bdfe9-7684-4d0a-b7a9-4f7f252274b8 req-1a3bdfe9-7684-4d0a-b7a9-4f7f252274b8 ] Request (ListServerFiltersTestJSON:tearDownClass): 200 GET http://10.180.1.21/compute/v2.1/servers/f9e131e0-417f-4baf-b7fd-a3547169fd41 0.137s
2025-04-09 11:40:30.740 69805 INFO tempest.lib.common.rest_client [req-08debf3e-3f0b-4bab-aca8-00157a490ed2 req-08debf3e-3f0b-4bab-aca8-00157a490ed2 ] Request (ServersListShow296Test:tearDownClass): 200 GET http://10.180.1.21/compute/v2.1/servers/e82f0091-f698-418d-aa6f-966d756eade9 0.136s
2025-04-09 11:40:30.773 69829 INFO tempest.lib.common.rest_client [req-29aba249-1907-4c8a-998b-6cd30c01b501 req-29aba249-1907-4c8a-998b-6cd30c01b501 ] Request (ServerActionsTestOtherB:test_create_backup): 200 GET http://10.180.1.21/image/v2/images/f66a005b-8d82-42ac-9918-13ad6266f255 0.014s
2025-04-09 11:40:30.789 69793 INFO tempest.lib.common.rest_client [req-53fe6a13-51da-45d5-8496-ff849a09f3e4 req-53fe6a13-51da-45d5-8496-ff849a09f3e4 ] Request (ServerRescueTestJSON:test_rescue_unrescue_instance): 200 GET http://10.180.1.21/compute/v2.1/servers/26c36bdd-1e0f-4752-8a53-f5ba3bd0a12c 0.138s
2025-04-09 11:40:30.846 69843 INFO tempest.lib.common.rest_client [req-6b63e4d9-be3a-4f87-acee-d4c456b6c5d2 req-6b63e4d9-be3a-4f87-acee-d4c456b6c5d2 ] Request (SecurityGroupsTestJSON:test_server_security_groups): 200 GET http://10.180.1.21/compute/v2.1/servers/1449565c-37c1-4dd9-ad9f-640870f7b4e8 0.148s
2025-04-09 11:40:30.900 69817 INFO tempest.lib.common.rest_client [req-d5345a54-dee6-4db8-98a4-048de1fdca59 req-d5345a54-dee6-4db8-98a4-048de1fdca59 ] Request (ServersAdminTestJSON:test_inject_network_info): 200 GET http://10.180.1.21/compute/v2.1/servers/24d731ee-6b5d-4253-998c-6fdd83696af1 0.144s
2025-04-09 11:40:30.948 69836 INFO tempest.lib.common.rest_client [req-9e751fd5-9e32-4b02-8214-33261d76e7a9 req-9e751fd5-9e32-4b02-8214-33261d76e7a9 ] Request (ServerDiskConfigTestJSON:test_resize_server_from_auto_to_manual): 200 GET http://10.180.1.21/compute/v2.1/servers/a5293aee-ba56-4387-ad43-48320ef0a18f 0.143s
2025-04-09 11:40:30.955 69836 INFO tempest.common.waiters [-] State transition "BUILD/None" ==> "BUILD/networking" after 55 second wait
2025-04-09 11:40:31.025 69799 INFO tempest.lib.common.rest_client [req-37b1fd94-68d1-4f0c-ad40-6eac08d80b1e req-37b1fd94-68d1-4f0c-ad40-6eac08d80b1e ] Request (MigrationsAdminTest:test_resize_server_revert_deleted_flavor): 200 GET http://10.180.1.21/compute/v2.1/servers/216d2a59-f25f-4d74-b956-1e1b68a95187 0.172s
2025-04-09 11:40:31.072 69825 INFO tempest.lib.common.rest_client [req-14bda7a3-8566-4357-9aef-cf8c08b96df2 req-14bda7a3-8566-4357-9aef-cf8c08b96df2 ] Request (ImagesOneServerTestJSON:setUpClass): 200 GET http://10.180.1.21/compute/v2.1/servers/e83bb82d-e0aa-4f28-b4c7-56f35b5de500 0.175s
2025-04-09 11:40:31.129 69827 INFO tempest.lib.common.rest_client [req-989ad5d1-22cf-42f1-b990-86eff4e2802f req-989ad5d1-22cf-42f1-b990-86eff4e2802f ] Request (ServersNegativeTestMultiTenantJSON:tearDownClass): 200 GET http://10.180.1.21/compute/v2.1/servers/85c9439a-5909-4e66-b300-3274ed11d2ac 0.164s
2025-04-09 11:40:31.182 69801 INFO tempest.lib.common.rest_client [req-a56e9351-b3f2-4184-868a-1fe7a444f5f8 req-a56e9351-b3f2-4184-868a-1fe7a444f5f8 ] Request (ServerActionsTestJSON:setUpClass): 200 GET http://10.180.1.21/compute/v2.1/servers/0a7f917c-2a24-46bc-8478-fa7f3d4e0f05 0.171s
2025-04-09 11:40:31.244 69823 INFO tempest.lib.common.rest_client [req-9e70d8ba-2db9-467b-96eb-10b9f7e4347b req-9e70d8ba-2db9-467b-96eb-10b9f7e4347b ] Request (ServerGroupTestJSON:_run_cleanups): 200 GET http://10.180.1.21/compute/v2.1/servers/1aa285be-8146-4e88-92a5-8fa76b067c4a 0.179s
2025-04-09 11:40:31.300 69819 INFO tempest.lib.common.rest_client [req-0f1ca004-680f-41f4-b5bd-3b0b8680ad9a req-0f1ca004-680f-41f4-b5bd-3b0b8680ad9a ] Request (FloatingIPsAssociationTestJSON:tearDownClass): 200 GET http://10.180.1.21/compute/v2.1/servers/8449c056-fd63-4c95-b517-8fb2240182f3 0.175s
2025-04-09 11:40:31.355 69811 INFO tempest.lib.common.rest_client [req-4ef15f8c-20fa-4a9f-b3a1-daf232c5a669 req-4ef15f8c-20fa-4a9f-b3a1-daf232c5a669 ] Request (ServersWithSpecificFlavorTestJSON:test_verify_created_server_ephemeral_disk): 200 GET http://10.180.1.21/compute/v2.1/servers/34c39af5-e57e-4d02-a38b-3695e3ff4e08 0.179s
2025-04-09 11:40:31.400 69821 INFO tempest.lib.common.rest_client [req-5fd5231d-2f4e-4353-a9bf-438dce78e825 req-5fd5231d-2f4e-4353-a9bf-438dce78e825 ] Request (ServersAdminNegativeTestJSON:test_migrate_server_invalid_state): 200 GET http://10.180.1.21/compute/v2.1/servers/8d5328f4-63a9-4da8-8cc5-8f10dc2f63a5 0.179s
2025-04-09 11:40:31.427 69837 INFO tempest.lib.common.rest_client [req-a088dcbc-8f3c-4d9c-9cff-a1b7c30daabe req-a088dcbc-8f3c-4d9c-9cff-a1b7c30daabe ] Request (VolumesAssistedSnapshotsTest:_run_cleanups): 200 GET http://10.180.1.21/compute/v2.1/servers/02a2e207-94cf-48fc-92fb-701ccaa6dce8/os-volume_attachments 0.186s
2025-04-09 11:40:31.483 69803 INFO tempest.lib.common.rest_client [req-658a2952-e9f6-493e-b694-77068a075be2 req-658a2952-e9f6-493e-b694-77068a075be2 ] Request (ServerTagsTestJSON:setUpClass): 200 GET http://10.180.1.21/compute/v2.1/servers/de6a6647-9368-4d4f-8f42-fb49ab4f03f0 0.185s
2025-04-09 11:40:31.540 69831 INFO tempest.lib.common.rest_client [req-e9303834-9bae-4dd7-9368-28ead47a4107 req-e9303834-9bae-4dd7-9368-28ead47a4107 ] Request (AttachInterfacesV270Test:tearDownClass): 200 GET http://10.180.1.21/compute/v2.1/servers/b3f7ee3f-649f-4c28-b281-3f0e9bea9080 0.181s
2025-04-09 11:40:31.612 69839 INFO tempest.lib.common.rest_client [req-3ae58208-476d-48bf-bcf2-32066048e935 req-3ae58208-476d-48bf-bcf2-32066048e935 ] Request (AttachInterfacesUnderV243Test:_run_cleanups): 200 GET http://10.180.1.21/compute/v2.1/servers/f1d34676-2431-4872-be04-2893823d1799 0.201s
2025-04-09 11:40:31.675 69813 INFO tempest.lib.common.rest_client [req-2f8c8533-8cf2-4c4b-bc0c-582de33977eb req-2f8c8533-8cf2-4c4b-bc0c-582de33977eb ] Request (VolumesAdminNegativeTest:test_update_attached_volume_with_nonexistent_volume_in_uri): 200 GET http://10.180.1.21/compute/v2.1/servers/7f3b102d-8016-4479-a4c3-a8923dbad0c8 0.217s
2025-04-09 11:40:31.738 69797 INFO tempest.lib.common.rest_client [req-5e5ade9f-18ef-42ba-86b4-2fdbb781cf73 req-5e5ade9f-18ef-42ba-86b4-2fdbb781cf73 ] Request (ServersTestManualDisk:setUpClass): 200 GET http://10.180.1.21/compute/v2.1/servers/f4a956b4-8429-4a96-aa8b-e03c0cfdce4a 0.227s
2025-04-09 11:40:31.810 69829 INFO tempest.lib.common.rest_client [req-79596fb8-e9f8-43d9-a2ac-b805469c8e4e req-79596fb8-e9f8-43d9-a2ac-b805469c8e4e ] Request (ServerActionsTestOtherB:test_create_backup): 200 GET http://10.180.1.21/image/v2/images/f66a005b-8d82-42ac-9918-13ad6266f255 0.035s
2025-04-09 11:40:31.819 69845 INFO tempest.lib.common.rest_client [req-31635951-7cd2-4e71-9d29-944cfbdcb6e9 req-31635951-7cd2-4e71-9d29-944cfbdcb6e9 ] Request (ImagesTestJSON:test_create_image_from_suspended_server): 200 GET http://10.180.1.21/compute/v2.1/images/fa743b1c-1256-4cc8-a514-be48cdbc0484 0.272s
2025-04-09 11:40:31.869 69791 INFO tempest.lib.common.rest_client [req-a2e390a5-a959-4cbe-899d-846e63195445 req-a2e390a5-a959-4cbe-899d-846e63195445 ] Request (ServerRescueNegativeTestJSON:setUpClass): 200 GET http://10.180.1.21/compute/v2.1/servers/ca73261e-7ec6-46e5-a21a-1b0758d631a1 0.264s
2025-04-09 11:40:31.970 69795 INFO tempest.lib.common.rest_client [req-b4b1f2b2-a7b6-4902-b3cd-78ae00eb09a8 req-b4b1f2b2-a7b6-4902-b3cd-78ae00eb09a8 ] Request (ListServerFiltersTestJSON:tearDownClass): 200 GET http://10.180.1.21/compute/v2.1/servers/f9e131e0-417f-4baf-b7fd-a3547169fd41 0.287s
2025-04-09 11:40:32.052 69805 INFO tempest.lib.common.rest_client [req-35a54886-e37d-463c-a735-c55b5b588371 req-35a54886-e37d-463c-a735-c55b5b588371 ] Request (ServersListShow296Test:tearDownClass): 200 GET http://10.180.1.21/compute/v2.1/servers/e82f0091-f698-418d-aa6f-966d756eade9 0.301s
2025-04-09 11:40:32.113 69793 INFO tempest.lib.common.rest_client [req-becafe49-20b2-49e0-8d91-4c83f249daba req-becafe49-20b2-49e0-8d91-4c83f249daba ] Request (ServerRescueTestJSON:test_rescue_unrescue_instance): 200 GET http://10.180.1.21/compute/v2.1/servers/26c36bdd-1e0f-4752-8a53-f5ba3bd0a12c 0.315s
2025-04-09 11:40:32.160 69843 INFO tempest.lib.common.rest_client [req-43d2b4d7-e826-4360-b42b-3e345309bab8 req-43d2b4d7-e826-4360-b42b-3e345309bab8 ] Request (SecurityGroupsTestJSON:test_server_security_groups): 200 GET http://10.180.1.21/compute/v2.1/servers/1449565c-37c1-4dd9-ad9f-640870f7b4e8 0.305s
2025-04-09 11:40:32.208 69817 INFO tempest.lib.common.rest_client [req-4d0da2ce-b87c-44c7-b708-ec4db64d05f2 req-4d0da2ce-b87c-44c7-b708-ec4db64d05f2 ] Request (ServersAdminTestJSON:test_inject_network_info): 200 GET http://10.180.1.21/compute/v2.1/servers/24d731ee-6b5d-4253-998c-6fdd83696af1 0.299s
2025-04-09 11:40:32.336 69836 INFO tempest.lib.common.rest_client [req-5574758a-c2d5-4e6f-b33e-868c5dfcf098 req-5574758a-c2d5-4e6f-b33e-868c5dfcf098 ] Request (ServerDiskConfigTestJSON:test_resize_server_from_auto_to_manual): 200 GET http://10.180.1.21/compute/v2.1/servers/a5293aee-ba56-4387-ad43-48320ef0a18f 0.379s
2025-04-09 11:40:32.344 69836 INFO tempest.common.waiters [-] State transition "BUILD/networking" ==> "BUILD/spawning" after 57 second wait
2025-04-09 11:40:32.385 69799 INFO tempest.lib.common.rest_client [req-ab4c592e-0db6-4203-b2da-619eecfb64db req-ab4c592e-0db6-4203-b2da-619eecfb64db ] Request (MigrationsAdminTest:test_resize_server_revert_deleted_flavor): 200 GET http://10.180.1.21/compute/v2.1/servers/216d2a59-f25f-4d74-b956-1e1b68a95187 0.349s
2025-04-09 11:40:32.438 69825 INFO tempest.lib.common.rest_client [req-d6d3678a-f25e-4ef3-9abe-ee8935fca2d3 req-d6d3678a-f25e-4ef3-9abe-ee8935fca2d3 ] Request (ImagesOneServerTestJSON:setUpClass): 200 GET http://10.180.1.21/compute/v2.1/servers/e83bb82d-e0aa-4f28-b4c7-56f35b5de500 0.357s
2025-04-09 11:40:32.505 69827 INFO tempest.lib.common.rest_client [req-f2a3825a-1032-43e9-ade4-d44a9f816306 req-f2a3825a-1032-43e9-ade4-d44a9f816306 ] Request (ServersNegativeTestMultiTenantJSON:tearDownClass): 200 GET http://10.180.1.21/compute/v2.1/servers/85c9439a-5909-4e66-b300-3274ed11d2ac 0.365s
2025-04-09 11:40:32.559 69801 INFO tempest.lib.common.rest_client [req-25acec9a-d6b5-46a2-832e-d5061e691c36 req-25acec9a-d6b5-46a2-832e-d5061e691c36 ] Request (ServerActionsTestJSON:setUpClass): 200 GET http://10.180.1.21/compute/v2.1/servers/0a7f917c-2a24-46bc-8478-fa7f3d4e0f05 0.367s
2025-04-09 11:40:32.900 69823 INFO tempest.lib.common.rest_client [req-48dbec13-7751-41af-a89a-afd85a0cf0b0 req-48dbec13-7751-41af-a89a-afd85a0cf0b0 ] Request (ServerGroupTestJSON:_run_cleanups): 200 GET http://10.180.1.21/compute/v2.1/servers/1aa285be-8146-4e88-92a5-8fa76b067c4a 0.648s
2025-04-09 11:40:32.993 69819 INFO tempest.lib.common.rest_client [req-c4b65af2-2e23-42ce-874f-ec76a32f7929 req-c4b65af2-2e23-42ce-874f-ec76a32f7929 ] Request (FloatingIPsAssociationTestJSON:tearDownClass): 200 GET http://10.180.1.21/compute/v2.1/servers/8449c056-fd63-4c95-b517-8fb2240182f3 0.682s
2025-04-09 11:40:33.046 69811 INFO tempest.lib.common.rest_client [req-01367f86-cb7c-4dc2-9b37-9d4fabf3ca7c req-01367f86-cb7c-4dc2-9b37-9d4fabf3ca7c ] Request (ServersWithSpecificFlavorTestJSON:test_verify_created_server_ephemeral_disk): 200 GET http://10.180.1.21/compute/v2.1/servers/34c39af5-e57e-4d02-a38b-3695e3ff4e08 0.682s
2025-04-09 11:40:33.095 69821 INFO tempest.lib.common.rest_client [req-fd64ba8b-8137-4a0c-962c-ce4392ae2487 req-fd64ba8b-8137-4a0c-962c-ce4392ae2487 ] Request (ServersAdminNegativeTestJSON:test_migrate_server_invalid_state): 200 GET http://10.180.1.21/compute/v2.1/servers/8d5328f4-63a9-4da8-8cc5-8f10dc2f63a5 0.687s
2025-04-09 11:40:33.123 69837 INFO tempest.lib.common.rest_client [req-5723d2ff-39da-4c68-9398-54a846083952 req-5723d2ff-39da-4c68-9398-54a846083952 ] Request (VolumesAssistedSnapshotsTest:_run_cleanups): 200 GET http://10.180.1.21/compute/v2.1/servers/02a2e207-94cf-48fc-92fb-701ccaa6dce8/os-volume_attachments 0.693s
2025-04-09 11:40:33.173 69837 INFO tempest.lib.common.rest_client [req-66eebbc8-0a9f-4fef-9cbb-144a111f1a5a req-66eebbc8-0a9f-4fef-9cbb-144a111f1a5a ] Request (VolumesAssistedSnapshotsTest:_run_cleanups): 200 GET http://10.180.1.21/volume/v3/volumes/9a989c71-06d3-4cfa-bb1a-a6b20f4e5af3 0.049s
2025-04-09 11:40:33.176 69803 INFO tempest.lib.common.rest_client [req-d5a772e3-483a-4c39-b1e5-9a0ba913bcf7 req-d5a772e3-483a-4c39-b1e5-9a0ba913bcf7 ] Request (ServerTagsTestJSON:setUpClass): 200 GET http://10.180.1.21/compute/v2.1/servers/de6a6647-9368-4d4f-8f42-fb49ab4f03f0 0.681s
2025-04-09 11:40:33.182 69837 INFO tempest.common.waiters [-] volume 9a989c71-06d3-4cfa-bb1a-a6b20f4e5af3 reached available after waiting for 0.182236 seconds
2025-04-09 11:40:33.189 69803 INFO tempest.common.waiters [-] State transition "BUILD/None" ==> "BUILD/networking" after 57 second wait
2025-04-09 11:40:33.245 69831 INFO tempest.lib.common.rest_client [req-a54909a0-c5a9-41a0-ac02-108560d17670 req-a54909a0-c5a9-41a0-ac02-108560d17670 ] Request (AttachInterfacesV270Test:tearDownClass): 200 GET http://10.180.1.21/compute/v2.1/servers/b3f7ee3f-649f-4c28-b281-3f0e9bea9080 0.691s
2025-04-09 11:40:33.263 69837 INFO tempest.lib.common.rest_client [req-6ca571c6-9ae0-4cee-892b-f7ba66f42009 req-6ca571c6-9ae0-4cee-892b-f7ba66f42009 ] Request (VolumesAssistedSnapshotsTest:_run_cleanups): 202 DELETE http://10.180.1.21/volume/v3/volumes/9a989c71-06d3-4cfa-bb1a-a6b20f4e5af3 0.080s
2025-04-09 11:40:33.293 69837 INFO tempest.lib.common.rest_client [req-02c42154-58a1-44ff-af36-2d35a8ed65b6 req-02c42154-58a1-44ff-af36-2d35a8ed65b6 ] Request (VolumesAssistedSnapshotsTest:_run_cleanups): 200 GET http://10.180.1.21/volume/v3/volumes/9a989c71-06d3-4cfa-bb1a-a6b20f4e5af3 0.029s
2025-04-09 11:40:33.310 69839 INFO tempest.lib.common.rest_client [req-8490079e-d1de-41a4-9d73-bd4da28fc4b4 req-8490079e-d1de-41a4-9d73-bd4da28fc4b4 ] Request (AttachInterfacesUnderV243Test:_run_cleanups): 200 GET http://10.180.1.21/compute/v2.1/servers/f1d34676-2431-4872-be04-2893823d1799 0.683s
2025-04-09 11:40:33.360 69813 INFO tempest.lib.common.rest_client [req-ba0204fd-bd7e-4e10-95c5-d7d251c12a63 req-ba0204fd-bd7e-4e10-95c5-d7d251c12a63 ] Request (VolumesAdminNegativeTest:test_update_attached_volume_with_nonexistent_volume_in_uri): 200 GET http://10.180.1.21/compute/v2.1/servers/7f3b102d-8016-4479-a4c3-a8923dbad0c8 0.676s
2025-04-09 11:40:33.412 69797 INFO tempest.lib.common.rest_client [req-80042290-e2c8-41aa-8b68-6bbb0f2099cc req-80042290-e2c8-41aa-8b68-6bbb0f2099cc ] Request (ServersTestManualDisk:setUpClass): 200 GET http://10.180.1.21/compute/v2.1/servers/f4a956b4-8429-4a96-aa8b-e03c0cfdce4a 0.659s
2025-04-09 11:40:34.089 69851 INFO tempest.lib.common.rest_client [req-fbd6099e-9229-4595-bcda-d58d67c65d5c req-fbd6099e-9229-4595-bcda-d58d67c65d5c ] Request (AttachInterfacesTestJSON:test_create_list_show_delete_interfaces_by_fixed_ip): 200 POST http://10.180.1.21/compute/v2.1/servers/5b662da1-f32f-47da-a044-62f86557d784/os-interface 9.250s
2025-04-09 11:40:34.174 69791 INFO tempest.lib.common.rest_client [req-492b5194-e946-4480-9e11-769a8901a8fd req-492b5194-e946-4480-9e11-769a8901a8fd ] Request (ServerRescueNegativeTestJSON:setUpClass): 200 GET http://10.180.1.21/compute/v2.1/servers/ca73261e-7ec6-46e5-a21a-1b0758d631a1 1.298s
2025-04-09 11:40:34.283 69795 INFO tempest.lib.common.rest_client [req-4f248bdb-73d6-4637-8ddf-d4b9fcebfb23 req-4f248bdb-73d6-4637-8ddf-d4b9fcebfb23 ] Request (ListServerFiltersTestJSON:tearDownClass): 200 GET http://10.180.1.21/compute/v2.1/servers/f9e131e0-417f-4baf-b7fd-a3547169fd41 1.302s
2025-04-09 11:40:34.350 69837 INFO tempest.lib.common.rest_client [req-778ffbc0-f562-4647-b0de-81696729f3e2 req-778ffbc0-f562-4647-b0de-81696729f3e2 ] Request (VolumesAssistedSnapshotsTest:_run_cleanups): 200 GET http://10.180.1.21/volume/v3/volumes/9a989c71-06d3-4cfa-bb1a-a6b20f4e5af3 0.047s
2025-04-09 11:40:34.375 69805 INFO tempest.lib.common.rest_client [req-a641f71a-e676-4c94-9909-953d45bc72e6 req-a641f71a-e676-4c94-9909-953d45bc72e6 ] Request (ServersListShow296Test:tearDownClass): 200 GET http://10.180.1.21/compute/v2.1/servers/e82f0091-f698-418d-aa6f-966d756eade9 1.311s
2025-04-09 11:40:34.385 69805 INFO tempest.common.waiters [-] State transition "ACTIVE/deleting" ==> "DELETED/None" after 6 second wait
2025-04-09 11:40:34.429 69793 INFO tempest.lib.common.rest_client [req-c85d5ea0-e9be-46c7-8afa-1f02ef7d2dc5 req-c85d5ea0-e9be-46c7-8afa-1f02ef7d2dc5 ] Request (ServerRescueTestJSON:test_rescue_unrescue_instance): 200 GET http://10.180.1.21/compute/v2.1/servers/26c36bdd-1e0f-4752-8a53-f5ba3bd0a12c 1.308s
2025-04-09 11:40:34.481 69843 INFO tempest.lib.common.rest_client [req-02d61d04-541e-4bd4-8823-bd79c0093ed5 req-02d61d04-541e-4bd4-8823-bd79c0093ed5 ] Request (SecurityGroupsTestJSON:test_server_security_groups): 200 GET http://10.180.1.21/compute/v2.1/servers/1449565c-37c1-4dd9-ad9f-640870f7b4e8 1.313s
2025-04-09 11:40:34.530 69817 INFO tempest.lib.common.rest_client [req-7436f9c6-b231-42d0-a5d4-eee7c24690c7 req-7436f9c6-b231-42d0-a5d4-eee7c24690c7 ] Request (ServersAdminTestJSON:test_inject_network_info): 200 GET http://10.180.1.21/compute/v2.1/servers/24d731ee-6b5d-4253-998c-6fdd83696af1 1.314s
2025-04-09 11:40:34.633 69836 INFO tempest.lib.common.rest_client [req-8daf39da-e967-4532-87a2-ca248a20d891 req-8daf39da-e967-4532-87a2-ca248a20d891 ] Request (ServerDiskConfigTestJSON:test_resize_server_from_auto_to_manual): 200 GET http://10.180.1.21/compute/v2.1/servers/a5293aee-ba56-4387-ad43-48320ef0a18f 1.288s
2025-04-09 11:40:34.683 69799 INFO tempest.lib.common.rest_client [req-f5c92cec-b0e6-4e11-a734-4e70c529d1d0 req-f5c92cec-b0e6-4e11-a734-4e70c529d1d0 ] Request (MigrationsAdminTest:test_resize_server_revert_deleted_flavor): 200 GET http://10.180.1.21/compute/v2.1/servers/216d2a59-f25f-4d74-b956-1e1b68a95187 1.290s
2025-04-09 11:40:34.732 69825 INFO tempest.lib.common.rest_client [req-5cfa6dd5-1948-49b1-8a1b-4917e96d8c5a req-5cfa6dd5-1948-49b1-8a1b-4917e96d8c5a ] Request (ImagesOneServerTestJSON:setUpClass): 200 GET http://10.180.1.21/compute/v2.1/servers/e83bb82d-e0aa-4f28-b4c7-56f35b5de500 1.286s
2025-04-09 11:40:34.796 69827 INFO tempest.lib.common.rest_client [req-2ffeb49b-0bb6-4aac-8b09-dc818e198e02 req-2ffeb49b-0bb6-4aac-8b09-dc818e198e02 ] Request (ServersNegativeTestMultiTenantJSON:tearDownClass): 200 GET http://10.180.1.21/compute/v2.1/servers/85c9439a-5909-4e66-b300-3274ed11d2ac 1.282s
2025-04-09 11:40:34.846 69801 INFO tempest.lib.common.rest_client [req-42b8c6e3-b98b-40a5-b2a2-06e0ab75c56a req-42b8c6e3-b98b-40a5-b2a2-06e0ab75c56a ] Request (ServerActionsTestJSON:setUpClass): 200 GET http://10.180.1.21/compute/v2.1/servers/0a7f917c-2a24-46bc-8478-fa7f3d4e0f05 1.277s
2025-04-09 11:40:34.901 69823 INFO tempest.lib.common.rest_client [req-41cbe951-f2c9-4a5f-b710-cb6ca8374c99 req-41cbe951-f2c9-4a5f-b710-cb6ca8374c99 ] Request (ServerGroupTestJSON:_run_cleanups): 200 GET http://10.180.1.21/compute/v2.1/servers/1aa285be-8146-4e88-92a5-8fa76b067c4a 0.988s
2025-04-09 11:40:34.958 69819 INFO tempest.lib.common.rest_client [req-95612292-118c-4dc9-b0fc-1765d11582ae req-95612292-118c-4dc9-b0fc-1765d11582ae ] Request (FloatingIPsAssociationTestJSON:tearDownClass): 200 GET http://10.180.1.21/compute/v2.1/servers/8449c056-fd63-4c95-b517-8fb2240182f3 0.956s
2025-04-09 11:40:35.012 69811 INFO tempest.lib.common.rest_client [req-a25edcce-b8d3-427a-a02d-587d864f1324 req-a25edcce-b8d3-427a-a02d-587d864f1324 ] Request (ServersWithSpecificFlavorTestJSON:test_verify_created_server_ephemeral_disk): 200 GET http://10.180.1.21/compute/v2.1/servers/34c39af5-e57e-4d02-a38b-3695e3ff4e08 0.955s
2025-04-09 11:40:35.088 69851 INFO tempest.lib.common.rest_client [req-0fc085e2-1892-487e-88ff-3ca081bf7a80 req-0fc085e2-1892-487e-88ff-3ca081bf7a80 ] Request (AttachInterfacesTestJSON:test_create_list_show_delete_interfaces_by_fixed_ip): 200 GET http://10.180.1.21/compute/v2.1/servers/5b662da1-f32f-47da-a044-62f86557d784/os-interface/bb445d69-262a-4061-b458-1cadaa39561e 0.994s
2025-04-09 11:40:35.142 69821 INFO tempest.lib.common.rest_client [req-cbd274af-7ad3-491a-9fcb-4f3400f208a9 req-cbd274af-7ad3-491a-9fcb-4f3400f208a9 ] Request (ServersAdminNegativeTestJSON:test_migrate_server_invalid_state): 200 GET http://10.180.1.21/compute/v2.1/servers/8d5328f4-63a9-4da8-8cc5-8f10dc2f63a5 1.039s
2025-04-09 11:40:35.270 69803 INFO tempest.lib.common.rest_client [req-b378a9b0-7e7c-42e2-8a7b-aa9cfdb858b0 req-b378a9b0-7e7c-42e2-8a7b-aa9cfdb858b0 ] Request (ServerTagsTestJSON:setUpClass): 200 GET http://10.180.1.21/compute/v2.1/servers/de6a6647-9368-4d4f-8f42-fb49ab4f03f0 1.079s
2025-04-09 11:40:35.281 69803 INFO tempest.common.waiters [-] State transition "BUILD/networking" ==> "BUILD/spawning" after 59 second wait
2025-04-09 11:40:35.347 69831 INFO tempest.lib.common.rest_client [req-b83dce95-d966-4b43-979f-0762b6320ef9 req-b83dce95-d966-4b43-979f-0762b6320ef9 ] Request (AttachInterfacesV270Test:tearDownClass): 200 GET http://10.180.1.21/compute/v2.1/servers/b3f7ee3f-649f-4c28-b281-3f0e9bea9080 1.090s
2025-04-09 11:40:35.398 69837 INFO tempest.lib.common.rest_client [req-afd3ff6a-4891-4739-b70a-0e0b0a82da34 req-afd3ff6a-4891-4739-b70a-0e0b0a82da34 ] Request (VolumesAssistedSnapshotsTest:_run_cleanups): 200 GET http://10.180.1.21/volume/v3/volumes/9a989c71-06d3-4cfa-bb1a-a6b20f4e5af3 0.039s
2025-04-09 11:40:35.412 69839 INFO tempest.lib.common.rest_client [req-2450ff28-ec7c-40f6-9b36-4b661e89c519 req-2450ff28-ec7c-40f6-9b36-4b661e89c519 ] Request (AttachInterfacesUnderV243Test:_run_cleanups): 200 GET http://10.180.1.21/compute/v2.1/servers/f1d34676-2431-4872-be04-2893823d1799 1.094s
2025-04-09 11:40:35.470 69813 INFO tempest.lib.common.rest_client [req-2848df9d-81b9-490b-a4ab-4b17acc0dce0 req-2848df9d-81b9-490b-a4ab-4b17acc0dce0 ] Request (VolumesAdminNegativeTest:test_update_attached_volume_with_nonexistent_volume_in_uri): 200 GET http://10.180.1.21/compute/v2.1/servers/7f3b102d-8016-4479-a4c3-a8923dbad0c8 1.100s
2025-04-09 11:40:35.533 69797 INFO tempest.lib.common.rest_client [req-4fe88109-0885-4ea2-8757-08cc6b5b3248 req-4fe88109-0885-4ea2-8757-08cc6b5b3248 ] Request (ServersTestManualDisk:setUpClass): 200 GET http://10.180.1.21/compute/v2.1/servers/f4a956b4-8429-4a96-aa8b-e03c0cfdce4a 1.112s
2025-04-09 11:40:35.616 69851 INFO tempest.lib.common.rest_client [req-a96103a5-820b-4a0c-a60e-7e9791387610 req-a96103a5-820b-4a0c-a60e-7e9791387610 ] Request (AttachInterfacesTestJSON:test_create_list_show_delete_interfaces_by_fixed_ip): 200 GET http://10.180.1.21/compute/v2.1/servers/5b662da1-f32f-47da-a044-62f86557d784/os-interface 0.526s
2025-04-09 11:40:35.684 69791 INFO tempest.lib.common.rest_client [req-1c179c8c-810b-4ac7-abfa-91eb0f7200a9 req-1c179c8c-810b-4ac7-abfa-91eb0f7200a9 ] Request (ServerRescueNegativeTestJSON:setUpClass): 200 GET http://10.180.1.21/compute/v2.1/servers/ca73261e-7ec6-46e5-a21a-1b0758d631a1 0.501s
2025-04-09 11:40:35.779 69795 INFO tempest.lib.common.rest_client [req-063f3ee7-75c4-41cb-9e88-1f422cca029c req-063f3ee7-75c4-41cb-9e88-1f422cca029c ] Request (ListServerFiltersTestJSON:tearDownClass): 200 GET http://10.180.1.21/compute/v2.1/servers/f9e131e0-417f-4baf-b7fd-a3547169fd41 0.488s
2025-04-09 11:40:35.903 69805 INFO tempest.lib.common.rest_client [req-e735abe7-dcb8-40fb-83cb-89a208639327 req-e735abe7-dcb8-40fb-83cb-89a208639327 ] Request (ServersListShow296Test:tearDownClass): 200 GET http://10.180.1.21/compute/v2.1/servers/e82f0091-f698-418d-aa6f-966d756eade9 0.518s
2025-04-09 11:40:35.951 69793 INFO tempest.lib.common.rest_client [req-a521e2f7-2a88-466f-be24-a255e92c6500 req-a521e2f7-2a88-466f-be24-a255e92c6500 ] Request (ServerRescueTestJSON:test_rescue_unrescue_instance): 200 GET http://10.180.1.21/compute/v2.1/servers/26c36bdd-1e0f-4752-8a53-f5ba3bd0a12c 0.513s
2025-04-09 11:40:35.997 69843 INFO tempest.lib.common.rest_client [req-08311c29-b091-4bc4-9191-9703a9eda21f req-08311c29-b091-4bc4-9191-9703a9eda21f ] Request (SecurityGroupsTestJSON:test_server_security_groups): 200 GET http://10.180.1.21/compute/v2.1/servers/1449565c-37c1-4dd9-ad9f-640870f7b4e8 0.509s
2025-04-09 11:40:36.047 69817 INFO tempest.lib.common.rest_client [req-b92d2d11-9143-429f-9664-ecc45f5c4255 req-b92d2d11-9143-429f-9664-ecc45f5c4255 ] Request (ServersAdminTestJSON:test_inject_network_info): 200 GET http://10.180.1.21/compute/v2.1/servers/24d731ee-6b5d-4253-998c-6fdd83696af1 0.510s
2025-04-09 11:40:36.125 69851 INFO tempest.lib.common.rest_client [req-2eaa6efa-e0c8-45d3-9893-b3b9f7c3f318 req-2eaa6efa-e0c8-45d3-9893-b3b9f7c3f318 ] Request (AttachInterfacesTestJSON:test_create_list_show_delete_interfaces_by_fixed_ip): 200 GET http://10.180.1.21/compute/v2.1/servers/5b662da1-f32f-47da-a044-62f86557d784/os-interface/fb585ff8-b5d7-4c07-9b75-ac1a9a6ca8c5 0.506s
2025-04-09 11:40:36.318 69836 INFO tempest.lib.common.rest_client [req-f250e2fa-1236-49f4-86b6-8443d18d0511 req-f250e2fa-1236-49f4-86b6-8443d18d0511 ] Request (ServerDiskConfigTestJSON:test_resize_server_from_auto_to_manual): 200 GET http://10.180.1.21/compute/v2.1/servers/a5293aee-ba56-4387-ad43-48320ef0a18f 0.677s
2025-04-09 11:40:36.362 69799 INFO tempest.lib.common.rest_client [req-0466be46-80fd-47c1-b0b9-cd444d8cc714 req-0466be46-80fd-47c1-b0b9-cd444d8cc714 ] Request (MigrationsAdminTest:test_resize_server_revert_deleted_flavor): 200 GET http://10.180.1.21/compute/v2.1/servers/216d2a59-f25f-4d74-b956-1e1b68a95187 0.671s
2025-04-09 11:40:36.369 69799 INFO tempest.common.waiters [-] State transition "BUILD/None" ==> "BUILD/networking" after 59 second wait
2025-04-09 11:40:36.413 69825 INFO tempest.lib.common.rest_client [req-8a7c45be-fb46-48de-a411-338fc429eb7e req-8a7c45be-fb46-48de-a411-338fc429eb7e ] Request (ImagesOneServerTestJSON:setUpClass): 200 GET http://10.180.1.21/compute/v2.1/servers/e83bb82d-e0aa-4f28-b4c7-56f35b5de500 0.674s
2025-04-09 11:40:36.430 69837 INFO tempest.lib.common.rest_client [req-9459e200-0903-40a2-b801-0409cd30e90c req-9459e200-0903-40a2-b801-0409cd30e90c ] Request (VolumesAssistedSnapshotsTest:_run_cleanups): 404 GET http://10.180.1.21/volume/v3/volumes/9a989c71-06d3-4cfa-bb1a-a6b20f4e5af3 0.025s
2025-04-09 11:40:36.506 69827 INFO tempest.lib.common.rest_client [req-479f0199-7335-4626-8598-24ea8b0ccaab req-479f0199-7335-4626-8598-24ea8b0ccaab ] Request (ServersNegativeTestMultiTenantJSON:tearDownClass): 200 GET http://10.180.1.21/compute/v2.1/servers/85c9439a-5909-4e66-b300-3274ed11d2ac 0.701s
2025-04-09 11:40:36.564 69801 INFO tempest.lib.common.rest_client [req-f32bf026-798e-4e4d-befe-17c2335ff037 req-f32bf026-798e-4e4d-befe-17c2335ff037 ] Request (ServerActionsTestJSON:setUpClass): 200 GET http://10.180.1.21/compute/v2.1/servers/0a7f917c-2a24-46bc-8478-fa7f3d4e0f05 0.710s
2025-04-09 11:40:36.631 69823 INFO tempest.lib.common.rest_client [req-79116575-1aff-4346-9e59-0ee0399080b8 req-79116575-1aff-4346-9e59-0ee0399080b8 ] Request (ServerGroupTestJSON:_run_cleanups): 200 GET http://10.180.1.21/compute/v2.1/servers/1aa285be-8146-4e88-92a5-8fa76b067c4a 0.722s
2025-04-09 11:40:36.693 69819 INFO tempest.lib.common.rest_client [req-214546b5-082e-49f6-bebd-3874474d16a3 req-214546b5-082e-49f6-bebd-3874474d16a3 ] Request (FloatingIPsAssociationTestJSON:tearDownClass): 200 GET http://10.180.1.21/compute/v2.1/servers/8449c056-fd63-4c95-b517-8fb2240182f3 0.728s
2025-04-09 11:40:36.757 69811 INFO tempest.lib.common.rest_client [req-1998323a-1382-4635-8605-f9d7fe01034f req-1998323a-1382-4635-8605-f9d7fe01034f ] Request (ServersWithSpecificFlavorTestJSON:test_verify_created_server_ephemeral_disk): 200 GET http://10.180.1.21/compute/v2.1/servers/34c39af5-e57e-4d02-a38b-3695e3ff4e08 0.736s
2025-04-09 11:40:36.825 69851 INFO tempest.lib.common.rest_client [req-90de6912-4dd0-4383-bc7a-6380d8687530 req-90de6912-4dd0-4383-bc7a-6380d8687530 ] Request (AttachInterfacesTestJSON:test_create_list_show_delete_interfaces_by_fixed_ip): 202 DELETE http://10.180.1.21/compute/v2.1/servers/5b662da1-f32f-47da-a044-62f86557d784/os-interface/bb445d69-262a-4061-b458-1cadaa39561e 0.699s
2025-04-09 11:40:36.899 69821 INFO tempest.lib.common.rest_client [req-1efaa1a0-63df-4896-9d91-3a9547bad72b req-1efaa1a0-63df-4896-9d91-3a9547bad72b ] Request (ServersAdminNegativeTestJSON:test_migrate_server_invalid_state): 200 GET http://10.180.1.21/compute/v2.1/servers/8d5328f4-63a9-4da8-8cc5-8f10dc2f63a5 0.749s
2025-04-09 11:40:37.105 69803 INFO tempest.lib.common.rest_client [req-7f894c12-67d9-4a32-9640-458c7f3ceea7 req-7f894c12-67d9-4a32-9640-458c7f3ceea7 ] Request (ServerTagsTestJSON:setUpClass): 200 GET http://10.180.1.21/compute/v2.1/servers/de6a6647-9368-4d4f-8f42-fb49ab4f03f0 0.822s
2025-04-09 11:40:37.190 69831 INFO tempest.lib.common.rest_client [req-57a82d30-1c1e-4736-8341-aad0507f784d req-57a82d30-1c1e-4736-8341-aad0507f784d ] Request (AttachInterfacesV270Test:tearDownClass): 200 GET http://10.180.1.21/compute/v2.1/servers/b3f7ee3f-649f-4c28-b281-3f0e9bea9080 0.833s
2025-04-09 11:40:37.254 69839 INFO tempest.lib.common.rest_client [req-49893f49-dd36-45c0-8146-28dee9745055 req-49893f49-dd36-45c0-8146-28dee9745055 ] Request (AttachInterfacesUnderV243Test:_run_cleanups): 200 GET http://10.180.1.21/compute/v2.1/servers/f1d34676-2431-4872-be04-2893823d1799 0.831s
2025-04-09 11:40:37.350 69837 INFO tempest.lib.common.rest_client [req-5c23378f-a9f1-48d1-88e9-c6a632d3d61c req-5c23378f-a9f1-48d1-88e9-c6a632d3d61c ] Request (VolumesAssistedSnapshotsTest:tearDownClass): 204 DELETE http://10.180.1.21/compute/v2.1/servers/02a2e207-94cf-48fc-92fb-701ccaa6dce8 0.913s
2025-04-09 11:40:37.398 69813 INFO tempest.lib.common.rest_client [req-e4bb624c-77d7-49f1-91fd-c60c7c5a96ba req-e4bb624c-77d7-49f1-91fd-c60c7c5a96ba ] Request (VolumesAdminNegativeTest:test_update_attached_volume_with_nonexistent_volume_in_uri): 200 GET http://10.180.1.21/compute/v2.1/servers/7f3b102d-8016-4479-a4c3-a8923dbad0c8 0.920s
2025-04-09 11:40:37.457 69797 INFO tempest.lib.common.rest_client [req-9e418693-19a6-4ce5-8c1d-ba19ae9f9385 req-9e418693-19a6-4ce5-8c1d-ba19ae9f9385 ] Request (ServersTestManualDisk:setUpClass): 200 GET http://10.180.1.21/compute/v2.1/servers/f4a956b4-8429-4a96-aa8b-e03c0cfdce4a 0.915s
2025-04-09 11:40:37.515 69791 INFO tempest.lib.common.rest_client [req-e94bd4cc-5e9b-49e7-8123-b1cbdacb86a7 req-e94bd4cc-5e9b-49e7-8123-b1cbdacb86a7 ] Request (ServerRescueNegativeTestJSON:setUpClass): 200 GET http://10.180.1.21/compute/v2.1/servers/ca73261e-7ec6-46e5-a21a-1b0758d631a1 0.822s
2025-04-09 11:40:37.597 69795 INFO tempest.lib.common.rest_client [req-aa4853c0-08ca-4fcb-ad2e-6b86546b93b3 req-aa4853c0-08ca-4fcb-ad2e-6b86546b93b3 ] Request (ListServerFiltersTestJSON:tearDownClass): 200 GET http://10.180.1.21/compute/v2.1/servers/f9e131e0-417f-4baf-b7fd-a3547169fd41 0.809s
2025-04-09 11:40:37.661 69851 INFO tempest.lib.common.rest_client [req-e8f1fadf-a4a7-4b83-a138-488276bd8f4e req-e8f1fadf-a4a7-4b83-a138-488276bd8f4e ] Request (AttachInterfacesTestJSON:test_create_list_show_delete_interfaces_by_fixed_ip): 200 GET http://10.180.1.21/compute/v2.1/servers/5b662da1-f32f-47da-a044-62f86557d784/os-interface 0.835s
2025-04-09 11:40:37.741 69805 INFO tempest.lib.common.rest_client [req-3b56ee4a-3793-4fea-bc98-11e6c1e5eaf1 req-3b56ee4a-3793-4fea-bc98-11e6c1e5eaf1 ] Request (ServersListShow296Test:tearDownClass): 200 GET http://10.180.1.21/compute/v2.1/servers/e82f0091-f698-418d-aa6f-966d756eade9 0.827s
2025-04-09 11:40:37.796 69793 INFO tempest.lib.common.rest_client [req-765ada38-5fdb-4811-b97f-72ec85111775 req-765ada38-5fdb-4811-b97f-72ec85111775 ] Request (ServerRescueTestJSON:test_rescue_unrescue_instance): 200 GET http://10.180.1.21/compute/v2.1/servers/26c36bdd-1e0f-4752-8a53-f5ba3bd0a12c 0.836s
