2025-04-09 11:38:12.726 69803 INFO tempest.lib.common.rest_client [req-66b02fd9-d426-4cf4-8a5e-218aaeaa5fa5 req-66b02fd9-d426-4cf4-8a5e-218aaeaa5fa5 ] Request (ServerExternalEventsTest:setUpClass): 204 PUT http://10.180.1.21/identity/v3/projects/3303d6156dff4cb68e4989887d2fbc07/users/fe46420ab4734956a738d07e541856ce/roles/639a724e67f5425d8c8efe8135fb82c5 0.019s
2025-04-09 11:38:12.726 69803 INFO tempest.lib.common.dynamic_creds [-] Dynamic test user fe46420ab4734956a738d07e541856ce is created with scope project and roles: ['admin']
2025-04-09 11:38:12.726 69803 INFO tempest.lib.common.dynamic_creds [-] Acquired dynamic creds: credentials: Credentials: {'domain_id': 'default', 'domain_name': 'Default', 'username': 'tempest-ServerExternalEventsTest-367372852-project-admin', 'project_domain_id': 'default', 'project_domain_name': 'Default', 'project_id': '3303d6156dff4cb68e4989887d2fbc07', 'project_name': 'tempest-ServerExternalEventsTest-367372852', 'tenant_id': '3303d6156dff4cb68e4989887d2fbc07', 'tenant_name': 'tempest-ServerExternalEventsTest-367372852', 'user_domain_id': 'default', 'user_domain_name': 'Default', 'user_id': 'fe46420ab4734956a738d07e541856ce', 'system': None}, Network: None, Subnet: None, Router: None
2025-04-09 11:38:12.726 69803 INFO tempest.lib.common.dynamic_creds [-] Created isolated network resources for: credentials: Credentials: {'domain_id': 'default', 'domain_name': 'Default', 'username': 'tempest-ServerExternalEventsTest-367372852-project-admin', 'project_domain_id': 'default', 'project_domain_name': 'Default', 'project_id': '3303d6156dff4cb68e4989887d2fbc07', 'project_name': 'tempest-ServerExternalEventsTest-367372852', 'tenant_id': '3303d6156dff4cb68e4989887d2fbc07', 'tenant_name': 'tempest-ServerExternalEventsTest-367372852', 'user_domain_id': 'default', 'user_domain_name': 'Default', 'user_id': 'fe46420ab4734956a738d07e541856ce', 'system': None}, Network: None, Subnet: None, Router: None
2025-04-09 11:38:12.778 69823 INFO tempest.lib.common.rest_client [req-d27b3fc9-cd90-4cf6-865a-117e2e5641e0 req-d27b3fc9-cd90-4cf6-865a-117e2e5641e0 ] Request (ServerDiagnosticsV248Test:test_get_server_diagnostics): 200 GET http://10.180.1.21/compute/v2.1/servers/d1eb6bed-1ed6-4243-8416-1083822cfa9f 2.977s
2025-04-09 11:38:12.825 69803 INFO tempest.lib.common.rest_client [req-fcc34261-6d04-41f6-bc6a-0271aeed97c8 req-fcc34261-6d04-41f6-bc6a-0271aeed97c8 ] Request (ServerExternalEventsTest:setUpClass): 201 POST http://10.180.1.21/identity/v3/auth/tokens 0.095s
2025-04-09 11:38:12.860 69811 INFO tempest.lib.common.rest_client [req-873a4d37-740d-487b-9dd1-2cdb250166e5 req-873a4d37-740d-487b-9dd1-2cdb250166e5 ] Request (ServersWithSpecificFlavorTestJSON:test_verify_created_server_ephemeral_disk): 200 GET http://10.180.1.21/compute/v2.1/servers/3f493655-88cc-4473-a156-828391eba964 2.963s
2025-04-09 11:38:12.899 69803 INFO tempest.lib.common.rest_client [req-903ff0d0-e3dc-40eb-9d05-5b80a82b7487 req-903ff0d0-e3dc-40eb-9d05-5b80a82b7487 ] Request (ServerExternalEventsTest:setUpClass): 201 POST http://10.180.1.21/identity/v3/projects 0.074s
2025-04-09 11:38:12.937 69825 INFO tempest.lib.common.rest_client [req-6415ef6c-4177-4b11-b543-c4e563bcfc58 req-6415ef6c-4177-4b11-b543-c4e563bcfc58 ] Request (DeleteServersAdminTestJSON:test_admin_delete_servers_of_others): 200 GET http://10.180.1.21/compute/v2.1/servers/f502aac5-5a9c-45ce-8f4a-920835a713e2 3.028s
2025-04-09 11:38:12.952 69847 INFO tempest.lib.common.rest_client [req-5092091d-d79d-4416-9e9e-0123354decdb req-5092091d-d79d-4416-9e9e-0123354decdb ] Request (KeyPairsV210TestJSON:test_admin_manage_keypairs_for_other_users): 200 GET http://10.180.1.21/compute/v2.1/os-keypairs?user_id=319824fb02cd48a0ad0de775177a4c62 2.893s
2025-04-09 11:38:12.974 69803 INFO tempest.lib.common.rest_client [req-329dee40-eb57-4a56-a21d-1d5988bb776f req-329dee40-eb57-4a56-a21d-1d5988bb776f ] Request (ServerExternalEventsTest:setUpClass): 201 POST http://10.180.1.21/identity/v3/users 0.074s
2025-04-09 11:38:12.975 69827 INFO tempest.lib.common.rest_client [req-b227fccf-853e-4fa7-a13a-c4f047311063 req-b227fccf-853e-4fa7-a13a-c4f047311063 ] Request (FloatingIPsNegativeTestJSON:tearDownClass): 200 PUT http://10.180.1.21:9696/networking/v2.0/routers/e3fd2ea8-c836-48a6-936c-9a2ad3ab0894/remove_router_interface 2.166s
2025-04-09 11:38:13.006 69803 INFO tempest.lib.common.rest_client [req-cf6f4bb2-2dc9-4968-81e4-ec7b6b85e752 req-cf6f4bb2-2dc9-4968-81e4-ec7b6b85e752 ] Request (ServerExternalEventsTest:setUpClass): 200 GET http://10.180.1.21/identity/v3/roles 0.031s
2025-04-09 11:38:13.044 69803 INFO tempest.lib.common.rest_client [req-0633f117-eef3-468a-bc66-1082352f5268 req-0633f117-eef3-468a-bc66-1082352f5268 ] Request (ServerExternalEventsTest:setUpClass): 204 PUT http://10.180.1.21/identity/v3/projects/394e7717151a4c4a98c2768bd40e6779/users/6397091f979a493a855847435b50996b/roles/639a724e67f5425d8c8efe8135fb82c5 0.037s
2025-04-09 11:38:13.114 69803 INFO tempest.lib.common.rest_client [req-889eeb95-ca17-4f6d-b9b1-a570c86fecbe req-889eeb95-ca17-4f6d-b9b1-a570c86fecbe ] Request (ServerExternalEventsTest:setUpClass): 200 GET http://10.180.1.21/identity/v3/roles 0.070s
2025-04-09 11:38:13.152 69803 INFO tempest.lib.common.rest_client [req-f743149c-6e01-4acc-8fa9-ab0aeba85db8 req-f743149c-6e01-4acc-8fa9-ab0aeba85db8 ] Request (ServerExternalEventsTest:setUpClass): 204 PUT http://10.180.1.21/identity/v3/projects/394e7717151a4c4a98c2768bd40e6779/users/6397091f979a493a855847435b50996b/roles/ec71f552a368459b895d9a6ae37a21e6 0.037s
2025-04-09 11:38:13.152 69803 INFO tempest.lib.common.dynamic_creds [-] Dynamic test user 6397091f979a493a855847435b50996b is created with scope project and roles: ['admin', 'service']
2025-04-09 11:38:13.153 69803 INFO tempest.lib.common.dynamic_creds [-] Acquired dynamic creds: credentials: Credentials: {'domain_id': 'default', 'domain_name': 'Default', 'username': 'tempest-ServerExternalEventsTest-996639982-project', 'project_domain_id': 'default', 'project_domain_name': 'Default', 'project_id': '394e7717151a4c4a98c2768bd40e6779', 'project_name': 'tempest-ServerExternalEventsTest-996639982', 'tenant_id': '394e7717151a4c4a98c2768bd40e6779', 'tenant_name': 'tempest-ServerExternalEventsTest-996639982', 'user_domain_id': 'default', 'user_domain_name': 'Default', 'user_id': '6397091f979a493a855847435b50996b', 'system': None}, Network: None, Subnet: None, Router: None
2025-04-09 11:38:13.153 69803 INFO tempest.lib.common.dynamic_creds [-] Created isolated network resources for: credentials: Credentials: {'domain_id': 'default', 'domain_name': 'Default', 'username': 'tempest-ServerExternalEventsTest-996639982-project', 'project_domain_id': 'default', 'project_domain_name': 'Default', 'project_id': '394e7717151a4c4a98c2768bd40e6779', 'project_name': 'tempest-ServerExternalEventsTest-996639982', 'tenant_id': '394e7717151a4c4a98c2768bd40e6779', 'tenant_name': 'tempest-ServerExternalEventsTest-996639982', 'user_domain_id': 'default', 'user_domain_name': 'Default', 'user_id': '6397091f979a493a855847435b50996b', 'system': None}, Network: None, Subnet: None, Router: None
2025-04-09 11:38:13.180 69836 INFO tempest.lib.common.rest_client [req-7b01d10c-60b3-408c-bc49-3346192fa77a req-7b01d10c-60b3-408c-bc49-3346192fa77a ] Request (ServerDiskConfigTestJSON:test_rebuild_server_with_auto_disk_config): 200 GET http://10.180.1.21/compute/v2.1/servers/7c756c10-798f-4e22-8d53-52d3c4d446c2 3.066s
2025-04-09 11:38:13.188 69836 INFO tempest.common.waiters [-] State transition "BUILD/spawning" ==> "ACTIVE/None" after 23 second wait
2025-04-09 11:38:13.248 69795 INFO tempest.lib.common.rest_client [req-2426b124-4e49-4eae-b9d2-44b3ae71676b req-2426b124-4e49-4eae-b9d2-44b3ae71676b ] Request (ListServerFiltersTestJSON:setUpClass): 200 GET http://10.180.1.21/compute/v2.1/servers/199e1c7c-fdb2-4074-84c4-7b4477d1dc9e 3.089s
2025-04-09 11:38:13.263 69803 INFO tempest.lib.common.rest_client [req-bb20b2ea-637f-4fde-9a80-0371d3f1e567 req-bb20b2ea-637f-4fde-9a80-0371d3f1e567 ] Request (ServerExternalEventsTest:setUpClass): 201 POST http://10.180.1.21/identity/v3/auth/tokens 0.105s
2025-04-09 11:38:13.276 69845 INFO tempest.lib.common.rest_client [req-5d23d720-9a47-45e1-888d-758978aaf3cd req-5d23d720-9a47-45e1-888d-758978aaf3cd ] Request (HypervisorAdminUnderV252Test:test_search_hypervisor): 200 GET http://10.180.1.21/compute/v2.1/os-hypervisors 3.050s
2025-04-09 11:38:13.347 69803 INFO tempest.lib.common.rest_client [req-d8e8c8de-f32f-462e-bd27-447ad9b5e137 req-d8e8c8de-f32f-462e-bd27-447ad9b5e137 ] Request (ServerExternalEventsTest:test_create_server_external_events): 201 POST http://10.180.1.21/identity/v3/auth/tokens 0.079s
2025-04-09 11:38:13.347 69803 INFO tempest.lib.common.fixed_network [-] (ServerExternalEventsTest:test_create_server_external_events) Found network None available for tenant
2025-04-09 11:38:13.403 69793 INFO tempest.lib.common.rest_client [req-a64c5aa9-d8fa-4fe6-aa05-6dcbadf662bd req-a64c5aa9-d8fa-4fe6-aa05-6dcbadf662bd ] Request (FloatingIPsAssociationNegativeTestJSON:test_associate_ip_to_server_with_floating_ip): 202 POST http://10.180.1.21/compute/v2.1/servers/78f33845-ef69-45e3-abb7-0db7ba212fdd/action 4.460s
2025-04-09 11:38:13.822 69821 INFO tempest.lib.common.rest_client [req-200efa70-befb-4286-b801-191438144a8d req-200efa70-befb-4286-b801-191438144a8d ] Request (ServerDiagnosticsNegativeTest:test_get_server_diagnostics_by_non_admin): 200 GET http://10.180.1.21/compute/v2.1/servers/25443750-5a62-4761-a992-6761814c445d 3.564s
2025-04-09 11:38:13.916 69791 INFO tempest.lib.common.rest_client [req-0b16955c-64c0-4642-93bb-4aa4a2552f4c req-0b16955c-64c0-4642-93bb-4aa4a2552f4c ] Request (QuotasAdminTestJSON:test_update_all_quota_resources_for_tenant): 200 GET http://10.180.1.21/compute/v2.1/os-quota-sets/d40f2df352f54ccb86b05ee884c48447/defaults 3.628s
2025-04-09 11:38:13.926 69817 INFO tempest.lib.common.rest_client [req-4a7e6f12-30ba-4fe3-868d-f6c7a42f8354 req-4a7e6f12-30ba-4fe3-868d-f6c7a42f8354 ] Request (ServersAdminTestJSON:setUpClass): 200 PUT http://10.180.1.21:9696/networking/v2.0/routers/9f618b25-0b8f-4fbf-90b6-ca0918413d5d/add_router_interface 2.052s
2025-04-09 11:38:13.926 69817 INFO tempest.lib.common.dynamic_creds [-] Created isolated network resources for: credentials: Credentials: {'domain_id': 'default', 'domain_name': 'Default', 'username': 'tempest-ServersAdminTestJSON-577528589-project-admin', 'project_domain_id': 'default', 'project_domain_name': 'Default', 'project_id': '180cb7c157844215bcf33ce3d778c8eb', 'project_name': 'tempest-ServersAdminTestJSON-577528589', 'tenant_id': '180cb7c157844215bcf33ce3d778c8eb', 'tenant_name': 'tempest-ServersAdminTestJSON-577528589', 'user_domain_id': 'default', 'user_domain_name': 'Default', 'user_id': '9785ba56aa69420295ee1527bc06ace6', 'system': None}, Network: {'id': 'd1ea78ee-12bd-4f17-8cf1-d8761415edf0', 'name': 'tempest-ServersAdminTestJSON-1994351118-network', 'tenant_id': '180cb7c157844215bcf33ce3d778c8eb', 'admin_state_up': True, 'mtu': 8950, 'status': 'ACTIVE', 'subnets': [], 'shared': False, 'project_id': '180cb7c157844215bcf33ce3d778c8eb', 'port_security_enabled': True, 'router:external': False, 'provider:network_type': 'vlan', 'provider:physical_network': 'default', 'provider:segmentation_id': 998, 'availability_zone_hints': [], 'availability_zones': [], 'ipv4_address_scope': None, 'ipv6_address_scope': None, 'description': '', 'tags': [], 'created_at': '2025-04-09T11:38:09Z', 'updated_at': '2025-04-09T11:38:09Z', 'revision_number': 1}, Subnet: {'id': '1a75e6e6-1103-4757-9d94-5f5b56d9951e', 'name': 'tempest-ServersAdminTestJSON-1994351118-subnet', 'tenant_id': '180cb7c157844215bcf33ce3d778c8eb', 'network_id': 'd1ea78ee-12bd-4f17-8cf1-d8761415edf0', 'ip_version': 4, 'subnetpool_id': None, 'enable_dhcp': True, 'ipv6_ra_mode': None, 'ipv6_address_mode': None, 'gateway_ip': '192.168.128.1', 'cidr': '192.168.128.0/28', 'allocation_pools': [{'start': '192.168.128.2', 'end': '192.168.128.14'}], 'host_routes': [], 'dns_nameservers': [], 'description': '', 'router:external': False, 'service_types': [], 'tags': [], 'created_at': '2025-04-09T11:38:09Z', 'updated_at': '2025-04-09T11:38:09Z', 'revision_number': 0, 'project_id': '180cb7c157844215bcf33ce3d778c8eb'}, Router: {'id': '9f618b25-0b8f-4fbf-90b6-ca0918413d5d', 'name': 'tempest-ServersAdminTestJSON-1994351118-router', 'tenant_id': '180cb7c157844215bcf33ce3d778c8eb', 'admin_state_up': True, 'status': 'ACTIVE', 'external_gateway_info': {'network_id': '6303e908-bb4b-42bb-ae89-4ceee401f0b4', 'external_fixed_ips': [{'subnet_id': '947001cb-4020-4c0e-9a30-cd4c9320b22c', 'ip_address': '10.180.180.205'}], 'enable_snat': True}, 'description': '', 'availability_zones': [], 'distributed': False, 'ha': False, 'availability_zone_hints': [], 'routes': [], 'flavor_id': None, 'tags': [], 'created_at': '2025-04-09T11:38:09Z', 'updated_at': '2025-04-09T11:38:10Z', 'revision_number': 2, 'project_id': '180cb7c157844215bcf33ce3d778c8eb'}
2025-04-09 11:38:13.951 69789 INFO tempest.lib.common.rest_client [req-42a35794-5bc1-4de1-852c-c4df4b43efe1 req-42a35794-5bc1-4de1-852c-c4df4b43efe1 ] Request (AggregatesAdminNegativeTestJSON:test_aggregate_create_with_existent_aggregate_name): 200 POST http://10.180.1.21/compute/v2.1/os-aggregates 3.354s
2025-04-09 11:38:14.026 69827 INFO tempest.lib.common.rest_client [req-e89db850-6a63-4551-b7e3-8acfd2ab1460 req-e89db850-6a63-4551-b7e3-8acfd2ab1460 ] Request (FloatingIPsNegativeTestJSON:tearDownClass): 204 DELETE http://10.180.1.21:9696/networking/v2.0/routers/e3fd2ea8-c836-48a6-936c-9a2ad3ab0894 1.051s
2025-04-09 11:38:14.035 69805 INFO tempest.lib.common.rest_client [req-3feb1233-7adf-475f-adec-adf95536eb59 req-3feb1233-7adf-475f-adec-adf95536eb59 ] Request (ServerMetadataNegativeTestJSON:setUpClass): 202 POST http://10.180.1.21/compute/v2.1/servers 3.780s
2025-04-09 11:38:14.041 69817 INFO tempest.lib.common.rest_client [req-8b41b7b1-b50d-47a9-90cd-fcca6b9dcd7e req-8b41b7b1-b50d-47a9-90cd-fcca6b9dcd7e ] Request (ServersAdminTestJSON:setUpClass): 201 POST http://10.180.1.21/identity/v3/auth/tokens 0.112s
2025-04-09 11:38:14.071 69829 INFO tempest.lib.common.rest_client [req-89126926-2027-4606-b65c-8d104a95c0d2 req-89126926-2027-4606-b65c-8d104a95c0d2 ] Request (SecurityGroupsNegativeTestJSON:setUpClass): 201 POST http://10.180.1.21:9696/networking/v2.0/routers 1.712s
2025-04-09 11:38:14.081 69831 INFO tempest.lib.common.rest_client [req-facc9771-4de3-4e60-b78e-1f6382b8421b req-facc9771-4de3-4e60-b78e-1f6382b8421b ] Request (TenantUsagesTestJSON:test_list_usage_all_tenants): 200 GET http://10.180.1.21/compute/v2.1/os-simple-tenant-usage?start=2025-04-08T11%3A38%3A07.096898&end=2025-04-10T11%3A38%3A07.096898&detailed=1 3.224s
2025-04-09 11:38:14.148 69817 INFO tempest.lib.common.rest_client [req-c57e120d-0d1f-4188-845c-bfeee2d2dac2 req-c57e120d-0d1f-4188-845c-bfeee2d2dac2 ] Request (ServersAdminTestJSON:setUpClass): 201 POST http://10.180.1.21/identity/v3/auth/tokens 0.099s
2025-04-09 11:38:14.149 69817 INFO tempest.lib.common.fixed_network [-] (ServersAdminTestJSON:setUpClass) Found network {'id': '2b16a575-7a52-44f5-904c-85733103f0f5', 'name': 'tempest-ServersAdminTestJSON-391324626-network', 'tenant_id': '6bfbebe4ca0348b49679c323b9c7dad4', 'admin_state_up': True, 'mtu': 8950, 'status': 'ACTIVE', 'subnets': [], 'shared': False, 'project_id': '6bfbebe4ca0348b49679c323b9c7dad4', 'port_security_enabled': True, 'router:external': False, 'provider:network_type': 'vlan', 'provider:physical_network': 'default', 'provider:segmentation_id': 149, 'availability_zone_hints': [], 'availability_zones': [], 'ipv4_address_scope': None, 'ipv6_address_scope': None, 'description': '', 'tags': [], 'created_at': '2025-04-09T11:38:02Z', 'updated_at': '2025-04-09T11:38:02Z', 'revision_number': 1} available for tenant
2025-04-09 11:38:14.150 69827 INFO tempest.lib.common.rest_client [req-bb33b549-6d97-4a7d-8dc3-d8efab547f55 req-bb33b549-6d97-4a7d-8dc3-d8efab547f55 ] Request (FloatingIPsNegativeTestJSON:tearDownClass): 204 DELETE http://10.180.1.21:9696/networking/v2.0/subnets/80ee7759-9cc6-4e2a-a490-ab97374089b7 0.123s
2025-04-09 11:38:14.184 69843 INFO tempest.lib.common.rest_client [req-4dc5c95e-2e98-4e02-b380-5e9da62e4e3c req-4dc5c95e-2e98-4e02-b380-5e9da62e4e3c ] Request (SecurityGroupRulesTestJSON:test_security_group_rules_create_with_optional_group_id): 200 POST http://10.180.1.21/compute/v2.1/os-security-groups 3.589s
2025-04-09 11:38:14.210 69801 INFO tempest.lib.common.rest_client [req-229462d0-9d95-40e1-8166-eb9df40e214c req-229462d0-9d95-40e1-8166-eb9df40e214c ] Request (FlavorsAccessNegativeTestJSON:test_flavor_non_admin_remove): 200 POST http://10.180.1.21/compute/v2.1/flavors/513938362/action 3.205s
2025-04-09 11:38:14.216 69807 INFO tempest.lib.common.rest_client [req-c89b879a-b719-4f0b-8fab-b6f25ec3f44f req-c89b879a-b719-4f0b-8fab-b6f25ec3f44f ] Request (FlavorsExtraSpecsTestJSON:tearDownClass): 200 GET http://10.180.1.21/compute/v2.1/flavors/detail 3.189s
2025-04-09 11:38:14.237 69841 INFO tempest.lib.common.rest_client [req-f427bbb5-6578-4070-b676-ecd226d728ca req-f427bbb5-6578-4070-b676-ecd226d728ca ] Request (ServicesAdminNegativeTestJSON:test_get_service_with_valid_service_and_invalid_host): 200 GET http://10.180.1.21/compute/v2.1/os-services 3.184s
2025-04-09 11:38:14.365 69807 INFO tempest.lib.common.rest_client [req-69aa9d28-1058-4b82-9acf-a0acfe6f4294 req-69aa9d28-1058-4b82-9acf-a0acfe6f4294 ] Request (FlavorsExtraSpecsTestJSON:tearDownClass): 204 DELETE http://10.180.1.21/identity/v3/users/68a5344623234846b70203ec6b2cc2bc 0.143s
2025-04-09 11:38:14.385 69839 INFO tempest.lib.common.rest_client [req-2b9c42bb-6f6d-4275-8af7-dcab463a9001 req-2b9c42bb-6f6d-4275-8af7-dcab463a9001 ] Request (AttachInterfacesUnderV243Test:test_add_remove_fixed_ip): 200 GET http://10.180.1.21/compute/v2.1/servers/f1d34676-2431-4872-be04-2893823d1799 2.545s
2025-04-09 11:38:14.470 69837 INFO tempest.lib.common.rest_client [req-8aa6c8c0-e332-48f8-ae77-65aaa391f658 req-8aa6c8c0-e332-48f8-ae77-65aaa391f658 ] Request (VolumesAssistedSnapshotsTest:test_volume_assisted_snapshot_create_delete): 200 GET http://10.180.1.21/compute/v2.1/servers/02a2e207-94cf-48fc-92fb-701ccaa6dce8 2.514s
2025-04-09 11:38:14.473 69799 INFO tempest.lib.common.rest_client [req-271b9b1c-0a8f-4e76-b17d-2a4115a41ef3 req-271b9b1c-0a8f-4e76-b17d-2a4115a41ef3 ] Request (MigrationsAdminTest:test_list_migrations_in_flavor_resize_situation): 200 GET http://10.180.1.21/compute/v2.1/servers/fc09ea54-6b9a-46af-95f5-ab03122a00ee 2.885s
2025-04-09 11:38:14.547 69827 INFO tempest.lib.common.rest_client [req-35035946-2e63-4ae6-8965-38ac44be9215 req-35035946-2e63-4ae6-8965-38ac44be9215 ] Request (FloatingIPsNegativeTestJSON:tearDownClass): 204 DELETE http://10.180.1.21:9696/networking/v2.0/networks/45b4444c-20f2-4e89-b2e2-c68864c447b8 0.396s
2025-04-09 11:38:14.547 69807 INFO tempest.lib.common.rest_client [req-ea672b45-3dc8-4cd8-9cf8-bae7da07b501 req-ea672b45-3dc8-4cd8-9cf8-bae7da07b501 ] Request (FlavorsExtraSpecsTestJSON:tearDownClass): 204 DELETE http://10.180.1.21/identity/v3/users/4c9917ac12c74551a318aaf8837d97a9 0.181s
2025-04-09 11:38:14.547 69807 INFO tempest.lib.common.dynamic_creds [-] Deleting project and security group for project: 45dd0829f6ee4b7ab29ef8ff2a721499
2025-04-09 11:38:14.585 69815 INFO tempest.lib.common.rest_client [req-37555ab8-71bc-4e40-bf7b-c8cabfe00615 req-37555ab8-71bc-4e40-bf7b-c8cabfe00615 ] Request (ServersAdmin275Test:test_rebuild_update_server_275): 200 GET http://10.180.1.21/compute/v2.1/servers/3ca386ea-bb2d-412c-a855-399c4776feb2 2.592s
2025-04-09 11:38:14.611 69807 INFO tempest.lib.common.rest_client [req-4cc250d2-6386-4039-9bda-1aa954f8a3c9 req-4cc250d2-6386-4039-9bda-1aa954f8a3c9 ] Request (FlavorsExtraSpecsTestJSON:tearDownClass): 201 POST http://10.180.1.21/identity/v3/auth/tokens 0.063s
2025-04-09 11:38:14.656 69851 INFO tempest.lib.common.rest_client [req-267e642f-b29b-4ada-a8c1-f0e779453769 req-267e642f-b29b-4ada-a8c1-f0e779453769 ] Request (AttachInterfacesTestJSON:test_create_list_show_delete_interfaces_by_fixed_ip): 200 GET http://10.180.1.21/compute/v2.1/servers/5b662da1-f32f-47da-a044-62f86557d784 2.162s
2025-04-09 11:38:14.697 69827 INFO tempest.lib.common.rest_client [req-308775d0-b4e1-4207-ad89-d5f651b4ce58 req-308775d0-b4e1-4207-ad89-d5f651b4ce58 ] Request (FloatingIPsNegativeTestJSON:tearDownClass): 204 DELETE http://10.180.1.21/identity/v3/users/634ef9ebb6ff46feba077e13ebc17b2f 0.150s
2025-04-09 11:38:14.698 69827 INFO tempest.lib.common.dynamic_creds [-] Deleting project and security group for project: 406d2598815e4010962287beb8fa70f9
2025-04-09 11:38:14.756 69827 INFO tempest.lib.common.rest_client [req-f164fa7e-72a8-40d2-ae88-64cb76f9b9c7 req-f164fa7e-72a8-40d2-ae88-64cb76f9b9c7 ] Request (FloatingIPsNegativeTestJSON:tearDownClass): 200 GET http://10.180.1.21:9696/networking/v2.0/security-groups?tenant_id=406d2598815e4010962287beb8fa70f9&name=default 0.058s
2025-04-09 11:38:14.800 69819 INFO tempest.lib.common.rest_client [req-4a975527-4606-430c-bb08-79f73924aeac req-4a975527-4606-430c-bb08-79f73924aeac ] Request (FloatingIPsAssociationTestJSON:setUpClass): 200 GET http://10.180.1.21/compute/v2.1/servers/8449c056-fd63-4c95-b517-8fb2240182f3 2.299s
2025-04-09 11:38:14.841 69847 INFO tempest.lib.common.rest_client [req-e4799943-c4b9-4f99-a834-b016808a2ec4 req-e4799943-c4b9-4f99-a834-b016808a2ec4 ] Request (KeyPairsV210TestJSON:_run_cleanups): 204 DELETE http://10.180.1.21/compute/v2.1/os-keypairs/tempest-KeyPairsV210TestJSON-keypair-1876869147 1.887s
2025-04-09 11:38:14.911 69827 INFO tempest.lib.common.rest_client [req-2249688f-1f2a-48af-a2ee-7911a5bb5111 req-2249688f-1f2a-48af-a2ee-7911a5bb5111 ] Request (FloatingIPsNegativeTestJSON:tearDownClass): 204 DELETE http://10.180.1.21:9696/networking/v2.0/security-groups/a8e7f9cd-9b15-425a-ad4c-521f654df343 0.155s
2025-04-09 11:38:14.980 69836 INFO tempest.lib.common.rest_client [req-204f9e85-f4a9-40c9-8072-596c448f2737 req-204f9e85-f4a9-40c9-8072-596c448f2737 ] Request (ServerDiskConfigTestJSON:test_rebuild_server_with_auto_disk_config): 200 GET http://10.180.1.21/compute/v2.1/servers/7c756c10-798f-4e22-8d53-52d3c4d446c2 1.790s
2025-04-09 11:38:14.980 69807 INFO tempest.lib.common.rest_client [req-02c2e976-c013-433e-b4a3-d21c11a2078a req-02c2e976-c013-433e-b4a3-d21c11a2078a ] Request (FlavorsExtraSpecsTestJSON:tearDownClass): 200 GET http://10.180.1.21:9696/networking/v2.0/security-groups?tenant_id=45dd0829f6ee4b7ab29ef8ff2a721499&name=default 0.369s
2025-04-09 11:38:14.999 69845 INFO tempest.lib.common.rest_client [req-00202326-c998-4237-8319-7879bfa177fc req-00202326-c998-4237-8319-7879bfa177fc ] Request (HypervisorAdminUnderV252Test:test_search_hypervisor): 200 GET http://10.180.1.21/compute/v2.1/os-hypervisors/domain-c8.fc996f14-c53b-4953-92e3-bdfa48f5cc28/search 1.721s
2025-04-09 11:38:15.017 69813 INFO tempest.lib.common.rest_client [req-da170bff-78bf-4c3c-8efd-03692b35e902 req-da170bff-78bf-4c3c-8efd-03692b35e902 ] Request (VolumesAdminNegativeTest:test_update_attached_volume_with_nonexistent_volume_in_body): 202 POST http://10.180.1.21/compute/v2.1/servers 2.675s
2025-04-09 11:38:15.036 69827 INFO tempest.lib.common.rest_client [req-e717c42b-3661-4ce3-a644-984b48107114 req-e717c42b-3661-4ce3-a644-984b48107114 ] Request (FloatingIPsNegativeTestJSON:tearDownClass): 204 DELETE http://10.180.1.21/identity/v3/projects/406d2598815e4010962287beb8fa70f9 0.124s
2025-04-09 11:38:15.069 69807 INFO tempest.lib.common.rest_client [req-25909768-2da5-4959-8c53-66fed68fad05 req-25909768-2da5-4959-8c53-66fed68fad05 ] Request (FlavorsExtraSpecsTestJSON:tearDownClass): 204 DELETE http://10.180.1.21:9696/networking/v2.0/security-groups/adc1e57c-715a-489e-b9b1-b92d6e9d9788 0.089s
2025-04-09 11:38:15.147 69845 INFO tempest.lib.common.rest_client [req-f03b3031-54c1-4b33-98b1-8e376ca3c7fb req-f03b3031-54c1-4b33-98b1-8e376ca3c7fb ] Request (HypervisorAdminUnderV252Test:tearDownClass): 204 DELETE http://10.180.1.21/identity/v3/users/dbef01bbb8f14519852b4aa99c532cb0 0.143s
2025-04-09 11:38:15.212 69827 INFO tempest.lib.common.rest_client [req-54914026-f266-4003-9c54-2b2f7fe03695 req-54914026-f266-4003-9c54-2b2f7fe03695 ] Request (SecurityGroupRulesNegativeTestJSON:setUpClass): 201 POST http://10.180.1.21/identity/v3/auth/tokens 0.174s
2025-04-09 11:38:15.272 69845 INFO tempest.lib.common.rest_client [req-5d6c5c17-8558-4ad0-8492-b861b50dd894 req-5d6c5c17-8558-4ad0-8492-b861b50dd894 ] Request (HypervisorAdminUnderV252Test:tearDownClass): 204 DELETE http://10.180.1.21/identity/v3/users/1929291420094e6d94a3665dd89e177a 0.125s
2025-04-09 11:38:15.272 69845 INFO tempest.lib.common.dynamic_creds [-] Deleting project and security group for project: 469399660042423a8c55aa34bce8ce20
2025-04-09 11:38:15.277 69807 INFO tempest.lib.common.rest_client [req-e9a2c326-823a-454e-bf12-64459809eb81 req-e9a2c326-823a-454e-bf12-64459809eb81 ] Request (FlavorsExtraSpecsTestJSON:tearDownClass): 204 DELETE http://10.180.1.21/identity/v3/projects/45dd0829f6ee4b7ab29ef8ff2a721499 0.207s
2025-04-09 11:38:15.277 69807 INFO tempest.lib.common.dynamic_creds [-] Deleting project and security group for project: f0a1f8e665e542769ffa6abf9efa1423
2025-04-09 11:38:15.322 69827 INFO tempest.lib.common.rest_client [req-a813be5a-7e6f-4eae-91e2-c548851ca5c2 req-a813be5a-7e6f-4eae-91e2-c548851ca5c2 ] Request (SecurityGroupRulesNegativeTestJSON:setUpClass): 201 POST http://10.180.1.21/identity/v3/auth/tokens 0.108s
2025-04-09 11:38:15.336 69845 INFO tempest.lib.common.rest_client [req-d699d6fd-f35f-42b0-927a-4880e9ed716e req-d699d6fd-f35f-42b0-927a-4880e9ed716e ] Request (HypervisorAdminUnderV252Test:tearDownClass): 201 POST http://10.180.1.21/identity/v3/auth/tokens 0.064s
2025-04-09 11:38:15.345 69827 INFO tempest.lib.common.rest_client [req-4c7deb5b-f358-414c-94ce-15e5cf58c2ee req-4c7deb5b-f358-414c-94ce-15e5cf58c2ee ] Request (SecurityGroupRulesNegativeTestJSON:setUpClass): 200 GET http://10.180.1.21/identity/v3/domains?name=Default 0.022s
2025-04-09 11:38:15.392 69827 INFO tempest.lib.common.rest_client [req-483203a2-bc31-45ff-b204-c46493b1a506 req-483203a2-bc31-45ff-b204-c46493b1a506 ] Request (SecurityGroupRulesNegativeTestJSON:setUpClass): 201 POST http://10.180.1.21/identity/v3/projects 0.046s
2025-04-09 11:38:15.460 69827 INFO tempest.lib.common.rest_client [req-31c457ad-8d7b-4c4b-8a00-26dd26062863 req-31c457ad-8d7b-4c4b-8a00-26dd26062863 ] Request (SecurityGroupRulesNegativeTestJSON:setUpClass): 201 POST http://10.180.1.21/identity/v3/users 0.068s
2025-04-09 11:38:15.483 69827 INFO tempest.lib.common.rest_client [req-e071ee52-da85-48a1-8855-7804fed41394 req-e071ee52-da85-48a1-8855-7804fed41394 ] Request (SecurityGroupRulesNegativeTestJSON:setUpClass): 200 GET http://10.180.1.21/identity/v3/roles 0.022s
2025-04-09 11:38:15.528 69827 INFO tempest.lib.common.rest_client [req-192d8f0a-969e-40a6-bb54-a45bd3521595 req-192d8f0a-969e-40a6-bb54-a45bd3521595 ] Request (SecurityGroupRulesNegativeTestJSON:setUpClass): 204 PUT http://10.180.1.21/identity/v3/projects/5a168a7e761d472abcbb1e9e068644a5/users/ab4410fb403448a7bec659178a92c4b2/roles/259b7c5f0a234d9cbc8bdf95101db64c 0.044s
2025-04-09 11:38:15.528 69827 INFO tempest.lib.common.dynamic_creds [-] Dynamic test user ab4410fb403448a7bec659178a92c4b2 is created with scope project and roles: ['member']
2025-04-09 11:38:15.528 69827 INFO tempest.lib.common.dynamic_creds [-] Acquired dynamic creds: credentials: Credentials: {'domain_id': 'default', 'domain_name': 'Default', 'username': 'tempest-SecurityGroupRulesNegativeTestJSON-968036756-project-member', 'project_domain_id': 'default', 'project_domain_name': 'Default', 'project_id': '5a168a7e761d472abcbb1e9e068644a5', 'project_name': 'tempest-SecurityGroupRulesNegativeTestJSON-968036756', 'tenant_id': '5a168a7e761d472abcbb1e9e068644a5', 'tenant_name': 'tempest-SecurityGroupRulesNegativeTestJSON-968036756', 'user_domain_id': 'default', 'user_domain_name': 'Default', 'user_id': 'ab4410fb403448a7bec659178a92c4b2', 'system': None}, Network: None, Subnet: None, Router: None
2025-04-09 11:38:15.594 69803 INFO tempest.lib.common.rest_client [req-4818a146-25f5-4e48-a49b-0ef6b719685b req-4818a146-25f5-4e48-a49b-0ef6b719685b ] Request (ServerExternalEventsTest:test_create_server_external_events): 202 POST http://10.180.1.21/compute/v2.1/servers 2.246s
2025-04-09 11:38:15.611 69827 INFO tempest.lib.common.rest_client [req-1bc911ce-85cd-4ff9-97eb-cb16d3743ea4 req-1bc911ce-85cd-4ff9-97eb-cb16d3743ea4 ] Request (SecurityGroupRulesNegativeTestJSON:setUpClass): 201 POST http://10.180.1.21/identity/v3/auth/tokens 0.081s
2025-04-09 11:38:15.636 69807 INFO tempest.lib.common.rest_client [req-ffe3482b-a2b7-4e4c-ae85-7a844db01f85 req-ffe3482b-a2b7-4e4c-ae85-7a844db01f85 ] Request (FlavorsExtraSpecsTestJSON:tearDownClass): 200 GET http://10.180.1.21:9696/networking/v2.0/security-groups?tenant_id=f0a1f8e665e542769ffa6abf9efa1423&name=default 0.358s
2025-04-09 11:38:15.681 69823 INFO tempest.lib.common.rest_client [req-de75c92b-d72a-4d4e-a844-a8e5486ba33c req-de75c92b-d72a-4d4e-a844-a8e5486ba33c ] Request (ServerDiagnosticsV248Test:test_get_server_diagnostics): 200 GET http://10.180.1.21/compute/v2.1/servers/d1eb6bed-1ed6-4243-8416-1083822cfa9f 1.877s
2025-04-09 11:38:15.813 69811 INFO tempest.lib.common.rest_client [req-cac2e3c8-a46d-4292-8fb2-7cab739dcdbf req-cac2e3c8-a46d-4292-8fb2-7cab739dcdbf ] Request (ServersWithSpecificFlavorTestJSON:test_verify_created_server_ephemeral_disk): 200 GET http://10.180.1.21/compute/v2.1/servers/3f493655-88cc-4473-a156-828391eba964 1.941s
2025-04-09 11:38:15.820 69807 INFO tempest.lib.common.rest_client [req-4648e1a5-6240-4888-8873-4abce1750e4f req-4648e1a5-6240-4888-8873-4abce1750e4f ] Request (FlavorsExtraSpecsTestJSON:tearDownClass): 204 DELETE http://10.180.1.21:9696/networking/v2.0/security-groups/804a68e4-e7e3-4229-9413-b1cfd7a47b09 0.184s
2025-04-09 11:38:15.849 69845 INFO tempest.lib.common.rest_client [req-6a3b33a8-03c4-4eb4-b82f-81e254c33e61 req-6a3b33a8-03c4-4eb4-b82f-81e254c33e61 ] Request (HypervisorAdminUnderV252Test:tearDownClass): 200 GET http://10.180.1.21:9696/networking/v2.0/security-groups?tenant_id=469399660042423a8c55aa34bce8ce20&name=default 0.512s
2025-04-09 11:38:15.868 69829 INFO tempest.lib.common.rest_client [req-7e62b589-0796-444b-bc90-fa480fa4a8e0 req-7e62b589-0796-444b-bc90-fa480fa4a8e0 ] Request (SecurityGroupsNegativeTestJSON:setUpClass): 200 PUT http://10.180.1.21:9696/networking/v2.0/routers/981f81e4-8ba6-417e-b272-e69771a1ea44/add_router_interface 1.796s
2025-04-09 11:38:15.868 69829 INFO tempest.lib.common.dynamic_creds [-] Created isolated network resources for: credentials: Credentials: {'domain_id': 'default', 'domain_name': 'Default', 'username': 'tempest-SecurityGroupsNegativeTestJSON-488494206-project-member', 'project_domain_id': 'default', 'project_domain_name': 'Default', 'project_id': '9996a1d1b069407e8d6b9666b16cf16e', 'project_name': 'tempest-SecurityGroupsNegativeTestJSON-488494206', 'tenant_id': '9996a1d1b069407e8d6b9666b16cf16e', 'tenant_name': 'tempest-SecurityGroupsNegativeTestJSON-488494206', 'user_domain_id': 'default', 'user_domain_name': 'Default', 'user_id': '819dc51d523c412082dd9849289957ce', 'system': None}, Network: {'id': '6eb04547-cdd1-46ee-9578-83d9b0a51164', 'name': 'tempest-SecurityGroupsNegativeTestJSON-1990528722-network', 'tenant_id': '9996a1d1b069407e8d6b9666b16cf16e', 'admin_state_up': True, 'mtu': 8950, 'status': 'ACTIVE', 'subnets': [], 'shared': False, 'project_id': '9996a1d1b069407e8d6b9666b16cf16e', 'port_security_enabled': True, 'router:external': False, 'provider:network_type': 'vlan', 'provider:physical_network': 'default', 'provider:segmentation_id': 32, 'availability_zone_hints': [], 'availability_zones': [], 'ipv4_address_scope': None, 'ipv6_address_scope': None, 'description': '', 'tags': [], 'created_at': '2025-04-09T11:38:11Z', 'updated_at': '2025-04-09T11:38:11Z', 'revision_number': 1}, Subnet: {'id': '55d75deb-eae5-4da8-b601-4fc43a615a48', 'name': 'tempest-SecurityGroupsNegativeTestJSON-1990528722-subnet', 'tenant_id': '9996a1d1b069407e8d6b9666b16cf16e', 'network_id': '6eb04547-cdd1-46ee-9578-83d9b0a51164', 'ip_version': 4, 'subnetpool_id': None, 'enable_dhcp': True, 'ipv6_ra_mode': None, 'ipv6_address_mode': None, 'gateway_ip': '192.168.128.1', 'cidr': '192.168.128.0/28', 'allocation_pools': [{'start': '192.168.128.2', 'end': '192.168.128.14'}], 'host_routes': [], 'dns_nameservers': [], 'description': '', 'router:external': False, 'service_types': [], 'tags': [], 'created_at': '2025-04-09T11:38:11Z', 'updated_at': '2025-04-09T11:38:11Z', 'revision_number': 0, 'project_id': '9996a1d1b069407e8d6b9666b16cf16e'}, Router: {'id': '981f81e4-8ba6-417e-b272-e69771a1ea44', 'name': 'tempest-SecurityGroupsNegativeTestJSON-1990528722-router', 'tenant_id': '9996a1d1b069407e8d6b9666b16cf16e', 'admin_state_up': True, 'status': 'ACTIVE', 'external_gateway_info': {'network_id': '6303e908-bb4b-42bb-ae89-4ceee401f0b4', 'external_fixed_ips': [{'subnet_id': '947001cb-4020-4c0e-9a30-cd4c9320b22c', 'ip_address': '10.180.180.213'}], 'enable_snat': True}, 'description': '', 'availability_zones': [], 'distributed': False, 'ha': False, 'availability_zone_hints': [], 'routes': [], 'flavor_id': None, 'tags': [], 'created_at': '2025-04-09T11:38:12Z', 'updated_at': '2025-04-09T11:38:13Z', 'revision_number': 2, 'project_id': '9996a1d1b069407e8d6b9666b16cf16e'}
2025-04-09 11:38:15.907 69807 INFO tempest.lib.common.rest_client [req-485bb647-97b7-42e4-b825-80fbda447ddd req-485bb647-97b7-42e4-b825-80fbda447ddd ] Request (FlavorsExtraSpecsTestJSON:tearDownClass): 204 DELETE http://10.180.1.21/identity/v3/projects/f0a1f8e665e542769ffa6abf9efa1423 0.085s
2025-04-09 11:38:15.976 69829 INFO tempest.lib.common.rest_client [req-0279816b-b9df-4fa8-b96f-9fd989c094b5 req-0279816b-b9df-4fa8-b96f-9fd989c094b5 ] Request (SecurityGroupsNegativeTestJSON:setUpClass): 201 POST http://10.180.1.21/identity/v3/auth/tokens 0.101s
2025-04-09 11:38:16.032 69807 INFO tempest.lib.common.rest_client [req-fdb95382-dbb4-488c-9dc4-e74b5b65743b req-fdb95382-dbb4-488c-9dc4-e74b5b65743b ] Request (QuotasSecurityGroupAdminNegativeTest:setUpClass): 201 POST http://10.180.1.21/identity/v3/auth/tokens 0.122s
2025-04-09 11:38:16.060 69845 INFO tempest.lib.common.rest_client [req-ef99be82-9df4-4930-834f-108e61c5c486 req-ef99be82-9df4-4930-834f-108e61c5c486 ] Request (HypervisorAdminUnderV252Test:tearDownClass): 204 DELETE http://10.180.1.21:9696/networking/v2.0/security-groups/4b30ef9d-7860-4bf9-931d-3b93901056d9 0.211s
2025-04-09 11:38:16.079 69807 INFO tempest.lib.common.rest_client [req-907d3900-5285-4d0c-8b9f-95c8649a5c7c req-907d3900-5285-4d0c-8b9f-95c8649a5c7c ] Request (QuotasSecurityGroupAdminNegativeTest:setUpClass): 201 POST http://10.180.1.21/identity/v3/auth/tokens 0.045s
2025-04-09 11:38:16.103 69827 INFO tempest.lib.common.rest_client [req-06d6c0f4-a148-4c3e-9107-3ef3a81d858c req-06d6c0f4-a148-4c3e-9107-3ef3a81d858c ] Request (SecurityGroupRulesNegativeTestJSON:setUpClass): 201 POST http://10.180.1.21:9696/networking/v2.0/networks 0.492s
2025-04-09 11:38:16.117 69807 INFO tempest.lib.common.rest_client [req-48177f4d-68f9-42c2-9f44-bf75c0442a7c req-48177f4d-68f9-42c2-9f44-bf75c0442a7c ] Request (QuotasSecurityGroupAdminNegativeTest:setUpClass): 200 GET http://10.180.1.21/identity/v3/domains?name=Default 0.038s
2025-04-09 11:38:16.134 69791 INFO tempest.lib.common.rest_client [req-2b9face4-ff14-4bc0-8447-70a6851334fe req-2b9face4-ff14-4bc0-8447-70a6851334fe ] Request (QuotasAdminTestJSON:test_update_all_quota_resources_for_tenant): 200 PUT http://10.180.1.21/compute/v2.1/os-quota-sets/d40f2df352f54ccb86b05ee884c48447 2.216s
2025-04-09 11:38:16.158 69845 INFO tempest.lib.common.rest_client [req-0d90c41b-d4cb-4868-8fdc-28d67742a362 req-0d90c41b-d4cb-4868-8fdc-28d67742a362 ] Request (HypervisorAdminUnderV252Test:tearDownClass): 204 DELETE http://10.180.1.21/identity/v3/projects/469399660042423a8c55aa34bce8ce20 0.097s
2025-04-09 11:38:16.158 69845 INFO tempest.lib.common.dynamic_creds [-] Deleting project and security group for project: 41e9f206cbbf4a82b3b36d67ad4e7174
2025-04-09 11:38:16.189 69807 INFO tempest.lib.common.rest_client [req-66ba27c8-3697-4425-adda-e0f8bd601798 req-66ba27c8-3697-4425-adda-e0f8bd601798 ] Request (QuotasSecurityGroupAdminNegativeTest:setUpClass): 201 POST http://10.180.1.21/identity/v3/projects 0.071s
2025-04-09 11:38:16.246 69825 INFO tempest.lib.common.rest_client [req-397814c7-e686-4252-99f7-4465c316763f req-397814c7-e686-4252-99f7-4465c316763f ] Request (DeleteServersAdminTestJSON:test_admin_delete_servers_of_others): 200 GET http://10.180.1.21/compute/v2.1/servers/f502aac5-5a9c-45ce-8f4a-920835a713e2 2.297s
2025-04-09 11:38:16.256 69825 INFO tempest.common.waiters [-] State transition "ACTIVE/deleting" ==> "DELETED/None" after 4 second wait
2025-04-09 11:38:16.265 69789 INFO tempest.lib.common.rest_client [req-800a50cd-7dee-425c-9560-ab4a847a7adc req-800a50cd-7dee-425c-9560-ab4a847a7adc ] Request (AggregatesAdminNegativeTestJSON:test_aggregate_create_with_existent_aggregate_name): 409 POST http://10.180.1.21/compute/v2.1/os-aggregates 2.312s
2025-04-09 11:38:16.305 69807 INFO tempest.lib.common.rest_client [req-d4416585-33ff-4390-abea-69ea2376feee req-d4416585-33ff-4390-abea-69ea2376feee ] Request (QuotasSecurityGroupAdminNegativeTest:setUpClass): 201 POST http://10.180.1.21/identity/v3/users 0.115s
2025-04-09 11:38:16.340 69807 INFO tempest.lib.common.rest_client [req-efdbaf0d-aa70-44e5-8afe-e4d43690e2e4 req-efdbaf0d-aa70-44e5-8afe-e4d43690e2e4 ] Request (QuotasSecurityGroupAdminNegativeTest:setUpClass): 200 GET http://10.180.1.21/identity/v3/roles 0.035s
2025-04-09 11:38:16.344 69805 INFO tempest.lib.common.rest_client [req-c083314a-efd4-4d22-940d-497c4334970d req-c083314a-efd4-4d22-940d-497c4334970d ] Request (ServerMetadataNegativeTestJSON:setUpClass): 200 GET http://10.180.1.21/compute/v2.1/servers/fb61d87f-5c4c-4c97-b224-d1033a8c5c83 2.306s
2025-04-09 11:38:16.354 69793 INFO tempest.lib.common.rest_client [req-a2b87957-4746-4d4a-88c5-8ad2b1e69d77 req-a2b87957-4746-4d4a-88c5-8ad2b1e69d77 ] Request (FloatingIPsAssociationNegativeTestJSON:test_associate_ip_to_server_with_floating_ip): 200 POST http://10.180.1.21/compute/v2.1/os-floating-ips 2.950s
2025-04-09 11:38:16.369 69845 INFO tempest.lib.common.rest_client [req-811ca6c1-8b2d-48a2-ac3a-821c198ac000 req-811ca6c1-8b2d-48a2-ac3a-821c198ac000 ] Request (HypervisorAdminUnderV252Test:tearDownClass): 200 GET http://10.180.1.21:9696/networking/v2.0/security-groups?tenant_id=41e9f206cbbf4a82b3b36d67ad4e7174&name=default 0.210s
2025-04-09 11:38:16.400 69807 INFO tempest.lib.common.rest_client [req-a976d525-7853-4858-ab5d-565ee94e51f6 req-a976d525-7853-4858-ab5d-565ee94e51f6 ] Request (QuotasSecurityGroupAdminNegativeTest:setUpClass): 204 PUT http://10.180.1.21/identity/v3/projects/015e5f2da76d47d89260fc36db95021c/users/7c58d6c608b840eb809a22a1b65de8ea/roles/259b7c5f0a234d9cbc8bdf95101db64c 0.059s
2025-04-09 11:38:16.401 69807 INFO tempest.lib.common.dynamic_creds [-] Dynamic test user 7c58d6c608b840eb809a22a1b65de8ea is created with scope project and roles: ['member']
2025-04-09 11:38:16.401 69807 INFO tempest.lib.common.dynamic_creds [-] Acquired dynamic creds: credentials: Credentials: {'domain_id': 'default', 'domain_name': 'Default', 'username': 'tempest-QuotasSecurityGroupAdminNegativeTest-1781396239-project-member', 'project_domain_id': 'default', 'project_domain_name': 'Default', 'project_id': '015e5f2da76d47d89260fc36db95021c', 'project_name': 'tempest-QuotasSecurityGroupAdminNegativeTest-1781396239', 'tenant_id': '015e5f2da76d47d89260fc36db95021c', 'tenant_name': 'tempest-QuotasSecurityGroupAdminNegativeTest-1781396239', 'user_domain_id': 'default', 'user_domain_name': 'Default', 'user_id': '7c58d6c608b840eb809a22a1b65de8ea', 'system': None}, Network: None, Subnet: None, Router: None
2025-04-09 11:38:16.401 69807 INFO tempest.lib.common.dynamic_creds [-] Created isolated network resources for: credentials: Credentials: {'domain_id': 'default', 'domain_name': 'Default', 'username': 'tempest-QuotasSecurityGroupAdminNegativeTest-1781396239-project-member', 'project_domain_id': 'default', 'project_domain_name': 'Default', 'project_id': '015e5f2da76d47d89260fc36db95021c', 'project_name': 'tempest-QuotasSecurityGroupAdminNegativeTest-1781396239', 'tenant_id': '015e5f2da76d47d89260fc36db95021c', 'tenant_name': 'tempest-QuotasSecurityGroupAdminNegativeTest-1781396239', 'user_domain_id': 'default', 'user_domain_name': 'Default', 'user_id': '7c58d6c608b840eb809a22a1b65de8ea', 'system': None}, Network: None, Subnet: None, Router: None
2025-04-09 11:38:16.479 69845 INFO tempest.lib.common.rest_client [req-a8e691ae-4503-456d-9dd5-0b6cf09cd695 req-a8e691ae-4503-456d-9dd5-0b6cf09cd695 ] Request (HypervisorAdminUnderV252Test:tearDownClass): 204 DELETE http://10.180.1.21:9696/networking/v2.0/security-groups/7fdc12ad-4cd1-4824-b7a6-4b7c75693460 0.109s
2025-04-09 11:38:16.503 69807 INFO tempest.lib.common.rest_client [req-7848a944-8c57-4804-b75b-9ebf1eb2fe19 req-7848a944-8c57-4804-b75b-9ebf1eb2fe19 ] Request (QuotasSecurityGroupAdminNegativeTest:setUpClass): 201 POST http://10.180.1.21/identity/v3/auth/tokens 0.096s
2025-04-09 11:38:16.564 69827 INFO tempest.lib.common.rest_client [req-3138fe8b-b4bc-4cab-8c4b-0600a5a47645 req-3138fe8b-b4bc-4cab-8c4b-0600a5a47645 ] Request (SecurityGroupRulesNegativeTestJSON:setUpClass): 201 POST http://10.180.1.21:9696/networking/v2.0/subnets 0.460s
2025-04-09 11:38:16.577 69831 INFO tempest.lib.common.rest_client [req-d3913ea8-4dbe-480c-9b14-40af2dc26f8a req-d3913ea8-4dbe-480c-9b14-40af2dc26f8a ] Request (TenantUsagesTestJSON:tearDownClass): 204 DELETE http://10.180.1.21/compute/v2.1/servers/06d0f8ea-94ba-46fd-8899-1945b10aa790 2.490s
2025-04-09 11:38:16.600 69807 INFO tempest.lib.common.rest_client [req-2987b52e-93b0-4d2f-974b-26b603bf9dc3 req-2987b52e-93b0-4d2f-974b-26b603bf9dc3 ] Request (QuotasSecurityGroupAdminNegativeTest:setUpClass): 201 POST http://10.180.1.21/identity/v3/projects 0.096s
2025-04-09 11:38:16.627 69845 INFO tempest.lib.common.rest_client [req-3db531b2-bb16-403f-a137-978e58360215 req-3db531b2-bb16-403f-a137-978e58360215 ] Request (HypervisorAdminUnderV252Test:tearDownClass): 204 DELETE http://10.180.1.21/identity/v3/projects/41e9f206cbbf4a82b3b36d67ad4e7174 0.147s
2025-04-09 11:38:16.693 69845 INFO tempest.lib.common.rest_client [req-aef06dad-2868-464c-b58b-b6b5f70f5064 req-aef06dad-2868-464c-b58b-b6b5f70f5064 ] Request (ImagesTestJSON:setUpClass): 201 POST http://10.180.1.21/identity/v3/auth/tokens 0.064s
2025-04-09 11:38:16.696 69807 INFO tempest.lib.common.rest_client [req-3e125e28-42dc-4fe4-a935-70e009dcff13 req-3e125e28-42dc-4fe4-a935-70e009dcff13 ] Request (QuotasSecurityGroupAdminNegativeTest:setUpClass): 201 POST http://10.180.1.21/identity/v3/users 0.095s
2025-04-09 11:38:16.730 69807 INFO tempest.lib.common.rest_client [req-f56f55db-7bc0-450b-a10b-2efd1e665895 req-f56f55db-7bc0-450b-a10b-2efd1e665895 ] Request (QuotasSecurityGroupAdminNegativeTest:setUpClass): 200 GET http://10.180.1.21/identity/v3/roles 0.033s
2025-04-09 11:38:16.731 69845 INFO tempest.lib.common.rest_client [req-c2ce276c-1f8d-4459-88f8-577b5ea31864 req-c2ce276c-1f8d-4459-88f8-577b5ea31864 ] Request (ImagesTestJSON:setUpClass): 201 POST http://10.180.1.21/identity/v3/auth/tokens 0.033s
2025-04-09 11:38:16.758 69845 INFO tempest.lib.common.rest_client [req-7e7649a8-ed9d-49e5-b077-c7aa560f483f req-7e7649a8-ed9d-49e5-b077-c7aa560f483f ] Request (ImagesTestJSON:setUpClass): 200 GET http://10.180.1.21/identity/v3/domains?name=Default 0.026s
2025-04-09 11:38:16.769 69843 INFO tempest.lib.common.rest_client [req-82a76238-d8b0-485f-822b-6a614e63a708 req-82a76238-d8b0-485f-822b-6a614e63a708 ] Request (SecurityGroupRulesTestJSON:test_security_group_rules_create_with_optional_group_id): 200 POST http://10.180.1.21/compute/v2.1/os-security-groups 2.580s
2025-04-09 11:38:16.774 69807 INFO tempest.lib.common.rest_client [req-d29a60df-f09f-4224-a6ad-512149f59771 req-d29a60df-f09f-4224-a6ad-512149f59771 ] Request (QuotasSecurityGroupAdminNegativeTest:setUpClass): 204 PUT http://10.180.1.21/identity/v3/projects/9e75eb6280a941c5b33538c7b567cd25/users/36304da2f8b24a219765b941433104d0/roles/639a724e67f5425d8c8efe8135fb82c5 0.043s
2025-04-09 11:38:16.779 69801 INFO tempest.lib.common.rest_client [req-d8970f30-ced7-49c7-870c-3cef277eb2cb req-d8970f30-ced7-49c7-870c-3cef277eb2cb ] Request (FlavorsAccessNegativeTestJSON:test_flavor_non_admin_remove): 403 POST http://10.180.1.21/compute/v2.1/flavors/513938362/action 2.568s
2025-04-09 11:38:16.792 69845 INFO tempest.lib.common.rest_client [req-ba073215-05c9-404b-807d-85e4d56c4f95 req-ba073215-05c9-404b-807d-85e4d56c4f95 ] Request (ImagesTestJSON:setUpClass): 201 POST http://10.180.1.21/identity/v3/projects 0.034s
2025-04-09 11:38:16.812 69841 INFO tempest.lib.common.rest_client [req-5be82128-2248-4751-a2b9-4240a3657b15 req-5be82128-2248-4751-a2b9-4240a3657b15 ] Request (ServicesAdminNegativeTestJSON:test_get_service_with_valid_service_and_invalid_host): 200 GET http://10.180.1.21/compute/v2.1/os-services?host=xxx&binary=nova-scheduler 2.573s
2025-04-09 11:38:16.863 69845 INFO tempest.lib.common.rest_client [req-67677b7c-b0cd-40f4-901a-4042db616a8a req-67677b7c-b0cd-40f4-901a-4042db616a8a ] Request (ImagesTestJSON:setUpClass): 201 POST http://10.180.1.21/identity/v3/users 0.070s
2025-04-09 11:38:16.884 69807 INFO tempest.lib.common.rest_client [req-227ca791-c668-4b42-81ab-c0c96042eaaa req-227ca791-c668-4b42-81ab-c0c96042eaaa ] Request (QuotasSecurityGroupAdminNegativeTest:setUpClass): 200 GET http://10.180.1.21/identity/v3/roles 0.109s
2025-04-09 11:38:16.886 69845 INFO tempest.lib.common.rest_client [req-cf61f36a-4f92-4440-944c-2782d9f2463e req-cf61f36a-4f92-4440-944c-2782d9f2463e ] Request (ImagesTestJSON:setUpClass): 200 GET http://10.180.1.21/identity/v3/roles 0.022s
2025-04-09 11:38:16.896 69817 INFO tempest.lib.common.rest_client [req-e97d97ba-34a3-4f44-9c7c-745ddcae8af4 req-e97d97ba-34a3-4f44-9c7c-745ddcae8af4 ] Request (ServersAdminTestJSON:setUpClass): 202 POST http://10.180.1.21/compute/v2.1/servers 2.746s
2025-04-09 11:38:16.905 69807 INFO tempest.lib.common.rest_client [req-d9ec934a-c72f-4200-ab2e-8017a2af36c2 req-d9ec934a-c72f-4200-ab2e-8017a2af36c2 ] Request (QuotasSecurityGroupAdminNegativeTest:setUpClass): 204 PUT http://10.180.1.21/identity/v3/projects/9e75eb6280a941c5b33538c7b567cd25/users/36304da2f8b24a219765b941433104d0/roles/639a724e67f5425d8c8efe8135fb82c5 0.020s
2025-04-09 11:38:16.905 69807 INFO tempest.lib.common.dynamic_creds [-] Dynamic test user 36304da2f8b24a219765b941433104d0 is created with scope project and roles: ['admin']
2025-04-09 11:38:16.905 69807 INFO tempest.lib.common.dynamic_creds [-] Acquired dynamic creds: credentials: Credentials: {'domain_id': 'default', 'domain_name': 'Default', 'username': 'tempest-QuotasSecurityGroupAdminNegativeTest-1892770496-project-admin', 'project_domain_id': 'default', 'project_domain_name': 'Default', 'project_id': '9e75eb6280a941c5b33538c7b567cd25', 'project_name': 'tempest-QuotasSecurityGroupAdminNegativeTest-1892770496', 'tenant_id': '9e75eb6280a941c5b33538c7b567cd25', 'tenant_name': 'tempest-QuotasSecurityGroupAdminNegativeTest-1892770496', 'user_domain_id': 'default', 'user_domain_name': 'Default', 'user_id': '36304da2f8b24a219765b941433104d0', 'system': None}, Network: None, Subnet: None, Router: None
2025-04-09 11:38:16.906 69807 INFO tempest.lib.common.dynamic_creds [-] Created isolated network resources for: credentials: Credentials: {'domain_id': 'default', 'domain_name': 'Default', 'username': 'tempest-QuotasSecurityGroupAdminNegativeTest-1892770496-project-admin', 'project_domain_id': 'default', 'project_domain_name': 'Default', 'project_id': '9e75eb6280a941c5b33538c7b567cd25', 'project_name': 'tempest-QuotasSecurityGroupAdminNegativeTest-1892770496', 'tenant_id': '9e75eb6280a941c5b33538c7b567cd25', 'tenant_name': 'tempest-QuotasSecurityGroupAdminNegativeTest-1892770496', 'user_domain_id': 'default', 'user_domain_name': 'Default', 'user_id': '36304da2f8b24a219765b941433104d0', 'system': None}, Network: None, Subnet: None, Router: None
2025-04-09 11:38:16.924 69845 INFO tempest.lib.common.rest_client [req-8b7412ed-97b3-4d4c-abda-fc654713ea9a req-8b7412ed-97b3-4d4c-abda-fc654713ea9a ] Request (ImagesTestJSON:setUpClass): 204 PUT http://10.180.1.21/identity/v3/projects/2e59fce48c84483084ece442b0d69ef3/users/a9db4f69933247109006bc0aac54cda0/roles/259b7c5f0a234d9cbc8bdf95101db64c 0.037s
2025-04-09 11:38:16.924 69845 INFO tempest.lib.common.dynamic_creds [-] Dynamic test user a9db4f69933247109006bc0aac54cda0 is created with scope project and roles: ['member']
2025-04-09 11:38:16.924 69845 INFO tempest.lib.common.dynamic_creds [-] Acquired dynamic creds: credentials: Credentials: {'domain_id': 'default', 'domain_name': 'Default', 'username': 'tempest-ImagesTestJSON-821230832-project-member', 'project_domain_id': 'default', 'project_domain_name': 'Default', 'project_id': '2e59fce48c84483084ece442b0d69ef3', 'project_name': 'tempest-ImagesTestJSON-821230832', 'tenant_id': '2e59fce48c84483084ece442b0d69ef3', 'tenant_name': 'tempest-ImagesTestJSON-821230832', 'user_domain_id': 'default', 'user_domain_name': 'Default', 'user_id': 'a9db4f69933247109006bc0aac54cda0', 'system': None}, Network: None, Subnet: None, Router: None
2025-04-09 11:38:16.983 69817 INFO tempest.lib.common.rest_client [req-9f453e97-994c-4e91-94b9-cd7c88440573 req-9f453e97-994c-4e91-94b9-cd7c88440573 ] Request (ServersAdminTestJSON:setUpClass): 201 POST http://10.180.1.21/identity/v3/auth/tokens 0.081s
