2025-04-09 11:39:02.554 69845 INFO tempest.lib.common.rest_client [req-39f71483-687a-476f-9e02-7749a2d4d5ce req-39f71483-687a-476f-9e02-7749a2d4d5ce ] Request (ImagesTestJSON:test_create_image_from_stopped_server): 200 GET http://10.180.1.21/compute/v2.1/servers/c8efdc90-e47b-4628-bfcb-143a0a958257 0.108s
2025-04-09 11:39:02.597 69823 INFO tempest.lib.common.rest_client [req-f67595c4-0e59-4465-91a3-9c68da549b9a req-f67595c4-0e59-4465-91a3-9c68da549b9a ] Request (ServerDiagnosticsV248Test:tearDownClass): 200 GET http://10.180.1.21/compute/v2.1/servers/d1eb6bed-1ed6-4243-8416-1083822cfa9f 0.072s
2025-04-09 11:39:02.716 69803 INFO tempest.lib.common.rest_client [req-58d7e701-ff50-45da-86ae-4c7915b38420 req-58d7e701-ff50-45da-86ae-4c7915b38420 ] Request (ServerExternalEventsTest:tearDownClass): 200 GET http://10.180.1.21/compute/v2.1/servers/2caaed18-e8a8-40e8-a8ac-60d4aea0e4fd 0.083s
2025-04-09 11:39:02.723 69803 INFO tempest.common.waiters [-] State transition "ACTIVE/deleting" ==> "DELETED/None" after 4 second wait
2025-04-09 11:39:02.732 69795 INFO tempest.lib.common.rest_client [req-2d959359-8c39-478a-bf48-38c63b46507c req-2d959359-8c39-478a-bf48-38c63b46507c ] Request (ListServerFiltersTestJSON:test_list_servers_filter_by_shutoff_status): 200 GET http://10.180.1.21/compute/v2.1/servers/f9e131e0-417f-4baf-b7fd-a3547169fd41 0.099s
2025-04-09 11:39:02.741 69795 INFO tempest.common.waiters [-] State transition "SHUTOFF/powering-on" ==> "ACTIVE/None" after 6 second wait
2025-04-09 11:39:02.742 69813 WARNING tempest.lib.common.ssh [-] Failed to establish authenticated ssh connection to cirros@10.180.180.147 ([Errno None] Unable to connect to port 22 on 10.180.180.147). Number attempts: 2. Retry after 3 seconds.: paramiko.ssh_exception.NoValidConnectionsError: [Errno None] Unable to connect to port 22 on 10.180.180.147
2025-04-09 11:39:02.746 69789 INFO tempest.lib.common.rest_client [req-f48d7cc7-6ff0-485f-add1-e94608387f84 req-f48d7cc7-6ff0-485f-add1-e94608387f84 ] Request (ServersTestBootFromVolume:setUpClass): 200 GET http://10.180.1.21/volume/v3/volumes/1cc9cc95-c5a1-4990-8a92-e3a5d25069a4 0.038s
2025-04-09 11:39:02.787 69793 INFO tempest.lib.common.rest_client [req-17968e02-075f-41d4-88d6-023acfc98ab8 req-17968e02-075f-41d4-88d6-023acfc98ab8 ] Request (FloatingIPsAssociationNegativeTestJSON:tearDownClass): 204 DELETE http://10.180.1.21:9696/networking/v2.0/routers/172476dc-fa13-4e40-bbc8-09c32a0eee1d 0.411s
2025-04-09 11:39:02.788 69797 INFO tempest.lib.common.rest_client [req-6825dca9-c66f-412a-9a9a-d3b348e05a8d req-6825dca9-c66f-412a-9a9a-d3b348e05a8d ] Request (ServerDiagnosticsTest:test_get_server_diagnostics): 200 GET http://10.180.1.21/compute/v2.1/servers/b339634c-cd82-41af-93a1-05c780391709 0.093s
2025-04-09 11:39:02.790 69791 INFO tempest.lib.common.rest_client [req-4585e28a-5ee7-4a91-9f5e-1a4672890960 req-4585e28a-5ee7-4a91-9f5e-1a4672890960 ] Request (ServerAddressesTestJSON:setUpClass): 200 GET http://10.180.1.21/compute/v2.1/servers/93b81605-017f-4c6a-aa21-c46c34f1dfc8 0.049s
2025-04-09 11:39:02.802 69795 INFO tempest.lib.common.rest_client [req-47e95a25-272f-44fc-9ab5-6d1a4e7157b6 req-47e95a25-272f-44fc-9ab5-6d1a4e7157b6 ] Request (ListServerFiltersTestJSON:test_list_servers_filter_by_zero_limit): 200 GET http://10.180.1.21/compute/v2.1/servers?limit=0 0.058s
2025-04-09 11:39:02.939 69829 INFO tempest.lib.common.rest_client [req-4994a413-767b-4240-882e-a5af55f1e0fb req-4994a413-767b-4240-882e-a5af55f1e0fb ] Request (ServerActionsTestOtherB:setUpClass): 200 GET http://10.180.1.21/compute/v2.1/servers/86fa999a-071c-40b9-84f9-6bb0518de89f 0.068s
2025-04-09 11:39:02.997 69851 WARNING tempest.lib.common.ssh [-] Failed to establish authenticated ssh connection to cirros@10.180.180.154 ([Errno None] Unable to connect to port 22 on 10.180.180.154). Number attempts: 3. Retry after 4 seconds.: paramiko.ssh_exception.NoValidConnectionsError: [Errno None] Unable to connect to port 22 on 10.180.180.154
2025-04-09 11:39:03.006 69819 INFO tempest.lib.common.rest_client [req-4efe293b-2757-441c-92a9-d7a40e3e0eed req-4efe293b-2757-441c-92a9-d7a40e3e0eed ] Request (FloatingIPsAssociationTestJSON:test_associate_already_associated_floating_ip): 200 GET http://10.180.1.21/compute/v2.1/servers/4d89d5e2-ce5d-487c-be93-95d687f45ca6 0.077s
2025-04-09 11:39:03.112 69799 INFO tempest.lib.common.rest_client [req-e2b09345-11bd-428d-99ab-c1655f3c6668 req-e2b09345-11bd-428d-99ab-c1655f3c6668 ] Request (MigrationsAdminTest:test_list_migrations_in_flavor_resize_situation): 200 GET http://10.180.1.21/compute/v2.1/servers/fc09ea54-6b9a-46af-95f5-ab03122a00ee 0.164s
2025-04-09 11:39:03.165 69793 INFO tempest.lib.common.rest_client [req-ec761fd6-6bf0-41e5-b940-6708d97cf8ee req-ec761fd6-6bf0-41e5-b940-6708d97cf8ee ] Request (FloatingIPsAssociationNegativeTestJSON:tearDownClass): 204 DELETE http://10.180.1.21:9696/networking/v2.0/subnets/06d1f7de-d60d-46ae-986d-c68dcfe67c90 0.377s
2025-04-09 11:39:03.166 69827 INFO tempest.lib.common.rest_client [req-8a3e601b-c0e3-4e97-9917-dc6e43d67d25 req-8a3e601b-c0e3-4e97-9917-dc6e43d67d25 ] Request (ServersNegativeTestMultiTenantJSON:setUpClass): 200 GET http://10.180.1.21/compute/v2.1/servers/85c9439a-5909-4e66-b300-3274ed11d2ac 0.149s
2025-04-09 11:39:03.171 69795 INFO tempest.lib.common.rest_client [req-4baf6d05-b7e2-4f03-ac00-7f45d78abf57 req-4baf6d05-b7e2-4f03-ac00-7f45d78abf57 ] Request (ListServerFiltersTestJSON:test_list_servers_filtered_by_ip): 200 GET http://10.180.1.21/compute/v2.1/servers/f9e131e0-417f-4baf-b7fd-a3547169fd41 0.366s
2025-04-09 11:39:03.228 69825 INFO tempest.lib.common.rest_client [req-b01570f4-76a9-401c-92cd-6f619140ef76 req-b01570f4-76a9-401c-92cd-6f619140ef76 ] Request (DeleteServersAdminTestJSON:test_delete_server_while_in_error_state): 200 GET http://10.180.1.21/compute/v2.1/servers/cc60a360-27cc-4c89-a040-4346787b381f 0.207s
2025-04-09 11:39:03.306 69815 INFO tempest.lib.common.rest_client [req-40948496-9e02-4ee5-bc0a-ada3e22a52ea req-40948496-9e02-4ee5-bc0a-ada3e22a52ea ] Request (ServersAdmin275Test:tearDownClass): 200 GET http://10.180.1.21/compute/v2.1/servers/3ca386ea-bb2d-412c-a855-399c4776feb2 0.097s
2025-04-09 11:39:03.327 69795 INFO tempest.lib.common.rest_client [req-e5216254-e962-4a24-b08e-94593c821fec req-e5216254-e962-4a24-b08e-94593c821fec ] Request (ListServerFiltersTestJSON:test_list_servers_filtered_by_ip): 200 GET http://10.180.1.21/compute/v2.1/servers/60b53559-2eae-4f70-b76e-a12c8d522950 0.145s
2025-04-09 11:39:03.377 69801 INFO tempest.lib.common.rest_client [req-19b5797e-1f93-4157-a2be-9ccb4efe3345 req-19b5797e-1f93-4157-a2be-9ccb4efe3345 ] Request (InstanceActionsNegativeTestJSON:setUpClass): 200 GET http://10.180.1.21/compute/v2.1/servers/4d95802c-4632-4247-a0a6-7ec4bb6712bc 0.106s
2025-04-09 11:39:03.535 69793 INFO tempest.lib.common.rest_client [req-e1bd1b81-495c-4048-b829-0533b7a4ff78 req-e1bd1b81-495c-4048-b829-0533b7a4ff78 ] Request (FloatingIPsAssociationNegativeTestJSON:tearDownClass): 204 DELETE http://10.180.1.21:9696/networking/v2.0/networks/04bfa1a7-0dfd-408c-9202-c928b6201a95 0.370s
2025-04-09 11:39:03.545 69817 INFO tempest.lib.common.rest_client [req-ec5e1fbf-55ce-4dbf-affa-3808c5d6cfdc req-ec5e1fbf-55ce-4dbf-affa-3808c5d6cfdc ] Request (ServersAdminTestJSON:setUpClass): 200 GET http://10.180.1.21/compute/v2.1/servers/78e0c1fd-c336-4ca7-ba6e-d22b8d4a9f5d 0.249s
2025-04-09 11:39:03.662 69793 INFO tempest.lib.common.rest_client [req-0ceb5250-5615-477b-b535-fc8d2d33be36 req-0ceb5250-5615-477b-b535-fc8d2d33be36 ] Request (FloatingIPsAssociationNegativeTestJSON:tearDownClass): 204 DELETE http://10.180.1.21/identity/v3/users/15ca71a761ed4c45b3cdda5b61c5b880 0.127s
2025-04-09 11:39:03.663 69793 INFO tempest.lib.common.dynamic_creds [-] Deleting project and security group for project: d60a772cfb3c4ef694b6b91eea7a8822
2025-04-09 11:39:03.671 69795 INFO tempest.lib.common.rest_client [req-4e3747a7-6ae2-4999-ba1d-475a50367145 req-4e3747a7-6ae2-4999-ba1d-475a50367145 ] Request (ListServerFiltersTestJSON:test_list_servers_filtered_by_ip): 200 GET http://10.180.1.21/compute/v2.1/servers/199e1c7c-fdb2-4074-84c4-7b4477d1dc9e 0.333s
2025-04-09 11:39:03.677 69831 INFO tempest.lib.common.rest_client [req-55d9cdf3-60b2-4dca-a485-4775054a89c7 req-55d9cdf3-60b2-4dca-a485-4775054a89c7 ] Request (AttachInterfacesV270Test:test_create_get_list_interfaces): 200 GET http://10.180.1.21/compute/v2.1/servers/b3f7ee3f-649f-4c28-b281-3f0e9bea9080 0.343s
2025-04-09 11:39:03.691 69793 INFO tempest.lib.common.rest_client [req-bbad44f5-1d25-4bad-b2cc-bec307300274 req-bbad44f5-1d25-4bad-b2cc-bec307300274 ] Request (FloatingIPsAssociationNegativeTestJSON:tearDownClass): 200 GET http://10.180.1.21:9696/networking/v2.0/security-groups?tenant_id=d60a772cfb3c4ef694b6b91eea7a8822&name=default 0.028s
2025-04-09 11:39:03.727 69836 INFO tempest.lib.common.rest_client [req-e6ef5484-fc44-49f7-b76e-8421bf53005d req-e6ef5484-fc44-49f7-b76e-8421bf53005d ] Request (ServerDiskConfigTestJSON:test_rebuild_server_with_manual_disk_config): 200 GET http://10.180.1.21/compute/v2.1/servers/bf7f6c84-ceda-463a-a87a-47d3d37e5dab 0.337s
2025-04-09 11:39:03.728 69843 INFO tempest.lib.common.rest_client [req-07cb826f-46b6-48fb-8fef-9aa41e45d237 req-07cb826f-46b6-48fb-8fef-9aa41e45d237 ] Request (SecurityGroupsTestJSON:test_list_security_groups_by_server): 200 GET http://10.180.1.21/compute/v2.1/servers/2387148a-8e7d-4652-a09b-b71ac952044b 0.357s
2025-04-09 11:39:03.735 69843 INFO tempest.common.waiters [-] State transition "BUILD/scheduling" ==> "BUILD/None" after 10 second wait
2025-04-09 11:39:03.778 69821 INFO tempest.lib.common.rest_client [req-4a5838e8-d1fe-4828-9445-77c8877b0865 req-4a5838e8-d1fe-4828-9445-77c8877b0865 ] Request (ServersAdminNegativeTestJSON:setUpClass): 200 GET http://10.180.1.21/compute/v2.1/servers/76ca89d1-edfd-4e50-bdd6-52012bfa6c25 0.335s
2025-04-09 11:39:03.783 69789 INFO tempest.lib.common.rest_client [req-c6df1a03-85b2-4d52-aefe-0af9e5802ede req-c6df1a03-85b2-4d52-aefe-0af9e5802ede ] Request (ServersTestBootFromVolume:setUpClass): 200 GET http://10.180.1.21/volume/v3/volumes/1cc9cc95-c5a1-4990-8a92-e3a5d25069a4 0.026s
2025-04-09 11:39:03.786 69805 INFO tempest.lib.common.rest_client [req-461932c4-f3a6-4db5-85d5-adf9926a652f req-461932c4-f3a6-4db5-85d5-adf9926a652f ] Request (ServerMetadataNegativeTestJSON:tearDownClass): 200 GET http://10.180.1.21/compute/v2.1/servers/fb61d87f-5c4c-4c97-b224-d1033a8c5c83 0.250s
2025-04-09 11:39:03.790 69793 INFO tempest.lib.common.rest_client [req-a8409008-47ec-4af6-911d-fbc190a7ea86 req-a8409008-47ec-4af6-911d-fbc190a7ea86 ] Request (FloatingIPsAssociationNegativeTestJSON:tearDownClass): 204 DELETE http://10.180.1.21:9696/networking/v2.0/security-groups/c6cf0f63-443c-4fdc-9d02-4df041c1ea64 0.098s
2025-04-09 11:39:03.842 69823 INFO tempest.lib.common.rest_client [req-c3b59597-edcf-445f-9277-b1338a7e2252 req-c3b59597-edcf-445f-9277-b1338a7e2252 ] Request (ServerDiagnosticsV248Test:tearDownClass): 200 GET http://10.180.1.21/compute/v2.1/servers/d1eb6bed-1ed6-4243-8416-1083822cfa9f 0.232s
2025-04-09 11:39:03.863 69845 INFO tempest.lib.common.rest_client [req-8a23ae5a-f9b1-4aff-8a33-8c81208ad277 req-8a23ae5a-f9b1-4aff-8a33-8c81208ad277 ] Request (ImagesTestJSON:test_create_image_from_stopped_server): 200 GET http://10.180.1.21/compute/v2.1/servers/c8efdc90-e47b-4628-bfcb-143a0a958257 0.298s
2025-04-09 11:39:03.873 69793 INFO tempest.lib.common.rest_client [req-077a2182-20a4-4d72-a17d-426f649f8fad req-077a2182-20a4-4d72-a17d-426f649f8fad ] Request (FloatingIPsAssociationNegativeTestJSON:tearDownClass): 204 DELETE http://10.180.1.21/identity/v3/projects/d60a772cfb3c4ef694b6b91eea7a8822 0.083s
2025-04-09 11:39:03.915 69803 INFO tempest.lib.common.rest_client [req-0d0503b2-cbed-4779-9a24-bbf612ba0c93 req-0d0503b2-cbed-4779-9a24-bbf612ba0c93 ] Request (ServerExternalEventsTest:tearDownClass): 200 GET http://10.180.1.21/compute/v2.1/servers/2caaed18-e8a8-40e8-a8ac-60d4aea0e4fd 0.191s
2025-04-09 11:39:03.938 69793 INFO tempest.lib.common.rest_client [req-5b39b0e8-f986-4dec-8144-c7689f4db0e9 req-5b39b0e8-f986-4dec-8144-c7689f4db0e9 ] Request (ServerRescueTestJSON:setUpClass): 201 POST http://10.180.1.21/identity/v3/auth/tokens 0.063s
2025-04-09 11:39:03.967 69793 INFO tempest.lib.common.rest_client [req-bc3f176d-3896-4739-80b3-716ad23351d8 req-bc3f176d-3896-4739-80b3-716ad23351d8 ] Request (ServerRescueTestJSON:setUpClass): 201 POST http://10.180.1.21/identity/v3/auth/tokens 0.026s
2025-04-09 11:39:03.967 69797 INFO tempest.lib.common.rest_client [req-a4951e77-3e26-47e9-95a9-280b655fb03a req-a4951e77-3e26-47e9-95a9-280b655fb03a ] Request (ServerDiagnosticsTest:test_get_server_diagnostics): 200 GET http://10.180.1.21/compute/v2.1/servers/b339634c-cd82-41af-93a1-05c780391709 0.172s
2025-04-09 11:39:03.974 69795 INFO tempest.lib.common.rest_client [req-50b0e0be-aff8-4cfb-a20c-073be0cc427e req-50b0e0be-aff8-4cfb-a20c-073be0cc427e ] Request (ListServerFiltersTestJSON:test_list_servers_filtered_by_ip): 200 GET http://10.180.1.21/compute/v2.1/servers?ip=192.168.128.14 0.296s
2025-04-09 11:39:03.994 69793 INFO tempest.lib.common.rest_client [req-4915274b-69c2-47d2-abdb-ca8bc57ed1ee req-4915274b-69c2-47d2-abdb-ca8bc57ed1ee ] Request (ServerRescueTestJSON:setUpClass): 200 GET http://10.180.1.21/identity/v3/domains?name=Default 0.027s
2025-04-09 11:39:04.019 69791 INFO tempest.lib.common.rest_client [req-22f2e824-bcd7-4565-ba91-7f1e626d8aa5 req-22f2e824-bcd7-4565-ba91-7f1e626d8aa5 ] Request (ServerAddressesTestJSON:setUpClass): 200 GET http://10.180.1.21/compute/v2.1/servers/93b81605-017f-4c6a-aa21-c46c34f1dfc8 0.219s
2025-04-09 11:39:04.028 69793 INFO tempest.lib.common.rest_client [req-7ada6655-555c-4846-b7f6-03ce21e38047 req-7ada6655-555c-4846-b7f6-03ce21e38047 ] Request (ServerRescueTestJSON:setUpClass): 201 POST http://10.180.1.21/identity/v3/projects 0.033s
2025-04-09 11:39:04.032 69829 INFO tempest.lib.common.rest_client [req-6d23e395-965b-47e2-b332-19a649e12c75 req-6d23e395-965b-47e2-b332-19a649e12c75 ] Request (ServerActionsTestOtherB:setUpClass): 200 GET http://10.180.1.21/compute/v2.1/servers/86fa999a-071c-40b9-84f9-6bb0518de89f 0.083s
2025-04-09 11:39:04.089 69793 INFO tempest.lib.common.rest_client [req-d51e64c2-8585-44e0-b6d5-2a3f0b1bd3be req-d51e64c2-8585-44e0-b6d5-2a3f0b1bd3be ] Request (ServerRescueTestJSON:setUpClass): 201 POST http://10.180.1.21/identity/v3/users 0.060s
2025-04-09 11:39:04.098 69819 INFO tempest.lib.common.rest_client [req-5d7661e5-5bd1-4bf2-9094-ae5e86de7f38 req-5d7661e5-5bd1-4bf2-9094-ae5e86de7f38 ] Request (FloatingIPsAssociationTestJSON:test_associate_already_associated_floating_ip): 200 GET http://10.180.1.21/compute/v2.1/servers/4d89d5e2-ce5d-487c-be93-95d687f45ca6 0.075s
2025-04-09 11:39:04.107 69819 INFO tempest.common.waiters [-] State transition "BUILD/None" ==> "BUILD/networking" after 37 second wait
2025-04-09 11:39:04.118 69793 INFO tempest.lib.common.rest_client [req-a1637c70-f594-4d30-8983-782cf0048d14 req-a1637c70-f594-4d30-8983-782cf0048d14 ] Request (ServerRescueTestJSON:setUpClass): 200 GET http://10.180.1.21/identity/v3/roles 0.029s
2025-04-09 11:39:04.150 69793 INFO tempest.lib.common.rest_client [req-5a88511d-dbad-4dde-bb01-3cc382091630 req-5a88511d-dbad-4dde-bb01-3cc382091630 ] Request (ServerRescueTestJSON:setUpClass): 204 PUT http://10.180.1.21/identity/v3/projects/19ed3aa40b344198ad73e3209e3329f1/users/24f7b18b6e554c5b84a7a01c21ccfd82/roles/259b7c5f0a234d9cbc8bdf95101db64c 0.031s
2025-04-09 11:39:04.150 69795 INFO tempest.lib.common.rest_client [req-45c4dfc9-8bd3-4f03-a22f-019b354f7151 req-45c4dfc9-8bd3-4f03-a22f-019b354f7151 ] Request (ListServerFiltersTestJSON:test_list_servers_filtered_by_ip_regex): 200 GET http://10.180.1.21/compute/v2.1/servers/f9e131e0-417f-4baf-b7fd-a3547169fd41 0.173s
2025-04-09 11:39:04.150 69793 INFO tempest.lib.common.dynamic_creds [-] Dynamic test user 24f7b18b6e554c5b84a7a01c21ccfd82 is created with scope project and roles: ['member']
2025-04-09 11:39:04.151 69793 INFO tempest.lib.common.dynamic_creds [-] Acquired dynamic creds: credentials: Credentials: {'domain_id': 'default', 'domain_name': 'Default', 'username': 'tempest-ServerRescueTestJSON-235851791-project-member', 'project_domain_id': 'default', 'project_domain_name': 'Default', 'project_id': '19ed3aa40b344198ad73e3209e3329f1', 'project_name': 'tempest-ServerRescueTestJSON-235851791', 'tenant_id': '19ed3aa40b344198ad73e3209e3329f1', 'tenant_name': 'tempest-ServerRescueTestJSON-235851791', 'user_domain_id': 'default', 'user_domain_name': 'Default', 'user_id': '24f7b18b6e554c5b84a7a01c21ccfd82', 'system': None}, Network: None, Subnet: None, Router: None
2025-04-09 11:39:04.223 69793 INFO tempest.lib.common.rest_client [req-3cb07db0-a88d-43f6-b212-2698ff82e3c9 req-3cb07db0-a88d-43f6-b212-2698ff82e3c9 ] Request (ServerRescueTestJSON:setUpClass): 201 POST http://10.180.1.21/identity/v3/auth/tokens 0.073s
2025-04-09 11:39:04.224 69799 INFO tempest.lib.common.rest_client [req-601e22ef-acac-4b95-a154-9767edb34dd5 req-601e22ef-acac-4b95-a154-9767edb34dd5 ] Request (MigrationsAdminTest:test_list_migrations_in_flavor_resize_situation): 200 GET http://10.180.1.21/compute/v2.1/servers/fc09ea54-6b9a-46af-95f5-ab03122a00ee 0.103s
2025-04-09 11:39:04.281 69827 INFO tempest.lib.common.rest_client [req-72da9150-31f7-4084-88b7-d185580629a6 req-72da9150-31f7-4084-88b7-d185580629a6 ] Request (ServersNegativeTestMultiTenantJSON:setUpClass): 200 GET http://10.180.1.21/compute/v2.1/servers/85c9439a-5909-4e66-b300-3274ed11d2ac 0.106s
2025-04-09 11:39:04.311 69795 INFO tempest.lib.common.rest_client [req-e3852d34-9913-4694-bfe1-ca6a1af1dc9a req-e3852d34-9913-4694-bfe1-ca6a1af1dc9a ] Request (ListServerFiltersTestJSON:test_list_servers_filtered_by_ip_regex): 200 GET http://10.180.1.21/compute/v2.1/servers/60b53559-2eae-4f70-b76e-a12c8d522950 0.147s
2025-04-09 11:39:04.343 69825 INFO tempest.lib.common.rest_client [req-2924d288-9830-4d19-a608-f930fe736269 req-2924d288-9830-4d19-a608-f930fe736269 ] Request (DeleteServersAdminTestJSON:test_delete_server_while_in_error_state): 200 GET http://10.180.1.21/compute/v2.1/servers/cc60a360-27cc-4c89-a040-4346787b381f 0.105s
2025-04-09 11:39:04.411 69815 INFO tempest.lib.common.rest_client [req-0c8103b2-bcef-47bb-a9df-89c81af83973 req-0c8103b2-bcef-47bb-a9df-89c81af83973 ] Request (ServersAdmin275Test:tearDownClass): 200 GET http://10.180.1.21/compute/v2.1/servers/3ca386ea-bb2d-412c-a855-399c4776feb2 0.093s
2025-04-09 11:39:04.490 69795 INFO tempest.lib.common.rest_client [req-90aaccdb-c261-4b81-9f8d-a6a68613009e req-90aaccdb-c261-4b81-9f8d-a6a68613009e ] Request (ListServerFiltersTestJSON:test_list_servers_filtered_by_ip_regex): 200 GET http://10.180.1.21/compute/v2.1/servers/199e1c7c-fdb2-4074-84c4-7b4477d1dc9e 0.171s
2025-04-09 11:39:04.490 69801 INFO tempest.lib.common.rest_client [req-b1c34fc5-78c8-4211-b922-dfc31b2689bd req-b1c34fc5-78c8-4211-b922-dfc31b2689bd ] Request (InstanceActionsNegativeTestJSON:setUpClass): 200 GET http://10.180.1.21/compute/v2.1/servers/4d95802c-4632-4247-a0a6-7ec4bb6712bc 0.102s
2025-04-09 11:39:04.534 69793 INFO tempest.lib.common.rest_client [req-509a35ba-c9a3-450b-8796-b43d87143ebb req-509a35ba-c9a3-450b-8796-b43d87143ebb ] Request (ServerRescueTestJSON:setUpClass): 201 POST http://10.180.1.21:9696/networking/v2.0/networks 0.310s
2025-04-09 11:39:04.744 69795 INFO tempest.lib.common.rest_client [req-8cc68bfc-03f9-4d2a-98c9-66e45b318670 req-8cc68bfc-03f9-4d2a-98c9-66e45b318670 ] Request (ListServerFiltersTestJSON:test_list_servers_filtered_by_ip_regex): 200 GET http://10.180.1.21/compute/v2.1/servers/detail 0.245s
2025-04-09 11:39:04.745 69793 INFO tempest.lib.common.rest_client [req-89275cde-43ff-4057-8f6e-97a4ff33e503 req-89275cde-43ff-4057-8f6e-97a4ff33e503 ] Request (ServerRescueTestJSON:setUpClass): 201 POST http://10.180.1.21:9696/networking/v2.0/subnets 0.210s
2025-04-09 11:39:04.751 69817 INFO tempest.lib.common.rest_client [req-f56ffa47-e2ee-4bc8-97b7-19a6ffbba41c req-f56ffa47-e2ee-4bc8-97b7-19a6ffbba41c ] Request (ServersAdminTestJSON:setUpClass): 200 GET http://10.180.1.21/compute/v2.1/servers/78e0c1fd-c336-4ca7-ba6e-d22b8d4a9f5d 0.193s
2025-04-09 11:39:04.802 69831 INFO tempest.lib.common.rest_client [req-465fef7b-2189-44a9-839b-0419199f2e28 req-465fef7b-2189-44a9-839b-0419199f2e28 ] Request (AttachInterfacesV270Test:test_create_get_list_interfaces): 200 GET http://10.180.1.21/compute/v2.1/servers/b3f7ee3f-649f-4c28-b281-3f0e9bea9080 0.110s
2025-04-09 11:39:04.814 69836 INFO tempest.lib.common.rest_client [req-84da02cd-595c-4199-9e80-df35ef96e033 req-84da02cd-595c-4199-9e80-df35ef96e033 ] Request (ServerDiskConfigTestJSON:test_rebuild_server_with_manual_disk_config): 200 GET http://10.180.1.21/compute/v2.1/servers/bf7f6c84-ceda-463a-a87a-47d3d37e5dab 0.080s
2025-04-09 11:39:04.832 69789 INFO tempest.lib.common.rest_client [req-50562049-0b37-4cca-9ea1-3ebc484c71ad req-50562049-0b37-4cca-9ea1-3ebc484c71ad ] Request (ServersTestBootFromVolume:setUpClass): 200 GET http://10.180.1.21/volume/v3/volumes/1cc9cc95-c5a1-4990-8a92-e3a5d25069a4 0.041s
2025-04-09 11:39:04.852 69839 WARNING tempest.lib.common.ssh [-] Failed to establish authenticated ssh connection to cirros@10.180.180.144 ([Errno None] Unable to connect to port 22 on 10.180.180.144). Number attempts: 6. Retry after 7 seconds.: paramiko.ssh_exception.NoValidConnectionsError: [Errno None] Unable to connect to port 22 on 10.180.180.144
2025-04-09 11:39:04.877 69843 INFO tempest.lib.common.rest_client [req-28da7d1d-af76-4ea5-a1ac-fa0e9d0acf41 req-28da7d1d-af76-4ea5-a1ac-fa0e9d0acf41 ] Request (SecurityGroupsTestJSON:test_list_security_groups_by_server): 200 GET http://10.180.1.21/compute/v2.1/servers/2387148a-8e7d-4652-a09b-b71ac952044b 0.141s
2025-04-09 11:39:04.937 69821 INFO tempest.lib.common.rest_client [req-39947c4e-fa61-4da5-b478-2582a27886d7 req-39947c4e-fa61-4da5-b478-2582a27886d7 ] Request (ServersAdminNegativeTestJSON:setUpClass): 200 GET http://10.180.1.21/compute/v2.1/servers/76ca89d1-edfd-4e50-bdd6-52012bfa6c25 0.149s
2025-04-09 11:39:04.987 69795 INFO tempest.lib.common.rest_client [req-0c10b9fb-231a-4e3c-b707-5d6b6680c3aa req-0c10b9fb-231a-4e3c-b707-5d6b6680c3aa ] Request (ListServerFiltersTestJSON:test_list_servers_filtered_by_ip_regex): 200 GET http://10.180.1.21/compute/v2.1/servers?ip=192.168.128. 0.234s
2025-04-09 11:39:05.008 69805 INFO tempest.lib.common.rest_client [req-405e1a88-7120-4867-a8d5-48fe5454c109 req-405e1a88-7120-4867-a8d5-48fe5454c109 ] Request (ServerMetadataNegativeTestJSON:tearDownClass): 200 GET http://10.180.1.21/compute/v2.1/servers/fb61d87f-5c4c-4c97-b224-d1033a8c5c83 0.211s
2025-04-09 11:39:05.044 69823 INFO tempest.lib.common.rest_client [req-1b46fe0d-0b75-4c88-905c-9e087e46925d req-1b46fe0d-0b75-4c88-905c-9e087e46925d ] Request (ServerDiagnosticsV248Test:tearDownClass): 200 GET http://10.180.1.21/compute/v2.1/servers/d1eb6bed-1ed6-4243-8416-1083822cfa9f 0.191s
2025-04-09 11:39:05.092 69803 INFO tempest.lib.common.rest_client [req-3db6aa7e-ace6-47cf-b314-efce811eebda req-3db6aa7e-ace6-47cf-b314-efce811eebda ] Request (ServerExternalEventsTest:tearDownClass): 200 GET http://10.180.1.21/compute/v2.1/servers/2caaed18-e8a8-40e8-a8ac-60d4aea0e4fd 0.169s
2025-04-09 11:39:05.110 69845 INFO tempest.lib.common.rest_client [req-2afc490a-64ca-42d5-b795-5e2b46bfd212 req-2afc490a-64ca-42d5-b795-5e2b46bfd212 ] Request (ImagesTestJSON:test_create_image_from_stopped_server): 200 GET http://10.180.1.21/compute/v2.1/servers/c8efdc90-e47b-4628-bfcb-143a0a958257 0.240s
2025-04-09 11:39:05.146 69797 INFO tempest.lib.common.rest_client [req-d1c061f7-eeaa-4d69-95c0-f56bd5b3cfac req-d1c061f7-eeaa-4d69-95c0-f56bd5b3cfac ] Request (ServerDiagnosticsTest:test_get_server_diagnostics): 200 GET http://10.180.1.21/compute/v2.1/servers/b339634c-cd82-41af-93a1-05c780391709 0.167s
2025-04-09 11:39:05.156 69795 INFO tempest.lib.common.rest_client [req-ba9f0fbe-016b-4b00-9f94-cdeb08375280 req-ba9f0fbe-016b-4b00-9f94-cdeb08375280 ] Request (ListServerFiltersTestJSON:test_list_servers_filtered_by_name_regex): 200 GET http://10.180.1.21/compute/v2.1/servers?name=%5E.%2A%5C-instance%5C-%5B0-9%5D%2B%24 0.166s
2025-04-09 11:39:05.189 69791 INFO tempest.lib.common.rest_client [req-ea028535-2236-4b09-801c-3c7028c883b2 req-ea028535-2236-4b09-801c-3c7028c883b2 ] Request (ServerAddressesTestJSON:setUpClass): 200 GET http://10.180.1.21/compute/v2.1/servers/93b81605-017f-4c6a-aa21-c46c34f1dfc8 0.162s
2025-04-09 11:39:05.202 69829 INFO tempest.lib.common.rest_client [req-3a14aa29-5ffb-4ac2-9408-ea480dbe3743 req-3a14aa29-5ffb-4ac2-9408-ea480dbe3743 ] Request (ServerActionsTestOtherB:setUpClass): 200 GET http://10.180.1.21/compute/v2.1/servers/86fa999a-071c-40b9-84f9-6bb0518de89f 0.161s
2025-04-09 11:39:05.244 69795 INFO tempest.lib.common.rest_client [req-83915fcf-3fb6-4906-8fe4-7c50094f5c88 req-83915fcf-3fb6-4906-8fe4-7c50094f5c88 ] Request (ListServerFiltersTestJSON:test_list_servers_filtered_by_name_regex): 200 GET http://10.180.1.21/compute/v2.1/servers?name=%5E.%2A%5C-instance%5C-.%2A%24 0.085s
2025-04-09 11:39:05.275 69819 INFO tempest.lib.common.rest_client [req-73c7e1ff-c258-4262-8680-71657e5046db req-73c7e1ff-c258-4262-8680-71657e5046db ] Request (FloatingIPsAssociationTestJSON:test_associate_already_associated_floating_ip): 200 GET http://10.180.1.21/compute/v2.1/servers/4d89d5e2-ce5d-487c-be93-95d687f45ca6 0.167s
2025-04-09 11:39:05.284 69819 INFO tempest.common.waiters [-] State transition "BUILD/networking" ==> "BUILD/spawning" after 38 second wait
2025-04-09 11:39:05.361 69795 INFO tempest.lib.common.rest_client [req-2e3380c3-b914-4ff2-bc70-31e5029dda72 req-2e3380c3-b914-4ff2-bc70-31e5029dda72 ] Request (ListServerFiltersTestJSON:test_list_servers_filtered_by_name_regex): 200 GET http://10.180.1.21/compute/v2.1/servers?name=-520579550 0.115s
2025-04-09 11:39:05.403 69799 INFO tempest.lib.common.rest_client [req-cd8e2dd2-ec0c-4574-9e76-f1ab909722d8 req-cd8e2dd2-ec0c-4574-9e76-f1ab909722d8 ] Request (MigrationsAdminTest:test_list_migrations_in_flavor_resize_situation): 200 GET http://10.180.1.21/compute/v2.1/servers/fc09ea54-6b9a-46af-95f5-ab03122a00ee 0.166s
2025-04-09 11:39:05.412 69827 INFO tempest.lib.common.rest_client [req-fece67a6-9f63-4c88-8f4e-babd296f5779 req-fece67a6-9f63-4c88-8f4e-babd296f5779 ] Request (ServersNegativeTestMultiTenantJSON:setUpClass): 200 GET http://10.180.1.21/compute/v2.1/servers/85c9439a-5909-4e66-b300-3274ed11d2ac 0.119s
2025-04-09 11:39:05.457 69795 INFO tempest.lib.common.rest_client [req-0bd6f61b-cb91-4111-8d52-afa8ea0eaa88 req-0bd6f61b-cb91-4111-8d52-afa8ea0eaa88 ] Request (ListServerFiltersTestJSON:test_list_servers_filtered_by_name_wildcard): 200 GET http://10.180.1.21/compute/v2.1/servers?name=-instance 0.092s
2025-04-09 11:39:05.478 69825 INFO tempest.lib.common.rest_client [req-f8323f32-ba2e-44d0-8bc1-f91f8071002b req-f8323f32-ba2e-44d0-8bc1-f91f8071002b ] Request (DeleteServersAdminTestJSON:test_delete_server_while_in_error_state): 200 GET http://10.180.1.21/compute/v2.1/servers/cc60a360-27cc-4c89-a040-4346787b381f 0.121s
2025-04-09 11:39:05.520 69815 INFO tempest.lib.common.rest_client [req-fdaf3e29-7f87-433d-838d-effbe4ed0673 req-fdaf3e29-7f87-433d-838d-effbe4ed0673 ] Request (ServersAdmin275Test:tearDownClass): 200 GET http://10.180.1.21/compute/v2.1/servers/3ca386ea-bb2d-412c-a855-399c4776feb2 0.090s
2025-04-09 11:39:05.530 69795 INFO tempest.lib.common.rest_client [req-b6ecab30-eb7a-4e9f-bca4-345117675fd9 req-b6ecab30-eb7a-4e9f-bca4-345117675fd9 ] Request (ListServerFiltersTestJSON:test_list_servers_filtered_by_name_wildcard): 200 GET http://10.180.1.21/compute/v2.1/servers?name=t-ListServerFiltersTestJSON-instance-52057955 0.071s
2025-04-09 11:39:05.534 69793 INFO tempest.lib.common.rest_client [req-f4d43c67-9f32-4fb2-9164-ebb732cc5764 req-f4d43c67-9f32-4fb2-9164-ebb732cc5764 ] Request (ServerRescueTestJSON:setUpClass): 201 POST http://10.180.1.21:9696/networking/v2.0/routers 0.788s
2025-04-09 11:39:05.572 69801 INFO tempest.lib.common.rest_client [req-61cdb308-11ed-49b0-8ab4-e37b80495ca2 req-61cdb308-11ed-49b0-8ab4-e37b80495ca2 ] Request (InstanceActionsNegativeTestJSON:setUpClass): 200 GET http://10.180.1.21/compute/v2.1/servers/4d95802c-4632-4247-a0a6-7ec4bb6712bc 0.074s
2025-04-09 11:39:05.607 69795 INFO tempest.lib.common.rest_client [req-4fa98729-c825-4bf2-8c6d-ef10cc63386c req-4fa98729-c825-4bf2-8c6d-ef10cc63386c ] Request (ListServerFiltersTestJSON:tearDownClass): 204 DELETE http://10.180.1.21/compute/v2.1/servers/199e1c7c-fdb2-4074-84c4-7b4477d1dc9e 0.072s
2025-04-09 11:39:05.705 69795 INFO tempest.lib.common.rest_client [req-1ae7f539-78ad-45c1-bdac-45dbc9c67f76 req-1ae7f539-78ad-45c1-bdac-45dbc9c67f76 ] Request (ListServerFiltersTestJSON:tearDownClass): 200 GET http://10.180.1.21/compute/v2.1/servers/199e1c7c-fdb2-4074-84c4-7b4477d1dc9e 0.098s
2025-04-09 11:39:05.865 69789 INFO tempest.lib.common.rest_client [req-3a9697f0-4327-4795-b572-5e969b6a0f4d req-3a9697f0-4327-4795-b572-5e969b6a0f4d ] Request (ServersTestBootFromVolume:setUpClass): 200 GET http://10.180.1.21/volume/v3/volumes/1cc9cc95-c5a1-4990-8a92-e3a5d25069a4 0.026s
2025-04-09 11:39:05.876 69817 INFO tempest.lib.common.rest_client [req-68b724ac-8e91-4d15-bf8f-570a065dc5c9 req-68b724ac-8e91-4d15-bf8f-570a065dc5c9 ] Request (ServersAdminTestJSON:setUpClass): 200 GET http://10.180.1.21/compute/v2.1/servers/78e0c1fd-c336-4ca7-ba6e-d22b8d4a9f5d 0.113s
2025-04-09 11:39:05.886 69831 INFO tempest.lib.common.rest_client [req-001a4c5b-87d6-4c3d-b142-f61b2388f813 req-001a4c5b-87d6-4c3d-b142-f61b2388f813 ] Request (AttachInterfacesV270Test:test_create_get_list_interfaces): 200 GET http://10.180.1.21/compute/v2.1/servers/b3f7ee3f-649f-4c28-b281-3f0e9bea9080 0.072s
2025-04-09 11:39:05.928 69836 INFO tempest.lib.common.rest_client [req-6e56a7df-92ab-44d1-a584-6d21936baf6d req-6e56a7df-92ab-44d1-a584-6d21936baf6d ] Request (ServerDiskConfigTestJSON:test_rebuild_server_with_manual_disk_config): 200 GET http://10.180.1.21/compute/v2.1/servers/bf7f6c84-ceda-463a-a87a-47d3d37e5dab 0.097s
2025-04-09 11:39:05.944 69843 INFO tempest.lib.common.rest_client [req-12971da1-4076-4d3b-88dd-0836e72d0a59 req-12971da1-4076-4d3b-88dd-0836e72d0a59 ] Request (SecurityGroupsTestJSON:test_list_security_groups_by_server): 200 GET http://10.180.1.21/compute/v2.1/servers/2387148a-8e7d-4652-a09b-b71ac952044b 0.057s
2025-04-09 11:39:06.001 69821 INFO tempest.lib.common.rest_client [req-eb9871cc-e636-43d3-9b82-143fe21aba8f req-eb9871cc-e636-43d3-9b82-143fe21aba8f ] Request (ServersAdminNegativeTestJSON:setUpClass): 200 GET http://10.180.1.21/compute/v2.1/servers/76ca89d1-edfd-4e50-bdd6-52012bfa6c25 0.055s
2025-04-09 11:39:06.091 69805 INFO tempest.lib.common.rest_client [req-00b65cc9-e891-4425-a897-08b44c2d4a09 req-00b65cc9-e891-4425-a897-08b44c2d4a09 ] Request (ServerMetadataNegativeTestJSON:tearDownClass): 200 GET http://10.180.1.21/compute/v2.1/servers/fb61d87f-5c4c-4c97-b224-d1033a8c5c83 0.074s
2025-04-09 11:39:06.135 69823 INFO tempest.lib.common.rest_client [req-d4333389-821b-407e-bf0d-ad995ecd2a88 req-d4333389-821b-407e-bf0d-ad995ecd2a88 ] Request (ServerDiagnosticsV248Test:tearDownClass): 200 GET http://10.180.1.21/compute/v2.1/servers/d1eb6bed-1ed6-4243-8416-1083822cfa9f 0.080s
2025-04-09 11:39:06.175 69803 INFO tempest.lib.common.rest_client [req-1239638c-d2ab-4d96-9279-48e8faf5f1cc req-1239638c-d2ab-4d96-9279-48e8faf5f1cc ] Request (ServerExternalEventsTest:tearDownClass): 200 GET http://10.180.1.21/compute/v2.1/servers/2caaed18-e8a8-40e8-a8ac-60d4aea0e4fd 0.074s
2025-04-09 11:39:06.250 69797 INFO tempest.lib.common.rest_client [req-f891cbfe-ea35-439e-9542-0311c9aa196c req-f891cbfe-ea35-439e-9542-0311c9aa196c ] Request (ServerDiagnosticsTest:test_get_server_diagnostics): 200 GET http://10.180.1.21/compute/v2.1/servers/b339634c-cd82-41af-93a1-05c780391709 0.096s
2025-04-09 11:39:06.279 69845 INFO tempest.lib.common.rest_client [req-817cbc8e-a47f-4ea6-a259-a632d78d2907 req-817cbc8e-a47f-4ea6-a259-a632d78d2907 ] Request (ImagesTestJSON:test_create_image_from_stopped_server): 200 GET http://10.180.1.21/compute/v2.1/servers/c8efdc90-e47b-4628-bfcb-143a0a958257 0.160s
2025-04-09 11:39:06.311 69791 INFO tempest.lib.common.rest_client [req-0eda4757-201d-4438-b0e6-ca8f9241f75e req-0eda4757-201d-4438-b0e6-ca8f9241f75e ] Request (ServerAddressesTestJSON:setUpClass): 200 GET http://10.180.1.21/compute/v2.1/servers/93b81605-017f-4c6a-aa21-c46c34f1dfc8 0.113s
2025-04-09 11:39:06.337 69829 INFO tempest.lib.common.rest_client [req-57b566b6-e7ad-40b9-98c8-ca3e5b22e81c req-57b566b6-e7ad-40b9-98c8-ca3e5b22e81c ] Request (ServerActionsTestOtherB:setUpClass): 200 GET http://10.180.1.21/compute/v2.1/servers/86fa999a-071c-40b9-84f9-6bb0518de89f 0.125s
2025-04-09 11:39:06.395 69793 INFO tempest.lib.common.rest_client [req-e9d01695-3120-46aa-b008-5662c46a47d9 req-e9d01695-3120-46aa-b008-5662c46a47d9 ] Request (ServerRescueTestJSON:setUpClass): 200 PUT http://10.180.1.21:9696/networking/v2.0/routers/cbb68c2c-331f-44f8-9589-efb3ba9d076d/add_router_interface 0.861s
2025-04-09 11:39:06.395 69793 INFO tempest.lib.common.dynamic_creds [-] Created isolated network resources for: credentials: Credentials: {'domain_id': 'default', 'domain_name': 'Default', 'username': 'tempest-ServerRescueTestJSON-235851791-project-member', 'project_domain_id': 'default', 'project_domain_name': 'Default', 'project_id': '19ed3aa40b344198ad73e3209e3329f1', 'project_name': 'tempest-ServerRescueTestJSON-235851791', 'tenant_id': '19ed3aa40b344198ad73e3209e3329f1', 'tenant_name': 'tempest-ServerRescueTestJSON-235851791', 'user_domain_id': 'default', 'user_domain_name': 'Default', 'user_id': '24f7b18b6e554c5b84a7a01c21ccfd82', 'system': None}, Network: {'id': 'f63ac87e-9834-4231-bda9-9d9431b07ded', 'name': 'tempest-ServerRescueTestJSON-1776514223-network', 'tenant_id': '19ed3aa40b344198ad73e3209e3329f1', 'admin_state_up': True, 'mtu': 8950, 'status': 'ACTIVE', 'subnets': [], 'shared': False, 'project_id': '19ed3aa40b344198ad73e3209e3329f1', 'port_security_enabled': True, 'router:external': False, 'provider:network_type': 'vlan', 'provider:physical_network': 'default', 'provider:segmentation_id': 201, 'availability_zone_hints': [], 'availability_zones': [], 'ipv4_address_scope': None, 'ipv6_address_scope': None, 'description': '', 'tags': [], 'created_at': '2025-04-09T11:39:04Z', 'updated_at': '2025-04-09T11:39:04Z', 'revision_number': 1}, Subnet: {'id': '2d396c80-47e6-46d2-ac8a-a079f5a0d5ea', 'name': 'tempest-ServerRescueTestJSON-1776514223-subnet', 'tenant_id': '19ed3aa40b344198ad73e3209e3329f1', 'network_id': 'f63ac87e-9834-4231-bda9-9d9431b07ded', 'ip_version': 4, 'subnetpool_id': None, 'enable_dhcp': False, 'ipv6_ra_mode': None, 'ipv6_address_mode': None, 'gateway_ip': '192.168.128.1', 'cidr': '192.168.128.0/28', 'allocation_pools': [{'start': '192.168.128.2', 'end': '192.168.128.14'}], 'host_routes': [], 'dns_nameservers': [], 'description': '', 'router:external': False, 'service_types': [], 'tags': [], 'created_at': '2025-04-09T11:39:04Z', 'updated_at': '2025-04-09T11:39:04Z', 'revision_number': 0, 'project_id': '19ed3aa40b344198ad73e3209e3329f1'}, Router: {'id': 'cbb68c2c-331f-44f8-9589-efb3ba9d076d', 'name': 'tempest-ServerRescueTestJSON-1776514223-router', 'tenant_id': '19ed3aa40b344198ad73e3209e3329f1', 'admin_state_up': True, 'status': 'ACTIVE', 'external_gateway_info': {'network_id': '6303e908-bb4b-42bb-ae89-4ceee401f0b4', 'external_fixed_ips': [{'subnet_id': '947001cb-4020-4c0e-9a30-cd4c9320b22c', 'ip_address': '10.180.180.212'}], 'enable_snat': True}, 'description': '', 'availability_zones': [], 'distributed': False, 'ha': False, 'availability_zone_hints': [], 'routes': [], 'flavor_id': None, 'tags': [], 'created_at': '2025-04-09T11:39:04Z', 'updated_at': '2025-04-09T11:39:05Z', 'revision_number': 2, 'project_id': '19ed3aa40b344198ad73e3209e3329f1'}
2025-04-09 11:39:06.406 69819 INFO tempest.lib.common.rest_client [req-dcc521cb-1b42-4d7d-bc66-b3daea945cc7 req-dcc521cb-1b42-4d7d-bc66-b3daea945cc7 ] Request (FloatingIPsAssociationTestJSON:test_associate_already_associated_floating_ip): 200 GET http://10.180.1.21/compute/v2.1/servers/4d89d5e2-ce5d-487c-be93-95d687f45ca6 0.122s
2025-04-09 11:39:06.479 69827 INFO tempest.lib.common.rest_client [req-03166da2-4eda-4c0b-acba-db8f0bffe699 req-03166da2-4eda-4c0b-acba-db8f0bffe699 ] Request (ServersNegativeTestMultiTenantJSON:setUpClass): 200 GET http://10.180.1.21/compute/v2.1/servers/85c9439a-5909-4e66-b300-3274ed11d2ac 0.055s
2025-04-09 11:39:06.484 69793 INFO tempest.lib.common.rest_client [req-aa243870-3401-49cd-813e-765cba7ff4a1 req-aa243870-3401-49cd-813e-765cba7ff4a1 ] Request (ServerRescueTestJSON:setUpClass): 201 POST http://10.180.1.21/identity/v3/auth/tokens 0.084s
2025-04-09 11:39:06.529 69793 INFO tempest.lib.common.rest_client [req-4200d756-953e-4352-881d-7420a4ed7cbd req-4200d756-953e-4352-881d-7420a4ed7cbd ] Request (ServerRescueTestJSON:setUpClass): 201 POST http://10.180.1.21/identity/v3/auth/tokens 0.042s
2025-04-09 11:39:06.529 69793 INFO tempest.lib.common.fixed_network [-] (ServerRescueTestJSON:setUpClass) Found network {'id': 'f63ac87e-9834-4231-bda9-9d9431b07ded', 'name': 'tempest-ServerRescueTestJSON-1776514223-network', 'tenant_id': '19ed3aa40b344198ad73e3209e3329f1', 'admin_state_up': True, 'mtu': 8950, 'status': 'ACTIVE', 'subnets': [], 'shared': False, 'project_id': '19ed3aa40b344198ad73e3209e3329f1', 'port_security_enabled': True, 'router:external': False, 'provider:network_type': 'vlan', 'provider:physical_network': 'default', 'provider:segmentation_id': 201, 'availability_zone_hints': [], 'availability_zones': [], 'ipv4_address_scope': None, 'ipv6_address_scope': None, 'description': '', 'tags': [], 'created_at': '2025-04-09T11:39:04Z', 'updated_at': '2025-04-09T11:39:04Z', 'revision_number': 1} available for tenant
2025-04-09 11:39:06.536 69799 INFO tempest.lib.common.rest_client [req-769f9391-2e2a-4991-9946-8da0aa69202b req-769f9391-2e2a-4991-9946-8da0aa69202b ] Request (MigrationsAdminTest:test_list_migrations_in_flavor_resize_situation): 200 GET http://10.180.1.21/compute/v2.1/servers/fc09ea54-6b9a-46af-95f5-ab03122a00ee 0.121s
2025-04-09 11:39:06.537 69825 INFO tempest.lib.common.rest_client [req-1d1eb291-2ce6-4d92-92ff-2b42ccba29a6 req-1d1eb291-2ce6-4d92-92ff-2b42ccba29a6 ] Request (DeleteServersAdminTestJSON:test_delete_server_while_in_error_state): 200 GET http://10.180.1.21/compute/v2.1/servers/cc60a360-27cc-4c89-a040-4346787b381f 0.052s
2025-04-09 11:39:06.551 69825 INFO tempest.common.waiters [-] State transition "BUILD/None" ==> "BUILD/networking" after 35 second wait
2025-04-09 11:39:06.611 69815 INFO tempest.lib.common.rest_client [req-c9ebc548-a472-42de-872d-c8367f56c38f req-c9ebc548-a472-42de-872d-c8367f56c38f ] Request (ServersAdmin275Test:tearDownClass): 200 GET http://10.180.1.21/compute/v2.1/servers/3ca386ea-bb2d-412c-a855-399c4776feb2 0.076s
2025-04-09 11:39:06.678 69801 INFO tempest.lib.common.rest_client [req-cf63aa89-099c-4a3d-ab92-ecac2e760381 req-cf63aa89-099c-4a3d-ab92-ecac2e760381 ] Request (InstanceActionsNegativeTestJSON:setUpClass): 200 GET http://10.180.1.21/compute/v2.1/servers/4d95802c-4632-4247-a0a6-7ec4bb6712bc 0.097s
2025-04-09 11:39:06.911 69789 INFO tempest.lib.common.rest_client [req-92487adb-b132-4868-999b-ffa8138c767f req-92487adb-b132-4868-999b-ffa8138c767f ] Request (ServersTestBootFromVolume:setUpClass): 200 GET http://10.180.1.21/volume/v3/volumes/1cc9cc95-c5a1-4990-8a92-e3a5d25069a4 0.039s
2025-04-09 11:39:06.914 69795 INFO tempest.lib.common.rest_client [req-0311384b-9b4a-4b93-b15e-f1523b65cdcd req-0311384b-9b4a-4b93-b15e-f1523b65cdcd ] Request (ListServerFiltersTestJSON:tearDownClass): 200 GET http://10.180.1.21/compute/v2.1/servers/199e1c7c-fdb2-4074-84c4-7b4477d1dc9e 0.200s
2025-04-09 11:39:06.979 69793 INFO tempest.lib.common.rest_client [req-418b59ab-90af-448c-bf1c-702dcade3d11 req-418b59ab-90af-448c-bf1c-702dcade3d11 ] Request (ServerRescueTestJSON:setUpClass): 202 POST http://10.180.1.21/compute/v2.1/servers 0.449s
2025-04-09 11:39:07.046 69831 INFO tempest.lib.common.rest_client [req-4154efe5-27a9-4840-9abd-b6925428186c req-4154efe5-27a9-4840-9abd-b6925428186c ] Request (AttachInterfacesV270Test:test_create_get_list_interfaces): 200 GET http://10.180.1.21/compute/v2.1/servers/b3f7ee3f-649f-4c28-b281-3f0e9bea9080 0.147s
2025-04-09 11:39:07.046 69817 INFO tempest.lib.common.rest_client [req-86de621a-9199-43fa-b9b4-108b89c999f3 req-86de621a-9199-43fa-b9b4-108b89c999f3 ] Request (ServersAdminTestJSON:setUpClass): 200 GET http://10.180.1.21/compute/v2.1/servers/78e0c1fd-c336-4ca7-ba6e-d22b8d4a9f5d 0.158s
2025-04-09 11:39:07.112 69843 INFO tempest.lib.common.rest_client [req-a9befd70-817b-4090-b365-3fd87c7dc945 req-a9befd70-817b-4090-b365-3fd87c7dc945 ] Request (SecurityGroupsTestJSON:test_list_security_groups_by_server): 200 GET http://10.180.1.21/compute/v2.1/servers/2387148a-8e7d-4652-a09b-b71ac952044b 0.159s
2025-04-09 11:39:07.121 69836 INFO tempest.lib.common.rest_client [req-22497d3e-9e89-447e-96b6-e11084081423 req-22497d3e-9e89-447e-96b6-e11084081423 ] Request (ServerDiskConfigTestJSON:test_rebuild_server_with_manual_disk_config): 200 GET http://10.180.1.21/compute/v2.1/servers/bf7f6c84-ceda-463a-a87a-47d3d37e5dab 0.185s
2025-04-09 11:39:07.155 69793 INFO tempest.lib.common.rest_client [req-229cc089-ba95-4ffb-ad58-d5bed9a8c807 req-229cc089-ba95-4ffb-ad58-d5bed9a8c807 ] Request (ServerRescueTestJSON:setUpClass): 200 GET http://10.180.1.21/compute/v2.1/servers/4b7d9950-20fe-4549-b5db-2547ec0599bb 0.174s
2025-04-09 11:39:07.184 69821 INFO tempest.lib.common.rest_client [req-ecd70efc-8387-46d2-ac46-c61eba368910 req-ecd70efc-8387-46d2-ac46-c61eba368910 ] Request (ServersAdminNegativeTestJSON:setUpClass): 200 GET http://10.180.1.21/compute/v2.1/servers/76ca89d1-edfd-4e50-bdd6-52012bfa6c25 0.175s
2025-04-09 11:39:07.211 69805 INFO tempest.lib.common.rest_client [req-c4fbe6ec-5652-4c71-86fb-0a61239d208f req-c4fbe6ec-5652-4c71-86fb-0a61239d208f ] Request (ServerMetadataNegativeTestJSON:tearDownClass): 200 GET http://10.180.1.21/compute/v2.1/servers/fb61d87f-5c4c-4c97-b224-d1033a8c5c83 0.112s
2025-04-09 11:39:07.265 69823 INFO tempest.lib.common.rest_client [req-dec2a34d-1278-40e1-a308-7a2f03085d3e req-dec2a34d-1278-40e1-a308-7a2f03085d3e ] Request (ServerDiagnosticsV248Test:tearDownClass): 200 GET http://10.180.1.21/compute/v2.1/servers/d1eb6bed-1ed6-4243-8416-1083822cfa9f 0.121s
2025-04-09 11:39:07.276 69803 INFO tempest.lib.common.rest_client [req-3924c1a5-8bef-47f5-98f3-6837e3881f13 req-3924c1a5-8bef-47f5-98f3-6837e3881f13 ] Request (ServerExternalEventsTest:tearDownClass): 200 GET http://10.180.1.21/compute/v2.1/servers/2caaed18-e8a8-40e8-a8ac-60d4aea0e4fd 0.088s
2025-04-09 11:39:07.326 69797 INFO tempest.lib.common.rest_client [req-5438046a-9dee-44d3-abcf-efde9ca6dfa3 req-5438046a-9dee-44d3-abcf-efde9ca6dfa3 ] Request (ServerDiagnosticsTest:test_get_server_diagnostics): 200 GET http://10.180.1.21/compute/v2.1/servers/b339634c-cd82-41af-93a1-05c780391709 0.062s
2025-04-09 11:39:07.393 69791 INFO tempest.lib.common.rest_client [req-007d9f49-dcf6-49b0-adc7-0c6659297755 req-007d9f49-dcf6-49b0-adc7-0c6659297755 ] Request (ServerAddressesTestJSON:setUpClass): 200 GET http://10.180.1.21/compute/v2.1/servers/93b81605-017f-4c6a-aa21-c46c34f1dfc8 0.072s
2025-04-09 11:39:07.403 69845 INFO tempest.lib.common.rest_client [req-e8929d0a-db55-46fe-98df-092cf00d879c req-e8929d0a-db55-46fe-98df-092cf00d879c ] Request (ImagesTestJSON:test_create_image_from_stopped_server): 200 GET http://10.180.1.21/compute/v2.1/servers/c8efdc90-e47b-4628-bfcb-143a0a958257 0.116s
2025-04-09 11:39:07.450 69829 INFO tempest.lib.common.rest_client [req-1ae074c6-e2ab-4604-8d2a-0bd23c5d8161 req-1ae074c6-e2ab-4604-8d2a-0bd23c5d8161 ] Request (ServerActionsTestOtherB:setUpClass): 200 GET http://10.180.1.21/compute/v2.1/servers/86fa999a-071c-40b9-84f9-6bb0518de89f 0.101s
2025-04-09 11:39:07.557 69827 INFO tempest.lib.common.rest_client [req-ab8bf169-833a-4546-88e2-ab25cf79ff2c req-ab8bf169-833a-4546-88e2-ab25cf79ff2c ] Request (ServersNegativeTestMultiTenantJSON:setUpClass): 200 GET http://10.180.1.21/compute/v2.1/servers/85c9439a-5909-4e66-b300-3274ed11d2ac 0.065s
2025-04-09 11:39:07.559 69819 INFO tempest.lib.common.rest_client [req-d8b3a0b4-3f36-4a5b-aab5-43a654868dcb req-d8b3a0b4-3f36-4a5b-aab5-43a654868dcb ] Request (FloatingIPsAssociationTestJSON:test_associate_already_associated_floating_ip): 200 GET http://10.180.1.21/compute/v2.1/servers/4d89d5e2-ce5d-487c-be93-95d687f45ca6 0.143s
2025-04-09 11:39:07.655 69799 INFO tempest.lib.common.rest_client [req-0e60b38b-5abc-4cf9-ab60-df771582c838 req-0e60b38b-5abc-4cf9-ab60-df771582c838 ] Request (MigrationsAdminTest:test_list_migrations_in_flavor_resize_situation): 200 GET http://10.180.1.21/compute/v2.1/servers/fc09ea54-6b9a-46af-95f5-ab03122a00ee 0.103s
2025-04-09 11:39:07.657 69825 INFO tempest.lib.common.rest_client [req-ea89ffdb-b692-4a3e-8eca-1b5c5718acbe req-ea89ffdb-b692-4a3e-8eca-1b5c5718acbe ] Request (DeleteServersAdminTestJSON:test_delete_server_while_in_error_state): 200 GET http://10.180.1.21/compute/v2.1/servers/cc60a360-27cc-4c89-a040-4346787b381f 0.105s
2025-04-09 11:39:07.664 69825 INFO tempest.common.waiters [-] State transition "BUILD/networking" ==> "BUILD/block_device_mapping" after 36 second wait
2025-04-09 11:39:07.719 69815 INFO tempest.lib.common.rest_client [req-3c9b1b8f-5c5e-4bc0-a069-2845f5f3ddca req-3c9b1b8f-5c5e-4bc0-a069-2845f5f3ddca ] Request (ServersAdmin275Test:tearDownClass): 200 GET http://10.180.1.21/compute/v2.1/servers/3ca386ea-bb2d-412c-a855-399c4776feb2 0.098s
2025-04-09 11:39:07.738 69801 INFO tempest.lib.common.rest_client [req-705c2123-1f1a-4f23-ac23-4b38d3a10de2 req-705c2123-1f1a-4f23-ac23-4b38d3a10de2 ] Request (InstanceActionsNegativeTestJSON:setUpClass): 200 GET http://10.180.1.21/compute/v2.1/servers/4d95802c-4632-4247-a0a6-7ec4bb6712bc 0.052s
2025-04-09 11:39:07.952 69789 INFO tempest.lib.common.rest_client [req-fb85f639-6b44-4f82-a124-4bf8dfb9c426 req-fb85f639-6b44-4f82-a124-4bf8dfb9c426 ] Request (ServersTestBootFromVolume:setUpClass): 200 GET http://10.180.1.21/volume/v3/volumes/1cc9cc95-c5a1-4990-8a92-e3a5d25069a4 0.029s
2025-04-09 11:39:08.000 69795 INFO tempest.lib.common.rest_client [req-b49035f6-5482-478c-b73e-c7c30a7050a7 req-b49035f6-5482-478c-b73e-c7c30a7050a7 ] Request (ListServerFiltersTestJSON:tearDownClass): 200 GET http://10.180.1.21/compute/v2.1/servers/199e1c7c-fdb2-4074-84c4-7b4477d1dc9e 0.074s
2025-04-09 11:39:08.122 69831 INFO tempest.lib.common.rest_client [req-9f031fb5-1d19-4580-a19d-c84790c07558 req-9f031fb5-1d19-4580-a19d-c84790c07558 ] Request (AttachInterfacesV270Test:test_create_get_list_interfaces): 200 GET http://10.180.1.21/compute/v2.1/servers/b3f7ee3f-649f-4c28-b281-3f0e9bea9080 0.061s
2025-04-09 11:39:08.160 69817 INFO tempest.lib.common.rest_client [req-ceefb7e6-399d-4a29-b2c7-b516a7e58ea2 req-ceefb7e6-399d-4a29-b2c7-b516a7e58ea2 ] Request (ServersAdminTestJSON:setUpClass): 200 GET http://10.180.1.21/compute/v2.1/servers/78e0c1fd-c336-4ca7-ba6e-d22b8d4a9f5d 0.104s
2025-04-09 11:39:08.169 69817 INFO tempest.common.waiters [-] State transition "BUILD/spawning" ==> "ACTIVE/None" after 47 second wait
2025-04-09 11:39:08.185 69843 INFO tempest.lib.common.rest_client [req-96d1abf5-e5f3-42d1-a7a2-609030486fbd req-96d1abf5-e5f3-42d1-a7a2-609030486fbd ] Request (SecurityGroupsTestJSON:test_list_security_groups_by_server): 200 GET http://10.180.1.21/compute/v2.1/servers/2387148a-8e7d-4652-a09b-b71ac952044b 0.065s
2025-04-09 11:39:08.216 69836 INFO tempest.lib.common.rest_client [req-f4e66f82-2f94-4b7d-a0c1-152de49bc561 req-f4e66f82-2f94-4b7d-a0c1-152de49bc561 ] Request (ServerDiskConfigTestJSON:test_rebuild_server_with_manual_disk_config): 200 GET http://10.180.1.21/compute/v2.1/servers/bf7f6c84-ceda-463a-a87a-47d3d37e5dab 0.085s
2025-04-09 11:39:08.247 69793 INFO tempest.lib.common.rest_client [req-2a27e52a-2e03-4ac6-8857-fabd221f6668 req-2a27e52a-2e03-4ac6-8857-fabd221f6668 ] Request (ServerRescueTestJSON:setUpClass): 200 GET http://10.180.1.21/compute/v2.1/servers/4b7d9950-20fe-4549-b5db-2547ec0599bb 0.081s
2025-04-09 11:39:08.300 69821 INFO tempest.lib.common.rest_client [req-109d6943-0f6d-444f-ab51-6657eda52255 req-109d6943-0f6d-444f-ab51-6657eda52255 ] Request (ServersAdminNegativeTestJSON:setUpClass): 200 GET http://10.180.1.21/compute/v2.1/servers/76ca89d1-edfd-4e50-bdd6-52012bfa6c25 0.107s
2025-04-09 11:39:08.312 69817 INFO tempest.lib.common.rest_client [req-ec648c88-b232-4af9-ae33-afe71f6be6a9 req-ec648c88-b232-4af9-ae33-afe71f6be6a9 ] Request (ServersAdminTestJSON:setUpClass): 200 GET http://10.180.1.21/compute/v2.1/servers/31f58fa6-38b6-43be-862a-685341bf4921 0.142s
2025-04-09 11:39:08.393 69805 INFO tempest.lib.common.rest_client [req-0c2b67a9-46ab-4923-aef0-1af343cc1623 req-0c2b67a9-46ab-4923-aef0-1af343cc1623 ] Request (ServerMetadataNegativeTestJSON:tearDownClass): 200 GET http://10.180.1.21/compute/v2.1/servers/fb61d87f-5c4c-4c97-b224-d1033a8c5c83 0.169s
2025-04-09 11:39:08.407 69823 INFO tempest.lib.common.rest_client [req-37d729d3-cdbe-4d3f-b0ee-d57f8b3396f5 req-37d729d3-cdbe-4d3f-b0ee-d57f8b3396f5 ] Request (ServerDiagnosticsV248Test:tearDownClass): 200 GET http://10.180.1.21/compute/v2.1/servers/d1eb6bed-1ed6-4243-8416-1083822cfa9f 0.130s
2025-04-09 11:39:08.447 69817 INFO tempest.lib.common.rest_client [req-cbf6d7cb-6673-42d9-8b9b-137611d48038 req-cbf6d7cb-6673-42d9-8b9b-137611d48038 ] Request (ServersAdminTestJSON:test_create_server_with_scheduling_hint): 201 POST http://10.180.1.21/identity/v3/auth/tokens 0.119s
