2025-04-09 13:04:57.486 70593 INFO tempest.lib.common.rest_client [req-090d940a-43ec-4c6a-a8fa-a3d55f9dbc28 req-090d940a-43ec-4c6a-a8fa-a3d55f9dbc28 ] Request (ServersAdmin275Test:tearDownClass): 200 GET http://10.180.1.21/compute/v2.1/servers/f4a955fe-a19c-4377-acc5-ab30cc469bf4 0.070s
2025-04-09 13:04:57.517 70597 INFO tempest.lib.common.rest_client [req-aa21ae03-7836-47ea-9c46-aec5e98b117e req-aa21ae03-7836-47ea-9c46-aec5e98b117e ] Request (ServersNegativeTestMultiTenantJSON:tearDownClass): 200 GET http://10.180.1.21/compute/v2.1/servers/ff431e2f-7be9-420b-9594-3a1e1742a96b 0.062s
2025-04-09 13:04:57.535 70643 INFO tempest.lib.common.rest_client [req-b9c734ad-05ad-449a-ab91-1151daeb02a5 req-b9c734ad-05ad-449a-ab91-1151daeb02a5 ] Request (ServersTestJSON:test_create_server_specify_multibyte_character_name): 200 GET http://10.180.1.21/compute/v2.1/servers/f1e35b93-05de-4ca0-be0c-c9752f64acc9 0.054s
2025-04-09 13:04:57.599 70585 INFO tempest.lib.common.rest_client [req-a672dcce-d5e8-4140-936c-164a27bf4ba0 req-a672dcce-d5e8-4140-936c-164a27bf4ba0 ] Request (ImagesOneServerNegativeTestJSON:_run_cleanups): 200 GET http://10.180.1.21/compute/v2.1/servers/637db48a-7f98-4d3c-908d-62691f18c2d7 0.055s
2025-04-09 13:04:57.634 70617 INFO tempest.lib.common.rest_client [req-61d28d5d-acf3-422c-95a4-3a78e2f9b695 req-61d28d5d-acf3-422c-95a4-3a78e2f9b695 ] Request (TenantUsagesTestJSON:tearDownClass): 200 GET http://10.180.1.21/compute/v2.1/servers/54f093bb-d9a9-48ed-86bf-41bcfd96f5f1 0.061s
2025-04-09 13:04:57.714 70635 INFO tempest.lib.common.rest_client [req-caa21fda-538f-481f-8842-2e14f0867949 req-caa21fda-538f-481f-8842-2e14f0867949 ] Request (MultipleCreateTestJSON:test_multiple_create): 200 GET http://10.180.1.21/compute/v2.1/servers/4d32e369-92dd-4a6c-ad56-4fba8388a1dd 0.073s
2025-04-09 13:04:57.718 70629 INFO tempest.lib.common.rest_client [req-1d76f8f1-81ea-4f7a-9c8a-d40f008483ea req-1d76f8f1-81ea-4f7a-9c8a-d40f008483ea ] Request (MigrationsAdminTest:test_resize_server_revert_deleted_flavor): 200 GET http://10.180.1.21/compute/v2.1/servers/a384959a-20e9-4af0-a1c4-b0e72b98b450 0.079s
2025-04-09 13:04:57.751 70631 INFO tempest.lib.common.rest_client [req-8e746a92-3999-44eb-a145-a744ea30dad5 req-8e746a92-3999-44eb-a145-a744ea30dad5 ] Request (ImagesTestJSON:test_create_image_from_suspended_server): 200 GET http://10.180.1.21/compute/v2.1/images/dca2c10e-38c0-4d5c-9a2d-893dd73fc514 0.082s
2025-04-09 13:04:57.762 70615 INFO paramiko.transport [-] Connected (version 2.0, client dropbear_2020.81)
2025-04-09 13:04:57.773 70641 INFO tempest.lib.common.rest_client [req-04113b43-3f34-406a-b871-a54ac63c2185 req-04113b43-3f34-406a-b871-a54ac63c2185 ] Request (ServerAddressesTestJSON:setUpClass): 200 GET http://10.180.1.21/compute/v2.1/servers/ac80e607-2f1f-4b2b-b16d-77c6db98893d 0.076s
2025-04-09 13:04:57.804 70645 INFO tempest.lib.common.rest_client [req-2ed2c07a-0754-49e3-9c07-105087585dce req-2ed2c07a-0754-49e3-9c07-105087585dce ] Request (ServersTestFqdnHostnames:test_create_server_with_fqdn_name): 200 GET http://10.180.1.21/compute/v2.1/servers/c86b462d-07a5-4cf2-86b4-b15622dd6aad 0.080s
2025-04-09 13:04:57.811 70645 INFO tempest.common.waiters [-] State transition "BUILD/None" ==> "BUILD/networking" after 71 second wait
2025-04-09 13:04:57.820 70633 INFO tempest.lib.common.rest_client [req-e8eb977d-d7bb-4169-bf26-f4f8f00a3700 req-e8eb977d-d7bb-4169-bf26-f4f8f00a3700 ] Request (ServersAdminTestJSON:test_inject_network_info): 200 GET http://10.180.1.21/compute/v2.1/servers/69e037a3-f37a-4277-bac7-3c66589d08fe 0.072s
2025-04-09 13:04:57.849 70611 INFO tempest.lib.common.rest_client [req-6ea98340-f0b0-4182-aefb-980b04e2a31c req-6ea98340-f0b0-4182-aefb-980b04e2a31c ] Request (InstanceActionsNegativeTestJSON:setUpClass): 200 GET http://10.180.1.21/compute/v2.1/servers/b7761f00-e596-4be7-84f0-0b2f82f82070 0.050s
2025-04-09 13:04:57.865 70615 INFO paramiko.transport [-] Authentication (publickey) successful!
2025-04-09 13:04:57.865 70615 INFO tempest.lib.common.ssh [-] ssh connection to cirros@10.180.180.183 successfully created
2025-04-09 13:04:57.870 70605 INFO tempest.lib.common.rest_client [req-bb558f00-e826-4104-81ce-e05f072cc6ad req-bb558f00-e826-4104-81ce-e05f072cc6ad ] Request (ListServerFiltersTestJSON:tearDownClass): 200 GET http://10.180.1.21/compute/v2.1/servers/def44f3d-a6f7-4948-b813-f6313ff00bd6 0.067s
2025-04-09 13:04:58.001 70583 INFO tempest.lib.common.rest_client [req-29d01400-c5fc-490e-a223-4f159cad9177 req-29d01400-c5fc-490e-a223-4f159cad9177 ] Request (FloatingIPsAssociationTestJSON:test_associate_already_associated_floating_ip): 200 GET http://10.180.1.21/compute/v2.1/servers/dbf53fcc-6542-4be2-b23c-172935a5b679 0.083s
2025-04-09 13:04:58.195 70591 INFO tempest.lib.common.rest_client [req-659b1928-5473-410a-9746-8a784d6ff39c req-659b1928-5473-410a-9746-8a784d6ff39c ] Request (ServersAdminNegativeTestJSON:tearDownClass): 200 GET http://10.180.1.21/compute/v2.1/servers/d37c7f9e-54b4-448e-b396-d9ba4299a87f 0.056s
2025-04-09 13:04:58.273 70589 INFO tempest.lib.common.rest_client [req-524b231c-6c75-48f1-b68d-9eb06df9653e req-524b231c-6c75-48f1-b68d-9eb06df9653e ] Request (SecurityGroupsTestJSON:test_server_security_groups): 200 GET http://10.180.1.21/compute/v2.1/servers/952b075b-a43c-424a-8f1a-b2e8bb12e6c5 0.050s
2025-04-09 13:04:58.312 70623 WARNING tempest.lib.common.ssh [-] Failed to establish authenticated ssh connection to cirros@10.180.180.176 ([Errno None] Unable to connect to port 22 on 10.180.180.176). Number attempts: 4. Retry after 5 seconds.: paramiko.ssh_exception.NoValidConnectionsError: [Errno None] Unable to connect to port 22 on 10.180.180.176
2025-04-09 13:04:58.329 70595 INFO tempest.lib.common.rest_client [req-3f2b3286-d130-44a8-86e7-9405177fd429 req-3f2b3286-d130-44a8-86e7-9405177fd429 ] Request (ServersListShow298Test:test_list_show_update_rebuild_server_298): 200 GET http://10.180.1.21/compute/v2.1/servers/3b0ffc54-53c5-4756-9b9f-a022e5d522be 0.063s
2025-04-09 13:04:58.391 70601 INFO tempest.lib.common.rest_client [req-1a9d6b3f-7396-45ac-af09-03babf8d5f8f req-1a9d6b3f-7396-45ac-af09-03babf8d5f8f ] Request (ServerActionsTestOtherA:setUpClass): 200 GET http://10.180.1.21/compute/v2.1/servers/f813423c-c58a-4f7b-86c0-4b8e44ac7a4e 0.120s
2025-04-09 13:04:58.415 70619 WARNING tempest.lib.common.ssh [-] Failed to establish authenticated ssh connection to cirros@10.180.180.178 ([Errno None] Unable to connect to port 22 on 10.180.180.178). Number attempts: 6. Retry after 7 seconds.: paramiko.ssh_exception.NoValidConnectionsError: [Errno None] Unable to connect to port 22 on 10.180.180.178
2025-04-09 13:04:58.577 70593 INFO tempest.lib.common.rest_client [req-0d26ba0f-cbc4-429f-910f-1638892b15ee req-0d26ba0f-cbc4-429f-910f-1638892b15ee ] Request (ServersAdmin275Test:tearDownClass): 200 GET http://10.180.1.21/compute/v2.1/servers/f4a955fe-a19c-4377-acc5-ab30cc469bf4 0.077s
2025-04-09 13:04:58.643 70597 INFO tempest.lib.common.rest_client [req-cea990be-afbb-44f7-8e55-c5412bf01bc7 req-cea990be-afbb-44f7-8e55-c5412bf01bc7 ] Request (ServersNegativeTestMultiTenantJSON:tearDownClass): 200 GET http://10.180.1.21/compute/v2.1/servers/ff431e2f-7be9-420b-9594-3a1e1742a96b 0.116s
2025-04-09 13:04:58.701 70643 INFO tempest.lib.common.rest_client [req-f2555c1e-c81f-4826-ad40-7e83c05590f5 req-f2555c1e-c81f-4826-ad40-7e83c05590f5 ] Request (ServersTestJSON:test_create_server_specify_multibyte_character_name): 200 GET http://10.180.1.21/compute/v2.1/servers/f1e35b93-05de-4ca0-be0c-c9752f64acc9 0.159s
2025-04-09 13:04:58.751 70585 INFO tempest.lib.common.rest_client [req-2523a433-4434-4db8-b6d4-d5a187f4cf53 req-2523a433-4434-4db8-b6d4-d5a187f4cf53 ] Request (ImagesOneServerNegativeTestJSON:_run_cleanups): 200 GET http://10.180.1.21/compute/v2.1/servers/637db48a-7f98-4d3c-908d-62691f18c2d7 0.145s
2025-04-09 13:04:58.798 70625 WARNING tempest.lib.common.ssh [-] Failed to establish authenticated ssh connection to cirros@10.180.180.188 ([Errno None] Unable to connect to port 22 on 10.180.180.188). Number attempts: 2. Retry after 3 seconds.: paramiko.ssh_exception.NoValidConnectionsError: [Errno None] Unable to connect to port 22 on 10.180.180.188
2025-04-09 13:04:58.809 70617 INFO tempest.lib.common.rest_client [req-fc88358c-060c-41d3-9696-89d9417a56c6 req-fc88358c-060c-41d3-9696-89d9417a56c6 ] Request (TenantUsagesTestJSON:tearDownClass): 200 GET http://10.180.1.21/compute/v2.1/servers/54f093bb-d9a9-48ed-86bf-41bcfd96f5f1 0.167s
2025-04-09 13:04:58.856 70635 INFO tempest.lib.common.rest_client [req-f7f1a6a9-a72b-424f-89b8-b252793c0289 req-f7f1a6a9-a72b-424f-89b8-b252793c0289 ] Request (MultipleCreateTestJSON:test_multiple_create): 200 GET http://10.180.1.21/compute/v2.1/servers/4d32e369-92dd-4a6c-ad56-4fba8388a1dd 0.129s
2025-04-09 13:04:58.907 70629 INFO tempest.lib.common.rest_client [req-4742544e-c50d-45d9-8b79-f1756b4a2039 req-4742544e-c50d-45d9-8b79-f1756b4a2039 ] Request (MigrationsAdminTest:test_resize_server_revert_deleted_flavor): 200 GET http://10.180.1.21/compute/v2.1/servers/a384959a-20e9-4af0-a1c4-b0e72b98b450 0.178s
2025-04-09 13:04:58.942 70631 INFO tempest.lib.common.rest_client [req-da1e54f8-b37f-41d0-903c-6f145e6f9f27 req-da1e54f8-b37f-41d0-903c-6f145e6f9f27 ] Request (ImagesTestJSON:test_create_image_from_suspended_server): 200 GET http://10.180.1.21/compute/v2.1/images/dca2c10e-38c0-4d5c-9a2d-893dd73fc514 0.188s
2025-04-09 13:04:58.991 70641 INFO tempest.lib.common.rest_client [req-e90f8723-ee37-493e-b347-e76c0387e5bc req-e90f8723-ee37-493e-b347-e76c0387e5bc ] Request (ServerAddressesTestJSON:setUpClass): 200 GET http://10.180.1.21/compute/v2.1/servers/ac80e607-2f1f-4b2b-b16d-77c6db98893d 0.208s
2025-04-09 13:04:59.107 70645 INFO tempest.lib.common.rest_client [req-2c7b16d8-8426-4e8d-b763-a7cdca7f17cb req-2c7b16d8-8426-4e8d-b763-a7cdca7f17cb ] Request (ServersTestFqdnHostnames:test_create_server_with_fqdn_name): 200 GET http://10.180.1.21/compute/v2.1/servers/c86b462d-07a5-4cf2-86b4-b15622dd6aad 0.296s
2025-04-09 13:04:59.115 70645 INFO tempest.common.waiters [-] State transition "BUILD/networking" ==> "BUILD/block_device_mapping" after 73 second wait
2025-04-09 13:04:59.160 70633 INFO tempest.lib.common.rest_client [req-bc373292-55d7-412b-87b4-b37a53548bf9 req-bc373292-55d7-412b-87b4-b37a53548bf9 ] Request (ServersAdminTestJSON:test_inject_network_info): 200 GET http://10.180.1.21/compute/v2.1/servers/69e037a3-f37a-4277-bac7-3c66589d08fe 0.333s
2025-04-09 13:04:59.211 70611 INFO tempest.lib.common.rest_client [req-d21ee606-1fb0-4134-8254-8c87d1e096ba req-d21ee606-1fb0-4134-8254-8c87d1e096ba ] Request (InstanceActionsNegativeTestJSON:setUpClass): 200 GET http://10.180.1.21/compute/v2.1/servers/b7761f00-e596-4be7-84f0-0b2f82f82070 0.354s
2025-04-09 13:04:59.268 70605 INFO tempest.lib.common.rest_client [req-20d39c5f-3400-4376-ac4c-11f549349fea req-20d39c5f-3400-4376-ac4c-11f549349fea ] Request (ListServerFiltersTestJSON:tearDownClass): 200 GET http://10.180.1.21/compute/v2.1/servers/def44f3d-a6f7-4948-b813-f6313ff00bd6 0.390s
2025-04-09 13:04:59.359 70583 INFO tempest.lib.common.rest_client [req-7ee60af1-ed26-434e-b93c-261db462fa72 req-7ee60af1-ed26-434e-b93c-261db462fa72 ] Request (FloatingIPsAssociationTestJSON:test_associate_already_associated_floating_ip): 200 GET http://10.180.1.21/compute/v2.1/servers/dbf53fcc-6542-4be2-b23c-172935a5b679 0.351s
2025-04-09 13:04:59.421 70591 INFO tempest.lib.common.rest_client [req-db1b1209-8542-4666-9153-ef2eda83187b req-db1b1209-8542-4666-9153-ef2eda83187b ] Request (ServersAdminNegativeTestJSON:tearDownClass): 200 GET http://10.180.1.21/compute/v2.1/servers/d37c7f9e-54b4-448e-b396-d9ba4299a87f 0.218s
2025-04-09 13:04:59.502 70589 INFO tempest.lib.common.rest_client [req-911c477f-4626-45c5-a7db-ec56fb3548f7 req-911c477f-4626-45c5-a7db-ec56fb3548f7 ] Request (SecurityGroupsTestJSON:test_server_security_groups): 200 GET http://10.180.1.21/compute/v2.1/servers/952b075b-a43c-424a-8f1a-b2e8bb12e6c5 0.221s
2025-04-09 13:04:59.541 70615 INFO tempest.lib.common.rest_client [req-17a1e648-6979-4b7c-b22e-56dbaab1160c req-17a1e648-6979-4b7c-b22e-56dbaab1160c ] Request (VolumesAssistedSnapshotsTest:test_volume_assisted_snapshot_create_delete): 200 POST http://10.180.1.21/compute/v2.1/servers/356de7b6-aa6c-4854-9e93-24cb71e3f1df/os-volume_attachments 1.675s
2025-04-09 13:04:59.560 70595 INFO tempest.lib.common.rest_client [req-94ea8870-2bd7-4cd6-81d7-2f90f6b8ae71 req-94ea8870-2bd7-4cd6-81d7-2f90f6b8ae71 ] Request (ServersListShow298Test:test_list_show_update_rebuild_server_298): 200 GET http://10.180.1.21/compute/v2.1/servers/3b0ffc54-53c5-4756-9b9f-a022e5d522be 0.220s
2025-04-09 13:04:59.569 70615 INFO tempest.lib.common.rest_client [req-5769f852-13b1-4db8-a601-f196d592e033 req-5769f852-13b1-4db8-a601-f196d592e033 ] Request (VolumesAssistedSnapshotsTest:test_volume_assisted_snapshot_create_delete): 200 GET http://10.180.1.21/volume/v3/volumes/9bc18051-4244-4e0f-adb5-32c3c15ee514 0.026s
2025-04-09 13:04:59.590 70601 INFO tempest.lib.common.rest_client [req-496697d8-2e91-4ad8-9706-5e6937f8e8ae req-496697d8-2e91-4ad8-9706-5e6937f8e8ae ] Request (ServerActionsTestOtherA:setUpClass): 200 GET http://10.180.1.21/compute/v2.1/servers/f813423c-c58a-4f7b-86c0-4b8e44ac7a4e 0.191s
2025-04-09 13:04:59.651 70593 INFO tempest.lib.common.rest_client [req-22422871-4381-4d8b-b4fc-cc148d393571 req-22422871-4381-4d8b-b4fc-cc148d393571 ] Request (ServersAdmin275Test:tearDownClass): 200 GET http://10.180.1.21/compute/v2.1/servers/f4a955fe-a19c-4377-acc5-ab30cc469bf4 0.064s
2025-04-09 13:04:59.718 70597 INFO tempest.lib.common.rest_client [req-e77f9a2f-4aa8-4e18-9675-f992fb4cb15b req-e77f9a2f-4aa8-4e18-9675-f992fb4cb15b ] Request (ServersNegativeTestMultiTenantJSON:tearDownClass): 200 GET http://10.180.1.21/compute/v2.1/servers/ff431e2f-7be9-420b-9594-3a1e1742a96b 0.058s
2025-04-09 13:04:59.759 70643 INFO tempest.lib.common.rest_client [req-b988164e-0488-46a0-a423-ab83773a0dff req-b988164e-0488-46a0-a423-ab83773a0dff ] Request (ServersTestJSON:test_create_server_specify_multibyte_character_name): 200 GET http://10.180.1.21/compute/v2.1/servers/f1e35b93-05de-4ca0-be0c-c9752f64acc9 0.049s
2025-04-09 13:04:59.814 70585 INFO tempest.lib.common.rest_client [req-492c481e-2630-4b5f-958d-bb50a0314766 req-492c481e-2630-4b5f-958d-bb50a0314766 ] Request (ImagesOneServerNegativeTestJSON:_run_cleanups): 200 GET http://10.180.1.21/compute/v2.1/servers/637db48a-7f98-4d3c-908d-62691f18c2d7 0.054s
2025-04-09 13:04:59.873 70617 INFO tempest.lib.common.rest_client [req-b49763dd-3014-4d34-a76f-acb4e529f70f req-b49763dd-3014-4d34-a76f-acb4e529f70f ] Request (TenantUsagesTestJSON:tearDownClass): 200 GET http://10.180.1.21/compute/v2.1/servers/54f093bb-d9a9-48ed-86bf-41bcfd96f5f1 0.056s
2025-04-09 13:04:59.921 70635 INFO tempest.lib.common.rest_client [req-37e79c4b-dcd6-4dc5-bc93-2c8c0f62a4ba req-37e79c4b-dcd6-4dc5-bc93-2c8c0f62a4ba ] Request (MultipleCreateTestJSON:test_multiple_create): 200 GET http://10.180.1.21/compute/v2.1/servers/4d32e369-92dd-4a6c-ad56-4fba8388a1dd 0.057s
2025-04-09 13:04:59.971 70629 INFO tempest.lib.common.rest_client [req-9f2b45d7-bb38-4e96-8f28-f6ebf8230b9a req-9f2b45d7-bb38-4e96-8f28-f6ebf8230b9a ] Request (MigrationsAdminTest:test_resize_server_revert_deleted_flavor): 200 GET http://10.180.1.21/compute/v2.1/servers/a384959a-20e9-4af0-a1c4-b0e72b98b450 0.056s
2025-04-09 13:04:59.979 70631 INFO tempest.lib.common.rest_client [req-cba3dc75-4d58-437c-9144-017f6ac563e6 req-cba3dc75-4d58-437c-9144-017f6ac563e6 ] Request (ImagesTestJSON:test_create_image_from_suspended_server): 200 GET http://10.180.1.21/compute/v2.1/images/dca2c10e-38c0-4d5c-9a2d-893dd73fc514 0.033s
2025-04-09 13:05:00.051 70641 INFO tempest.lib.common.rest_client [req-614082bd-0ddc-41bc-a312-2a8ef05621d5 req-614082bd-0ddc-41bc-a312-2a8ef05621d5 ] Request (ServerAddressesTestJSON:setUpClass): 200 GET http://10.180.1.21/compute/v2.1/servers/ac80e607-2f1f-4b2b-b16d-77c6db98893d 0.052s
2025-04-09 13:05:00.217 70645 INFO tempest.lib.common.rest_client [req-35ae01da-48bb-44d9-90f8-4b4857a650f1 req-35ae01da-48bb-44d9-90f8-4b4857a650f1 ] Request (ServersTestFqdnHostnames:test_create_server_with_fqdn_name): 200 GET http://10.180.1.21/compute/v2.1/servers/c86b462d-07a5-4cf2-86b4-b15622dd6aad 0.100s
2025-04-09 13:05:00.223 70633 INFO tempest.lib.common.rest_client [req-c928caf3-bb5d-44f7-b452-16e3bb73bece req-c928caf3-bb5d-44f7-b452-16e3bb73bece ] Request (ServersAdminTestJSON:test_inject_network_info): 200 GET http://10.180.1.21/compute/v2.1/servers/69e037a3-f37a-4277-bac7-3c66589d08fe 0.054s
2025-04-09 13:05:00.223 70645 INFO tempest.common.waiters [-] State transition "BUILD/block_device_mapping" ==> "BUILD/spawning" after 74 second wait
2025-04-09 13:05:00.265 70611 INFO tempest.lib.common.rest_client [req-2d7b4a26-b95e-4c09-913e-fe22dac7aca9 req-2d7b4a26-b95e-4c09-913e-fe22dac7aca9 ] Request (InstanceActionsNegativeTestJSON:setUpClass): 200 GET http://10.180.1.21/compute/v2.1/servers/b7761f00-e596-4be7-84f0-0b2f82f82070 0.046s
2025-04-09 13:05:00.332 70605 INFO tempest.lib.common.rest_client [req-c8b0042d-7fff-4e2a-8bb6-1e980ff4185a req-c8b0042d-7fff-4e2a-8bb6-1e980ff4185a ] Request (ListServerFiltersTestJSON:tearDownClass): 200 GET http://10.180.1.21/compute/v2.1/servers/def44f3d-a6f7-4948-b813-f6313ff00bd6 0.057s
2025-04-09 13:05:00.484 70583 INFO tempest.lib.common.rest_client [req-6ba25b02-4648-4c65-92bc-1e89ac8a1c5d req-6ba25b02-4648-4c65-92bc-1e89ac8a1c5d ] Request (FloatingIPsAssociationTestJSON:test_associate_already_associated_floating_ip): 200 GET http://10.180.1.21/compute/v2.1/servers/dbf53fcc-6542-4be2-b23c-172935a5b679 0.116s
2025-04-09 13:05:00.501 70591 INFO tempest.lib.common.rest_client [req-1f8aed0b-5f41-4d06-8f94-e1fde654757e req-1f8aed0b-5f41-4d06-8f94-e1fde654757e ] Request (ServersAdminNegativeTestJSON:tearDownClass): 200 GET http://10.180.1.21/compute/v2.1/servers/d37c7f9e-54b4-448e-b396-d9ba4299a87f 0.073s
2025-04-09 13:05:00.554 70589 INFO tempest.lib.common.rest_client [req-4c798aac-7090-4edd-8b33-e91503520068 req-4c798aac-7090-4edd-8b33-e91503520068 ] Request (SecurityGroupsTestJSON:test_server_security_groups): 200 GET http://10.180.1.21/compute/v2.1/servers/952b075b-a43c-424a-8f1a-b2e8bb12e6c5 0.044s
2025-04-09 13:05:00.610 70615 INFO tempest.lib.common.rest_client [req-48a08df5-82be-4a9f-90f8-e2eab7ce28fb req-48a08df5-82be-4a9f-90f8-e2eab7ce28fb ] Request (VolumesAssistedSnapshotsTest:test_volume_assisted_snapshot_create_delete): 200 GET http://10.180.1.21/volume/v3/volumes/9bc18051-4244-4e0f-adb5-32c3c15ee514 0.032s
2025-04-09 13:05:00.636 70595 INFO tempest.lib.common.rest_client [req-fd3460ae-7815-4acb-a241-5d850135fc7d req-fd3460ae-7815-4acb-a241-5d850135fc7d ] Request (ServersListShow298Test:test_list_show_update_rebuild_server_298): 200 GET http://10.180.1.21/compute/v2.1/servers/3b0ffc54-53c5-4756-9b9f-a022e5d522be 0.064s
2025-04-09 13:05:00.648 70601 INFO tempest.lib.common.rest_client [req-705753ce-4b74-4c41-b80c-9162dc476869 req-705753ce-4b74-4c41-b80c-9162dc476869 ] Request (ServerActionsTestOtherA:setUpClass): 200 GET http://10.180.1.21/compute/v2.1/servers/f813423c-c58a-4f7b-86c0-4b8e44ac7a4e 0.050s
2025-04-09 13:05:00.733 70593 INFO tempest.lib.common.rest_client [req-22b8bf35-1957-41f1-b693-116465bbe1dc req-22b8bf35-1957-41f1-b693-116465bbe1dc ] Request (ServersAdmin275Test:tearDownClass): 200 GET http://10.180.1.21/compute/v2.1/servers/f4a955fe-a19c-4377-acc5-ab30cc469bf4 0.071s
2025-04-09 13:05:00.787 70597 INFO tempest.lib.common.rest_client [req-93fbcc0b-f097-421e-8d22-02317021a303 req-93fbcc0b-f097-421e-8d22-02317021a303 ] Request (ServersNegativeTestMultiTenantJSON:tearDownClass): 200 GET http://10.180.1.21/compute/v2.1/servers/ff431e2f-7be9-420b-9594-3a1e1742a96b 0.060s
2025-04-09 13:05:00.816 70643 INFO tempest.lib.common.rest_client [req-690267b5-8568-49a2-a995-e62482c0febf req-690267b5-8568-49a2-a995-e62482c0febf ] Request (ServersTestJSON:test_create_server_specify_multibyte_character_name): 200 GET http://10.180.1.21/compute/v2.1/servers/f1e35b93-05de-4ca0-be0c-c9752f64acc9 0.050s
2025-04-09 13:05:00.876 70585 INFO tempest.lib.common.rest_client [req-23ae5077-7c0d-4b33-916d-b7cc1f912b11 req-23ae5077-7c0d-4b33-916d-b7cc1f912b11 ] Request (ImagesOneServerNegativeTestJSON:_run_cleanups): 200 GET http://10.180.1.21/compute/v2.1/servers/637db48a-7f98-4d3c-908d-62691f18c2d7 0.054s
2025-04-09 13:05:00.963 70617 INFO tempest.lib.common.rest_client [req-a381a23d-e382-4fae-b448-cadaa5417dac req-a381a23d-e382-4fae-b448-cadaa5417dac ] Request (TenantUsagesTestJSON:tearDownClass): 200 GET http://10.180.1.21/compute/v2.1/servers/54f093bb-d9a9-48ed-86bf-41bcfd96f5f1 0.082s
2025-04-09 13:05:00.998 70635 INFO tempest.lib.common.rest_client [req-90b10919-11b6-469d-acac-ff17a2ca5597 req-90b10919-11b6-469d-acac-ff17a2ca5597 ] Request (MultipleCreateTestJSON:test_multiple_create): 200 GET http://10.180.1.21/compute/v2.1/servers/4d32e369-92dd-4a6c-ad56-4fba8388a1dd 0.068s
2025-04-09 13:05:01.037 70631 INFO tempest.lib.common.rest_client [req-865c30c9-776d-47c8-a7fa-5cabe1e35aed req-865c30c9-776d-47c8-a7fa-5cabe1e35aed ] Request (ImagesTestJSON:test_create_image_from_suspended_server): 200 GET http://10.180.1.21/compute/v2.1/images/dca2c10e-38c0-4d5c-9a2d-893dd73fc514 0.052s
2025-04-09 13:05:01.040 70629 INFO tempest.lib.common.rest_client [req-335d0bff-8bf7-416a-80b9-855709fe931d req-335d0bff-8bf7-416a-80b9-855709fe931d ] Request (MigrationsAdminTest:test_resize_server_revert_deleted_flavor): 200 GET http://10.180.1.21/compute/v2.1/servers/a384959a-20e9-4af0-a1c4-b0e72b98b450 0.062s
2025-04-09 13:05:01.111 70641 INFO tempest.lib.common.rest_client [req-1b7a4a7b-4c0e-4a73-9caa-6cd3be44d5c6 req-1b7a4a7b-4c0e-4a73-9caa-6cd3be44d5c6 ] Request (ServerAddressesTestJSON:setUpClass): 200 GET http://10.180.1.21/compute/v2.1/servers/ac80e607-2f1f-4b2b-b16d-77c6db98893d 0.052s
2025-04-09 13:05:01.348 70645 INFO tempest.lib.common.rest_client [req-dbba67be-3220-418c-8c3c-8f476dbbca2b req-dbba67be-3220-418c-8c3c-8f476dbbca2b ] Request (ServersTestFqdnHostnames:test_create_server_with_fqdn_name): 200 GET http://10.180.1.21/compute/v2.1/servers/c86b462d-07a5-4cf2-86b4-b15622dd6aad 0.124s
2025-04-09 13:05:01.385 70633 INFO tempest.lib.common.rest_client [req-6c623c1b-0f09-4c76-bfc1-4bb755c29508 req-6c623c1b-0f09-4c76-bfc1-4bb755c29508 ] Request (ServersAdminTestJSON:test_inject_network_info): 200 GET http://10.180.1.21/compute/v2.1/servers/69e037a3-f37a-4277-bac7-3c66589d08fe 0.154s
2025-04-09 13:05:01.393 70633 INFO tempest.common.waiters [-] State transition "BUILD/None" ==> "BUILD/block_device_mapping" after 75 second wait
2025-04-09 13:05:01.403 70611 INFO tempest.lib.common.rest_client [req-a4cf8126-26e0-4ab4-b071-b4363d67e6c9 req-a4cf8126-26e0-4ab4-b071-b4363d67e6c9 ] Request (InstanceActionsNegativeTestJSON:setUpClass): 200 GET http://10.180.1.21/compute/v2.1/servers/b7761f00-e596-4be7-84f0-0b2f82f82070 0.131s
2025-04-09 13:05:01.451 70605 INFO tempest.lib.common.rest_client [req-00d08a1d-26f7-4a5f-90ef-4d8b1a8af64a req-00d08a1d-26f7-4a5f-90ef-4d8b1a8af64a ] Request (ListServerFiltersTestJSON:tearDownClass): 200 GET http://10.180.1.21/compute/v2.1/servers/def44f3d-a6f7-4948-b813-f6313ff00bd6 0.111s
2025-04-09 13:05:01.584 70591 INFO tempest.lib.common.rest_client [req-b2033cb4-b883-4bb5-b935-4c230b9b8d1d req-b2033cb4-b883-4bb5-b935-4c230b9b8d1d ] Request (ServersAdminNegativeTestJSON:tearDownClass): 200 GET http://10.180.1.21/compute/v2.1/servers/d37c7f9e-54b4-448e-b396-d9ba4299a87f 0.075s
2025-04-09 13:05:01.601 70583 INFO tempest.lib.common.rest_client [req-967952e3-7f44-4d26-a08e-c6e20d2b2ce8 req-967952e3-7f44-4d26-a08e-c6e20d2b2ce8 ] Request (FloatingIPsAssociationTestJSON:test_associate_already_associated_floating_ip): 200 GET http://10.180.1.21/compute/v2.1/servers/dbf53fcc-6542-4be2-b23c-172935a5b679 0.110s
2025-04-09 13:05:01.641 70589 INFO tempest.lib.common.rest_client [req-41cc2a5a-9d95-40a1-b297-12760ca38c9d req-41cc2a5a-9d95-40a1-b297-12760ca38c9d ] Request (SecurityGroupsTestJSON:test_server_security_groups): 200 GET http://10.180.1.21/compute/v2.1/servers/952b075b-a43c-424a-8f1a-b2e8bb12e6c5 0.079s
2025-04-09 13:05:01.650 70615 INFO tempest.lib.common.rest_client [req-e91ccd62-2902-4b65-9648-b474f7f5cc0f req-e91ccd62-2902-4b65-9648-b474f7f5cc0f ] Request (VolumesAssistedSnapshotsTest:test_volume_assisted_snapshot_create_delete): 200 GET http://10.180.1.21/volume/v3/volumes/9bc18051-4244-4e0f-adb5-32c3c15ee514 0.033s
2025-04-09 13:05:01.719 70601 INFO tempest.lib.common.rest_client [req-3150a170-b693-4c9b-875e-6871e0bb0ae6 req-3150a170-b693-4c9b-875e-6871e0bb0ae6 ] Request (ServerActionsTestOtherA:setUpClass): 200 GET http://10.180.1.21/compute/v2.1/servers/f813423c-c58a-4f7b-86c0-4b8e44ac7a4e 0.063s
2025-04-09 13:05:01.725 70595 INFO tempest.lib.common.rest_client [req-d56f410f-79c4-4bde-9008-4ef063e474ef req-d56f410f-79c4-4bde-9008-4ef063e474ef ] Request (ServersListShow298Test:test_list_show_update_rebuild_server_298): 200 GET http://10.180.1.21/compute/v2.1/servers/3b0ffc54-53c5-4756-9b9f-a022e5d522be 0.077s
2025-04-09 13:05:01.811 70593 INFO tempest.lib.common.rest_client [req-89b0ce18-d578-4608-8f90-cff638704dac req-89b0ce18-d578-4608-8f90-cff638704dac ] Request (ServersAdmin275Test:tearDownClass): 200 GET http://10.180.1.21/compute/v2.1/servers/f4a955fe-a19c-4377-acc5-ab30cc469bf4 0.068s
2025-04-09 13:05:01.851 70597 INFO tempest.lib.common.rest_client [req-8f5428de-e223-493e-bff6-307434cfe710 req-8f5428de-e223-493e-bff6-307434cfe710 ] Request (ServersNegativeTestMultiTenantJSON:tearDownClass): 200 GET http://10.180.1.21/compute/v2.1/servers/ff431e2f-7be9-420b-9594-3a1e1742a96b 0.057s
2025-04-09 13:05:01.876 70643 INFO tempest.lib.common.rest_client [req-7e0b78c2-e389-4b51-8dd4-897b36c20929 req-7e0b78c2-e389-4b51-8dd4-897b36c20929 ] Request (ServersTestJSON:test_create_server_specify_multibyte_character_name): 200 GET http://10.180.1.21/compute/v2.1/servers/f1e35b93-05de-4ca0-be0c-c9752f64acc9 0.050s
2025-04-09 13:05:01.938 70585 INFO tempest.lib.common.rest_client [req-5f38ae2f-c2de-44b3-971f-0a3ff4d98220 req-5f38ae2f-c2de-44b3-971f-0a3ff4d98220 ] Request (ImagesOneServerNegativeTestJSON:_run_cleanups): 200 GET http://10.180.1.21/compute/v2.1/servers/637db48a-7f98-4d3c-908d-62691f18c2d7 0.051s
2025-04-09 13:05:02.031 70617 INFO tempest.lib.common.rest_client [req-0b1f96b8-cbe7-4a3b-8595-869cf24594b5 req-0b1f96b8-cbe7-4a3b-8595-869cf24594b5 ] Request (TenantUsagesTestJSON:tearDownClass): 200 GET http://10.180.1.21/compute/v2.1/servers/54f093bb-d9a9-48ed-86bf-41bcfd96f5f1 0.060s
2025-04-09 13:05:02.062 70635 INFO tempest.lib.common.rest_client [req-c58c77c7-1fec-4bf1-95b2-e0bd38b86f94 req-c58c77c7-1fec-4bf1-95b2-e0bd38b86f94 ] Request (MultipleCreateTestJSON:test_multiple_create): 200 GET http://10.180.1.21/compute/v2.1/servers/4d32e369-92dd-4a6c-ad56-4fba8388a1dd 0.056s
2025-04-09 13:05:02.078 70631 INFO tempest.lib.common.rest_client [req-1e0d4784-2469-44b9-b2a2-b8c41d5ba70f req-1e0d4784-2469-44b9-b2a2-b8c41d5ba70f ] Request (ImagesTestJSON:test_create_image_from_suspended_server): 200 GET http://10.180.1.21/compute/v2.1/images/dca2c10e-38c0-4d5c-9a2d-893dd73fc514 0.036s
2025-04-09 13:05:02.110 70629 INFO tempest.lib.common.rest_client [req-39017551-47d9-43ba-93df-4b4ae2f4ebe9 req-39017551-47d9-43ba-93df-4b4ae2f4ebe9 ] Request (MigrationsAdminTest:test_resize_server_revert_deleted_flavor): 200 GET http://10.180.1.21/compute/v2.1/servers/a384959a-20e9-4af0-a1c4-b0e72b98b450 0.062s
2025-04-09 13:05:02.173 70641 INFO tempest.lib.common.rest_client [req-7fe5c628-3a33-4541-8db1-e4a774da45b4 req-7fe5c628-3a33-4541-8db1-e4a774da45b4 ] Request (ServerAddressesTestJSON:setUpClass): 200 GET http://10.180.1.21/compute/v2.1/servers/ac80e607-2f1f-4b2b-b16d-77c6db98893d 0.055s
2025-04-09 13:05:02.489 70645 INFO tempest.lib.common.rest_client [req-9aebb1de-22f5-4270-9104-0758c6347d7e req-9aebb1de-22f5-4270-9104-0758c6347d7e ] Request (ServersTestFqdnHostnames:test_create_server_with_fqdn_name): 200 GET http://10.180.1.21/compute/v2.1/servers/c86b462d-07a5-4cf2-86b4-b15622dd6aad 0.133s
2025-04-09 13:05:02.501 70633 INFO tempest.lib.common.rest_client [req-a474480c-2f00-451a-9b71-569c60e2f605 req-a474480c-2f00-451a-9b71-569c60e2f605 ] Request (ServersAdminTestJSON:test_inject_network_info): 200 GET http://10.180.1.21/compute/v2.1/servers/69e037a3-f37a-4277-bac7-3c66589d08fe 0.106s
2025-04-09 13:05:02.510 70633 INFO tempest.common.waiters [-] State transition "BUILD/block_device_mapping" ==> "BUILD/spawning" after 76 second wait
2025-04-09 13:05:02.512 70607 WARNING tempest.lib.common.ssh [-] Failed to establish authenticated ssh connection to cirros@10.180.180.240 ([Errno None] Unable to connect to port 22 on 10.180.180.240). Number attempts: 2. Retry after 3 seconds.: paramiko.ssh_exception.NoValidConnectionsError: [Errno None] Unable to connect to port 22 on 10.180.180.240
2025-04-09 13:05:02.541 70611 INFO tempest.lib.common.rest_client [req-ed7a7c41-a76d-46d0-b25f-1c11d735eda3 req-ed7a7c41-a76d-46d0-b25f-1c11d735eda3 ] Request (InstanceActionsNegativeTestJSON:setUpClass): 200 GET http://10.180.1.21/compute/v2.1/servers/b7761f00-e596-4be7-84f0-0b2f82f82070 0.129s
2025-04-09 13:05:02.559 70605 INFO tempest.lib.common.rest_client [req-ddf4a90d-4702-439a-b1af-f95b0e7be3e5 req-ddf4a90d-4702-439a-b1af-f95b0e7be3e5 ] Request (ListServerFiltersTestJSON:tearDownClass): 200 GET http://10.180.1.21/compute/v2.1/servers/def44f3d-a6f7-4948-b813-f6313ff00bd6 0.100s
2025-04-09 13:05:02.651 70591 INFO tempest.lib.common.rest_client [req-844458bf-9292-4e71-b6d9-2c4e101e73e4 req-844458bf-9292-4e71-b6d9-2c4e101e73e4 ] Request (ServersAdminNegativeTestJSON:tearDownClass): 200 GET http://10.180.1.21/compute/v2.1/servers/d37c7f9e-54b4-448e-b396-d9ba4299a87f 0.060s
2025-04-09 13:05:02.688 70615 INFO tempest.lib.common.rest_client [req-eb5d0737-b882-43a4-b3f0-1489b1f098cd req-eb5d0737-b882-43a4-b3f0-1489b1f098cd ] Request (VolumesAssistedSnapshotsTest:test_volume_assisted_snapshot_create_delete): 200 GET http://10.180.1.21/volume/v3/volumes/9bc18051-4244-4e0f-adb5-32c3c15ee514 0.028s
2025-04-09 13:05:02.704 70589 INFO tempest.lib.common.rest_client [req-899b4a9b-4cbf-4f34-a61a-98d8eb60821e req-899b4a9b-4cbf-4f34-a61a-98d8eb60821e ] Request (SecurityGroupsTestJSON:test_server_security_groups): 200 GET http://10.180.1.21/compute/v2.1/servers/952b075b-a43c-424a-8f1a-b2e8bb12e6c5 0.053s
2025-04-09 13:05:02.741 70583 INFO tempest.lib.common.rest_client [req-297e2698-f6c0-471f-9a67-2876765540b8 req-297e2698-f6c0-471f-9a67-2876765540b8 ] Request (FloatingIPsAssociationTestJSON:test_associate_already_associated_floating_ip): 200 GET http://10.180.1.21/compute/v2.1/servers/dbf53fcc-6542-4be2-b23c-172935a5b679 0.131s
2025-04-09 13:05:02.780 70601 INFO tempest.lib.common.rest_client [req-999fe5bc-c92a-4ddf-913b-dc835f4332e6 req-999fe5bc-c92a-4ddf-913b-dc835f4332e6 ] Request (ServerActionsTestOtherA:setUpClass): 200 GET http://10.180.1.21/compute/v2.1/servers/f813423c-c58a-4f7b-86c0-4b8e44ac7a4e 0.054s
2025-04-09 13:05:02.800 70595 INFO tempest.lib.common.rest_client [req-5359d997-74d6-4a1a-96be-60421d917fc3 req-5359d997-74d6-4a1a-96be-60421d917fc3 ] Request (ServersListShow298Test:test_list_show_update_rebuild_server_298): 200 GET http://10.180.1.21/compute/v2.1/servers/3b0ffc54-53c5-4756-9b9f-a022e5d522be 0.063s
2025-04-09 13:05:02.894 70609 WARNING tempest.lib.common.ssh [-] Failed to establish authenticated ssh connection to cirros@10.180.180.139 ([Errno None] Unable to connect to port 22 on 10.180.180.139). Number attempts: 4. Retry after 5 seconds.: paramiko.ssh_exception.NoValidConnectionsError: [Errno None] Unable to connect to port 22 on 10.180.180.139
2025-04-09 13:05:03.129 70593 INFO tempest.lib.common.rest_client [req-2faf7fae-d2fa-4a57-9ee3-120520c830b8 req-2faf7fae-d2fa-4a57-9ee3-120520c830b8 ] Request (ServersAdmin275Test:tearDownClass): 200 GET http://10.180.1.21/compute/v2.1/servers/f4a955fe-a19c-4377-acc5-ab30cc469bf4 0.308s
2025-04-09 13:05:03.143 70597 INFO tempest.lib.common.rest_client [req-7b8e56a2-f71e-421f-b9d9-2bdada5908be req-7b8e56a2-f71e-421f-b9d9-2bdada5908be ] Request (ServersNegativeTestMultiTenantJSON:tearDownClass): 200 GET http://10.180.1.21/compute/v2.1/servers/ff431e2f-7be9-420b-9594-3a1e1742a96b 0.285s
2025-04-09 13:05:03.145 70603 WARNING tempest.lib.common.ssh [-] Failed to establish authenticated ssh connection to cirros@10.180.180.219 ([Errno None] Unable to connect to port 22 on 10.180.180.219). Number attempts: 10. Retry after 11 seconds.: paramiko.ssh_exception.NoValidConnectionsError: [Errno None] Unable to connect to port 22 on 10.180.180.219
2025-04-09 13:05:03.216 70643 INFO tempest.lib.common.rest_client [req-9b087606-1f93-4bc0-91d3-9891960acc08 req-9b087606-1f93-4bc0-91d3-9891960acc08 ] Request (ServersTestJSON:test_create_server_specify_multibyte_character_name): 200 GET http://10.180.1.21/compute/v2.1/servers/f1e35b93-05de-4ca0-be0c-c9752f64acc9 0.333s
2025-04-09 13:05:03.223 70585 INFO tempest.lib.common.rest_client [req-69cf31a2-aaca-47ed-80ce-2e0d32311867 req-69cf31a2-aaca-47ed-80ce-2e0d32311867 ] Request (ImagesOneServerNegativeTestJSON:_run_cleanups): 200 GET http://10.180.1.21/compute/v2.1/servers/637db48a-7f98-4d3c-908d-62691f18c2d7 0.272s
2025-04-09 13:05:03.238 70617 INFO tempest.lib.common.rest_client [req-bb602f9c-41b9-40e4-b94a-bffb085529b8 req-bb602f9c-41b9-40e4-b94a-bffb085529b8 ] Request (TenantUsagesTestJSON:tearDownClass): 404 GET http://10.180.1.21/compute/v2.1/servers/54f093bb-d9a9-48ed-86bf-41bcfd96f5f1 0.199s
2025-04-09 13:05:03.277 70635 INFO tempest.lib.common.rest_client [req-1ebf193e-ee3e-4075-9ab7-0ed2998e4178 req-1ebf193e-ee3e-4075-9ab7-0ed2998e4178 ] Request (MultipleCreateTestJSON:test_multiple_create): 200 GET http://10.180.1.21/compute/v2.1/servers/4d32e369-92dd-4a6c-ad56-4fba8388a1dd 0.206s
2025-04-09 13:05:03.282 70631 INFO tempest.lib.common.rest_client [req-0e97517d-7afe-4957-b929-f731cad2ad52 req-0e97517d-7afe-4957-b929-f731cad2ad52 ] Request (ImagesTestJSON:test_create_image_from_suspended_server): 200 GET http://10.180.1.21/compute/v2.1/images/dca2c10e-38c0-4d5c-9a2d-893dd73fc514 0.199s
2025-04-09 13:05:03.340 70629 INFO tempest.lib.common.rest_client [req-74e0b971-da32-4261-bebe-34ebffb01d84 req-74e0b971-da32-4261-bebe-34ebffb01d84 ] Request (MigrationsAdminTest:test_resize_server_revert_deleted_flavor): 200 GET http://10.180.1.21/compute/v2.1/servers/a384959a-20e9-4af0-a1c4-b0e72b98b450 0.222s
2025-04-09 13:05:03.350 70641 INFO tempest.lib.common.rest_client [req-94fbbc53-f581-45f2-95da-ed4434da9249 req-94fbbc53-f581-45f2-95da-ed4434da9249 ] Request (ServerAddressesTestJSON:setUpClass): 200 GET http://10.180.1.21/compute/v2.1/servers/ac80e607-2f1f-4b2b-b16d-77c6db98893d 0.168s
2025-04-09 13:05:03.366 70617 INFO tempest.lib.common.rest_client [req-c69c7d82-6b7b-42f1-83c6-c11cce53637b req-c69c7d82-6b7b-42f1-83c6-c11cce53637b ] Request (TenantUsagesTestJSON:tearDownClass): 204 DELETE http://10.180.1.21/identity/v3/users/ecf82e87c70348c5ba928a737ea9d668 0.128s
2025-04-09 13:05:03.376 70631 INFO tempest.lib.common.rest_client [req-14f6dd4a-1cae-47cd-bab9-6b36a57b67f5 req-14f6dd4a-1cae-47cd-bab9-6b36a57b67f5 ] Request (ImagesTestJSON:test_create_image_from_suspended_server): 200 GET http://10.180.1.21/compute/v2.1/images/dca2c10e-38c0-4d5c-9a2d-893dd73fc514 0.090s
2025-04-09 13:05:03.404 70631 INFO tempest.lib.common.rest_client [req-05a7d33a-8e75-4451-a382-619622dd0866 req-05a7d33a-8e75-4451-a382-619622dd0866 ] Request (ImagesTestJSON:test_create_image_from_suspended_server): 200 GET http://10.180.1.21/image/v2/images/dca2c10e-38c0-4d5c-9a2d-893dd73fc514/tasks 0.023s
2025-04-09 13:05:03.461 70617 INFO tempest.lib.common.rest_client [req-12ab541d-0ff1-4d46-9a87-270bf60f806c req-12ab541d-0ff1-4d46-9a87-270bf60f806c ] Request (TenantUsagesTestJSON:tearDownClass): 204 DELETE http://10.180.1.21/identity/v3/users/cd86d345ce14499fb645e43ac203c114 0.094s
2025-04-09 13:05:03.461 70617 INFO tempest.lib.common.dynamic_creds [-] Deleting project and security group for project: 249b5227bf514abc8586d6df4e313841
2025-04-09 13:05:03.502 70631 INFO tempest.lib.common.rest_client [req-4089cbd8-afd9-4d59-a299-f80146c0287f req-4089cbd8-afd9-4d59-a299-f80146c0287f ] Request (ImagesTestJSON:_run_cleanups): 204 DELETE http://10.180.1.21/compute/v2.1/images/dca2c10e-38c0-4d5c-9a2d-893dd73fc514 0.097s
2025-04-09 13:05:03.516 70617 INFO tempest.lib.common.rest_client [req-d4497cdc-2021-4bdb-aefc-d33159cd7787 req-d4497cdc-2021-4bdb-aefc-d33159cd7787 ] Request (TenantUsagesTestJSON:tearDownClass): 201 POST http://10.180.1.21/identity/v3/auth/tokens 0.055s
2025-04-09 13:05:03.595 70631 INFO tempest.lib.common.rest_client [req-53719e2e-9e02-4740-8064-10be3c510b91 req-53719e2e-9e02-4740-8064-10be3c510b91 ] Request (ImagesTestJSON:_run_cleanups): 204 DELETE http://10.180.1.21/compute/v2.1/servers/e842f1cc-081b-49ad-8e12-bf0f209a0028 0.092s
2025-04-09 13:05:03.634 70617 INFO tempest.lib.common.rest_client [req-8a22f7e4-46a2-486c-9b99-f20a5bfebcb5 req-8a22f7e4-46a2-486c-9b99-f20a5bfebcb5 ] Request (TenantUsagesTestJSON:tearDownClass): 200 GET http://10.180.1.21:9696/networking/v2.0/security-groups?tenant_id=249b5227bf514abc8586d6df4e313841&name=default 0.117s
2025-04-09 13:05:03.657 70631 INFO tempest.lib.common.rest_client [req-943d8748-0c32-483a-9f65-1a9ee226dc6f req-943d8748-0c32-483a-9f65-1a9ee226dc6f ] Request (ImagesTestJSON:test_create_server_from_snapshot): 201 POST http://10.180.1.21/identity/v3/auth/tokens 0.059s
2025-04-09 13:05:03.658 70631 INFO tempest.lib.common.fixed_network [-] (ImagesTestJSON:test_create_server_from_snapshot) Found network {'id': '3c7a28d9-91df-4ee4-81f7-3006046ed0dc', 'name': 'tempest-ImagesTestJSON-529570677-network', 'tenant_id': 'df54b81ace2e46eab720f6dec9eb7b59', 'admin_state_up': True, 'mtu': 8950, 'status': 'ACTIVE', 'subnets': [], 'shared': False, 'project_id': 'df54b81ace2e46eab720f6dec9eb7b59', 'port_security_enabled': True, 'router:external': False, 'provider:network_type': 'vlan', 'provider:physical_network': 'default', 'provider:segmentation_id': 456, 'availability_zone_hints': [], 'availability_zones': [], 'ipv4_address_scope': None, 'ipv6_address_scope': None, 'description': '', 'tags': [], 'created_at': '2025-04-09T13:02:22Z', 'updated_at': '2025-04-09T13:02:22Z', 'revision_number': 1} available for tenant
2025-04-09 13:05:03.688 70645 INFO tempest.lib.common.rest_client [req-9d91ccba-b97a-4033-9236-009c7542a1b2 req-9d91ccba-b97a-4033-9236-009c7542a1b2 ] Request (ServersTestFqdnHostnames:test_create_server_with_fqdn_name): 200 GET http://10.180.1.21/compute/v2.1/servers/c86b462d-07a5-4cf2-86b4-b15622dd6aad 0.189s
2025-04-09 13:05:03.738 70615 INFO tempest.lib.common.rest_client [req-018b6051-1ef1-4708-83ea-10f1cc628fd1 req-018b6051-1ef1-4708-83ea-10f1cc628fd1 ] Request (VolumesAssistedSnapshotsTest:test_volume_assisted_snapshot_create_delete): 200 GET http://10.180.1.21/volume/v3/volumes/9bc18051-4244-4e0f-adb5-32c3c15ee514 0.041s
2025-04-09 13:05:03.750 70633 INFO tempest.lib.common.rest_client [req-97af8704-aaf4-411c-9d25-76dc6774e5bd req-97af8704-aaf4-411c-9d25-76dc6774e5bd ] Request (ServersAdminTestJSON:test_inject_network_info): 200 GET http://10.180.1.21/compute/v2.1/servers/69e037a3-f37a-4277-bac7-3c66589d08fe 0.239s
2025-04-09 13:05:03.753 70611 INFO tempest.lib.common.rest_client [req-1dce8ce2-9e69-4371-8f4a-9784809d68e8 req-1dce8ce2-9e69-4371-8f4a-9784809d68e8 ] Request (InstanceActionsNegativeTestJSON:setUpClass): 200 GET http://10.180.1.21/compute/v2.1/servers/b7761f00-e596-4be7-84f0-0b2f82f82070 0.204s
2025-04-09 13:05:03.780 70617 INFO tempest.lib.common.rest_client [req-8be17ed2-95f8-4c94-b5b6-7eebd4868832 req-8be17ed2-95f8-4c94-b5b6-7eebd4868832 ] Request (TenantUsagesTestJSON:tearDownClass): 204 DELETE http://10.180.1.21:9696/networking/v2.0/security-groups/6a8fdd6f-21fa-4d32-a877-028b104dc235 0.146s
2025-04-09 13:05:03.822 70623 WARNING tempest.lib.common.ssh [-] Failed to establish authenticated ssh connection to cirros@10.180.180.176 ([Errno None] Unable to connect to port 22 on 10.180.180.176). Number attempts: 5. Retry after 6 seconds.: paramiko.ssh_exception.NoValidConnectionsError: [Errno None] Unable to connect to port 22 on 10.180.180.176
2025-04-09 13:05:03.828 70591 INFO tempest.lib.common.rest_client [req-f3fdc838-1e05-4ea7-80e3-9214d2040724 req-f3fdc838-1e05-4ea7-80e3-9214d2040724 ] Request (ServersAdminNegativeTestJSON:tearDownClass): 200 GET http://10.180.1.21/compute/v2.1/servers/d37c7f9e-54b4-448e-b396-d9ba4299a87f 0.168s
2025-04-09 13:05:03.828 70605 INFO tempest.lib.common.rest_client [req-8193b029-1b6a-416a-9a13-b291d0a67205 req-8193b029-1b6a-416a-9a13-b291d0a67205 ] Request (ListServerFiltersTestJSON:tearDownClass): 200 GET http://10.180.1.21/compute/v2.1/servers/def44f3d-a6f7-4948-b813-f6313ff00bd6 0.260s
2025-04-09 13:05:03.860 70617 INFO tempest.lib.common.rest_client [req-c6a5dda7-aa1a-4b14-87bd-4c474258447e req-c6a5dda7-aa1a-4b14-87bd-4c474258447e ] Request (TenantUsagesTestJSON:tearDownClass): 204 DELETE http://10.180.1.21/identity/v3/projects/249b5227bf514abc8586d6df4e313841 0.080s
2025-04-09 13:05:03.860 70617 INFO tempest.lib.common.dynamic_creds [-] Deleting project and security group for project: 553d1beee3594a96b906ede16aa2af59
2025-04-09 13:05:03.902 70589 INFO tempest.lib.common.rest_client [req-8c9221e7-948f-463e-aad2-a981b5d949de req-8c9221e7-948f-463e-aad2-a981b5d949de ] Request (SecurityGroupsTestJSON:test_server_security_groups): 200 GET http://10.180.1.21/compute/v2.1/servers/952b075b-a43c-424a-8f1a-b2e8bb12e6c5 0.189s
2025-04-09 13:05:04.049 70583 INFO tempest.lib.common.rest_client [req-9d4853f8-dae3-4823-917a-5b68020783b4 req-9d4853f8-dae3-4823-917a-5b68020783b4 ] Request (FloatingIPsAssociationTestJSON:test_associate_already_associated_floating_ip): 200 GET http://10.180.1.21/compute/v2.1/servers/dbf53fcc-6542-4be2-b23c-172935a5b679 0.295s
2025-04-09 13:05:04.073 70617 INFO tempest.lib.common.rest_client [req-69ee4c4d-31b4-40f9-9871-c6a431eafa27 req-69ee4c4d-31b4-40f9-9871-c6a431eafa27 ] Request (TenantUsagesTestJSON:tearDownClass): 200 GET http://10.180.1.21:9696/networking/v2.0/security-groups?tenant_id=553d1beee3594a96b906ede16aa2af59&name=default 0.212s
2025-04-09 13:05:04.155 70617 INFO tempest.lib.common.rest_client [req-36ce5d7d-55a2-46da-aade-b419750c176d req-36ce5d7d-55a2-46da-aade-b419750c176d ] Request (TenantUsagesTestJSON:tearDownClass): 204 DELETE http://10.180.1.21:9696/networking/v2.0/security-groups/ecf7d87e-8410-4609-847a-e817ffea29b8 0.082s
2025-04-09 13:05:04.233 70601 INFO tempest.lib.common.rest_client [req-3109fd60-7e94-4945-bbc4-8f89fc4a6ac2 req-3109fd60-7e94-4945-bbc4-8f89fc4a6ac2 ] Request (ServerActionsTestOtherA:setUpClass): 200 GET http://10.180.1.21/compute/v2.1/servers/f813423c-c58a-4f7b-86c0-4b8e44ac7a4e 0.445s
2025-04-09 13:05:04.240 70601 INFO tempest.common.waiters [-] State transition "BUILD/None" ==> "BUILD/block_device_mapping" after 76 second wait
2025-04-09 13:05:04.286 70617 INFO tempest.lib.common.rest_client [req-4fe517d3-4136-4566-b2d3-f483420b3712 req-4fe517d3-4136-4566-b2d3-f483420b3712 ] Request (TenantUsagesTestJSON:tearDownClass): 204 DELETE http://10.180.1.21/identity/v3/projects/553d1beee3594a96b906ede16aa2af59 0.130s
2025-04-09 13:05:04.305 70631 INFO tempest.lib.common.rest_client [req-65353cca-ccee-4c15-83b3-bc6da00195e6 req-65353cca-ccee-4c15-83b3-bc6da00195e6 ] Request (ImagesTestJSON:test_create_server_from_snapshot): 202 POST http://10.180.1.21/compute/v2.1/servers 0.647s
2025-04-09 13:05:04.324 70595 INFO tempest.lib.common.rest_client [req-cbb2589d-28e6-4064-b9bd-4862c34b5bba req-cbb2589d-28e6-4064-b9bd-4862c34b5bba ] Request (ServersListShow298Test:test_list_show_update_rebuild_server_298): 200 GET http://10.180.1.21/compute/v2.1/servers/3b0ffc54-53c5-4756-9b9f-a022e5d522be 0.511s
2025-04-09 13:05:04.386 70617 INFO tempest.lib.common.rest_client [req-3e32711e-38b4-4e17-9936-a024f325bfab req-3e32711e-38b4-4e17-9936-a024f325bfab ] Request (FlavorsV2TestJSON:setUpClass): 201 POST http://10.180.1.21/identity/v3/auth/tokens 0.099s
2025-04-09 13:05:04.389 70593 INFO tempest.lib.common.rest_client [req-dc6839a4-8757-4a18-af97-8e159c1a8259 req-dc6839a4-8757-4a18-af97-8e159c1a8259 ] Request (ServersAdmin275Test:tearDownClass): 200 GET http://10.180.1.21/compute/v2.1/servers/f4a955fe-a19c-4377-acc5-ab30cc469bf4 0.247s
2025-04-09 13:05:04.405 70597 INFO tempest.lib.common.rest_client [req-4e70e913-a8f7-4f2f-8b7d-59033cc29d0f req-4e70e913-a8f7-4f2f-8b7d-59033cc29d0f ] Request (ServersNegativeTestMultiTenantJSON:tearDownClass): 200 GET http://10.180.1.21/compute/v2.1/servers/ff431e2f-7be9-420b-9594-3a1e1742a96b 0.254s
2025-04-09 13:05:04.430 70617 INFO tempest.lib.common.rest_client [req-014f0a59-41ac-471f-8a96-a66783d7abc3 req-014f0a59-41ac-471f-8a96-a66783d7abc3 ] Request (FlavorsV2TestJSON:setUpClass): 201 POST http://10.180.1.21/identity/v3/auth/tokens 0.041s
2025-04-09 13:05:04.445 70643 INFO tempest.lib.common.rest_client [req-53a142d5-4f9d-4423-b2e8-459cfa067001 req-53a142d5-4f9d-4423-b2e8-459cfa067001 ] Request (ServersTestJSON:test_create_server_specify_multibyte_character_name): 200 GET http://10.180.1.21/compute/v2.1/servers/f1e35b93-05de-4ca0-be0c-c9752f64acc9 0.217s
2025-04-09 13:05:04.458 70585 INFO tempest.lib.common.rest_client [req-eca6b3a0-6b17-4249-a6d0-8b23e7b57127 req-eca6b3a0-6b17-4249-a6d0-8b23e7b57127 ] Request (ImagesOneServerNegativeTestJSON:_run_cleanups): 200 GET http://10.180.1.21/compute/v2.1/servers/637db48a-7f98-4d3c-908d-62691f18c2d7 0.226s
2025-04-09 13:05:04.469 70617 INFO tempest.lib.common.rest_client [req-5b77e0fc-f7bb-4d32-9aad-e17a73e8c829 req-5b77e0fc-f7bb-4d32-9aad-e17a73e8c829 ] Request (FlavorsV2TestJSON:setUpClass): 200 GET http://10.180.1.21/identity/v3/domains?name=Default 0.038s
2025-04-09 13:05:04.499 70635 INFO tempest.lib.common.rest_client [req-9c5c40f6-89a7-41da-972d-61cc1446ba22 req-9c5c40f6-89a7-41da-972d-61cc1446ba22 ] Request (MultipleCreateTestJSON:test_multiple_create): 200 GET http://10.180.1.21/compute/v2.1/servers/4d32e369-92dd-4a6c-ad56-4fba8388a1dd 0.212s
2025-04-09 13:05:04.502 70617 INFO tempest.lib.common.rest_client [req-49160016-0069-4498-9bfa-d285d26bf9ae req-49160016-0069-4498-9bfa-d285d26bf9ae ] Request (FlavorsV2TestJSON:setUpClass): 201 POST http://10.180.1.21/identity/v3/projects 0.033s
2025-04-09 13:05:04.517 70631 INFO tempest.lib.common.rest_client [req-d2c8d559-37a9-4ad8-92d4-65139c39a633 req-d2c8d559-37a9-4ad8-92d4-65139c39a633 ] Request (ImagesTestJSON:test_create_server_from_snapshot): 200 GET http://10.180.1.21/compute/v2.1/servers/6351eebf-bfa3-4356-acdd-d7c901943867 0.210s
2025-04-09 13:05:04.561 70629 INFO tempest.lib.common.rest_client [req-cec6c070-a23c-4690-9cd9-c36460aa28f5 req-cec6c070-a23c-4690-9cd9-c36460aa28f5 ] Request (MigrationsAdminTest:test_resize_server_revert_deleted_flavor): 200 GET http://10.180.1.21/compute/v2.1/servers/a384959a-20e9-4af0-a1c4-b0e72b98b450 0.210s
2025-04-09 13:05:04.567 70617 INFO tempest.lib.common.rest_client [req-cb561535-83ba-49ed-b5b4-71f32556be7c req-cb561535-83ba-49ed-b5b4-71f32556be7c ] Request (FlavorsV2TestJSON:setUpClass): 201 POST http://10.180.1.21/identity/v3/users 0.064s
2025-04-09 13:05:04.567 70641 INFO tempest.lib.common.rest_client [req-bd9fcd72-93a0-4731-b708-58e1419e0387 req-bd9fcd72-93a0-4731-b708-58e1419e0387 ] Request (ServerAddressesTestJSON:setUpClass): 200 GET http://10.180.1.21/compute/v2.1/servers/ac80e607-2f1f-4b2b-b16d-77c6db98893d 0.209s
2025-04-09 13:05:04.587 70617 INFO tempest.lib.common.rest_client [req-cf183c34-8ffe-4171-b58d-362b1b07f3b0 req-cf183c34-8ffe-4171-b58d-362b1b07f3b0 ] Request (FlavorsV2TestJSON:setUpClass): 200 GET http://10.180.1.21/identity/v3/roles 0.020s
2025-04-09 13:05:04.612 70617 INFO tempest.lib.common.rest_client [req-bbdda61b-76a0-4ea9-aea2-6066b1442f94 req-bbdda61b-76a0-4ea9-aea2-6066b1442f94 ] Request (FlavorsV2TestJSON:setUpClass): 204 PUT http://10.180.1.21/identity/v3/projects/c520963c235244249a6ca9083cc39fde/users/eb5c6ed489f1447d8a2510e457dee1f6/roles/a7b91e02de994f4782be3d9ba4168be6 0.024s
2025-04-09 13:05:04.612 70617 INFO tempest.lib.common.dynamic_creds [-] Dynamic test user eb5c6ed489f1447d8a2510e457dee1f6 is created with scope project and roles: ['member']
2025-04-09 13:05:04.612 70617 INFO tempest.lib.common.dynamic_creds [-] Acquired dynamic creds: credentials: Credentials: {'domain_id': 'default', 'domain_name': 'Default', 'username': 'tempest-FlavorsV2TestJSON-1574072713-project-member', 'project_domain_id': 'default', 'project_domain_name': 'Default', 'project_id': 'c520963c235244249a6ca9083cc39fde', 'project_name': 'tempest-FlavorsV2TestJSON-1574072713', 'tenant_id': 'c520963c235244249a6ca9083cc39fde', 'tenant_name': 'tempest-FlavorsV2TestJSON-1574072713', 'user_domain_id': 'default', 'user_domain_name': 'Default', 'user_id': 'eb5c6ed489f1447d8a2510e457dee1f6', 'system': None}, Network: None, Subnet: None, Router: None
2025-04-09 13:05:04.612 70617 INFO tempest.lib.common.dynamic_creds [-] Created isolated network resources for: credentials: Credentials: {'domain_id': 'default', 'domain_name': 'Default', 'username': 'tempest-FlavorsV2TestJSON-1574072713-project-member', 'project_domain_id': 'default', 'project_domain_name': 'Default', 'project_id': 'c520963c235244249a6ca9083cc39fde', 'project_name': 'tempest-FlavorsV2TestJSON-1574072713', 'tenant_id': 'c520963c235244249a6ca9083cc39fde', 'tenant_name': 'tempest-FlavorsV2TestJSON-1574072713', 'user_domain_id': 'default', 'user_domain_name': 'Default', 'user_id': 'eb5c6ed489f1447d8a2510e457dee1f6', 'system': None}, Network: None, Subnet: None, Router: None
