2025-04-09 13:03:38.524 70623 INFO tempest.lib.common.rest_client [req-0fb31355-5d86-424d-883f-1e4497a13eaa req-0fb31355-5d86-424d-883f-1e4497a13eaa ] Request (ServersTestBootFromVolume:setUpClass): 200 GET http://10.180.1.21/compute/v2.1/servers/40407802-706c-44b4-9c8b-6bd575d46c81 1.726s
2025-04-09 13:03:38.611 70641 INFO tempest.lib.common.rest_client [req-65eae0d2-7f2d-4f55-bb3d-2726527c8e16 req-65eae0d2-7f2d-4f55-bb3d-2726527c8e16 ] Request (InstanceActionsV221TestJSON:test_get_list_deleted_instance_actions): 200 GET http://10.180.1.21/compute/v2.1/servers/184d720d-be64-4e9e-9cd5-4f277609cced 1.714s
2025-04-09 13:03:38.652 70635 INFO tempest.lib.common.rest_client [req-1d9394d7-80da-410f-9d21-60ae7c035f0f req-1d9394d7-80da-410f-9d21-60ae7c035f0f ] Request (FloatingIPsAssociationNegativeTestJSON:test_associate_ip_to_server_with_floating_ip): 202 POST http://10.180.1.21/compute/v2.1/servers/a2a9eb00-f0b4-47fc-9e5e-4496c8ea89e6/action 2.635s
2025-04-09 13:03:38.677 70625 INFO tempest.lib.common.rest_client [req-e7e904dc-9491-45be-8c21-b95cb25a6b40 req-e7e904dc-9491-45be-8c21-b95cb25a6b40 ] Request (AttachVolumeNegativeTest:test_attach_attached_volume_to_different_server): 200 GET http://10.180.1.21/compute/v2.1/servers/2aea86d5-8b92-416f-9abf-12c3ac0c77b0 1.704s
2025-04-09 13:03:38.724 70601 INFO tempest.lib.common.rest_client [req-9093e0e4-0c5b-4e22-a06f-bda2e24406aa req-9093e0e4-0c5b-4e22-a06f-bda2e24406aa ] Request (InstanceActionsTestJSON:tearDownClass): 204 DELETE http://10.180.1.21:9696/networking/v2.0/networks/218a28c9-dfa8-4a50-b32c-5df474da4752 0.624s
2025-04-09 13:03:38.724 70619 INFO tempest.lib.common.rest_client [req-b623327c-7c4b-4885-8d3c-d90dbc52dbd2 req-b623327c-7c4b-4885-8d3c-d90dbc52dbd2 ] Request (ServersV294TestFqdnHostnames:setUpClass): 200 GET http://10.180.1.21/compute/v2.1/servers/e4bfcd5c-0bb9-4f4b-8b10-f719c560734e 1.657s
2025-04-09 13:03:38.805 70631 INFO tempest.lib.common.rest_client [req-e9447a9c-3443-4535-bd9d-d90f949df488 req-e9447a9c-3443-4535-bd9d-d90f949df488 ] Request (ImagesTestJSON:test_create_image_from_suspended_server): 200 GET http://10.180.1.21/compute/v2.1/servers/e842f1cc-081b-49ad-8e12-bf0f209a0028 1.620s
2025-04-09 13:03:38.827 70599 INFO tempest.lib.common.rest_client [req-ea51e6ec-dcc4-4c64-8be8-c3a9fc60dfa1 req-ea51e6ec-dcc4-4c64-8be8-c3a9fc60dfa1 ] Request (KeyPairsV22TestJSON:_run_cleanups): 204 DELETE http://10.180.1.21/compute/v2.1/os-keypairs/tempest-keypair-94167965 1.620s
2025-04-09 13:03:38.827 70633 INFO tempest.lib.common.rest_client [req-365fb87c-ab18-449f-b584-3d60223751b4 req-365fb87c-ab18-449f-b584-3d60223751b4 ] Request (ServersAdminTestJSON:test_create_server_with_scheduling_hint): 200 GET http://10.180.1.21/compute/v2.1/servers/ffbd44fe-a3fa-4f2f-aed0-d869723d7f78 1.658s
2025-04-09 13:03:38.849 70601 INFO tempest.lib.common.rest_client [req-a2b553ae-1718-4771-8e9b-6b01728800a6 req-a2b553ae-1718-4771-8e9b-6b01728800a6 ] Request (InstanceActionsTestJSON:tearDownClass): 204 DELETE http://10.180.1.21/identity/v3/users/61e7f9540c00420eae5e3b59223a16d7 0.125s
2025-04-09 13:03:38.850 70601 INFO tempest.lib.common.dynamic_creds [-] Deleting project and security group for project: 7b0cd687f140499799758c9f002da29b
2025-04-09 13:03:38.852 70595 INFO tempest.lib.common.rest_client [req-aa31fb52-25f0-4bcf-b02c-11d7dd81249d req-aa31fb52-25f0-4bcf-b02c-11d7dd81249d ] Request (HostsAdminNegativeTestJSON:test_startup_nonexistent_host): 404 GET http://10.180.1.21/compute/v2.1/os-hosts/nonexistent_hostname/startup 1.633s
2025-04-09 13:03:38.919 70601 INFO tempest.lib.common.rest_client [req-a611a525-0106-4a4c-b9b2-210ae1e26372 req-a611a525-0106-4a4c-b9b2-210ae1e26372 ] Request (InstanceActionsTestJSON:tearDownClass): 200 GET http://10.180.1.21:9696/networking/v2.0/security-groups?tenant_id=7b0cd687f140499799758c9f002da29b&name=default 0.069s
2025-04-09 13:03:39.025 70583 INFO tempest.lib.common.rest_client [req-67bcd6b9-d3da-4b6f-b247-b2c5915461d8 req-67bcd6b9-d3da-4b6f-b247-b2c5915461d8 ] Request (FloatingIPsAssociationTestJSON:setUpClass): 200 GET http://10.180.1.21/compute/v2.1/servers/e694bdb7-295a-4072-a16f-d484c47299a6 1.656s
2025-04-09 13:03:39.037 70583 INFO tempest.common.waiters [-] State transition "BUILD/spawning" ==> "ACTIVE/None" after 39 second wait
2025-04-09 13:03:39.050 70585 INFO tempest.lib.common.rest_client [req-1a94f634-9170-4bcb-b8bf-e62a5df41cf7 req-1a94f634-9170-4bcb-b8bf-e62a5df41cf7 ] Request (ImagesOneServerNegativeTestJSON:tearDown): 200 GET http://10.180.1.21/compute/v2.1/servers/66a5c538-bb8e-49da-a0d8-0b3db09aa3cf 1.691s
2025-04-09 13:03:39.061 70585 INFO tempest.common.waiters [-] State transition "ACTIVE/image_pending_upload" ==> "ACTIVE/image_uploading" after 5 second wait
2025-04-09 13:03:39.097 70611 INFO tempest.lib.common.rest_client [req-d67ebc0c-7f36-4da5-ac10-fcf1455c1e8c req-d67ebc0c-7f36-4da5-ac10-fcf1455c1e8c ] Request (ImagesOneServerTestJSON:test_create_image_specify_multibyte_character_image_name): 200 GET http://10.180.1.21/compute/v2.1/images/ab6c3186-5396-4343-9c05-1ce62eaa9203 1.582s
2025-04-09 13:03:39.105 70593 INFO tempest.lib.common.rest_client [req-cb63049f-9db5-419f-9984-5fec72574b36 req-cb63049f-9db5-419f-9984-5fec72574b36 ] Request (ServersAdmin275Test:test_rebuild_update_server_275): 200 GET http://10.180.1.21/compute/v2.1/servers/f4a955fe-a19c-4377-acc5-ab30cc469bf4 1.629s
2025-04-09 13:03:39.133 70601 INFO tempest.lib.common.rest_client [req-11f833be-1c0d-4127-8dc3-7428bfd33289 req-11f833be-1c0d-4127-8dc3-7428bfd33289 ] Request (InstanceActionsTestJSON:tearDownClass): 204 DELETE http://10.180.1.21:9696/networking/v2.0/security-groups/2562bbaf-5af8-42ae-9df6-1e4a3acfa913 0.213s
2025-04-09 13:03:39.184 70643 INFO tempest.lib.common.rest_client [req-59511c65-fa84-42b5-9291-38750b93cd84 req-59511c65-fa84-42b5-9291-38750b93cd84 ] Request (ServerDiagnosticsV248Test:tearDownClass): 200 GET http://10.180.1.21/compute/v2.1/servers/271fabab-cc8d-418a-ad9e-f07b8d3a8b98 1.513s
2025-04-09 13:03:39.230 70629 INFO tempest.lib.common.rest_client [req-2ebb30c3-0845-4d52-b34e-287c35745115 req-2ebb30c3-0845-4d52-b34e-287c35745115 ] Request (MigrationsAdminTest:test_list_migrations_in_flavor_resize_situation): 200 GET http://10.180.1.21/compute/v2.1/servers/1a6a76d2-0ddf-42b7-85ef-843b72b6f0df 1.625s
2025-04-09 13:03:39.247 70614 INFO tempest.lib.common.rest_client [req-737cbcfb-3aff-4a3b-82fa-cf7ac7110224 req-737cbcfb-3aff-4a3b-82fa-cf7ac7110224 ] Request (ImagesNegativeTestJSON:test_create_image_from_deleted_server): 200 GET http://10.180.1.21/compute/v2.1/servers/e23641b5-1054-4c89-9b63-98f1994e09ee 1.547s
2025-04-09 13:03:39.272 70601 INFO tempest.lib.common.rest_client [req-03030378-19c6-40df-b31b-b428ef8ad041 req-03030378-19c6-40df-b31b-b428ef8ad041 ] Request (InstanceActionsTestJSON:tearDownClass): 204 DELETE http://10.180.1.21/identity/v3/projects/7b0cd687f140499799758c9f002da29b 0.138s
2025-04-09 13:03:39.309 70617 INFO tempest.lib.common.rest_client [req-c0cd2ebb-3156-4750-852e-038df49ce653 req-c0cd2ebb-3156-4750-852e-038df49ce653 ] Request (TenantUsagesTestJSON:setUpClass): 200 GET http://10.180.1.21/compute/v2.1/servers/54f093bb-d9a9-48ed-86bf-41bcfd96f5f1 1.577s
2025-04-09 13:03:39.316 70609 INFO tempest.lib.common.rest_client [req-009ce00b-010d-48c3-9099-b2df53a605c5 req-009ce00b-010d-48c3-9099-b2df53a605c5 ] Request (VolumesAdminNegativeTest:test_update_attached_volume_with_nonexistent_volume_in_body): 200 GET http://10.180.1.21/compute/v2.1/servers/ee3755cb-b274-4e7b-bcd6-193594d43662 1.552s
2025-04-09 13:03:39.321 70617 INFO tempest.common.waiters [-] State transition "BUILD/scheduling" ==> "BUILD/None" after 14 second wait
2025-04-09 13:03:39.364 70601 INFO tempest.lib.common.rest_client [req-558bf119-0d67-4945-a0ac-ccc5fab8042d req-558bf119-0d67-4945-a0ac-ccc5fab8042d ] Request (ServerActionsTestOtherA:setUpClass): 201 POST http://10.180.1.21/identity/v3/auth/tokens 0.089s
2025-04-09 13:03:39.367 70645 INFO tempest.lib.common.rest_client [req-270753c6-dcf3-456f-a712-077595a04441 req-270753c6-dcf3-456f-a712-077595a04441 ] Request (ServersTestFqdnHostnames:setUpClass): 200 PUT http://10.180.1.21:9696/networking/v2.0/routers/79681332-6753-4ab9-88ba-cff3c37c3c76/add_router_interface 1.746s
2025-04-09 13:03:39.367 70645 INFO tempest.lib.common.dynamic_creds [-] Created isolated network resources for: credentials: Credentials: {'domain_id': 'default', 'domain_name': 'Default', 'username': 'tempest-ServersTestFqdnHostnames-1719668141-project-member', 'project_domain_id': 'default', 'project_domain_name': 'Default', 'project_id': '9569efaec3d340fda8d9d914515caeaa', 'project_name': 'tempest-ServersTestFqdnHostnames-1719668141', 'tenant_id': '9569efaec3d340fda8d9d914515caeaa', 'tenant_name': 'tempest-ServersTestFqdnHostnames-1719668141', 'user_domain_id': 'default', 'user_domain_name': 'Default', 'user_id': '0638a33140024b42b3da251b6a630e82', 'system': None}, Network: {'id': '03c7a208-cf9d-4c37-a93e-b366e20b7ca7', 'name': 'tempest-ServersTestFqdnHostnames-861197864-network', 'tenant_id': '9569efaec3d340fda8d9d914515caeaa', 'admin_state_up': True, 'mtu': 8950, 'status': 'ACTIVE', 'subnets': [], 'shared': False, 'project_id': '9569efaec3d340fda8d9d914515caeaa', 'port_security_enabled': True, 'router:external': False, 'provider:network_type': 'vlan', 'provider:physical_network': 'default', 'provider:segmentation_id': 355, 'availability_zone_hints': [], 'availability_zones': [], 'ipv4_address_scope': None, 'ipv6_address_scope': None, 'description': '', 'tags': [], 'created_at': '2025-04-09T13:03:36Z', 'updated_at': '2025-04-09T13:03:36Z', 'revision_number': 1}, Subnet: {'id': 'f0090d44-20d5-44e2-bcb7-a0a6eeb70b8d', 'name': 'tempest-ServersTestFqdnHostnames-861197864-subnet', 'tenant_id': '9569efaec3d340fda8d9d914515caeaa', 'network_id': '03c7a208-cf9d-4c37-a93e-b366e20b7ca7', 'ip_version': 4, 'subnetpool_id': None, 'enable_dhcp': True, 'ipv6_ra_mode': None, 'ipv6_address_mode': None, 'gateway_ip': '192.168.128.1', 'cidr': '192.168.128.0/28', 'allocation_pools': [{'start': '192.168.128.2', 'end': '192.168.128.14'}], 'host_routes': [], 'dns_nameservers': [], 'description': '', 'router:external': False, 'service_types': [], 'tags': [], 'created_at': '2025-04-09T13:03:36Z', 'updated_at': '2025-04-09T13:03:36Z', 'revision_number': 0, 'project_id': '9569efaec3d340fda8d9d914515caeaa'}, Router: {'id': '79681332-6753-4ab9-88ba-cff3c37c3c76', 'name': 'tempest-ServersTestFqdnHostnames-861197864-router', 'tenant_id': '9569efaec3d340fda8d9d914515caeaa', 'admin_state_up': True, 'status': 'ACTIVE', 'external_gateway_info': {'network_id': '8eb6f836-4015-4184-8e01-1ab83dd0c663', 'external_fixed_ips': [{'subnet_id': '33d1268f-426c-46ee-96fc-884ad70b84b7', 'ip_address': '10.180.180.163'}], 'enable_snat': True}, 'description': '', 'availability_zones': [], 'distributed': False, 'ha': False, 'availability_zone_hints': [], 'routes': [], 'flavor_id': None, 'tags': [], 'created_at': '2025-04-09T13:03:36Z', 'updated_at': '2025-04-09T13:03:37Z', 'revision_number': 2, 'project_id': '9569efaec3d340fda8d9d914515caeaa'}
2025-04-09 13:03:39.413 70601 INFO tempest.lib.common.rest_client [req-de8a0e5a-8667-44ba-953e-76b0d657dbd7 req-de8a0e5a-8667-44ba-953e-76b0d657dbd7 ] Request (ServerActionsTestOtherA:setUpClass): 201 POST http://10.180.1.21/identity/v3/auth/tokens 0.043s
2025-04-09 13:03:39.421 70621 INFO tempest.lib.common.rest_client [req-75120b67-ee69-4405-a89c-86b60aadd57e req-75120b67-ee69-4405-a89c-86b60aadd57e ] Request (ServerShowV257Test:tearDownClass): 200 GET http://10.180.1.21/compute/v2.1/servers/c0833a2f-bd5c-4fb9-b41b-d5145df312df 1.576s
2025-04-09 13:03:39.450 70601 INFO tempest.lib.common.rest_client [req-c8eb56c7-eea8-4f1e-bfbd-d201b8823e26 req-c8eb56c7-eea8-4f1e-bfbd-d201b8823e26 ] Request (ServerActionsTestOtherA:setUpClass): 200 GET http://10.180.1.21/identity/v3/domains?name=Default 0.036s
2025-04-09 13:03:39.486 70645 INFO tempest.lib.common.rest_client [req-36444ab1-a46a-4352-8b86-10a861d00670 req-36444ab1-a46a-4352-8b86-10a861d00670 ] Request (ServersTestFqdnHostnames:setUpClass): 201 POST http://10.180.1.21/identity/v3/auth/tokens 0.113s
2025-04-09 13:03:39.490 70589 INFO tempest.lib.common.rest_client [req-bf2dd145-56c6-4c51-ae9c-03114c5f5e88 req-bf2dd145-56c6-4c51-ae9c-03114c5f5e88 ] Request (SecurityGroupsTestJSON:test_list_security_groups_by_server): 200 GET http://10.180.1.21/compute/v2.1/servers/49982973-7207-4c45-ae5b-e947f96b6c9e 1.705s
2025-04-09 13:03:39.500 70589 INFO tempest.common.waiters [-] State transition "BUILD/None" ==> "BUILD/spawning" after 26 second wait
2025-04-09 13:03:39.515 70607 INFO tempest.lib.common.rest_client [req-af24e27b-d0f1-46c0-8106-f06fb4ff4935 req-af24e27b-d0f1-46c0-8106-f06fb4ff4935 ] Request (AttachInterfacesTestJSON:test_create_list_show_delete_interfaces_by_fixed_ip): 200 GET http://10.180.1.21/compute/v2.1/servers/d1d89528-1adf-4452-b25e-e45e7b104a18 1.421s
2025-04-09 13:03:39.515 70601 INFO tempest.lib.common.rest_client [req-e4eac9e3-1da8-4d4c-83b3-819b3679b895 req-e4eac9e3-1da8-4d4c-83b3-819b3679b895 ] Request (ServerActionsTestOtherA:setUpClass): 201 POST http://10.180.1.21/identity/v3/projects 0.063s
2025-04-09 13:03:39.579 70601 INFO tempest.lib.common.rest_client [req-9e192fa5-0dd4-4e00-a1af-78b99f09e5d4 req-9e192fa5-0dd4-4e00-a1af-78b99f09e5d4 ] Request (ServerActionsTestOtherA:setUpClass): 201 POST http://10.180.1.21/identity/v3/users 0.063s
2025-04-09 13:03:39.585 70591 INFO tempest.lib.common.rest_client [req-dd1eee55-052c-4395-bcc4-07809417ed0d req-dd1eee55-052c-4395-bcc4-07809417ed0d ] Request (ServersAdminNegativeTestJSON:test_migrate_server_invalid_state): 200 GET http://10.180.1.21/compute/v2.1/servers/4d5ee77c-cb2b-4b11-bca2-d7a06ad939e5 1.246s
2025-04-09 13:03:39.592 70637 INFO tempest.lib.common.rest_client [req-4b6cef7e-78af-4140-acb9-e09f7630302a req-4b6cef7e-78af-4140-acb9-e09f7630302a ] Request (ServerTagsTestJSON:setUpClass): 200 GET http://10.180.1.21/compute/v2.1/servers/1b7859a9-ef7e-493b-abd5-e8a14b9fe562 1.425s
2025-04-09 13:03:39.599 70601 INFO tempest.lib.common.rest_client [req-3a3cb15e-9adc-44e2-af04-aed49d813dd5 req-3a3cb15e-9adc-44e2-af04-aed49d813dd5 ] Request (ServerActionsTestOtherA:setUpClass): 200 GET http://10.180.1.21/identity/v3/roles 0.020s
2025-04-09 13:03:39.629 70601 INFO tempest.lib.common.rest_client [req-664ce13c-af02-43dc-a693-f817a896a6d2 req-664ce13c-af02-43dc-a693-f817a896a6d2 ] Request (ServerActionsTestOtherA:setUpClass): 204 PUT http://10.180.1.21/identity/v3/projects/4f0ce7ea910348ebb8027b33c3ebe135/users/5a0937dfe2e743ad906c13456acbbf27/roles/a7b91e02de994f4782be3d9ba4168be6 0.029s
2025-04-09 13:03:39.630 70601 INFO tempest.lib.common.dynamic_creds [-] Dynamic test user 5a0937dfe2e743ad906c13456acbbf27 is created with scope project and roles: ['member']
2025-04-09 13:03:39.630 70601 INFO tempest.lib.common.dynamic_creds [-] Acquired dynamic creds: credentials: Credentials: {'domain_id': 'default', 'domain_name': 'Default', 'username': 'tempest-ServerActionsTestOtherA-343068929-project-member', 'project_domain_id': 'default', 'project_domain_name': 'Default', 'project_id': '4f0ce7ea910348ebb8027b33c3ebe135', 'project_name': 'tempest-ServerActionsTestOtherA-343068929', 'tenant_id': '4f0ce7ea910348ebb8027b33c3ebe135', 'tenant_name': 'tempest-ServerActionsTestOtherA-343068929', 'user_domain_id': 'default', 'user_domain_name': 'Default', 'user_id': '5a0937dfe2e743ad906c13456acbbf27', 'system': None}, Network: None, Subnet: None, Router: None
2025-04-09 13:03:39.641 70605 INFO tempest.lib.common.rest_client [req-ed8fdaa7-a15f-4eaa-83a6-196f459db7a0 req-ed8fdaa7-a15f-4eaa-83a6-196f459db7a0 ] Request (ListServerFiltersTestJSON:setUpClass): 200 GET http://10.180.1.21/compute/v2.1/servers/def44f3d-a6f7-4948-b813-f6313ff00bd6 1.212s
2025-04-09 13:03:39.683 70603 INFO tempest.lib.common.rest_client [req-7824cc29-d7f4-463c-89ff-b81f52ad27db req-7824cc29-d7f4-463c-89ff-b81f52ad27db ] Request (ServersWithSpecificFlavorTestJSON:test_verify_created_server_ephemeral_disk): 200 GET http://10.180.1.21/compute/v2.1/servers/d8eaadff-163f-45bf-9a8a-2643106b8ba8/os-interface 1.217s
2025-04-09 13:03:39.684 70601 INFO tempest.lib.common.rest_client [req-53f319d1-50a9-4eea-b9ca-5550b2b3bd49 req-53f319d1-50a9-4eea-b9ca-5550b2b3bd49 ] Request (ServerActionsTestOtherA:setUpClass): 201 POST http://10.180.1.21/identity/v3/auth/tokens 0.054s
2025-04-09 13:03:39.695 70627 WARNING tempest.lib.common.ssh [-] Failed to establish authenticated ssh connection to cirros@10.180.180.192 ([Errno None] Unable to connect to port 22 on 10.180.180.192). Number attempts: 3. Retry after 4 seconds.: paramiko.ssh_exception.NoValidConnectionsError: [Errno None] Unable to connect to port 22 on 10.180.180.192
2025-04-09 13:03:39.727 70599 INFO tempest.lib.common.rest_client [req-7a683234-d70c-41dc-afb2-4d1d8bcba965 req-7a683234-d70c-41dc-afb2-4d1d8bcba965 ] Request (KeyPairsV22TestJSON:test_keypair_create_with_pub_key): 201 POST http://10.180.1.21/compute/v2.1/os-keypairs 0.898s
2025-04-09 13:03:39.733 70595 INFO tempest.lib.common.rest_client [req-e819ba8f-e487-4f01-9245-272aa9e0acb0 req-e819ba8f-e487-4f01-9245-272aa9e0acb0 ] Request (HostsAdminNegativeTestJSON:test_update_host_with_invalid_maintenance_mode): 400 PUT http://10.180.1.21/compute/v2.1/os-hosts/devstack 0.879s
2025-04-09 13:03:39.929 70601 INFO tempest.lib.common.rest_client [req-139c2329-c724-4e0f-bcb7-6050fbd86fc7 req-139c2329-c724-4e0f-bcb7-6050fbd86fc7 ] Request (ServerActionsTestOtherA:setUpClass): 201 POST http://10.180.1.21:9696/networking/v2.0/networks 0.245s
2025-04-09 13:03:40.196 70601 INFO tempest.lib.common.rest_client [req-8393277a-47a6-4ff1-8f4a-6ddc1f080771 req-8393277a-47a6-4ff1-8f4a-6ddc1f080771 ] Request (ServerActionsTestOtherA:setUpClass): 201 POST http://10.180.1.21:9696/networking/v2.0/subnets 0.266s
2025-04-09 13:03:40.727 70603 INFO tempest.lib.common.rest_client [req-275bd18b-9e0c-4987-9ae4-5f7656e715c1 req-275bd18b-9e0c-4987-9ae4-5f7656e715c1 ] Request (ServersWithSpecificFlavorTestJSON:test_verify_created_server_ephemeral_disk): 200 PUT http://10.180.1.21:9696/networking/v2.0/floatingips/d748e94c-df6a-460d-8516-f1d693a970f1 1.041s
2025-04-09 13:03:40.813 70635 INFO tempest.lib.common.rest_client [req-44b1b7b4-db8f-40dd-94e5-5e27da4587cb req-44b1b7b4-db8f-40dd-94e5-5e27da4587cb ] Request (FloatingIPsAssociationNegativeTestJSON:test_associate_ip_to_server_with_floating_ip): 200 POST http://10.180.1.21/compute/v2.1/os-floating-ips 2.161s
2025-04-09 13:03:40.891 70597 INFO tempest.lib.common.rest_client [req-7a974291-3541-4c74-99e2-34a2a9f93298 req-7a974291-3541-4c74-99e2-34a2a9f93298 ] Request (ServersNegativeTestMultiTenantJSON:setUpClass): 200 GET http://10.180.1.21/compute/v2.1/servers/ff431e2f-7be9-420b-9594-3a1e1742a96b 1.686s
2025-04-09 13:03:40.909 70583 INFO tempest.lib.common.rest_client [req-53ae0fbc-9826-4900-b7e1-46a04036c48e req-53ae0fbc-9826-4900-b7e1-46a04036c48e ] Request (FloatingIPsAssociationTestJSON:setUpClass): 200 POST http://10.180.1.21/compute/v2.1/os-floating-ips 1.869s
2025-04-09 13:03:40.969 70623 INFO tempest.lib.common.rest_client [req-efe7d22f-a340-44e8-a843-2a56cf4a6785 req-efe7d22f-a340-44e8-a843-2a56cf4a6785 ] Request (ServersTestBootFromVolume:setUpClass): 200 GET http://10.180.1.21/compute/v2.1/servers/40407802-706c-44b4-9c8b-6bd575d46c81 1.429s
2025-04-09 13:03:40.985 70583 INFO tempest.lib.common.rest_client [req-223c0103-32e0-4f69-affb-1bb3d715774b req-223c0103-32e0-4f69-affb-1bb3d715774b ] Request (FloatingIPsAssociationTestJSON:test_associate_already_associated_floating_ip): 201 POST http://10.180.1.21/identity/v3/auth/tokens 0.069s
2025-04-09 13:03:40.986 70583 INFO tempest.lib.common.fixed_network [-] (FloatingIPsAssociationTestJSON:test_associate_already_associated_floating_ip) Found network {'id': '802daf5c-87da-4f92-9682-b4e179bfc48d', 'name': 'tempest-FloatingIPsAssociationTestJSON-972102463-network', 'tenant_id': '0de6729414624bba858fef9867d34407', 'admin_state_up': True, 'mtu': 8950, 'status': 'ACTIVE', 'subnets': [], 'shared': False, 'project_id': '0de6729414624bba858fef9867d34407', 'port_security_enabled': True, 'router:external': False, 'provider:network_type': 'vlan', 'provider:physical_network': 'default', 'provider:segmentation_id': 536, 'availability_zone_hints': [], 'availability_zones': [], 'ipv4_address_scope': None, 'ipv6_address_scope': None, 'description': '', 'tags': [], 'created_at': '2025-04-09T13:02:52Z', 'updated_at': '2025-04-09T13:02:52Z', 'revision_number': 1} available for tenant
2025-04-09 13:03:41.053 70641 INFO tempest.lib.common.rest_client [req-d45e0a08-d7ce-43ff-bb0e-e78f22b223f6 req-d45e0a08-d7ce-43ff-bb0e-e78f22b223f6 ] Request (InstanceActionsV221TestJSON:test_get_list_deleted_instance_actions): 200 GET http://10.180.1.21/compute/v2.1/servers/184d720d-be64-4e9e-9cd5-4f277609cced 1.427s
2025-04-09 13:03:41.059 70645 INFO tempest.lib.common.rest_client [req-8303413a-7263-4790-a107-80e8f8e9d8e8 req-8303413a-7263-4790-a107-80e8f8e9d8e8 ] Request (ServersTestFqdnHostnames:test_create_server_with_fqdn_name): 200 POST http://10.180.1.21/compute/v2.1/os-keypairs 1.568s
2025-04-09 13:03:41.073 70599 INFO tempest.lib.common.rest_client [req-7613b0cf-171f-4adc-ac67-0bee6c6f7f53 req-7613b0cf-171f-4adc-ac67-0bee6c6f7f53 ] Request (KeyPairsV22TestJSON:_run_cleanups): 204 DELETE http://10.180.1.21/compute/v2.1/os-keypairs/tempest-keypair-937028640 1.343s
2025-04-09 13:03:41.078 70595 INFO tempest.lib.common.rest_client [req-abf34fe9-6b7a-4205-959c-fb1528a22d70 req-abf34fe9-6b7a-4205-959c-fb1528a22d70 ] Request (HostsAdminNegativeTestJSON:test_update_host_with_invalid_status): 400 PUT http://10.180.1.21/compute/v2.1/os-hosts/devstack 1.343s
2025-04-09 13:03:41.135 70625 INFO tempest.lib.common.rest_client [req-6e954fac-5aef-428e-88b9-7f58850f10a4 req-6e954fac-5aef-428e-88b9-7f58850f10a4 ] Request (AttachVolumeNegativeTest:test_attach_attached_volume_to_different_server): 200 GET http://10.180.1.21/compute/v2.1/servers/2aea86d5-8b92-416f-9abf-12c3ac0c77b0 1.446s
2025-04-09 13:03:41.160 70619 INFO tempest.lib.common.rest_client [req-57d2460d-1a94-41b6-8f0d-4085c62b398d req-57d2460d-1a94-41b6-8f0d-4085c62b398d ] Request (ServersV294TestFqdnHostnames:setUpClass): 200 GET http://10.180.1.21/compute/v2.1/servers/e4bfcd5c-0bb9-4f4b-8b10-f719c560734e 1.420s
2025-04-09 13:03:41.210 70631 INFO tempest.lib.common.rest_client [req-2bcb9016-d6a9-4e98-9d8e-919e07d8182f req-2bcb9016-d6a9-4e98-9d8e-919e07d8182f ] Request (ImagesTestJSON:test_create_image_from_suspended_server): 200 GET http://10.180.1.21/compute/v2.1/servers/e842f1cc-081b-49ad-8e12-bf0f209a0028 1.396s
2025-04-09 13:03:41.355 70585 INFO tempest.lib.common.rest_client [req-848559eb-9cd5-4386-940b-df56873f23b3 req-848559eb-9cd5-4386-940b-df56873f23b3 ] Request (ImagesOneServerNegativeTestJSON:tearDown): 200 GET http://10.180.1.21/compute/v2.1/servers/66a5c538-bb8e-49da-a0d8-0b3db09aa3cf 1.293s
2025-04-09 13:03:41.365 70585 INFO tempest.common.waiters [-] State transition "ACTIVE/image_uploading" ==> "ACTIVE/None" after 7 second wait
2025-04-09 13:03:41.370 70645 INFO tempest.lib.common.rest_client [req-23947d3e-d2d1-4d2d-9fba-4466b3997b04 req-23947d3e-d2d1-4d2d-9fba-4466b3997b04 ] Request (ServersTestFqdnHostnames:test_create_server_with_fqdn_name): 201 POST http://10.180.1.21:9696/networking/v2.0/security-groups 0.309s
2025-04-09 13:03:41.377 70633 INFO tempest.lib.common.rest_client [req-725d3291-cf77-4145-9683-7f841fa812cf req-725d3291-cf77-4145-9683-7f841fa812cf ] Request (ServersAdminTestJSON:test_create_server_with_scheduling_hint): 200 GET http://10.180.1.21/compute/v2.1/servers/ffbd44fe-a3fa-4f2f-aed0-d869723d7f78 1.536s
2025-04-09 13:03:41.411 70611 INFO tempest.lib.common.rest_client [req-2ee06d88-d68c-4030-9da4-32cc1d7e1dfe req-2ee06d88-d68c-4030-9da4-32cc1d7e1dfe ] Request (ImagesOneServerTestJSON:test_create_image_specify_multibyte_character_image_name): 200 GET http://10.180.1.21/compute/v2.1/images/ab6c3186-5396-4343-9c05-1ce62eaa9203 1.310s
2025-04-09 13:03:41.478 70593 INFO tempest.lib.common.rest_client [req-8b387c66-6d70-4235-9ee6-b7873429bd30 req-8b387c66-6d70-4235-9ee6-b7873429bd30 ] Request (ServersAdmin275Test:test_rebuild_update_server_275): 200 GET http://10.180.1.21/compute/v2.1/servers/f4a955fe-a19c-4377-acc5-ab30cc469bf4 1.357s
2025-04-09 13:03:41.490 70593 INFO tempest.common.waiters [-] State transition "BUILD/scheduling" ==> "BUILD/None" after 15 second wait
2025-04-09 13:03:41.493 70643 INFO tempest.lib.common.rest_client [req-3f5cdcfb-cf9d-4df5-ad65-f27c661ad574 req-3f5cdcfb-cf9d-4df5-ad65-f27c661ad574 ] Request (ServerDiagnosticsV248Test:tearDownClass): 200 GET http://10.180.1.21/compute/v2.1/servers/271fabab-cc8d-418a-ad9e-f07b8d3a8b98 1.295s
2025-04-09 13:03:41.505 70645 INFO tempest.lib.common.rest_client [req-020da750-21ad-4da4-95d3-74b55fea8aa8 req-020da750-21ad-4da4-95d3-74b55fea8aa8 ] Request (ServersTestFqdnHostnames:test_create_server_with_fqdn_name): 201 POST http://10.180.1.21:9696/networking/v2.0/security-group-rules 0.135s
2025-04-09 13:03:41.565 70614 INFO tempest.lib.common.rest_client [req-28af00cf-a43f-448e-82f7-72e14b0a2c79 req-28af00cf-a43f-448e-82f7-72e14b0a2c79 ] Request (ImagesNegativeTestJSON:test_create_image_from_deleted_server): 200 GET http://10.180.1.21/compute/v2.1/servers/e23641b5-1054-4c89-9b63-98f1994e09ee 1.306s
2025-04-09 13:03:41.882 70617 INFO tempest.lib.common.rest_client [req-ded6d9ea-9392-4ef9-969a-ace7ee3df97d req-ded6d9ea-9392-4ef9-969a-ace7ee3df97d ] Request (TenantUsagesTestJSON:setUpClass): 200 GET http://10.180.1.21/compute/v2.1/servers/54f093bb-d9a9-48ed-86bf-41bcfd96f5f1 1.560s
2025-04-09 13:03:41.948 70645 INFO tempest.lib.common.rest_client [req-fe9b6319-2fa9-4b32-82e3-61d3528fb7d2 req-fe9b6319-2fa9-4b32-82e3-61d3528fb7d2 ] Request (ServersTestFqdnHostnames:test_create_server_with_fqdn_name): 201 POST http://10.180.1.21:9696/networking/v2.0/security-group-rules 0.442s
2025-04-09 13:03:41.953 70629 INFO tempest.lib.common.rest_client [req-4d6306b0-cc9a-4b74-9041-ec813d3aa35f req-4d6306b0-cc9a-4b74-9041-ec813d3aa35f ] Request (MigrationsAdminTest:test_list_migrations_in_flavor_resize_situation): 200 GET http://10.180.1.21/compute/v2.1/servers/1a6a76d2-0ddf-42b7-85ef-843b72b6f0df 1.712s
2025-04-09 13:03:41.956 70609 INFO tempest.lib.common.rest_client [req-455b4fc4-a4bf-43bd-8e51-a09a51c3019c req-455b4fc4-a4bf-43bd-8e51-a09a51c3019c ] Request (VolumesAdminNegativeTest:test_update_attached_volume_with_nonexistent_volume_in_body): 200 GET http://10.180.1.21/compute/v2.1/servers/ee3755cb-b274-4e7b-bcd6-193594d43662 1.624s
2025-04-09 13:03:41.962 70629 INFO tempest.common.waiters [-] State transition "RESIZE/resize_migrating" ==> "RESIZE/resize_migrated" after 37 second wait
2025-04-09 13:03:41.976 70601 INFO tempest.lib.common.rest_client [req-a9d89ec2-a7d1-41ee-8a59-4246a4067b93 req-a9d89ec2-a7d1-41ee-8a59-4246a4067b93 ] Request (ServerActionsTestOtherA:setUpClass): 201 POST http://10.180.1.21:9696/networking/v2.0/routers 1.779s
2025-04-09 13:03:42.040 70621 INFO tempest.lib.common.rest_client [req-ae164db4-f96a-4c41-a436-56345ff040cc req-ae164db4-f96a-4c41-a436-56345ff040cc ] Request (ServerShowV257Test:tearDownClass): 200 GET http://10.180.1.21/compute/v2.1/servers/c0833a2f-bd5c-4fb9-b41b-d5145df312df 1.608s
2025-04-09 13:03:42.117 70607 INFO tempest.lib.common.rest_client [req-285434fc-ec11-4964-8b4a-1a26911e2cac req-285434fc-ec11-4964-8b4a-1a26911e2cac ] Request (AttachInterfacesTestJSON:test_create_list_show_delete_interfaces_by_fixed_ip): 200 GET http://10.180.1.21/compute/v2.1/servers/d1d89528-1adf-4452-b25e-e45e7b104a18 1.594s
2025-04-09 13:03:42.139 70589 INFO tempest.lib.common.rest_client [req-fd42739f-134b-4619-bb74-936858d0172f req-fd42739f-134b-4619-bb74-936858d0172f ] Request (SecurityGroupsTestJSON:test_list_security_groups_by_server): 200 GET http://10.180.1.21/compute/v2.1/servers/49982973-7207-4c45-ae5b-e947f96b6c9e 1.637s
2025-04-09 13:03:42.192 70591 INFO tempest.lib.common.rest_client [req-1bff08c0-d306-49e0-a9ec-f10b650db1df req-1bff08c0-d306-49e0-a9ec-f10b650db1df ] Request (ServersAdminNegativeTestJSON:test_migrate_server_invalid_state): 200 GET http://10.180.1.21/compute/v2.1/servers/4d5ee77c-cb2b-4b11-bca2-d7a06ad939e5 1.596s
2025-04-09 13:03:42.224 70637 INFO tempest.lib.common.rest_client [req-2139e086-79d1-4660-86a2-8ca76835a9dc req-2139e086-79d1-4660-86a2-8ca76835a9dc ] Request (ServerTagsTestJSON:setUpClass): 200 GET http://10.180.1.21/compute/v2.1/servers/1b7859a9-ef7e-493b-abd5-e8a14b9fe562 1.616s
2025-04-09 13:03:42.265 70605 INFO tempest.lib.common.rest_client [req-0c9966d2-ca25-4715-930f-d08d14f8914f req-0c9966d2-ca25-4715-930f-d08d14f8914f ] Request (ListServerFiltersTestJSON:setUpClass): 200 GET http://10.180.1.21/compute/v2.1/servers/def44f3d-a6f7-4948-b813-f6313ff00bd6 1.616s
2025-04-09 13:03:42.432 70603 INFO tempest.lib.common.rest_client [req-ca94fa5a-c904-4823-9c13-d6ad98c4296a req-ca94fa5a-c904-4823-9c13-d6ad98c4296a ] Request (ServersWithSpecificFlavorTestJSON:test_verify_created_server_ephemeral_disk): 200 GET http://10.180.1.21/compute/v2.1/servers/d8eaadff-163f-45bf-9a8a-2643106b8ba8 1.704s
2025-04-09 13:03:42.442 70603 INFO tempest.lib.common.ssh [-] Creating ssh connection to '10.180.180.219:22' as 'cirros' with public key authentication
2025-04-09 13:03:42.799 70635 INFO tempest.lib.common.rest_client [req-b1082af3-8db7-4be8-a94a-a20bfacc7c76 req-b1082af3-8db7-4be8-a94a-a20bfacc7c76 ] Request (FloatingIPsAssociationNegativeTestJSON:test_associate_ip_to_server_with_floating_ip): 400 POST http://10.180.1.21/compute/v2.1/servers/a2a9eb00-f0b4-47fc-9e5e-4496c8ea89e6/action 1.983s
2025-04-09 13:03:42.836 70599 INFO tempest.lib.common.rest_client [req-6f0d6957-6c9a-40f3-a5e0-207be7b78e53 req-6f0d6957-6c9a-40f3-a5e0-207be7b78e53 ] Request (KeyPairsV22TestJSON:test_keypairs_create_list_delete): 201 POST http://10.180.1.21/compute/v2.1/os-keypairs 1.762s
2025-04-09 13:03:42.843 70595 INFO tempest.lib.common.rest_client [req-c4ebeeed-21c2-4804-9ea3-b3dd0cb3a9c1 req-c4ebeeed-21c2-4804-9ea3-b3dd0cb3a9c1 ] Request (HostsAdminNegativeTestJSON:test_update_host_with_non_admin_user): 403 PUT http://10.180.1.21/compute/v2.1/os-hosts/devstack 1.764s
2025-04-09 13:03:42.930 70585 INFO tempest.lib.common.rest_client [req-66fb1e35-26a0-49c6-9caf-bbb8b47377ef req-66fb1e35-26a0-49c6-9caf-bbb8b47377ef ] Request (ImagesOneServerNegativeTestJSON:_run_cleanups): 204 DELETE http://10.180.1.21/compute/v2.1/servers/66a5c538-bb8e-49da-a0d8-0b3db09aa3cf 1.565s
2025-04-09 13:03:43.025 70597 INFO tempest.lib.common.rest_client [req-5e28f810-96f2-4855-bc1d-0300bcce28ae req-5e28f810-96f2-4855-bc1d-0300bcce28ae ] Request (ServersNegativeTestMultiTenantJSON:setUpClass): 200 GET http://10.180.1.21/compute/v2.1/servers/ff431e2f-7be9-420b-9594-3a1e1742a96b 1.123s
2025-04-09 13:03:43.057 70645 INFO tempest.lib.common.rest_client [req-4399f20f-b272-4386-8784-63fa347af9a5 req-4399f20f-b272-4386-8784-63fa347af9a5 ] Request (ServersTestFqdnHostnames:test_create_server_with_fqdn_name): 201 POST http://10.180.1.21:9696/networking/v2.0/floatingips 1.108s
2025-04-09 13:03:43.097 70623 INFO tempest.lib.common.rest_client [req-37723fc8-9529-4f24-a0c6-639f57f30501 req-37723fc8-9529-4f24-a0c6-639f57f30501 ] Request (ServersTestBootFromVolume:setUpClass): 200 GET http://10.180.1.21/compute/v2.1/servers/40407802-706c-44b4-9c8b-6bd575d46c81 1.117s
2025-04-09 13:03:43.110 70645 INFO tempest.lib.common.rest_client [req-4b74db2f-64bf-41ad-91de-cbedaa282012 req-4b74db2f-64bf-41ad-91de-cbedaa282012 ] Request (ServersTestFqdnHostnames:test_create_server_with_fqdn_name): 201 POST http://10.180.1.21/identity/v3/auth/tokens 0.043s
2025-04-09 13:03:43.110 70645 INFO tempest.lib.common.fixed_network [-] (ServersTestFqdnHostnames:test_create_server_with_fqdn_name) Found network {'id': '03c7a208-cf9d-4c37-a93e-b366e20b7ca7', 'name': 'tempest-ServersTestFqdnHostnames-861197864-network', 'tenant_id': '9569efaec3d340fda8d9d914515caeaa', 'admin_state_up': True, 'mtu': 8950, 'status': 'ACTIVE', 'subnets': [], 'shared': False, 'project_id': '9569efaec3d340fda8d9d914515caeaa', 'port_security_enabled': True, 'router:external': False, 'provider:network_type': 'vlan', 'provider:physical_network': 'default', 'provider:segmentation_id': 355, 'availability_zone_hints': [], 'availability_zones': [], 'ipv4_address_scope': None, 'ipv6_address_scope': None, 'description': '', 'tags': [], 'created_at': '2025-04-09T13:03:36Z', 'updated_at': '2025-04-09T13:03:36Z', 'revision_number': 1} available for tenant
2025-04-09 13:03:43.171 70641 INFO tempest.lib.common.rest_client [req-487108b8-5b80-4794-8469-377d2d755148 req-487108b8-5b80-4794-8469-377d2d755148 ] Request (InstanceActionsV221TestJSON:test_get_list_deleted_instance_actions): 200 GET http://10.180.1.21/compute/v2.1/servers/184d720d-be64-4e9e-9cd5-4f277609cced 1.109s
2025-04-09 13:03:43.192 70583 INFO tempest.lib.common.rest_client [req-2ab6bc4d-112e-4d5e-93d8-8a3d3133deb6 req-2ab6bc4d-112e-4d5e-93d8-8a3d3133deb6 ] Request (FloatingIPsAssociationTestJSON:test_associate_already_associated_floating_ip): 202 POST http://10.180.1.21/compute/v2.1/servers 2.205s
2025-04-09 13:03:43.231 70625 INFO tempest.lib.common.rest_client [req-304aee81-9599-4c58-ab42-f1f5f8b4ad0b req-304aee81-9599-4c58-ab42-f1f5f8b4ad0b ] Request (AttachVolumeNegativeTest:test_attach_attached_volume_to_different_server): 200 GET http://10.180.1.21/compute/v2.1/servers/2aea86d5-8b92-416f-9abf-12c3ac0c77b0 1.081s
2025-04-09 13:03:43.259 70619 INFO tempest.lib.common.rest_client [req-6eda23bd-43ac-49fb-946d-720fa0c7bd4f req-6eda23bd-43ac-49fb-946d-720fa0c7bd4f ] Request (ServersV294TestFqdnHostnames:setUpClass): 200 GET http://10.180.1.21/compute/v2.1/servers/e4bfcd5c-0bb9-4f4b-8b10-f719c560734e 1.080s
2025-04-09 13:03:43.286 70631 INFO tempest.lib.common.rest_client [req-18cfd1dc-fbf0-4099-b606-cd38762c3ded req-18cfd1dc-fbf0-4099-b606-cd38762c3ded ] Request (ImagesTestJSON:test_create_image_from_suspended_server): 200 GET http://10.180.1.21/compute/v2.1/servers/e842f1cc-081b-49ad-8e12-bf0f209a0028 1.065s
2025-04-09 13:03:43.326 70611 INFO tempest.lib.common.rest_client [req-10661361-25f4-4eeb-88c7-9c4724cb9240 req-10661361-25f4-4eeb-88c7-9c4724cb9240 ] Request (ImagesOneServerTestJSON:test_create_image_specify_multibyte_character_image_name): 200 GET http://10.180.1.21/compute/v2.1/images/ab6c3186-5396-4343-9c05-1ce62eaa9203 0.909s
2025-04-09 13:03:43.417 70633 INFO tempest.lib.common.rest_client [req-94eb4ede-ecf5-4911-a694-56f075813e7b req-94eb4ede-ecf5-4911-a694-56f075813e7b ] Request (ServersAdminTestJSON:test_create_server_with_scheduling_hint): 200 GET http://10.180.1.21/compute/v2.1/servers/ffbd44fe-a3fa-4f2f-aed0-d869723d7f78 1.032s
2025-04-09 13:03:43.417 70593 INFO tempest.lib.common.rest_client [req-1bd5856c-2626-4575-90e4-c2cb8d4ae4d5 req-1bd5856c-2626-4575-90e4-c2cb8d4ae4d5 ] Request (ServersAdmin275Test:test_rebuild_update_server_275): 200 GET http://10.180.1.21/compute/v2.1/servers/f4a955fe-a19c-4377-acc5-ab30cc469bf4 0.926s
2025-04-09 13:03:43.435 70633 INFO tempest.common.waiters [-] State transition "BUILD/spawning" ==> "ACTIVE/None" after 34 second wait
2025-04-09 13:03:43.516 70643 INFO tempest.lib.common.rest_client [req-a88a48d6-f874-4462-bc4f-bd85fefa3126 req-a88a48d6-f874-4462-bc4f-bd85fefa3126 ] Request (ServerDiagnosticsV248Test:tearDownClass): 200 GET http://10.180.1.21/compute/v2.1/servers/271fabab-cc8d-418a-ad9e-f07b8d3a8b98 1.012s
2025-04-09 13:03:43.521 70614 INFO tempest.lib.common.rest_client [req-eb4e8943-c9f0-4506-9ade-5d55e1fbbf34 req-eb4e8943-c9f0-4506-9ade-5d55e1fbbf34 ] Request (ImagesNegativeTestJSON:test_create_image_from_deleted_server): 200 GET http://10.180.1.21/compute/v2.1/servers/e23641b5-1054-4c89-9b63-98f1994e09ee 0.944s
2025-04-09 13:03:43.576 70599 INFO tempest.lib.common.rest_client [req-28b90ada-5f89-44be-befa-4a31436bbc8e req-28b90ada-5f89-44be-befa-4a31436bbc8e ] Request (KeyPairsV22TestJSON:test_keypairs_create_list_delete): 201 POST http://10.180.1.21/compute/v2.1/os-keypairs 0.738s
2025-04-09 13:03:43.583 70595 INFO tempest.lib.common.rest_client [req-e88b0b94-0b3e-4d0d-a3e8-f2ad1b4ccb77 req-e88b0b94-0b3e-4d0d-a3e8-f2ad1b4ccb77 ] Request (HostsAdminNegativeTestJSON:test_update_host_without_param): 400 PUT http://10.180.1.21/compute/v2.1/os-hosts/devstack 0.738s
2025-04-09 13:03:43.652 70617 INFO tempest.lib.common.rest_client [req-d18e95b5-f65e-4804-8483-5ff0aaf7a71b req-d18e95b5-f65e-4804-8483-5ff0aaf7a71b ] Request (TenantUsagesTestJSON:setUpClass): 200 GET http://10.180.1.21/compute/v2.1/servers/54f093bb-d9a9-48ed-86bf-41bcfd96f5f1 0.760s
2025-04-09 13:03:43.681 70633 INFO tempest.lib.common.rest_client [req-1b7039d6-cead-4751-848f-7a511398176c req-1b7039d6-cead-4751-848f-7a511398176c ] Request (ServersAdminTestJSON:test_inject_network_info): 201 POST http://10.180.1.21/identity/v3/auth/tokens 0.236s
2025-04-09 13:03:43.682 70633 INFO tempest.lib.common.fixed_network [-] (ServersAdminTestJSON:test_inject_network_info) Found network {'id': 'ed813d37-1bf4-4407-999f-6644db99f244', 'name': 'tempest-ServersAdminTestJSON-474844972-network', 'tenant_id': '74afbacf0cec4bda98f69c0ef60878a8', 'admin_state_up': True, 'mtu': 8950, 'status': 'ACTIVE', 'subnets': [], 'shared': False, 'project_id': '74afbacf0cec4bda98f69c0ef60878a8', 'port_security_enabled': True, 'router:external': False, 'provider:network_type': 'vlan', 'provider:physical_network': 'default', 'provider:segmentation_id': 690, 'availability_zone_hints': [], 'availability_zones': [], 'ipv4_address_scope': None, 'ipv6_address_scope': None, 'description': '', 'tags': [], 'created_at': '2025-04-09T13:02:22Z', 'updated_at': '2025-04-09T13:02:22Z', 'revision_number': 1} available for tenant
2025-04-09 13:03:43.853 70585 INFO tempest.lib.common.rest_client [req-74fb8b7c-4e8c-4c52-bd98-cb4c880b0860 req-74fb8b7c-4e8c-4c52-bd98-cb4c880b0860 ] Request (ImagesOneServerNegativeTestJSON:_run_cleanups): 200 GET http://10.180.1.21/compute/v2.1/servers/66a5c538-bb8e-49da-a0d8-0b3db09aa3cf 0.922s
2025-04-09 13:03:43.924 70601 INFO tempest.lib.common.rest_client [req-d4c32fe9-2a77-44be-ba84-347109585446 req-d4c32fe9-2a77-44be-ba84-347109585446 ] Request (ServerActionsTestOtherA:setUpClass): 200 PUT http://10.180.1.21:9696/networking/v2.0/routers/14548f27-ee56-4a85-9fb3-beca3d63acc1/add_router_interface 1.948s
2025-04-09 13:03:43.925 70601 INFO tempest.lib.common.dynamic_creds [-] Created isolated network resources for: credentials: Credentials: {'domain_id': 'default', 'domain_name': 'Default', 'username': 'tempest-ServerActionsTestOtherA-343068929-project-member', 'project_domain_id': 'default', 'project_domain_name': 'Default', 'project_id': '4f0ce7ea910348ebb8027b33c3ebe135', 'project_name': 'tempest-ServerActionsTestOtherA-343068929', 'tenant_id': '4f0ce7ea910348ebb8027b33c3ebe135', 'tenant_name': 'tempest-ServerActionsTestOtherA-343068929', 'user_domain_id': 'default', 'user_domain_name': 'Default', 'user_id': '5a0937dfe2e743ad906c13456acbbf27', 'system': None}, Network: {'id': '1586d456-cb35-4ca4-bb1d-78795903d72c', 'name': 'tempest-ServerActionsTestOtherA-1877173450-network', 'tenant_id': '4f0ce7ea910348ebb8027b33c3ebe135', 'admin_state_up': True, 'mtu': 8950, 'status': 'ACTIVE', 'subnets': [], 'shared': False, 'project_id': '4f0ce7ea910348ebb8027b33c3ebe135', 'port_security_enabled': True, 'router:external': False, 'provider:network_type': 'vlan', 'provider:physical_network': 'default', 'provider:segmentation_id': 443, 'availability_zone_hints': [], 'availability_zones': [], 'ipv4_address_scope': None, 'ipv6_address_scope': None, 'description': '', 'tags': [], 'created_at': '2025-04-09T13:03:39Z', 'updated_at': '2025-04-09T13:03:39Z', 'revision_number': 1}, Subnet: {'id': '6e9bc924-f209-4623-8606-4d9532eede39', 'name': 'tempest-ServerActionsTestOtherA-1877173450-subnet', 'tenant_id': '4f0ce7ea910348ebb8027b33c3ebe135', 'network_id': '1586d456-cb35-4ca4-bb1d-78795903d72c', 'ip_version': 4, 'subnetpool_id': None, 'enable_dhcp': True, 'ipv6_ra_mode': None, 'ipv6_address_mode': None, 'gateway_ip': '192.168.128.1', 'cidr': '192.168.128.0/28', 'allocation_pools': [{'start': '192.168.128.2', 'end': '192.168.128.14'}], 'host_routes': [], 'dns_nameservers': [], 'description': '', 'router:external': False, 'service_types': [], 'tags': [], 'created_at': '2025-04-09T13:03:39Z', 'updated_at': '2025-04-09T13:03:39Z', 'revision_number': 0, 'project_id': '4f0ce7ea910348ebb8027b33c3ebe135'}, Router: {'id': '14548f27-ee56-4a85-9fb3-beca3d63acc1', 'name': 'tempest-ServerActionsTestOtherA-1877173450-router', 'tenant_id': '4f0ce7ea910348ebb8027b33c3ebe135', 'admin_state_up': True, 'status': 'ACTIVE', 'external_gateway_info': {'network_id': '8eb6f836-4015-4184-8e01-1ab83dd0c663', 'external_fixed_ips': [{'subnet_id': '33d1268f-426c-46ee-96fc-884ad70b84b7', 'ip_address': '10.180.180.194'}], 'enable_snat': True}, 'description': '', 'availability_zones': [], 'distributed': False, 'ha': False, 'availability_zone_hints': [], 'routes': [], 'flavor_id': None, 'tags': [], 'created_at': '2025-04-09T13:03:40Z', 'updated_at': '2025-04-09T13:03:41Z', 'revision_number': 2, 'project_id': '4f0ce7ea910348ebb8027b33c3ebe135'}
2025-04-09 13:03:43.996 70601 INFO tempest.lib.common.rest_client [req-f0ba1ef0-c24a-4096-be6d-24817bee68a8 req-f0ba1ef0-c24a-4096-be6d-24817bee68a8 ] Request (ServerActionsTestOtherA:setUpClass): 201 POST http://10.180.1.21/identity/v3/auth/tokens 0.068s
2025-04-09 13:03:44.002 70629 INFO tempest.lib.common.rest_client [req-959a4c87-22c6-4695-9303-7ed5da1abfcf req-959a4c87-22c6-4695-9303-7ed5da1abfcf ] Request (MigrationsAdminTest:test_list_migrations_in_flavor_resize_situation): 200 GET http://10.180.1.21/compute/v2.1/servers/1a6a76d2-0ddf-42b7-85ef-843b72b6f0df 1.038s
2025-04-09 13:03:44.011 70629 INFO tempest.common.waiters [-] State transition "RESIZE/resize_migrated" ==> "RESIZE/resize_finish" after 40 second wait
2025-04-09 13:03:44.062 70609 INFO tempest.lib.common.rest_client [req-07df86a6-4131-40fc-a2ad-6f72a1ae0b23 req-07df86a6-4131-40fc-a2ad-6f72a1ae0b23 ] Request (VolumesAdminNegativeTest:test_update_attached_volume_with_nonexistent_volume_in_body): 200 GET http://10.180.1.21/compute/v2.1/servers/ee3755cb-b274-4e7b-bcd6-193594d43662 1.097s
2025-04-09 13:03:44.112 70635 INFO tempest.lib.common.rest_client [req-da6a11df-5c91-4bae-a29e-d4ba9fdbc937 req-da6a11df-5c91-4bae-a29e-d4ba9fdbc937 ] Request (FloatingIPsAssociationNegativeTestJSON:_run_cleanups): 202 DELETE http://10.180.1.21/compute/v2.1/os-floating-ips/a78b7f46-287a-42fa-bc6d-41d6477a147f 1.312s
2025-04-09 13:03:44.139 70621 INFO tempest.lib.common.rest_client [req-29d16302-8f97-4b9e-9463-686c895648f7 req-29d16302-8f97-4b9e-9463-686c895648f7 ] Request (ServerShowV257Test:tearDownClass): 200 GET http://10.180.1.21/compute/v2.1/servers/c0833a2f-bd5c-4fb9-b41b-d5145df312df 1.091s
2025-04-09 13:03:44.198 70607 INFO tempest.lib.common.rest_client [req-b93839d5-9c72-4e48-9636-f99ce7f70d02 req-b93839d5-9c72-4e48-9636-f99ce7f70d02 ] Request (AttachInterfacesTestJSON:test_create_list_show_delete_interfaces_by_fixed_ip): 200 GET http://10.180.1.21/compute/v2.1/servers/d1d89528-1adf-4452-b25e-e45e7b104a18 1.072s
2025-04-09 13:03:44.319 70589 INFO tempest.lib.common.rest_client [req-92bd71c3-64c1-4668-b98d-43defaa25e5f req-92bd71c3-64c1-4668-b98d-43defaa25e5f ] Request (SecurityGroupsTestJSON:test_list_security_groups_by_server): 200 GET http://10.180.1.21/compute/v2.1/servers/49982973-7207-4c45-ae5b-e947f96b6c9e 1.168s
2025-04-09 13:03:44.379 70583 INFO tempest.lib.common.rest_client [req-51ceba3f-1bbf-4f6f-aca9-40d6d7c5ded2 req-51ceba3f-1bbf-4f6f-aca9-40d6d7c5ded2 ] Request (FloatingIPsAssociationTestJSON:test_associate_already_associated_floating_ip): 200 GET http://10.180.1.21/compute/v2.1/servers/dbf53fcc-6542-4be2-b23c-172935a5b679 1.185s
2025-04-09 13:03:44.451 70591 INFO tempest.lib.common.rest_client [req-b5692e1b-6230-4b29-80cd-a63a639fa46c req-b5692e1b-6230-4b29-80cd-a63a639fa46c ] Request (ServersAdminNegativeTestJSON:test_migrate_server_invalid_state): 200 GET http://10.180.1.21/compute/v2.1/servers/4d5ee77c-cb2b-4b11-bca2-d7a06ad939e5 1.250s
2025-04-09 13:03:44.529 70637 INFO tempest.lib.common.rest_client [req-34d6b9ad-b638-429e-a427-b89ff343484c req-34d6b9ad-b638-429e-a427-b89ff343484c ] Request (ServerTagsTestJSON:setUpClass): 200 GET http://10.180.1.21/compute/v2.1/servers/1b7859a9-ef7e-493b-abd5-e8a14b9fe562 1.292s
2025-04-09 13:03:44.538 70637 INFO tempest.common.waiters [-] State transition "BUILD/None" ==> "BUILD/networking" after 28 second wait
2025-04-09 13:03:44.551 70645 INFO tempest.lib.common.rest_client [req-d82d4e2e-7b75-4640-98c9-586119659881 req-d82d4e2e-7b75-4640-98c9-586119659881 ] Request (ServersTestFqdnHostnames:test_create_server_with_fqdn_name): 202 POST http://10.180.1.21/compute/v2.1/servers 1.440s
2025-04-09 13:03:44.583 70599 INFO tempest.lib.common.rest_client [req-0e2cb953-5049-40c6-b561-7e5118cda449 req-0e2cb953-5049-40c6-b561-7e5118cda449 ] Request (KeyPairsV22TestJSON:test_keypairs_create_list_delete): 201 POST http://10.180.1.21/compute/v2.1/os-keypairs 1.005s
2025-04-09 13:03:44.593 70595 INFO tempest.lib.common.rest_client [req-f1381455-983f-470a-97f5-866dbc30f4a0 req-f1381455-983f-470a-97f5-866dbc30f4a0 ] Request (HostsAdminNegativeTestJSON:test_update_nonexistent_host): 404 PUT http://10.180.1.21/compute/v2.1/os-hosts/nonexistent_hostname 1.009s
2025-04-09 13:03:44.596 70605 INFO tempest.lib.common.rest_client [req-dc2634cd-d497-40ca-af0b-d4fb06c91996 req-dc2634cd-d497-40ca-af0b-d4fb06c91996 ] Request (ListServerFiltersTestJSON:setUpClass): 200 GET http://10.180.1.21/compute/v2.1/servers/def44f3d-a6f7-4948-b813-f6313ff00bd6 1.322s
2025-04-09 13:03:44.687 70601 INFO tempest.lib.common.rest_client [req-1db3d03c-d788-4b46-8f06-d84fca1e8dea req-1db3d03c-d788-4b46-8f06-d84fca1e8dea ] Request (ServerActionsTestOtherA:setUpClass): 200 POST http://10.180.1.21/compute/v2.1/os-keypairs 0.689s
2025-04-09 13:03:44.713 70595 INFO tempest.lib.common.rest_client [req-569b1e18-4f08-408f-a8b9-28c5ba802daf req-569b1e18-4f08-408f-a8b9-28c5ba802daf ] Request (HostsAdminNegativeTestJSON:tearDownClass): 204 DELETE http://10.180.1.21/identity/v3/users/91ada791484a4c52b239291452f1186b 0.118s
2025-04-09 13:03:44.762 70597 INFO tempest.lib.common.rest_client [req-b38f4d91-bfdd-44d1-a8fb-b70c68e7214c req-b38f4d91-bfdd-44d1-a8fb-b70c68e7214c ] Request (ServersNegativeTestMultiTenantJSON:setUpClass): 200 GET http://10.180.1.21/compute/v2.1/servers/ff431e2f-7be9-420b-9594-3a1e1742a96b 0.728s
2025-04-09 13:03:44.772 70597 INFO tempest.common.waiters [-] State transition "BUILD/scheduling" ==> "BUILD/None" after 19 second wait
2025-04-09 13:03:44.826 70623 INFO tempest.lib.common.rest_client [req-b16ae445-6629-4165-8928-c9fd9577780e req-b16ae445-6629-4165-8928-c9fd9577780e ] Request (ServersTestBootFromVolume:setUpClass): 200 GET http://10.180.1.21/compute/v2.1/servers/40407802-706c-44b4-9c8b-6bd575d46c81 0.718s
2025-04-09 13:03:44.837 70595 INFO tempest.lib.common.rest_client [req-3afc9253-ff74-46e4-867e-514458f34423 req-3afc9253-ff74-46e4-867e-514458f34423 ] Request (HostsAdminNegativeTestJSON:tearDownClass): 204 DELETE http://10.180.1.21/identity/v3/users/8647fabceeac472191f9cbea970f76dc 0.124s
2025-04-09 13:03:44.838 70595 INFO tempest.lib.common.dynamic_creds [-] Deleting project and security group for project: 1b28057937f7483d97fc906bf9f7ccb5
2025-04-09 13:03:44.914 70595 INFO tempest.lib.common.rest_client [req-a4a84676-2c2f-4656-a1d1-eecbd5dcaa1f req-a4a84676-2c2f-4656-a1d1-eecbd5dcaa1f ] Request (HostsAdminNegativeTestJSON:tearDownClass): 201 POST http://10.180.1.21/identity/v3/auth/tokens 0.076s
2025-04-09 13:03:44.926 70601 INFO tempest.lib.common.rest_client [req-62a47eaa-246e-4042-88f7-900582fbbf9f req-62a47eaa-246e-4042-88f7-900582fbbf9f ] Request (ServerActionsTestOtherA:setUpClass): 201 POST http://10.180.1.21:9696/networking/v2.0/security-groups 0.235s
2025-04-09 13:03:45.069 70601 INFO tempest.lib.common.rest_client [req-6f539550-9228-4f8e-9e24-d3fcb70164a3 req-6f539550-9228-4f8e-9e24-d3fcb70164a3 ] Request (ServerActionsTestOtherA:setUpClass): 201 POST http://10.180.1.21:9696/networking/v2.0/security-group-rules 0.143s
2025-04-09 13:03:45.103 70633 INFO tempest.lib.common.rest_client [req-8feb85e9-0da5-4101-87ad-28810ccd232d req-8feb85e9-0da5-4101-87ad-28810ccd232d ] Request (ServersAdminTestJSON:test_inject_network_info): 202 POST http://10.180.1.21/compute/v2.1/servers 1.420s
2025-04-09 13:03:45.202 70595 INFO tempest.lib.common.rest_client [req-f603a011-1c59-4016-b2cf-3961b39f4633 req-f603a011-1c59-4016-b2cf-3961b39f4633 ] Request (HostsAdminNegativeTestJSON:tearDownClass): 200 GET http://10.180.1.21:9696/networking/v2.0/security-groups?tenant_id=1b28057937f7483d97fc906bf9f7ccb5&name=default 0.287s
2025-04-09 13:03:45.202 70641 INFO tempest.lib.common.rest_client [req-68d441cf-4e6b-4463-a273-37fea2e2e153 req-68d441cf-4e6b-4463-a273-37fea2e2e153 ] Request (InstanceActionsV221TestJSON:test_get_list_deleted_instance_actions): 200 GET http://10.180.1.21/compute/v2.1/servers/184d720d-be64-4e9e-9cd5-4f277609cced 1.019s
2025-04-09 13:03:45.266 70625 INFO tempest.lib.common.rest_client [req-d8fffcfb-0db9-45b1-bd12-3f61687c60b7 req-d8fffcfb-0db9-45b1-bd12-3f61687c60b7 ] Request (AttachVolumeNegativeTest:test_attach_attached_volume_to_different_server): 200 GET http://10.180.1.21/compute/v2.1/servers/2aea86d5-8b92-416f-9abf-12c3ac0c77b0 1.023s
2025-04-09 13:03:45.343 70601 INFO tempest.lib.common.rest_client [req-becf5e7f-86c1-4b02-81fb-640d4bfb8c99 req-becf5e7f-86c1-4b02-81fb-640d4bfb8c99 ] Request (ServerActionsTestOtherA:setUpClass): 201 POST http://10.180.1.21:9696/networking/v2.0/security-group-rules 0.273s
