2025-04-09 13:03:56.600 70614 INFO tempest.lib.common.rest_client [req-be872a68-c661-467c-8176-5f1010d3f53b req-be872a68-c661-467c-8176-5f1010d3f53b ] Request (ServerShowV263Test:setUpClass): 200 GET http://10.180.1.21/identity/v3/domains?name=Default 0.054s
2025-04-09 13:03:56.623 70643 INFO tempest.lib.common.rest_client [req-27dc0d4a-d44d-4ee7-9670-51852da5cf85 req-27dc0d4a-d44d-4ee7-9670-51852da5cf85 ] Request (ServerDiagnosticsV248Test:tearDownClass): 204 DELETE http://10.180.1.21/identity/v3/users/72bfad96f62a463cb737dd1ba2138597 0.097s
2025-04-09 13:03:56.623 70643 INFO tempest.lib.common.dynamic_creds [-] Deleting project and security group for project: a83dd157741f4a51af97aad969c5802b
2025-04-09 13:03:56.666 70585 INFO tempest.lib.common.rest_client [req-8ab815fd-6b4a-420d-8eda-c04088e10e43 req-8ab815fd-6b4a-420d-8eda-c04088e10e43 ] Request (ImagesOneServerNegativeTestJSON:_run_cleanups): 200 GET http://10.180.1.21/compute/v2.1/servers/66a5c538-bb8e-49da-a0d8-0b3db09aa3cf 0.238s
2025-04-09 13:03:56.670 70614 INFO tempest.lib.common.rest_client [req-080d2f78-297b-4a8b-aa38-0aeb8e2ebabd req-080d2f78-297b-4a8b-aa38-0aeb8e2ebabd ] Request (ServerShowV263Test:setUpClass): 201 POST http://10.180.1.21/identity/v3/projects 0.069s
2025-04-09 13:03:56.686 70643 INFO tempest.lib.common.rest_client [req-dd9bcd41-81f8-4c04-9592-3c09190940d0 req-dd9bcd41-81f8-4c04-9592-3c09190940d0 ] Request (ServerDiagnosticsV248Test:tearDownClass): 201 POST http://10.180.1.21/identity/v3/auth/tokens 0.063s
2025-04-09 13:03:56.699 70589 INFO tempest.lib.common.rest_client [req-befe968c-1576-41e2-a7b9-15d6f02a8d35 req-befe968c-1576-41e2-a7b9-15d6f02a8d35 ] Request (SecurityGroupsTestJSON:test_security_groups_create_list_delete): 200 GET http://10.180.1.21/compute/v2.1/os-security-groups 0.308s
2025-04-09 13:03:56.717 70633 INFO tempest.lib.common.rest_client [req-cf6e2cb6-75f4-49b1-9414-f6f02523d48c req-cf6e2cb6-75f4-49b1-9414-f6f02523d48c ] Request (ServersAdminTestJSON:test_inject_network_info): 200 GET http://10.180.1.21/compute/v2.1/servers/69e037a3-f37a-4277-bac7-3c66589d08fe 0.232s
2025-04-09 13:03:56.731 70637 INFO tempest.lib.common.rest_client [req-a22611c8-3ea8-47ef-8264-10cfb9dae0f6 req-a22611c8-3ea8-47ef-8264-10cfb9dae0f6 ] Request (ServerTagsTestJSON:test_create_delete_tag): 200 GET http://10.180.1.21/compute/v2.1/servers/1b7859a9-ef7e-493b-abd5-e8a14b9fe562/tags 0.156s
2025-04-09 13:03:56.736 70614 INFO tempest.lib.common.rest_client [req-cb89a8a3-b6dd-4ab5-b359-3df6a82201e6 req-cb89a8a3-b6dd-4ab5-b359-3df6a82201e6 ] Request (ServerShowV263Test:setUpClass): 201 POST http://10.180.1.21/identity/v3/users 0.064s
2025-04-09 13:03:56.761 70635 INFO tempest.lib.common.rest_client [req-cd5a4fa0-16a4-422e-a776-fdfc14fd1734 req-cd5a4fa0-16a4-422e-a776-fdfc14fd1734 ] Request (FloatingIPsAssociationNegativeTestJSON:tearDownClass): 200 GET http://10.180.1.21/compute/v2.1/servers/a2a9eb00-f0b4-47fc-9e5e-4496c8ea89e6 0.213s
2025-04-09 13:03:56.762 70614 INFO tempest.lib.common.rest_client [req-298f2383-8b8d-421b-a3f7-39b7d887f163 req-298f2383-8b8d-421b-a3f7-39b7d887f163 ] Request (ServerShowV263Test:setUpClass): 200 GET http://10.180.1.21/identity/v3/roles 0.025s
2025-04-09 13:03:56.780 70607 INFO tempest.lib.common.rest_client [req-eff5d497-61f1-4757-b3fa-15128b7efa10 req-eff5d497-61f1-4757-b3fa-15128b7efa10 ] Request (AttachInterfacesTestJSON:test_create_list_show_delete_interfaces_by_fixed_ip): 200 GET http://10.180.1.21/compute/v2.1/servers/d1d89528-1adf-4452-b25e-e45e7b104a18 0.170s
2025-04-09 13:03:56.790 70614 INFO tempest.lib.common.rest_client [req-9c7ab64e-b5e0-4095-8162-7f862fae58fa req-9c7ab64e-b5e0-4095-8162-7f862fae58fa ] Request (ServerShowV263Test:setUpClass): 204 PUT http://10.180.1.21/identity/v3/projects/9fbfb3a969804e20817d0407967e3bf8/users/3e17a3b9dd364b8089c2cf87f1fbf1e6/roles/a7b91e02de994f4782be3d9ba4168be6 0.027s
2025-04-09 13:03:56.790 70614 INFO tempest.lib.common.dynamic_creds [-] Dynamic test user 3e17a3b9dd364b8089c2cf87f1fbf1e6 is created with scope project and roles: ['member']
2025-04-09 13:03:56.790 70614 INFO tempest.lib.common.dynamic_creds [-] Acquired dynamic creds: credentials: Credentials: {'domain_id': 'default', 'domain_name': 'Default', 'username': 'tempest-ServerShowV263Test-409649037-project-member', 'project_domain_id': 'default', 'project_domain_name': 'Default', 'project_id': '9fbfb3a969804e20817d0407967e3bf8', 'project_name': 'tempest-ServerShowV263Test-409649037', 'tenant_id': '9fbfb3a969804e20817d0407967e3bf8', 'tenant_name': 'tempest-ServerShowV263Test-409649037', 'user_domain_id': 'default', 'user_domain_name': 'Default', 'user_id': '3e17a3b9dd364b8089c2cf87f1fbf1e6', 'system': None}, Network: None, Subnet: None, Router: None
2025-04-09 13:03:56.790 70614 INFO tempest.lib.common.dynamic_creds [-] Created isolated network resources for: credentials: Credentials: {'domain_id': 'default', 'domain_name': 'Default', 'username': 'tempest-ServerShowV263Test-409649037-project-member', 'project_domain_id': 'default', 'project_domain_name': 'Default', 'project_id': '9fbfb3a969804e20817d0407967e3bf8', 'project_name': 'tempest-ServerShowV263Test-409649037', 'tenant_id': '9fbfb3a969804e20817d0407967e3bf8', 'tenant_name': 'tempest-ServerShowV263Test-409649037', 'user_domain_id': 'default', 'user_domain_name': 'Default', 'user_id': '3e17a3b9dd364b8089c2cf87f1fbf1e6', 'system': None}, Network: None, Subnet: None, Router: None
2025-04-09 13:03:56.821 70611 INFO tempest.lib.common.rest_client [req-3089e07c-8020-4f6f-869d-17394c97e3b6 req-3089e07c-8020-4f6f-869d-17394c97e3b6 ] Request (ImagesOneServerTestJSON:tearDownClass): 200 GET http://10.180.1.21/compute/v2.1/servers/ea0fac22-ed73-4785-a5eb-610e9107e14d 0.205s
2025-04-09 13:03:56.847 70621 INFO tempest.lib.common.rest_client [req-0a7a8625-8073-4a8a-852c-2030851bd61c req-0a7a8625-8073-4a8a-852c-2030851bd61c ] Request (ServerShowV257Test:tearDownClass): 200 GET http://10.180.1.21/compute/v2.1/servers/c0833a2f-bd5c-4fb9-b41b-d5145df312df 0.151s
2025-04-09 13:03:56.871 70614 INFO tempest.lib.common.rest_client [req-d423f0de-5f26-486c-b3f4-fa8b0d3a14bc req-d423f0de-5f26-486c-b3f4-fa8b0d3a14bc ] Request (ServerShowV263Test:setUpClass): 201 POST http://10.180.1.21/identity/v3/auth/tokens 0.077s
2025-04-09 13:03:56.895 70583 INFO tempest.lib.common.rest_client [req-d09af377-b735-41f6-953e-101c44e5dfac req-d09af377-b735-41f6-953e-101c44e5dfac ] Request (FloatingIPsAssociationTestJSON:test_associate_already_associated_floating_ip): 200 GET http://10.180.1.21/compute/v2.1/servers/dbf53fcc-6542-4be2-b23c-172935a5b679 0.191s
2025-04-09 13:03:56.916 70643 INFO tempest.lib.common.rest_client [req-a453d2ff-dc0c-4045-b5c6-b9fce8173364 req-a453d2ff-dc0c-4045-b5c6-b9fce8173364 ] Request (ServerDiagnosticsV248Test:tearDownClass): 200 GET http://10.180.1.21:9696/networking/v2.0/security-groups?tenant_id=a83dd157741f4a51af97aad969c5802b&name=default 0.229s
2025-04-09 13:03:56.934 70614 INFO tempest.lib.common.rest_client [req-156f2977-e9ad-4927-b45c-9cfb13f1f771 req-156f2977-e9ad-4927-b45c-9cfb13f1f771 ] Request (ServerShowV263Test:setUpClass): 200 GET http://10.180.1.21/identity/v3/projects/9fbfb3a969804e20817d0407967e3bf8 0.063s
2025-04-09 13:03:56.935 70614 INFO tempest.lib.common.dynamic_creds [-] Using the existing project 9fbfb3a969804e20817d0407967e3bf8 for scope project and roles: ['reader']
2025-04-09 13:03:56.950 70637 INFO tempest.lib.common.rest_client [req-b58fbe37-8e17-47fb-8502-623c2ebe46c6 req-b58fbe37-8e17-47fb-8502-623c2ebe46c6 ] Request (ServerTagsTestJSON:_run_cleanups): 204 DELETE http://10.180.1.21/compute/v2.1/servers/1b7859a9-ef7e-493b-abd5-e8a14b9fe562/tags 0.218s
2025-04-09 13:03:56.969 70614 INFO tempest.lib.common.rest_client [req-f9716fd4-7ed6-460d-b4fa-10be80e6f895 req-f9716fd4-7ed6-460d-b4fa-10be80e6f895 ] Request (ServerShowV263Test:setUpClass): 201 POST http://10.180.1.21/identity/v3/users 0.034s
2025-04-09 13:03:56.989 70614 INFO tempest.lib.common.rest_client [req-50695c8e-b688-4073-bae1-c18d9361b266 req-50695c8e-b688-4073-bae1-c18d9361b266 ] Request (ServerShowV263Test:setUpClass): 200 GET http://10.180.1.21/identity/v3/roles 0.019s
2025-04-09 13:03:57.016 70605 INFO tempest.lib.common.rest_client [req-733cc348-87de-4637-93aa-291744511a6f req-733cc348-87de-4637-93aa-291744511a6f ] Request (ListServerFiltersTestJSON:setUpClass): 200 GET http://10.180.1.21/compute/v2.1/servers/def44f3d-a6f7-4948-b813-f6313ff00bd6 0.172s
2025-04-09 13:03:57.024 70614 INFO tempest.lib.common.rest_client [req-0edd7d4d-4797-4538-91fc-e8fcc1f03eb5 req-0edd7d4d-4797-4538-91fc-e8fcc1f03eb5 ] Request (ServerShowV263Test:setUpClass): 204 PUT http://10.180.1.21/identity/v3/projects/9fbfb3a969804e20817d0407967e3bf8/users/7e31f6bbf498492c892a586892331aa8/roles/4f2e74349d534346ac3757c736b6d407 0.034s
2025-04-09 13:03:57.024 70614 INFO tempest.lib.common.dynamic_creds [-] Dynamic test user 7e31f6bbf498492c892a586892331aa8 is created with scope project and roles: ['reader']
2025-04-09 13:03:57.025 70614 INFO tempest.lib.common.dynamic_creds [-] Acquired dynamic creds: credentials: Credentials: {'domain_id': 'default', 'domain_name': 'Default', 'username': 'tempest-ServerShowV263Test-409649037-project-reader', 'project_domain_id': 'default', 'project_domain_name': 'Default', 'project_id': '9fbfb3a969804e20817d0407967e3bf8', 'project_name': 'tempest-ServerShowV263Test-409649037', 'tenant_id': '9fbfb3a969804e20817d0407967e3bf8', 'tenant_name': 'tempest-ServerShowV263Test-409649037', 'user_domain_id': 'default', 'user_domain_name': 'Default', 'user_id': '7e31f6bbf498492c892a586892331aa8', 'system': None}, Network: None, Subnet: None, Router: None
2025-04-09 13:03:57.027 70614 INFO tempest.lib.common.dynamic_creds [-] Network resources are not created for requested scope: project and credentials: Credentials: {'domain_id': 'default', 'domain_name': 'Default', 'username': 'tempest-ServerShowV263Test-409649037-project-reader', 'project_domain_id': 'default', 'project_domain_name': 'Default', 'project_id': '9fbfb3a969804e20817d0407967e3bf8', 'project_name': 'tempest-ServerShowV263Test-409649037', 'tenant_id': '9fbfb3a969804e20817d0407967e3bf8', 'tenant_name': 'tempest-ServerShowV263Test-409649037', 'user_domain_id': 'default', 'user_domain_name': 'Default', 'user_id': '7e31f6bbf498492c892a586892331aa8', 'system': None}, Network: None, Subnet: None, Router: None
2025-04-09 13:03:57.038 70589 INFO tempest.lib.common.rest_client [req-bf4cf4f9-0684-4769-95f0-be80f44bf970 req-bf4cf4f9-0684-4769-95f0-be80f44bf970 ] Request (SecurityGroupsTestJSON:test_server_security_groups): 200 POST http://10.180.1.21/compute/v2.1/os-security-groups 0.334s
2025-04-09 13:03:57.051 70643 INFO tempest.lib.common.rest_client [req-c52e5dce-9336-4497-b7c9-2052fb75ffd2 req-c52e5dce-9336-4497-b7c9-2052fb75ffd2 ] Request (ServerDiagnosticsV248Test:tearDownClass): 204 DELETE http://10.180.1.21:9696/networking/v2.0/security-groups/87d3dee0-1c2c-4c81-8aba-675453100015 0.135s
2025-04-09 13:03:57.073 70601 INFO tempest.lib.common.rest_client [req-15526f15-027d-4f24-ae01-4f2f6f355f4f req-15526f15-027d-4f24-ae01-4f2f6f355f4f ] Request (ServerActionsTestOtherA:setUpClass): 200 GET http://10.180.1.21/compute/v2.1/servers/f813423c-c58a-4f7b-86c0-4b8e44ac7a4e 0.124s
2025-04-09 13:03:57.102 70614 INFO tempest.lib.common.rest_client [req-2099b723-b579-4f37-bcf2-33a3281c5cf9 req-2099b723-b579-4f37-bcf2-33a3281c5cf9 ] Request (ServerShowV263Test:setUpClass): 201 POST http://10.180.1.21/identity/v3/auth/tokens 0.072s
2025-04-09 13:03:57.107 70637 INFO tempest.lib.common.rest_client [req-d5432955-c942-4e2f-a443-568f4ccc7cd6 req-d5432955-c942-4e2f-a443-568f4ccc7cd6 ] Request (ServerTagsTestJSON:test_delete_all_tags): 201 PUT http://10.180.1.21/compute/v2.1/servers/1b7859a9-ef7e-493b-abd5-e8a14b9fe562/tags/tempest-tag-1041376066 0.154s
2025-04-09 13:03:57.169 70643 INFO tempest.lib.common.rest_client [req-44d9619d-5a4a-400b-9b47-3050111196d7 req-44d9619d-5a4a-400b-9b47-3050111196d7 ] Request (ServerDiagnosticsV248Test:tearDownClass): 204 DELETE http://10.180.1.21/identity/v3/projects/a83dd157741f4a51af97aad969c5802b 0.117s
2025-04-09 13:03:57.169 70643 INFO tempest.lib.common.dynamic_creds [-] Deleting project and security group for project: 09f85405aa3e4d22bf0311e360cf6684
2025-04-09 13:03:57.181 70614 INFO tempest.lib.common.rest_client [req-a89b037c-daca-4976-b318-9a11909639ec req-a89b037c-daca-4976-b318-9a11909639ec ] Request (ServerShowV263Test:tearDownClass): 204 DELETE http://10.180.1.21/identity/v3/users/3e17a3b9dd364b8089c2cf87f1fbf1e6 0.076s
2025-04-09 13:03:57.203 70629 INFO tempest.lib.common.rest_client [req-780e019e-d79c-4aba-a62e-9901dd9fa619 req-780e019e-d79c-4aba-a62e-9901dd9fa619 ] Request (MigrationsAdminTest:test_list_migrations_in_flavor_resize_situation): 200 GET http://10.180.1.21/compute/v2.1/servers/1a6a76d2-0ddf-42b7-85ef-843b72b6f0df 0.214s
2025-04-09 13:03:57.275 70597 INFO tempest.lib.common.rest_client [req-5ddcb1a5-3649-4586-b80c-2719e4ef7eb1 req-5ddcb1a5-3649-4586-b80c-2719e4ef7eb1 ] Request (ServersNegativeTestMultiTenantJSON:setUpClass): 200 GET http://10.180.1.21/compute/v2.1/servers/ff431e2f-7be9-420b-9594-3a1e1742a96b 0.231s
2025-04-09 13:03:57.276 70589 INFO tempest.lib.common.rest_client [req-d4c0a8df-e7fe-4365-a97f-f2a731968d5d req-d4c0a8df-e7fe-4365-a97f-f2a731968d5d ] Request (SecurityGroupsTestJSON:test_server_security_groups): 200 POST http://10.180.1.21/compute/v2.1/os-security-groups 0.235s
2025-04-09 13:03:57.288 70643 INFO tempest.lib.common.rest_client [req-8379b513-4fef-4c04-9508-7f829de35129 req-8379b513-4fef-4c04-9508-7f829de35129 ] Request (ServerDiagnosticsV248Test:tearDownClass): 200 GET http://10.180.1.21:9696/networking/v2.0/security-groups?tenant_id=09f85405aa3e4d22bf0311e360cf6684&name=default 0.118s
2025-04-09 13:03:57.338 70637 INFO tempest.lib.common.rest_client [req-df31e51c-9a98-43ea-9dea-f1a27b270fb2 req-df31e51c-9a98-43ea-9dea-f1a27b270fb2 ] Request (ServerTagsTestJSON:test_delete_all_tags): 201 PUT http://10.180.1.21/compute/v2.1/servers/1b7859a9-ef7e-493b-abd5-e8a14b9fe562/tags/tempest-tag-1103961201 0.229s
2025-04-09 13:03:57.349 70589 INFO tempest.lib.common.rest_client [req-4af4068b-2493-4a95-bbe4-4d091eb0281a req-4af4068b-2493-4a95-bbe4-4d091eb0281a ] Request (SecurityGroupsTestJSON:test_server_security_groups): 201 POST http://10.180.1.21/identity/v3/auth/tokens 0.064s
2025-04-09 13:03:57.349 70589 INFO tempest.lib.common.fixed_network [-] (SecurityGroupsTestJSON:test_server_security_groups) Found network {'id': '5d49a07f-f229-4613-b22c-843f95dcd603', 'name': 'tempest-SecurityGroupsTestJSON-351830265-network', 'tenant_id': '01da20b0f306498ba8f656667266c4c6', 'admin_state_up': True, 'mtu': 8950, 'status': 'ACTIVE', 'subnets': [], 'shared': False, 'project_id': '01da20b0f306498ba8f656667266c4c6', 'port_security_enabled': True, 'router:external': False, 'provider:network_type': 'vlan', 'provider:physical_network': 'default', 'provider:segmentation_id': 932, 'availability_zone_hints': [], 'availability_zones': [], 'ipv4_address_scope': None, 'ipv6_address_scope': None, 'description': '', 'tags': [], 'created_at': '2025-04-09T13:03:03Z', 'updated_at': '2025-04-09T13:03:03Z', 'revision_number': 1} available for tenant
2025-04-09 13:03:57.358 70614 INFO tempest.lib.common.rest_client [req-c40f8272-3ca8-486c-8b00-3744742d5330 req-c40f8272-3ca8-486c-8b00-3744742d5330 ] Request (ServerShowV263Test:tearDownClass): 204 DELETE http://10.180.1.21/identity/v3/users/7e31f6bbf498492c892a586892331aa8 0.177s
2025-04-09 13:03:57.358 70614 INFO tempest.lib.common.dynamic_creds [-] Deleting project and security group for project: 9fbfb3a969804e20817d0407967e3bf8
2025-04-09 13:03:57.398 70643 INFO tempest.lib.common.rest_client [req-256dfede-6a56-4555-a815-9201400b160a req-256dfede-6a56-4555-a815-9201400b160a ] Request (ServerDiagnosticsV248Test:tearDownClass): 204 DELETE http://10.180.1.21:9696/networking/v2.0/security-groups/a7d3902a-3ff9-4cd3-bd7c-8277da07b3c1 0.110s
2025-04-09 13:03:57.415 70623 INFO tempest.lib.common.rest_client [req-7d113e4f-2569-4127-8bfa-c2632840a190 req-7d113e4f-2569-4127-8bfa-c2632840a190 ] Request (ServersTestBootFromVolume:setUpClass): 200 GET http://10.180.1.21/compute/v2.1/servers/40407802-706c-44b4-9c8b-6bd575d46c81 0.173s
2025-04-09 13:03:57.424 70614 INFO tempest.lib.common.rest_client [req-799498e2-3b77-496b-808a-6486529a654c req-799498e2-3b77-496b-808a-6486529a654c ] Request (ServerShowV263Test:tearDownClass): 201 POST http://10.180.1.21/identity/v3/auth/tokens 0.066s
2025-04-09 13:03:57.428 70591 INFO tempest.lib.common.rest_client [req-e155c738-0c91-43bf-b5e7-2afc31326cfa req-e155c738-0c91-43bf-b5e7-2afc31326cfa ] Request (ServersAdminNegativeTestJSON:test_migrate_server_invalid_state): 200 GET http://10.180.1.21/compute/v2.1/servers/4d5ee77c-cb2b-4b11-bca2-d7a06ad939e5 0.254s
2025-04-09 13:03:57.491 70625 INFO tempest.lib.common.rest_client [req-9f5b6ea3-4811-4428-8fa7-14b73cfaa400 req-9f5b6ea3-4811-4428-8fa7-14b73cfaa400 ] Request (AttachVolumeNegativeTest:test_attach_attached_volume_to_different_server): 200 GET http://10.180.1.21/compute/v2.1/servers/2aea86d5-8b92-416f-9abf-12c3ac0c77b0 0.178s
2025-04-09 13:03:57.505 70641 INFO tempest.lib.common.rest_client [req-0617ac54-5cdf-4490-aa84-676cffd96e0b req-0617ac54-5cdf-4490-aa84-676cffd96e0b ] Request (InstanceActionsV221TestJSON:test_get_list_deleted_instance_actions): 200 GET http://10.180.1.21/compute/v2.1/servers/184d720d-be64-4e9e-9cd5-4f277609cced 0.195s
2025-04-09 13:03:57.532 70643 INFO tempest.lib.common.rest_client [req-17b9d14f-2b3c-41ef-b818-55cbca0011c0 req-17b9d14f-2b3c-41ef-b818-55cbca0011c0 ] Request (ServerDiagnosticsV248Test:tearDownClass): 204 DELETE http://10.180.1.21/identity/v3/projects/09f85405aa3e4d22bf0311e360cf6684 0.134s
2025-04-09 13:03:57.545 70637 INFO tempest.lib.common.rest_client [req-1c0bbb42-2ad1-4338-be92-5ff9bf6b9174 req-1c0bbb42-2ad1-4338-be92-5ff9bf6b9174 ] Request (ServerTagsTestJSON:test_delete_all_tags): 204 DELETE http://10.180.1.21/compute/v2.1/servers/1b7859a9-ef7e-493b-abd5-e8a14b9fe562/tags 0.206s
2025-04-09 13:03:57.616 70643 INFO tempest.lib.common.rest_client [req-ce89a67d-0c39-4685-9050-d11dfd966a24 req-ce89a67d-0c39-4685-9050-d11dfd966a24 ] Request (SecurityGroupRulesNegativeTestJSON:setUpClass): 201 POST http://10.180.1.21/identity/v3/auth/tokens 0.082s
2025-04-09 13:03:57.635 70631 INFO tempest.lib.common.rest_client [req-0e5bf614-a683-4c48-8aae-a5b8e291c5da req-0e5bf614-a683-4c48-8aae-a5b8e291c5da ] Request (ImagesTestJSON:test_create_image_from_suspended_server): 200 GET http://10.180.1.21/compute/v2.1/servers/e842f1cc-081b-49ad-8e12-bf0f209a0028 0.263s
2025-04-09 13:03:57.653 70643 INFO tempest.lib.common.rest_client [req-3eb51476-aefd-4b06-8894-4501520095d2 req-3eb51476-aefd-4b06-8894-4501520095d2 ] Request (SecurityGroupRulesNegativeTestJSON:setUpClass): 201 POST http://10.180.1.21/identity/v3/auth/tokens 0.034s
2025-04-09 13:03:57.664 70614 INFO tempest.lib.common.rest_client [req-a2b46f4c-9b35-4aea-a59e-7ffb5258c7cb req-a2b46f4c-9b35-4aea-a59e-7ffb5258c7cb ] Request (ServerShowV263Test:tearDownClass): 200 GET http://10.180.1.21:9696/networking/v2.0/security-groups?tenant_id=9fbfb3a969804e20817d0407967e3bf8&name=default 0.239s
2025-04-09 13:03:57.676 70643 INFO tempest.lib.common.rest_client [req-402495ab-039f-4e0b-8861-58425fb7afd9 req-402495ab-039f-4e0b-8861-58425fb7afd9 ] Request (SecurityGroupRulesNegativeTestJSON:setUpClass): 200 GET http://10.180.1.21/identity/v3/domains?name=Default 0.022s
2025-04-09 13:03:57.696 70619 INFO tempest.lib.common.rest_client [req-2f18d2a5-fbb7-40de-a6ff-0a557f32551d req-2f18d2a5-fbb7-40de-a6ff-0a557f32551d ] Request (ServersV294TestFqdnHostnames:setUpClass): 200 GET http://10.180.1.21/compute/v2.1/servers/e4bfcd5c-0bb9-4f4b-8b10-f719c560734e 0.295s
2025-04-09 13:03:57.705 70643 INFO tempest.lib.common.rest_client [req-09b421e5-fabf-4ca2-86c0-ef7a342d98f4 req-09b421e5-fabf-4ca2-86c0-ef7a342d98f4 ] Request (SecurityGroupRulesNegativeTestJSON:setUpClass): 201 POST http://10.180.1.21/identity/v3/projects 0.028s
2025-04-09 13:03:57.750 70614 INFO tempest.lib.common.rest_client [req-74377051-ad0a-4b6e-9203-b46e8a6f3e44 req-74377051-ad0a-4b6e-9203-b46e8a6f3e44 ] Request (ServerShowV263Test:tearDownClass): 204 DELETE http://10.180.1.21:9696/networking/v2.0/security-groups/68323ab8-05f8-4fc6-a2ac-6ccea3b5f6b9 0.086s
2025-04-09 13:03:57.763 70593 INFO tempest.lib.common.rest_client [req-db98f1b2-7f57-4779-af1e-938c9d1f2303 req-db98f1b2-7f57-4779-af1e-938c9d1f2303 ] Request (ServersAdmin275Test:test_rebuild_update_server_275): 200 GET http://10.180.1.21/compute/v2.1/servers/f4a955fe-a19c-4377-acc5-ab30cc469bf4 0.284s
2025-04-09 13:03:57.767 70643 INFO tempest.lib.common.rest_client [req-adc9db3e-7ed2-4222-8121-4b1adcd2807d req-adc9db3e-7ed2-4222-8121-4b1adcd2807d ] Request (SecurityGroupRulesNegativeTestJSON:setUpClass): 201 POST http://10.180.1.21/identity/v3/users 0.061s
2025-04-09 13:03:57.789 70643 INFO tempest.lib.common.rest_client [req-f2760a1d-eda4-4e4a-91e3-92eb3c1e8247 req-f2760a1d-eda4-4e4a-91e3-92eb3c1e8247 ] Request (SecurityGroupRulesNegativeTestJSON:setUpClass): 200 GET http://10.180.1.21/identity/v3/roles 0.022s
2025-04-09 13:03:57.808 70614 INFO tempest.lib.common.rest_client [req-2dd19445-aaab-45d9-8160-c17c709a7691 req-2dd19445-aaab-45d9-8160-c17c709a7691 ] Request (ServerShowV263Test:tearDownClass): 204 DELETE http://10.180.1.21/identity/v3/projects/9fbfb3a969804e20817d0407967e3bf8 0.057s
2025-04-09 13:03:57.809 70614 INFO tempest.test [-] raised in ComputeNetworksTest.setUpClass. Invoking tearDownClass.
2025-04-09 13:03:57.828 70645 INFO tempest.lib.common.rest_client [req-89c6e157-cd2f-441b-9f6b-b1cf316bce9f req-89c6e157-cd2f-441b-9f6b-b1cf316bce9f ] Request (ServersTestFqdnHostnames:test_create_server_with_fqdn_name): 200 GET http://10.180.1.21/compute/v2.1/servers/c86b462d-07a5-4cf2-86b4-b15622dd6aad 0.344s
2025-04-09 13:03:57.847 70643 INFO tempest.lib.common.rest_client [req-96c3d0e9-a1d3-41e5-a2b0-ed4c09de5680 req-96c3d0e9-a1d3-41e5-a2b0-ed4c09de5680 ] Request (SecurityGroupRulesNegativeTestJSON:setUpClass): 204 PUT http://10.180.1.21/identity/v3/projects/0df2f8b1cfb649d1820f57986276f6e9/users/a94089c20e7c49a082c7779a94fdab0c/roles/a7b91e02de994f4782be3d9ba4168be6 0.057s
2025-04-09 13:03:57.847 70643 INFO tempest.lib.common.dynamic_creds [-] Dynamic test user a94089c20e7c49a082c7779a94fdab0c is created with scope project and roles: ['member']
2025-04-09 13:03:57.847 70643 INFO tempest.lib.common.dynamic_creds [-] Acquired dynamic creds: credentials: Credentials: {'domain_id': 'default', 'domain_name': 'Default', 'username': 'tempest-SecurityGroupRulesNegativeTestJSON-995606455-project-member', 'project_domain_id': 'default', 'project_domain_name': 'Default', 'project_id': '0df2f8b1cfb649d1820f57986276f6e9', 'project_name': 'tempest-SecurityGroupRulesNegativeTestJSON-995606455', 'tenant_id': '0df2f8b1cfb649d1820f57986276f6e9', 'tenant_name': 'tempest-SecurityGroupRulesNegativeTestJSON-995606455', 'user_domain_id': 'default', 'user_domain_name': 'Default', 'user_id': 'a94089c20e7c49a082c7779a94fdab0c', 'system': None}, Network: None, Subnet: None, Router: None
2025-04-09 13:03:57.886 70617 INFO tempest.lib.common.rest_client [req-415454ed-8d01-4be6-918e-664f3b20e202 req-415454ed-8d01-4be6-918e-664f3b20e202 ] Request (TenantUsagesTestJSON:setUpClass): 200 GET http://10.180.1.21/compute/v2.1/servers/54f093bb-d9a9-48ed-86bf-41bcfd96f5f1 0.356s
2025-04-09 13:03:57.900 70589 INFO tempest.lib.common.rest_client [req-54f9f785-0313-48a5-b89d-6730daa7a975 req-54f9f785-0313-48a5-b89d-6730daa7a975 ] Request (SecurityGroupsTestJSON:test_server_security_groups): 202 POST http://10.180.1.21/compute/v2.1/servers 0.550s
2025-04-09 13:03:57.902 70643 INFO tempest.lib.common.rest_client [req-5db96eeb-4123-418d-82a7-1e401e08d781 req-5db96eeb-4123-418d-82a7-1e401e08d781 ] Request (SecurityGroupRulesNegativeTestJSON:setUpClass): 201 POST http://10.180.1.21/identity/v3/auth/tokens 0.054s
2025-04-09 13:03:57.906 70637 INFO tempest.lib.common.rest_client [req-0eceeac1-ca04-4714-ba4b-b9d36b3f8373 req-0eceeac1-ca04-4714-ba4b-b9d36b3f8373 ] Request (ServerTagsTestJSON:test_delete_all_tags): 200 GET http://10.180.1.21/compute/v2.1/servers/1b7859a9-ef7e-493b-abd5-e8a14b9fe562/tags 0.360s
2025-04-09 13:03:57.964 70595 INFO tempest.lib.common.rest_client [req-0ece1909-182d-430a-8791-fa90f4eb1665 req-0ece1909-182d-430a-8791-fa90f4eb1665 ] Request (ServersListShow298Test:test_list_show_update_rebuild_server_298): 200 GET http://10.180.1.21/compute/v2.1/servers/3b0ffc54-53c5-4756-9b9f-a022e5d522be 0.399s
2025-04-09 13:03:57.967 70609 INFO tempest.lib.common.rest_client [req-0974006e-e69d-4e24-b5c4-f1100b593db1 req-0974006e-e69d-4e24-b5c4-f1100b593db1 ] Request (VolumesAdminNegativeTest:test_update_attached_volume_with_nonexistent_volume_in_body): 200 GET http://10.180.1.21/compute/v2.1/servers/ee3755cb-b274-4e7b-bcd6-193594d43662 0.359s
2025-04-09 13:03:58.022 70633 INFO tempest.lib.common.rest_client [req-ab575187-751f-4390-a61f-b67ab3c03b79 req-ab575187-751f-4390-a61f-b67ab3c03b79 ] Request (ServersAdminTestJSON:test_inject_network_info): 200 GET http://10.180.1.21/compute/v2.1/servers/69e037a3-f37a-4277-bac7-3c66589d08fe 0.296s
2025-04-09 13:03:58.026 70585 INFO tempest.lib.common.rest_client [req-e2ed9e45-6a89-4dc8-9550-6df2b65fecb8 req-e2ed9e45-6a89-4dc8-9550-6df2b65fecb8 ] Request (ImagesOneServerNegativeTestJSON:_run_cleanups): 200 GET http://10.180.1.21/compute/v2.1/servers/66a5c538-bb8e-49da-a0d8-0b3db09aa3cf 0.346s
2025-04-09 13:03:58.092 70635 INFO tempest.lib.common.rest_client [req-74491221-3940-4ff8-8abd-77b25ef0782d req-74491221-3940-4ff8-8abd-77b25ef0782d ] Request (FloatingIPsAssociationNegativeTestJSON:tearDownClass): 200 GET http://10.180.1.21/compute/v2.1/servers/a2a9eb00-f0b4-47fc-9e5e-4496c8ea89e6 0.322s
2025-04-09 13:03:58.092 70607 INFO tempest.lib.common.rest_client [req-dc4c54c6-e82d-4153-b33d-369533c06d34 req-dc4c54c6-e82d-4153-b33d-369533c06d34 ] Request (AttachInterfacesTestJSON:test_create_list_show_delete_interfaces_by_fixed_ip): 200 GET http://10.180.1.21/compute/v2.1/servers/d1d89528-1adf-4452-b25e-e45e7b104a18 0.300s
2025-04-09 13:03:58.150 70643 INFO tempest.lib.common.rest_client [req-bb868b00-fad0-4480-b84d-8d22992a92c0 req-bb868b00-fad0-4480-b84d-8d22992a92c0 ] Request (SecurityGroupRulesNegativeTestJSON:setUpClass): 201 POST http://10.180.1.21:9696/networking/v2.0/networks 0.248s
2025-04-09 13:03:58.152 70611 INFO tempest.lib.common.rest_client [req-1eafe42a-b84e-4dba-a060-49694739c96d req-1eafe42a-b84e-4dba-a060-49694739c96d ] Request (ImagesOneServerTestJSON:tearDownClass): 200 GET http://10.180.1.21/compute/v2.1/servers/ea0fac22-ed73-4785-a5eb-610e9107e14d 0.319s
2025-04-09 13:03:58.159 70621 INFO tempest.lib.common.rest_client [req-85c0ec93-75ae-441e-ae1a-8f1ac518628f req-85c0ec93-75ae-441e-ae1a-8f1ac518628f ] Request (ServerShowV257Test:tearDownClass): 200 GET http://10.180.1.21/compute/v2.1/servers/c0833a2f-bd5c-4fb9-b41b-d5145df312df 0.301s
2025-04-09 13:03:58.195 70589 INFO tempest.lib.common.rest_client [req-d662a222-7662-4bfa-9707-7c325429027c req-d662a222-7662-4bfa-9707-7c325429027c ] Request (SecurityGroupsTestJSON:test_server_security_groups): 200 GET http://10.180.1.21/compute/v2.1/servers/952b075b-a43c-424a-8f1a-b2e8bb12e6c5 0.293s
2025-04-09 13:03:58.206 70583 INFO tempest.lib.common.rest_client [req-dc136cd0-9c00-4eca-857a-8d836e0309d9 req-dc136cd0-9c00-4eca-857a-8d836e0309d9 ] Request (FloatingIPsAssociationTestJSON:test_associate_already_associated_floating_ip): 200 GET http://10.180.1.21/compute/v2.1/servers/dbf53fcc-6542-4be2-b23c-172935a5b679 0.302s
2025-04-09 13:03:58.235 70637 INFO tempest.lib.common.rest_client [req-c12054ce-b60a-4df1-8483-697b01d6012d req-c12054ce-b60a-4df1-8483-697b01d6012d ] Request (ServerTagsTestJSON:_run_cleanups): 204 DELETE http://10.180.1.21/compute/v2.1/servers/1b7859a9-ef7e-493b-abd5-e8a14b9fe562/tags 0.329s
2025-04-09 13:03:58.252 70605 INFO tempest.lib.common.rest_client [req-7916071c-70d7-42a7-bdf4-9f1dc65f15c9 req-7916071c-70d7-42a7-bdf4-9f1dc65f15c9 ] Request (ListServerFiltersTestJSON:setUpClass): 200 GET http://10.180.1.21/compute/v2.1/servers/def44f3d-a6f7-4948-b813-f6313ff00bd6 0.227s
2025-04-09 13:03:58.283 70601 INFO tempest.lib.common.rest_client [req-7abc1369-4224-445a-8c74-b4e34bedfb19 req-7abc1369-4224-445a-8c74-b4e34bedfb19 ] Request (ServerActionsTestOtherA:setUpClass): 200 GET http://10.180.1.21/compute/v2.1/servers/f813423c-c58a-4f7b-86c0-4b8e44ac7a4e 0.200s
2025-04-09 13:03:58.302 70643 INFO tempest.lib.common.rest_client [req-41375908-79af-4ee4-b93b-dc7fe53a3545 req-41375908-79af-4ee4-b93b-dc7fe53a3545 ] Request (SecurityGroupRulesNegativeTestJSON:setUpClass): 201 POST http://10.180.1.21:9696/networking/v2.0/subnets 0.152s
2025-04-09 13:03:58.338 70637 INFO tempest.lib.common.rest_client [req-8fcc1a30-ebe8-4c00-bd15-328f94b02d14 req-8fcc1a30-ebe8-4c00-bd15-328f94b02d14 ] Request (ServerTagsTestJSON:test_update_all_tags): 201 PUT http://10.180.1.21/compute/v2.1/servers/1b7859a9-ef7e-493b-abd5-e8a14b9fe562/tags/tempest-tag-1963266710 0.101s
2025-04-09 13:03:58.357 70629 INFO tempest.lib.common.rest_client [req-e67c021a-b673-419d-9ea7-938f92432a99 req-e67c021a-b673-419d-9ea7-938f92432a99 ] Request (MigrationsAdminTest:test_list_migrations_in_flavor_resize_situation): 200 GET http://10.180.1.21/compute/v2.1/servers/1a6a76d2-0ddf-42b7-85ef-843b72b6f0df 0.145s
2025-04-09 13:03:58.391 70597 INFO tempest.lib.common.rest_client [req-e743a047-796c-4853-a8f6-ee25079d3621 req-e743a047-796c-4853-a8f6-ee25079d3621 ] Request (ServersNegativeTestMultiTenantJSON:setUpClass): 200 GET http://10.180.1.21/compute/v2.1/servers/ff431e2f-7be9-420b-9594-3a1e1742a96b 0.108s
2025-04-09 13:03:58.411 70637 INFO tempest.lib.common.rest_client [req-19f9227b-c23d-493e-b902-e7aebbc9f479 req-19f9227b-c23d-493e-b902-e7aebbc9f479 ] Request (ServerTagsTestJSON:test_update_all_tags): 201 PUT http://10.180.1.21/compute/v2.1/servers/1b7859a9-ef7e-493b-abd5-e8a14b9fe562/tags/tempest-tag-66574850 0.072s
2025-04-09 13:03:58.475 70623 INFO tempest.lib.common.rest_client [req-ff3867c2-65f6-426a-9a69-44a554d6b3e3 req-ff3867c2-65f6-426a-9a69-44a554d6b3e3 ] Request (ServersTestBootFromVolume:setUpClass): 200 GET http://10.180.1.21/compute/v2.1/servers/40407802-706c-44b4-9c8b-6bd575d46c81 0.050s
2025-04-09 13:03:58.477 70637 INFO tempest.lib.common.rest_client [req-64b65db4-6da4-4b63-b128-95734ab47c36 req-64b65db4-6da4-4b63-b128-95734ab47c36 ] Request (ServerTagsTestJSON:test_update_all_tags): 200 PUT http://10.180.1.21/compute/v2.1/servers/1b7859a9-ef7e-493b-abd5-e8a14b9fe562/tags 0.065s
2025-04-09 13:03:58.495 70637 INFO tempest.lib.common.rest_client [req-08faab71-4478-432d-ad57-94b6d24fc5f6 req-08faab71-4478-432d-ad57-94b6d24fc5f6 ] Request (ServerTagsTestJSON:test_update_all_tags): 200 GET http://10.180.1.21/compute/v2.1/servers/1b7859a9-ef7e-493b-abd5-e8a14b9fe562/tags 0.017s
2025-04-09 13:03:58.542 70637 INFO tempest.lib.common.rest_client [req-eb077870-e152-4514-baad-4933bca04f54 req-eb077870-e152-4514-baad-4933bca04f54 ] Request (ServerTagsTestJSON:_run_cleanups): 204 DELETE http://10.180.1.21/compute/v2.1/servers/1b7859a9-ef7e-493b-abd5-e8a14b9fe562/tags 0.045s
2025-04-09 13:03:58.589 70625 INFO tempest.lib.common.rest_client [req-87ae4279-64e9-4526-b119-90dda86f96e1 req-87ae4279-64e9-4526-b119-90dda86f96e1 ] Request (AttachVolumeNegativeTest:test_attach_attached_volume_to_different_server): 200 GET http://10.180.1.21/compute/v2.1/servers/2aea86d5-8b92-416f-9abf-12c3ac0c77b0 0.088s
2025-04-09 13:03:58.606 70591 INFO tempest.lib.common.rest_client [req-b9ec1254-7277-4b70-a8a8-8ea70928565e req-b9ec1254-7277-4b70-a8a8-8ea70928565e ] Request (ServersAdminNegativeTestJSON:test_migrate_server_invalid_state): 200 GET http://10.180.1.21/compute/v2.1/servers/4d5ee77c-cb2b-4b11-bca2-d7a06ad939e5 0.169s
2025-04-09 13:03:58.645 70641 INFO tempest.lib.common.rest_client [req-8230a655-cad2-427a-a9ba-c221bcbed248 req-8230a655-cad2-427a-a9ba-c221bcbed248 ] Request (InstanceActionsV221TestJSON:test_get_list_deleted_instance_actions): 200 GET http://10.180.1.21/compute/v2.1/servers/184d720d-be64-4e9e-9cd5-4f277609cced 0.130s
2025-04-09 13:03:58.682 70637 INFO tempest.lib.common.rest_client [req-cd8a360c-52e4-4018-94a5-d430574e9db9 req-cd8a360c-52e4-4018-94a5-d430574e9db9 ] Request (ServerTagsTestJSON:tearDownClass): 204 DELETE http://10.180.1.21/compute/v2.1/servers/1b7859a9-ef7e-493b-abd5-e8a14b9fe562 0.139s
2025-04-09 13:03:58.699 70631 INFO tempest.lib.common.rest_client [req-9cfeb18c-f106-429a-b6f4-316cc2b9a3e7 req-9cfeb18c-f106-429a-b6f4-316cc2b9a3e7 ] Request (ImagesTestJSON:test_create_image_from_suspended_server): 200 GET http://10.180.1.21/compute/v2.1/servers/e842f1cc-081b-49ad-8e12-bf0f209a0028 0.056s
2025-04-09 13:03:58.767 70619 INFO tempest.lib.common.rest_client [req-817a6180-f5cb-42f4-aeb5-81ddd06f2511 req-817a6180-f5cb-42f4-aeb5-81ddd06f2511 ] Request (ServersV294TestFqdnHostnames:setUpClass): 200 GET http://10.180.1.21/compute/v2.1/servers/e4bfcd5c-0bb9-4f4b-8b10-f719c560734e 0.059s
2025-04-09 13:03:58.803 70637 INFO tempest.lib.common.rest_client [req-de75255d-3c4e-4841-9df8-c66e75301894 req-de75255d-3c4e-4841-9df8-c66e75301894 ] Request (ServerTagsTestJSON:tearDownClass): 200 GET http://10.180.1.21/compute/v2.1/servers/1b7859a9-ef7e-493b-abd5-e8a14b9fe562 0.120s
2025-04-09 13:03:58.841 70593 INFO tempest.lib.common.rest_client [req-757dee74-e221-4897-b931-8a344771840b req-757dee74-e221-4897-b931-8a344771840b ] Request (ServersAdmin275Test:test_rebuild_update_server_275): 200 GET http://10.180.1.21/compute/v2.1/servers/f4a955fe-a19c-4377-acc5-ab30cc469bf4 0.067s
2025-04-09 13:03:58.886 70645 INFO tempest.lib.common.rest_client [req-7624f739-8eb7-4ce8-a1d7-1f3346baf9ce req-7624f739-8eb7-4ce8-a1d7-1f3346baf9ce ] Request (ServersTestFqdnHostnames:test_create_server_with_fqdn_name): 200 GET http://10.180.1.21/compute/v2.1/servers/c86b462d-07a5-4cf2-86b4-b15622dd6aad 0.050s
2025-04-09 13:03:58.918 70643 INFO tempest.lib.common.rest_client [req-7d67bc3f-c2fd-4c9b-a64a-3e2b10c5e7fc req-7d67bc3f-c2fd-4c9b-a64a-3e2b10c5e7fc ] Request (SecurityGroupRulesNegativeTestJSON:setUpClass): 201 POST http://10.180.1.21:9696/networking/v2.0/routers 0.615s
2025-04-09 13:03:58.953 70617 INFO tempest.lib.common.rest_client [req-d76f0d04-818a-4920-9f41-557a61b72ef1 req-d76f0d04-818a-4920-9f41-557a61b72ef1 ] Request (TenantUsagesTestJSON:setUpClass): 200 GET http://10.180.1.21/compute/v2.1/servers/54f093bb-d9a9-48ed-86bf-41bcfd96f5f1 0.058s
2025-04-09 13:03:59.043 70609 INFO tempest.lib.common.rest_client [req-6ff056a6-78c2-4b9f-9786-3f468d0c4c29 req-6ff056a6-78c2-4b9f-9786-3f468d0c4c29 ] Request (VolumesAdminNegativeTest:test_update_attached_volume_with_nonexistent_volume_in_body): 200 GET http://10.180.1.21/compute/v2.1/servers/ee3755cb-b274-4e7b-bcd6-193594d43662 0.068s
2025-04-09 13:03:59.047 70595 INFO tempest.lib.common.rest_client [req-0bdee98c-1915-482d-8d71-c418c4e28708 req-0bdee98c-1915-482d-8d71-c418c4e28708 ] Request (ServersListShow298Test:test_list_show_update_rebuild_server_298): 200 GET http://10.180.1.21/compute/v2.1/servers/3b0ffc54-53c5-4756-9b9f-a022e5d522be 0.071s
2025-04-09 13:03:59.113 70585 INFO tempest.lib.common.rest_client [req-cc5c56da-7f1d-452d-b438-f9db742454e5 req-cc5c56da-7f1d-452d-b438-f9db742454e5 ] Request (ImagesOneServerNegativeTestJSON:_run_cleanups): 200 GET http://10.180.1.21/compute/v2.1/servers/66a5c538-bb8e-49da-a0d8-0b3db09aa3cf 0.080s
2025-04-09 13:03:59.124 70633 INFO tempest.lib.common.rest_client [req-66b0c6f1-788a-43c1-b41a-d7ceb256d821 req-66b0c6f1-788a-43c1-b41a-d7ceb256d821 ] Request (ServersAdminTestJSON:test_inject_network_info): 200 GET http://10.180.1.21/compute/v2.1/servers/69e037a3-f37a-4277-bac7-3c66589d08fe 0.093s
2025-04-09 13:03:59.171 70635 INFO tempest.lib.common.rest_client [req-75b315ac-4d04-45c5-bfbf-516c53c326ba req-75b315ac-4d04-45c5-bfbf-516c53c326ba ] Request (FloatingIPsAssociationNegativeTestJSON:tearDownClass): 200 GET http://10.180.1.21/compute/v2.1/servers/a2a9eb00-f0b4-47fc-9e5e-4496c8ea89e6 0.072s
2025-04-09 13:03:59.188 70607 INFO tempest.lib.common.rest_client [req-dbd8af20-775b-46fa-a23b-22fbed716d13 req-dbd8af20-775b-46fa-a23b-22fbed716d13 ] Request (AttachInterfacesTestJSON:test_create_list_show_delete_interfaces_by_fixed_ip): 200 GET http://10.180.1.21/compute/v2.1/servers/d1d89528-1adf-4452-b25e-e45e7b104a18 0.088s
2025-04-09 13:03:59.216 70621 INFO tempest.lib.common.rest_client [req-f114098b-f23d-456e-b976-98dc8888945c req-f114098b-f23d-456e-b976-98dc8888945c ] Request (ServerShowV257Test:tearDownClass): 404 GET http://10.180.1.21/compute/v2.1/servers/c0833a2f-bd5c-4fb9-b41b-d5145df312df 0.047s
2025-04-09 13:03:59.241 70611 INFO tempest.lib.common.rest_client [req-345125e2-d8d6-4dd2-b369-96a06184872f req-345125e2-d8d6-4dd2-b369-96a06184872f ] Request (ImagesOneServerTestJSON:tearDownClass): 200 GET http://10.180.1.21/compute/v2.1/servers/ea0fac22-ed73-4785-a5eb-610e9107e14d 0.081s
2025-04-09 13:03:59.291 70583 INFO tempest.lib.common.rest_client [req-c5fbdb59-78d1-4485-9b36-5d76e6074b3c req-c5fbdb59-78d1-4485-9b36-5d76e6074b3c ] Request (FloatingIPsAssociationTestJSON:test_associate_already_associated_floating_ip): 200 GET http://10.180.1.21/compute/v2.1/servers/dbf53fcc-6542-4be2-b23c-172935a5b679 0.073s
2025-04-09 13:03:59.304 70621 INFO tempest.lib.common.rest_client [req-99a10de6-89ba-44aa-841e-0af2df4b9c55 req-99a10de6-89ba-44aa-841e-0af2df4b9c55 ] Request (ServerShowV257Test:tearDownClass): 204 DELETE http://10.180.1.21/identity/v3/users/5ff6db04cd9847829dc70ed685c3ac5f 0.088s
2025-04-09 13:03:59.304 70621 INFO tempest.lib.common.dynamic_creds [-] Deleting project and security group for project: 0fb3a4aaf4574872a70c0e3bb31d6c0f
2025-04-09 13:03:59.357 70605 INFO tempest.lib.common.rest_client [req-462967b4-8fae-41b8-89ae-c9e30de040a2 req-462967b4-8fae-41b8-89ae-c9e30de040a2 ] Request (ListServerFiltersTestJSON:setUpClass): 200 GET http://10.180.1.21/compute/v2.1/servers/def44f3d-a6f7-4948-b813-f6313ff00bd6 0.095s
2025-04-09 13:03:59.368 70621 INFO tempest.lib.common.rest_client [req-d00b6145-149e-4365-8f87-6050dc6f21a3 req-d00b6145-149e-4365-8f87-6050dc6f21a3 ] Request (ServerShowV257Test:tearDownClass): 201 POST http://10.180.1.21/identity/v3/auth/tokens 0.063s
2025-04-09 13:03:59.410 70601 INFO tempest.lib.common.rest_client [req-97adbaab-fccc-4541-8e5f-6feb4e0321b2 req-97adbaab-fccc-4541-8e5f-6feb4e0321b2 ] Request (ServerActionsTestOtherA:setUpClass): 200 GET http://10.180.1.21/compute/v2.1/servers/f813423c-c58a-4f7b-86c0-4b8e44ac7a4e 0.119s
2025-04-09 13:03:59.500 70589 INFO tempest.lib.common.rest_client [req-bb7b0e5c-8341-47f5-b801-df3ce90cfa8a req-bb7b0e5c-8341-47f5-b801-df3ce90cfa8a ] Request (SecurityGroupsTestJSON:test_server_security_groups): 200 GET http://10.180.1.21/compute/v2.1/servers/952b075b-a43c-424a-8f1a-b2e8bb12e6c5 0.295s
2025-04-09 13:03:59.535 70621 INFO tempest.lib.common.rest_client [req-579aa08d-45dc-448b-a0ba-f919a40b5c71 req-579aa08d-45dc-448b-a0ba-f919a40b5c71 ] Request (ServerShowV257Test:tearDownClass): 200 GET http://10.180.1.21:9696/networking/v2.0/security-groups?tenant_id=0fb3a4aaf4574872a70c0e3bb31d6c0f&name=default 0.167s
2025-04-09 13:03:59.542 70629 INFO tempest.lib.common.rest_client [req-23ea3e4a-c5ac-4c8b-b969-b732a4e7b05b req-23ea3e4a-c5ac-4c8b-b969-b732a4e7b05b ] Request (MigrationsAdminTest:test_list_migrations_in_flavor_resize_situation): 200 GET http://10.180.1.21/compute/v2.1/servers/1a6a76d2-0ddf-42b7-85ef-843b72b6f0df 0.176s
2025-04-09 13:03:59.560 70597 INFO tempest.lib.common.rest_client [req-fad5ef0f-5984-43da-92b1-01da2e9b523e req-fad5ef0f-5984-43da-92b1-01da2e9b523e ] Request (ServersNegativeTestMultiTenantJSON:setUpClass): 200 GET http://10.180.1.21/compute/v2.1/servers/ff431e2f-7be9-420b-9594-3a1e1742a96b 0.156s
2025-04-09 13:03:59.597 70623 INFO tempest.lib.common.rest_client [req-05da31b3-1d2a-4c9f-970e-f9e8e38da36e req-05da31b3-1d2a-4c9f-970e-f9e8e38da36e ] Request (ServersTestBootFromVolume:setUpClass): 200 GET http://10.180.1.21/compute/v2.1/servers/40407802-706c-44b4-9c8b-6bd575d46c81 0.114s
2025-04-09 13:03:59.615 70621 INFO tempest.lib.common.rest_client [req-30062716-f614-4444-ad2a-570b4e53a0c9 req-30062716-f614-4444-ad2a-570b4e53a0c9 ] Request (ServerShowV257Test:tearDownClass): 204 DELETE http://10.180.1.21:9696/networking/v2.0/security-groups/1d47f495-953c-4ab8-9cf4-0240c2e79d9a 0.079s
2025-04-09 13:03:59.652 70625 INFO tempest.lib.common.rest_client [req-110dac06-a2e0-4dca-b441-87c33fcfa787 req-110dac06-a2e0-4dca-b441-87c33fcfa787 ] Request (AttachVolumeNegativeTest:test_attach_attached_volume_to_different_server): 200 GET http://10.180.1.21/compute/v2.1/servers/2aea86d5-8b92-416f-9abf-12c3ac0c77b0 0.055s
2025-04-09 13:03:59.705 70621 INFO tempest.lib.common.rest_client [req-d6e26500-aba4-4f45-88a1-e308c470b37c req-d6e26500-aba4-4f45-88a1-e308c470b37c ] Request (ServerShowV257Test:tearDownClass): 204 DELETE http://10.180.1.21/identity/v3/projects/0fb3a4aaf4574872a70c0e3bb31d6c0f 0.089s
2025-04-09 13:03:59.731 70641 INFO tempest.lib.common.rest_client [req-4a2e6570-fa22-4f01-860a-0f48d57e1e52 req-4a2e6570-fa22-4f01-860a-0f48d57e1e52 ] Request (InstanceActionsV221TestJSON:test_get_list_deleted_instance_actions): 200 GET http://10.180.1.21/compute/v2.1/servers/184d720d-be64-4e9e-9cd5-4f277609cced 0.076s
2025-04-09 13:03:59.755 70591 INFO tempest.lib.common.rest_client [req-f3766304-4dff-40ca-b70c-481dba0d35b5 req-f3766304-4dff-40ca-b70c-481dba0d35b5 ] Request (ServersAdminNegativeTestJSON:test_migrate_server_invalid_state): 200 GET http://10.180.1.21/compute/v2.1/servers/4d5ee77c-cb2b-4b11-bca2-d7a06ad939e5 0.140s
2025-04-09 13:03:59.789 70621 INFO tempest.lib.common.rest_client [req-9599723a-9409-4709-a31b-cfb66948b183 req-9599723a-9409-4709-a31b-cfb66948b183 ] Request (VolumesGetTestJSON:setUpClass): 201 POST http://10.180.1.21/identity/v3/auth/tokens 0.082s
2025-04-09 13:03:59.793 70631 INFO tempest.lib.common.rest_client [req-b9f319c0-b80e-4a2e-8284-4b2fbf6feff7 req-b9f319c0-b80e-4a2e-8284-4b2fbf6feff7 ] Request (ImagesTestJSON:test_create_image_from_suspended_server): 200 GET http://10.180.1.21/compute/v2.1/servers/e842f1cc-081b-49ad-8e12-bf0f209a0028 0.083s
2025-04-09 13:03:59.823 70621 INFO tempest.lib.common.rest_client [req-74c8eb65-fedf-45df-9810-85ec8fe3e3ee req-74c8eb65-fedf-45df-9810-85ec8fe3e3ee ] Request (VolumesGetTestJSON:setUpClass): 201 POST http://10.180.1.21/identity/v3/auth/tokens 0.032s
2025-04-09 13:03:59.846 70619 INFO tempest.lib.common.rest_client [req-4be81dbe-ff65-4fcf-a7d6-5dd984e9f63a req-4be81dbe-ff65-4fcf-a7d6-5dd984e9f63a ] Request (ServersV294TestFqdnHostnames:setUpClass): 200 GET http://10.180.1.21/compute/v2.1/servers/e4bfcd5c-0bb9-4f4b-8b10-f719c560734e 0.069s
2025-04-09 13:03:59.854 70621 INFO tempest.lib.common.rest_client [req-d097f67d-c35c-4d0a-a3c4-f8aa6068a556 req-d097f67d-c35c-4d0a-a3c4-f8aa6068a556 ] Request (VolumesGetTestJSON:setUpClass): 200 GET http://10.180.1.21/identity/v3/domains?name=Default 0.030s
2025-04-09 13:03:59.892 70621 INFO tempest.lib.common.rest_client [req-eac21477-26ea-46f2-b099-14bcf275787a req-eac21477-26ea-46f2-b099-14bcf275787a ] Request (VolumesGetTestJSON:setUpClass): 201 POST http://10.180.1.21/identity/v3/projects 0.038s
2025-04-09 13:03:59.936 70593 INFO tempest.lib.common.rest_client [req-f1616ea3-f9f5-4e63-860c-a67d5d21a2eb req-f1616ea3-f9f5-4e63-860c-a67d5d21a2eb ] Request (ServersAdmin275Test:test_rebuild_update_server_275): 200 GET http://10.180.1.21/compute/v2.1/servers/f4a955fe-a19c-4377-acc5-ab30cc469bf4 0.085s
2025-04-09 13:03:59.977 70637 INFO tempest.lib.common.rest_client [req-82c45483-73d0-4489-85d5-7d5c9919b601 req-82c45483-73d0-4489-85d5-7d5c9919b601 ] Request (ServerTagsTestJSON:tearDownClass): 200 GET http://10.180.1.21/compute/v2.1/servers/1b7859a9-ef7e-493b-abd5-e8a14b9fe562 0.163s
2025-04-09 13:03:59.977 70621 INFO tempest.lib.common.rest_client [req-4bcd001a-33ab-4cf5-9101-7f54520fa2d7 req-4bcd001a-33ab-4cf5-9101-7f54520fa2d7 ] Request (VolumesGetTestJSON:setUpClass): 201 POST http://10.180.1.21/identity/v3/users 0.085s
2025-04-09 13:04:00.006 70621 INFO tempest.lib.common.rest_client [req-7b1866ff-a7c4-44fc-9432-ce508f4bddf8 req-7b1866ff-a7c4-44fc-9432-ce508f4bddf8 ] Request (VolumesGetTestJSON:setUpClass): 200 GET http://10.180.1.21/identity/v3/roles 0.028s
2025-04-09 13:04:00.012 70645 INFO tempest.lib.common.rest_client [req-0d0f0368-f99f-4b00-8b8e-6a1f7d6feac2 req-0d0f0368-f99f-4b00-8b8e-6a1f7d6feac2 ] Request (ServersTestFqdnHostnames:test_create_server_with_fqdn_name): 200 GET http://10.180.1.21/compute/v2.1/servers/c86b462d-07a5-4cf2-86b4-b15622dd6aad 0.118s
2025-04-09 13:04:00.033 70617 INFO tempest.lib.common.rest_client [req-f88ebd87-7c9a-41d2-b65a-4519e622ec9b req-f88ebd87-7c9a-41d2-b65a-4519e622ec9b ] Request (TenantUsagesTestJSON:setUpClass): 200 GET http://10.180.1.21/compute/v2.1/servers/54f093bb-d9a9-48ed-86bf-41bcfd96f5f1 0.072s
2025-04-09 13:04:00.048 70621 INFO tempest.lib.common.rest_client [req-f6ea36dc-ffab-462f-9cfc-a97e8d24bbbe req-f6ea36dc-ffab-462f-9cfc-a97e8d24bbbe ] Request (VolumesGetTestJSON:setUpClass): 204 PUT http://10.180.1.21/identity/v3/projects/73d61d30f8b043e1b2f730f2b6efbfb6/users/43fe1090bd3443b7b4df9f30b37828c7/roles/a7b91e02de994f4782be3d9ba4168be6 0.041s
2025-04-09 13:04:00.048 70621 INFO tempest.lib.common.dynamic_creds [-] Dynamic test user 43fe1090bd3443b7b4df9f30b37828c7 is created with scope project and roles: ['member']
2025-04-09 13:04:00.048 70621 INFO tempest.lib.common.dynamic_creds [-] Acquired dynamic creds: credentials: Credentials: {'domain_id': 'default', 'domain_name': 'Default', 'username': 'tempest-VolumesGetTestJSON-984535114-project-member', 'project_domain_id': 'default', 'project_domain_name': 'Default', 'project_id': '73d61d30f8b043e1b2f730f2b6efbfb6', 'project_name': 'tempest-VolumesGetTestJSON-984535114', 'tenant_id': '73d61d30f8b043e1b2f730f2b6efbfb6', 'tenant_name': 'tempest-VolumesGetTestJSON-984535114', 'user_domain_id': 'default', 'user_domain_name': 'Default', 'user_id': '43fe1090bd3443b7b4df9f30b37828c7', 'system': None}, Network: None, Subnet: None, Router: None
2025-04-09 13:04:00.048 70621 INFO tempest.lib.common.dynamic_creds [-] Created isolated network resources for: credentials: Credentials: {'domain_id': 'default', 'domain_name': 'Default', 'username': 'tempest-VolumesGetTestJSON-984535114-project-member', 'project_domain_id': 'default', 'project_domain_name': 'Default', 'project_id': '73d61d30f8b043e1b2f730f2b6efbfb6', 'project_name': 'tempest-VolumesGetTestJSON-984535114', 'tenant_id': '73d61d30f8b043e1b2f730f2b6efbfb6', 'tenant_name': 'tempest-VolumesGetTestJSON-984535114', 'user_domain_id': 'default', 'user_domain_name': 'Default', 'user_id': '43fe1090bd3443b7b4df9f30b37828c7', 'system': None}, Network: None, Subnet: None, Router: None
2025-04-09 13:04:00.075 70643 INFO tempest.lib.common.rest_client [req-4df4e8d3-7e14-4b75-9927-6d0b6fd84c13 req-4df4e8d3-7e14-4b75-9927-6d0b6fd84c13 ] Request (SecurityGroupRulesNegativeTestJSON:setUpClass): 200 PUT http://10.180.1.21:9696/networking/v2.0/routers/aea33e53-5d14-4e5d-948b-0c2b802ee4c0/add_router_interface 1.157s
