2025-04-09 13:02:29.930 70587 INFO tempest.lib.common.rest_client [req-21791d64-d446-4cb5-a367-5c96f722370e req-21791d64-d446-4cb5-a367-5c96f722370e ] Request (ImagesMetadataNegativeTestJSON:tearDownClass): 204 DELETE http://10.180.1.21:9696/networking/v2.0/security-groups/2c8ea280-1e7e-4b8e-9ecb-d959fe0a14f6 0.294s
2025-04-09 13:02:29.942 70589 INFO tempest.lib.common.rest_client [req-11118e00-a217-4d12-a5c9-7a22f0b19098 req-11118e00-a217-4d12-a5c9-7a22f0b19098 ] Request (NetworksTest:tearDownClass): 204 DELETE http://10.180.1.21/identity/v3/users/666121705adb432a8e05109f41237b55 0.309s
2025-04-09 13:02:29.942 70589 INFO tempest.lib.common.dynamic_creds [-] Deleting project and security group for project: 8948adc05e554066b7fdbf6088ad2576
2025-04-09 13:02:29.998 70607 INFO tempest.lib.common.rest_client [req-e684304d-9342-420e-ba1f-89c2a131618c req-e684304d-9342-420e-ba1f-89c2a131618c ] Request (ServerDiagnosticsNegativeTest:setUpClass): 201 POST http://10.180.1.21/identity/v3/auth/tokens 0.208s
2025-04-09 13:02:30.005 70629 INFO tempest.lib.common.rest_client [req-540f75fe-762a-43a8-976e-aeac1535f061 req-540f75fe-762a-43a8-976e-aeac1535f061 ] Request (HypervisorAdminV228Test:tearDownClass): 204 DELETE http://10.180.1.21/identity/v3/users/855ea4aedd4e4e5182490d9ebc3f4931 0.355s
2025-04-09 13:02:30.006 70629 INFO tempest.lib.common.dynamic_creds [-] Deleting project and security group for project: 573b920b17a24ae08a99b7a4509cfdfc
2025-04-09 13:02:30.055 70633 INFO tempest.lib.common.rest_client [req-17d02793-314f-4fa5-9331-9482958b1f3b req-17d02793-314f-4fa5-9331-9482958b1f3b ] Request (ServersAdminTestJSON:setUpClass): 204 PUT http://10.180.1.21/identity/v3/projects/c3130b7bcf3347daba9681f8e95ae40c/users/f6824bbb770a44b98eb7d390d51483b6/roles/7b2a577df6a845cbb243ab3f3d06e729 0.144s
2025-04-09 13:02:30.055 70633 INFO tempest.lib.common.dynamic_creds [-] Dynamic test user f6824bbb770a44b98eb7d390d51483b6 is created with scope project and roles: ['admin']
2025-04-09 13:02:30.055 70633 INFO tempest.lib.common.dynamic_creds [-] Acquired dynamic creds: credentials: Credentials: {'domain_id': 'default', 'domain_name': 'Default', 'username': 'tempest-ServersAdminTestJSON-1504490723-project-admin', 'project_domain_id': 'default', 'project_domain_name': 'Default', 'project_id': 'c3130b7bcf3347daba9681f8e95ae40c', 'project_name': 'tempest-ServersAdminTestJSON-1504490723', 'tenant_id': 'c3130b7bcf3347daba9681f8e95ae40c', 'tenant_name': 'tempest-ServersAdminTestJSON-1504490723', 'user_domain_id': 'default', 'user_domain_name': 'Default', 'user_id': 'f6824bbb770a44b98eb7d390d51483b6', 'system': None}, Network: None, Subnet: None, Router: None
2025-04-09 13:02:30.084 70621 INFO tempest.lib.common.rest_client [req-1661dcdc-63e7-41d1-bbfb-f65b84dc183e req-1661dcdc-63e7-41d1-bbfb-f65b84dc183e ] Request (FlavorsV2NegativeTest:tearDownClass): 204 DELETE http://10.180.1.21/identity/v3/users/d138ff411f9442758b5e94f2b5ab669a 0.244s
2025-04-09 13:02:30.085 70621 INFO tempest.lib.common.dynamic_creds [-] Deleting project and security group for project: 2f0b3e87153e4f98928acd8a5ebfd5a5
2025-04-09 13:02:30.152 70589 INFO tempest.lib.common.rest_client [req-486678fb-bd3b-4f79-9044-80feb07ac85f req-486678fb-bd3b-4f79-9044-80feb07ac85f ] Request (NetworksTest:tearDownClass): 201 POST http://10.180.1.21/identity/v3/auth/tokens 0.210s
2025-04-09 13:02:30.191 70617 INFO tempest.lib.common.rest_client [req-bc0e2323-29d6-4962-9577-b1949aa6dfcb req-bc0e2323-29d6-4962-9577-b1949aa6dfcb ] Request (ServerExternalEventsTest:test_create_server_external_events): 202 POST http://10.180.1.21/compute/v2.1/servers 3.345s
2025-04-09 13:02:30.234 70587 INFO tempest.lib.common.rest_client [req-3299ef20-16a7-417e-9bb6-102989b091bf req-3299ef20-16a7-417e-9bb6-102989b091bf ] Request (ImagesMetadataNegativeTestJSON:tearDownClass): 204 DELETE http://10.180.1.21/identity/v3/projects/77525145b176415fa6ac52f814c22b14 0.304s
2025-04-09 13:02:30.301 70615 INFO tempest.lib.common.rest_client [req-f9b56c11-fa75-4373-bdda-3238b8d72cdc req-f9b56c11-fa75-4373-bdda-3238b8d72cdc ] Request (VolumesAssistedSnapshotsTest:setUpClass): 201 POST http://10.180.1.21:9696/networking/v2.0/networks 0.604s
2025-04-09 13:02:30.310 70607 INFO tempest.lib.common.rest_client [req-81611391-facb-423d-9de0-28fd110327f3 req-81611391-facb-423d-9de0-28fd110327f3 ] Request (ServerDiagnosticsNegativeTest:setUpClass): 201 POST http://10.180.1.21/identity/v3/auth/tokens 0.310s
2025-04-09 13:02:30.337 70621 INFO tempest.lib.common.rest_client [req-d964aed8-48fb-49bc-a40b-5fd57a386d20 req-d964aed8-48fb-49bc-a40b-5fd57a386d20 ] Request (FlavorsV2NegativeTest:tearDownClass): 201 POST http://10.180.1.21/identity/v3/auth/tokens 0.252s
2025-04-09 13:02:30.343 70629 INFO tempest.lib.common.rest_client [req-281c6deb-7e4e-4e17-8d20-71f908e5e382 req-281c6deb-7e4e-4e17-8d20-71f908e5e382 ] Request (HypervisorAdminV228Test:tearDownClass): 201 POST http://10.180.1.21/identity/v3/auth/tokens 0.337s
2025-04-09 13:02:30.359 70637 INFO tempest.lib.common.rest_client [req-b134d277-0544-488e-9a28-f4c1fb9becbb req-b134d277-0544-488e-9a28-f4c1fb9becbb ] Request (QuotasAdminNegativeTest:test_create_server_when_cpu_quota_is_full): 200 PUT http://10.180.1.21/compute/v2.1/os-quota-sets/47325c22742b4359a6484b7e28d0b902 3.213s
2025-04-09 13:02:30.376 70587 INFO tempest.lib.common.rest_client [req-7ffeee32-f87b-4ab7-9c81-86aa6c6817f7 req-7ffeee32-f87b-4ab7-9c81-86aa6c6817f7 ] Request (KeyPairsV2TestJSON:setUpClass): 201 POST http://10.180.1.21/identity/v3/auth/tokens 0.139s
2025-04-09 13:02:30.392 70645 INFO tempest.lib.common.rest_client [req-075c9d39-2d05-490f-8360-0a6635a7efa8 req-075c9d39-2d05-490f-8360-0a6635a7efa8 ] Request (FlavorsExtraSpecsTestJSON:test_flavor_non_admin_get_all_keys): 200 POST http://10.180.1.21/compute/v2.1/flavors/7499406/os-extra_specs 2.872s
2025-04-09 13:02:30.408 70607 INFO tempest.lib.common.rest_client [req-37f332e4-2194-40a3-90f2-423e1f13d9aa req-37f332e4-2194-40a3-90f2-423e1f13d9aa ] Request (ServerDiagnosticsNegativeTest:setUpClass): 200 GET http://10.180.1.21/identity/v3/domains?name=Default 0.097s
2025-04-09 13:02:30.434 70611 INFO tempest.lib.common.rest_client [req-f3ccbc19-318a-4139-8ac9-214a114269a8 req-f3ccbc19-318a-4139-8ac9-214a114269a8 ] Request (FloatingIPDetailsNegativeTestJSON:tearDownClass): 200 PUT http://10.180.1.21:9696/networking/v2.0/routers/12431ad0-bf48-442e-9b01-e595c4835c8c/remove_router_interface 1.450s
2025-04-09 13:02:30.504 70633 INFO tempest.lib.common.rest_client [req-6a7b0e0c-de09-4067-a7f7-8dcf30f5415e req-6a7b0e0c-de09-4067-a7f7-8dcf30f5415e ] Request (ServersAdminTestJSON:setUpClass): 201 POST http://10.180.1.21:9696/networking/v2.0/networks 0.448s
2025-04-09 13:02:30.523 70637 INFO tempest.lib.common.rest_client [req-a9a09fe3-c25b-44f4-bc65-d7302deedf75 req-a9a09fe3-c25b-44f4-bc65-d7302deedf75 ] Request (QuotasAdminNegativeTest:test_create_server_when_cpu_quota_is_full): 201 POST http://10.180.1.21/identity/v3/auth/tokens 0.156s
2025-04-09 13:02:30.523 70637 INFO tempest.lib.common.fixed_network [-] (QuotasAdminNegativeTest:test_create_server_when_cpu_quota_is_full) Found network None available for tenant
2025-04-09 13:02:30.524 70599 INFO tempest.lib.common.rest_client [req-fcb3c127-dbb6-4876-9e81-f3c10865dcab req-fcb3c127-dbb6-4876-9e81-f3c10865dcab ] Request (FlavorsAccessTestJSON:test_flavor_access_add_remove): 200 POST http://10.180.1.21/compute/v2.1/flavors/362465918/action 3.261s
2025-04-09 13:02:30.526 70587 INFO tempest.lib.common.rest_client [req-34bf9cbb-65a1-4c18-a562-a59efe52f2f0 req-34bf9cbb-65a1-4c18-a562-a59efe52f2f0 ] Request (KeyPairsV2TestJSON:setUpClass): 201 POST http://10.180.1.21/identity/v3/auth/tokens 0.147s
2025-04-09 13:02:30.553 70607 INFO tempest.lib.common.rest_client [req-47bed812-ca9c-46e0-963f-89164221907a req-47bed812-ca9c-46e0-963f-89164221907a ] Request (ServerDiagnosticsNegativeTest:setUpClass): 201 POST http://10.180.1.21/identity/v3/projects 0.144s
2025-04-09 13:02:30.583 70585 INFO tempest.lib.common.rest_client [req-3e983e81-3f50-41c5-ac0b-b1eb43f85355 req-3e983e81-3f50-41c5-ac0b-b1eb43f85355 ] Request (HypervisorAdminNegativeUnderV252Test:test_search_hypervisor_with_non_admin_user): 403 GET http://10.180.1.21/compute/v2.1/os-hypervisors/domain-c8.fc996f14-c53b-4953-92e3-bdfa48f5cc28/search 2.987s
2025-04-09 13:02:30.608 70603 INFO tempest.lib.common.rest_client [req-964700fb-61c5-4399-a2ff-ac64cc3e672e req-964700fb-61c5-4399-a2ff-ac64cc3e672e ] Request (ServersWithSpecificFlavorTestJSON:setUpClass): 200 PUT http://10.180.1.21:9696/networking/v2.0/routers/db59bf00-834a-4156-8b6c-46f317927c66/add_router_interface 1.501s
2025-04-09 13:02:30.609 70603 INFO tempest.lib.common.dynamic_creds [-] Created isolated network resources for: credentials: Credentials: {'domain_id': 'default', 'domain_name': 'Default', 'username': 'tempest-ServersWithSpecificFlavorTestJSON-1500887435-project-admin', 'project_domain_id': 'default', 'project_domain_name': 'Default', 'project_id': '5c7a210e89904f68a5433f75dc13ccc5', 'project_name': 'tempest-ServersWithSpecificFlavorTestJSON-1500887435', 'tenant_id': '5c7a210e89904f68a5433f75dc13ccc5', 'tenant_name': 'tempest-ServersWithSpecificFlavorTestJSON-1500887435', 'user_domain_id': 'default', 'user_domain_name': 'Default', 'user_id': '72b0ee30ca334559b587424e9c8de040', 'system': None}, Network: {'id': '388b020a-4a07-4e14-8d30-b106ffb45047', 'name': 'tempest-ServersWithSpecificFlavorTestJSON-647307355-network', 'tenant_id': '5c7a210e89904f68a5433f75dc13ccc5', 'admin_state_up': True, 'mtu': 8950, 'status': 'ACTIVE', 'subnets': [], 'shared': False, 'project_id': '5c7a210e89904f68a5433f75dc13ccc5', 'port_security_enabled': True, 'router:external': False, 'provider:network_type': 'vlan', 'provider:physical_network': 'default', 'provider:segmentation_id': 447, 'availability_zone_hints': [], 'availability_zones': [], 'ipv4_address_scope': None, 'ipv6_address_scope': None, 'description': '', 'tags': [], 'created_at': '2025-04-09T13:02:27Z', 'updated_at': '2025-04-09T13:02:27Z', 'revision_number': 1}, Subnet: {'id': '9b9166c0-d9b9-4b66-ad6b-a038c6f6b975', 'name': 'tempest-ServersWithSpecificFlavorTestJSON-647307355-subnet', 'tenant_id': '5c7a210e89904f68a5433f75dc13ccc5', 'network_id': '388b020a-4a07-4e14-8d30-b106ffb45047', 'ip_version': 4, 'subnetpool_id': None, 'enable_dhcp': True, 'ipv6_ra_mode': None, 'ipv6_address_mode': None, 'gateway_ip': '192.168.128.1', 'cidr': '192.168.128.0/28', 'allocation_pools': [{'start': '192.168.128.2', 'end': '192.168.128.14'}], 'host_routes': [], 'dns_nameservers': [], 'description': '', 'router:external': False, 'service_types': [], 'tags': [], 'created_at': '2025-04-09T13:02:27Z', 'updated_at': '2025-04-09T13:02:27Z', 'revision_number': 0, 'project_id': '5c7a210e89904f68a5433f75dc13ccc5'}, Router: {'id': 'db59bf00-834a-4156-8b6c-46f317927c66', 'name': 'tempest-ServersWithSpecificFlavorTestJSON-647307355-router', 'tenant_id': '5c7a210e89904f68a5433f75dc13ccc5', 'admin_state_up': True, 'status': 'ACTIVE', 'external_gateway_info': {'network_id': '8eb6f836-4015-4184-8e01-1ab83dd0c663', 'external_fixed_ips': [{'subnet_id': '33d1268f-426c-46ee-96fc-884ad70b84b7', 'ip_address': '10.180.180.210'}], 'enable_snat': True}, 'description': '', 'availability_zones': [], 'distributed': False, 'ha': False, 'availability_zone_hints': [], 'routes': [], 'flavor_id': None, 'tags': [], 'created_at': '2025-04-09T13:02:27Z', 'updated_at': '2025-04-09T13:02:28Z', 'revision_number': 2, 'project_id': '5c7a210e89904f68a5433f75dc13ccc5'}
2025-04-09 13:02:30.623 70587 INFO tempest.lib.common.rest_client [req-7c2e9304-5041-45fe-b42a-f397e81bb2cb req-7c2e9304-5041-45fe-b42a-f397e81bb2cb ] Request (KeyPairsV2TestJSON:setUpClass): 200 GET http://10.180.1.21/identity/v3/domains?name=Default 0.097s
2025-04-09 13:02:30.649 70607 INFO tempest.lib.common.rest_client [req-91b77bf3-90ee-4dbb-8fb3-a0cb4792e6c6 req-91b77bf3-90ee-4dbb-8fb3-a0cb4792e6c6 ] Request (ServerDiagnosticsNegativeTest:setUpClass): 201 POST http://10.180.1.21/identity/v3/users 0.094s
2025-04-09 13:02:30.685 70641 INFO tempest.lib.common.rest_client [req-f7fe1746-8baa-40ad-8357-2cfdf8881dc7 req-f7fe1746-8baa-40ad-8357-2cfdf8881dc7 ] Request (SecurityGroupsNegativeTestJSON:test_delete_nonexistent_security_group): 404 DELETE http://10.180.1.21/compute/v2.1/os-security-groups/e692d7a2-da0d-4b83-a3e6-8bb9efc4347a 2.947s
2025-04-09 13:02:30.708 70589 INFO tempest.lib.common.rest_client [req-bac252fc-612c-4f19-992d-653837279b5d req-bac252fc-612c-4f19-992d-653837279b5d ] Request (NetworksTest:tearDownClass): 200 GET http://10.180.1.21:9696/networking/v2.0/security-groups?tenant_id=8948adc05e554066b7fdbf6088ad2576&name=default 0.556s
2025-04-09 13:02:30.711 70587 INFO tempest.lib.common.rest_client [req-7581ce94-6dec-4e36-be94-8ffdbe031e17 req-7581ce94-6dec-4e36-be94-8ffdbe031e17 ] Request (KeyPairsV2TestJSON:setUpClass): 201 POST http://10.180.1.21/identity/v3/projects 0.087s
2025-04-09 13:02:30.728 70603 INFO tempest.lib.common.rest_client [req-0d5f6d86-ee14-4c71-80f5-51e65e197b94 req-0d5f6d86-ee14-4c71-80f5-51e65e197b94 ] Request (ServersWithSpecificFlavorTestJSON:setUpClass): 201 POST http://10.180.1.21/identity/v3/auth/tokens 0.117s
2025-04-09 13:02:30.755 70635 INFO tempest.lib.common.rest_client [req-d1b3f584-96ca-4316-8add-bb4a412b6104 req-d1b3f584-96ca-4316-8add-bb4a412b6104 ] Request (HypervisorAdminV253TestBase:test_list_show_detail_hypervisors): 200 GET http://10.180.1.21/compute/v2.1/os-hypervisors?with_servers=True 2.872s
2025-04-09 13:02:30.762 70607 INFO tempest.lib.common.rest_client [req-439bf5f3-9a56-41ec-bbb5-a7fb526b1bfc req-439bf5f3-9a56-41ec-bbb5-a7fb526b1bfc ] Request (ServerDiagnosticsNegativeTest:setUpClass): 200 GET http://10.180.1.21/identity/v3/roles 0.112s
2025-04-09 13:02:30.780 70621 INFO tempest.lib.common.rest_client [req-28a56085-369a-42f0-9b70-7f6dc757fd55 req-28a56085-369a-42f0-9b70-7f6dc757fd55 ] Request (FlavorsV2NegativeTest:tearDownClass): 200 GET http://10.180.1.21:9696/networking/v2.0/security-groups?tenant_id=2f0b3e87153e4f98928acd8a5ebfd5a5&name=default 0.442s
2025-04-09 13:02:30.785 70587 INFO tempest.lib.common.rest_client [req-2d8567d3-92b7-45a9-b341-f8d31c414b1c req-2d8567d3-92b7-45a9-b341-f8d31c414b1c ] Request (KeyPairsV2TestJSON:setUpClass): 201 POST http://10.180.1.21/identity/v3/users 0.073s
2025-04-09 13:02:30.797 70607 INFO tempest.lib.common.rest_client [req-c9a20d88-92b2-4ce4-9df2-34a284fdf6d4 req-c9a20d88-92b2-4ce4-9df2-34a284fdf6d4 ] Request (ServerDiagnosticsNegativeTest:setUpClass): 204 PUT http://10.180.1.21/identity/v3/projects/95bed1f2ecb041a79997d6b4d6717b9d/users/4d02a6fd917f4ecc8d965da52367f5de/roles/a7b91e02de994f4782be3d9ba4168be6 0.035s
2025-04-09 13:02:30.798 70607 INFO tempest.lib.common.dynamic_creds [-] Dynamic test user 4d02a6fd917f4ecc8d965da52367f5de is created with scope project and roles: ['member']
2025-04-09 13:02:30.798 70607 INFO tempest.lib.common.dynamic_creds [-] Acquired dynamic creds: credentials: Credentials: {'domain_id': 'default', 'domain_name': 'Default', 'username': 'tempest-ServerDiagnosticsNegativeTest-1949102296-project-member', 'project_domain_id': 'default', 'project_domain_name': 'Default', 'project_id': '95bed1f2ecb041a79997d6b4d6717b9d', 'project_name': 'tempest-ServerDiagnosticsNegativeTest-1949102296', 'tenant_id': '95bed1f2ecb041a79997d6b4d6717b9d', 'tenant_name': 'tempest-ServerDiagnosticsNegativeTest-1949102296', 'user_domain_id': 'default', 'user_domain_name': 'Default', 'user_id': '4d02a6fd917f4ecc8d965da52367f5de', 'system': None}, Network: None, Subnet: None, Router: None
2025-04-09 13:02:30.798 70607 INFO tempest.lib.common.dynamic_creds [-] Created isolated network resources for: credentials: Credentials: {'domain_id': 'default', 'domain_name': 'Default', 'username': 'tempest-ServerDiagnosticsNegativeTest-1949102296-project-member', 'project_domain_id': 'default', 'project_domain_name': 'Default', 'project_id': '95bed1f2ecb041a79997d6b4d6717b9d', 'project_name': 'tempest-ServerDiagnosticsNegativeTest-1949102296', 'tenant_id': '95bed1f2ecb041a79997d6b4d6717b9d', 'tenant_name': 'tempest-ServerDiagnosticsNegativeTest-1949102296', 'user_domain_id': 'default', 'user_domain_name': 'Default', 'user_id': '4d02a6fd917f4ecc8d965da52367f5de', 'system': None}, Network: None, Subnet: None, Router: None
2025-04-09 13:02:30.833 70629 INFO tempest.lib.common.rest_client [req-effa3f1e-1a08-4efe-8dfb-7f2893d198af req-effa3f1e-1a08-4efe-8dfb-7f2893d198af ] Request (HypervisorAdminV228Test:tearDownClass): 200 GET http://10.180.1.21:9696/networking/v2.0/security-groups?tenant_id=573b920b17a24ae08a99b7a4509cfdfc&name=default 0.489s
2025-04-09 13:02:30.856 70587 INFO tempest.lib.common.rest_client [req-3fdd4873-2b34-4544-b6e9-07ba1f422fcc req-3fdd4873-2b34-4544-b6e9-07ba1f422fcc ] Request (KeyPairsV2TestJSON:setUpClass): 200 GET http://10.180.1.21/identity/v3/roles 0.070s
2025-04-09 13:02:30.858 70633 INFO tempest.lib.common.rest_client [req-7efa5d30-62f6-4a7b-84cf-c36a5d5625aa req-7efa5d30-62f6-4a7b-84cf-c36a5d5625aa ] Request (ServersAdminTestJSON:setUpClass): 201 POST http://10.180.1.21:9696/networking/v2.0/subnets 0.353s
2025-04-09 13:02:30.888 70587 INFO tempest.lib.common.rest_client [req-0184bd42-4e5e-4f72-832e-46b954f02dc1 req-0184bd42-4e5e-4f72-832e-46b954f02dc1 ] Request (KeyPairsV2TestJSON:setUpClass): 204 PUT http://10.180.1.21/identity/v3/projects/9ee2c7c040c0403da7b92acc0c6d53e0/users/1f38634c3ef64e81b3e1a00434bd4b88/roles/a7b91e02de994f4782be3d9ba4168be6 0.030s
2025-04-09 13:02:30.888 70587 INFO tempest.lib.common.dynamic_creds [-] Dynamic test user 1f38634c3ef64e81b3e1a00434bd4b88 is created with scope project and roles: ['member']
2025-04-09 13:02:30.888 70587 INFO tempest.lib.common.dynamic_creds [-] Acquired dynamic creds: credentials: Credentials: {'domain_id': 'default', 'domain_name': 'Default', 'username': 'tempest-KeyPairsV2TestJSON-2068643580-project-member', 'project_domain_id': 'default', 'project_domain_name': 'Default', 'project_id': '9ee2c7c040c0403da7b92acc0c6d53e0', 'project_name': 'tempest-KeyPairsV2TestJSON-2068643580', 'tenant_id': '9ee2c7c040c0403da7b92acc0c6d53e0', 'tenant_name': 'tempest-KeyPairsV2TestJSON-2068643580', 'user_domain_id': 'default', 'user_domain_name': 'Default', 'user_id': '1f38634c3ef64e81b3e1a00434bd4b88', 'system': None}, Network: None, Subnet: None, Router: None
2025-04-09 13:02:30.888 70587 INFO tempest.lib.common.dynamic_creds [-] Created isolated network resources for: credentials: Credentials: {'domain_id': 'default', 'domain_name': 'Default', 'username': 'tempest-KeyPairsV2TestJSON-2068643580-project-member', 'project_domain_id': 'default', 'project_domain_name': 'Default', 'project_id': '9ee2c7c040c0403da7b92acc0c6d53e0', 'project_name': 'tempest-KeyPairsV2TestJSON-2068643580', 'tenant_id': '9ee2c7c040c0403da7b92acc0c6d53e0', 'tenant_name': 'tempest-KeyPairsV2TestJSON-2068643580', 'user_domain_id': 'default', 'user_domain_name': 'Default', 'user_id': '1f38634c3ef64e81b3e1a00434bd4b88', 'system': None}, Network: None, Subnet: None, Router: None
2025-04-09 13:02:30.911 70643 INFO tempest.lib.common.rest_client [req-83068927-3f04-4bde-94ee-9ce5a8653ea6 req-83068927-3f04-4bde-94ee-9ce5a8653ea6 ] Request (QuotaClassesAdmin257Test:test_update_default_quotas): 200 PUT http://10.180.1.21/compute/v2.1/os-quota-class-sets/default 2.730s
2025-04-09 13:02:30.915 70589 INFO tempest.lib.common.rest_client [req-85ff55f8-00dc-4486-9685-761203a8c843 req-85ff55f8-00dc-4486-9685-761203a8c843 ] Request (NetworksTest:tearDownClass): 204 DELETE http://10.180.1.21:9696/networking/v2.0/security-groups/6287cbef-1516-4463-8b24-b22fec61f8a7 0.205s
2025-04-09 13:02:30.920 70607 INFO tempest.lib.common.rest_client [req-fe9454b3-2ea3-489e-ae56-7b310a740fe5 req-fe9454b3-2ea3-489e-ae56-7b310a740fe5 ] Request (ServerDiagnosticsNegativeTest:setUpClass): 201 POST http://10.180.1.21/identity/v3/auth/tokens 0.115s
2025-04-09 13:02:30.936 70623 INFO tempest.lib.common.rest_client [req-660acb0c-9fef-4cf3-96d0-f0f714443bbf req-660acb0c-9fef-4cf3-96d0-f0f714443bbf ] Request (ServicesAdminNegativeV253TestJSON:test_enable_service_with_invalid_service_id): 404 PUT http://10.180.1.21/compute/v2.1/os-services/1f33134d-1163-408b-872f-0829b8750c17 2.737s
2025-04-09 13:02:30.971 70615 INFO tempest.lib.common.rest_client [req-d07eb3e5-f104-41fb-98de-17a627c8d850 req-d07eb3e5-f104-41fb-98de-17a627c8d850 ] Request (VolumesAssistedSnapshotsTest:setUpClass): 201 POST http://10.180.1.21:9696/networking/v2.0/subnets 0.670s
2025-04-09 13:02:31.000 70587 INFO tempest.lib.common.rest_client [req-b768c009-79a3-4f51-bcf9-a6349bed01ae req-b768c009-79a3-4f51-bcf9-a6349bed01ae ] Request (KeyPairsV2TestJSON:setUpClass): 201 POST http://10.180.1.21/identity/v3/auth/tokens 0.108s
2025-04-09 13:02:31.061 70621 INFO tempest.lib.common.rest_client [req-cffc6291-3d86-4ef2-a53a-6ff4b3501130 req-cffc6291-3d86-4ef2-a53a-6ff4b3501130 ] Request (FlavorsV2NegativeTest:tearDownClass): 204 DELETE http://10.180.1.21:9696/networking/v2.0/security-groups/2313429d-4e40-45c0-98ee-652192e525e1 0.280s
2025-04-09 13:02:31.064 70607 INFO tempest.lib.common.rest_client [req-a3a1d9cd-8c70-48c6-a80b-327ba6085a52 req-a3a1d9cd-8c70-48c6-a80b-327ba6085a52 ] Request (ServerDiagnosticsNegativeTest:setUpClass): 201 POST http://10.180.1.21/identity/v3/projects 0.144s
2025-04-09 13:02:31.081 70625 INFO tempest.lib.common.rest_client [req-e49d53d3-944a-4d15-b4ee-f40bd151c139 req-e49d53d3-944a-4d15-b4ee-f40bd151c139 ] Request (ServerDiagnosticsTest:test_get_server_diagnostics): 200 GET http://10.180.1.21/compute/v2.1/servers/01fa515c-886f-4513-aee2-c8d9fcd17c98 2.674s
2025-04-09 13:02:31.083 70589 INFO tempest.lib.common.rest_client [req-b4cc8f37-2f51-495d-b0fe-94828680d584 req-b4cc8f37-2f51-495d-b0fe-94828680d584 ] Request (NetworksTest:tearDownClass): 204 DELETE http://10.180.1.21/identity/v3/projects/8948adc05e554066b7fdbf6088ad2576 0.167s
2025-04-09 13:02:31.084 70589 INFO tempest.lib.common.dynamic_creds [-] Deleting project and security group for project: efbf7d6f558e4560b8fa48f1dfdacb4c
2025-04-09 13:02:31.094 70611 INFO tempest.lib.common.rest_client [req-3eeae601-54fb-4af1-9a35-a000e8d48dc6 req-3eeae601-54fb-4af1-9a35-a000e8d48dc6 ] Request (FloatingIPDetailsNegativeTestJSON:tearDownClass): 204 DELETE http://10.180.1.21:9696/networking/v2.0/routers/12431ad0-bf48-442e-9b01-e595c4835c8c 0.660s
2025-04-09 13:02:31.124 70591 INFO tempest.lib.common.rest_client [req-95d0246a-f053-4af8-a142-6a09194425f6 req-95d0246a-f053-4af8-a142-6a09194425f6 ] Request (FlavorsV261TestJSON:test_crud_flavor): 200 PUT http://10.180.1.21/compute/v2.1/flavors/547062364 2.214s
2025-04-09 13:02:31.125 70629 INFO tempest.lib.common.rest_client [req-22d3a38b-4f17-4f5a-a058-d94e26c4ff0d req-22d3a38b-4f17-4f5a-a058-d94e26c4ff0d ] Request (HypervisorAdminV228Test:tearDownClass): 204 DELETE http://10.180.1.21:9696/networking/v2.0/security-groups/6ac237b6-c6c9-49bd-8bf6-effbd8cb76c1 0.292s
2025-04-09 13:02:31.147 70583 INFO tempest.lib.common.rest_client [req-cface550-9dd0-4862-abbe-37a37518cc37 req-cface550-9dd0-4862-abbe-37a37518cc37 ] Request (HostsAdminTestJSON:test_list_hosts_with_nonexistent_zone): 200 GET http://10.180.1.21/compute/v2.1/os-hosts?zone=xxx 2.213s
2025-04-09 13:02:31.165 70607 INFO tempest.lib.common.rest_client [req-9cc1924a-eb5b-46a9-ad35-1641c24dbfd0 req-9cc1924a-eb5b-46a9-ad35-1641c24dbfd0 ] Request (ServerDiagnosticsNegativeTest:setUpClass): 201 POST http://10.180.1.21/identity/v3/users 0.099s
2025-04-09 13:02:31.186 70621 INFO tempest.lib.common.rest_client [req-89f28877-ff02-4c6d-8518-979c6b779851 req-89f28877-ff02-4c6d-8518-979c6b779851 ] Request (FlavorsV2NegativeTest:tearDownClass): 204 DELETE http://10.180.1.21/identity/v3/projects/2f0b3e87153e4f98928acd8a5ebfd5a5 0.125s
2025-04-09 13:02:31.248 70607 INFO tempest.lib.common.rest_client [req-48ba3922-6596-4ca9-b1d9-db8f1d21ab6c req-48ba3922-6596-4ca9-b1d9-db8f1d21ab6c ] Request (ServerDiagnosticsNegativeTest:setUpClass): 200 GET http://10.180.1.21/identity/v3/roles 0.083s
2025-04-09 13:02:31.264 70589 INFO tempest.lib.common.rest_client [req-a7097a9c-2453-43f5-b646-7f64b05d2c41 req-a7097a9c-2453-43f5-b646-7f64b05d2c41 ] Request (NetworksTest:tearDownClass): 200 GET http://10.180.1.21:9696/networking/v2.0/security-groups?tenant_id=efbf7d6f558e4560b8fa48f1dfdacb4c&name=default 0.180s
2025-04-09 13:02:31.285 70629 INFO tempest.lib.common.rest_client [req-7e555a93-5aaf-4113-bce0-67f23841478a req-7e555a93-5aaf-4113-bce0-67f23841478a ] Request (HypervisorAdminV228Test:tearDownClass): 204 DELETE http://10.180.1.21/identity/v3/projects/573b920b17a24ae08a99b7a4509cfdfc 0.159s
2025-04-09 13:02:31.286 70629 INFO tempest.lib.common.dynamic_creds [-] Deleting project and security group for project: 6e528a1c7b6b46a1bd765c2a27475d49
2025-04-09 13:02:31.314 70621 INFO tempest.lib.common.rest_client [req-e1ec2e7b-9ac8-4b3e-81aa-3c27d5e22b47 req-e1ec2e7b-9ac8-4b3e-81aa-3c27d5e22b47 ] Request (ListImagesTestJSON:setUpClass): 201 POST http://10.180.1.21/identity/v3/auth/tokens 0.126s
2025-04-09 13:02:31.360 70607 INFO tempest.lib.common.rest_client [req-6cabe930-61d5-4b68-9256-f96c3947b546 req-6cabe930-61d5-4b68-9256-f96c3947b546 ] Request (ServerDiagnosticsNegativeTest:setUpClass): 204 PUT http://10.180.1.21/identity/v3/projects/25c79993c42541c8bf916f7322d725d8/users/e13195777b45446089b2796e21519bc2/roles/7b2a577df6a845cbb243ab3f3d06e729 0.111s
2025-04-09 13:02:31.437 70607 INFO tempest.lib.common.rest_client [req-4d42523d-8e36-408c-b401-54840019badc req-4d42523d-8e36-408c-b401-54840019badc ] Request (ServerDiagnosticsNegativeTest:setUpClass): 200 GET http://10.180.1.21/identity/v3/roles 0.077s
2025-04-09 13:02:31.448 70621 INFO tempest.lib.common.rest_client [req-c5edeaea-c3d6-43a6-98ff-c39347ff81bc req-c5edeaea-c3d6-43a6-98ff-c39347ff81bc ] Request (ListImagesTestJSON:setUpClass): 201 POST http://10.180.1.21/identity/v3/auth/tokens 0.132s
2025-04-09 13:02:31.463 70607 INFO tempest.lib.common.rest_client [req-15b22806-29ea-4fa6-9689-2fe1e8090661 req-15b22806-29ea-4fa6-9689-2fe1e8090661 ] Request (ServerDiagnosticsNegativeTest:setUpClass): 204 PUT http://10.180.1.21/identity/v3/projects/25c79993c42541c8bf916f7322d725d8/users/e13195777b45446089b2796e21519bc2/roles/7b2a577df6a845cbb243ab3f3d06e729 0.024s
2025-04-09 13:02:31.463 70607 INFO tempest.lib.common.dynamic_creds [-] Dynamic test user e13195777b45446089b2796e21519bc2 is created with scope project and roles: ['admin']
2025-04-09 13:02:31.463 70607 INFO tempest.lib.common.dynamic_creds [-] Acquired dynamic creds: credentials: Credentials: {'domain_id': 'default', 'domain_name': 'Default', 'username': 'tempest-ServerDiagnosticsNegativeTest-1010251353-project-admin', 'project_domain_id': 'default', 'project_domain_name': 'Default', 'project_id': '25c79993c42541c8bf916f7322d725d8', 'project_name': 'tempest-ServerDiagnosticsNegativeTest-1010251353', 'tenant_id': '25c79993c42541c8bf916f7322d725d8', 'tenant_name': 'tempest-ServerDiagnosticsNegativeTest-1010251353', 'user_domain_id': 'default', 'user_domain_name': 'Default', 'user_id': 'e13195777b45446089b2796e21519bc2', 'system': None}, Network: None, Subnet: None, Router: None
2025-04-09 13:02:31.463 70607 INFO tempest.lib.common.dynamic_creds [-] Created isolated network resources for: credentials: Credentials: {'domain_id': 'default', 'domain_name': 'Default', 'username': 'tempest-ServerDiagnosticsNegativeTest-1010251353-project-admin', 'project_domain_id': 'default', 'project_domain_name': 'Default', 'project_id': '25c79993c42541c8bf916f7322d725d8', 'project_name': 'tempest-ServerDiagnosticsNegativeTest-1010251353', 'tenant_id': '25c79993c42541c8bf916f7322d725d8', 'tenant_name': 'tempest-ServerDiagnosticsNegativeTest-1010251353', 'user_domain_id': 'default', 'user_domain_name': 'Default', 'user_id': 'e13195777b45446089b2796e21519bc2', 'system': None}, Network: None, Subnet: None, Router: None
2025-04-09 13:02:31.466 70589 INFO tempest.lib.common.rest_client [req-9df1a17a-c7c1-40da-bfbb-da1eb495ac69 req-9df1a17a-c7c1-40da-bfbb-da1eb495ac69 ] Request (NetworksTest:tearDownClass): 204 DELETE http://10.180.1.21:9696/networking/v2.0/security-groups/1ee36672-4f03-4b45-878b-93bd377492ca 0.202s
2025-04-09 13:02:31.524 70629 INFO tempest.lib.common.rest_client [req-a210e3a8-8af1-4a37-b4b7-2f2943768bef req-a210e3a8-8af1-4a37-b4b7-2f2943768bef ] Request (HypervisorAdminV228Test:tearDownClass): 200 GET http://10.180.1.21:9696/networking/v2.0/security-groups?tenant_id=6e528a1c7b6b46a1bd765c2a27475d49&name=default 0.238s
2025-04-09 13:02:31.537 70621 INFO tempest.lib.common.rest_client [req-664b7770-c1cc-480a-8dd2-0207bdc1fa7e req-664b7770-c1cc-480a-8dd2-0207bdc1fa7e ] Request (ListImagesTestJSON:setUpClass): 200 GET http://10.180.1.21/identity/v3/domains?name=Default 0.088s
2025-04-09 13:02:31.567 70611 INFO tempest.lib.common.rest_client [req-b4530e86-56ba-44e2-8f3f-bae38b0ee259 req-b4530e86-56ba-44e2-8f3f-bae38b0ee259 ] Request (FloatingIPDetailsNegativeTestJSON:tearDownClass): 204 DELETE http://10.180.1.21:9696/networking/v2.0/subnets/f72d0a82-5a31-4075-a6a3-6b44a2705765 0.473s
2025-04-09 13:02:31.618 70589 INFO tempest.lib.common.rest_client [req-fd8e7e3f-379f-480c-8bea-7c4b76ccafca req-fd8e7e3f-379f-480c-8bea-7c4b76ccafca ] Request (NetworksTest:tearDownClass): 204 DELETE http://10.180.1.21/identity/v3/projects/efbf7d6f558e4560b8fa48f1dfdacb4c 0.152s
2025-04-09 13:02:31.667 70595 INFO tempest.lib.common.rest_client [req-dfe85a13-1bd7-423b-bb84-5a0d16c13702 req-dfe85a13-1bd7-423b-bb84-5a0d16c13702 ] Request (AggregatesAdminNegativeTestJSON:test_aggregate_add_existent_host): 200 POST http://10.180.1.21/compute/v2.1/os-aggregates/1/action 2.639s
2025-04-09 13:02:31.693 70607 INFO tempest.lib.common.rest_client [req-fff1d31e-46b3-4258-9cb2-ee1eb7320171 req-fff1d31e-46b3-4258-9cb2-ee1eb7320171 ] Request (ServerDiagnosticsNegativeTest:setUpClass): 201 POST http://10.180.1.21/identity/v3/auth/tokens 0.227s
2025-04-09 13:02:31.702 70629 INFO tempest.lib.common.rest_client [req-a3532c0c-9e61-443b-bd64-587f56fb4c3e req-a3532c0c-9e61-443b-bd64-587f56fb4c3e ] Request (HypervisorAdminV228Test:tearDownClass): 204 DELETE http://10.180.1.21:9696/networking/v2.0/security-groups/345b2e62-1297-4a78-ab07-0bacb04868a3 0.177s
2025-04-09 13:02:31.736 70589 INFO tempest.lib.common.rest_client [req-c38fa6c5-2c90-4ef8-a1de-011ed5dd1bf7 req-c38fa6c5-2c90-4ef8-a1de-011ed5dd1bf7 ] Request (SecurityGroupsTestAdminJSON:setUpClass): 201 POST http://10.180.1.21/identity/v3/auth/tokens 0.116s
2025-04-09 13:02:31.741 70621 INFO tempest.lib.common.rest_client [req-39286d00-4228-4cc4-9705-25a6ac4ae644 req-39286d00-4228-4cc4-9705-25a6ac4ae644 ] Request (ListImagesTestJSON:setUpClass): 201 POST http://10.180.1.21/identity/v3/projects 0.204s
2025-04-09 13:02:31.812 70607 INFO tempest.lib.common.rest_client [req-1f2086f6-21c4-4fa9-8b74-5c2a18a212f8 req-1f2086f6-21c4-4fa9-8b74-5c2a18a212f8 ] Request (ServerDiagnosticsNegativeTest:test_get_server_diagnostics_by_non_admin): 201 POST http://10.180.1.21/identity/v3/auth/tokens 0.113s
2025-04-09 13:02:31.813 70607 INFO tempest.lib.common.fixed_network [-] (ServerDiagnosticsNegativeTest:test_get_server_diagnostics_by_non_admin) Found network None available for tenant
2025-04-09 13:02:31.887 70621 INFO tempest.lib.common.rest_client [req-2456f826-0a76-4a85-9b2f-64bf81cef55e req-2456f826-0a76-4a85-9b2f-64bf81cef55e ] Request (ListImagesTestJSON:setUpClass): 201 POST http://10.180.1.21/identity/v3/users 0.145s
2025-04-09 13:02:31.897 70629 INFO tempest.lib.common.rest_client [req-339c1894-0396-48fe-937f-5d097ceb61bf req-339c1894-0396-48fe-937f-5d097ceb61bf ] Request (HypervisorAdminV228Test:tearDownClass): 204 DELETE http://10.180.1.21/identity/v3/projects/6e528a1c7b6b46a1bd765c2a27475d49 0.195s
2025-04-09 13:02:31.944 70589 INFO tempest.lib.common.rest_client [req-0e40981e-2b4e-46d6-83b1-367823ee38b0 req-0e40981e-2b4e-46d6-83b1-367823ee38b0 ] Request (SecurityGroupsTestAdminJSON:setUpClass): 201 POST http://10.180.1.21/identity/v3/auth/tokens 0.206s
2025-04-09 13:02:31.954 70621 INFO tempest.lib.common.rest_client [req-59611c92-9d39-4621-a683-68868885dbc8 req-59611c92-9d39-4621-a683-68868885dbc8 ] Request (ListImagesTestJSON:setUpClass): 200 GET http://10.180.1.21/identity/v3/roles 0.066s
2025-04-09 13:02:31.970 70629 INFO tempest.lib.common.rest_client [req-4ee0c01b-273d-4388-ae99-cf40bae8e9be req-4ee0c01b-273d-4388-ae99-cf40bae8e9be ] Request (MigrationsAdminTest:setUpClass): 201 POST http://10.180.1.21/identity/v3/auth/tokens 0.071s
2025-04-09 13:02:31.974 70633 INFO tempest.lib.common.rest_client [req-dfeb642e-719c-42ff-aeb9-ba46fbcd6365 req-dfeb642e-719c-42ff-aeb9-ba46fbcd6365 ] Request (ServersAdminTestJSON:setUpClass): 201 POST http://10.180.1.21:9696/networking/v2.0/routers 1.115s
2025-04-09 13:02:31.978 70589 INFO tempest.lib.common.rest_client [req-6b2f3b71-1fc9-4f18-a41c-005d19a06cd9 req-6b2f3b71-1fc9-4f18-a41c-005d19a06cd9 ] Request (SecurityGroupsTestAdminJSON:setUpClass): 200 GET http://10.180.1.21/identity/v3/domains?name=Default 0.032s
2025-04-09 13:02:32.000 70621 INFO tempest.lib.common.rest_client [req-48394eea-308f-4407-9c01-ec9d5b8bd04a req-48394eea-308f-4407-9c01-ec9d5b8bd04a ] Request (ListImagesTestJSON:setUpClass): 204 PUT http://10.180.1.21/identity/v3/projects/19effdf40a304b138d089b7a536a74b5/users/65a042e4a01f480a86ee087f0260ab3a/roles/a7b91e02de994f4782be3d9ba4168be6 0.044s
2025-04-09 13:02:32.000 70621 INFO tempest.lib.common.dynamic_creds [-] Dynamic test user 65a042e4a01f480a86ee087f0260ab3a is created with scope project and roles: ['member']
2025-04-09 13:02:32.000 70621 INFO tempest.lib.common.dynamic_creds [-] Acquired dynamic creds: credentials: Credentials: {'domain_id': 'default', 'domain_name': 'Default', 'username': 'tempest-ListImagesTestJSON-1383471824-project-member', 'project_domain_id': 'default', 'project_domain_name': 'Default', 'project_id': '19effdf40a304b138d089b7a536a74b5', 'project_name': 'tempest-ListImagesTestJSON-1383471824', 'tenant_id': '19effdf40a304b138d089b7a536a74b5', 'tenant_name': 'tempest-ListImagesTestJSON-1383471824', 'user_domain_id': 'default', 'user_domain_name': 'Default', 'user_id': '65a042e4a01f480a86ee087f0260ab3a', 'system': None}, Network: None, Subnet: None, Router: None
2025-04-09 13:02:32.000 70621 INFO tempest.lib.common.dynamic_creds [-] Created isolated network resources for: credentials: Credentials: {'domain_id': 'default', 'domain_name': 'Default', 'username': 'tempest-ListImagesTestJSON-1383471824-project-member', 'project_domain_id': 'default', 'project_domain_name': 'Default', 'project_id': '19effdf40a304b138d089b7a536a74b5', 'project_name': 'tempest-ListImagesTestJSON-1383471824', 'tenant_id': '19effdf40a304b138d089b7a536a74b5', 'tenant_name': 'tempest-ListImagesTestJSON-1383471824', 'user_domain_id': 'default', 'user_domain_name': 'Default', 'user_id': '65a042e4a01f480a86ee087f0260ab3a', 'system': None}, Network: None, Subnet: None, Router: None
2025-04-09 13:02:32.029 70629 INFO tempest.lib.common.rest_client [req-4e23869a-c763-42c1-af09-81703248047b req-4e23869a-c763-42c1-af09-81703248047b ] Request (MigrationsAdminTest:setUpClass): 201 POST http://10.180.1.21/identity/v3/auth/tokens 0.057s
2025-04-09 13:02:32.057 70589 INFO tempest.lib.common.rest_client [req-7512662a-7c80-4690-861d-a4993dc369ce req-7512662a-7c80-4690-861d-a4993dc369ce ] Request (SecurityGroupsTestAdminJSON:setUpClass): 201 POST http://10.180.1.21/identity/v3/projects 0.079s
2025-04-09 13:02:32.090 70621 INFO tempest.lib.common.rest_client [req-a2197121-eed2-4f77-b26f-5ed5922e0908 req-a2197121-eed2-4f77-b26f-5ed5922e0908 ] Request (ListImagesTestJSON:setUpClass): 201 POST http://10.180.1.21/identity/v3/auth/tokens 0.085s
2025-04-09 13:02:32.111 70629 INFO tempest.lib.common.rest_client [req-e196c995-897d-479a-81be-676d7831055a req-e196c995-897d-479a-81be-676d7831055a ] Request (MigrationsAdminTest:setUpClass): 200 GET http://10.180.1.21/identity/v3/domains?name=Default 0.082s
2025-04-09 13:02:32.114 70589 INFO tempest.lib.common.rest_client [req-4d2297e2-adb3-4b92-aaf2-082f27207644 req-4d2297e2-adb3-4b92-aaf2-082f27207644 ] Request (SecurityGroupsTestAdminJSON:setUpClass): 201 POST http://10.180.1.21/identity/v3/users 0.057s
2025-04-09 13:02:32.135 70589 INFO tempest.lib.common.rest_client [req-7b6ca536-4d71-4b15-b9f6-9c07455bc01e req-7b6ca536-4d71-4b15-b9f6-9c07455bc01e ] Request (SecurityGroupsTestAdminJSON:setUpClass): 200 GET http://10.180.1.21/identity/v3/roles 0.020s
2025-04-09 13:02:32.141 70629 INFO tempest.lib.common.rest_client [req-a875c70c-b134-4a30-8918-25cb3aabc6ad req-a875c70c-b134-4a30-8918-25cb3aabc6ad ] Request (MigrationsAdminTest:setUpClass): 201 POST http://10.180.1.21/identity/v3/projects 0.030s
2025-04-09 13:02:32.194 70589 INFO tempest.lib.common.rest_client [req-ef617c0d-cba4-4d43-abf4-36778a48f562 req-ef617c0d-cba4-4d43-abf4-36778a48f562 ] Request (SecurityGroupsTestAdminJSON:setUpClass): 204 PUT http://10.180.1.21/identity/v3/projects/520def947ae74acf833b3536ec6efc23/users/db5dafdcbc9446eaa59681c0cee498f5/roles/a7b91e02de994f4782be3d9ba4168be6 0.058s
2025-04-09 13:02:32.194 70589 INFO tempest.lib.common.dynamic_creds [-] Dynamic test user db5dafdcbc9446eaa59681c0cee498f5 is created with scope project and roles: ['member']
2025-04-09 13:02:32.194 70589 INFO tempest.lib.common.dynamic_creds [-] Acquired dynamic creds: credentials: Credentials: {'domain_id': 'default', 'domain_name': 'Default', 'username': 'tempest-SecurityGroupsTestAdminJSON-962996146-project-member', 'project_domain_id': 'default', 'project_domain_name': 'Default', 'project_id': '520def947ae74acf833b3536ec6efc23', 'project_name': 'tempest-SecurityGroupsTestAdminJSON-962996146', 'tenant_id': '520def947ae74acf833b3536ec6efc23', 'tenant_name': 'tempest-SecurityGroupsTestAdminJSON-962996146', 'user_domain_id': 'default', 'user_domain_name': 'Default', 'user_id': 'db5dafdcbc9446eaa59681c0cee498f5', 'system': None}, Network: None, Subnet: None, Router: None
2025-04-09 13:02:32.194 70589 INFO tempest.lib.common.dynamic_creds [-] Created isolated network resources for: credentials: Credentials: {'domain_id': 'default', 'domain_name': 'Default', 'username': 'tempest-SecurityGroupsTestAdminJSON-962996146-project-member', 'project_domain_id': 'default', 'project_domain_name': 'Default', 'project_id': '520def947ae74acf833b3536ec6efc23', 'project_name': 'tempest-SecurityGroupsTestAdminJSON-962996146', 'tenant_id': '520def947ae74acf833b3536ec6efc23', 'tenant_name': 'tempest-SecurityGroupsTestAdminJSON-962996146', 'user_domain_id': 'default', 'user_domain_name': 'Default', 'user_id': 'db5dafdcbc9446eaa59681c0cee498f5', 'system': None}, Network: None, Subnet: None, Router: None
2025-04-09 13:02:32.195 70629 INFO tempest.lib.common.rest_client [req-0c70b7a0-326e-4284-b7d4-7dc340069bb1 req-0c70b7a0-326e-4284-b7d4-7dc340069bb1 ] Request (MigrationsAdminTest:setUpClass): 201 POST http://10.180.1.21/identity/v3/users 0.054s
2025-04-09 13:02:32.247 70629 INFO tempest.lib.common.rest_client [req-79cc1ad2-2ce3-47a0-a63c-155b118e8d8b req-79cc1ad2-2ce3-47a0-a63c-155b118e8d8b ] Request (MigrationsAdminTest:setUpClass): 200 GET http://10.180.1.21/identity/v3/roles 0.051s
2025-04-09 13:02:32.267 70589 INFO tempest.lib.common.rest_client [req-4dc2be84-0bd7-40e0-abea-39526a535c5d req-4dc2be84-0bd7-40e0-abea-39526a535c5d ] Request (SecurityGroupsTestAdminJSON:setUpClass): 201 POST http://10.180.1.21/identity/v3/auth/tokens 0.068s
2025-04-09 13:02:32.274 70629 INFO tempest.lib.common.rest_client [req-607c251d-fecc-4cff-8959-7649e074407c req-607c251d-fecc-4cff-8959-7649e074407c ] Request (MigrationsAdminTest:setUpClass): 204 PUT http://10.180.1.21/identity/v3/projects/af06f08ff7b442878066424254d6118d/users/aa3681abbbc54afea3a222356792b996/roles/a7b91e02de994f4782be3d9ba4168be6 0.026s
2025-04-09 13:02:32.275 70629 INFO tempest.lib.common.dynamic_creds [-] Dynamic test user aa3681abbbc54afea3a222356792b996 is created with scope project and roles: ['member']
2025-04-09 13:02:32.275 70629 INFO tempest.lib.common.dynamic_creds [-] Acquired dynamic creds: credentials: Credentials: {'domain_id': 'default', 'domain_name': 'Default', 'username': 'tempest-MigrationsAdminTest-1538116619-project-member', 'project_domain_id': 'default', 'project_domain_name': 'Default', 'project_id': 'af06f08ff7b442878066424254d6118d', 'project_name': 'tempest-MigrationsAdminTest-1538116619', 'tenant_id': 'af06f08ff7b442878066424254d6118d', 'tenant_name': 'tempest-MigrationsAdminTest-1538116619', 'user_domain_id': 'default', 'user_domain_name': 'Default', 'user_id': 'aa3681abbbc54afea3a222356792b996', 'system': None}, Network: None, Subnet: None, Router: None
2025-04-09 13:02:32.275 70629 INFO tempest.lib.common.dynamic_creds [-] Created isolated network resources for: credentials: Credentials: {'domain_id': 'default', 'domain_name': 'Default', 'username': 'tempest-MigrationsAdminTest-1538116619-project-member', 'project_domain_id': 'default', 'project_domain_name': 'Default', 'project_id': 'af06f08ff7b442878066424254d6118d', 'project_name': 'tempest-MigrationsAdminTest-1538116619', 'tenant_id': 'af06f08ff7b442878066424254d6118d', 'tenant_name': 'tempest-MigrationsAdminTest-1538116619', 'user_domain_id': 'default', 'user_domain_name': 'Default', 'user_id': 'aa3681abbbc54afea3a222356792b996', 'system': None}, Network: None, Subnet: None, Router: None
2025-04-09 13:02:32.337 70589 INFO tempest.lib.common.rest_client [req-baa0ba2e-e725-4f9d-9870-db9b3d2d794f req-baa0ba2e-e725-4f9d-9870-db9b3d2d794f ] Request (SecurityGroupsTestAdminJSON:setUpClass): 201 POST http://10.180.1.21/identity/v3/projects 0.070s
2025-04-09 13:02:32.353 70629 INFO tempest.lib.common.rest_client [req-19de9962-c001-46a7-837b-65c8bda70326 req-19de9962-c001-46a7-837b-65c8bda70326 ] Request (MigrationsAdminTest:setUpClass): 201 POST http://10.180.1.21/identity/v3/auth/tokens 0.071s
2025-04-09 13:02:32.394 70589 INFO tempest.lib.common.rest_client [req-80c79410-2be8-49fe-b444-2808b922fec2 req-80c79410-2be8-49fe-b444-2808b922fec2 ] Request (SecurityGroupsTestAdminJSON:setUpClass): 201 POST http://10.180.1.21/identity/v3/users 0.056s
2025-04-09 13:02:32.406 70629 INFO tempest.lib.common.rest_client [req-9882dba7-5fda-4589-ad3c-bf685fbab333 req-9882dba7-5fda-4589-ad3c-bf685fbab333 ] Request (MigrationsAdminTest:setUpClass): 201 POST http://10.180.1.21/identity/v3/projects 0.052s
2025-04-09 13:02:32.414 70589 INFO tempest.lib.common.rest_client [req-d666a39b-3937-40d0-81c7-947fd78015ad req-d666a39b-3937-40d0-81c7-947fd78015ad ] Request (SecurityGroupsTestAdminJSON:setUpClass): 200 GET http://10.180.1.21/identity/v3/roles 0.020s
2025-04-09 13:02:32.459 70629 INFO tempest.lib.common.rest_client [req-aa6e3f12-84c8-4a19-a89d-a190b22a924a req-aa6e3f12-84c8-4a19-a89d-a190b22a924a ] Request (MigrationsAdminTest:setUpClass): 201 POST http://10.180.1.21/identity/v3/users 0.053s
2025-04-09 13:02:32.470 70589 INFO tempest.lib.common.rest_client [req-2533a1ac-aeb1-4591-b757-22ae272315dc req-2533a1ac-aeb1-4591-b757-22ae272315dc ] Request (SecurityGroupsTestAdminJSON:setUpClass): 204 PUT http://10.180.1.21/identity/v3/projects/43965c60a2d3469a8983784949865384/users/2ca987988e9e4680aa2d9935d1814d50/roles/7b2a577df6a845cbb243ab3f3d06e729 0.055s
2025-04-09 13:02:32.519 70629 INFO tempest.lib.common.rest_client [req-5498a512-ba4a-4401-a5d7-ea1540c97abe req-5498a512-ba4a-4401-a5d7-ea1540c97abe ] Request (MigrationsAdminTest:setUpClass): 200 GET http://10.180.1.21/identity/v3/roles 0.057s
2025-04-09 13:02:32.519 70589 INFO tempest.lib.common.rest_client [req-8f35769d-c23b-42f5-aa9a-e7ba7147efd9 req-8f35769d-c23b-42f5-aa9a-e7ba7147efd9 ] Request (SecurityGroupsTestAdminJSON:setUpClass): 200 GET http://10.180.1.21/identity/v3/roles 0.049s
2025-04-09 13:02:32.540 70589 INFO tempest.lib.common.rest_client [req-c5409f97-eecd-49b5-83fd-c9f4cf57d6e9 req-c5409f97-eecd-49b5-83fd-c9f4cf57d6e9 ] Request (SecurityGroupsTestAdminJSON:setUpClass): 204 PUT http://10.180.1.21/identity/v3/projects/43965c60a2d3469a8983784949865384/users/2ca987988e9e4680aa2d9935d1814d50/roles/7b2a577df6a845cbb243ab3f3d06e729 0.021s
2025-04-09 13:02:32.541 70589 INFO tempest.lib.common.dynamic_creds [-] Dynamic test user 2ca987988e9e4680aa2d9935d1814d50 is created with scope project and roles: ['admin']
2025-04-09 13:02:32.541 70589 INFO tempest.lib.common.dynamic_creds [-] Acquired dynamic creds: credentials: Credentials: {'domain_id': 'default', 'domain_name': 'Default', 'username': 'tempest-SecurityGroupsTestAdminJSON-989747475-project-admin', 'project_domain_id': 'default', 'project_domain_name': 'Default', 'project_id': '43965c60a2d3469a8983784949865384', 'project_name': 'tempest-SecurityGroupsTestAdminJSON-989747475', 'tenant_id': '43965c60a2d3469a8983784949865384', 'tenant_name': 'tempest-SecurityGroupsTestAdminJSON-989747475', 'user_domain_id': 'default', 'user_domain_name': 'Default', 'user_id': '2ca987988e9e4680aa2d9935d1814d50', 'system': None}, Network: None, Subnet: None, Router: None
2025-04-09 13:02:32.541 70589 INFO tempest.lib.common.dynamic_creds [-] Created isolated network resources for: credentials: Credentials: {'domain_id': 'default', 'domain_name': 'Default', 'username': 'tempest-SecurityGroupsTestAdminJSON-989747475-project-admin', 'project_domain_id': 'default', 'project_domain_name': 'Default', 'project_id': '43965c60a2d3469a8983784949865384', 'project_name': 'tempest-SecurityGroupsTestAdminJSON-989747475', 'tenant_id': '43965c60a2d3469a8983784949865384', 'tenant_name': 'tempest-SecurityGroupsTestAdminJSON-989747475', 'user_domain_id': 'default', 'user_domain_name': 'Default', 'user_id': '2ca987988e9e4680aa2d9935d1814d50', 'system': None}, Network: None, Subnet: None, Router: None
2025-04-09 13:02:32.599 70629 INFO tempest.lib.common.rest_client [req-15e724a2-140d-4799-b72e-e6f645167c3d req-15e724a2-140d-4799-b72e-e6f645167c3d ] Request (MigrationsAdminTest:setUpClass): 204 PUT http://10.180.1.21/identity/v3/projects/a04bd738dd5b46ac8654e335c8ec55d9/users/412af569efe64b708158c25b57e4fa0b/roles/7b2a577df6a845cbb243ab3f3d06e729 0.079s
2025-04-09 13:02:32.639 70589 INFO tempest.lib.common.rest_client [req-d5b9d6fe-aeaa-459b-9042-1517912ed965 req-d5b9d6fe-aeaa-459b-9042-1517912ed965 ] Request (SecurityGroupsTestAdminJSON:setUpClass): 201 POST http://10.180.1.21/identity/v3/auth/tokens 0.093s
2025-04-09 13:02:32.684 70629 INFO tempest.lib.common.rest_client [req-b15c55c1-507b-4ccc-bccc-9be34ca5b604 req-b15c55c1-507b-4ccc-bccc-9be34ca5b604 ] Request (MigrationsAdminTest:setUpClass): 200 GET http://10.180.1.21/identity/v3/roles 0.085s
2025-04-09 13:02:32.703 70629 INFO tempest.lib.common.rest_client [req-b20ba38b-cce1-485e-b181-2927591eddea req-b20ba38b-cce1-485e-b181-2927591eddea ] Request (MigrationsAdminTest:setUpClass): 204 PUT http://10.180.1.21/identity/v3/projects/a04bd738dd5b46ac8654e335c8ec55d9/users/412af569efe64b708158c25b57e4fa0b/roles/7b2a577df6a845cbb243ab3f3d06e729 0.018s
2025-04-09 13:02:32.703 70629 INFO tempest.lib.common.dynamic_creds [-] Dynamic test user 412af569efe64b708158c25b57e4fa0b is created with scope project and roles: ['admin']
2025-04-09 13:02:32.703 70629 INFO tempest.lib.common.dynamic_creds [-] Acquired dynamic creds: credentials: Credentials: {'domain_id': 'default', 'domain_name': 'Default', 'username': 'tempest-MigrationsAdminTest-1153078485-project-admin', 'project_domain_id': 'default', 'project_domain_name': 'Default', 'project_id': 'a04bd738dd5b46ac8654e335c8ec55d9', 'project_name': 'tempest-MigrationsAdminTest-1153078485', 'tenant_id': 'a04bd738dd5b46ac8654e335c8ec55d9', 'tenant_name': 'tempest-MigrationsAdminTest-1153078485', 'user_domain_id': 'default', 'user_domain_name': 'Default', 'user_id': '412af569efe64b708158c25b57e4fa0b', 'system': None}, Network: None, Subnet: None, Router: None
2025-04-09 13:02:32.703 70629 INFO tempest.lib.common.dynamic_creds [-] Created isolated network resources for: credentials: Credentials: {'domain_id': 'default', 'domain_name': 'Default', 'username': 'tempest-MigrationsAdminTest-1153078485-project-admin', 'project_domain_id': 'default', 'project_domain_name': 'Default', 'project_id': 'a04bd738dd5b46ac8654e335c8ec55d9', 'project_name': 'tempest-MigrationsAdminTest-1153078485', 'tenant_id': 'a04bd738dd5b46ac8654e335c8ec55d9', 'tenant_name': 'tempest-MigrationsAdminTest-1153078485', 'user_domain_id': 'default', 'user_domain_name': 'Default', 'user_id': '412af569efe64b708158c25b57e4fa0b', 'system': None}, Network: None, Subnet: None, Router: None
2025-04-09 13:02:32.766 70629 INFO tempest.lib.common.rest_client [req-e3711910-495b-4f40-b115-e98724be7c75 req-e3711910-495b-4f40-b115-e98724be7c75 ] Request (MigrationsAdminTest:setUpClass): 201 POST http://10.180.1.21/identity/v3/auth/tokens 0.060s
2025-04-09 13:02:32.779 70619 INFO tempest.lib.common.rest_client [req-6d175dfc-dca5-4841-ba24-2f21e622610c req-6d175dfc-dca5-4841-ba24-2f21e622610c ] Request (FloatingIPDetailsTestJSON:setUpClass): 200 POST http://10.180.1.21/compute/v2.1/os-floating-ips 4.917s
2025-04-09 13:02:32.837 70633 INFO tempest.lib.common.rest_client [req-63f1de33-bfdc-4e33-a673-27c791d529b8 req-63f1de33-bfdc-4e33-a673-27c791d529b8 ] Request (ServersAdminTestJSON:setUpClass): 200 PUT http://10.180.1.21:9696/networking/v2.0/routers/e247077f-1bec-476e-9a95-3b5a51d57f18/add_router_interface 0.862s
