2025-04-09 13:04:16.364 70641 INFO tempest.lib.common.rest_client [req-eca70697-b933-4e98-af22-8100e6d8432d req-eca70697-b933-4e98-af22-8100e6d8432d ] Request (ServerAddressesTestJSON:setUpClass): 200 GET http://10.180.1.21/compute/v2.1/servers/ac80e607-2f1f-4b2b-b16d-77c6db98893d 0.055s
2025-04-09 13:04:16.544 70593 INFO tempest.lib.common.rest_client [req-f73a51be-d778-4157-9309-2b420c2c9bfb req-f73a51be-d778-4157-9309-2b420c2c9bfb ] Request (ServersAdmin275Test:test_rebuild_update_server_275): 200 GET http://10.180.1.21/compute/v2.1/servers/f4a955fe-a19c-4377-acc5-ab30cc469bf4 0.062s
2025-04-09 13:04:16.558 70619 INFO tempest.lib.common.rest_client [req-29ab5464-1883-42bd-ab7f-f6167ff1b4e4 req-29ab5464-1883-42bd-ab7f-f6167ff1b4e4 ] Request (ServersV294TestFqdnHostnames:setUpClass): 200 GET http://10.180.1.21/compute/v2.1/servers/e4bfcd5c-0bb9-4f4b-8b10-f719c560734e 0.132s
2025-04-09 13:04:16.592 70645 INFO tempest.lib.common.rest_client [req-6eb6457b-8019-42c7-9c96-3c3b5c6af5d4 req-6eb6457b-8019-42c7-9c96-3c3b5c6af5d4 ] Request (ServersTestFqdnHostnames:test_create_server_with_fqdn_name): 200 GET http://10.180.1.21/compute/v2.1/servers/c86b462d-07a5-4cf2-86b4-b15622dd6aad 0.104s
2025-04-09 13:04:16.673 70637 INFO tempest.lib.common.rest_client [req-951c5350-8415-45bb-b8e8-fa6161efd7b0 req-951c5350-8415-45bb-b8e8-fa6161efd7b0 ] Request (ServerTagsTestJSON:tearDownClass): 200 GET http://10.180.1.21/compute/v2.1/servers/1b7859a9-ef7e-493b-abd5-e8a14b9fe562 0.066s
2025-04-09 13:04:16.688 70605 INFO tempest.lib.common.rest_client [req-1212aa9e-e347-4618-b705-90b0985dc307 req-1212aa9e-e347-4618-b705-90b0985dc307 ] Request (ListServerFiltersTestJSON:test_list_servers_filter_by_shutoff_status): 200 GET http://10.180.1.21/compute/v2.1/servers/a7557684-a5b5-47a3-8e12-fa3a09367226 0.101s
2025-04-09 13:04:16.720 70609 INFO tempest.lib.common.rest_client [req-49b1f881-b333-4d05-a324-db4925c2357a req-49b1f881-b333-4d05-a324-db4925c2357a ] Request (VolumesAdminNegativeTest:test_update_attached_volume_with_nonexistent_volume_in_body): 200 GET http://10.180.1.21/compute/v2.1/servers/ee3755cb-b274-4e7b-bcd6-193594d43662 0.072s
2025-04-09 13:04:16.863 70629 INFO tempest.lib.common.rest_client [req-ba3ba7b4-d3a6-42af-bbf7-24f035fc2c22 req-ba3ba7b4-d3a6-42af-bbf7-24f035fc2c22 ] Request (MigrationsAdminTest:test_list_migrations_in_flavor_resize_situation): 200 GET http://10.180.1.21/compute/v2.1/servers/1a6a76d2-0ddf-42b7-85ef-843b72b6f0df 0.134s
2025-04-09 13:04:16.871 70617 INFO tempest.lib.common.rest_client [req-ea68c861-92bc-40c1-9820-6065efc512e2 req-ea68c861-92bc-40c1-9820-6065efc512e2 ] Request (TenantUsagesTestJSON:setUpClass): 200 GET http://10.180.1.21/compute/v2.1/servers/54f093bb-d9a9-48ed-86bf-41bcfd96f5f1 0.128s
2025-04-09 13:04:16.919 70595 INFO tempest.lib.common.rest_client [req-467d4226-d439-4a32-854a-698231923e0a req-467d4226-d439-4a32-854a-698231923e0a ] Request (ServersListShow298Test:test_list_show_update_rebuild_server_298): 200 GET http://10.180.1.21/compute/v2.1/servers/3b0ffc54-53c5-4756-9b9f-a022e5d522be 0.122s
2025-04-09 13:04:16.930 70633 INFO tempest.lib.common.rest_client [req-f6cc666d-0a88-48ef-9b4a-b8cd3efb6fdc req-f6cc666d-0a88-48ef-9b4a-b8cd3efb6fdc ] Request (ServersAdminTestJSON:test_inject_network_info): 200 GET http://10.180.1.21/compute/v2.1/servers/69e037a3-f37a-4277-bac7-3c66589d08fe 0.124s
2025-04-09 13:04:16.967 70607 INFO tempest.lib.common.rest_client [req-6e1f0548-d5ec-4558-b464-e7375e46dfaf req-6e1f0548-d5ec-4558-b464-e7375e46dfaf ] Request (AttachInterfacesTestJSON:test_create_list_show_delete_interfaces_by_fixed_ip): 200 GET http://10.180.1.21/compute/v2.1/servers/d1d89528-1adf-4452-b25e-e45e7b104a18 0.114s
2025-04-09 13:04:16.989 70585 INFO tempest.lib.common.rest_client [req-9e5ed2ae-1414-4a08-a963-3bc63c10baaf req-9e5ed2ae-1414-4a08-a963-3bc63c10baaf ] Request (ImagesOneServerNegativeTestJSON:_run_cleanups): 200 GET http://10.180.1.21/compute/v2.1/servers/66a5c538-bb8e-49da-a0d8-0b3db09aa3cf 0.128s
2025-04-09 13:04:17.016 70583 INFO tempest.lib.common.rest_client [req-4bee72a5-28d7-43ad-bad5-14020182f15d req-4bee72a5-28d7-43ad-bad5-14020182f15d ] Request (FloatingIPsAssociationTestJSON:test_associate_already_associated_floating_ip): 200 GET http://10.180.1.21/compute/v2.1/servers/dbf53fcc-6542-4be2-b23c-172935a5b679 0.116s
2025-04-09 13:04:17.045 70635 INFO tempest.lib.common.rest_client [req-13eead93-974b-4a2d-85b2-bc195b67e2ba req-13eead93-974b-4a2d-85b2-bc195b67e2ba ] Request (FloatingIPsAssociationNegativeTestJSON:tearDownClass): 200 GET http://10.180.1.21/compute/v2.1/servers/a2a9eb00-f0b4-47fc-9e5e-4496c8ea89e6 0.133s
2025-04-09 13:04:17.062 70589 INFO tempest.lib.common.rest_client [req-1c839098-af72-4aae-9428-a387e6e848c6 req-1c839098-af72-4aae-9428-a387e6e848c6 ] Request (SecurityGroupsTestJSON:test_server_security_groups): 200 GET http://10.180.1.21/compute/v2.1/servers/952b075b-a43c-424a-8f1a-b2e8bb12e6c5 0.118s
2025-04-09 13:04:17.096 70611 INFO tempest.lib.common.rest_client [req-99c75183-8441-434d-802c-8539a5fd1a4d req-99c75183-8441-434d-802c-8539a5fd1a4d ] Request (ImagesOneServerTestJSON:tearDownClass): 200 GET http://10.180.1.21/compute/v2.1/servers/ea0fac22-ed73-4785-a5eb-610e9107e14d 0.130s
2025-04-09 13:04:17.113 70643 INFO tempest.lib.common.rest_client [req-a08e8308-8f30-490e-a9c2-05344160024d req-a08e8308-8f30-490e-a9c2-05344160024d ] Request (ServersTestJSON:test_create_server_specify_multibyte_character_name): 200 GET http://10.180.1.21/compute/v2.1/servers/f1e35b93-05de-4ca0-be0c-c9752f64acc9 0.128s
2025-04-09 13:04:17.145 70601 INFO tempest.lib.common.rest_client [req-9e123922-5302-4383-87a0-d3bf9ea94eec req-9e123922-5302-4383-87a0-d3bf9ea94eec ] Request (ServerActionsTestOtherA:setUpClass): 200 GET http://10.180.1.21/compute/v2.1/servers/f813423c-c58a-4f7b-86c0-4b8e44ac7a4e 0.133s
2025-04-09 13:04:17.160 70597 INFO tempest.lib.common.rest_client [req-87a5e31b-78c3-461a-86cb-fbeb1d73d294 req-87a5e31b-78c3-461a-86cb-fbeb1d73d294 ] Request (ServersNegativeTestMultiTenantJSON:setUpClass): 200 GET http://10.180.1.21/compute/v2.1/servers/ff431e2f-7be9-420b-9594-3a1e1742a96b 0.121s
2025-04-09 13:04:17.168 70597 INFO tempest.common.waiters [-] State transition "BUILD/None" ==> "BUILD/networking" after 52 second wait
2025-04-09 13:04:17.191 70623 INFO tempest.lib.common.rest_client [req-91f3184a-1830-4ca4-848a-eacb496c4557 req-91f3184a-1830-4ca4-848a-eacb496c4557 ] Request (ServersTestBootFromVolume:setUpClass): 200 GET http://10.180.1.21/compute/v2.1/servers/40407802-706c-44b4-9c8b-6bd575d46c81 0.137s
2025-04-09 13:04:17.203 70625 INFO tempest.lib.common.rest_client [req-80c26fe0-9911-4276-b7fc-8f6dce2325a0 req-80c26fe0-9911-4276-b7fc-8f6dce2325a0 ] Request (AttachVolumeNegativeTest:test_attach_attached_volume_to_different_server): 200 GET http://10.180.1.21/compute/v2.1/servers/2aea86d5-8b92-416f-9abf-12c3ac0c77b0 0.120s
2025-04-09 13:04:17.240 70591 INFO tempest.lib.common.rest_client [req-774c26c9-c663-4ce1-8be4-de9b125dc488 req-774c26c9-c663-4ce1-8be4-de9b125dc488 ] Request (ServersAdminNegativeTestJSON:tearDownClass): 200 GET http://10.180.1.21/compute/v2.1/servers/4d5ee77c-cb2b-4b11-bca2-d7a06ad939e5 0.051s
2025-04-09 13:04:17.251 70631 INFO tempest.lib.common.rest_client [req-7ce11549-6823-4bf8-91df-fd0f905de30e req-7ce11549-6823-4bf8-91df-fd0f905de30e ] Request (ImagesTestJSON:test_create_image_from_suspended_server): 200 GET http://10.180.1.21/compute/v2.1/servers/e842f1cc-081b-49ad-8e12-bf0f209a0028 0.043s
2025-04-09 13:04:17.420 70641 INFO tempest.lib.common.rest_client [req-33cf792e-a9a5-4af2-ab81-74a00d72e40c req-33cf792e-a9a5-4af2-ab81-74a00d72e40c ] Request (ServerAddressesTestJSON:setUpClass): 200 GET http://10.180.1.21/compute/v2.1/servers/ac80e607-2f1f-4b2b-b16d-77c6db98893d 0.048s
2025-04-09 13:04:17.622 70593 INFO tempest.lib.common.rest_client [req-f152f756-8381-4f6f-896b-87122b2b0264 req-f152f756-8381-4f6f-896b-87122b2b0264 ] Request (ServersAdmin275Test:test_rebuild_update_server_275): 200 GET http://10.180.1.21/compute/v2.1/servers/f4a955fe-a19c-4377-acc5-ab30cc469bf4 0.068s
2025-04-09 13:04:17.680 70645 INFO tempest.lib.common.rest_client [req-8afd2fa2-0af1-4240-a4dd-97c632d43236 req-8afd2fa2-0af1-4240-a4dd-97c632d43236 ] Request (ServersTestFqdnHostnames:test_create_server_with_fqdn_name): 200 GET http://10.180.1.21/compute/v2.1/servers/c86b462d-07a5-4cf2-86b4-b15622dd6aad 0.077s
2025-04-09 13:04:17.689 70619 INFO tempest.lib.common.rest_client [req-edf03fd0-d299-4633-af87-b11116e2924e req-edf03fd0-d299-4633-af87-b11116e2924e ] Request (ServersV294TestFqdnHostnames:setUpClass): 200 GET http://10.180.1.21/compute/v2.1/servers/e4bfcd5c-0bb9-4f4b-8b10-f719c560734e 0.117s
2025-04-09 13:04:17.700 70619 INFO tempest.common.waiters [-] State transition "BUILD/spawning" ==> "ACTIVE/None" after 53 second wait
2025-04-09 13:04:17.752 70637 INFO tempest.lib.common.rest_client [req-2856774c-cbf6-4cd1-b3ee-e3aa9c2a82b5 req-2856774c-cbf6-4cd1-b3ee-e3aa9c2a82b5 ] Request (ServerTagsTestJSON:tearDownClass): 200 GET http://10.180.1.21/compute/v2.1/servers/1b7859a9-ef7e-493b-abd5-e8a14b9fe562 0.069s
2025-04-09 13:04:17.811 70605 INFO tempest.lib.common.rest_client [req-eb6c3ea1-1c88-4f48-834d-15e14edb4b18 req-eb6c3ea1-1c88-4f48-834d-15e14edb4b18 ] Request (ListServerFiltersTestJSON:test_list_servers_filter_by_shutoff_status): 200 GET http://10.180.1.21/compute/v2.1/servers/a7557684-a5b5-47a3-8e12-fa3a09367226 0.112s
2025-04-09 13:04:17.822 70605 INFO tempest.common.waiters [-] State transition "ACTIVE/powering-off" ==> "SHUTOFF/None" after 2 second wait
2025-04-09 13:04:17.824 70619 INFO tempest.lib.common.rest_client [req-a5a863a3-0d56-45ef-81fa-f9dc60fd7d15 req-a5a863a3-0d56-45ef-81fa-f9dc60fd7d15 ] Request (ServersV294TestFqdnHostnames:setUpClass): 200 GET http://10.180.1.21/compute/v2.1/servers/e4bfcd5c-0bb9-4f4b-8b10-f719c560734e/os-interface 0.124s
2025-04-09 13:04:17.877 70609 INFO tempest.lib.common.rest_client [req-d4983b40-1d09-4825-a5b9-5509dcbf801d req-d4983b40-1d09-4825-a5b9-5509dcbf801d ] Request (VolumesAdminNegativeTest:test_update_attached_volume_with_nonexistent_volume_in_body): 200 GET http://10.180.1.21/compute/v2.1/servers/ee3755cb-b274-4e7b-bcd6-193594d43662 0.148s
2025-04-09 13:04:17.880 70605 INFO tempest.lib.common.rest_client [req-321a0477-18b5-4883-bb65-424dd4af08ae req-321a0477-18b5-4883-bb65-424dd4af08ae ] Request (ListServerFiltersTestJSON:test_list_servers_filter_by_shutoff_status): 200 GET http://10.180.1.21/compute/v2.1/servers?status=shutoff 0.057s
2025-04-09 13:04:17.948 70605 INFO tempest.lib.common.rest_client [req-2a683b69-2369-41ca-83bc-3c34c2e1cb16 req-2a683b69-2369-41ca-83bc-3c34c2e1cb16 ] Request (ListServerFiltersTestJSON:test_list_servers_filter_by_shutoff_status): 202 POST http://10.180.1.21/compute/v2.1/servers/a7557684-a5b5-47a3-8e12-fa3a09367226/action 0.066s
2025-04-09 13:04:18.031 70629 INFO tempest.lib.common.rest_client [req-a4f76bdb-6f62-41cf-8489-7557ac0712e1 req-a4f76bdb-6f62-41cf-8489-7557ac0712e1 ] Request (MigrationsAdminTest:test_list_migrations_in_flavor_resize_situation): 200 GET http://10.180.1.21/compute/v2.1/servers/1a6a76d2-0ddf-42b7-85ef-843b72b6f0df 0.158s
2025-04-09 13:04:18.098 70617 INFO tempest.lib.common.rest_client [req-fdd96a7e-373c-4ca2-b51d-d9918b275d8c req-fdd96a7e-373c-4ca2-b51d-d9918b275d8c ] Request (TenantUsagesTestJSON:setUpClass): 200 GET http://10.180.1.21/compute/v2.1/servers/54f093bb-d9a9-48ed-86bf-41bcfd96f5f1 0.216s
2025-04-09 13:04:18.108 70595 INFO tempest.lib.common.rest_client [req-8669a3aa-2946-4305-8792-df9b0ebb6c1c req-8669a3aa-2946-4305-8792-df9b0ebb6c1c ] Request (ServersListShow298Test:test_list_show_update_rebuild_server_298): 200 GET http://10.180.1.21/compute/v2.1/servers/3b0ffc54-53c5-4756-9b9f-a022e5d522be 0.176s
2025-04-09 13:04:18.183 70633 INFO tempest.lib.common.rest_client [req-dc2b8408-ad57-47b1-8894-ab54b8c23c72 req-dc2b8408-ad57-47b1-8894-ab54b8c23c72 ] Request (ServersAdminTestJSON:test_inject_network_info): 200 GET http://10.180.1.21/compute/v2.1/servers/69e037a3-f37a-4277-bac7-3c66589d08fe 0.244s
2025-04-09 13:04:18.239 70607 INFO tempest.lib.common.rest_client [req-353d7bbe-23f8-465a-8371-21a8b747fc05 req-353d7bbe-23f8-465a-8371-21a8b747fc05 ] Request (AttachInterfacesTestJSON:test_create_list_show_delete_interfaces_by_fixed_ip): 200 GET http://10.180.1.21/compute/v2.1/servers/d1d89528-1adf-4452-b25e-e45e7b104a18 0.265s
2025-04-09 13:04:18.240 70605 INFO tempest.lib.common.rest_client [req-bf837091-c836-4b87-9b12-44a88cc51273 req-bf837091-c836-4b87-9b12-44a88cc51273 ] Request (ListServerFiltersTestJSON:test_list_servers_filter_by_shutoff_status): 200 GET http://10.180.1.21/compute/v2.1/servers/a7557684-a5b5-47a3-8e12-fa3a09367226 0.291s
2025-04-09 13:04:18.305 70583 INFO tempest.lib.common.rest_client [req-5067a3df-838b-4a7c-acfe-527902206908 req-5067a3df-838b-4a7c-acfe-527902206908 ] Request (FloatingIPsAssociationTestJSON:test_associate_already_associated_floating_ip): 200 GET http://10.180.1.21/compute/v2.1/servers/dbf53fcc-6542-4be2-b23c-172935a5b679 0.281s
2025-04-09 13:04:18.316 70585 INFO tempest.lib.common.rest_client [req-5e082c53-75d2-4b77-9c58-8ca1439cb35a req-5e082c53-75d2-4b77-9c58-8ca1439cb35a ] Request (ImagesOneServerNegativeTestJSON:_run_cleanups): 200 GET http://10.180.1.21/compute/v2.1/servers/66a5c538-bb8e-49da-a0d8-0b3db09aa3cf 0.320s
2025-04-09 13:04:18.387 70635 INFO tempest.lib.common.rest_client [req-014f1120-b47e-4a13-90ff-102891c91c60 req-014f1120-b47e-4a13-90ff-102891c91c60 ] Request (FloatingIPsAssociationNegativeTestJSON:tearDownClass): 200 GET http://10.180.1.21/compute/v2.1/servers/a2a9eb00-f0b4-47fc-9e5e-4496c8ea89e6 0.335s
2025-04-09 13:04:18.388 70589 INFO tempest.lib.common.rest_client [req-af86ebba-3628-4a7e-81e0-b186b3962dac req-af86ebba-3628-4a7e-81e0-b186b3962dac ] Request (SecurityGroupsTestJSON:test_server_security_groups): 200 GET http://10.180.1.21/compute/v2.1/servers/952b075b-a43c-424a-8f1a-b2e8bb12e6c5 0.318s
2025-04-09 13:04:18.461 70643 INFO tempest.lib.common.rest_client [req-09791e4c-5486-42c6-8460-1cf9e1a1398f req-09791e4c-5486-42c6-8460-1cf9e1a1398f ] Request (ServersTestJSON:test_create_server_specify_multibyte_character_name): 200 GET http://10.180.1.21/compute/v2.1/servers/f1e35b93-05de-4ca0-be0c-c9752f64acc9 0.338s
2025-04-09 13:04:18.468 70611 INFO tempest.lib.common.rest_client [req-a33e90f4-1757-470d-82dd-183b9e0d61c6 req-a33e90f4-1757-470d-82dd-183b9e0d61c6 ] Request (ImagesOneServerTestJSON:tearDownClass): 200 GET http://10.180.1.21/compute/v2.1/servers/ea0fac22-ed73-4785-a5eb-610e9107e14d 0.364s
2025-04-09 13:04:18.524 70601 INFO tempest.lib.common.rest_client [req-47347466-0fa6-4a85-8e7b-509aa187f006 req-47347466-0fa6-4a85-8e7b-509aa187f006 ] Request (ServerActionsTestOtherA:setUpClass): 200 GET http://10.180.1.21/compute/v2.1/servers/f813423c-c58a-4f7b-86c0-4b8e44ac7a4e 0.371s
2025-04-09 13:04:18.593 70623 INFO tempest.lib.common.rest_client [req-0be5ff4b-59f3-430f-b9c5-14f2ea1e6003 req-0be5ff4b-59f3-430f-b9c5-14f2ea1e6003 ] Request (ServersTestBootFromVolume:setUpClass): 200 GET http://10.180.1.21/compute/v2.1/servers/40407802-706c-44b4-9c8b-6bd575d46c81 0.395s
2025-04-09 13:04:18.607 70619 INFO tempest.lib.common.rest_client [req-ec6975bb-8f4e-4e90-9594-5e2d9a180a0c req-ec6975bb-8f4e-4e90-9594-5e2d9a180a0c ] Request (ServersV294TestFqdnHostnames:setUpClass): 200 PUT http://10.180.1.21:9696/networking/v2.0/floatingips/d03637ac-558f-4ce8-ac93-12a092c9e452 0.779s
2025-04-09 13:04:18.648 70625 INFO tempest.lib.common.rest_client [req-f7c249fe-da1e-440c-8b99-5a66a32a75eb req-f7c249fe-da1e-440c-8b99-5a66a32a75eb ] Request (AttachVolumeNegativeTest:test_attach_attached_volume_to_different_server): 200 GET http://10.180.1.21/compute/v2.1/servers/2aea86d5-8b92-416f-9abf-12c3ac0c77b0 0.437s
2025-04-09 13:04:18.666 70597 INFO tempest.lib.common.rest_client [req-a82c0857-dd34-4182-8417-19338aca96b2 req-a82c0857-dd34-4182-8417-19338aca96b2 ] Request (ServersNegativeTestMultiTenantJSON:setUpClass): 200 GET http://10.180.1.21/compute/v2.1/servers/ff431e2f-7be9-420b-9594-3a1e1742a96b 0.497s
2025-04-09 13:04:18.673 70597 INFO tempest.common.waiters [-] State transition "BUILD/networking" ==> "BUILD/spawning" after 53 second wait
2025-04-09 13:04:18.707 70591 INFO tempest.lib.common.rest_client [req-200fa328-c432-45ad-a7d5-8c64f32280aa req-200fa328-c432-45ad-a7d5-8c64f32280aa ] Request (ServersAdminNegativeTestJSON:tearDownClass): 200 GET http://10.180.1.21/compute/v2.1/servers/4d5ee77c-cb2b-4b11-bca2-d7a06ad939e5 0.459s
2025-04-09 13:04:18.714 70631 INFO tempest.lib.common.rest_client [req-8a00ac00-143e-4f50-bdd3-5cdb3609f3e7 req-8a00ac00-143e-4f50-bdd3-5cdb3609f3e7 ] Request (ImagesTestJSON:test_create_image_from_suspended_server): 200 GET http://10.180.1.21/compute/v2.1/servers/e842f1cc-081b-49ad-8e12-bf0f209a0028 0.455s
2025-04-09 13:04:18.758 70641 INFO tempest.lib.common.rest_client [req-ce0ae6ac-9e79-4ad9-b86d-f7a5dea427ad req-ce0ae6ac-9e79-4ad9-b86d-f7a5dea427ad ] Request (ServerAddressesTestJSON:setUpClass): 200 GET http://10.180.1.21/compute/v2.1/servers/ac80e607-2f1f-4b2b-b16d-77c6db98893d 0.329s
2025-04-09 13:04:18.813 70593 INFO tempest.lib.common.rest_client [req-56a07d4c-d527-4f82-8c1c-7a41d7d6ba3d req-56a07d4c-d527-4f82-8c1c-7a41d7d6ba3d ] Request (ServersAdmin275Test:test_rebuild_update_server_275): 200 GET http://10.180.1.21/compute/v2.1/servers/f4a955fe-a19c-4377-acc5-ab30cc469bf4 0.180s
2025-04-09 13:04:18.845 70619 INFO tempest.lib.common.rest_client [req-5abdfd46-33e6-411b-9c28-4a77fcd99fb3 req-5abdfd46-33e6-411b-9c28-4a77fcd99fb3 ] Request (ServersV294TestFqdnHostnames:setUpClass): 200 GET http://10.180.1.21/compute/v2.1/servers/e4bfcd5c-0bb9-4f4b-8b10-f719c560734e 0.238s
2025-04-09 13:04:18.857 70619 INFO tempest.api.compute.base [-] Attempting to verify tagged devices in server e4bfcd5c-0bb9-4f4b-8b10-f719c560734e via the metadata service: http://169.254.169.254/openstack/latest/meta_data.json
2025-04-09 13:04:18.858 70619 INFO tempest.lib.common.ssh [-] Creating ssh connection to '10.180.180.178:22' as 'cirros' with public key authentication
2025-04-09 13:04:18.858 70645 INFO tempest.lib.common.rest_client [req-076ea5b6-d894-46b9-8588-38f719c895d3 req-076ea5b6-d894-46b9-8588-38f719c895d3 ] Request (ServersTestFqdnHostnames:test_create_server_with_fqdn_name): 200 GET http://10.180.1.21/compute/v2.1/servers/c86b462d-07a5-4cf2-86b4-b15622dd6aad 0.169s
2025-04-09 13:04:18.866 70645 INFO tempest.common.waiters [-] State transition "BUILD/scheduling" ==> "BUILD/None" after 32 second wait
2025-04-09 13:04:18.901 70637 INFO tempest.lib.common.rest_client [req-30fc36f9-0fb1-4725-b100-314060fee6f8 req-30fc36f9-0fb1-4725-b100-314060fee6f8 ] Request (ServerTagsTestJSON:tearDownClass): 200 GET http://10.180.1.21/compute/v2.1/servers/1b7859a9-ef7e-493b-abd5-e8a14b9fe562 0.140s
2025-04-09 13:04:18.936 70609 INFO tempest.lib.common.rest_client [req-a3433056-88a3-45e5-865e-7e7b5e6d842e req-a3433056-88a3-45e5-865e-7e7b5e6d842e ] Request (VolumesAdminNegativeTest:test_update_attached_volume_with_nonexistent_volume_in_body): 200 GET http://10.180.1.21/compute/v2.1/servers/ee3755cb-b274-4e7b-bcd6-193594d43662 0.049s
2025-04-09 13:04:19.152 70629 INFO tempest.lib.common.rest_client [req-50f1c30e-a244-4262-849c-6d5fb25bf95a req-50f1c30e-a244-4262-849c-6d5fb25bf95a ] Request (MigrationsAdminTest:test_list_migrations_in_flavor_resize_situation): 200 GET http://10.180.1.21/compute/v2.1/servers/1a6a76d2-0ddf-42b7-85ef-843b72b6f0df 0.108s
2025-04-09 13:04:19.220 70617 INFO tempest.lib.common.rest_client [req-a1ad714d-b5fc-49cc-9064-c039f58b269a req-a1ad714d-b5fc-49cc-9064-c039f58b269a ] Request (TenantUsagesTestJSON:setUpClass): 200 GET http://10.180.1.21/compute/v2.1/servers/54f093bb-d9a9-48ed-86bf-41bcfd96f5f1 0.114s
2025-04-09 13:04:19.222 70595 INFO tempest.lib.common.rest_client [req-169c022e-6436-4605-97cd-4d214e81af62 req-169c022e-6436-4605-97cd-4d214e81af62 ] Request (ServersListShow298Test:test_list_show_update_rebuild_server_298): 200 GET http://10.180.1.21/compute/v2.1/servers/3b0ffc54-53c5-4756-9b9f-a022e5d522be 0.103s
2025-04-09 13:04:19.288 70633 INFO tempest.lib.common.rest_client [req-553e934d-96eb-4f05-a377-d12f1be75d21 req-553e934d-96eb-4f05-a377-d12f1be75d21 ] Request (ServersAdminTestJSON:test_inject_network_info): 200 GET http://10.180.1.21/compute/v2.1/servers/69e037a3-f37a-4277-bac7-3c66589d08fe 0.094s
2025-04-09 13:04:19.316 70607 INFO tempest.lib.common.rest_client [req-da8da08b-cd8e-4e17-9252-05c7a5efd794 req-da8da08b-cd8e-4e17-9252-05c7a5efd794 ] Request (AttachInterfacesTestJSON:test_create_list_show_delete_interfaces_by_fixed_ip): 200 GET http://10.180.1.21/compute/v2.1/servers/d1d89528-1adf-4452-b25e-e45e7b104a18 0.068s
2025-04-09 13:04:19.376 70583 INFO tempest.lib.common.rest_client [req-cee9d46e-d381-40f6-a30d-7e645e22e711 req-cee9d46e-d381-40f6-a30d-7e645e22e711 ] Request (FloatingIPsAssociationTestJSON:test_associate_already_associated_floating_ip): 200 GET http://10.180.1.21/compute/v2.1/servers/dbf53fcc-6542-4be2-b23c-172935a5b679 0.061s
2025-04-09 13:04:19.397 70585 INFO tempest.lib.common.rest_client [req-4dff75fc-a222-4179-bc85-057ef29b63ed req-4dff75fc-a222-4179-bc85-057ef29b63ed ] Request (ImagesOneServerNegativeTestJSON:_run_cleanups): 404 GET http://10.180.1.21/compute/v2.1/servers/66a5c538-bb8e-49da-a0d8-0b3db09aa3cf 0.071s
2025-04-09 13:04:19.458 70605 INFO tempest.lib.common.rest_client [req-85225d77-4ec5-4db2-908f-2b1e22292920 req-85225d77-4ec5-4db2-908f-2b1e22292920 ] Request (ListServerFiltersTestJSON:test_list_servers_filter_by_shutoff_status): 200 GET http://10.180.1.21/compute/v2.1/servers/a7557684-a5b5-47a3-8e12-fa3a09367226 0.210s
2025-04-09 13:04:19.463 70589 INFO tempest.lib.common.rest_client [req-505dd1ae-9a2e-43a7-9982-5a244156e205 req-505dd1ae-9a2e-43a7-9982-5a244156e205 ] Request (SecurityGroupsTestJSON:test_server_security_groups): 200 GET http://10.180.1.21/compute/v2.1/servers/952b075b-a43c-424a-8f1a-b2e8bb12e6c5 0.064s
2025-04-09 13:04:19.513 70585 INFO tempest.lib.common.rest_client [req-017c491d-3f60-47e7-98c6-56f49522d117 req-017c491d-3f60-47e7-98c6-56f49522d117 ] Request (ImagesOneServerNegativeTestJSON:_run_cleanups): 200 POST http://10.180.1.21/compute/v2.1/os-keypairs 0.114s
2025-04-09 13:04:19.529 70635 INFO tempest.lib.common.rest_client [req-97842a74-dcdc-4629-b1cc-6eb6f245baed req-97842a74-dcdc-4629-b1cc-6eb6f245baed ] Request (FloatingIPsAssociationNegativeTestJSON:tearDownClass): 200 GET http://10.180.1.21/compute/v2.1/servers/a2a9eb00-f0b4-47fc-9e5e-4496c8ea89e6 0.129s
2025-04-09 13:04:19.570 70643 INFO tempest.lib.common.rest_client [req-9c7114a7-d686-41b8-a96c-f516ce6cf956 req-9c7114a7-d686-41b8-a96c-f516ce6cf956 ] Request (ServersTestJSON:test_create_server_specify_multibyte_character_name): 200 GET http://10.180.1.21/compute/v2.1/servers/f1e35b93-05de-4ca0-be0c-c9752f64acc9 0.098s
2025-04-09 13:04:19.597 70611 INFO tempest.lib.common.rest_client [req-f0482586-75d7-42ac-976f-04f2df145347 req-f0482586-75d7-42ac-976f-04f2df145347 ] Request (ImagesOneServerTestJSON:tearDownClass): 200 GET http://10.180.1.21/compute/v2.1/servers/ea0fac22-ed73-4785-a5eb-610e9107e14d 0.120s
2025-04-09 13:04:19.624 70585 INFO tempest.lib.common.rest_client [req-1defcdaf-8314-4fc4-9b1b-6b4ad72f93a3 req-1defcdaf-8314-4fc4-9b1b-6b4ad72f93a3 ] Request (ImagesOneServerNegativeTestJSON:_run_cleanups): 201 POST http://10.180.1.21:9696/networking/v2.0/security-groups 0.110s
2025-04-09 13:04:19.641 70601 INFO tempest.lib.common.rest_client [req-b320c17b-1c9e-44f9-9e36-990e731d233c req-b320c17b-1c9e-44f9-9e36-990e731d233c ] Request (ServerActionsTestOtherA:setUpClass): 200 GET http://10.180.1.21/compute/v2.1/servers/f813423c-c58a-4f7b-86c0-4b8e44ac7a4e 0.106s
2025-04-09 13:04:19.667 70623 INFO tempest.lib.common.rest_client [req-8a1fa05c-fb53-4fb9-98ac-67365510444d req-8a1fa05c-fb53-4fb9-98ac-67365510444d ] Request (ServersTestBootFromVolume:setUpClass): 200 GET http://10.180.1.21/compute/v2.1/servers/40407802-706c-44b4-9c8b-6bd575d46c81 0.065s
2025-04-09 13:04:19.713 70585 INFO tempest.lib.common.rest_client [req-ec40da2f-7a70-44fc-9ef2-0b7c6aa6a89f req-ec40da2f-7a70-44fc-9ef2-0b7c6aa6a89f ] Request (ImagesOneServerNegativeTestJSON:_run_cleanups): 201 POST http://10.180.1.21:9696/networking/v2.0/security-group-rules 0.088s
2025-04-09 13:04:19.720 70625 INFO tempest.lib.common.rest_client [req-99b3c801-21fe-406a-b369-43c0b1179bff req-99b3c801-21fe-406a-b369-43c0b1179bff ] Request (AttachVolumeNegativeTest:test_attach_attached_volume_to_different_server): 200 GET http://10.180.1.21/compute/v2.1/servers/2aea86d5-8b92-416f-9abf-12c3ac0c77b0 0.062s
2025-04-09 13:04:19.781 70591 INFO tempest.lib.common.rest_client [req-0b3dbb5e-e299-4c9d-ab95-121df1582e1c req-0b3dbb5e-e299-4c9d-ab95-121df1582e1c ] Request (ServersAdminNegativeTestJSON:tearDownClass): 200 GET http://10.180.1.21/compute/v2.1/servers/4d5ee77c-cb2b-4b11-bca2-d7a06ad939e5 0.066s
2025-04-09 13:04:19.785 70597 INFO tempest.lib.common.rest_client [req-71448937-4e3e-487d-8f68-1d2011f5ca32 req-71448937-4e3e-487d-8f68-1d2011f5ca32 ] Request (ServersNegativeTestMultiTenantJSON:setUpClass): 200 GET http://10.180.1.21/compute/v2.1/servers/ff431e2f-7be9-420b-9594-3a1e1742a96b 0.110s
2025-04-09 13:04:19.793 70585 INFO tempest.lib.common.rest_client [req-95916b86-056a-4cd0-8755-89a1af163a74 req-95916b86-056a-4cd0-8755-89a1af163a74 ] Request (ImagesOneServerNegativeTestJSON:_run_cleanups): 201 POST http://10.180.1.21:9696/networking/v2.0/security-group-rules 0.079s
2025-04-09 13:04:19.840 70631 INFO tempest.lib.common.rest_client [req-db4c55c2-8575-4a0e-8a63-edac18518e69 req-db4c55c2-8575-4a0e-8a63-edac18518e69 ] Request (ImagesTestJSON:test_create_image_from_suspended_server): 200 GET http://10.180.1.21/compute/v2.1/servers/e842f1cc-081b-49ad-8e12-bf0f209a0028 0.116s
2025-04-09 13:04:19.841 70641 INFO tempest.lib.common.rest_client [req-d09e74b5-8f80-4549-b448-4967651ff0c0 req-d09e74b5-8f80-4549-b448-4967651ff0c0 ] Request (ServerAddressesTestJSON:setUpClass): 200 GET http://10.180.1.21/compute/v2.1/servers/ac80e607-2f1f-4b2b-b16d-77c6db98893d 0.073s
2025-04-09 13:04:19.891 70593 INFO tempest.lib.common.rest_client [req-e469a4d3-7a90-4845-b607-116d8efcda4a req-e469a4d3-7a90-4845-b607-116d8efcda4a ] Request (ServersAdmin275Test:test_rebuild_update_server_275): 200 GET http://10.180.1.21/compute/v2.1/servers/f4a955fe-a19c-4377-acc5-ab30cc469bf4 0.066s
2025-04-09 13:04:19.915 70645 INFO tempest.lib.common.rest_client [req-4a3f001c-e020-4d56-a711-1b46c49014f3 req-4a3f001c-e020-4d56-a711-1b46c49014f3 ] Request (ServersTestFqdnHostnames:test_create_server_with_fqdn_name): 200 GET http://10.180.1.21/compute/v2.1/servers/c86b462d-07a5-4cf2-86b4-b15622dd6aad 0.048s
2025-04-09 13:04:19.973 70637 INFO tempest.lib.common.rest_client [req-32a6e987-e845-413d-8317-cc660b8662ee req-32a6e987-e845-413d-8317-cc660b8662ee ] Request (ServerTagsTestJSON:tearDownClass): 200 GET http://10.180.1.21/compute/v2.1/servers/1b7859a9-ef7e-493b-abd5-e8a14b9fe562 0.061s
2025-04-09 13:04:20.004 70609 INFO tempest.lib.common.rest_client [req-5c8e9f1c-d0b0-48f0-b573-d883dab230ce req-5c8e9f1c-d0b0-48f0-b573-d883dab230ce ] Request (VolumesAdminNegativeTest:test_update_attached_volume_with_nonexistent_volume_in_body): 200 GET http://10.180.1.21/compute/v2.1/servers/ee3755cb-b274-4e7b-bcd6-193594d43662 0.060s
2025-04-09 13:04:20.135 70585 INFO tempest.lib.common.rest_client [req-53bf6ec9-06a2-4576-a6c9-1f83ac5143c2 req-53bf6ec9-06a2-4576-a6c9-1f83ac5143c2 ] Request (ImagesOneServerNegativeTestJSON:_run_cleanups): 201 POST http://10.180.1.21:9696/networking/v2.0/floatingips 0.340s
2025-04-09 13:04:20.199 70585 INFO tempest.lib.common.rest_client [req-b00c8a94-5829-4c4e-9a78-98f0693a84de req-b00c8a94-5829-4c4e-9a78-98f0693a84de ] Request (ImagesOneServerNegativeTestJSON:_run_cleanups): 201 POST http://10.180.1.21/identity/v3/auth/tokens 0.061s
2025-04-09 13:04:20.199 70585 INFO tempest.lib.common.fixed_network [-] (ImagesOneServerNegativeTestJSON:_run_cleanups) Found network {'id': 'aed06330-407a-4a49-87a0-0183779e5c9b', 'name': 'tempest-ImagesOneServerNegativeTestJSON-159077394-network', 'tenant_id': '12547ef0395b490090553d896d733721', 'admin_state_up': True, 'mtu': 8950, 'status': 'ACTIVE', 'subnets': [], 'shared': False, 'project_id': '12547ef0395b490090553d896d733721', 'port_security_enabled': True, 'router:external': False, 'provider:network_type': 'vlan', 'provider:physical_network': 'default', 'provider:segmentation_id': 487, 'availability_zone_hints': [], 'availability_zones': [], 'ipv4_address_scope': None, 'ipv6_address_scope': None, 'description': '', 'tags': [], 'created_at': '2025-04-09T13:02:44Z', 'updated_at': '2025-04-09T13:02:44Z', 'revision_number': 1} available for tenant
2025-04-09 13:04:20.315 70629 INFO tempest.lib.common.rest_client [req-e05acb81-9e6a-4745-a55d-162027a396ef req-e05acb81-9e6a-4745-a55d-162027a396ef ] Request (MigrationsAdminTest:test_list_migrations_in_flavor_resize_situation): 200 GET http://10.180.1.21/compute/v2.1/servers/1a6a76d2-0ddf-42b7-85ef-843b72b6f0df 0.154s
2025-04-09 13:04:20.481 70617 INFO tempest.lib.common.rest_client [req-4c1da157-4ab1-42e3-b45a-3a3b4781768b req-4c1da157-4ab1-42e3-b45a-3a3b4781768b ] Request (TenantUsagesTestJSON:setUpClass): 200 GET http://10.180.1.21/compute/v2.1/servers/54f093bb-d9a9-48ed-86bf-41bcfd96f5f1 0.251s
2025-04-09 13:04:20.559 70595 INFO tempest.lib.common.rest_client [req-b8cd4091-e5e0-402e-82bd-33d2451901bc req-b8cd4091-e5e0-402e-82bd-33d2451901bc ] Request (ServersListShow298Test:test_list_show_update_rebuild_server_298): 200 GET http://10.180.1.21/compute/v2.1/servers/3b0ffc54-53c5-4756-9b9f-a022e5d522be 0.324s
2025-04-09 13:04:20.612 70633 INFO tempest.lib.common.rest_client [req-0c2130bd-5525-48c9-9e51-251be76e9e53 req-0c2130bd-5525-48c9-9e51-251be76e9e53 ] Request (ServersAdminTestJSON:test_inject_network_info): 200 GET http://10.180.1.21/compute/v2.1/servers/69e037a3-f37a-4277-bac7-3c66589d08fe 0.317s
2025-04-09 13:04:20.692 70607 INFO tempest.lib.common.rest_client [req-abf97bcc-8787-419b-9493-2b4de96fc03b req-abf97bcc-8787-419b-9493-2b4de96fc03b ] Request (AttachInterfacesTestJSON:test_create_list_show_delete_interfaces_by_fixed_ip): 200 GET http://10.180.1.21/compute/v2.1/servers/d1d89528-1adf-4452-b25e-e45e7b104a18 0.368s
2025-04-09 13:04:20.745 70583 INFO tempest.lib.common.rest_client [req-809acc0b-a80a-4ea5-a396-36dd0f497d52 req-809acc0b-a80a-4ea5-a396-36dd0f497d52 ] Request (FloatingIPsAssociationTestJSON:test_associate_already_associated_floating_ip): 200 GET http://10.180.1.21/compute/v2.1/servers/dbf53fcc-6542-4be2-b23c-172935a5b679 0.360s
2025-04-09 13:04:20.769 70585 INFO tempest.lib.common.rest_client [req-ab76a26d-c956-47fa-a414-cedb80139e06 req-ab76a26d-c956-47fa-a414-cedb80139e06 ] Request (ImagesOneServerNegativeTestJSON:_run_cleanups): 202 POST http://10.180.1.21/compute/v2.1/servers 0.569s
2025-04-09 13:04:20.819 70589 INFO tempest.lib.common.rest_client [req-049f90f3-9a07-422a-848c-d3f5a771e1f6 req-049f90f3-9a07-422a-848c-d3f5a771e1f6 ] Request (SecurityGroupsTestJSON:test_server_security_groups): 200 GET http://10.180.1.21/compute/v2.1/servers/952b075b-a43c-424a-8f1a-b2e8bb12e6c5 0.346s
2025-04-09 13:04:20.880 70635 INFO tempest.lib.common.rest_client [req-6393d39f-cdd4-4fb8-a840-addb62b6ef51 req-6393d39f-cdd4-4fb8-a840-addb62b6ef51 ] Request (FloatingIPsAssociationNegativeTestJSON:tearDownClass): 200 GET http://10.180.1.21/compute/v2.1/servers/a2a9eb00-f0b4-47fc-9e5e-4496c8ea89e6 0.343s
2025-04-09 13:04:20.887 70605 INFO tempest.lib.common.rest_client [req-c9cc4e34-681c-4c6e-aeb8-15fb54ee19b4 req-c9cc4e34-681c-4c6e-aeb8-15fb54ee19b4 ] Request (ListServerFiltersTestJSON:test_list_servers_filter_by_shutoff_status): 200 GET http://10.180.1.21/compute/v2.1/servers/a7557684-a5b5-47a3-8e12-fa3a09367226 0.420s
2025-04-09 13:04:20.975 70603 WARNING tempest.lib.common.ssh [-] Failed to establish authenticated ssh connection to cirros@10.180.180.219 ([Errno None] Unable to connect to port 22 on 10.180.180.219). Number attempts: 6. Retry after 7 seconds.: paramiko.ssh_exception.NoValidConnectionsError: [Errno None] Unable to connect to port 22 on 10.180.180.219
2025-04-09 13:04:21.139 70643 INFO tempest.lib.common.rest_client [req-01d43034-b8d7-4be7-904f-36649a777917 req-01d43034-b8d7-4be7-904f-36649a777917 ] Request (ServersTestJSON:test_create_server_specify_multibyte_character_name): 200 GET http://10.180.1.21/compute/v2.1/servers/f1e35b93-05de-4ca0-be0c-c9752f64acc9 0.556s
2025-04-09 13:04:21.154 70611 INFO tempest.lib.common.rest_client [req-88b63b92-1477-4a50-ae31-c69b11cd2c45 req-88b63b92-1477-4a50-ae31-c69b11cd2c45 ] Request (ImagesOneServerTestJSON:tearDownClass): 200 GET http://10.180.1.21/compute/v2.1/servers/ea0fac22-ed73-4785-a5eb-610e9107e14d 0.544s
2025-04-09 13:04:21.193 70601 INFO tempest.lib.common.rest_client [req-39c9b62b-662b-44c6-b136-dc5f08962591 req-39c9b62b-662b-44c6-b136-dc5f08962591 ] Request (ServerActionsTestOtherA:setUpClass): 200 GET http://10.180.1.21/compute/v2.1/servers/f813423c-c58a-4f7b-86c0-4b8e44ac7a4e 0.542s
2025-04-09 13:04:21.208 70623 INFO tempest.lib.common.rest_client [req-b4d9bd02-f03c-44aa-a541-d48386c5dcc4 req-b4d9bd02-f03c-44aa-a541-d48386c5dcc4 ] Request (ServersTestBootFromVolume:setUpClass): 200 GET http://10.180.1.21/compute/v2.1/servers/40407802-706c-44b4-9c8b-6bd575d46c81 0.532s
2025-04-09 13:04:21.241 70625 INFO tempest.lib.common.rest_client [req-4322074a-402f-43c9-8080-3c3a018b2221 req-4322074a-402f-43c9-8080-3c3a018b2221 ] Request (AttachVolumeNegativeTest:test_attach_attached_volume_to_different_server): 200 GET http://10.180.1.21/compute/v2.1/servers/2aea86d5-8b92-416f-9abf-12c3ac0c77b0 0.513s
2025-04-09 13:04:21.247 70585 INFO tempest.lib.common.rest_client [req-dd6d9ebe-72ed-45db-9cac-f6ad37f4cb7d req-dd6d9ebe-72ed-45db-9cac-f6ad37f4cb7d ] Request (ImagesOneServerNegativeTestJSON:_run_cleanups): 200 GET http://10.180.1.21/compute/v2.1/servers/637db48a-7f98-4d3c-908d-62691f18c2d7 0.476s
2025-04-09 13:04:21.306 70591 INFO tempest.lib.common.rest_client [req-0b2aeb5c-642f-4be8-9f5f-786bacbfbab0 req-0b2aeb5c-642f-4be8-9f5f-786bacbfbab0 ] Request (ServersAdminNegativeTestJSON:tearDownClass): 200 GET http://10.180.1.21/compute/v2.1/servers/4d5ee77c-cb2b-4b11-bca2-d7a06ad939e5 0.515s
2025-04-09 13:04:21.356 70597 INFO tempest.lib.common.rest_client [req-760af0c0-6d9b-415a-b7ae-e25d32038284 req-760af0c0-6d9b-415a-b7ae-e25d32038284 ] Request (ServersNegativeTestMultiTenantJSON:setUpClass): 200 GET http://10.180.1.21/compute/v2.1/servers/ff431e2f-7be9-420b-9594-3a1e1742a96b 0.563s
2025-04-09 13:04:21.363 70631 INFO tempest.lib.common.rest_client [req-9a2e6e8f-6075-4f88-af7f-5ce34d7770bf req-9a2e6e8f-6075-4f88-af7f-5ce34d7770bf ] Request (ImagesTestJSON:test_create_image_from_suspended_server): 200 GET http://10.180.1.21/compute/v2.1/servers/e842f1cc-081b-49ad-8e12-bf0f209a0028 0.514s
2025-04-09 13:04:21.412 70641 INFO tempest.lib.common.rest_client [req-68a8ee82-61a9-4e40-9540-0751dad3b8d1 req-68a8ee82-61a9-4e40-9540-0751dad3b8d1 ] Request (ServerAddressesTestJSON:setUpClass): 200 GET http://10.180.1.21/compute/v2.1/servers/ac80e607-2f1f-4b2b-b16d-77c6db98893d 0.563s
2025-04-09 13:04:21.425 70593 INFO tempest.lib.common.rest_client [req-beaa380d-474f-4951-b8c2-414bbdc27b7d req-beaa380d-474f-4951-b8c2-414bbdc27b7d ] Request (ServersAdmin275Test:test_rebuild_update_server_275): 200 GET http://10.180.1.21/compute/v2.1/servers/f4a955fe-a19c-4377-acc5-ab30cc469bf4 0.522s
2025-04-09 13:04:21.456 70645 INFO tempest.lib.common.rest_client [req-29395723-1c40-43e3-a052-b346f84d5ced req-29395723-1c40-43e3-a052-b346f84d5ced ] Request (ServersTestFqdnHostnames:test_create_server_with_fqdn_name): 200 GET http://10.180.1.21/compute/v2.1/servers/c86b462d-07a5-4cf2-86b4-b15622dd6aad 0.532s
2025-04-09 13:04:21.482 70637 INFO tempest.lib.common.rest_client [req-8741c563-89c8-4f42-85f7-4cb7d92eddc7 req-8741c563-89c8-4f42-85f7-4cb7d92eddc7 ] Request (ServerTagsTestJSON:tearDownClass): 200 GET http://10.180.1.21/compute/v2.1/servers/1b7859a9-ef7e-493b-abd5-e8a14b9fe562 0.500s
2025-04-09 13:04:21.501 70609 INFO tempest.lib.common.rest_client [req-4ff1c7ae-6f0e-42ef-9dcf-920a89e790ff req-4ff1c7ae-6f0e-42ef-9dcf-920a89e790ff ] Request (VolumesAdminNegativeTest:test_update_attached_volume_with_nonexistent_volume_in_body): 200 GET http://10.180.1.21/compute/v2.1/servers/ee3755cb-b274-4e7b-bcd6-193594d43662 0.488s
2025-04-09 13:04:21.667 70629 INFO tempest.lib.common.rest_client [req-45345434-1d72-4234-a371-a8e4f5dfc5dc req-45345434-1d72-4234-a371-a8e4f5dfc5dc ] Request (MigrationsAdminTest:test_list_migrations_in_flavor_resize_situation): 200 GET http://10.180.1.21/compute/v2.1/servers/1a6a76d2-0ddf-42b7-85ef-843b72b6f0df 0.343s
2025-04-09 13:04:21.669 70617 INFO tempest.lib.common.rest_client [req-21eaef89-db02-4d10-9769-3a4682ed317c req-21eaef89-db02-4d10-9769-3a4682ed317c ] Request (TenantUsagesTestJSON:setUpClass): 200 GET http://10.180.1.21/compute/v2.1/servers/54f093bb-d9a9-48ed-86bf-41bcfd96f5f1 0.180s
2025-04-09 13:04:21.676 70617 INFO tempest.common.waiters [-] State transition "BUILD/spawning" ==> "ACTIVE/None" after 56 second wait
2025-04-09 13:04:21.728 70633 INFO tempest.lib.common.rest_client [req-7fd08946-30a3-4ef6-894b-59369c9a4d54 req-7fd08946-30a3-4ef6-894b-59369c9a4d54 ] Request (ServersAdminTestJSON:test_inject_network_info): 200 GET http://10.180.1.21/compute/v2.1/servers/69e037a3-f37a-4277-bac7-3c66589d08fe 0.098s
2025-04-09 13:04:21.737 70595 INFO tempest.lib.common.rest_client [req-a0ffd052-fe10-45ae-b436-561daca309ee req-a0ffd052-fe10-45ae-b436-561daca309ee ] Request (ServersListShow298Test:test_list_show_update_rebuild_server_298): 200 GET http://10.180.1.21/compute/v2.1/servers/3b0ffc54-53c5-4756-9b9f-a022e5d522be 0.159s
2025-04-09 13:04:21.786 70607 INFO tempest.lib.common.rest_client [req-a5e9928d-0131-4924-85cd-55a8ac6aba86 req-a5e9928d-0131-4924-85cd-55a8ac6aba86 ] Request (AttachInterfacesTestJSON:test_create_list_show_delete_interfaces_by_fixed_ip): 200 GET http://10.180.1.21/compute/v2.1/servers/d1d89528-1adf-4452-b25e-e45e7b104a18 0.085s
2025-04-09 13:04:21.834 70583 INFO tempest.lib.common.rest_client [req-e38537a0-b680-4dea-8625-ba6824d827bf req-e38537a0-b680-4dea-8625-ba6824d827bf ] Request (FloatingIPsAssociationTestJSON:test_associate_already_associated_floating_ip): 200 GET http://10.180.1.21/compute/v2.1/servers/dbf53fcc-6542-4be2-b23c-172935a5b679 0.078s
2025-04-09 13:04:21.845 70617 INFO tempest.lib.common.rest_client [req-a97ef62d-1da9-40ab-ad03-1b853704953b req-a97ef62d-1da9-40ab-ad03-1b853704953b ] Request (TenantUsagesTestJSON:test_get_usage_tenant): 200 GET http://10.180.1.21/compute/v2.1/os-simple-tenant-usage/249b5227bf514abc8586d6df4e313841?start=2025-04-08T13%3A04%3A21.676789&end=2025-04-10T13%3A04%3A21.676789 0.168s
2025-04-09 13:04:21.879 70589 INFO tempest.lib.common.rest_client [req-e90897ae-452f-4147-9182-650044f6b9fe req-e90897ae-452f-4147-9182-650044f6b9fe ] Request (SecurityGroupsTestJSON:test_server_security_groups): 200 GET http://10.180.1.21/compute/v2.1/servers/952b075b-a43c-424a-8f1a-b2e8bb12e6c5 0.051s
2025-04-09 13:04:21.951 70635 INFO tempest.lib.common.rest_client [req-63904ccb-e52e-42d4-a617-20a072a4a1de req-63904ccb-e52e-42d4-a617-20a072a4a1de ] Request (FloatingIPsAssociationNegativeTestJSON:tearDownClass): 200 GET http://10.180.1.21/compute/v2.1/servers/a2a9eb00-f0b4-47fc-9e5e-4496c8ea89e6 0.063s
2025-04-09 13:04:21.987 70605 INFO tempest.lib.common.rest_client [req-02d2121b-782a-40e5-a681-f2560bcaf798 req-02d2121b-782a-40e5-a681-f2560bcaf798 ] Request (ListServerFiltersTestJSON:test_list_servers_filter_by_shutoff_status): 200 GET http://10.180.1.21/compute/v2.1/servers/a7557684-a5b5-47a3-8e12-fa3a09367226 0.091s
2025-04-09 13:04:22.224 70643 INFO tempest.lib.common.rest_client [req-bf61e5ae-73e4-47e6-ba84-310210ae1463 req-bf61e5ae-73e4-47e6-ba84-310210ae1463 ] Request (ServersTestJSON:test_create_server_specify_multibyte_character_name): 200 GET http://10.180.1.21/compute/v2.1/servers/f1e35b93-05de-4ca0-be0c-c9752f64acc9 0.072s
2025-04-09 13:04:22.224 70611 INFO tempest.lib.common.rest_client [req-433e20b4-9181-4006-98b3-c1460b358e34 req-433e20b4-9181-4006-98b3-c1460b358e34 ] Request (ImagesOneServerTestJSON:tearDownClass): 200 GET http://10.180.1.21/compute/v2.1/servers/ea0fac22-ed73-4785-a5eb-610e9107e14d 0.063s
2025-04-09 13:04:22.272 70601 INFO tempest.lib.common.rest_client [req-4432b6fb-d31c-4554-909b-11e84d262668 req-4432b6fb-d31c-4554-909b-11e84d262668 ] Request (ServerActionsTestOtherA:setUpClass): 200 GET http://10.180.1.21/compute/v2.1/servers/f813423c-c58a-4f7b-86c0-4b8e44ac7a4e 0.068s
2025-04-09 13:04:22.282 70623 INFO tempest.lib.common.rest_client [req-7570daf5-381a-4cbf-81fe-380111635140 req-7570daf5-381a-4cbf-81fe-380111635140 ] Request (ServersTestBootFromVolume:setUpClass): 200 GET http://10.180.1.21/compute/v2.1/servers/40407802-706c-44b4-9c8b-6bd575d46c81 0.067s
2025-04-09 13:04:22.321 70625 INFO tempest.lib.common.rest_client [req-5c43e910-6043-4d2f-a18f-96f298e43824 req-5c43e910-6043-4d2f-a18f-96f298e43824 ] Request (AttachVolumeNegativeTest:test_attach_attached_volume_to_different_server): 200 GET http://10.180.1.21/compute/v2.1/servers/2aea86d5-8b92-416f-9abf-12c3ac0c77b0 0.070s
2025-04-09 13:04:22.335 70585 INFO tempest.lib.common.rest_client [req-b0b282bf-3306-43cf-bb58-bcc463c81e59 req-b0b282bf-3306-43cf-bb58-bcc463c81e59 ] Request (ImagesOneServerNegativeTestJSON:_run_cleanups): 200 GET http://10.180.1.21/compute/v2.1/servers/637db48a-7f98-4d3c-908d-62691f18c2d7 0.080s
2025-04-09 13:04:22.376 70591 INFO tempest.lib.common.rest_client [req-4ebdff74-599b-4e14-a3d3-aa79fd2395c4 req-4ebdff74-599b-4e14-a3d3-aa79fd2395c4 ] Request (ServersAdminNegativeTestJSON:tearDownClass): 200 GET http://10.180.1.21/compute/v2.1/servers/4d5ee77c-cb2b-4b11-bca2-d7a06ad939e5 0.061s
2025-04-09 13:04:22.422 70631 INFO tempest.lib.common.rest_client [req-931d1cbf-abce-4089-a012-0e05c4ddcd7d req-931d1cbf-abce-4089-a012-0e05c4ddcd7d ] Request (ImagesTestJSON:test_create_image_from_suspended_server): 200 GET http://10.180.1.21/compute/v2.1/servers/e842f1cc-081b-49ad-8e12-bf0f209a0028 0.051s
2025-04-09 13:04:22.468 70641 INFO tempest.lib.common.rest_client [req-fc895972-fdb0-4c0f-ae99-a4c89254c3fb req-fc895972-fdb0-4c0f-ae99-a4c89254c3fb ] Request (ServerAddressesTestJSON:setUpClass): 200 GET http://10.180.1.21/compute/v2.1/servers/ac80e607-2f1f-4b2b-b16d-77c6db98893d 0.048s
2025-04-09 13:04:22.481 70597 INFO tempest.lib.common.rest_client [req-83495e77-210f-4f27-80af-c9a699cdc296 req-83495e77-210f-4f27-80af-c9a699cdc296 ] Request (ServersNegativeTestMultiTenantJSON:setUpClass): 200 GET http://10.180.1.21/compute/v2.1/servers/ff431e2f-7be9-420b-9594-3a1e1742a96b 0.114s
2025-04-09 13:04:22.521 70593 INFO tempest.lib.common.rest_client [req-1ca327b0-2c1f-4c6f-99a6-dbe8ab0e47e7 req-1ca327b0-2c1f-4c6f-99a6-dbe8ab0e47e7 ] Request (ServersAdmin275Test:test_rebuild_update_server_275): 200 GET http://10.180.1.21/compute/v2.1/servers/f4a955fe-a19c-4377-acc5-ab30cc469bf4 0.084s
2025-04-09 13:04:22.523 70645 INFO tempest.lib.common.rest_client [req-b4f97139-ee62-4f2e-82e9-67cf80ccc665 req-b4f97139-ee62-4f2e-82e9-67cf80ccc665 ] Request (ServersTestFqdnHostnames:test_create_server_with_fqdn_name): 200 GET http://10.180.1.21/compute/v2.1/servers/c86b462d-07a5-4cf2-86b4-b15622dd6aad 0.059s
2025-04-09 13:04:22.535 70593 INFO tempest.common.waiters [-] State transition "BUILD/spawning" ==> "ACTIVE/None" after 56 second wait
2025-04-09 13:04:22.577 70609 INFO tempest.lib.common.rest_client [req-bc9f61bd-88b3-4085-90d6-512b1b9eebf9 req-bc9f61bd-88b3-4085-90d6-512b1b9eebf9 ] Request (VolumesAdminNegativeTest:test_update_attached_volume_with_nonexistent_volume_in_body): 200 GET http://10.180.1.21/compute/v2.1/servers/ee3755cb-b274-4e7b-bcd6-193594d43662 0.068s
2025-04-09 13:04:22.580 70637 INFO tempest.lib.common.rest_client [req-55cfb932-b6dd-4fed-bef0-ecd0cd26a3b0 req-55cfb932-b6dd-4fed-bef0-ecd0cd26a3b0 ] Request (ServerTagsTestJSON:tearDownClass): 200 GET http://10.180.1.21/compute/v2.1/servers/1b7859a9-ef7e-493b-abd5-e8a14b9fe562 0.088s
2025-04-09 13:04:22.766 70629 INFO tempest.lib.common.rest_client [req-4bf239a1-6bdb-433f-af61-63d56f874bb8 req-4bf239a1-6bdb-433f-af61-63d56f874bb8 ] Request (MigrationsAdminTest:test_list_migrations_in_flavor_resize_situation): 200 GET http://10.180.1.21/compute/v2.1/servers/1a6a76d2-0ddf-42b7-85ef-843b72b6f0df 0.091s
2025-04-09 13:04:22.777 70629 INFO tempest.common.waiters [-] State transition "VERIFY_RESIZE/None" ==> "ACTIVE/None" after 34 second wait
2025-04-09 13:04:22.800 70593 INFO tempest.lib.common.rest_client [req-de3d56dc-9da2-43e9-a4c5-e7786734e3d8 req-de3d56dc-9da2-43e9-a4c5-e7786734e3d8 ] Request (ServersAdmin275Test:test_rebuild_update_server_275): 202 POST http://10.180.1.21/compute/v2.1/servers/f4a955fe-a19c-4377-acc5-ab30cc469bf4/action 0.264s
2025-04-09 13:04:22.815 70633 INFO tempest.lib.common.rest_client [req-63dd9708-a8b4-4ba6-9ed2-2d91430d96b1 req-63dd9708-a8b4-4ba6-9ed2-2d91430d96b1 ] Request (ServersAdminTestJSON:test_inject_network_info): 200 GET http://10.180.1.21/compute/v2.1/servers/69e037a3-f37a-4277-bac7-3c66589d08fe 0.076s
2025-04-09 13:04:22.822 70633 INFO tempest.common.waiters [-] State transition "BUILD/scheduling" ==> "BUILD/None" after 36 second wait
2025-04-09 13:04:22.857 70595 INFO tempest.lib.common.rest_client [req-3d9a1e40-787b-4324-97a3-3445b96b8084 req-3d9a1e40-787b-4324-97a3-3445b96b8084 ] Request (ServersListShow298Test:test_list_show_update_rebuild_server_298): 200 GET http://10.180.1.21/compute/v2.1/servers/3b0ffc54-53c5-4756-9b9f-a022e5d522be 0.108s
2025-04-09 13:04:22.907 70607 INFO tempest.lib.common.rest_client [req-20ed7a11-bd2a-4601-a362-2fd429d15f6d req-20ed7a11-bd2a-4601-a362-2fd429d15f6d ] Request (AttachInterfacesTestJSON:test_create_list_show_delete_interfaces_by_fixed_ip): 200 GET http://10.180.1.21/compute/v2.1/servers/d1d89528-1adf-4452-b25e-e45e7b104a18 0.112s
2025-04-09 13:04:22.918 70629 INFO tempest.lib.common.rest_client [req-f64dddc6-5655-4e8d-b197-1aa687cbd373 req-f64dddc6-5655-4e8d-b197-1aa687cbd373 ] Request (MigrationsAdminTest:test_list_migrations_in_flavor_resize_situation): 200 GET http://10.180.1.21/compute/v2.1/servers/1a6a76d2-0ddf-42b7-85ef-843b72b6f0df 0.140s
2025-04-09 13:04:22.960 70619 WARNING tempest.lib.common.ssh [-] Failed to establish authenticated ssh connection to cirros@10.180.180.178 ([Errno None] Unable to connect to port 22 on 10.180.180.178). Number attempts: 1. Retry after 2 seconds.: paramiko.ssh_exception.NoValidConnectionsError: [Errno None] Unable to connect to port 22 on 10.180.180.178
2025-04-09 13:04:22.961 70593 INFO tempest.lib.common.rest_client [req-6e6dcb5c-20f0-4956-932d-a56fd09cbb59 req-6e6dcb5c-20f0-4956-932d-a56fd09cbb59 ] Request (ServersAdmin275Test:test_rebuild_update_server_275): 200 GET http://10.180.1.21/compute/v2.1/servers/f4a955fe-a19c-4377-acc5-ab30cc469bf4 0.146s
2025-04-09 13:04:22.968 70583 INFO tempest.lib.common.rest_client [req-02a0d5a2-4d74-49a0-898d-7fb4c98177ed req-02a0d5a2-4d74-49a0-898d-7fb4c98177ed ] Request (FloatingIPsAssociationTestJSON:test_associate_already_associated_floating_ip): 200 GET http://10.180.1.21/compute/v2.1/servers/dbf53fcc-6542-4be2-b23c-172935a5b679 0.127s
2025-04-09 13:04:22.993 70617 INFO tempest.lib.common.rest_client [req-1473c487-198e-45f7-8684-fd5758365d6a req-1473c487-198e-45f7-8684-fd5758365d6a ] Request (TenantUsagesTestJSON:test_get_usage_tenant): 200 GET http://10.180.1.21/compute/v2.1/os-simple-tenant-usage/249b5227bf514abc8586d6df4e313841?start=2025-04-08T13%3A04%3A21.676789&end=2025-04-10T13%3A04%3A21.676789 0.142s
2025-04-09 13:04:23.017 70589 INFO tempest.lib.common.rest_client [req-a82b47ba-30bf-4f7a-a4de-a3cce6ea24da req-a82b47ba-30bf-4f7a-a4de-a3cce6ea24da ] Request (SecurityGroupsTestJSON:test_server_security_groups): 200 GET http://10.180.1.21/compute/v2.1/servers/952b075b-a43c-424a-8f1a-b2e8bb12e6c5 0.131s
2025-04-09 13:04:23.025 70629 INFO tempest.lib.common.rest_client [req-d9511989-1546-497c-9882-1bb45ea4b1cd req-d9511989-1546-497c-9882-1bb45ea4b1cd ] Request (MigrationsAdminTest:test_list_migrations_in_flavor_resize_situation): 200 POST http://10.180.1.21/compute/v2.1/os-keypairs 0.099s
2025-04-09 13:04:23.086 70635 INFO tempest.lib.common.rest_client [req-87c9f076-1a21-4bc0-a50e-308f5a8424f9 req-87c9f076-1a21-4bc0-a50e-308f5a8424f9 ] Request (FloatingIPsAssociationNegativeTestJSON:tearDownClass): 200 GET http://10.180.1.21/compute/v2.1/servers/a2a9eb00-f0b4-47fc-9e5e-4496c8ea89e6 0.126s
2025-04-09 13:04:23.106 70617 INFO tempest.lib.common.rest_client [req-3c7079c2-3df8-472a-b58b-c19fc97fa142 req-3c7079c2-3df8-472a-b58b-c19fc97fa142 ] Request (TenantUsagesTestJSON:test_get_usage_tenant_with_non_admin_user): 200 GET http://10.180.1.21/compute/v2.1/os-simple-tenant-usage/249b5227bf514abc8586d6df4e313841?start=2025-04-08T13%3A04%3A21.676789&end=2025-04-10T13%3A04%3A21.676789 0.109s
2025-04-09 13:04:23.166 70617 INFO tempest.lib.common.rest_client [req-85449b45-ef7d-4f6f-a35c-0109151b7849 req-85449b45-ef7d-4f6f-a35c-0109151b7849 ] Request (TenantUsagesTestJSON:test_list_usage_all_tenants): 200 GET http://10.180.1.21/compute/v2.1/os-simple-tenant-usage?start=2025-04-08T13%3A04%3A21.676789&end=2025-04-10T13%3A04%3A21.676789&detailed=1 0.056s
2025-04-09 13:04:23.175 70605 INFO tempest.lib.common.rest_client [req-9d45ad82-ba86-4519-a6b5-6a9848c67ffe req-9d45ad82-ba86-4519-a6b5-6a9848c67ffe ] Request (ListServerFiltersTestJSON:test_list_servers_filter_by_shutoff_status): 200 GET http://10.180.1.21/compute/v2.1/servers/a7557684-a5b5-47a3-8e12-fa3a09367226 0.181s
2025-04-09 13:04:23.183 70605 INFO tempest.common.waiters [-] State transition "SHUTOFF/powering-on" ==> "ACTIVE/None" after 5 second wait
