2025-04-09 13:03:18.671 70617 INFO tempest.lib.common.rest_client [req-0b376f8e-85b9-464d-a7c4-006b8b3adebb req-0b376f8e-85b9-464d-a7c4-006b8b3adebb ] Request (TenantUsagesTestJSON:setUpClass): 201 POST http://10.180.1.21/identity/v3/users 0.099s
2025-04-09 13:03:18.702 70617 INFO tempest.lib.common.rest_client [req-961ce359-1451-4a15-9578-40191b3c7eaf req-961ce359-1451-4a15-9578-40191b3c7eaf ] Request (TenantUsagesTestJSON:setUpClass): 200 GET http://10.180.1.21/identity/v3/roles 0.030s
2025-04-09 13:03:18.740 70617 INFO tempest.lib.common.rest_client [req-028bbc7e-166a-4d5c-bec9-699744788442 req-028bbc7e-166a-4d5c-bec9-699744788442 ] Request (TenantUsagesTestJSON:setUpClass): 204 PUT http://10.180.1.21/identity/v3/projects/249b5227bf514abc8586d6df4e313841/users/ecf82e87c70348c5ba928a737ea9d668/roles/a7b91e02de994f4782be3d9ba4168be6 0.037s
2025-04-09 13:03:18.740 70617 INFO tempest.lib.common.dynamic_creds [-] Dynamic test user ecf82e87c70348c5ba928a737ea9d668 is created with scope project and roles: ['member']
2025-04-09 13:03:18.741 70617 INFO tempest.lib.common.dynamic_creds [-] Acquired dynamic creds: credentials: Credentials: {'domain_id': 'default', 'domain_name': 'Default', 'username': 'tempest-TenantUsagesTestJSON-2083036490-project-member', 'project_domain_id': 'default', 'project_domain_name': 'Default', 'project_id': '249b5227bf514abc8586d6df4e313841', 'project_name': 'tempest-TenantUsagesTestJSON-2083036490', 'tenant_id': '249b5227bf514abc8586d6df4e313841', 'tenant_name': 'tempest-TenantUsagesTestJSON-2083036490', 'user_domain_id': 'default', 'user_domain_name': 'Default', 'user_id': 'ecf82e87c70348c5ba928a737ea9d668', 'system': None}, Network: None, Subnet: None, Router: None
2025-04-09 13:03:18.741 70617 INFO tempest.lib.common.dynamic_creds [-] Created isolated network resources for: credentials: Credentials: {'domain_id': 'default', 'domain_name': 'Default', 'username': 'tempest-TenantUsagesTestJSON-2083036490-project-member', 'project_domain_id': 'default', 'project_domain_name': 'Default', 'project_id': '249b5227bf514abc8586d6df4e313841', 'project_name': 'tempest-TenantUsagesTestJSON-2083036490', 'tenant_id': '249b5227bf514abc8586d6df4e313841', 'tenant_name': 'tempest-TenantUsagesTestJSON-2083036490', 'user_domain_id': 'default', 'user_domain_name': 'Default', 'user_id': 'ecf82e87c70348c5ba928a737ea9d668', 'system': None}, Network: None, Subnet: None, Router: None
2025-04-09 13:03:18.791 70593 INFO tempest.lib.common.rest_client [req-4580790b-963a-48a3-9603-7a11ce881ea2 req-4580790b-963a-48a3-9603-7a11ce881ea2 ] Request (FlavorsAccessNegativeTestJSON:tearDownClass): 200 GET http://10.180.1.21:9696/networking/v2.0/security-groups?tenant_id=f4049f853aff437ca03ef11e7910337d&name=default 0.255s
2025-04-09 13:03:18.830 70617 INFO tempest.lib.common.rest_client [req-626ab8fd-cb31-4a39-8c7c-6c35be585087 req-626ab8fd-cb31-4a39-8c7c-6c35be585087 ] Request (TenantUsagesTestJSON:setUpClass): 201 POST http://10.180.1.21/identity/v3/auth/tokens 0.085s
2025-04-09 13:03:18.899 70617 INFO tempest.lib.common.rest_client [req-12b2bd37-90b4-4b6f-9561-52f2976f7398 req-12b2bd37-90b4-4b6f-9561-52f2976f7398 ] Request (TenantUsagesTestJSON:setUpClass): 201 POST http://10.180.1.21/identity/v3/projects 0.069s
2025-04-09 13:03:18.936 70593 INFO tempest.lib.common.rest_client [req-9cea21b3-7bc0-4aa5-b60b-d55a00da868b req-9cea21b3-7bc0-4aa5-b60b-d55a00da868b ] Request (FlavorsAccessNegativeTestJSON:tearDownClass): 204 DELETE http://10.180.1.21:9696/networking/v2.0/security-groups/6ac1100b-0c0a-4312-9cc4-669de917bbdf 0.144s
2025-04-09 13:03:18.974 70617 INFO tempest.lib.common.rest_client [req-eb236ee9-37c4-4193-98e5-1a1e7a51c706 req-eb236ee9-37c4-4193-98e5-1a1e7a51c706 ] Request (TenantUsagesTestJSON:setUpClass): 201 POST http://10.180.1.21/identity/v3/users 0.074s
2025-04-09 13:03:18.998 70617 INFO tempest.lib.common.rest_client [req-51cf4ab1-2708-4ca5-8b35-0beec4075cac req-51cf4ab1-2708-4ca5-8b35-0beec4075cac ] Request (TenantUsagesTestJSON:setUpClass): 200 GET http://10.180.1.21/identity/v3/roles 0.023s
2025-04-09 13:03:19.034 70591 INFO tempest.lib.common.rest_client [req-95a7659e-678c-4fcc-aa53-1687bd342e55 req-95a7659e-678c-4fcc-aa53-1687bd342e55 ] Request (ServersAdminNegativeTestJSON:test_migrate_server_invalid_state): 202 POST http://10.180.1.21/compute/v2.1/servers 4.351s
2025-04-09 13:03:19.034 70617 INFO tempest.lib.common.rest_client [req-42809e05-1fdc-4676-8c3b-e38107a77b35 req-42809e05-1fdc-4676-8c3b-e38107a77b35 ] Request (TenantUsagesTestJSON:setUpClass): 204 PUT http://10.180.1.21/identity/v3/projects/553d1beee3594a96b906ede16aa2af59/users/cd86d345ce14499fb645e43ac203c114/roles/7b2a577df6a845cbb243ab3f3d06e729 0.035s
2025-04-09 13:03:19.059 70593 INFO tempest.lib.common.rest_client [req-e0f1179a-120b-4cbf-93ac-d1ea36d0ef09 req-e0f1179a-120b-4cbf-93ac-d1ea36d0ef09 ] Request (FlavorsAccessNegativeTestJSON:tearDownClass): 204 DELETE http://10.180.1.21/identity/v3/projects/f4049f853aff437ca03ef11e7910337d 0.123s
2025-04-09 13:03:19.119 70617 INFO tempest.lib.common.rest_client [req-00642ae8-a0ad-49df-85b2-708b49fc9287 req-00642ae8-a0ad-49df-85b2-708b49fc9287 ] Request (TenantUsagesTestJSON:setUpClass): 200 GET http://10.180.1.21/identity/v3/roles 0.085s
2025-04-09 13:03:19.128 70593 INFO tempest.lib.common.rest_client [req-a90f5f18-08c5-4b32-9ea2-cda88e1e1e44 req-a90f5f18-08c5-4b32-9ea2-cda88e1e1e44 ] Request (ServersAdmin275Test:setUpClass): 201 POST http://10.180.1.21/identity/v3/auth/tokens 0.067s
2025-04-09 13:03:19.148 70617 INFO tempest.lib.common.rest_client [req-8d321f30-b4d2-4a90-9414-f79e5585214d req-8d321f30-b4d2-4a90-9414-f79e5585214d ] Request (TenantUsagesTestJSON:setUpClass): 204 PUT http://10.180.1.21/identity/v3/projects/553d1beee3594a96b906ede16aa2af59/users/cd86d345ce14499fb645e43ac203c114/roles/7b2a577df6a845cbb243ab3f3d06e729 0.028s
2025-04-09 13:03:19.148 70617 INFO tempest.lib.common.dynamic_creds [-] Dynamic test user cd86d345ce14499fb645e43ac203c114 is created with scope project and roles: ['admin']
2025-04-09 13:03:19.148 70617 INFO tempest.lib.common.dynamic_creds [-] Acquired dynamic creds: credentials: Credentials: {'domain_id': 'default', 'domain_name': 'Default', 'username': 'tempest-TenantUsagesTestJSON-227791012-project-admin', 'project_domain_id': 'default', 'project_domain_name': 'Default', 'project_id': '553d1beee3594a96b906ede16aa2af59', 'project_name': 'tempest-TenantUsagesTestJSON-227791012', 'tenant_id': '553d1beee3594a96b906ede16aa2af59', 'tenant_name': 'tempest-TenantUsagesTestJSON-227791012', 'user_domain_id': 'default', 'user_domain_name': 'Default', 'user_id': 'cd86d345ce14499fb645e43ac203c114', 'system': None}, Network: None, Subnet: None, Router: None
2025-04-09 13:03:19.148 70617 INFO tempest.lib.common.dynamic_creds [-] Created isolated network resources for: credentials: Credentials: {'domain_id': 'default', 'domain_name': 'Default', 'username': 'tempest-TenantUsagesTestJSON-227791012-project-admin', 'project_domain_id': 'default', 'project_domain_name': 'Default', 'project_id': '553d1beee3594a96b906ede16aa2af59', 'project_name': 'tempest-TenantUsagesTestJSON-227791012', 'tenant_id': '553d1beee3594a96b906ede16aa2af59', 'tenant_name': 'tempest-TenantUsagesTestJSON-227791012', 'user_domain_id': 'default', 'user_domain_name': 'Default', 'user_id': 'cd86d345ce14499fb645e43ac203c114', 'system': None}, Network: None, Subnet: None, Router: None
2025-04-09 13:03:19.200 70593 INFO tempest.lib.common.rest_client [req-3bbaaf97-e35e-407b-8b7a-e66d3af34a6a req-3bbaaf97-e35e-407b-8b7a-e66d3af34a6a ] Request (ServersAdmin275Test:setUpClass): 201 POST http://10.180.1.21/identity/v3/auth/tokens 0.068s
2025-04-09 13:03:19.245 70593 INFO tempest.lib.common.rest_client [req-680de27a-f92d-43df-84a2-da938c12c461 req-680de27a-f92d-43df-84a2-da938c12c461 ] Request (ServersAdmin275Test:setUpClass): 200 GET http://10.180.1.21/identity/v3/domains?name=Default 0.045s
2025-04-09 13:03:19.249 70617 INFO tempest.lib.common.rest_client [req-a2a016c2-8321-4c2d-92a3-b50a570bf3ca req-a2a016c2-8321-4c2d-92a3-b50a570bf3ca ] Request (TenantUsagesTestJSON:setUpClass): 201 POST http://10.180.1.21/identity/v3/auth/tokens 0.097s
2025-04-09 13:03:19.250 70617 WARNING tempest.lib.common.rest_client [-] Deprecated: "tenant_id" property is deprecated for removal, use "project_id" instead
2025-04-09 13:03:19.301 70593 INFO tempest.lib.common.rest_client [req-edbb6609-e6d2-4883-a7b9-ccab364e9c7e req-edbb6609-e6d2-4883-a7b9-ccab364e9c7e ] Request (ServersAdmin275Test:setUpClass): 201 POST http://10.180.1.21/identity/v3/projects 0.055s
2025-04-09 13:03:19.302 70605 INFO tempest.lib.common.rest_client [req-49f0b690-e228-4508-a1f0-9cfe823e0160 req-49f0b690-e228-4508-a1f0-9cfe823e0160 ] Request (ListServerFiltersTestJSON:setUpClass): 202 POST http://10.180.1.21/compute/v2.1/servers 3.861s
2025-04-09 13:03:19.343 70617 INFO tempest.lib.common.rest_client [req-d9a11169-365d-4c19-9adc-b14f9030c41a req-d9a11169-365d-4c19-9adc-b14f9030c41a ] Request (TenantUsagesTestJSON:setUpClass): 201 POST http://10.180.1.21/identity/v3/auth/tokens 0.089s
2025-04-09 13:03:19.344 70617 INFO tempest.lib.common.fixed_network [-] (TenantUsagesTestJSON:setUpClass) Found network None available for tenant
2025-04-09 13:03:19.395 70593 INFO tempest.lib.common.rest_client [req-bfe203e9-5827-47ea-9e65-a2b354f6cfe3 req-bfe203e9-5827-47ea-9e65-a2b354f6cfe3 ] Request (ServersAdmin275Test:setUpClass): 201 POST http://10.180.1.21/identity/v3/users 0.093s
2025-04-09 13:03:19.428 70593 INFO tempest.lib.common.rest_client [req-bab84025-de65-4605-945e-f1414cc5e95a req-bab84025-de65-4605-945e-f1414cc5e95a ] Request (ServersAdmin275Test:setUpClass): 200 GET http://10.180.1.21/identity/v3/roles 0.032s
2025-04-09 13:03:19.469 70593 INFO tempest.lib.common.rest_client [req-7a31b389-aab4-49e0-8238-8a82befd42b4 req-7a31b389-aab4-49e0-8238-8a82befd42b4 ] Request (ServersAdmin275Test:setUpClass): 204 PUT http://10.180.1.21/identity/v3/projects/7878ee1817564a91ac68c3eb9c83d0ed/users/8d053f49b61448378abb408e3a802196/roles/a7b91e02de994f4782be3d9ba4168be6 0.040s
2025-04-09 13:03:19.469 70593 INFO tempest.lib.common.dynamic_creds [-] Dynamic test user 8d053f49b61448378abb408e3a802196 is created with scope project and roles: ['member']
2025-04-09 13:03:19.469 70593 INFO tempest.lib.common.dynamic_creds [-] Acquired dynamic creds: credentials: Credentials: {'domain_id': 'default', 'domain_name': 'Default', 'username': 'tempest-ServersAdmin275Test-720229936-project-member', 'project_domain_id': 'default', 'project_domain_name': 'Default', 'project_id': '7878ee1817564a91ac68c3eb9c83d0ed', 'project_name': 'tempest-ServersAdmin275Test-720229936', 'tenant_id': '7878ee1817564a91ac68c3eb9c83d0ed', 'tenant_name': 'tempest-ServersAdmin275Test-720229936', 'user_domain_id': 'default', 'user_domain_name': 'Default', 'user_id': '8d053f49b61448378abb408e3a802196', 'system': None}, Network: None, Subnet: None, Router: None
2025-04-09 13:03:19.470 70593 INFO tempest.lib.common.dynamic_creds [-] Created isolated network resources for: credentials: Credentials: {'domain_id': 'default', 'domain_name': 'Default', 'username': 'tempest-ServersAdmin275Test-720229936-project-member', 'project_domain_id': 'default', 'project_domain_name': 'Default', 'project_id': '7878ee1817564a91ac68c3eb9c83d0ed', 'project_name': 'tempest-ServersAdmin275Test-720229936', 'tenant_id': '7878ee1817564a91ac68c3eb9c83d0ed', 'tenant_name': 'tempest-ServersAdmin275Test-720229936', 'user_domain_id': 'default', 'user_domain_name': 'Default', 'user_id': '8d053f49b61448378abb408e3a802196', 'system': None}, Network: None, Subnet: None, Router: None
2025-04-09 13:03:19.553 70614 INFO tempest.lib.common.rest_client [req-e88ed10c-bba2-4f63-a5de-a02580793a62 req-e88ed10c-bba2-4f63-a5de-a02580793a62 ] Request (ImagesNegativeTestJSON:test_create_image_from_deleted_server): 200 GET http://10.180.1.21/compute/v2.1/servers/e23641b5-1054-4c89-9b63-98f1994e09ee 3.520s
2025-04-09 13:03:19.562 70614 INFO tempest.common.waiters [-] State transition "BUILD/spawning" ==> "ACTIVE/None" after 26 second wait
2025-04-09 13:03:19.574 70623 INFO tempest.lib.common.rest_client [req-01c12396-c92a-4a2e-ac88-b5592d63aa5f req-01c12396-c92a-4a2e-ac88-b5592d63aa5f ] Request (ServersTestBootFromVolume:setUpClass): 200 GET http://10.180.1.21/volume/v3/volumes/727737ce-4285-4b20-8dd2-d1408c9e6e03 0.049s
2025-04-09 13:03:19.593 70593 INFO tempest.lib.common.rest_client [req-e6b2e5dc-99ad-4793-825d-ad8ff918d4ad req-e6b2e5dc-99ad-4793-825d-ad8ff918d4ad ] Request (ServersAdmin275Test:setUpClass): 201 POST http://10.180.1.21/identity/v3/auth/tokens 0.120s
2025-04-09 13:03:19.610 70643 INFO tempest.lib.common.rest_client [req-5c5327c0-350f-45d0-bec6-ff2b9ae3f6a1 req-5c5327c0-350f-45d0-bec6-ff2b9ae3f6a1 ] Request (ServerDiagnosticsV248Test:test_get_server_diagnostics): 200 GET http://10.180.1.21/compute/v2.1/servers/271fabab-cc8d-418a-ad9e-f07b8d3a8b98/diagnostics 3.742s
2025-04-09 13:03:19.638 70621 INFO tempest.lib.common.rest_client [req-069ed246-6662-404c-9758-0989aa371e90 req-069ed246-6662-404c-9758-0989aa371e90 ] Request (ServerShowV257Test:test_rebuild_server): 200 GET http://10.180.1.21/compute/v2.1/servers/c0833a2f-bd5c-4fb9-b41b-d5145df312df 3.508s
2025-04-09 13:03:19.652 70621 INFO tempest.common.waiters [-] State transition "REBUILD/rebuild_spawning" ==> "ACTIVE/None" after 7 second wait
2025-04-09 13:03:19.685 70633 INFO tempest.lib.common.rest_client [req-b97f802b-2468-4a38-90d2-26faf57fdb8a req-b97f802b-2468-4a38-90d2-26faf57fdb8a ] Request (ServersAdminTestJSON:test_create_server_with_scheduling_hint): 200 GET http://10.180.1.21/compute/v2.1/servers/ffbd44fe-a3fa-4f2f-aed0-d869723d7f78 3.472s
2025-04-09 13:03:19.704 70593 INFO tempest.lib.common.rest_client [req-78787777-57c6-41fc-90f9-934ce86a6796 req-78787777-57c6-41fc-90f9-934ce86a6796 ] Request (ServersAdmin275Test:setUpClass): 201 POST http://10.180.1.21/identity/v3/projects 0.110s
2025-04-09 13:03:19.805 70593 INFO tempest.lib.common.rest_client [req-ab069948-a7d6-4f7e-82df-691292cc419b req-ab069948-a7d6-4f7e-82df-691292cc419b ] Request (ServersAdmin275Test:setUpClass): 201 POST http://10.180.1.21/identity/v3/users 0.096s
2025-04-09 13:03:19.832 70593 INFO tempest.lib.common.rest_client [req-00492f9c-41bd-427f-a76b-55d1aef7cedc req-00492f9c-41bd-427f-a76b-55d1aef7cedc ] Request (ServersAdmin275Test:setUpClass): 200 GET http://10.180.1.21/identity/v3/roles 0.027s
2025-04-09 13:03:19.864 70645 INFO tempest.lib.common.rest_client [req-197accb7-ab7a-4788-b7e4-6689eb53df7c req-197accb7-ab7a-4788-b7e4-6689eb53df7c ] Request (QuotasAdminTestJSON:test_get_updated_quotas): 200 PUT http://10.180.1.21/compute/v2.1/os-quota-sets/eb7e74d36b5549c2a059a749cd2d94a6 3.628s
2025-04-09 13:03:19.868 70593 INFO tempest.lib.common.rest_client [req-72a8fc01-70af-4c82-a59e-bc9b067238cc req-72a8fc01-70af-4c82-a59e-bc9b067238cc ] Request (ServersAdmin275Test:setUpClass): 204 PUT http://10.180.1.21/identity/v3/projects/91aabe92fba340adbbb9af060ba9f84b/users/25c446afa3dd459c8caa8dc41583abd7/roles/7b2a577df6a845cbb243ab3f3d06e729 0.036s
2025-04-09 13:03:19.870 70595 INFO tempest.lib.common.rest_client [req-2f30816a-e411-4ad5-85be-8c857c14caa7 req-2f30816a-e411-4ad5-85be-8c857c14caa7 ] Request (AggregatesAdminNegativeTestJSON:test_aggregate_list_as_user): 403 GET http://10.180.1.21/compute/v2.1/os-aggregates 3.518s
2025-04-09 13:03:19.935 70593 INFO tempest.lib.common.rest_client [req-ef245329-9c23-475f-b868-c9e4759b948e req-ef245329-9c23-475f-b868-c9e4759b948e ] Request (ServersAdmin275Test:setUpClass): 200 GET http://10.180.1.21/identity/v3/roles 0.066s
2025-04-09 13:03:19.953 70583 INFO tempest.lib.common.rest_client [req-3ca0e2b3-7699-4525-b484-1a413bf166d9 req-3ca0e2b3-7699-4525-b484-1a413bf166d9 ] Request (FloatingIPsAssociationTestJSON:setUpClass): 200 GET http://10.180.1.21/compute/v2.1/servers/e694bdb7-295a-4072-a16f-d484c47299a6 3.562s
2025-04-09 13:03:19.966 70593 INFO tempest.lib.common.rest_client [req-29968fcd-e66e-45d6-85ba-e1efe08c56f9 req-29968fcd-e66e-45d6-85ba-e1efe08c56f9 ] Request (ServersAdmin275Test:setUpClass): 204 PUT http://10.180.1.21/identity/v3/projects/91aabe92fba340adbbb9af060ba9f84b/users/25c446afa3dd459c8caa8dc41583abd7/roles/7b2a577df6a845cbb243ab3f3d06e729 0.030s
2025-04-09 13:03:19.966 70593 INFO tempest.lib.common.dynamic_creds [-] Dynamic test user 25c446afa3dd459c8caa8dc41583abd7 is created with scope project and roles: ['admin']
2025-04-09 13:03:19.966 70593 INFO tempest.lib.common.dynamic_creds [-] Acquired dynamic creds: credentials: Credentials: {'domain_id': 'default', 'domain_name': 'Default', 'username': 'tempest-ServersAdmin275Test-1313101438-project-admin', 'project_domain_id': 'default', 'project_domain_name': 'Default', 'project_id': '91aabe92fba340adbbb9af060ba9f84b', 'project_name': 'tempest-ServersAdmin275Test-1313101438', 'tenant_id': '91aabe92fba340adbbb9af060ba9f84b', 'tenant_name': 'tempest-ServersAdmin275Test-1313101438', 'user_domain_id': 'default', 'user_domain_name': 'Default', 'user_id': '25c446afa3dd459c8caa8dc41583abd7', 'system': None}, Network: None, Subnet: None, Router: None
2025-04-09 13:03:19.966 70593 INFO tempest.lib.common.dynamic_creds [-] Created isolated network resources for: credentials: Credentials: {'domain_id': 'default', 'domain_name': 'Default', 'username': 'tempest-ServersAdmin275Test-1313101438-project-admin', 'project_domain_id': 'default', 'project_domain_name': 'Default', 'project_id': '91aabe92fba340adbbb9af060ba9f84b', 'project_name': 'tempest-ServersAdmin275Test-1313101438', 'tenant_id': '91aabe92fba340adbbb9af060ba9f84b', 'tenant_name': 'tempest-ServersAdmin275Test-1313101438', 'user_domain_id': 'default', 'user_domain_name': 'Default', 'user_id': '25c446afa3dd459c8caa8dc41583abd7', 'system': None}, Network: None, Subnet: None, Router: None
2025-04-09 13:03:19.969 70641 INFO tempest.lib.common.rest_client [req-b3310ff4-33f5-4dde-a980-c5c6f3da0360 req-b3310ff4-33f5-4dde-a980-c5c6f3da0360 ] Request (InstanceActionsV221TestJSON:test_get_list_deleted_instance_actions): 200 GET http://10.180.1.21/compute/v2.1/servers/184d720d-be64-4e9e-9cd5-4f277609cced 3.666s
2025-04-09 13:03:19.982 70641 INFO tempest.common.waiters [-] State transition "BUILD/None" ==> "BUILD/spawning" after 22 second wait
2025-04-09 13:03:19.982 70597 INFO tempest.lib.common.rest_client [req-f7ef693c-8517-4054-b34e-6b07416c3f06 req-f7ef693c-8517-4054-b34e-6b07416c3f06 ] Request (ServersNegativeTestMultiTenantJSON:setUpClass): 200 PUT http://10.180.1.21:9696/networking/v2.0/routers/db7621ea-1d29-4dbb-bae6-4434fc06600e/add_router_interface 2.427s
2025-04-09 13:03:19.982 70597 INFO tempest.lib.common.dynamic_creds [-] Created isolated network resources for: credentials: Credentials: {'domain_id': 'default', 'domain_name': 'Default', 'username': 'tempest-ServersNegativeTestMultiTenantJSON-619502276-project-member', 'project_domain_id': 'default', 'project_domain_name': 'Default', 'project_id': 'dd07cd1ba05d4d5ea6531f30b5e37823', 'project_name': 'tempest-ServersNegativeTestMultiTenantJSON-619502276', 'tenant_id': 'dd07cd1ba05d4d5ea6531f30b5e37823', 'tenant_name': 'tempest-ServersNegativeTestMultiTenantJSON-619502276', 'user_domain_id': 'default', 'user_domain_name': 'Default', 'user_id': '55fc5dd9283b47d78a76d423f70996a1', 'system': None}, Network: {'id': 'd9955fa3-6ed5-4fd9-bfad-e1706c73b722', 'name': 'tempest-ServersNegativeTestMultiTenantJSON-361346034-network', 'tenant_id': 'dd07cd1ba05d4d5ea6531f30b5e37823', 'admin_state_up': True, 'mtu': 8950, 'status': 'ACTIVE', 'subnets': [], 'shared': False, 'project_id': 'dd07cd1ba05d4d5ea6531f30b5e37823', 'port_security_enabled': True, 'router:external': False, 'provider:network_type': 'vlan', 'provider:physical_network': 'default', 'provider:segmentation_id': 32, 'availability_zone_hints': [], 'availability_zones': [], 'ipv4_address_scope': None, 'ipv6_address_scope': None, 'description': '', 'tags': [], 'created_at': '2025-04-09T13:03:15Z', 'updated_at': '2025-04-09T13:03:15Z', 'revision_number': 1}, Subnet: {'id': 'eb59573a-6494-4fb7-b2cf-66caf2c9977d', 'name': 'tempest-ServersNegativeTestMultiTenantJSON-361346034-subnet', 'tenant_id': 'dd07cd1ba05d4d5ea6531f30b5e37823', 'network_id': 'd9955fa3-6ed5-4fd9-bfad-e1706c73b722', 'ip_version': 4, 'subnetpool_id': None, 'enable_dhcp': True, 'ipv6_ra_mode': None, 'ipv6_address_mode': None, 'gateway_ip': '192.168.128.1', 'cidr': '192.168.128.0/28', 'allocation_pools': [{'start': '192.168.128.2', 'end': '192.168.128.14'}], 'host_routes': [], 'dns_nameservers': [], 'description': '', 'router:external': False, 'service_types': [], 'tags': [], 'created_at': '2025-04-09T13:03:16Z', 'updated_at': '2025-04-09T13:03:16Z', 'revision_number': 0, 'project_id': 'dd07cd1ba05d4d5ea6531f30b5e37823'}, Router: {'id': 'db7621ea-1d29-4dbb-bae6-4434fc06600e', 'name': 'tempest-ServersNegativeTestMultiTenantJSON-361346034-router', 'tenant_id': 'dd07cd1ba05d4d5ea6531f30b5e37823', 'admin_state_up': True, 'status': 'ACTIVE', 'external_gateway_info': {'network_id': '8eb6f836-4015-4184-8e01-1ab83dd0c663', 'external_fixed_ips': [{'subnet_id': '33d1268f-426c-46ee-96fc-884ad70b84b7', 'ip_address': '10.180.180.141'}], 'enable_snat': True}, 'description': '', 'availability_zones': [], 'distributed': False, 'ha': False, 'availability_zone_hints': [], 'routes': [], 'flavor_id': None, 'tags': [], 'created_at': '2025-04-09T13:03:16Z', 'updated_at': '2025-04-09T13:03:17Z', 'revision_number': 2, 'project_id': 'dd07cd1ba05d4d5ea6531f30b5e37823'}
2025-04-09 13:03:19.986 70609 INFO tempest.lib.common.rest_client [req-c57aa9ed-595d-43a7-8840-dff53dff7f5d req-c57aa9ed-595d-43a7-8840-dff53dff7f5d ] Request (VolumesAdminNegativeTest:setUpClass): 200 PUT http://10.180.1.21:9696/networking/v2.0/routers/4895e800-6d3c-4172-9150-03cc115f4d4e/add_router_interface 2.400s
2025-04-09 13:03:19.986 70609 INFO tempest.lib.common.dynamic_creds [-] Created isolated network resources for: credentials: Credentials: {'domain_id': 'default', 'domain_name': 'Default', 'username': 'tempest-VolumesAdminNegativeTest-917253911-project-admin', 'project_domain_id': 'default', 'project_domain_name': 'Default', 'project_id': '78a0fce4be44495ea47ee46f4e32c604', 'project_name': 'tempest-VolumesAdminNegativeTest-917253911', 'tenant_id': '78a0fce4be44495ea47ee46f4e32c604', 'tenant_name': 'tempest-VolumesAdminNegativeTest-917253911', 'user_domain_id': 'default', 'user_domain_name': 'Default', 'user_id': '2aa10749205443e0a147de604e7948ff', 'system': None}, Network: {'id': 'ae1063a1-52ed-4bc1-8e4a-5c32472faaee', 'name': 'tempest-VolumesAdminNegativeTest-1907444550-network', 'tenant_id': '78a0fce4be44495ea47ee46f4e32c604', 'admin_state_up': True, 'mtu': 8950, 'status': 'ACTIVE', 'subnets': [], 'shared': False, 'project_id': '78a0fce4be44495ea47ee46f4e32c604', 'port_security_enabled': True, 'router:external': False, 'provider:network_type': 'vlan', 'provider:physical_network': 'default', 'provider:segmentation_id': 183, 'availability_zone_hints': [], 'availability_zones': [], 'ipv4_address_scope': None, 'ipv6_address_scope': None, 'description': '', 'tags': [], 'created_at': '2025-04-09T13:03:15Z', 'updated_at': '2025-04-09T13:03:15Z', 'revision_number': 1}, Subnet: {'id': '53c71fb1-ece1-4253-821a-fc03584f458c', 'name': 'tempest-VolumesAdminNegativeTest-1907444550-subnet', 'tenant_id': '78a0fce4be44495ea47ee46f4e32c604', 'network_id': 'ae1063a1-52ed-4bc1-8e4a-5c32472faaee', 'ip_version': 4, 'subnetpool_id': None, 'enable_dhcp': True, 'ipv6_ra_mode': None, 'ipv6_address_mode': None, 'gateway_ip': '192.168.128.1', 'cidr': '192.168.128.0/28', 'allocation_pools': [{'start': '192.168.128.2', 'end': '192.168.128.14'}], 'host_routes': [], 'dns_nameservers': [], 'description': '', 'router:external': False, 'service_types': [], 'tags': [], 'created_at': '2025-04-09T13:03:15Z', 'updated_at': '2025-04-09T13:03:15Z', 'revision_number': 0, 'project_id': '78a0fce4be44495ea47ee46f4e32c604'}, Router: {'id': '4895e800-6d3c-4172-9150-03cc115f4d4e', 'name': 'tempest-VolumesAdminNegativeTest-1907444550-router', 'tenant_id': '78a0fce4be44495ea47ee46f4e32c604', 'admin_state_up': True, 'status': 'ACTIVE', 'external_gateway_info': {'network_id': '8eb6f836-4015-4184-8e01-1ab83dd0c663', 'external_fixed_ips': [{'subnet_id': '33d1268f-426c-46ee-96fc-884ad70b84b7', 'ip_address': '10.180.180.215'}], 'enable_snat': True}, 'description': '', 'availability_zones': [], 'distributed': False, 'ha': False, 'availability_zone_hints': [], 'routes': [], 'flavor_id': None, 'tags': [], 'created_at': '2025-04-09T13:03:16Z', 'updated_at': '2025-04-09T13:03:16Z', 'revision_number': 2, 'project_id': '78a0fce4be44495ea47ee46f4e32c604'}
2025-04-09 13:03:20.002 70631 INFO tempest.lib.common.rest_client [req-74ce54bc-e654-43f6-ab96-b78396529af3 req-74ce54bc-e654-43f6-ab96-b78396529af3 ] Request (ImagesTestJSON:test_create_image_from_stopped_server): 200 GET http://10.180.1.21/compute/v2.1/images/54991e6e-8f46-4aee-a6e3-bc0e244d5f30 3.589s
2025-04-09 13:03:20.007 70607 INFO tempest.lib.common.rest_client [req-96ae49e8-d702-46cb-8e0e-7d443f0b46a2 req-96ae49e8-d702-46cb-8e0e-7d443f0b46a2 ] Request (ServerDiagnosticsNegativeTest:tearDownClass): 404 GET http://10.180.1.21/compute/v2.1/servers/48022427-976b-4331-bb73-441bfe103e71 3.458s
2025-04-09 13:03:20.056 70593 INFO tempest.lib.common.rest_client [req-b4c285aa-949b-4ebb-8b07-b1d5a3ae29c2 req-b4c285aa-949b-4ebb-8b07-b1d5a3ae29c2 ] Request (ServersAdmin275Test:setUpClass): 201 POST http://10.180.1.21/identity/v3/auth/tokens 0.085s
2025-04-09 13:03:20.076 70597 INFO tempest.lib.common.rest_client [req-7eb8811a-6c01-4ce0-baa5-7e73a3c2d39f req-7eb8811a-6c01-4ce0-baa5-7e73a3c2d39f ] Request (ServersNegativeTestMultiTenantJSON:setUpClass): 201 POST http://10.180.1.21/identity/v3/auth/tokens 0.088s
2025-04-09 13:03:20.094 70627 INFO tempest.lib.common.rest_client [req-f09153f5-68ec-4975-b86e-21f4309e7647 req-f09153f5-68ec-4975-b86e-21f4309e7647 ] Request (ServersTestJSON:setUpClass): 200 GET http://10.180.1.21/compute/v2.1/servers/143eff36-4daa-4abb-98c9-3ea8cce0243b/os-interface 3.328s
2025-04-09 13:03:20.143 70609 INFO tempest.lib.common.rest_client [req-b0e80aaf-05e0-4222-9c15-b643f53550a7 req-b0e80aaf-05e0-4222-9c15-b643f53550a7 ] Request (VolumesAdminNegativeTest:setUpClass): 201 POST http://10.180.1.21/identity/v3/auth/tokens 0.153s
2025-04-09 13:03:20.191 70629 INFO tempest.lib.common.rest_client [req-34d79105-9862-4fc3-9ede-38b6f6652068 req-34d79105-9862-4fc3-9ede-38b6f6652068 ] Request (MigrationsAdminTest:test_list_migrations_in_flavor_resize_situation): 200 GET http://10.180.1.21/compute/v2.1/servers/1a6a76d2-0ddf-42b7-85ef-843b72b6f0df 3.390s
2025-04-09 13:03:20.200 70607 INFO tempest.lib.common.rest_client [req-fb41080e-b9ed-4259-89e5-f737753f5f0e req-fb41080e-b9ed-4259-89e5-f737753f5f0e ] Request (ServerDiagnosticsNegativeTest:tearDownClass): 204 DELETE http://10.180.1.21/identity/v3/users/4d02a6fd917f4ecc8d965da52367f5de 0.192s
2025-04-09 13:03:20.231 70593 INFO tempest.lib.common.rest_client [req-d81ccb14-91eb-4a70-ab29-4af5a67f2b37 req-d81ccb14-91eb-4a70-ab29-4af5a67f2b37 ] Request (ServersAdmin275Test:test_rebuild_update_server_275): 201 POST http://10.180.1.21/identity/v3/auth/tokens 0.168s
2025-04-09 13:03:20.231 70593 INFO tempest.lib.common.fixed_network [-] (ServersAdmin275Test:test_rebuild_update_server_275) Found network None available for tenant
2025-04-09 13:03:20.268 70597 INFO tempest.lib.common.rest_client [req-de5085c5-9a78-42cf-81ea-d2082746ba99 req-de5085c5-9a78-42cf-81ea-d2082746ba99 ] Request (ServersNegativeTestMultiTenantJSON:setUpClass): 201 POST http://10.180.1.21/identity/v3/auth/tokens 0.188s
2025-04-09 13:03:20.268 70597 INFO tempest.lib.common.fixed_network [-] (ServersNegativeTestMultiTenantJSON:setUpClass) Found network {'id': 'daef6888-aae0-4bac-a123-1dbcef9cbb31', 'name': 'tempest-ServersNegativeTestMultiTenantJSON-178561863-network', 'tenant_id': '241b2cada963451aaf2ecb068f8c5cb4', 'admin_state_up': True, 'mtu': 8950, 'status': 'ACTIVE', 'subnets': [], 'shared': False, 'project_id': '241b2cada963451aaf2ecb068f8c5cb4', 'port_security_enabled': True, 'router:external': False, 'provider:network_type': 'vlan', 'provider:physical_network': 'default', 'provider:segmentation_id': 382, 'availability_zone_hints': [], 'availability_zones': [], 'ipv4_address_scope': None, 'ipv6_address_scope': None, 'description': '', 'tags': [], 'created_at': '2025-04-09T13:03:09Z', 'updated_at': '2025-04-09T13:03:09Z', 'revision_number': 1} available for tenant
2025-04-09 13:03:20.289 70635 INFO tempest.lib.common.rest_client [req-67375ce2-38b7-4812-9dbe-6738125ccb32 req-67375ce2-38b7-4812-9dbe-6738125ccb32 ] Request (FloatingIPsAssociationNegativeTestJSON:setUpClass): 200 GET http://10.180.1.21/compute/v2.1/servers/a2a9eb00-f0b4-47fc-9e5e-4496c8ea89e6 3.457s
2025-04-09 13:03:20.332 70611 INFO tempest.lib.common.rest_client [req-e61f6b11-ec17-47c0-adf4-f645efbb05e1 req-e61f6b11-ec17-47c0-adf4-f645efbb05e1 ] Request (ImagesOneServerTestJSON:test_create_delete_image): 200 GET http://10.180.1.21/compute/v2.1/images/588f905f-06a1-4ec5-8cca-03bde7373c4e 3.427s
2025-04-09 13:03:20.405 70607 INFO tempest.lib.common.rest_client [req-e0cfb7a1-821a-4ddb-8d4e-a0a1618e2e1d req-e0cfb7a1-821a-4ddb-8d4e-a0a1618e2e1d ] Request (ServerDiagnosticsNegativeTest:tearDownClass): 204 DELETE http://10.180.1.21/identity/v3/users/e13195777b45446089b2796e21519bc2 0.204s
2025-04-09 13:03:20.405 70607 INFO tempest.lib.common.dynamic_creds [-] Deleting project and security group for project: 25c79993c42541c8bf916f7322d725d8
2025-04-09 13:03:20.470 70607 INFO tempest.lib.common.rest_client [req-e1df47ec-a72c-43dc-a03c-d29137c83edc req-e1df47ec-a72c-43dc-a03c-d29137c83edc ] Request (ServerDiagnosticsNegativeTest:tearDownClass): 201 POST http://10.180.1.21/identity/v3/auth/tokens 0.064s
2025-04-09 13:03:20.471 70625 INFO tempest.lib.common.rest_client [req-928d34e9-e860-4f14-95ee-80bedc06ccbf req-928d34e9-e860-4f14-95ee-80bedc06ccbf ] Request (ComputeTenantNetworksTest:test_list_show_tenant_networks): 200 GET http://10.180.1.21/compute/v2.1/os-tenant-networks/22c1b31d-9281-48e2-8486-bfced0972fbd 3.342s
2025-04-09 13:03:20.633 70623 INFO tempest.lib.common.rest_client [req-629be630-6c88-4e8a-b951-a8bec24b6474 req-629be630-6c88-4e8a-b951-a8bec24b6474 ] Request (ServersTestBootFromVolume:setUpClass): 200 GET http://10.180.1.21/volume/v3/volumes/727737ce-4285-4b20-8dd2-d1408c9e6e03 0.045s
2025-04-09 13:03:20.643 70623 INFO tempest.common.waiters [-] volume 727737ce-4285-4b20-8dd2-d1408c9e6e03 reached available after waiting for 19.643661 seconds
2025-04-09 13:03:20.741 70625 INFO tempest.lib.common.rest_client [req-6f1e8f97-2981-4443-bc6d-ca1b577859b0 req-6f1e8f97-2981-4443-bc6d-ca1b577859b0 ] Request (ComputeTenantNetworksTest:tearDownClass): 204 DELETE http://10.180.1.21:9696/networking/v2.0/networks/22c1b31d-9281-48e2-8486-bfced0972fbd 0.268s
2025-04-09 13:03:20.748 70607 INFO tempest.lib.common.rest_client [req-b800af0c-f38c-41bd-a83d-625a12a00a96 req-b800af0c-f38c-41bd-a83d-625a12a00a96 ] Request (ServerDiagnosticsNegativeTest:tearDownClass): 200 GET http://10.180.1.21:9696/networking/v2.0/security-groups?tenant_id=25c79993c42541c8bf916f7322d725d8&name=default 0.278s
2025-04-09 13:03:20.761 70585 INFO tempest.lib.common.rest_client [req-593713dc-22ce-4d7a-84ef-5f1bd270442a req-593713dc-22ce-4d7a-84ef-5f1bd270442a ] Request (ImagesOneServerNegativeTestJSON:setUpClass): 200 GET http://10.180.1.21/compute/v2.1/servers/66a5c538-bb8e-49da-a0d8-0b3db09aa3cf 3.500s
2025-04-09 13:03:20.846 70625 INFO tempest.lib.common.rest_client [req-fa9e409a-12af-45c9-af50-f7220f6cdbda req-fa9e409a-12af-45c9-af50-f7220f6cdbda ] Request (ComputeTenantNetworksTest:tearDownClass): 204 DELETE http://10.180.1.21/identity/v3/users/06e083c0db634fb8ab9e783c1653572f 0.104s
2025-04-09 13:03:20.846 70625 INFO tempest.lib.common.dynamic_creds [-] Deleting project and security group for project: f19b71069b9f47cf82c23d7e13f9ac64
2025-04-09 13:03:20.872 70625 INFO tempest.lib.common.rest_client [req-b98debaf-1ce0-4b93-847c-fc1386204a85 req-b98debaf-1ce0-4b93-847c-fc1386204a85 ] Request (ComputeTenantNetworksTest:tearDownClass): 200 GET http://10.180.1.21:9696/networking/v2.0/security-groups?tenant_id=f19b71069b9f47cf82c23d7e13f9ac64&name=default 0.025s
2025-04-09 13:03:20.958 70625 INFO tempest.lib.common.rest_client [req-0e1311f8-92aa-43fa-a445-a7ad18edab3a req-0e1311f8-92aa-43fa-a445-a7ad18edab3a ] Request (ComputeTenantNetworksTest:tearDownClass): 204 DELETE http://10.180.1.21:9696/networking/v2.0/security-groups/d652d753-ed8a-4553-9854-24884b63b064 0.086s
2025-04-09 13:03:21.079 70625 INFO tempest.lib.common.rest_client [req-2a1e0bbd-d636-42cb-bf97-b6ae20d6be6b req-2a1e0bbd-d636-42cb-bf97-b6ae20d6be6b ] Request (ComputeTenantNetworksTest:tearDownClass): 204 DELETE http://10.180.1.21/identity/v3/projects/f19b71069b9f47cf82c23d7e13f9ac64 0.120s
2025-04-09 13:03:21.157 70615 INFO tempest.lib.common.rest_client [req-d5928f6b-d595-46aa-a047-97a06726131b req-d5928f6b-d595-46aa-a047-97a06726131b ] Request (VolumesAssistedSnapshotsTest:test_volume_assisted_snapshot_create_delete): 200 GET http://10.180.1.21/compute/v2.1/servers/356de7b6-aa6c-4854-9e93-24cb71e3f1df 3.807s
2025-04-09 13:03:21.165 70625 INFO tempest.lib.common.rest_client [req-65d23e31-2602-4241-bff1-8501d8027d6b req-65d23e31-2602-4241-bff1-8501d8027d6b ] Request (AttachVolumeNegativeTest:setUpClass): 201 POST http://10.180.1.21/identity/v3/auth/tokens 0.084s
2025-04-09 13:03:21.175 70615 INFO tempest.common.waiters [-] State transition "BUILD/spawning" ==> "ACTIVE/None" after 25 second wait
2025-04-09 13:03:21.215 70619 INFO tempest.lib.common.rest_client [req-bb206f09-e1a1-4aa5-b09c-0fa17c25dc61 req-bb206f09-e1a1-4aa5-b09c-0fa17c25dc61 ] Request (ServersV294TestFqdnHostnames:setUpClass): 202 POST http://10.180.1.21/compute/v2.1/servers 4.391s
2025-04-09 13:03:21.226 70625 INFO tempest.lib.common.rest_client [req-8b51db24-9a8c-434f-93d2-5934b16d59f0 req-8b51db24-9a8c-434f-93d2-5934b16d59f0 ] Request (AttachVolumeNegativeTest:setUpClass): 201 POST http://10.180.1.21/identity/v3/auth/tokens 0.055s
2025-04-09 13:03:21.255 70607 INFO tempest.lib.common.rest_client [req-756bfaf2-d859-4642-834d-914c108a89f9 req-756bfaf2-d859-4642-834d-914c108a89f9 ] Request (ServerDiagnosticsNegativeTest:tearDownClass): 204 DELETE http://10.180.1.21:9696/networking/v2.0/security-groups/fae1ad8d-4f7f-4ed7-8d2e-f4cf2edbe3b1 0.507s
2025-04-09 13:03:21.269 70625 INFO tempest.lib.common.rest_client [req-dbf9be28-4041-4845-92d3-0ec7e5ef6ed6 req-dbf9be28-4041-4845-92d3-0ec7e5ef6ed6 ] Request (AttachVolumeNegativeTest:setUpClass): 200 GET http://10.180.1.21/identity/v3/domains?name=Default 0.043s
2025-04-09 13:03:21.307 70637 INFO tempest.lib.common.rest_client [req-0965d0b2-eafd-4381-ac15-7c49d132d2f6 req-0965d0b2-eafd-4381-ac15-7c49d132d2f6 ] Request (ServerTagsTestJSON:setUpClass): 200 GET http://10.180.1.21/compute/v2.1/servers/1b7859a9-ef7e-493b-abd5-e8a14b9fe562 3.931s
2025-04-09 13:03:21.329 70637 INFO tempest.common.waiters [-] State transition "BUILD/scheduling" ==> "BUILD/None" after 5 second wait
2025-04-09 13:03:21.337 70625 INFO tempest.lib.common.rest_client [req-af8373e5-c04a-4d84-a5f5-f02d166ee358 req-af8373e5-c04a-4d84-a5f5-f02d166ee358 ] Request (AttachVolumeNegativeTest:setUpClass): 201 POST http://10.180.1.21/identity/v3/projects 0.068s
2025-04-09 13:03:21.416 70601 INFO tempest.lib.common.rest_client [req-de9570cb-ec09-4180-8f96-d6dbfea66457 req-de9570cb-ec09-4180-8f96-d6dbfea66457 ] Request (InstanceActionsTestJSON:tearDownClass): 200 GET http://10.180.1.21/compute/v2.1/servers/5140f842-8de3-4136-8ce3-59d5ad097d95 3.939s
2025-04-09 13:03:21.416 70589 INFO tempest.lib.common.rest_client [req-f36782ad-ce05-4979-9ccf-1b1a9fefedaf req-f36782ad-ce05-4979-9ccf-1b1a9fefedaf ] Request (SecurityGroupsTestJSON:test_list_security_groups_by_server): 200 GET http://10.180.1.21/compute/v2.1/servers/49982973-7207-4c45-ae5b-e947f96b6c9e 3.908s
2025-04-09 13:03:21.439 70607 INFO tempest.lib.common.rest_client [req-dee637a9-9dcc-4382-b830-fc0e4a73ecaf req-dee637a9-9dcc-4382-b830-fc0e4a73ecaf ] Request (ServerDiagnosticsNegativeTest:tearDownClass): 204 DELETE http://10.180.1.21/identity/v3/projects/25c79993c42541c8bf916f7322d725d8 0.183s
2025-04-09 13:03:21.439 70607 INFO tempest.lib.common.dynamic_creds [-] Deleting project and security group for project: 95bed1f2ecb041a79997d6b4d6717b9d
2025-04-09 13:03:21.492 70607 INFO tempest.lib.common.rest_client [req-d7747626-b178-4daa-b6e4-dcc204d4f057 req-d7747626-b178-4daa-b6e4-dcc204d4f057 ] Request (ServerDiagnosticsNegativeTest:tearDownClass): 200 GET http://10.180.1.21:9696/networking/v2.0/security-groups?tenant_id=95bed1f2ecb041a79997d6b4d6717b9d&name=default 0.053s
2025-04-09 13:03:21.498 70603 INFO tempest.lib.common.rest_client [req-aa5fcf72-c8dc-4a88-9296-eb3006722908 req-aa5fcf72-c8dc-4a88-9296-eb3006722908 ] Request (ServersWithSpecificFlavorTestJSON:test_verify_created_server_ephemeral_disk): 200 GET http://10.180.1.21/compute/v2.1/servers/d8eaadff-163f-45bf-9a8a-2643106b8ba8 3.241s
2025-04-09 13:03:21.532 70625 INFO tempest.lib.common.rest_client [req-889bbc3e-06fc-49f8-bbcb-b8dc68ab7ccc req-889bbc3e-06fc-49f8-bbcb-b8dc68ab7ccc ] Request (AttachVolumeNegativeTest:setUpClass): 201 POST http://10.180.1.21/identity/v3/users 0.194s
2025-04-09 13:03:21.572 70625 INFO tempest.lib.common.rest_client [req-9e62585d-41f5-4f2d-95c7-40e1f42a3cac req-9e62585d-41f5-4f2d-95c7-40e1f42a3cac ] Request (AttachVolumeNegativeTest:setUpClass): 200 GET http://10.180.1.21/identity/v3/roles 0.039s
2025-04-09 13:03:21.576 70627 INFO tempest.lib.common.rest_client [req-22bede13-3842-4834-bc96-8512866424a9 req-22bede13-3842-4834-bc96-8512866424a9 ] Request (ServersTestJSON:setUpClass): 200 PUT http://10.180.1.21:9696/networking/v2.0/floatingips/191d10ac-c800-4343-a002-bf93491c2dc0 1.479s
2025-04-09 13:03:21.580 70591 INFO tempest.lib.common.rest_client [req-69f7b8d7-8647-4fd3-867c-1469e84fcc6a req-69f7b8d7-8647-4fd3-867c-1469e84fcc6a ] Request (ServersAdminNegativeTestJSON:test_migrate_server_invalid_state): 200 GET http://10.180.1.21/compute/v2.1/servers/4d5ee77c-cb2b-4b11-bca2-d7a06ad939e5 2.545s
2025-04-09 13:03:21.593 70607 INFO tempest.lib.common.rest_client [req-5794b0d3-52a2-4bc1-a9b5-f73b343fd0a4 req-5794b0d3-52a2-4bc1-a9b5-f73b343fd0a4 ] Request (ServerDiagnosticsNegativeTest:tearDownClass): 204 DELETE http://10.180.1.21:9696/networking/v2.0/security-groups/c89e00e7-da38-440b-a39c-f11bc43d2411 0.101s
2025-04-09 13:03:21.609 70625 INFO tempest.lib.common.rest_client [req-75eb1774-b99a-46fb-8a45-c38c70cb148b req-75eb1774-b99a-46fb-8a45-c38c70cb148b ] Request (AttachVolumeNegativeTest:setUpClass): 204 PUT http://10.180.1.21/identity/v3/projects/d0c64f81514a42408f3f8b7ef9b35360/users/347167b6dece495f8c9d8abc29004340/roles/a7b91e02de994f4782be3d9ba4168be6 0.036s
2025-04-09 13:03:21.609 70625 INFO tempest.lib.common.dynamic_creds [-] Dynamic test user 347167b6dece495f8c9d8abc29004340 is created with scope project and roles: ['member']
2025-04-09 13:03:21.610 70625 INFO tempest.lib.common.dynamic_creds [-] Acquired dynamic creds: credentials: Credentials: {'domain_id': 'default', 'domain_name': 'Default', 'username': 'tempest-AttachVolumeNegativeTest-2103894018-project-member', 'project_domain_id': 'default', 'project_domain_name': 'Default', 'project_id': 'd0c64f81514a42408f3f8b7ef9b35360', 'project_name': 'tempest-AttachVolumeNegativeTest-2103894018', 'tenant_id': 'd0c64f81514a42408f3f8b7ef9b35360', 'tenant_name': 'tempest-AttachVolumeNegativeTest-2103894018', 'user_domain_id': 'default', 'user_domain_name': 'Default', 'user_id': '347167b6dece495f8c9d8abc29004340', 'system': None}, Network: None, Subnet: None, Router: None
2025-04-09 13:03:21.645 70605 INFO tempest.lib.common.rest_client [req-e6e352f1-3dc0-4fd7-ac7a-628a46299b27 req-e6e352f1-3dc0-4fd7-ac7a-628a46299b27 ] Request (ListServerFiltersTestJSON:setUpClass): 200 GET http://10.180.1.21/compute/v2.1/servers/def44f3d-a6f7-4948-b813-f6313ff00bd6 2.342s
2025-04-09 13:03:21.668 70625 INFO tempest.lib.common.rest_client [req-67e7e42b-511e-4774-a8c1-8d0b6f892419 req-67e7e42b-511e-4774-a8c1-8d0b6f892419 ] Request (AttachVolumeNegativeTest:setUpClass): 201 POST http://10.180.1.21/identity/v3/auth/tokens 0.057s
2025-04-09 13:03:21.714 70607 INFO tempest.lib.common.rest_client [req-8aaaee5e-b628-4362-84d5-9c748b20bbfc req-8aaaee5e-b628-4362-84d5-9c748b20bbfc ] Request (ServerDiagnosticsNegativeTest:tearDownClass): 204 DELETE http://10.180.1.21/identity/v3/projects/95bed1f2ecb041a79997d6b4d6717b9d 0.121s
2025-04-09 13:03:21.826 70587 INFO tempest.lib.common.rest_client [req-0bc3ec37-0ec7-4315-a07b-cce1fd9a758e req-0bc3ec37-0ec7-4315-a07b-cce1fd9a758e ] Request (VolumesSnapshotsTestJSON:test_volume_snapshot_create_get_list_delete): 200 POST http://10.180.1.21/compute/v2.1/os-volumes 4.283s
2025-04-09 13:03:21.867 70607 INFO tempest.lib.common.rest_client [req-80e8f3bc-0e0f-4ac3-a440-09a2927a1a83 req-80e8f3bc-0e0f-4ac3-a440-09a2927a1a83 ] Request (ServicesAdminNegativeTestJSON:setUpClass): 201 POST http://10.180.1.21/identity/v3/auth/tokens 0.150s
2025-04-09 13:03:21.921 70607 INFO tempest.lib.common.rest_client [req-cc0e8e8f-1c97-4000-b55e-c444729c9c0f req-cc0e8e8f-1c97-4000-b55e-c444729c9c0f ] Request (ServicesAdminNegativeTestJSON:setUpClass): 201 POST http://10.180.1.21/identity/v3/auth/tokens 0.052s
2025-04-09 13:03:21.937 70614 INFO tempest.lib.common.rest_client [req-16a39573-0f08-40e1-8f1c-15267f1cc2fd req-16a39573-0f08-40e1-8f1c-15267f1cc2fd ] Request (ImagesNegativeTestJSON:test_create_image_from_deleted_server): 204 DELETE http://10.180.1.21/compute/v2.1/servers/e23641b5-1054-4c89-9b63-98f1994e09ee 2.374s
2025-04-09 13:03:21.978 70607 INFO tempest.lib.common.rest_client [req-0e7b9f1e-c118-4200-9419-8fd673b91807 req-0e7b9f1e-c118-4200-9419-8fd673b91807 ] Request (ServicesAdminNegativeTestJSON:setUpClass): 200 GET http://10.180.1.21/identity/v3/domains?name=Default 0.056s
2025-04-09 13:03:22.021 70607 INFO tempest.lib.common.rest_client [req-2019e2c7-6bb6-4da4-bc59-6bc0acdb22f8 req-2019e2c7-6bb6-4da4-bc59-6bc0acdb22f8 ] Request (ServicesAdminNegativeTestJSON:setUpClass): 201 POST http://10.180.1.21/identity/v3/projects 0.042s
2025-04-09 13:03:22.050 70643 INFO tempest.lib.common.rest_client [req-d12a5b97-8637-4aa8-a5a9-45dd109aa051 req-d12a5b97-8637-4aa8-a5a9-45dd109aa051 ] Request (ServerDiagnosticsV248Test:tearDownClass): 204 DELETE http://10.180.1.21/compute/v2.1/servers/271fabab-cc8d-418a-ad9e-f07b8d3a8b98 2.421s
2025-04-09 13:03:22.116 70607 INFO tempest.lib.common.rest_client [req-51e91ce6-71eb-4b0e-8399-f88c30bd6a81 req-51e91ce6-71eb-4b0e-8399-f88c30bd6a81 ] Request (ServicesAdminNegativeTestJSON:setUpClass): 201 POST http://10.180.1.21/identity/v3/users 0.095s
2025-04-09 13:03:22.148 70607 INFO tempest.lib.common.rest_client [req-19bb0183-89b9-458e-b86b-dc1666edd3cc req-19bb0183-89b9-458e-b86b-dc1666edd3cc ] Request (ServicesAdminNegativeTestJSON:setUpClass): 200 GET http://10.180.1.21/identity/v3/roles 0.031s
2025-04-09 13:03:22.159 70621 INFO tempest.lib.common.rest_client [req-e23dff7a-9691-4fcb-8f48-eaaa59da1141 req-e23dff7a-9691-4fcb-8f48-eaaa59da1141 ] Request (ServerShowV257Test:tearDownClass): 204 DELETE http://10.180.1.21/compute/v2.1/servers/c0833a2f-bd5c-4fb9-b41b-d5145df312df 2.505s
2025-04-09 13:03:22.197 70607 INFO tempest.lib.common.rest_client [req-7ff17b6b-1f96-4fec-8960-024e39022e28 req-7ff17b6b-1f96-4fec-8960-024e39022e28 ] Request (ServicesAdminNegativeTestJSON:setUpClass): 204 PUT http://10.180.1.21/identity/v3/projects/a5af7c3e2860447d95901cc3414ba9d1/users/137fb835652d489f8a2c5c8b22b93b77/roles/a7b91e02de994f4782be3d9ba4168be6 0.049s
2025-04-09 13:03:22.198 70607 INFO tempest.lib.common.dynamic_creds [-] Dynamic test user 137fb835652d489f8a2c5c8b22b93b77 is created with scope project and roles: ['member']
2025-04-09 13:03:22.198 70607 INFO tempest.lib.common.dynamic_creds [-] Acquired dynamic creds: credentials: Credentials: {'domain_id': 'default', 'domain_name': 'Default', 'username': 'tempest-ServicesAdminNegativeTestJSON-1728835697-project-member', 'project_domain_id': 'default', 'project_domain_name': 'Default', 'project_id': 'a5af7c3e2860447d95901cc3414ba9d1', 'project_name': 'tempest-ServicesAdminNegativeTestJSON-1728835697', 'tenant_id': 'a5af7c3e2860447d95901cc3414ba9d1', 'tenant_name': 'tempest-ServicesAdminNegativeTestJSON-1728835697', 'user_domain_id': 'default', 'user_domain_name': 'Default', 'user_id': '137fb835652d489f8a2c5c8b22b93b77', 'system': None}, Network: None, Subnet: None, Router: None
2025-04-09 13:03:22.198 70607 INFO tempest.lib.common.dynamic_creds [-] Created isolated network resources for: credentials: Credentials: {'domain_id': 'default', 'domain_name': 'Default', 'username': 'tempest-ServicesAdminNegativeTestJSON-1728835697-project-member', 'project_domain_id': 'default', 'project_domain_name': 'Default', 'project_id': 'a5af7c3e2860447d95901cc3414ba9d1', 'project_name': 'tempest-ServicesAdminNegativeTestJSON-1728835697', 'tenant_id': 'a5af7c3e2860447d95901cc3414ba9d1', 'tenant_name': 'tempest-ServicesAdminNegativeTestJSON-1728835697', 'user_domain_id': 'default', 'user_domain_name': 'Default', 'user_id': '137fb835652d489f8a2c5c8b22b93b77', 'system': None}, Network: None, Subnet: None, Router: None
2025-04-09 13:03:22.202 70625 INFO tempest.lib.common.rest_client [req-b993b2e6-e06f-4168-9c37-1191b42b8084 req-b993b2e6-e06f-4168-9c37-1191b42b8084 ] Request (AttachVolumeNegativeTest:setUpClass): 201 POST http://10.180.1.21:9696/networking/v2.0/networks 0.534s
2025-04-09 13:03:22.254 70617 INFO tempest.lib.common.rest_client [req-57e77da7-93a0-4f24-b2f3-6655c9cfee66 req-57e77da7-93a0-4f24-b2f3-6655c9cfee66 ] Request (TenantUsagesTestJSON:setUpClass): 202 POST http://10.180.1.21/compute/v2.1/servers 2.908s
2025-04-09 13:03:22.299 70607 INFO tempest.lib.common.rest_client [req-297cb02b-6c58-44f6-b17e-b39f26221204 req-297cb02b-6c58-44f6-b17e-b39f26221204 ] Request (ServicesAdminNegativeTestJSON:setUpClass): 201 POST http://10.180.1.21/identity/v3/auth/tokens 0.097s
2025-04-09 13:03:22.299 70595 INFO tempest.lib.common.rest_client [req-fc0bf7cc-e55a-4ac0-87e3-75e0e2784642 req-fc0bf7cc-e55a-4ac0-87e3-75e0e2784642 ] Request (AggregatesAdminNegativeTestJSON:test_aggregate_remove_host_as_user): 200 POST http://10.180.1.21/compute/v2.1/os-aggregates 2.427s
2025-04-09 13:03:22.385 70631 INFO tempest.lib.common.rest_client [req-c3d09ac2-b699-49ba-9ec8-0fd82058eebf req-c3d09ac2-b699-49ba-9ec8-0fd82058eebf ] Request (ImagesTestJSON:test_create_image_from_stopped_server): 200 GET http://10.180.1.21/compute/v2.1/images/54991e6e-8f46-4aee-a6e3-bc0e244d5f30 2.373s
2025-04-09 13:03:22.396 70645 INFO tempest.lib.common.rest_client [req-57ee2e27-edcf-4a49-85c3-a0035edb1e98 req-57ee2e27-edcf-4a49-85c3-a0035edb1e98 ] Request (QuotasAdminTestJSON:test_get_updated_quotas): 200 GET http://10.180.1.21/compute/v2.1/os-quota-sets/eb7e74d36b5549c2a059a749cd2d94a6/detail 2.529s
2025-04-09 13:03:22.419 70607 INFO tempest.lib.common.rest_client [req-7855ec52-0ca7-4c2d-a092-16718ebc47ff req-7855ec52-0ca7-4c2d-a092-16718ebc47ff ] Request (ServicesAdminNegativeTestJSON:setUpClass): 201 POST http://10.180.1.21/identity/v3/projects 0.120s
2025-04-09 13:03:22.424 70631 INFO tempest.lib.common.rest_client [req-2e15f110-d61c-4a6b-b6c9-48507d94fe23 req-2e15f110-d61c-4a6b-b6c9-48507d94fe23 ] Request (ImagesTestJSON:test_create_image_from_stopped_server): 200 GET http://10.180.1.21/image/v2/images/54991e6e-8f46-4aee-a6e3-bc0e244d5f30/tasks 0.034s
2025-04-09 13:03:22.461 70625 INFO tempest.lib.common.rest_client [req-93161ea2-4d4d-473a-a785-2edf854891f1 req-93161ea2-4d4d-473a-a785-2edf854891f1 ] Request (AttachVolumeNegativeTest:setUpClass): 201 POST http://10.180.1.21:9696/networking/v2.0/subnets 0.258s
2025-04-09 13:03:22.585 70609 INFO tempest.lib.common.rest_client [req-53d1fbe1-338a-402c-acc1-75f2ea9454c4 req-53d1fbe1-338a-402c-acc1-75f2ea9454c4 ] Request (VolumesAdminNegativeTest:test_update_attached_volume_with_nonexistent_volume_in_body): 200 POST http://10.180.1.21/compute/v2.1/os-keypairs 2.432s
2025-04-09 13:03:22.624 70645 INFO tempest.lib.common.rest_client [req-6b18c6f9-1e33-4d6d-b03b-25f439a81aef req-6b18c6f9-1e33-4d6d-b03b-25f439a81aef ] Request (QuotasAdminTestJSON:test_get_updated_quotas): 200 GET http://10.180.1.21/identity/v3/domains?name=Default 0.218s
2025-04-09 13:03:22.669 70607 INFO tempest.lib.common.rest_client [req-98c4f7c7-46b4-4d4f-8b27-32d786308077 req-98c4f7c7-46b4-4d4f-8b27-32d786308077 ] Request (ServicesAdminNegativeTestJSON:setUpClass): 201 POST http://10.180.1.21/identity/v3/users 0.249s
2025-04-09 13:03:22.720 70645 INFO tempest.lib.common.rest_client [req-889d43b2-be0f-45a5-b5ac-9d868dd26956 req-889d43b2-be0f-45a5-b5ac-9d868dd26956 ] Request (QuotasAdminTestJSON:test_get_updated_quotas): 201 POST http://10.180.1.21/identity/v3/users 0.096s
2025-04-09 13:03:22.733 70593 INFO tempest.lib.common.rest_client [req-09fe6ec3-601d-4786-aec6-d5c1b9c98163 req-09fe6ec3-601d-4786-aec6-d5c1b9c98163 ] Request (ServersAdmin275Test:test_rebuild_update_server_275): 202 POST http://10.180.1.21/compute/v2.1/servers 2.502s
2025-04-09 13:03:22.747 70645 INFO tempest.lib.common.rest_client [req-34f8710f-20c4-4d86-983c-f96e8c76d82c req-34f8710f-20c4-4d86-983c-f96e8c76d82c ] Request (QuotasAdminTestJSON:test_get_updated_quotas): 200 GET http://10.180.1.21/identity/v3/domains?name=Default 0.026s
2025-04-09 13:03:22.754 70607 INFO tempest.lib.common.rest_client [req-5be1940a-60b3-4765-9e38-4f0e9d483218 req-5be1940a-60b3-4765-9e38-4f0e9d483218 ] Request (ServicesAdminNegativeTestJSON:setUpClass): 200 GET http://10.180.1.21/identity/v3/roles 0.084s
