2025-04-10 13:34:52.179 69339 INFO tempest.lib.common.rest_client [req-7f97e2db-7a04-4c8c-8a0c-e784d31f9982 req-7f97e2db-7a04-4c8c-8a0c-e784d31f9982 ] Request (FlavorsAdminTestJSON:test_is_public_string_variations): 200 GET http://10.180.1.21/compute/v2.1/flavors/detail?is_public=true 1.251s
2025-04-10 13:34:52.183 69313 INFO tempest.lib.common.rest_client [req-6e0e17c5-8cd2-4dc7-a97b-b72eed20ea7a req-6e0e17c5-8cd2-4dc7-a97b-b72eed20ea7a ] Request (ListServerFiltersTestJSON:setUpClass): 200 GET http://10.180.1.21/compute/v2.1/servers/d8db9bfa-336f-48b6-b0b5-3aa3e97f5698 1.282s
2025-04-10 13:34:52.202 69337 INFO tempest.lib.common.rest_client [req-b6d760f4-d683-44ac-b4d4-b0e8dc35670d req-b6d760f4-d683-44ac-b4d4-b0e8dc35670d ] Request (ServerActionsTestOtherA:setUpClass): 201 POST http://10.180.1.21:9696/networking/v2.0/floatingips 0.670s
2025-04-10 13:34:52.209 69327 INFO tempest.lib.common.rest_client [req-be8f38a8-a122-4f4b-a19f-28c022669781 req-be8f38a8-a122-4f4b-a19f-28c022669781 ] Request (QuotasAdminTestV257:tearDownClass): 201 POST http://10.180.1.21/identity/v3/auth/tokens 0.059s
2025-04-10 13:34:52.223 69365 INFO tempest.lib.common.rest_client [req-6dc5b3cd-1c53-484b-af53-b0c295a6043a req-6dc5b3cd-1c53-484b-af53-b0c295a6043a ] Request (ServersAdmin275Test:tearDownClass): 200 GET http://10.180.1.21:9696/networking/v2.0/security-groups?tenant_id=1a8fb7cf7c954671a9aa30e1428f5829&name=default 0.179s
2025-04-10 13:34:52.238 69311 INFO tempest.lib.common.rest_client [req-d6a3eba0-2e1e-434b-a3e6-1026b0930ce9 req-d6a3eba0-2e1e-434b-a3e6-1026b0930ce9 ] Request (ServerDiagnosticsV248Test:test_get_server_diagnostics): 200 GET http://10.180.1.21/compute/v2.1/servers/a00267a5-aa1c-434f-8201-157481bc0801 1.024s
2025-04-10 13:34:52.263 69337 INFO tempest.lib.common.rest_client [req-7f07ae3e-2d2a-43ef-a153-a0154b3bc442 req-7f07ae3e-2d2a-43ef-a153-a0154b3bc442 ] Request (ServerActionsTestOtherA:setUpClass): 201 POST http://10.180.1.21/identity/v3/auth/tokens 0.059s
2025-04-10 13:34:52.264 69337 INFO tempest.lib.common.fixed_network [-] (ServerActionsTestOtherA:setUpClass) Found network {'id': 'd4c0d436-fa50-4270-942b-6b322e8eeae1', 'name': 'tempest-ServerActionsTestOtherA-1656388454-network', 'tenant_id': '2c0ed12cb0e441ab854b7cf5f3b6c1e8', 'admin_state_up': True, 'mtu': 8950, 'status': 'ACTIVE', 'subnets': [], 'shared': False, 'project_id': '2c0ed12cb0e441ab854b7cf5f3b6c1e8', 'port_security_enabled': True, 'router:external': False, 'provider:network_type': 'vlan', 'provider:physical_network': 'default', 'provider:segmentation_id': 166, 'is_default': False, 'availability_zone_hints': [], 'availability_zones': [], 'ipv4_address_scope': None, 'ipv6_address_scope': None, 'description': '', 'tags': [], 'created_at': '2025-04-10T13:34:41Z', 'updated_at': '2025-04-10T13:34:42Z', 'revision_number': 1} available for tenant
2025-04-10 13:34:52.286 69317 INFO tempest.lib.common.rest_client [req-3038476b-6576-4ed9-b9cd-edb779e0a66d req-3038476b-6576-4ed9-b9cd-edb779e0a66d ] Request (ServerShowV257Test:test_rebuild_server): 200 GET http://10.180.1.21/compute/v2.1/servers/8e40eb4c-9c1e-4147-beb3-0d5fa311b9d9 0.879s
2025-04-10 13:34:52.300 69365 INFO tempest.lib.common.rest_client [req-170427e8-2571-4c6d-9f14-ed4da1db6016 req-170427e8-2571-4c6d-9f14-ed4da1db6016 ] Request (ServersAdmin275Test:tearDownClass): 204 DELETE http://10.180.1.21:9696/networking/v2.0/security-groups/85b4a02b-4ea1-4834-9b12-a103d24335b7 0.076s
2025-04-10 13:34:52.362 69365 INFO tempest.lib.common.rest_client [req-6b59627a-eb3b-4399-ac89-26b2be2c35df req-6b59627a-eb3b-4399-ac89-26b2be2c35df ] Request (ServersAdmin275Test:tearDownClass): 204 DELETE http://10.180.1.21/identity/v3/projects/1a8fb7cf7c954671a9aa30e1428f5829 0.062s
2025-04-10 13:34:52.397 69327 INFO tempest.lib.common.rest_client [req-0fccf40a-566b-4bdd-b5d3-428c3f643b52 req-0fccf40a-566b-4bdd-b5d3-428c3f643b52 ] Request (QuotasAdminTestV257:tearDownClass): 200 GET http://10.180.1.21:9696/networking/v2.0/security-groups?tenant_id=355a3f3ed0e34259ae16372f7b845249&name=default 0.187s
2025-04-10 13:34:52.419 69365 INFO tempest.lib.common.rest_client [req-eb5e0a16-4edf-45e8-837e-09d97e425dd7 req-eb5e0a16-4edf-45e8-837e-09d97e425dd7 ] Request (ServersTestBootFromVolume:setUpClass): 201 POST http://10.180.1.21/identity/v3/auth/tokens 0.055s
2025-04-10 13:34:52.450 69365 INFO tempest.lib.common.rest_client [req-52706ddb-bc6d-4cb9-93fa-5299c8000abc req-52706ddb-bc6d-4cb9-93fa-5299c8000abc ] Request (ServersTestBootFromVolume:setUpClass): 201 POST http://10.180.1.21/identity/v3/auth/tokens 0.028s
2025-04-10 13:34:52.469 69365 INFO tempest.lib.common.rest_client [req-889545c3-f0ba-4f54-956d-ac3c1ad51b6d req-889545c3-f0ba-4f54-956d-ac3c1ad51b6d ] Request (ServersTestBootFromVolume:setUpClass): 200 GET http://10.180.1.21/identity/v3/domains?name=Default 0.018s
2025-04-10 13:34:52.494 69365 INFO tempest.lib.common.rest_client [req-ea8958b5-ac43-45fc-b162-f7f413beb972 req-ea8958b5-ac43-45fc-b162-f7f413beb972 ] Request (ServersTestBootFromVolume:setUpClass): 201 POST http://10.180.1.21/identity/v3/projects 0.025s
2025-04-10 13:34:52.544 69365 INFO tempest.lib.common.rest_client [req-f390823d-729a-4779-881c-36fac2fa1fd6 req-f390823d-729a-4779-881c-36fac2fa1fd6 ] Request (ServersTestBootFromVolume:setUpClass): 201 POST http://10.180.1.21/identity/v3/users 0.049s
2025-04-10 13:34:52.561 69365 INFO tempest.lib.common.rest_client [req-579eb455-832c-4508-9e28-4d00e566eeee req-579eb455-832c-4508-9e28-4d00e566eeee ] Request (ServersTestBootFromVolume:setUpClass): 200 GET http://10.180.1.21/identity/v3/roles 0.016s
2025-04-10 13:34:52.588 69365 INFO tempest.lib.common.rest_client [req-54163e8b-3c05-4ad7-9bf8-9ef782cada66 req-54163e8b-3c05-4ad7-9bf8-9ef782cada66 ] Request (ServersTestBootFromVolume:setUpClass): 204 PUT http://10.180.1.21/identity/v3/projects/b7498449753f440fa5d710e7fb77035b/users/74be5891685d46af93d631287633bb25/roles/23c65fe67480413b8a52a3ffff9efabd 0.027s
2025-04-10 13:34:52.588 69365 INFO tempest.lib.common.dynamic_creds [-] Dynamic test user 74be5891685d46af93d631287633bb25 is created with scope project and roles: ['member']
2025-04-10 13:34:52.589 69365 INFO tempest.lib.common.dynamic_creds [-] Acquired dynamic creds: credentials: Credentials: {'domain_id': 'default', 'domain_name': 'Default', 'username': 'tempest-ServersTestBootFromVolume-666257734-project-member', 'project_domain_id': 'default', 'project_domain_name': 'Default', 'project_id': 'b7498449753f440fa5d710e7fb77035b', 'project_name': 'tempest-ServersTestBootFromVolume-666257734', 'tenant_id': 'b7498449753f440fa5d710e7fb77035b', 'tenant_name': 'tempest-ServersTestBootFromVolume-666257734', 'user_domain_id': 'default', 'user_domain_name': 'Default', 'user_id': '74be5891685d46af93d631287633bb25', 'system': None}, Network: None, Subnet: None, Router: None
2025-04-10 13:34:52.642 69365 INFO tempest.lib.common.rest_client [req-cecf778b-7211-45ba-bf65-502d7af02a69 req-cecf778b-7211-45ba-bf65-502d7af02a69 ] Request (ServersTestBootFromVolume:setUpClass): 201 POST http://10.180.1.21/identity/v3/auth/tokens 0.053s
2025-04-10 13:34:52.687 69345 INFO tempest.lib.common.rest_client [req-fe2ba5b9-0e5c-420f-b361-523d31e16a2d req-fe2ba5b9-0e5c-420f-b361-523d31e16a2d ] Request (ImagesOneServerTestJSON:setUpClass): 202 POST http://10.180.1.21/compute/v2.1/servers 1.201s
2025-04-10 13:34:52.713 69327 INFO tempest.lib.common.rest_client [req-b5357105-73b4-476b-b9cb-96509042caf1 req-b5357105-73b4-476b-b9cb-96509042caf1 ] Request (QuotasAdminTestV257:tearDownClass): 204 DELETE http://10.180.1.21:9696/networking/v2.0/security-groups/052e9722-5ec7-4c23-a5b5-3b2ff024cb2d 0.316s
2025-04-10 13:34:52.792 69327 INFO tempest.lib.common.rest_client [req-64e6eaa3-8c08-483f-bc45-49b414ca4ff2 req-64e6eaa3-8c08-483f-bc45-49b414ca4ff2 ] Request (QuotasAdminTestV257:tearDownClass): 204 DELETE http://10.180.1.21/identity/v3/projects/355a3f3ed0e34259ae16372f7b845249 0.078s
2025-04-10 13:34:52.792 69327 INFO tempest.lib.common.dynamic_creds [-] Deleting project and security group for project: d0015df2182c4dcb90e4da04991a1759
2025-04-10 13:34:52.849 69355 INFO tempest.lib.common.rest_client [req-79ae51cd-9e48-4778-a42e-a3769f33f3ed req-79ae51cd-9e48-4778-a42e-a3769f33f3ed ] Request (DeleteServersAdminTestJSON:test_admin_delete_servers_of_others): 200 GET http://10.180.1.21/compute/v2.1/servers/657170ea-02c4-4bc9-97d0-9aa3960fcaf9 1.214s
2025-04-10 13:34:52.878 69327 INFO tempest.lib.common.rest_client [req-b115b9ac-6f4c-4de2-9fce-5b533e6f6e01 req-b115b9ac-6f4c-4de2-9fce-5b533e6f6e01 ] Request (QuotasAdminTestV257:tearDownClass): 200 GET http://10.180.1.21:9696/networking/v2.0/security-groups?tenant_id=d0015df2182c4dcb90e4da04991a1759&name=default 0.086s
2025-04-10 13:34:52.892 69329 INFO tempest.lib.common.rest_client [req-361b5fc3-c112-431b-8930-ecb8c4a23db8 req-361b5fc3-c112-431b-8930-ecb8c4a23db8 ] Request (FloatingIPsAssociationNegativeTestJSON:setUpClass): 202 POST http://10.180.1.21/compute/v2.1/servers 1.682s
2025-04-10 13:34:52.923 69331 INFO tempest.lib.common.rest_client [req-8a79102a-03c1-4d5f-a87f-87e23d46ca6e req-8a79102a-03c1-4d5f-a87f-87e23d46ca6e ] Request (VolumesAdminNegativeTest:test_update_attached_volume_with_nonexistent_volume_in_body): 200 GET http://10.180.1.21/compute/v2.1/servers/362a7b3c-f0b2-46e6-a9fa-2c284a059d73 1.244s
2025-04-10 13:34:52.950 69343 INFO tempest.lib.common.rest_client [req-41a85704-585f-4c96-8921-1a7d38980833 req-41a85704-585f-4c96-8921-1a7d38980833 ] Request (SecurityGroupsTestJSON:test_list_security_groups_by_server): 200 GET http://10.180.1.21/compute/v2.1/servers/c2497714-9a08-4ab0-9371-33060724f9d6 1.174s
2025-04-10 13:34:52.951 69341 INFO tempest.lib.common.rest_client [req-c5fd4729-0995-4313-a659-a8986f88eb95 req-c5fd4729-0995-4313-a659-a8986f88eb95 ] Request (FlavorsV261TestJSON:test_crud_flavor): 200 GET http://10.180.1.21/compute/v2.1/flavors/detail 1.075s
2025-04-10 13:34:52.963 69365 INFO tempest.lib.common.rest_client [req-5828ebfd-0d13-414e-a97e-296ff12979ab req-5828ebfd-0d13-414e-a97e-296ff12979ab ] Request (ServersTestBootFromVolume:setUpClass): 201 POST http://10.180.1.21:9696/networking/v2.0/networks 0.321s
2025-04-10 13:34:52.998 69327 INFO tempest.lib.common.rest_client [req-e2e9888b-cdbe-4da1-b062-ea8e962b01ba req-e2e9888b-cdbe-4da1-b062-ea8e962b01ba ] Request (QuotasAdminTestV257:tearDownClass): 204 DELETE http://10.180.1.21:9696/networking/v2.0/security-groups/7cceaf58-45c9-4470-9932-71a53adc86e1 0.120s
2025-04-10 13:34:53.021 69333 INFO tempest.lib.common.rest_client [req-a7fad246-9a2f-4f3d-9dfc-09bed67af24a req-a7fad246-9a2f-4f3d-9dfc-09bed67af24a ] Request (ServerActionsTestJSON:setUpClass): 200 GET http://10.180.1.21/compute/v2.1/servers/db769146-b610-4d0a-8329-b977d8450a27 1.008s
2025-04-10 13:34:53.117 69327 INFO tempest.lib.common.rest_client [req-2c7cdda2-5765-406a-b4e6-cf5484b1eff6 req-2c7cdda2-5765-406a-b4e6-cf5484b1eff6 ] Request (QuotasAdminTestV257:tearDownClass): 204 DELETE http://10.180.1.21/identity/v3/projects/d0015df2182c4dcb90e4da04991a1759 0.118s
2025-04-10 13:34:53.130 69357 INFO tempest.lib.common.rest_client [req-310eddf0-ceb1-4319-a16b-d73e87b7723b req-310eddf0-ceb1-4319-a16b-d73e87b7723b ] Request (ServerExternalEventsTest:test_create_server_external_events): 200 GET http://10.180.1.21/compute/v2.1/servers/2e16f12d-194a-47a5-824d-062a684a86f8 1.228s
2025-04-10 13:34:53.179 69327 INFO tempest.lib.common.rest_client [req-097f15aa-9bda-41c4-884c-aa245f244922 req-097f15aa-9bda-41c4-884c-aa245f244922 ] Request (QuotasAdminNegativeTest:setUpClass): 201 POST http://10.180.1.21/identity/v3/auth/tokens 0.061s
2025-04-10 13:34:53.187 69367 INFO tempest.lib.common.rest_client [req-31564bff-3788-4aa1-8cfc-93980dd93dd1 req-31564bff-3788-4aa1-8cfc-93980dd93dd1 ] Request (InstanceActionsTestJSON:setUpClass): 200 GET http://10.180.1.21/compute/v2.1/servers/ded28a13-a8c2-45aa-978e-2a1de389d958 1.065s
2025-04-10 13:34:53.192 69315 INFO tempest.lib.common.rest_client [req-86471a33-076a-4c79-a034-47752e77aef9 req-86471a33-076a-4c79-a034-47752e77aef9 ] Request (KeyPairsNegativeTestJSON:test_create_keypair_invalid_name): 400 POST http://10.180.1.21/compute/v2.1/os-keypairs 1.154s
2025-04-10 13:34:53.197 69365 INFO tempest.lib.common.rest_client [req-48338f2b-dcd2-447e-a808-4563a9cc59e5 req-48338f2b-dcd2-447e-a808-4563a9cc59e5 ] Request (ServersTestBootFromVolume:setUpClass): 201 POST http://10.180.1.21:9696/networking/v2.0/subnets 0.233s
2025-04-10 13:34:53.210 69369 INFO tempest.lib.common.rest_client [req-3db298f2-440d-4d25-a88d-22f3d7e8fa45 req-3db298f2-440d-4d25-a88d-22f3d7e8fa45 ] Request (AggregatesAdminNegativeTestJSON:test_aggregate_remove_nonexistent_host): 200 POST http://10.180.1.21/compute/v2.1/os-aggregates 1.076s
2025-04-10 13:34:53.226 69327 INFO tempest.lib.common.rest_client [req-5e7b7fbe-2dd0-49cb-a970-1dbbc6b1ccf3 req-5e7b7fbe-2dd0-49cb-a970-1dbbc6b1ccf3 ] Request (QuotasAdminNegativeTest:setUpClass): 201 POST http://10.180.1.21/identity/v3/auth/tokens 0.044s
2025-04-10 13:34:53.227 69339 INFO tempest.lib.common.rest_client [req-665ecd5e-280c-4239-9709-42b601de797a req-665ecd5e-280c-4239-9709-42b601de797a ] Request (FlavorsAdminTestJSON:test_is_public_string_variations): 200 GET http://10.180.1.21/compute/v2.1/flavors/detail?is_public=yes 1.042s
2025-04-10 13:34:53.255 69327 INFO tempest.lib.common.rest_client [req-094c0101-9ed8-4296-9762-841a699623a5 req-094c0101-9ed8-4296-9762-841a699623a5 ] Request (QuotasAdminNegativeTest:setUpClass): 200 GET http://10.180.1.21/identity/v3/domains?name=Default 0.029s
2025-04-10 13:34:53.281 69327 INFO tempest.lib.common.rest_client [req-9bf5fe4a-94fa-4ba7-9e44-c28b4e119c08 req-9bf5fe4a-94fa-4ba7-9e44-c28b4e119c08 ] Request (QuotasAdminNegativeTest:setUpClass): 201 POST http://10.180.1.21/identity/v3/projects 0.025s
2025-04-10 13:34:53.351 69327 INFO tempest.lib.common.rest_client [req-3e463f58-39bc-4b01-a32b-30abf80d7997 req-3e463f58-39bc-4b01-a32b-30abf80d7997 ] Request (QuotasAdminNegativeTest:setUpClass): 201 POST http://10.180.1.21/identity/v3/users 0.069s
2025-04-10 13:34:53.369 69327 INFO tempest.lib.common.rest_client [req-06c73faa-8a01-4e53-b30c-d53b0eb44a75 req-06c73faa-8a01-4e53-b30c-d53b0eb44a75 ] Request (QuotasAdminNegativeTest:setUpClass): 200 GET http://10.180.1.21/identity/v3/roles 0.018s
2025-04-10 13:34:53.390 69353 INFO tempest.lib.common.rest_client [req-281d6550-e603-4662-9f79-2329cb9c742c req-281d6550-e603-4662-9f79-2329cb9c742c ] Request (MigrationsAdminTest:test_list_migrations_in_flavor_resize_situation): 200 GET http://10.180.1.21/compute/v2.1/servers/6ad953b9-4ded-42cd-86e0-2b1b707be4e4 1.254s
2025-04-10 13:34:53.404 69327 INFO tempest.lib.common.rest_client [req-12e0b3ec-da6a-486b-ab77-b61f00aa9c5a req-12e0b3ec-da6a-486b-ab77-b61f00aa9c5a ] Request (QuotasAdminNegativeTest:setUpClass): 204 PUT http://10.180.1.21/identity/v3/projects/816cc32a3ab7413099d404cdd1785c84/users/6b0cb1fc6bc342248ea28b6da714156d/roles/23c65fe67480413b8a52a3ffff9efabd 0.034s
2025-04-10 13:34:53.404 69327 INFO tempest.lib.common.dynamic_creds [-] Dynamic test user 6b0cb1fc6bc342248ea28b6da714156d is created with scope project and roles: ['member']
2025-04-10 13:34:53.404 69327 INFO tempest.lib.common.dynamic_creds [-] Acquired dynamic creds: credentials: Credentials: {'domain_id': 'default', 'domain_name': 'Default', 'username': 'tempest-QuotasAdminNegativeTest-141045804-project-member', 'project_domain_id': 'default', 'project_domain_name': 'Default', 'project_id': '816cc32a3ab7413099d404cdd1785c84', 'project_name': 'tempest-QuotasAdminNegativeTest-141045804', 'tenant_id': '816cc32a3ab7413099d404cdd1785c84', 'tenant_name': 'tempest-QuotasAdminNegativeTest-141045804', 'user_domain_id': 'default', 'user_domain_name': 'Default', 'user_id': '6b0cb1fc6bc342248ea28b6da714156d', 'system': None}, Network: None, Subnet: None, Router: None
2025-04-10 13:34:53.405 69327 INFO tempest.lib.common.dynamic_creds [-] Created isolated network resources for: credentials: Credentials: {'domain_id': 'default', 'domain_name': 'Default', 'username': 'tempest-QuotasAdminNegativeTest-141045804-project-member', 'project_domain_id': 'default', 'project_domain_name': 'Default', 'project_id': '816cc32a3ab7413099d404cdd1785c84', 'project_name': 'tempest-QuotasAdminNegativeTest-141045804', 'tenant_id': '816cc32a3ab7413099d404cdd1785c84', 'tenant_name': 'tempest-QuotasAdminNegativeTest-141045804', 'user_domain_id': 'default', 'user_domain_name': 'Default', 'user_id': '6b0cb1fc6bc342248ea28b6da714156d', 'system': None}, Network: None, Subnet: None, Router: None
2025-04-10 13:34:53.480 69327 INFO tempest.lib.common.rest_client [req-a87f8d04-ff53-4213-902c-94cfad407dd0 req-a87f8d04-ff53-4213-902c-94cfad407dd0 ] Request (QuotasAdminNegativeTest:setUpClass): 201 POST http://10.180.1.21/identity/v3/auth/tokens 0.071s
2025-04-10 13:34:53.543 69327 INFO tempest.lib.common.rest_client [req-fc94265f-041b-49f2-9862-eaac446dbd02 req-fc94265f-041b-49f2-9862-eaac446dbd02 ] Request (QuotasAdminNegativeTest:setUpClass): 201 POST http://10.180.1.21/identity/v3/projects 0.062s
2025-04-10 13:34:53.603 69327 INFO tempest.lib.common.rest_client [req-677c1f17-1fb7-4e05-b6e7-b8de1b0af710 req-677c1f17-1fb7-4e05-b6e7-b8de1b0af710 ] Request (QuotasAdminNegativeTest:setUpClass): 201 POST http://10.180.1.21/identity/v3/users 0.059s
2025-04-10 13:34:53.623 69327 INFO tempest.lib.common.rest_client [req-436647e1-9ca8-4136-b5bf-007f96dbb49c req-436647e1-9ca8-4136-b5bf-007f96dbb49c ] Request (QuotasAdminNegativeTest:setUpClass): 200 GET http://10.180.1.21/identity/v3/roles 0.019s
2025-04-10 13:34:53.623 69337 INFO tempest.lib.common.rest_client [req-87d8db21-8f95-4e90-bd6b-89bad7683a3a req-87d8db21-8f95-4e90-bd6b-89bad7683a3a ] Request (ServerActionsTestOtherA:setUpClass): 202 POST http://10.180.1.21/compute/v2.1/servers 1.358s
2025-04-10 13:34:53.631 69363 INFO tempest.lib.common.rest_client [req-f2b98f01-7116-46ba-8bbb-072c3fa1a6a1 req-f2b98f01-7116-46ba-8bbb-072c3fa1a6a1 ] Request (ServersAdminNegativeTestJSON:setUpClass): 200 GET http://10.180.1.21/compute/v2.1/servers/ae5e2ca1-75e2-4023-b297-4cc265f038e5 1.076s
2025-04-10 13:34:53.663 69327 INFO tempest.lib.common.rest_client [req-16308e73-a94f-4bfc-b5df-9eb62b6881e8 req-16308e73-a94f-4bfc-b5df-9eb62b6881e8 ] Request (QuotasAdminNegativeTest:setUpClass): 204 PUT http://10.180.1.21/identity/v3/projects/365ac78f8fc54b329c6d4f5bf45fc02c/users/17a5ce9c8395454c9ab476c3dfa0bc57/roles/75a53f8be81a419c813d6a7bdf924e3f 0.039s
2025-04-10 13:34:53.701 69309 INFO tempest.lib.common.rest_client [req-cd192e60-b3b4-430d-81e7-bed3226f7e47 req-cd192e60-b3b4-430d-81e7-bed3226f7e47 ] Request (ImagesNegativeTestJSON:test_create_image_from_deleted_server): 200 GET http://10.180.1.21/compute/v2.1/servers/0270a5ec-007f-4f7a-a6c6-05163c052452 1.088s
2025-04-10 13:34:53.708 69359 INFO tempest.lib.common.rest_client [req-0a3cb677-581b-467c-80cb-e2e0698ab27e req-0a3cb677-581b-467c-80cb-e2e0698ab27e ] Request (VolumesAssistedSnapshotsTest:test_volume_assisted_snapshot_create_delete): 200 GET http://10.180.1.21/compute/v2.1/servers/b2b068c1-defd-4ee8-8611-9016924fc223 1.035s
2025-04-10 13:34:53.727 69327 INFO tempest.lib.common.rest_client [req-937bfcb9-9b7d-4bfc-bf78-4779bc4b1b1d req-937bfcb9-9b7d-4bfc-bf78-4779bc4b1b1d ] Request (QuotasAdminNegativeTest:setUpClass): 200 GET http://10.180.1.21/identity/v3/roles 0.064s
2025-04-10 13:34:53.757 69345 INFO tempest.lib.common.rest_client [req-7d410c41-92df-4fd1-85cb-2b6f8a8ff46c req-7d410c41-92df-4fd1-85cb-2b6f8a8ff46c ] Request (ImagesOneServerTestJSON:setUpClass): 200 GET http://10.180.1.21/compute/v2.1/servers/918f38e1-e1b4-40d7-a79c-49257a814941 1.069s
2025-04-10 13:34:53.759 69327 INFO tempest.lib.common.rest_client [req-b028e125-5a72-46a1-a9b1-fc35711e742a req-b028e125-5a72-46a1-a9b1-fc35711e742a ] Request (QuotasAdminNegativeTest:setUpClass): 204 PUT http://10.180.1.21/identity/v3/projects/365ac78f8fc54b329c6d4f5bf45fc02c/users/17a5ce9c8395454c9ab476c3dfa0bc57/roles/75a53f8be81a419c813d6a7bdf924e3f 0.031s
2025-04-10 13:34:53.759 69327 INFO tempest.lib.common.dynamic_creds [-] Dynamic test user 17a5ce9c8395454c9ab476c3dfa0bc57 is created with scope project and roles: ['admin']
2025-04-10 13:34:53.759 69327 INFO tempest.lib.common.dynamic_creds [-] Acquired dynamic creds: credentials: Credentials: {'domain_id': 'default', 'domain_name': 'Default', 'username': 'tempest-QuotasAdminNegativeTest-2138508735-project-admin', 'project_domain_id': 'default', 'project_domain_name': 'Default', 'project_id': '365ac78f8fc54b329c6d4f5bf45fc02c', 'project_name': 'tempest-QuotasAdminNegativeTest-2138508735', 'tenant_id': '365ac78f8fc54b329c6d4f5bf45fc02c', 'tenant_name': 'tempest-QuotasAdminNegativeTest-2138508735', 'user_domain_id': 'default', 'user_domain_name': 'Default', 'user_id': '17a5ce9c8395454c9ab476c3dfa0bc57', 'system': None}, Network: None, Subnet: None, Router: None
2025-04-10 13:34:53.759 69327 INFO tempest.lib.common.dynamic_creds [-] Created isolated network resources for: credentials: Credentials: {'domain_id': 'default', 'domain_name': 'Default', 'username': 'tempest-QuotasAdminNegativeTest-2138508735-project-admin', 'project_domain_id': 'default', 'project_domain_name': 'Default', 'project_id': '365ac78f8fc54b329c6d4f5bf45fc02c', 'project_name': 'tempest-QuotasAdminNegativeTest-2138508735', 'tenant_id': '365ac78f8fc54b329c6d4f5bf45fc02c', 'tenant_name': 'tempest-QuotasAdminNegativeTest-2138508735', 'user_domain_id': 'default', 'user_domain_name': 'Default', 'user_id': '17a5ce9c8395454c9ab476c3dfa0bc57', 'system': None}, Network: None, Subnet: None, Router: None
2025-04-10 13:34:53.782 69319 INFO tempest.lib.common.rest_client [req-da3117e0-eed0-40fa-a48a-6b2e13506d90 req-da3117e0-eed0-40fa-a48a-6b2e13506d90 ] Request (AttachInterfacesV270Test:test_create_get_list_interfaces): 200 GET http://10.180.1.21/compute/v2.1/servers/3aef6e75-f7bc-4a2c-aac0-daa7cfa38b87 1.042s
2025-04-10 13:34:53.827 69307 INFO tempest.lib.common.rest_client [req-d87d8561-4a44-44cc-a0f1-19e720b25bbc req-d87d8561-4a44-44cc-a0f1-19e720b25bbc ] Request (ServersAdminTestJSON:setUpClass): 200 GET http://10.180.1.21/compute/v2.1/servers/b6a38a84-0b95-494c-a423-3360824ed8d3 1.033s
2025-04-10 13:34:53.866 69327 INFO tempest.lib.common.rest_client [req-6e7aee73-5343-4d00-9aab-08cefc8c96bb req-6e7aee73-5343-4d00-9aab-08cefc8c96bb ] Request (QuotasAdminNegativeTest:setUpClass): 201 POST http://10.180.1.21/identity/v3/auth/tokens 0.104s
2025-04-10 13:34:53.885 69325 INFO tempest.lib.common.rest_client [req-2b171bc7-a7bc-401e-96ed-7c3da64ce34e req-2b171bc7-a7bc-401e-96ed-7c3da64ce34e ] Request (ListServersNegativeTestJSON:setUpClass): 200 GET http://10.180.1.21/compute/v2.1/servers/0522ed67-caaf-4018-b35f-252a6bbd2644 1.006s
2025-04-10 13:34:53.937 69329 INFO tempest.lib.common.rest_client [req-c9201fa3-14da-4ace-854a-8d83f93beccb req-c9201fa3-14da-4ace-854a-8d83f93beccb ] Request (FloatingIPsAssociationNegativeTestJSON:setUpClass): 200 GET http://10.180.1.21/compute/v2.1/servers/5bdb4d11-9125-4c28-89b0-8fd9147e0c0f 1.042s
2025-04-10 13:34:53.955 69341 INFO tempest.lib.common.rest_client [req-2dc99fdc-52be-458c-822d-c89c74921802 req-2dc99fdc-52be-458c-822d-c89c74921802 ] Request (FlavorsV261TestJSON:test_crud_flavor): 200 GET http://10.180.1.21/compute/v2.1/flavors 0.993s
2025-04-10 13:34:54.009 69323 INFO tempest.lib.common.rest_client [req-c6d4324b-7b96-45e3-9136-3d9b9a740b61 req-c6d4324b-7b96-45e3-9136-3d9b9a740b61 ] Request (ServersWithSpecificFlavorTestJSON:test_verify_created_server_ephemeral_disk): 200 GET http://10.180.1.21/compute/v2.1/servers/45dfaf74-5be6-4c63-9efc-4717d12e3d2c 1.043s
2025-04-10 13:34:54.040 69347 INFO tempest.lib.common.rest_client [req-2aba7c04-8856-4e47-9def-45bb5a5072f7 req-2aba7c04-8856-4e47-9def-45bb5a5072f7 ] Request (FloatingIPsAssociationTestJSON:setUpClass): 200 GET http://10.180.1.21/compute/v2.1/servers/4ad409c8-465f-4106-946a-7f401358d5a3 1.192s
2025-04-10 13:34:54.060 69351 INFO tempest.lib.common.rest_client [req-3a96ac59-9391-4b13-8e01-74ee0890888f req-3a96ac59-9391-4b13-8e01-74ee0890888f ] Request (ServersTestManualDisk:setUpClass): 200 GET http://10.180.1.21/compute/v2.1/servers/887fbbeb-c981-4cc3-94e6-c232774507c7 1.035s
2025-04-10 13:34:54.122 69349 INFO tempest.lib.common.rest_client [req-ca0d1620-3974-4a6f-b618-7583b51480b9 req-ca0d1620-3974-4a6f-b618-7583b51480b9 ] Request (ServersV294TestFqdnHostnames:setUpClass): 200 GET http://10.180.1.21/compute/v2.1/servers/40937830-3e23-49ff-aeb6-cdd6b62b0614 1.007s
2025-04-10 13:34:54.222 69361 INFO tempest.lib.common.rest_client [req-5f46a2bf-0691-45a8-9cb3-7f5a8ac58b5b req-5f46a2bf-0691-45a8-9cb3-7f5a8ac58b5b ] Request (ServerDiagnosticsTest:test_get_server_diagnostics): 200 GET http://10.180.1.21/compute/v2.1/servers/a26389e3-7c20-4227-bd57-9d058964edc5 1.102s
2025-04-10 13:34:54.269 69321 INFO tempest.lib.common.rest_client [req-cc8a58c8-820a-4a1e-97da-ecf0cc000192 req-cc8a58c8-820a-4a1e-97da-ecf0cc000192 ] Request (ServerGroupTestJSON:test_create_server_with_scheduler_hint_group): 200 GET http://10.180.1.21/compute/v2.1/servers/7d2205d5-ed82-49cc-960b-b9da9584144a 1.094s
2025-04-10 13:34:54.322 69313 INFO tempest.lib.common.rest_client [req-8b279220-b691-4651-b49f-7f2eac7179ae req-8b279220-b691-4651-b49f-7f2eac7179ae ] Request (ListServerFiltersTestJSON:setUpClass): 200 GET http://10.180.1.21/compute/v2.1/servers/d8db9bfa-336f-48b6-b0b5-3aa3e97f5698 1.128s
2025-04-10 13:34:54.350 69315 INFO tempest.lib.common.rest_client [req-ebc57e0d-b266-4f0c-8bed-3d3952c3a622 req-ebc57e0d-b266-4f0c-8bed-3d3952c3a622 ] Request (KeyPairsNegativeTestJSON:test_create_keypair_when_public_key_bits_exceeds_maximum): 400 POST http://10.180.1.21/compute/v2.1/os-keypairs 1.156s
2025-04-10 13:34:54.374 69369 INFO tempest.lib.common.rest_client [req-7826a191-fda4-4458-91dc-a77eaa3ba372 req-7826a191-fda4-4458-91dc-a77eaa3ba372 ] Request (AggregatesAdminNegativeTestJSON:test_aggregate_remove_nonexistent_host): 404 POST http://10.180.1.21/compute/v2.1/os-aggregates/8/action 1.162s
2025-04-10 13:34:54.388 69339 INFO tempest.lib.common.rest_client [req-380a63f3-ae63-4f58-80b6-831b59f0678c req-380a63f3-ae63-4f58-80b6-831b59f0678c ] Request (FlavorsAdminTestJSON:test_is_public_string_variations): 200 GET http://10.180.1.21/compute/v2.1/flavors/detail?is_public=1 1.154s
2025-04-10 13:34:54.443 69335 INFO tempest.lib.common.rest_client [req-f9cd9ef0-d9d1-4ea7-a010-f809125f9788 req-f9cd9ef0-d9d1-4ea7-a010-f809125f9788 ] Request (ServerPasswordTestJSON:setUpClass): 200 GET http://10.180.1.21/compute/v2.1/servers/aec054f1-0d52-49be-9dee-8db0ae362f12 1.403s
2025-04-10 13:34:54.444 69311 INFO tempest.lib.common.rest_client [req-f3c748ab-786c-4a76-91a2-69a369d91814 req-f3c748ab-786c-4a76-91a2-69a369d91814 ] Request (ServerDiagnosticsV248Test:test_get_server_diagnostics): 200 GET http://10.180.1.21/compute/v2.1/servers/a00267a5-aa1c-434f-8201-157481bc0801 1.195s
2025-04-10 13:34:54.507 69337 INFO tempest.lib.common.rest_client [req-0001ee18-eae0-40ff-bfe2-cea3c606fdab req-0001ee18-eae0-40ff-bfe2-cea3c606fdab ] Request (ServerActionsTestOtherA:setUpClass): 200 GET http://10.180.1.21/compute/v2.1/servers/4927121e-a71e-47e9-9475-603096e82492 0.882s
2025-04-10 13:34:54.520 69317 INFO tempest.lib.common.rest_client [req-a6400863-f6ff-4ad6-b9e6-7128473d9231 req-a6400863-f6ff-4ad6-b9e6-7128473d9231 ] Request (ServerShowV257Test:test_rebuild_server): 200 GET http://10.180.1.21/compute/v2.1/servers/8e40eb4c-9c1e-4147-beb3-0d5fa311b9d9 1.222s
2025-04-10 13:34:54.568 69365 INFO tempest.lib.common.rest_client [req-2fef4048-82d9-4302-89ad-c6c25cd70331 req-2fef4048-82d9-4302-89ad-c6c25cd70331 ] Request (ServersTestBootFromVolume:setUpClass): 201 POST http://10.180.1.21:9696/networking/v2.0/routers 1.371s
2025-04-10 13:34:54.610 69355 INFO tempest.lib.common.rest_client [req-8b3a9d40-75fc-480d-964b-505f14f2dd38 req-8b3a9d40-75fc-480d-964b-505f14f2dd38 ] Request (DeleteServersAdminTestJSON:test_admin_delete_servers_of_others): 200 GET http://10.180.1.21/compute/v2.1/servers/657170ea-02c4-4bc9-97d0-9aa3960fcaf9 0.742s
2025-04-10 13:34:54.647 69327 INFO tempest.lib.common.rest_client [req-22829c8c-4b70-4b1a-9e91-22e1959adc6a req-22829c8c-4b70-4b1a-9e91-22e1959adc6a ] Request (QuotasAdminNegativeTest:test_create_server_when_cpu_quota_is_full): 200 GET http://10.180.1.21/compute/v2.1/os-quota-sets/816cc32a3ab7413099d404cdd1785c84 0.779s
2025-04-10 13:34:54.698 69331 INFO tempest.lib.common.rest_client [req-5fdce119-0f53-4bdd-9e65-6c0515e5328b req-5fdce119-0f53-4bdd-9e65-6c0515e5328b ] Request (VolumesAdminNegativeTest:test_update_attached_volume_with_nonexistent_volume_in_body): 200 GET http://10.180.1.21/compute/v2.1/servers/362a7b3c-f0b2-46e6-a9fa-2c284a059d73 0.763s
2025-04-10 13:34:54.715 69341 INFO tempest.lib.common.rest_client [req-fcdc20d1-fb43-4524-9b0d-5992cc137842 req-fcdc20d1-fb43-4524-9b0d-5992cc137842 ] Request (FlavorsV261TestJSON:_run_cleanups): 202 DELETE http://10.180.1.21/compute/v2.1/flavors/1724276374 0.752s
2025-04-10 13:34:54.718 69343 INFO tempest.lib.common.rest_client [req-23a629c8-2045-4eff-81c2-c6e477df7fbb req-23a629c8-2045-4eff-81c2-c6e477df7fbb ] Request (SecurityGroupsTestJSON:test_list_security_groups_by_server): 200 GET http://10.180.1.21/compute/v2.1/servers/c2497714-9a08-4ab0-9371-33060724f9d6 0.755s
2025-04-10 13:34:54.785 69333 INFO tempest.lib.common.rest_client [req-f4c269c7-7233-4d2f-b535-412ab44920a7 req-f4c269c7-7233-4d2f-b535-412ab44920a7 ] Request (ServerActionsTestJSON:setUpClass): 200 GET http://10.180.1.21/compute/v2.1/servers/db769146-b610-4d0a-8329-b977d8450a27 0.752s
2025-04-10 13:34:54.837 69367 INFO tempest.lib.common.rest_client [req-55b3a1fc-d340-4eff-abf7-6dca782ba992 req-55b3a1fc-d340-4eff-abf7-6dca782ba992 ] Request (InstanceActionsTestJSON:setUpClass): 200 GET http://10.180.1.21/compute/v2.1/servers/ded28a13-a8c2-45aa-978e-2a1de389d958 0.642s
2025-04-10 13:34:54.879 69315 INFO tempest.lib.common.rest_client [req-8cdf5186-8332-4181-95a3-db7fbd7bc009 req-8cdf5186-8332-4181-95a3-db7fbd7bc009 ] Request (KeyPairsNegativeTestJSON:test_create_keypair_with_duplicate_name): 200 POST http://10.180.1.21/compute/v2.1/os-keypairs 0.524s
2025-04-10 13:34:54.883 69357 INFO tempest.lib.common.rest_client [req-74af1cbf-ad19-48af-ae0d-ca3c6574b4cd req-74af1cbf-ad19-48af-ae0d-ca3c6574b4cd ] Request (ServerExternalEventsTest:test_create_server_external_events): 200 GET http://10.180.1.21/compute/v2.1/servers/2e16f12d-194a-47a5-824d-062a684a86f8 0.745s
2025-04-10 13:34:54.897 69369 INFO tempest.lib.common.rest_client [req-fe9313f2-03ed-447d-b956-7fc823536ed5 req-fe9313f2-03ed-447d-b956-7fc823536ed5 ] Request (AggregatesAdminNegativeTestJSON:_run_cleanups): 200 DELETE http://10.180.1.21/compute/v2.1/os-aggregates/8 0.522s
2025-04-10 13:34:54.898 69339 INFO tempest.lib.common.rest_client [req-83edcb7e-03ba-44a0-a9db-a8ec4affedfb req-83edcb7e-03ba-44a0-a9db-a8ec4affedfb ] Request (FlavorsAdminTestJSON:_run_cleanups): 202 DELETE http://10.180.1.21/compute/v2.1/flavors/99943036 0.503s
2025-04-10 13:34:55.028 69369 INFO tempest.lib.common.rest_client [req-e12e676c-d679-49c9-af7a-8de7330dce13 req-e12e676c-d679-49c9-af7a-8de7330dce13 ] Request (AggregatesAdminNegativeTestJSON:tearDownClass): 204 DELETE http://10.180.1.21/identity/v3/users/c0109d48e48c49afad9408eebf6fe4da 0.129s
2025-04-10 13:34:55.042 69363 INFO tempest.lib.common.rest_client [req-aed69e10-46cd-40fd-84b4-58153784f7e0 req-aed69e10-46cd-40fd-84b4-58153784f7e0 ] Request (ServersAdminNegativeTestJSON:setUpClass): 200 GET http://10.180.1.21/compute/v2.1/servers/ae5e2ca1-75e2-4023-b297-4cc265f038e5 0.403s
2025-04-10 13:34:55.060 69353 INFO tempest.lib.common.rest_client [req-43738db8-8d5c-4c78-bd3e-303ad43b3fc3 req-43738db8-8d5c-4c78-bd3e-303ad43b3fc3 ] Request (MigrationsAdminTest:test_list_migrations_in_flavor_resize_situation): 200 GET http://10.180.1.21/compute/v2.1/servers/6ad953b9-4ded-42cd-86e0-2b1b707be4e4 0.661s
2025-04-10 13:34:55.082 69341 INFO tempest.lib.common.rest_client [req-adb08e7f-7844-45f8-9b53-11633dfd56a8 req-adb08e7f-7844-45f8-9b53-11633dfd56a8 ] Request (FlavorsV261TestJSON:_run_cleanups): 200 GET http://10.180.1.21/compute/v2.1/flavors/detail 0.366s
2025-04-10 13:34:55.131 69369 INFO tempest.lib.common.rest_client [req-d046bf55-b7d8-4c40-bee8-dcb92a30866a req-d046bf55-b7d8-4c40-bee8-dcb92a30866a ] Request (AggregatesAdminNegativeTestJSON:tearDownClass): 204 DELETE http://10.180.1.21/identity/v3/users/cfcdaf7c69994ea086f442e408439780 0.103s
2025-04-10 13:34:55.132 69369 INFO tempest.lib.common.dynamic_creds [-] Deleting project and security group for project: a3d69d8e6e664b898720aa59229150e8
2025-04-10 13:34:55.142 69309 INFO tempest.lib.common.rest_client [req-0ba881e7-b0f6-4e15-8e7f-cd27992da7af req-0ba881e7-b0f6-4e15-8e7f-cd27992da7af ] Request (ImagesNegativeTestJSON:test_create_image_from_deleted_server): 200 GET http://10.180.1.21/compute/v2.1/servers/0270a5ec-007f-4f7a-a6c6-05163c052452 0.425s
2025-04-10 13:34:55.191 69359 INFO tempest.lib.common.rest_client [req-6179e5bb-86f6-4bff-bda0-23c3aac1967e req-6179e5bb-86f6-4bff-bda0-23c3aac1967e ] Request (VolumesAssistedSnapshotsTest:test_volume_assisted_snapshot_create_delete): 200 GET http://10.180.1.21/compute/v2.1/servers/b2b068c1-defd-4ee8-8611-9016924fc223 0.470s
2025-04-10 13:34:55.222 69341 INFO tempest.lib.common.rest_client [req-0ed1321b-78ba-47fd-b7e5-b61c3098ade9 req-0ed1321b-78ba-47fd-b7e5-b61c3098ade9 ] Request (FlavorsV261TestJSON:tearDownClass): 204 DELETE http://10.180.1.21/identity/v3/users/715e70f51b054ca5a9ba881f101cb266 0.127s
2025-04-10 13:34:55.243 69345 INFO tempest.lib.common.rest_client [req-58952eaf-e3d3-432f-a1e0-287dd7a631ad req-58952eaf-e3d3-432f-a1e0-287dd7a631ad ] Request (ImagesOneServerTestJSON:setUpClass): 200 GET http://10.180.1.21/compute/v2.1/servers/918f38e1-e1b4-40d7-a79c-49257a814941 0.475s
2025-04-10 13:34:55.278 69327 INFO tempest.lib.common.rest_client [req-fdcfd124-c794-4359-aa11-70a2cc25ae52 req-fdcfd124-c794-4359-aa11-70a2cc25ae52 ] Request (QuotasAdminNegativeTest:test_create_server_when_cpu_quota_is_full): 200 PUT http://10.180.1.21/compute/v2.1/os-quota-sets/816cc32a3ab7413099d404cdd1785c84 0.628s
2025-04-10 13:34:55.287 69369 INFO tempest.lib.common.rest_client [req-52f0e1ef-a8c9-44da-8d58-136f42204415 req-52f0e1ef-a8c9-44da-8d58-136f42204415 ] Request (AggregatesAdminNegativeTestJSON:tearDownClass): 201 POST http://10.180.1.21/identity/v3/auth/tokens 0.155s
2025-04-10 13:34:55.304 69319 INFO tempest.lib.common.rest_client [req-e3c16551-cf91-4243-9536-ccb8d98ba6e5 req-e3c16551-cf91-4243-9536-ccb8d98ba6e5 ] Request (AttachInterfacesV270Test:test_create_get_list_interfaces): 200 GET http://10.180.1.21/compute/v2.1/servers/3aef6e75-f7bc-4a2c-aac0-daa7cfa38b87 0.505s
2025-04-10 13:34:55.318 69341 INFO tempest.lib.common.rest_client [req-988a7b24-3d74-4688-9bdd-1e6b7ceeef1d req-988a7b24-3d74-4688-9bdd-1e6b7ceeef1d ] Request (FlavorsV261TestJSON:tearDownClass): 204 DELETE http://10.180.1.21/identity/v3/users/bc4182f4f9c9440abaa5f100edd2d72d 0.096s
2025-04-10 13:34:55.319 69341 INFO tempest.lib.common.dynamic_creds [-] Deleting project and security group for project: cbc2a9a354f946579f7c7ea5e01793ce
2025-04-10 13:34:55.338 69315 INFO tempest.lib.common.rest_client [req-d83362da-cc48-4b7f-b478-fb7c014194b9 req-d83362da-cc48-4b7f-b478-fb7c014194b9 ] Request (KeyPairsNegativeTestJSON:test_create_keypair_with_duplicate_name): 409 POST http://10.180.1.21/compute/v2.1/os-keypairs 0.457s
2025-04-10 13:34:55.341 69327 INFO tempest.lib.common.rest_client [req-f7710aa4-185f-48d7-9361-21293e8c8c7f req-f7710aa4-185f-48d7-9361-21293e8c8c7f ] Request (QuotasAdminNegativeTest:test_create_server_when_cpu_quota_is_full): 201 POST http://10.180.1.21/identity/v3/auth/tokens 0.055s
2025-04-10 13:34:55.341 69327 INFO tempest.lib.common.fixed_network [-] (QuotasAdminNegativeTest:test_create_server_when_cpu_quota_is_full) Found network None available for tenant
2025-04-10 13:34:55.342 69307 INFO tempest.lib.common.rest_client [req-08fe3b18-afbd-48ff-bdac-f6e458d7f179 req-08fe3b18-afbd-48ff-bdac-f6e458d7f179 ] Request (ServersAdminTestJSON:setUpClass): 200 GET http://10.180.1.21/compute/v2.1/servers/b6a38a84-0b95-494c-a423-3360824ed8d3 0.507s
2025-04-10 13:34:55.355 69339 INFO tempest.lib.common.rest_client [req-01b3e195-cad9-4fc4-b9c4-44cbf4378cb8 req-01b3e195-cad9-4fc4-b9c4-44cbf4378cb8 ] Request (FlavorsAdminTestJSON:_run_cleanups): 200 GET http://10.180.1.21/compute/v2.1/flavors/detail 0.457s
2025-04-10 13:34:55.393 69325 INFO tempest.lib.common.rest_client [req-142a30d3-f133-41ae-a55c-138fa4e283de req-142a30d3-f133-41ae-a55c-138fa4e283de ] Request (ListServersNegativeTestJSON:setUpClass): 200 GET http://10.180.1.21/compute/v2.1/servers/0522ed67-caaf-4018-b35f-252a6bbd2644 0.495s
2025-04-10 13:34:55.407 69341 INFO tempest.lib.common.rest_client [req-eb749bc8-fec1-45b2-8290-571834f230f5 req-eb749bc8-fec1-45b2-8290-571834f230f5 ] Request (FlavorsV261TestJSON:tearDownClass): 201 POST http://10.180.1.21/identity/v3/auth/tokens 0.088s
2025-04-10 13:34:55.423 69329 INFO tempest.lib.common.rest_client [req-6471b235-56d0-4da5-9779-26764ed278d0 req-6471b235-56d0-4da5-9779-26764ed278d0 ] Request (FloatingIPsAssociationNegativeTestJSON:setUpClass): 200 GET http://10.180.1.21/compute/v2.1/servers/5bdb4d11-9125-4c28-89b0-8fd9147e0c0f 0.476s
2025-04-10 13:34:55.451 69323 INFO tempest.lib.common.rest_client [req-38686296-2257-456f-80c3-1dd4119f33bc req-38686296-2257-456f-80c3-1dd4119f33bc ] Request (ServersWithSpecificFlavorTestJSON:test_verify_created_server_ephemeral_disk): 200 GET http://10.180.1.21/compute/v2.1/servers/45dfaf74-5be6-4c63-9efc-4717d12e3d2c 0.430s
2025-04-10 13:34:55.512 69351 INFO tempest.lib.common.rest_client [req-7dbd7e30-3e96-4c5e-abde-61c79e0848ad req-7dbd7e30-3e96-4c5e-abde-61c79e0848ad ] Request (ServersTestManualDisk:setUpClass): 200 GET http://10.180.1.21/compute/v2.1/servers/887fbbeb-c981-4cc3-94e6-c232774507c7 0.439s
2025-04-10 13:34:55.579 69349 INFO tempest.lib.common.rest_client [req-2c0d51f3-b1e7-4ea5-a2e0-640f5c31147f req-2c0d51f3-b1e7-4ea5-a2e0-640f5c31147f ] Request (ServersV294TestFqdnHostnames:setUpClass): 200 GET http://10.180.1.21/compute/v2.1/servers/40937830-3e23-49ff-aeb6-cdd6b62b0614 0.446s
2025-04-10 13:34:55.583 69347 INFO tempest.lib.common.rest_client [req-227c8cda-fda8-4768-8266-3c3bf0140371 req-227c8cda-fda8-4768-8266-3c3bf0140371 ] Request (FloatingIPsAssociationTestJSON:setUpClass): 200 GET http://10.180.1.21/compute/v2.1/servers/4ad409c8-465f-4106-946a-7f401358d5a3 0.534s
2025-04-10 13:34:55.597 69341 INFO tempest.lib.common.rest_client [req-dcacbda0-f238-4591-81d6-81a1016a3879 req-dcacbda0-f238-4591-81d6-81a1016a3879 ] Request (FlavorsV261TestJSON:tearDownClass): 200 GET http://10.180.1.21:9696/networking/v2.0/security-groups?tenant_id=cbc2a9a354f946579f7c7ea5e01793ce&name=default 0.189s
2025-04-10 13:34:55.600 69369 INFO tempest.lib.common.rest_client [req-e824514f-4635-4fe8-881c-dbb233d3a72f req-e824514f-4635-4fe8-881c-dbb233d3a72f ] Request (AggregatesAdminNegativeTestJSON:tearDownClass): 200 GET http://10.180.1.21:9696/networking/v2.0/security-groups?tenant_id=a3d69d8e6e664b898720aa59229150e8&name=default 0.312s
2025-04-10 13:34:55.666 69321 INFO tempest.lib.common.rest_client [req-a58f4d9e-0070-4585-9055-c96b1c2e21de req-a58f4d9e-0070-4585-9055-c96b1c2e21de ] Request (ServerGroupTestJSON:test_create_server_with_scheduler_hint_group): 200 GET http://10.180.1.21/compute/v2.1/servers/7d2205d5-ed82-49cc-960b-b9da9584144a 0.384s
2025-04-10 13:34:55.744 69361 INFO tempest.lib.common.rest_client [req-f56db86f-c4a7-457a-84ce-3216e8e36a7a req-f56db86f-c4a7-457a-84ce-3216e8e36a7a ] Request (ServerDiagnosticsTest:test_get_server_diagnostics): 200 GET http://10.180.1.21/compute/v2.1/servers/a26389e3-7c20-4227-bd57-9d058964edc5 0.512s
2025-04-10 13:34:55.753 69313 INFO tempest.lib.common.rest_client [req-30774c22-636f-49ac-a588-4bfd7071f07d req-30774c22-636f-49ac-a588-4bfd7071f07d ] Request (ListServerFiltersTestJSON:setUpClass): 200 GET http://10.180.1.21/compute/v2.1/servers/d8db9bfa-336f-48b6-b0b5-3aa3e97f5698 0.420s
2025-04-10 13:34:55.760 69369 INFO tempest.lib.common.rest_client [req-beac0ffe-3564-435c-b0e8-b7e3ec36f0de req-beac0ffe-3564-435c-b0e8-b7e3ec36f0de ] Request (AggregatesAdminNegativeTestJSON:tearDownClass): 204 DELETE http://10.180.1.21:9696/networking/v2.0/security-groups/f6ad91e7-d121-4281-8672-3d6df4955dd0 0.158s
2025-04-10 13:34:55.766 69315 INFO tempest.lib.common.rest_client [req-5d8b3990-fe00-4e24-9cf4-ab931dfb7f82 req-5d8b3990-fe00-4e24-9cf4-ab931dfb7f82 ] Request (KeyPairsNegativeTestJSON:test_create_keypair_with_duplicate_name): 202 DELETE http://10.180.1.21/compute/v2.1/os-keypairs/tempest-keypair-1822383423 0.428s
2025-04-10 13:34:55.789 69339 INFO tempest.lib.common.rest_client [req-528a2386-3074-44b7-994d-adfb28d17e4c req-528a2386-3074-44b7-994d-adfb28d17e4c ] Request (FlavorsAdminTestJSON:_run_cleanups): 202 DELETE http://10.180.1.21/compute/v2.1/flavors/2053211763 0.429s
2025-04-10 13:34:55.789 69341 INFO tempest.lib.common.rest_client [req-311f3bbb-af64-472a-a7b0-fe7cc3bbaa5e req-311f3bbb-af64-472a-a7b0-fe7cc3bbaa5e ] Request (FlavorsV261TestJSON:tearDownClass): 204 DELETE http://10.180.1.21:9696/networking/v2.0/security-groups/b509b4b7-1693-4fd5-9064-5486e35a64be 0.192s
2025-04-10 13:34:55.856 69365 INFO tempest.lib.common.rest_client [req-42f6d1e3-3695-4bbb-9cac-9a7cdf76afbf req-42f6d1e3-3695-4bbb-9cac-9a7cdf76afbf ] Request (ServersTestBootFromVolume:setUpClass): 200 PUT http://10.180.1.21:9696/networking/v2.0/routers/10e848dd-b7d3-46ca-a971-849b388a6510/add_router_interface 1.288s
2025-04-10 13:34:55.857 69365 INFO tempest.lib.common.dynamic_creds [-] Created isolated network resources for: credentials: Credentials: {'domain_id': 'default', 'domain_name': 'Default', 'username': 'tempest-ServersTestBootFromVolume-666257734-project-member', 'project_domain_id': 'default', 'project_domain_name': 'Default', 'project_id': 'b7498449753f440fa5d710e7fb77035b', 'project_name': 'tempest-ServersTestBootFromVolume-666257734', 'tenant_id': 'b7498449753f440fa5d710e7fb77035b', 'tenant_name': 'tempest-ServersTestBootFromVolume-666257734', 'user_domain_id': 'default', 'user_domain_name': 'Default', 'user_id': '74be5891685d46af93d631287633bb25', 'system': None}, Network: {'id': 'c29eebba-ba80-4547-a499-728218e2d54d', 'name': 'tempest-ServersTestBootFromVolume-367834890-network', 'tenant_id': 'b7498449753f440fa5d710e7fb77035b', 'admin_state_up': True, 'mtu': 8950, 'status': 'ACTIVE', 'subnets': [], 'shared': False, 'project_id': 'b7498449753f440fa5d710e7fb77035b', 'port_security_enabled': True, 'router:external': False, 'provider:network_type': 'vlan', 'provider:physical_network': 'default', 'provider:segmentation_id': 919, 'is_default': False, 'availability_zone_hints': [], 'availability_zones': [], 'ipv4_address_scope': None, 'ipv6_address_scope': None, 'description': '', 'tags': [], 'created_at': '2025-04-10T13:34:52Z', 'updated_at': '2025-04-10T13:34:52Z', 'revision_number': 1}, Subnet: {'id': '52c6b703-b64d-42a8-b901-36556e824f81', 'name': 'tempest-ServersTestBootFromVolume-367834890-subnet', 'tenant_id': 'b7498449753f440fa5d710e7fb77035b', 'network_id': 'c29eebba-ba80-4547-a499-728218e2d54d', 'ip_version': 4, 'subnetpool_id': None, 'enable_dhcp': True, 'ipv6_ra_mode': None, 'ipv6_address_mode': None, 'gateway_ip': '192.168.128.1', 'cidr': '192.168.128.0/28', 'allocation_pools': [{'start': '192.168.128.2', 'end': '192.168.128.14'}], 'host_routes': [], 'dns_nameservers': [], 'description': '', 'service_types': [], 'tags': [], 'created_at': '2025-04-10T13:34:53Z', 'updated_at': '2025-04-10T13:34:53Z', 'revision_number': 0, 'project_id': 'b7498449753f440fa5d710e7fb77035b'}, Router: {'id': '10e848dd-b7d3-46ca-a971-849b388a6510', 'name': 'tempest-ServersTestBootFromVolume-367834890-router', 'tenant_id': 'b7498449753f440fa5d710e7fb77035b', 'admin_state_up': True, 'status': 'ACTIVE', 'external_gateway_info': {'network_id': '96965a07-2fb9-479a-91f2-8b3a9a2d60e0', 'external_fixed_ips': [{'subnet_id': '4bde0889-1c15-4a8b-b06e-e6a839228f9f', 'ip_address': '10.180.180.251'}], 'enable_snat': True}, 'description': '', 'availability_zones': [], 'distributed': False, 'ha': False, 'availability_zone_hints': [], 'routes': [], 'flavor_id': None, 'tags': [], 'created_at': '2025-04-10T13:34:53Z', 'updated_at': '2025-04-10T13:34:53Z', 'revision_number': 2, 'project_id': 'b7498449753f440fa5d710e7fb77035b'}
2025-04-10 13:34:55.859 69311 INFO tempest.lib.common.rest_client [req-37e01009-6c11-423d-a34d-20c6d2cd48c6 req-37e01009-6c11-423d-a34d-20c6d2cd48c6 ] Request (ServerDiagnosticsV248Test:test_get_server_diagnostics): 200 GET http://10.180.1.21/compute/v2.1/servers/a00267a5-aa1c-434f-8201-157481bc0801 0.405s
2025-04-10 13:34:55.861 69369 INFO tempest.lib.common.rest_client [req-35ff04e5-19b3-4341-8d14-a9f92ff6409a req-35ff04e5-19b3-4341-8d14-a9f92ff6409a ] Request (AggregatesAdminNegativeTestJSON:tearDownClass): 204 DELETE http://10.180.1.21/identity/v3/projects/a3d69d8e6e664b898720aa59229150e8 0.101s
2025-04-10 13:34:55.861 69369 INFO tempest.lib.common.dynamic_creds [-] Deleting project and security group for project: 74d48a8a87c846049a82f81cddd02fc7
2025-04-10 13:34:55.976 69341 INFO tempest.lib.common.rest_client [req-7ba96e79-c287-48d6-8a11-1bb15ea858c2 req-7ba96e79-c287-48d6-8a11-1bb15ea858c2 ] Request (FlavorsV261TestJSON:tearDownClass): 204 DELETE http://10.180.1.21/identity/v3/projects/cbc2a9a354f946579f7c7ea5e01793ce 0.186s
2025-04-10 13:34:55.976 69341 INFO tempest.lib.common.dynamic_creds [-] Deleting project and security group for project: 3b811eec37c14b64bb97cee729e96c9e
2025-04-10 13:34:55.980 69369 INFO tempest.lib.common.rest_client [req-557dc3c6-9f1e-4829-9bff-e2ebab78ec63 req-557dc3c6-9f1e-4829-9bff-e2ebab78ec63 ] Request (AggregatesAdminNegativeTestJSON:tearDownClass): 200 GET http://10.180.1.21:9696/networking/v2.0/security-groups?tenant_id=74d48a8a87c846049a82f81cddd02fc7&name=default 0.118s
2025-04-10 13:34:56.019 69365 INFO tempest.lib.common.rest_client [req-7177a909-a4ce-4fd4-9eb6-73f3c85f9261 req-7177a909-a4ce-4fd4-9eb6-73f3c85f9261 ] Request (ServersTestBootFromVolume:setUpClass): 201 POST http://10.180.1.21/identity/v3/auth/tokens 0.156s
2025-04-10 13:34:56.093 69341 INFO tempest.lib.common.rest_client [req-f562080e-0be1-4ac3-929e-6487abc27e22 req-f562080e-0be1-4ac3-929e-6487abc27e22 ] Request (FlavorsV261TestJSON:tearDownClass): 200 GET http://10.180.1.21:9696/networking/v2.0/security-groups?tenant_id=3b811eec37c14b64bb97cee729e96c9e&name=default 0.116s
2025-04-10 13:34:56.139 69369 INFO tempest.lib.common.rest_client [req-e2c20a13-a9d7-4696-902a-6e331682bb9b req-e2c20a13-a9d7-4696-902a-6e331682bb9b ] Request (AggregatesAdminNegativeTestJSON:tearDownClass): 204 DELETE http://10.180.1.21:9696/networking/v2.0/security-groups/4f5a1546-428f-4f5f-8fe5-e07e7c38a065 0.159s
2025-04-10 13:34:56.178 69327 INFO tempest.lib.common.rest_client [req-d49553e8-7842-4feb-bd37-f6ee047ab108 req-d49553e8-7842-4feb-bd37-f6ee047ab108 ] Request (QuotasAdminNegativeTest:test_create_server_when_cpu_quota_is_full): 403 POST http://10.180.1.21/compute/v2.1/servers 0.835s
2025-04-10 13:34:56.232 69341 INFO tempest.lib.common.rest_client [req-f7f4fa8d-6862-4e83-a91e-a6ff41e10eda req-f7f4fa8d-6862-4e83-a91e-a6ff41e10eda ] Request (FlavorsV261TestJSON:tearDownClass): 204 DELETE http://10.180.1.21:9696/networking/v2.0/security-groups/51fb3751-9683-4777-8d33-51c4ed4ec22f 0.138s
2025-04-10 13:34:56.245 69337 INFO tempest.lib.common.rest_client [req-742b35b8-6834-46ab-8565-ab26bfac2a04 req-742b35b8-6834-46ab-8565-ab26bfac2a04 ] Request (ServerActionsTestOtherA:setUpClass): 200 GET http://10.180.1.21/compute/v2.1/servers/4927121e-a71e-47e9-9475-603096e82492 0.730s
2025-04-10 13:34:56.252 69335 INFO tempest.lib.common.rest_client [req-120f0296-fd1f-49d7-83db-d4d185992b72 req-120f0296-fd1f-49d7-83db-d4d185992b72 ] Request (ServerPasswordTestJSON:setUpClass): 200 GET http://10.180.1.21/compute/v2.1/servers/aec054f1-0d52-49be-9dee-8db0ae362f12 0.794s
2025-04-10 13:34:56.257 69369 INFO tempest.lib.common.rest_client [req-65da5746-61ae-4fec-b9f9-d69fa6c2727e req-65da5746-61ae-4fec-b9f9-d69fa6c2727e ] Request (AggregatesAdminNegativeTestJSON:tearDownClass): 204 DELETE http://10.180.1.21/identity/v3/projects/74d48a8a87c846049a82f81cddd02fc7 0.118s
2025-04-10 13:34:56.301 69317 INFO tempest.lib.common.rest_client [req-b3125f99-2a32-47d2-8eed-3cf9b2039c80 req-b3125f99-2a32-47d2-8eed-3cf9b2039c80 ] Request (ServerShowV257Test:test_rebuild_server): 200 GET http://10.180.1.21/compute/v2.1/servers/8e40eb4c-9c1e-4147-beb3-0d5fa311b9d9 0.764s
2025-04-10 13:34:56.323 69369 INFO tempest.lib.common.rest_client [req-c5a17984-a025-428e-9bcb-3b3c96ac23b3 req-c5a17984-a025-428e-9bcb-3b3c96ac23b3 ] Request (FlavorsAccessTestJSON:setUpClass): 201 POST http://10.180.1.21/identity/v3/auth/tokens 0.064s
2025-04-10 13:34:56.339 69341 INFO tempest.lib.common.rest_client [req-d77d4cdd-4a69-4ad0-b13e-873f2faccc49 req-d77d4cdd-4a69-4ad0-b13e-873f2faccc49 ] Request (FlavorsV261TestJSON:tearDownClass): 204 DELETE http://10.180.1.21/identity/v3/projects/3b811eec37c14b64bb97cee729e96c9e 0.107s
2025-04-10 13:34:56.350 69331 INFO tempest.lib.common.rest_client [req-f2677867-a085-426c-b5a6-ef6c3c642726 req-f2677867-a085-426c-b5a6-ef6c3c642726 ] Request (VolumesAdminNegativeTest:test_update_attached_volume_with_nonexistent_volume_in_body): 200 GET http://10.180.1.21/compute/v2.1/servers/362a7b3c-f0b2-46e6-a9fa-2c284a059d73 0.641s
2025-04-10 13:34:56.357 69355 INFO tempest.lib.common.rest_client [req-8e5b0b95-b82c-424c-aa6d-ef7318c8cc86 req-8e5b0b95-b82c-424c-aa6d-ef7318c8cc86 ] Request (DeleteServersAdminTestJSON:test_admin_delete_servers_of_others): 200 GET http://10.180.1.21/compute/v2.1/servers/657170ea-02c4-4bc9-97d0-9aa3960fcaf9 0.734s
