2025-04-10 13:34:30.055 69325 INFO tempest.lib.common.rest_client [req-a8d004a7-f6c8-4c2a-a6af-adb7472f5cdc req-a8d004a7-f6c8-4c2a-a6af-adb7472f5cdc ] Request (HypervisorAdminNegativeTestJSON:test_get_nonexistent_hypervisor_uptime): 404 GET http://10.180.1.21/compute/v2.1/os-hypervisors/9d743146-3972-4010-b889-3b2bc52d190c/uptime 1.819s
2025-04-10 13:34:30.123 69321 INFO tempest.lib.common.rest_client [req-8862346e-3c12-4de8-80a3-a9ecf2344da7 req-8862346e-3c12-4de8-80a3-a9ecf2344da7 ] Request (ServerGroupTestJSON:test_create_delete_server_group_with_anti_affinity_policy): 200 POST http://10.180.1.21/compute/v2.1/os-server-groups 1.875s
2025-04-10 13:34:30.128 69369 INFO tempest.lib.common.rest_client [req-022983b4-aace-4615-bbc4-9c2b2d10673e req-022983b4-aace-4615-bbc4-9c2b2d10673e ] Request (AggregatesAdminNegativeTestJSON:test_aggregate_create_aggregate_name_length_exceeds_255): 400 POST http://10.180.1.21/compute/v2.1/os-aggregates 1.855s
2025-04-10 13:34:30.142 69317 INFO tempest.lib.common.rest_client [req-8a3458c0-626b-4dc8-8196-aea123782a24 req-8a3458c0-626b-4dc8-8196-aea123782a24 ] Request (HostsAdminNegativeTestJSON:test_update_nonexistent_host): 404 PUT http://10.180.1.21/compute/v2.1/os-hosts/nonexistent_hostname 1.862s
2025-04-10 13:34:30.165 69339 INFO tempest.lib.common.rest_client [req-eeb89d18-da72-419d-bfe0-dc9c52093eb4 req-eeb89d18-da72-419d-bfe0-dc9c52093eb4 ] Request (FlavorsAdminTestJSON:test_create_flavor_with_uuid_id): 200 POST http://10.180.1.21/compute/v2.1/flavors 1.853s
2025-04-10 13:34:30.185 69349 INFO tempest.lib.common.rest_client [req-7a8100c6-a690-4ea9-81bf-e2becb57644d req-7a8100c6-a690-4ea9-81bf-e2becb57644d ] Request (ServersV294TestFqdnHostnames:setUpClass): 201 POST http://10.180.1.21:9696/networking/v2.0/floatingips 1.034s
2025-04-10 13:34:30.186 69337 INFO tempest.lib.common.rest_client [req-8f2acd98-cbb2-42d1-bf8a-afb4f40cd903 req-8f2acd98-cbb2-42d1-bf8a-afb4f40cd903 ] Request (ServicesAdminNegativeV253TestJSON:test_disable_service_with_invalid_service_id): 404 PUT http://10.180.1.21/compute/v2.1/os-services/04a7ae87-6cd6-4e5d-895a-221541676ea2 1.672s
2025-04-10 13:34:30.246 69317 INFO tempest.lib.common.rest_client [req-05635dfd-c569-4a32-a9e1-5b7d11175c6b req-05635dfd-c569-4a32-a9e1-5b7d11175c6b ] Request (HostsAdminNegativeTestJSON:tearDownClass): 204 DELETE http://10.180.1.21/identity/v3/users/2d072ec9703444f099ee1b2f950aa90b 0.103s
2025-04-10 13:34:30.251 69357 INFO tempest.lib.common.rest_client [req-5d981e46-1a6d-4200-bd20-7527b28fc22b req-5d981e46-1a6d-4200-bd20-7527b28fc22b ] Request (ServerExternalEventsTest:test_create_server_external_events): 200 GET http://10.180.1.21/compute/v2.1/servers/2e16f12d-194a-47a5-824d-062a684a86f8 2.027s
2025-04-10 13:34:30.274 69349 INFO tempest.lib.common.rest_client [req-d3c0307b-94d0-4d9d-8724-5b421e1f5096 req-d3c0307b-94d0-4d9d-8724-5b421e1f5096 ] Request (ServersV294TestFqdnHostnames:setUpClass): 201 POST http://10.180.1.21/identity/v3/auth/tokens 0.086s
2025-04-10 13:34:30.275 69349 INFO tempest.lib.common.fixed_network [-] (ServersV294TestFqdnHostnames:setUpClass) Found network {'id': '05392c6f-ae58-436b-896c-7cc507f58143', 'name': 'tempest-ServersV294TestFqdnHostnames-1988914867-network', 'tenant_id': 'c083aeb90b904317ae4b97952812c021', 'admin_state_up': True, 'mtu': 8950, 'status': 'ACTIVE', 'subnets': [], 'shared': False, 'project_id': 'c083aeb90b904317ae4b97952812c021', 'port_security_enabled': True, 'router:external': False, 'provider:network_type': 'vlan', 'provider:physical_network': 'default', 'provider:segmentation_id': 495, 'is_default': False, 'availability_zone_hints': [], 'availability_zones': [], 'ipv4_address_scope': None, 'ipv6_address_scope': None, 'description': '', 'tags': [], 'created_at': '2025-04-10T13:34:14Z', 'updated_at': '2025-04-10T13:34:14Z', 'revision_number': 1} available for tenant
2025-04-10 13:34:30.361 69317 INFO tempest.lib.common.rest_client [req-182eb7b0-e20a-408d-81a9-18d9daef72db req-182eb7b0-e20a-408d-81a9-18d9daef72db ] Request (HostsAdminNegativeTestJSON:tearDownClass): 204 DELETE http://10.180.1.21/identity/v3/users/d621e9a436504a868bc09d936e5c11af 0.112s
2025-04-10 13:34:30.362 69317 INFO tempest.lib.common.dynamic_creds [-] Deleting project and security group for project: 7a67636a6af342fbac5f0afa64198912
2025-04-10 13:34:30.413 69361 INFO tempest.lib.common.rest_client [req-6b26da6f-bddd-4070-b62d-ecaeca6625dd req-6b26da6f-bddd-4070-b62d-ecaeca6625dd ] Request (ServerDiagnosticsTest:test_get_server_diagnostics): 200 GET http://10.180.1.21/compute/v2.1/servers/a26389e3-7c20-4227-bd57-9d058964edc5 1.784s
2025-04-10 13:34:30.430 69367 INFO tempest.lib.common.rest_client [req-0c807344-5ff4-4061-bb0a-cdee14fa1a69 req-0c807344-5ff4-4061-bb0a-cdee14fa1a69 ] Request (InstanceActionsTestJSON:setUpClass): 201 POST http://10.180.1.21:9696/networking/v2.0/networks 0.615s
2025-04-10 13:34:30.439 69317 INFO tempest.lib.common.rest_client [req-740c80fc-32cf-4cbd-993b-8094da63c297 req-740c80fc-32cf-4cbd-993b-8094da63c297 ] Request (HostsAdminNegativeTestJSON:tearDownClass): 201 POST http://10.180.1.21/identity/v3/auth/tokens 0.077s
2025-04-10 13:34:30.499 69319 INFO tempest.lib.common.rest_client [req-8d299cfc-2244-428e-a1ac-2f5248637c50 req-8d299cfc-2244-428e-a1ac-2f5248637c50 ] Request (AttachInterfacesV270Test:test_create_get_list_interfaces): 200 GET http://10.180.1.21/compute/v2.1/servers/3aef6e75-f7bc-4a2c-aac0-daa7cfa38b87 1.737s
2025-04-10 13:34:30.529 69341 INFO tempest.lib.common.rest_client [req-2e3d3b25-0f01-46d4-81df-aabbb0d9b18e req-2e3d3b25-0f01-46d4-81df-aabbb0d9b18e ] Request (FlavorsAccessNegativeTestJSON:_run_cleanups): 202 DELETE http://10.180.1.21/compute/v2.1/flavors/2045444809 1.690s
2025-04-10 13:34:30.642 69333 INFO tempest.lib.common.rest_client [req-b5f3be3f-c810-4ac1-8eb4-30397d73b947 req-b5f3be3f-c810-4ac1-8eb4-30397d73b947 ] Request (ServerActionsTestJSON:setUpClass): 200 PUT http://10.180.1.21:9696/networking/v2.0/routers/0605d429-f5f5-4ed5-8eac-b1f3f28b6090/add_router_interface 2.060s
2025-04-10 13:34:30.642 69333 INFO tempest.lib.common.dynamic_creds [-] Created isolated network resources for: credentials: Credentials: {'domain_id': 'default', 'domain_name': 'Default', 'username': 'tempest-ServerActionsTestJSON-803946511-project-member', 'project_domain_id': 'default', 'project_domain_name': 'Default', 'project_id': 'f7ddacd3ea10432ab03a8292c7654de0', 'project_name': 'tempest-ServerActionsTestJSON-803946511', 'tenant_id': 'f7ddacd3ea10432ab03a8292c7654de0', 'tenant_name': 'tempest-ServerActionsTestJSON-803946511', 'user_domain_id': 'default', 'user_domain_name': 'Default', 'user_id': 'c0e429048eec4631a5c12b6881657151', 'system': None}, Network: {'id': 'f917bde2-b096-4eea-a90d-0d0c26e15f3f', 'name': 'tempest-ServerActionsTestJSON-136931060-network', 'tenant_id': 'f7ddacd3ea10432ab03a8292c7654de0', 'admin_state_up': True, 'mtu': 8950, 'status': 'ACTIVE', 'subnets': [], 'shared': False, 'project_id': 'f7ddacd3ea10432ab03a8292c7654de0', 'port_security_enabled': True, 'router:external': False, 'provider:network_type': 'vlan', 'provider:physical_network': 'default', 'provider:segmentation_id': 842, 'is_default': False, 'availability_zone_hints': [], 'availability_zones': [], 'ipv4_address_scope': None, 'ipv6_address_scope': None, 'description': '', 'tags': [], 'created_at': '2025-04-10T13:34:25Z', 'updated_at': '2025-04-10T13:34:26Z', 'revision_number': 1}, Subnet: {'id': '04c4bd28-4877-4b17-b746-e79d696e8e4c', 'name': 'tempest-ServerActionsTestJSON-136931060-subnet', 'tenant_id': 'f7ddacd3ea10432ab03a8292c7654de0', 'network_id': 'f917bde2-b096-4eea-a90d-0d0c26e15f3f', 'ip_version': 4, 'subnetpool_id': None, 'enable_dhcp': True, 'ipv6_ra_mode': None, 'ipv6_address_mode': None, 'gateway_ip': '192.168.128.1', 'cidr': '192.168.128.0/28', 'allocation_pools': [{'start': '192.168.128.2', 'end': '192.168.128.14'}], 'host_routes': [], 'dns_nameservers': [], 'description': '', 'service_types': [], 'tags': [], 'created_at': '2025-04-10T13:34:26Z', 'updated_at': '2025-04-10T13:34:26Z', 'revision_number': 0, 'project_id': 'f7ddacd3ea10432ab03a8292c7654de0'}, Router: {'id': '0605d429-f5f5-4ed5-8eac-b1f3f28b6090', 'name': 'tempest-ServerActionsTestJSON-136931060-router', 'tenant_id': 'f7ddacd3ea10432ab03a8292c7654de0', 'admin_state_up': True, 'status': 'ACTIVE', 'external_gateway_info': {'network_id': '96965a07-2fb9-479a-91f2-8b3a9a2d60e0', 'external_fixed_ips': [{'subnet_id': '4bde0889-1c15-4a8b-b06e-e6a839228f9f', 'ip_address': '10.180.180.176'}], 'enable_snat': True}, 'description': '', 'availability_zones': [], 'distributed': False, 'ha': False, 'availability_zone_hints': [], 'routes': [], 'flavor_id': None, 'tags': [], 'created_at': '2025-04-10T13:34:26Z', 'updated_at': '2025-04-10T13:34:27Z', 'revision_number': 2, 'project_id': 'f7ddacd3ea10432ab03a8292c7654de0'}
2025-04-10 13:34:30.738 69333 INFO tempest.lib.common.rest_client [req-c216176f-f486-4992-91d6-c9f5bf5247d1 req-c216176f-f486-4992-91d6-c9f5bf5247d1 ] Request (ServerActionsTestJSON:setUpClass): 201 POST http://10.180.1.21/identity/v3/auth/tokens 0.092s
2025-04-10 13:34:30.750 69317 INFO tempest.lib.common.rest_client [req-7f55e794-ca5a-4b71-918e-508d56ca6719 req-7f55e794-ca5a-4b71-918e-508d56ca6719 ] Request (HostsAdminNegativeTestJSON:tearDownClass): 200 GET http://10.180.1.21:9696/networking/v2.0/security-groups?tenant_id=7a67636a6af342fbac5f0afa64198912&name=default 0.310s
2025-04-10 13:34:30.923 69317 INFO tempest.lib.common.rest_client [req-1957d677-b486-45e9-9de4-844e4f09dfa1 req-1957d677-b486-45e9-9de4-844e4f09dfa1 ] Request (HostsAdminNegativeTestJSON:tearDownClass): 204 DELETE http://10.180.1.21:9696/networking/v2.0/security-groups/da3f3bfc-0169-4e24-a4f4-714e9a1d1492 0.173s
2025-04-10 13:34:30.933 69315 INFO tempest.lib.common.rest_client [req-2da3b3a6-4fa8-4f7a-9ce4-dde8afdcc5fe req-2da3b3a6-4fa8-4f7a-9ce4-dde8afdcc5fe ] Request (FloatingIPsNegativeTestJSON:setUpClass): 201 POST http://10.180.1.21:9696/networking/v2.0/routers 2.252s
2025-04-10 13:34:31.006 69367 INFO tempest.lib.common.rest_client [req-0aaff606-4d03-4ae2-bbe9-d7a31d5a6484 req-0aaff606-4d03-4ae2-bbe9-d7a31d5a6484 ] Request (InstanceActionsTestJSON:setUpClass): 201 POST http://10.180.1.21:9696/networking/v2.0/subnets 0.576s
2025-04-10 13:34:31.008 69335 INFO tempest.lib.common.rest_client [req-750eb984-411b-4fd6-83b7-b0442dc2e4d9 req-750eb984-411b-4fd6-83b7-b0442dc2e4d9 ] Request (ServerPasswordTestJSON:setUpClass): 200 GET http://10.180.1.21/compute/v2.1/servers/aec054f1-0d52-49be-9dee-8db0ae362f12 2.100s
2025-04-10 13:34:31.012 69317 INFO tempest.lib.common.rest_client [req-74ca5b6f-327c-4f52-aa8b-f6eac1987c0e req-74ca5b6f-327c-4f52-aa8b-f6eac1987c0e ] Request (HostsAdminNegativeTestJSON:tearDownClass): 204 DELETE http://10.180.1.21/identity/v3/projects/7a67636a6af342fbac5f0afa64198912 0.088s
2025-04-10 13:34:31.012 69317 INFO tempest.lib.common.dynamic_creds [-] Deleting project and security group for project: b12be2863b5c4a04baf50951289229bc
2025-04-10 13:34:31.192 69309 INFO tempest.lib.common.rest_client [req-4d4ab710-5edd-4c05-a35b-3260db71aa38 req-4d4ab710-5edd-4c05-a35b-3260db71aa38 ] Request (FloatingIPDetailsTestJSON:tearDownClass): 202 DELETE http://10.180.1.21/compute/v2.1/os-floating-ips/1911f76a-7d8a-4787-91b8-740db8ec99c2 2.477s
2025-04-10 13:34:31.265 69317 INFO tempest.lib.common.rest_client [req-9d65d29a-118c-4b2b-ab0a-cb79650854f8 req-9d65d29a-118c-4b2b-ab0a-cb79650854f8 ] Request (HostsAdminNegativeTestJSON:tearDownClass): 200 GET http://10.180.1.21:9696/networking/v2.0/security-groups?tenant_id=b12be2863b5c4a04baf50951289229bc&name=default 0.252s
2025-04-10 13:34:31.292 69343 INFO tempest.lib.common.rest_client [req-27a1b361-f087-4ffe-8bb7-fc8b3fa230e9 req-27a1b361-f087-4ffe-8bb7-fc8b3fa230e9 ] Request (SecurityGroupsTestJSON:test_list_security_groups_by_server): 200 POST http://10.180.1.21/compute/v2.1/os-security-groups 2.135s
2025-04-10 13:34:31.319 69351 INFO tempest.lib.common.rest_client [req-f1bf6ec6-bccc-49fc-a672-d12b53ea0509 req-f1bf6ec6-bccc-49fc-a672-d12b53ea0509 ] Request (ImagesMetadataNegativeTestJSON:test_get_nonexistent_image_metadata_item): 404 GET http://10.180.1.21/compute/v2.1/images/ad8f9461-6380-48fe-9778-0a1e8478d114/metadata/os_version 1.929s
2025-04-10 13:34:31.375 69343 INFO tempest.lib.common.rest_client [req-6a5cf50e-5487-4d75-8f6a-ca7ae80b66de req-6a5cf50e-5487-4d75-8f6a-ca7ae80b66de ] Request (SecurityGroupsTestJSON:test_list_security_groups_by_server): 201 POST http://10.180.1.21/identity/v3/auth/tokens 0.072s
2025-04-10 13:34:31.376 69343 INFO tempest.lib.common.fixed_network [-] (SecurityGroupsTestJSON:test_list_security_groups_by_server) Found network {'id': '4f4a2802-0cd6-47ff-97b4-a7eec298a766', 'name': 'tempest-SecurityGroupsTestJSON-1812789423-network', 'tenant_id': '0ff7f2092871426fac0d8ab36997f4be', 'admin_state_up': True, 'mtu': 8950, 'status': 'ACTIVE', 'subnets': [], 'shared': False, 'project_id': '0ff7f2092871426fac0d8ab36997f4be', 'port_security_enabled': True, 'router:external': False, 'provider:network_type': 'vlan', 'provider:physical_network': 'default', 'provider:segmentation_id': 421, 'is_default': False, 'availability_zone_hints': [], 'availability_zones': [], 'ipv4_address_scope': None, 'ipv6_address_scope': None, 'description': '', 'tags': [], 'created_at': '2025-04-10T13:34:17Z', 'updated_at': '2025-04-10T13:34:17Z', 'revision_number': 1} available for tenant
2025-04-10 13:34:31.382 69307 INFO tempest.lib.common.rest_client [req-7cf3283e-cf2c-4934-bf1c-0dc4a684cdc0 req-7cf3283e-cf2c-4934-bf1c-0dc4a684cdc0 ] Request (ServersAdminTestJSON:setUpClass): 200 GET http://10.180.1.21/compute/v2.1/servers/b6a38a84-0b95-494c-a423-3360824ed8d3 1.964s
2025-04-10 13:34:31.399 69355 INFO tempest.lib.common.rest_client [req-f2a10b64-8875-4ba7-8be4-95b5c8fce7ac req-f2a10b64-8875-4ba7-8be4-95b5c8fce7ac ] Request (DeleteServersAdminTestJSON:test_admin_delete_servers_of_others): 200 GET http://10.180.1.21/compute/v2.1/servers/657170ea-02c4-4bc9-97d0-9aa3960fcaf9 2.164s
2025-04-10 13:34:31.454 69317 INFO tempest.lib.common.rest_client [req-76a4753b-b007-45c5-9c77-842289728bc7 req-76a4753b-b007-45c5-9c77-842289728bc7 ] Request (HostsAdminNegativeTestJSON:tearDownClass): 204 DELETE http://10.180.1.21:9696/networking/v2.0/security-groups/ad9096be-324a-426d-bfa8-13971fdd3e32 0.189s
2025-04-10 13:34:31.561 69317 INFO tempest.lib.common.rest_client [req-a3a4cbcc-d512-42b1-be2d-0e1fec5dbd22 req-a3a4cbcc-d512-42b1-be2d-0e1fec5dbd22 ] Request (HostsAdminNegativeTestJSON:tearDownClass): 204 DELETE http://10.180.1.21/identity/v3/projects/b12be2863b5c4a04baf50951289229bc 0.106s
2025-04-10 13:34:31.564 69317 INFO tempest.test [-] raised in UnshelveToHostMultiNodesTest.setUpClass. Invoking tearDownClass.
2025-04-10 13:34:31.634 69317 INFO tempest.lib.common.rest_client [req-a7b8be09-e57d-4aae-a5e4-d2925b981f92 req-a7b8be09-e57d-4aae-a5e4-d2925b981f92 ] Request (AbsoluteLimitsNegativeTestJSON:setUpClass): 201 POST http://10.180.1.21/identity/v3/auth/tokens 0.066s
2025-04-10 13:34:31.678 69317 INFO tempest.lib.common.rest_client [req-350e5103-a0ca-4f9d-8bcc-91348cf47fd2 req-350e5103-a0ca-4f9d-8bcc-91348cf47fd2 ] Request (AbsoluteLimitsNegativeTestJSON:setUpClass): 201 POST http://10.180.1.21/identity/v3/auth/tokens 0.039s
2025-04-10 13:34:31.713 69317 INFO tempest.lib.common.rest_client [req-ca15e990-ff3a-435c-b2f6-be1fcbaa7f44 req-ca15e990-ff3a-435c-b2f6-be1fcbaa7f44 ] Request (AbsoluteLimitsNegativeTestJSON:setUpClass): 200 GET http://10.180.1.21/identity/v3/domains?name=Default 0.034s
2025-04-10 13:34:31.731 69327 INFO tempest.lib.common.rest_client [req-2eeffd22-1cd5-4b89-9f23-b31731988800 req-2eeffd22-1cd5-4b89-9f23-b31731988800 ] Request (QuotasAdminTestJSON:test_update_all_quota_resources_for_tenant): 200 PUT http://10.180.1.21/compute/v2.1/os-quota-sets/1cd5bea0c9f64ce78b44004e30c89281 2.188s
2025-04-10 13:34:31.759 69317 INFO tempest.lib.common.rest_client [req-142c3a7b-71f6-484e-a693-9e6d2e1e3dfb req-142c3a7b-71f6-484e-a693-9e6d2e1e3dfb ] Request (AbsoluteLimitsNegativeTestJSON:setUpClass): 201 POST http://10.180.1.21/identity/v3/projects 0.046s
2025-04-10 13:34:31.808 69323 INFO tempest.lib.common.rest_client [req-aa7bb1d4-b8ae-4ad3-9295-e3012c9e0d2e req-aa7bb1d4-b8ae-4ad3-9295-e3012c9e0d2e ] Request (ServersWithSpecificFlavorTestJSON:test_verify_created_server_ephemeral_disk): 200 GET http://10.180.1.21/compute/v2.1/servers/45dfaf74-5be6-4c63-9efc-4717d12e3d2c 1.773s
2025-04-10 13:34:31.829 69317 INFO tempest.lib.common.rest_client [req-ead51d56-0178-4c62-8a4a-db4a2c16760b req-ead51d56-0178-4c62-8a4a-db4a2c16760b ] Request (AbsoluteLimitsNegativeTestJSON:setUpClass): 201 POST http://10.180.1.21/identity/v3/users 0.069s
2025-04-10 13:34:31.831 69325 INFO tempest.lib.common.rest_client [req-0df3fca3-e78e-4893-bb98-8e8989b579f1 req-0df3fca3-e78e-4893-bb98-8e8989b579f1 ] Request (HypervisorAdminNegativeTestJSON:test_show_hypervisor_with_non_admin_user): 200 GET http://10.180.1.21/compute/v2.1/os-hypervisors 1.775s
2025-04-10 13:34:31.860 69317 INFO tempest.lib.common.rest_client [req-62d0ecb8-50e9-42c5-afbe-9140b0103898 req-62d0ecb8-50e9-42c5-afbe-9140b0103898 ] Request (AbsoluteLimitsNegativeTestJSON:setUpClass): 200 GET http://10.180.1.21/identity/v3/roles 0.030s
2025-04-10 13:34:31.860 69321 INFO tempest.lib.common.rest_client [req-4f521434-cf58-4989-ac4e-9b72e5f7821c req-4f521434-cf58-4989-ac4e-9b72e5f7821c ] Request (ServerGroupTestJSON:test_create_delete_server_group_with_anti_affinity_policy): 204 DELETE http://10.180.1.21/compute/v2.1/os-server-groups/3a0d2c89-c737-4db6-a949-624f3fa39ecf 1.735s
2025-04-10 13:34:31.866 69369 INFO tempest.lib.common.rest_client [req-b39594e4-ebf8-43ba-bc51-befed0c27be2 req-b39594e4-ebf8-43ba-bc51-befed0c27be2 ] Request (AggregatesAdminNegativeTestJSON:test_aggregate_create_aggregate_name_length_less_than_1): 400 POST http://10.180.1.21/compute/v2.1/os-aggregates 1.735s
2025-04-10 13:34:31.894 69339 INFO tempest.lib.common.rest_client [req-8a687ed5-53f5-475f-bc05-aabf95426a99 req-8a687ed5-53f5-475f-bc05-aabf95426a99 ] Request (FlavorsAdminTestJSON:_run_cleanups): 202 DELETE http://10.180.1.21/compute/v2.1/flavors/3c9ae57b-0312-4326-ab6a-836405554d1d 1.727s
2025-04-10 13:34:31.900 69317 INFO tempest.lib.common.rest_client [req-0cd2ed64-aeb5-4611-8d71-9b1ac9b3c226 req-0cd2ed64-aeb5-4611-8d71-9b1ac9b3c226 ] Request (AbsoluteLimitsNegativeTestJSON:setUpClass): 204 PUT http://10.180.1.21/identity/v3/projects/dddd69cf552f4afa8a854383f234367f/users/53f1de9dcf51434980fe290be09be67c/roles/23c65fe67480413b8a52a3ffff9efabd 0.039s
2025-04-10 13:34:31.900 69317 INFO tempest.lib.common.dynamic_creds [-] Dynamic test user 53f1de9dcf51434980fe290be09be67c is created with scope project and roles: ['member']
2025-04-10 13:34:31.900 69317 INFO tempest.lib.common.dynamic_creds [-] Acquired dynamic creds: credentials: Credentials: {'domain_id': 'default', 'domain_name': 'Default', 'username': 'tempest-AbsoluteLimitsNegativeTestJSON-318724452-project-member', 'project_domain_id': 'default', 'project_domain_name': 'Default', 'project_id': 'dddd69cf552f4afa8a854383f234367f', 'project_name': 'tempest-AbsoluteLimitsNegativeTestJSON-318724452', 'tenant_id': 'dddd69cf552f4afa8a854383f234367f', 'tenant_name': 'tempest-AbsoluteLimitsNegativeTestJSON-318724452', 'user_domain_id': 'default', 'user_domain_name': 'Default', 'user_id': '53f1de9dcf51434980fe290be09be67c', 'system': None}, Network: None, Subnet: None, Router: None
2025-04-10 13:34:31.900 69317 INFO tempest.lib.common.dynamic_creds [-] Created isolated network resources for: credentials: Credentials: {'domain_id': 'default', 'domain_name': 'Default', 'username': 'tempest-AbsoluteLimitsNegativeTestJSON-318724452-project-member', 'project_domain_id': 'default', 'project_domain_name': 'Default', 'project_id': 'dddd69cf552f4afa8a854383f234367f', 'project_name': 'tempest-AbsoluteLimitsNegativeTestJSON-318724452', 'tenant_id': 'dddd69cf552f4afa8a854383f234367f', 'tenant_name': 'tempest-AbsoluteLimitsNegativeTestJSON-318724452', 'user_domain_id': 'default', 'user_domain_name': 'Default', 'user_id': '53f1de9dcf51434980fe290be09be67c', 'system': None}, Network: None, Subnet: None, Router: None
2025-04-10 13:34:31.913 69337 INFO tempest.lib.common.rest_client [req-7f31a4d9-5598-488c-a11d-90faed6d4340 req-7f31a4d9-5598-488c-a11d-90faed6d4340 ] Request (ServicesAdminNegativeV253TestJSON:test_enable_service_with_invalid_service_id): 404 PUT http://10.180.1.21/compute/v2.1/os-services/04a7ae87-6cd6-4e5d-895a-221541676ea2 1.726s
2025-04-10 13:34:32.002 69317 INFO tempest.lib.common.rest_client [req-b1858f20-cc27-468a-b316-fa694bde8932 req-b1858f20-cc27-468a-b316-fa694bde8932 ] Request (AbsoluteLimitsNegativeTestJSON:setUpClass): 201 POST http://10.180.1.21/identity/v3/auth/tokens 0.097s
2025-04-10 13:34:32.092 69359 INFO tempest.lib.common.rest_client [req-98532783-bb57-4e53-a10a-a7b3fe7028b4 req-98532783-bb57-4e53-a10a-a7b3fe7028b4 ] Request (VolumesAssistedSnapshotsTest:test_volume_assisted_snapshot_create_delete): 202 POST http://10.180.1.21/compute/v2.1/servers 2.656s
2025-04-10 13:34:32.522 69315 INFO tempest.lib.common.rest_client [req-5bbdac53-2b02-4d8d-91b0-db0d04172631 req-5bbdac53-2b02-4d8d-91b0-db0d04172631 ] Request (FloatingIPsNegativeTestJSON:setUpClass): 200 PUT http://10.180.1.21:9696/networking/v2.0/routers/dc89a62d-eda9-4f78-9797-684bf33132f2/add_router_interface 1.588s
2025-04-10 13:34:32.522 69315 INFO tempest.lib.common.dynamic_creds [-] Created isolated network resources for: credentials: Credentials: {'domain_id': 'default', 'domain_name': 'Default', 'username': 'tempest-FloatingIPsNegativeTestJSON-1461685403-project-member', 'project_domain_id': 'default', 'project_domain_name': 'Default', 'project_id': 'c33331f605b8418daf74b23d9822d367', 'project_name': 'tempest-FloatingIPsNegativeTestJSON-1461685403', 'tenant_id': 'c33331f605b8418daf74b23d9822d367', 'tenant_name': 'tempest-FloatingIPsNegativeTestJSON-1461685403', 'user_domain_id': 'default', 'user_domain_name': 'Default', 'user_id': 'db2fdb7a5a7a46f2b4171313e338650a', 'system': None}, Network: {'id': '28501a1a-f90b-45b2-a7d5-905ed5870654', 'name': 'tempest-FloatingIPsNegativeTestJSON-1447470891-network', 'tenant_id': 'c33331f605b8418daf74b23d9822d367', 'admin_state_up': True, 'mtu': 8950, 'status': 'ACTIVE', 'subnets': [], 'shared': False, 'project_id': 'c33331f605b8418daf74b23d9822d367', 'port_security_enabled': True, 'router:external': False, 'provider:network_type': 'vlan', 'provider:physical_network': 'default', 'provider:segmentation_id': 953, 'is_default': False, 'availability_zone_hints': [], 'availability_zones': [], 'ipv4_address_scope': None, 'ipv6_address_scope': None, 'description': '', 'tags': [], 'created_at': '2025-04-10T13:34:27Z', 'updated_at': '2025-04-10T13:34:27Z', 'revision_number': 1}, Subnet: {'id': '2ea98ba4-9ab6-4176-9fd4-8d0e63dcebe1', 'name': 'tempest-FloatingIPsNegativeTestJSON-1447470891-subnet', 'tenant_id': 'c33331f605b8418daf74b23d9822d367', 'network_id': '28501a1a-f90b-45b2-a7d5-905ed5870654', 'ip_version': 4, 'subnetpool_id': None, 'enable_dhcp': True, 'ipv6_ra_mode': None, 'ipv6_address_mode': None, 'gateway_ip': '192.168.128.1', 'cidr': '192.168.128.0/28', 'allocation_pools': [{'start': '192.168.128.2', 'end': '192.168.128.14'}], 'host_routes': [], 'dns_nameservers': [], 'description': '', 'service_types': [], 'tags': [], 'created_at': '2025-04-10T13:34:28Z', 'updated_at': '2025-04-10T13:34:28Z', 'revision_number': 0, 'project_id': 'c33331f605b8418daf74b23d9822d367'}, Router: {'id': 'dc89a62d-eda9-4f78-9797-684bf33132f2', 'name': 'tempest-FloatingIPsNegativeTestJSON-1447470891-router', 'tenant_id': 'c33331f605b8418daf74b23d9822d367', 'admin_state_up': True, 'status': 'ACTIVE', 'external_gateway_info': {'network_id': '96965a07-2fb9-479a-91f2-8b3a9a2d60e0', 'external_fixed_ips': [{'subnet_id': '4bde0889-1c15-4a8b-b06e-e6a839228f9f', 'ip_address': '10.180.180.191'}], 'enable_snat': True}, 'description': '', 'availability_zones': [], 'distributed': False, 'ha': False, 'availability_zone_hints': [], 'routes': [], 'flavor_id': None, 'tags': [], 'created_at': '2025-04-10T13:34:28Z', 'updated_at': '2025-04-10T13:34:29Z', 'revision_number': 2, 'project_id': 'c33331f605b8418daf74b23d9822d367'}
2025-04-10 13:34:32.545 69353 INFO tempest.lib.common.rest_client [req-3536301a-6048-4f35-a441-8f82b38af13c req-3536301a-6048-4f35-a441-8f82b38af13c ] Request (MigrationsAdminTest:test_list_migrations_in_flavor_resize_situation): 200 GET http://10.180.1.21/compute/v2.1/servers/6ad953b9-4ded-42cd-86e0-2b1b707be4e4 2.249s
2025-04-10 13:34:32.571 69367 INFO tempest.lib.common.rest_client [req-ed7d97a2-ecc7-429a-aa60-b43af95cd5c1 req-ed7d97a2-ecc7-429a-aa60-b43af95cd5c1 ] Request (InstanceActionsTestJSON:setUpClass): 201 POST http://10.180.1.21:9696/networking/v2.0/routers 1.564s
2025-04-10 13:34:32.607 69349 INFO tempest.lib.common.rest_client [req-8a80f6cf-1a19-472a-bc00-f9df7b957f08 req-8a80f6cf-1a19-472a-bc00-f9df7b957f08 ] Request (ServersV294TestFqdnHostnames:setUpClass): 202 POST http://10.180.1.21/compute/v2.1/servers 2.332s
2025-04-10 13:34:32.637 69315 INFO tempest.lib.common.rest_client [req-9dd8aaee-9aa6-4b6f-b7aa-6789e4400aee req-9dd8aaee-9aa6-4b6f-b7aa-6789e4400aee ] Request (FloatingIPsNegativeTestJSON:setUpClass): 201 POST http://10.180.1.21/identity/v3/auth/tokens 0.111s
2025-04-10 13:34:32.677 69311 INFO tempest.lib.common.rest_client [req-3e44ea8a-1f09-4e3f-9c8a-a61058870ab4 req-3e44ea8a-1f09-4e3f-9c8a-a61058870ab4 ] Request (ServerDiagnosticsV248Test:test_get_server_diagnostics): 200 GET http://10.180.1.21/compute/v2.1/servers/a00267a5-aa1c-434f-8201-157481bc0801 2.272s
2025-04-10 13:34:32.694 69341 INFO tempest.lib.common.rest_client [req-ef22b90d-2bdf-4d90-8e7b-a4a3aa09df19 req-ef22b90d-2bdf-4d90-8e7b-a4a3aa09df19 ] Request (FlavorsAccessNegativeTestJSON:_run_cleanups): 200 GET http://10.180.1.21/compute/v2.1/flavors/detail 2.164s
2025-04-10 13:34:32.759 69365 INFO tempest.lib.common.rest_client [req-01a7f83e-6e30-4eb5-8f26-5695a1af43b2 req-01a7f83e-6e30-4eb5-8f26-5695a1af43b2 ] Request (ServersAdmin275Test:test_rebuild_update_server_275): 200 GET http://10.180.1.21/compute/v2.1/servers/f719053e-2753-49c6-b47d-5adb698cafac 2.120s
2025-04-10 13:34:32.816 69313 INFO tempest.lib.common.rest_client [req-02455920-f133-468d-9dd7-43590ffee980 req-02455920-f133-468d-9dd7-43590ffee980 ] Request (ListServerFiltersTestJSON:setUpClass): 200 GET http://10.180.1.21/compute/v2.1/servers/d8db9bfa-336f-48b6-b0b5-3aa3e97f5698 2.091s
2025-04-10 13:34:32.827 69347 INFO tempest.lib.common.rest_client [req-44b7c52a-c1e8-4154-87db-729ddbf0c869 req-44b7c52a-c1e8-4154-87db-729ddbf0c869 ] Request (FloatingIPsAssociationTestJSON:setUpClass): 200 GET http://10.180.1.21/compute/v2.1/servers/4ad409c8-465f-4106-946a-7f401358d5a3 2.488s
2025-04-10 13:34:32.896 69331 INFO tempest.lib.common.rest_client [req-1c94e287-3245-4b38-8206-d3861a3dd80d req-1c94e287-3245-4b38-8206-d3861a3dd80d ] Request (VolumesAdminNegativeTest:test_update_attached_volume_with_nonexistent_volume_in_body): 200 GET http://10.180.1.21/compute/v2.1/servers/362a7b3c-f0b2-46e6-a9fa-2c284a059d73 2.088s
2025-04-10 13:34:32.970 69333 INFO tempest.lib.common.rest_client [req-b6e4ce60-6504-48b9-bdc9-f41253d6284c req-b6e4ce60-6504-48b9-bdc9-f41253d6284c ] Request (ServerActionsTestJSON:setUpClass): 200 POST http://10.180.1.21/compute/v2.1/os-keypairs 2.230s
2025-04-10 13:34:33.051 69363 INFO tempest.lib.common.rest_client [req-b4bd0f62-c453-4969-9329-01043ba9809b req-b4bd0f62-c453-4969-9329-01043ba9809b ] Request (ServersAdminNegativeTestJSON:setUpClass): 200 GET http://10.180.1.21/compute/v2.1/servers/ae5e2ca1-75e2-4023-b297-4cc265f038e5 1.992s
2025-04-10 13:34:33.197 69333 INFO tempest.lib.common.rest_client [req-34ef2c61-a2f3-4765-a1da-fbe391016d9c req-34ef2c61-a2f3-4765-a1da-fbe391016d9c ] Request (ServerActionsTestJSON:setUpClass): 201 POST http://10.180.1.21:9696/networking/v2.0/security-groups 0.226s
2025-04-10 13:34:33.203 69357 INFO tempest.lib.common.rest_client [req-faa4531b-c057-4d87-9e5f-b516ef43b058 req-faa4531b-c057-4d87-9e5f-b516ef43b058 ] Request (ServerExternalEventsTest:test_create_server_external_events): 200 GET http://10.180.1.21/compute/v2.1/servers/2e16f12d-194a-47a5-824d-062a684a86f8 1.943s
2025-04-10 13:34:33.219 69351 INFO tempest.lib.common.rest_client [req-11ce8898-e7f9-411a-bc46-d8cf3421f450 req-11ce8898-e7f9-411a-bc46-d8cf3421f450 ] Request (ImagesMetadataNegativeTestJSON:test_list_nonexistent_image_metadata): 404 GET http://10.180.1.21/compute/v2.1/images/858118e1-c359-47a9-81a6-9b89eac00958/metadata 1.899s
2025-04-10 13:34:33.482 69333 INFO tempest.lib.common.rest_client [req-ebe306b2-8345-4c2c-9304-5e90862f530c req-ebe306b2-8345-4c2c-9304-5e90862f530c ] Request (ServerActionsTestJSON:setUpClass): 201 POST http://10.180.1.21:9696/networking/v2.0/security-group-rules 0.284s
2025-04-10 13:34:33.673 69309 INFO tempest.lib.common.rest_client [req-9238075f-8d0a-4c19-9253-c6219e314db1 req-9238075f-8d0a-4c19-9253-c6219e314db1 ] Request (FloatingIPDetailsTestJSON:tearDownClass): 202 DELETE http://10.180.1.21/compute/v2.1/os-floating-ips/b750e8d6-4b32-4388-b60b-9e260999f2ba 2.480s
2025-04-10 13:34:33.783 69333 INFO tempest.lib.common.rest_client [req-2a558390-bc73-4b71-96e7-733033b78fe8 req-2a558390-bc73-4b71-96e7-733033b78fe8 ] Request (ServerActionsTestJSON:setUpClass): 201 POST http://10.180.1.21:9696/networking/v2.0/security-group-rules 0.301s
2025-04-10 13:34:33.911 69343 INFO tempest.lib.common.rest_client [req-34b0117f-f6c1-429b-a72a-f7137c70d885 req-34b0117f-f6c1-429b-a72a-f7137c70d885 ] Request (SecurityGroupsTestJSON:test_list_security_groups_by_server): 202 POST http://10.180.1.21/compute/v2.1/servers 2.534s
2025-04-10 13:34:33.927 69361 INFO tempest.lib.common.rest_client [req-a2a83158-1517-4b6a-a214-15f7695b578f req-a2a83158-1517-4b6a-a214-15f7695b578f ] Request (ServerDiagnosticsTest:test_get_server_diagnostics): 200 GET http://10.180.1.21/compute/v2.1/servers/a26389e3-7c20-4227-bd57-9d058964edc5 2.504s
2025-04-10 13:34:34.194 69319 INFO tempest.lib.common.rest_client [req-640afeae-f50a-4bda-92fa-35e7f2646d32 req-640afeae-f50a-4bda-92fa-35e7f2646d32 ] Request (AttachInterfacesV270Test:test_create_get_list_interfaces): 200 GET http://10.180.1.21/compute/v2.1/servers/3aef6e75-f7bc-4a2c-aac0-daa7cfa38b87 2.685s
2025-04-10 13:34:34.195 69327 INFO tempest.lib.common.rest_client [req-a63a7075-56ca-4063-96e7-0c733ba0017d req-a63a7075-56ca-4063-96e7-0c733ba0017d ] Request (QuotasAdminTestJSON:_run_cleanups): 200 PUT http://10.180.1.21/compute/v2.1/os-quota-sets/1cd5bea0c9f64ce78b44004e30c89281 2.460s
2025-04-10 13:34:34.200 69325 INFO tempest.lib.common.rest_client [req-e337aebd-c8fa-44ad-b941-e4843a0ab741 req-e337aebd-c8fa-44ad-b941-e4843a0ab741 ] Request (HypervisorAdminNegativeTestJSON:test_show_hypervisor_with_non_admin_user): 403 GET http://10.180.1.21/compute/v2.1/os-hypervisors/1 2.366s
2025-04-10 13:34:34.213 69321 INFO tempest.lib.common.rest_client [req-14ed5c68-b216-4697-833a-c1b921761146 req-14ed5c68-b216-4697-833a-c1b921761146 ] Request (ServerGroupTestJSON:test_create_delete_server_group_with_anti_affinity_policy): 200 GET http://10.180.1.21/compute/v2.1/os-server-groups 2.352s
2025-04-10 13:34:34.216 69369 INFO tempest.lib.common.rest_client [req-0e540222-1af7-49af-acf2-474b9b06b637 req-0e540222-1af7-49af-acf2-474b9b06b637 ] Request (AggregatesAdminNegativeTestJSON:test_aggregate_create_as_user): 403 POST http://10.180.1.21/compute/v2.1/os-aggregates 2.348s
2025-04-10 13:34:34.230 69339 INFO tempest.lib.common.rest_client [req-498d4802-0e1b-47e9-b085-cf5495ced6b8 req-498d4802-0e1b-47e9-b085-cf5495ced6b8 ] Request (FlavorsAdminTestJSON:_run_cleanups): 200 GET http://10.180.1.21/compute/v2.1/flavors/detail 2.334s
2025-04-10 13:34:34.245 69337 INFO tempest.lib.common.rest_client [req-99079161-46e6-4090-bb7e-24efeb9e7c0a req-99079161-46e6-4090-bb7e-24efeb9e7c0a ] Request (ServicesAdminNegativeV253TestJSON:test_get_service_by_invalid_params): 200 GET http://10.180.1.21/compute/v2.1/os-services 2.331s
2025-04-10 13:34:34.295 69329 INFO tempest.lib.common.rest_client [req-0626fd14-6220-4389-b905-32563265119b req-0626fd14-6220-4389-b905-32563265119b ] Request (QuotasAdminTestV236:test_get_updated_quotas): 200 GET http://10.180.1.21/identity/v3/domains?name=Default 0.095s
2025-04-10 13:34:34.339 69359 INFO tempest.lib.common.rest_client [req-e23f6605-109e-42dc-aaec-a6a8db2de243 req-e23f6605-109e-42dc-aaec-a6a8db2de243 ] Request (VolumesAssistedSnapshotsTest:test_volume_assisted_snapshot_create_delete): 200 GET http://10.180.1.21/compute/v2.1/servers/b2b068c1-defd-4ee8-8611-9016924fc223 2.245s
2025-04-10 13:34:34.348 69327 INFO tempest.lib.common.rest_client [req-fc08ccb5-cca3-494e-8331-539b0170016b req-fc08ccb5-cca3-494e-8331-539b0170016b ] Request (QuotasAdminTestJSON:tearDownClass): 204 DELETE http://10.180.1.21/identity/v3/users/a69aab982c5249009d2c290c3d3361dc 0.149s
2025-04-10 13:34:34.353 69321 INFO tempest.lib.common.rest_client [req-e0edc891-bc0f-42f0-8f9a-ab1b8dbbe4eb req-e0edc891-bc0f-42f0-8f9a-ab1b8dbbe4eb ] Request (ServerGroupTestJSON:test_create_server_with_scheduler_hint_group): 201 POST http://10.180.1.21/identity/v3/auth/tokens 0.133s
2025-04-10 13:34:34.353 69321 INFO tempest.lib.common.fixed_network [-] (ServerGroupTestJSON:test_create_server_with_scheduler_hint_group) Found network {'id': 'ae1dc885-6fc3-405c-acb8-e12f5a5101a9', 'name': 'tempest-ServerGroupTestJSON-1228066802-network', 'tenant_id': '1c9630ed8b844a8d918b81a675b47f39', 'admin_state_up': True, 'mtu': 8950, 'status': 'ACTIVE', 'subnets': [], 'shared': False, 'project_id': '1c9630ed8b844a8d918b81a675b47f39', 'port_security_enabled': True, 'router:external': False, 'provider:network_type': 'vlan', 'provider:physical_network': 'default', 'provider:segmentation_id': 700, 'is_default': False, 'availability_zone_hints': [], 'availability_zones': [], 'ipv4_address_scope': None, 'ipv6_address_scope': None, 'description': '', 'tags': [], 'created_at': '2025-04-10T13:33:51Z', 'updated_at': '2025-04-10T13:33:51Z', 'revision_number': 1} available for tenant
2025-04-10 13:34:34.407 69329 INFO tempest.lib.common.rest_client [req-8f2583e0-b32a-4341-8453-e66c6dde94d8 req-8f2583e0-b32a-4341-8453-e66c6dde94d8 ] Request (QuotasAdminTestV236:test_get_updated_quotas): 201 POST http://10.180.1.21/identity/v3/projects 0.111s
2025-04-10 13:34:34.408 69307 INFO tempest.lib.common.rest_client [req-dfbfcc92-c62e-47cc-96f3-700d11f60199 req-dfbfcc92-c62e-47cc-96f3-700d11f60199 ] Request (ServersAdminTestJSON:setUpClass): 200 GET http://10.180.1.21/compute/v2.1/servers/b6a38a84-0b95-494c-a423-3360824ed8d3 2.015s
2025-04-10 13:34:34.459 69329 INFO tempest.lib.common.rest_client [req-90f3a189-f681-44de-9dd3-33c933bdfdd4 req-90f3a189-f681-44de-9dd3-33c933bdfdd4 ] Request (QuotasAdminTestV236:test_get_updated_quotas): 200 GET http://10.180.1.21/identity/v3/domains?name=Default 0.051s
2025-04-10 13:34:34.491 69327 INFO tempest.lib.common.rest_client [req-237102c5-e77e-4d31-bf3c-cde776ef1230 req-237102c5-e77e-4d31-bf3c-cde776ef1230 ] Request (QuotasAdminTestJSON:tearDownClass): 204 DELETE http://10.180.1.21/identity/v3/users/98961f4b3da646098c31756925f04b54 0.143s
2025-04-10 13:34:34.491 69327 INFO tempest.lib.common.dynamic_creds [-] Deleting project and security group for project: 7691f4d7bb784b1f9a5b931fd3cf519f
2025-04-10 13:34:34.504 69335 INFO tempest.lib.common.rest_client [req-4d59e9e8-340e-4228-a3e0-8d2073dbd128 req-4d59e9e8-340e-4228-a3e0-8d2073dbd128 ] Request (ServerPasswordTestJSON:setUpClass): 200 GET http://10.180.1.21/compute/v2.1/servers/aec054f1-0d52-49be-9dee-8db0ae362f12 2.481s
2025-04-10 13:34:34.564 69349 INFO tempest.lib.common.rest_client [req-f0f27c43-75ad-41d3-b68c-de3f50935c2b req-f0f27c43-75ad-41d3-b68c-de3f50935c2b ] Request (ServersV294TestFqdnHostnames:setUpClass): 200 GET http://10.180.1.21/compute/v2.1/servers/40937830-3e23-49ff-aeb6-cdd6b62b0614 1.954s
2025-04-10 13:34:34.568 69327 INFO tempest.lib.common.rest_client [req-aa4bc41a-f1d5-4e93-b0a5-a35c39e2175b req-aa4bc41a-f1d5-4e93-b0a5-a35c39e2175b ] Request (QuotasAdminTestJSON:tearDownClass): 201 POST http://10.180.1.21/identity/v3/auth/tokens 0.077s
2025-04-10 13:34:34.617 69355 INFO tempest.lib.common.rest_client [req-b01b44c8-ef29-45d3-8dd1-4b4b5f525da5 req-b01b44c8-ef29-45d3-8dd1-4b4b5f525da5 ] Request (DeleteServersAdminTestJSON:test_admin_delete_servers_of_others): 200 GET http://10.180.1.21/compute/v2.1/servers/657170ea-02c4-4bc9-97d0-9aa3960fcaf9 2.209s
2025-04-10 13:34:34.641 69341 INFO tempest.lib.common.rest_client [req-aa54df7c-0b18-4b6d-9f6a-f426102b1046 req-aa54df7c-0b18-4b6d-9f6a-f426102b1046 ] Request (FlavorsAccessNegativeTestJSON:test_flavor_non_admin_remove): 200 POST http://10.180.1.21/compute/v2.1/flavors 1.938s
2025-04-10 13:34:34.729 69315 INFO tempest.lib.common.rest_client [req-8fbd71dc-b9ae-455a-a659-f5bdec7e1367 req-8fbd71dc-b9ae-455a-a659-f5bdec7e1367 ] Request (FloatingIPsNegativeTestJSON:setUpClass): 200 GET http://10.180.1.21/compute/v2.1/os-floating-ips 2.091s
2025-04-10 13:34:34.731 69323 INFO tempest.lib.common.rest_client [req-068c2f3b-1b4f-48e1-9041-03fa9f4ec520 req-068c2f3b-1b4f-48e1-9041-03fa9f4ec520 ] Request (ServersWithSpecificFlavorTestJSON:test_verify_created_server_ephemeral_disk): 200 GET http://10.180.1.21/compute/v2.1/servers/45dfaf74-5be6-4c63-9efc-4717d12e3d2c 1.911s
2025-04-10 13:34:34.750 69351 INFO tempest.lib.common.rest_client [req-5244b70b-0e4d-4aa0-ac2a-4a6fed95df74 req-5244b70b-0e4d-4aa0-ac2a-4a6fed95df74 ] Request (ImagesMetadataNegativeTestJSON:test_set_nonexistent_image_metadata): 404 PUT http://10.180.1.21/compute/v2.1/images/55f32991-8676-48ee-b2ac-2640747c91f8/metadata 1.529s
2025-04-10 13:34:34.805 69367 INFO tempest.lib.common.rest_client [req-9b0cbc15-ad33-485e-80ec-28d45650a5d8 req-9b0cbc15-ad33-485e-80ec-28d45650a5d8 ] Request (InstanceActionsTestJSON:setUpClass): 200 PUT http://10.180.1.21:9696/networking/v2.0/routers/1eae1096-5403-4df6-8f7b-636f8416c0ac/add_router_interface 2.232s
2025-04-10 13:34:34.805 69367 INFO tempest.lib.common.dynamic_creds [-] Created isolated network resources for: credentials: Credentials: {'domain_id': 'default', 'domain_name': 'Default', 'username': 'tempest-InstanceActionsTestJSON-1423893352-project-member', 'project_domain_id': 'default', 'project_domain_name': 'Default', 'project_id': '5622024cc9c24cfcb4375a8205473903', 'project_name': 'tempest-InstanceActionsTestJSON-1423893352', 'tenant_id': '5622024cc9c24cfcb4375a8205473903', 'tenant_name': 'tempest-InstanceActionsTestJSON-1423893352', 'user_domain_id': 'default', 'user_domain_name': 'Default', 'user_id': '79073b2c6dd54ee1a9eb328a23429075', 'system': None}, Network: {'id': '3b0db362-6826-433c-8c30-1a50d7ce705d', 'name': 'tempest-InstanceActionsTestJSON-1501722954-network', 'tenant_id': '5622024cc9c24cfcb4375a8205473903', 'admin_state_up': True, 'mtu': 8950, 'status': 'ACTIVE', 'subnets': [], 'shared': False, 'project_id': '5622024cc9c24cfcb4375a8205473903', 'port_security_enabled': True, 'router:external': False, 'provider:network_type': 'vlan', 'provider:physical_network': 'default', 'provider:segmentation_id': 994, 'is_default': False, 'availability_zone_hints': [], 'availability_zones': [], 'ipv4_address_scope': None, 'ipv6_address_scope': None, 'description': '', 'tags': [], 'created_at': '2025-04-10T13:34:30Z', 'updated_at': '2025-04-10T13:34:30Z', 'revision_number': 1}, Subnet: {'id': '55598a36-5d82-4a1f-8916-2b73dda380f8', 'name': 'tempest-InstanceActionsTestJSON-1501722954-subnet', 'tenant_id': '5622024cc9c24cfcb4375a8205473903', 'network_id': '3b0db362-6826-433c-8c30-1a50d7ce705d', 'ip_version': 4, 'subnetpool_id': None, 'enable_dhcp': True, 'ipv6_ra_mode': None, 'ipv6_address_mode': None, 'gateway_ip': '192.168.128.1', 'cidr': '192.168.128.0/28', 'allocation_pools': [{'start': '192.168.128.2', 'end': '192.168.128.14'}], 'host_routes': [], 'dns_nameservers': [], 'description': '', 'service_types': [], 'tags': [], 'created_at': '2025-04-10T13:34:30Z', 'updated_at': '2025-04-10T13:34:30Z', 'revision_number': 0, 'project_id': '5622024cc9c24cfcb4375a8205473903'}, Router: {'id': '1eae1096-5403-4df6-8f7b-636f8416c0ac', 'name': 'tempest-InstanceActionsTestJSON-1501722954-router', 'tenant_id': '5622024cc9c24cfcb4375a8205473903', 'admin_state_up': True, 'status': 'ACTIVE', 'external_gateway_info': {'network_id': '96965a07-2fb9-479a-91f2-8b3a9a2d60e0', 'external_fixed_ips': [{'subnet_id': '4bde0889-1c15-4a8b-b06e-e6a839228f9f', 'ip_address': '10.180.180.211'}], 'enable_snat': True}, 'description': '', 'availability_zones': [], 'distributed': False, 'ha': False, 'availability_zone_hints': [], 'routes': [], 'flavor_id': None, 'tags': [], 'created_at': '2025-04-10T13:34:31Z', 'updated_at': '2025-04-10T13:34:31Z', 'revision_number': 2, 'project_id': '5622024cc9c24cfcb4375a8205473903'}
2025-04-10 13:34:34.825 69311 INFO tempest.lib.common.rest_client [req-9e3f35ef-9cd9-4d1f-9459-5f86800aacbe req-9e3f35ef-9cd9-4d1f-9459-5f86800aacbe ] Request (ServerDiagnosticsV248Test:test_get_server_diagnostics): 200 GET http://10.180.1.21/compute/v2.1/servers/a00267a5-aa1c-434f-8201-157481bc0801 1.137s
2025-04-10 13:34:34.888 69367 INFO tempest.lib.common.rest_client [req-c3d88a92-304f-4701-9716-9eb11c77e9d3 req-c3d88a92-304f-4701-9716-9eb11c77e9d3 ] Request (InstanceActionsTestJSON:setUpClass): 201 POST http://10.180.1.21/identity/v3/auth/tokens 0.078s
2025-04-10 13:34:34.918 69367 INFO tempest.lib.common.rest_client [req-2d6abb07-e1ad-4ee2-8cfe-a3d8b3734ef4 req-2d6abb07-e1ad-4ee2-8cfe-a3d8b3734ef4 ] Request (InstanceActionsTestJSON:setUpClass): 201 POST http://10.180.1.21/identity/v3/auth/tokens 0.027s
2025-04-10 13:34:34.919 69367 INFO tempest.lib.common.fixed_network [-] (InstanceActionsTestJSON:setUpClass) Found network {'id': '3b0db362-6826-433c-8c30-1a50d7ce705d', 'name': 'tempest-InstanceActionsTestJSON-1501722954-network', 'tenant_id': '5622024cc9c24cfcb4375a8205473903', 'admin_state_up': True, 'mtu': 8950, 'status': 'ACTIVE', 'subnets': [], 'shared': False, 'project_id': '5622024cc9c24cfcb4375a8205473903', 'port_security_enabled': True, 'router:external': False, 'provider:network_type': 'vlan', 'provider:physical_network': 'default', 'provider:segmentation_id': 994, 'is_default': False, 'availability_zone_hints': [], 'availability_zones': [], 'ipv4_address_scope': None, 'ipv6_address_scope': None, 'description': '', 'tags': [], 'created_at': '2025-04-10T13:34:30Z', 'updated_at': '2025-04-10T13:34:30Z', 'revision_number': 1} available for tenant
2025-04-10 13:34:34.930 69353 INFO tempest.lib.common.rest_client [req-6f06e917-4c84-4949-9f31-47db93265568 req-6f06e917-4c84-4949-9f31-47db93265568 ] Request (MigrationsAdminTest:test_list_migrations_in_flavor_resize_situation): 200 GET http://10.180.1.21/compute/v2.1/servers/6ad953b9-4ded-42cd-86e0-2b1b707be4e4 1.377s
2025-04-10 13:34:34.938 69327 INFO tempest.lib.common.rest_client [req-e56e642d-aa93-4b5c-b125-13f5c6c66b6e req-e56e642d-aa93-4b5c-b125-13f5c6c66b6e ] Request (QuotasAdminTestJSON:tearDownClass): 200 GET http://10.180.1.21:9696/networking/v2.0/security-groups?tenant_id=7691f4d7bb784b1f9a5b931fd3cf519f&name=default 0.369s
2025-04-10 13:34:35.001 69313 INFO tempest.lib.common.rest_client [req-418b474f-2918-4f06-bfe1-195597e3f2ff req-418b474f-2918-4f06-bfe1-195597e3f2ff ] Request (ListServerFiltersTestJSON:setUpClass): 200 GET http://10.180.1.21/compute/v2.1/servers/d8db9bfa-336f-48b6-b0b5-3aa3e97f5698 1.175s
2025-04-10 13:34:35.033 69365 INFO tempest.lib.common.rest_client [req-9663c7db-45e3-480d-a338-3b58ef160d04 req-9663c7db-45e3-480d-a338-3b58ef160d04 ] Request (ServersAdmin275Test:test_rebuild_update_server_275): 200 GET http://10.180.1.21/compute/v2.1/servers/f719053e-2753-49c6-b47d-5adb698cafac 1.263s
2025-04-10 13:34:35.045 69309 INFO tempest.lib.common.rest_client [req-c5c70667-e0e5-4769-9410-28bf25d89e20 req-c5c70667-e0e5-4769-9410-28bf25d89e20 ] Request (FloatingIPDetailsTestJSON:tearDownClass): 200 PUT http://10.180.1.21:9696/networking/v2.0/routers/4ef1f358-bed7-466a-8657-4dc035158929/remove_router_interface 1.372s
2025-04-10 13:34:35.092 69331 INFO tempest.lib.common.rest_client [req-7bb47adb-c73d-451e-a5c5-b08aa78a7daa req-7bb47adb-c73d-451e-a5c5-b08aa78a7daa ] Request (VolumesAdminNegativeTest:test_update_attached_volume_with_nonexistent_volume_in_body): 200 GET http://10.180.1.21/compute/v2.1/servers/362a7b3c-f0b2-46e6-a9fa-2c284a059d73 1.184s
2025-04-10 13:34:35.150 69327 INFO tempest.lib.common.rest_client [req-88485f4a-7333-4cd5-94f6-7250632b73f6 req-88485f4a-7333-4cd5-94f6-7250632b73f6 ] Request (QuotasAdminTestJSON:tearDownClass): 204 DELETE http://10.180.1.21:9696/networking/v2.0/security-groups/ee0fe5ed-5d1d-4e7c-96fb-4fbf70a5fc14 0.211s
2025-04-10 13:34:35.161 69343 INFO tempest.lib.common.rest_client [req-6166dbeb-e333-452d-a130-cc29dc8c662c req-6166dbeb-e333-452d-a130-cc29dc8c662c ] Request (SecurityGroupsTestJSON:test_list_security_groups_by_server): 200 GET http://10.180.1.21/compute/v2.1/servers/c2497714-9a08-4ab0-9371-33060724f9d6 1.249s
2025-04-10 13:34:35.170 69333 INFO tempest.lib.common.rest_client [req-5ad74d47-ddc8-4192-ab43-cc05c5738860 req-5ad74d47-ddc8-4192-ab43-cc05c5738860 ] Request (ServerActionsTestJSON:setUpClass): 201 POST http://10.180.1.21:9696/networking/v2.0/floatingips 1.386s
2025-04-10 13:34:35.180 69347 INFO tempest.lib.common.rest_client [req-0176863b-3dee-4996-8e4d-4c3347ad8e5c req-0176863b-3dee-4996-8e4d-4c3347ad8e5c ] Request (FloatingIPsAssociationTestJSON:setUpClass): 200 GET http://10.180.1.21/compute/v2.1/servers/4ad409c8-465f-4106-946a-7f401358d5a3 1.344s
2025-04-10 13:34:35.186 69325 INFO tempest.lib.common.rest_client [req-e25e3622-a0d2-4bb8-8679-c41ddf2d653c req-e25e3622-a0d2-4bb8-8679-c41ddf2d653c ] Request (HypervisorAdminNegativeTestJSON:test_show_nonexistent_hypervisor): 404 GET http://10.180.1.21/compute/v2.1/os-hypervisors/5e17bee4-115c-4c13-aa3a-85fb6a578de0 0.985s
2025-04-10 13:34:35.233 69327 INFO tempest.lib.common.rest_client [req-60563d92-b3ef-41f0-b085-fdaa3f2269e0 req-60563d92-b3ef-41f0-b085-fdaa3f2269e0 ] Request (QuotasAdminTestJSON:tearDownClass): 204 DELETE http://10.180.1.21/identity/v3/projects/7691f4d7bb784b1f9a5b931fd3cf519f 0.083s
2025-04-10 13:34:35.234 69327 INFO tempest.lib.common.dynamic_creds [-] Deleting project and security group for project: 1cd5bea0c9f64ce78b44004e30c89281
2025-04-10 13:34:35.240 69333 INFO tempest.lib.common.rest_client [req-d721bc36-fa26-4537-bdb0-44f61af33dcf req-d721bc36-fa26-4537-bdb0-44f61af33dcf ] Request (ServerActionsTestJSON:setUpClass): 201 POST http://10.180.1.21/identity/v3/auth/tokens 0.063s
2025-04-10 13:34:35.241 69333 INFO tempest.lib.common.fixed_network [-] (ServerActionsTestJSON:setUpClass) Found network {'id': 'f917bde2-b096-4eea-a90d-0d0c26e15f3f', 'name': 'tempest-ServerActionsTestJSON-136931060-network', 'tenant_id': 'f7ddacd3ea10432ab03a8292c7654de0', 'admin_state_up': True, 'mtu': 8950, 'status': 'ACTIVE', 'subnets': [], 'shared': False, 'project_id': 'f7ddacd3ea10432ab03a8292c7654de0', 'port_security_enabled': True, 'router:external': False, 'provider:network_type': 'vlan', 'provider:physical_network': 'default', 'provider:segmentation_id': 842, 'is_default': False, 'availability_zone_hints': [], 'availability_zones': [], 'ipv4_address_scope': None, 'ipv6_address_scope': None, 'description': '', 'tags': [], 'created_at': '2025-04-10T13:34:25Z', 'updated_at': '2025-04-10T13:34:26Z', 'revision_number': 1} available for tenant
2025-04-10 13:34:35.293 69357 INFO tempest.lib.common.rest_client [req-eaa8614c-a4a9-4ee1-93a3-73386a6220b6 req-eaa8614c-a4a9-4ee1-93a3-73386a6220b6 ] Request (ServerExternalEventsTest:test_create_server_external_events): 200 GET http://10.180.1.21/compute/v2.1/servers/2e16f12d-194a-47a5-824d-062a684a86f8 1.081s
2025-04-10 13:34:35.316 69369 INFO tempest.lib.common.rest_client [req-e3e985ad-76af-4538-b4b8-f23ca18935eb req-e3e985ad-76af-4538-b4b8-f23ca18935eb ] Request (AggregatesAdminNegativeTestJSON:test_aggregate_create_with_existent_aggregate_name): 200 POST http://10.180.1.21/compute/v2.1/os-aggregates 1.098s
2025-04-10 13:34:35.329 69363 INFO tempest.lib.common.rest_client [req-2d666e5f-5b0c-459e-a900-b0cd061b74c9 req-2d666e5f-5b0c-459e-a900-b0cd061b74c9 ] Request (ServersAdminNegativeTestJSON:setUpClass): 200 GET http://10.180.1.21/compute/v2.1/servers/ae5e2ca1-75e2-4023-b297-4cc265f038e5 1.271s
2025-04-10 13:34:35.334 69339 INFO tempest.lib.common.rest_client [req-b70e61f6-a741-43a5-9f09-4ba1d9e507ad req-b70e61f6-a741-43a5-9f09-4ba1d9e507ad ] Request (FlavorsAdminTestJSON:test_create_list_flavor_without_extra_data): 200 POST http://10.180.1.21/compute/v2.1/flavors 1.092s
2025-04-10 13:34:35.353 69325 INFO tempest.lib.common.rest_client [req-5c73041c-2f35-47cb-beca-a4f42bb76c64 req-5c73041c-2f35-47cb-beca-a4f42bb76c64 ] Request (HypervisorAdminNegativeTestJSON:tearDownClass): 204 DELETE http://10.180.1.21/identity/v3/users/6ac59ffa9315487b9756459b4046390a 0.164s
2025-04-10 13:34:35.355 69337 INFO tempest.lib.common.rest_client [req-70074fda-2f78-412e-b889-5fb58de45821 req-70074fda-2f78-412e-b889-5fb58de45821 ] Request (ServicesAdminNegativeV253TestJSON:test_get_service_by_invalid_params): 200 GET http://10.180.1.21/compute/v2.1/os-services?xxx=nova-compute 1.108s
2025-04-10 13:34:35.426 69327 INFO tempest.lib.common.rest_client [req-fbd81ddb-4fb4-4602-9430-2022531343e9 req-fbd81ddb-4fb4-4602-9430-2022531343e9 ] Request (QuotasAdminTestJSON:tearDownClass): 200 GET http://10.180.1.21:9696/networking/v2.0/security-groups?tenant_id=1cd5bea0c9f64ce78b44004e30c89281&name=default 0.192s
