2025-04-10 13:35:02.264 69323 INFO tempest.lib.common.rest_client [req-fc7beac1-f15a-419b-bac1-bffc108a0868 req-fc7beac1-f15a-419b-bac1-bffc108a0868 ] Request (ServersWithSpecificFlavorTestJSON:test_verify_created_server_ephemeral_disk): 200 GET http://10.180.1.21/compute/v2.1/servers/45dfaf74-5be6-4c63-9efc-4717d12e3d2c 0.168s
2025-04-10 13:35:02.284 69369 INFO tempest.lib.common.rest_client [req-6576da75-973b-4c70-9727-4bbcd93af7c1 req-6576da75-973b-4c70-9727-4bbcd93af7c1 ] Request (FlavorsExtraSpecsTestJSON:setUpClass): 204 PUT http://10.180.1.21/identity/v3/projects/7bb335e866234244b3a75ab34185ce3e/users/7e23a7fc3d5444b39690d8bf044e8827/roles/75a53f8be81a419c813d6a7bdf924e3f 0.032s
2025-04-10 13:35:02.313 69351 INFO tempest.lib.common.rest_client [req-a8f97bcc-fd3f-4d86-95a2-eb77b5928559 req-a8f97bcc-fd3f-4d86-95a2-eb77b5928559 ] Request (ServersTestManualDisk:setUpClass): 200 GET http://10.180.1.21/compute/v2.1/servers/887fbbeb-c981-4cc3-94e6-c232774507c7 0.181s
2025-04-10 13:35:02.320 69341 INFO tempest.lib.common.rest_client [req-23d118cd-0155-4af3-9d9c-753947d1fd6c req-23d118cd-0155-4af3-9d9c-753947d1fd6c ] Request (TenantUsagesTestJSON:setUpClass): 200 GET http://10.180.1.21/compute/v2.1/servers/9eba7edc-c55f-423d-b1c3-3b6f12d28f2b 0.162s
2025-04-10 13:35:02.356 69369 INFO tempest.lib.common.rest_client [req-d37001c1-cd6f-439a-97f5-9c3d4c613c19 req-d37001c1-cd6f-439a-97f5-9c3d4c613c19 ] Request (FlavorsExtraSpecsTestJSON:setUpClass): 200 GET http://10.180.1.21/identity/v3/roles 0.071s
2025-04-10 13:35:02.374 69321 INFO tempest.lib.common.rest_client [req-f756eecd-3f4b-4123-9fc6-aa0de8e318c0 req-f756eecd-3f4b-4123-9fc6-aa0de8e318c0 ] Request (ServerGroupTestJSON:test_create_server_with_scheduler_hint_group): 200 GET http://10.180.1.21/compute/v2.1/servers/7d2205d5-ed82-49cc-960b-b9da9584144a 0.156s
2025-04-10 13:35:02.375 69369 INFO tempest.lib.common.rest_client [req-206d54f0-a764-48b7-a1ce-dfeceb14c85f req-206d54f0-a764-48b7-a1ce-dfeceb14c85f ] Request (FlavorsExtraSpecsTestJSON:setUpClass): 204 PUT http://10.180.1.21/identity/v3/projects/7bb335e866234244b3a75ab34185ce3e/users/7e23a7fc3d5444b39690d8bf044e8827/roles/75a53f8be81a419c813d6a7bdf924e3f 0.019s
2025-04-10 13:35:02.375 69369 INFO tempest.lib.common.dynamic_creds [-] Dynamic test user 7e23a7fc3d5444b39690d8bf044e8827 is created with scope project and roles: ['admin']
2025-04-10 13:35:02.376 69369 INFO tempest.lib.common.dynamic_creds [-] Acquired dynamic creds: credentials: Credentials: {'domain_id': 'default', 'domain_name': 'Default', 'username': 'tempest-FlavorsExtraSpecsTestJSON-1533062173-project-admin', 'project_domain_id': 'default', 'project_domain_name': 'Default', 'project_id': '7bb335e866234244b3a75ab34185ce3e', 'project_name': 'tempest-FlavorsExtraSpecsTestJSON-1533062173', 'tenant_id': '7bb335e866234244b3a75ab34185ce3e', 'tenant_name': 'tempest-FlavorsExtraSpecsTestJSON-1533062173', 'user_domain_id': 'default', 'user_domain_name': 'Default', 'user_id': '7e23a7fc3d5444b39690d8bf044e8827', 'system': None}, Network: None, Subnet: None, Router: None
2025-04-10 13:35:02.376 69369 INFO tempest.lib.common.dynamic_creds [-] Created isolated network resources for: credentials: Credentials: {'domain_id': 'default', 'domain_name': 'Default', 'username': 'tempest-FlavorsExtraSpecsTestJSON-1533062173-project-admin', 'project_domain_id': 'default', 'project_domain_name': 'Default', 'project_id': '7bb335e866234244b3a75ab34185ce3e', 'project_name': 'tempest-FlavorsExtraSpecsTestJSON-1533062173', 'tenant_id': '7bb335e866234244b3a75ab34185ce3e', 'tenant_name': 'tempest-FlavorsExtraSpecsTestJSON-1533062173', 'user_domain_id': 'default', 'user_domain_name': 'Default', 'user_id': '7e23a7fc3d5444b39690d8bf044e8827', 'system': None}, Network: None, Subnet: None, Router: None
2025-04-10 13:35:02.394 69349 INFO tempest.lib.common.rest_client [req-8c0604d8-ee85-47b2-81d0-d4b9e252929f req-8c0604d8-ee85-47b2-81d0-d4b9e252929f ] Request (ServersV294TestFqdnHostnames:setUpClass): 200 GET http://10.180.1.21/compute/v2.1/servers/40937830-3e23-49ff-aeb6-cdd6b62b0614 0.178s
2025-04-10 13:35:02.426 69327 INFO tempest.lib.common.rest_client [req-20e51959-620c-40c2-b711-67dde3a7dcdb req-20e51959-620c-40c2-b711-67dde3a7dcdb ] Request (AttachVolumeNegativeTest:setUpClass): 201 POST http://10.180.1.21:9696/networking/v2.0/networks 0.480s
2025-04-10 13:35:02.432 69313 INFO tempest.lib.common.rest_client [req-9334e32f-9ef2-4796-b40d-b70da04c84eb req-9334e32f-9ef2-4796-b40d-b70da04c84eb ] Request (ListServerFiltersTestJSON:setUpClass): 200 GET http://10.180.1.21/compute/v2.1/servers/d8db9bfa-336f-48b6-b0b5-3aa3e97f5698 0.171s
2025-04-10 13:35:02.464 69369 INFO tempest.lib.common.rest_client [req-4d027c46-b770-449a-9189-b54cbcb63a77 req-4d027c46-b770-449a-9189-b54cbcb63a77 ] Request (FlavorsExtraSpecsTestJSON:setUpClass): 201 POST http://10.180.1.21/identity/v3/auth/tokens 0.085s
2025-04-10 13:35:02.476 69311 INFO tempest.lib.common.rest_client [req-75804991-e1b1-4c18-8d37-3188ba200de2 req-75804991-e1b1-4c18-8d37-3188ba200de2 ] Request (ServerDiagnosticsV248Test:test_get_server_diagnostics): 200 GET http://10.180.1.21/compute/v2.1/servers/a00267a5-aa1c-434f-8201-157481bc0801 0.153s
2025-04-10 13:35:02.576 69369 INFO tempest.lib.common.rest_client [req-24b7986f-fdfa-419e-88f1-e090206528f6 req-24b7986f-fdfa-419e-88f1-e090206528f6 ] Request (FlavorsExtraSpecsTestJSON:setUpClass): 200 POST http://10.180.1.21/compute/v2.1/flavors 0.111s
2025-04-10 13:35:02.677 69347 INFO tempest.lib.common.rest_client [req-f78f326a-9694-4647-8110-263c6ce5076a req-f78f326a-9694-4647-8110-263c6ce5076a ] Request (FloatingIPsAssociationTestJSON:setUpClass): 200 GET http://10.180.1.21/compute/v2.1/servers/4ad409c8-465f-4106-946a-7f401358d5a3 0.273s
2025-04-10 13:35:02.720 69327 INFO tempest.lib.common.rest_client [req-8df772f2-5992-433a-b591-0acbd51e9dae req-8df772f2-5992-433a-b591-0acbd51e9dae ] Request (AttachVolumeNegativeTest:setUpClass): 201 POST http://10.180.1.21:9696/networking/v2.0/subnets 0.292s
2025-04-10 13:35:02.747 69337 INFO tempest.lib.common.rest_client [req-55e53eff-3e59-4175-9bfa-bd0cb91398fd req-55e53eff-3e59-4175-9bfa-bd0cb91398fd ] Request (ServerActionsTestOtherA:setUpClass): 200 GET http://10.180.1.21/compute/v2.1/servers/4927121e-a71e-47e9-9475-603096e82492 0.264s
2025-04-10 13:35:02.817 69317 INFO tempest.lib.common.rest_client [req-dcdc6820-ccae-4c4f-bcf5-35d9cca54048 req-dcdc6820-ccae-4c4f-bcf5-35d9cca54048 ] Request (ServerShowV257Test:test_rebuild_server): 200 GET http://10.180.1.21/compute/v2.1/servers/8e40eb4c-9c1e-4147-beb3-0d5fa311b9d9 0.284s
2025-04-10 13:35:02.872 69331 INFO tempest.lib.common.rest_client [req-34f09a9d-a611-4dba-aa1e-09139c2de4b0 req-34f09a9d-a611-4dba-aa1e-09139c2de4b0 ] Request (VolumesAdminNegativeTest:test_update_attached_volume_with_nonexistent_volume_in_body): 200 GET http://10.180.1.21/compute/v2.1/servers/362a7b3c-f0b2-46e6-a9fa-2c284a059d73 0.332s
2025-04-10 13:35:02.896 69369 INFO tempest.lib.common.rest_client [req-5a285036-74b4-48ba-9fc3-2556f46be987 req-5a285036-74b4-48ba-9fc3-2556f46be987 ] Request (FlavorsExtraSpecsTestJSON:test_flavor_non_admin_get_all_keys): 200 POST http://10.180.1.21/compute/v2.1/flavors/1751425219/os-extra_specs 0.316s
2025-04-10 13:35:02.911 69361 INFO tempest.lib.common.rest_client [req-debb27df-ecb7-42fb-be8d-8e78d6bef183 req-debb27df-ecb7-42fb-be8d-8e78d6bef183 ] Request (ServerDiagnosticsTest:test_get_server_diagnostics): 200 GET http://10.180.1.21/compute/v2.1/servers/a26389e3-7c20-4227-bd57-9d058964edc5 0.441s
2025-04-10 13:35:02.956 69343 INFO tempest.lib.common.rest_client [req-e59ccb5c-c7c2-4d95-b5eb-ac55edf84a59 req-e59ccb5c-c7c2-4d95-b5eb-ac55edf84a59 ] Request (SecurityGroupsTestJSON:test_list_security_groups_by_server): 200 GET http://10.180.1.21/compute/v2.1/servers/c2497714-9a08-4ab0-9371-33060724f9d6 0.376s
2025-04-10 13:35:02.975 69333 INFO tempest.lib.common.rest_client [req-c2ad3491-1767-4c27-8230-eb28b9bc3173 req-c2ad3491-1767-4c27-8230-eb28b9bc3173 ] Request (ServerActionsTestJSON:setUpClass): 200 GET http://10.180.1.21/compute/v2.1/servers/db769146-b610-4d0a-8329-b977d8450a27 0.335s
2025-04-10 13:35:03.029 69367 INFO tempest.lib.common.rest_client [req-c222a26d-f31c-4561-922f-e6e067e891a4 req-c222a26d-f31c-4561-922f-e6e067e891a4 ] Request (InstanceActionsTestJSON:setUpClass): 200 GET http://10.180.1.21/compute/v2.1/servers/ded28a13-a8c2-45aa-978e-2a1de389d958 0.295s
2025-04-10 13:35:03.149 69355 INFO tempest.lib.common.rest_client [req-392a5c8a-f69e-484e-841c-81c9d8c2c475 req-392a5c8a-f69e-484e-841c-81c9d8c2c475 ] Request (DeleteServersAdminTestJSON:test_admin_delete_servers_of_others): 200 GET http://10.180.1.21/compute/v2.1/servers/657170ea-02c4-4bc9-97d0-9aa3960fcaf9 0.392s
2025-04-10 13:35:03.181 69335 INFO tempest.lib.common.rest_client [req-2b433097-15d1-492e-bc51-0c11340e8e6c req-2b433097-15d1-492e-bc51-0c11340e8e6c ] Request (ServerPasswordTestJSON:setUpClass): 200 GET http://10.180.1.21/compute/v2.1/servers/aec054f1-0d52-49be-9dee-8db0ae362f12 0.500s
2025-04-10 13:35:03.242 69365 INFO tempest.lib.common.rest_client [req-948ad280-4691-47f7-a5c9-2b213a0b4ec0 req-948ad280-4691-47f7-a5c9-2b213a0b4ec0 ] Request (ServersTestBootFromVolume:setUpClass): 200 GET http://10.180.1.21/volume/v3/b7498449753f440fa5d710e7fb77035b/volumes/604e9bcf-31de-452e-93dc-5bc28f475ce0 0.026s
2025-04-10 13:35:03.244 69339 INFO tempest.lib.common.rest_client [req-451cbdc4-f1ce-41d3-a247-5fa5afcd81bb req-451cbdc4-f1ce-41d3-a247-5fa5afcd81bb ] Request (AttachInterfacesUnderV243Test:setUpClass): 201 POST http://10.180.1.21:9696/networking/v2.0/routers 1.489s
2025-04-10 13:35:03.262 69369 INFO tempest.lib.common.rest_client [req-39a929e5-ce56-431a-aa27-4f0313a12789 req-39a929e5-ce56-431a-aa27-4f0313a12789 ] Request (FlavorsExtraSpecsTestJSON:test_flavor_non_admin_get_all_keys): 200 GET http://10.180.1.21/compute/v2.1/flavors/1751425219/os-extra_specs 0.365s
2025-04-10 13:35:03.281 69363 INFO tempest.lib.common.rest_client [req-f97b344e-0bfb-4152-8bfa-0ca852774b58 req-f97b344e-0bfb-4152-8bfa-0ca852774b58 ] Request (ServersAdminNegativeTestJSON:setUpClass): 200 GET http://10.180.1.21/compute/v2.1/servers/ae5e2ca1-75e2-4023-b297-4cc265f038e5 0.418s
2025-04-10 13:35:03.339 69309 INFO tempest.lib.common.rest_client [req-5c91b1c2-9196-4eb1-9b08-957e0f6235bc req-5c91b1c2-9196-4eb1-9b08-957e0f6235bc ] Request (ImagesNegativeTestJSON:test_create_image_from_deleted_server): 200 GET http://10.180.1.21/compute/v2.1/servers/0270a5ec-007f-4f7a-a6c6-05163c052452 0.408s
2025-04-10 13:35:03.375 69357 INFO tempest.lib.common.rest_client [req-6e0bc229-bb44-401b-a089-67d7ec257819 req-6e0bc229-bb44-401b-a089-67d7ec257819 ] Request (ServerExternalEventsTest:test_create_server_external_events): 200 GET http://10.180.1.21/compute/v2.1/servers/2e16f12d-194a-47a5-824d-062a684a86f8 0.407s
2025-04-10 13:35:03.426 69345 INFO tempest.lib.common.rest_client [req-526e6e29-0280-4bf0-8738-c3cfdee8e986 req-526e6e29-0280-4bf0-8738-c3cfdee8e986 ] Request (ImagesOneServerTestJSON:setUpClass): 200 GET http://10.180.1.21/compute/v2.1/servers/918f38e1-e1b4-40d7-a79c-49257a814941 0.371s
2025-04-10 13:35:03.437 69359 INFO tempest.lib.common.rest_client [req-4ad924e7-231a-4244-beef-f99b7751b34a req-4ad924e7-231a-4244-beef-f99b7751b34a ] Request (VolumesAssistedSnapshotsTest:test_volume_assisted_snapshot_create_delete): 200 GET http://10.180.1.21/compute/v2.1/servers/b2b068c1-defd-4ee8-8611-9016924fc223 0.444s
2025-04-10 13:35:03.484 69319 INFO tempest.lib.common.rest_client [req-f518d0c9-72a0-4cc0-a5e3-579f55b6511a req-f518d0c9-72a0-4cc0-a5e3-579f55b6511a ] Request (AttachInterfacesV270Test:test_create_get_list_interfaces): 200 GET http://10.180.1.21/compute/v2.1/servers/3aef6e75-f7bc-4a2c-aac0-daa7cfa38b87 0.363s
2025-04-10 13:35:03.533 69307 INFO tempest.lib.common.rest_client [req-e3a4d88b-d998-4e8c-b0ea-1e466d8c5d0e req-e3a4d88b-d998-4e8c-b0ea-1e466d8c5d0e ] Request (ServersAdminTestJSON:setUpClass): 200 GET http://10.180.1.21/compute/v2.1/servers/b6a38a84-0b95-494c-a423-3360824ed8d3 0.363s
2025-04-10 13:35:03.585 69325 INFO tempest.lib.common.rest_client [req-9c0e3e5c-234a-4302-9b9f-ed51a644d0ec req-9c0e3e5c-234a-4302-9b9f-ed51a644d0ec ] Request (ListServersNegativeTestJSON:setUpClass): 200 GET http://10.180.1.21/compute/v2.1/servers/0522ed67-caaf-4018-b35f-252a6bbd2644 0.366s
2025-04-10 13:35:03.630 69329 INFO tempest.lib.common.rest_client [req-6b423827-f57e-4a0d-82a7-a7a493d02812 req-6b423827-f57e-4a0d-82a7-a7a493d02812 ] Request (FloatingIPsAssociationNegativeTestJSON:setUpClass): 200 GET http://10.180.1.21/compute/v2.1/servers/5bdb4d11-9125-4c28-89b0-8fd9147e0c0f 0.390s
2025-04-10 13:35:03.648 69369 INFO tempest.lib.common.rest_client [req-c18b5d02-0240-4cf2-9c84-8941ca2398f4 req-c18b5d02-0240-4cf2-9c84-8941ca2398f4 ] Request (FlavorsExtraSpecsTestJSON:test_flavor_non_admin_get_specific_key): 200 POST http://10.180.1.21/compute/v2.1/flavors/1751425219/os-extra_specs 0.383s
2025-04-10 13:35:03.694 69323 INFO tempest.lib.common.rest_client [req-ff2e3a9a-43ad-4ee9-a78a-5942ac0624e2 req-ff2e3a9a-43ad-4ee9-a78a-5942ac0624e2 ] Request (ServersWithSpecificFlavorTestJSON:test_verify_created_server_ephemeral_disk): 200 GET http://10.180.1.21/compute/v2.1/servers/45dfaf74-5be6-4c63-9efc-4717d12e3d2c 0.418s
2025-04-10 13:35:03.760 69351 INFO tempest.lib.common.rest_client [req-25f8d025-1d77-47d9-ab8b-6f3a930f33dd req-25f8d025-1d77-47d9-ab8b-6f3a930f33dd ] Request (ServersTestManualDisk:setUpClass): 200 GET http://10.180.1.21/compute/v2.1/servers/887fbbeb-c981-4cc3-94e6-c232774507c7 0.439s
2025-04-10 13:35:03.813 69341 INFO tempest.lib.common.rest_client [req-6ff8570d-ec91-48c9-9ede-8bcd9f1cb01f req-6ff8570d-ec91-48c9-9ede-8bcd9f1cb01f ] Request (TenantUsagesTestJSON:setUpClass): 200 GET http://10.180.1.21/compute/v2.1/servers/9eba7edc-c55f-423d-b1c3-3b6f12d28f2b 0.485s
2025-04-10 13:35:03.834 69353 INFO tempest.lib.common.rest_client [req-96cb41d3-0fd0-4895-8275-b836415ba2b8 req-96cb41d3-0fd0-4895-8275-b836415ba2b8 ] Request (MigrationsAdminTest:test_list_migrations_in_flavor_resize_situation): 200 GET http://10.180.1.21/compute/v2.1/servers/6ad953b9-4ded-42cd-86e0-2b1b707be4e4 0.669s
2025-04-10 13:35:03.884 69321 INFO tempest.lib.common.rest_client [req-181382f8-0372-4778-adff-8be6b592ed90 req-181382f8-0372-4778-adff-8be6b592ed90 ] Request (ServerGroupTestJSON:test_create_server_with_scheduler_hint_group): 200 GET http://10.180.1.21/compute/v2.1/servers/7d2205d5-ed82-49cc-960b-b9da9584144a 0.500s
2025-04-10 13:35:03.921 69349 INFO tempest.lib.common.rest_client [req-f3571c1e-ae81-4767-8406-0c91229f055e req-f3571c1e-ae81-4767-8406-0c91229f055e ] Request (ServersV294TestFqdnHostnames:setUpClass): 200 GET http://10.180.1.21/compute/v2.1/servers/40937830-3e23-49ff-aeb6-cdd6b62b0614 0.511s
2025-04-10 13:35:03.943 69313 INFO tempest.lib.common.rest_client [req-8803d2a6-a5d3-4e58-988b-40aa54d649b3 req-8803d2a6-a5d3-4e58-988b-40aa54d649b3 ] Request (ListServerFiltersTestJSON:setUpClass): 200 GET http://10.180.1.21/compute/v2.1/servers/d8db9bfa-336f-48b6-b0b5-3aa3e97f5698 0.502s
2025-04-10 13:35:03.955 69369 INFO tempest.lib.common.rest_client [req-bb205d46-d7ad-433c-a8d3-49ef80bb7320 req-bb205d46-d7ad-433c-a8d3-49ef80bb7320 ] Request (FlavorsExtraSpecsTestJSON:test_flavor_non_admin_get_specific_key): 200 GET http://10.180.1.21/compute/v2.1/flavors/1751425219/os-extra_specs/hw:numa_nodes 0.306s
2025-04-10 13:35:03.991 69311 INFO tempest.lib.common.rest_client [req-29c658d0-a3e5-46f7-a56b-b923a475fc0c req-29c658d0-a3e5-46f7-a56b-b923a475fc0c ] Request (ServerDiagnosticsV248Test:test_get_server_diagnostics): 200 GET http://10.180.1.21/compute/v2.1/servers/a00267a5-aa1c-434f-8201-157481bc0801 0.500s
2025-04-10 13:35:04.067 69347 INFO tempest.lib.common.rest_client [req-74681d51-c07d-46bc-a2f5-5ee281b7292c req-74681d51-c07d-46bc-a2f5-5ee281b7292c ] Request (FloatingIPsAssociationTestJSON:setUpClass): 200 GET http://10.180.1.21/compute/v2.1/servers/4ad409c8-465f-4106-946a-7f401358d5a3 0.380s
2025-04-10 13:35:04.067 69337 INFO tempest.lib.common.rest_client [req-0e0e5174-3a13-4306-9d51-979c8ceebb17 req-0e0e5174-3a13-4306-9d51-979c8ceebb17 ] Request (ServerActionsTestOtherA:setUpClass): 200 GET http://10.180.1.21/compute/v2.1/servers/4927121e-a71e-47e9-9475-603096e82492 0.313s
2025-04-10 13:35:04.116 69317 INFO tempest.lib.common.rest_client [req-23d54d50-fbaf-454c-9142-38e689fd2110 req-23d54d50-fbaf-454c-9142-38e689fd2110 ] Request (ServerShowV257Test:test_rebuild_server): 200 GET http://10.180.1.21/compute/v2.1/servers/8e40eb4c-9c1e-4147-beb3-0d5fa311b9d9 0.285s
2025-04-10 13:35:04.123 69331 INFO tempest.lib.common.rest_client [req-88beacb5-a029-4d52-81a1-75afb7d40f49 req-88beacb5-a029-4d52-81a1-75afb7d40f49 ] Request (VolumesAdminNegativeTest:test_update_attached_volume_with_nonexistent_volume_in_body): 200 GET http://10.180.1.21/compute/v2.1/servers/362a7b3c-f0b2-46e6-a9fa-2c284a059d73 0.240s
2025-04-10 13:35:04.145 69369 INFO tempest.lib.common.rest_client [req-7353f7c2-1d58-48ee-97e6-9b9e65099ae9 req-7353f7c2-1d58-48ee-97e6-9b9e65099ae9 ] Request (FlavorsExtraSpecsTestJSON:test_flavor_set_get_update_show_unset_keys): 200 POST http://10.180.1.21/compute/v2.1/flavors/1751425219/os-extra_specs 0.187s
2025-04-10 13:35:04.233 69343 INFO tempest.lib.common.rest_client [req-2f143bbd-5e02-417d-a59a-a17151d8aba3 req-2f143bbd-5e02-417d-a59a-a17151d8aba3 ] Request (SecurityGroupsTestJSON:test_list_security_groups_by_server): 200 GET http://10.180.1.21/compute/v2.1/servers/c2497714-9a08-4ab0-9371-33060724f9d6 0.262s
2025-04-10 13:35:04.283 69365 INFO tempest.lib.common.rest_client [req-fc01f7c3-bee9-40f3-b8af-cdb4251f13f9 req-fc01f7c3-bee9-40f3-b8af-cdb4251f13f9 ] Request (ServersTestBootFromVolume:setUpClass): 200 GET http://10.180.1.21/volume/v3/b7498449753f440fa5d710e7fb77035b/volumes/604e9bcf-31de-452e-93dc-5bc28f475ce0 0.034s
2025-04-10 13:35:04.287 69361 INFO tempest.lib.common.rest_client [req-2549df1d-12dd-4da0-829c-dfa6e5af4f0e req-2549df1d-12dd-4da0-829c-dfa6e5af4f0e ] Request (ServerDiagnosticsTest:test_get_server_diagnostics): 200 GET http://10.180.1.21/compute/v2.1/servers/a26389e3-7c20-4227-bd57-9d058964edc5 0.366s
2025-04-10 13:35:04.301 69333 INFO tempest.lib.common.rest_client [req-3173c8a1-139e-45a8-9285-ffcf9aa3b18d req-3173c8a1-139e-45a8-9285-ffcf9aa3b18d ] Request (ServerActionsTestJSON:setUpClass): 200 GET http://10.180.1.21/compute/v2.1/servers/db769146-b610-4d0a-8329-b977d8450a27 0.318s
2025-04-10 13:35:04.313 69369 INFO tempest.lib.common.rest_client [req-569a6b93-81c8-4ec2-988a-c6e1250eec5c req-569a6b93-81c8-4ec2-988a-c6e1250eec5c ] Request (FlavorsExtraSpecsTestJSON:test_flavor_set_get_update_show_unset_keys): 200 GET http://10.180.1.21/compute/v2.1/flavors/1751425219/os-extra_specs 0.166s
2025-04-10 13:35:04.320 69327 INFO tempest.lib.common.rest_client [req-80ef1160-035e-481d-9309-a77611f1cb0d req-80ef1160-035e-481d-9309-a77611f1cb0d ] Request (AttachVolumeNegativeTest:setUpClass): 201 POST http://10.180.1.21:9696/networking/v2.0/routers 1.600s
2025-04-10 13:35:04.343 69367 INFO tempest.lib.common.rest_client [req-c2ebf480-e5e1-4707-940d-3ba5cb99dfe6 req-c2ebf480-e5e1-4707-940d-3ba5cb99dfe6 ] Request (InstanceActionsTestJSON:setUpClass): 200 GET http://10.180.1.21/compute/v2.1/servers/ded28a13-a8c2-45aa-978e-2a1de389d958 0.302s
2025-04-10 13:35:04.442 69335 INFO tempest.lib.common.rest_client [req-27027f00-3381-47fe-bf2b-4e1a041a97dc req-27027f00-3381-47fe-bf2b-4e1a041a97dc ] Request (ServerPasswordTestJSON:setUpClass): 200 GET http://10.180.1.21/compute/v2.1/servers/aec054f1-0d52-49be-9dee-8db0ae362f12 0.247s
2025-04-10 13:35:04.539 69363 INFO tempest.lib.common.rest_client [req-20b0a898-a1a0-4779-aa09-5414c3d4d78e req-20b0a898-a1a0-4779-aa09-5414c3d4d78e ] Request (ServersAdminNegativeTestJSON:setUpClass): 200 GET http://10.180.1.21/compute/v2.1/servers/ae5e2ca1-75e2-4023-b297-4cc265f038e5 0.249s
2025-04-10 13:35:04.569 69369 INFO tempest.lib.common.rest_client [req-be78e685-335d-4c6d-b13e-7c5f1a2ba037 req-be78e685-335d-4c6d-b13e-7c5f1a2ba037 ] Request (FlavorsExtraSpecsTestJSON:test_flavor_set_get_update_show_unset_keys): 200 PUT http://10.180.1.21/compute/v2.1/flavors/1751425219/os-extra_specs/hw:numa_nodes 0.256s
2025-04-10 13:35:04.627 69309 INFO tempest.lib.common.rest_client [req-6f03eb75-a770-47ed-a4bd-f8c6e7eafda1 req-6f03eb75-a770-47ed-a4bd-f8c6e7eafda1 ] Request (ImagesNegativeTestJSON:test_create_image_from_deleted_server): 200 GET http://10.180.1.21/compute/v2.1/servers/0270a5ec-007f-4f7a-a6c6-05163c052452 0.278s
2025-04-10 13:35:04.753 69357 INFO tempest.lib.common.rest_client [req-30500331-1d27-449f-8faa-507139e8f257 req-30500331-1d27-449f-8faa-507139e8f257 ] Request (ServerExternalEventsTest:test_create_server_external_events): 200 GET http://10.180.1.21/compute/v2.1/servers/2e16f12d-194a-47a5-824d-062a684a86f8 0.366s
2025-04-10 13:35:04.833 69345 INFO tempest.lib.common.rest_client [req-2a21d91b-6200-42ff-83a2-91d4efe3c13b req-2a21d91b-6200-42ff-83a2-91d4efe3c13b ] Request (ImagesOneServerTestJSON:setUpClass): 200 GET http://10.180.1.21/compute/v2.1/servers/918f38e1-e1b4-40d7-a79c-49257a814941 0.397s
2025-04-10 13:35:04.870 69355 INFO tempest.lib.common.rest_client [req-588ae0d3-cf54-4a86-bc72-074b8f4c6bba req-588ae0d3-cf54-4a86-bc72-074b8f4c6bba ] Request (DeleteServersAdminTestJSON:test_admin_delete_servers_of_others): 200 GET http://10.180.1.21/compute/v2.1/servers/657170ea-02c4-4bc9-97d0-9aa3960fcaf9 0.712s
2025-04-10 13:35:04.905 69359 INFO tempest.lib.common.rest_client [req-3c11cf08-3f8e-4c8f-8727-521e1d1de32a req-3c11cf08-3f8e-4c8f-8727-521e1d1de32a ] Request (VolumesAssistedSnapshotsTest:test_volume_assisted_snapshot_create_delete): 200 GET http://10.180.1.21/compute/v2.1/servers/b2b068c1-defd-4ee8-8611-9016924fc223 0.458s
2025-04-10 13:35:04.938 69319 INFO tempest.lib.common.rest_client [req-228533e2-6a3a-4688-b6df-29d98daafb6a req-228533e2-6a3a-4688-b6df-29d98daafb6a ] Request (AttachInterfacesV270Test:test_create_get_list_interfaces): 200 GET http://10.180.1.21/compute/v2.1/servers/3aef6e75-f7bc-4a2c-aac0-daa7cfa38b87 0.442s
2025-04-10 13:35:04.951 69369 INFO tempest.lib.common.rest_client [req-ef230761-0dc2-4ee4-b5c1-eba1de378f2c req-ef230761-0dc2-4ee4-b5c1-eba1de378f2c ] Request (FlavorsExtraSpecsTestJSON:test_flavor_set_get_update_show_unset_keys): 200 GET http://10.180.1.21/compute/v2.1/flavors/1751425219/os-extra_specs 0.381s
2025-04-10 13:35:04.965 69307 INFO tempest.lib.common.rest_client [req-8cfbd461-26e6-425a-91bf-2b052f038978 req-8cfbd461-26e6-425a-91bf-2b052f038978 ] Request (ServersAdminTestJSON:setUpClass): 200 GET http://10.180.1.21/compute/v2.1/servers/b6a38a84-0b95-494c-a423-3360824ed8d3 0.415s
2025-04-10 13:35:05.012 69329 INFO tempest.lib.common.rest_client [req-c894b760-8cc6-4b50-99d8-c0e432ea8205 req-c894b760-8cc6-4b50-99d8-c0e432ea8205 ] Request (FloatingIPsAssociationNegativeTestJSON:setUpClass): 200 GET http://10.180.1.21/compute/v2.1/servers/5bdb4d11-9125-4c28-89b0-8fd9147e0c0f 0.375s
2025-04-10 13:35:05.017 69325 INFO tempest.lib.common.rest_client [req-dde2a941-e490-4a14-a7a9-346a38cffe95 req-dde2a941-e490-4a14-a7a9-346a38cffe95 ] Request (ListServersNegativeTestJSON:setUpClass): 200 GET http://10.180.1.21/compute/v2.1/servers/0522ed67-caaf-4018-b35f-252a6bbd2644 0.422s
2025-04-10 13:35:05.068 69323 INFO tempest.lib.common.rest_client [req-541dc5a2-9837-4b50-9e2f-34bdf4c43ad0 req-541dc5a2-9837-4b50-9e2f-34bdf4c43ad0 ] Request (ServersWithSpecificFlavorTestJSON:test_verify_created_server_ephemeral_disk): 200 GET http://10.180.1.21/compute/v2.1/servers/45dfaf74-5be6-4c63-9efc-4717d12e3d2c 0.364s
2025-04-10 13:35:05.088 69351 INFO tempest.lib.common.rest_client [req-bb426722-0141-41f7-9677-a827fa5ba554 req-bb426722-0141-41f7-9677-a827fa5ba554 ] Request (ServersTestManualDisk:setUpClass): 200 GET http://10.180.1.21/compute/v2.1/servers/887fbbeb-c981-4cc3-94e6-c232774507c7 0.312s
2025-04-10 13:35:05.125 69341 INFO tempest.lib.common.rest_client [req-2adb09d0-8bd7-4879-b9f5-35921b5a1cc6 req-2adb09d0-8bd7-4879-b9f5-35921b5a1cc6 ] Request (TenantUsagesTestJSON:setUpClass): 200 GET http://10.180.1.21/compute/v2.1/servers/9eba7edc-c55f-423d-b1c3-3b6f12d28f2b 0.305s
2025-04-10 13:35:05.189 69321 INFO tempest.lib.common.rest_client [req-d20bb8b8-178a-45a1-a5c5-61df684c9a80 req-d20bb8b8-178a-45a1-a5c5-61df684c9a80 ] Request (ServerGroupTestJSON:test_create_server_with_scheduler_hint_group): 200 GET http://10.180.1.21/compute/v2.1/servers/7d2205d5-ed82-49cc-960b-b9da9584144a 0.297s
2025-04-10 13:35:05.249 69349 INFO tempest.lib.common.rest_client [req-5afb92a4-63c8-43d8-9bed-ee07036250a8 req-5afb92a4-63c8-43d8-9bed-ee07036250a8 ] Request (ServersV294TestFqdnHostnames:setUpClass): 200 GET http://10.180.1.21/compute/v2.1/servers/40937830-3e23-49ff-aeb6-cdd6b62b0614 0.312s
2025-04-10 13:35:05.283 69353 INFO tempest.lib.common.rest_client [req-e8181cf6-3e49-4a03-987c-0d831b68a169 req-e8181cf6-3e49-4a03-987c-0d831b68a169 ] Request (MigrationsAdminTest:test_list_migrations_in_flavor_resize_situation): 200 GET http://10.180.1.21/compute/v2.1/servers/6ad953b9-4ded-42cd-86e0-2b1b707be4e4 0.433s
2025-04-10 13:35:05.309 69313 INFO tempest.lib.common.rest_client [req-96ba0e72-d282-4f4c-81d6-2d8d28f2acec req-96ba0e72-d282-4f4c-81d6-2d8d28f2acec ] Request (ListServerFiltersTestJSON:setUpClass): 200 GET http://10.180.1.21/compute/v2.1/servers/d8db9bfa-336f-48b6-b0b5-3aa3e97f5698 0.357s
2025-04-10 13:35:05.314 69369 INFO tempest.lib.common.rest_client [req-bfdf5e87-e74e-430f-8737-61d45f20ed5b req-bfdf5e87-e74e-430f-8737-61d45f20ed5b ] Request (FlavorsExtraSpecsTestJSON:test_flavor_set_get_update_show_unset_keys): 200 DELETE http://10.180.1.21/compute/v2.1/flavors/1751425219/os-extra_specs/hw:numa_nodes 0.362s
2025-04-10 13:35:05.324 69365 INFO tempest.lib.common.rest_client [req-1278629f-9975-43e0-9221-d26bd47ab1c4 req-1278629f-9975-43e0-9221-d26bd47ab1c4 ] Request (ServersTestBootFromVolume:setUpClass): 200 GET http://10.180.1.21/volume/v3/b7498449753f440fa5d710e7fb77035b/volumes/604e9bcf-31de-452e-93dc-5bc28f475ce0 0.032s
2025-04-10 13:35:05.363 69311 INFO tempest.lib.common.rest_client [req-6a83cb89-0142-4f50-a74a-0c33d203fc73 req-6a83cb89-0142-4f50-a74a-0c33d203fc73 ] Request (ServerDiagnosticsV248Test:test_get_server_diagnostics): 200 GET http://10.180.1.21/compute/v2.1/servers/a00267a5-aa1c-434f-8201-157481bc0801 0.360s
2025-04-10 13:35:05.413 69337 INFO tempest.lib.common.rest_client [req-f6de9a24-510e-4119-b7c3-6dc9cfd113e5 req-f6de9a24-510e-4119-b7c3-6dc9cfd113e5 ] Request (ServerActionsTestOtherA:setUpClass): 200 GET http://10.180.1.21/compute/v2.1/servers/4927121e-a71e-47e9-9475-603096e82492 0.334s
2025-04-10 13:35:05.473 69317 INFO tempest.lib.common.rest_client [req-f85d8734-30b2-4222-9a49-7e1cdfa079b3 req-f85d8734-30b2-4222-9a49-7e1cdfa079b3 ] Request (ServerShowV257Test:test_rebuild_server): 200 GET http://10.180.1.21/compute/v2.1/servers/8e40eb4c-9c1e-4147-beb3-0d5fa311b9d9 0.348s
2025-04-10 13:35:05.502 69347 INFO tempest.lib.common.rest_client [req-5beaf2f7-99e9-427f-bfc4-abd74d362a55 req-5beaf2f7-99e9-427f-bfc4-abd74d362a55 ] Request (FloatingIPsAssociationTestJSON:setUpClass): 200 GET http://10.180.1.21/compute/v2.1/servers/4ad409c8-465f-4106-946a-7f401358d5a3 0.426s
2025-04-10 13:35:05.521 69331 INFO tempest.lib.common.rest_client [req-e40478d6-8f41-418c-8ec2-b2ef08ced058 req-e40478d6-8f41-418c-8ec2-b2ef08ced058 ] Request (VolumesAdminNegativeTest:test_update_attached_volume_with_nonexistent_volume_in_body): 200 GET http://10.180.1.21/compute/v2.1/servers/362a7b3c-f0b2-46e6-a9fa-2c284a059d73 0.387s
2025-04-10 13:35:05.580 69343 INFO tempest.lib.common.rest_client [req-2700ee4a-a08f-4fa3-81bc-b2a88f1415d3 req-2700ee4a-a08f-4fa3-81bc-b2a88f1415d3 ] Request (SecurityGroupsTestJSON:test_list_security_groups_by_server): 200 GET http://10.180.1.21/compute/v2.1/servers/c2497714-9a08-4ab0-9371-33060724f9d6 0.335s
2025-04-10 13:35:05.631 69361 INFO tempest.lib.common.rest_client [req-5add1565-9418-4bce-b8ec-de0d58ef1c67 req-5add1565-9418-4bce-b8ec-de0d58ef1c67 ] Request (ServerDiagnosticsTest:test_get_server_diagnostics): 200 GET http://10.180.1.21/compute/v2.1/servers/a26389e3-7c20-4227-bd57-9d058964edc5 0.334s
2025-04-10 13:35:05.655 69369 INFO tempest.lib.common.rest_client [req-3ada85a8-e6ab-4e2d-977d-f7f8b819169b req-3ada85a8-e6ab-4e2d-977d-f7f8b819169b ] Request (FlavorsExtraSpecsTestJSON:test_flavor_set_get_update_show_unset_keys): 200 DELETE http://10.180.1.21/compute/v2.1/flavors/1751425219/os-extra_specs/hw:cpu_policy 0.336s
2025-04-10 13:35:05.659 69333 INFO tempest.lib.common.rest_client [req-4d631a35-de89-4e72-8fbb-8a4ee9880146 req-4d631a35-de89-4e72-8fbb-8a4ee9880146 ] Request (ServerActionsTestJSON:setUpClass): 200 GET http://10.180.1.21/compute/v2.1/servers/db769146-b610-4d0a-8329-b977d8450a27 0.347s
2025-04-10 13:35:05.716 69367 INFO tempest.lib.common.rest_client [req-ed774d0e-56d4-468e-b639-771ccad1b641 req-ed774d0e-56d4-468e-b639-771ccad1b641 ] Request (InstanceActionsTestJSON:setUpClass): 200 GET http://10.180.1.21/compute/v2.1/servers/ded28a13-a8c2-45aa-978e-2a1de389d958 0.364s
2025-04-10 13:35:05.826 69363 INFO tempest.lib.common.rest_client [req-083573e9-60b8-4afe-be05-2d79fba07272 req-083573e9-60b8-4afe-be05-2d79fba07272 ] Request (ServersAdminNegativeTestJSON:setUpClass): 200 GET http://10.180.1.21/compute/v2.1/servers/ae5e2ca1-75e2-4023-b297-4cc265f038e5 0.277s
2025-04-10 13:35:05.853 69335 INFO tempest.lib.common.rest_client [req-c4308a58-48e7-4e4c-a163-2b08e6c93991 req-c4308a58-48e7-4e4c-a163-2b08e6c93991 ] Request (ServerPasswordTestJSON:setUpClass): 200 GET http://10.180.1.21/compute/v2.1/servers/aec054f1-0d52-49be-9dee-8db0ae362f12 0.404s
2025-04-10 13:35:05.865 69369 INFO tempest.lib.common.rest_client [req-6bdb9a89-405f-4a72-a6e4-91618d6a743a req-6bdb9a89-405f-4a72-a6e4-91618d6a743a ] Request (FlavorsExtraSpecsTestJSON:test_flavor_set_get_update_show_unset_keys): 200 GET http://10.180.1.21/compute/v2.1/flavors/1751425219/os-extra_specs 0.210s
2025-04-10 13:35:05.880 69309 INFO tempest.lib.common.rest_client [req-382e302a-d679-464b-b969-297469eeaec4 req-382e302a-d679-464b-b969-297469eeaec4 ] Request (ImagesNegativeTestJSON:test_create_image_from_deleted_server): 200 GET http://10.180.1.21/compute/v2.1/servers/0270a5ec-007f-4f7a-a6c6-05163c052452 0.241s
2025-04-10 13:35:05.889 69339 INFO tempest.lib.common.rest_client [req-1c7aa4ac-d290-4a4c-8d33-d8c70af83063 req-1c7aa4ac-d290-4a4c-8d33-d8c70af83063 ] Request (AttachInterfacesUnderV243Test:setUpClass): 200 PUT http://10.180.1.21:9696/networking/v2.0/routers/73a279db-d9f0-4d48-89b1-053f07517435/add_router_interface 2.644s
2025-04-10 13:35:05.889 69339 INFO tempest.lib.common.dynamic_creds [-] Created isolated network resources for: credentials: Credentials: {'domain_id': 'default', 'domain_name': 'Default', 'username': 'tempest-AttachInterfacesUnderV243Test-492310881-project-member', 'project_domain_id': 'default', 'project_domain_name': 'Default', 'project_id': '62258b1dfc1749b592d87fc06c00ce16', 'project_name': 'tempest-AttachInterfacesUnderV243Test-492310881', 'tenant_id': '62258b1dfc1749b592d87fc06c00ce16', 'tenant_name': 'tempest-AttachInterfacesUnderV243Test-492310881', 'user_domain_id': 'default', 'user_domain_name': 'Default', 'user_id': '08f551cc6db445dfbe75838bc133bd9f', 'system': None}, Network: {'id': 'a085effe-d092-4893-b5f3-beb265ef94ee', 'name': 'tempest-AttachInterfacesUnderV243Test-2092468713-network', 'tenant_id': '62258b1dfc1749b592d87fc06c00ce16', 'admin_state_up': True, 'mtu': 8950, 'status': 'ACTIVE', 'subnets': [], 'shared': False, 'project_id': '62258b1dfc1749b592d87fc06c00ce16', 'port_security_enabled': True, 'router:external': False, 'provider:network_type': 'vlan', 'provider:physical_network': 'default', 'provider:segmentation_id': 917, 'is_default': False, 'availability_zone_hints': [], 'availability_zones': [], 'ipv4_address_scope': None, 'ipv6_address_scope': None, 'description': '', 'tags': [], 'created_at': '2025-04-10T13:35:01Z', 'updated_at': '2025-04-10T13:35:01Z', 'revision_number': 1}, Subnet: {'id': 'ebdb4136-d941-49d1-a698-7d1614eb6054', 'name': 'tempest-AttachInterfacesUnderV243Test-2092468713-subnet', 'tenant_id': '62258b1dfc1749b592d87fc06c00ce16', 'network_id': 'a085effe-d092-4893-b5f3-beb265ef94ee', 'ip_version': 4, 'subnetpool_id': None, 'enable_dhcp': True, 'ipv6_ra_mode': None, 'ipv6_address_mode': None, 'gateway_ip': '192.168.128.1', 'cidr': '192.168.128.0/28', 'allocation_pools': [{'start': '192.168.128.2', 'end': '192.168.128.14'}], 'host_routes': [], 'dns_nameservers': [], 'description': '', 'service_types': [], 'tags': [], 'created_at': '2025-04-10T13:35:01Z', 'updated_at': '2025-04-10T13:35:01Z', 'revision_number': 0, 'project_id': '62258b1dfc1749b592d87fc06c00ce16'}, Router: {'id': '73a279db-d9f0-4d48-89b1-053f07517435', 'name': 'tempest-AttachInterfacesUnderV243Test-2092468713-router', 'tenant_id': '62258b1dfc1749b592d87fc06c00ce16', 'admin_state_up': True, 'status': 'ACTIVE', 'external_gateway_info': {'network_id': '96965a07-2fb9-479a-91f2-8b3a9a2d60e0', 'external_fixed_ips': [{'subnet_id': '4bde0889-1c15-4a8b-b06e-e6a839228f9f', 'ip_address': '10.180.180.144'}], 'enable_snat': True}, 'description': '', 'availability_zones': [], 'distributed': False, 'ha': False, 'availability_zone_hints': [], 'routes': [], 'flavor_id': None, 'tags': [], 'created_at': '2025-04-10T13:35:01Z', 'updated_at': '2025-04-10T13:35:02Z', 'revision_number': 2, 'project_id': '62258b1dfc1749b592d87fc06c00ce16'}
2025-04-10 13:35:05.938 69345 INFO tempest.lib.common.rest_client [req-d25bbda4-a41b-4b21-b2a9-e2325592abec req-d25bbda4-a41b-4b21-b2a9-e2325592abec ] Request (ImagesOneServerTestJSON:setUpClass): 200 GET http://10.180.1.21/compute/v2.1/servers/918f38e1-e1b4-40d7-a79c-49257a814941 0.096s
2025-04-10 13:35:05.957 69369 INFO tempest.lib.common.rest_client [req-3d23ab8f-0189-4152-aedc-56ee5b6c95c9 req-3d23ab8f-0189-4152-aedc-56ee5b6c95c9 ] Request (FlavorsExtraSpecsTestJSON:tearDownClass): 202 DELETE http://10.180.1.21/compute/v2.1/flavors/1751425219 0.090s
2025-04-10 13:35:05.981 69339 INFO tempest.lib.common.rest_client [req-6cd65487-edba-4895-b1ea-21347d9e2f05 req-6cd65487-edba-4895-b1ea-21347d9e2f05 ] Request (AttachInterfacesUnderV243Test:setUpClass): 201 POST http://10.180.1.21/identity/v3/auth/tokens 0.084s
2025-04-10 13:35:06.019 69357 INFO tempest.lib.common.rest_client [req-57da872b-2ba8-478d-8810-bd804d5e7284 req-57da872b-2ba8-478d-8810-bd804d5e7284 ] Request (ServerExternalEventsTest:test_create_server_external_events): 200 GET http://10.180.1.21/compute/v2.1/servers/2e16f12d-194a-47a5-824d-062a684a86f8 0.255s
2025-04-10 13:35:06.069 69355 INFO tempest.lib.common.rest_client [req-9bc46b76-30a9-48f9-aad8-0a838bb104c8 req-9bc46b76-30a9-48f9-aad8-0a838bb104c8 ] Request (DeleteServersAdminTestJSON:test_admin_delete_servers_of_others): 200 GET http://10.180.1.21/compute/v2.1/servers/657170ea-02c4-4bc9-97d0-9aa3960fcaf9 0.186s
2025-04-10 13:35:06.078 69359 INFO tempest.lib.common.rest_client [req-b998c961-a1f0-4df8-bb52-2b8314ad4d1d req-b998c961-a1f0-4df8-bb52-2b8314ad4d1d ] Request (VolumesAssistedSnapshotsTest:test_volume_assisted_snapshot_create_delete): 200 GET http://10.180.1.21/compute/v2.1/servers/b2b068c1-defd-4ee8-8611-9016924fc223 0.161s
2025-04-10 13:35:06.108 69369 INFO tempest.lib.common.rest_client [req-d4bc9044-bba8-43ff-aa88-1e1b9f5a3464 req-d4bc9044-bba8-43ff-aa88-1e1b9f5a3464 ] Request (FlavorsExtraSpecsTestJSON:tearDownClass): 200 GET http://10.180.1.21/compute/v2.1/flavors/detail 0.151s
2025-04-10 13:35:06.150 69319 INFO tempest.lib.common.rest_client [req-1ac45880-69ab-4ca7-ad8a-3730d810f1de req-1ac45880-69ab-4ca7-ad8a-3730d810f1de ] Request (AttachInterfacesV270Test:test_create_get_list_interfaces): 200 GET http://10.180.1.21/compute/v2.1/servers/3aef6e75-f7bc-4a2c-aac0-daa7cfa38b87 0.201s
2025-04-10 13:35:06.172 69307 INFO tempest.lib.common.rest_client [req-4c696260-b58e-44e6-b1cf-47ca4bf10c90 req-4c696260-b58e-44e6-b1cf-47ca4bf10c90 ] Request (ServersAdminTestJSON:setUpClass): 200 GET http://10.180.1.21/compute/v2.1/servers/b6a38a84-0b95-494c-a423-3360824ed8d3 0.198s
2025-04-10 13:35:06.220 69339 INFO tempest.lib.common.rest_client [req-7ba994d4-5482-4b99-88fb-91a350f341d3 req-7ba994d4-5482-4b99-88fb-91a350f341d3 ] Request (ValidationResourcesFixture:setUp): 200 POST http://10.180.1.21/compute/v2.1/os-keypairs 0.236s
2025-04-10 13:35:06.222 69369 INFO tempest.lib.common.rest_client [req-8c6cfc92-a59e-4f76-91ac-4bae157c0eef req-8c6cfc92-a59e-4f76-91ac-4bae157c0eef ] Request (FlavorsExtraSpecsTestJSON:tearDownClass): 204 DELETE http://10.180.1.21/identity/v3/users/c91125b1d11440668d86ddb9e5524af9 0.109s
2025-04-10 13:35:06.224 69325 INFO tempest.lib.common.rest_client [req-41abee8e-2381-489f-bb5f-e7fd32ff0686 req-41abee8e-2381-489f-bb5f-e7fd32ff0686 ] Request (ListServersNegativeTestJSON:setUpClass): 200 GET http://10.180.1.21/compute/v2.1/servers/0522ed67-caaf-4018-b35f-252a6bbd2644 0.199s
2025-04-10 13:35:06.278 69329 INFO tempest.lib.common.rest_client [req-5b4656ec-59c2-4801-83b9-aef5d4af178e req-5b4656ec-59c2-4801-83b9-aef5d4af178e ] Request (FloatingIPsAssociationNegativeTestJSON:setUpClass): 200 GET http://10.180.1.21/compute/v2.1/servers/5bdb4d11-9125-4c28-89b0-8fd9147e0c0f 0.253s
2025-04-10 13:35:06.290 69323 INFO tempest.lib.common.rest_client [req-edf6dbe9-b6b1-4732-8da5-a9b564c39e8f req-edf6dbe9-b6b1-4732-8da5-a9b564c39e8f ] Request (ServersWithSpecificFlavorTestJSON:test_verify_created_server_ephemeral_disk): 200 GET http://10.180.1.21/compute/v2.1/servers/45dfaf74-5be6-4c63-9efc-4717d12e3d2c 0.213s
2025-04-10 13:35:06.343 69369 INFO tempest.lib.common.rest_client [req-464e04a9-16d9-45bd-b9e3-4799ccb31a64 req-464e04a9-16d9-45bd-b9e3-4799ccb31a64 ] Request (FlavorsExtraSpecsTestJSON:tearDownClass): 204 DELETE http://10.180.1.21/identity/v3/users/7e23a7fc3d5444b39690d8bf044e8827 0.121s
2025-04-10 13:35:06.344 69369 INFO tempest.lib.common.dynamic_creds [-] Deleting project and security group for project: 4b2faace829343068c4c9359ce694767
2025-04-10 13:35:06.351 69341 INFO tempest.lib.common.rest_client [req-f7f863d1-f151-4dcf-9f48-4572bb5c53ae req-f7f863d1-f151-4dcf-9f48-4572bb5c53ae ] Request (TenantUsagesTestJSON:setUpClass): 200 GET http://10.180.1.21/compute/v2.1/servers/9eba7edc-c55f-423d-b1c3-3b6f12d28f2b 0.213s
2025-04-10 13:35:06.366 69351 INFO tempest.lib.common.rest_client [req-248e80ee-be84-4c53-96de-a44441334d88 req-248e80ee-be84-4c53-96de-a44441334d88 ] Request (ServersTestManualDisk:setUpClass): 200 GET http://10.180.1.21/compute/v2.1/servers/887fbbeb-c981-4cc3-94e6-c232774507c7 0.266s
2025-04-10 13:35:06.370 69339 INFO tempest.lib.common.rest_client [req-6622ce80-92fd-402f-8fc9-d4c25ac1cb28 req-6622ce80-92fd-402f-8fc9-d4c25ac1cb28 ] Request (ValidationResourcesFixture:setUp): 201 POST http://10.180.1.21:9696/networking/v2.0/security-groups 0.148s
2025-04-10 13:35:06.371 69365 INFO tempest.lib.common.rest_client [req-8283ab26-89b2-40a3-ae4c-6f688b4f47d6 req-8283ab26-89b2-40a3-ae4c-6f688b4f47d6 ] Request (ServersTestBootFromVolume:setUpClass): 200 GET http://10.180.1.21/volume/v3/b7498449753f440fa5d710e7fb77035b/volumes/604e9bcf-31de-452e-93dc-5bc28f475ce0 0.039s
2025-04-10 13:35:06.428 69349 INFO tempest.lib.common.rest_client [req-d27b584e-2864-4520-bf83-838339b8abc4 req-d27b584e-2864-4520-bf83-838339b8abc4 ] Request (ServersV294TestFqdnHostnames:setUpClass): 200 GET http://10.180.1.21/compute/v2.1/servers/40937830-3e23-49ff-aeb6-cdd6b62b0614 0.165s
2025-04-10 13:35:06.447 69369 INFO tempest.lib.common.rest_client [req-5cbdd11a-2f13-4c4e-97f7-15d9d417c5e9 req-5cbdd11a-2f13-4c4e-97f7-15d9d417c5e9 ] Request (FlavorsExtraSpecsTestJSON:tearDownClass): 201 POST http://10.180.1.21/identity/v3/auth/tokens 0.103s
2025-04-10 13:35:06.538 69353 INFO tempest.lib.common.rest_client [req-f7ac8220-8f75-4b3c-a3d5-27100d508789 req-f7ac8220-8f75-4b3c-a3d5-27100d508789 ] Request (MigrationsAdminTest:test_list_migrations_in_flavor_resize_situation): 200 GET http://10.180.1.21/compute/v2.1/servers/6ad953b9-4ded-42cd-86e0-2b1b707be4e4 0.245s
2025-04-10 13:35:06.585 69313 INFO tempest.lib.common.rest_client [req-3c9edc9f-4e05-4785-b404-99c402bcb24c req-3c9edc9f-4e05-4785-b404-99c402bcb24c ] Request (ListServerFiltersTestJSON:setUpClass): 200 GET http://10.180.1.21/compute/v2.1/servers/d8db9bfa-336f-48b6-b0b5-3aa3e97f5698 0.265s
2025-04-10 13:35:06.606 69321 INFO tempest.lib.common.rest_client [req-24341100-e651-4dad-927b-a70c09d838a8 req-24341100-e651-4dad-927b-a70c09d838a8 ] Request (ServerGroupTestJSON:test_create_server_with_scheduler_hint_group): 200 GET http://10.180.1.21/compute/v2.1/servers/7d2205d5-ed82-49cc-960b-b9da9584144a 0.408s
2025-04-10 13:35:06.613 69369 INFO tempest.lib.common.rest_client [req-ed053709-501d-4958-aa24-a7232298ca77 req-ed053709-501d-4958-aa24-a7232298ca77 ] Request (FlavorsExtraSpecsTestJSON:tearDownClass): 200 GET http://10.180.1.21:9696/networking/v2.0/security-groups?tenant_id=4b2faace829343068c4c9359ce694767&name=default 0.165s
2025-04-10 13:35:06.644 69311 INFO tempest.lib.common.rest_client [req-9d837334-4f97-40a9-ac43-d490ded28517 req-9d837334-4f97-40a9-ac43-d490ded28517 ] Request (ServerDiagnosticsV248Test:test_get_server_diagnostics): 200 GET http://10.180.1.21/compute/v2.1/servers/a00267a5-aa1c-434f-8201-157481bc0801 0.271s
2025-04-10 13:35:06.670 69327 INFO tempest.lib.common.rest_client [req-19065528-69cf-4213-80ee-ef70cfb07a87 req-19065528-69cf-4213-80ee-ef70cfb07a87 ] Request (AttachVolumeNegativeTest:setUpClass): 200 PUT http://10.180.1.21:9696/networking/v2.0/routers/85519719-7452-40ce-b7e0-6e43e5472bdf/add_router_interface 2.349s
2025-04-10 13:35:06.670 69327 INFO tempest.lib.common.dynamic_creds [-] Created isolated network resources for: credentials: Credentials: {'domain_id': 'default', 'domain_name': 'Default', 'username': 'tempest-AttachVolumeNegativeTest-1328278852-project-member', 'project_domain_id': 'default', 'project_domain_name': 'Default', 'project_id': '3521336785204d6487f2f1412e7d6bcb', 'project_name': 'tempest-AttachVolumeNegativeTest-1328278852', 'tenant_id': '3521336785204d6487f2f1412e7d6bcb', 'tenant_name': 'tempest-AttachVolumeNegativeTest-1328278852', 'user_domain_id': 'default', 'user_domain_name': 'Default', 'user_id': '8cb23424445541c9a82154a2f7ac28f7', 'system': None}, Network: {'id': 'c1de40b3-5adb-4962-98f6-8fde21752083', 'name': 'tempest-AttachVolumeNegativeTest-1288910499-network', 'tenant_id': '3521336785204d6487f2f1412e7d6bcb', 'admin_state_up': True, 'mtu': 8950, 'status': 'ACTIVE', 'subnets': [], 'shared': False, 'project_id': '3521336785204d6487f2f1412e7d6bcb', 'port_security_enabled': True, 'router:external': False, 'provider:network_type': 'vlan', 'provider:physical_network': 'default', 'provider:segmentation_id': 909, 'is_default': False, 'availability_zone_hints': [], 'availability_zones': [], 'ipv4_address_scope': None, 'ipv6_address_scope': None, 'description': '', 'tags': [], 'created_at': '2025-04-10T13:35:02Z', 'updated_at': '2025-04-10T13:35:02Z', 'revision_number': 1}, Subnet: {'id': '6a5549e5-736f-4332-8deb-8ed400016d15', 'name': 'tempest-AttachVolumeNegativeTest-1288910499-subnet', 'tenant_id': '3521336785204d6487f2f1412e7d6bcb', 'network_id': 'c1de40b3-5adb-4962-98f6-8fde21752083', 'ip_version': 4, 'subnetpool_id': None, 'enable_dhcp': True, 'ipv6_ra_mode': None, 'ipv6_address_mode': None, 'gateway_ip': '192.168.128.1', 'cidr': '192.168.128.0/28', 'allocation_pools': [{'start': '192.168.128.2', 'end': '192.168.128.14'}], 'host_routes': [], 'dns_nameservers': [], 'description': '', 'service_types': [], 'tags': [], 'created_at': '2025-04-10T13:35:02Z', 'updated_at': '2025-04-10T13:35:02Z', 'revision_number': 0, 'project_id': '3521336785204d6487f2f1412e7d6bcb'}, Router: {'id': '85519719-7452-40ce-b7e0-6e43e5472bdf', 'name': 'tempest-AttachVolumeNegativeTest-1288910499-router', 'tenant_id': '3521336785204d6487f2f1412e7d6bcb', 'admin_state_up': True, 'status': 'ACTIVE', 'external_gateway_info': {'network_id': '96965a07-2fb9-479a-91f2-8b3a9a2d60e0', 'external_fixed_ips': [{'subnet_id': '4bde0889-1c15-4a8b-b06e-e6a839228f9f', 'ip_address': '10.180.180.228'}], 'enable_snat': True}, 'description': '', 'availability_zones': [], 'distributed': False, 'ha': False, 'availability_zone_hints': [], 'routes': [], 'flavor_id': None, 'tags': [], 'created_at': '2025-04-10T13:35:02Z', 'updated_at': '2025-04-10T13:35:03Z', 'revision_number': 2, 'project_id': '3521336785204d6487f2f1412e7d6bcb'}
2025-04-10 13:35:06.671 69337 INFO tempest.lib.common.rest_client [req-8dc499fc-517f-4c59-b0a4-9ae82cc37483 req-8dc499fc-517f-4c59-b0a4-9ae82cc37483 ] Request (ServerActionsTestOtherA:setUpClass): 200 GET http://10.180.1.21/compute/v2.1/servers/4927121e-a71e-47e9-9475-603096e82492 0.247s
2025-04-10 13:35:06.697 69317 INFO tempest.lib.common.rest_client [req-bbc9102d-db2c-42a1-a256-42d8402ded44 req-bbc9102d-db2c-42a1-a256-42d8402ded44 ] Request (ServerShowV257Test:test_rebuild_server): 200 GET http://10.180.1.21/compute/v2.1/servers/8e40eb4c-9c1e-4147-beb3-0d5fa311b9d9 0.211s
2025-04-10 13:35:06.751 69331 INFO tempest.lib.common.rest_client [req-b1f08653-8210-4018-ab84-1d18a06ca530 req-b1f08653-8210-4018-ab84-1d18a06ca530 ] Request (VolumesAdminNegativeTest:test_update_attached_volume_with_nonexistent_volume_in_body): 200 GET http://10.180.1.21/compute/v2.1/servers/362a7b3c-f0b2-46e6-a9fa-2c284a059d73 0.219s
2025-04-10 13:35:06.758 69327 INFO tempest.lib.common.rest_client [req-b556a698-af4f-4f7f-984e-7f2062ae468d req-b556a698-af4f-4f7f-984e-7f2062ae468d ] Request (AttachVolumeNegativeTest:setUpClass): 201 POST http://10.180.1.21/identity/v3/auth/tokens 0.083s
2025-04-10 13:35:06.790 69339 INFO tempest.lib.common.rest_client [req-67b7940e-0ff1-4d20-bc35-60b4928ea81c req-67b7940e-0ff1-4d20-bc35-60b4928ea81c ] Request (ValidationResourcesFixture:setUp): 201 POST http://10.180.1.21:9696/networking/v2.0/security-group-rules 0.419s
2025-04-10 13:35:06.803 69343 INFO tempest.lib.common.rest_client [req-e77edceb-eb09-4edf-9f4d-8ec11a7a3727 req-e77edceb-eb09-4edf-9f4d-8ec11a7a3727 ] Request (SecurityGroupsTestJSON:test_list_security_groups_by_server): 200 GET http://10.180.1.21/compute/v2.1/servers/c2497714-9a08-4ab0-9371-33060724f9d6 0.212s
2025-04-10 13:35:06.814 69369 INFO tempest.lib.common.rest_client [req-07180f36-8d08-4b69-b41c-a46517f62d3e req-07180f36-8d08-4b69-b41c-a46517f62d3e ] Request (FlavorsExtraSpecsTestJSON:tearDownClass): 204 DELETE http://10.180.1.21:9696/networking/v2.0/security-groups/48aabed4-e59c-43e3-a0a1-c1d0053542da 0.201s
2025-04-10 13:35:06.857 69347 INFO tempest.lib.common.rest_client [req-ae841f55-a0bd-4bb4-b90f-5de575ad1ad3 req-ae841f55-a0bd-4bb4-b90f-5de575ad1ad3 ] Request (FloatingIPsAssociationTestJSON:setUpClass): 200 GET http://10.180.1.21/compute/v2.1/servers/4ad409c8-465f-4106-946a-7f401358d5a3 0.346s
2025-04-10 13:35:06.899 69369 INFO tempest.lib.common.rest_client [req-22ac10be-709e-402d-acf4-3b44ab08ce3b req-22ac10be-709e-402d-acf4-3b44ab08ce3b ] Request (FlavorsExtraSpecsTestJSON:tearDownClass): 204 DELETE http://10.180.1.21/identity/v3/projects/4b2faace829343068c4c9359ce694767 0.085s
2025-04-10 13:35:06.900 69369 INFO tempest.lib.common.dynamic_creds [-] Deleting project and security group for project: 7bb335e866234244b3a75ab34185ce3e
2025-04-10 13:35:06.912 69339 INFO tempest.lib.common.rest_client [req-8470567d-39aa-4205-806c-d1032a321c09 req-8470567d-39aa-4205-806c-d1032a321c09 ] Request (ValidationResourcesFixture:setUp): 201 POST http://10.180.1.21:9696/networking/v2.0/security-group-rules 0.121s
2025-04-10 13:35:06.917 69361 INFO tempest.lib.common.rest_client [req-3fcabf32-5e9e-4ea5-999d-b52256f5f7ab req-3fcabf32-5e9e-4ea5-999d-b52256f5f7ab ] Request (ServerDiagnosticsTest:test_get_server_diagnostics): 200 GET http://10.180.1.21/compute/v2.1/servers/a26389e3-7c20-4227-bd57-9d058964edc5 0.276s
2025-04-10 13:35:06.918 69333 INFO tempest.lib.common.rest_client [req-bf155f29-a10e-427f-bfbc-e62724c42c03 req-bf155f29-a10e-427f-bfbc-e62724c42c03 ] Request (ServerActionsTestJSON:setUpClass): 200 GET http://10.180.1.21/compute/v2.1/servers/db769146-b610-4d0a-8329-b977d8450a27 0.249s
2025-04-10 13:35:06.987 69367 INFO tempest.lib.common.rest_client [req-a6c55bad-811b-4d14-9a86-897220ed1ad0 req-a6c55bad-811b-4d14-9a86-897220ed1ad0 ] Request (InstanceActionsTestJSON:setUpClass): 200 GET http://10.180.1.21/compute/v2.1/servers/ded28a13-a8c2-45aa-978e-2a1de389d958 0.259s
2025-04-10 13:35:07.094 69327 INFO tempest.lib.common.rest_client [req-d5ea1d76-db7b-4319-9e5a-51f260acb586 req-d5ea1d76-db7b-4319-9e5a-51f260acb586 ] Request (ValidationResourcesFixture:setUp): 200 POST http://10.180.1.21/compute/v2.1/os-keypairs 0.333s
2025-04-10 13:35:07.145 69369 INFO tempest.lib.common.rest_client [req-f5faffc4-b287-4aa6-8b21-d8bcb2545942 req-f5faffc4-b287-4aa6-8b21-d8bcb2545942 ] Request (FlavorsExtraSpecsTestJSON:tearDownClass): 200 GET http://10.180.1.21:9696/networking/v2.0/security-groups?tenant_id=7bb335e866234244b3a75ab34185ce3e&name=default 0.245s
2025-04-10 13:35:07.181 69363 INFO tempest.lib.common.rest_client [req-f2ee1114-457a-4c8b-a896-f58dea9d1978 req-f2ee1114-457a-4c8b-a896-f58dea9d1978 ] Request (ServersAdminNegativeTestJSON:setUpClass): 200 GET http://10.180.1.21/compute/v2.1/servers/ae5e2ca1-75e2-4023-b297-4cc265f038e5 0.347s
2025-04-10 13:35:07.247 69309 INFO tempest.lib.common.rest_client [req-d5e5e43c-399f-4f97-86c4-374341869a82 req-d5e5e43c-399f-4f97-86c4-374341869a82 ] Request (ImagesNegativeTestJSON:test_create_image_from_deleted_server): 200 GET http://10.180.1.21/compute/v2.1/servers/0270a5ec-007f-4f7a-a6c6-05163c052452 0.357s
