2025-04-14 12:01:37.892 70283 INFO tempest.lib.common.dynamic_creds [-] Created isolated network resources for: credentials: Credentials: {'domain_id': 'default', 'domain_name': 'Default', 'username': 'tempest-FloatingIPsAssociationNegativeTestJSON-1625677850-project-member', 'project_domain_id': 'default', 'project_domain_name': 'Default', 'project_id': '72e00a47ef5c409ab1bb1ff30f0ec31a', 'project_name': 'tempest-FloatingIPsAssociationNegativeTestJSON-1625677850', 'tenant_id': '72e00a47ef5c409ab1bb1ff30f0ec31a', 'tenant_name': 'tempest-FloatingIPsAssociationNegativeTestJSON-1625677850', 'user_domain_id': 'default', 'user_domain_name': 'Default', 'user_id': '1702e060d7924035bfdcf252d39152b4', 'system': None}, Network: {'id': 'a98abcc4-3047-4fd5-a0a3-006301a5dfb4', 'name': 'tempest-FloatingIPsAssociationNegativeTestJSON-556444385-network', 'tenant_id': '72e00a47ef5c409ab1bb1ff30f0ec31a', 'admin_state_up': True, 'mtu': 8950, 'status': 'ACTIVE', 'subnets': [], 'shared': False, 'project_id': '72e00a47ef5c409ab1bb1ff30f0ec31a', 'port_security_enabled': True, 'router:external': False, 'provider:network_type': 'vlan', 'provider:physical_network': 'default', 'provider:segmentation_id': 690, 'availability_zone_hints': [], 'availability_zones': [], 'ipv4_address_scope': None, 'ipv6_address_scope': None, 'description': '', 'tags': [], 'created_at': '2025-04-14T12:01:30Z', 'updated_at': '2025-04-14T12:01:30Z', 'revision_number': 1}, Subnet: {'id': '23db4574-f93c-4d55-a345-756781ecf091', 'name': 'tempest-FloatingIPsAssociationNegativeTestJSON-556444385-subnet', 'tenant_id': '72e00a47ef5c409ab1bb1ff30f0ec31a', 'network_id': 'a98abcc4-3047-4fd5-a0a3-006301a5dfb4', 'ip_version': 4, 'subnetpool_id': None, 'enable_dhcp': True, 'ipv6_ra_mode': None, 'ipv6_address_mode': None, 'gateway_ip': '192.168.128.1', 'cidr': '192.168.128.0/28', 'allocation_pools': [{'start': '192.168.128.2', 'end': '192.168.128.14'}], 'host_routes': [], 'dns_nameservers': [], 'description': '', 'router:external': False, 'service_types': [], 'tags': [], 'created_at': '2025-04-14T12:01:30Z', 'updated_at': '2025-04-14T12:01:30Z', 'revision_number': 0, 'project_id': '72e00a47ef5c409ab1bb1ff30f0ec31a'}, Router: {'id': '27b76651-9796-4172-a5e2-2f8388b2c3b0', 'name': 'tempest-FloatingIPsAssociationNegativeTestJSON-556444385-router', 'tenant_id': '72e00a47ef5c409ab1bb1ff30f0ec31a', 'admin_state_up': True, 'status': 'ACTIVE', 'external_gateway_info': {'network_id': 'd9c959bc-7797-430b-bbbc-7d2bf417142c', 'external_fixed_ips': [{'subnet_id': '3ec12df7-876f-4588-ad12-24090a415e2d', 'ip_address': '10.180.180.201'}], 'enable_snat': True}, 'description': '', 'availability_zones': [], 'distributed': False, 'ha': False, 'availability_zone_hints': [], 'routes': [], 'flavor_id': None, 'tags': [], 'created_at': '2025-04-14T12:01:30Z', 'updated_at': '2025-04-14T12:01:32Z', 'revision_number': 2, 'project_id': '72e00a47ef5c409ab1bb1ff30f0ec31a'}
2025-04-14 12:01:37.906 70239 INFO tempest.lib.common.rest_client [req-667d9bff-4110-471d-8d68-da376002c2f6 req-667d9bff-4110-471d-8d68-da376002c2f6 ] Request (TenantUsagesNegativeTestJSON:test_get_usage_tenant_with_empty_tenant_id): 404 GET http://10.180.1.21/compute/v2.1/os-simple-tenant-usage/?start=2025-04-13T12%3A01%3A35.549008&end=2025-04-15T12%3A01%3A35.549008 2.357s
2025-04-14 12:01:37.940 70255 INFO tempest.lib.common.rest_client [req-fda30d1a-81a7-4d8f-9216-b8437d47a9b6 req-fda30d1a-81a7-4d8f-9216-b8437d47a9b6 ] Request (NetworksTest:setUpClass): 201 POST http://10.180.1.21/identity/v3/projects 0.125s
2025-04-14 12:01:38.014 70271 INFO tempest.lib.common.rest_client [req-4407528f-3e1a-4e09-a5b2-bf6058d01f48 req-4407528f-3e1a-4e09-a5b2-bf6058d01f48 ] Request (HostsAdminNegativeTestJSON:tearDownClass): 204 DELETE http://10.180.1.21/identity/v3/users/ad9568fbc14c41b5a7e00eed14425766 0.146s
2025-04-14 12:01:38.034 70283 INFO tempest.lib.common.rest_client [req-eec3738a-20e4-4300-87e9-d9c85e2b6d1a req-eec3738a-20e4-4300-87e9-d9c85e2b6d1a ] Request (FloatingIPsAssociationNegativeTestJSON:setUpClass): 201 POST http://10.180.1.21/identity/v3/auth/tokens 0.129s
2025-04-14 12:01:38.065 70231 INFO tempest.lib.common.rest_client [req-de1961d2-8cfe-430c-90d4-19a8f5a43a02 req-de1961d2-8cfe-430c-90d4-19a8f5a43a02 ] Request (ServersWithSpecificFlavorTestJSON:test_verify_created_server_ephemeral_disk): 200 GET http://10.180.1.21/compute/v2.1/servers/784b71d1-94a8-4fe1-9213-90eaf03fc0ad 2.213s
2025-04-14 12:01:38.076 70231 INFO tempest.common.waiters [-] State transition "BUILD/scheduling" ==> "BUILD/None" after 4 second wait
2025-04-14 12:01:38.094 70255 INFO tempest.lib.common.rest_client [req-2a10f86f-41e4-44e9-ab1d-851782096e43 req-2a10f86f-41e4-44e9-ab1d-851782096e43 ] Request (NetworksTest:setUpClass): 201 POST http://10.180.1.21/identity/v3/users 0.154s
2025-04-14 12:01:38.130 70271 INFO tempest.lib.common.rest_client [req-939df024-fad0-4cdc-b077-3a9c2c06ed04 req-939df024-fad0-4cdc-b077-3a9c2c06ed04 ] Request (HostsAdminNegativeTestJSON:tearDownClass): 204 DELETE http://10.180.1.21/identity/v3/users/107ae5e54ca547b9ae65d12e4b00ade3 0.115s
2025-04-14 12:01:38.130 70271 INFO tempest.lib.common.dynamic_creds [-] Deleting project and security group for project: db6590b3082744c4b1c315d65f2dc2f9
2025-04-14 12:01:38.148 70283 INFO tempest.lib.common.rest_client [req-fb4b139e-a92b-45fb-b6d7-0752508f1196 req-fb4b139e-a92b-45fb-b6d7-0752508f1196 ] Request (FloatingIPsAssociationNegativeTestJSON:setUpClass): 201 POST http://10.180.1.21/identity/v3/auth/tokens 0.109s
2025-04-14 12:01:38.148 70283 INFO tempest.lib.common.fixed_network [-] (FloatingIPsAssociationNegativeTestJSON:setUpClass) Found network {'id': 'a98abcc4-3047-4fd5-a0a3-006301a5dfb4', 'name': 'tempest-FloatingIPsAssociationNegativeTestJSON-556444385-network', 'tenant_id': '72e00a47ef5c409ab1bb1ff30f0ec31a', 'admin_state_up': True, 'mtu': 8950, 'status': 'ACTIVE', 'subnets': [], 'shared': False, 'project_id': '72e00a47ef5c409ab1bb1ff30f0ec31a', 'port_security_enabled': True, 'router:external': False, 'provider:network_type': 'vlan', 'provider:physical_network': 'default', 'provider:segmentation_id': 690, 'availability_zone_hints': [], 'availability_zones': [], 'ipv4_address_scope': None, 'ipv6_address_scope': None, 'description': '', 'tags': [], 'created_at': '2025-04-14T12:01:30Z', 'updated_at': '2025-04-14T12:01:30Z', 'revision_number': 1} available for tenant
2025-04-14 12:01:38.177 70271 INFO tempest.lib.common.rest_client [req-f12c5a84-b8a7-428f-a8dd-44bdb73e3888 req-f12c5a84-b8a7-428f-a8dd-44bdb73e3888 ] Request (HostsAdminNegativeTestJSON:tearDownClass): 201 POST http://10.180.1.21/identity/v3/auth/tokens 0.047s
2025-04-14 12:01:38.192 70255 INFO tempest.lib.common.rest_client [req-0ae5d0f3-af64-4650-b09d-ab33bbb606ab req-0ae5d0f3-af64-4650-b09d-ab33bbb606ab ] Request (NetworksTest:setUpClass): 200 GET http://10.180.1.21/identity/v3/roles 0.097s
2025-04-14 12:01:38.220 70255 INFO tempest.lib.common.rest_client [req-4dbb00b2-4b19-4d6a-99dd-c5c6e6a293f8 req-4dbb00b2-4b19-4d6a-99dd-c5c6e6a293f8 ] Request (NetworksTest:setUpClass): 204 PUT http://10.180.1.21/identity/v3/projects/acd35e5423ba488195c1544f70e3fe0c/users/80f67f33606748c29664caec0b003fe7/roles/a428a8caaf5e492482570235c5e4cbc8 0.028s
2025-04-14 12:01:38.285 70255 INFO tempest.lib.common.rest_client [req-c8c7d662-9df4-42b7-8aa3-373e451b164a req-c8c7d662-9df4-42b7-8aa3-373e451b164a ] Request (NetworksTest:setUpClass): 200 GET http://10.180.1.21/identity/v3/roles 0.064s
2025-04-14 12:01:38.306 70255 INFO tempest.lib.common.rest_client [req-2d830efe-14c6-4458-b187-11682cf70383 req-2d830efe-14c6-4458-b187-11682cf70383 ] Request (NetworksTest:setUpClass): 204 PUT http://10.180.1.21/identity/v3/projects/acd35e5423ba488195c1544f70e3fe0c/users/80f67f33606748c29664caec0b003fe7/roles/a428a8caaf5e492482570235c5e4cbc8 0.020s
2025-04-14 12:01:38.306 70255 INFO tempest.lib.common.dynamic_creds [-] Dynamic test user 80f67f33606748c29664caec0b003fe7 is created with scope project and roles: ['admin']
2025-04-14 12:01:38.306 70255 INFO tempest.lib.common.dynamic_creds [-] Acquired dynamic creds: credentials: Credentials: {'domain_id': 'default', 'domain_name': 'Default', 'username': 'tempest-NetworksTest-999547690-project-admin', 'project_domain_id': 'default', 'project_domain_name': 'Default', 'project_id': 'acd35e5423ba488195c1544f70e3fe0c', 'project_name': 'tempest-NetworksTest-999547690', 'tenant_id': 'acd35e5423ba488195c1544f70e3fe0c', 'tenant_name': 'tempest-NetworksTest-999547690', 'user_domain_id': 'default', 'user_domain_name': 'Default', 'user_id': '80f67f33606748c29664caec0b003fe7', 'system': None}, Network: None, Subnet: None, Router: None
2025-04-14 12:01:38.306 70255 INFO tempest.lib.common.dynamic_creds [-] Created isolated network resources for: credentials: Credentials: {'domain_id': 'default', 'domain_name': 'Default', 'username': 'tempest-NetworksTest-999547690-project-admin', 'project_domain_id': 'default', 'project_domain_name': 'Default', 'project_id': 'acd35e5423ba488195c1544f70e3fe0c', 'project_name': 'tempest-NetworksTest-999547690', 'tenant_id': 'acd35e5423ba488195c1544f70e3fe0c', 'tenant_name': 'tempest-NetworksTest-999547690', 'user_domain_id': 'default', 'user_domain_name': 'Default', 'user_id': '80f67f33606748c29664caec0b003fe7', 'system': None}, Network: None, Subnet: None, Router: None
2025-04-14 12:01:38.393 70275 INFO tempest.lib.common.rest_client [req-f493e463-71a5-4ac4-bd85-f1ffab6866e6 req-f493e463-71a5-4ac4-bd85-f1ffab6866e6 ] Request (AttachVolumeNegativeTest:test_attach_attached_volume_to_different_server): 200 GET http://10.180.1.21/compute/v2.1/servers/2bd2babb-0fd6-4ad1-8074-946dc59d64c6 2.217s
2025-04-14 12:01:38.409 70275 INFO tempest.common.waiters [-] State transition "BUILD/None" ==> "BUILD/spawning" after 15 second wait
2025-04-14 12:01:38.416 70259 INFO tempest.lib.common.rest_client [req-d1d4bc94-b258-4b72-88f8-da14ccdfd38c req-d1d4bc94-b258-4b72-88f8-da14ccdfd38c ] Request (ServerDiagnosticsTest:test_get_server_diagnostics): 200 GET http://10.180.1.21/compute/v2.1/servers/54824947-735f-447a-b5a6-e37b8a884b81 2.210s
2025-04-14 12:01:38.423 70285 INFO tempest.lib.common.rest_client [req-82eacfe3-b096-4311-bbf3-2e1f73b7fb2e req-82eacfe3-b096-4311-bbf3-2e1f73b7fb2e ] Request (FlavorsAccessNegativeTestJSON:test_flavor_non_admin_remove): 200 POST http://10.180.1.21/compute/v2.1/flavors 2.172s
2025-04-14 12:01:38.428 70259 INFO tempest.common.waiters [-] State transition "BUILD/spawning" ==> "ACTIVE/None" after 23 second wait
2025-04-14 12:01:38.434 70255 INFO tempest.lib.common.rest_client [req-14024715-0fb8-4e1b-839a-a74efb48fc70 req-14024715-0fb8-4e1b-839a-a74efb48fc70 ] Request (NetworksTest:setUpClass): 201 POST http://10.180.1.21/identity/v3/auth/tokens 0.125s
2025-04-14 12:01:38.461 70245 INFO tempest.lib.common.rest_client [req-4cf791df-3814-43ad-aae1-804b7f9a5573 req-4cf791df-3814-43ad-aae1-804b7f9a5573 ] Request (FlavorsAdminTestJSON:_run_cleanups): 200 GET http://10.180.1.21/compute/v2.1/flavors/detail 2.197s
2025-04-14 12:01:38.468 70273 INFO tempest.lib.common.rest_client [req-2147fcef-2816-4207-b246-2f87a50fb9f3 req-2147fcef-2816-4207-b246-2f87a50fb9f3 ] Request (FlavorsV261TestJSON:_run_cleanups): 200 GET http://10.180.1.21/compute/v2.1/flavors/detail 2.184s
2025-04-14 12:01:38.511 70229 INFO tempest.lib.common.rest_client [req-33fa906c-71db-4dfe-9656-11ad7c9ba3e9 req-33fa906c-71db-4dfe-9656-11ad7c9ba3e9 ] Request (ImagesOneServerTestJSON:test_create_delete_image): 200 GET http://10.180.1.21/compute/v2.1/images/2cdb718e-0c38-458e-9073-3126facbf98f 1.677s
2025-04-14 12:01:38.524 70265 INFO tempest.lib.common.rest_client [req-0d83813a-a0d8-4634-a474-982bb447f305 req-0d83813a-a0d8-4634-a474-982bb447f305 ] Request (QuotaClassesAdminTestJSON:test_update_default_quotas): 200 GET http://10.180.1.21/compute/v2.1/os-quota-class-sets/default 1.493s
2025-04-14 12:01:38.541 70253 INFO tempest.lib.common.rest_client [req-35647570-149d-4af7-838e-322258eb75e3 req-35647570-149d-4af7-838e-322258eb75e3 ] Request (ImagesDeleteNegativeTestJSON:test_delete_image_with_invalid_image_id): 404 DELETE http://10.180.1.21/compute/v2.1/images/tempest-invalid-602936288 1.498s
2025-04-14 12:01:38.584 70273 INFO tempest.lib.common.rest_client [req-92676a02-c0ce-4ec4-b449-396a6ce880b1 req-92676a02-c0ce-4ec4-b449-396a6ce880b1 ] Request (FlavorsV261TestJSON:tearDownClass): 204 DELETE http://10.180.1.21/identity/v3/users/e9336fd1823846c1af2e600e636c4f8c 0.107s
2025-04-14 12:01:38.586 70267 INFO tempest.lib.common.rest_client [req-2c11f16b-668b-42ff-bb62-3a79daf34ce1 req-2c11f16b-668b-42ff-bb62-3a79daf34ce1 ] Request (AttachInterfacesTestJSON:test_create_list_show_delete_interfaces_by_fixed_ip): 200 GET http://10.180.1.21/compute/v2.1/servers/a58a5b47-54a0-493a-9048-913a4f16c306 2.247s
2025-04-14 12:01:38.597 70267 INFO tempest.common.waiters [-] State transition "BUILD/scheduling" ==> "BUILD/None" after 3 second wait
2025-04-14 12:01:38.684 70273 INFO tempest.lib.common.rest_client [req-341d67eb-1ae8-4f00-a5dd-0277e3c3bb95 req-341d67eb-1ae8-4f00-a5dd-0277e3c3bb95 ] Request (FlavorsV261TestJSON:tearDownClass): 204 DELETE http://10.180.1.21/identity/v3/users/837c0c7ec5cf4ffe9f23920a7359fd85 0.099s
2025-04-14 12:01:38.684 70273 INFO tempest.lib.common.dynamic_creds [-] Deleting project and security group for project: 38dace82bee34ea2a44d187ea86a7040
2025-04-14 12:01:38.710 70271 INFO tempest.lib.common.rest_client [req-dacae7ba-5cc4-4cf5-b07f-91aae5d772df req-dacae7ba-5cc4-4cf5-b07f-91aae5d772df ] Request (HostsAdminNegativeTestJSON:tearDownClass): 200 GET http://10.180.1.21:9696/networking/v2.0/security-groups?tenant_id=db6590b3082744c4b1c315d65f2dc2f9&name=default 0.532s
2025-04-14 12:01:38.757 70273 INFO tempest.lib.common.rest_client [req-1a61346e-c902-4d85-978b-28fb5e0a33c1 req-1a61346e-c902-4d85-978b-28fb5e0a33c1 ] Request (FlavorsV261TestJSON:tearDownClass): 201 POST http://10.180.1.21/identity/v3/auth/tokens 0.073s
2025-04-14 12:01:38.838 70263 INFO tempest.lib.common.rest_client [req-6ce705f6-4110-45f5-9127-4f48231a8fdc req-6ce705f6-4110-45f5-9127-4f48231a8fdc ] Request (ServerActionsTestOtherB:setUpClass): 201 POST http://10.180.1.21:9696/networking/v2.0/routers 2.951s
2025-04-14 12:01:39.023 70279 INFO tempest.lib.common.rest_client [req-f7c5639a-1901-4748-9195-04f79e0dcc21 req-f7c5639a-1901-4748-9195-04f79e0dcc21 ] Request (VolumesAdminNegativeTest:test_update_attached_volume_with_nonexistent_volume_in_body): 201 POST http://10.180.1.21:9696/networking/v2.0/floatingips 1.809s
2025-04-14 12:01:39.114 70227 INFO tempest.lib.common.rest_client [req-87126446-260d-4d02-844f-12841810c5da req-87126446-260d-4d02-844f-12841810c5da ] Request (DeleteServersAdminTestJSON:test_admin_delete_servers_of_others): 200 GET http://10.180.1.21/compute/v2.1/servers/ca7f31df-30ef-4b66-ab8e-63c1a12cb598 1.981s
2025-04-14 12:01:39.141 70279 INFO tempest.lib.common.rest_client [req-790416ff-55e9-432e-887e-18d15f3f6a38 req-790416ff-55e9-432e-887e-18d15f3f6a38 ] Request (VolumesAdminNegativeTest:test_update_attached_volume_with_nonexistent_volume_in_body): 201 POST http://10.180.1.21/identity/v3/auth/tokens 0.113s
2025-04-14 12:01:39.141 70279 INFO tempest.lib.common.fixed_network [-] (VolumesAdminNegativeTest:test_update_attached_volume_with_nonexistent_volume_in_body) Found network {'id': 'c03218e7-8b2b-45ae-9934-3ffa727741d5', 'name': 'tempest-VolumesAdminNegativeTest-1391426756-network', 'tenant_id': '82ac4ccba471486ab142c66c94341f87', 'admin_state_up': True, 'mtu': 8950, 'status': 'ACTIVE', 'subnets': [], 'shared': False, 'project_id': '82ac4ccba471486ab142c66c94341f87', 'port_security_enabled': True, 'router:external': False, 'provider:network_type': 'vlan', 'provider:physical_network': 'default', 'provider:segmentation_id': 733, 'availability_zone_hints': [], 'availability_zones': [], 'ipv4_address_scope': None, 'ipv6_address_scope': None, 'description': '', 'tags': [], 'created_at': '2025-04-14T12:01:23Z', 'updated_at': '2025-04-14T12:01:23Z', 'revision_number': 1} available for tenant
2025-04-14 12:01:39.176 70225 INFO tempest.lib.common.rest_client [req-e6fb151f-3e52-42c6-b818-4237645c3aa2 req-e6fb151f-3e52-42c6-b818-4237645c3aa2 ] Request (ImagesOneServerNegativeTestJSON:setUpClass): 200 GET http://10.180.1.21/compute/v2.1/servers/bb35d375-ac50-4e4a-831d-adeb6145f3fd 2.122s
2025-04-14 12:01:39.274 70271 INFO tempest.lib.common.rest_client [req-c7785755-2e16-4641-8e34-b9e9cf6a1533 req-c7785755-2e16-4641-8e34-b9e9cf6a1533 ] Request (HostsAdminNegativeTestJSON:tearDownClass): 204 DELETE http://10.180.1.21:9696/networking/v2.0/security-groups/b4841679-2173-4184-b0b3-fe397e85f8c6 0.563s
2025-04-14 12:01:39.285 70241 INFO tempest.lib.common.rest_client [req-a3d5ae51-d474-412c-97b0-fc0b6575b8fd req-a3d5ae51-d474-412c-97b0-fc0b6575b8fd ] Request (ServerDiagnosticsV248Test:test_get_server_diagnostics): 200 GET http://10.180.1.21/compute/v2.1/servers/33b817ff-96bf-4d5f-880c-d88b458e260b 2.061s
2025-04-14 12:01:39.293 70249 INFO tempest.lib.common.rest_client [req-d7bf8daf-5150-422c-8585-b1339f7e2b68 req-d7bf8daf-5150-422c-8585-b1339f7e2b68 ] Request (AZV2TestJSON:test_get_availability_zone_list_with_non_admin_user): 200 GET http://10.180.1.21/compute/v2.1/os-availability-zone 2.140s
2025-04-14 12:01:39.367 70271 INFO tempest.lib.common.rest_client [req-2415af83-19c4-4615-a926-278ca31b2145 req-2415af83-19c4-4615-a926-278ca31b2145 ] Request (HostsAdminNegativeTestJSON:tearDownClass): 204 DELETE http://10.180.1.21/identity/v3/projects/db6590b3082744c4b1c315d65f2dc2f9 0.093s
2025-04-14 12:01:39.367 70271 INFO tempest.lib.common.dynamic_creds [-] Deleting project and security group for project: 37a37002465f45558a3ab112e7172c1f
2025-04-14 12:01:39.392 70249 INFO tempest.lib.common.rest_client [req-70f3273d-ece1-4c69-b94f-368c97f47d55 req-70f3273d-ece1-4c69-b94f-368c97f47d55 ] Request (AZV2TestJSON:tearDownClass): 204 DELETE http://10.180.1.21/identity/v3/users/ee42aafe24904ec795c02fd22e6ae799 0.095s
2025-04-14 12:01:39.392 70249 INFO tempest.lib.common.dynamic_creds [-] Deleting project and security group for project: 425d241863a142d790f6034038228c33
2025-04-14 12:01:39.433 70237 INFO tempest.lib.common.rest_client [req-d0844e71-f50a-4d91-b971-ad1fdbe53a18 req-d0844e71-f50a-4d91-b971-ad1fdbe53a18 ] Request (ServerActionsV293TestJSON:setUpClass): 200 GET http://10.180.1.21/compute/v2.1/servers/ccf16ee0-ca7b-4b41-b19d-e18c75493e5b 1.715s
2025-04-14 12:01:39.475 70249 INFO tempest.lib.common.rest_client [req-7fc005c5-1cfa-49cb-9fdc-642ae1289e57 req-7fc005c5-1cfa-49cb-9fdc-642ae1289e57 ] Request (AZV2TestJSON:tearDownClass): 201 POST http://10.180.1.21/identity/v3/auth/tokens 0.082s
2025-04-14 12:01:39.481 70273 INFO tempest.lib.common.rest_client [req-ac7d2680-6729-4841-859c-1708e417d7fc req-ac7d2680-6729-4841-859c-1708e417d7fc ] Request (FlavorsV261TestJSON:tearDownClass): 200 GET http://10.180.1.21:9696/networking/v2.0/security-groups?tenant_id=38dace82bee34ea2a44d187ea86a7040&name=default 0.724s
2025-04-14 12:01:39.684 70251 INFO tempest.lib.common.rest_client [req-929506a4-b2c8-496b-b11c-e268d6279056 req-929506a4-b2c8-496b-b11c-e268d6279056 ] Request (ServersV294TestFqdnHostnames:setUpClass): 200 GET http://10.180.1.21/compute/v2.1/servers/ef425dc4-a495-4bea-a09a-758416c3db5c 2.169s
2025-04-14 12:01:39.703 70251 INFO tempest.api.compute.base [-] Attempting to verify tagged devices in server ef425dc4-a495-4bea-a09a-758416c3db5c via the metadata service: http://169.254.169.254/openstack/latest/meta_data.json
2025-04-14 12:01:39.703 70251 INFO tempest.lib.common.ssh [-] Creating ssh connection to '10.180.180.211:22' as 'cirros' with public key authentication
2025-04-14 12:01:39.708 70269 INFO tempest.lib.common.rest_client [req-f570655a-fc8b-47f1-8534-5b04867c3a47 req-f570655a-fc8b-47f1-8534-5b04867c3a47 ] Request (MigrationsAdminTest:test_list_migrations_in_flavor_resize_situation): 200 GET http://10.180.1.21/compute/v2.1/servers/0e60bda5-6b99-4a55-9aec-3cf4ed415d3e 1.918s
2025-04-14 12:01:39.717 70223 INFO tempest.lib.common.rest_client [req-01a0d5b9-c367-4cb6-a43d-abb9f008f6c9 req-01a0d5b9-c367-4cb6-a43d-abb9f008f6c9 ] Request (AggregatesAdminNegativeTestJSON:test_aggregate_create_with_existent_aggregate_name): 200 POST http://10.180.1.21/compute/v2.1/os-aggregates 1.846s
2025-04-14 12:01:39.719 70239 INFO tempest.lib.common.rest_client [req-286e33b5-6368-40d3-9bfa-0850ab79b6b7 req-286e33b5-6368-40d3-9bfa-0850ab79b6b7 ] Request (TenantUsagesNegativeTestJSON:test_get_usage_tenant_with_invalid_date): 400 GET http://10.180.1.21/compute/v2.1/os-simple-tenant-usage/1a6a8cd929284d4d813cf13a7aa0ab92?start=2025-04-15T12%3A01%3A35.549008&end=2025-04-13T12%3A01%3A35.549008 1.810s
2025-04-14 12:01:39.794 70273 INFO tempest.lib.common.rest_client [req-9642f84a-ffcc-4dfa-9529-a5c07971e66a req-9642f84a-ffcc-4dfa-9529-a5c07971e66a ] Request (FlavorsV261TestJSON:tearDownClass): 204 DELETE http://10.180.1.21:9696/networking/v2.0/security-groups/92e0f5fc-9c07-4077-8a14-1674ac43ed90 0.311s
2025-04-14 12:01:39.822 70271 INFO tempest.lib.common.rest_client [req-a77b8bd1-1e09-4341-b603-8084139da6ff req-a77b8bd1-1e09-4341-b603-8084139da6ff ] Request (HostsAdminNegativeTestJSON:tearDownClass): 200 GET http://10.180.1.21:9696/networking/v2.0/security-groups?tenant_id=37a37002465f45558a3ab112e7172c1f&name=default 0.454s
2025-04-14 12:01:39.841 70277 INFO tempest.lib.common.rest_client [req-7c179d2f-8028-4730-9572-1ca582a6b19f req-7c179d2f-8028-4730-9572-1ca582a6b19f ] Request (AttachInterfacesUnderV243Test:test_add_remove_fixed_ip): 200 PUT http://10.180.1.21:9696/networking/v2.0/floatingips/21bde7d1-f84c-438c-a195-a4d8fae98303 1.996s
2025-04-14 12:01:39.881 70273 INFO tempest.lib.common.rest_client [req-f5c7a245-2f2a-431e-a96e-aa81cf8878f6 req-f5c7a245-2f2a-431e-a96e-aa81cf8878f6 ] Request (FlavorsV261TestJSON:tearDownClass): 204 DELETE http://10.180.1.21/identity/v3/projects/38dace82bee34ea2a44d187ea86a7040 0.087s
2025-04-14 12:01:39.881 70273 INFO tempest.lib.common.dynamic_creds [-] Deleting project and security group for project: 62398e824b2e41ef8fda29c09f93b383
2025-04-14 12:01:39.909 70249 INFO tempest.lib.common.rest_client [req-0cc3c85a-42a0-49ed-865d-0da266244cad req-0cc3c85a-42a0-49ed-865d-0da266244cad ] Request (AZV2TestJSON:tearDownClass): 200 GET http://10.180.1.21:9696/networking/v2.0/security-groups?tenant_id=425d241863a142d790f6034038228c33&name=default 0.433s
2025-04-14 12:01:39.979 70261 INFO tempest.lib.common.rest_client [req-0c9c3516-4be9-4923-a70b-3d78aa7c7c0e req-0c9c3516-4be9-4923-a70b-3d78aa7c7c0e ] Request (ServersAdminNegativeTestJSON:setUpClass): 200 GET http://10.180.1.21/compute/v2.1/servers/b8ef718c-0837-4139-9dcd-e9716dfbbddb 1.698s
2025-04-14 12:01:40.019 70271 INFO tempest.lib.common.rest_client [req-32d4023f-4490-4ccb-8a02-a448b6278e70 req-32d4023f-4490-4ccb-8a02-a448b6278e70 ] Request (HostsAdminNegativeTestJSON:tearDownClass): 204 DELETE http://10.180.1.21:9696/networking/v2.0/security-groups/539d0e57-cc34-41f2-9fbf-e053b5a51b98 0.197s
2025-04-14 12:01:40.080 70243 INFO tempest.lib.common.rest_client [req-9d23c847-7cfc-485c-ab93-e83ae4f38421 req-9d23c847-7cfc-485c-ab93-e83ae4f38421 ] Request (ImagesTestJSON:test_create_image_from_stopped_server): 200 GET http://10.180.1.21/compute/v2.1/servers/9d501907-48a9-4300-8740-57b3da041af4 1.700s
2025-04-14 12:01:40.161 70271 INFO tempest.lib.common.rest_client [req-4a10e18c-d77c-4ac4-8601-e4662c660bfc req-4a10e18c-d77c-4ac4-8601-e4662c660bfc ] Request (HostsAdminNegativeTestJSON:tearDownClass): 204 DELETE http://10.180.1.21/identity/v3/projects/37a37002465f45558a3ab112e7172c1f 0.142s
2025-04-14 12:01:40.162 70271 INFO tempest.test [-] raised in ServerBootFromVolumeStableRescueTest.setUpClass. Invoking tearDownClass.
2025-04-14 12:01:40.224 70271 INFO tempest.lib.common.rest_client [req-7b0cd12b-55d6-497b-9773-4d9c67913d76 req-7b0cd12b-55d6-497b-9773-4d9c67913d76 ] Request (ServersTestJSON:setUpClass): 201 POST http://10.180.1.21/identity/v3/auth/tokens 0.059s
2025-04-14 12:01:40.232 70249 INFO tempest.lib.common.rest_client [req-ba107873-f271-49e2-a418-ed5f5b06369a req-ba107873-f271-49e2-a418-ed5f5b06369a ] Request (AZV2TestJSON:tearDownClass): 204 DELETE http://10.180.1.21:9696/networking/v2.0/security-groups/5bdebdb7-86cb-4c17-be69-819b2befee64 0.322s
2025-04-14 12:01:40.252 70273 INFO tempest.lib.common.rest_client [req-e8fe29e9-82c8-4aaf-bd1d-83710f9f9102 req-e8fe29e9-82c8-4aaf-bd1d-83710f9f9102 ] Request (FlavorsV261TestJSON:tearDownClass): 200 GET http://10.180.1.21:9696/networking/v2.0/security-groups?tenant_id=62398e824b2e41ef8fda29c09f93b383&name=default 0.370s
2025-04-14 12:01:40.258 70271 INFO tempest.lib.common.rest_client [req-c0cce631-f438-4c90-92d3-86aaf6c62c16 req-c0cce631-f438-4c90-92d3-86aaf6c62c16 ] Request (ServersTestJSON:setUpClass): 201 POST http://10.180.1.21/identity/v3/auth/tokens 0.030s
2025-04-14 12:01:40.282 70271 INFO tempest.lib.common.rest_client [req-70488d74-3ecf-43f2-a4e8-ca76d931928c req-70488d74-3ecf-43f2-a4e8-ca76d931928c ] Request (ServersTestJSON:setUpClass): 200 GET http://10.180.1.21/identity/v3/domains?name=Default 0.023s
2025-04-14 12:01:40.319 70249 INFO tempest.lib.common.rest_client [req-bda29690-d062-42f1-9b71-781e2c6f3c53 req-bda29690-d062-42f1-9b71-781e2c6f3c53 ] Request (AZV2TestJSON:tearDownClass): 204 DELETE http://10.180.1.21/identity/v3/projects/425d241863a142d790f6034038228c33 0.086s
2025-04-14 12:01:40.347 70271 INFO tempest.lib.common.rest_client [req-8a8b1569-0fee-4d60-afa1-8d48172d626e req-8a8b1569-0fee-4d60-afa1-8d48172d626e ] Request (ServersTestJSON:setUpClass): 201 POST http://10.180.1.21/identity/v3/projects 0.064s
2025-04-14 12:01:40.386 70249 INFO tempest.lib.common.rest_client [req-abd74aee-ba90-4a48-9b26-6c6a71714609 req-abd74aee-ba90-4a48-9b26-6c6a71714609 ] Request (ServersTestBootFromVolume:setUpClass): 201 POST http://10.180.1.21/identity/v3/auth/tokens 0.065s
2025-04-14 12:01:40.412 70271 INFO tempest.lib.common.rest_client [req-9d577471-366e-4e30-8bb3-d76a7b74ec6d req-9d577471-366e-4e30-8bb3-d76a7b74ec6d ] Request (ServersTestJSON:setUpClass): 201 POST http://10.180.1.21/identity/v3/users 0.065s
2025-04-14 12:01:40.433 70249 INFO tempest.lib.common.rest_client [req-45ac897c-f4f2-4cb7-90a3-6b907432e2e5 req-45ac897c-f4f2-4cb7-90a3-6b907432e2e5 ] Request (ServersTestBootFromVolume:setUpClass): 201 POST http://10.180.1.21/identity/v3/auth/tokens 0.043s
2025-04-14 12:01:40.441 70271 INFO tempest.lib.common.rest_client [req-4fe56a46-d4de-4c30-a0ce-5ae1bede1d21 req-4fe56a46-d4de-4c30-a0ce-5ae1bede1d21 ] Request (ServersTestJSON:setUpClass): 200 GET http://10.180.1.21/identity/v3/roles 0.029s
2025-04-14 12:01:40.472 70271 INFO tempest.lib.common.rest_client [req-1f6b87ff-d209-4080-95c2-15605a6fa712 req-1f6b87ff-d209-4080-95c2-15605a6fa712 ] Request (ServersTestJSON:setUpClass): 204 PUT http://10.180.1.21/identity/v3/projects/a1047d56971f42cb8786ad664cd640ed/users/d532b60737ed4971ac598484d1642585/roles/f55dc9cde9b9410485b2f2d509731c66 0.030s
2025-04-14 12:01:40.472 70271 INFO tempest.lib.common.dynamic_creds [-] Dynamic test user d532b60737ed4971ac598484d1642585 is created with scope project and roles: ['member']
2025-04-14 12:01:40.473 70271 INFO tempest.lib.common.dynamic_creds [-] Acquired dynamic creds: credentials: Credentials: {'domain_id': 'default', 'domain_name': 'Default', 'username': 'tempest-ServersTestJSON-592354074-project-member', 'project_domain_id': 'default', 'project_domain_name': 'Default', 'project_id': 'a1047d56971f42cb8786ad664cd640ed', 'project_name': 'tempest-ServersTestJSON-592354074', 'tenant_id': 'a1047d56971f42cb8786ad664cd640ed', 'tenant_name': 'tempest-ServersTestJSON-592354074', 'user_domain_id': 'default', 'user_domain_name': 'Default', 'user_id': 'd532b60737ed4971ac598484d1642585', 'system': None}, Network: None, Subnet: None, Router: None
2025-04-14 12:01:40.473 70249 INFO tempest.lib.common.rest_client [req-334b6cf0-e190-46c0-b8f1-b07db960075e req-334b6cf0-e190-46c0-b8f1-b07db960075e ] Request (ServersTestBootFromVolume:setUpClass): 200 GET http://10.180.1.21/identity/v3/domains?name=Default 0.039s
2025-04-14 12:01:40.501 70273 INFO tempest.lib.common.rest_client [req-b0d067d4-db3d-40e2-819c-259e904cd49c req-b0d067d4-db3d-40e2-819c-259e904cd49c ] Request (FlavorsV261TestJSON:tearDownClass): 204 DELETE http://10.180.1.21:9696/networking/v2.0/security-groups/0dc2afed-833f-46f8-94fa-67e97c311c50 0.249s
2025-04-14 12:01:40.505 70235 INFO tempest.lib.common.rest_client [req-b0dc59cf-306a-487e-9052-e63a6290fb67 req-b0dc59cf-306a-487e-9052-e63a6290fb67 ] Request (ServersAdminTestJSON:setUpClass): 200 PUT http://10.180.1.21:9696/networking/v2.0/routers/b1362bfc-0d00-48cb-943d-4d7942d2141a/add_router_interface 3.005s
2025-04-14 12:01:40.505 70235 INFO tempest.lib.common.dynamic_creds [-] Created isolated network resources for: credentials: Credentials: {'domain_id': 'default', 'domain_name': 'Default', 'username': 'tempest-ServersAdminTestJSON-593294307-project-admin', 'project_domain_id': 'default', 'project_domain_name': 'Default', 'project_id': '73e61dd3ec664177b7d07c7e8329b59c', 'project_name': 'tempest-ServersAdminTestJSON-593294307', 'tenant_id': '73e61dd3ec664177b7d07c7e8329b59c', 'tenant_name': 'tempest-ServersAdminTestJSON-593294307', 'user_domain_id': 'default', 'user_domain_name': 'Default', 'user_id': 'b7ceeae404e145efb86b47db5fde3e14', 'system': None}, Network: {'id': 'cb59def6-3ac0-4791-ba28-3a0e200226a1', 'name': 'tempest-ServersAdminTestJSON-200478042-network', 'tenant_id': '73e61dd3ec664177b7d07c7e8329b59c', 'admin_state_up': True, 'mtu': 8950, 'status': 'ACTIVE', 'subnets': [], 'shared': False, 'project_id': '73e61dd3ec664177b7d07c7e8329b59c', 'port_security_enabled': True, 'router:external': False, 'provider:network_type': 'vlan', 'provider:physical_network': 'default', 'provider:segmentation_id': 793, 'availability_zone_hints': [], 'availability_zones': [], 'ipv4_address_scope': None, 'ipv6_address_scope': None, 'description': '', 'tags': [], 'created_at': '2025-04-14T12:01:33Z', 'updated_at': '2025-04-14T12:01:33Z', 'revision_number': 1}, Subnet: {'id': 'b50ef7e2-ef4b-483f-969e-f203820eb1ee', 'name': 'tempest-ServersAdminTestJSON-200478042-subnet', 'tenant_id': '73e61dd3ec664177b7d07c7e8329b59c', 'network_id': 'cb59def6-3ac0-4791-ba28-3a0e200226a1', 'ip_version': 4, 'subnetpool_id': None, 'enable_dhcp': True, 'ipv6_ra_mode': None, 'ipv6_address_mode': None, 'gateway_ip': '192.168.128.1', 'cidr': '192.168.128.0/28', 'allocation_pools': [{'start': '192.168.128.2', 'end': '192.168.128.14'}], 'host_routes': [], 'dns_nameservers': [], 'description': '', 'router:external': False, 'service_types': [], 'tags': [], 'created_at': '2025-04-14T12:01:34Z', 'updated_at': '2025-04-14T12:01:34Z', 'revision_number': 0, 'project_id': '73e61dd3ec664177b7d07c7e8329b59c'}, Router: {'id': 'b1362bfc-0d00-48cb-943d-4d7942d2141a', 'name': 'tempest-ServersAdminTestJSON-200478042-router', 'tenant_id': '73e61dd3ec664177b7d07c7e8329b59c', 'admin_state_up': True, 'status': 'ACTIVE', 'external_gateway_info': {'network_id': 'd9c959bc-7797-430b-bbbc-7d2bf417142c', 'external_fixed_ips': [{'subnet_id': '3ec12df7-876f-4588-ad12-24090a415e2d', 'ip_address': '10.180.180.204'}], 'enable_snat': True}, 'description': '', 'availability_zones': [], 'distributed': False, 'ha': False, 'availability_zone_hints': [], 'routes': [], 'flavor_id': None, 'tags': [], 'created_at': '2025-04-14T12:01:34Z', 'updated_at': '2025-04-14T12:01:36Z', 'revision_number': 2, 'project_id': '73e61dd3ec664177b7d07c7e8329b59c'}
2025-04-14 12:01:40.532 70271 INFO tempest.lib.common.rest_client [req-220abdf7-57c3-437f-8fcb-f1c16987bd7b req-220abdf7-57c3-437f-8fcb-f1c16987bd7b ] Request (ServersTestJSON:setUpClass): 201 POST http://10.180.1.21/identity/v3/auth/tokens 0.059s
2025-04-14 12:01:40.534 70283 INFO tempest.lib.common.rest_client [req-f288773e-e5ff-4478-9168-89fe21cc7d49 req-f288773e-e5ff-4478-9168-89fe21cc7d49 ] Request (FloatingIPsAssociationNegativeTestJSON:setUpClass): 202 POST http://10.180.1.21/compute/v2.1/servers 2.385s
2025-04-14 12:01:40.542 70249 INFO tempest.lib.common.rest_client [req-90ae8bd0-9b9c-4182-8beb-2a19f4fadfaa req-90ae8bd0-9b9c-4182-8beb-2a19f4fadfaa ] Request (ServersTestBootFromVolume:setUpClass): 201 POST http://10.180.1.21/identity/v3/projects 0.068s
2025-04-14 12:01:40.633 70273 INFO tempest.lib.common.rest_client [req-3e336464-dac3-4ed8-a0a6-3774ab9584de req-3e336464-dac3-4ed8-a0a6-3774ab9584de ] Request (FlavorsV261TestJSON:tearDownClass): 204 DELETE http://10.180.1.21/identity/v3/projects/62398e824b2e41ef8fda29c09f93b383 0.131s
2025-04-14 12:01:40.643 70235 INFO tempest.lib.common.rest_client [req-cbfc332d-5f7b-4ffe-adff-684f8d8841b3 req-cbfc332d-5f7b-4ffe-adff-684f8d8841b3 ] Request (ServersAdminTestJSON:setUpClass): 201 POST http://10.180.1.21/identity/v3/auth/tokens 0.134s
2025-04-14 12:01:40.714 70249 INFO tempest.lib.common.rest_client [req-a910242b-555b-4f86-ba12-34bd2cad52ba req-a910242b-555b-4f86-ba12-34bd2cad52ba ] Request (ServersTestBootFromVolume:setUpClass): 201 POST http://10.180.1.21/identity/v3/users 0.171s
2025-04-14 12:01:40.746 70273 INFO tempest.lib.common.rest_client [req-ff9a4df0-24c8-4c55-83ac-0bbb41ee8277 req-ff9a4df0-24c8-4c55-83ac-0bbb41ee8277 ] Request (AttachInterfacesV270Test:setUpClass): 201 POST http://10.180.1.21/identity/v3/auth/tokens 0.110s
2025-04-14 12:01:40.814 70235 INFO tempest.lib.common.rest_client [req-0379517e-8b94-4aab-b260-5b28acf18db3 req-0379517e-8b94-4aab-b260-5b28acf18db3 ] Request (ServersAdminTestJSON:setUpClass): 201 POST http://10.180.1.21/identity/v3/auth/tokens 0.166s
2025-04-14 12:01:40.814 70235 INFO tempest.lib.common.fixed_network [-] (ServersAdminTestJSON:setUpClass) Found network {'id': '65fd1733-a50f-4d77-957e-2337f7dcc559', 'name': 'tempest-ServersAdminTestJSON-658372870-network', 'tenant_id': '6f1462fb97104e009e8dbe402fc06212', 'admin_state_up': True, 'mtu': 8950, 'status': 'ACTIVE', 'subnets': [], 'shared': False, 'project_id': '6f1462fb97104e009e8dbe402fc06212', 'port_security_enabled': True, 'router:external': False, 'provider:network_type': 'vlan', 'provider:physical_network': 'default', 'provider:segmentation_id': 13, 'availability_zone_hints': [], 'availability_zones': [], 'ipv4_address_scope': None, 'ipv6_address_scope': None, 'description': '', 'tags': [], 'created_at': '2025-04-14T12:01:26Z', 'updated_at': '2025-04-14T12:01:26Z', 'revision_number': 1} available for tenant
2025-04-14 12:01:40.835 70259 INFO tempest.lib.common.rest_client [req-9772d017-f2dd-4ee9-a01a-dec6460504dc req-9772d017-f2dd-4ee9-a01a-dec6460504dc ] Request (ServerDiagnosticsTest:test_get_server_diagnostics): 200 GET http://10.180.1.21/compute/v2.1/servers/54824947-735f-447a-b5a6-e37b8a884b81/diagnostics 2.407s
2025-04-14 12:01:40.846 70249 INFO tempest.lib.common.rest_client [req-e1ddedbc-c919-4c73-9a5c-adfa719e10d0 req-e1ddedbc-c919-4c73-9a5c-adfa719e10d0 ] Request (ServersTestBootFromVolume:setUpClass): 200 GET http://10.180.1.21/identity/v3/roles 0.130s
2025-04-14 12:01:40.878 70285 INFO tempest.lib.common.rest_client [req-2ffd320c-544f-476a-a2a0-abd8ce898ef3 req-2ffd320c-544f-476a-a2a0-abd8ce898ef3 ] Request (FlavorsAccessNegativeTestJSON:test_flavor_non_admin_remove): 200 POST http://10.180.1.21/compute/v2.1/flavors/442461739/action 2.452s
2025-04-14 12:01:40.882 70273 INFO tempest.lib.common.rest_client [req-0be1a289-11a9-4775-ab84-fc140937472d req-0be1a289-11a9-4775-ab84-fc140937472d ] Request (AttachInterfacesV270Test:setUpClass): 201 POST http://10.180.1.21/identity/v3/auth/tokens 0.133s
2025-04-14 12:01:40.909 70245 INFO tempest.lib.common.rest_client [req-b0c60136-a69f-4769-8297-b8f7dfeee477 req-b0c60136-a69f-4769-8297-b8f7dfeee477 ] Request (FlavorsAdminTestJSON:test_create_list_flavor_without_extra_data): 200 POST http://10.180.1.21/compute/v2.1/flavors 2.437s
2025-04-14 12:01:40.925 70249 INFO tempest.lib.common.rest_client [req-b9bd77cc-f7ce-4f51-900d-85e93f47cf59 req-b9bd77cc-f7ce-4f51-900d-85e93f47cf59 ] Request (ServersTestBootFromVolume:setUpClass): 204 PUT http://10.180.1.21/identity/v3/projects/53ddd8794373497490c340c31f1b8f58/users/1f16f36731634ca0b5d9631869678f35/roles/f55dc9cde9b9410485b2f2d509731c66 0.078s
2025-04-14 12:01:40.925 70249 INFO tempest.lib.common.dynamic_creds [-] Dynamic test user 1f16f36731634ca0b5d9631869678f35 is created with scope project and roles: ['member']
2025-04-14 12:01:40.926 70249 INFO tempest.lib.common.dynamic_creds [-] Acquired dynamic creds: credentials: Credentials: {'domain_id': 'default', 'domain_name': 'Default', 'username': 'tempest-ServersTestBootFromVolume-766826014-project-member', 'project_domain_id': 'default', 'project_domain_name': 'Default', 'project_id': '53ddd8794373497490c340c31f1b8f58', 'project_name': 'tempest-ServersTestBootFromVolume-766826014', 'tenant_id': '53ddd8794373497490c340c31f1b8f58', 'tenant_name': 'tempest-ServersTestBootFromVolume-766826014', 'user_domain_id': 'default', 'user_domain_name': 'Default', 'user_id': '1f16f36731634ca0b5d9631869678f35', 'system': None}, Network: None, Subnet: None, Router: None
2025-04-14 12:01:41.000 70265 INFO tempest.lib.common.rest_client [req-f4b382eb-94c0-4783-9913-3b49171a0501 req-f4b382eb-94c0-4783-9913-3b49171a0501 ] Request (QuotaClassesAdminTestJSON:_run_cleanups): 200 PUT http://10.180.1.21/compute/v2.1/os-quota-class-sets/default 2.473s
2025-04-14 12:01:41.004 70249 INFO tempest.lib.common.rest_client [req-6577fcee-3505-4a56-bc3b-783ae67b6416 req-6577fcee-3505-4a56-bc3b-783ae67b6416 ] Request (ServersTestBootFromVolume:setUpClass): 201 POST http://10.180.1.21/identity/v3/auth/tokens 0.078s
2025-04-14 12:01:41.008 70273 INFO tempest.lib.common.rest_client [req-e3350055-c0df-4098-b037-7bcbb843bb70 req-e3350055-c0df-4098-b037-7bcbb843bb70 ] Request (AttachInterfacesV270Test:setUpClass): 200 GET http://10.180.1.21/identity/v3/domains?name=Default 0.125s
2025-04-14 12:01:41.019 70253 INFO tempest.lib.common.rest_client [req-27033068-86e6-4a3a-b3bc-b9a207bb5700 req-27033068-86e6-4a3a-b3bc-b9a207bb5700 ] Request (ImagesDeleteNegativeTestJSON:test_delete_non_existent_image): 404 DELETE http://10.180.1.21/compute/v2.1/images/995fe622-59e1-4e65-a24a-1881af11edaf 2.476s
2025-04-14 12:01:41.041 70273 INFO tempest.lib.common.rest_client [req-fde8fbf0-216f-49e2-acc8-bf91c95a3e4a req-fde8fbf0-216f-49e2-acc8-bf91c95a3e4a ] Request (AttachInterfacesV270Test:setUpClass): 201 POST http://10.180.1.21/identity/v3/projects 0.032s
2025-04-14 12:01:41.109 70265 INFO tempest.lib.common.rest_client [req-a2dea3fc-2a0e-4da6-99e9-4ba668539d15 req-a2dea3fc-2a0e-4da6-99e9-4ba668539d15 ] Request (QuotaClassesAdminTestJSON:tearDownClass): 204 DELETE http://10.180.1.21/identity/v3/users/4b142ee04de14c3891567092d53c184d 0.104s
2025-04-14 12:01:41.160 70255 INFO tempest.lib.common.rest_client [req-28d60ee5-19ac-49aa-b2f4-96bf6d281104 req-28d60ee5-19ac-49aa-b2f4-96bf6d281104 ] Request (NetworksTest:test_get_network): 200 GET http://10.180.1.21/compute/v2.1/os-networks 2.725s
2025-04-14 12:01:41.198 70253 INFO tempest.lib.common.rest_client [req-e5cd5549-3bee-4e95-9b36-fdd261c5ea44 req-e5cd5549-3bee-4e95-9b36-fdd261c5ea44 ] Request (ImagesDeleteNegativeTestJSON:tearDownClass): 204 DELETE http://10.180.1.21/identity/v3/users/868c91c6d22b4af092e84e4d7b60a556 0.178s
2025-04-14 12:01:41.199 70253 INFO tempest.lib.common.dynamic_creds [-] Deleting project and security group for project: 6654267f30774981858ef61c5e8fe972
2025-04-14 12:01:41.228 70263 INFO tempest.lib.common.rest_client [req-05026faf-8ca4-4ba2-9a76-156646502e8e req-05026faf-8ca4-4ba2-9a76-156646502e8e ] Request (ServerActionsTestOtherB:setUpClass): 200 PUT http://10.180.1.21:9696/networking/v2.0/routers/0188935c-85a2-44d5-8a15-a3782ea7f48b/add_router_interface 2.390s
2025-04-14 12:01:41.229 70263 INFO tempest.lib.common.dynamic_creds [-] Created isolated network resources for: credentials: Credentials: {'domain_id': 'default', 'domain_name': 'Default', 'username': 'tempest-ServerActionsTestOtherB-2016736737-project-member', 'project_domain_id': 'default', 'project_domain_name': 'Default', 'project_id': '1bd06326e7b04559bba625e9d512d0b9', 'project_name': 'tempest-ServerActionsTestOtherB-2016736737', 'tenant_id': '1bd06326e7b04559bba625e9d512d0b9', 'tenant_name': 'tempest-ServerActionsTestOtherB-2016736737', 'user_domain_id': 'default', 'user_domain_name': 'Default', 'user_id': '618642c556b34f549774a7b9ae3bf136', 'system': None}, Network: {'id': 'd39e2972-efdd-46ba-8eec-45e2c4a3ee80', 'name': 'tempest-ServerActionsTestOtherB-2013528118-network', 'tenant_id': '1bd06326e7b04559bba625e9d512d0b9', 'admin_state_up': True, 'mtu': 8950, 'status': 'ACTIVE', 'subnets': [], 'shared': False, 'project_id': '1bd06326e7b04559bba625e9d512d0b9', 'port_security_enabled': True, 'router:external': False, 'provider:network_type': 'vlan', 'provider:physical_network': 'default', 'provider:segmentation_id': 468, 'availability_zone_hints': [], 'availability_zones': [], 'ipv4_address_scope': None, 'ipv6_address_scope': None, 'description': '', 'tags': [], 'created_at': '2025-04-14T12:01:34Z', 'updated_at': '2025-04-14T12:01:34Z', 'revision_number': 1}, Subnet: {'id': '73a540ca-8c42-4a46-91ac-33cb73ad13cd', 'name': 'tempest-ServerActionsTestOtherB-2013528118-subnet', 'tenant_id': '1bd06326e7b04559bba625e9d512d0b9', 'network_id': 'd39e2972-efdd-46ba-8eec-45e2c4a3ee80', 'ip_version': 4, 'subnetpool_id': None, 'enable_dhcp': True, 'ipv6_ra_mode': None, 'ipv6_address_mode': None, 'gateway_ip': '192.168.128.1', 'cidr': '192.168.128.0/28', 'allocation_pools': [{'start': '192.168.128.2', 'end': '192.168.128.14'}], 'host_routes': [], 'dns_nameservers': [], 'description': '', 'router:external': False, 'service_types': [], 'tags': [], 'created_at': '2025-04-14T12:01:34Z', 'updated_at': '2025-04-14T12:01:34Z', 'revision_number': 0, 'project_id': '1bd06326e7b04559bba625e9d512d0b9'}, Router: {'id': '0188935c-85a2-44d5-8a15-a3782ea7f48b', 'name': 'tempest-ServerActionsTestOtherB-2013528118-router', 'tenant_id': '1bd06326e7b04559bba625e9d512d0b9', 'admin_state_up': True, 'status': 'ACTIVE', 'external_gateway_info': {'network_id': 'd9c959bc-7797-430b-bbbc-7d2bf417142c', 'external_fixed_ips': [{'subnet_id': '3ec12df7-876f-4588-ad12-24090a415e2d', 'ip_address': '10.180.180.165'}], 'enable_snat': True}, 'description': '', 'availability_zones': [], 'distributed': False, 'ha': False, 'availability_zone_hints': [], 'routes': [], 'flavor_id': None, 'tags': [], 'created_at': '2025-04-14T12:01:35Z', 'updated_at': '2025-04-14T12:01:37Z', 'revision_number': 2, 'project_id': '1bd06326e7b04559bba625e9d512d0b9'}
2025-04-14 12:01:41.244 70273 INFO tempest.lib.common.rest_client [req-9aa54754-a849-49a3-b547-606160a4a600 req-9aa54754-a849-49a3-b547-606160a4a600 ] Request (AttachInterfacesV270Test:setUpClass): 201 POST http://10.180.1.21/identity/v3/users 0.202s
2025-04-14 12:01:41.266 70233 INFO tempest.lib.common.rest_client [req-fede3476-86e3-4ca1-839b-955ec9e0e017 req-fede3476-86e3-4ca1-839b-955ec9e0e017 ] Request (VolumesAssistedSnapshotsTest:test_volume_assisted_snapshot_create_delete): 200 GET http://10.180.1.21/compute/v2.1/servers/fcd888a3-4bc1-48a7-b2bb-d24bbe5f5973 2.540s
2025-04-14 12:01:41.270 70257 INFO tempest.lib.common.rest_client [req-ac753fc0-a87b-4c26-a343-c7472f998a24 req-ac753fc0-a87b-4c26-a343-c7472f998a24 ] Request (QuotasAdminTestV236:test_get_updated_quotas): 200 GET http://10.180.1.21/identity/v3/domains?name=Default 0.199s
2025-04-14 12:01:41.323 70281 INFO tempest.lib.common.rest_client [req-595dea86-efc3-41af-8772-c8eabb92bd3e req-595dea86-efc3-41af-8772-c8eabb92bd3e ] Request (TenantUsagesTestJSON:setUpClass): 200 GET http://10.180.1.21/compute/v2.1/servers/ef12b312-668e-4e77-becd-a3a717f37306 2.711s
2025-04-14 12:01:41.341 70253 INFO tempest.lib.common.rest_client [req-f4727cf6-a3cf-4489-a46f-6ba77d2f3a3d req-f4727cf6-a3cf-4489-a46f-6ba77d2f3a3d ] Request (ImagesDeleteNegativeTestJSON:tearDownClass): 201 POST http://10.180.1.21/identity/v3/auth/tokens 0.142s
2025-04-14 12:01:41.358 70271 INFO tempest.lib.common.rest_client [req-1a06d389-09be-45c3-be20-4e770bbe36b2 req-1a06d389-09be-45c3-be20-4e770bbe36b2 ] Request (ServersTestJSON:setUpClass): 201 POST http://10.180.1.21:9696/networking/v2.0/networks 0.825s
2025-04-14 12:01:41.365 70231 INFO tempest.lib.common.rest_client [req-60f8f87c-7e4f-4c58-83b9-15c996d6a1e2 req-60f8f87c-7e4f-4c58-83b9-15c996d6a1e2 ] Request (ServersWithSpecificFlavorTestJSON:test_verify_created_server_ephemeral_disk): 200 GET http://10.180.1.21/compute/v2.1/servers/784b71d1-94a8-4fe1-9213-90eaf03fc0ad 2.287s
2025-04-14 12:01:41.429 70265 INFO tempest.lib.common.rest_client [req-e75b19a0-4371-4510-9a8d-efc3c48d0d2c req-e75b19a0-4371-4510-9a8d-efc3c48d0d2c ] Request (QuotaClassesAdminTestJSON:tearDownClass): 204 DELETE http://10.180.1.21/identity/v3/users/f74a6e3192494a039b6e4d296593faa8 0.320s
2025-04-14 12:01:41.430 70265 INFO tempest.lib.common.dynamic_creds [-] Deleting project and security group for project: f58ca846bb5d42cf9df08f2681176d39
2025-04-14 12:01:41.450 70263 INFO tempest.lib.common.rest_client [req-1adfa824-036e-4865-b51e-fef8e58c1569 req-1adfa824-036e-4865-b51e-fef8e58c1569 ] Request (ServerActionsTestOtherB:setUpClass): 201 POST http://10.180.1.21/identity/v3/auth/tokens 0.216s
2025-04-14 12:01:41.495 70273 INFO tempest.lib.common.rest_client [req-d078cc30-f956-435b-abb7-25c9eb33f4f4 req-d078cc30-f956-435b-abb7-25c9eb33f4f4 ] Request (AttachInterfacesV270Test:setUpClass): 200 GET http://10.180.1.21/identity/v3/roles 0.250s
2025-04-14 12:01:41.582 70257 INFO tempest.lib.common.rest_client [req-c002fc88-f527-4b50-b3b3-417f3eda2fa3 req-c002fc88-f527-4b50-b3b3-417f3eda2fa3 ] Request (QuotasAdminTestV236:test_get_updated_quotas): 201 POST http://10.180.1.21/identity/v3/projects 0.311s
2025-04-14 12:01:41.603 70275 INFO tempest.lib.common.rest_client [req-dea0221d-1f9c-418f-8ef9-16343b414a64 req-dea0221d-1f9c-418f-8ef9-16343b414a64 ] Request (AttachVolumeNegativeTest:test_attach_attached_volume_to_different_server): 200 GET http://10.180.1.21/compute/v2.1/servers/2bd2babb-0fd6-4ad1-8074-946dc59d64c6 2.190s
2025-04-14 12:01:41.623 70271 INFO tempest.lib.common.rest_client [req-c24b45eb-d3e8-44ab-9565-8dbdf39aaa35 req-c24b45eb-d3e8-44ab-9565-8dbdf39aaa35 ] Request (ServersTestJSON:setUpClass): 201 POST http://10.180.1.21:9696/networking/v2.0/subnets 0.264s
2025-04-14 12:01:41.646 70229 INFO tempest.lib.common.rest_client [req-8b900fc8-a00c-4af7-8547-1b9315cccab7 req-8b900fc8-a00c-4af7-8547-1b9315cccab7 ] Request (ImagesOneServerTestJSON:test_create_delete_image): 200 GET http://10.180.1.21/compute/v2.1/images/2cdb718e-0c38-458e-9073-3126facbf98f 2.130s
2025-04-14 12:01:41.648 70265 INFO tempest.lib.common.rest_client [req-b92aafe7-c986-4cea-bb1e-1c1dfbbad6ba req-b92aafe7-c986-4cea-bb1e-1c1dfbbad6ba ] Request (QuotaClassesAdminTestJSON:tearDownClass): 201 POST http://10.180.1.21/identity/v3/auth/tokens 0.218s
2025-04-14 12:01:41.659 70273 INFO tempest.lib.common.rest_client [req-9c351d10-6aa9-4f6c-acb5-46cff0df4a13 req-9c351d10-6aa9-4f6c-acb5-46cff0df4a13 ] Request (AttachInterfacesV270Test:setUpClass): 204 PUT http://10.180.1.21/identity/v3/projects/26b39afb5e6f4fc582a26aa97dd4cfde/users/a3c93c2c509c4d1f8cd0598a86c9ff2f/roles/f55dc9cde9b9410485b2f2d509731c66 0.164s
2025-04-14 12:01:41.659 70273 INFO tempest.lib.common.dynamic_creds [-] Dynamic test user a3c93c2c509c4d1f8cd0598a86c9ff2f is created with scope project and roles: ['member']
2025-04-14 12:01:41.660 70273 INFO tempest.lib.common.dynamic_creds [-] Acquired dynamic creds: credentials: Credentials: {'domain_id': 'default', 'domain_name': 'Default', 'username': 'tempest-AttachInterfacesV270Test-1492456919-project-member', 'project_domain_id': 'default', 'project_domain_name': 'Default', 'project_id': '26b39afb5e6f4fc582a26aa97dd4cfde', 'project_name': 'tempest-AttachInterfacesV270Test-1492456919', 'tenant_id': '26b39afb5e6f4fc582a26aa97dd4cfde', 'tenant_name': 'tempest-AttachInterfacesV270Test-1492456919', 'user_domain_id': 'default', 'user_domain_name': 'Default', 'user_id': 'a3c93c2c509c4d1f8cd0598a86c9ff2f', 'system': None}, Network: None, Subnet: None, Router: None
2025-04-14 12:01:41.697 70249 INFO tempest.lib.common.rest_client [req-5a935c5b-1a9b-483a-8da0-d878129e5e49 req-5a935c5b-1a9b-483a-8da0-d878129e5e49 ] Request (ServersTestBootFromVolume:setUpClass): 201 POST http://10.180.1.21:9696/networking/v2.0/networks 0.692s
2025-04-14 12:01:41.721 70267 INFO tempest.lib.common.rest_client [req-f714be92-ac37-4527-821a-09085e1d43f5 req-f714be92-ac37-4527-821a-09085e1d43f5 ] Request (AttachInterfacesTestJSON:test_create_list_show_delete_interfaces_by_fixed_ip): 200 GET http://10.180.1.21/compute/v2.1/servers/a58a5b47-54a0-493a-9048-913a4f16c306 2.123s
2025-04-14 12:01:41.741 70223 INFO tempest.lib.common.rest_client [req-5780b432-bb29-4d6d-ae54-0ca4db3941ac req-5780b432-bb29-4d6d-ae54-0ca4db3941ac ] Request (AggregatesAdminNegativeTestJSON:test_aggregate_create_with_existent_aggregate_name): 409 POST http://10.180.1.21/compute/v2.1/os-aggregates 2.021s
2025-04-14 12:01:41.753 70273 INFO tempest.lib.common.rest_client [req-2870093e-b016-4226-81df-8c6547f14966 req-2870093e-b016-4226-81df-8c6547f14966 ] Request (AttachInterfacesV270Test:setUpClass): 201 POST http://10.180.1.21/identity/v3/auth/tokens 0.093s
2025-04-14 12:01:41.775 70257 INFO tempest.lib.common.rest_client [req-bc82bd62-23cd-4aff-b3a1-2fbfa9464f43 req-bc82bd62-23cd-4aff-b3a1-2fbfa9464f43 ] Request (QuotasAdminTestV236:test_get_updated_quotas): 200 GET http://10.180.1.21/identity/v3/domains?name=Default 0.193s
