2025-04-14 12:04:09.770 70229 INFO tempest.lib.common.rest_client [req-68a29a2a-2d61-4e26-9931-08a8589debc7 req-68a29a2a-2d61-4e26-9931-08a8589debc7 ] Request (InstanceActionsTestJSON:tearDownClass): 200 GET http://10.180.1.21/compute/v2.1/servers/334e7a11-d6da-48fb-b370-8652965bca1f 0.059s
2025-04-14 12:04:09.815 70279 INFO tempest.lib.common.rest_client [req-0375e4a4-9e87-4afd-a7ce-d9318b9146d0 req-0375e4a4-9e87-4afd-a7ce-d9318b9146d0 ] Request (VolumesAdminNegativeTest:test_update_attached_volume_with_nonexistent_volume_in_uri): 200 GET http://10.180.1.21/compute/v2.1/servers/78e4f0ef-ee1b-4e97-963e-1ebcd4f53af3 0.054s
2025-04-14 12:04:09.831 70233 INFO tempest.lib.common.rest_client [req-1a098f82-1768-4c78-aea3-d4bb71d28dec req-1a098f82-1768-4c78-aea3-d4bb71d28dec ] Request (VolumesAssistedSnapshotsTest:tearDownClass): 204 DELETE http://10.180.1.21:9696/networking/v2.0/security-groups/47b1cfbb-294a-415c-a509-c7c6dff25b4c 0.086s
2025-04-14 12:04:09.897 70223 INFO tempest.lib.common.rest_client [req-46edc451-58f9-44f9-9245-ae890f08e300 req-46edc451-58f9-44f9-9245-ae890f08e300 ] Request (ServerAddressesTestJSON:tearDownClass): 200 GET http://10.180.1.21/compute/v2.1/servers/72e8496a-7660-43fb-96ea-c2838b6d6664 0.076s
2025-04-14 12:04:09.903 70271 INFO tempest.lib.common.rest_client [req-8f414836-c035-4f6a-b56b-93c9c5fcec55 req-8f414836-c035-4f6a-b56b-93c9c5fcec55 ] Request (ServersTestJSON:test_create_specify_keypair): 200 GET http://10.180.1.21/compute/v2.1/servers/1a6a4e4e-0ebd-4940-8003-19fbcd216194 0.080s
2025-04-14 12:04:09.937 70233 INFO tempest.lib.common.rest_client [req-4bc3598e-8cb9-48f7-854f-2b8db16339a2 req-4bc3598e-8cb9-48f7-854f-2b8db16339a2 ] Request (VolumesAssistedSnapshotsTest:tearDownClass): 204 DELETE http://10.180.1.21/identity/v3/projects/84f0942e0f4840deab1f68f93ccd67a3 0.106s
2025-04-14 12:04:09.938 70233 INFO tempest.lib.common.dynamic_creds [-] Deleting project and security group for project: ac4e912084ac4117a4dd5d97c7c65174
2025-04-14 12:04:09.968 70233 INFO tempest.lib.common.rest_client [req-0417315e-9052-48f9-807e-e93d0480e631 req-0417315e-9052-48f9-807e-e93d0480e631 ] Request (VolumesAssistedSnapshotsTest:tearDownClass): 200 GET http://10.180.1.21:9696/networking/v2.0/security-groups?tenant_id=ac4e912084ac4117a4dd5d97c7c65174&name=default 0.030s
2025-04-14 12:04:09.970 70249 INFO tempest.lib.common.rest_client [req-0e5507ee-6b08-4037-9f76-27464454157f req-0e5507ee-6b08-4037-9f76-27464454157f ] Request (ServersTestBootFromVolume:tearDownClass): 200 GET http://10.180.1.21/compute/v2.1/servers/bf6c6705-14ef-4200-ba89-afdcd12d9950 0.080s
2025-04-14 12:04:09.976 70281 INFO tempest.lib.common.rest_client [req-19fe7dc7-9e81-4935-b8c6-f21d63957eb8 req-19fe7dc7-9e81-4935-b8c6-f21d63957eb8 ] Request (ServersListShow298Test:tearDownClass): 200 GET http://10.180.1.21/compute/v2.1/servers/5c2d1139-db6c-4078-a9dc-7abf2359d4c5 0.077s
2025-04-14 12:04:10.023 70267 INFO tempest.lib.common.rest_client [req-4e07499f-73ad-41d3-bab5-9311b5792a1c req-4e07499f-73ad-41d3-bab5-9311b5792a1c ] Request (AttachInterfacesTestJSON:test_create_list_show_delete_interfaces_by_network_port): 200 GET http://10.180.1.21/compute/v2.1/servers/29ebea62-7792-4776-96fd-677116c75b62 0.079s
2025-04-14 12:04:10.039 70277 INFO tempest.lib.common.rest_client [req-d28a8407-8d20-40ce-8da5-3de25136e40d req-d28a8407-8d20-40ce-8da5-3de25136e40d ] Request (DeleteServersTestJSON:test_delete_active_server): 200 GET http://10.180.1.21/compute/v2.1/servers/a19f2fa3-bf33-46a7-8619-053432f894c6 0.083s
2025-04-14 12:04:10.078 70233 INFO tempest.lib.common.rest_client [req-f21bbcab-6839-49f1-8682-d28bbe5e9aca req-f21bbcab-6839-49f1-8682-d28bbe5e9aca ] Request (VolumesAssistedSnapshotsTest:tearDownClass): 204 DELETE http://10.180.1.21:9696/networking/v2.0/security-groups/531b5c25-1f97-4cd6-8991-9905b509373b 0.110s
2025-04-14 12:04:10.079 70243 INFO tempest.lib.common.rest_client [req-c8793626-fcba-4cfd-b4e4-79f888223020 req-c8793626-fcba-4cfd-b4e4-79f888223020 ] Request (ImagesTestJSON:test_create_server_from_snapshot): 200 GET http://10.180.1.21/compute/v2.1/servers/d6f582ae-6abd-4402-85c2-ff9624ed1c61 0.084s
2025-04-14 12:04:10.114 70237 INFO tempest.lib.common.rest_client [req-2040e8e1-92a0-46ca-bbe2-60e84d3076f1 req-2040e8e1-92a0-46ca-bbe2-60e84d3076f1 ] Request (ServerPasswordTestJSON:setUpClass): 200 GET http://10.180.1.21/compute/v2.1/servers/58a178b1-ebeb-4c63-96fc-9db5f823d8f1 0.056s
2025-04-14 12:04:10.121 70237 INFO tempest.common.waiters [-] State transition "BUILD/None" ==> "BUILD/networking" after 39 second wait
2025-04-14 12:04:10.168 70233 INFO tempest.lib.common.rest_client [req-fae3eed9-05be-43bc-8c7b-a856e3a7b15c req-fae3eed9-05be-43bc-8c7b-a856e3a7b15c ] Request (VolumesAssistedSnapshotsTest:tearDownClass): 204 DELETE http://10.180.1.21/identity/v3/projects/ac4e912084ac4117a4dd5d97c7c65174 0.089s
2025-04-14 12:04:10.168 70233 INFO tempest.lib.common.dynamic_creds [-] Deleting project and security group for project: d109606c6a6a45caa037011bb56f3e6e
2025-04-14 12:04:10.204 70233 INFO tempest.lib.common.rest_client [req-261354a3-effd-49ca-b402-469828102a52 req-261354a3-effd-49ca-b402-469828102a52 ] Request (VolumesAssistedSnapshotsTest:tearDownClass): 200 GET http://10.180.1.21:9696/networking/v2.0/security-groups?tenant_id=d109606c6a6a45caa037011bb56f3e6e&name=default 0.036s
2025-04-14 12:04:10.281 70259 INFO tempest.lib.common.rest_client [req-05c4de9e-464b-4e75-b350-656772adb04f req-05c4de9e-464b-4e75-b350-656772adb04f ] Request (FloatingIPsAssociationTestJSON:tearDownClass): 200 GET http://10.180.1.21/compute/v2.1/servers/5492fe6f-c1ca-4132-aa46-943a45a52da7 0.073s
2025-04-14 12:04:10.285 70269 INFO tempest.lib.common.rest_client [req-dd2487e8-e1f9-4126-a21e-a09b75136ca6 req-dd2487e8-e1f9-4126-a21e-a09b75136ca6 ] Request (MigrationsAdminTest:test_resize_server_revert_deleted_flavor): 200 GET http://10.180.1.21/compute/v2.1/servers/26adcc07-ec19-4679-80af-0c072d0b9fdc 0.154s
2025-04-14 12:04:10.337 70225 INFO tempest.lib.common.rest_client [req-2033237a-ccd2-4ded-a6b8-6dcc347c715b req-2033237a-ccd2-4ded-a6b8-6dcc347c715b ] Request (ImagesOneServerNegativeTestJSON:_run_cleanups): 200 GET http://10.180.1.21/compute/v2.1/servers/c227e17a-42bb-404a-bb97-fe58ca6698e9 0.076s
2025-04-14 12:04:10.349 70233 INFO tempest.lib.common.rest_client [req-946bc778-b773-4c0b-9dcd-9ef8b92bf733 req-946bc778-b773-4c0b-9dcd-9ef8b92bf733 ] Request (VolumesAssistedSnapshotsTest:tearDownClass): 204 DELETE http://10.180.1.21:9696/networking/v2.0/security-groups/a8a0d272-ecc4-406a-9da5-c3ce563c82d3 0.144s
2025-04-14 12:04:10.435 70233 INFO tempest.lib.common.rest_client [req-9010f7e2-e44a-41f4-b806-8d6755333e6a req-9010f7e2-e44a-41f4-b806-8d6755333e6a ] Request (VolumesAssistedSnapshotsTest:tearDownClass): 204 DELETE http://10.180.1.21/identity/v3/projects/d109606c6a6a45caa037011bb56f3e6e 0.086s
2025-04-14 12:04:10.463 70241 WARNING tempest.lib.common.ssh [-] Failed to establish authenticated ssh connection to cirros@10.180.180.153 ([Errno None] Unable to connect to port 22 on 10.180.180.153). Number attempts: 3. Retry after 4 seconds.: paramiko.ssh_exception.NoValidConnectionsError: [Errno None] Unable to connect to port 22 on 10.180.180.153
2025-04-14 12:04:10.475 70275 WARNING tempest.lib.common.ssh [-] Failed to establish authenticated ssh connection to cirros@10.180.180.145 ([Errno None] Unable to connect to port 22 on 10.180.180.145). Number attempts: 6. Retry after 7 seconds.: paramiko.ssh_exception.NoValidConnectionsError: [Errno None] Unable to connect to port 22 on 10.180.180.145
2025-04-14 12:04:10.509 70233 INFO tempest.lib.common.rest_client [req-edf88eac-7cc2-4b2e-88e4-9bb72aebc35d req-edf88eac-7cc2-4b2e-88e4-9bb72aebc35d ] Request (HypervisorAdminUnderV252Test:setUpClass): 201 POST http://10.180.1.21/identity/v3/auth/tokens 0.072s
2025-04-14 12:04:10.516 70283 INFO tempest.lib.common.rest_client [req-9a939acb-55c7-4971-b116-7c7123837568 req-9a939acb-55c7-4971-b116-7c7123837568 ] Request (ServerRescueTestJSONUnderV235:setUpClass): 200 GET http://10.180.1.21/compute/v2.1/servers/6f7fe935-bf84-4317-b97c-79c278d214f3 0.107s
2025-04-14 12:04:10.550 70233 INFO tempest.lib.common.rest_client [req-c2563ddb-7b00-44f1-bfa6-1773d4edfa9a req-c2563ddb-7b00-44f1-bfa6-1773d4edfa9a ] Request (HypervisorAdminUnderV252Test:setUpClass): 201 POST http://10.180.1.21/identity/v3/auth/tokens 0.038s
2025-04-14 12:04:10.573 70235 INFO tempest.lib.common.rest_client [req-b00d6ab0-3120-4550-b7ab-6391d6a8c550 req-b00d6ab0-3120-4550-b7ab-6391d6a8c550 ] Request (ServersAdminTestJSON:test_rebuild_server_in_error_state): 200 GET http://10.180.1.21/compute/v2.1/servers/6d6d2c1c-8daf-40c1-a348-28588044e06d 0.123s
2025-04-14 12:04:10.576 70233 INFO tempest.lib.common.rest_client [req-c234db7e-c4e1-45d1-8b23-92ac06d65a4d req-c234db7e-c4e1-45d1-8b23-92ac06d65a4d ] Request (HypervisorAdminUnderV252Test:setUpClass): 200 GET http://10.180.1.21/identity/v3/domains?name=Default 0.025s
2025-04-14 12:04:10.592 70261 INFO tempest.lib.common.rest_client [req-2e2c4cb3-6cf0-4099-898e-efb2bee1ebbc req-2e2c4cb3-6cf0-4099-898e-efb2bee1ebbc ] Request (ServersAdminNegativeTestJSON:tearDownClass): 200 GET http://10.180.1.21/compute/v2.1/servers/b8ef718c-0837-4139-9dcd-e9716dfbbddb 0.062s
2025-04-14 12:04:10.603 70233 INFO tempest.lib.common.rest_client [req-87e05060-4a52-477f-982d-2fe397b2afff req-87e05060-4a52-477f-982d-2fe397b2afff ] Request (HypervisorAdminUnderV252Test:setUpClass): 201 POST http://10.180.1.21/identity/v3/projects 0.026s
2025-04-14 12:04:10.661 70233 INFO tempest.lib.common.rest_client [req-cd476336-4f23-4f0e-aedf-9cfb30fd3bac req-cd476336-4f23-4f0e-aedf-9cfb30fd3bac ] Request (HypervisorAdminUnderV252Test:setUpClass): 201 POST http://10.180.1.21/identity/v3/users 0.058s
2025-04-14 12:04:10.691 70233 INFO tempest.lib.common.rest_client [req-f4577819-1a3f-4e9a-bb98-98d6923ea2c0 req-f4577819-1a3f-4e9a-bb98-98d6923ea2c0 ] Request (HypervisorAdminUnderV252Test:setUpClass): 200 GET http://10.180.1.21/identity/v3/roles 0.029s
2025-04-14 12:04:10.694 70263 INFO tempest.lib.common.rest_client [req-ca3721d6-1b58-4075-8338-49e747f074dd req-ca3721d6-1b58-4075-8338-49e747f074dd ] Request (ServerActionsTestOtherB:test_create_backup): 200 GET http://10.180.1.21/image/v2/images/de78fc0b-7437-4d18-b5ef-935380554cdb 0.019s
2025-04-14 12:04:10.714 70227 INFO tempest.lib.common.rest_client [req-4d52ea99-7896-4b9e-9b95-b83b1009a3ec req-4d52ea99-7896-4b9e-9b95-b83b1009a3ec ] Request (ServerMetadataNegativeTestJSON:setUpClass): 200 GET http://10.180.1.21/compute/v2.1/servers/cd55ecc9-a0e3-4331-b33a-8714e8578857 0.075s
2025-04-14 12:04:10.721 70233 INFO tempest.lib.common.rest_client [req-1b540c59-8f35-47dc-a16f-b9668fc4e414 req-1b540c59-8f35-47dc-a16f-b9668fc4e414 ] Request (HypervisorAdminUnderV252Test:setUpClass): 204 PUT http://10.180.1.21/identity/v3/projects/17503e11b11e4160a13833bc63b19520/users/be218da3dae24f10b9f74ca8f1600474/roles/f55dc9cde9b9410485b2f2d509731c66 0.029s
2025-04-14 12:04:10.721 70233 INFO tempest.lib.common.dynamic_creds [-] Dynamic test user be218da3dae24f10b9f74ca8f1600474 is created with scope project and roles: ['member']
2025-04-14 12:04:10.722 70233 INFO tempest.lib.common.dynamic_creds [-] Acquired dynamic creds: credentials: Credentials: {'domain_id': 'default', 'domain_name': 'Default', 'username': 'tempest-HypervisorAdminUnderV252Test-741820731-project-member', 'project_domain_id': 'default', 'project_domain_name': 'Default', 'project_id': '17503e11b11e4160a13833bc63b19520', 'project_name': 'tempest-HypervisorAdminUnderV252Test-741820731', 'tenant_id': '17503e11b11e4160a13833bc63b19520', 'tenant_name': 'tempest-HypervisorAdminUnderV252Test-741820731', 'user_domain_id': 'default', 'user_domain_name': 'Default', 'user_id': 'be218da3dae24f10b9f74ca8f1600474', 'system': None}, Network: None, Subnet: None, Router: None
2025-04-14 12:04:10.722 70233 INFO tempest.lib.common.dynamic_creds [-] Created isolated network resources for: credentials: Credentials: {'domain_id': 'default', 'domain_name': 'Default', 'username': 'tempest-HypervisorAdminUnderV252Test-741820731-project-member', 'project_domain_id': 'default', 'project_domain_name': 'Default', 'project_id': '17503e11b11e4160a13833bc63b19520', 'project_name': 'tempest-HypervisorAdminUnderV252Test-741820731', 'tenant_id': '17503e11b11e4160a13833bc63b19520', 'tenant_name': 'tempest-HypervisorAdminUnderV252Test-741820731', 'user_domain_id': 'default', 'user_domain_name': 'Default', 'user_id': 'be218da3dae24f10b9f74ca8f1600474', 'system': None}, Network: None, Subnet: None, Router: None
2025-04-14 12:04:10.736 70273 INFO tempest.lib.common.rest_client [req-75bc7a55-b36a-459a-91c2-697dbf7b067d req-75bc7a55-b36a-459a-91c2-697dbf7b067d ] Request (ServersTestJSON:setUpClass): 200 GET http://10.180.1.21/compute/v2.1/servers/0c322fec-6d73-4ad8-ab18-285789f4896d 0.113s
2025-04-14 12:04:10.744 70273 INFO tempest.common.waiters [-] State transition "BUILD/spawning" ==> "ACTIVE/None" after 40 second wait
2025-04-14 12:04:10.789 70233 INFO tempest.lib.common.rest_client [req-11d1cf2b-a47c-406e-99a3-ee256301b38a req-11d1cf2b-a47c-406e-99a3-ee256301b38a ] Request (HypervisorAdminUnderV252Test:setUpClass): 201 POST http://10.180.1.21/identity/v3/auth/tokens 0.063s
2025-04-14 12:04:10.828 70273 INFO tempest.lib.common.rest_client [req-f788da67-b670-4b85-a79b-9473db3a5f34 req-f788da67-b670-4b85-a79b-9473db3a5f34 ] Request (ServersTestJSON:setUpClass): 200 GET http://10.180.1.21/compute/v2.1/servers/0c322fec-6d73-4ad8-ab18-285789f4896d/os-interface 0.084s
2025-04-14 12:04:10.863 70233 INFO tempest.lib.common.rest_client [req-ead65e3f-789a-4561-985c-acf2dbe508f9 req-ead65e3f-789a-4561-985c-acf2dbe508f9 ] Request (HypervisorAdminUnderV252Test:setUpClass): 201 POST http://10.180.1.21/identity/v3/projects 0.074s
2025-04-14 12:04:10.892 70229 INFO tempest.lib.common.rest_client [req-831b3405-caca-48bf-bd8d-f86ba23ff1a8 req-831b3405-caca-48bf-bd8d-f86ba23ff1a8 ] Request (InstanceActionsTestJSON:tearDownClass): 200 GET http://10.180.1.21/compute/v2.1/servers/334e7a11-d6da-48fb-b370-8652965bca1f 0.113s
2025-04-14 12:04:10.915 70247 INFO tempest.lib.common.rest_client [req-e7a0f696-6270-47c4-9dd9-1474b3711765 req-e7a0f696-6270-47c4-9dd9-1474b3711765 ] Request (ServersNegativeTestMultiTenantJSON:setUpClass): 200 GET http://10.180.1.21/compute/v2.1/servers/028ea91d-7739-430b-91f8-4f7be9711f71 0.156s
2025-04-14 12:04:10.933 70247 INFO tempest.common.waiters [-] State transition "BUILD/spawning" ==> "ACTIVE/None" after 48 second wait
2025-04-14 12:04:10.946 70279 INFO tempest.lib.common.rest_client [req-a6b39fbf-ae72-4f55-aa11-e70e6c5285e2 req-a6b39fbf-ae72-4f55-aa11-e70e6c5285e2 ] Request (VolumesAdminNegativeTest:test_update_attached_volume_with_nonexistent_volume_in_uri): 200 GET http://10.180.1.21/compute/v2.1/servers/78e4f0ef-ee1b-4e97-963e-1ebcd4f53af3 0.121s
2025-04-14 12:04:10.960 70233 INFO tempest.lib.common.rest_client [req-0e6d501e-b947-4424-9b4e-11031a81abdc req-0e6d501e-b947-4424-9b4e-11031a81abdc ] Request (HypervisorAdminUnderV252Test:setUpClass): 201 POST http://10.180.1.21/identity/v3/users 0.097s
2025-04-14 12:04:10.982 70233 INFO tempest.lib.common.rest_client [req-ea07daf9-9e93-4445-b44a-cfc2520da2c1 req-ea07daf9-9e93-4445-b44a-cfc2520da2c1 ] Request (HypervisorAdminUnderV252Test:setUpClass): 200 GET http://10.180.1.21/identity/v3/roles 0.021s
2025-04-14 12:04:10.984 70223 INFO tempest.lib.common.rest_client [req-b92bb25e-3e13-4f1d-9010-00f5349f370a req-b92bb25e-3e13-4f1d-9010-00f5349f370a ] Request (ServerAddressesTestJSON:tearDownClass): 200 GET http://10.180.1.21/compute/v2.1/servers/72e8496a-7660-43fb-96ea-c2838b6d6664 0.079s
2025-04-14 12:04:10.999 70271 INFO tempest.lib.common.rest_client [req-5d94edde-d3b1-4dae-8695-18d6258c6a54 req-5d94edde-d3b1-4dae-8695-18d6258c6a54 ] Request (ServersTestJSON:test_create_specify_keypair): 200 GET http://10.180.1.21/compute/v2.1/servers/1a6a4e4e-0ebd-4940-8003-19fbcd216194 0.083s
2025-04-14 12:04:11.021 70233 INFO tempest.lib.common.rest_client [req-d5c9f937-008a-4852-8949-c6962c66bec6 req-d5c9f937-008a-4852-8949-c6962c66bec6 ] Request (HypervisorAdminUnderV252Test:setUpClass): 204 PUT http://10.180.1.21/identity/v3/projects/fe0df2fe8d184347aa77eb05e530a61a/users/b7e0bb52405f4a9e9cf7413fd3363745/roles/a428a8caaf5e492482570235c5e4cbc8 0.038s
2025-04-14 12:04:11.075 70249 INFO tempest.lib.common.rest_client [req-fb57635a-1c36-4bcd-b454-5b4bf3770c85 req-fb57635a-1c36-4bcd-b454-5b4bf3770c85 ] Request (ServersTestBootFromVolume:tearDownClass): 200 GET http://10.180.1.21/compute/v2.1/servers/bf6c6705-14ef-4200-ba89-afdcd12d9950 0.096s
2025-04-14 12:04:11.083 70233 INFO tempest.lib.common.rest_client [req-f9191ab9-0d93-408c-b4f4-cb0295524ed4 req-f9191ab9-0d93-408c-b4f4-cb0295524ed4 ] Request (HypervisorAdminUnderV252Test:setUpClass): 200 GET http://10.180.1.21/identity/v3/roles 0.062s
2025-04-14 12:04:11.104 70233 INFO tempest.lib.common.rest_client [req-65f3dba2-0151-496f-a8dc-d75dea5b90ae req-65f3dba2-0151-496f-a8dc-d75dea5b90ae ] Request (HypervisorAdminUnderV252Test:setUpClass): 204 PUT http://10.180.1.21/identity/v3/projects/fe0df2fe8d184347aa77eb05e530a61a/users/b7e0bb52405f4a9e9cf7413fd3363745/roles/a428a8caaf5e492482570235c5e4cbc8 0.020s
2025-04-14 12:04:11.105 70233 INFO tempest.lib.common.dynamic_creds [-] Dynamic test user b7e0bb52405f4a9e9cf7413fd3363745 is created with scope project and roles: ['admin']
2025-04-14 12:04:11.105 70233 INFO tempest.lib.common.dynamic_creds [-] Acquired dynamic creds: credentials: Credentials: {'domain_id': 'default', 'domain_name': 'Default', 'username': 'tempest-HypervisorAdminUnderV252Test-2133052767-project-admin', 'project_domain_id': 'default', 'project_domain_name': 'Default', 'project_id': 'fe0df2fe8d184347aa77eb05e530a61a', 'project_name': 'tempest-HypervisorAdminUnderV252Test-2133052767', 'tenant_id': 'fe0df2fe8d184347aa77eb05e530a61a', 'tenant_name': 'tempest-HypervisorAdminUnderV252Test-2133052767', 'user_domain_id': 'default', 'user_domain_name': 'Default', 'user_id': 'b7e0bb52405f4a9e9cf7413fd3363745', 'system': None}, Network: None, Subnet: None, Router: None
2025-04-14 12:04:11.105 70233 INFO tempest.lib.common.dynamic_creds [-] Created isolated network resources for: credentials: Credentials: {'domain_id': 'default', 'domain_name': 'Default', 'username': 'tempest-HypervisorAdminUnderV252Test-2133052767-project-admin', 'project_domain_id': 'default', 'project_domain_name': 'Default', 'project_id': 'fe0df2fe8d184347aa77eb05e530a61a', 'project_name': 'tempest-HypervisorAdminUnderV252Test-2133052767', 'tenant_id': 'fe0df2fe8d184347aa77eb05e530a61a', 'tenant_name': 'tempest-HypervisorAdminUnderV252Test-2133052767', 'user_domain_id': 'default', 'user_domain_name': 'Default', 'user_id': 'b7e0bb52405f4a9e9cf7413fd3363745', 'system': None}, Network: None, Subnet: None, Router: None
2025-04-14 12:04:11.124 70247 INFO tempest.lib.common.rest_client [req-b4354552-d575-457c-a14a-60e58abdb234 req-b4354552-d575-457c-a14a-60e58abdb234 ] Request (ServersNegativeTestMultiTenantJSON:setUp): 200 GET http://10.180.1.21/compute/v2.1/servers/028ea91d-7739-430b-91f8-4f7be9711f71 0.190s
2025-04-14 12:04:11.166 70281 INFO tempest.lib.common.rest_client [req-02db1b76-55aa-46d1-a311-dffac83f49ae req-02db1b76-55aa-46d1-a311-dffac83f49ae ] Request (ServersListShow298Test:tearDownClass): 200 GET http://10.180.1.21/compute/v2.1/servers/5c2d1139-db6c-4078-a9dc-7abf2359d4c5 0.178s
2025-04-14 12:04:11.177 70267 INFO tempest.lib.common.rest_client [req-0f56ed24-f31c-4361-87dc-421f5274513d req-0f56ed24-f31c-4361-87dc-421f5274513d ] Request (AttachInterfacesTestJSON:test_create_list_show_delete_interfaces_by_network_port): 200 GET http://10.180.1.21/compute/v2.1/servers/29ebea62-7792-4776-96fd-677116c75b62 0.146s
2025-04-14 12:04:11.182 70233 INFO tempest.lib.common.rest_client [req-1538c4b5-8070-4566-8dbd-96ee6149ac43 req-1538c4b5-8070-4566-8dbd-96ee6149ac43 ] Request (HypervisorAdminUnderV252Test:setUpClass): 201 POST http://10.180.1.21/identity/v3/auth/tokens 0.074s
2025-04-14 12:04:11.223 70243 INFO tempest.lib.common.rest_client [req-f72894bd-acef-42e7-8e28-6b9c58b79724 req-f72894bd-acef-42e7-8e28-6b9c58b79724 ] Request (ImagesTestJSON:test_create_server_from_snapshot): 200 GET http://10.180.1.21/compute/v2.1/servers/d6f582ae-6abd-4402-85c2-ff9624ed1c61 0.134s
2025-04-14 12:04:11.238 70277 INFO tempest.lib.common.rest_client [req-4867e5ce-eaf4-4938-84fe-9f957afcfe9d req-4867e5ce-eaf4-4938-84fe-9f957afcfe9d ] Request (DeleteServersTestJSON:test_delete_active_server): 200 GET http://10.180.1.21/compute/v2.1/servers/a19f2fa3-bf33-46a7-8619-053432f894c6 0.190s
2025-04-14 12:04:11.311 70273 INFO tempest.lib.common.rest_client [req-f0c9a222-430b-4b13-9933-510a585e5ad1 req-f0c9a222-430b-4b13-9933-510a585e5ad1 ] Request (ServersTestJSON:setUpClass): 200 PUT http://10.180.1.21:9696/networking/v2.0/floatingips/8b346a89-098e-4e03-b46a-21e95506cc22 0.481s
2025-04-14 12:04:11.335 70237 INFO tempest.lib.common.rest_client [req-d3557904-f07c-4bb0-8344-430c253ccd9f req-d3557904-f07c-4bb0-8344-430c253ccd9f ] Request (ServerPasswordTestJSON:setUpClass): 200 GET http://10.180.1.21/compute/v2.1/servers/58a178b1-ebeb-4c63-96fc-9db5f823d8f1 0.213s
2025-04-14 12:04:11.342 70237 INFO tempest.common.waiters [-] State transition "BUILD/networking" ==> "BUILD/spawning" after 40 second wait
2025-04-14 12:04:11.353 70247 INFO tempest.lib.common.rest_client [req-c5d0a167-74f0-4dbf-bc09-673921f6ea02 req-c5d0a167-74f0-4dbf-bc09-673921f6ea02 ] Request (ServersNegativeTestMultiTenantJSON:test_delete_a_server_of_another_tenant): 404 DELETE http://10.180.1.21/compute/v2.1/servers/028ea91d-7739-430b-91f8-4f7be9711f71 0.222s
2025-04-14 12:04:11.379 70233 INFO tempest.lib.common.rest_client [req-5cee755d-1f59-47a1-b982-1d425ff85492 req-5cee755d-1f59-47a1-b982-1d425ff85492 ] Request (HypervisorAdminUnderV252Test:test_get_hypervisor_show_servers): 200 GET http://10.180.1.21/compute/v2.1/os-hypervisors 0.196s
2025-04-14 12:04:11.410 70259 INFO tempest.lib.common.rest_client [req-e4f803c1-9ebf-4853-990d-54c75b58e4eb req-e4f803c1-9ebf-4853-990d-54c75b58e4eb ] Request (FloatingIPsAssociationTestJSON:tearDownClass): 200 GET http://10.180.1.21/compute/v2.1/servers/5492fe6f-c1ca-4132-aa46-943a45a52da7 0.122s
2025-04-14 12:04:11.481 70269 INFO tempest.lib.common.rest_client [req-eea0133e-cea9-4e22-b26a-0c3ac07453b1 req-eea0133e-cea9-4e22-b26a-0c3ac07453b1 ] Request (MigrationsAdminTest:test_resize_server_revert_deleted_flavor): 200 GET http://10.180.1.21/compute/v2.1/servers/26adcc07-ec19-4679-80af-0c072d0b9fdc 0.187s
2025-04-14 12:04:11.547 70273 INFO tempest.lib.common.rest_client [req-228a7ec9-a53d-4537-94e5-8b063ca41c50 req-228a7ec9-a53d-4537-94e5-8b063ca41c50 ] Request (ServersTestJSON:setUpClass): 200 GET http://10.180.1.21/compute/v2.1/servers/0c322fec-6d73-4ad8-ab18-285789f4896d 0.235s
2025-04-14 12:04:11.553 70225 INFO tempest.lib.common.rest_client [req-9394483a-1af1-4f18-bccd-4e9cd792d263 req-9394483a-1af1-4f18-bccd-4e9cd792d263 ] Request (ImagesOneServerNegativeTestJSON:_run_cleanups): 200 GET http://10.180.1.21/compute/v2.1/servers/c227e17a-42bb-404a-bb97-fe58ca6698e9 0.208s
2025-04-14 12:04:11.562 70273 INFO tempest.lib.common.ssh [-] Creating ssh connection to '10.180.180.175:22' as 'cirros' with public key authentication
2025-04-14 12:04:11.638 70233 INFO tempest.lib.common.rest_client [req-f123e309-7555-4044-aaef-75c7a43f1e32 req-f123e309-7555-4044-aaef-75c7a43f1e32 ] Request (HypervisorAdminUnderV252Test:test_get_hypervisor_show_servers): 200 GET http://10.180.1.21/compute/v2.1/os-hypervisors/domain-c8.fc996f14-c53b-4953-92e3-bdfa48f5cc28/servers 0.256s
2025-04-14 12:04:11.644 70247 INFO tempest.lib.common.rest_client [req-80ffaa63-c59b-4857-b33c-89b1fc899bd3 req-80ffaa63-c59b-4857-b33c-89b1fc899bd3 ] Request (ServersNegativeTestMultiTenantJSON:setUp): 200 GET http://10.180.1.21/compute/v2.1/servers/028ea91d-7739-430b-91f8-4f7be9711f71 0.289s
2025-04-14 12:04:11.712 70263 INFO tempest.lib.common.rest_client [req-12b7385f-6fdb-4af2-a42b-ac24f0dfaaa3 req-12b7385f-6fdb-4af2-a42b-ac24f0dfaaa3 ] Request (ServerActionsTestOtherB:test_create_backup): 200 GET http://10.180.1.21/image/v2/images/de78fc0b-7437-4d18-b5ef-935380554cdb 0.017s
2025-04-14 12:04:11.828 70235 INFO tempest.lib.common.rest_client [req-6406fbc6-4694-4682-8de4-6e8716cfa203 req-6406fbc6-4694-4682-8de4-6e8716cfa203 ] Request (ServersAdminTestJSON:test_rebuild_server_in_error_state): 200 GET http://10.180.1.21/compute/v2.1/servers/6d6d2c1c-8daf-40c1-a348-28588044e06d 0.244s
2025-04-14 12:04:11.831 70283 INFO tempest.lib.common.rest_client [req-a60e33e0-a192-4904-a1f7-f1cb40879220 req-a60e33e0-a192-4904-a1f7-f1cb40879220 ] Request (ServerRescueTestJSONUnderV235:setUpClass): 200 GET http://10.180.1.21/compute/v2.1/servers/6f7fe935-bf84-4317-b97c-79c278d214f3 0.302s
2025-04-14 12:04:11.855 70233 INFO tempest.lib.common.rest_client [req-17af510c-4ea0-47be-8e46-e721d402d463 req-17af510c-4ea0-47be-8e46-e721d402d463 ] Request (HypervisorAdminUnderV252Test:test_search_hypervisor): 200 GET http://10.180.1.21/compute/v2.1/os-hypervisors 0.214s
2025-04-14 12:04:11.871 70247 INFO tempest.lib.common.rest_client [req-706aad9d-1f27-46b2-946b-0507cb2cb7e3 req-706aad9d-1f27-46b2-946b-0507cb2cb7e3 ] Request (ServersNegativeTestMultiTenantJSON:test_update_server_of_another_tenant): 404 PUT http://10.180.1.21/compute/v2.1/servers/028ea91d-7739-430b-91f8-4f7be9711f71 0.220s
2025-04-14 12:04:11.905 70261 INFO tempest.lib.common.rest_client [req-25698050-1572-4055-8fec-015680cb681c req-25698050-1572-4055-8fec-015680cb681c ] Request (ServersAdminNegativeTestJSON:tearDownClass): 200 GET http://10.180.1.21/compute/v2.1/servers/b8ef718c-0837-4139-9dcd-e9716dfbbddb 0.305s
2025-04-14 12:04:11.921 70233 INFO tempest.lib.common.rest_client [req-aafb7979-8c9d-4821-bac6-2f19e6fb76d0 req-aafb7979-8c9d-4821-bac6-2f19e6fb76d0 ] Request (HypervisorAdminUnderV252Test:test_search_hypervisor): 200 GET http://10.180.1.21/compute/v2.1/os-hypervisors/domain-c8.fc996f14-c53b-4953-92e3-bdfa48f5cc28/search 0.065s
2025-04-14 12:04:11.937 70227 INFO tempest.lib.common.rest_client [req-99253b31-a746-4125-aa6b-c35d28eedafd req-99253b31-a746-4125-aa6b-c35d28eedafd ] Request (ServerMetadataNegativeTestJSON:setUpClass): 200 GET http://10.180.1.21/compute/v2.1/servers/cd55ecc9-a0e3-4331-b33a-8714e8578857 0.214s
2025-04-14 12:04:12.003 70229 INFO tempest.lib.common.rest_client [req-8aed3950-19a5-4a98-82f9-999065791e8b req-8aed3950-19a5-4a98-82f9-999065791e8b ] Request (InstanceActionsTestJSON:tearDownClass): 200 GET http://10.180.1.21/compute/v2.1/servers/334e7a11-d6da-48fb-b370-8652965bca1f 0.095s
2025-04-14 12:04:12.007 70247 INFO tempest.lib.common.rest_client [req-8376ecce-0563-47ff-99cf-7748e705f4cc req-8376ecce-0563-47ff-99cf-7748e705f4cc ] Request (ServersNegativeTestMultiTenantJSON:tearDownClass): 204 DELETE http://10.180.1.21/compute/v2.1/servers/028ea91d-7739-430b-91f8-4f7be9711f71 0.130s
2025-04-14 12:04:12.031 70233 INFO tempest.lib.common.rest_client [req-23323477-7e2e-42be-97a2-50091bd27d9e req-23323477-7e2e-42be-97a2-50091bd27d9e ] Request (HypervisorAdminUnderV252Test:tearDownClass): 204 DELETE http://10.180.1.21/identity/v3/users/be218da3dae24f10b9f74ca8f1600474 0.108s
2025-04-14 12:04:12.057 70279 INFO tempest.lib.common.rest_client [req-8d777b06-4837-448e-9831-93cf4edb53bc req-8d777b06-4837-448e-9831-93cf4edb53bc ] Request (VolumesAdminNegativeTest:test_update_attached_volume_with_nonexistent_volume_in_uri): 200 GET http://10.180.1.21/compute/v2.1/servers/78e4f0ef-ee1b-4e97-963e-1ebcd4f53af3 0.098s
2025-04-14 12:04:12.077 70223 INFO tempest.lib.common.rest_client [req-ce71afd0-1ddb-4fa1-86d5-2e857126d774 req-ce71afd0-1ddb-4fa1-86d5-2e857126d774 ] Request (ServerAddressesTestJSON:tearDownClass): 200 GET http://10.180.1.21/compute/v2.1/servers/72e8496a-7660-43fb-96ea-c2838b6d6664 0.086s
2025-04-14 12:04:12.133 70271 INFO tempest.lib.common.rest_client [req-2cb735aa-6e2c-463c-b54e-cf2f72ee8f82 req-2cb735aa-6e2c-463c-b54e-cf2f72ee8f82 ] Request (ServersTestJSON:test_create_specify_keypair): 200 GET http://10.180.1.21/compute/v2.1/servers/1a6a4e4e-0ebd-4940-8003-19fbcd216194 0.126s
2025-04-14 12:04:12.161 70233 INFO tempest.lib.common.rest_client [req-e4cf9a8b-e96b-4747-ab81-e34c60b024d2 req-e4cf9a8b-e96b-4747-ab81-e34c60b024d2 ] Request (HypervisorAdminUnderV252Test:tearDownClass): 204 DELETE http://10.180.1.21/identity/v3/users/b7e0bb52405f4a9e9cf7413fd3363745 0.129s
2025-04-14 12:04:12.161 70233 INFO tempest.lib.common.dynamic_creds [-] Deleting project and security group for project: fe0df2fe8d184347aa77eb05e530a61a
2025-04-14 12:04:12.177 70247 INFO tempest.lib.common.rest_client [req-0d7df0d9-ca3f-4981-91b7-a1a66c5b1733 req-0d7df0d9-ca3f-4981-91b7-a1a66c5b1733 ] Request (ServersNegativeTestMultiTenantJSON:tearDownClass): 200 GET http://10.180.1.21/compute/v2.1/servers/028ea91d-7739-430b-91f8-4f7be9711f71 0.170s
2025-04-14 12:04:12.212 70249 INFO tempest.lib.common.rest_client [req-761b7b1e-7749-4f15-ab92-83d714379182 req-761b7b1e-7749-4f15-ab92-83d714379182 ] Request (ServersTestBootFromVolume:tearDownClass): 200 GET http://10.180.1.21/compute/v2.1/servers/bf6c6705-14ef-4200-ba89-afdcd12d9950 0.128s
2025-04-14 12:04:12.230 70233 INFO tempest.lib.common.rest_client [req-5d0ac666-fadd-444c-acc2-0a0310f1155a req-5d0ac666-fadd-444c-acc2-0a0310f1155a ] Request (HypervisorAdminUnderV252Test:tearDownClass): 201 POST http://10.180.1.21/identity/v3/auth/tokens 0.069s
2025-04-14 12:04:12.253 70281 INFO tempest.lib.common.rest_client [req-4a395537-7b57-471b-9a76-3418afdd1988 req-4a395537-7b57-471b-9a76-3418afdd1988 ] Request (ServersListShow298Test:tearDownClass): 200 GET http://10.180.1.21/compute/v2.1/servers/5c2d1139-db6c-4078-a9dc-7abf2359d4c5 0.073s
2025-04-14 12:04:12.275 70267 INFO tempest.lib.common.rest_client [req-5c56b003-6fac-46e5-89bf-fc111895b3b9 req-5c56b003-6fac-46e5-89bf-fc111895b3b9 ] Request (AttachInterfacesTestJSON:test_create_list_show_delete_interfaces_by_network_port): 200 GET http://10.180.1.21/compute/v2.1/servers/29ebea62-7792-4776-96fd-677116c75b62 0.087s
2025-04-14 12:04:12.312 70243 INFO tempest.lib.common.rest_client [req-a2288d51-09a5-4eb5-a67c-90f97b4da17c req-a2288d51-09a5-4eb5-a67c-90f97b4da17c ] Request (ImagesTestJSON:test_create_server_from_snapshot): 200 GET http://10.180.1.21/compute/v2.1/servers/d6f582ae-6abd-4402-85c2-ff9624ed1c61 0.082s
2025-04-14 12:04:12.320 70243 INFO tempest.common.waiters [-] State transition "BUILD/None" ==> "BUILD/networking" after 40 second wait
2025-04-14 12:04:12.341 70277 INFO tempest.lib.common.rest_client [req-41b582ed-8b90-4c69-967a-cd5b94383e3a req-41b582ed-8b90-4c69-967a-cd5b94383e3a ] Request (DeleteServersTestJSON:test_delete_active_server): 200 GET http://10.180.1.21/compute/v2.1/servers/a19f2fa3-bf33-46a7-8619-053432f894c6 0.096s
2025-04-14 12:04:12.451 70237 INFO tempest.lib.common.rest_client [req-ea27cc53-1919-4a4e-a5c5-f83a51946909 req-ea27cc53-1919-4a4e-a5c5-f83a51946909 ] Request (ServerPasswordTestJSON:setUpClass): 200 GET http://10.180.1.21/compute/v2.1/servers/58a178b1-ebeb-4c63-96fc-9db5f823d8f1 0.108s
2025-04-14 12:04:12.454 70233 INFO tempest.lib.common.rest_client [req-06123425-33c9-4984-bb96-7ea094ed5f64 req-06123425-33c9-4984-bb96-7ea094ed5f64 ] Request (HypervisorAdminUnderV252Test:tearDownClass): 200 GET http://10.180.1.21:9696/networking/v2.0/security-groups?tenant_id=fe0df2fe8d184347aa77eb05e530a61a&name=default 0.224s
2025-04-14 12:04:12.488 70259 INFO tempest.lib.common.rest_client [req-c6e0583e-b14e-45ef-a62f-e64c33a24f06 req-c6e0583e-b14e-45ef-a62f-e64c33a24f06 ] Request (FloatingIPsAssociationTestJSON:tearDownClass): 200 GET http://10.180.1.21/compute/v2.1/servers/5492fe6f-c1ca-4132-aa46-943a45a52da7 0.069s
2025-04-14 12:04:12.563 70233 INFO tempest.lib.common.rest_client [req-debb582e-973d-45da-975e-9f72d311ec5e req-debb582e-973d-45da-975e-9f72d311ec5e ] Request (HypervisorAdminUnderV252Test:tearDownClass): 204 DELETE http://10.180.1.21:9696/networking/v2.0/security-groups/77ca2121-a830-4d52-bbe3-887ba3f63d19 0.108s
2025-04-14 12:04:12.624 70225 INFO tempest.lib.common.rest_client [req-1b6b9cbd-ed69-4012-884c-bf248f9f8de6 req-1b6b9cbd-ed69-4012-884c-bf248f9f8de6 ] Request (ImagesOneServerNegativeTestJSON:_run_cleanups): 200 GET http://10.180.1.21/compute/v2.1/servers/c227e17a-42bb-404a-bb97-fe58ca6698e9 0.059s
2025-04-14 12:04:12.635 70269 INFO tempest.lib.common.rest_client [req-f8e730ea-81c8-4421-ba4c-406c109beda3 req-f8e730ea-81c8-4421-ba4c-406c109beda3 ] Request (MigrationsAdminTest:test_resize_server_revert_deleted_flavor): 200 GET http://10.180.1.21/compute/v2.1/servers/26adcc07-ec19-4679-80af-0c072d0b9fdc 0.144s
2025-04-14 12:04:12.645 70233 INFO tempest.lib.common.rest_client [req-de0c9097-bcbb-4361-bf01-5e515fc85328 req-de0c9097-bcbb-4361-bf01-5e515fc85328 ] Request (HypervisorAdminUnderV252Test:tearDownClass): 204 DELETE http://10.180.1.21/identity/v3/projects/fe0df2fe8d184347aa77eb05e530a61a 0.081s
2025-04-14 12:04:12.645 70233 INFO tempest.lib.common.dynamic_creds [-] Deleting project and security group for project: 17503e11b11e4160a13833bc63b19520
2025-04-14 12:04:12.731 70263 INFO tempest.lib.common.rest_client [req-f28b434d-f62d-42dd-800f-ea4a5502338e req-f28b434d-f62d-42dd-800f-ea4a5502338e ] Request (ServerActionsTestOtherB:test_create_backup): 200 GET http://10.180.1.21/image/v2/images/de78fc0b-7437-4d18-b5ef-935380554cdb 0.017s
2025-04-14 12:04:12.736 70233 INFO tempest.lib.common.rest_client [req-957796b6-f416-4847-8f9b-e9d7efb14da4 req-957796b6-f416-4847-8f9b-e9d7efb14da4 ] Request (HypervisorAdminUnderV252Test:tearDownClass): 200 GET http://10.180.1.21:9696/networking/v2.0/security-groups?tenant_id=17503e11b11e4160a13833bc63b19520&name=default 0.091s
2025-04-14 12:04:12.806 70233 INFO tempest.lib.common.rest_client [req-de0ef8b7-ae76-46a7-8439-2b8fafe5be0a req-de0ef8b7-ae76-46a7-8439-2b8fafe5be0a ] Request (HypervisorAdminUnderV252Test:tearDownClass): 204 DELETE http://10.180.1.21:9696/networking/v2.0/security-groups/6abc4c22-50f1-49e3-b1ae-06969d428b11 0.069s
2025-04-14 12:04:12.910 70233 INFO tempest.lib.common.rest_client [req-ccb72c86-f90b-4164-8958-9ecc00c4e033 req-ccb72c86-f90b-4164-8958-9ecc00c4e033 ] Request (HypervisorAdminUnderV252Test:tearDownClass): 204 DELETE http://10.180.1.21/identity/v3/projects/17503e11b11e4160a13833bc63b19520 0.103s
2025-04-14 12:04:12.968 70235 INFO tempest.lib.common.rest_client [req-b54fc53b-c0fc-445c-83bb-b80fd8a87064 req-b54fc53b-c0fc-445c-83bb-b80fd8a87064 ] Request (ServersAdminTestJSON:test_rebuild_server_in_error_state): 200 GET http://10.180.1.21/compute/v2.1/servers/6d6d2c1c-8daf-40c1-a348-28588044e06d 0.131s
2025-04-14 12:04:12.974 70233 INFO tempest.lib.common.rest_client [req-97679088-c938-4740-8c91-c1614e1d3e6e req-97679088-c938-4740-8c91-c1614e1d3e6e ] Request (HypervisorAdminNegativeTestJSON:setUpClass): 201 POST http://10.180.1.21/identity/v3/auth/tokens 0.062s
2025-04-14 12:04:12.976 70235 INFO tempest.common.waiters [-] State transition "REBUILD/rebuilding" ==> "REBUILD/rebuild_spawning" after 3 second wait
2025-04-14 12:04:12.979 70283 INFO tempest.lib.common.rest_client [req-3703fab8-059e-4299-a625-58dc09b9c37b req-3703fab8-059e-4299-a625-58dc09b9c37b ] Request (ServerRescueTestJSONUnderV235:setUpClass): 200 GET http://10.180.1.21/compute/v2.1/servers/6f7fe935-bf84-4317-b97c-79c278d214f3 0.141s
2025-04-14 12:04:13.011 70233 INFO tempest.lib.common.rest_client [req-980cf969-d242-4074-8d25-35d9932eff11 req-980cf969-d242-4074-8d25-35d9932eff11 ] Request (HypervisorAdminNegativeTestJSON:setUpClass): 201 POST http://10.180.1.21/identity/v3/auth/tokens 0.033s
2025-04-14 12:04:13.028 70261 INFO tempest.lib.common.rest_client [req-7b072c25-a704-4048-a0cf-f84896ecd14b req-7b072c25-a704-4048-a0cf-f84896ecd14b ] Request (ServersAdminNegativeTestJSON:tearDownClass): 200 GET http://10.180.1.21/compute/v2.1/servers/b8ef718c-0837-4139-9dcd-e9716dfbbddb 0.110s
2025-04-14 12:04:13.042 70227 INFO tempest.lib.common.rest_client [req-1502dcaf-9dcb-40b4-9d44-3f97abe75ea5 req-1502dcaf-9dcb-40b4-9d44-3f97abe75ea5 ] Request (ServerMetadataNegativeTestJSON:setUpClass): 200 GET http://10.180.1.21/compute/v2.1/servers/cd55ecc9-a0e3-4331-b33a-8714e8578857 0.092s
2025-04-14 12:04:13.061 70233 INFO tempest.lib.common.rest_client [req-267983bb-958a-4436-a07a-f20bf3e654ab req-267983bb-958a-4436-a07a-f20bf3e654ab ] Request (HypervisorAdminNegativeTestJSON:setUpClass): 200 GET http://10.180.1.21/identity/v3/domains?name=Default 0.049s
2025-04-14 12:04:13.106 70233 INFO tempest.lib.common.rest_client [req-374a221d-2e9f-4b4f-a37b-edc90628597d req-374a221d-2e9f-4b4f-a37b-edc90628597d ] Request (HypervisorAdminNegativeTestJSON:setUpClass): 201 POST http://10.180.1.21/identity/v3/projects 0.044s
2025-04-14 12:04:13.107 70229 INFO tempest.lib.common.rest_client [req-6cf4f281-f1a3-4190-915f-4dbb981dedf4 req-6cf4f281-f1a3-4190-915f-4dbb981dedf4 ] Request (InstanceActionsTestJSON:tearDownClass): 200 GET http://10.180.1.21/compute/v2.1/servers/334e7a11-d6da-48fb-b370-8652965bca1f 0.092s
2025-04-14 12:04:13.130 70279 INFO tempest.lib.common.rest_client [req-597d4d65-396d-4aa2-8146-aaf06263d290 req-597d4d65-396d-4aa2-8146-aaf06263d290 ] Request (VolumesAdminNegativeTest:test_update_attached_volume_with_nonexistent_volume_in_uri): 200 GET http://10.180.1.21/compute/v2.1/servers/78e4f0ef-ee1b-4e97-963e-1ebcd4f53af3 0.059s
2025-04-14 12:04:13.169 70223 INFO tempest.lib.common.rest_client [req-78253168-ccde-44ca-a8f5-563d13afcf17 req-78253168-ccde-44ca-a8f5-563d13afcf17 ] Request (ServerAddressesTestJSON:tearDownClass): 200 GET http://10.180.1.21/compute/v2.1/servers/72e8496a-7660-43fb-96ea-c2838b6d6664 0.082s
2025-04-14 12:04:13.180 70233 INFO tempest.lib.common.rest_client [req-2d8dc6f1-0496-4a0e-b9b4-82a4dddd624b req-2d8dc6f1-0496-4a0e-b9b4-82a4dddd624b ] Request (HypervisorAdminNegativeTestJSON:setUpClass): 201 POST http://10.180.1.21/identity/v3/users 0.073s
2025-04-14 12:04:13.196 70271 INFO tempest.lib.common.rest_client [req-608fb4ff-fc7f-4f37-b955-d61643654dbb req-608fb4ff-fc7f-4f37-b955-d61643654dbb ] Request (ServersTestJSON:test_create_specify_keypair): 200 GET http://10.180.1.21/compute/v2.1/servers/1a6a4e4e-0ebd-4940-8003-19fbcd216194 0.054s
2025-04-14 12:04:13.210 70233 INFO tempest.lib.common.rest_client [req-22ef1a97-edd4-4020-85bb-bd46ad1879ae req-22ef1a97-edd4-4020-85bb-bd46ad1879ae ] Request (HypervisorAdminNegativeTestJSON:setUpClass): 200 GET http://10.180.1.21/identity/v3/roles 0.030s
2025-04-14 12:04:13.240 70233 INFO tempest.lib.common.rest_client [req-c655dbd6-172e-4fed-be63-5ea6bb8e7242 req-c655dbd6-172e-4fed-be63-5ea6bb8e7242 ] Request (HypervisorAdminNegativeTestJSON:setUpClass): 204 PUT http://10.180.1.21/identity/v3/projects/deb9f61264904a75b0eb2d9754b9e247/users/01e4f33bcb1b4e389090899d1131f757/roles/f55dc9cde9b9410485b2f2d509731c66 0.029s
2025-04-14 12:04:13.240 70233 INFO tempest.lib.common.dynamic_creds [-] Dynamic test user 01e4f33bcb1b4e389090899d1131f757 is created with scope project and roles: ['member']
2025-04-14 12:04:13.241 70233 INFO tempest.lib.common.dynamic_creds [-] Acquired dynamic creds: credentials: Credentials: {'domain_id': 'default', 'domain_name': 'Default', 'username': 'tempest-HypervisorAdminNegativeTestJSON-116990605-project-member', 'project_domain_id': 'default', 'project_domain_name': 'Default', 'project_id': 'deb9f61264904a75b0eb2d9754b9e247', 'project_name': 'tempest-HypervisorAdminNegativeTestJSON-116990605', 'tenant_id': 'deb9f61264904a75b0eb2d9754b9e247', 'tenant_name': 'tempest-HypervisorAdminNegativeTestJSON-116990605', 'user_domain_id': 'default', 'user_domain_name': 'Default', 'user_id': '01e4f33bcb1b4e389090899d1131f757', 'system': None}, Network: None, Subnet: None, Router: None
2025-04-14 12:04:13.241 70233 INFO tempest.lib.common.dynamic_creds [-] Created isolated network resources for: credentials: Credentials: {'domain_id': 'default', 'domain_name': 'Default', 'username': 'tempest-HypervisorAdminNegativeTestJSON-116990605-project-member', 'project_domain_id': 'default', 'project_domain_name': 'Default', 'project_id': 'deb9f61264904a75b0eb2d9754b9e247', 'project_name': 'tempest-HypervisorAdminNegativeTestJSON-116990605', 'tenant_id': 'deb9f61264904a75b0eb2d9754b9e247', 'tenant_name': 'tempest-HypervisorAdminNegativeTestJSON-116990605', 'user_domain_id': 'default', 'user_domain_name': 'Default', 'user_id': '01e4f33bcb1b4e389090899d1131f757', 'system': None}, Network: None, Subnet: None, Router: None
2025-04-14 12:04:13.291 70249 INFO tempest.lib.common.rest_client [req-b79587e6-562c-4c0d-af1f-3629dbe89306 req-b79587e6-562c-4c0d-af1f-3629dbe89306 ] Request (ServersTestBootFromVolume:tearDownClass): 200 GET http://10.180.1.21/compute/v2.1/servers/bf6c6705-14ef-4200-ba89-afdcd12d9950 0.071s
2025-04-14 12:04:13.302 70247 INFO tempest.lib.common.rest_client [req-fbc79432-0c3e-497a-99aa-c9c02f483c72 req-fbc79432-0c3e-497a-99aa-c9c02f483c72 ] Request (ServersNegativeTestMultiTenantJSON:tearDownClass): 200 GET http://10.180.1.21/compute/v2.1/servers/028ea91d-7739-430b-91f8-4f7be9711f71 0.113s
2025-04-14 12:04:13.315 70233 INFO tempest.lib.common.rest_client [req-956f9d5c-a43d-479b-aed5-5d84beef31e3 req-956f9d5c-a43d-479b-aed5-5d84beef31e3 ] Request (HypervisorAdminNegativeTestJSON:setUpClass): 201 POST http://10.180.1.21/identity/v3/auth/tokens 0.071s
2025-04-14 12:04:13.359 70281 INFO tempest.lib.common.rest_client [req-07d859a1-e45d-4679-a2b2-ca73511c5388 req-07d859a1-e45d-4679-a2b2-ca73511c5388 ] Request (ServersListShow298Test:tearDownClass): 200 GET http://10.180.1.21/compute/v2.1/servers/5c2d1139-db6c-4078-a9dc-7abf2359d4c5 0.095s
2025-04-14 12:04:13.363 70267 INFO tempest.lib.common.rest_client [req-96e7632e-e984-44d2-b114-1949dd9889e7 req-96e7632e-e984-44d2-b114-1949dd9889e7 ] Request (AttachInterfacesTestJSON:test_create_list_show_delete_interfaces_by_network_port): 200 GET http://10.180.1.21/compute/v2.1/servers/29ebea62-7792-4776-96fd-677116c75b62 0.076s
2025-04-14 12:04:13.376 70233 INFO tempest.lib.common.rest_client [req-44f2b2e2-93ce-49d2-8f39-d443a68a48ec req-44f2b2e2-93ce-49d2-8f39-d443a68a48ec ] Request (HypervisorAdminNegativeTestJSON:setUpClass): 201 POST http://10.180.1.21/identity/v3/projects 0.060s
2025-04-14 12:04:13.428 70277 INFO tempest.lib.common.rest_client [req-f1ca331f-bd67-43c9-b42a-1c2e042479f0 req-f1ca331f-bd67-43c9-b42a-1c2e042479f0 ] Request (DeleteServersTestJSON:test_delete_active_server): 200 GET http://10.180.1.21/compute/v2.1/servers/a19f2fa3-bf33-46a7-8619-053432f894c6 0.075s
2025-04-14 12:04:13.436 70233 INFO tempest.lib.common.rest_client [req-2004dd97-d23c-48af-96b6-c7f00012336e req-2004dd97-d23c-48af-96b6-c7f00012336e ] Request (HypervisorAdminNegativeTestJSON:setUpClass): 201 POST http://10.180.1.21/identity/v3/users 0.058s
2025-04-14 12:04:13.457 70233 INFO tempest.lib.common.rest_client [req-b132d460-ad74-4df0-aedc-ecadcb504c79 req-b132d460-ad74-4df0-aedc-ecadcb504c79 ] Request (HypervisorAdminNegativeTestJSON:setUpClass): 200 GET http://10.180.1.21/identity/v3/roles 0.021s
2025-04-14 12:04:13.483 70233 INFO tempest.lib.common.rest_client [req-14dc9c1c-3d49-4b76-8f31-06631fb80185 req-14dc9c1c-3d49-4b76-8f31-06631fb80185 ] Request (HypervisorAdminNegativeTestJSON:setUpClass): 204 PUT http://10.180.1.21/identity/v3/projects/d99a40552dec46009cdaac55f6514042/users/0a705dc7be644ab2a135e23c673cbbfa/roles/a428a8caaf5e492482570235c5e4cbc8 0.025s
2025-04-14 12:04:13.488 70243 INFO tempest.lib.common.rest_client [req-44e37cfa-4ee8-4c7b-8861-bb21d41f7ed8 req-44e37cfa-4ee8-4c7b-8861-bb21d41f7ed8 ] Request (ImagesTestJSON:test_create_server_from_snapshot): 200 GET http://10.180.1.21/compute/v2.1/servers/d6f582ae-6abd-4402-85c2-ff9624ed1c61 0.166s
2025-04-14 12:04:13.496 70243 INFO tempest.common.waiters [-] State transition "BUILD/networking" ==> "BUILD/block_device_mapping" after 41 second wait
2025-04-14 12:04:13.530 70233 INFO tempest.lib.common.rest_client [req-56c2b1cf-288b-4fda-89e0-a92191257b03 req-56c2b1cf-288b-4fda-89e0-a92191257b03 ] Request (HypervisorAdminNegativeTestJSON:setUpClass): 200 GET http://10.180.1.21/identity/v3/roles 0.046s
2025-04-14 12:04:13.550 70233 INFO tempest.lib.common.rest_client [req-f34d663c-e657-4559-9ba0-9c4d95297e69 req-f34d663c-e657-4559-9ba0-9c4d95297e69 ] Request (HypervisorAdminNegativeTestJSON:setUpClass): 204 PUT http://10.180.1.21/identity/v3/projects/d99a40552dec46009cdaac55f6514042/users/0a705dc7be644ab2a135e23c673cbbfa/roles/a428a8caaf5e492482570235c5e4cbc8 0.020s
2025-04-14 12:04:13.550 70233 INFO tempest.lib.common.dynamic_creds [-] Dynamic test user 0a705dc7be644ab2a135e23c673cbbfa is created with scope project and roles: ['admin']
2025-04-14 12:04:13.550 70233 INFO tempest.lib.common.dynamic_creds [-] Acquired dynamic creds: credentials: Credentials: {'domain_id': 'default', 'domain_name': 'Default', 'username': 'tempest-HypervisorAdminNegativeTestJSON-1262568630-project-admin', 'project_domain_id': 'default', 'project_domain_name': 'Default', 'project_id': 'd99a40552dec46009cdaac55f6514042', 'project_name': 'tempest-HypervisorAdminNegativeTestJSON-1262568630', 'tenant_id': 'd99a40552dec46009cdaac55f6514042', 'tenant_name': 'tempest-HypervisorAdminNegativeTestJSON-1262568630', 'user_domain_id': 'default', 'user_domain_name': 'Default', 'user_id': '0a705dc7be644ab2a135e23c673cbbfa', 'system': None}, Network: None, Subnet: None, Router: None
2025-04-14 12:04:13.550 70233 INFO tempest.lib.common.dynamic_creds [-] Created isolated network resources for: credentials: Credentials: {'domain_id': 'default', 'domain_name': 'Default', 'username': 'tempest-HypervisorAdminNegativeTestJSON-1262568630-project-admin', 'project_domain_id': 'default', 'project_domain_name': 'Default', 'project_id': 'd99a40552dec46009cdaac55f6514042', 'project_name': 'tempest-HypervisorAdminNegativeTestJSON-1262568630', 'tenant_id': 'd99a40552dec46009cdaac55f6514042', 'tenant_name': 'tempest-HypervisorAdminNegativeTestJSON-1262568630', 'user_domain_id': 'default', 'user_domain_name': 'Default', 'user_id': '0a705dc7be644ab2a135e23c673cbbfa', 'system': None}, Network: None, Subnet: None, Router: None
2025-04-14 12:04:13.557 70259 INFO tempest.lib.common.rest_client [req-98dc7fcf-fc8a-489f-a982-71c9cb734295 req-98dc7fcf-fc8a-489f-a982-71c9cb734295 ] Request (FloatingIPsAssociationTestJSON:tearDownClass): 200 GET http://10.180.1.21/compute/v2.1/servers/5492fe6f-c1ca-4132-aa46-943a45a52da7 0.060s
2025-04-14 12:04:13.560 70237 INFO tempest.lib.common.rest_client [req-f5c4e945-59af-4ee3-8421-7109550f916b req-f5c4e945-59af-4ee3-8421-7109550f916b ] Request (ServerPasswordTestJSON:setUpClass): 200 GET http://10.180.1.21/compute/v2.1/servers/58a178b1-ebeb-4c63-96fc-9db5f823d8f1 0.101s
2025-04-14 12:04:13.615 70233 INFO tempest.lib.common.rest_client [req-70050dcf-26df-44d7-bc0a-2edede79f281 req-70050dcf-26df-44d7-bc0a-2edede79f281 ] Request (HypervisorAdminNegativeTestJSON:setUpClass): 201 POST http://10.180.1.21/identity/v3/auth/tokens 0.062s
2025-04-14 12:04:13.688 70225 INFO tempest.lib.common.rest_client [req-584563f6-a235-4246-a297-2adb1e15e8f9 req-584563f6-a235-4246-a297-2adb1e15e8f9 ] Request (ImagesOneServerNegativeTestJSON:_run_cleanups): 200 GET http://10.180.1.21/compute/v2.1/servers/c227e17a-42bb-404a-bb97-fe58ca6698e9 0.056s
2025-04-14 12:04:13.714 70233 INFO tempest.lib.common.rest_client [req-a9f94f41-e12e-446f-8d28-1d835e69c27f req-a9f94f41-e12e-446f-8d28-1d835e69c27f ] Request (HypervisorAdminNegativeTestJSON:test_get_hypervisor_list_details_with_non_admin_user): 403 GET http://10.180.1.21/compute/v2.1/os-hypervisors/detail 0.098s
2025-04-14 12:04:13.723 70233 INFO tempest.lib.common.rest_client [req-d4c1ec9d-8250-4782-8477-2629ec34abc2 req-d4c1ec9d-8250-4782-8477-2629ec34abc2 ] Request (HypervisorAdminNegativeTestJSON:test_get_hypervisor_list_with_non_admin_user): 403 GET http://10.180.1.21/compute/v2.1/os-hypervisors 0.008s
2025-04-14 12:04:13.732 70233 INFO tempest.lib.common.rest_client [req-51f69a56-6c12-490d-aced-39cf1e89d930 req-51f69a56-6c12-490d-aced-39cf1e89d930 ] Request (HypervisorAdminNegativeTestJSON:test_get_hypervisor_stats_with_non_admin_user): 403 GET http://10.180.1.21/compute/v2.1/os-hypervisors/statistics 0.007s
2025-04-14 12:04:13.751 70263 INFO tempest.lib.common.rest_client [req-0b31c298-1425-401e-b948-890cea5c1bdf req-0b31c298-1425-401e-b948-890cea5c1bdf ] Request (ServerActionsTestOtherB:test_create_backup): 200 GET http://10.180.1.21/image/v2/images/de78fc0b-7437-4d18-b5ef-935380554cdb 0.019s
2025-04-14 12:04:13.780 70269 INFO tempest.lib.common.rest_client [req-5690dd60-d5ec-4138-8920-deff10576a50 req-5690dd60-d5ec-4138-8920-deff10576a50 ] Request (MigrationsAdminTest:test_resize_server_revert_deleted_flavor): 200 GET http://10.180.1.21/compute/v2.1/servers/26adcc07-ec19-4679-80af-0c072d0b9fdc 0.135s
2025-04-14 12:04:13.781 70233 INFO tempest.lib.common.rest_client [req-002db144-f795-4008-8b42-04197902a1a0 req-002db144-f795-4008-8b42-04197902a1a0 ] Request (HypervisorAdminNegativeTestJSON:test_get_hypervisor_uptime_with_non_admin_user): 200 GET http://10.180.1.21/compute/v2.1/os-hypervisors 0.047s
2025-04-14 12:04:13.790 70233 INFO tempest.lib.common.rest_client [req-63cb0672-2ff4-47a9-a689-c70765090a49 req-63cb0672-2ff4-47a9-a689-c70765090a49 ] Request (HypervisorAdminNegativeTestJSON:test_get_hypervisor_uptime_with_non_admin_user): 403 GET http://10.180.1.21/compute/v2.1/os-hypervisors/1/uptime 0.007s
2025-04-14 12:04:13.800 70233 INFO tempest.lib.common.rest_client [req-0afa11ae-46a0-4d25-8bdc-0bdc40572e25 req-0afa11ae-46a0-4d25-8bdc-0bdc40572e25 ] Request (HypervisorAdminNegativeTestJSON:test_get_nonexistent_hypervisor_uptime): 404 GET http://10.180.1.21/compute/v2.1/os-hypervisors/829e0f6c-5f40-46ea-91ea-1de1f865fb00/uptime 0.009s
