2025-04-14 12:04:19.945 70277 INFO tempest.lib.common.rest_client [req-11608003-dbaa-44c6-8051-f11ceb3fd568 req-11608003-dbaa-44c6-8051-f11ceb3fd568 ] Request (DeleteServersTestJSON:test_delete_active_server): 200 GET http://10.180.1.21/compute/v2.1/servers/a19f2fa3-bf33-46a7-8619-053432f894c6 0.372s
2025-04-14 12:04:20.045 70281 INFO tempest.lib.common.rest_client [req-211f0ea9-5b0e-4b92-a1a5-364d7a4c89bf req-211f0ea9-5b0e-4b92-a1a5-364d7a4c89bf ] Request (ServersListShow298Test:tearDownClass): 200 GET http://10.180.1.21/compute/v2.1/servers/5c2d1139-db6c-4078-a9dc-7abf2359d4c5 0.400s
2025-04-14 12:04:20.103 70263 INFO tempest.lib.common.rest_client [req-cdfc4124-1b59-4b08-aeae-5e5bed2b1595 req-cdfc4124-1b59-4b08-aeae-5e5bed2b1595 ] Request (ServerActionsTestOtherB:test_create_backup): 200 GET http://10.180.1.21/image/v2/images/de78fc0b-7437-4d18-b5ef-935380554cdb 0.017s
2025-04-14 12:04:20.133 70259 INFO tempest.lib.common.rest_client [req-9a2c7e7a-42c5-4ea2-bf87-12e35d619512 req-9a2c7e7a-42c5-4ea2-bf87-12e35d619512 ] Request (FloatingIPsAssociationTestJSON:tearDownClass): 200 GET http://10.180.1.21/compute/v2.1/servers/5492fe6f-c1ca-4132-aa46-943a45a52da7 0.423s
2025-04-14 12:04:20.160 70249 INFO tempest.lib.common.rest_client [req-b09e1699-93d3-4f7c-ac0b-e84b370f2a9e req-b09e1699-93d3-4f7c-ac0b-e84b370f2a9e ] Request (ServersTestBootFromVolume:tearDownClass): 202 DELETE http://10.180.1.21/compute/v2.1/os-keypairs/tempest-keypair-1995995510 0.394s
2025-04-14 12:04:20.241 70225 INFO tempest.lib.common.rest_client [req-85f81155-c623-4264-b3ca-612a7f2686cd req-85f81155-c623-4264-b3ca-612a7f2686cd ] Request (ImagesOneServerNegativeTestJSON:_run_cleanups): 200 GET http://10.180.1.21/compute/v2.1/servers/c227e17a-42bb-404a-bb97-fe58ca6698e9 0.463s
2025-04-14 12:04:20.249 70249 INFO tempest.lib.common.rest_client [req-7ae02a63-d4be-49bd-b6e3-a83306270df2 req-7ae02a63-d4be-49bd-b6e3-a83306270df2 ] Request (ServersTestBootFromVolume:tearDownClass): 204 DELETE http://10.180.1.21:9696/networking/v2.0/security-groups/43231f0d-d284-400b-97a1-fd8cbcf5f4ac 0.089s
2025-04-14 12:04:20.262 70249 INFO tempest.lib.common.rest_client [req-6aafc11c-3889-4ab5-a98b-a47444009f33 req-6aafc11c-3889-4ab5-a98b-a47444009f33 ] Request (ServersTestBootFromVolume:tearDownClass): 404 GET http://10.180.1.21:9696/networking/v2.0/security-groups/43231f0d-d284-400b-97a1-fd8cbcf5f4ac 0.013s
2025-04-14 12:04:20.271 70261 INFO tempest.lib.common.rest_client [req-ce2e2da6-eea7-4e05-a0fa-3a51478c46ed req-ce2e2da6-eea7-4e05-a0fa-3a51478c46ed ] Request (ImagesMetadataTestJSON:test_get_image_metadata_item): 200 GET http://10.180.1.21/compute/v2.1/images/838ca7a8-b699-489a-96b6-f639909f9098/metadata/os_distro 0.420s
2025-04-14 12:04:20.304 70233 INFO tempest.lib.common.rest_client [req-36cb4bc1-fe22-41c9-a78d-20c46e357476 req-36cb4bc1-fe22-41c9-a78d-20c46e357476 ] Request (SecurityGroupsNegativeTestJSON:test_security_group_get_nonexistent_group): 404 GET http://10.180.1.21/compute/v2.1/os-security-groups/66cb3bc1-d54c-488c-af2d-a6a535004672 0.429s
2025-04-14 12:04:20.322 70223 INFO tempest.lib.common.rest_client [req-381df071-9507-458b-b818-43af345584f5 req-381df071-9507-458b-b818-43af345584f5 ] Request (ServerAddressesTestJSON:tearDownClass): 204 DELETE http://10.180.1.21:9696/networking/v2.0/networks/abbe3297-54db-4d95-bf8e-626eaf83f5f0 0.502s
2025-04-14 12:04:20.436 70223 INFO tempest.lib.common.rest_client [req-55c67e60-74a8-45c0-9f98-f7a950dd3107 req-55c67e60-74a8-45c0-9f98-f7a950dd3107 ] Request (ServerAddressesTestJSON:tearDownClass): 204 DELETE http://10.180.1.21/identity/v3/users/8ac8a6e44e6b41e18fed26443f958924 0.114s
2025-04-14 12:04:20.436 70223 INFO tempest.lib.common.dynamic_creds [-] Deleting project and security group for project: dc0730c40f454815882bfa9003587f7e
2025-04-14 12:04:20.445 70237 INFO tempest.lib.common.rest_client [req-22106226-78be-4dde-b014-6a20d0a9df75 req-22106226-78be-4dde-b014-6a20d0a9df75 ] Request (ServerPasswordTestJSON:setUpClass): 200 GET http://10.180.1.21/compute/v2.1/servers/58a178b1-ebeb-4c63-96fc-9db5f823d8f1 0.549s
2025-04-14 12:04:20.458 70237 INFO tempest.common.waiters [-] State transition "BUILD/spawning" ==> "ACTIVE/None" after 49 second wait
2025-04-14 12:04:20.468 70249 INFO tempest.lib.common.rest_client [req-5acca891-5102-400e-b548-75e84d509460 req-5acca891-5102-400e-b548-75e84d509460 ] Request (ServersTestBootFromVolume:tearDownClass): 204 DELETE http://10.180.1.21:9696/networking/v2.0/floatingips/27a466cb-4e44-4f01-ba21-62a5602e2241 0.205s
2025-04-14 12:04:20.477 70241 WARNING tempest.lib.common.ssh [-] Failed to establish authenticated ssh connection to cirros@10.180.180.153 ([Errno None] Unable to connect to port 22 on 10.180.180.153). Number attempts: 5. Retry after 6 seconds.: paramiko.ssh_exception.NoValidConnectionsError: [Errno None] Unable to connect to port 22 on 10.180.180.153
2025-04-14 12:04:20.482 70223 INFO tempest.lib.common.rest_client [req-40daf92c-ab6a-486a-8824-ed644d455a1c req-40daf92c-ab6a-486a-8824-ed644d455a1c ] Request (ServerAddressesTestJSON:tearDownClass): 200 GET http://10.180.1.21:9696/networking/v2.0/security-groups?tenant_id=dc0730c40f454815882bfa9003587f7e&name=default 0.044s
2025-04-14 12:04:20.619 70243 INFO tempest.lib.common.rest_client [req-2492cc0f-2251-4d4d-b555-d1c98b8a7444 req-2492cc0f-2251-4d4d-b555-d1c98b8a7444 ] Request (ImagesTestJSON:test_create_server_from_snapshot): 200 GET http://10.180.1.21/compute/v2.1/servers/d6f582ae-6abd-4402-85c2-ff9624ed1c61 0.719s
2025-04-14 12:04:20.658 70223 INFO tempest.lib.common.rest_client [req-88110eab-6f45-405d-af02-f53e8e6f6ddc req-88110eab-6f45-405d-af02-f53e8e6f6ddc ] Request (ServerAddressesTestJSON:tearDownClass): 204 DELETE http://10.180.1.21:9696/networking/v2.0/security-groups/b60e5281-17ac-40e3-ae82-00aa9f0b9fe3 0.175s
2025-04-14 12:04:20.739 70223 INFO tempest.lib.common.rest_client [req-54253f92-2315-46d7-8294-11b5a2446af5 req-54253f92-2315-46d7-8294-11b5a2446af5 ] Request (ServerAddressesTestJSON:tearDownClass): 204 DELETE http://10.180.1.21/identity/v3/projects/dc0730c40f454815882bfa9003587f7e 0.081s
2025-04-14 12:04:20.745 70269 INFO tempest.lib.common.rest_client [req-c2c5a4e0-62a5-4881-a418-fb880c277fbd req-c2c5a4e0-62a5-4881-a418-fb880c277fbd ] Request (MigrationsAdminTest:test_resize_server_revert_deleted_flavor): 200 GET http://10.180.1.21/compute/v2.1/servers/26adcc07-ec19-4679-80af-0c072d0b9fdc 0.672s
2025-04-14 12:04:20.825 70223 INFO tempest.lib.common.rest_client [req-394eb984-4410-4bc2-95d8-2380e538537a req-394eb984-4410-4bc2-95d8-2380e538537a ] Request (TestVersions:setUpClass): 201 POST http://10.180.1.21/identity/v3/auth/tokens 0.084s
2025-04-14 12:04:20.869 70223 INFO tempest.lib.common.rest_client [req-2b7e0d38-3c41-40f1-9467-08c961e24d63 req-2b7e0d38-3c41-40f1-9467-08c961e24d63 ] Request (TestVersions:setUpClass): 201 POST http://10.180.1.21/identity/v3/auth/tokens 0.042s
2025-04-14 12:04:20.898 70223 INFO tempest.lib.common.rest_client [req-f7459d5c-2679-4eac-b071-bcf64f2237d8 req-f7459d5c-2679-4eac-b071-bcf64f2237d8 ] Request (TestVersions:setUpClass): 200 GET http://10.180.1.21/identity/v3/domains?name=Default 0.028s
2025-04-14 12:04:20.936 70223 INFO tempest.lib.common.rest_client [req-3e5250d2-58f6-4da8-89d5-422d39420c10 req-3e5250d2-58f6-4da8-89d5-422d39420c10 ] Request (TestVersions:setUpClass): 201 POST http://10.180.1.21/identity/v3/projects 0.037s
2025-04-14 12:04:20.953 70261 INFO tempest.lib.common.rest_client [req-079aa753-8c4b-40b2-a811-12be026a9986 req-079aa753-8c4b-40b2-a811-12be026a9986 ] Request (ImagesMetadataTestJSON:setUp): 200 PUT http://10.180.1.21/compute/v2.1/images/838ca7a8-b699-489a-96b6-f639909f9098/metadata 0.680s
2025-04-14 12:04:20.997 70223 INFO tempest.lib.common.rest_client [req-16cec0ef-a7d6-4f98-9bc7-3dd32992c60d req-16cec0ef-a7d6-4f98-9bc7-3dd32992c60d ] Request (TestVersions:setUpClass): 201 POST http://10.180.1.21/identity/v3/users 0.061s
2025-04-14 12:04:21.034 70223 INFO tempest.lib.common.rest_client [req-dd7dd137-b773-468d-ba9e-b4f9089fb64a req-dd7dd137-b773-468d-ba9e-b4f9089fb64a ] Request (TestVersions:setUpClass): 200 GET http://10.180.1.21/identity/v3/roles 0.035s
2025-04-14 12:04:21.034 70275 WARNING tempest.lib.common.ssh [-] Failed to establish authenticated ssh connection to cirros@10.180.180.145 ([Errno None] Unable to connect to port 22 on 10.180.180.145). Number attempts: 7. Retry after 8 seconds.: paramiko.ssh_exception.NoValidConnectionsError: [Errno None] Unable to connect to port 22 on 10.180.180.145
2025-04-14 12:04:21.079 70223 INFO tempest.lib.common.rest_client [req-c72a2789-1820-4f12-b3d0-5a953416f727 req-c72a2789-1820-4f12-b3d0-5a953416f727 ] Request (TestVersions:setUpClass): 204 PUT http://10.180.1.21/identity/v3/projects/2d2c7f151e2f4e3bb093492722e3f778/users/d546b7899a6e474f8b990356a1615143/roles/f55dc9cde9b9410485b2f2d509731c66 0.045s
2025-04-14 12:04:21.080 70223 INFO tempest.lib.common.dynamic_creds [-] Dynamic test user d546b7899a6e474f8b990356a1615143 is created with scope project and roles: ['member']
2025-04-14 12:04:21.080 70223 INFO tempest.lib.common.dynamic_creds [-] Acquired dynamic creds: credentials: Credentials: {'domain_id': 'default', 'domain_name': 'Default', 'username': 'tempest-TestVersions-1449998473-project-member', 'project_domain_id': 'default', 'project_domain_name': 'Default', 'project_id': '2d2c7f151e2f4e3bb093492722e3f778', 'project_name': 'tempest-TestVersions-1449998473', 'tenant_id': '2d2c7f151e2f4e3bb093492722e3f778', 'tenant_name': 'tempest-TestVersions-1449998473', 'user_domain_id': 'default', 'user_domain_name': 'Default', 'user_id': 'd546b7899a6e474f8b990356a1615143', 'system': None}, Network: None, Subnet: None, Router: None
2025-04-14 12:04:21.080 70223 INFO tempest.lib.common.dynamic_creds [-] Created isolated network resources for: credentials: Credentials: {'domain_id': 'default', 'domain_name': 'Default', 'username': 'tempest-TestVersions-1449998473-project-member', 'project_domain_id': 'default', 'project_domain_name': 'Default', 'project_id': '2d2c7f151e2f4e3bb093492722e3f778', 'project_name': 'tempest-TestVersions-1449998473', 'tenant_id': '2d2c7f151e2f4e3bb093492722e3f778', 'tenant_name': 'tempest-TestVersions-1449998473', 'user_domain_id': 'default', 'user_domain_name': 'Default', 'user_id': 'd546b7899a6e474f8b990356a1615143', 'system': None}, Network: None, Subnet: None, Router: None
2025-04-14 12:04:21.091 70283 INFO tempest.lib.common.rest_client [req-94688af0-b68b-4197-9f49-8d404c9278e6 req-94688af0-b68b-4197-9f49-8d404c9278e6 ] Request (ServerRescueTestJSONUnderV235:test_rescued_vm_associate_dissociate_floating_ip): 202 POST http://10.180.1.21/compute/v2.1/servers/6f7fe935-bf84-4317-b97c-79c278d214f3/action 1.492s
2025-04-14 12:04:21.097 70235 INFO tempest.lib.common.rest_client [req-e5f0f218-38e3-4b05-8d6f-c1418b90851b req-e5f0f218-38e3-4b05-8d6f-c1418b90851b ] Request (ServersAdminTestJSON:test_rebuild_server_in_error_state): 200 GET http://10.180.1.21/compute/v2.1/servers/6d6d2c1c-8daf-40c1-a348-28588044e06d 0.818s
2025-04-14 12:04:21.117 70233 INFO tempest.lib.common.rest_client [req-40fb0c16-c5b9-466c-85eb-51f8ecf55c6c req-40fb0c16-c5b9-466c-85eb-51f8ecf55c6c ] Request (SecurityGroupsNegativeTestJSON:test_update_non_existent_security_group): 404 PUT http://10.180.1.21/compute/v2.1/os-security-groups/a9e6f15d-c12d-447d-90c3-ccef7a8579c3 0.811s
2025-04-14 12:04:21.126 70263 INFO tempest.lib.common.rest_client [req-08b626de-eb16-48f6-8eea-fde041fe5224 req-08b626de-eb16-48f6-8eea-fde041fe5224 ] Request (ServerActionsTestOtherB:test_create_backup): 200 GET http://10.180.1.21/image/v2/images/de78fc0b-7437-4d18-b5ef-935380554cdb 0.022s
2025-04-14 12:04:21.166 70237 INFO tempest.lib.common.rest_client [req-f3673a62-01c2-4d1b-9597-7f289479addf req-f3673a62-01c2-4d1b-9597-7f289479addf ] Request (ServerPasswordTestJSON:test_delete_server_password): 204 DELETE http://10.180.1.21/compute/v2.1/servers/58a178b1-ebeb-4c63-96fc-9db5f823d8f1/os-server-password 0.707s
2025-04-14 12:04:21.175 70223 INFO tempest.lib.common.rest_client [req-a3141a53-1562-454a-a373-bce94d53dfab req-a3141a53-1562-454a-a373-bce94d53dfab ] Request (TestVersions:setUpClass): 201 POST http://10.180.1.21/identity/v3/auth/tokens 0.091s
2025-04-14 12:04:21.181 70227 INFO tempest.lib.common.rest_client [req-ac847ca6-b01b-4e8b-a898-f1adc280c442 req-ac847ca6-b01b-4e8b-a898-f1adc280c442 ] Request (ServerMetadataNegativeTestJSON:setUpClass): 200 GET http://10.180.1.21/compute/v2.1/servers/cd55ecc9-a0e3-4331-b33a-8714e8578857 0.681s
2025-04-14 12:04:21.210 70249 INFO tempest.lib.common.rest_client [req-7ca851b4-f33b-4c6b-ad07-deefe53e2e47 req-7ca851b4-f33b-4c6b-ad07-deefe53e2e47 ] Request (ServersTestBootFromVolume:tearDownClass): 200 PUT http://10.180.1.21:9696/networking/v2.0/routers/442a8a81-caaa-43e4-a4d7-58338734f4ad/remove_router_interface 0.741s
2025-04-14 12:04:21.250 70279 INFO tempest.lib.common.rest_client [req-8d8ed835-f895-45a3-94ac-904df8ebecd0 req-8d8ed835-f895-45a3-94ac-904df8ebecd0 ] Request (VolumesAdminNegativeTest:test_update_attached_volume_with_nonexistent_volume_in_uri): 200 GET http://10.180.1.21/compute/v2.1/servers/78e4f0ef-ee1b-4e97-963e-1ebcd4f53af3 0.613s
2025-04-14 12:04:21.258 70229 INFO tempest.lib.common.rest_client [req-6f3c2c42-97d2-433c-8b6b-c07c968f1302 req-6f3c2c42-97d2-433c-8b6b-c07c968f1302 ] Request (InstanceActionsTestJSON:tearDownClass): 200 GET http://10.180.1.21/compute/v2.1/servers/334e7a11-d6da-48fb-b370-8652965bca1f 0.680s
2025-04-14 12:04:21.326 70251 INFO paramiko.transport [-] Connected (version 2.0, client dropbear_2020.81)
2025-04-14 12:04:21.333 70271 INFO tempest.lib.common.rest_client [req-7245e68a-1500-4994-b12c-b9e7dcbb20a6 req-7245e68a-1500-4994-b12c-b9e7dcbb20a6 ] Request (ServersTestJSON:test_create_specify_keypair): 200 GET http://10.180.1.21/compute/v2.1/servers/1a6a4e4e-0ebd-4940-8003-19fbcd216194 0.645s
2025-04-14 12:04:21.341 70247 INFO tempest.lib.common.rest_client [req-c5398dc0-d64b-4f48-b69c-913fb0cd1f5b req-c5398dc0-d64b-4f48-b69c-913fb0cd1f5b ] Request (ServersNegativeTestMultiTenantJSON:tearDownClass): 200 GET http://10.180.1.21/compute/v2.1/servers/028ea91d-7739-430b-91f8-4f7be9711f71 0.586s
2025-04-14 12:04:21.390 70267 INFO tempest.lib.common.rest_client [req-f79d5025-010c-4711-9044-83b8aeb3f25a req-f79d5025-010c-4711-9044-83b8aeb3f25a ] Request (AttachInterfacesTestJSON:test_create_list_show_delete_interfaces_by_network_port): 200 GET http://10.180.1.21/compute/v2.1/servers/29ebea62-7792-4776-96fd-677116c75b62 0.462s
2025-04-14 12:04:21.406 70261 INFO tempest.lib.common.rest_client [req-4dec75cf-bc48-4048-b4ec-85405dbf89df req-4dec75cf-bc48-4048-b4ec-85405dbf89df ] Request (ImagesMetadataTestJSON:test_list_image_metadata): 200 GET http://10.180.1.21/compute/v2.1/images/838ca7a8-b699-489a-96b6-f639909f9098/metadata 0.452s
2025-04-14 12:04:21.429 70251 INFO paramiko.transport [-] Authentication (publickey) successful!
2025-04-14 12:04:21.431 70251 INFO tempest.lib.common.ssh [-] ssh connection to cirros@10.180.180.211 successfully created
2025-04-14 12:04:21.439 70251 INFO tempest.lib.common.ssh [-] Creating ssh connection to '10.180.180.211:22' as 'cirros' with public key authentication
2025-04-14 12:04:21.442 70251 INFO paramiko.transport [-] Connected (version 2.0, client dropbear_2020.81)
2025-04-14 12:04:21.462 70277 INFO tempest.lib.common.rest_client [req-81421c22-8875-4eb3-93ff-5df6baa81875 req-81421c22-8875-4eb3-93ff-5df6baa81875 ] Request (DeleteServersTestJSON:test_delete_active_server): 200 GET http://10.180.1.21/compute/v2.1/servers/a19f2fa3-bf33-46a7-8619-053432f894c6 0.509s
2025-04-14 12:04:21.495 70281 INFO tempest.lib.common.rest_client [req-b7542e26-da44-41aa-8708-17a59a76e6ff req-b7542e26-da44-41aa-8708-17a59a76e6ff ] Request (ServersListShow298Test:tearDownClass): 200 GET http://10.180.1.21/compute/v2.1/servers/5c2d1139-db6c-4078-a9dc-7abf2359d4c5 0.418s
2025-04-14 12:04:21.499 70251 INFO paramiko.transport [-] Authentication (publickey) successful!
2025-04-14 12:04:21.500 70251 INFO tempest.lib.common.ssh [-] ssh connection to cirros@10.180.180.211 successfully created
2025-04-14 12:04:21.580 70259 INFO tempest.lib.common.rest_client [req-8d8c446a-4c8a-4dde-b634-851ce4843551 req-8d8c446a-4c8a-4dde-b634-851ce4843551 ] Request (FloatingIPsAssociationTestJSON:tearDownClass): 200 GET http://10.180.1.21/compute/v2.1/servers/5492fe6f-c1ca-4132-aa46-943a45a52da7 0.437s
2025-04-14 12:04:21.609 70237 INFO tempest.lib.common.rest_client [req-c78565b0-e676-4e66-a712-47a687e1d0e9 req-c78565b0-e676-4e66-a712-47a687e1d0e9 ] Request (ServerPasswordTestJSON:test_get_server_password): 200 GET http://10.180.1.21/compute/v2.1/servers/58a178b1-ebeb-4c63-96fc-9db5f823d8f1/os-server-password 0.441s
2025-04-14 12:04:21.614 70223 INFO tempest.lib.common.rest_client [-] Request (TestVersions:test_get_version_details): 200 GET http://10.180.1.21/compute/ 0.437s
2025-04-14 12:04:21.676 70225 INFO tempest.lib.common.rest_client [req-a859d2ef-8a0b-41e4-9062-5f5031b7f33f req-a859d2ef-8a0b-41e4-9062-5f5031b7f33f ] Request (ImagesOneServerNegativeTestJSON:_run_cleanups): 200 GET http://10.180.1.21/compute/v2.1/servers/c227e17a-42bb-404a-bb97-fe58ca6698e9 0.426s
2025-04-14 12:04:21.834 70261 INFO tempest.lib.common.rest_client [req-0965e936-1027-4079-b3c3-494e4ee9ea8d req-0965e936-1027-4079-b3c3-494e4ee9ea8d ] Request (ImagesMetadataTestJSON:setUp): 200 PUT http://10.180.1.21/compute/v2.1/images/838ca7a8-b699-489a-96b6-f639909f9098/metadata 0.427s
2025-04-14 12:04:21.852 70249 INFO tempest.lib.common.rest_client [req-2488237a-77c1-4131-83e8-a44bdced4d83 req-2488237a-77c1-4131-83e8-a44bdced4d83 ] Request (ServersTestBootFromVolume:tearDownClass): 204 DELETE http://10.180.1.21:9696/networking/v2.0/routers/442a8a81-caaa-43e4-a4d7-58338734f4ad 0.641s
2025-04-14 12:04:21.945 70237 INFO tempest.lib.common.rest_client [req-bd451e9b-25e8-4689-9e6e-45a6722f59f7 req-bd451e9b-25e8-4689-9e6e-45a6722f59f7 ] Request (ServerPasswordTestJSON:tearDownClass): 204 DELETE http://10.180.1.21/compute/v2.1/servers/58a178b1-ebeb-4c63-96fc-9db5f823d8f1 0.335s
2025-04-14 12:04:21.950 70223 INFO tempest.lib.common.rest_client [req-99f55bbc-60b1-436e-a207-b170c4d404b4 req-99f55bbc-60b1-436e-a207-b170c4d404b4 ] Request (TestVersions:test_get_version_details): 200 GET http://10.180.1.21/compute/v2/ 0.333s
2025-04-14 12:04:22.058 70233 INFO tempest.lib.common.rest_client [req-b1e313da-66a4-4dd9-af9a-b8575852950b req-b1e313da-66a4-4dd9-af9a-b8575852950b ] Request (SecurityGroupsNegativeTestJSON:tearDownClass): 200 PUT http://10.180.1.21:9696/networking/v2.0/routers/d5f4edad-4fd2-4106-90a9-8c290bfeb699/remove_router_interface 0.939s
2025-04-14 12:04:22.085 70249 INFO tempest.lib.common.rest_client [req-1f38c690-af0c-480a-976b-934fc718560d req-1f38c690-af0c-480a-976b-934fc718560d ] Request (ServersTestBootFromVolume:tearDownClass): 204 DELETE http://10.180.1.21:9696/networking/v2.0/subnets/1e95af94-7e39-431b-889a-bcb1d5503176 0.232s
2025-04-14 12:04:22.090 70243 INFO tempest.lib.common.rest_client [req-dc3ceff9-3ba0-414b-a6b2-952a55e87fba req-dc3ceff9-3ba0-414b-a6b2-952a55e87fba ] Request (ImagesTestJSON:test_create_server_from_snapshot): 200 GET http://10.180.1.21/compute/v2.1/servers/d6f582ae-6abd-4402-85c2-ff9624ed1c61 0.462s
2025-04-14 12:04:22.151 70263 INFO tempest.lib.common.rest_client [req-40b98911-2132-4e00-af74-5c4363e342b7 req-40b98911-2132-4e00-af74-5c4363e342b7 ] Request (ServerActionsTestOtherB:test_create_backup): 200 GET http://10.180.1.21/image/v2/images/de78fc0b-7437-4d18-b5ef-935380554cdb 0.023s
2025-04-14 12:04:22.249 70269 INFO tempest.lib.common.rest_client [req-ef0a011e-f832-4fee-a438-005be7262e96 req-ef0a011e-f832-4fee-a438-005be7262e96 ] Request (MigrationsAdminTest:test_resize_server_revert_deleted_flavor): 200 GET http://10.180.1.21/compute/v2.1/servers/26adcc07-ec19-4679-80af-0c072d0b9fdc 0.482s
2025-04-14 12:04:22.377 70231 WARNING tempest.lib.common.ssh [-] Failed to establish authenticated ssh connection to cirros@10.180.180.158 ([Errno None] Unable to connect to port 22 on 10.180.180.158). Number attempts: 13. Retry after 14 seconds.: paramiko.ssh_exception.NoValidConnectionsError: [Errno None] Unable to connect to port 22 on 10.180.180.158
2025-04-14 12:04:22.499 70283 INFO tempest.lib.common.rest_client [req-fe85ebc6-3660-4253-8800-131f213eec88 req-fe85ebc6-3660-4253-8800-131f213eec88 ] Request (ServerRescueTestJSONUnderV235:test_rescued_vm_associate_dissociate_floating_ip): 202 POST http://10.180.1.21/compute/v2.1/servers/6f7fe935-bf84-4317-b97c-79c278d214f3/action 1.407s
2025-04-14 12:04:22.503 70249 INFO tempest.lib.common.rest_client [req-b925b30c-874e-49d2-84ea-0ff12a31df59 req-b925b30c-874e-49d2-84ea-0ff12a31df59 ] Request (ServersTestBootFromVolume:tearDownClass): 204 DELETE http://10.180.1.21:9696/networking/v2.0/networks/02ca10fa-aace-47ed-8557-0b477bd7e5d1 0.417s
2025-04-14 12:04:22.516 70261 INFO tempest.lib.common.rest_client [req-06f8e3a9-ba87-42e7-8d78-2bedb762f79e req-06f8e3a9-ba87-42e7-8d78-2bedb762f79e ] Request (ImagesMetadataTestJSON:test_set_image_metadata): 200 PUT http://10.180.1.21/compute/v2.1/images/838ca7a8-b699-489a-96b6-f639909f9098/metadata 0.681s
2025-04-14 12:04:22.523 70223 INFO tempest.lib.common.rest_client [req-d4917f7c-e89f-4b89-8c70-1bff52c3420f req-d4917f7c-e89f-4b89-8c70-1bff52c3420f ] Request (TestVersions:test_get_version_details): 200 GET http://10.180.1.21/compute/v2.1/ 0.570s
2025-04-14 12:04:22.593 70233 INFO tempest.lib.common.rest_client [req-bbf9ae71-4dc1-4dd8-a749-6129e6a2f494 req-bbf9ae71-4dc1-4dd8-a749-6129e6a2f494 ] Request (SecurityGroupsNegativeTestJSON:tearDownClass): 204 DELETE http://10.180.1.21:9696/networking/v2.0/routers/d5f4edad-4fd2-4106-90a9-8c290bfeb699 0.534s
2025-04-14 12:04:22.658 70249 INFO tempest.lib.common.rest_client [req-5b09c4d5-5f6b-4cb8-bea5-5cdc698c40d9 req-5b09c4d5-5f6b-4cb8-bea5-5cdc698c40d9 ] Request (ServersTestBootFromVolume:tearDownClass): 204 DELETE http://10.180.1.21/identity/v3/users/1f16f36731634ca0b5d9631869678f35 0.154s
2025-04-14 12:04:22.658 70249 INFO tempest.lib.common.dynamic_creds [-] Deleting project and security group for project: 53ddd8794373497490c340c31f1b8f58
2025-04-14 12:04:22.671 70235 INFO tempest.lib.common.rest_client [req-d3f0ca91-7a0e-47c6-b4ef-18911ecaa7a2 req-d3f0ca91-7a0e-47c6-b4ef-18911ecaa7a2 ] Request (ServersAdminTestJSON:test_rebuild_server_in_error_state): 200 GET http://10.180.1.21/compute/v2.1/servers/6d6d2c1c-8daf-40c1-a348-28588044e06d 0.564s
2025-04-14 12:04:22.679 70235 INFO tempest.common.waiters [-] State transition "REBUILD/rebuild_spawning" ==> "ACTIVE/None" after 13 second wait
2025-04-14 12:04:22.694 70249 INFO tempest.lib.common.rest_client [req-fc9b34c6-b842-4cc9-8bea-0efc918abe67 req-fc9b34c6-b842-4cc9-8bea-0efc918abe67 ] Request (ServersTestBootFromVolume:tearDownClass): 200 GET http://10.180.1.21:9696/networking/v2.0/security-groups?tenant_id=53ddd8794373497490c340c31f1b8f58&name=default 0.035s
2025-04-14 12:04:22.706 70237 INFO tempest.lib.common.rest_client [req-5739b675-d771-43f7-8a2f-25508ac9d0ab req-5739b675-d771-43f7-8a2f-25508ac9d0ab ] Request (ServerPasswordTestJSON:tearDownClass): 200 GET http://10.180.1.21/compute/v2.1/servers/58a178b1-ebeb-4c63-96fc-9db5f823d8f1 0.760s
2025-04-14 12:04:22.730 70227 INFO tempest.lib.common.rest_client [req-5bff4f5d-ad2b-4375-baa5-c60e9839c6c8 req-5bff4f5d-ad2b-4375-baa5-c60e9839c6c8 ] Request (ServerMetadataNegativeTestJSON:setUpClass): 200 GET http://10.180.1.21/compute/v2.1/servers/cd55ecc9-a0e3-4331-b33a-8714e8578857 0.538s
2025-04-14 12:04:22.750 70233 INFO tempest.lib.common.rest_client [req-91332fc6-3885-4204-9436-d8917ce58152 req-91332fc6-3885-4204-9436-d8917ce58152 ] Request (SecurityGroupsNegativeTestJSON:tearDownClass): 204 DELETE http://10.180.1.21:9696/networking/v2.0/subnets/ccf5ce09-bc85-4513-b129-3b4fd4f355b6 0.156s
2025-04-14 12:04:22.765 70279 INFO tempest.lib.common.rest_client [req-0187c40f-5bf0-47af-a185-db036bf070be req-0187c40f-5bf0-47af-a185-db036bf070be ] Request (VolumesAdminNegativeTest:test_update_attached_volume_with_nonexistent_volume_in_uri): 200 GET http://10.180.1.21/compute/v2.1/servers/78e4f0ef-ee1b-4e97-963e-1ebcd4f53af3 0.505s
2025-04-14 12:04:22.802 70229 INFO tempest.lib.common.rest_client [req-c7a682c1-d1d3-4dd0-99ad-0a7faf19c979 req-c7a682c1-d1d3-4dd0-99ad-0a7faf19c979 ] Request (InstanceActionsTestJSON:tearDownClass): 200 GET http://10.180.1.21/compute/v2.1/servers/334e7a11-d6da-48fb-b370-8652965bca1f 0.531s
2025-04-14 12:04:22.820 70271 INFO tempest.lib.common.rest_client [req-b021f68d-e04a-4b1c-bd8e-7bb0dff67f18 req-b021f68d-e04a-4b1c-bd8e-7bb0dff67f18 ] Request (ServersTestJSON:test_create_specify_keypair): 200 GET http://10.180.1.21/compute/v2.1/servers/1a6a4e4e-0ebd-4940-8003-19fbcd216194 0.475s
2025-04-14 12:04:22.844 70249 INFO tempest.lib.common.rest_client [req-ab9f8491-348d-4737-ae89-8bd16650fa79 req-ab9f8491-348d-4737-ae89-8bd16650fa79 ] Request (ServersTestBootFromVolume:tearDownClass): 204 DELETE http://10.180.1.21:9696/networking/v2.0/security-groups/c2771976-3596-4725-aae6-79d4ad280e8a 0.149s
2025-04-14 12:04:22.875 70247 INFO tempest.lib.common.rest_client [req-ae9d2dca-243a-4c73-add4-70c3cdabdfef req-ae9d2dca-243a-4c73-add4-70c3cdabdfef ] Request (ServersNegativeTestMultiTenantJSON:tearDownClass): 200 GET http://10.180.1.21/compute/v2.1/servers/028ea91d-7739-430b-91f8-4f7be9711f71 0.521s
2025-04-14 12:04:22.881 70267 INFO tempest.lib.common.rest_client [req-13194c56-7141-4ba4-ac4e-13c59cdbcef6 req-13194c56-7141-4ba4-ac4e-13c59cdbcef6 ] Request (AttachInterfacesTestJSON:test_create_list_show_delete_interfaces_by_network_port): 200 GET http://10.180.1.21/compute/v2.1/servers/29ebea62-7792-4776-96fd-677116c75b62 0.479s
2025-04-14 12:04:22.906 70233 INFO tempest.lib.common.rest_client [req-dd0a41bd-e8c1-4bd9-9ee5-6ee38512c871 req-dd0a41bd-e8c1-4bd9-9ee5-6ee38512c871 ] Request (SecurityGroupsNegativeTestJSON:tearDownClass): 204 DELETE http://10.180.1.21:9696/networking/v2.0/networks/306d23b7-69ac-4b59-9602-5e1bd52bb705 0.155s
2025-04-14 12:04:22.957 70249 INFO tempest.lib.common.rest_client [req-c2cc42c6-2788-4eec-9e1d-978691586cc7 req-c2cc42c6-2788-4eec-9e1d-978691586cc7 ] Request (ServersTestBootFromVolume:tearDownClass): 204 DELETE http://10.180.1.21/identity/v3/projects/53ddd8794373497490c340c31f1b8f58 0.113s
2025-04-14 12:04:22.958 70277 INFO tempest.lib.common.rest_client [req-edfc6796-aa40-4385-982a-cfa62224b687 req-edfc6796-aa40-4385-982a-cfa62224b687 ] Request (DeleteServersTestJSON:test_delete_active_server): 200 GET http://10.180.1.21/compute/v2.1/servers/a19f2fa3-bf33-46a7-8619-053432f894c6 0.483s
2025-04-14 12:04:22.981 70281 INFO tempest.lib.common.rest_client [req-4f9198a2-d2b1-45d4-ab4b-fc401b5883ad req-4f9198a2-d2b1-45d4-ab4b-fc401b5883ad ] Request (ServersListShow298Test:tearDownClass): 404 GET http://10.180.1.21/compute/v2.1/servers/5c2d1139-db6c-4078-a9dc-7abf2359d4c5 0.473s
2025-04-14 12:04:22.992 70233 INFO tempest.lib.common.rest_client [req-f9f0325d-682d-4c24-a5d9-ec1ad6a88f38 req-f9f0325d-682d-4c24-a5d9-ec1ad6a88f38 ] Request (SecurityGroupsNegativeTestJSON:tearDownClass): 204 DELETE http://10.180.1.21/identity/v3/users/75ff6d7e94a34512ae5368167f31e020 0.085s
2025-04-14 12:04:22.992 70233 INFO tempest.lib.common.dynamic_creds [-] Deleting project and security group for project: c15566175dc8403d9f427e0ded0dbfe8
2025-04-14 12:04:23.016 70261 INFO tempest.lib.common.rest_client [req-156092bf-c856-4361-830b-49c018bb65a8 req-156092bf-c856-4361-830b-49c018bb65a8 ] Request (ImagesMetadataTestJSON:test_set_image_metadata): 200 GET http://10.180.1.21/compute/v2.1/images/838ca7a8-b699-489a-96b6-f639909f9098/metadata 0.499s
2025-04-14 12:04:23.025 70233 INFO tempest.lib.common.rest_client [req-a0f385a0-00b9-4919-80a3-905bef325a0c req-a0f385a0-00b9-4919-80a3-905bef325a0c ] Request (SecurityGroupsNegativeTestJSON:tearDownClass): 200 GET http://10.180.1.21:9696/networking/v2.0/security-groups?tenant_id=c15566175dc8403d9f427e0ded0dbfe8&name=default 0.032s
2025-04-14 12:04:23.025 70223 INFO tempest.lib.common.rest_client [-] Request (TestVersions:test_list_api_versions): 200 GET http://10.180.1.21/compute/ 0.499s
2025-04-14 12:04:23.049 70249 INFO tempest.lib.common.rest_client [req-32611c47-4ae4-417c-8940-3f49da883634 req-32611c47-4ae4-417c-8940-3f49da883634 ] Request (InstanceActionsV221TestJSON:setUpClass): 201 POST http://10.180.1.21/identity/v3/auth/tokens 0.085s
2025-04-14 12:04:23.151 70223 INFO tempest.lib.common.rest_client [req-28558b7a-4a74-469f-ba2d-5875ee59e6a2 req-28558b7a-4a74-469f-ba2d-5875ee59e6a2 ] Request (TestVersions:tearDownClass): 204 DELETE http://10.180.1.21/identity/v3/users/d546b7899a6e474f8b990356a1615143 0.116s
2025-04-14 12:04:23.152 70223 INFO tempest.lib.common.dynamic_creds [-] Deleting project and security group for project: 2d2c7f151e2f4e3bb093492722e3f778
2025-04-14 12:04:23.159 70281 INFO tempest.lib.common.rest_client [req-25605c81-0533-496a-b006-3feb100e7309 req-25605c81-0533-496a-b006-3feb100e7309 ] Request (ServersListShow298Test:tearDownClass): 204 DELETE http://10.180.1.21/identity/v3/users/19b21f74fdeb46aea1b2631eae3d5a80 0.178s
2025-04-14 12:04:23.160 70281 INFO tempest.lib.common.dynamic_creds [-] Deleting project and security group for project: 0a18825af9234bf2bc89d23271a48c9a
2025-04-14 12:04:23.166 70251 INFO tempest.lib.common.rest_client [req-440bb7f0-444b-4f15-9dc9-2d8f78691b72 req-440bb7f0-444b-4f15-9dc9-2d8f78691b72 ] Request (ServersV294TestFqdnHostnames:tearDownClass): 204 DELETE http://10.180.1.21/compute/v2.1/servers/ef425dc4-a495-4bea-a09a-758416c3db5c 0.625s
2025-04-14 12:04:23.188 70263 INFO tempest.lib.common.rest_client [req-3bf0cc15-6948-4da0-8505-eb203aa63e2f req-3bf0cc15-6948-4da0-8505-eb203aa63e2f ] Request (ServerActionsTestOtherB:test_create_backup): 200 GET http://10.180.1.21/image/v2/images/de78fc0b-7437-4d18-b5ef-935380554cdb 0.035s
2025-04-14 12:04:23.190 70233 INFO tempest.lib.common.rest_client [req-da15028d-cbf9-4e3e-bda1-14ae66d9f6bd req-da15028d-cbf9-4e3e-bda1-14ae66d9f6bd ] Request (SecurityGroupsNegativeTestJSON:tearDownClass): 204 DELETE http://10.180.1.21:9696/networking/v2.0/security-groups/e8203f34-5183-4be3-bf3d-9a76999aaf41 0.164s
2025-04-14 12:04:23.224 70223 INFO tempest.lib.common.rest_client [req-25a23144-0a94-4da9-b049-5fef44e7bd66 req-25a23144-0a94-4da9-b049-5fef44e7bd66 ] Request (TestVersions:tearDownClass): 201 POST http://10.180.1.21/identity/v3/auth/tokens 0.072s
2025-04-14 12:04:23.224 70249 INFO tempest.lib.common.rest_client [req-19d8d899-f27c-44de-8c46-c8d2122253f7 req-19d8d899-f27c-44de-8c46-c8d2122253f7 ] Request (InstanceActionsV221TestJSON:setUpClass): 201 POST http://10.180.1.21/identity/v3/auth/tokens 0.172s
2025-04-14 12:04:23.249 70281 INFO tempest.lib.common.rest_client [req-d375bb42-5d9d-42f9-9551-75b993c2a3a4 req-d375bb42-5d9d-42f9-9551-75b993c2a3a4 ] Request (ServersListShow298Test:tearDownClass): 201 POST http://10.180.1.21/identity/v3/auth/tokens 0.089s
2025-04-14 12:04:23.273 70249 INFO tempest.lib.common.rest_client [req-d5c2857c-918c-4b64-a2c9-d23fd6ef5ad7 req-d5c2857c-918c-4b64-a2c9-d23fd6ef5ad7 ] Request (InstanceActionsV221TestJSON:setUpClass): 200 GET http://10.180.1.21/identity/v3/domains?name=Default 0.048s
2025-04-14 12:04:23.291 70233 INFO tempest.lib.common.rest_client [req-4bd88977-cd27-4f6a-bbbe-df757e33930e req-4bd88977-cd27-4f6a-bbbe-df757e33930e ] Request (SecurityGroupsNegativeTestJSON:tearDownClass): 204 DELETE http://10.180.1.21/identity/v3/projects/c15566175dc8403d9f427e0ded0dbfe8 0.100s
2025-04-14 12:04:23.409 70233 INFO tempest.lib.common.rest_client [req-86ec1350-6866-4046-babe-a403dcec5b4b req-86ec1350-6866-4046-babe-a403dcec5b4b ] Request (MultipleCreateTestJSON:setUpClass): 201 POST http://10.180.1.21/identity/v3/auth/tokens 0.116s
2025-04-14 12:04:23.422 70249 INFO tempest.lib.common.rest_client [req-87d8b34b-e6d2-4bbe-b798-80505ba157a4 req-87d8b34b-e6d2-4bbe-b798-80505ba157a4 ] Request (InstanceActionsV221TestJSON:setUpClass): 201 POST http://10.180.1.21/identity/v3/projects 0.149s
2025-04-14 12:04:23.485 70233 INFO tempest.lib.common.rest_client [req-b3512473-8cbd-4288-843d-030c6359a57e req-b3512473-8cbd-4288-843d-030c6359a57e ] Request (MultipleCreateTestJSON:setUpClass): 201 POST http://10.180.1.21/identity/v3/auth/tokens 0.074s
2025-04-14 12:04:23.493 70249 INFO tempest.lib.common.rest_client [req-68d1d8f2-246d-42b2-a7bd-1b3d8dd86da6 req-68d1d8f2-246d-42b2-a7bd-1b3d8dd86da6 ] Request (InstanceActionsV221TestJSON:setUpClass): 201 POST http://10.180.1.21/identity/v3/users 0.071s
2025-04-14 12:04:23.499 70259 INFO tempest.lib.common.rest_client [req-ee22421d-4f08-478a-98c3-5dcce17a1436 req-ee22421d-4f08-478a-98c3-5dcce17a1436 ] Request (FloatingIPsAssociationTestJSON:tearDownClass): 200 GET http://10.180.1.21/compute/v2.1/servers/5492fe6f-c1ca-4132-aa46-943a45a52da7 0.905s
2025-04-14 12:04:23.513 70233 INFO tempest.lib.common.rest_client [req-d972ddc1-3a20-497f-b429-94799659bc82 req-d972ddc1-3a20-497f-b429-94799659bc82 ] Request (MultipleCreateTestJSON:setUpClass): 200 GET http://10.180.1.21/identity/v3/domains?name=Default 0.027s
2025-04-14 12:04:23.518 70249 INFO tempest.lib.common.rest_client [req-3b46b56b-2332-49d0-be39-f259d1a94ff0 req-3b46b56b-2332-49d0-be39-f259d1a94ff0 ] Request (InstanceActionsV221TestJSON:setUpClass): 200 GET http://10.180.1.21/identity/v3/roles 0.024s
2025-04-14 12:04:23.537 70273 WARNING tempest.lib.common.ssh [-] Failed to establish authenticated ssh connection to cirros@10.180.180.175 ([Errno None] Unable to connect to port 22 on 10.180.180.175). Number attempts: 3. Retry after 4 seconds.: paramiko.ssh_exception.NoValidConnectionsError: [Errno None] Unable to connect to port 22 on 10.180.180.175
2025-04-14 12:04:23.555 70249 INFO tempest.lib.common.rest_client [req-bfe1f66b-c4af-484c-bfd2-7b1352c2801c req-bfe1f66b-c4af-484c-bfd2-7b1352c2801c ] Request (InstanceActionsV221TestJSON:setUpClass): 204 PUT http://10.180.1.21/identity/v3/projects/8aa6e1f36668405f987332bfd33be57f/users/006b64b8aaad4f59b2e6528dda80bb0c/roles/f55dc9cde9b9410485b2f2d509731c66 0.036s
2025-04-14 12:04:23.555 70249 INFO tempest.lib.common.dynamic_creds [-] Dynamic test user 006b64b8aaad4f59b2e6528dda80bb0c is created with scope project and roles: ['member']
2025-04-14 12:04:23.556 70249 INFO tempest.lib.common.dynamic_creds [-] Acquired dynamic creds: credentials: Credentials: {'domain_id': 'default', 'domain_name': 'Default', 'username': 'tempest-InstanceActionsV221TestJSON-1479559974-project-member', 'project_domain_id': 'default', 'project_domain_name': 'Default', 'project_id': '8aa6e1f36668405f987332bfd33be57f', 'project_name': 'tempest-InstanceActionsV221TestJSON-1479559974', 'tenant_id': '8aa6e1f36668405f987332bfd33be57f', 'tenant_name': 'tempest-InstanceActionsV221TestJSON-1479559974', 'user_domain_id': 'default', 'user_domain_name': 'Default', 'user_id': '006b64b8aaad4f59b2e6528dda80bb0c', 'system': None}, Network: None, Subnet: None, Router: None
2025-04-14 12:04:23.560 70233 INFO tempest.lib.common.rest_client [req-23eed4e1-c32a-4442-ac25-82eec2fc5e58 req-23eed4e1-c32a-4442-ac25-82eec2fc5e58 ] Request (MultipleCreateTestJSON:setUpClass): 201 POST http://10.180.1.21/identity/v3/projects 0.045s
2025-04-14 12:04:23.573 70281 INFO tempest.lib.common.rest_client [req-606e29f9-e201-4867-bb07-c90a9254a9e2 req-606e29f9-e201-4867-bb07-c90a9254a9e2 ] Request (ServersListShow298Test:tearDownClass): 200 GET http://10.180.1.21:9696/networking/v2.0/security-groups?tenant_id=0a18825af9234bf2bc89d23271a48c9a&name=default 0.323s
2025-04-14 12:04:23.576 70223 INFO tempest.lib.common.rest_client [req-ce4f4122-d39c-43db-8637-2c8592bb0435 req-ce4f4122-d39c-43db-8637-2c8592bb0435 ] Request (TestVersions:tearDownClass): 200 GET http://10.180.1.21:9696/networking/v2.0/security-groups?tenant_id=2d2c7f151e2f4e3bb093492722e3f778&name=default 0.352s
2025-04-14 12:04:23.631 70249 INFO tempest.lib.common.rest_client [req-52df62a7-4c5c-4f92-ab3a-765497ac2371 req-52df62a7-4c5c-4f92-ab3a-765497ac2371 ] Request (InstanceActionsV221TestJSON:setUpClass): 201 POST http://10.180.1.21/identity/v3/auth/tokens 0.072s
2025-04-14 12:04:23.632 70233 INFO tempest.lib.common.rest_client [req-b5480447-59ed-413a-b7bf-f21bf3572031 req-b5480447-59ed-413a-b7bf-f21bf3572031 ] Request (MultipleCreateTestJSON:setUpClass): 201 POST http://10.180.1.21/identity/v3/users 0.072s
2025-04-14 12:04:23.637 70283 INFO tempest.lib.common.rest_client [req-2a9433e4-d36d-41a1-a5c1-1370ded7644b req-2a9433e4-d36d-41a1-a5c1-1370ded7644b ] Request (ServerRescueTestJSONUnderV235:_run_cleanups): 202 DELETE http://10.180.1.21/compute/v2.1/os-floating-ips/7b9e7f3f-59ab-40f8-b6c3-dceb5c8113db 1.138s
2025-04-14 12:04:23.658 70233 INFO tempest.lib.common.rest_client [req-89c861ab-cfc7-4911-ad1c-bc8100fdb84e req-89c861ab-cfc7-4911-ad1c-bc8100fdb84e ] Request (MultipleCreateTestJSON:setUpClass): 200 GET http://10.180.1.21/identity/v3/roles 0.025s
2025-04-14 12:04:23.666 70223 INFO tempest.lib.common.rest_client [req-cdf32dec-88d9-4cf8-abfc-f11d3ebc5d6b req-cdf32dec-88d9-4cf8-abfc-f11d3ebc5d6b ] Request (TestVersions:tearDownClass): 204 DELETE http://10.180.1.21:9696/networking/v2.0/security-groups/d489ad87-ffde-4bf9-89c4-447bd1c2f5bb 0.089s
2025-04-14 12:04:23.692 70233 INFO tempest.lib.common.rest_client [req-b5d4f08c-fef8-434d-9759-445b8757422a req-b5d4f08c-fef8-434d-9759-445b8757422a ] Request (MultipleCreateTestJSON:setUpClass): 204 PUT http://10.180.1.21/identity/v3/projects/852d94a3c9c74a278bbb02a05fb90f05/users/4d392edd317b4c4bacd425359162d676/roles/f55dc9cde9b9410485b2f2d509731c66 0.034s
2025-04-14 12:04:23.692 70233 INFO tempest.lib.common.dynamic_creds [-] Dynamic test user 4d392edd317b4c4bacd425359162d676 is created with scope project and roles: ['member']
2025-04-14 12:04:23.692 70233 INFO tempest.lib.common.dynamic_creds [-] Acquired dynamic creds: credentials: Credentials: {'domain_id': 'default', 'domain_name': 'Default', 'username': 'tempest-MultipleCreateTestJSON-1575535875-project-member', 'project_domain_id': 'default', 'project_domain_name': 'Default', 'project_id': '852d94a3c9c74a278bbb02a05fb90f05', 'project_name': 'tempest-MultipleCreateTestJSON-1575535875', 'tenant_id': '852d94a3c9c74a278bbb02a05fb90f05', 'tenant_name': 'tempest-MultipleCreateTestJSON-1575535875', 'user_domain_id': 'default', 'user_domain_name': 'Default', 'user_id': '4d392edd317b4c4bacd425359162d676', 'system': None}, Network: None, Subnet: None, Router: None
2025-04-14 12:04:23.719 70225 INFO tempest.lib.common.rest_client [req-27ef086c-7fff-42ef-aa4e-d26d8184fda0 req-27ef086c-7fff-42ef-aa4e-d26d8184fda0 ] Request (ImagesOneServerNegativeTestJSON:_run_cleanups): 200 GET http://10.180.1.21/compute/v2.1/servers/c227e17a-42bb-404a-bb97-fe58ca6698e9 1.034s
2025-04-14 12:04:23.731 70235 INFO tempest.lib.common.rest_client [req-d79ffd48-9366-463d-971f-2bf87fbb6ab3 req-d79ffd48-9366-463d-971f-2bf87fbb6ab3 ] Request (ServersAdminTestJSON:test_rebuild_server_in_error_state): 200 GET http://10.180.1.21/compute/v2.1/servers/6d6d2c1c-8daf-40c1-a348-28588044e06d 1.052s
2025-04-14 12:04:23.736 70281 INFO tempest.lib.common.rest_client [req-0b76a675-8c96-4f96-adcc-268ca2dc174c req-0b76a675-8c96-4f96-adcc-268ca2dc174c ] Request (ServersListShow298Test:tearDownClass): 204 DELETE http://10.180.1.21:9696/networking/v2.0/security-groups/69fc9a74-1191-448e-8574-ca2408fc1416 0.159s
2025-04-14 12:04:23.763 70233 INFO tempest.lib.common.rest_client [req-0aa8f0d5-7f24-46b0-bffa-e8c645581e9e req-0aa8f0d5-7f24-46b0-bffa-e8c645581e9e ] Request (MultipleCreateTestJSON:setUpClass): 201 POST http://10.180.1.21/identity/v3/auth/tokens 0.070s
2025-04-14 12:04:23.812 70223 INFO tempest.lib.common.rest_client [req-7fce30ea-e370-46f9-93b5-31a81425eb74 req-7fce30ea-e370-46f9-93b5-31a81425eb74 ] Request (TestVersions:tearDownClass): 204 DELETE http://10.180.1.21/identity/v3/projects/2d2c7f151e2f4e3bb093492722e3f778 0.146s
2025-04-14 12:04:23.868 70281 INFO tempest.lib.common.rest_client [req-26e60aba-b403-4070-8479-015f5e02c745 req-26e60aba-b403-4070-8479-015f5e02c745 ] Request (ServersListShow298Test:tearDownClass): 204 DELETE http://10.180.1.21/identity/v3/projects/0a18825af9234bf2bc89d23271a48c9a 0.131s
2025-04-14 12:04:23.904 70243 INFO tempest.lib.common.rest_client [req-77f82b10-7f78-4ab7-ba71-6acf7e8db58f req-77f82b10-7f78-4ab7-ba71-6acf7e8db58f ] Request (ImagesTestJSON:test_create_server_from_snapshot): 200 GET http://10.180.1.21/compute/v2.1/servers/d6f582ae-6abd-4402-85c2-ff9624ed1c61 0.803s
2025-04-14 12:04:23.926 70243 INFO tempest.common.waiters [-] State transition "BUILD/spawning" ==> "ACTIVE/None" after 51 second wait
2025-04-14 12:04:23.938 70249 INFO tempest.lib.common.rest_client [req-ac5dcdbb-d35f-41c9-85d1-df56e844ae58 req-ac5dcdbb-d35f-41c9-85d1-df56e844ae58 ] Request (InstanceActionsV221TestJSON:setUpClass): 201 POST http://10.180.1.21:9696/networking/v2.0/networks 0.307s
2025-04-14 12:04:24.011 70261 INFO tempest.lib.common.rest_client [req-15000fc1-5b2a-4024-b645-f94d86479420 req-15000fc1-5b2a-4024-b645-f94d86479420 ] Request (ImagesMetadataTestJSON:setUp): 200 PUT http://10.180.1.21/compute/v2.1/images/838ca7a8-b699-489a-96b6-f639909f9098/metadata 0.993s
2025-04-14 12:04:24.214 70263 INFO tempest.lib.common.rest_client [req-80558a50-269e-47ca-b502-cf0cfb74694b req-80558a50-269e-47ca-b502-cf0cfb74694b ] Request (ServerActionsTestOtherB:test_create_backup): 200 GET http://10.180.1.21/image/v2/images/de78fc0b-7437-4d18-b5ef-935380554cdb 0.025s
2025-04-14 12:04:24.220 70251 INFO tempest.lib.common.rest_client [req-30cac608-c44c-41e2-bf5b-43d616875d53 req-30cac608-c44c-41e2-bf5b-43d616875d53 ] Request (ServersV294TestFqdnHostnames:tearDownClass): 200 GET http://10.180.1.21/compute/v2.1/servers/ef425dc4-a495-4bea-a09a-758416c3db5c 1.053s
2025-04-14 12:04:24.250 70263 INFO tempest.lib.common.rest_client [req-9bd19bbd-8140-4288-9a04-4adfb599c600 req-9bd19bbd-8140-4288-9a04-4adfb599c600 ] Request (ServerActionsTestOtherB:test_create_backup): 200 GET http://10.180.1.21/image/v2/images/de78fc0b-7437-4d18-b5ef-935380554cdb/tasks 0.036s
2025-04-14 12:04:24.300 70263 INFO tempest.lib.common.rest_client [req-4bfcaa4d-7539-4adf-9126-0d4074676e66 req-4bfcaa4d-7539-4adf-9126-0d4074676e66 ] Request (ServerActionsTestOtherB:test_create_backup): 200 GET http://10.180.1.21/image/v2/images?status=active&sort_key=created_at&sort_dir=asc&image_type=backup&backup_type=daily&instance_uuid=6e11325b-8446-4bfa-9846-0b6c2274b0e3 0.049s
2025-04-14 12:04:24.338 70269 INFO tempest.lib.common.rest_client [req-46676f98-f3bc-4796-a4a0-8840d0f845dc req-46676f98-f3bc-4796-a4a0-8840d0f845dc ] Request (MigrationsAdminTest:test_resize_server_revert_deleted_flavor): 200 GET http://10.180.1.21/compute/v2.1/servers/26adcc07-ec19-4679-80af-0c072d0b9fdc 1.075s
2025-04-14 12:04:24.436 70237 INFO tempest.lib.common.rest_client [req-d734f8ac-0912-4736-bced-81076611f0da req-d734f8ac-0912-4736-bced-81076611f0da ] Request (ServerPasswordTestJSON:tearDownClass): 200 GET http://10.180.1.21/compute/v2.1/servers/58a178b1-ebeb-4c63-96fc-9db5f823d8f1 0.722s
2025-04-14 12:04:24.479 70283 INFO tempest.lib.common.rest_client [req-9c0788a5-9295-4c4b-9eeb-a55c3e74855f req-9c0788a5-9295-4c4b-9eeb-a55c3e74855f ] Request (ServerRescueTestJSONUnderV235:tearDownClass): 202 DELETE http://10.180.1.21/compute/v2.1/os-security-groups/0a772cb9-269f-40b0-ba86-48a5212d6849 0.839s
2025-04-14 12:04:24.533 70249 INFO tempest.lib.common.rest_client [req-22b70674-6214-4b21-b70c-894f898f6208 req-22b70674-6214-4b21-b70c-894f898f6208 ] Request (InstanceActionsV221TestJSON:setUpClass): 201 POST http://10.180.1.21:9696/networking/v2.0/subnets 0.594s
2025-04-14 12:04:24.534 70227 INFO tempest.lib.common.rest_client [req-eadde95c-44a0-4fed-8402-f9254cd5ff1a req-eadde95c-44a0-4fed-8402-f9254cd5ff1a ] Request (ServerMetadataNegativeTestJSON:setUpClass): 200 GET http://10.180.1.21/compute/v2.1/servers/cd55ecc9-a0e3-4331-b33a-8714e8578857 0.796s
2025-04-14 12:04:24.539 70233 INFO tempest.lib.common.rest_client [req-80bef115-7af3-4bfb-ba64-74770e705618 req-80bef115-7af3-4bfb-ba64-74770e705618 ] Request (MultipleCreateTestJSON:setUpClass): 201 POST http://10.180.1.21:9696/networking/v2.0/networks 0.776s
2025-04-14 12:04:24.597 70279 INFO tempest.lib.common.rest_client [req-742ec01d-ca59-497d-9efc-d47533b32db0 req-742ec01d-ca59-497d-9efc-d47533b32db0 ] Request (VolumesAdminNegativeTest:test_update_attached_volume_with_nonexistent_volume_in_uri): 200 GET http://10.180.1.21/compute/v2.1/servers/78e4f0ef-ee1b-4e97-963e-1ebcd4f53af3 0.824s
2025-04-14 12:04:24.670 70235 INFO tempest.lib.common.rest_client [req-f9e1688a-ba2a-427f-9dc2-bfe503c778ad req-f9e1688a-ba2a-427f-9dc2-bfe503c778ad ] Request (ServersAdminTestJSON:_run_cleanups): 202 POST http://10.180.1.21/compute/v2.1/servers/6d6d2c1c-8daf-40c1-a348-28588044e06d/action 0.923s
2025-04-14 12:04:24.690 70229 INFO tempest.lib.common.rest_client [req-6f604365-3b15-4680-909e-4814eaf7a9d9 req-6f604365-3b15-4680-909e-4814eaf7a9d9 ] Request (InstanceActionsTestJSON:tearDownClass): 200 GET http://10.180.1.21/compute/v2.1/servers/334e7a11-d6da-48fb-b370-8652965bca1f 0.878s
2025-04-14 12:04:24.734 70271 INFO tempest.lib.common.rest_client [req-255b94c0-8df4-4917-be21-46f18861ec26 req-255b94c0-8df4-4917-be21-46f18861ec26 ] Request (ServersTestJSON:test_create_specify_keypair): 200 GET http://10.180.1.21/compute/v2.1/servers/1a6a4e4e-0ebd-4940-8003-19fbcd216194 0.903s
2025-04-14 12:04:24.756 70247 INFO tempest.lib.common.rest_client [req-cd99bc38-f53e-4fb3-b68f-faad6fd7f3bb req-cd99bc38-f53e-4fb3-b68f-faad6fd7f3bb ] Request (ServersNegativeTestMultiTenantJSON:tearDownClass): 200 GET http://10.180.1.21/compute/v2.1/servers/028ea91d-7739-430b-91f8-4f7be9711f71 0.869s
2025-04-14 12:04:24.785 70267 INFO tempest.lib.common.rest_client [req-0be0d8cf-7f4f-419f-9ca3-91f3c747a707 req-0be0d8cf-7f4f-419f-9ca3-91f3c747a707 ] Request (AttachInterfacesTestJSON:test_create_list_show_delete_interfaces_by_network_port): 200 GET http://10.180.1.21/compute/v2.1/servers/29ebea62-7792-4776-96fd-677116c75b62 0.887s
2025-04-14 12:04:24.819 70233 INFO tempest.lib.common.rest_client [req-64217105-81e2-4149-b6f8-27d96ddcccf5 req-64217105-81e2-4149-b6f8-27d96ddcccf5 ] Request (MultipleCreateTestJSON:setUpClass): 201 POST http://10.180.1.21:9696/networking/v2.0/subnets 0.279s
2025-04-14 12:04:24.847 70277 INFO tempest.lib.common.rest_client [req-657bd97a-fb56-4b0d-8394-3edff2cffcfd req-657bd97a-fb56-4b0d-8394-3edff2cffcfd ] Request (DeleteServersTestJSON:test_delete_active_server): 200 GET http://10.180.1.21/compute/v2.1/servers/a19f2fa3-bf33-46a7-8619-053432f894c6 0.878s
2025-04-14 12:04:25.060 70261 INFO tempest.lib.common.rest_client [req-161fe716-7700-42c1-915c-e8879a798e9d req-161fe716-7700-42c1-915c-e8879a798e9d ] Request (ImagesMetadataTestJSON:test_set_image_metadata_item): 200 PUT http://10.180.1.21/compute/v2.1/images/838ca7a8-b699-489a-96b6-f639909f9098/metadata/os_version 1.048s
2025-04-14 12:04:25.234 70249 INFO tempest.lib.common.rest_client [req-b094131f-5bcb-45c9-874d-c8cb827f1c23 req-b094131f-5bcb-45c9-874d-c8cb827f1c23 ] Request (InstanceActionsV221TestJSON:setUpClass): 201 POST http://10.180.1.21:9696/networking/v2.0/routers 0.700s
2025-04-14 12:04:25.275 70263 INFO tempest.lib.common.rest_client [req-fbecd7fe-685f-448c-bb68-a2cc3da9cbde req-fbecd7fe-685f-448c-bb68-a2cc3da9cbde ] Request (ServerActionsTestOtherB:test_create_backup): 200 GET http://10.180.1.21/compute/v2.1/servers/6e11325b-8446-4bfa-9846-0b6c2274b0e3 0.975s
2025-04-14 12:04:25.304 70243 INFO tempest.lib.common.rest_client [req-d04ac72c-2728-4d52-b893-d01c78cb7938 req-d04ac72c-2728-4d52-b893-d01c78cb7938 ] Request (ImagesTestJSON:test_create_server_from_snapshot): 202 POST http://10.180.1.21/compute/v2.1/servers/d6f582ae-6abd-4402-85c2-ff9624ed1c61/action 1.377s
2025-04-14 12:04:25.327 70259 INFO tempest.lib.common.rest_client [req-414a45f5-85bd-4ea2-9370-fc485bcf78cd req-414a45f5-85bd-4ea2-9370-fc485bcf78cd ] Request (FloatingIPsAssociationTestJSON:tearDownClass): 404 GET http://10.180.1.21/compute/v2.1/servers/5492fe6f-c1ca-4132-aa46-943a45a52da7 0.818s
2025-04-14 12:04:25.401 70283 INFO tempest.lib.common.rest_client [req-dc8b0d57-c6ab-4707-a4e7-e905e97f2e6e req-dc8b0d57-c6ab-4707-a4e7-e905e97f2e6e ] Request (ServerRescueTestJSONUnderV235:tearDownClass): 204 DELETE http://10.180.1.21/compute/v2.1/servers/6f7fe935-bf84-4317-b97c-79c278d214f3 0.921s
2025-04-14 12:04:25.460 70225 INFO tempest.lib.common.rest_client [req-31ec4699-3484-4bc5-bb19-7e0907cf314d req-31ec4699-3484-4bc5-bb19-7e0907cf314d ] Request (ImagesOneServerNegativeTestJSON:_run_cleanups): 200 GET http://10.180.1.21/compute/v2.1/servers/c227e17a-42bb-404a-bb97-fe58ca6698e9 0.733s
2025-04-14 12:04:25.486 70235 INFO tempest.lib.common.rest_client [req-e9e2fb17-b772-42b6-8b07-98df7707e83a req-e9e2fb17-b772-42b6-8b07-98df7707e83a ] Request (ServersAdminTestJSON:_run_cleanups): 200 GET http://10.180.1.21/compute/v2.1/servers/6d6d2c1c-8daf-40c1-a348-28588044e06d 0.808s
2025-04-14 12:04:25.494 70261 INFO tempest.lib.common.rest_client [req-05fc216c-8aff-473b-a7da-12b0437d08c3 req-05fc216c-8aff-473b-a7da-12b0437d08c3 ] Request (ImagesMetadataTestJSON:test_set_image_metadata_item): 200 GET http://10.180.1.21/compute/v2.1/images/838ca7a8-b699-489a-96b6-f639909f9098/metadata 0.433s
2025-04-14 12:04:25.531 70243 INFO tempest.lib.common.rest_client [req-66d8cd6f-9f50-4b79-b958-1a842a860195 req-66d8cd6f-9f50-4b79-b958-1a842a860195 ] Request (ImagesTestJSON:test_create_server_from_snapshot): 200 GET http://10.180.1.21/compute/v2.1/images/f21d6bbd-e967-4c17-98c1-bc2b94286582 0.225s
