2025-04-14 12:01:57.757 70225 INFO tempest.lib.common.rest_client [req-1bb4612d-4cd5-4c70-acac-140cefa4689f req-1bb4612d-4cd5-4c70-acac-140cefa4689f ] Request (ImagesOneServerNegativeTestJSON:test_create_image_specify_name_over_character_limit): 400 POST http://10.180.1.21/compute/v2.1/servers/bb35d375-ac50-4e4a-831d-adeb6145f3fd/action 0.544s
2025-04-14 12:01:57.762 70259 INFO tempest.lib.common.rest_client [req-849f02ed-2c76-468d-a8c1-851b195fc54d req-849f02ed-2c76-468d-a8c1-851b195fc54d ] Request (ServerDiagnosticsTest:tearDownClass): 201 POST http://10.180.1.21/identity/v3/auth/tokens 0.050s
2025-04-14 12:01:57.825 70273 INFO tempest.lib.common.rest_client [req-d71b6904-ef72-490a-80a1-a9c3381d551c req-d71b6904-ef72-490a-80a1-a9c3381d551c ] Request (AttachInterfacesV270Test:test_create_get_list_interfaces): 200 GET http://10.180.1.21/compute/v2.1/servers/e4d106b0-164b-4064-8868-3ba80292d7e4 0.686s
2025-04-14 12:01:57.839 70265 INFO tempest.lib.common.rest_client [req-b5dce046-2201-45b8-bc68-ffef929c56d1 req-b5dce046-2201-45b8-bc68-ffef929c56d1 ] Request (ServersListShow2100Test:test_list_show_rebuild_update_server_2100): 201 POST http://10.180.1.21/identity/v3/auth/tokens 0.122s
2025-04-14 12:01:57.839 70265 INFO tempest.lib.common.fixed_network [-] (ServersListShow2100Test:test_list_show_rebuild_update_server_2100) Found network None available for tenant
2025-04-14 12:01:57.850 70279 INFO tempest.lib.common.rest_client [req-7bd55659-57f6-4c5f-b751-cf0831b44bd6 req-7bd55659-57f6-4c5f-b751-cf0831b44bd6 ] Request (VolumesAdminNegativeTest:test_update_attached_volume_with_nonexistent_volume_in_body): 200 GET http://10.180.1.21/compute/v2.1/servers/d04ee156-517e-4fb7-9a7d-4afc43d4d84e 0.632s
2025-04-14 12:01:57.851 70255 INFO tempest.lib.common.rest_client [req-a5654fd6-9d30-4da9-8981-af258395cf31 req-a5654fd6-9d30-4da9-8981-af258395cf31 ] Request (QuotaClassesAdmin257Test:tearDownClass): 204 DELETE http://10.180.1.21/identity/v3/users/cf651bffcc624a04b8459ce5b4db712f 0.158s
2025-04-14 12:01:57.865 70285 INFO tempest.lib.common.rest_client [req-43fe193a-1d34-4a49-9595-4b0840d626cb req-43fe193a-1d34-4a49-9595-4b0840d626cb ] Request (FlavorsAccessNegativeTestJSON:tearDownClass): 200 GET http://10.180.1.21:9696/networking/v2.0/security-groups?tenant_id=7270879aa95c46e7b3ea81162c21a577&name=default 0.421s
2025-04-14 12:01:57.895 70261 INFO tempest.lib.common.rest_client [req-39d36b05-9362-4df0-b2e0-182e9973e8bc req-39d36b05-9362-4df0-b2e0-182e9973e8bc ] Request (ServersAdminNegativeTestJSON:test_migrate_server_invalid_state): 200 GET http://10.180.1.21/compute/v2.1/servers/1150e76e-fa6d-4887-8ec6-cb72545c16eb 0.670s
2025-04-14 12:01:57.948 70247 INFO tempest.lib.common.rest_client [req-fadb32f0-a250-4426-953e-96f383633eaa req-fadb32f0-a250-4426-953e-96f383633eaa ] Request (QuotasAdminTestV257:test_get_updated_quotas): 200 GET http://10.180.1.21/identity/v3/domains?name=Default 0.183s
2025-04-14 12:01:58.000 70247 INFO tempest.lib.common.rest_client [req-60deef26-d8a7-49e3-b202-6dc43cd033aa req-60deef26-d8a7-49e3-b202-6dc43cd033aa ] Request (QuotasAdminTestV257:test_get_updated_quotas): 201 POST http://10.180.1.21/identity/v3/projects 0.050s
2025-04-14 12:01:58.039 70227 INFO tempest.lib.common.rest_client [req-ea81a2e2-5c36-4a93-aa4b-7a9a6464dc28 req-ea81a2e2-5c36-4a93-aa4b-7a9a6464dc28 ] Request (DeleteServersAdminTestJSON:test_admin_delete_servers_of_others): 200 GET http://10.180.1.21/compute/v2.1/servers/ca7f31df-30ef-4b66-ab8e-63c1a12cb598 0.745s
2025-04-14 12:01:58.050 70227 INFO tempest.common.waiters [-] State transition "ACTIVE/deleting" ==> "DELETED/None" after 5 second wait
2025-04-14 12:01:58.078 70285 INFO tempest.lib.common.rest_client [req-b724862a-583e-43e2-b5d1-25b0d6ab0516 req-b724862a-583e-43e2-b5d1-25b0d6ab0516 ] Request (FlavorsAccessNegativeTestJSON:tearDownClass): 204 DELETE http://10.180.1.21:9696/networking/v2.0/security-groups/805a81b2-713f-407f-8519-fa1db120254d 0.213s
2025-04-14 12:01:58.081 70247 INFO tempest.lib.common.rest_client [req-31ad72a3-c228-48ad-b0b4-c4cc11232fdb req-31ad72a3-c228-48ad-b0b4-c4cc11232fdb ] Request (QuotasAdminTestV257:test_get_updated_quotas): 200 GET http://10.180.1.21/identity/v3/domains?name=Default 0.080s
2025-04-14 12:01:58.151 70255 INFO tempest.lib.common.rest_client [req-d4dac85f-8e9a-4688-9858-7f3eab40494d req-d4dac85f-8e9a-4688-9858-7f3eab40494d ] Request (QuotaClassesAdmin257Test:tearDownClass): 204 DELETE http://10.180.1.21/identity/v3/users/9cc12d2e77f04674afd5e8136ecf6326 0.300s
2025-04-14 12:01:58.151 70255 INFO tempest.lib.common.dynamic_creds [-] Deleting project and security group for project: 44a5031c4ff04769b2e1a6f9dab9438e
2025-04-14 12:01:58.217 70255 INFO tempest.lib.common.rest_client [req-3d08fd8b-8acb-400e-a20c-0ae22899c4d7 req-3d08fd8b-8acb-400e-a20c-0ae22899c4d7 ] Request (QuotaClassesAdmin257Test:tearDownClass): 201 POST http://10.180.1.21/identity/v3/auth/tokens 0.066s
2025-04-14 12:01:58.231 70285 INFO tempest.lib.common.rest_client [req-190c7431-d3ea-49bc-a928-c1ccb39311aa req-190c7431-d3ea-49bc-a928-c1ccb39311aa ] Request (FlavorsAccessNegativeTestJSON:tearDownClass): 204 DELETE http://10.180.1.21/identity/v3/projects/7270879aa95c46e7b3ea81162c21a577 0.152s
2025-04-14 12:01:58.231 70285 INFO tempest.lib.common.dynamic_creds [-] Deleting project and security group for project: 9fc5d7bb52514381be0f6ddc966bb07e
2025-04-14 12:01:58.267 70281 INFO tempest.lib.common.rest_client [req-7df7e628-8c8e-40dd-852d-1f88f025db95 req-7df7e628-8c8e-40dd-852d-1f88f025db95 ] Request (TenantUsagesTestJSON:tearDownClass): 200 GET http://10.180.1.21/compute/v2.1/servers/ef12b312-668e-4e77-becd-a3a717f37306 0.967s
2025-04-14 12:01:58.285 70243 INFO tempest.lib.common.rest_client [req-6e4f1f26-c2f2-4ef9-956c-17e93ab5ac33 req-6e4f1f26-c2f2-4ef9-956c-17e93ab5ac33 ] Request (ImagesTestJSON:test_create_image_from_stopped_server): 200 GET http://10.180.1.21/compute/v2.1/servers/9d501907-48a9-4300-8740-57b3da041af4 0.892s
2025-04-14 12:01:58.298 70223 INFO tempest.lib.common.rest_client [req-77d1eaaf-3ab3-4384-aa7c-413ddd14ee95 req-77d1eaaf-3ab3-4384-aa7c-413ddd14ee95 ] Request (AggregatesAdminNegativeTestJSON:test_aggregate_get_details_with_invalid_id): 404 GET http://10.180.1.21/compute/v2.1/os-aggregates/-1 0.883s
2025-04-14 12:01:58.301 70259 INFO tempest.lib.common.rest_client [req-64cad9d5-11f9-40e4-bf83-acbdb4f9cc8d req-64cad9d5-11f9-40e4-bf83-acbdb4f9cc8d ] Request (ServerDiagnosticsTest:tearDownClass): 200 GET http://10.180.1.21:9696/networking/v2.0/security-groups?tenant_id=eb5d2a548d024c7ebfd539fd0b372967&name=default 0.539s
2025-04-14 12:01:58.320 70229 INFO tempest.lib.common.rest_client [req-14cc0525-7b82-4e56-b8b8-c9dc1c76a35b req-14cc0525-7b82-4e56-b8b8-c9dc1c76a35b ] Request (ImagesOneServerTestJSON:test_create_delete_image): 200 GET http://10.180.1.21/compute/v2.1/images/4d89dfdd-1f7f-4402-9612-6c92a2658cf4 0.921s
2025-04-14 12:01:58.346 70245 INFO tempest.lib.common.rest_client [req-923c8c7a-aeed-43e8-8582-89220e84f556 req-923c8c7a-aeed-43e8-8582-89220e84f556 ] Request (FlavorsAdminTestJSON:test_is_public_string_variations): 200 POST http://10.180.1.21/compute/v2.1/flavors 0.707s
2025-04-14 12:01:58.389 70263 INFO tempest.lib.common.rest_client [req-72e3546e-a78a-424e-95da-35b14ae0b2b0 req-72e3546e-a78a-424e-95da-35b14ae0b2b0 ] Request (ServerActionsTestOtherB:setUpClass): 200 GET http://10.180.1.21/compute/v2.1/servers/6e11325b-8446-4bfa-9846-0b6c2274b0e3 0.865s
2025-04-14 12:01:58.407 70285 INFO tempest.lib.common.rest_client [req-e8e94304-eb53-4aa6-a937-88a2258deac1 req-e8e94304-eb53-4aa6-a937-88a2258deac1 ] Request (FlavorsAccessNegativeTestJSON:tearDownClass): 200 GET http://10.180.1.21:9696/networking/v2.0/security-groups?tenant_id=9fc5d7bb52514381be0f6ddc966bb07e&name=default 0.176s
2025-04-14 12:01:58.439 70239 INFO tempest.lib.common.rest_client [req-ac538328-bb32-45d5-a970-64203c76c794 req-ac538328-bb32-45d5-a970-64203c76c794 ] Request (SecurityGroupRulesNegativeTestJSON:setUpClass): 201 POST http://10.180.1.21:9696/networking/v2.0/routers 1.063s
2025-04-14 12:01:58.542 70255 INFO tempest.lib.common.rest_client [req-8d8e9a2b-3483-4ba3-a512-c6dd6edbeb3a req-8d8e9a2b-3483-4ba3-a512-c6dd6edbeb3a ] Request (QuotaClassesAdmin257Test:tearDownClass): 200 GET http://10.180.1.21:9696/networking/v2.0/security-groups?tenant_id=44a5031c4ff04769b2e1a6f9dab9438e&name=default 0.324s
2025-04-14 12:01:58.569 70285 INFO tempest.lib.common.rest_client [req-3d6cb86d-4d15-404e-af84-ea2a55efb8ed req-3d6cb86d-4d15-404e-af84-ea2a55efb8ed ] Request (FlavorsAccessNegativeTestJSON:tearDownClass): 204 DELETE http://10.180.1.21:9696/networking/v2.0/security-groups/d5fafd5d-4119-4dce-8a11-521dccf73fc9 0.161s
2025-04-14 12:01:58.636 70255 INFO tempest.lib.common.rest_client [req-24e44981-6c45-44a5-bd80-38079d2fc0eb req-24e44981-6c45-44a5-bd80-38079d2fc0eb ] Request (QuotaClassesAdmin257Test:tearDownClass): 204 DELETE http://10.180.1.21:9696/networking/v2.0/security-groups/85669c9b-6437-4c04-bbaa-a5010cd3f9b1 0.093s
2025-04-14 12:01:58.641 70269 INFO tempest.lib.common.rest_client [req-a098ccdf-5107-48f4-a8b9-7f7f2adaaf96 req-a098ccdf-5107-48f4-a8b9-7f7f2adaaf96 ] Request (MigrationsAdminTest:test_list_migrations_in_flavor_resize_situation): 200 GET http://10.180.1.21/compute/v2.1/servers/0e60bda5-6b99-4a55-9aec-3cf4ed415d3e 0.894s
2025-04-14 12:01:58.658 70259 INFO tempest.lib.common.rest_client [req-0be75f6a-8157-4b70-be9d-6d10aa4d4527 req-0be75f6a-8157-4b70-be9d-6d10aa4d4527 ] Request (ServerDiagnosticsTest:tearDownClass): 204 DELETE http://10.180.1.21:9696/networking/v2.0/security-groups/a01c1080-b9e8-4550-b9e9-f3444e8e2bf0 0.356s
2025-04-14 12:01:58.664 70285 INFO tempest.lib.common.rest_client [req-8fc6d38e-fdc8-4c1a-8924-6b258a7aea3b req-8fc6d38e-fdc8-4c1a-8924-6b258a7aea3b ] Request (FlavorsAccessNegativeTestJSON:tearDownClass): 204 DELETE http://10.180.1.21/identity/v3/projects/9fc5d7bb52514381be0f6ddc966bb07e 0.095s
2025-04-14 12:01:58.664 70285 INFO tempest.lib.common.dynamic_creds [-] Deleting project and security group for project: 591c1b7690124d0b859810171fc65024
2025-04-14 12:01:58.675 70225 INFO tempest.lib.common.rest_client [req-34ce15aa-1964-455b-90b3-bf7244eaae8b req-34ce15aa-1964-455b-90b3-bf7244eaae8b ] Request (ImagesOneServerNegativeTestJSON:tearDown): 200 GET http://10.180.1.21/compute/v2.1/servers/bb35d375-ac50-4e4a-831d-adeb6145f3fd 0.917s
2025-04-14 12:01:58.715 70249 INFO tempest.lib.common.rest_client [req-5090bbb5-f642-4b9f-b40a-68e5b933a2c0 req-5090bbb5-f642-4b9f-b40a-68e5b933a2c0 ] Request (ServersTestBootFromVolume:setUpClass): 200 GET http://10.180.1.21/volume/v3/volumes/2dcbdde2-28ff-430a-875d-a4c6acdee682 0.042s
2025-04-14 12:01:58.779 70255 INFO tempest.lib.common.rest_client [req-dbce2b72-d1fa-4ca3-a51e-a17c986dcd61 req-dbce2b72-d1fa-4ca3-a51e-a17c986dcd61 ] Request (QuotaClassesAdmin257Test:tearDownClass): 204 DELETE http://10.180.1.21/identity/v3/projects/44a5031c4ff04769b2e1a6f9dab9438e 0.142s
2025-04-14 12:01:58.779 70255 INFO tempest.lib.common.dynamic_creds [-] Deleting project and security group for project: 75b9fba069a4432192f3d337e28a6c50
2025-04-14 12:01:58.791 70259 INFO tempest.lib.common.rest_client [req-17aa60a1-0369-439b-9731-ae2dd6e98cdc req-17aa60a1-0369-439b-9731-ae2dd6e98cdc ] Request (ServerDiagnosticsTest:tearDownClass): 204 DELETE http://10.180.1.21/identity/v3/projects/eb5d2a548d024c7ebfd539fd0b372967 0.132s
2025-04-14 12:01:58.791 70259 INFO tempest.lib.common.dynamic_creds [-] Deleting project and security group for project: 5fd01328368044c2812cb5f03d3e651b
2025-04-14 12:01:58.832 70285 INFO tempest.lib.common.rest_client [req-4a865290-604f-450d-89f2-7522c9994858 req-4a865290-604f-450d-89f2-7522c9994858 ] Request (FlavorsAccessNegativeTestJSON:tearDownClass): 200 GET http://10.180.1.21:9696/networking/v2.0/security-groups?tenant_id=591c1b7690124d0b859810171fc65024&name=default 0.167s
2025-04-14 12:01:58.862 70259 INFO tempest.lib.common.rest_client [req-b903c38d-638e-4e4f-868a-e5e02156b4d7 req-b903c38d-638e-4e4f-868a-e5e02156b4d7 ] Request (ServerDiagnosticsTest:tearDownClass): 200 GET http://10.180.1.21:9696/networking/v2.0/security-groups?tenant_id=5fd01328368044c2812cb5f03d3e651b&name=default 0.071s
2025-04-14 12:01:59.028 70257 INFO tempest.lib.common.rest_client [req-70b4c697-ea17-43b9-9578-423fd14a11e2 req-70b4c697-ea17-43b9-9578-423fd14a11e2 ] Request (ServersAdmin275Test:test_rebuild_update_server_275): 200 GET http://10.180.1.21/compute/v2.1/servers/317882cf-ffbc-47c7-a6ba-1f2e418226c1 1.261s
2025-04-14 12:01:59.074 70255 INFO tempest.lib.common.rest_client [req-61f829d8-5f14-4457-a3ca-84cdbb37e645 req-61f829d8-5f14-4457-a3ca-84cdbb37e645 ] Request (QuotaClassesAdmin257Test:tearDownClass): 200 GET http://10.180.1.21:9696/networking/v2.0/security-groups?tenant_id=75b9fba069a4432192f3d337e28a6c50&name=default 0.295s
2025-04-14 12:01:59.106 70285 INFO tempest.lib.common.rest_client [req-5894d599-1a07-49de-8b4b-d6e8d19db5bd req-5894d599-1a07-49de-8b4b-d6e8d19db5bd ] Request (FlavorsAccessNegativeTestJSON:tearDownClass): 204 DELETE http://10.180.1.21:9696/networking/v2.0/security-groups/62675bf4-b913-470a-b815-203c5aefd50b 0.273s
2025-04-14 12:01:59.120 70259 INFO tempest.lib.common.rest_client [req-214abcd5-da80-4558-bdd8-efa4c9cfe4e0 req-214abcd5-da80-4558-bdd8-efa4c9cfe4e0 ] Request (ServerDiagnosticsTest:tearDownClass): 204 DELETE http://10.180.1.21:9696/networking/v2.0/security-groups/2cf4c758-d0d8-4605-9c0f-790d2cd11dc5 0.257s
2025-04-14 12:01:59.156 70231 INFO tempest.lib.common.rest_client [req-e5d9dd5c-1c8c-45ec-a0a5-98f70458d58d req-e5d9dd5c-1c8c-45ec-a0a5-98f70458d58d ] Request (ServersWithSpecificFlavorTestJSON:test_verify_created_server_ephemeral_disk): 200 GET http://10.180.1.21/compute/v2.1/servers/784b71d1-94a8-4fe1-9213-90eaf03fc0ad 1.326s
2025-04-14 12:01:59.201 70255 INFO tempest.lib.common.rest_client [req-58011ca2-58d7-467b-8797-07278d29aba4 req-58011ca2-58d7-467b-8797-07278d29aba4 ] Request (QuotaClassesAdmin257Test:tearDownClass): 204 DELETE http://10.180.1.21:9696/networking/v2.0/security-groups/30ff8c95-d8c8-40f7-993f-d4b0f17ce4ee 0.126s
2025-04-14 12:01:59.262 70285 INFO tempest.lib.common.rest_client [req-04f56085-0814-42a0-b144-2932bec64882 req-04f56085-0814-42a0-b144-2932bec64882 ] Request (FlavorsAccessNegativeTestJSON:tearDownClass): 204 DELETE http://10.180.1.21/identity/v3/projects/591c1b7690124d0b859810171fc65024 0.155s
2025-04-14 12:01:59.310 70259 INFO tempest.lib.common.rest_client [req-7ba91ad2-995d-4fcf-ae5b-c0df59ff4ab6 req-7ba91ad2-995d-4fcf-ae5b-c0df59ff4ab6 ] Request (ServerDiagnosticsTest:tearDownClass): 204 DELETE http://10.180.1.21/identity/v3/projects/5fd01328368044c2812cb5f03d3e651b 0.190s
2025-04-14 12:01:59.336 70255 INFO tempest.lib.common.rest_client [req-b1ee925e-10f3-47f3-8723-9bf491b83fbc req-b1ee925e-10f3-47f3-8723-9bf491b83fbc ] Request (QuotaClassesAdmin257Test:tearDownClass): 204 DELETE http://10.180.1.21/identity/v3/projects/75b9fba069a4432192f3d337e28a6c50 0.135s
2025-04-14 12:01:59.373 70265 INFO tempest.lib.common.rest_client [req-4435dc04-9b32-4a87-a53e-40b263f31be7 req-4435dc04-9b32-4a87-a53e-40b263f31be7 ] Request (ServersListShow2100Test:test_list_show_rebuild_update_server_2100): 202 POST http://10.180.1.21/compute/v2.1/servers 1.533s
2025-04-14 12:01:59.378 70285 INFO tempest.lib.common.rest_client [req-8af439fe-ae45-465f-a9cc-3c364f56df14 req-8af439fe-ae45-465f-a9cc-3c364f56df14 ] Request (FlavorMetadataValidation:setUpClass): 201 POST http://10.180.1.21/identity/v3/auth/tokens 0.114s
2025-04-14 12:01:59.400 70267 INFO tempest.lib.common.rest_client [req-c03a9fe1-de31-42ec-ae1f-426eb951277c req-c03a9fe1-de31-42ec-ae1f-426eb951277c ] Request (AttachInterfacesTestJSON:test_create_list_show_delete_interfaces_by_fixed_ip): 200 GET http://10.180.1.21/compute/v2.1/servers/a58a5b47-54a0-493a-9048-913a4f16c306 1.485s
2025-04-14 12:01:59.402 70255 INFO tempest.lib.common.rest_client [req-80b2916b-af70-4b7c-ae18-a3259df2e680 req-80b2916b-af70-4b7c-ae18-a3259df2e680 ] Request (KeyPairsV22TestJSON:setUpClass): 201 POST http://10.180.1.21/identity/v3/auth/tokens 0.064s
2025-04-14 12:01:59.411 70259 INFO tempest.lib.common.rest_client [req-cbee6e1c-7351-487e-98ca-1ebce4bceee2 req-cbee6e1c-7351-487e-98ca-1ebce4bceee2 ] Request (FloatingIPsAssociationTestJSON:setUpClass): 201 POST http://10.180.1.21/identity/v3/auth/tokens 0.099s
2025-04-14 12:01:59.437 70285 INFO tempest.lib.common.rest_client [req-310bee22-3ef2-4427-ba0d-72a0f508a1a0 req-310bee22-3ef2-4427-ba0d-72a0f508a1a0 ] Request (FlavorMetadataValidation:setUpClass): 201 POST http://10.180.1.21/identity/v3/auth/tokens 0.056s
2025-04-14 12:01:59.466 70255 INFO tempest.lib.common.rest_client [req-92cceb44-619c-4332-b88d-f808a94eb3d3 req-92cceb44-619c-4332-b88d-f808a94eb3d3 ] Request (KeyPairsV22TestJSON:setUpClass): 201 POST http://10.180.1.21/identity/v3/auth/tokens 0.060s
2025-04-14 12:01:59.498 70259 INFO tempest.lib.common.rest_client [req-f93afad3-69c9-4279-9103-056ac4d0c863 req-f93afad3-69c9-4279-9103-056ac4d0c863 ] Request (FloatingIPsAssociationTestJSON:setUpClass): 201 POST http://10.180.1.21/identity/v3/auth/tokens 0.085s
2025-04-14 12:01:59.507 70233 INFO tempest.lib.common.rest_client [req-cc86d4c4-0995-4bc5-8367-3e762d779b5b req-cc86d4c4-0995-4bc5-8367-3e762d779b5b ] Request (VolumesAssistedSnapshotsTest:test_volume_assisted_snapshot_create_delete): 200 GET http://10.180.1.21/compute/v2.1/servers/fcd888a3-4bc1-48a7-b2bb-d24bbe5f5973 1.442s
2025-04-14 12:01:59.520 70233 INFO tempest.common.waiters [-] State transition "BUILD/spawning" ==> "ACTIVE/None" after 25 second wait
2025-04-14 12:01:59.525 70223 INFO tempest.lib.common.rest_client [req-24e40e02-97f4-48d3-9f38-ed131642915f req-24e40e02-97f4-48d3-9f38-ed131642915f ] Request (AggregatesAdminNegativeTestJSON:test_aggregate_list_as_user): 403 GET http://10.180.1.21/compute/v2.1/os-aggregates 1.222s
2025-04-14 12:01:59.532 70229 INFO tempest.lib.common.rest_client [req-70a9068e-cbf0-43e1-8800-7a405f5eff2f req-70a9068e-cbf0-43e1-8800-7a405f5eff2f ] Request (ImagesOneServerTestJSON:test_create_delete_image): 200 GET http://10.180.1.21/compute/v2.1/flavors/42 1.208s
2025-04-14 12:01:59.534 70285 INFO tempest.lib.common.rest_client [req-ed0fb559-1454-4220-b259-eec988e1e062 req-ed0fb559-1454-4220-b259-eec988e1e062 ] Request (FlavorMetadataValidation:setUpClass): 200 GET http://10.180.1.21/identity/v3/domains?name=Default 0.097s
2025-04-14 12:01:59.555 70245 INFO tempest.lib.common.rest_client [req-61937021-3577-4efb-a761-7b2f41f205bc req-61937021-3577-4efb-a761-7b2f41f205bc ] Request (FlavorsAdminTestJSON:test_is_public_string_variations): 200 GET http://10.180.1.21/compute/v2.1/flavors/detail?is_public=f 1.206s
2025-04-14 12:01:59.556 70255 INFO tempest.lib.common.rest_client [req-c5dd061e-429d-4bac-9b41-6b4e26463313 req-c5dd061e-429d-4bac-9b41-6b4e26463313 ] Request (KeyPairsV22TestJSON:setUpClass): 200 GET http://10.180.1.21/identity/v3/domains?name=Default 0.089s
2025-04-14 12:01:59.567 70259 INFO tempest.lib.common.rest_client [req-b34a20ae-3627-4226-b6c9-825fab010e49 req-b34a20ae-3627-4226-b6c9-825fab010e49 ] Request (FloatingIPsAssociationTestJSON:setUpClass): 200 GET http://10.180.1.21/identity/v3/domains?name=Default 0.068s
2025-04-14 12:01:59.596 70285 INFO tempest.lib.common.rest_client [req-7d96abe2-2174-460e-99fa-ee3b5bbd6e16 req-7d96abe2-2174-460e-99fa-ee3b5bbd6e16 ] Request (FlavorMetadataValidation:setUpClass): 201 POST http://10.180.1.21/identity/v3/projects 0.061s
2025-04-14 12:01:59.610 70255 INFO tempest.lib.common.rest_client [req-218b525f-2631-420c-bdae-ed4a0faefc6a req-218b525f-2631-420c-bdae-ed4a0faefc6a ] Request (KeyPairsV22TestJSON:setUpClass): 201 POST http://10.180.1.21/identity/v3/projects 0.053s
2025-04-14 12:01:59.625 70247 INFO tempest.lib.common.rest_client [req-c3ffb28d-8e07-4a7c-94a0-47bd706ee8a0 req-c3ffb28d-8e07-4a7c-94a0-47bd706ee8a0 ] Request (QuotasAdminTestV257:test_get_updated_quotas): 200 PUT http://10.180.1.21/compute/v2.1/os-quota-sets/16e3aaa05a184697873391907963c146 1.544s
2025-04-14 12:01:59.625 70271 INFO tempest.lib.common.rest_client [req-8cd883b2-d406-461f-8337-97676b306250 req-8cd883b2-d406-461f-8337-97676b306250 ] Request (ServersTestJSON:test_create_server_specify_multibyte_character_name): 200 GET http://10.180.1.21/compute/v2.1/servers/a6c005cb-4dad-4705-bbfa-7af3d9747eec 1.236s
2025-04-14 12:01:59.663 70285 INFO tempest.lib.common.rest_client [req-55470865-d6cf-4db8-98f6-f528b40b107d req-55470865-d6cf-4db8-98f6-f528b40b107d ] Request (FlavorMetadataValidation:setUpClass): 201 POST http://10.180.1.21/identity/v3/users 0.067s
2025-04-14 12:01:59.667 70259 INFO tempest.lib.common.rest_client [req-a24cab50-1617-4d39-9914-d7c4ad4517b7 req-a24cab50-1617-4d39-9914-d7c4ad4517b7 ] Request (FloatingIPsAssociationTestJSON:setUpClass): 201 POST http://10.180.1.21/identity/v3/projects 0.099s
2025-04-14 12:01:59.692 70253 INFO tempest.lib.common.rest_client [req-429f75bf-0fac-4484-a391-16738cd7fc76 req-429f75bf-0fac-4484-a391-16738cd7fc76 ] Request (InstanceActionsNegativeTestJSON:setUpClass): 200 GET http://10.180.1.21/compute/v2.1/servers/841e895f-88d6-4f70-b37a-44beeb4a9890 1.220s
2025-04-14 12:01:59.702 70241 INFO tempest.lib.common.rest_client [req-3272a2c7-3b32-4b34-9715-cf16d2f511e8 req-3272a2c7-3b32-4b34-9715-cf16d2f511e8 ] Request (ServerDiagnosticsV248Test:test_get_server_diagnostics): 200 GET http://10.180.1.21/compute/v2.1/servers/33b817ff-96bf-4d5f-880c-d88b458e260b 1.160s
2025-04-14 12:01:59.731 70285 INFO tempest.lib.common.rest_client [req-302f82c8-4ed3-4097-8f0b-e946c5c10c12 req-302f82c8-4ed3-4097-8f0b-e946c5c10c12 ] Request (FlavorMetadataValidation:setUpClass): 200 GET http://10.180.1.21/identity/v3/roles 0.067s
2025-04-14 12:01:59.743 70255 INFO tempest.lib.common.rest_client [req-1a2363eb-56cd-4c91-a797-3a32efdedfc0 req-1a2363eb-56cd-4c91-a797-3a32efdedfc0 ] Request (KeyPairsV22TestJSON:setUpClass): 201 POST http://10.180.1.21/identity/v3/users 0.133s
2025-04-14 12:01:59.756 70259 INFO tempest.lib.common.rest_client [req-e6e0ac9e-4772-4924-960b-d8cdb47354fc req-e6e0ac9e-4772-4924-960b-d8cdb47354fc ] Request (FloatingIPsAssociationTestJSON:setUpClass): 201 POST http://10.180.1.21/identity/v3/users 0.089s
2025-04-14 12:01:59.759 70249 INFO tempest.lib.common.rest_client [req-f3a12e20-7806-425a-a9b2-78efbfd6f2e5 req-f3a12e20-7806-425a-a9b2-78efbfd6f2e5 ] Request (ServersTestBootFromVolume:setUpClass): 200 GET http://10.180.1.21/volume/v3/volumes/2dcbdde2-28ff-430a-875d-a4c6acdee682 0.037s
2025-04-14 12:01:59.766 70285 INFO tempest.lib.common.rest_client [req-62ad1168-d674-43d9-aaab-21721ef78c34 req-62ad1168-d674-43d9-aaab-21721ef78c34 ] Request (FlavorMetadataValidation:setUpClass): 204 PUT http://10.180.1.21/identity/v3/projects/a986e67eec114292a6a6f6f30d60c79d/users/37bd324428e94187a60d981b7a0095fb/roles/f55dc9cde9b9410485b2f2d509731c66 0.035s
2025-04-14 12:01:59.767 70285 INFO tempest.lib.common.dynamic_creds [-] Dynamic test user 37bd324428e94187a60d981b7a0095fb is created with scope project and roles: ['member']
2025-04-14 12:01:59.767 70285 INFO tempest.lib.common.dynamic_creds [-] Acquired dynamic creds: credentials: Credentials: {'domain_id': 'default', 'domain_name': 'Default', 'username': 'tempest-FlavorMetadataValidation-1006542537-project-member', 'project_domain_id': 'default', 'project_domain_name': 'Default', 'project_id': 'a986e67eec114292a6a6f6f30d60c79d', 'project_name': 'tempest-FlavorMetadataValidation-1006542537', 'tenant_id': 'a986e67eec114292a6a6f6f30d60c79d', 'tenant_name': 'tempest-FlavorMetadataValidation-1006542537', 'user_domain_id': 'default', 'user_domain_name': 'Default', 'user_id': '37bd324428e94187a60d981b7a0095fb', 'system': None}, Network: None, Subnet: None, Router: None
2025-04-14 12:01:59.767 70285 INFO tempest.lib.common.dynamic_creds [-] Created isolated network resources for: credentials: Credentials: {'domain_id': 'default', 'domain_name': 'Default', 'username': 'tempest-FlavorMetadataValidation-1006542537-project-member', 'project_domain_id': 'default', 'project_domain_name': 'Default', 'project_id': 'a986e67eec114292a6a6f6f30d60c79d', 'project_name': 'tempest-FlavorMetadataValidation-1006542537', 'tenant_id': 'a986e67eec114292a6a6f6f30d60c79d', 'tenant_name': 'tempest-FlavorMetadataValidation-1006542537', 'user_domain_id': 'default', 'user_domain_name': 'Default', 'user_id': '37bd324428e94187a60d981b7a0095fb', 'system': None}, Network: None, Subnet: None, Router: None
2025-04-14 12:01:59.775 70255 INFO tempest.lib.common.rest_client [req-5c9de38e-bd67-499a-8dde-e7f4701c2560 req-5c9de38e-bd67-499a-8dde-e7f4701c2560 ] Request (KeyPairsV22TestJSON:setUpClass): 200 GET http://10.180.1.21/identity/v3/roles 0.031s
2025-04-14 12:01:59.781 70235 INFO tempest.lib.common.rest_client [req-21fdeadf-752d-4d97-88fc-fb4879bd69c6 req-21fdeadf-752d-4d97-88fc-fb4879bd69c6 ] Request (ServersAdminTestJSON:setUpClass): 200 GET http://10.180.1.21/compute/v2.1/servers/e39094b1-db15-4d66-a5ce-6e02f3b3799e 1.234s
2025-04-14 12:01:59.785 70237 INFO tempest.lib.common.rest_client [req-6626593f-cbde-43a9-8692-f5a8eefb960c req-6626593f-cbde-43a9-8692-f5a8eefb960c ] Request (ServerActionsV293TestJSON:setUpClass): 200 GET http://10.180.1.21/compute/v2.1/servers/ccf16ee0-ca7b-4b41-b19d-e18c75493e5b 1.167s
2025-04-14 12:01:59.815 70259 INFO tempest.lib.common.rest_client [req-cc1bd733-641f-4f98-b001-5dd4b72b0003 req-cc1bd733-641f-4f98-b001-5dd4b72b0003 ] Request (FloatingIPsAssociationTestJSON:setUpClass): 200 GET http://10.180.1.21/identity/v3/roles 0.058s
2025-04-14 12:01:59.841 70285 INFO tempest.lib.common.rest_client [req-854f1490-20f7-4a28-a407-6a41c3771cb0 req-854f1490-20f7-4a28-a407-6a41c3771cb0 ] Request (FlavorMetadataValidation:setUpClass): 201 POST http://10.180.1.21/identity/v3/auth/tokens 0.070s
2025-04-14 12:01:59.845 70255 INFO tempest.lib.common.rest_client [req-81087c4d-27e7-41de-b24a-0897e146aa5b req-81087c4d-27e7-41de-b24a-0897e146aa5b ] Request (KeyPairsV22TestJSON:setUpClass): 204 PUT http://10.180.1.21/identity/v3/projects/6e3c6c7f02cf44e79418a072cd13a2d2/users/c4320fd2501c4f0989f2e047545af570/roles/f55dc9cde9b9410485b2f2d509731c66 0.070s
2025-04-14 12:01:59.846 70255 INFO tempest.lib.common.dynamic_creds [-] Dynamic test user c4320fd2501c4f0989f2e047545af570 is created with scope project and roles: ['member']
2025-04-14 12:01:59.846 70255 INFO tempest.lib.common.dynamic_creds [-] Acquired dynamic creds: credentials: Credentials: {'domain_id': 'default', 'domain_name': 'Default', 'username': 'tempest-KeyPairsV22TestJSON-58231624-project-member', 'project_domain_id': 'default', 'project_domain_name': 'Default', 'project_id': '6e3c6c7f02cf44e79418a072cd13a2d2', 'project_name': 'tempest-KeyPairsV22TestJSON-58231624', 'tenant_id': '6e3c6c7f02cf44e79418a072cd13a2d2', 'tenant_name': 'tempest-KeyPairsV22TestJSON-58231624', 'user_domain_id': 'default', 'user_domain_name': 'Default', 'user_id': 'c4320fd2501c4f0989f2e047545af570', 'system': None}, Network: None, Subnet: None, Router: None
2025-04-14 12:01:59.846 70255 INFO tempest.lib.common.dynamic_creds [-] Created isolated network resources for: credentials: Credentials: {'domain_id': 'default', 'domain_name': 'Default', 'username': 'tempest-KeyPairsV22TestJSON-58231624-project-member', 'project_domain_id': 'default', 'project_domain_name': 'Default', 'project_id': '6e3c6c7f02cf44e79418a072cd13a2d2', 'project_name': 'tempest-KeyPairsV22TestJSON-58231624', 'tenant_id': '6e3c6c7f02cf44e79418a072cd13a2d2', 'tenant_name': 'tempest-KeyPairsV22TestJSON-58231624', 'user_domain_id': 'default', 'user_domain_name': 'Default', 'user_id': 'c4320fd2501c4f0989f2e047545af570', 'system': None}, Network: None, Subnet: None, Router: None
2025-04-14 12:01:59.846 70283 INFO tempest.lib.common.rest_client [req-241eda1b-0e83-4797-8a73-1078c29431cb req-241eda1b-0e83-4797-8a73-1078c29431cb ] Request (FloatingIPsAssociationNegativeTestJSON:setUpClass): 200 GET http://10.180.1.21/compute/v2.1/servers/447553ee-5d75-4647-b650-ac52b860ab01 1.202s
2025-04-14 12:01:59.901 70285 INFO tempest.lib.common.rest_client [req-ff7f781c-6da1-4e6d-ba20-8d369bad33eb req-ff7f781c-6da1-4e6d-ba20-8d369bad33eb ] Request (FlavorMetadataValidation:setUpClass): 201 POST http://10.180.1.21/identity/v3/projects 0.059s
2025-04-14 12:01:59.901 70259 INFO tempest.lib.common.rest_client [req-4272dda9-e2ae-42e4-9158-2c9915a356a7 req-4272dda9-e2ae-42e4-9158-2c9915a356a7 ] Request (FloatingIPsAssociationTestJSON:setUpClass): 204 PUT http://10.180.1.21/identity/v3/projects/2991068874664ddb96502c1e595cbd6a/users/07afd733368a47d9b6ab833efd7a6fb6/roles/f55dc9cde9b9410485b2f2d509731c66 0.086s
2025-04-14 12:01:59.901 70259 INFO tempest.lib.common.dynamic_creds [-] Dynamic test user 07afd733368a47d9b6ab833efd7a6fb6 is created with scope project and roles: ['member']
2025-04-14 12:01:59.901 70259 INFO tempest.lib.common.dynamic_creds [-] Acquired dynamic creds: credentials: Credentials: {'domain_id': 'default', 'domain_name': 'Default', 'username': 'tempest-FloatingIPsAssociationTestJSON-1307320230-project-member', 'project_domain_id': 'default', 'project_domain_name': 'Default', 'project_id': '2991068874664ddb96502c1e595cbd6a', 'project_name': 'tempest-FloatingIPsAssociationTestJSON-1307320230', 'tenant_id': '2991068874664ddb96502c1e595cbd6a', 'tenant_name': 'tempest-FloatingIPsAssociationTestJSON-1307320230', 'user_domain_id': 'default', 'user_domain_name': 'Default', 'user_id': '07afd733368a47d9b6ab833efd7a6fb6', 'system': None}, Network: None, Subnet: None, Router: None
2025-04-14 12:01:59.920 70273 INFO tempest.lib.common.rest_client [req-8a17bfa2-bdb0-4ee7-ab7e-6a2a7ab334f6 req-8a17bfa2-bdb0-4ee7-ab7e-6a2a7ab334f6 ] Request (AttachInterfacesV270Test:test_create_get_list_interfaces): 200 GET http://10.180.1.21/compute/v2.1/servers/e4d106b0-164b-4064-8868-3ba80292d7e4 1.080s
2025-04-14 12:01:59.934 70225 INFO tempest.lib.common.rest_client [req-cf522464-9aa3-43ab-a571-5407080e120c req-cf522464-9aa3-43ab-a571-5407080e120c ] Request (ImagesOneServerNegativeTestJSON:setUp): 200 GET http://10.180.1.21/compute/v2.1/servers/bb35d375-ac50-4e4a-831d-adeb6145f3fd 1.242s
2025-04-14 12:01:59.974 70255 INFO tempest.lib.common.rest_client [req-ac2c67fc-759f-4493-bd36-0253074fea5e req-ac2c67fc-759f-4493-bd36-0253074fea5e ] Request (KeyPairsV22TestJSON:setUpClass): 201 POST http://10.180.1.21/identity/v3/auth/tokens 0.124s
2025-04-14 12:01:59.987 70279 INFO tempest.lib.common.rest_client [req-542f30c4-0379-41c5-9ad4-d16d6a78a2e8 req-542f30c4-0379-41c5-9ad4-d16d6a78a2e8 ] Request (VolumesAdminNegativeTest:test_update_attached_volume_with_nonexistent_volume_in_body): 200 GET http://10.180.1.21/compute/v2.1/servers/d04ee156-517e-4fb7-9a7d-4afc43d4d84e 1.115s
2025-04-14 12:02:00.006 70259 INFO tempest.lib.common.rest_client [req-2af05f69-2d45-47f3-90e1-13fd904a94ab req-2af05f69-2d45-47f3-90e1-13fd904a94ab ] Request (FloatingIPsAssociationTestJSON:setUpClass): 201 POST http://10.180.1.21/identity/v3/auth/tokens 0.104s
2025-04-14 12:02:00.012 70261 INFO tempest.lib.common.rest_client [req-00be1a21-4076-4ce4-9fea-0090c9c07a18 req-00be1a21-4076-4ce4-9fea-0090c9c07a18 ] Request (ServersAdminNegativeTestJSON:test_migrate_server_invalid_state): 200 GET http://10.180.1.21/compute/v2.1/servers/1150e76e-fa6d-4887-8ec6-cb72545c16eb 1.107s
2025-04-14 12:02:00.041 70285 INFO tempest.lib.common.rest_client [req-3efecddb-1190-4023-8242-1480e63ae8f7 req-3efecddb-1190-4023-8242-1480e63ae8f7 ] Request (FlavorMetadataValidation:setUpClass): 201 POST http://10.180.1.21/identity/v3/users 0.139s
2025-04-14 12:02:00.094 70285 INFO tempest.lib.common.rest_client [req-1c69ecbf-9407-4dde-98bd-b040f6ed5b75 req-1c69ecbf-9407-4dde-98bd-b040f6ed5b75 ] Request (FlavorMetadataValidation:setUpClass): 200 GET http://10.180.1.21/identity/v3/roles 0.052s
2025-04-14 12:02:00.126 70227 INFO tempest.lib.common.rest_client [req-4755a03d-2137-4393-b56b-a440805c9b31 req-4755a03d-2137-4393-b56b-a440805c9b31 ] Request (DeleteServersAdminTestJSON:test_admin_delete_servers_of_others): 200 GET http://10.180.1.21/compute/v2.1/servers/ca7f31df-30ef-4b66-ab8e-63c1a12cb598 1.072s
2025-04-14 12:02:00.132 70285 INFO tempest.lib.common.rest_client [req-02b482ad-cde2-4a9f-9b10-54a1c5797d5e req-02b482ad-cde2-4a9f-9b10-54a1c5797d5e ] Request (FlavorMetadataValidation:setUpClass): 204 PUT http://10.180.1.21/identity/v3/projects/281a342ff0ae4e1ebd26e8fed9d1b7af/users/d73f07db0d34454b829dc4c8fc47af7d/roles/a428a8caaf5e492482570235c5e4cbc8 0.038s
2025-04-14 12:02:00.192 70285 INFO tempest.lib.common.rest_client [req-5e1d8c13-14fb-4ccc-ad3d-cc3237050f7e req-5e1d8c13-14fb-4ccc-ad3d-cc3237050f7e ] Request (FlavorMetadataValidation:setUpClass): 200 GET http://10.180.1.21/identity/v3/roles 0.059s
2025-04-14 12:02:00.214 70285 INFO tempest.lib.common.rest_client [req-8040039b-8fa4-413a-a514-b456b6fa981e req-8040039b-8fa4-413a-a514-b456b6fa981e ] Request (FlavorMetadataValidation:setUpClass): 204 PUT http://10.180.1.21/identity/v3/projects/281a342ff0ae4e1ebd26e8fed9d1b7af/users/d73f07db0d34454b829dc4c8fc47af7d/roles/a428a8caaf5e492482570235c5e4cbc8 0.021s
2025-04-14 12:02:00.214 70285 INFO tempest.lib.common.dynamic_creds [-] Dynamic test user d73f07db0d34454b829dc4c8fc47af7d is created with scope project and roles: ['admin']
2025-04-14 12:02:00.214 70285 INFO tempest.lib.common.dynamic_creds [-] Acquired dynamic creds: credentials: Credentials: {'domain_id': 'default', 'domain_name': 'Default', 'username': 'tempest-FlavorMetadataValidation-143155582-project-admin', 'project_domain_id': 'default', 'project_domain_name': 'Default', 'project_id': '281a342ff0ae4e1ebd26e8fed9d1b7af', 'project_name': 'tempest-FlavorMetadataValidation-143155582', 'tenant_id': '281a342ff0ae4e1ebd26e8fed9d1b7af', 'tenant_name': 'tempest-FlavorMetadataValidation-143155582', 'user_domain_id': 'default', 'user_domain_name': 'Default', 'user_id': 'd73f07db0d34454b829dc4c8fc47af7d', 'system': None}, Network: None, Subnet: None, Router: None
2025-04-14 12:02:00.214 70285 INFO tempest.lib.common.dynamic_creds [-] Created isolated network resources for: credentials: Credentials: {'domain_id': 'default', 'domain_name': 'Default', 'username': 'tempest-FlavorMetadataValidation-143155582-project-admin', 'project_domain_id': 'default', 'project_domain_name': 'Default', 'project_id': '281a342ff0ae4e1ebd26e8fed9d1b7af', 'project_name': 'tempest-FlavorMetadataValidation-143155582', 'tenant_id': '281a342ff0ae4e1ebd26e8fed9d1b7af', 'tenant_name': 'tempest-FlavorMetadataValidation-143155582', 'user_domain_id': 'default', 'user_domain_name': 'Default', 'user_id': 'd73f07db0d34454b829dc4c8fc47af7d', 'system': None}, Network: None, Subnet: None, Router: None
2025-04-14 12:02:00.289 70281 INFO tempest.lib.common.rest_client [req-a4dcb1ba-1193-42c2-bcaa-65733248baec req-a4dcb1ba-1193-42c2-bcaa-65733248baec ] Request (TenantUsagesTestJSON:tearDownClass): 200 GET http://10.180.1.21/compute/v2.1/servers/ef12b312-668e-4e77-becd-a3a717f37306 1.008s
2025-04-14 12:02:00.312 70285 INFO tempest.lib.common.rest_client [req-11df2c4b-e18e-4da9-a327-028748fb804b req-11df2c4b-e18e-4da9-a327-028748fb804b ] Request (FlavorMetadataValidation:setUpClass): 201 POST http://10.180.1.21/identity/v3/auth/tokens 0.094s
2025-04-14 12:02:00.384 70259 INFO tempest.lib.common.rest_client [req-5fc5bc4d-dc38-440a-84bd-b1c5303f53c1 req-5fc5bc4d-dc38-440a-84bd-b1c5303f53c1 ] Request (FloatingIPsAssociationTestJSON:setUpClass): 201 POST http://10.180.1.21:9696/networking/v2.0/networks 0.377s
2025-04-14 12:02:00.402 70265 INFO tempest.lib.common.rest_client [req-98a81a2f-3e93-48b8-81d3-d2f3bea85b65 req-98a81a2f-3e93-48b8-81d3-d2f3bea85b65 ] Request (ServersListShow2100Test:test_list_show_rebuild_update_server_2100): 200 GET http://10.180.1.21/compute/v2.1/servers/42d139e4-d24f-470e-9d25-3a06d36f5b77 1.027s
2025-04-14 12:02:00.432 70243 INFO tempest.lib.common.rest_client [req-46e2e499-8276-4b20-acfb-0d9c9daa218d req-46e2e499-8276-4b20-acfb-0d9c9daa218d ] Request (ImagesTestJSON:test_create_image_from_stopped_server): 200 GET http://10.180.1.21/compute/v2.1/servers/9d501907-48a9-4300-8740-57b3da041af4 1.135s
2025-04-14 12:02:00.440 70243 INFO tempest.common.waiters [-] State transition "BUILD/spawning" ==> "ACTIVE/None" after 34 second wait
2025-04-14 12:02:00.480 70263 INFO tempest.lib.common.rest_client [req-350295ec-b44c-4aac-8bfc-706f4414d1d2 req-350295ec-b44c-4aac-8bfc-706f4414d1d2 ] Request (ServerActionsTestOtherB:setUpClass): 200 GET http://10.180.1.21/compute/v2.1/servers/6e11325b-8446-4bfa-9846-0b6c2274b0e3 1.083s
2025-04-14 12:02:00.514 70223 INFO tempest.lib.common.rest_client [req-d0904151-a3d3-4724-8a19-590a4d26d22e req-d0904151-a3d3-4724-8a19-590a4d26d22e ] Request (AggregatesAdminNegativeTestJSON:test_aggregate_remove_host_as_user): 200 POST http://10.180.1.21/compute/v2.1/os-aggregates 0.987s
2025-04-14 12:02:00.582 70259 INFO tempest.lib.common.rest_client [req-c9c3a62a-a6f3-41b6-b4d4-2ab112acf655 req-c9c3a62a-a6f3-41b6-b4d4-2ab112acf655 ] Request (FloatingIPsAssociationTestJSON:setUpClass): 201 POST http://10.180.1.21:9696/networking/v2.0/subnets 0.197s
2025-04-14 12:02:00.593 70233 INFO tempest.lib.common.rest_client [req-bab7b78e-6cca-4e5a-8a8f-09e833aad124 req-bab7b78e-6cca-4e5a-8a8f-09e833aad124 ] Request (VolumesAssistedSnapshotsTest:test_volume_assisted_snapshot_create_delete): 200 GET http://10.180.1.21/compute/v2.1/servers/fcd888a3-4bc1-48a7-b2bb-d24bbe5f5973/os-interface 1.072s
2025-04-14 12:02:00.615 70245 INFO tempest.lib.common.rest_client [req-9924710c-a892-41f4-b002-10ab5330fff2 req-9924710c-a892-41f4-b002-10ab5330fff2 ] Request (FlavorsAdminTestJSON:test_is_public_string_variations): 200 GET http://10.180.1.21/compute/v2.1/flavors/detail?is_public=false 1.053s
2025-04-14 12:02:00.629 70229 INFO tempest.lib.common.rest_client [req-47e216ac-1aad-4b06-84ca-9fb5e50a028d req-47e216ac-1aad-4b06-84ca-9fb5e50a028d ] Request (ImagesOneServerTestJSON:test_create_delete_image): 204 DELETE http://10.180.1.21/compute/v2.1/images/2cdb718e-0c38-458e-9073-3126facbf98f 1.092s
2025-04-14 12:02:00.743 70239 INFO tempest.lib.common.rest_client [req-5d58e80e-5e3a-4e7d-ae15-2eea8f8b6624 req-5d58e80e-5e3a-4e7d-ae15-2eea8f8b6624 ] Request (SecurityGroupRulesNegativeTestJSON:setUpClass): 200 PUT http://10.180.1.21:9696/networking/v2.0/routers/3661b2ed-ba93-4c9d-9df5-e306a3abed29/add_router_interface 2.303s
2025-04-14 12:02:00.745 70239 INFO tempest.lib.common.dynamic_creds [-] Created isolated network resources for: credentials: Credentials: {'domain_id': 'default', 'domain_name': 'Default', 'username': 'tempest-SecurityGroupRulesNegativeTestJSON-1063523469-project-member', 'project_domain_id': 'default', 'project_domain_name': 'Default', 'project_id': 'f088a243fa9441ec8645324a1c72469f', 'project_name': 'tempest-SecurityGroupRulesNegativeTestJSON-1063523469', 'tenant_id': 'f088a243fa9441ec8645324a1c72469f', 'tenant_name': 'tempest-SecurityGroupRulesNegativeTestJSON-1063523469', 'user_domain_id': 'default', 'user_domain_name': 'Default', 'user_id': '0174930e0ce64ddfbe8b24faba3c8204', 'system': None}, Network: {'id': '8b895e37-1c55-4e1f-8ce3-6cc9f5219ce7', 'name': 'tempest-SecurityGroupRulesNegativeTestJSON-424615632-network', 'tenant_id': 'f088a243fa9441ec8645324a1c72469f', 'admin_state_up': True, 'mtu': 8950, 'status': 'ACTIVE', 'subnets': [], 'shared': False, 'project_id': 'f088a243fa9441ec8645324a1c72469f', 'port_security_enabled': True, 'router:external': False, 'provider:network_type': 'vlan', 'provider:physical_network': 'default', 'provider:segmentation_id': 335, 'availability_zone_hints': [], 'availability_zones': [], 'ipv4_address_scope': None, 'ipv6_address_scope': None, 'description': '', 'tags': [], 'created_at': '2025-04-14T12:01:57Z', 'updated_at': '2025-04-14T12:01:57Z', 'revision_number': 1}, Subnet: {'id': '2be7baf8-48b0-4ae3-ab17-00ae394677c1', 'name': 'tempest-SecurityGroupRulesNegativeTestJSON-424615632-subnet', 'tenant_id': 'f088a243fa9441ec8645324a1c72469f', 'network_id': '8b895e37-1c55-4e1f-8ce3-6cc9f5219ce7', 'ip_version': 4, 'subnetpool_id': None, 'enable_dhcp': True, 'ipv6_ra_mode': None, 'ipv6_address_mode': None, 'gateway_ip': '192.168.128.1', 'cidr': '192.168.128.0/28', 'allocation_pools': [{'start': '192.168.128.2', 'end': '192.168.128.14'}], 'host_routes': [], 'dns_nameservers': [], 'description': '', 'router:external': False, 'service_types': [], 'tags': [], 'created_at': '2025-04-14T12:01:57Z', 'updated_at': '2025-04-14T12:01:57Z', 'revision_number': 0, 'project_id': 'f088a243fa9441ec8645324a1c72469f'}, Router: {'id': '3661b2ed-ba93-4c9d-9df5-e306a3abed29', 'name': 'tempest-SecurityGroupRulesNegativeTestJSON-424615632-router', 'tenant_id': 'f088a243fa9441ec8645324a1c72469f', 'admin_state_up': True, 'status': 'ACTIVE', 'external_gateway_info': {'network_id': 'd9c959bc-7797-430b-bbbc-7d2bf417142c', 'external_fixed_ips': [{'subnet_id': '3ec12df7-876f-4588-ad12-24090a415e2d', 'ip_address': '10.180.180.199'}], 'enable_snat': True}, 'description': '', 'availability_zones': [], 'distributed': False, 'ha': False, 'availability_zone_hints': [], 'routes': [], 'flavor_id': None, 'tags': [], 'created_at': '2025-04-14T12:01:57Z', 'updated_at': '2025-04-14T12:01:57Z', 'revision_number': 2, 'project_id': 'f088a243fa9441ec8645324a1c72469f'}
2025-04-14 12:02:00.763 70247 INFO tempest.lib.common.rest_client [req-333e4b26-7ece-438c-9260-b1df5e7e1c18 req-333e4b26-7ece-438c-9260-b1df5e7e1c18 ] Request (QuotasAdminTestV257:test_get_updated_quotas): 200 GET http://10.180.1.21/compute/v2.1/os-quota-sets/16e3aaa05a184697873391907963c146/detail 1.137s
2025-04-14 12:02:00.793 70247 INFO tempest.lib.common.rest_client [req-46f73bec-187c-4286-926e-510ad0d47629 req-46f73bec-187c-4286-926e-510ad0d47629 ] Request (QuotasAdminTestV257:test_get_updated_quotas): 200 GET http://10.180.1.21/identity/v3/domains?name=Default 0.024s
2025-04-14 12:02:00.798 70249 INFO tempest.lib.common.rest_client [req-5a102aad-e913-4a06-9bd0-6d26e62dbe16 req-5a102aad-e913-4a06-9bd0-6d26e62dbe16 ] Request (ServersTestBootFromVolume:setUpClass): 200 GET http://10.180.1.21/volume/v3/volumes/2dcbdde2-28ff-430a-875d-a4c6acdee682 0.030s
2025-04-14 12:02:00.818 70269 INFO tempest.lib.common.rest_client [req-fb09b335-1d49-49cc-b38a-e0d21284bb7b req-fb09b335-1d49-49cc-b38a-e0d21284bb7b ] Request (MigrationsAdminTest:test_list_migrations_in_flavor_resize_situation): 200 GET http://10.180.1.21/compute/v2.1/servers/0e60bda5-6b99-4a55-9aec-3cf4ed415d3e 1.161s
2025-04-14 12:02:00.825 70247 INFO tempest.lib.common.rest_client [req-d2a07d74-5e14-40da-9b86-0d66f083e1c8 req-d2a07d74-5e14-40da-9b86-0d66f083e1c8 ] Request (QuotasAdminTestV257:test_get_updated_quotas): 201 POST http://10.180.1.21/identity/v3/users 0.031s
2025-04-14 12:02:00.852 70239 INFO tempest.lib.common.rest_client [req-cb35320d-4432-4d6b-8cea-eb9369eb87d3 req-cb35320d-4432-4d6b-8cea-eb9369eb87d3 ] Request (SecurityGroupRulesNegativeTestJSON:setUpClass): 201 POST http://10.180.1.21/identity/v3/auth/tokens 0.101s
2025-04-14 12:02:00.883 70247 INFO tempest.lib.common.rest_client [req-d57d49f1-c0de-42d4-af57-70e26bf072eb req-d57d49f1-c0de-42d4-af57-70e26bf072eb ] Request (QuotasAdminTestV257:test_get_updated_quotas): 200 GET http://10.180.1.21/identity/v3/domains?name=Default 0.057s
2025-04-14 12:02:00.958 70255 INFO tempest.lib.common.rest_client [req-b2c6e9f8-6f99-431a-be2f-7ab82200e654 req-b2c6e9f8-6f99-431a-be2f-7ab82200e654 ] Request (KeyPairsV22TestJSON:test_get_keypair_detail): 201 POST http://10.180.1.21/compute/v2.1/os-keypairs 0.983s
2025-04-14 12:02:01.056 70257 INFO tempest.lib.common.rest_client [req-1f5ac375-ae4b-4ee8-a464-523365e61b6b req-1f5ac375-ae4b-4ee8-a464-523365e61b6b ] Request (ServersAdmin275Test:test_rebuild_update_server_275): 200 GET http://10.180.1.21/compute/v2.1/servers/317882cf-ffbc-47c7-a6ba-1f2e418226c1 1.014s
2025-04-14 12:02:01.065 70251 WARNING tempest.lib.common.ssh [-] Failed to establish authenticated ssh connection to cirros@10.180.180.211 ([Errno None] Unable to connect to port 22 on 10.180.180.211). Number attempts: 4. Retry after 5 seconds.: paramiko.ssh_exception.NoValidConnectionsError: [Errno None] Unable to connect to port 22 on 10.180.180.211
2025-04-14 12:02:01.168 70231 INFO tempest.lib.common.rest_client [req-f71ab7f3-28f9-44fc-96cb-8a062868cfb7 req-f71ab7f3-28f9-44fc-96cb-8a062868cfb7 ] Request (ServersWithSpecificFlavorTestJSON:test_verify_created_server_ephemeral_disk): 200 GET http://10.180.1.21/compute/v2.1/servers/784b71d1-94a8-4fe1-9213-90eaf03fc0ad 0.998s
2025-04-14 12:02:01.210 70275 WARNING tempest.lib.common.ssh [-] Failed to establish authenticated ssh connection to cirros@10.180.180.170 ([Errno None] Unable to connect to port 22 on 10.180.180.170). Number attempts: 1. Retry after 2 seconds.: paramiko.ssh_exception.NoValidConnectionsError: [Errno None] Unable to connect to port 22 on 10.180.180.170
2025-04-14 12:02:01.218 70285 INFO tempest.lib.common.rest_client [req-dc1bc857-2d03-4db5-b10c-52c96cb86909 req-dc1bc857-2d03-4db5-b10c-52c96cb86909 ] Request (FlavorMetadataValidation:test_flavor_update_with_custom_namespace): 200 POST http://10.180.1.21/compute/v2.1/flavors 0.905s
2025-04-14 12:02:01.341 70225 INFO tempest.lib.common.rest_client [req-7cbd0ed9-d343-4c65-96ed-13e8d578cc8c req-7cbd0ed9-d343-4c65-96ed-13e8d578cc8c ] Request (ImagesOneServerNegativeTestJSON:test_create_second_image_when_first_image_is_being_saved): 202 POST http://10.180.1.21/compute/v2.1/servers/bb35d375-ac50-4e4a-831d-adeb6145f3fd/action 1.388s
2025-04-14 12:02:01.341 70267 INFO tempest.lib.common.rest_client [req-d753bedc-eff8-49ca-8a8b-e9ff8cb962a8 req-d753bedc-eff8-49ca-8a8b-e9ff8cb962a8 ] Request (AttachInterfacesTestJSON:test_create_list_show_delete_interfaces_by_fixed_ip): 200 GET http://10.180.1.21/compute/v2.1/servers/a58a5b47-54a0-493a-9048-913a4f16c306 0.933s
2025-04-14 12:02:01.423 70243 INFO tempest.lib.common.rest_client [req-e56e40db-6f18-49a5-91e0-f6d9c375f118 req-e56e40db-6f18-49a5-91e0-f6d9c375f118 ] Request (ImagesTestJSON:test_create_image_from_stopped_server): 202 POST http://10.180.1.21/compute/v2.1/servers/9d501907-48a9-4300-8740-57b3da041af4/action 0.982s
2025-04-14 12:02:01.439 70245 INFO tempest.lib.common.rest_client [req-44acfb34-e518-49c5-9627-547e2c523f0a req-44acfb34-e518-49c5-9627-547e2c523f0a ] Request (FlavorsAdminTestJSON:test_is_public_string_variations): 200 GET http://10.180.1.21/compute/v2.1/flavors/detail?is_public=no 0.821s
2025-04-14 12:02:01.467 70223 INFO tempest.lib.common.rest_client [req-2f9f9623-1ed8-47f3-b307-b20e50866da2 req-2f9f9623-1ed8-47f3-b307-b20e50866da2 ] Request (AggregatesAdminNegativeTestJSON:test_aggregate_remove_host_as_user): 200 POST http://10.180.1.21/compute/v2.1/os-aggregates/7/action 0.951s
2025-04-14 12:02:01.469 70229 INFO tempest.lib.common.rest_client [req-f1bc0117-8849-4f9f-adab-bc7897e96686 req-f1bc0117-8849-4f9f-adab-bc7897e96686 ] Request (ImagesOneServerTestJSON:test_create_delete_image): 404 GET http://10.180.1.21/compute/v2.1/images/2cdb718e-0c38-458e-9073-3126facbf98f 0.837s
2025-04-14 12:02:01.526 70271 INFO tempest.lib.common.rest_client [req-ccc8c50c-105a-4308-8a43-a1b808c7cafc req-ccc8c50c-105a-4308-8a43-a1b808c7cafc ] Request (ServersTestJSON:test_create_server_specify_multibyte_character_name): 200 GET http://10.180.1.21/compute/v2.1/servers/a6c005cb-4dad-4705-bbfa-7af3d9747eec 0.889s
2025-04-14 12:02:01.537 70271 INFO tempest.common.waiters [-] State transition "BUILD/scheduling" ==> "BUILD/None" after 9 second wait
2025-04-14 12:02:01.563 70253 INFO tempest.lib.common.rest_client [req-4e33a4b5-1a65-44a2-8760-dfa6338280ca req-4e33a4b5-1a65-44a2-8760-dfa6338280ca ] Request (InstanceActionsNegativeTestJSON:setUpClass): 200 GET http://10.180.1.21/compute/v2.1/servers/841e895f-88d6-4f70-b37a-44beeb4a9890 0.860s
2025-04-14 12:02:01.590 70241 INFO tempest.lib.common.rest_client [req-e4cf4a42-bd1d-45d6-89d7-55cc3aa0bb46 req-e4cf4a42-bd1d-45d6-89d7-55cc3aa0bb46 ] Request (ServerDiagnosticsV248Test:test_get_server_diagnostics): 200 GET http://10.180.1.21/compute/v2.1/servers/33b817ff-96bf-4d5f-880c-d88b458e260b 0.871s
2025-04-14 12:02:01.600 70233 INFO tempest.lib.common.rest_client [req-30e0dc40-21b9-4e51-b6f7-77c63407a78c req-30e0dc40-21b9-4e51-b6f7-77c63407a78c ] Request (VolumesAssistedSnapshotsTest:test_volume_assisted_snapshot_create_delete): 200 PUT http://10.180.1.21:9696/networking/v2.0/floatingips/da66fc35-4b9a-4ac5-8e4e-cc0379fa1df4 1.005s
2025-04-14 12:02:01.601 70233 INFO tempest.lib.common.ssh [-] Creating ssh connection to '10.180.180.191:22' as 'cirros' with public key authentication
2025-04-14 12:02:01.621 70235 INFO tempest.lib.common.rest_client [req-7c3a7ba0-ceb1-4ceb-8704-42415815f646 req-7c3a7ba0-ceb1-4ceb-8704-42415815f646 ] Request (ServersAdminTestJSON:setUpClass): 200 GET http://10.180.1.21/compute/v2.1/servers/e39094b1-db15-4d66-a5ce-6e02f3b3799e 0.829s
2025-04-14 12:02:01.658 70237 INFO tempest.lib.common.rest_client [req-3398dc30-d981-4dd2-aa0f-0286a02fc34e req-3398dc30-d981-4dd2-aa0f-0286a02fc34e ] Request (ServerActionsV293TestJSON:setUpClass): 200 GET http://10.180.1.21/compute/v2.1/servers/ccf16ee0-ca7b-4b41-b19d-e18c75493e5b 0.862s
2025-04-14 12:02:01.685 70283 INFO tempest.lib.common.rest_client [req-46deff01-d9b9-4e14-81ab-ed23df9c40a3 req-46deff01-d9b9-4e14-81ab-ed23df9c40a3 ] Request (FloatingIPsAssociationNegativeTestJSON:setUpClass): 200 GET http://10.180.1.21/compute/v2.1/servers/447553ee-5d75-4647-b650-ac52b860ab01 0.832s
2025-04-14 12:02:01.812 70247 INFO tempest.lib.common.rest_client [req-1910b7be-54b5-4739-9cad-1481ebd8421e req-1910b7be-54b5-4739-9cad-1481ebd8421e ] Request (QuotasAdminTestV257:test_get_updated_quotas): 200 PUT http://10.180.1.21/compute/v2.1/os-quota-sets/16e3aaa05a184697873391907963c146?user_id=677e56e2932640a6948f1cabcd4d0f1b 0.929s
