2025-04-10 17:57:34.253 69951 WARNING tempest.lib.common.ssh [-] Failed to establish authenticated ssh connection to cirros@10.180.180.219 ([Errno None] Unable to connect to port 22 on 10.180.180.219). Number attempts: 10. Retry after 11 seconds.: paramiko.ssh_exception.NoValidConnectionsError: [Errno None] Unable to connect to port 22 on 10.180.180.219
2025-04-10 17:57:34.301 69925 INFO tempest.lib.common.rest_client [req-e392434b-4a82-4ec5-a945-3b4fb2376b5b req-e392434b-4a82-4ec5-a945-3b4fb2376b5b ] Request (ServerGroup264TestJSON:tearDownClass): 204 DELETE http://10.180.1.21:9696/networking/v2.0/subnets/10a14872-3483-471b-885b-b2372c08c090 0.126s
2025-04-10 17:57:34.356 69973 INFO tempest.lib.common.rest_client [req-10affca0-a1fa-4abe-8d5e-519ca22deadd req-10affca0-a1fa-4abe-8d5e-519ca22deadd ] Request (ServerDiskConfigTestJSON:test_resize_server_from_auto_to_manual): 200 GET http://10.180.1.21/compute/v2.1/servers/c4f3ccc9-0aab-423b-aba8-5e8681e96dd2 0.070s
2025-04-10 17:57:34.369 69955 INFO tempest.lib.common.rest_client [req-303804fa-5321-465b-aa73-5715c59501e2 req-303804fa-5321-465b-aa73-5715c59501e2 ] Request (DeleteServersAdminTestJSON:test_delete_server_while_in_error_state): 200 GET http://10.180.1.21/compute/v2.1/servers/ed8fabed-d2ed-40ad-8f49-4b8fbb0d66fb 0.075s
2025-04-10 17:57:34.452 69969 INFO tempest.lib.common.rest_client [req-e4aca5ee-35b2-470c-905b-b21a9eeb70e1 req-e4aca5ee-35b2-470c-905b-b21a9eeb70e1 ] Request (ListImageFiltersTestJSON:tearDownClass): 200 GET http://10.180.1.21/compute/v2.1/servers/3926fb53-2794-425c-9f8b-a9797bee5270 0.072s
2025-04-10 17:57:34.464 69945 INFO tempest.lib.common.rest_client [req-f8961198-1da1-48eb-81a1-bcf4963e245d req-f8961198-1da1-48eb-81a1-bcf4963e245d ] Request (ServersTestMultiNic:test_verify_multiple_nics_order): 200 GET http://10.180.1.21/compute/v2.1/servers/f239b7d2-e95c-420f-ab2b-32fc37d81c53 0.080s
2025-04-10 17:57:34.526 69925 INFO tempest.lib.common.rest_client [req-0856455d-a5a2-4bd4-8b99-d86231ca206d req-0856455d-a5a2-4bd4-8b99-d86231ca206d ] Request (ServerGroup264TestJSON:tearDownClass): 204 DELETE http://10.180.1.21:9696/networking/v2.0/networks/aef39ac5-9349-4630-944d-2fa3678a8937 0.225s
2025-04-10 17:57:34.532 69947 INFO tempest.lib.common.rest_client [req-58b3d92d-e8e6-40df-9c96-f7f63c8f8076 req-58b3d92d-e8e6-40df-9c96-f7f63c8f8076 ] Request (FloatingIPsAssociationTestJSON:test_associate_already_associated_floating_ip): 200 GET http://10.180.1.21/compute/v2.1/servers/8f849dec-9afd-4b37-bd80-a93f7bf924de 0.070s
2025-04-10 17:57:34.596 69925 INFO tempest.lib.common.rest_client [req-66181fd0-2727-49ad-9240-d72e74ceb405 req-66181fd0-2727-49ad-9240-d72e74ceb405 ] Request (ServerGroup264TestJSON:tearDownClass): 204 DELETE http://10.180.1.21/identity/v3/users/660d6cfc57ee45dea966fadd533554ed 0.069s
2025-04-10 17:57:34.596 69925 INFO tempest.lib.common.dynamic_creds [-] Deleting project and security group for project: fd92f77a154d4661b31676bdb6a22e02
2025-04-10 17:57:34.621 69963 INFO tempest.lib.common.rest_client [req-f76303dc-6c34-43f4-a596-c51d7cd29b6d req-f76303dc-6c34-43f4-a596-c51d7cd29b6d ] Request (ServersAdminTestJSON:test_create_server_with_scheduling_hint): 200 GET http://10.180.1.21/compute/v2.1/servers/39905a0e-5d90-4f99-871f-e49104eec9b3 0.122s
2025-04-10 17:57:34.623 69925 INFO tempest.lib.common.rest_client [req-72835d7c-7388-4737-abd4-7b53a3c6a9e3 req-72835d7c-7388-4737-abd4-7b53a3c6a9e3 ] Request (ServerGroup264TestJSON:tearDownClass): 200 GET http://10.180.1.21:9696/networking/v2.0/security-groups?tenant_id=fd92f77a154d4661b31676bdb6a22e02&name=default 0.026s
2025-04-10 17:57:34.630 69963 INFO tempest.common.waiters [-] State transition "BUILD/networking" ==> "BUILD/block_device_mapping" after 59 second wait
2025-04-10 17:57:34.669 69927 INFO tempest.lib.common.rest_client [req-dc6afe29-239f-4ee0-a1fb-e17f1cf1c560 req-dc6afe29-239f-4ee0-a1fb-e17f1cf1c560 ] Request (ServerDiagnosticsTest:tearDownClass): 200 GET http://10.180.1.21/compute/v2.1/servers/34084343-13d6-4500-9fb4-a362deb8804b 0.088s
2025-04-10 17:57:34.708 69925 INFO tempest.lib.common.rest_client [req-dd2e3789-049b-4740-a3df-51756421607c req-dd2e3789-049b-4740-a3df-51756421607c ] Request (ServerGroup264TestJSON:tearDownClass): 204 DELETE http://10.180.1.21:9696/networking/v2.0/security-groups/4b937f91-1e5a-4d69-9fdf-fb33c6b920a3 0.084s
2025-04-10 17:57:34.749 69923 INFO tempest.lib.common.rest_client [req-e1b1f04f-de55-4848-acbd-5a8b871ebf70 req-e1b1f04f-de55-4848-acbd-5a8b871ebf70 ] Request (ServerRescueTestJSON:setUpClass): 200 GET http://10.180.1.21/compute/v2.1/servers/473e9737-ba65-4c3c-b89f-7f7fe7fe0c8f 0.101s
2025-04-10 17:57:34.780 69971 INFO tempest.lib.common.rest_client [req-3dcb4b6d-5b45-4584-844f-4dd78d93abe6 req-3dcb4b6d-5b45-4584-844f-4dd78d93abe6 ] Request (ListServerFiltersTestJSON:setUpClass): 200 GET http://10.180.1.21/compute/v2.1/servers/41c3668d-f017-4fb0-b05f-5eadca6e8ad5 0.160s
2025-04-10 17:57:34.829 69953 INFO tempest.lib.common.rest_client [req-243aa27b-efca-4a7f-be30-ae6bbdf2d767 req-243aa27b-efca-4a7f-be30-ae6bbdf2d767 ] Request (InstanceActionsTestJSON:tearDownClass): 200 GET http://10.180.1.21/compute/v2.1/servers/b1653cf5-7f07-4906-9137-ac41571b0e95 0.124s
2025-04-10 17:57:34.841 69925 INFO tempest.lib.common.rest_client [req-09d3234d-7dd4-4e96-87fd-2a0dc8ecda97 req-09d3234d-7dd4-4e96-87fd-2a0dc8ecda97 ] Request (ServerGroup264TestJSON:tearDownClass): 204 DELETE http://10.180.1.21/identity/v3/projects/fd92f77a154d4661b31676bdb6a22e02 0.125s
2025-04-10 17:57:34.869 69939 INFO tempest.lib.common.rest_client [req-b745b3cd-0112-4cdb-bed0-6cffd69e107d req-b745b3cd-0112-4cdb-bed0-6cffd69e107d ] Request (ServersAdminNegativeTestJSON:test_migrate_server_invalid_state): 200 GET http://10.180.1.21/compute/v2.1/servers/ac1bad65-22af-4201-bbd9-be10c22ffcbe 0.073s
2025-04-10 17:57:34.953 69975 INFO tempest.lib.common.rest_client [req-c2aa9a5b-b07f-46fe-8a17-3f57a004d487 req-c2aa9a5b-b07f-46fe-8a17-3f57a004d487 ] Request (ServersTestJSON:setUpClass): 200 GET http://10.180.1.21/compute/v2.1/servers/c3303bc1-7a25-4244-8240-d339c11a1dba 0.075s
2025-04-10 17:57:35.006 69929 INFO tempest.lib.common.rest_client [req-ff43579d-cbe3-44b2-8992-b6c5bc57a108 req-ff43579d-cbe3-44b2-8992-b6c5bc57a108 ] Request (MigrationsAdminTest:test_list_migrations_in_flavor_resize_situation): 200 GET http://10.180.1.21/compute/v2.1/servers/285c2e77-8f0a-43d0-a508-1d752deb49eb 0.137s
2025-04-10 17:57:35.012 69965 INFO tempest.lib.common.rest_client [req-3a62b348-0681-496b-be3b-c402bf0a98c5 req-3a62b348-0681-496b-be3b-c402bf0a98c5 ] Request (ListServersNegativeTestJSON:setUpClass): 200 GET http://10.180.1.21/compute/v2.1/servers/80d76f73-7f4d-40e3-9d0f-be143a72c1b8 0.083s
2025-04-10 17:57:35.028 69981 WARNING tempest.lib.common.ssh [-] Failed to establish authenticated ssh connection to cirros@10.180.180.194 ([Errno None] Unable to connect to port 22 on 10.180.180.194). Number attempts: 3. Retry after 4 seconds.: paramiko.ssh_exception.NoValidConnectionsError: [Errno None] Unable to connect to port 22 on 10.180.180.194
2025-04-10 17:57:35.051 69931 INFO tempest.lib.common.rest_client [req-ceb3bb07-2b5f-4d58-8231-60b61d82ce6f req-ceb3bb07-2b5f-4d58-8231-60b61d82ce6f ] Request (ServerActionsTestOtherA:setUpClass): 200 GET http://10.180.1.21/compute/v2.1/servers/2d70d9aa-28dd-4dcb-9410-5c58837dad74 0.101s
2025-04-10 17:57:35.061 69967 INFO tempest.lib.common.rest_client [req-a6ff912a-51d2-48f4-a1a3-e44900301f39 req-a6ff912a-51d2-48f4-a1a3-e44900301f39 ] Request (ServersTestJSON:test_create_server_specify_multibyte_character_name): 200 GET http://10.180.1.21/compute/v2.1/servers/6d73ed7b-e8eb-4333-9e01-307ca2b455c8 0.053s
2025-04-10 17:57:35.136 69935 INFO tempest.lib.common.rest_client [req-fbba9018-000e-4178-8c36-f0f396fc877f req-fbba9018-000e-4178-8c36-f0f396fc877f ] Request (DeleteServersTestJSON:test_delete_active_server): 200 GET http://10.180.1.21/compute/v2.1/servers/848a3bdb-d53e-46a7-a2b6-758a83a23cbb 0.051s
2025-04-10 17:57:35.207 69957 INFO tempest.lib.common.rest_client [req-9ef10faf-0830-4c89-83d2-8757c710bfca req-9ef10faf-0830-4c89-83d2-8757c710bfca ] Request (ImagesOneServerNegativeTestJSON:_run_cleanups): 200 GET http://10.180.1.21/compute/v2.1/servers/1f5f82ff-7872-4ee1-94db-30084a4b0fda 0.053s
2025-04-10 17:57:35.244 69943 INFO tempest.lib.common.rest_client [req-d33f1ca7-8ecd-4bfc-aa5c-c8b0f1ec2f9e req-d33f1ca7-8ecd-4bfc-aa5c-c8b0f1ec2f9e ] Request (SecurityGroupsTestJSON:test_server_security_groups): 200 GET http://10.180.1.21/compute/v2.1/servers/7a1d2a1c-be2e-487f-9677-9e4ffe11f98c 0.090s
2025-04-10 17:57:35.271 69959 INFO tempest.lib.common.rest_client [req-9da08540-ca0f-4f33-a4fb-d1d6fb21dd4a req-9da08540-ca0f-4f33-a4fb-d1d6fb21dd4a ] Request (ServerExternalEventsTest:test_create_server_external_events): 200 GET http://10.180.1.21/compute/v2.1/servers/3e252110-f773-4ba7-a16b-1dcfb61431d3 0.047s
2025-04-10 17:57:35.416 69973 INFO tempest.lib.common.rest_client [req-c477e5ea-a304-4bb5-b306-790fa6ae959f req-c477e5ea-a304-4bb5-b306-790fa6ae959f ] Request (ServerDiskConfigTestJSON:test_resize_server_from_auto_to_manual): 200 GET http://10.180.1.21/compute/v2.1/servers/c4f3ccc9-0aab-423b-aba8-5e8681e96dd2 0.051s
2025-04-10 17:57:35.436 69955 INFO tempest.lib.common.rest_client [req-a334b5e9-216c-42f8-96f5-c1dedd03b147 req-a334b5e9-216c-42f8-96f5-c1dedd03b147 ] Request (DeleteServersAdminTestJSON:test_delete_server_while_in_error_state): 200 GET http://10.180.1.21/compute/v2.1/servers/ed8fabed-d2ed-40ad-8f49-4b8fbb0d66fb 0.057s
2025-04-10 17:57:35.531 69969 INFO tempest.lib.common.rest_client [req-48ba2f7c-a114-4a8a-a42c-e1281820b30e req-48ba2f7c-a114-4a8a-a42c-e1281820b30e ] Request (ListImageFiltersTestJSON:tearDownClass): 200 GET http://10.180.1.21/compute/v2.1/servers/3926fb53-2794-425c-9f8b-a9797bee5270 0.066s
2025-04-10 17:57:35.533 69945 INFO tempest.lib.common.rest_client [req-baac686c-8f90-4e50-a2e1-78c07b19445e req-baac686c-8f90-4e50-a2e1-78c07b19445e ] Request (ServersTestMultiNic:test_verify_multiple_nics_order): 200 GET http://10.180.1.21/compute/v2.1/servers/f239b7d2-e95c-420f-ab2b-32fc37d81c53 0.061s
2025-04-10 17:57:35.589 69947 INFO tempest.lib.common.rest_client [req-3a0e74bb-0825-4a9a-8258-637a7b143297 req-3a0e74bb-0825-4a9a-8258-637a7b143297 ] Request (FloatingIPsAssociationTestJSON:test_associate_already_associated_floating_ip): 200 GET http://10.180.1.21/compute/v2.1/servers/8f849dec-9afd-4b37-bd80-a93f7bf924de 0.048s
2025-04-10 17:57:35.725 69963 INFO tempest.lib.common.rest_client [req-c878a590-9014-456a-a83e-4324b4ea07a6 req-c878a590-9014-456a-a83e-4324b4ea07a6 ] Request (ServersAdminTestJSON:test_create_server_with_scheduling_hint): 200 GET http://10.180.1.21/compute/v2.1/servers/39905a0e-5d90-4f99-871f-e49104eec9b3 0.094s
2025-04-10 17:57:35.732 69963 INFO tempest.common.waiters [-] State transition "BUILD/block_device_mapping" ==> "BUILD/spawning" after 60 second wait
2025-04-10 17:57:35.744 69927 INFO tempest.lib.common.rest_client [req-fa8f9ea1-5c96-429a-85af-93a554826324 req-fa8f9ea1-5c96-429a-85af-93a554826324 ] Request (ServerDiagnosticsTest:tearDownClass): 200 GET http://10.180.1.21/compute/v2.1/servers/34084343-13d6-4500-9fb4-a362deb8804b 0.062s
2025-04-10 17:57:35.811 69923 INFO tempest.lib.common.rest_client [req-c0f1f8c0-242a-41f4-93f2-02d79135391c req-c0f1f8c0-242a-41f4-93f2-02d79135391c ] Request (ServerRescueTestJSON:setUpClass): 200 GET http://10.180.1.21/compute/v2.1/servers/473e9737-ba65-4c3c-b89f-7f7fe7fe0c8f 0.053s
2025-04-10 17:57:35.906 69971 INFO tempest.lib.common.rest_client [req-1316c7cc-5a04-40ac-9a2f-7e8aca0e0c83 req-1316c7cc-5a04-40ac-9a2f-7e8aca0e0c83 ] Request (ListServerFiltersTestJSON:setUpClass): 200 GET http://10.180.1.21/compute/v2.1/servers/41c3668d-f017-4fb0-b05f-5eadca6e8ad5 0.118s
2025-04-10 17:57:35.907 69953 INFO tempest.lib.common.rest_client [req-262b9fb3-358f-426c-b631-50ed6a50816f req-262b9fb3-358f-426c-b631-50ed6a50816f ] Request (InstanceActionsTestJSON:tearDownClass): 200 GET http://10.180.1.21/compute/v2.1/servers/b1653cf5-7f07-4906-9137-ac41571b0e95 0.069s
2025-04-10 17:57:35.957 69939 INFO tempest.lib.common.rest_client [req-1daabf50-bb08-4c9b-90c3-25706dee0e4c req-1daabf50-bb08-4c9b-90c3-25706dee0e4c ] Request (ServersAdminNegativeTestJSON:test_migrate_server_invalid_state): 200 GET http://10.180.1.21/compute/v2.1/servers/ac1bad65-22af-4201-bbd9-be10c22ffcbe 0.080s
2025-04-10 17:57:36.029 69975 INFO tempest.lib.common.rest_client [req-7f090d72-a645-4476-b1c3-c85cdba4fbbc req-7f090d72-a645-4476-b1c3-c85cdba4fbbc ] Request (ServersTestJSON:setUpClass): 200 GET http://10.180.1.21/compute/v2.1/servers/c3303bc1-7a25-4244-8240-d339c11a1dba 0.068s
2025-04-10 17:57:36.104 69965 INFO tempest.lib.common.rest_client [req-5451d3ea-0b5b-4bdb-9867-cc5b4f0f001b req-5451d3ea-0b5b-4bdb-9867-cc5b4f0f001b ] Request (ListServersNegativeTestJSON:setUpClass): 200 GET http://10.180.1.21/compute/v2.1/servers/80d76f73-7f4d-40e3-9d0f-be143a72c1b8 0.083s
2025-04-10 17:57:36.173 69931 INFO tempest.lib.common.rest_client [req-6a41c3fb-d0d9-4cce-97b0-c0ae70b37172 req-6a41c3fb-d0d9-4cce-97b0-c0ae70b37172 ] Request (ServerActionsTestOtherA:setUpClass): 200 GET http://10.180.1.21/compute/v2.1/servers/2d70d9aa-28dd-4dcb-9410-5c58837dad74 0.114s
2025-04-10 17:57:36.198 69929 INFO tempest.lib.common.rest_client [req-1ebc3a25-a063-42de-85ff-ece6fc5b2308 req-1ebc3a25-a063-42de-85ff-ece6fc5b2308 ] Request (MigrationsAdminTest:test_list_migrations_in_flavor_resize_situation): 200 GET http://10.180.1.21/compute/v2.1/servers/285c2e77-8f0a-43d0-a508-1d752deb49eb 0.184s
2025-04-10 17:57:36.222 69967 INFO tempest.lib.common.rest_client [req-34b35f7a-6fb4-492e-89af-e5f84997e6cc req-34b35f7a-6fb4-492e-89af-e5f84997e6cc ] Request (ServersTestJSON:test_create_server_specify_multibyte_character_name): 200 GET http://10.180.1.21/compute/v2.1/servers/6d73ed7b-e8eb-4333-9e01-307ca2b455c8 0.152s
2025-04-10 17:57:36.265 69935 INFO tempest.lib.common.rest_client [req-6a87e80b-8f20-4bcf-89e7-1e38adcd949a req-6a87e80b-8f20-4bcf-89e7-1e38adcd949a ] Request (DeleteServersTestJSON:test_delete_active_server): 200 GET http://10.180.1.21/compute/v2.1/servers/848a3bdb-d53e-46a7-a2b6-758a83a23cbb 0.120s
2025-04-10 17:57:36.287 69957 INFO tempest.lib.common.rest_client [req-4a1f4eee-579e-4c77-b2e8-166fbda4834d req-4a1f4eee-579e-4c77-b2e8-166fbda4834d ] Request (ImagesOneServerNegativeTestJSON:_run_cleanups): 200 GET http://10.180.1.21/compute/v2.1/servers/1f5f82ff-7872-4ee1-94db-30084a4b0fda 0.069s
2025-04-10 17:57:36.360 69959 INFO tempest.lib.common.rest_client [req-db947670-c52f-49c0-8989-2673dd251aa0 req-db947670-c52f-49c0-8989-2673dd251aa0 ] Request (ServerExternalEventsTest:test_create_server_external_events): 200 GET http://10.180.1.21/compute/v2.1/servers/3e252110-f773-4ba7-a16b-1dcfb61431d3 0.080s
2025-04-10 17:57:36.409 69943 INFO tempest.lib.common.rest_client [req-3b4681bc-e111-4d52-a7b3-3649ea2e9e01 req-3b4681bc-e111-4d52-a7b3-3649ea2e9e01 ] Request (SecurityGroupsTestJSON:test_server_security_groups): 200 GET http://10.180.1.21/compute/v2.1/servers/7a1d2a1c-be2e-487f-9677-9e4ffe11f98c 0.156s
2025-04-10 17:57:36.475 69955 INFO tempest.lib.common.rest_client [req-fbbb36ba-aa3c-4088-ace9-92a866a6a63b req-fbbb36ba-aa3c-4088-ace9-92a866a6a63b ] Request (DeleteServersAdminTestJSON:test_delete_server_while_in_error_state): 404 GET http://10.180.1.21/compute/v2.1/servers/ed8fabed-d2ed-40ad-8f49-4b8fbb0d66fb 0.032s
2025-04-10 17:57:36.477 69973 INFO tempest.lib.common.rest_client [req-fc035cad-03ff-4cb3-96cd-e84613ef89e0 req-fc035cad-03ff-4cb3-96cd-e84613ef89e0 ] Request (ServerDiskConfigTestJSON:test_resize_server_from_auto_to_manual): 200 GET http://10.180.1.21/compute/v2.1/servers/c4f3ccc9-0aab-423b-aba8-5e8681e96dd2 0.053s
2025-04-10 17:57:36.502 69955 INFO tempest.lib.common.rest_client [req-c940a853-9603-4d99-9813-704b1ce8e6e1 req-c940a853-9603-4d99-9813-704b1ce8e6e1 ] Request (DeleteServersAdminTestJSON:tearDownClass): 404 DELETE http://10.180.1.21/compute/v2.1/servers/ed8fabed-d2ed-40ad-8f49-4b8fbb0d66fb 0.025s
2025-04-10 17:57:36.523 69955 INFO tempest.lib.common.rest_client [req-d4c6e859-b6cf-4325-81cf-3261ae458a9a req-d4c6e859-b6cf-4325-81cf-3261ae458a9a ] Request (DeleteServersAdminTestJSON:tearDownClass): 404 GET http://10.180.1.21/compute/v2.1/servers/ed8fabed-d2ed-40ad-8f49-4b8fbb0d66fb 0.020s
2025-04-10 17:57:36.543 69955 INFO tempest.lib.common.rest_client [req-7971938e-d6d9-4589-b7d9-b7560cedad46 req-7971938e-d6d9-4589-b7d9-b7560cedad46 ] Request (DeleteServersAdminTestJSON:tearDownClass): 404 DELETE http://10.180.1.21/compute/v2.1/servers/e1532c44-8375-47c5-a45a-9ce2e4db31bc 0.020s
2025-04-10 17:57:36.599 69945 INFO tempest.lib.common.rest_client [req-36011efa-7d00-4802-a2bd-56255cc46d82 req-36011efa-7d00-4802-a2bd-56255cc46d82 ] Request (ServersTestMultiNic:test_verify_multiple_nics_order): 200 GET http://10.180.1.21/compute/v2.1/servers/f239b7d2-e95c-420f-ab2b-32fc37d81c53 0.057s
2025-04-10 17:57:36.607 69969 INFO tempest.lib.common.rest_client [req-737d1a85-b852-40df-a864-5de9f3ece6e4 req-737d1a85-b852-40df-a864-5de9f3ece6e4 ] Request (ListImageFiltersTestJSON:tearDownClass): 200 GET http://10.180.1.21/compute/v2.1/servers/3926fb53-2794-425c-9f8b-a9797bee5270 0.068s
2025-04-10 17:57:36.617 69955 INFO tempest.lib.common.rest_client [req-35f76f35-e8d1-482a-91de-31036e8f2381 req-35f76f35-e8d1-482a-91de-31036e8f2381 ] Request (DeleteServersAdminTestJSON:tearDownClass): 404 GET http://10.180.1.21/compute/v2.1/servers/e1532c44-8375-47c5-a45a-9ce2e4db31bc 0.073s
2025-04-10 17:57:36.644 69947 INFO tempest.lib.common.rest_client [req-1a3a40bc-59b5-445a-bdba-56a075384ad9 req-1a3a40bc-59b5-445a-bdba-56a075384ad9 ] Request (FloatingIPsAssociationTestJSON:test_associate_already_associated_floating_ip): 200 GET http://10.180.1.21/compute/v2.1/servers/8f849dec-9afd-4b37-bd80-a93f7bf924de 0.047s
2025-04-10 17:57:36.722 69955 INFO tempest.lib.common.rest_client [req-82694d7e-0e1e-4075-b496-d25f2ef0ed9a req-82694d7e-0e1e-4075-b496-d25f2ef0ed9a ] Request (DeleteServersAdminTestJSON:tearDownClass): 204 DELETE http://10.180.1.21/identity/v3/users/ba32d58ba56247f19180009deb848bbe 0.104s
2025-04-10 17:57:36.814 69927 INFO tempest.lib.common.rest_client [req-03761bd2-1b0e-4bf4-9d20-e920a4b0ef4b req-03761bd2-1b0e-4bf4-9d20-e920a4b0ef4b ] Request (ServerDiagnosticsTest:tearDownClass): 200 GET http://10.180.1.21/compute/v2.1/servers/34084343-13d6-4500-9fb4-a362deb8804b 0.062s
2025-04-10 17:57:36.820 69955 INFO tempest.lib.common.rest_client [req-c7aca4e7-84ef-4f57-9202-766af12dd323 req-c7aca4e7-84ef-4f57-9202-766af12dd323 ] Request (DeleteServersAdminTestJSON:tearDownClass): 204 DELETE http://10.180.1.21/identity/v3/users/b6aaef1be3b34d0481fa032db25600df 0.098s
2025-04-10 17:57:36.820 69955 INFO tempest.lib.common.dynamic_creds [-] Deleting project and security group for project: ef4bf8b7cec943ffa8b484671786f692
2025-04-10 17:57:36.846 69963 INFO tempest.lib.common.rest_client [req-7dbecd94-4635-4c7f-ac82-f02e6f3ead58 req-7dbecd94-4635-4c7f-ac82-f02e6f3ead58 ] Request (ServersAdminTestJSON:test_create_server_with_scheduling_hint): 200 GET http://10.180.1.21/compute/v2.1/servers/39905a0e-5d90-4f99-871f-e49104eec9b3 0.113s
2025-04-10 17:57:36.866 69923 INFO tempest.lib.common.rest_client [req-416b002f-6263-46ca-a9c9-6e9c43fc9105 req-416b002f-6263-46ca-a9c9-6e9c43fc9105 ] Request (ServerRescueTestJSON:setUpClass): 200 GET http://10.180.1.21/compute/v2.1/servers/473e9737-ba65-4c3c-b89f-7f7fe7fe0c8f 0.048s
2025-04-10 17:57:36.876 69955 INFO tempest.lib.common.rest_client [req-ed5fcf4c-7a86-494a-8e52-48c1df6e3ea9 req-ed5fcf4c-7a86-494a-8e52-48c1df6e3ea9 ] Request (DeleteServersAdminTestJSON:tearDownClass): 201 POST http://10.180.1.21/identity/v3/auth/tokens 0.055s
2025-04-10 17:57:36.886 69933 WARNING tempest.lib.common.ssh [-] Failed to establish authenticated ssh connection to cirros@10.180.180.230 ([Errno None] Unable to connect to port 22 on 10.180.180.230). Number attempts: 7. Retry after 8 seconds.: paramiko.ssh_exception.NoValidConnectionsError: [Errno None] Unable to connect to port 22 on 10.180.180.230
2025-04-10 17:57:36.960 69955 INFO tempest.lib.common.rest_client [req-48c15a6d-1392-419c-b6e8-e4e9df86611c req-48c15a6d-1392-419c-b6e8-e4e9df86611c ] Request (DeleteServersAdminTestJSON:tearDownClass): 200 GET http://10.180.1.21:9696/networking/v2.0/security-groups?tenant_id=ef4bf8b7cec943ffa8b484671786f692&name=default 0.083s
2025-04-10 17:57:36.987 69953 INFO tempest.lib.common.rest_client [req-da5242e5-7bc6-4ee2-b76e-52191cbc4028 req-da5242e5-7bc6-4ee2-b76e-52191cbc4028 ] Request (InstanceActionsTestJSON:tearDownClass): 200 GET http://10.180.1.21/compute/v2.1/servers/b1653cf5-7f07-4906-9137-ac41571b0e95 0.073s
2025-04-10 17:57:37.040 69955 INFO tempest.lib.common.rest_client [req-cc52f597-a3d3-4caa-88b8-5c0e5d5ea555 req-cc52f597-a3d3-4caa-88b8-5c0e5d5ea555 ] Request (DeleteServersAdminTestJSON:tearDownClass): 204 DELETE http://10.180.1.21:9696/networking/v2.0/security-groups/e2bcb95b-ddf7-4438-a476-35fad4e0b89d 0.080s
2025-04-10 17:57:37.049 69939 INFO tempest.lib.common.rest_client [req-705a96c1-6a26-4e1a-914d-1bb6a5198986 req-705a96c1-6a26-4e1a-914d-1bb6a5198986 ] Request (ServersAdminNegativeTestJSON:test_migrate_server_invalid_state): 200 GET http://10.180.1.21/compute/v2.1/servers/ac1bad65-22af-4201-bbd9-be10c22ffcbe 0.084s
2025-04-10 17:57:37.061 69971 INFO tempest.lib.common.rest_client [req-7ba95324-ef65-4ed4-a0d7-16176ad92eb6 req-7ba95324-ef65-4ed4-a0d7-16176ad92eb6 ] Request (ListServerFiltersTestJSON:setUpClass): 200 GET http://10.180.1.21/compute/v2.1/servers/41c3668d-f017-4fb0-b05f-5eadca6e8ad5 0.147s
2025-04-10 17:57:37.069 69971 INFO tempest.common.waiters [-] State transition "BUILD/spawning" ==> "ACTIVE/None" after 66 second wait
2025-04-10 17:57:37.104 69955 INFO tempest.lib.common.rest_client [req-23bd0d6f-20d9-479b-9aad-7950efe7c1f7 req-23bd0d6f-20d9-479b-9aad-7950efe7c1f7 ] Request (DeleteServersAdminTestJSON:tearDownClass): 204 DELETE http://10.180.1.21/identity/v3/projects/ef4bf8b7cec943ffa8b484671786f692 0.063s
2025-04-10 17:57:37.104 69955 INFO tempest.lib.common.dynamic_creds [-] Deleting project and security group for project: 12f17f7fdc614a99a7d5dbe371049c62
2025-04-10 17:57:37.104 69975 INFO tempest.lib.common.rest_client [req-8dec28da-382e-48f7-9d47-e2c528ff68e2 req-8dec28da-382e-48f7-9d47-e2c528ff68e2 ] Request (ServersTestJSON:setUpClass): 200 GET http://10.180.1.21/compute/v2.1/servers/c3303bc1-7a25-4244-8240-d339c11a1dba 0.064s
2025-04-10 17:57:37.174 69965 INFO tempest.lib.common.rest_client [req-0931b675-e903-434a-ad83-4c993ec3618b req-0931b675-e903-434a-ad83-4c993ec3618b ] Request (ListServersNegativeTestJSON:setUpClass): 200 GET http://10.180.1.21/compute/v2.1/servers/80d76f73-7f4d-40e3-9d0f-be143a72c1b8 0.063s
2025-04-10 17:57:37.189 69955 INFO tempest.lib.common.rest_client [req-4e9c6813-39c2-4189-b78a-6b0ffed6fb30 req-4e9c6813-39c2-4189-b78a-6b0ffed6fb30 ] Request (DeleteServersAdminTestJSON:tearDownClass): 200 GET http://10.180.1.21:9696/networking/v2.0/security-groups?tenant_id=12f17f7fdc614a99a7d5dbe371049c62&name=default 0.084s
2025-04-10 17:57:37.196 69971 INFO tempest.lib.common.rest_client [req-a867f153-87f5-41c5-8562-2545cbf254eb req-a867f153-87f5-41c5-8562-2545cbf254eb ] Request (ListServerFiltersTestJSON:setUpClass): 200 GET http://10.180.1.21/compute/v2.1/servers/299469c5-bf99-4ed6-b805-5f9b799b5829 0.127s
2025-04-10 17:57:37.205 69983 WARNING tempest.lib.common.ssh [-] Failed to establish authenticated ssh connection to cirros@10.180.180.162 ([Errno None] Unable to connect to port 22 on 10.180.180.162). Number attempts: 9. Retry after 10 seconds.: paramiko.ssh_exception.NoValidConnectionsError: [Errno None] Unable to connect to port 22 on 10.180.180.162
2025-04-10 17:57:37.238 69931 INFO tempest.lib.common.rest_client [req-904915ba-0be5-4564-9e3a-b829e0f1d26c req-904915ba-0be5-4564-9e3a-b829e0f1d26c ] Request (ServerActionsTestOtherA:setUpClass): 200 GET http://10.180.1.21/compute/v2.1/servers/2d70d9aa-28dd-4dcb-9410-5c58837dad74 0.057s
2025-04-10 17:57:37.260 69955 INFO tempest.lib.common.rest_client [req-c0c780eb-c1bf-4d16-a85d-1a92618ebb2b req-c0c780eb-c1bf-4d16-a85d-1a92618ebb2b ] Request (DeleteServersAdminTestJSON:tearDownClass): 204 DELETE http://10.180.1.21:9696/networking/v2.0/security-groups/41c080c3-f3a4-4fd6-996a-2e52b59828b3 0.071s
2025-04-10 17:57:37.321 69971 INFO tempest.lib.common.rest_client [req-3cb93d0b-c273-48b4-b2ed-27382311afc2 req-3cb93d0b-c273-48b4-b2ed-27382311afc2 ] Request (ListServerFiltersTestJSON:setUpClass): 200 GET http://10.180.1.21/compute/v2.1/servers/8a59d823-a19e-4115-98d8-0f7ee829582b 0.118s
2025-04-10 17:57:37.359 69955 INFO tempest.lib.common.rest_client [req-c346954f-b80c-4ea9-87d7-4c579f2e6af3 req-c346954f-b80c-4ea9-87d7-4c579f2e6af3 ] Request (DeleteServersAdminTestJSON:tearDownClass): 204 DELETE http://10.180.1.21/identity/v3/projects/12f17f7fdc614a99a7d5dbe371049c62 0.098s
2025-04-10 17:57:37.373 69967 INFO tempest.lib.common.rest_client [req-941d1c84-8813-4e62-82c8-86342f20f69a req-941d1c84-8813-4e62-82c8-86342f20f69a ] Request (ServersTestJSON:test_create_server_specify_multibyte_character_name): 200 GET http://10.180.1.21/compute/v2.1/servers/6d73ed7b-e8eb-4333-9e01-307ca2b455c8 0.139s
2025-04-10 17:57:37.384 69929 INFO tempest.lib.common.rest_client [req-ac64f6c9-22fc-4dff-b719-6f51041b155b req-ac64f6c9-22fc-4dff-b719-6f51041b155b ] Request (MigrationsAdminTest:test_list_migrations_in_flavor_resize_situation): 200 GET http://10.180.1.21/compute/v2.1/servers/285c2e77-8f0a-43d0-a508-1d752deb49eb 0.177s
2025-04-10 17:57:37.430 69955 INFO tempest.lib.common.rest_client [req-8b4344f9-d009-4727-b3a1-885355dfa446 req-8b4344f9-d009-4727-b3a1-885355dfa446 ] Request (FlavorsV2TestJSON:setUpClass): 201 POST http://10.180.1.21/identity/v3/auth/tokens 0.069s
2025-04-10 17:57:37.431 69935 INFO tempest.lib.common.rest_client [req-76faf214-7f41-4774-b099-24573a725448 req-76faf214-7f41-4774-b099-24573a725448 ] Request (DeleteServersTestJSON:test_delete_active_server): 200 GET http://10.180.1.21/compute/v2.1/servers/848a3bdb-d53e-46a7-a2b6-758a83a23cbb 0.156s
2025-04-10 17:57:37.439 69957 INFO tempest.lib.common.rest_client [req-0496fbc0-c9e4-496b-96c9-932f02b5a3ba req-0496fbc0-c9e4-496b-96c9-932f02b5a3ba ] Request (ImagesOneServerNegativeTestJSON:_run_cleanups): 200 GET http://10.180.1.21/compute/v2.1/servers/1f5f82ff-7872-4ee1-94db-30084a4b0fda 0.139s
2025-04-10 17:57:37.461 69955 INFO tempest.lib.common.rest_client [req-bab2ec59-91f3-4f00-a8dd-b265711dd488 req-bab2ec59-91f3-4f00-a8dd-b265711dd488 ] Request (FlavorsV2TestJSON:setUpClass): 201 POST http://10.180.1.21/identity/v3/auth/tokens 0.029s
2025-04-10 17:57:37.487 69959 INFO tempest.lib.common.rest_client [req-a000ad26-0b68-4666-89bd-467f406b0d1d req-a000ad26-0b68-4666-89bd-467f406b0d1d ] Request (ServerExternalEventsTest:test_create_server_external_events): 200 GET http://10.180.1.21/compute/v2.1/servers/3e252110-f773-4ba7-a16b-1dcfb61431d3 0.119s
2025-04-10 17:57:37.488 69955 INFO tempest.lib.common.rest_client [req-403f809d-2e75-415b-b222-eff696cee102 req-403f809d-2e75-415b-b222-eff696cee102 ] Request (FlavorsV2TestJSON:setUpClass): 200 GET http://10.180.1.21/identity/v3/domains?name=Default 0.027s
2025-04-10 17:57:37.513 69955 INFO tempest.lib.common.rest_client [req-da6a384d-95f9-4581-bbd8-af0b08b4212c req-da6a384d-95f9-4581-bbd8-af0b08b4212c ] Request (FlavorsV2TestJSON:setUpClass): 201 POST http://10.180.1.21/identity/v3/projects 0.024s
2025-04-10 17:57:37.565 69955 INFO tempest.lib.common.rest_client [req-78104a0c-4bb9-4899-ad5c-a59c2236718a req-78104a0c-4bb9-4899-ad5c-a59c2236718a ] Request (FlavorsV2TestJSON:setUpClass): 201 POST http://10.180.1.21/identity/v3/users 0.052s
2025-04-10 17:57:37.588 69955 INFO tempest.lib.common.rest_client [req-61e47202-bbf5-4aa9-b392-3acaea522662 req-61e47202-bbf5-4aa9-b392-3acaea522662 ] Request (FlavorsV2TestJSON:setUpClass): 200 GET http://10.180.1.21/identity/v3/roles 0.023s
2025-04-10 17:57:37.610 69943 INFO tempest.lib.common.rest_client [req-a5e19409-39f4-40d3-96c5-0d309741fb0e req-a5e19409-39f4-40d3-96c5-0d309741fb0e ] Request (SecurityGroupsTestJSON:test_server_security_groups): 200 GET http://10.180.1.21/compute/v2.1/servers/7a1d2a1c-be2e-487f-9677-9e4ffe11f98c 0.192s
2025-04-10 17:57:37.617 69955 INFO tempest.lib.common.rest_client [req-9c62ffc9-d646-41d9-a319-df89afa140a3 req-9c62ffc9-d646-41d9-a319-df89afa140a3 ] Request (FlavorsV2TestJSON:setUpClass): 204 PUT http://10.180.1.21/identity/v3/projects/7dd35949d896477bbfdc15f29fc28803/users/0320e747f4934c30ad7799c3a80add44/roles/2fac047ff9714de1b549e8569292f2cd 0.028s
2025-04-10 17:57:37.617 69955 INFO tempest.lib.common.dynamic_creds [-] Dynamic test user 0320e747f4934c30ad7799c3a80add44 is created with scope project and roles: ['member']
2025-04-10 17:57:37.617 69955 INFO tempest.lib.common.dynamic_creds [-] Acquired dynamic creds: credentials: Credentials: {'domain_id': 'default', 'domain_name': 'Default', 'username': 'tempest-FlavorsV2TestJSON-1667721717-project-member', 'project_domain_id': 'default', 'project_domain_name': 'Default', 'project_id': '7dd35949d896477bbfdc15f29fc28803', 'project_name': 'tempest-FlavorsV2TestJSON-1667721717', 'tenant_id': '7dd35949d896477bbfdc15f29fc28803', 'tenant_name': 'tempest-FlavorsV2TestJSON-1667721717', 'user_domain_id': 'default', 'user_domain_name': 'Default', 'user_id': '0320e747f4934c30ad7799c3a80add44', 'system': None}, Network: None, Subnet: None, Router: None
2025-04-10 17:57:37.617 69955 INFO tempest.lib.common.dynamic_creds [-] Created isolated network resources for: credentials: Credentials: {'domain_id': 'default', 'domain_name': 'Default', 'username': 'tempest-FlavorsV2TestJSON-1667721717-project-member', 'project_domain_id': 'default', 'project_domain_name': 'Default', 'project_id': '7dd35949d896477bbfdc15f29fc28803', 'project_name': 'tempest-FlavorsV2TestJSON-1667721717', 'tenant_id': '7dd35949d896477bbfdc15f29fc28803', 'tenant_name': 'tempest-FlavorsV2TestJSON-1667721717', 'user_domain_id': 'default', 'user_domain_name': 'Default', 'user_id': '0320e747f4934c30ad7799c3a80add44', 'system': None}, Network: None, Subnet: None, Router: None
2025-04-10 17:57:37.657 69971 INFO tempest.lib.common.rest_client [req-c2458754-16f8-4888-a450-a24c6d2ea97e req-c2458754-16f8-4888-a450-a24c6d2ea97e ] Request (ListServerFiltersTestJSON:test_list_servers_detailed_filter_by_flavor): 200 GET http://10.180.1.21/compute/v2.1/servers/detail?flavor=84 0.327s
2025-04-10 17:57:37.684 69973 INFO tempest.lib.common.rest_client [req-c545e00a-48eb-46b2-8f73-16b06fcb98db req-c545e00a-48eb-46b2-8f73-16b06fcb98db ] Request (ServerDiskConfigTestJSON:test_resize_server_from_auto_to_manual): 200 GET http://10.180.1.21/compute/v2.1/servers/c4f3ccc9-0aab-423b-aba8-5e8681e96dd2 0.198s
2025-04-10 17:57:37.689 69955 INFO tempest.lib.common.rest_client [req-3210d438-2e27-4b0b-a990-310c57e84edb req-3210d438-2e27-4b0b-a990-310c57e84edb ] Request (FlavorsV2TestJSON:setUpClass): 201 POST http://10.180.1.21/identity/v3/auth/tokens 0.067s
2025-04-10 17:57:37.708 69945 INFO tempest.lib.common.rest_client [req-07923500-d275-4555-9126-bb9ed7f43f0e req-07923500-d275-4555-9126-bb9ed7f43f0e ] Request (ServersTestMultiNic:test_verify_multiple_nics_order): 200 GET http://10.180.1.21/compute/v2.1/servers/f239b7d2-e95c-420f-ab2b-32fc37d81c53 0.094s
2025-04-10 17:57:37.747 69969 INFO tempest.lib.common.rest_client [req-911727ca-91f0-4da6-98e8-e3c069b01386 req-911727ca-91f0-4da6-98e8-e3c069b01386 ] Request (ListImageFiltersTestJSON:tearDownClass): 200 GET http://10.180.1.21/compute/v2.1/servers/3926fb53-2794-425c-9f8b-a9797bee5270 0.128s
2025-04-10 17:57:37.760 69947 INFO tempest.lib.common.rest_client [req-fc76a3a3-bdea-4cb5-811c-b0257f9f89d7 req-fc76a3a3-bdea-4cb5-811c-b0257f9f89d7 ] Request (FloatingIPsAssociationTestJSON:test_associate_already_associated_floating_ip): 200 GET http://10.180.1.21/compute/v2.1/servers/8f849dec-9afd-4b37-bd80-a93f7bf924de 0.109s
2025-04-10 17:57:37.845 69955 INFO tempest.lib.common.rest_client [req-c719dcbd-12ec-408d-8c3e-f9b90c79c85b req-c719dcbd-12ec-408d-8c3e-f9b90c79c85b ] Request (FlavorsV2TestJSON:test_get_flavor): 200 GET http://10.180.1.21/compute/v2.1/flavors/42 0.155s
2025-04-10 17:57:37.928 69927 INFO tempest.lib.common.rest_client [req-d9bc2da6-4283-4de0-83a3-9ccca2a3771a req-d9bc2da6-4283-4de0-83a3-9ccca2a3771a ] Request (ServerDiagnosticsTest:tearDownClass): 200 GET http://10.180.1.21/compute/v2.1/servers/34084343-13d6-4500-9fb4-a362deb8804b 0.106s
2025-04-10 17:57:37.948 69955 INFO tempest.lib.common.rest_client [req-ee7a1570-080a-4bb5-8f70-50d77d7890f3 req-ee7a1570-080a-4bb5-8f70-50d77d7890f3 ] Request (FlavorsV2TestJSON:test_list_flavors): 200 GET http://10.180.1.21/compute/v2.1/flavors 0.099s
2025-04-10 17:57:37.970 69971 INFO tempest.lib.common.rest_client [req-ab06df03-53c8-4527-b95c-58efca7727b0 req-ab06df03-53c8-4527-b95c-58efca7727b0 ] Request (ListServerFiltersTestJSON:test_list_servers_detailed_filter_by_server_name): 200 GET http://10.180.1.21/compute/v2.1/servers/detail?name=tempest-ListServerFiltersTestJSON-instance-791580477 0.303s
2025-04-10 17:57:38.044 69923 INFO tempest.lib.common.rest_client [req-633b2f05-7993-41df-97c4-8c99eae8dbe7 req-633b2f05-7993-41df-97c4-8c99eae8dbe7 ] Request (ServerRescueTestJSON:setUpClass): 200 GET http://10.180.1.21/compute/v2.1/servers/473e9737-ba65-4c3c-b89f-7f7fe7fe0c8f 0.170s
2025-04-10 17:57:38.057 69955 INFO tempest.lib.common.rest_client [req-8d42e9e6-4f4d-470f-a138-c4f51305e061 req-8d42e9e6-4f4d-470f-a138-c4f51305e061 ] Request (FlavorsV2TestJSON:test_list_flavors): 200 GET http://10.180.1.21/compute/v2.1/flavors/42 0.105s
2025-04-10 17:57:38.065 69963 INFO tempest.lib.common.rest_client [req-92730c09-14a8-4d47-8abe-080dd2355ef0 req-92730c09-14a8-4d47-8abe-080dd2355ef0 ] Request (ServersAdminTestJSON:test_create_server_with_scheduling_hint): 200 GET http://10.180.1.21/compute/v2.1/servers/39905a0e-5d90-4f99-871f-e49104eec9b3 0.211s
2025-04-10 17:57:38.121 69953 INFO tempest.lib.common.rest_client [req-0ba0dd07-3987-41e8-8e76-378907774f8d req-0ba0dd07-3987-41e8-8e76-378907774f8d ] Request (InstanceActionsTestJSON:tearDownClass): 200 GET http://10.180.1.21/compute/v2.1/servers/b1653cf5-7f07-4906-9137-ac41571b0e95 0.126s
2025-04-10 17:57:38.135 69955 INFO tempest.lib.common.rest_client [req-0c6714e2-220c-4d10-8cb3-be4ff5019b1e req-0c6714e2-220c-4d10-8cb3-be4ff5019b1e ] Request (FlavorsV2TestJSON:test_list_flavors_detailed_filter_by_min_disk): 200 GET http://10.180.1.21/compute/v2.1/flavors/42 0.074s
2025-04-10 17:57:38.197 69939 INFO tempest.lib.common.rest_client [req-997721bc-d2e3-4ebf-a545-28951f7c74b1 req-997721bc-d2e3-4ebf-a545-28951f7c74b1 ] Request (ServersAdminNegativeTestJSON:test_migrate_server_invalid_state): 200 GET http://10.180.1.21/compute/v2.1/servers/ac1bad65-22af-4201-bbd9-be10c22ffcbe 0.136s
2025-04-10 17:57:38.210 69939 INFO tempest.common.waiters [-] State transition "BUILD/None" ==> "BUILD/networking" after 62 second wait
2025-04-10 17:57:38.247 69971 INFO tempest.lib.common.rest_client [req-f7793287-27b8-4127-b789-78d8870eb02f req-f7793287-27b8-4127-b789-78d8870eb02f ] Request (ListServerFiltersTestJSON:test_list_servers_detailed_filter_by_server_status): 200 GET http://10.180.1.21/compute/v2.1/servers/detail?status=active 0.263s
2025-04-10 17:57:38.249 69975 INFO tempest.lib.common.rest_client [req-e1925b20-bc8f-4ae5-a41b-c456450cc4ee req-e1925b20-bc8f-4ae5-a41b-c456450cc4ee ] Request (ServersTestJSON:setUpClass): 200 GET http://10.180.1.21/compute/v2.1/servers/c3303bc1-7a25-4244-8240-d339c11a1dba 0.137s
2025-04-10 17:57:38.256 69975 INFO tempest.common.waiters [-] State transition "BUILD/scheduling" ==> "BUILD/None" after 32 second wait
2025-04-10 17:57:38.270 69955 INFO tempest.lib.common.rest_client [req-fc9d257f-7f08-4789-b25d-38b57c49f30d req-fc9d257f-7f08-4789-b25d-38b57c49f30d ] Request (FlavorsV2TestJSON:test_list_flavors_detailed_filter_by_min_disk): 200 GET http://10.180.1.21/compute/v2.1/flavors/detail?minDisk=2 0.132s
2025-04-10 17:57:38.301 69965 INFO tempest.lib.common.rest_client [req-2fe3ad87-9c34-46de-a48c-64d012976e27 req-2fe3ad87-9c34-46de-a48c-64d012976e27 ] Request (ListServersNegativeTestJSON:setUpClass): 200 GET http://10.180.1.21/compute/v2.1/servers/80d76f73-7f4d-40e3-9d0f-be143a72c1b8 0.116s
2025-04-10 17:57:38.333 69931 INFO tempest.lib.common.rest_client [req-ef1b5207-735a-4934-8fe9-5fbced416efa req-ef1b5207-735a-4934-8fe9-5fbced416efa ] Request (ServerActionsTestOtherA:setUpClass): 200 GET http://10.180.1.21/compute/v2.1/servers/2d70d9aa-28dd-4dcb-9410-5c58837dad74 0.086s
2025-04-10 17:57:38.347 69955 INFO tempest.lib.common.rest_client [req-7f96fea1-ac4f-44b0-808e-e4f9789043ea req-7f96fea1-ac4f-44b0-808e-e4f9789043ea ] Request (FlavorsV2TestJSON:test_list_flavors_detailed_filter_by_min_ram): 200 GET http://10.180.1.21/compute/v2.1/flavors/42 0.073s
2025-04-10 17:57:38.380 69955 INFO tempest.lib.common.rest_client [req-566a972c-5bae-4945-a6e8-93f5e7da11ca req-566a972c-5bae-4945-a6e8-93f5e7da11ca ] Request (FlavorsV2TestJSON:test_list_flavors_detailed_filter_by_min_ram): 200 GET http://10.180.1.21/compute/v2.1/flavors/detail?minRam=193 0.030s
2025-04-10 17:57:38.402 69955 INFO tempest.lib.common.rest_client [req-d45b945a-0e2e-45e3-a8f6-9f26cd774b0b req-d45b945a-0e2e-45e3-a8f6-9f26cd774b0b ] Request (FlavorsV2TestJSON:test_list_flavors_detailed_limit_results): 200 GET http://10.180.1.21/compute/v2.1/flavors/detail?limit=1 0.017s
2025-04-10 17:57:38.457 69967 INFO tempest.lib.common.rest_client [req-2dc816fb-1010-4cab-b41d-932ed28d3fe2 req-2dc816fb-1010-4cab-b41d-932ed28d3fe2 ] Request (ServersTestJSON:test_create_server_specify_multibyte_character_name): 200 GET http://10.180.1.21/compute/v2.1/servers/6d73ed7b-e8eb-4333-9e01-307ca2b455c8 0.070s
2025-04-10 17:57:38.465 69971 INFO tempest.lib.common.rest_client [req-b97ae969-6292-4639-99b9-178fa6b02d91 req-b97ae969-6292-4639-99b9-178fa6b02d91 ] Request (ListServerFiltersTestJSON:test_list_servers_detailed_limit_results): 200 GET http://10.180.1.21/compute/v2.1/servers/detail?limit=1 0.208s
2025-04-10 17:57:38.477 69955 INFO tempest.lib.common.rest_client [req-e6b5191e-6914-4f42-8a9f-05577f66f0d6 req-e6b5191e-6914-4f42-8a9f-05577f66f0d6 ] Request (FlavorsV2TestJSON:test_list_flavors_detailed_using_marker): 200 GET http://10.180.1.21/compute/v2.1/flavors/42 0.070s
2025-04-10 17:57:38.542 69979 WARNING tempest.lib.common.ssh [-] Failed to establish authenticated ssh connection to cirros@10.180.180.156 ([Errno None] Unable to connect to port 22 on 10.180.180.156). Number attempts: 10. Retry after 11 seconds.: paramiko.ssh_exception.NoValidConnectionsError: [Errno None] Unable to connect to port 22 on 10.180.180.156
2025-04-10 17:57:38.556 69935 INFO tempest.lib.common.rest_client [req-6e07aaf9-b907-4590-aebc-eb22774e0185 req-6e07aaf9-b907-4590-aebc-eb22774e0185 ] Request (DeleteServersTestJSON:test_delete_active_server): 200 GET http://10.180.1.21/compute/v2.1/servers/848a3bdb-d53e-46a7-a2b6-758a83a23cbb 0.117s
2025-04-10 17:57:38.624 69957 INFO tempest.lib.common.rest_client [req-38821aca-e488-44ee-9c06-c8198f2c09fa req-38821aca-e488-44ee-9c06-c8198f2c09fa ] Request (ImagesOneServerNegativeTestJSON:_run_cleanups): 200 GET http://10.180.1.21/compute/v2.1/servers/1f5f82ff-7872-4ee1-94db-30084a4b0fda 0.177s
2025-04-10 17:57:38.717 69971 INFO tempest.lib.common.rest_client [req-eaec076a-566f-4e2b-ab89-177427f217d8 req-eaec076a-566f-4e2b-ab89-177427f217d8 ] Request (ListServerFiltersTestJSON:test_list_servers_filter_by_active_status): 200 GET http://10.180.1.21/compute/v2.1/servers?status=active 0.241s
2025-04-10 17:57:38.756 69955 INFO tempest.lib.common.rest_client [req-d6b3a1dc-5ebf-4440-b266-b74d436cf576 req-d6b3a1dc-5ebf-4440-b266-b74d436cf576 ] Request (FlavorsV2TestJSON:test_list_flavors_detailed_using_marker): 200 GET http://10.180.1.21/compute/v2.1/flavors/detail?marker=42 0.277s
2025-04-10 17:57:38.884 69929 INFO tempest.lib.common.rest_client [req-dcf77200-0fc6-4885-8136-f3863e172ebb req-dcf77200-0fc6-4885-8136-f3863e172ebb ] Request (MigrationsAdminTest:test_list_migrations_in_flavor_resize_situation): 200 GET http://10.180.1.21/compute/v2.1/servers/285c2e77-8f0a-43d0-a508-1d752deb49eb 0.492s
2025-04-10 17:57:38.899 69959 INFO tempest.lib.common.rest_client [req-9d5b40a3-cf46-4bfd-b9fb-3d91ed61f8cb req-9d5b40a3-cf46-4bfd-b9fb-3d91ed61f8cb ] Request (ServerExternalEventsTest:test_create_server_external_events): 200 GET http://10.180.1.21/compute/v2.1/servers/3e252110-f773-4ba7-a16b-1dcfb61431d3 0.404s
2025-04-10 17:57:38.958 69973 INFO tempest.lib.common.rest_client [req-3199166c-7152-4af3-ad07-e94cfed1a1ab req-3199166c-7152-4af3-ad07-e94cfed1a1ab ] Request (ServerDiskConfigTestJSON:test_resize_server_from_auto_to_manual): 200 GET http://10.180.1.21/compute/v2.1/servers/c4f3ccc9-0aab-423b-aba8-5e8681e96dd2 0.266s
2025-04-10 17:57:39.018 69945 INFO tempest.lib.common.rest_client [req-b64662b2-a16d-496a-88eb-3d9c6eb05832 req-b64662b2-a16d-496a-88eb-3d9c6eb05832 ] Request (ServersTestMultiNic:test_verify_multiple_nics_order): 200 GET http://10.180.1.21/compute/v2.1/servers/f239b7d2-e95c-420f-ab2b-32fc37d81c53 0.301s
2025-04-10 17:57:39.054 69943 INFO tempest.lib.common.rest_client [req-0c97d3aa-820e-4d79-bdd0-53015306bdfb req-0c97d3aa-820e-4d79-bdd0-53015306bdfb ] Request (SecurityGroupsTestJSON:test_server_security_groups): 200 GET http://10.180.1.21/compute/v2.1/servers/7a1d2a1c-be2e-487f-9677-9e4ffe11f98c 0.434s
2025-04-10 17:57:39.106 69971 INFO tempest.lib.common.rest_client [req-f9bd5d1b-c67e-4b21-ae0d-6fde7f53d49f req-f9bd5d1b-c67e-4b21-ae0d-6fde7f53d49f ] Request (ListServerFiltersTestJSON:test_list_servers_filter_by_exceed_limit): 200 GET http://10.180.1.21/compute/v2.1/servers?limit=100000 0.385s
2025-04-10 17:57:39.123 69955 INFO tempest.lib.common.rest_client [req-460779c5-a927-447e-8367-bf6370010ca7 req-460779c5-a927-447e-8367-bf6370010ca7 ] Request (FlavorsV2TestJSON:test_list_flavors_filter_by_min_disk): 200 GET http://10.180.1.21/compute/v2.1/flavors/42 0.362s
2025-04-10 17:57:39.130 69969 INFO tempest.lib.common.rest_client [req-6e3f3cb9-53ec-4c67-90c0-4a7a441df44c req-6e3f3cb9-53ec-4c67-90c0-4a7a441df44c ] Request (ListImageFiltersTestJSON:tearDownClass): 200 GET http://10.180.1.21/compute/v2.1/servers/3926fb53-2794-425c-9f8b-a9797bee5270 0.374s
2025-04-10 17:57:39.180 69947 INFO tempest.lib.common.rest_client [req-65de130d-5637-41b5-9b4e-09c316c6363f req-65de130d-5637-41b5-9b4e-09c316c6363f ] Request (FloatingIPsAssociationTestJSON:test_associate_already_associated_floating_ip): 200 GET http://10.180.1.21/compute/v2.1/servers/8f849dec-9afd-4b37-bd80-a93f7bf924de 0.411s
2025-04-10 17:57:39.197 69927 INFO tempest.lib.common.rest_client [req-9ce2a2a0-07ba-4b01-bb8d-d9333b3ca306 req-9ce2a2a0-07ba-4b01-bb8d-d9333b3ca306 ] Request (ServerDiagnosticsTest:tearDownClass): 200 GET http://10.180.1.21/compute/v2.1/servers/34084343-13d6-4500-9fb4-a362deb8804b 0.261s
2025-04-10 17:57:39.237 69923 INFO tempest.lib.common.rest_client [req-92533447-70ae-4e52-8786-5bc09286e978 req-92533447-70ae-4e52-8786-5bc09286e978 ] Request (ServerRescueTestJSON:setUpClass): 200 GET http://10.180.1.21/compute/v2.1/servers/473e9737-ba65-4c3c-b89f-7f7fe7fe0c8f 0.182s
2025-04-10 17:57:39.280 69971 INFO tempest.lib.common.rest_client [req-e98bb716-6610-489f-9c47-fd851d1bee94 req-e98bb716-6610-489f-9c47-fd851d1bee94 ] Request (ListServerFiltersTestJSON:test_list_servers_filter_by_exceed_limit): 200 GET http://10.180.1.21/compute/v2.1/servers 0.171s
2025-04-10 17:57:39.302 69955 INFO tempest.lib.common.rest_client [req-0aab43b9-0541-43a4-b8df-90fc918a9ccd req-0aab43b9-0541-43a4-b8df-90fc918a9ccd ] Request (FlavorsV2TestJSON:test_list_flavors_filter_by_min_disk): 200 GET http://10.180.1.21/compute/v2.1/flavors?minDisk=2 0.177s
2025-04-10 17:57:39.327 69963 INFO tempest.lib.common.rest_client [req-d15af160-6899-48ae-a780-03cac61dd1b6 req-d15af160-6899-48ae-a780-03cac61dd1b6 ] Request (ServersAdminTestJSON:test_create_server_with_scheduling_hint): 200 GET http://10.180.1.21/compute/v2.1/servers/39905a0e-5d90-4f99-871f-e49104eec9b3 0.254s
2025-04-10 17:57:39.364 69953 INFO tempest.lib.common.rest_client [req-1196c779-25b3-4742-baac-b56ed2f6e290 req-1196c779-25b3-4742-baac-b56ed2f6e290 ] Request (InstanceActionsTestJSON:tearDownClass): 200 GET http://10.180.1.21/compute/v2.1/servers/b1653cf5-7f07-4906-9137-ac41571b0e95 0.235s
2025-04-10 17:57:39.437 69975 INFO tempest.lib.common.rest_client [req-10addecb-cde9-4095-99ec-cb892a83a55e req-10addecb-cde9-4095-99ec-cb892a83a55e ] Request (ServersTestJSON:setUpClass): 200 GET http://10.180.1.21/compute/v2.1/servers/c3303bc1-7a25-4244-8240-d339c11a1dba 0.180s
2025-04-10 17:57:39.459 69939 INFO tempest.lib.common.rest_client [req-bfd34b9e-9423-4e0f-a291-29241f5c5a5a req-bfd34b9e-9423-4e0f-a291-29241f5c5a5a ] Request (ServersAdminNegativeTestJSON:test_migrate_server_invalid_state): 200 GET http://10.180.1.21/compute/v2.1/servers/ac1bad65-22af-4201-bbd9-be10c22ffcbe 0.248s
2025-04-10 17:57:39.466 69939 INFO tempest.common.waiters [-] State transition "BUILD/networking" ==> "BUILD/block_device_mapping" after 63 second wait
2025-04-10 17:57:39.471 69955 INFO tempest.lib.common.rest_client [req-a40091d8-782f-458c-8811-e6e926a25266 req-a40091d8-782f-458c-8811-e6e926a25266 ] Request (FlavorsV2TestJSON:test_list_flavors_filter_by_min_ram): 200 GET http://10.180.1.21/compute/v2.1/flavors/42 0.163s
2025-04-10 17:57:39.531 69971 INFO tempest.lib.common.rest_client [req-a86bb35b-4a7c-4b54-97d1-5c9cf581092b req-a86bb35b-4a7c-4b54-97d1-5c9cf581092b ] Request (ListServerFiltersTestJSON:test_list_servers_filter_by_flavor): 200 GET http://10.180.1.21/compute/v2.1/servers?flavor=84 0.246s
2025-04-10 17:57:39.542 69965 INFO tempest.lib.common.rest_client [req-d16a1cf4-2b9a-4bac-b1ae-69577da9fc43 req-d16a1cf4-2b9a-4bac-b1ae-69577da9fc43 ] Request (ListServersNegativeTestJSON:setUpClass): 200 GET http://10.180.1.21/compute/v2.1/servers/80d76f73-7f4d-40e3-9d0f-be143a72c1b8 0.232s
2025-04-10 17:57:39.599 69931 INFO tempest.lib.common.rest_client [req-deb151be-e4ef-4adb-b6ff-892b8fdd3dd6 req-deb151be-e4ef-4adb-b6ff-892b8fdd3dd6 ] Request (ServerActionsTestOtherA:setUpClass): 200 GET http://10.180.1.21/compute/v2.1/servers/2d70d9aa-28dd-4dcb-9410-5c58837dad74 0.258s
2025-04-10 17:57:39.605 69967 INFO tempest.lib.common.rest_client [req-cecf9056-9bea-466c-9516-e3af005cc2b3 req-cecf9056-9bea-466c-9516-e3af005cc2b3 ] Request (ServersTestJSON:test_create_server_specify_multibyte_character_name): 200 GET http://10.180.1.21/compute/v2.1/servers/6d73ed7b-e8eb-4333-9e01-307ca2b455c8 0.141s
2025-04-10 17:57:39.631 69955 INFO tempest.lib.common.rest_client [req-8ca64df4-e3b5-4b0f-9153-c98c56668b4b req-8ca64df4-e3b5-4b0f-9153-c98c56668b4b ] Request (FlavorsV2TestJSON:test_list_flavors_filter_by_min_ram): 200 GET http://10.180.1.21/compute/v2.1/flavors?minRam=193 0.157s
2025-04-10 17:57:39.636 69971 INFO tempest.lib.common.rest_client [req-5802fab2-d661-4088-84e5-1fbd46549961 req-5802fab2-d661-4088-84e5-1fbd46549961 ] Request (ListServerFiltersTestJSON:test_list_servers_filter_by_limit): 200 GET http://10.180.1.21/compute/v2.1/servers?limit=1 0.100s
2025-04-10 17:57:39.698 69935 INFO tempest.lib.common.rest_client [req-ebb7162c-55e9-4f17-baa2-8baabc8d96ab req-ebb7162c-55e9-4f17-baa2-8baabc8d96ab ] Request (DeleteServersTestJSON:test_delete_active_server): 200 GET http://10.180.1.21/compute/v2.1/servers/848a3bdb-d53e-46a7-a2b6-758a83a23cbb 0.133s
2025-04-10 17:57:39.705 69957 INFO tempest.lib.common.rest_client [req-a6573739-322e-4c00-93d0-8d36bd744191 req-a6573739-322e-4c00-93d0-8d36bd744191 ] Request (ImagesOneServerNegativeTestJSON:_run_cleanups): 200 GET http://10.180.1.21/compute/v2.1/servers/1f5f82ff-7872-4ee1-94db-30084a4b0fda 0.073s
2025-04-10 17:57:39.720 69955 INFO tempest.lib.common.rest_client [req-8c272134-8aa4-4630-a681-ba7f6c7b09f0 req-8c272134-8aa4-4630-a681-ba7f6c7b09f0 ] Request (FlavorsV2TestJSON:test_list_flavors_limit_results): 200 GET http://10.180.1.21/compute/v2.1/flavors?limit=1 0.085s
2025-04-10 17:57:39.744 69955 INFO tempest.lib.common.rest_client [req-8a6312a4-9b4c-4718-9609-a1cdbe659dd0 req-8a6312a4-9b4c-4718-9609-a1cdbe659dd0 ] Request (FlavorsV2TestJSON:test_list_flavors_using_marker): 200 GET http://10.180.1.21/compute/v2.1/flavors/42 0.022s
2025-04-10 17:57:39.772 69955 INFO tempest.lib.common.rest_client [req-41fff071-9ba4-4ac1-9edf-b228a4ef407c req-41fff071-9ba4-4ac1-9edf-b228a4ef407c ] Request (FlavorsV2TestJSON:test_list_flavors_using_marker): 200 GET http://10.180.1.21/compute/v2.1/flavors?marker=42 0.025s
2025-04-10 17:57:39.795 69971 INFO tempest.lib.common.rest_client [req-937916e5-124d-4a6c-8d9e-7336d8c01f97 req-937916e5-124d-4a6c-8d9e-7336d8c01f97 ] Request (ListServerFiltersTestJSON:test_list_servers_filter_by_server_name): 200 GET http://10.180.1.21/compute/v2.1/servers?name=tempest-ListServerFiltersTestJSON-instance-791580477 0.155s
2025-04-10 17:57:39.800 69955 INFO tempest.lib.common.rest_client [req-2b2a151d-2a38-45b0-8497-102b3614af17 req-2b2a151d-2a38-45b0-8497-102b3614af17 ] Request (FlavorsV2TestJSON:test_list_flavors_with_detail): 200 GET http://10.180.1.21/compute/v2.1/flavors/detail 0.023s
2025-04-10 17:57:39.817 69955 INFO tempest.lib.common.rest_client [req-aba72eb8-4fdf-4f70-bd2f-f378c5a0ebf2 req-aba72eb8-4fdf-4f70-bd2f-f378c5a0ebf2 ] Request (FlavorsV2TestJSON:test_list_flavors_with_detail): 200 GET http://10.180.1.21/compute/v2.1/flavors/42 0.012s
2025-04-10 17:57:39.870 69971 INFO tempest.lib.common.rest_client [req-4a302f58-d517-4d44-b592-ce9cfef9e767 req-4a302f58-d517-4d44-b592-ce9cfef9e767 ] Request (ListServerFiltersTestJSON:test_list_servers_filter_by_shutoff_status): 202 POST http://10.180.1.21/compute/v2.1/servers/299469c5-bf99-4ed6-b805-5f9b799b5829/action 0.072s
