2025-04-10 17:55:26.828 69935 INFO tempest.lib.common.rest_client [req-367bde3e-5017-4f8d-9c73-9b10b4f2924c req-367bde3e-5017-4f8d-9c73-9b10b4f2924c ] Request (TenantUsagesTestJSON:setUpClass): 200 GET http://10.180.1.21/compute/v2.1/servers/0e07e52b-473c-4319-bdd3-9c932716648c 1.331s
2025-04-10 17:55:26.839 69935 INFO tempest.common.waiters [-] State transition "BUILD/None" ==> "BUILD/networking" after 2 second wait
2025-04-10 17:55:26.859 69973 INFO tempest.lib.common.rest_client [req-5b5238a9-57a4-42dd-96c9-ac15f439731b req-5b5238a9-57a4-42dd-96c9-ac15f439731b ] Request (ServerDiskConfigTestJSON:test_rebuild_server_with_auto_disk_config): 200 GET http://10.180.1.21/compute/v2.1/servers/2158184f-4388-4f1f-a599-e9a0745506b1 1.301s
2025-04-10 17:55:26.864 69949 INFO tempest.lib.common.rest_client [req-c96d5524-bbfd-4a94-941d-b83c1b46a832 req-c96d5524-bbfd-4a94-941d-b83c1b46a832 ] Request (QuotasAdminTestV236:test_get_updated_quotas): 200 GET http://10.180.1.21/identity/v3/domains?name=Default 0.057s
2025-04-10 17:55:26.881 69983 INFO tempest.lib.common.rest_client [req-8eedce6d-6c61-4dfe-827a-376a5e2094ea req-8eedce6d-6c61-4dfe-827a-376a5e2094ea ] Request (HypervisorAdminV253TestBase:test_list_show_detail_hypervisors): 200 GET http://10.180.1.21/compute/v2.1/os-hypervisors/d29f3aa9-2e89-4e73-bba6-0333a8c2f28b 1.226s
2025-04-10 17:55:26.899 69985 INFO tempest.lib.common.rest_client [req-aeb1204c-bcca-4787-8941-b85ee72216bb req-aeb1204c-bcca-4787-8941-b85ee72216bb ] Request (ServerGroupTestJSON:setUpClass): 201 POST http://10.180.1.21:9696/networking/v2.0/networks 0.524s
2025-04-10 17:55:26.903 69937 INFO tempest.lib.common.rest_client [req-abe4a08a-94b9-4617-82f8-e6921317bfcd req-abe4a08a-94b9-4617-82f8-e6921317bfcd ] Request (FlavorsV255TestJSON:test_crud_flavor): 200 PUT http://10.180.1.21/compute/v2.1/flavors/1000961604 1.127s
2025-04-10 17:55:26.930 69925 INFO tempest.lib.common.rest_client [req-96815215-41a0-4e9b-9cf7-0f71341b23bd req-96815215-41a0-4e9b-9cf7-0f71341b23bd ] Request (HypervisorAdminUnderV252Test:test_search_hypervisor): 200 GET http://10.180.1.21/compute/v2.1/os-hypervisors 1.118s
2025-04-10 17:55:26.932 69949 INFO tempest.lib.common.rest_client [req-f4a53f47-d87a-4bf0-a76e-db253702637c req-f4a53f47-d87a-4bf0-a76e-db253702637c ] Request (QuotasAdminTestV236:test_get_updated_quotas): 201 POST http://10.180.1.21/identity/v3/users 0.068s
2025-04-10 17:55:26.957 69923 INFO tempest.lib.common.rest_client [req-62d70c68-ce4a-4af5-891a-ad524b8b6eca req-62d70c68-ce4a-4af5-891a-ad524b8b6eca ] Request (FlavorsAdminTestJSON:_run_cleanups): 200 GET http://10.180.1.21/compute/v2.1/flavors/detail 1.133s
2025-04-10 17:55:27.021 69957 INFO tempest.lib.common.rest_client [req-2723b8a3-641b-4ed0-a1ac-2742ccdd8356 req-2723b8a3-641b-4ed0-a1ac-2742ccdd8356 ] Request (ImagesOneServerNegativeTestJSON:setUpClass): 200 GET http://10.180.1.21/compute/v2.1/servers/125f9d45-bd7d-48a6-b7af-33325fe6b83a 1.173s
2025-04-10 17:55:27.024 69983 INFO tempest.lib.common.rest_client [req-fe47b29a-528d-4e0e-9620-6b39089209e0 req-fe47b29a-528d-4e0e-9620-6b39089209e0 ] Request (HypervisorAdminV253TestBase:tearDownClass): 204 DELETE http://10.180.1.21/identity/v3/users/15c1764eaeb44f50ac55380e1db1e86c 0.126s
2025-04-10 17:55:27.041 69975 INFO tempest.lib.common.rest_client [req-af3c6391-b452-4800-b708-029a307bcaaf req-af3c6391-b452-4800-b708-029a307bcaaf ] Request (ServicesAdminTestJSON:test_get_service_by_service_binary_name): 200 GET http://10.180.1.21/compute/v2.1/os-services?binary=nova-compute 1.150s
2025-04-10 17:55:27.048 69931 INFO tempest.lib.common.rest_client [req-8d8d5494-5262-4359-9fe8-3f8cd77c227f req-8d8d5494-5262-4359-9fe8-3f8cd77c227f ] Request (HypervisorAdminNegativeTestJSON:test_get_hypervisor_stats_with_non_admin_user): 403 GET http://10.180.1.21/compute/v2.1/os-hypervisors/statistics 1.157s
2025-04-10 17:55:27.101 69949 INFO tempest.lib.common.rest_client [req-7b16e41b-e4b0-4dc8-884e-e5989498d1d6 req-7b16e41b-e4b0-4dc8-884e-e5989498d1d6 ] Request (QuotasAdminTestV236:test_get_updated_quotas): 200 GET http://10.180.1.21/identity/v3/domains?name=Default 0.168s
2025-04-10 17:55:27.119 69985 INFO tempest.lib.common.rest_client [req-dc33672f-b622-427b-b251-ff3353aeeee2 req-dc33672f-b622-427b-b251-ff3353aeeee2 ] Request (ServerGroupTestJSON:setUpClass): 201 POST http://10.180.1.21:9696/networking/v2.0/subnets 0.220s
2025-04-10 17:55:27.169 69963 INFO tempest.lib.common.rest_client [req-b49b0edd-d3aa-42cc-92c4-dc67ee2f7871 req-b49b0edd-d3aa-42cc-92c4-dc67ee2f7871 ] Request (AZAdminV2TestJSON:tearDownClass): 200 GET http://10.180.1.21:9696/networking/v2.0/security-groups?tenant_id=5b53b4e392364c668ceb0a48c432a67b&name=default 0.463s
2025-04-10 17:55:27.195 69983 INFO tempest.lib.common.rest_client [req-0370d139-53f9-4497-93b3-d573afc10391 req-0370d139-53f9-4497-93b3-d573afc10391 ] Request (HypervisorAdminV253TestBase:tearDownClass): 204 DELETE http://10.180.1.21/identity/v3/users/e3ecd6bd77be4de7a9c361eb78b923e3 0.170s
2025-04-10 17:55:27.196 69983 INFO tempest.lib.common.dynamic_creds [-] Deleting project and security group for project: 841fc86a85e54e30a0a63b10fbbdaf8e
2025-04-10 17:55:27.253 69953 INFO tempest.lib.common.rest_client [req-1dd47099-a8c7-4cab-9dbc-27f06241be89 req-1dd47099-a8c7-4cab-9dbc-27f06241be89 ] Request (FlavorsV2NegativeTest:test_boot_with_low_ram): 201 POST http://10.180.1.21/image/v2/images 0.661s
2025-04-10 17:55:27.267 69969 INFO tempest.lib.common.rest_client [req-02816069-d671-437c-af21-c9e570d6d2eb req-02816069-d671-437c-af21-c9e570d6d2eb ] Request (ListImageFiltersTestJSON:setUpClass): 204 PUT http://10.180.1.21/image/v2/images/d5179d90-6abb-4dcf-83d5-45fa1f53fcc4/file 1.246s
2025-04-10 17:55:27.348 69941 INFO tempest.lib.common.rest_client [req-06d478bd-f450-4cc7-a317-5b5274311c4a req-06d478bd-f450-4cc7-a317-5b5274311c4a ] Request (FlavorsAccessTestJSON:test_flavor_access_add_remove): 200 GET http://10.180.1.21/compute/v2.1/flavors/detail 1.414s
2025-04-10 17:55:27.365 69983 INFO tempest.lib.common.rest_client [req-09d5aa5a-7f69-4ca4-b3b4-4d01c5f6af26 req-09d5aa5a-7f69-4ca4-b3b4-4d01c5f6af26 ] Request (HypervisorAdminV253TestBase:tearDownClass): 201 POST http://10.180.1.21/identity/v3/auth/tokens 0.169s
2025-04-10 17:55:27.384 69959 INFO tempest.lib.common.rest_client [req-e321171b-019b-4b6f-b982-a700bc63bfb8 req-e321171b-019b-4b6f-b982-a700bc63bfb8 ] Request (AggregatesAdminNegativeTestJSON:test_aggregate_add_existent_host): 200 POST http://10.180.1.21/compute/v2.1/os-aggregates/1/action 1.787s
2025-04-10 17:55:27.388 69963 INFO tempest.lib.common.rest_client [req-7b52493d-a94e-4eff-a2b8-77351822b1a4 req-7b52493d-a94e-4eff-a2b8-77351822b1a4 ] Request (AZAdminV2TestJSON:tearDownClass): 204 DELETE http://10.180.1.21:9696/networking/v2.0/security-groups/d5643c5a-d80a-4e92-badc-18373d2e19f3 0.218s
2025-04-10 17:55:27.457 69963 INFO tempest.lib.common.rest_client [req-4c3fb08a-e641-4caf-ad6a-f1e561e0d5ce req-4c3fb08a-e641-4caf-ad6a-f1e561e0d5ce ] Request (AZAdminV2TestJSON:tearDownClass): 204 DELETE http://10.180.1.21/identity/v3/projects/5b53b4e392364c668ceb0a48c432a67b 0.069s
2025-04-10 17:55:27.458 69963 INFO tempest.lib.common.dynamic_creds [-] Deleting project and security group for project: d701a29e0a994856bbb4fc73ca0b6fb7
2025-04-10 17:55:27.474 69961 INFO tempest.lib.common.rest_client [req-50d7452a-fb3f-4f17-8933-fc6dc6ebf91c req-50d7452a-fb3f-4f17-8933-fc6dc6ebf91c ] Request (NetworksTest:test_get_network): 200 GET http://10.180.1.21/compute/v2.1/os-networks/92ee455f-6dce-483d-9b02-870a8dde61ef 1.390s
2025-04-10 17:55:27.481 69933 INFO tempest.lib.common.rest_client [req-e4bb1de8-3720-45e7-bbff-2bdb88244950 req-e4bb1de8-3720-45e7-bbff-2bdb88244950 ] Request (InstanceUsageAuditLogNegativeTestJSON:test_instance_usage_audit_logs_with_nonadmin_user): 403 GET http://10.180.1.21/compute/v2.1/os-instance_usage_audit_log/2025-04-10%2017%3A55%3A26 1.289s
2025-04-10 17:55:27.545 69927 INFO tempest.lib.common.rest_client [req-a6d17f41-9bc7-4d10-bd1b-8b7d6401ceb1 req-a6d17f41-9bc7-4d10-bd1b-8b7d6401ceb1 ] Request (FlavorsAccessNegativeTestJSON:test_add_flavor_access_duplicate): 409 POST http://10.180.1.21/compute/v2.1/flavors/704204259/action 1.476s
2025-04-10 17:55:27.557 69981 INFO tempest.lib.common.rest_client [req-8535ff99-63f0-4f70-8151-9f4952bc7afa req-8535ff99-63f0-4f70-8151-9f4952bc7afa ] Request (FlavorsExtraSpecsNegativeTestJSON:test_flavor_non_admin_set_keys): 403 POST http://10.180.1.21/compute/v2.1/flavors/804569958/os-extra_specs 1.326s
2025-04-10 17:55:27.566 69947 INFO tempest.lib.common.rest_client [req-29c37713-6b12-4e58-840b-244f28e54a59 req-29c37713-6b12-4e58-840b-244f28e54a59 ] Request (HostsAdminNegativeTestJSON:test_reboot_host_with_non_admin_user): 403 GET http://10.180.1.21/compute/v2.1/os-hosts/devstack/reboot 1.258s
2025-04-10 17:55:27.572 69943 INFO tempest.lib.common.rest_client [req-0e875711-63cb-4097-b1a5-643767c303ac req-0e875711-63cb-4097-b1a5-643767c303ac ] Request (SecurityGroupsTestJSON:test_list_security_groups_by_server): 200 GET http://10.180.1.21/compute/v2.1/servers/06da14df-c30e-4c8b-821f-7de5fc5019a6 1.371s
2025-04-10 17:55:27.579 69979 INFO tempest.lib.common.rest_client [req-f0cbd978-7a0b-433c-913c-a956a8d05e69 req-f0cbd978-7a0b-433c-913c-a956a8d05e69 ] Request (ServersWithSpecificFlavorTestJSON:setUpClass): 200 PUT http://10.180.1.21:9696/networking/v2.0/routers/d8c2ca62-d16f-449c-8d82-459eedb2238f/add_router_interface 2.060s
2025-04-10 17:55:27.580 69979 INFO tempest.lib.common.dynamic_creds [-] Created isolated network resources for: credentials: Credentials: {'domain_id': 'default', 'domain_name': 'Default', 'username': 'tempest-ServersWithSpecificFlavorTestJSON-721052851-project-admin', 'project_domain_id': 'default', 'project_domain_name': 'Default', 'project_id': 'fb7809252561469abb01e0c64d126acb', 'project_name': 'tempest-ServersWithSpecificFlavorTestJSON-721052851', 'tenant_id': 'fb7809252561469abb01e0c64d126acb', 'tenant_name': 'tempest-ServersWithSpecificFlavorTestJSON-721052851', 'user_domain_id': 'default', 'user_domain_name': 'Default', 'user_id': 'e109a5d017104eb4866d60e7a851737d', 'system': None}, Network: {'id': 'f65dd9d8-9949-43e8-8c26-2819675b2859', 'name': 'tempest-ServersWithSpecificFlavorTestJSON-1533619385-network', 'tenant_id': 'fb7809252561469abb01e0c64d126acb', 'admin_state_up': True, 'mtu': 8950, 'status': 'ACTIVE', 'subnets': [], 'shared': False, 'project_id': 'fb7809252561469abb01e0c64d126acb', 'port_security_enabled': True, 'router:external': False, 'provider:network_type': 'vlan', 'provider:physical_network': 'default', 'provider:segmentation_id': 185, 'availability_zone_hints': [], 'availability_zones': [], 'ipv4_address_scope': None, 'ipv6_address_scope': None, 'description': '', 'tags': [], 'created_at': '2025-04-10T17:55:23Z', 'updated_at': '2025-04-10T17:55:24Z', 'revision_number': 1}, Subnet: {'id': 'aeff9a92-8235-4798-b20d-2d89c285c25a', 'name': 'tempest-ServersWithSpecificFlavorTestJSON-1533619385-subnet', 'tenant_id': 'fb7809252561469abb01e0c64d126acb', 'network_id': 'f65dd9d8-9949-43e8-8c26-2819675b2859', 'ip_version': 4, 'subnetpool_id': None, 'enable_dhcp': True, 'ipv6_ra_mode': None, 'ipv6_address_mode': None, 'gateway_ip': '192.168.128.1', 'cidr': '192.168.128.0/28', 'allocation_pools': [{'start': '192.168.128.2', 'end': '192.168.128.14'}], 'host_routes': [], 'dns_nameservers': [], 'description': '', 'router:external': False, 'service_types': [], 'tags': [], 'created_at': '2025-04-10T17:55:24Z', 'updated_at': '2025-04-10T17:55:24Z', 'revision_number': 0, 'project_id': 'fb7809252561469abb01e0c64d126acb'}, Router: {'id': 'd8c2ca62-d16f-449c-8d82-459eedb2238f', 'name': 'tempest-ServersWithSpecificFlavorTestJSON-1533619385-router', 'tenant_id': 'fb7809252561469abb01e0c64d126acb', 'admin_state_up': True, 'status': 'ACTIVE', 'external_gateway_info': {'network_id': '92ee455f-6dce-483d-9b02-870a8dde61ef', 'external_fixed_ips': [{'subnet_id': '6774d8e7-4c33-414f-8d9c-74a9c6123958', 'ip_address': '10.180.180.155'}], 'enable_snat': True}, 'description': '', 'availability_zones': [], 'distributed': False, 'ha': False, 'availability_zone_hints': [], 'routes': [], 'flavor_id': None, 'tags': [], 'created_at': '2025-04-10T17:55:24Z', 'updated_at': '2025-04-10T17:55:25Z', 'revision_number': 2, 'project_id': 'fb7809252561469abb01e0c64d126acb'}
2025-04-10 17:55:27.588 69951 INFO tempest.lib.common.rest_client [req-623d69c4-236b-4729-872d-1b97fced7cb1 req-623d69c4-236b-4729-872d-1b97fced7cb1 ] Request (VolumesAssistedSnapshotsTest:setUpClass): 200 PUT http://10.180.1.21:9696/networking/v2.0/routers/695d9f63-0c5d-4e79-8288-4d8558caf13f/add_router_interface 2.051s
2025-04-10 17:55:27.588 69951 INFO tempest.lib.common.dynamic_creds [-] Created isolated network resources for: credentials: Credentials: {'domain_id': 'default', 'domain_name': 'Default', 'username': 'tempest-VolumesAssistedSnapshotsTest-1430403822-project-admin', 'project_domain_id': 'default', 'project_domain_name': 'Default', 'project_id': '81dd0fe8dec74d039a645683d79e14e7', 'project_name': 'tempest-VolumesAssistedSnapshotsTest-1430403822', 'tenant_id': '81dd0fe8dec74d039a645683d79e14e7', 'tenant_name': 'tempest-VolumesAssistedSnapshotsTest-1430403822', 'user_domain_id': 'default', 'user_domain_name': 'Default', 'user_id': '30defc7b27014dc4b88481adbff4eb94', 'system': None}, Network: {'id': 'd8669504-4e15-4013-b28b-616e5dba0821', 'name': 'tempest-VolumesAssistedSnapshotsTest-1009380611-network', 'tenant_id': '81dd0fe8dec74d039a645683d79e14e7', 'admin_state_up': True, 'mtu': 8950, 'status': 'ACTIVE', 'subnets': [], 'shared': False, 'project_id': '81dd0fe8dec74d039a645683d79e14e7', 'port_security_enabled': True, 'router:external': False, 'provider:network_type': 'vlan', 'provider:physical_network': 'default', 'provider:segmentation_id': 731, 'availability_zone_hints': [], 'availability_zones': [], 'ipv4_address_scope': None, 'ipv6_address_scope': None, 'description': '', 'tags': [], 'created_at': '2025-04-10T17:55:24Z', 'updated_at': '2025-04-10T17:55:24Z', 'revision_number': 1}, Subnet: {'id': '6d2bd3b0-761b-4132-a2d6-380aee2b61df', 'name': 'tempest-VolumesAssistedSnapshotsTest-1009380611-subnet', 'tenant_id': '81dd0fe8dec74d039a645683d79e14e7', 'network_id': 'd8669504-4e15-4013-b28b-616e5dba0821', 'ip_version': 4, 'subnetpool_id': None, 'enable_dhcp': True, 'ipv6_ra_mode': None, 'ipv6_address_mode': None, 'gateway_ip': '192.168.128.1', 'cidr': '192.168.128.0/28', 'allocation_pools': [{'start': '192.168.128.2', 'end': '192.168.128.14'}], 'host_routes': [], 'dns_nameservers': [], 'description': '', 'router:external': False, 'service_types': [], 'tags': [], 'created_at': '2025-04-10T17:55:24Z', 'updated_at': '2025-04-10T17:55:24Z', 'revision_number': 0, 'project_id': '81dd0fe8dec74d039a645683d79e14e7'}, Router: {'id': '695d9f63-0c5d-4e79-8288-4d8558caf13f', 'name': 'tempest-VolumesAssistedSnapshotsTest-1009380611-router', 'tenant_id': '81dd0fe8dec74d039a645683d79e14e7', 'admin_state_up': True, 'status': 'ACTIVE', 'external_gateway_info': {'network_id': '92ee455f-6dce-483d-9b02-870a8dde61ef', 'external_fixed_ips': [{'subnet_id': '6774d8e7-4c33-414f-8d9c-74a9c6123958', 'ip_address': '10.180.180.252'}], 'enable_snat': True}, 'description': '', 'availability_zones': [], 'distributed': False, 'ha': False, 'availability_zone_hints': [], 'routes': [], 'flavor_id': None, 'tags': [], 'created_at': '2025-04-10T17:55:24Z', 'updated_at': '2025-04-10T17:55:25Z', 'revision_number': 2, 'project_id': '81dd0fe8dec74d039a645683d79e14e7'}
2025-04-10 17:55:27.596 69971 INFO tempest.lib.common.rest_client [req-2c6c4009-2f8e-4c06-b3f8-ea57ddca20a5 req-2c6c4009-2f8e-4c06-b3f8-ea57ddca20a5 ] Request (FlavorMetadataValidation:_run_cleanups): 202 DELETE http://10.180.1.21/compute/v2.1/flavors/342700046 1.165s
2025-04-10 17:55:27.620 69945 INFO tempest.lib.common.rest_client [req-f22d7ec7-be6e-4585-90b5-9b7ab114d47e req-f22d7ec7-be6e-4585-90b5-9b7ab114d47e ] Request (ServersTestMultiNic:setUpClass): 201 POST http://10.180.1.21:9696/networking/v2.0/routers 1.728s
2025-04-10 17:55:27.690 69933 INFO tempest.lib.common.rest_client [req-0ac2d1e8-93ca-4329-8ce3-48a20a3ea630 req-0ac2d1e8-93ca-4329-8ce3-48a20a3ea630 ] Request (InstanceUsageAuditLogNegativeTestJSON:tearDownClass): 204 DELETE http://10.180.1.21/identity/v3/users/602838d73aa44aaca30087f2e0ff5b69 0.207s
2025-04-10 17:55:27.697 69983 INFO tempest.lib.common.rest_client [req-9f16ff62-9183-448b-b263-bf67bdc64ea5 req-9f16ff62-9183-448b-b263-bf67bdc64ea5 ] Request (HypervisorAdminV253TestBase:tearDownClass): 200 GET http://10.180.1.21:9696/networking/v2.0/security-groups?tenant_id=841fc86a85e54e30a0a63b10fbbdaf8e&name=default 0.331s
2025-04-10 17:55:27.699 69963 INFO tempest.lib.common.rest_client [req-ec7e4c59-9759-4689-a9c1-43ac0951aa32 req-ec7e4c59-9759-4689-a9c1-43ac0951aa32 ] Request (AZAdminV2TestJSON:tearDownClass): 200 GET http://10.180.1.21:9696/networking/v2.0/security-groups?tenant_id=d701a29e0a994856bbb4fc73ca0b6fb7&name=default 0.241s
2025-04-10 17:55:27.805 69979 INFO tempest.lib.common.rest_client [req-6778e213-1098-4f27-ade3-6b9824808a2f req-6778e213-1098-4f27-ade3-6b9824808a2f ] Request (ServersWithSpecificFlavorTestJSON:setUpClass): 201 POST http://10.180.1.21/identity/v3/auth/tokens 0.222s
2025-04-10 17:55:27.881 69951 INFO tempest.lib.common.rest_client [req-c65c246d-1ca2-48e8-9087-5926f07b61fd req-c65c246d-1ca2-48e8-9087-5926f07b61fd ] Request (VolumesAssistedSnapshotsTest:setUpClass): 201 POST http://10.180.1.21/identity/v3/auth/tokens 0.289s
2025-04-10 17:55:27.978 69983 INFO tempest.lib.common.rest_client [req-e363906c-e9ab-4193-9351-eb110d76ea9c req-e363906c-e9ab-4193-9351-eb110d76ea9c ] Request (HypervisorAdminV253TestBase:tearDownClass): 204 DELETE http://10.180.1.21:9696/networking/v2.0/security-groups/a30f79b3-0dba-494f-a6af-5b760c9383a2 0.281s
2025-04-10 17:55:27.979 69933 INFO tempest.lib.common.rest_client [req-00ed609a-4cfa-4b44-a4c6-0c7c24eea159 req-00ed609a-4cfa-4b44-a4c6-0c7c24eea159 ] Request (InstanceUsageAuditLogNegativeTestJSON:tearDownClass): 204 DELETE http://10.180.1.21/identity/v3/users/bdb716baa9194a89ad034de60384091f 0.288s
2025-04-10 17:55:27.979 69933 INFO tempest.lib.common.dynamic_creds [-] Deleting project and security group for project: dc44d57e62114d0f8b04ba9ee172d5a5
2025-04-10 17:55:28.013 69963 INFO tempest.lib.common.rest_client [req-d648411b-1c03-4423-9401-10eecfb3049e req-d648411b-1c03-4423-9401-10eecfb3049e ] Request (AZAdminV2TestJSON:tearDownClass): 204 DELETE http://10.180.1.21:9696/networking/v2.0/security-groups/30e58484-0af0-48ed-8d73-92658ac9b3c9 0.314s
2025-04-10 17:55:28.050 69951 INFO tempest.lib.common.rest_client [req-e929984b-02a7-4098-976b-0c1b8bf32d1e req-e929984b-02a7-4098-976b-0c1b8bf32d1e ] Request (VolumesAssistedSnapshotsTest:setUpClass): 201 POST http://10.180.1.21/identity/v3/projects 0.168s
2025-04-10 17:55:28.085 69983 INFO tempest.lib.common.rest_client [req-757e4ba1-6e39-4b51-b85a-1ef8f80154a5 req-757e4ba1-6e39-4b51-b85a-1ef8f80154a5 ] Request (HypervisorAdminV253TestBase:tearDownClass): 204 DELETE http://10.180.1.21/identity/v3/projects/841fc86a85e54e30a0a63b10fbbdaf8e 0.106s
2025-04-10 17:55:28.085 69983 INFO tempest.lib.common.dynamic_creds [-] Deleting project and security group for project: f80b7da426e54a8c9b2efd5d759a5922
2025-04-10 17:55:28.101 69933 INFO tempest.lib.common.rest_client [req-fbb510ff-a234-4d7a-aee2-8aa3f2caed9f req-fbb510ff-a234-4d7a-aee2-8aa3f2caed9f ] Request (InstanceUsageAuditLogNegativeTestJSON:tearDownClass): 201 POST http://10.180.1.21/identity/v3/auth/tokens 0.122s
2025-04-10 17:55:28.155 69963 INFO tempest.lib.common.rest_client [req-4ebddb86-08c6-42cc-bbda-400118884acb req-4ebddb86-08c6-42cc-bbda-400118884acb ] Request (AZAdminV2TestJSON:tearDownClass): 204 DELETE http://10.180.1.21/identity/v3/projects/d701a29e0a994856bbb4fc73ca0b6fb7 0.141s
2025-04-10 17:55:28.206 69951 INFO tempest.lib.common.rest_client [req-2fa1ff47-0d4a-4465-ad6b-60e71c31433e req-2fa1ff47-0d4a-4465-ad6b-60e71c31433e ] Request (VolumesAssistedSnapshotsTest:setUpClass): 201 POST http://10.180.1.21/identity/v3/users 0.154s
2025-04-10 17:55:28.237 69963 INFO tempest.lib.common.rest_client [req-6149546e-b204-439a-8b3e-79b429a70932 req-6149546e-b204-439a-8b3e-79b429a70932 ] Request (ServersAdminTestJSON:setUpClass): 201 POST http://10.180.1.21/identity/v3/auth/tokens 0.080s
2025-04-10 17:55:28.266 69967 INFO tempest.lib.common.rest_client [req-400be3a4-cded-424b-a018-905751e3409a req-400be3a4-cded-424b-a018-905751e3409a ] Request (QuotasAdminNegativeTest:test_create_server_when_cpu_quota_is_full): 403 POST http://10.180.1.21/compute/v2.1/servers 1.601s
2025-04-10 17:55:28.275 69951 INFO tempest.lib.common.rest_client [req-cfe32e2e-1cfc-4080-b309-56eb69613ac4 req-cfe32e2e-1cfc-4080-b309-56eb69613ac4 ] Request (VolumesAssistedSnapshotsTest:setUpClass): 200 GET http://10.180.1.21/identity/v3/roles 0.069s
2025-04-10 17:55:28.293 69929 INFO tempest.lib.common.rest_client [req-1dc1271b-1a8c-4904-9270-6b7fa2fd456d req-1dc1271b-1a8c-4904-9270-6b7fa2fd456d ] Request (FlavorsExtraSpecsTestJSON:test_flavor_non_admin_get_specific_key): 200 GET http://10.180.1.21/compute/v2.1/flavors/2002928861/os-extra_specs/hw:numa_nodes 1.529s
2025-04-10 17:55:28.312 69951 INFO tempest.lib.common.rest_client [req-30a324ee-d5ca-4a87-bdc7-c543f195fd76 req-30a324ee-d5ca-4a87-bdc7-c543f195fd76 ] Request (VolumesAssistedSnapshotsTest:setUpClass): 204 PUT http://10.180.1.21/identity/v3/projects/e962632347874f0b8bf1fa3829c78cc3/users/f30f8084296843c0b2757a87806afae8/roles/a62dbe4f202e4af592ca049476dfe5b0 0.036s
2025-04-10 17:55:28.312 69963 INFO tempest.lib.common.rest_client [req-8afb55b4-4b63-4d1f-afb7-d5f48d7402a2 req-8afb55b4-4b63-4d1f-afb7-d5f48d7402a2 ] Request (ServersAdminTestJSON:setUpClass): 201 POST http://10.180.1.21/identity/v3/auth/tokens 0.073s
2025-04-10 17:55:28.327 69937 INFO tempest.lib.common.rest_client [req-64a4a85d-bfb0-4d4a-975f-5f6e5ad6d569 req-64a4a85d-bfb0-4d4a-975f-5f6e5ad6d569 ] Request (FlavorsV255TestJSON:test_crud_flavor): 200 GET http://10.180.1.21/compute/v2.1/flavors/detail 1.418s
2025-04-10 17:55:28.367 69925 INFO tempest.lib.common.rest_client [req-87fefab9-5ee7-48ad-bbdf-64db82822dec req-87fefab9-5ee7-48ad-bbdf-64db82822dec ] Request (HypervisorAdminUnderV252Test:test_search_hypervisor): 200 GET http://10.180.1.21/compute/v2.1/os-hypervisors/domain-c8.fc996f14-c53b-4953-92e3-bdfa48f5cc28/search 1.435s
2025-04-10 17:55:28.381 69983 INFO tempest.lib.common.rest_client [req-7d6b4839-62c9-45a7-8da4-6a95d23707e5 req-7d6b4839-62c9-45a7-8da4-6a95d23707e5 ] Request (HypervisorAdminV253TestBase:tearDownClass): 200 GET http://10.180.1.21:9696/networking/v2.0/security-groups?tenant_id=f80b7da426e54a8c9b2efd5d759a5922&name=default 0.295s
2025-04-10 17:55:28.390 69923 INFO tempest.lib.common.rest_client [req-fdcce5b8-cca9-485a-ae96-216e3fe75f8d req-fdcce5b8-cca9-485a-ae96-216e3fe75f8d ] Request (FlavorsAdminTestJSON:test_create_flavor_verify_entry_in_list_details): 200 POST http://10.180.1.21/compute/v2.1/flavors 1.418s
2025-04-10 17:55:28.409 69975 INFO tempest.lib.common.rest_client [req-68bd8b36-0d43-497c-8165-a80f6bbb36b7 req-68bd8b36-0d43-497c-8165-a80f6bbb36b7 ] Request (ServicesAdminTestJSON:test_list_services): 200 GET http://10.180.1.21/compute/v2.1/os-services 1.363s
2025-04-10 17:55:28.421 69963 INFO tempest.lib.common.rest_client [req-7d6316e9-c088-4f59-a1f4-2eee94ad9cab req-7d6316e9-c088-4f59-a1f4-2eee94ad9cab ] Request (ServersAdminTestJSON:setUpClass): 200 GET http://10.180.1.21/identity/v3/domains?name=Default 0.109s
2025-04-10 17:55:28.427 69951 INFO tempest.lib.common.rest_client [req-be811a83-3855-4208-a26a-c4606fd85876 req-be811a83-3855-4208-a26a-c4606fd85876 ] Request (VolumesAssistedSnapshotsTest:setUpClass): 200 GET http://10.180.1.21/identity/v3/roles 0.114s
2025-04-10 17:55:28.487 69925 INFO tempest.lib.common.rest_client [req-aaa601c0-02b7-445f-9d7f-408fe43b6d98 req-aaa601c0-02b7-445f-9d7f-408fe43b6d98 ] Request (HypervisorAdminUnderV252Test:tearDownClass): 204 DELETE http://10.180.1.21/identity/v3/users/edbe588c0ee34dd2a9473ede55a2becc 0.113s
2025-04-10 17:55:28.488 69965 INFO tempest.lib.common.rest_client [req-5310ad7d-de26-4504-bef5-21b3de3e183a req-5310ad7d-de26-4504-bef5-21b3de3e183a ] Request (SecurityGroupsTestAdminJSON:test_list_security_groups_list_all_tenants_filter): 200 POST http://10.180.1.21/compute/v2.1/os-security-groups 2.140s
2025-04-10 17:55:28.596 69975 INFO tempest.lib.common.rest_client [req-211d3fab-9f42-47c8-8ea5-8722e6657ace req-211d3fab-9f42-47c8-8ea5-8722e6657ace ] Request (ServicesAdminTestJSON:tearDownClass): 204 DELETE http://10.180.1.21/identity/v3/users/38fcebf9489a4d4ebdfba7040c58917c 0.183s
2025-04-10 17:55:28.655 69953 INFO tempest.lib.common.rest_client [req-9cbd14d5-6557-4eb8-87e8-5b53259c208e req-9cbd14d5-6557-4eb8-87e8-5b53259c208e ] Request (FlavorsV2NegativeTest:test_boot_with_low_ram): 204 PUT http://10.180.1.21/image/v2/images/65896cae-6725-4f7c-8d5e-f8496d4f606e/file 1.401s
2025-04-10 17:55:28.657 69963 INFO tempest.lib.common.rest_client [req-c8d42ec9-8806-4aa4-8ff9-37a806e96d62 req-c8d42ec9-8806-4aa4-8ff9-37a806e96d62 ] Request (ServersAdminTestJSON:setUpClass): 201 POST http://10.180.1.21/identity/v3/projects 0.235s
2025-04-10 17:55:28.661 69931 INFO tempest.lib.common.rest_client [req-1a1971dd-ec22-40ca-ad4b-d99815e072e6 req-1a1971dd-ec22-40ca-ad4b-d99815e072e6 ] Request (HypervisorAdminNegativeTestJSON:test_get_hypervisor_uptime_with_non_admin_user): 200 GET http://10.180.1.21/compute/v2.1/os-hypervisors 1.612s
2025-04-10 17:55:28.662 69951 INFO tempest.lib.common.rest_client [req-c179e2ab-99c1-4f64-8fbc-5a6c6b53dce4 req-c179e2ab-99c1-4f64-8fbc-5a6c6b53dce4 ] Request (VolumesAssistedSnapshotsTest:setUpClass): 204 PUT http://10.180.1.21/identity/v3/projects/e962632347874f0b8bf1fa3829c78cc3/users/f30f8084296843c0b2757a87806afae8/roles/745320b88639481e85280d2d9709d2de 0.234s
2025-04-10 17:55:28.662 69951 INFO tempest.lib.common.dynamic_creds [-] Dynamic test user f30f8084296843c0b2757a87806afae8 is created with scope project and roles: ['admin', 'service']
2025-04-10 17:55:28.662 69951 INFO tempest.lib.common.dynamic_creds [-] Acquired dynamic creds: credentials: Credentials: {'domain_id': 'default', 'domain_name': 'Default', 'username': 'tempest-VolumesAssistedSnapshotsTest-493144563-project', 'project_domain_id': 'default', 'project_domain_name': 'Default', 'project_id': 'e962632347874f0b8bf1fa3829c78cc3', 'project_name': 'tempest-VolumesAssistedSnapshotsTest-493144563', 'tenant_id': 'e962632347874f0b8bf1fa3829c78cc3', 'tenant_name': 'tempest-VolumesAssistedSnapshotsTest-493144563', 'user_domain_id': 'default', 'user_domain_name': 'Default', 'user_id': 'f30f8084296843c0b2757a87806afae8', 'system': None}, Network: None, Subnet: None, Router: None
2025-04-10 17:55:28.695 69969 INFO tempest.lib.common.rest_client [req-ddb9ecea-7aa0-4f2a-85ad-6ded04401a47 req-ddb9ecea-7aa0-4f2a-85ad-6ded04401a47 ] Request (ListImageFiltersTestJSON:setUpClass): 200 GET http://10.180.1.21/compute/v2.1/images/d5179d90-6abb-4dcf-83d5-45fa1f53fcc4 1.426s
2025-04-10 17:55:28.727 69933 INFO tempest.lib.common.rest_client [req-70561adc-ebd0-4c5f-a0cd-e300aed69770 req-70561adc-ebd0-4c5f-a0cd-e300aed69770 ] Request (InstanceUsageAuditLogNegativeTestJSON:tearDownClass): 200 GET http://10.180.1.21:9696/networking/v2.0/security-groups?tenant_id=dc44d57e62114d0f8b04ba9ee172d5a5&name=default 0.625s
2025-04-10 17:55:28.805 69983 INFO tempest.lib.common.rest_client [req-96605749-c820-47ab-9f62-00bc4193e771 req-96605749-c820-47ab-9f62-00bc4193e771 ] Request (HypervisorAdminV253TestBase:tearDownClass): 204 DELETE http://10.180.1.21:9696/networking/v2.0/security-groups/b376c1a5-ace4-4533-a012-2825f23810eb 0.424s
2025-04-10 17:55:28.809 69975 INFO tempest.lib.common.rest_client [req-b2ce5ffb-529c-4ddd-b6fa-b740c550aae8 req-b2ce5ffb-529c-4ddd-b6fa-b740c550aae8 ] Request (ServicesAdminTestJSON:tearDownClass): 204 DELETE http://10.180.1.21/identity/v3/users/44cea3d07cd74d6987da8271e5f75b87 0.212s
2025-04-10 17:55:28.809 69975 INFO tempest.lib.common.dynamic_creds [-] Deleting project and security group for project: ed9a6ceb6a594c00a8b7c24267f438d6
2025-04-10 17:55:28.815 69925 INFO tempest.lib.common.rest_client [req-e89fe417-5d92-4fb3-bf63-c711fad565d0 req-e89fe417-5d92-4fb3-bf63-c711fad565d0 ] Request (HypervisorAdminUnderV252Test:tearDownClass): 204 DELETE http://10.180.1.21/identity/v3/users/99c258b849504c56a5db2bfb9035ba12 0.327s
2025-04-10 17:55:28.815 69925 INFO tempest.lib.common.dynamic_creds [-] Deleting project and security group for project: 8bbcbcdedb974ac9ba9ccca1694ddcf2
2025-04-10 17:55:28.863 69953 INFO tempest.lib.common.rest_client [req-f8f013d5-9571-4e2a-955f-558ea617f882 req-f8f013d5-9571-4e2a-955f-558ea617f882 ] Request (FlavorsV2NegativeTest:test_boot_with_low_ram): 201 POST http://10.180.1.21/identity/v3/auth/tokens 0.204s
2025-04-10 17:55:28.864 69953 INFO tempest.lib.common.fixed_network [-] (FlavorsV2NegativeTest:test_boot_with_low_ram) Found network None available for tenant
2025-04-10 17:55:28.908 69963 INFO tempest.lib.common.rest_client [req-869ec8f3-1372-4711-b3e2-74a7d34bb233 req-869ec8f3-1372-4711-b3e2-74a7d34bb233 ] Request (ServersAdminTestJSON:setUpClass): 201 POST http://10.180.1.21/identity/v3/users 0.251s
2025-04-10 17:55:28.985 69933 INFO tempest.lib.common.rest_client [req-f8072f1f-39e5-4c7f-9b0c-70563ceec235 req-f8072f1f-39e5-4c7f-9b0c-70563ceec235 ] Request (InstanceUsageAuditLogNegativeTestJSON:tearDownClass): 204 DELETE http://10.180.1.21:9696/networking/v2.0/security-groups/7180d142-e51e-40fb-8c87-50864dc628b7 0.256s
2025-04-10 17:55:29.002 69975 INFO tempest.lib.common.rest_client [req-c85ed335-ae85-4f87-8003-5a89cc36ad54 req-c85ed335-ae85-4f87-8003-5a89cc36ad54 ] Request (ServicesAdminTestJSON:tearDownClass): 201 POST http://10.180.1.21/identity/v3/auth/tokens 0.192s
2025-04-10 17:55:29.019 69983 INFO tempest.lib.common.rest_client [req-f37ccda4-1dae-4bde-9d23-5bb24b09f679 req-f37ccda4-1dae-4bde-9d23-5bb24b09f679 ] Request (HypervisorAdminV253TestBase:tearDownClass): 204 DELETE http://10.180.1.21/identity/v3/projects/f80b7da426e54a8c9b2efd5d759a5922 0.214s
2025-04-10 17:55:29.030 69985 INFO tempest.lib.common.rest_client [req-5c1d497b-e5c1-456b-9a68-4dc9dd4c088d req-5c1d497b-e5c1-456b-9a68-4dc9dd4c088d ] Request (ServerGroupTestJSON:setUpClass): 201 POST http://10.180.1.21:9696/networking/v2.0/routers 1.910s
2025-04-10 17:55:29.052 69949 INFO tempest.lib.common.rest_client [req-e77efe5b-11d3-4554-95c8-f9e152ab3b3f req-e77efe5b-11d3-4554-95c8-f9e152ab3b3f ] Request (QuotasAdminTestV236:test_get_updated_quotas): 200 PUT http://10.180.1.21/compute/v2.1/os-quota-sets/ab09baa016ba4cddb33e06109f5a4931?user_id=01e10b0214e440b08a6d9031390c905c 1.951s
2025-04-10 17:55:29.080 69925 INFO tempest.lib.common.rest_client [req-cc302354-d197-4bc5-a7a6-4486416949c5 req-cc302354-d197-4bc5-a7a6-4486416949c5 ] Request (HypervisorAdminUnderV252Test:tearDownClass): 201 POST http://10.180.1.21/identity/v3/auth/tokens 0.265s
2025-04-10 17:55:29.107 69959 INFO tempest.lib.common.rest_client [req-dd5f72e6-43da-4992-8a27-c436269c6fd4 req-dd5f72e6-43da-4992-8a27-c436269c6fd4 ] Request (AggregatesAdminNegativeTestJSON:test_aggregate_add_existent_host): 409 POST http://10.180.1.21/compute/v2.1/os-aggregates/1/action 1.718s
2025-04-10 17:55:29.113 69963 INFO tempest.lib.common.rest_client [req-ce7532ce-9f15-4041-8e4d-0f263987528e req-ce7532ce-9f15-4041-8e4d-0f263987528e ] Request (ServersAdminTestJSON:setUpClass): 200 GET http://10.180.1.21/identity/v3/roles 0.204s
2025-04-10 17:55:29.158 69941 INFO tempest.lib.common.rest_client [req-6ee207c9-6bdb-40e8-aaa3-4fdb22d3f750 req-6ee207c9-6bdb-40e8-aaa3-4fdb22d3f750 ] Request (FlavorsAccessTestJSON:test_flavor_access_add_remove): 200 POST http://10.180.1.21/compute/v2.1/flavors/1418131638/action 1.802s
2025-04-10 17:55:29.176 69933 INFO tempest.lib.common.rest_client [req-290e4b47-3097-4e30-8b77-cc6cfd7d0d98 req-290e4b47-3097-4e30-8b77-cc6cfd7d0d98 ] Request (InstanceUsageAuditLogNegativeTestJSON:tearDownClass): 204 DELETE http://10.180.1.21/identity/v3/projects/dc44d57e62114d0f8b04ba9ee172d5a5 0.190s
2025-04-10 17:55:29.176 69933 INFO tempest.lib.common.dynamic_creds [-] Deleting project and security group for project: 29693292f0bc413bb0053839a2476796
2025-04-10 17:55:29.207 69951 INFO tempest.lib.common.rest_client [req-4a71f31c-436e-421f-8e39-b55ea76d564f req-4a71f31c-436e-421f-8e39-b55ea76d564f ] Request (VolumesAssistedSnapshotsTest:setUpClass): 201 POST http://10.180.1.21:9696/networking/v2.0/networks 0.545s
2025-04-10 17:55:29.228 69983 INFO tempest.lib.common.rest_client [req-4d23f8ae-846a-4218-8f0c-3872c0e4c15c req-4d23f8ae-846a-4218-8f0c-3872c0e4c15c ] Request (QuotasSecurityGroupAdminNegativeTest:setUpClass): 201 POST http://10.180.1.21/identity/v3/auth/tokens 0.205s
2025-04-10 17:55:29.248 69961 INFO tempest.lib.common.rest_client [req-b8d1e034-3857-4bf0-bef2-07378206076b req-b8d1e034-3857-4bf0-bef2-07378206076b ] Request (NetworksTest:test_list_all_networks): 200 GET http://10.180.1.21/compute/v2.1/os-networks 1.772s
2025-04-10 17:55:29.274 69983 INFO tempest.lib.common.rest_client [req-4f519a26-126d-4d60-b0a3-11f8a748f900 req-4f519a26-126d-4d60-b0a3-11f8a748f900 ] Request (QuotasSecurityGroupAdminNegativeTest:setUpClass): 201 POST http://10.180.1.21/identity/v3/auth/tokens 0.043s
2025-04-10 17:55:29.285 69963 INFO tempest.lib.common.rest_client [req-4e128c41-6e70-4bb7-8c9b-adfb71b798cd req-4e128c41-6e70-4bb7-8c9b-adfb71b798cd ] Request (ServersAdminTestJSON:setUpClass): 204 PUT http://10.180.1.21/identity/v3/projects/142a85c57f0141cf836159bafdf49cce/users/bacfd84ff30c461b89ac12c3cf7cc430/roles/2fac047ff9714de1b549e8569292f2cd 0.171s
2025-04-10 17:55:29.286 69963 INFO tempest.lib.common.dynamic_creds [-] Dynamic test user bacfd84ff30c461b89ac12c3cf7cc430 is created with scope project and roles: ['member']
2025-04-10 17:55:29.286 69963 INFO tempest.lib.common.dynamic_creds [-] Acquired dynamic creds: credentials: Credentials: {'domain_id': 'default', 'domain_name': 'Default', 'username': 'tempest-ServersAdminTestJSON-989319718-project-member', 'project_domain_id': 'default', 'project_domain_name': 'Default', 'project_id': '142a85c57f0141cf836159bafdf49cce', 'project_name': 'tempest-ServersAdminTestJSON-989319718', 'tenant_id': '142a85c57f0141cf836159bafdf49cce', 'tenant_name': 'tempest-ServersAdminTestJSON-989319718', 'user_domain_id': 'default', 'user_domain_name': 'Default', 'user_id': 'bacfd84ff30c461b89ac12c3cf7cc430', 'system': None}, Network: None, Subnet: None, Router: None
2025-04-10 17:55:29.286 69981 INFO tempest.lib.common.rest_client [req-2747a0e3-b81c-4c3a-8613-03f8fe4d6dcf req-2747a0e3-b81c-4c3a-8613-03f8fe4d6dcf ] Request (FlavorsExtraSpecsNegativeTestJSON:test_flavor_non_admin_unset_keys): 200 POST http://10.180.1.21/compute/v2.1/flavors/804569958/os-extra_specs 1.727s
2025-04-10 17:55:29.297 69947 INFO tempest.lib.common.rest_client [req-49370d33-8018-4cbb-a6a3-12777568d870 req-49370d33-8018-4cbb-a6a3-12777568d870 ] Request (HostsAdminNegativeTestJSON:test_reboot_nonexistent_host): 404 GET http://10.180.1.21/compute/v2.1/os-hosts/nonexistent_hostname/reboot 1.729s
2025-04-10 17:55:29.321 69971 INFO tempest.lib.common.rest_client [req-ce756824-599d-4f82-ad03-e0c61e1962ce req-ce756824-599d-4f82-ad03-e0c61e1962ce ] Request (FlavorMetadataValidation:_run_cleanups): 200 GET http://10.180.1.21/compute/v2.1/flavors/detail 1.724s
2025-04-10 17:55:29.386 69961 INFO tempest.lib.common.rest_client [req-68e31b17-1872-4138-aa54-ff6dfd5509b4 req-68e31b17-1872-4138-aa54-ff6dfd5509b4 ] Request (NetworksTest:tearDownClass): 204 DELETE http://10.180.1.21/identity/v3/users/3127c87c4bba459f964687d101805da9 0.135s
2025-04-10 17:55:29.406 69955 INFO tempest.lib.common.rest_client [req-bbdb5221-53d8-4f36-ae81-b993ce4b7d02 req-bbdb5221-53d8-4f36-ae81-b993ce4b7d02 ] Request (DeleteServersAdminTestJSON:test_admin_delete_servers_of_others): 200 GET http://10.180.1.21/compute/v2.1/servers/e1532c44-8375-47c5-a45a-9ce2e4db31bc 1.656s
2025-04-10 17:55:29.411 69975 INFO tempest.lib.common.rest_client [req-ab2b0076-8c9f-4ead-aba8-189c35f43ded req-ab2b0076-8c9f-4ead-aba8-189c35f43ded ] Request (ServicesAdminTestJSON:tearDownClass): 200 GET http://10.180.1.21:9696/networking/v2.0/security-groups?tenant_id=ed9a6ceb6a594c00a8b7c24267f438d6&name=default 0.409s
2025-04-10 17:55:29.438 69927 INFO tempest.lib.common.rest_client [req-ef848656-650b-457f-a81a-97182bb25062 req-ef848656-650b-457f-a81a-97182bb25062 ] Request (FlavorsAccessNegativeTestJSON:_run_cleanups): 200 POST http://10.180.1.21/compute/v2.1/flavors/704204259/action 1.892s
2025-04-10 17:55:29.450 69983 INFO tempest.lib.common.rest_client [req-d559ac27-06f6-403c-8067-e525bd57c4f1 req-d559ac27-06f6-403c-8067-e525bd57c4f1 ] Request (QuotasSecurityGroupAdminNegativeTest:setUpClass): 200 GET http://10.180.1.21/identity/v3/domains?name=Default 0.176s
2025-04-10 17:55:29.452 69963 INFO tempest.lib.common.rest_client [req-9fbc7cfc-4690-4626-ab85-9815fe034947 req-9fbc7cfc-4690-4626-ab85-9815fe034947 ] Request (ServersAdminTestJSON:setUpClass): 201 POST http://10.180.1.21/identity/v3/auth/tokens 0.166s
2025-04-10 17:55:29.517 69961 INFO tempest.lib.common.rest_client [req-0f6c653f-1b0d-4298-99c2-830bdf08343c req-0f6c653f-1b0d-4298-99c2-830bdf08343c ] Request (NetworksTest:tearDownClass): 204 DELETE http://10.180.1.21/identity/v3/users/f4120120fe4c4250b7859facabb1a725 0.130s
2025-04-10 17:55:29.517 69961 INFO tempest.lib.common.dynamic_creds [-] Deleting project and security group for project: 08314a4684284ee2b1b73a6aa7f4ca6b
2025-04-10 17:55:29.517 69971 INFO tempest.lib.common.rest_client [req-c7a374c6-563f-4387-a502-c409c9015633 req-c7a374c6-563f-4387-a502-c409c9015633 ] Request (FlavorMetadataValidation:tearDownClass): 204 DELETE http://10.180.1.21/identity/v3/users/5dbbfd862778401983a90573d6594703 0.180s
2025-04-10 17:55:29.533 69933 INFO tempest.lib.common.rest_client [req-dfed0300-00cb-4499-977b-a705028a355e req-dfed0300-00cb-4499-977b-a705028a355e ] Request (InstanceUsageAuditLogNegativeTestJSON:tearDownClass): 200 GET http://10.180.1.21:9696/networking/v2.0/security-groups?tenant_id=29693292f0bc413bb0053839a2476796&name=default 0.357s
2025-04-10 17:55:29.665 69983 INFO tempest.lib.common.rest_client [req-6cf7ae7b-ad3f-4f12-9920-a7a96befe40a req-6cf7ae7b-ad3f-4f12-9920-a7a96befe40a ] Request (QuotasSecurityGroupAdminNegativeTest:setUpClass): 201 POST http://10.180.1.21/identity/v3/projects 0.214s
2025-04-10 17:55:29.713 69925 INFO tempest.lib.common.rest_client [req-1c3922f7-98ec-412e-bb6f-bd0c9c963f4a req-1c3922f7-98ec-412e-bb6f-bd0c9c963f4a ] Request (HypervisorAdminUnderV252Test:tearDownClass): 200 GET http://10.180.1.21:9696/networking/v2.0/security-groups?tenant_id=8bbcbcdedb974ac9ba9ccca1694ddcf2&name=default 0.632s
2025-04-10 17:55:29.731 69979 INFO tempest.lib.common.rest_client [req-029e8aad-527d-425e-bc64-657eb5f373d2 req-029e8aad-527d-425e-bc64-657eb5f373d2 ] Request (ServersWithSpecificFlavorTestJSON:test_verify_created_server_ephemeral_disk): 200 GET http://10.180.1.21/compute/v2.1/flavors/42 1.924s
2025-04-10 17:55:29.771 69975 INFO tempest.lib.common.rest_client [req-66aeaa23-b67e-4200-bb80-42f490b7a6b8 req-66aeaa23-b67e-4200-bb80-42f490b7a6b8 ] Request (ServicesAdminTestJSON:tearDownClass): 204 DELETE http://10.180.1.21:9696/networking/v2.0/security-groups/acd11f1d-5be1-4ecb-bda9-8878513a0057 0.359s
2025-04-10 17:55:29.778 69961 INFO tempest.lib.common.rest_client [req-6956fa09-de1b-4e4b-96be-22d0a73d8a68 req-6956fa09-de1b-4e4b-96be-22d0a73d8a68 ] Request (NetworksTest:tearDownClass): 201 POST http://10.180.1.21/identity/v3/auth/tokens 0.261s
2025-04-10 17:55:29.805 69983 INFO tempest.lib.common.rest_client [req-893b1477-27cd-4078-a4b4-6658a1a19cf2 req-893b1477-27cd-4078-a4b4-6658a1a19cf2 ] Request (QuotasSecurityGroupAdminNegativeTest:setUpClass): 201 POST http://10.180.1.21/identity/v3/users 0.139s
2025-04-10 17:55:29.838 69925 INFO tempest.lib.common.rest_client [req-f6039667-f7db-4a99-81f9-1a33b5f61705 req-f6039667-f7db-4a99-81f9-1a33b5f61705 ] Request (HypervisorAdminUnderV252Test:tearDownClass): 204 DELETE http://10.180.1.21:9696/networking/v2.0/security-groups/1083e7a1-6fcb-43ad-b063-f9fd6f151e98 0.124s
2025-04-10 17:55:29.848 69973 INFO tempest.lib.common.rest_client [req-56e3a64e-64e5-4f50-a949-f1c01e53f235 req-56e3a64e-64e5-4f50-a949-f1c01e53f235 ] Request (ServerDiskConfigTestJSON:test_rebuild_server_with_auto_disk_config): 200 GET http://10.180.1.21/compute/v2.1/servers/2158184f-4388-4f1f-a599-e9a0745506b1 1.972s
2025-04-10 17:55:29.852 69971 INFO tempest.lib.common.rest_client [req-878a377f-4091-4ce1-8b37-960ac27b2efa req-878a377f-4091-4ce1-8b37-960ac27b2efa ] Request (FlavorMetadataValidation:tearDownClass): 204 DELETE http://10.180.1.21/identity/v3/users/a81747488a824f70b336445f04b59677 0.334s
2025-04-10 17:55:29.852 69971 INFO tempest.lib.common.dynamic_creds [-] Deleting project and security group for project: fe5d420f5f254ffba2045cabd80187da
2025-04-10 17:55:29.878 69975 INFO tempest.lib.common.rest_client [req-a0ea4433-3fc6-492b-9bbf-b26304287a04 req-a0ea4433-3fc6-492b-9bbf-b26304287a04 ] Request (ServicesAdminTestJSON:tearDownClass): 204 DELETE http://10.180.1.21/identity/v3/projects/ed9a6ceb6a594c00a8b7c24267f438d6 0.107s
2025-04-10 17:55:29.879 69975 INFO tempest.lib.common.dynamic_creds [-] Deleting project and security group for project: bf171d84718c4c8792010e13d0a9db72
2025-04-10 17:55:29.881 69935 INFO tempest.lib.common.rest_client [req-78a508ea-12f9-401a-9533-b8c5cc9ab6e8 req-78a508ea-12f9-401a-9533-b8c5cc9ab6e8 ] Request (TenantUsagesTestJSON:setUpClass): 200 GET http://10.180.1.21/compute/v2.1/servers/0e07e52b-473c-4319-bdd3-9c932716648c 2.041s
2025-04-10 17:55:29.894 69935 INFO tempest.common.waiters [-] State transition "BUILD/networking" ==> "BUILD/spawning" after 5 second wait
2025-04-10 17:55:29.928 69951 INFO tempest.lib.common.rest_client [req-891c3530-666d-46e5-9119-bcc44c4e6893 req-891c3530-666d-46e5-9119-bcc44c4e6893 ] Request (VolumesAssistedSnapshotsTest:setUpClass): 201 POST http://10.180.1.21:9696/networking/v2.0/subnets 0.719s
2025-04-10 17:55:29.936 69933 INFO tempest.lib.common.rest_client [req-8f24d660-7293-41fc-b6e7-44624958c0b5 req-8f24d660-7293-41fc-b6e7-44624958c0b5 ] Request (InstanceUsageAuditLogNegativeTestJSON:tearDownClass): 204 DELETE http://10.180.1.21:9696/networking/v2.0/security-groups/29cd3684-15cf-44a7-9aae-fcbca4101a49 0.402s
2025-04-10 17:55:29.944 69957 INFO tempest.lib.common.rest_client [req-ef976690-9d1d-4cb9-a1bf-f80fbcc8786c req-ef976690-9d1d-4cb9-a1bf-f80fbcc8786c ] Request (ImagesOneServerNegativeTestJSON:setUpClass): 200 GET http://10.180.1.21/compute/v2.1/servers/125f9d45-bd7d-48a6-b7af-33325fe6b83a 1.910s
2025-04-10 17:55:29.951 69957 INFO tempest.common.waiters [-] State transition "BUILD/scheduling" ==> "BUILD/None" after 2 second wait
2025-04-10 17:55:29.969 69929 INFO tempest.lib.common.rest_client [req-18bc85c6-19ac-4928-b20b-dff43133081b req-18bc85c6-19ac-4928-b20b-dff43133081b ] Request (FlavorsExtraSpecsTestJSON:test_flavor_set_get_update_show_unset_keys): 200 POST http://10.180.1.21/compute/v2.1/flavors/2002928861/os-extra_specs 1.675s
2025-04-10 17:55:29.973 69983 INFO tempest.lib.common.rest_client [req-ccae879a-baea-4dc8-8e99-eed95200e705 req-ccae879a-baea-4dc8-8e99-eed95200e705 ] Request (QuotasSecurityGroupAdminNegativeTest:setUpClass): 200 GET http://10.180.1.21/identity/v3/roles 0.168s
2025-04-10 17:55:29.995 69937 INFO tempest.lib.common.rest_client [req-f19a1f39-bbe7-4bc6-a536-b4be4149d9eb req-f19a1f39-bbe7-4bc6-a536-b4be4149d9eb ] Request (FlavorsV255TestJSON:test_crud_flavor): 200 GET http://10.180.1.21/compute/v2.1/flavors 1.659s
2025-04-10 17:55:29.998 69971 INFO tempest.lib.common.rest_client [req-185f2165-28ac-4c81-80a8-5429e96df565 req-185f2165-28ac-4c81-80a8-5429e96df565 ] Request (FlavorMetadataValidation:tearDownClass): 201 POST http://10.180.1.21/identity/v3/auth/tokens 0.145s
2025-04-10 17:55:30.022 69923 INFO tempest.lib.common.rest_client [req-87b368ec-1283-4af2-83eb-dd41281476f3 req-87b368ec-1283-4af2-83eb-dd41281476f3 ] Request (FlavorsAdminTestJSON:test_create_flavor_verify_entry_in_list_details): 200 GET http://10.180.1.21/compute/v2.1/flavors/detail 1.629s
2025-04-10 17:55:30.031 69925 INFO tempest.lib.common.rest_client [req-d016eca3-9dbf-4f17-9ca6-a4a3c214d572 req-d016eca3-9dbf-4f17-9ca6-a4a3c214d572 ] Request (HypervisorAdminUnderV252Test:tearDownClass): 204 DELETE http://10.180.1.21/identity/v3/projects/8bbcbcdedb974ac9ba9ccca1694ddcf2 0.192s
2025-04-10 17:55:30.031 69925 INFO tempest.lib.common.dynamic_creds [-] Deleting project and security group for project: 58fc1d49e59241f3b27d655c449874bd
2025-04-10 17:55:30.084 69933 INFO tempest.lib.common.rest_client [req-a648a8b2-3064-40a5-9c08-060524f314aa req-a648a8b2-3064-40a5-9c08-060524f314aa ] Request (InstanceUsageAuditLogNegativeTestJSON:tearDownClass): 204 DELETE http://10.180.1.21/identity/v3/projects/29693292f0bc413bb0053839a2476796 0.148s
2025-04-10 17:55:30.130 69983 INFO tempest.lib.common.rest_client [req-1c203276-701e-4842-a507-646b8c809dc7 req-1c203276-701e-4842-a507-646b8c809dc7 ] Request (QuotasSecurityGroupAdminNegativeTest:setUpClass): 204 PUT http://10.180.1.21/identity/v3/projects/c2868065de8347d48e3a3faba8210d92/users/8466bcc7004c47b28617837c94ac149e/roles/2fac047ff9714de1b549e8569292f2cd 0.155s
2025-04-10 17:55:30.131 69983 INFO tempest.lib.common.dynamic_creds [-] Dynamic test user 8466bcc7004c47b28617837c94ac149e is created with scope project and roles: ['member']
2025-04-10 17:55:30.131 69983 INFO tempest.lib.common.dynamic_creds [-] Acquired dynamic creds: credentials: Credentials: {'domain_id': 'default', 'domain_name': 'Default', 'username': 'tempest-QuotasSecurityGroupAdminNegativeTest-284153161-project-member', 'project_domain_id': 'default', 'project_domain_name': 'Default', 'project_id': 'c2868065de8347d48e3a3faba8210d92', 'project_name': 'tempest-QuotasSecurityGroupAdminNegativeTest-284153161', 'tenant_id': 'c2868065de8347d48e3a3faba8210d92', 'tenant_name': 'tempest-QuotasSecurityGroupAdminNegativeTest-284153161', 'user_domain_id': 'default', 'user_domain_name': 'Default', 'user_id': '8466bcc7004c47b28617837c94ac149e', 'system': None}, Network: None, Subnet: None, Router: None
2025-04-10 17:55:30.131 69983 INFO tempest.lib.common.dynamic_creds [-] Created isolated network resources for: credentials: Credentials: {'domain_id': 'default', 'domain_name': 'Default', 'username': 'tempest-QuotasSecurityGroupAdminNegativeTest-284153161-project-member', 'project_domain_id': 'default', 'project_domain_name': 'Default', 'project_id': 'c2868065de8347d48e3a3faba8210d92', 'project_name': 'tempest-QuotasSecurityGroupAdminNegativeTest-284153161', 'tenant_id': 'c2868065de8347d48e3a3faba8210d92', 'tenant_name': 'tempest-QuotasSecurityGroupAdminNegativeTest-284153161', 'user_domain_id': 'default', 'user_domain_name': 'Default', 'user_id': '8466bcc7004c47b28617837c94ac149e', 'system': None}, Network: None, Subnet: None, Router: None
2025-04-10 17:55:30.214 69975 INFO tempest.lib.common.rest_client [req-9c697c44-b489-4d5b-9ee5-981d2cae4600 req-9c697c44-b489-4d5b-9ee5-981d2cae4600 ] Request (ServicesAdminTestJSON:tearDownClass): 200 GET http://10.180.1.21:9696/networking/v2.0/security-groups?tenant_id=bf171d84718c4c8792010e13d0a9db72&name=default 0.335s
2025-04-10 17:55:30.217 69933 INFO tempest.lib.common.rest_client [req-a2fa6ae2-acc9-47a1-a25f-c2964d0ecd99 req-a2fa6ae2-acc9-47a1-a25f-c2964d0ecd99 ] Request (ServicesAdminNegativeTestJSON:setUpClass): 201 POST http://10.180.1.21/identity/v3/auth/tokens 0.132s
2025-04-10 17:55:30.238 69967 INFO tempest.lib.common.rest_client [req-0ac09741-d144-4df8-8e55-53f7e299d92a req-0ac09741-d144-4df8-8e55-53f7e299d92a ] Request (QuotasAdminNegativeTest:_run_cleanups): 200 PUT http://10.180.1.21/compute/v2.1/os-quota-sets/3678aedb479748a99e52d011d6f41255 1.971s
2025-04-10 17:55:30.248 69933 INFO tempest.lib.common.rest_client [req-e060578e-a22a-433e-9b8f-563585dd3457 req-e060578e-a22a-433e-9b8f-563585dd3457 ] Request (ServicesAdminNegativeTestJSON:setUpClass): 201 POST http://10.180.1.21/identity/v3/auth/tokens 0.028s
2025-04-10 17:55:30.275 69983 INFO tempest.lib.common.rest_client [req-49411c9a-5c7c-4a33-b619-2320df3854a0 req-49411c9a-5c7c-4a33-b619-2320df3854a0 ] Request (QuotasSecurityGroupAdminNegativeTest:setUpClass): 201 POST http://10.180.1.21/identity/v3/auth/tokens 0.138s
2025-04-10 17:55:30.280 69933 INFO tempest.lib.common.rest_client [req-5cdd6701-f2af-4116-8e5a-c5da0cae1e75 req-5cdd6701-f2af-4116-8e5a-c5da0cae1e75 ] Request (ServicesAdminNegativeTestJSON:setUpClass): 200 GET http://10.180.1.21/identity/v3/domains?name=Default 0.031s
2025-04-10 17:55:30.303 69945 INFO tempest.lib.common.rest_client [req-9de1c730-255d-40e2-9a68-b52e0559d288 req-9de1c730-255d-40e2-9a68-b52e0559d288 ] Request (ServersTestMultiNic:setUpClass): 200 PUT http://10.180.1.21:9696/networking/v2.0/routers/1fa9a3e6-b785-479c-8bd2-5de68331a6aa/add_router_interface 2.682s
