2025-04-10 17:55:22.577 69957 INFO tempest.lib.common.rest_client [req-660998f5-69a7-4770-8779-5ca0a730e3d0 req-660998f5-69a7-4770-8779-5ca0a730e3d0 ] Request (ImagesOneServerNegativeTestJSON:setUpClass): 201 POST http://10.180.1.21/identity/v3/auth/tokens 0.612s
2025-04-10 17:55:22.593 69973 INFO tempest.lib.common.rest_client [req-13d8d030-3fbd-42a8-8502-26812792a5d9 req-13d8d030-3fbd-42a8-8502-26812792a5d9 ] Request (ServerDiskConfigTestJSON:test_rebuild_server_with_auto_disk_config): 201 POST http://10.180.1.21/identity/v3/auth/tokens 0.492s
2025-04-10 17:55:22.593 69973 INFO tempest.lib.common.fixed_network [-] (ServerDiskConfigTestJSON:test_rebuild_server_with_auto_disk_config) Found network {'id': '96484e05-18de-4c4e-9192-ee9c859f2148', 'name': 'tempest-ServerDiskConfigTestJSON-1188467258-network', 'tenant_id': '6534c7fc6d6c4b8ca2c4b90df2439894', 'admin_state_up': True, 'mtu': 8950, 'status': 'ACTIVE', 'subnets': [], 'shared': False, 'project_id': '6534c7fc6d6c4b8ca2c4b90df2439894', 'port_security_enabled': True, 'router:external': False, 'provider:network_type': 'vlan', 'provider:physical_network': 'default', 'provider:segmentation_id': 762, 'availability_zone_hints': [], 'availability_zones': [], 'ipv4_address_scope': None, 'ipv6_address_scope': None, 'description': '', 'tags': [], 'created_at': '2025-04-10T17:55:17Z', 'updated_at': '2025-04-10T17:55:17Z', 'revision_number': 1} available for tenant
2025-04-10 17:55:22.641 69961 INFO tempest.lib.common.rest_client [req-47679454-6df4-40a0-9519-66b76d44f117 req-47679454-6df4-40a0-9519-66b76d44f117 ] Request (NetworksTest:setUpClass): 201 POST http://10.180.1.21/identity/v3/projects 0.528s
2025-04-10 17:55:22.654 69943 INFO tempest.lib.common.rest_client [req-1d14ea39-277a-49df-aaac-6200cbe9a401 req-1d14ea39-277a-49df-aaac-6200cbe9a401 ] Request (SecurityGroupsTestJSON:test_list_security_groups_by_server): 202 POST http://10.180.1.21/compute/v2.1/servers 2.704s
2025-04-10 17:55:22.687 69945 INFO tempest.lib.common.rest_client [req-58bca4b9-d484-4b60-9227-2534269e8ac5 req-58bca4b9-d484-4b60-9227-2534269e8ac5 ] Request (AZAdminNegativeTestJSON:test_get_availability_zone_list_detail_with_non_admin_user): 403 GET http://10.180.1.21/compute/v2.1/os-availability-zone/detail 2.082s
2025-04-10 17:55:22.687 69929 INFO tempest.lib.common.rest_client [req-780f6a3d-4103-4aea-b776-f1d64d0a383e req-780f6a3d-4103-4aea-b776-f1d64d0a383e ] Request (FlavorsExtraSpecsTestJSON:test_flavor_non_admin_get_all_keys): 200 POST http://10.180.1.21/compute/v2.1/flavors/2002928861/os-extra_specs 1.909s
2025-04-10 17:55:22.700 69985 INFO tempest.lib.common.rest_client [req-4d2242ef-cb45-4950-9af1-1994273083a3 req-4d2242ef-cb45-4950-9af1-1994273083a3 ] Request (KeyPairsV22TestJSON:test_keypairsv22_create_list_show_with_type): 200 GET http://10.180.1.21/compute/v2.1/os-keypairs 1.909s
2025-04-10 17:55:22.732 69951 INFO tempest.lib.common.rest_client [req-04c0c4c0-1dd3-482f-96a5-907e58312cb2 req-04c0c4c0-1dd3-482f-96a5-907e58312cb2 ] Request (VolumesAssistedSnapshotsTest:setUpClass): 201 POST http://10.180.1.21/identity/v3/projects 0.477s
2025-04-10 17:55:22.786 69969 INFO tempest.lib.common.rest_client [req-60ce0677-1b8c-46f8-8406-525dc9a7d80d req-60ce0677-1b8c-46f8-8406-525dc9a7d80d ] Request (ListImageFiltersTestJSON:setUpClass): 201 POST http://10.180.1.21/identity/v3/auth/tokens 0.439s
2025-04-10 17:55:22.803 69953 INFO tempest.lib.common.rest_client [req-1615d361-75c3-461b-9296-776b8bd74e90 req-1615d361-75c3-461b-9296-776b8bd74e90 ] Request (HypervisorAdminNegativeUnderV252Test:tearDownClass): 201 POST http://10.180.1.21/identity/v3/auth/tokens 0.366s
2025-04-10 17:55:22.814 69979 INFO tempest.lib.common.rest_client [req-e814cf65-f27a-48f2-bdad-04a4cea40ac2 req-e814cf65-f27a-48f2-bdad-04a4cea40ac2 ] Request (ServersWithSpecificFlavorTestJSON:setUpClass): 201 POST http://10.180.1.21/identity/v3/users 0.343s
2025-04-10 17:55:22.841 69961 INFO tempest.lib.common.rest_client [req-dbfb9b0b-682f-4cec-918f-7660ca590dc2 req-dbfb9b0b-682f-4cec-918f-7660ca590dc2 ] Request (NetworksTest:setUpClass): 201 POST http://10.180.1.21/identity/v3/users 0.199s
2025-04-10 17:55:22.861 69957 INFO tempest.lib.common.rest_client [req-af63e9f0-544d-4532-ab18-21848a59632f req-af63e9f0-544d-4532-ab18-21848a59632f ] Request (ImagesOneServerNegativeTestJSON:setUpClass): 201 POST http://10.180.1.21/identity/v3/auth/tokens 0.277s
2025-04-10 17:55:22.862 69957 INFO tempest.lib.common.fixed_network [-] (ImagesOneServerNegativeTestJSON:setUpClass) Found network {'id': 'a1cc10ec-b5e0-4efc-813b-787828cc035c', 'name': 'tempest-ImagesOneServerNegativeTestJSON-1922635115-network', 'tenant_id': 'bd5536481397483fad0dbfec74084f6b', 'admin_state_up': True, 'mtu': 8950, 'status': 'ACTIVE', 'subnets': [], 'shared': False, 'project_id': 'bd5536481397483fad0dbfec74084f6b', 'port_security_enabled': True, 'router:external': False, 'provider:network_type': 'vlan', 'provider:physical_network': 'default', 'provider:segmentation_id': 274, 'availability_zone_hints': [], 'availability_zones': [], 'ipv4_address_scope': None, 'ipv6_address_scope': None, 'description': '', 'tags': [], 'created_at': '2025-04-10T17:55:18Z', 'updated_at': '2025-04-10T17:55:18Z', 'revision_number': 1} available for tenant
2025-04-10 17:55:22.954 69959 INFO tempest.lib.common.rest_client [req-5a34210a-0b94-48ff-8f2b-ba83b110a257 req-5a34210a-0b94-48ff-8f2b-ba83b110a257 ] Request (AggregatesAdminNegativeTestJSON:setUpClass): 200 GET http://10.180.1.21/compute/v2.1/os-services?binary=nova-compute 2.122s
2025-04-10 17:55:22.973 69951 INFO tempest.lib.common.rest_client [req-5f569a2c-76c7-4506-b681-0cbf690947fc req-5f569a2c-76c7-4506-b681-0cbf690947fc ] Request (VolumesAssistedSnapshotsTest:setUpClass): 201 POST http://10.180.1.21/identity/v3/users 0.241s
2025-04-10 17:55:22.996 69945 INFO tempest.lib.common.rest_client [req-8d816d15-2e1e-40ad-8920-7d94f84df3e8 req-8d816d15-2e1e-40ad-8920-7d94f84df3e8 ] Request (AZAdminNegativeTestJSON:tearDownClass): 204 DELETE http://10.180.1.21/identity/v3/users/e5f8e1f382d6441d8810ace18d277a0b 0.297s
2025-04-10 17:55:22.996 69983 INFO tempest.lib.common.rest_client [req-e076ba1d-29e2-422f-bc44-a34122fbdbe2 req-e076ba1d-29e2-422f-bc44-a34122fbdbe2 ] Request (HypervisorAdminV253TestBase:test_list_show_detail_hypervisors): 200 GET http://10.180.1.21/compute/v2.1/os-hypervisors/detail?with_servers=True 2.012s
2025-04-10 17:55:23.032 69969 INFO tempest.lib.common.rest_client [req-73abd343-3320-474a-bd1d-e4fa3864da42 req-73abd343-3320-474a-bd1d-e4fa3864da42 ] Request (ListImageFiltersTestJSON:setUpClass): 201 POST http://10.180.1.21/identity/v3/auth/tokens 0.243s
2025-04-10 17:55:23.077 69979 INFO tempest.lib.common.rest_client [req-2ccf801d-3807-490a-8639-a9428da3cc99 req-2ccf801d-3807-490a-8639-a9428da3cc99 ] Request (ServersWithSpecificFlavorTestJSON:setUpClass): 200 GET http://10.180.1.21/identity/v3/roles 0.262s
2025-04-10 17:55:23.090 69961 INFO tempest.lib.common.rest_client [req-37f23571-b24d-4ac2-af42-a54501dab82f req-37f23571-b24d-4ac2-af42-a54501dab82f ] Request (NetworksTest:setUpClass): 200 GET http://10.180.1.21/identity/v3/roles 0.249s
2025-04-10 17:55:23.161 69951 INFO tempest.lib.common.rest_client [req-efc23c34-f602-4a74-8ac7-2f8416725a5d req-efc23c34-f602-4a74-8ac7-2f8416725a5d ] Request (VolumesAssistedSnapshotsTest:setUpClass): 200 GET http://10.180.1.21/identity/v3/roles 0.187s
2025-04-10 17:55:23.172 69953 INFO tempest.lib.common.rest_client [req-435550ce-552b-47f7-9de7-066ef68b6662 req-435550ce-552b-47f7-9de7-066ef68b6662 ] Request (HypervisorAdminNegativeUnderV252Test:tearDownClass): 200 GET http://10.180.1.21:9696/networking/v2.0/security-groups?tenant_id=ad79bd076ec6438480936e6671fff473&name=default 0.368s
2025-04-10 17:55:23.201 69937 INFO tempest.lib.common.rest_client [req-c602c77e-0c0c-452f-870f-ac48d34a53dd req-c602c77e-0c0c-452f-870f-ac48d34a53dd ] Request (FlavorsV255TestJSON:test_crud_flavor): 200 POST http://10.180.1.21/compute/v2.1/flavors 2.102s
2025-04-10 17:55:23.218 69945 INFO tempest.lib.common.rest_client [req-4c20d0f1-7a30-4bab-a030-7cf91d446bd8 req-4c20d0f1-7a30-4bab-a030-7cf91d446bd8 ] Request (AZAdminNegativeTestJSON:tearDownClass): 204 DELETE http://10.180.1.21/identity/v3/users/a5d1f7ab18b7432195cdcb63ea991b64 0.222s
2025-04-10 17:55:23.218 69945 INFO tempest.lib.common.dynamic_creds [-] Deleting project and security group for project: 807d89257ec144bc98d6f5e10f7b6321
2025-04-10 17:55:23.259 69953 INFO tempest.lib.common.rest_client [req-9a5a46fd-f345-445a-9fec-49345b01be1b req-9a5a46fd-f345-445a-9fec-49345b01be1b ] Request (HypervisorAdminNegativeUnderV252Test:tearDownClass): 204 DELETE http://10.180.1.21:9696/networking/v2.0/security-groups/8e1eb182-4430-4bbd-abe2-5c6ab5d1afe9 0.084s
2025-04-10 17:55:23.272 69925 INFO tempest.lib.common.rest_client [req-a68ba472-63c6-41b9-acc1-68928a3e9839 req-a68ba472-63c6-41b9-acc1-68928a3e9839 ] Request (HypervisorAdminUnderV252Test:test_get_hypervisor_show_servers): 200 GET http://10.180.1.21/compute/v2.1/os-hypervisors 2.113s
2025-04-10 17:55:23.274 69969 INFO tempest.lib.common.rest_client [req-5a2e8262-14e6-45a8-960b-7090b25c2523 req-5a2e8262-14e6-45a8-960b-7090b25c2523 ] Request (ListImageFiltersTestJSON:setUpClass): 200 GET http://10.180.1.21/identity/v3/domains?name=Default 0.242s
2025-04-10 17:55:23.302 69961 INFO tempest.lib.common.rest_client [req-5adb2e57-6aab-42cc-bb47-8247b52d68ab req-5adb2e57-6aab-42cc-bb47-8247b52d68ab ] Request (NetworksTest:setUpClass): 204 PUT http://10.180.1.21/identity/v3/projects/7ddc3eaf643c4ef4820e5de3d256e950/users/f4120120fe4c4250b7859facabb1a725/roles/a62dbe4f202e4af592ca049476dfe5b0 0.211s
2025-04-10 17:55:23.309 69979 INFO tempest.lib.common.rest_client [req-25816723-8a86-40f2-815f-23e5ad18ab9e req-25816723-8a86-40f2-815f-23e5ad18ab9e ] Request (ServersWithSpecificFlavorTestJSON:setUpClass): 204 PUT http://10.180.1.21/identity/v3/projects/fb7809252561469abb01e0c64d126acb/users/e109a5d017104eb4866d60e7a851737d/roles/a62dbe4f202e4af592ca049476dfe5b0 0.231s
2025-04-10 17:55:23.368 69951 INFO tempest.lib.common.rest_client [req-095f5d61-a946-4515-a407-b100156712bc req-095f5d61-a946-4515-a407-b100156712bc ] Request (VolumesAssistedSnapshotsTest:setUpClass): 204 PUT http://10.180.1.21/identity/v3/projects/81dd0fe8dec74d039a645683d79e14e7/users/30defc7b27014dc4b88481adbff4eb94/roles/a62dbe4f202e4af592ca049476dfe5b0 0.206s
2025-04-10 17:55:23.480 69945 INFO tempest.lib.common.rest_client [req-d2351387-adf1-4c0d-80d6-bc5c738915e8 req-d2351387-adf1-4c0d-80d6-bc5c738915e8 ] Request (AZAdminNegativeTestJSON:tearDownClass): 201 POST http://10.180.1.21/identity/v3/auth/tokens 0.262s
2025-04-10 17:55:23.483 69923 INFO tempest.lib.common.rest_client [req-d3c9ed77-02c2-4080-a875-51ce2f1fa1b3 req-d3c9ed77-02c2-4080-a875-51ce2f1fa1b3 ] Request (FlavorsAdminTestJSON:test_create_flavor_using_string_ram): 200 POST http://10.180.1.21/compute/v2.1/flavors 2.112s
2025-04-10 17:55:23.555 69953 INFO tempest.lib.common.rest_client [req-6d1b1193-eefa-4e0e-8913-98b4e6b2a973 req-6d1b1193-eefa-4e0e-8913-98b4e6b2a973 ] Request (HypervisorAdminNegativeUnderV252Test:tearDownClass): 204 DELETE http://10.180.1.21/identity/v3/projects/ad79bd076ec6438480936e6671fff473 0.295s
2025-04-10 17:55:23.556 69953 INFO tempest.lib.common.dynamic_creds [-] Deleting project and security group for project: 41211e23d1b5492c8fcd1648e289942c
2025-04-10 17:55:23.574 69941 INFO tempest.lib.common.rest_client [req-bcd6a153-6e98-46b5-a6ce-5407fc1bea00 req-bcd6a153-6e98-46b5-a6ce-5407fc1bea00 ] Request (FlavorsAccessTestJSON:test_flavor_access_add_remove): 200 POST http://10.180.1.21/compute/v2.1/flavors 1.993s
2025-04-10 17:55:23.607 69961 INFO tempest.lib.common.rest_client [req-4306b924-fef5-4bc4-85b8-bc6decf284df req-4306b924-fef5-4bc4-85b8-bc6decf284df ] Request (NetworksTest:setUpClass): 200 GET http://10.180.1.21/identity/v3/roles 0.304s
2025-04-10 17:55:23.619 69969 INFO tempest.lib.common.rest_client [req-15531f9c-f381-463e-9172-d32927120cc0 req-15531f9c-f381-463e-9172-d32927120cc0 ] Request (ListImageFiltersTestJSON:setUpClass): 201 POST http://10.180.1.21/identity/v3/projects 0.343s
2025-04-10 17:55:23.629 69979 INFO tempest.lib.common.rest_client [req-cf798162-a9ad-4745-b99a-51355f7c44a7 req-cf798162-a9ad-4745-b99a-51355f7c44a7 ] Request (ServersWithSpecificFlavorTestJSON:setUpClass): 200 GET http://10.180.1.21/identity/v3/roles 0.320s
2025-04-10 17:55:23.666 69953 INFO tempest.lib.common.rest_client [req-fe724d08-dd2a-4e9b-9c2c-cbe0cb1e9bfc req-fe724d08-dd2a-4e9b-9c2c-cbe0cb1e9bfc ] Request (HypervisorAdminNegativeUnderV252Test:tearDownClass): 200 GET http://10.180.1.21:9696/networking/v2.0/security-groups?tenant_id=41211e23d1b5492c8fcd1648e289942c&name=default 0.109s
2025-04-10 17:55:23.673 69951 INFO tempest.lib.common.rest_client [req-c761cec7-b2d5-401c-aaf8-51f608ac05ea req-c761cec7-b2d5-401c-aaf8-51f608ac05ea ] Request (VolumesAssistedSnapshotsTest:setUpClass): 200 GET http://10.180.1.21/identity/v3/roles 0.305s
2025-04-10 17:55:23.751 69953 INFO tempest.lib.common.rest_client [req-89ff026e-f7c5-491f-88d1-25070c087020 req-89ff026e-f7c5-491f-88d1-25070c087020 ] Request (HypervisorAdminNegativeUnderV252Test:tearDownClass): 204 DELETE http://10.180.1.21:9696/networking/v2.0/security-groups/eeeaec6d-3bc0-4ee9-96e1-58a82f5d9e0e 0.084s
2025-04-10 17:55:23.774 69961 INFO tempest.lib.common.rest_client [req-330e14af-294f-4350-a0a4-448c1048d689 req-330e14af-294f-4350-a0a4-448c1048d689 ] Request (NetworksTest:setUpClass): 204 PUT http://10.180.1.21/identity/v3/projects/7ddc3eaf643c4ef4820e5de3d256e950/users/f4120120fe4c4250b7859facabb1a725/roles/a62dbe4f202e4af592ca049476dfe5b0 0.167s
2025-04-10 17:55:23.774 69961 INFO tempest.lib.common.dynamic_creds [-] Dynamic test user f4120120fe4c4250b7859facabb1a725 is created with scope project and roles: ['admin']
2025-04-10 17:55:23.775 69961 INFO tempest.lib.common.dynamic_creds [-] Acquired dynamic creds: credentials: Credentials: {'domain_id': 'default', 'domain_name': 'Default', 'username': 'tempest-NetworksTest-921849477-project-admin', 'project_domain_id': 'default', 'project_domain_name': 'Default', 'project_id': '7ddc3eaf643c4ef4820e5de3d256e950', 'project_name': 'tempest-NetworksTest-921849477', 'tenant_id': '7ddc3eaf643c4ef4820e5de3d256e950', 'tenant_name': 'tempest-NetworksTest-921849477', 'user_domain_id': 'default', 'user_domain_name': 'Default', 'user_id': 'f4120120fe4c4250b7859facabb1a725', 'system': None}, Network: None, Subnet: None, Router: None
2025-04-10 17:55:23.775 69961 INFO tempest.lib.common.dynamic_creds [-] Created isolated network resources for: credentials: Credentials: {'domain_id': 'default', 'domain_name': 'Default', 'username': 'tempest-NetworksTest-921849477-project-admin', 'project_domain_id': 'default', 'project_domain_name': 'Default', 'project_id': '7ddc3eaf643c4ef4820e5de3d256e950', 'project_name': 'tempest-NetworksTest-921849477', 'tenant_id': '7ddc3eaf643c4ef4820e5de3d256e950', 'tenant_name': 'tempest-NetworksTest-921849477', 'user_domain_id': 'default', 'user_domain_name': 'Default', 'user_id': 'f4120120fe4c4250b7859facabb1a725', 'system': None}, Network: None, Subnet: None, Router: None
2025-04-10 17:55:23.780 69975 INFO tempest.lib.common.rest_client [req-3b48a587-5dc8-4c7a-ab16-bb61121b6d4c req-3b48a587-5dc8-4c7a-ab16-bb61121b6d4c ] Request (ServicesAdminTestJSON:test_get_service_by_host_name): 200 GET http://10.180.1.21/compute/v2.1/os-services 2.032s
2025-04-10 17:55:23.793 69931 INFO tempest.lib.common.rest_client [req-38461b3a-35f3-4318-8521-7d85f62dd919 req-38461b3a-35f3-4318-8521-7d85f62dd919 ] Request (HypervisorAdminNegativeTestJSON:test_get_hypervisor_list_details_with_non_admin_user): 403 GET http://10.180.1.21/compute/v2.1/os-hypervisors/detail 1.970s
2025-04-10 17:55:23.832 69969 INFO tempest.lib.common.rest_client [req-7c6e086e-f36a-454f-8325-15ec2ac0c86b req-7c6e086e-f36a-454f-8325-15ec2ac0c86b ] Request (ListImageFiltersTestJSON:setUpClass): 201 POST http://10.180.1.21/identity/v3/users 0.212s
2025-04-10 17:55:23.835 69979 INFO tempest.lib.common.rest_client [req-b974f665-2725-4ae6-be8b-fb69713f8c13 req-b974f665-2725-4ae6-be8b-fb69713f8c13 ] Request (ServersWithSpecificFlavorTestJSON:setUpClass): 204 PUT http://10.180.1.21/identity/v3/projects/fb7809252561469abb01e0c64d126acb/users/e109a5d017104eb4866d60e7a851737d/roles/a62dbe4f202e4af592ca049476dfe5b0 0.205s
2025-04-10 17:55:23.835 69979 INFO tempest.lib.common.dynamic_creds [-] Dynamic test user e109a5d017104eb4866d60e7a851737d is created with scope project and roles: ['admin']
2025-04-10 17:55:23.835 69979 INFO tempest.lib.common.dynamic_creds [-] Acquired dynamic creds: credentials: Credentials: {'domain_id': 'default', 'domain_name': 'Default', 'username': 'tempest-ServersWithSpecificFlavorTestJSON-721052851-project-admin', 'project_domain_id': 'default', 'project_domain_name': 'Default', 'project_id': 'fb7809252561469abb01e0c64d126acb', 'project_name': 'tempest-ServersWithSpecificFlavorTestJSON-721052851', 'tenant_id': 'fb7809252561469abb01e0c64d126acb', 'tenant_name': 'tempest-ServersWithSpecificFlavorTestJSON-721052851', 'user_domain_id': 'default', 'user_domain_name': 'Default', 'user_id': 'e109a5d017104eb4866d60e7a851737d', 'system': None}, Network: None, Subnet: None, Router: None
2025-04-10 17:55:23.837 69945 INFO tempest.lib.common.rest_client [req-a4e63e0d-8804-4062-bc73-2b6884f01eab req-a4e63e0d-8804-4062-bc73-2b6884f01eab ] Request (AZAdminNegativeTestJSON:tearDownClass): 200 GET http://10.180.1.21:9696/networking/v2.0/security-groups?tenant_id=807d89257ec144bc98d6f5e10f7b6321&name=default 0.356s
2025-04-10 17:55:23.877 69951 INFO tempest.lib.common.rest_client [req-1415c19b-19b8-4d37-ace2-678ffe660a9c req-1415c19b-19b8-4d37-ace2-678ffe660a9c ] Request (VolumesAssistedSnapshotsTest:setUpClass): 204 PUT http://10.180.1.21/identity/v3/projects/81dd0fe8dec74d039a645683d79e14e7/users/30defc7b27014dc4b88481adbff4eb94/roles/a62dbe4f202e4af592ca049476dfe5b0 0.204s
2025-04-10 17:55:23.877 69951 INFO tempest.lib.common.dynamic_creds [-] Dynamic test user 30defc7b27014dc4b88481adbff4eb94 is created with scope project and roles: ['admin']
2025-04-10 17:55:23.877 69951 INFO tempest.lib.common.dynamic_creds [-] Acquired dynamic creds: credentials: Credentials: {'domain_id': 'default', 'domain_name': 'Default', 'username': 'tempest-VolumesAssistedSnapshotsTest-1430403822-project-admin', 'project_domain_id': 'default', 'project_domain_name': 'Default', 'project_id': '81dd0fe8dec74d039a645683d79e14e7', 'project_name': 'tempest-VolumesAssistedSnapshotsTest-1430403822', 'tenant_id': '81dd0fe8dec74d039a645683d79e14e7', 'tenant_name': 'tempest-VolumesAssistedSnapshotsTest-1430403822', 'user_domain_id': 'default', 'user_domain_name': 'Default', 'user_id': '30defc7b27014dc4b88481adbff4eb94', 'system': None}, Network: None, Subnet: None, Router: None
2025-04-10 17:55:23.910 69945 INFO tempest.lib.common.rest_client [req-1e9b8462-073e-447f-9e0b-ad3d51e3870c req-1e9b8462-073e-447f-9e0b-ad3d51e3870c ] Request (AZAdminNegativeTestJSON:tearDownClass): 204 DELETE http://10.180.1.21:9696/networking/v2.0/security-groups/7117b248-91bf-4a07-884d-9c4211bfd002 0.072s
2025-04-10 17:55:23.927 69953 INFO tempest.lib.common.rest_client [req-7765991a-f1ef-412f-9f02-33a6e7849453 req-7765991a-f1ef-412f-9f02-33a6e7849453 ] Request (HypervisorAdminNegativeUnderV252Test:tearDownClass): 204 DELETE http://10.180.1.21/identity/v3/projects/41211e23d1b5492c8fcd1648e289942c 0.176s
2025-04-10 17:55:23.948 69961 INFO tempest.lib.common.rest_client [req-a9fcf35a-133e-42c6-bb16-d511587f084a req-a9fcf35a-133e-42c6-bb16-d511587f084a ] Request (NetworksTest:setUpClass): 201 POST http://10.180.1.21/identity/v3/auth/tokens 0.171s
2025-04-10 17:55:24.023 69927 INFO tempest.lib.common.rest_client [req-9378bd53-1b41-414f-ac16-be22200f529f req-9378bd53-1b41-414f-ac16-be22200f529f ] Request (FlavorsAccessNegativeTestJSON:test_add_flavor_access_duplicate): 200 POST http://10.180.1.21/compute/v2.1/flavors 2.142s
2025-04-10 17:55:24.044 69933 INFO tempest.lib.common.rest_client [req-320498e5-5e6b-4aff-8aae-bef53bafce23 req-320498e5-5e6b-4aff-8aae-bef53bafce23 ] Request (InstanceUsageAuditLogNegativeTestJSON:test_get_instance_usage_audit_logs_with_invalid_time): 400 GET http://10.180.1.21/compute/v2.1/os-instance_usage_audit_log/invalid_time 2.095s
2025-04-10 17:55:24.052 69969 INFO tempest.lib.common.rest_client [req-e7530d96-efef-4885-8058-48ae834657a6 req-e7530d96-efef-4885-8058-48ae834657a6 ] Request (ListImageFiltersTestJSON:setUpClass): 200 GET http://10.180.1.21/identity/v3/roles 0.219s
2025-04-10 17:55:24.088 69945 INFO tempest.lib.common.rest_client [req-28201af5-4e5d-4d43-8497-b99fdba709da req-28201af5-4e5d-4d43-8497-b99fdba709da ] Request (AZAdminNegativeTestJSON:tearDownClass): 204 DELETE http://10.180.1.21/identity/v3/projects/807d89257ec144bc98d6f5e10f7b6321 0.177s
2025-04-10 17:55:24.089 69945 INFO tempest.lib.common.dynamic_creds [-] Deleting project and security group for project: de41fab8916f4379bfe93b842b3a7042
2025-04-10 17:55:24.103 69953 INFO tempest.lib.common.rest_client [req-8a0e6d7d-c805-49ce-adf0-a171bc526763 req-8a0e6d7d-c805-49ce-adf0-a171bc526763 ] Request (FlavorsV2NegativeTest:setUpClass): 201 POST http://10.180.1.21/identity/v3/auth/tokens 0.174s
2025-04-10 17:55:24.105 69979 INFO tempest.lib.common.rest_client [req-d227b958-797a-412d-8722-9674a9f8017b req-d227b958-797a-412d-8722-9674a9f8017b ] Request (ServersWithSpecificFlavorTestJSON:setUpClass): 201 POST http://10.180.1.21:9696/networking/v2.0/networks 0.269s
2025-04-10 17:55:24.154 69951 INFO tempest.lib.common.rest_client [req-1de2032b-803f-4a47-af97-f61c30ba5d47 req-1de2032b-803f-4a47-af97-f61c30ba5d47 ] Request (VolumesAssistedSnapshotsTest:setUpClass): 201 POST http://10.180.1.21:9696/networking/v2.0/networks 0.276s
2025-04-10 17:55:24.203 69969 INFO tempest.lib.common.rest_client [req-35d2a744-e3e4-4fb7-89ba-d1a229e2cc34 req-35d2a744-e3e4-4fb7-89ba-d1a229e2cc34 ] Request (ListImageFiltersTestJSON:setUpClass): 204 PUT http://10.180.1.21/identity/v3/projects/6eea93aeb73741299d7f698ff1ed952d/users/be5c9af469f94206964e2005dd403ac1/roles/2fac047ff9714de1b549e8569292f2cd 0.151s
2025-04-10 17:55:24.203 69969 INFO tempest.lib.common.dynamic_creds [-] Dynamic test user be5c9af469f94206964e2005dd403ac1 is created with scope project and roles: ['member']
2025-04-10 17:55:24.204 69969 INFO tempest.lib.common.dynamic_creds [-] Acquired dynamic creds: credentials: Credentials: {'domain_id': 'default', 'domain_name': 'Default', 'username': 'tempest-ListImageFiltersTestJSON-1504453378-project-member', 'project_domain_id': 'default', 'project_domain_name': 'Default', 'project_id': '6eea93aeb73741299d7f698ff1ed952d', 'project_name': 'tempest-ListImageFiltersTestJSON-1504453378', 'tenant_id': '6eea93aeb73741299d7f698ff1ed952d', 'tenant_name': 'tempest-ListImageFiltersTestJSON-1504453378', 'user_domain_id': 'default', 'user_domain_name': 'Default', 'user_id': 'be5c9af469f94206964e2005dd403ac1', 'system': None}, Network: None, Subnet: None, Router: None
2025-04-10 17:55:24.204 69969 INFO tempest.lib.common.dynamic_creds [-] Created isolated network resources for: credentials: Credentials: {'domain_id': 'default', 'domain_name': 'Default', 'username': 'tempest-ListImageFiltersTestJSON-1504453378-project-member', 'project_domain_id': 'default', 'project_domain_name': 'Default', 'project_id': '6eea93aeb73741299d7f698ff1ed952d', 'project_name': 'tempest-ListImageFiltersTestJSON-1504453378', 'tenant_id': '6eea93aeb73741299d7f698ff1ed952d', 'tenant_name': 'tempest-ListImageFiltersTestJSON-1504453378', 'user_domain_id': 'default', 'user_domain_name': 'Default', 'user_id': 'be5c9af469f94206964e2005dd403ac1', 'system': None}, Network: None, Subnet: None, Router: None
2025-04-10 17:55:24.204 69981 INFO tempest.lib.common.rest_client [req-5b0006d6-2641-4a0b-bddc-1fac5c13b0be req-5b0006d6-2641-4a0b-bddc-1fac5c13b0be ] Request (FlavorsExtraSpecsNegativeTestJSON:setUpClass): 200 POST http://10.180.1.21/compute/v2.1/flavors 2.193s
2025-04-10 17:55:24.227 69945 INFO tempest.lib.common.rest_client [req-1f566740-29cd-4b92-b78f-605dca52df71 req-1f566740-29cd-4b92-b78f-605dca52df71 ] Request (AZAdminNegativeTestJSON:tearDownClass): 200 GET http://10.180.1.21:9696/networking/v2.0/security-groups?tenant_id=de41fab8916f4379bfe93b842b3a7042&name=default 0.138s
2025-04-10 17:55:24.233 69953 INFO tempest.lib.common.rest_client [req-9f66a82c-df41-4dd5-bc04-abfadb10a592 req-9f66a82c-df41-4dd5-bc04-abfadb10a592 ] Request (FlavorsV2NegativeTest:setUpClass): 201 POST http://10.180.1.21/identity/v3/auth/tokens 0.127s
2025-04-10 17:55:24.291 69969 INFO tempest.lib.common.rest_client [req-feaf7e29-9de4-4c7c-80ec-ac04c462477d req-feaf7e29-9de4-4c7c-80ec-ac04c462477d ] Request (ListImageFiltersTestJSON:setUpClass): 201 POST http://10.180.1.21/identity/v3/auth/tokens 0.083s
2025-04-10 17:55:24.307 69953 INFO tempest.lib.common.rest_client [req-18501204-14f2-4d88-934e-6dd383076d02 req-18501204-14f2-4d88-934e-6dd383076d02 ] Request (FlavorsV2NegativeTest:setUpClass): 200 GET http://10.180.1.21/identity/v3/domains?name=Default 0.073s
2025-04-10 17:55:24.323 69947 INFO tempest.lib.common.rest_client [req-b3126398-c373-4fe6-a5b3-2fd76c26aef8 req-b3126398-c373-4fe6-a5b3-2fd76c26aef8 ] Request (HostsAdminNegativeTestJSON:setUpClass): 200 GET http://10.180.1.21/compute/v2.1/os-hosts 2.153s
2025-04-10 17:55:24.334 69953 INFO tempest.lib.common.rest_client [req-66b1017f-c057-45cb-b6a3-9182a8692bff req-66b1017f-c057-45cb-b6a3-9182a8692bff ] Request (FlavorsV2NegativeTest:setUpClass): 201 POST http://10.180.1.21/identity/v3/projects 0.027s
2025-04-10 17:55:24.369 69965 INFO tempest.lib.common.rest_client [req-c4ee0cbd-fc88-4517-8066-40c3af4a625c req-c4ee0cbd-fc88-4517-8066-40c3af4a625c ] Request (SecurityGroupsTestAdminJSON:test_list_security_groups_list_all_tenants_filter): 200 POST http://10.180.1.21/compute/v2.1/os-security-groups 2.383s
2025-04-10 17:55:24.399 69945 INFO tempest.lib.common.rest_client [req-911eeab1-a65f-49c5-9922-6c4423e4c07d req-911eeab1-a65f-49c5-9922-6c4423e4c07d ] Request (AZAdminNegativeTestJSON:tearDownClass): 204 DELETE http://10.180.1.21:9696/networking/v2.0/security-groups/df5282f8-5bc0-4f67-b528-d410ebc6c435 0.171s
2025-04-10 17:55:24.406 69979 INFO tempest.lib.common.rest_client [req-f7dd12a1-1f46-428e-898a-fc6f54e94e5b req-f7dd12a1-1f46-428e-898a-fc6f54e94e5b ] Request (ServersWithSpecificFlavorTestJSON:setUpClass): 201 POST http://10.180.1.21:9696/networking/v2.0/subnets 0.300s
2025-04-10 17:55:24.441 69951 INFO tempest.lib.common.rest_client [req-2a936c7a-6682-44d5-9689-216e445597b9 req-2a936c7a-6682-44d5-9689-216e445597b9 ] Request (VolumesAssistedSnapshotsTest:setUpClass): 201 POST http://10.180.1.21:9696/networking/v2.0/subnets 0.286s
2025-04-10 17:55:24.463 69953 INFO tempest.lib.common.rest_client [req-e984909a-3bd2-4940-95a7-67c6d93527ca req-e984909a-3bd2-4940-95a7-67c6d93527ca ] Request (FlavorsV2NegativeTest:setUpClass): 201 POST http://10.180.1.21/identity/v3/users 0.128s
2025-04-10 17:55:24.475 69963 INFO tempest.lib.common.rest_client [req-3ed5dbb5-3b57-4a00-87c1-1a468da49ca3 req-3ed5dbb5-3b57-4a00-87c1-1a468da49ca3 ] Request (AZAdminV2TestJSON:test_get_availability_zone_list): 200 GET http://10.180.1.21/compute/v2.1/os-availability-zone 2.298s
2025-04-10 17:55:24.480 69935 INFO tempest.lib.common.rest_client [req-3fea9ded-e493-47ad-91cc-0ad3c3ded19f req-3fea9ded-e493-47ad-91cc-0ad3c3ded19f ] Request (TenantUsagesTestJSON:setUpClass): 200 GET http://10.180.1.21/compute/v2.1/servers/0e07e52b-473c-4319-bdd3-9c932716648c 2.301s
2025-04-10 17:55:24.502 69945 INFO tempest.lib.common.rest_client [req-a9cc4e15-1f8e-4346-95d7-d1f5993c1f21 req-a9cc4e15-1f8e-4346-95d7-d1f5993c1f21 ] Request (AZAdminNegativeTestJSON:tearDownClass): 204 DELETE http://10.180.1.21/identity/v3/projects/de41fab8916f4379bfe93b842b3a7042 0.103s
2025-04-10 17:55:24.503 69945 INFO tempest.test [-] raised in LiveAutoBlockMigrationV225Test.setUpClass. Invoking tearDownClass.
2025-04-10 17:55:24.558 69953 INFO tempest.lib.common.rest_client [req-3188b553-b3a4-44ea-a935-dd6d97a273d9 req-3188b553-b3a4-44ea-a935-dd6d97a273d9 ] Request (FlavorsV2NegativeTest:setUpClass): 200 GET http://10.180.1.21/identity/v3/roles 0.094s
2025-04-10 17:55:24.668 69945 INFO tempest.lib.common.rest_client [req-37488a74-a393-499f-9f74-1c6fe33df5c9 req-37488a74-a393-499f-9f74-1c6fe33df5c9 ] Request (ServersTestMultiNic:setUpClass): 201 POST http://10.180.1.21/identity/v3/auth/tokens 0.161s
2025-04-10 17:55:24.673 69971 INFO tempest.lib.common.rest_client [req-b65caed6-7b9c-4bb6-80de-06856b44f95c req-b65caed6-7b9c-4bb6-80de-06856b44f95c ] Request (FlavorMetadataValidation:test_flavor_update_with_custom_namespace): 200 POST http://10.180.1.21/compute/v2.1/flavors 2.268s
2025-04-10 17:55:24.691 69953 INFO tempest.lib.common.rest_client [req-b6007c68-d282-49b0-b02a-21a5c174ea5e req-b6007c68-d282-49b0-b02a-21a5c174ea5e ] Request (FlavorsV2NegativeTest:setUpClass): 204 PUT http://10.180.1.21/identity/v3/projects/4908292919d94f30a10e2f02fe8d9cf5/users/b6c39b99686e49b3b3fa286473ac04b2/roles/2fac047ff9714de1b549e8569292f2cd 0.132s
2025-04-10 17:55:24.691 69953 INFO tempest.lib.common.dynamic_creds [-] Dynamic test user b6c39b99686e49b3b3fa286473ac04b2 is created with scope project and roles: ['member']
2025-04-10 17:55:24.691 69953 INFO tempest.lib.common.dynamic_creds [-] Acquired dynamic creds: credentials: Credentials: {'domain_id': 'default', 'domain_name': 'Default', 'username': 'tempest-FlavorsV2NegativeTest-1825993279-project-member', 'project_domain_id': 'default', 'project_domain_name': 'Default', 'project_id': '4908292919d94f30a10e2f02fe8d9cf5', 'project_name': 'tempest-FlavorsV2NegativeTest-1825993279', 'tenant_id': '4908292919d94f30a10e2f02fe8d9cf5', 'tenant_name': 'tempest-FlavorsV2NegativeTest-1825993279', 'user_domain_id': 'default', 'user_domain_name': 'Default', 'user_id': 'b6c39b99686e49b3b3fa286473ac04b2', 'system': None}, Network: None, Subnet: None, Router: None
2025-04-10 17:55:24.692 69953 INFO tempest.lib.common.dynamic_creds [-] Created isolated network resources for: credentials: Credentials: {'domain_id': 'default', 'domain_name': 'Default', 'username': 'tempest-FlavorsV2NegativeTest-1825993279-project-member', 'project_domain_id': 'default', 'project_domain_name': 'Default', 'project_id': '4908292919d94f30a10e2f02fe8d9cf5', 'project_name': 'tempest-FlavorsV2NegativeTest-1825993279', 'tenant_id': '4908292919d94f30a10e2f02fe8d9cf5', 'tenant_name': 'tempest-FlavorsV2NegativeTest-1825993279', 'user_domain_id': 'default', 'user_domain_name': 'Default', 'user_id': 'b6c39b99686e49b3b3fa286473ac04b2', 'system': None}, Network: None, Subnet: None, Router: None
2025-04-10 17:55:24.778 69945 INFO tempest.lib.common.rest_client [req-4e17ff3a-402e-4906-9dc8-0d2041a437b6 req-4e17ff3a-402e-4906-9dc8-0d2041a437b6 ] Request (ServersTestMultiNic:setUpClass): 201 POST http://10.180.1.21/identity/v3/auth/tokens 0.105s
2025-04-10 17:55:24.849 69967 INFO tempest.lib.common.rest_client [req-edb4715a-0b83-4e24-a050-495434e47ae8 req-edb4715a-0b83-4e24-a050-495434e47ae8 ] Request (QuotasAdminNegativeTest:test_create_server_when_cpu_quota_is_full): 200 GET http://10.180.1.21/compute/v2.1/os-quota-sets/3678aedb479748a99e52d011d6f41255 2.598s
2025-04-10 17:55:24.856 69953 INFO tempest.lib.common.rest_client [req-73807a66-420e-4a20-a97a-d6cf1b4137d1 req-73807a66-420e-4a20-a97a-d6cf1b4137d1 ] Request (FlavorsV2NegativeTest:setUpClass): 201 POST http://10.180.1.21/identity/v3/auth/tokens 0.159s
2025-04-10 17:55:24.878 69945 INFO tempest.lib.common.rest_client [req-e93b9c34-f08d-46eb-b62b-564e4a0eed7d req-e93b9c34-f08d-46eb-b62b-564e4a0eed7d ] Request (ServersTestMultiNic:setUpClass): 200 GET http://10.180.1.21/identity/v3/domains?name=Default 0.099s
2025-04-10 17:55:24.912 69945 INFO tempest.lib.common.rest_client [req-f5a50ca1-d7af-4170-b4d0-73311dad97ea req-f5a50ca1-d7af-4170-b4d0-73311dad97ea ] Request (ServersTestMultiNic:setUpClass): 201 POST http://10.180.1.21/identity/v3/projects 0.033s
2025-04-10 17:55:24.983 69955 INFO tempest.lib.common.rest_client [req-f49bc8f7-95be-4f1b-9ea1-272200761c43 req-f49bc8f7-95be-4f1b-9ea1-272200761c43 ] Request (DeleteServersAdminTestJSON:test_admin_delete_servers_of_others): 202 POST http://10.180.1.21/compute/v2.1/servers 2.489s
2025-04-10 17:55:24.983 69945 INFO tempest.lib.common.rest_client [req-0c927c8d-bd6d-411f-8a5f-0626a0857ba0 req-0c927c8d-bd6d-411f-8a5f-0626a0857ba0 ] Request (ServersTestMultiNic:setUpClass): 201 POST http://10.180.1.21/identity/v3/users 0.071s
2025-04-10 17:55:25.006 69945 INFO tempest.lib.common.rest_client [req-38dbfcf5-f9d0-4656-8bac-59f7f2876324 req-38dbfcf5-f9d0-4656-8bac-59f7f2876324 ] Request (ServersTestMultiNic:setUpClass): 200 GET http://10.180.1.21/identity/v3/roles 0.022s
2025-04-10 17:55:25.020 69969 INFO tempest.lib.common.rest_client [req-7db8da81-b2a1-419b-a770-dcaec35018cc req-7db8da81-b2a1-419b-a770-dcaec35018cc ] Request (ListImageFiltersTestJSON:setUpClass): 201 POST http://10.180.1.21/image/v2/images 0.728s
2025-04-10 17:55:25.082 69945 INFO tempest.lib.common.rest_client [req-f2acf66e-4dbe-4761-b0e2-7b9c1e4f4c32 req-f2acf66e-4dbe-4761-b0e2-7b9c1e4f4c32 ] Request (ServersTestMultiNic:setUpClass): 204 PUT http://10.180.1.21/identity/v3/projects/46f55826135f417988c5e51bb90e0fcb/users/8283d82af08f4392bb74da0d3e45efd7/roles/2fac047ff9714de1b549e8569292f2cd 0.076s
2025-04-10 17:55:25.083 69945 INFO tempest.lib.common.dynamic_creds [-] Dynamic test user 8283d82af08f4392bb74da0d3e45efd7 is created with scope project and roles: ['member']
2025-04-10 17:55:25.083 69945 INFO tempest.lib.common.dynamic_creds [-] Acquired dynamic creds: credentials: Credentials: {'domain_id': 'default', 'domain_name': 'Default', 'username': 'tempest-ServersTestMultiNic-1789145636-project-member', 'project_domain_id': 'default', 'project_domain_name': 'Default', 'project_id': '46f55826135f417988c5e51bb90e0fcb', 'project_name': 'tempest-ServersTestMultiNic-1789145636', 'tenant_id': '46f55826135f417988c5e51bb90e0fcb', 'tenant_name': 'tempest-ServersTestMultiNic-1789145636', 'user_domain_id': 'default', 'user_domain_name': 'Default', 'user_id': '8283d82af08f4392bb74da0d3e45efd7', 'system': None}, Network: None, Subnet: None, Router: None
2025-04-10 17:55:25.097 69949 INFO tempest.lib.common.rest_client [req-f99bb9af-54a0-4b36-a012-7e61686f339a req-f99bb9af-54a0-4b36-a012-7e61686f339a ] Request (QuotasAdminTestV236:test_get_updated_quotas): 200 PUT http://10.180.1.21/compute/v2.1/os-quota-sets/ab09baa016ba4cddb33e06109f5a4931 2.564s
2025-04-10 17:55:25.148 69945 INFO tempest.lib.common.rest_client [req-4aa31c38-594d-41ab-bd9a-9748a22cfe8f req-4aa31c38-594d-41ab-bd9a-9748a22cfe8f ] Request (ServersTestMultiNic:setUpClass): 201 POST http://10.180.1.21/identity/v3/auth/tokens 0.064s
2025-04-10 17:55:25.190 69943 INFO tempest.lib.common.rest_client [req-0a402e2b-9708-4eaf-85fc-6407eb429c7d req-0a402e2b-9708-4eaf-85fc-6407eb429c7d ] Request (SecurityGroupsTestJSON:test_list_security_groups_by_server): 200 GET http://10.180.1.21/compute/v2.1/servers/06da14df-c30e-4c8b-821f-7de5fc5019a6 2.535s
2025-04-10 17:55:25.285 69929 INFO tempest.lib.common.rest_client [req-c9079567-36df-4452-a515-933446a1faae req-c9079567-36df-4452-a515-933446a1faae ] Request (FlavorsExtraSpecsTestJSON:test_flavor_non_admin_get_all_keys): 200 GET http://10.180.1.21/compute/v2.1/flavors/2002928861/os-extra_specs 2.594s
2025-04-10 17:55:25.305 69985 INFO tempest.lib.common.rest_client [req-0d931488-cd0b-4629-a147-c2f47e9b1b3a req-0d931488-cd0b-4629-a147-c2f47e9b1b3a ] Request (KeyPairsV22TestJSON:_run_cleanups): 204 DELETE http://10.180.1.21/compute/v2.1/os-keypairs/tempest-keypair-982337452 2.603s
2025-04-10 17:55:25.385 69985 INFO tempest.lib.common.rest_client [req-c9922524-bf2b-4c6d-83ec-1e50cf8fc219 req-c9922524-bf2b-4c6d-83ec-1e50cf8fc219 ] Request (KeyPairsV22TestJSON:tearDownClass): 204 DELETE http://10.180.1.21/identity/v3/users/6010bf7b686e4f80909689b5d87cd757 0.078s
2025-04-10 17:55:25.386 69985 INFO tempest.lib.common.dynamic_creds [-] Deleting project and security group for project: 18bc6b809bab4ea9a223dfe60d9d4117
2025-04-10 17:55:25.436 69985 INFO tempest.lib.common.rest_client [req-69a7cf4e-9c6f-4d39-86f6-15a03d819256 req-69a7cf4e-9c6f-4d39-86f6-15a03d819256 ] Request (KeyPairsV22TestJSON:tearDownClass): 201 POST http://10.180.1.21/identity/v3/auth/tokens 0.049s
2025-04-10 17:55:25.518 69979 INFO tempest.lib.common.rest_client [req-19ace9b0-baa5-4357-8cd2-997e7b22290b req-19ace9b0-baa5-4357-8cd2-997e7b22290b ] Request (ServersWithSpecificFlavorTestJSON:setUpClass): 201 POST http://10.180.1.21:9696/networking/v2.0/routers 1.112s
2025-04-10 17:55:25.536 69951 INFO tempest.lib.common.rest_client [req-b886fab1-0f5b-4bc2-8d18-20f34220a64f req-b886fab1-0f5b-4bc2-8d18-20f34220a64f ] Request (VolumesAssistedSnapshotsTest:setUpClass): 201 POST http://10.180.1.21:9696/networking/v2.0/routers 1.093s
2025-04-10 17:55:25.537 69945 INFO tempest.lib.common.rest_client [req-3022c575-c50e-440d-adba-acebe3b71f3c req-3022c575-c50e-440d-adba-acebe3b71f3c ] Request (ServersTestMultiNic:setUpClass): 201 POST http://10.180.1.21:9696/networking/v2.0/networks 0.389s
2025-04-10 17:55:25.556 69973 INFO tempest.lib.common.rest_client [req-75483816-9502-464f-91ae-36174df9cd17 req-75483816-9502-464f-91ae-36174df9cd17 ] Request (ServerDiskConfigTestJSON:test_rebuild_server_with_auto_disk_config): 202 POST http://10.180.1.21/compute/v2.1/servers 2.962s
2025-04-10 17:55:25.594 69959 INFO tempest.lib.common.rest_client [req-0e91f3f4-23b4-4e80-ad16-85eaeae01e8b req-0e91f3f4-23b4-4e80-ad16-85eaeae01e8b ] Request (AggregatesAdminNegativeTestJSON:test_aggregate_add_existent_host): 200 POST http://10.180.1.21/compute/v2.1/os-aggregates 2.637s
2025-04-10 17:55:25.652 69983 INFO tempest.lib.common.rest_client [req-81b19726-55f8-4a85-a1e4-47d9a27450eb req-81b19726-55f8-4a85-a1e4-47d9a27450eb ] Request (HypervisorAdminV253TestBase:test_list_show_detail_hypervisors): 200 GET http://10.180.1.21/compute/v2.1/os-hypervisors?with_servers=True 2.650s
2025-04-10 17:55:25.743 69985 INFO tempest.lib.common.rest_client [req-9dc0b0d6-d87c-4e6a-a38e-6720aa4c8b6b req-9dc0b0d6-d87c-4e6a-a38e-6720aa4c8b6b ] Request (KeyPairsV22TestJSON:tearDownClass): 200 GET http://10.180.1.21:9696/networking/v2.0/security-groups?tenant_id=18bc6b809bab4ea9a223dfe60d9d4117&name=default 0.307s
2025-04-10 17:55:25.774 69937 INFO tempest.lib.common.rest_client [req-ac89725f-c3d1-4499-94a7-ccd4573901fa req-ac89725f-c3d1-4499-94a7-ccd4573901fa ] Request (FlavorsV255TestJSON:test_crud_flavor): 200 GET http://10.180.1.21/compute/v2.1/flavors/1000961604 2.569s
2025-04-10 17:55:25.805 69925 INFO tempest.lib.common.rest_client [req-4bef35a0-794d-4211-bac3-f5b88b98494e req-4bef35a0-794d-4211-bac3-f5b88b98494e ] Request (HypervisorAdminUnderV252Test:test_get_hypervisor_show_servers): 200 GET http://10.180.1.21/compute/v2.1/os-hypervisors/domain-c8.fc996f14-c53b-4953-92e3-bdfa48f5cc28/servers 2.529s
2025-04-10 17:55:25.822 69923 INFO tempest.lib.common.rest_client [req-637eb80e-209c-4c56-a177-e02af2071a3b req-637eb80e-209c-4c56-a177-e02af2071a3b ] Request (FlavorsAdminTestJSON:_run_cleanups): 202 DELETE http://10.180.1.21/compute/v2.1/flavors/913265249 2.335s
2025-04-10 17:55:25.847 69957 INFO tempest.lib.common.rest_client [req-957d1d7e-ce3b-417d-9ae1-0940627d82b1 req-957d1d7e-ce3b-417d-9ae1-0940627d82b1 ] Request (ImagesOneServerNegativeTestJSON:setUpClass): 202 POST http://10.180.1.21/compute/v2.1/servers 2.984s
2025-04-10 17:55:25.867 69985 INFO tempest.lib.common.rest_client [req-5c0e9a5f-6dbf-49a0-b995-9e76204e1efd req-5c0e9a5f-6dbf-49a0-b995-9e76204e1efd ] Request (KeyPairsV22TestJSON:tearDownClass): 204 DELETE http://10.180.1.21:9696/networking/v2.0/security-groups/47af11fa-37c8-400a-9d3d-f60f264b51af 0.123s
2025-04-10 17:55:25.879 69975 INFO tempest.lib.common.rest_client [req-bb90826e-b14c-499e-b7ff-1cce2b0f8949 req-bb90826e-b14c-499e-b7ff-1cce2b0f8949 ] Request (ServicesAdminTestJSON:test_get_service_by_host_name): 200 GET http://10.180.1.21/compute/v2.1/os-services?host=devstack 2.096s
2025-04-10 17:55:25.889 69931 INFO tempest.lib.common.rest_client [req-888ee679-d1c5-4271-9b3c-d29bead30db9 req-888ee679-d1c5-4271-9b3c-d29bead30db9 ] Request (HypervisorAdminNegativeTestJSON:test_get_hypervisor_list_with_non_admin_user): 403 GET http://10.180.1.21/compute/v2.1/os-hypervisors 2.084s
2025-04-10 17:55:25.891 69945 INFO tempest.lib.common.rest_client [req-e112ea02-5997-477d-af34-cf0814ab55de req-e112ea02-5997-477d-af34-cf0814ab55de ] Request (ServersTestMultiNic:setUpClass): 201 POST http://10.180.1.21:9696/networking/v2.0/subnets 0.352s
2025-04-10 17:55:25.933 69941 INFO tempest.lib.common.rest_client [req-a370ea82-9502-48a5-b27b-2f4cfa0f90b8 req-a370ea82-9502-48a5-b27b-2f4cfa0f90b8 ] Request (FlavorsAccessTestJSON:test_flavor_access_add_remove): 200 POST http://10.180.1.21/compute/v2.1/flavors/1418131638/action 2.356s
2025-04-10 17:55:25.955 69985 INFO tempest.lib.common.rest_client [req-30715c24-b9a9-43af-b32b-57f1222468b8 req-30715c24-b9a9-43af-b32b-57f1222468b8 ] Request (KeyPairsV22TestJSON:tearDownClass): 204 DELETE http://10.180.1.21/identity/v3/projects/18bc6b809bab4ea9a223dfe60d9d4117 0.087s
2025-04-10 17:55:26.011 69985 INFO tempest.lib.common.rest_client [req-14170f49-e343-4f1a-bcc3-0368a9e3c431 req-14170f49-e343-4f1a-bcc3-0368a9e3c431 ] Request (ServerGroupTestJSON:setUpClass): 201 POST http://10.180.1.21/identity/v3/auth/tokens 0.055s
2025-04-10 17:55:26.039 69985 INFO tempest.lib.common.rest_client [req-3e563c14-b96d-40bb-a187-1b91e41cb6f3 req-3e563c14-b96d-40bb-a187-1b91e41cb6f3 ] Request (ServerGroupTestJSON:setUpClass): 201 POST http://10.180.1.21/identity/v3/auth/tokens 0.025s
2025-04-10 17:55:26.067 69927 INFO tempest.lib.common.rest_client [req-c721c2c4-910a-41d0-b1a6-1123c023eecd req-c721c2c4-910a-41d0-b1a6-1123c023eecd ] Request (FlavorsAccessNegativeTestJSON:test_add_flavor_access_duplicate): 200 POST http://10.180.1.21/compute/v2.1/flavors/704204259/action 2.041s
2025-04-10 17:55:26.071 69985 INFO tempest.lib.common.rest_client [req-54cd932e-da3b-4a85-aef3-71ab18096ce9 req-54cd932e-da3b-4a85-aef3-71ab18096ce9 ] Request (ServerGroupTestJSON:setUpClass): 200 GET http://10.180.1.21/identity/v3/domains?name=Default 0.032s
2025-04-10 17:55:26.083 69961 INFO tempest.lib.common.rest_client [req-bec18243-9029-4522-83b7-8d5f65021774 req-bec18243-9029-4522-83b7-8d5f65021774 ] Request (NetworksTest:test_get_network): 200 GET http://10.180.1.21/compute/v2.1/os-networks 2.134s
2025-04-10 17:55:26.107 69985 INFO tempest.lib.common.rest_client [req-0de259a4-2321-49d2-8c49-97c8fbc9eed5 req-0de259a4-2321-49d2-8c49-97c8fbc9eed5 ] Request (ServerGroupTestJSON:setUpClass): 201 POST http://10.180.1.21/identity/v3/projects 0.035s
2025-04-10 17:55:26.192 69933 INFO tempest.lib.common.rest_client [req-47ddbee5-ee52-4cda-8dba-8e18a7b26acd req-47ddbee5-ee52-4cda-8dba-8e18a7b26acd ] Request (InstanceUsageAuditLogNegativeTestJSON:test_instance_usage_audit_logs_with_nonadmin_user): 403 GET http://10.180.1.21/compute/v2.1/os-instance_usage_audit_log 2.140s
2025-04-10 17:55:26.218 69981 INFO tempest.lib.common.rest_client [req-f61d3ead-2793-4e85-bb4e-e79b494e3d85 req-f61d3ead-2793-4e85-bb4e-e79b494e3d85 ] Request (FlavorsExtraSpecsNegativeTestJSON:test_flavor_get_nonexistent_key): 404 GET http://10.180.1.21/compute/v2.1/flavors/804569958/os-extra_specs/hw:cpu_thread_policy 2.011s
2025-04-10 17:55:26.241 69985 INFO tempest.lib.common.rest_client [req-8c173d6e-c889-4ff6-b8a4-e2eeba79c2c9 req-8c173d6e-c889-4ff6-b8a4-e2eeba79c2c9 ] Request (ServerGroupTestJSON:setUpClass): 201 POST http://10.180.1.21/identity/v3/users 0.133s
2025-04-10 17:55:26.275 69985 INFO tempest.lib.common.rest_client [req-8a6bfd91-77ab-40f7-b50d-36648afdba86 req-8a6bfd91-77ab-40f7-b50d-36648afdba86 ] Request (ServerGroupTestJSON:setUpClass): 200 GET http://10.180.1.21/identity/v3/roles 0.033s
2025-04-10 17:55:26.302 69947 INFO tempest.lib.common.rest_client [req-210f2b25-70e4-4b9b-aae7-a3af68eabd41 req-210f2b25-70e4-4b9b-aae7-a3af68eabd41 ] Request (HostsAdminNegativeTestJSON:test_list_hosts_with_non_admin_user): 403 GET http://10.180.1.21/compute/v2.1/os-hosts 1.976s
2025-04-10 17:55:26.319 69985 INFO tempest.lib.common.rest_client [req-9b3ee374-76d3-4e1b-81be-6dec832a4cc7 req-9b3ee374-76d3-4e1b-81be-6dec832a4cc7 ] Request (ServerGroupTestJSON:setUpClass): 204 PUT http://10.180.1.21/identity/v3/projects/fe21cb0e00ed4c028c58182f469b967a/users/2e3931661b5448598674ed8827f9545b/roles/2fac047ff9714de1b549e8569292f2cd 0.044s
2025-04-10 17:55:26.319 69985 INFO tempest.lib.common.dynamic_creds [-] Dynamic test user 2e3931661b5448598674ed8827f9545b is created with scope project and roles: ['member']
2025-04-10 17:55:26.319 69985 INFO tempest.lib.common.dynamic_creds [-] Acquired dynamic creds: credentials: Credentials: {'domain_id': 'default', 'domain_name': 'Default', 'username': 'tempest-ServerGroupTestJSON-1577860602-project-member', 'project_domain_id': 'default', 'project_domain_name': 'Default', 'project_id': 'fe21cb0e00ed4c028c58182f469b967a', 'project_name': 'tempest-ServerGroupTestJSON-1577860602', 'tenant_id': 'fe21cb0e00ed4c028c58182f469b967a', 'tenant_name': 'tempest-ServerGroupTestJSON-1577860602', 'user_domain_id': 'default', 'user_domain_name': 'Default', 'user_id': '2e3931661b5448598674ed8827f9545b', 'system': None}, Network: None, Subnet: None, Router: None
2025-04-10 17:55:26.333 69963 INFO tempest.lib.common.rest_client [req-79e0b1bb-3ce6-46ff-8436-acb29277e1e5 req-79e0b1bb-3ce6-46ff-8436-acb29277e1e5 ] Request (AZAdminV2TestJSON:test_get_availability_zone_list_detail): 200 GET http://10.180.1.21/compute/v2.1/os-availability-zone/detail 1.850s
2025-04-10 17:55:26.344 69965 INFO tempest.lib.common.rest_client [req-65ee3345-f4ca-4b75-83cf-cb842f95143d req-65ee3345-f4ca-4b75-83cf-cb842f95143d ] Request (SecurityGroupsTestAdminJSON:test_list_security_groups_list_all_tenants_filter): 200 POST http://10.180.1.21/compute/v2.1/os-security-groups 1.971s
2025-04-10 17:55:26.374 69985 INFO tempest.lib.common.rest_client [req-780fa52f-9a68-4719-a655-d3e8d4fd3f72 req-780fa52f-9a68-4719-a655-d3e8d4fd3f72 ] Request (ServerGroupTestJSON:setUpClass): 201 POST http://10.180.1.21/identity/v3/auth/tokens 0.054s
2025-04-10 17:55:26.430 69971 INFO tempest.lib.common.rest_client [req-930a4ce1-d1cf-43ab-b1fe-63d8458e8d7c req-930a4ce1-d1cf-43ab-b1fe-63d8458e8d7c ] Request (FlavorMetadataValidation:test_flavor_update_with_custom_namespace): 200 POST http://10.180.1.21/compute/v2.1/flavors/342700046/os-extra_specs 1.752s
2025-04-10 17:55:26.433 69963 INFO tempest.lib.common.rest_client [req-bd7437d2-9f3b-429d-8c03-e8b2ef279bed req-bd7437d2-9f3b-429d-8c03-e8b2ef279bed ] Request (AZAdminV2TestJSON:tearDownClass): 204 DELETE http://10.180.1.21/identity/v3/users/3560984ec67d4f6b8cdae4dbf9ffd1bf 0.092s
2025-04-10 17:55:26.582 69967 INFO tempest.lib.common.rest_client [req-ad283f9b-243c-44d1-815c-2bfbec3bc16a req-ad283f9b-243c-44d1-815c-2bfbec3bc16a ] Request (QuotasAdminNegativeTest:test_create_server_when_cpu_quota_is_full): 200 PUT http://10.180.1.21/compute/v2.1/os-quota-sets/3678aedb479748a99e52d011d6f41255 1.729s
2025-04-10 17:55:26.583 69953 INFO tempest.lib.common.rest_client [req-b7ddc4fc-6649-4bcd-a30f-a56f1e1edd41 req-b7ddc4fc-6649-4bcd-a30f-a56f1e1edd41 ] Request (FlavorsV2NegativeTest:test_boot_with_low_ram): 200 GET http://10.180.1.21/compute/v2.1/flavors/42 1.726s
2025-04-10 17:55:26.609 69963 INFO tempest.lib.common.rest_client [req-cb5d5ebf-0c5a-43c0-8cae-917bc8f86536 req-cb5d5ebf-0c5a-43c0-8cae-917bc8f86536 ] Request (AZAdminV2TestJSON:tearDownClass): 204 DELETE http://10.180.1.21/identity/v3/users/a8e167f1d9c141a39c7abb6072f768a9 0.175s
2025-04-10 17:55:26.610 69963 INFO tempest.lib.common.dynamic_creds [-] Deleting project and security group for project: 5b53b4e392364c668ceb0a48c432a67b
2025-04-10 17:55:26.664 69967 INFO tempest.lib.common.rest_client [req-395ac512-a5cc-41e0-b746-c01901cf6686 req-395ac512-a5cc-41e0-b746-c01901cf6686 ] Request (QuotasAdminNegativeTest:test_create_server_when_cpu_quota_is_full): 201 POST http://10.180.1.21/identity/v3/auth/tokens 0.072s
2025-04-10 17:55:26.665 69967 INFO tempest.lib.common.fixed_network [-] (QuotasAdminNegativeTest:test_create_server_when_cpu_quota_is_full) Found network None available for tenant
2025-04-10 17:55:26.705 69963 INFO tempest.lib.common.rest_client [req-362cd242-d01e-454d-be69-04895956b0a6 req-362cd242-d01e-454d-be69-04895956b0a6 ] Request (AZAdminV2TestJSON:tearDownClass): 201 POST http://10.180.1.21/identity/v3/auth/tokens 0.095s
2025-04-10 17:55:26.735 69955 INFO tempest.lib.common.rest_client [req-cb4ce288-aa39-45c8-bc88-d7e5a1444f43 req-cb4ce288-aa39-45c8-bc88-d7e5a1444f43 ] Request (DeleteServersAdminTestJSON:test_admin_delete_servers_of_others): 200 GET http://10.180.1.21/compute/v2.1/servers/e1532c44-8375-47c5-a45a-9ce2e4db31bc 1.750s
2025-04-10 17:55:26.763 69929 INFO tempest.lib.common.rest_client [req-8dba72b0-0309-4f81-af32-4ea95a400382 req-8dba72b0-0309-4f81-af32-4ea95a400382 ] Request (FlavorsExtraSpecsTestJSON:test_flavor_non_admin_get_specific_key): 200 POST http://10.180.1.21/compute/v2.1/flavors/2002928861/os-extra_specs 1.470s
2025-04-10 17:55:26.802 69949 INFO tempest.lib.common.rest_client [req-0794c496-fb29-47e8-b1bb-c588152702c0 req-0794c496-fb29-47e8-b1bb-c588152702c0 ] Request (QuotasAdminTestV236:test_get_updated_quotas): 200 GET http://10.180.1.21/compute/v2.1/os-quota-sets/ab09baa016ba4cddb33e06109f5a4931/detail 1.703s
