2025-04-10 17:55:36.938 69977 INFO tempest.lib.common.rest_client [req-1aaef4e5-310a-4e50-abbe-21d3f6fb59a4 req-1aaef4e5-310a-4e50-abbe-21d3f6fb59a4 ] Request (QuotasAdminTestV257:test_get_updated_quotas): 200 GET http://10.180.1.21/compute/v2.1/os-quota-sets/fd75315ec6a0405089a7384cdcb1795a/detail 2.302s
2025-04-10 17:55:36.960 69933 INFO tempest.lib.common.rest_client [req-8528b4c9-121e-4df6-b8eb-b2cfcf3f3961 req-8528b4c9-121e-4df6-b8eb-b2cfcf3f3961 ] Request (ServicesAdminNegativeTestJSON:test_get_service_by_invalid_params): 200 GET http://10.180.1.21/compute/v2.1/os-services?xxx=nova-compute 1.906s
2025-04-10 17:55:36.973 69977 INFO tempest.lib.common.rest_client [req-88a2006f-5460-4c44-86ab-80493ee8ed50 req-88a2006f-5460-4c44-86ab-80493ee8ed50 ] Request (QuotasAdminTestV257:test_get_updated_quotas): 200 GET http://10.180.1.21/identity/v3/domains?name=Default 0.028s
2025-04-10 17:55:36.986 69979 INFO tempest.lib.common.rest_client [req-4630ea81-6830-4aca-b2b5-47be1b527a6e req-4630ea81-6830-4aca-b2b5-47be1b527a6e ] Request (ServersWithSpecificFlavorTestJSON:test_verify_created_server_ephemeral_disk): 200 POST http://10.180.1.21/compute/v2.1/flavors 1.906s
2025-04-10 17:55:36.998 69985 INFO tempest.lib.common.rest_client [req-f94cb37a-3328-40ca-87f5-a587d9e5aabb req-f94cb37a-3328-40ca-87f5-a587d9e5aabb ] Request (ServerGroupTestJSON:test_create_delete_multiple_server_groups_with_same_name_policy): 200 POST http://10.180.1.21/compute/v2.1/os-server-groups 2.106s
2025-04-10 17:55:37.009 69977 INFO tempest.lib.common.rest_client [req-4c6437a2-4677-4c06-b32d-0461057a0b31 req-4c6437a2-4677-4c06-b32d-0461057a0b31 ] Request (QuotasAdminTestV257:test_get_updated_quotas): 201 POST http://10.180.1.21/identity/v3/users 0.035s
2025-04-10 17:55:37.011 69929 INFO tempest.lib.common.rest_client [req-97b86c22-0b18-4d7a-97f3-a19412473d9c req-97b86c22-0b18-4d7a-97f3-a19412473d9c ] Request (FlavorsExtraSpecsTestJSON:test_flavor_set_get_update_show_unset_keys): 200 DELETE http://10.180.1.21/compute/v2.1/flavors/2002928861/os-extra_specs/hw:numa_nodes 1.918s
2025-04-10 17:55:37.027 69923 INFO tempest.lib.common.rest_client [req-acf62c95-c5e7-46d4-b8fb-ca6304319003 req-acf62c95-c5e7-46d4-b8fb-ca6304319003 ] Request (FlavorsAdminTestJSON:_run_cleanups): 202 DELETE http://10.180.1.21/compute/v2.1/flavors/2036192155 1.755s
2025-04-10 17:55:37.034 69977 INFO tempest.lib.common.rest_client [req-fe462c74-3b54-4aec-8dfd-c3a57e0ed592 req-fe462c74-3b54-4aec-8dfd-c3a57e0ed592 ] Request (QuotasAdminTestV257:test_get_updated_quotas): 200 GET http://10.180.1.21/identity/v3/domains?name=Default 0.025s
2025-04-10 17:55:37.056 69963 INFO tempest.lib.common.rest_client [req-ccbaee87-98f9-4099-ac6d-05e6b063db08 req-ccbaee87-98f9-4099-ac6d-05e6b063db08 ] Request (ServersAdminTestJSON:setUpClass): 200 PUT http://10.180.1.21:9696/networking/v2.0/routers/98ff2b08-03a9-4f9b-9baf-acf96c2a49f4/add_router_interface 3.300s
2025-04-10 17:55:37.056 69963 INFO tempest.lib.common.dynamic_creds [-] Created isolated network resources for: credentials: Credentials: {'domain_id': 'default', 'domain_name': 'Default', 'username': 'tempest-ServersAdminTestJSON-989319718-project-member', 'project_domain_id': 'default', 'project_domain_name': 'Default', 'project_id': '142a85c57f0141cf836159bafdf49cce', 'project_name': 'tempest-ServersAdminTestJSON-989319718', 'tenant_id': '142a85c57f0141cf836159bafdf49cce', 'tenant_name': 'tempest-ServersAdminTestJSON-989319718', 'user_domain_id': 'default', 'user_domain_name': 'Default', 'user_id': 'bacfd84ff30c461b89ac12c3cf7cc430', 'system': None}, Network: {'id': 'c567aaf4-045c-455b-beaf-54d9c0509047', 'name': 'tempest-ServersAdminTestJSON-1959195711-network', 'tenant_id': '142a85c57f0141cf836159bafdf49cce', 'admin_state_up': True, 'mtu': 8950, 'status': 'ACTIVE', 'subnets': [], 'shared': False, 'project_id': '142a85c57f0141cf836159bafdf49cce', 'port_security_enabled': True, 'router:external': False, 'provider:network_type': 'vlan', 'provider:physical_network': 'default', 'provider:segmentation_id': 526, 'availability_zone_hints': [], 'availability_zones': [], 'ipv4_address_scope': None, 'ipv6_address_scope': None, 'description': '', 'tags': [], 'created_at': '2025-04-10T17:55:30Z', 'updated_at': '2025-04-10T17:55:30Z', 'revision_number': 1}, Subnet: {'id': '271c3912-8cc0-44b0-bb90-33b73521e234', 'name': 'tempest-ServersAdminTestJSON-1959195711-subnet', 'tenant_id': '142a85c57f0141cf836159bafdf49cce', 'network_id': 'c567aaf4-045c-455b-beaf-54d9c0509047', 'ip_version': 4, 'subnetpool_id': None, 'enable_dhcp': True, 'ipv6_ra_mode': None, 'ipv6_address_mode': None, 'gateway_ip': '192.168.128.1', 'cidr': '192.168.128.0/28', 'allocation_pools': [{'start': '192.168.128.2', 'end': '192.168.128.14'}], 'host_routes': [], 'dns_nameservers': [], 'description': '', 'router:external': False, 'service_types': [], 'tags': [], 'created_at': '2025-04-10T17:55:30Z', 'updated_at': '2025-04-10T17:55:30Z', 'revision_number': 0, 'project_id': '142a85c57f0141cf836159bafdf49cce'}, Router: {'id': '98ff2b08-03a9-4f9b-9baf-acf96c2a49f4', 'name': 'tempest-ServersAdminTestJSON-1959195711-router', 'tenant_id': '142a85c57f0141cf836159bafdf49cce', 'admin_state_up': True, 'status': 'ACTIVE', 'external_gateway_info': {'network_id': '92ee455f-6dce-483d-9b02-870a8dde61ef', 'external_fixed_ips': [{'subnet_id': '6774d8e7-4c33-414f-8d9c-74a9c6123958', 'ip_address': '10.180.180.231'}], 'enable_snat': True}, 'description': '', 'availability_zones': [], 'distributed': False, 'ha': False, 'availability_zone_hints': [], 'routes': [], 'flavor_id': None, 'tags': [], 'created_at': '2025-04-10T17:55:31Z', 'updated_at': '2025-04-10T17:55:32Z', 'revision_number': 2, 'project_id': '142a85c57f0141cf836159bafdf49cce'}
2025-04-10 17:55:37.093 69959 INFO tempest.lib.common.rest_client [req-7e73344c-418a-45e2-a7de-198f6780815d req-7e73344c-418a-45e2-a7de-198f6780815d ] Request (AggregatesAdminNegativeTestJSON:test_aggregate_add_host_as_user): 403 POST http://10.180.1.21/compute/v2.1/os-aggregates/2/action 1.799s
2025-04-10 17:55:37.099 69931 INFO tempest.lib.common.rest_client [req-c9f96e1e-0c66-4a3a-bc0d-2853a09fd872 req-c9f96e1e-0c66-4a3a-bc0d-2853a09fd872 ] Request (HypervisorAdminNegativeTestJSON:test_show_nonexistent_hypervisor): 404 GET http://10.180.1.21/compute/v2.1/os-hypervisors/26352325-eb55-4ce3-8baf-00d00db77cf9 1.804s
2025-04-10 17:55:37.102 69971 INFO tempest.lib.common.rest_client [req-6aa61539-7974-47a5-a31a-91ae6ca0f016 req-6aa61539-7974-47a5-a31a-91ae6ca0f016 ] Request (HypervisorAdminV228Test:test_get_list_hypervisor_details): 200 GET http://10.180.1.21/compute/v2.1/os-hypervisors 1.913s
2025-04-10 17:55:37.163 69963 INFO tempest.lib.common.rest_client [req-d379d835-ee81-43a4-85dc-33358ff0d59d req-d379d835-ee81-43a4-85dc-33358ff0d59d ] Request (ServersAdminTestJSON:setUpClass): 201 POST http://10.180.1.21/identity/v3/auth/tokens 0.099s
2025-04-10 17:55:37.199 69949 INFO tempest.lib.common.rest_client [req-59926910-0282-443c-baa6-c883792515e6 req-59926910-0282-443c-baa6-c883792515e6 ] Request (ImagesMetadataNegativeTestJSON:test_delete_nonexistent_image_metadata_item): 404 DELETE http://10.180.1.21/compute/v2.1/images/a32083e0-b61b-4fde-bb92-69b013a54e3c/metadata/os_distro 1.870s
2025-04-10 17:55:37.204 69963 INFO tempest.lib.common.rest_client [req-3b5592de-8ef9-4a24-900a-5c625de7d44d req-3b5592de-8ef9-4a24-900a-5c625de7d44d ] Request (ServersAdminTestJSON:setUpClass): 201 POST http://10.180.1.21/identity/v3/projects 0.041s
2025-04-10 17:55:37.207 69937 INFO tempest.lib.common.rest_client [req-bfc53ea0-9295-4376-bf45-a7cdd2e9feca req-bfc53ea0-9295-4376-bf45-a7cdd2e9feca ] Request (ServersV294TestFqdnHostnames:setUpClass): 201 POST http://10.180.1.21:9696/networking/v2.0/subnets 0.530s
2025-04-10 17:55:37.245 69945 INFO tempest.lib.common.rest_client [req-4c768bcd-4e6c-485d-8157-734177eccf56 req-4c768bcd-4e6c-485d-8157-734177eccf56 ] Request (ServersTestMultiNic:test_verify_duplicate_network_nics): 200 GET http://10.180.1.21/compute/v2.1/servers/d4738b86-37de-4b21-8059-223321cd0102 1.053s
2025-04-10 17:55:37.246 69931 INFO tempest.lib.common.rest_client [req-62b5ad2e-3c76-48af-a9e1-67afca42e5f5 req-62b5ad2e-3c76-48af-a9e1-67afca42e5f5 ] Request (HypervisorAdminNegativeTestJSON:tearDownClass): 204 DELETE http://10.180.1.21/identity/v3/users/f8677b21d3bd48fa91af12f581498cee 0.141s
2025-04-10 17:55:37.307 69963 INFO tempest.lib.common.rest_client [req-a20c64bf-eaf6-452a-a1af-3c91331208c1 req-a20c64bf-eaf6-452a-a1af-3c91331208c1 ] Request (ServersAdminTestJSON:setUpClass): 201 POST http://10.180.1.21/identity/v3/users 0.102s
2025-04-10 17:55:37.337 69963 INFO tempest.lib.common.rest_client [req-7d12c614-d959-48b2-bf45-d8ea03ef94f1 req-7d12c614-d959-48b2-bf45-d8ea03ef94f1 ] Request (ServersAdminTestJSON:setUpClass): 200 GET http://10.180.1.21/identity/v3/roles 0.029s
2025-04-10 17:55:37.355 69931 INFO tempest.lib.common.rest_client [req-221cd1a0-c3ac-4412-8b4a-c911393cea4c req-221cd1a0-c3ac-4412-8b4a-c911393cea4c ] Request (HypervisorAdminNegativeTestJSON:tearDownClass): 204 DELETE http://10.180.1.21/identity/v3/users/9fc6d18a73e34c0684132b1d209ea019 0.108s
2025-04-10 17:55:37.356 69931 INFO tempest.lib.common.dynamic_creds [-] Deleting project and security group for project: a86f1ea2dac846e8a7179ee678f94163
2025-04-10 17:55:37.364 69961 INFO tempest.lib.common.rest_client [req-693d0aec-9777-426c-868a-959bbc3e3200 req-693d0aec-9777-426c-868a-959bbc3e3200 ] Request (ServersAaction247Test:test_create_backup): 200 GET http://10.180.1.21/compute/v2.1/servers/48b3c863-ab71-42ce-ab98-25b520c86a52 1.043s
2025-04-10 17:55:37.384 69955 INFO tempest.lib.common.rest_client [req-d6ab2ba5-fa49-44e4-a772-76b9dacb7caf req-d6ab2ba5-fa49-44e4-a772-76b9dacb7caf ] Request (DeleteServersAdminTestJSON:test_admin_delete_servers_of_others): 200 GET http://10.180.1.21/compute/v2.1/servers/e1532c44-8375-47c5-a45a-9ce2e4db31bc 1.145s
2025-04-10 17:55:37.409 69963 INFO tempest.lib.common.rest_client [req-a3b303fb-aae0-4ce3-a18e-30aa54fcd6b6 req-a3b303fb-aae0-4ce3-a18e-30aa54fcd6b6 ] Request (ServersAdminTestJSON:setUpClass): 204 PUT http://10.180.1.21/identity/v3/projects/fd311023452a4d78ac2e887f22a27491/users/31325b096fad4f798a87e69b7a87b986/roles/a62dbe4f202e4af592ca049476dfe5b0 0.072s
2025-04-10 17:55:37.427 69969 INFO tempest.lib.common.rest_client [req-1481cb90-38c1-4907-96aa-477e1f31fdf2 req-1481cb90-38c1-4907-96aa-477e1f31fdf2 ] Request (ListImageFiltersTestJSON:setUpClass): 200 GET http://10.180.1.21/compute/v2.1/images/2658a411-8bb7-4f2c-a830-9546a6d82970 0.883s
2025-04-10 17:55:37.448 69931 INFO tempest.lib.common.rest_client [req-16b55bda-0b98-4051-84ae-1957fea70b4e req-16b55bda-0b98-4051-84ae-1957fea70b4e ] Request (HypervisorAdminNegativeTestJSON:tearDownClass): 201 POST http://10.180.1.21/identity/v3/auth/tokens 0.092s
2025-04-10 17:55:37.473 69963 INFO tempest.lib.common.rest_client [req-31e0ae9a-54d1-4733-9089-248f7dcbb25c req-31e0ae9a-54d1-4733-9089-248f7dcbb25c ] Request (ServersAdminTestJSON:setUpClass): 200 GET http://10.180.1.21/identity/v3/roles 0.063s
2025-04-10 17:55:37.618 69951 INFO tempest.lib.common.rest_client [req-9c99312c-fce8-4701-a9de-0a858df28c90 req-9c99312c-fce8-4701-a9de-0a858df28c90 ] Request (VolumesAssistedSnapshotsTest:test_volume_assisted_snapshot_create_delete): 200 POST http://10.180.1.21/compute/v2.1/os-keypairs 0.910s
2025-04-10 17:55:37.647 69963 INFO tempest.lib.common.rest_client [req-830c6d4a-c2d6-459c-ac48-1370dfcd2953 req-830c6d4a-c2d6-459c-ac48-1370dfcd2953 ] Request (ServersAdminTestJSON:setUpClass): 204 PUT http://10.180.1.21/identity/v3/projects/fd311023452a4d78ac2e887f22a27491/users/31325b096fad4f798a87e69b7a87b986/roles/a62dbe4f202e4af592ca049476dfe5b0 0.173s
2025-04-10 17:55:37.647 69963 INFO tempest.lib.common.dynamic_creds [-] Dynamic test user 31325b096fad4f798a87e69b7a87b986 is created with scope project and roles: ['admin']
2025-04-10 17:55:37.647 69963 INFO tempest.lib.common.dynamic_creds [-] Acquired dynamic creds: credentials: Credentials: {'domain_id': 'default', 'domain_name': 'Default', 'username': 'tempest-ServersAdminTestJSON-380026603-project-admin', 'project_domain_id': 'default', 'project_domain_name': 'Default', 'project_id': 'fd311023452a4d78ac2e887f22a27491', 'project_name': 'tempest-ServersAdminTestJSON-380026603', 'tenant_id': 'fd311023452a4d78ac2e887f22a27491', 'tenant_name': 'tempest-ServersAdminTestJSON-380026603', 'user_domain_id': 'default', 'user_domain_name': 'Default', 'user_id': '31325b096fad4f798a87e69b7a87b986', 'system': None}, Network: None, Subnet: None, Router: None
2025-04-10 17:55:37.650 69967 INFO tempest.lib.common.rest_client [req-e481c327-0478-4937-a3b5-054efb5168e5 req-e481c327-0478-4937-a3b5-054efb5168e5 ] Request (QuotasAdminNegativeTest:_run_cleanups): 200 PUT http://10.180.1.21/compute/v2.1/os-quota-sets/3678aedb479748a99e52d011d6f41255 1.142s
2025-04-10 17:55:37.671 69941 INFO tempest.lib.common.rest_client [req-8797ff6b-d239-4106-b8e4-61724f577433 req-8797ff6b-d239-4106-b8e4-61724f577433 ] Request (FlavorsAccessTestJSON:test_flavor_access_list_with_private_flavor): 200 GET http://10.180.1.21/compute/v2.1/flavors/1568024686/os-flavor-access 0.859s
2025-04-10 17:55:37.681 69981 INFO tempest.lib.common.rest_client [req-41e3eb5b-dc1c-4add-92ab-e649baf8f257 req-41e3eb5b-dc1c-4add-92ab-e649baf8f257 ] Request (FlavorsExtraSpecsNegativeTestJSON:test_flavor_update_mismatch_key): 400 PUT http://10.180.1.21/compute/v2.1/flavors/804569958/os-extra_specs/hw:numa_nodes 0.854s
2025-04-10 17:55:37.972 69969 INFO tempest.lib.common.rest_client [req-35cbb3ba-98e3-45f6-8193-9d62a06ebd7c req-35cbb3ba-98e3-45f6-8193-9d62a06ebd7c ] Request (ListImageFiltersTestJSON:setUpClass): 201 POST http://10.180.1.21/image/v2/images 0.540s
2025-04-10 17:55:38.173 69983 INFO tempest.lib.common.rest_client [req-69c90953-aaab-4cb3-bcc2-4d9213aee6fe req-69c90953-aaab-4cb3-bcc2-4d9213aee6fe ] Request (AttachVolumeTestJSON:setUpClass): 201 POST http://10.180.1.21:9696/networking/v2.0/routers 1.994s
2025-04-10 17:55:38.205 69973 INFO tempest.lib.common.rest_client [req-840fb70b-2aa5-4440-a677-44a80ad7bbeb req-840fb70b-2aa5-4440-a677-44a80ad7bbeb ] Request (ServerDiskConfigTestJSON:test_rebuild_server_with_auto_disk_config): 200 GET http://10.180.1.21/compute/v2.1/servers/2158184f-4388-4f1f-a599-e9a0745506b1 1.438s
2025-04-10 17:55:38.211 69947 INFO tempest.lib.common.rest_client [req-8433c967-fc1d-4486-89b4-55f1e06ef25b req-8433c967-fc1d-4486-89b4-55f1e06ef25b ] Request (HostsAdminNegativeTestJSON:test_startup_host_with_non_admin_user): 403 GET http://10.180.1.21/compute/v2.1/os-hosts/devstack/startup 1.288s
2025-04-10 17:55:38.230 69927 INFO tempest.lib.common.rest_client [req-5cf42984-8a39-4fdf-bdae-bec1ac43be9c req-5cf42984-8a39-4fdf-bdae-bec1ac43be9c ] Request (FlavorsAccessNegativeTestJSON:_run_cleanups): 202 DELETE http://10.180.1.21/compute/v2.1/flavors/584872774 1.295s
2025-04-10 17:55:38.342 69951 INFO tempest.lib.common.rest_client [req-42256a83-c178-4495-9593-ec9b845a7cdc req-42256a83-c178-4495-9593-ec9b845a7cdc ] Request (VolumesAssistedSnapshotsTest:test_volume_assisted_snapshot_create_delete): 201 POST http://10.180.1.21:9696/networking/v2.0/security-groups 0.720s
2025-04-10 17:55:38.420 69931 INFO tempest.lib.common.rest_client [req-c9c21944-7b40-4567-8a06-50f1a3a60368 req-c9c21944-7b40-4567-8a06-50f1a3a60368 ] Request (HypervisorAdminNegativeTestJSON:tearDownClass): 200 GET http://10.180.1.21:9696/networking/v2.0/security-groups?tenant_id=a86f1ea2dac846e8a7179ee678f94163&name=default 0.972s
2025-04-10 17:55:38.430 69965 INFO tempest.lib.common.rest_client [req-424fa2ed-b848-4523-b058-923e66ae04dc req-424fa2ed-b848-4523-b058-923e66ae04dc ] Request (SecurityGroupsTestAdminJSON:_run_cleanups): 202 DELETE http://10.180.1.21/compute/v2.1/os-security-groups/0873af3e-51b3-4c6f-9f6f-7f896af9cb16 1.516s
2025-04-10 17:55:38.454 69933 INFO tempest.lib.common.rest_client [req-7719db9d-ea39-4080-85cc-2c387b4a4663 req-7719db9d-ea39-4080-85cc-2c387b4a4663 ] Request (ServicesAdminNegativeTestJSON:test_get_service_by_invalid_service_and_valid_host): 200 GET http://10.180.1.21/compute/v2.1/os-services 1.490s
2025-04-10 17:55:38.471 69979 INFO tempest.lib.common.rest_client [req-7e341125-4dff-4eb7-b6f1-04fbb6e24c53 req-7e341125-4dff-4eb7-b6f1-04fbb6e24c53 ] Request (ServersWithSpecificFlavorTestJSON:test_verify_created_server_ephemeral_disk): 200 GET http://10.180.1.21/compute/v2.1/flavors/42/os-extra_specs 1.482s
2025-04-10 17:55:38.538 69935 INFO tempest.lib.common.rest_client [req-62c46635-c0e1-4510-9b56-28ab7159e2f4 req-62c46635-c0e1-4510-9b56-28ab7159e2f4 ] Request (TenantUsagesTestJSON:setUpClass): 200 GET http://10.180.1.21/compute/v2.1/servers/0e07e52b-473c-4319-bdd3-9c932716648c 1.579s
2025-04-10 17:55:38.562 69985 INFO tempest.lib.common.rest_client [req-8c80384d-6f1d-4de5-a872-de7a4c0cbff3 req-8c80384d-6f1d-4de5-a872-de7a4c0cbff3 ] Request (ServerGroupTestJSON:test_create_delete_multiple_server_groups_with_same_name_policy): 200 POST http://10.180.1.21/compute/v2.1/os-server-groups 1.562s
2025-04-10 17:55:38.573 69929 INFO tempest.lib.common.rest_client [req-d9f5218b-d03b-4da4-a6a2-54221712833a req-d9f5218b-d03b-4da4-a6a2-54221712833a ] Request (FlavorsExtraSpecsTestJSON:test_flavor_set_get_update_show_unset_keys): 200 DELETE http://10.180.1.21/compute/v2.1/flavors/2002928861/os-extra_specs/hw:cpu_policy 1.561s
2025-04-10 17:55:38.602 69923 INFO tempest.lib.common.rest_client [req-4cffbbd0-22ba-419d-b1a7-101685ca619c req-4cffbbd0-22ba-419d-b1a7-101685ca619c ] Request (FlavorsAdminTestJSON:_run_cleanups): 200 GET http://10.180.1.21/compute/v2.1/flavors/detail 1.574s
2025-04-10 17:55:38.752 69963 INFO tempest.lib.common.rest_client [req-d63ed200-3b3c-4ab9-88de-0520a4a02cf3 req-d63ed200-3b3c-4ab9-88de-0520a4a02cf3 ] Request (ServersAdminTestJSON:setUpClass): 201 POST http://10.180.1.21:9696/networking/v2.0/networks 1.104s
2025-04-10 17:55:38.773 69931 INFO tempest.lib.common.rest_client [req-0aac0f21-8e54-449c-8c31-81e7ffde485e req-0aac0f21-8e54-449c-8c31-81e7ffde485e ] Request (HypervisorAdminNegativeTestJSON:tearDownClass): 204 DELETE http://10.180.1.21:9696/networking/v2.0/security-groups/bbb55083-99f1-4eb3-8bb4-123c49148ab1 0.352s
2025-04-10 17:55:38.777 69951 INFO tempest.lib.common.rest_client [req-272fdc13-a399-4e9c-8b9c-566ac111ced4 req-272fdc13-a399-4e9c-8b9c-566ac111ced4 ] Request (VolumesAssistedSnapshotsTest:test_volume_assisted_snapshot_create_delete): 201 POST http://10.180.1.21:9696/networking/v2.0/security-group-rules 0.434s
2025-04-10 17:55:38.850 69977 INFO tempest.lib.common.rest_client [req-36f6c9a4-310c-4850-b725-657cb6f3c138 req-36f6c9a4-310c-4850-b725-657cb6f3c138 ] Request (QuotasAdminTestV257:test_get_updated_quotas): 200 PUT http://10.180.1.21/compute/v2.1/os-quota-sets/fd75315ec6a0405089a7384cdcb1795a?user_id=8418252201584d05af193d8c18333eb1 1.814s
2025-04-10 17:55:38.870 69953 INFO tempest.lib.common.rest_client [req-0a66ae18-07af-4fd6-936c-48644ebdcce1 req-0a66ae18-07af-4fd6-936c-48644ebdcce1 ] Request (FloatingIPsTestJSON:setUpClass): 201 POST http://10.180.1.21:9696/networking/v2.0/routers 2.483s
2025-04-10 17:55:38.873 69959 INFO tempest.lib.common.rest_client [req-45a2d0b6-fa68-4002-9a09-0e6b4203537b req-45a2d0b6-fa68-4002-9a09-0e6b4203537b ] Request (AggregatesAdminNegativeTestJSON:_run_cleanups): 200 DELETE http://10.180.1.21/compute/v2.1/os-aggregates/2 1.779s
2025-04-10 17:55:38.906 69971 INFO tempest.lib.common.rest_client [req-16c036d1-373e-4604-a93a-2aaa5ee96d82 req-16c036d1-373e-4604-a93a-2aaa5ee96d82 ] Request (HypervisorAdminV228Test:test_get_list_hypervisor_details): 200 GET http://10.180.1.21/compute/v2.1/os-hypervisors/1 1.802s
2025-04-10 17:55:38.909 69957 INFO tempest.lib.common.rest_client [req-629688e3-5c6e-499e-a751-575198c965d0 req-629688e3-5c6e-499e-a751-575198c965d0 ] Request (ImagesOneServerNegativeTestJSON:setUpClass): 200 GET http://10.180.1.21/compute/v2.1/servers/125f9d45-bd7d-48a6-b7af-33325fe6b83a 1.889s
2025-04-10 17:55:38.924 69957 INFO tempest.common.waiters [-] State transition "BUILD/networking" ==> "BUILD/spawning" after 11 second wait
2025-04-10 17:55:38.935 69949 INFO tempest.lib.common.rest_client [req-5fc7bca0-bf06-44bc-a208-a7ef729f3879 req-5fc7bca0-bf06-44bc-a208-a7ef729f3879 ] Request (ImagesMetadataNegativeTestJSON:test_get_nonexistent_image_metadata_item): 404 GET http://10.180.1.21/compute/v2.1/images/30a2ba94-2f12-4c36-a43d-84adb3c6194b/metadata/os_version 1.733s
2025-04-10 17:55:38.947 69931 INFO tempest.lib.common.rest_client [req-c9e478ee-3b04-4733-89fc-4a045c94b8ca req-c9e478ee-3b04-4733-89fc-4a045c94b8ca ] Request (HypervisorAdminNegativeTestJSON:tearDownClass): 204 DELETE http://10.180.1.21/identity/v3/projects/a86f1ea2dac846e8a7179ee678f94163 0.173s
2025-04-10 17:55:38.947 69931 INFO tempest.lib.common.dynamic_creds [-] Deleting project and security group for project: 0b9750e3da4943f89cc8ce2db8547845
2025-04-10 17:55:38.959 69941 INFO tempest.lib.common.rest_client [req-4f8b1a39-0ea2-4335-a39d-bcc7dd3707c6 req-4f8b1a39-0ea2-4335-a39d-bcc7dd3707c6 ] Request (FlavorsAccessTestJSON:_run_cleanups): 202 DELETE http://10.180.1.21/compute/v2.1/flavors/1568024686 1.286s
2025-04-10 17:55:38.964 69981 INFO tempest.lib.common.rest_client [req-3364a0b6-336e-4566-8de3-2271b6b5a6b1 req-3364a0b6-336e-4566-8de3-2271b6b5a6b1 ] Request (FlavorsExtraSpecsNegativeTestJSON:test_flavor_update_more_key): 400 PUT http://10.180.1.21/compute/v2.1/flavors/804569958/os-extra_specs/hw:numa_nodes 1.280s
2025-04-10 17:55:39.081 69971 INFO tempest.lib.common.rest_client [req-a846d41f-e94a-4bb5-901a-da584d08a9fa req-a846d41f-e94a-4bb5-901a-da584d08a9fa ] Request (HypervisorAdminV228Test:tearDownClass): 204 DELETE http://10.180.1.21/identity/v3/users/8f33b9aa764f4eb8b35b0c7749c92d6a 0.165s
2025-04-10 17:55:39.117 69951 INFO tempest.lib.common.rest_client [req-2ac658c7-2d62-4558-85c2-6b0de2e238d4 req-2ac658c7-2d62-4558-85c2-6b0de2e238d4 ] Request (VolumesAssistedSnapshotsTest:test_volume_assisted_snapshot_create_delete): 201 POST http://10.180.1.21:9696/networking/v2.0/security-group-rules 0.338s
2025-04-10 17:55:39.118 69967 INFO tempest.lib.common.rest_client [req-dfcb1d74-93c6-44f8-b1a8-3906cc97214b req-dfcb1d74-93c6-44f8-b1a8-3906cc97214b ] Request (QuotasAdminNegativeTest:test_create_server_when_memory_quota_is_full): 200 GET http://10.180.1.21/compute/v2.1/os-quota-sets/3678aedb479748a99e52d011d6f41255 1.459s
2025-04-10 17:55:39.160 69947 INFO tempest.lib.common.rest_client [req-a5084357-73f6-4c90-ab29-7817de7446af req-a5084357-73f6-4c90-ab29-7817de7446af ] Request (HostsAdminNegativeTestJSON:test_startup_nonexistent_host): 404 GET http://10.180.1.21/compute/v2.1/os-hosts/nonexistent_hostname/startup 0.947s
2025-04-10 17:55:39.181 69937 INFO tempest.lib.common.rest_client [req-febc73aa-221d-45c4-a8cc-e866a1a2b7d4 req-febc73aa-221d-45c4-a8cc-e866a1a2b7d4 ] Request (ServersV294TestFqdnHostnames:setUpClass): 201 POST http://10.180.1.21:9696/networking/v2.0/routers 1.973s
2025-04-10 17:55:39.203 69927 INFO tempest.lib.common.rest_client [req-5ae2cc62-9d78-4d67-957a-883c79073415 req-5ae2cc62-9d78-4d67-957a-883c79073415 ] Request (FlavorsAccessNegativeTestJSON:_run_cleanups): 200 GET http://10.180.1.21/compute/v2.1/flavors/detail 0.972s
2025-04-10 17:55:39.245 69943 INFO tempest.lib.common.rest_client [req-85709af3-a273-403c-a2d7-2c1978452395 req-85709af3-a273-403c-a2d7-2c1978452395 ] Request (SecurityGroupsTestJSON:test_list_security_groups_by_server): 200 GET http://10.180.1.21/compute/v2.1/servers/06da14df-c30e-4c8b-821f-7de5fc5019a6 1.442s
2025-04-10 17:55:39.301 69931 INFO tempest.lib.common.rest_client [req-c9aaec63-beb0-4a46-8313-6ff23f1a2f58 req-c9aaec63-beb0-4a46-8313-6ff23f1a2f58 ] Request (HypervisorAdminNegativeTestJSON:tearDownClass): 200 GET http://10.180.1.21:9696/networking/v2.0/security-groups?tenant_id=0b9750e3da4943f89cc8ce2db8547845&name=default 0.354s
2025-04-10 17:55:39.307 69945 INFO tempest.lib.common.rest_client [req-050465fa-b435-4615-81d2-da7908ba05cb req-050465fa-b435-4615-81d2-da7908ba05cb ] Request (ServersTestMultiNic:test_verify_duplicate_network_nics): 200 GET http://10.180.1.21/compute/v2.1/servers/d4738b86-37de-4b21-8059-223321cd0102 1.052s
2025-04-10 17:55:39.317 69975 INFO tempest.lib.common.rest_client [req-d1312186-5ecb-4268-a818-427aa18b9c79 req-d1312186-5ecb-4268-a818-427aa18b9c79 ] Request (FloatingIPsAssociationNegativeTestJSON:setUpClass): 200 PUT http://10.180.1.21:9696/networking/v2.0/routers/862ce635-fdad-452c-897b-fe350ace00f7/add_router_interface 2.507s
2025-04-10 17:55:39.318 69975 INFO tempest.lib.common.dynamic_creds [-] Created isolated network resources for: credentials: Credentials: {'domain_id': 'default', 'domain_name': 'Default', 'username': 'tempest-FloatingIPsAssociationNegativeTestJSON-1300106829-project-member', 'project_domain_id': 'default', 'project_domain_name': 'Default', 'project_id': '3786fb47d6e44087aba5bee3910d1efe', 'project_name': 'tempest-FloatingIPsAssociationNegativeTestJSON-1300106829', 'tenant_id': '3786fb47d6e44087aba5bee3910d1efe', 'tenant_name': 'tempest-FloatingIPsAssociationNegativeTestJSON-1300106829', 'user_domain_id': 'default', 'user_domain_name': 'Default', 'user_id': '120c7da3c3ab4f22a412ba6d12f1c97c', 'system': None}, Network: {'id': '6da66951-b129-44bd-ba7b-621e24467a9b', 'name': 'tempest-FloatingIPsAssociationNegativeTestJSON-2014068651-network', 'tenant_id': '3786fb47d6e44087aba5bee3910d1efe', 'admin_state_up': True, 'mtu': 8950, 'status': 'ACTIVE', 'subnets': [], 'shared': False, 'project_id': '3786fb47d6e44087aba5bee3910d1efe', 'port_security_enabled': True, 'router:external': False, 'provider:network_type': 'vlan', 'provider:physical_network': 'default', 'provider:segmentation_id': 759, 'availability_zone_hints': [], 'availability_zones': [], 'ipv4_address_scope': None, 'ipv6_address_scope': None, 'description': '', 'tags': [], 'created_at': '2025-04-10T17:55:33Z', 'updated_at': '2025-04-10T17:55:33Z', 'revision_number': 1}, Subnet: {'id': '40567d3e-796c-40b8-956a-1b2817875da0', 'name': 'tempest-FloatingIPsAssociationNegativeTestJSON-2014068651-subnet', 'tenant_id': '3786fb47d6e44087aba5bee3910d1efe', 'network_id': '6da66951-b129-44bd-ba7b-621e24467a9b', 'ip_version': 4, 'subnetpool_id': None, 'enable_dhcp': True, 'ipv6_ra_mode': None, 'ipv6_address_mode': None, 'gateway_ip': '192.168.128.1', 'cidr': '192.168.128.0/28', 'allocation_pools': [{'start': '192.168.128.2', 'end': '192.168.128.14'}], 'host_routes': [], 'dns_nameservers': [], 'description': '', 'router:external': False, 'service_types': [], 'tags': [], 'created_at': '2025-04-10T17:55:33Z', 'updated_at': '2025-04-10T17:55:33Z', 'revision_number': 0, 'project_id': '3786fb47d6e44087aba5bee3910d1efe'}, Router: {'id': '862ce635-fdad-452c-897b-fe350ace00f7', 'name': 'tempest-FloatingIPsAssociationNegativeTestJSON-2014068651-router', 'tenant_id': '3786fb47d6e44087aba5bee3910d1efe', 'admin_state_up': True, 'status': 'ACTIVE', 'external_gateway_info': {'network_id': '92ee455f-6dce-483d-9b02-870a8dde61ef', 'external_fixed_ips': [{'subnet_id': '6774d8e7-4c33-414f-8d9c-74a9c6123958', 'ip_address': '10.180.180.217'}], 'enable_snat': True}, 'description': '', 'availability_zones': [], 'distributed': False, 'ha': False, 'availability_zone_hints': [], 'routes': [], 'flavor_id': None, 'tags': [], 'created_at': '2025-04-10T17:55:34Z', 'updated_at': '2025-04-10T17:55:35Z', 'revision_number': 2, 'project_id': '3786fb47d6e44087aba5bee3910d1efe'}
2025-04-10 17:55:39.324 69971 INFO tempest.lib.common.rest_client [req-000f5744-86d7-4cb3-9889-cf72d1d0be62 req-000f5744-86d7-4cb3-9889-cf72d1d0be62 ] Request (HypervisorAdminV228Test:tearDownClass): 204 DELETE http://10.180.1.21/identity/v3/users/aa238c97816843a78254704f4dc4c6a3 0.243s
2025-04-10 17:55:39.324 69945 INFO tempest.common.waiters [-] State transition "BUILD/scheduling" ==> "BUILD/None" after 2 second wait
2025-04-10 17:55:39.324 69971 INFO tempest.lib.common.dynamic_creds [-] Deleting project and security group for project: 42a9b684eaf14fdd826740fdd7c5952b
2025-04-10 17:55:39.386 69961 INFO tempest.lib.common.rest_client [req-e31a8e56-3219-4ac8-811a-84ad39ab1fdf req-e31a8e56-3219-4ac8-811a-84ad39ab1fdf ] Request (ServersAaction247Test:test_create_backup): 200 GET http://10.180.1.21/compute/v2.1/servers/48b3c863-ab71-42ce-ab98-25b520c86a52 1.007s
2025-04-10 17:55:39.395 69971 INFO tempest.lib.common.rest_client [req-7a54ce4d-f9db-4f28-9f50-94d49e18b915 req-7a54ce4d-f9db-4f28-9f50-94d49e18b915 ] Request (HypervisorAdminV228Test:tearDownClass): 201 POST http://10.180.1.21/identity/v3/auth/tokens 0.070s
2025-04-10 17:55:39.398 69961 INFO tempest.common.waiters [-] State transition "BUILD/scheduling" ==> "BUILD/None" after 2 second wait
2025-04-10 17:55:39.432 69975 INFO tempest.lib.common.rest_client [req-abeb2eb6-3aa7-4d4f-ba73-2d54236f815c req-abeb2eb6-3aa7-4d4f-ba73-2d54236f815c ] Request (FloatingIPsAssociationNegativeTestJSON:setUpClass): 201 POST http://10.180.1.21/identity/v3/auth/tokens 0.106s
2025-04-10 17:55:39.500 69963 INFO tempest.lib.common.rest_client [req-ee2f0fad-0703-4e45-b706-25e3742e78f1 req-ee2f0fad-0703-4e45-b706-25e3742e78f1 ] Request (ServersAdminTestJSON:setUpClass): 201 POST http://10.180.1.21:9696/networking/v2.0/subnets 0.748s
2025-04-10 17:55:39.509 69975 INFO tempest.lib.common.rest_client [req-ceeb6f8b-cfa0-4a98-b09e-b4db1fdfe657 req-ceeb6f8b-cfa0-4a98-b09e-b4db1fdfe657 ] Request (FloatingIPsAssociationNegativeTestJSON:setUpClass): 201 POST http://10.180.1.21/identity/v3/auth/tokens 0.074s
2025-04-10 17:55:39.509 69975 INFO tempest.lib.common.fixed_network [-] (FloatingIPsAssociationNegativeTestJSON:setUpClass) Found network {'id': '6da66951-b129-44bd-ba7b-621e24467a9b', 'name': 'tempest-FloatingIPsAssociationNegativeTestJSON-2014068651-network', 'tenant_id': '3786fb47d6e44087aba5bee3910d1efe', 'admin_state_up': True, 'mtu': 8950, 'status': 'ACTIVE', 'subnets': [], 'shared': False, 'project_id': '3786fb47d6e44087aba5bee3910d1efe', 'port_security_enabled': True, 'router:external': False, 'provider:network_type': 'vlan', 'provider:physical_network': 'default', 'provider:segmentation_id': 759, 'availability_zone_hints': [], 'availability_zones': [], 'ipv4_address_scope': None, 'ipv6_address_scope': None, 'description': '', 'tags': [], 'created_at': '2025-04-10T17:55:33Z', 'updated_at': '2025-04-10T17:55:33Z', 'revision_number': 1} available for tenant
2025-04-10 17:55:39.639 69955 INFO tempest.lib.common.rest_client [req-785c730f-1b3b-40ec-bd15-26882bb99aae req-785c730f-1b3b-40ec-bd15-26882bb99aae ] Request (DeleteServersAdminTestJSON:test_admin_delete_servers_of_others): 200 GET http://10.180.1.21/compute/v2.1/servers/e1532c44-8375-47c5-a45a-9ce2e4db31bc 1.245s
2025-04-10 17:55:39.666 69933 INFO tempest.lib.common.rest_client [req-57984d89-fa85-4dbe-be15-41ce89709476 req-57984d89-fa85-4dbe-be15-41ce89709476 ] Request (ServicesAdminNegativeTestJSON:test_get_service_by_invalid_service_and_valid_host): 200 GET http://10.180.1.21/compute/v2.1/os-services?host=devstack&binary=xxx 1.208s
2025-04-10 17:55:39.713 69979 INFO tempest.lib.common.rest_client [req-1560f675-e007-49d0-930b-73aa5a0e27e0 req-1560f675-e007-49d0-930b-73aa5a0e27e0 ] Request (ServersWithSpecificFlavorTestJSON:test_verify_created_server_ephemeral_disk): 200 POST http://10.180.1.21/compute/v2.1/flavors/454725007/os-extra_specs 1.241s
2025-04-10 17:55:39.739 69931 INFO tempest.lib.common.rest_client [req-88b99d0e-032c-4ffc-a593-93189fc0108b req-88b99d0e-032c-4ffc-a593-93189fc0108b ] Request (HypervisorAdminNegativeTestJSON:tearDownClass): 204 DELETE http://10.180.1.21:9696/networking/v2.0/security-groups/f3cf5fad-f3b3-4a3e-a482-e2b62ed13504 0.438s
2025-04-10 17:55:39.750 69965 INFO tempest.lib.common.rest_client [req-03f1b8ab-c8dd-4a4e-b3de-87ec217fbd35 req-03f1b8ab-c8dd-4a4e-b3de-87ec217fbd35 ] Request (SecurityGroupsTestAdminJSON:_run_cleanups): 202 DELETE http://10.180.1.21/compute/v2.1/os-security-groups/aa8828d5-5500-4924-94b3-71d2e86445a3 1.320s
2025-04-10 17:55:39.771 69985 INFO tempest.lib.common.rest_client [req-9c51b81c-88e2-4a73-a960-e135e3c76f2e req-9c51b81c-88e2-4a73-a960-e135e3c76f2e ] Request (ServerGroupTestJSON:test_create_delete_multiple_server_groups_with_same_name_policy): 204 DELETE http://10.180.1.21/compute/v2.1/os-server-groups/7edbbe2d-8757-4811-bf40-12aaa074ac30 1.202s
2025-04-10 17:55:39.772 69929 INFO tempest.lib.common.rest_client [req-73f40657-a602-4e51-b677-6e177921a835 req-73f40657-a602-4e51-b677-6e177921a835 ] Request (FlavorsExtraSpecsTestJSON:test_flavor_set_get_update_show_unset_keys): 200 GET http://10.180.1.21/compute/v2.1/flavors/2002928861/os-extra_specs 1.198s
2025-04-10 17:55:39.801 69923 INFO tempest.lib.common.rest_client [req-461cb99e-43cf-479c-ad6e-49e9fa39abcf req-461cb99e-43cf-479c-ad6e-49e9fa39abcf ] Request (FlavorsAdminTestJSON:test_create_flavor_with_none_id): 200 POST http://10.180.1.21/compute/v2.1/flavors 1.191s
2025-04-10 17:55:39.844 69959 INFO tempest.lib.common.rest_client [req-b2769369-e3da-48ea-9277-ffaf5546b6e3 req-b2769369-e3da-48ea-9277-ffaf5546b6e3 ] Request (AggregatesAdminNegativeTestJSON:test_aggregate_add_non_exist_host): 200 POST http://10.180.1.21/compute/v2.1/os-aggregates 0.969s
2025-04-10 17:55:39.862 69931 INFO tempest.lib.common.rest_client [req-47398823-fca4-4e0f-8038-26e772eefbba req-47398823-fca4-4e0f-8038-26e772eefbba ] Request (HypervisorAdminNegativeTestJSON:tearDownClass): 204 DELETE http://10.180.1.21/identity/v3/projects/0b9750e3da4943f89cc8ce2db8547845 0.122s
2025-04-10 17:55:39.868 69949 INFO tempest.lib.common.rest_client [req-c346df9d-c340-4462-abaa-8a9ec54020c5 req-c346df9d-c340-4462-abaa-8a9ec54020c5 ] Request (ImagesMetadataNegativeTestJSON:test_list_nonexistent_image_metadata): 404 GET http://10.180.1.21/compute/v2.1/images/610826c1-7786-4d0b-a8fa-46554ffd0397/metadata 0.930s
2025-04-10 17:55:39.907 69941 INFO tempest.lib.common.rest_client [req-25baa371-dfbc-4bd7-9522-7d7214fccabd req-25baa371-dfbc-4bd7-9522-7d7214fccabd ] Request (FlavorsAccessTestJSON:_run_cleanups): 200 GET http://10.180.1.21/compute/v2.1/flavors/detail 0.948s
2025-04-10 17:55:39.925 69981 INFO tempest.lib.common.rest_client [req-072bd925-5c05-41eb-bcae-6bef3a942419 req-072bd925-5c05-41eb-bcae-6bef3a942419 ] Request (FlavorsExtraSpecsNegativeTestJSON:tearDownClass): 202 DELETE http://10.180.1.21/compute/v2.1/flavors/804569958 0.959s
2025-04-10 17:55:40.003 69931 INFO tempest.lib.common.rest_client [req-b3ba337d-8385-4491-9560-a1c399f8c548 req-b3ba337d-8385-4491-9560-a1c399f8c548 ] Request (QuotasAdminTestJSON:setUpClass): 201 POST http://10.180.1.21/identity/v3/auth/tokens 0.139s
2025-04-10 17:55:40.004 69977 INFO tempest.lib.common.rest_client [req-41035807-2785-4107-83f8-47f06d2150c7 req-41035807-2785-4107-83f8-47f06d2150c7 ] Request (QuotasAdminTestV257:test_get_updated_quotas): 200 GET http://10.180.1.21/compute/v2.1/os-quota-sets/fd75315ec6a0405089a7384cdcb1795a?user_id=8418252201584d05af193d8c18333eb1 1.152s
2025-04-10 17:55:40.041 69947 INFO tempest.lib.common.rest_client [req-da7c8ba6-c0a6-47ee-887e-dcb7d8521798 req-da7c8ba6-c0a6-47ee-887e-dcb7d8521798 ] Request (HostsAdminNegativeTestJSON:test_update_host_with_invalid_maintenance_mode): 400 PUT http://10.180.1.21/compute/v2.1/os-hosts/devstack 0.875s
2025-04-10 17:55:40.060 69927 INFO tempest.lib.common.rest_client [req-a536556b-244a-4b04-8355-4332be301b6b req-a536556b-244a-4b04-8355-4332be301b6b ] Request (FlavorsAccessNegativeTestJSON:test_flavor_non_admin_add): 200 POST http://10.180.1.21/compute/v2.1/flavors 0.847s
2025-04-10 17:55:40.081 69941 INFO tempest.lib.common.rest_client [req-874745da-f0b0-4bfc-a586-3b53fe5c4167 req-874745da-f0b0-4bfc-a586-3b53fe5c4167 ] Request (FlavorsAccessTestJSON:tearDownClass): 204 DELETE http://10.180.1.21/identity/v3/users/7c247ec70410435ba1729a79abfb17b9 0.164s
2025-04-10 17:55:40.166 69969 INFO tempest.lib.common.rest_client [req-6e88aadb-3c42-4f14-9008-b32dfdc0c3e1 req-6e88aadb-3c42-4f14-9008-b32dfdc0c3e1 ] Request (ListImageFiltersTestJSON:setUpClass): 204 PUT http://10.180.1.21/image/v2/images/4e6e8e8b-ac69-49f0-85b8-b41d978769d8/file 1.193s
2025-04-10 17:55:40.179 69977 INFO tempest.lib.common.rest_client [req-b42397f8-a3b0-4c7d-be89-3d9b0dca2da7 req-b42397f8-a3b0-4c7d-be89-3d9b0dca2da7 ] Request (QuotasAdminTestV257:_run_cleanups): 204 DELETE http://10.180.1.21/identity/v3/users/8418252201584d05af193d8c18333eb1 0.173s
2025-04-10 17:55:40.234 69931 INFO tempest.lib.common.rest_client [req-8ef388b7-f0de-4266-87e2-9d7a4a9ff063 req-8ef388b7-f0de-4266-87e2-9d7a4a9ff063 ] Request (QuotasAdminTestJSON:setUpClass): 201 POST http://10.180.1.21/identity/v3/auth/tokens 0.225s
2025-04-10 17:55:40.307 69967 INFO tempest.lib.common.rest_client [req-824b9964-2e16-44d2-81b2-87b9476310c5 req-824b9964-2e16-44d2-81b2-87b9476310c5 ] Request (QuotasAdminNegativeTest:test_create_server_when_memory_quota_is_full): 200 PUT http://10.180.1.21/compute/v2.1/os-quota-sets/3678aedb479748a99e52d011d6f41255 1.185s
2025-04-10 17:55:40.313 69941 INFO tempest.lib.common.rest_client [req-bb966cfc-6481-43d3-9c66-66cf26079ace req-bb966cfc-6481-43d3-9c66-66cf26079ace ] Request (FlavorsAccessTestJSON:tearDownClass): 204 DELETE http://10.180.1.21/identity/v3/users/c7835d65ae6c4b978f98229ad27ae39d 0.232s
2025-04-10 17:55:40.313 69941 INFO tempest.lib.common.dynamic_creds [-] Deleting project and security group for project: 466e510196c344e4ae4484a2b73aec19
2025-04-10 17:55:40.334 69977 INFO tempest.lib.common.rest_client [req-757fe4a4-941e-446c-8258-b72d9795d462 req-757fe4a4-941e-446c-8258-b72d9795d462 ] Request (QuotasAdminTestV257:_run_cleanups): 204 DELETE http://10.180.1.21/identity/v3/projects/fd75315ec6a0405089a7384cdcb1795a 0.155s
2025-04-10 17:55:40.373 69931 INFO tempest.lib.common.rest_client [req-494349f9-d527-4df4-8101-71491d25e702 req-494349f9-d527-4df4-8101-71491d25e702 ] Request (QuotasAdminTestJSON:setUpClass): 200 GET http://10.180.1.21/identity/v3/domains?name=Default 0.139s
2025-04-10 17:55:40.394 69973 INFO tempest.lib.common.rest_client [req-f1434cf7-f488-4df3-be87-79c840936198 req-f1434cf7-f488-4df3-be87-79c840936198 ] Request (ServerDiskConfigTestJSON:test_rebuild_server_with_auto_disk_config): 200 GET http://10.180.1.21/compute/v2.1/servers/2158184f-4388-4f1f-a599-e9a0745506b1 1.180s
2025-04-10 17:55:40.435 69967 INFO tempest.lib.common.rest_client [req-d96759da-50b8-4723-b406-990b433ea593 req-d96759da-50b8-4723-b406-990b433ea593 ] Request (QuotasAdminNegativeTest:test_create_server_when_memory_quota_is_full): 201 POST http://10.180.1.21/identity/v3/auth/tokens 0.122s
2025-04-10 17:55:40.436 69967 INFO tempest.lib.common.fixed_network [-] (QuotasAdminNegativeTest:test_create_server_when_memory_quota_is_full) Found network None available for tenant
2025-04-10 17:55:40.456 69941 INFO tempest.lib.common.rest_client [req-5cef1cbe-9e07-43a3-98b6-364488fc92eb req-5cef1cbe-9e07-43a3-98b6-364488fc92eb ] Request (FlavorsAccessTestJSON:tearDownClass): 201 POST http://10.180.1.21/identity/v3/auth/tokens 0.143s
2025-04-10 17:55:40.483 69971 INFO tempest.lib.common.rest_client [req-1b9952d0-262c-4bd0-b75c-1fd5b567f037 req-1b9952d0-262c-4bd0-b75c-1fd5b567f037 ] Request (HypervisorAdminV228Test:tearDownClass): 200 GET http://10.180.1.21:9696/networking/v2.0/security-groups?tenant_id=42a9b684eaf14fdd826740fdd7c5952b&name=default 1.087s
2025-04-10 17:55:40.580 69977 INFO tempest.lib.common.rest_client [req-9ef65183-b60a-407b-9f1c-26a09481f54b req-9ef65183-b60a-407b-9f1c-26a09481f54b ] Request (QuotasAdminTestV257:tearDownClass): 204 DELETE http://10.180.1.21/identity/v3/users/e03ed04d93014a9a98de30fca521de50 0.239s
2025-04-10 17:55:40.627 69931 INFO tempest.lib.common.rest_client [req-aa07e600-29db-49bf-bd1e-63e141346496 req-aa07e600-29db-49bf-bd1e-63e141346496 ] Request (QuotasAdminTestJSON:setUpClass): 201 POST http://10.180.1.21/identity/v3/projects 0.253s
2025-04-10 17:55:40.760 69931 INFO tempest.lib.common.rest_client [req-4c17af32-a2e2-4b66-873e-c0ab83736591 req-4c17af32-a2e2-4b66-873e-c0ab83736591 ] Request (QuotasAdminTestJSON:setUpClass): 201 POST http://10.180.1.21/identity/v3/users 0.133s
2025-04-10 17:55:40.787 69931 INFO tempest.lib.common.rest_client [req-8b3325c1-b3f0-4132-bbb2-1665a6900938 req-8b3325c1-b3f0-4132-bbb2-1665a6900938 ] Request (QuotasAdminTestJSON:setUpClass): 200 GET http://10.180.1.21/identity/v3/roles 0.026s
2025-04-10 17:55:40.819 69977 INFO tempest.lib.common.rest_client [req-0f0b0f27-0b24-424b-a63a-63c7001d79b5 req-0f0b0f27-0b24-424b-a63a-63c7001d79b5 ] Request (QuotasAdminTestV257:tearDownClass): 204 DELETE http://10.180.1.21/identity/v3/users/e35d8602b97249c7aa3f7db7ebf8da59 0.238s
2025-04-10 17:55:40.819 69977 INFO tempest.lib.common.dynamic_creds [-] Deleting project and security group for project: afeb221de5aa40d99d9cc052a0e4466a
2025-04-10 17:55:40.850 69931 INFO tempest.lib.common.rest_client [req-b9cc88a6-55b5-44e9-b8c5-d3a065197744 req-b9cc88a6-55b5-44e9-b8c5-d3a065197744 ] Request (QuotasAdminTestJSON:setUpClass): 204 PUT http://10.180.1.21/identity/v3/projects/c01fef4b95fb40d69c29a313ef408cf8/users/4813eb75cdd6477db7fd7b359c85f63f/roles/2fac047ff9714de1b549e8569292f2cd 0.062s
2025-04-10 17:55:40.850 69931 INFO tempest.lib.common.dynamic_creds [-] Dynamic test user 4813eb75cdd6477db7fd7b359c85f63f is created with scope project and roles: ['member']
2025-04-10 17:55:40.850 69931 INFO tempest.lib.common.dynamic_creds [-] Acquired dynamic creds: credentials: Credentials: {'domain_id': 'default', 'domain_name': 'Default', 'username': 'tempest-QuotasAdminTestJSON-449111382-project-member', 'project_domain_id': 'default', 'project_domain_name': 'Default', 'project_id': 'c01fef4b95fb40d69c29a313ef408cf8', 'project_name': 'tempest-QuotasAdminTestJSON-449111382', 'tenant_id': 'c01fef4b95fb40d69c29a313ef408cf8', 'tenant_name': 'tempest-QuotasAdminTestJSON-449111382', 'user_domain_id': 'default', 'user_domain_name': 'Default', 'user_id': '4813eb75cdd6477db7fd7b359c85f63f', 'system': None}, Network: None, Subnet: None, Router: None
2025-04-10 17:55:40.850 69931 INFO tempest.lib.common.dynamic_creds [-] Created isolated network resources for: credentials: Credentials: {'domain_id': 'default', 'domain_name': 'Default', 'username': 'tempest-QuotasAdminTestJSON-449111382-project-member', 'project_domain_id': 'default', 'project_domain_name': 'Default', 'project_id': 'c01fef4b95fb40d69c29a313ef408cf8', 'project_name': 'tempest-QuotasAdminTestJSON-449111382', 'tenant_id': 'c01fef4b95fb40d69c29a313ef408cf8', 'tenant_name': 'tempest-QuotasAdminTestJSON-449111382', 'user_domain_id': 'default', 'user_domain_name': 'Default', 'user_id': '4813eb75cdd6477db7fd7b359c85f63f', 'system': None}, Network: None, Subnet: None, Router: None
2025-04-10 17:55:40.892 69977 INFO tempest.lib.common.rest_client [req-d5114175-acd7-4e93-95c3-5e5417e8b50b req-d5114175-acd7-4e93-95c3-5e5417e8b50b ] Request (QuotasAdminTestV257:tearDownClass): 201 POST http://10.180.1.21/identity/v3/auth/tokens 0.073s
2025-04-10 17:55:40.923 69931 INFO tempest.lib.common.rest_client [req-0a087fd5-9494-4e49-bcca-37e014d219a7 req-0a087fd5-9494-4e49-bcca-37e014d219a7 ] Request (QuotasAdminTestJSON:setUpClass): 201 POST http://10.180.1.21/identity/v3/auth/tokens 0.070s
2025-04-10 17:55:40.957 69931 INFO tempest.lib.common.rest_client [req-df6653d9-422d-4fe0-b884-c14844869a82 req-df6653d9-422d-4fe0-b884-c14844869a82 ] Request (QuotasAdminTestJSON:setUpClass): 201 POST http://10.180.1.21/identity/v3/projects 0.033s
2025-04-10 17:55:40.985 69935 INFO tempest.lib.common.rest_client [req-cfc210b9-098f-4710-b079-46a6da334c3a req-cfc210b9-098f-4710-b079-46a6da334c3a ] Request (TenantUsagesTestJSON:setUpClass): 200 GET http://10.180.1.21/compute/v2.1/servers/0e07e52b-473c-4319-bdd3-9c932716648c 1.432s
2025-04-10 17:55:41.009 69933 INFO tempest.lib.common.rest_client [req-890c416a-e83a-44e6-a78c-dc69bb5cc9a4 req-890c416a-e83a-44e6-a78c-dc69bb5cc9a4 ] Request (ServicesAdminNegativeTestJSON:test_get_service_with_valid_service_and_invalid_host): 200 GET http://10.180.1.21/compute/v2.1/os-services 1.340s
2025-04-10 17:55:41.024 69931 INFO tempest.lib.common.rest_client [req-b44eec6b-2f37-4682-ba6b-78644403d983 req-b44eec6b-2f37-4682-ba6b-78644403d983 ] Request (QuotasAdminTestJSON:setUpClass): 201 POST http://10.180.1.21/identity/v3/users 0.066s
2025-04-10 17:55:41.031 69971 INFO tempest.lib.common.rest_client [req-b93133b1-a4b3-4717-8e5c-de827544a90d req-b93133b1-a4b3-4717-8e5c-de827544a90d ] Request (HypervisorAdminV228Test:tearDownClass): 204 DELETE http://10.180.1.21:9696/networking/v2.0/security-groups/8a0a8912-0b6e-4390-8de9-8d5926c5589d 0.547s
2025-04-10 17:55:41.045 69979 INFO tempest.lib.common.rest_client [req-9a2e75bf-1fac-44b0-89e0-5d010106ff6a req-9a2e75bf-1fac-44b0-89e0-5d010106ff6a ] Request (ValidationResourcesFixture:setUp): 200 POST http://10.180.1.21/compute/v2.1/os-keypairs 1.331s
2025-04-10 17:55:41.050 69931 INFO tempest.lib.common.rest_client [req-e33a9ebe-231e-4d9b-adac-a7b4e746cafa req-e33a9ebe-231e-4d9b-adac-a7b4e746cafa ] Request (QuotasAdminTestJSON:setUpClass): 200 GET http://10.180.1.21/identity/v3/roles 0.026s
2025-04-10 17:55:41.082 69931 INFO tempest.lib.common.rest_client [req-0b7389b2-fcfa-44bf-a3cc-54689f4e408a req-0b7389b2-fcfa-44bf-a3cc-54689f4e408a ] Request (QuotasAdminTestJSON:setUpClass): 204 PUT http://10.180.1.21/identity/v3/projects/13455c5825a24626ae59168293e0a8f1/users/c40fff67d9d14091a6b3f10834fcb924/roles/a62dbe4f202e4af592ca049476dfe5b0 0.031s
2025-04-10 17:55:41.099 69971 INFO tempest.lib.common.rest_client [req-f8dbc61b-3778-4e5e-bbd5-67e0a36528b4 req-f8dbc61b-3778-4e5e-bbd5-67e0a36528b4 ] Request (HypervisorAdminV228Test:tearDownClass): 204 DELETE http://10.180.1.21/identity/v3/projects/42a9b684eaf14fdd826740fdd7c5952b 0.068s
2025-04-10 17:55:41.099 69971 INFO tempest.lib.common.dynamic_creds [-] Deleting project and security group for project: bb043167d3574683aa59a682f87fecc6
2025-04-10 17:55:41.150 69931 INFO tempest.lib.common.rest_client [req-b4c664dd-7a8d-4019-b7d4-9410339add0a req-b4c664dd-7a8d-4019-b7d4-9410339add0a ] Request (QuotasAdminTestJSON:setUpClass): 200 GET http://10.180.1.21/identity/v3/roles 0.068s
2025-04-10 17:55:41.181 69951 INFO tempest.lib.common.rest_client [req-6852d701-6225-4298-b58f-9f72c257bd97 req-6852d701-6225-4298-b58f-9f72c257bd97 ] Request (VolumesAssistedSnapshotsTest:test_volume_assisted_snapshot_create_delete): 201 POST http://10.180.1.21:9696/networking/v2.0/floatingips 2.063s
2025-04-10 17:55:41.211 69931 INFO tempest.lib.common.rest_client [req-23534ae6-0cfb-4271-808e-69fccb8d937e req-23534ae6-0cfb-4271-808e-69fccb8d937e ] Request (QuotasAdminTestJSON:setUpClass): 204 PUT http://10.180.1.21/identity/v3/projects/13455c5825a24626ae59168293e0a8f1/users/c40fff67d9d14091a6b3f10834fcb924/roles/a62dbe4f202e4af592ca049476dfe5b0 0.060s
2025-04-10 17:55:41.211 69931 INFO tempest.lib.common.dynamic_creds [-] Dynamic test user c40fff67d9d14091a6b3f10834fcb924 is created with scope project and roles: ['admin']
2025-04-10 17:55:41.211 69931 INFO tempest.lib.common.dynamic_creds [-] Acquired dynamic creds: credentials: Credentials: {'domain_id': 'default', 'domain_name': 'Default', 'username': 'tempest-QuotasAdminTestJSON-357623789-project-admin', 'project_domain_id': 'default', 'project_domain_name': 'Default', 'project_id': '13455c5825a24626ae59168293e0a8f1', 'project_name': 'tempest-QuotasAdminTestJSON-357623789', 'tenant_id': '13455c5825a24626ae59168293e0a8f1', 'tenant_name': 'tempest-QuotasAdminTestJSON-357623789', 'user_domain_id': 'default', 'user_domain_name': 'Default', 'user_id': 'c40fff67d9d14091a6b3f10834fcb924', 'system': None}, Network: None, Subnet: None, Router: None
2025-04-10 17:55:41.211 69931 INFO tempest.lib.common.dynamic_creds [-] Created isolated network resources for: credentials: Credentials: {'domain_id': 'default', 'domain_name': 'Default', 'username': 'tempest-QuotasAdminTestJSON-357623789-project-admin', 'project_domain_id': 'default', 'project_domain_name': 'Default', 'project_id': '13455c5825a24626ae59168293e0a8f1', 'project_name': 'tempest-QuotasAdminTestJSON-357623789', 'tenant_id': '13455c5825a24626ae59168293e0a8f1', 'tenant_name': 'tempest-QuotasAdminTestJSON-357623789', 'user_domain_id': 'default', 'user_domain_name': 'Default', 'user_id': 'c40fff67d9d14091a6b3f10834fcb924', 'system': None}, Network: None, Subnet: None, Router: None
2025-04-10 17:55:41.272 69951 INFO tempest.lib.common.rest_client [req-ae66fa8e-2a3c-43d0-91d1-1067bf517ec6 req-ae66fa8e-2a3c-43d0-91d1-1067bf517ec6 ] Request (VolumesAssistedSnapshotsTest:test_volume_assisted_snapshot_create_delete): 201 POST http://10.180.1.21/identity/v3/auth/tokens 0.084s
2025-04-10 17:55:41.272 69951 INFO tempest.lib.common.fixed_network [-] (VolumesAssistedSnapshotsTest:test_volume_assisted_snapshot_create_delete) Found network {'id': '83b0f9be-e6ed-4baa-b71a-47761e59cbbd', 'name': 'tempest-VolumesAssistedSnapshotsTest-1450780574-network', 'tenant_id': '76a6a4620f0941f3911b97701a5835cb', 'admin_state_up': True, 'mtu': 8950, 'status': 'ACTIVE', 'subnets': [], 'shared': False, 'project_id': '76a6a4620f0941f3911b97701a5835cb', 'port_security_enabled': True, 'router:external': False, 'provider:network_type': 'vlan', 'provider:physical_network': 'default', 'provider:segmentation_id': 424, 'availability_zone_hints': [], 'availability_zones': [], 'ipv4_address_scope': None, 'ipv6_address_scope': None, 'description': '', 'tags': [], 'created_at': '2025-04-10T17:55:17Z', 'updated_at': '2025-04-10T17:55:17Z', 'revision_number': 1} available for tenant
