2025-04-14 15:28:46.697 71485 INFO tempest.lib.common.rest_client [req-9914e8f6-0d78-4d8b-a456-1008269894a2 req-9914e8f6-0d78-4d8b-a456-1008269894a2 ] Request (ImagesOneServerNegativeTestJSON:setUpClass): 201 POST http://10.180.1.21/identity/v3/users 0.167s
2025-04-14 15:28:46.730 71487 INFO tempest.lib.common.rest_client [req-7da99d1a-083b-489f-8561-8374bdb8e68e req-7da99d1a-083b-489f-8561-8374bdb8e68e ] Request (ServerDiskConfigTestJSON:test_rebuild_server_with_auto_disk_config): 200 GET http://10.180.1.21/compute/v2.1/servers/bde8b429-14ea-498d-93ac-54eb6f0269da 1.161s
2025-04-14 15:28:46.742 71489 INFO tempest.lib.common.rest_client [req-c8391fb6-043a-41e1-8e5b-49d9974802bb req-c8391fb6-043a-41e1-8e5b-49d9974802bb ] Request (FlavorsAdminTestJSON:tearDownClass): 204 DELETE http://10.180.1.21/identity/v3/users/2150f22677cc42d6a363369532df6b10 0.152s
2025-04-14 15:28:46.743 71489 INFO tempest.lib.common.dynamic_creds [-] Deleting project and security group for project: b72d8b4199b540da99b4b3eb2c934cd8
2025-04-14 15:28:46.757 71485 INFO tempest.lib.common.rest_client [req-e43ce021-7f93-4539-b079-11e95e0659d7 req-e43ce021-7f93-4539-b079-11e95e0659d7 ] Request (ImagesOneServerNegativeTestJSON:setUpClass): 200 GET http://10.180.1.21/identity/v3/roles 0.059s
2025-04-14 15:28:46.806 71489 INFO tempest.lib.common.rest_client [req-8e1d8148-e191-4eff-9a4c-c35b5009ad64 req-8e1d8148-e191-4eff-9a4c-c35b5009ad64 ] Request (FlavorsAdminTestJSON:tearDownClass): 201 POST http://10.180.1.21/identity/v3/auth/tokens 0.063s
2025-04-14 15:28:46.807 71525 INFO tempest.lib.common.rest_client [req-9ca09949-9d23-48bb-8731-6b2ce3bce076 req-9ca09949-9d23-48bb-8731-6b2ce3bce076 ] Request (ServersAdminNegativeTestJSON:test_migrate_server_invalid_state): 200 GET http://10.180.1.21/compute/v2.1/servers/3ec7288c-867a-43a5-a5a9-e368e1f6d66f 1.140s
2025-04-14 15:28:46.831 71485 INFO tempest.lib.common.rest_client [req-7e9585a3-4c27-4c3b-b01d-9a1b5cc3ce56 req-7e9585a3-4c27-4c3b-b01d-9a1b5cc3ce56 ] Request (ImagesOneServerNegativeTestJSON:setUpClass): 204 PUT http://10.180.1.21/identity/v3/projects/78f1e98843904823bbbee297b39164cc/users/628fbc56292a4ed685c3cffd13c91c13/roles/3a278502572f45bb9164e0983affadf5 0.074s
2025-04-14 15:28:46.832 71485 INFO tempest.lib.common.dynamic_creds [-] Dynamic test user 628fbc56292a4ed685c3cffd13c91c13 is created with scope project and roles: ['member']
2025-04-14 15:28:46.832 71485 INFO tempest.lib.common.dynamic_creds [-] Acquired dynamic creds: credentials: Credentials: {'domain_id': 'default', 'domain_name': 'Default', 'username': 'tempest-ImagesOneServerNegativeTestJSON-512607698-project-member', 'project_domain_id': 'default', 'project_domain_name': 'Default', 'project_id': '78f1e98843904823bbbee297b39164cc', 'project_name': 'tempest-ImagesOneServerNegativeTestJSON-512607698', 'tenant_id': '78f1e98843904823bbbee297b39164cc', 'tenant_name': 'tempest-ImagesOneServerNegativeTestJSON-512607698', 'user_domain_id': 'default', 'user_domain_name': 'Default', 'user_id': '628fbc56292a4ed685c3cffd13c91c13', 'system': None}, Network: None, Subnet: None, Router: None
2025-04-14 15:28:46.869 71493 WARNING tempest.lib.common.ssh [-] Failed to establish authenticated ssh connection to cirros@10.180.180.187 ([Errno None] Unable to connect to port 22 on 10.180.180.187). Number attempts: 2. Retry after 3 seconds.: paramiko.ssh_exception.NoValidConnectionsError: [Errno None] Unable to connect to port 22 on 10.180.180.187
2025-04-14 15:28:46.871 71519 INFO tempest.lib.common.rest_client [req-119d61cc-f15d-43c3-bc7b-37947841e332 req-119d61cc-f15d-43c3-bc7b-37947841e332 ] Request (AttachVolumeShelveTestJSON:test_attach_volume_shelved_or_offload_server): 200 GET http://10.180.1.21/compute/v2.1/servers/47abd936-95ee-4441-91f3-c1cfbda66bd0 1.115s
2025-04-14 15:28:46.920 71485 INFO tempest.lib.common.rest_client [req-7de3591e-47dc-4e47-a527-29e43ae28a9b req-7de3591e-47dc-4e47-a527-29e43ae28a9b ] Request (ImagesOneServerNegativeTestJSON:setUpClass): 201 POST http://10.180.1.21/identity/v3/auth/tokens 0.087s
2025-04-14 15:28:46.939 71483 INFO tempest.lib.common.rest_client [req-99a13e08-3de5-4f00-92c7-3f475b678773 req-99a13e08-3de5-4f00-92c7-3f475b678773 ] Request (ListServerFiltersTestJSON:setUpClass): 200 GET http://10.180.1.21/compute/v2.1/servers/2a237b60-5b6f-42d8-ba67-1cb084f96828 1.106s
2025-04-14 15:28:47.011 71515 INFO tempest.lib.common.rest_client [req-6ac479b1-5951-4a65-97ed-94b77fbb94a1 req-6ac479b1-5951-4a65-97ed-94b77fbb94a1 ] Request (FloatingIPsAssociationNegativeTestJSON:tearDownClass): 200 GET http://10.180.1.21/compute/v2.1/servers/2f7c09dd-b4fd-49fb-a1c4-212c1e2333a4 1.097s
2025-04-14 15:28:47.056 71491 INFO tempest.lib.common.rest_client [req-bdcfa779-ec5a-4a7d-b256-799571db6d57 req-bdcfa779-ec5a-4a7d-b256-799571db6d57 ] Request (ServerDiagnosticsV248Test:test_get_server_diagnostics): 200 GET http://10.180.1.21/compute/v2.1/servers/d166e1e4-2b45-49c4-87b0-6d0e63f33a21/diagnostics 1.541s
2025-04-14 15:28:47.068 71489 INFO tempest.lib.common.rest_client [req-b2ed23c5-9ca2-4b22-95c1-b12967d5b69e req-b2ed23c5-9ca2-4b22-95c1-b12967d5b69e ] Request (FlavorsAdminTestJSON:tearDownClass): 200 GET http://10.180.1.21:9696/networking/v2.0/security-groups?tenant_id=b72d8b4199b540da99b4b3eb2c934cd8&name=default 0.261s
2025-04-14 15:28:47.121 71503 INFO tempest.lib.common.rest_client [req-62d357a0-75f5-48cd-95e3-d1d541d91ac6 req-62d357a0-75f5-48cd-95e3-d1d541d91ac6 ] Request (TenantUsagesTestJSON:tearDownClass): 200 GET http://10.180.1.21/compute/v2.1/servers/9e497a6e-0cdb-41a7-b91c-395e0dfd9cb7 1.101s
2025-04-14 15:28:47.144 71497 INFO tempest.lib.common.rest_client [req-5fd009a6-e251-4309-a6ba-922fade9e0dd req-5fd009a6-e251-4309-a6ba-922fade9e0dd ] Request (ServerMetadataTestJSON:test_update_server_metadata): 200 POST http://10.180.1.21/compute/v2.1/servers/a2203e1c-afc0-4155-a4f4-3c1d91aa8939/metadata 1.035s
2025-04-14 15:28:47.173 71529 INFO tempest.lib.common.rest_client [req-cd844f53-e844-482f-af55-4e32baaaccab req-cd844f53-e844-482f-af55-4e32baaaccab ] Request (InstanceActionsTestJSON:setUpClass): 200 GET http://10.180.1.21/compute/v2.1/servers/b7fddd33-fcfa-4e3e-9acd-970b3c690339 1.062s
2025-04-14 15:28:47.179 71489 INFO tempest.lib.common.rest_client [req-c3b798de-c597-4cf2-bf00-63657da48294 req-c3b798de-c597-4cf2-bf00-63657da48294 ] Request (FlavorsAdminTestJSON:tearDownClass): 204 DELETE http://10.180.1.21:9696/networking/v2.0/security-groups/4bfae923-1bd8-40ed-b6c4-33d004d8b348 0.111s
2025-04-14 15:28:47.223 71501 INFO tempest.lib.common.rest_client [req-c763ecd2-2d61-4177-8cf5-307602543e00 req-c763ecd2-2d61-4177-8cf5-307602543e00 ] Request (ServersListShow296Test:test_list_show_update_rebuild_server_296): 200 GET http://10.180.1.21/compute/v2.1/servers/7f73a545-dd6e-491c-9203-1af48d0bcb65 1.027s
2025-04-14 15:28:47.271 71489 INFO tempest.lib.common.rest_client [req-18fe18ee-da90-461a-8b40-35205e98a1de req-18fe18ee-da90-461a-8b40-35205e98a1de ] Request (FlavorsAdminTestJSON:tearDownClass): 204 DELETE http://10.180.1.21/identity/v3/projects/b72d8b4199b540da99b4b3eb2c934cd8 0.091s
2025-04-14 15:28:47.272 71489 INFO tempest.lib.common.dynamic_creds [-] Deleting project and security group for project: e28e76ea5ade41b6b3f23eee4b22f378
2025-04-14 15:28:47.309 71475 INFO tempest.lib.common.rest_client [req-6deaa808-6d69-4361-8066-29ebc34946a2 req-6deaa808-6d69-4361-8066-29ebc34946a2 ] Request (ImagesTestJSON:test_create_image_from_stopped_server): 200 GET http://10.180.1.21/compute/v2.1/servers/a2840dac-7d14-4d6e-84e7-d74e8ef0db7f 1.032s
2025-04-14 15:28:47.395 71477 INFO tempest.lib.common.rest_client [req-f55a4219-d658-4cab-8dc4-8d8bd6da68d8 req-f55a4219-d658-4cab-8dc4-8d8bd6da68d8 ] Request (ServersAdminTestJSON:test_create_server_with_scheduling_hint): 200 GET http://10.180.1.21/compute/v2.1/servers/c7151826-0752-4112-a25b-59e79d482872 1.011s
2025-04-14 15:28:47.405 71477 INFO tempest.common.waiters [-] State transition "BUILD/None" ==> "BUILD/networking" after 24 second wait
2025-04-14 15:28:47.472 71489 INFO tempest.lib.common.rest_client [req-fb8bba28-5f1c-4a5a-861e-df29666cf6b0 req-fb8bba28-5f1c-4a5a-861e-df29666cf6b0 ] Request (FlavorsAdminTestJSON:tearDownClass): 200 GET http://10.180.1.21:9696/networking/v2.0/security-groups?tenant_id=e28e76ea5ade41b6b3f23eee4b22f378&name=default 0.199s
2025-04-14 15:28:47.515 71485 INFO tempest.lib.common.rest_client [req-96717938-9dc9-448a-a308-3e45a7d6da15 req-96717938-9dc9-448a-a308-3e45a7d6da15 ] Request (ImagesOneServerNegativeTestJSON:setUpClass): 201 POST http://10.180.1.21:9696/networking/v2.0/networks 0.595s
2025-04-14 15:28:47.726 71489 INFO tempest.lib.common.rest_client [req-afadc8ac-bdb8-4eaa-aaf1-1282a05baf74 req-afadc8ac-bdb8-4eaa-aaf1-1282a05baf74 ] Request (FlavorsAdminTestJSON:tearDownClass): 204 DELETE http://10.180.1.21:9696/networking/v2.0/security-groups/ab1e7549-faf3-4cf8-8f8a-591c12558732 0.254s
2025-04-14 15:28:47.859 71523 INFO tempest.lib.common.rest_client [req-22fc0b9a-9a6a-49b1-9842-3fa7dd504273 req-22fc0b9a-9a6a-49b1-9842-3fa7dd504273 ] Request (ServersTestBootFromVolume:setUpClass): 200 GET http://10.180.1.21/compute/v2.1/servers/c0d6c9f0-edeb-4fec-8768-7ff766e5d5c9 1.283s
2025-04-14 15:28:47.861 71517 INFO tempest.lib.common.rest_client [req-9a1e6658-3455-40a4-8771-0df7a80a27a2 req-9a1e6658-3455-40a4-8771-0df7a80a27a2 ] Request (AttachInterfacesTestJSON:test_create_list_show_delete_interfaces_by_fixed_ip): 202 POST http://10.180.1.21/compute/v2.1/servers 1.657s
2025-04-14 15:28:47.870 71523 INFO tempest.common.waiters [-] State transition "BUILD/spawning" ==> "ACTIVE/None" after 36 second wait
2025-04-14 15:28:47.909 71489 INFO tempest.lib.common.rest_client [req-7797d2e0-1a42-4d0d-8605-7cc0bda9c97b req-7797d2e0-1a42-4d0d-8605-7cc0bda9c97b ] Request (FlavorsAdminTestJSON:tearDownClass): 204 DELETE http://10.180.1.21/identity/v3/projects/e28e76ea5ade41b6b3f23eee4b22f378 0.182s
2025-04-14 15:28:47.978 71521 INFO tempest.lib.common.rest_client [req-ba395b56-1a90-4558-875a-0011af6d0006 req-ba395b56-1a90-4558-875a-0011af6d0006 ] Request (ServersAdmin275Test:tearDownClass): 200 GET http://10.180.1.21/compute/v2.1/servers/b68e658a-8a6a-451c-b52d-e1d66d0251d1 1.286s
2025-04-14 15:28:48.040 71485 INFO tempest.lib.common.rest_client [req-0e19e4ec-3ef2-4a1a-9d94-3adae45c4334 req-0e19e4ec-3ef2-4a1a-9d94-3adae45c4334 ] Request (ImagesOneServerNegativeTestJSON:setUpClass): 201 POST http://10.180.1.21:9696/networking/v2.0/subnets 0.524s
2025-04-14 15:28:48.042 71489 INFO tempest.lib.common.rest_client [req-278e887b-5275-4b0f-8f45-6fce833626a5 req-278e887b-5275-4b0f-8f45-6fce833626a5 ] Request (SecurityGroupsTestJSON:setUpClass): 201 POST http://10.180.1.21/identity/v3/auth/tokens 0.131s
2025-04-14 15:28:48.078 71489 INFO tempest.lib.common.rest_client [req-3cacdfc4-04d2-4a3a-8d65-997e634f460f req-3cacdfc4-04d2-4a3a-8d65-997e634f460f ] Request (SecurityGroupsTestJSON:setUpClass): 201 POST http://10.180.1.21/identity/v3/auth/tokens 0.033s
2025-04-14 15:28:48.111 71489 INFO tempest.lib.common.rest_client [req-f7a0426b-e975-477d-980c-006bd13ba08c req-f7a0426b-e975-477d-980c-006bd13ba08c ] Request (SecurityGroupsTestJSON:setUpClass): 200 GET http://10.180.1.21/identity/v3/domains?name=Default 0.033s
2025-04-14 15:28:48.159 71509 INFO tempest.lib.common.rest_client [req-41a9f66c-171f-43e1-937d-72c383ec05ff req-41a9f66c-171f-43e1-937d-72c383ec05ff ] Request (ServerAddressesNegativeTestJSON:setUpClass): 200 GET http://10.180.1.21/compute/v2.1/servers/4eca8abb-ea4d-4c45-a1b0-93a15ac24ced 1.191s
2025-04-14 15:28:48.162 71489 INFO tempest.lib.common.rest_client [req-647d7b85-0ab2-4199-84cf-4be8be717ab0 req-647d7b85-0ab2-4199-84cf-4be8be717ab0 ] Request (SecurityGroupsTestJSON:setUpClass): 201 POST http://10.180.1.21/identity/v3/projects 0.050s
2025-04-14 15:28:48.210 71469 INFO tempest.lib.common.rest_client [req-72b9a365-22f2-4a14-b55f-befd6b2dd885 req-72b9a365-22f2-4a14-b55f-befd6b2dd885 ] Request (MigrationsAdminTest:test_list_migrations_in_flavor_resize_situation): 200 GET http://10.180.1.21/compute/v2.1/servers/8ea6b675-6e2f-492b-be9b-0ff5638b9363 1.198s
2025-04-14 15:28:48.243 71497 INFO tempest.lib.common.rest_client [req-8201db8b-27b5-44ea-a252-9a8ecf7ddcca req-8201db8b-27b5-44ea-a252-9a8ecf7ddcca ] Request (ServerMetadataTestJSON:test_update_server_metadata): 200 GET http://10.180.1.21/compute/v2.1/servers/a2203e1c-afc0-4155-a4f4-3c1d91aa8939/metadata 1.097s
2025-04-14 15:28:48.250 71489 INFO tempest.lib.common.rest_client [req-c0bf2f95-f21d-48a3-8959-590a6bbc0dc3 req-c0bf2f95-f21d-48a3-8959-590a6bbc0dc3 ] Request (SecurityGroupsTestJSON:setUpClass): 201 POST http://10.180.1.21/identity/v3/users 0.087s
2025-04-14 15:28:48.259 71507 INFO tempest.lib.common.rest_client [req-26058a11-4ac8-43ad-9390-b6467476c1bd req-26058a11-4ac8-43ad-9390-b6467476c1bd ] Request (ServersTestManualDisk:setUpClass): 200 GET http://10.180.1.21/compute/v2.1/servers/c6f39db1-7ccc-44de-860a-45dbe687ace7 1.211s
2025-04-14 15:28:48.281 71489 INFO tempest.lib.common.rest_client [req-adef79f4-d8ac-44e8-9c5a-18bd5a87ff45 req-adef79f4-d8ac-44e8-9c5a-18bd5a87ff45 ] Request (SecurityGroupsTestJSON:setUpClass): 200 GET http://10.180.1.21/identity/v3/roles 0.030s
2025-04-14 15:28:48.379 71489 INFO tempest.lib.common.rest_client [req-da9045b3-82b5-4d9e-a158-29c86eb6cd3e req-da9045b3-82b5-4d9e-a158-29c86eb6cd3e ] Request (SecurityGroupsTestJSON:setUpClass): 204 PUT http://10.180.1.21/identity/v3/projects/98ee72910822420d93251037ad979188/users/fc808ad11d5c4caea11e14d0e9c0d8f2/roles/3a278502572f45bb9164e0983affadf5 0.097s
2025-04-14 15:28:48.379 71489 INFO tempest.lib.common.dynamic_creds [-] Dynamic test user fc808ad11d5c4caea11e14d0e9c0d8f2 is created with scope project and roles: ['member']
2025-04-14 15:28:48.379 71489 INFO tempest.lib.common.dynamic_creds [-] Acquired dynamic creds: credentials: Credentials: {'domain_id': 'default', 'domain_name': 'Default', 'username': 'tempest-SecurityGroupsTestJSON-460719950-project-member', 'project_domain_id': 'default', 'project_domain_name': 'Default', 'project_id': '98ee72910822420d93251037ad979188', 'project_name': 'tempest-SecurityGroupsTestJSON-460719950', 'tenant_id': '98ee72910822420d93251037ad979188', 'tenant_name': 'tempest-SecurityGroupsTestJSON-460719950', 'user_domain_id': 'default', 'user_domain_name': 'Default', 'user_id': 'fc808ad11d5c4caea11e14d0e9c0d8f2', 'system': None}, Network: None, Subnet: None, Router: None
2025-04-14 15:28:48.381 71511 INFO tempest.lib.common.rest_client [req-d371885a-4c5f-4534-bb91-06553df4e419 req-d371885a-4c5f-4534-bb91-06553df4e419 ] Request (ListServersNegativeTestJSON:setUpClass): 200 GET http://10.180.1.21/compute/v2.1/servers/14217653-66fb-46a9-89e7-f0f7466f5ecc 1.187s
2025-04-14 15:28:48.474 71489 INFO tempest.lib.common.rest_client [req-7d2fc1af-8179-4e05-bb6e-4d851d981a98 req-7d2fc1af-8179-4e05-bb6e-4d851d981a98 ] Request (SecurityGroupsTestJSON:setUpClass): 201 POST http://10.180.1.21/identity/v3/auth/tokens 0.094s
2025-04-14 15:28:48.506 71467 INFO tempest.lib.common.rest_client [req-b7015b05-094c-419d-ae65-d3f7803c6cf0 req-b7015b05-094c-419d-ae65-d3f7803c6cf0 ] Request (ServerDiagnosticsTest:tearDownClass): 200 GET http://10.180.1.21/compute/v2.1/servers/bc665eac-54f4-4c98-a1fe-e26049026682 0.851s
2025-04-14 15:28:48.517 71506 INFO tempest.lib.common.rest_client [req-e21e02f7-0ed0-4a7e-9cea-d1576ada5044 req-e21e02f7-0ed0-4a7e-9cea-d1576ada5044 ] Request (ServerActionsTestOtherB:setUpClass): 200 GET http://10.180.1.21/compute/v2.1/servers/fb97a908-0315-42a4-9194-30d503c7672d 1.218s
2025-04-14 15:28:48.589 71487 INFO tempest.lib.common.rest_client [req-6177dd86-72dd-4303-9c02-57b2f211aa17 req-6177dd86-72dd-4303-9c02-57b2f211aa17 ] Request (ServerDiskConfigTestJSON:test_rebuild_server_with_auto_disk_config): 200 GET http://10.180.1.21/compute/v2.1/servers/bde8b429-14ea-498d-93ac-54eb6f0269da 0.848s
2025-04-14 15:28:48.603 71525 INFO tempest.lib.common.rest_client [req-accb65ed-d1f7-4cd6-975c-96c31a514cbc req-accb65ed-d1f7-4cd6-975c-96c31a514cbc ] Request (ServersAdminNegativeTestJSON:test_migrate_server_invalid_state): 200 GET http://10.180.1.21/compute/v2.1/servers/3ec7288c-867a-43a5-a5a9-e368e1f6d66f 0.785s
2025-04-14 15:28:48.668 71517 INFO tempest.lib.common.rest_client [req-c1932bf5-8f27-4f8d-8163-7036c8af6877 req-c1932bf5-8f27-4f8d-8163-7036c8af6877 ] Request (AttachInterfacesTestJSON:test_create_list_show_delete_interfaces_by_fixed_ip): 200 GET http://10.180.1.21/compute/v2.1/servers/5f587671-def8-46da-918b-72029dba52c5 0.804s
2025-04-14 15:28:48.755 71519 INFO tempest.lib.common.rest_client [req-b5386adc-6e23-413b-98c8-d245ac7a74f7 req-b5386adc-6e23-413b-98c8-d245ac7a74f7 ] Request (AttachVolumeShelveTestJSON:test_attach_volume_shelved_or_offload_server): 200 GET http://10.180.1.21/compute/v2.1/servers/47abd936-95ee-4441-91f3-c1cfbda66bd0 0.861s
2025-04-14 15:28:48.804 71523 INFO tempest.lib.common.rest_client [req-15401965-2c79-4785-a3b7-194a1aa45ee9 req-15401965-2c79-4785-a3b7-194a1aa45ee9 ] Request (ServersTestBootFromVolume:setUpClass): 200 GET http://10.180.1.21/compute/v2.1/servers/c0d6c9f0-edeb-4fec-8768-7ff766e5d5c9/os-interface 0.932s
2025-04-14 15:28:48.813 71479 INFO tempest.lib.common.rest_client [req-7f2067b5-3e24-4fc3-b207-8b6a1c6d3eef req-7f2067b5-3e24-4fc3-b207-8b6a1c6d3eef ] Request (DeleteServersTestJSON:setUpClass): 200 PUT http://10.180.1.21:9696/networking/v2.0/routers/7b8d9fa6-9bb1-42c5-ad53-28aacc004b16/add_router_interface 2.565s
2025-04-14 15:28:48.814 71479 INFO tempest.lib.common.dynamic_creds [-] Created isolated network resources for: credentials: Credentials: {'domain_id': 'default', 'domain_name': 'Default', 'username': 'tempest-DeleteServersTestJSON-1199867382-project-member', 'project_domain_id': 'default', 'project_domain_name': 'Default', 'project_id': '9a63c10d510a4c2dad53978528f8d47e', 'project_name': 'tempest-DeleteServersTestJSON-1199867382', 'tenant_id': '9a63c10d510a4c2dad53978528f8d47e', 'tenant_name': 'tempest-DeleteServersTestJSON-1199867382', 'user_domain_id': 'default', 'user_domain_name': 'Default', 'user_id': 'e27b5ee85d4b4bf8a692317b0353260d', 'system': None}, Network: {'id': '821cb63b-69db-41e4-8f0d-e8ec669da8b1', 'name': 'tempest-DeleteServersTestJSON-1854519515-network', 'tenant_id': '9a63c10d510a4c2dad53978528f8d47e', 'admin_state_up': True, 'mtu': 8950, 'status': 'ACTIVE', 'subnets': [], 'shared': False, 'project_id': '9a63c10d510a4c2dad53978528f8d47e', 'port_security_enabled': True, 'router:external': False, 'provider:network_type': 'vlan', 'provider:physical_network': 'default', 'provider:segmentation_id': 351, 'availability_zone_hints': [], 'availability_zones': [], 'ipv4_address_scope': None, 'ipv6_address_scope': None, 'description': '', 'tags': [], 'created_at': '2025-04-14T15:28:43Z', 'updated_at': '2025-04-14T15:28:43Z', 'revision_number': 1}, Subnet: {'id': '6564a61a-175c-4f0f-996e-66c3f9512725', 'name': 'tempest-DeleteServersTestJSON-1854519515-subnet', 'tenant_id': '9a63c10d510a4c2dad53978528f8d47e', 'network_id': '821cb63b-69db-41e4-8f0d-e8ec669da8b1', 'ip_version': 4, 'subnetpool_id': None, 'enable_dhcp': True, 'ipv6_ra_mode': None, 'ipv6_address_mode': None, 'gateway_ip': '192.168.128.1', 'cidr': '192.168.128.0/28', 'allocation_pools': [{'start': '192.168.128.2', 'end': '192.168.128.14'}], 'host_routes': [], 'dns_nameservers': [], 'description': '', 'router:external': False, 'service_types': [], 'tags': [], 'created_at': '2025-04-14T15:28:43Z', 'updated_at': '2025-04-14T15:28:43Z', 'revision_number': 0, 'project_id': '9a63c10d510a4c2dad53978528f8d47e'}, Router: {'id': '7b8d9fa6-9bb1-42c5-ad53-28aacc004b16', 'name': 'tempest-DeleteServersTestJSON-1854519515-router', 'tenant_id': '9a63c10d510a4c2dad53978528f8d47e', 'admin_state_up': True, 'status': 'ACTIVE', 'external_gateway_info': {'network_id': '6474c9c2-7568-4f42-bf38-10d46f2f77e1', 'external_fixed_ips': [{'subnet_id': 'e9898d38-3881-4a8a-891c-9e337b4c8a91', 'ip_address': '10.180.180.254'}], 'enable_snat': True}, 'description': '', 'availability_zones': [], 'distributed': False, 'ha': False, 'availability_zone_hints': [], 'routes': [], 'flavor_id': None, 'tags': [], 'created_at': '2025-04-14T15:28:44Z', 'updated_at': '2025-04-14T15:28:45Z', 'revision_number': 2, 'project_id': '9a63c10d510a4c2dad53978528f8d47e'}
2025-04-14 15:28:48.826 71483 INFO tempest.lib.common.rest_client [req-d31a1c40-4c77-447e-987f-208ea83bfc96 req-d31a1c40-4c77-447e-987f-208ea83bfc96 ] Request (ListServerFiltersTestJSON:setUpClass): 200 GET http://10.180.1.21/compute/v2.1/servers/2a237b60-5b6f-42d8-ba67-1cb084f96828 0.874s
2025-04-14 15:28:48.834 71483 INFO tempest.common.waiters [-] State transition "BUILD/scheduling" ==> "BUILD/None" after 11 second wait
2025-04-14 15:28:48.917 71503 INFO tempest.lib.common.rest_client [req-e9d64000-5683-4ee5-8c4c-6da853c65e7e req-e9d64000-5683-4ee5-8c4c-6da853c65e7e ] Request (TenantUsagesTestJSON:tearDownClass): 200 GET http://10.180.1.21/compute/v2.1/servers/9e497a6e-0cdb-41a7-b91c-395e0dfd9cb7 0.785s
2025-04-14 15:28:48.928 71515 INFO tempest.lib.common.rest_client [req-d79422c1-db94-4dc7-ada0-ae918ea59dc8 req-d79422c1-db94-4dc7-ada0-ae918ea59dc8 ] Request (FloatingIPsAssociationNegativeTestJSON:tearDownClass): 200 GET http://10.180.1.21/compute/v2.1/servers/2f7c09dd-b4fd-49fb-a1c4-212c1e2333a4 0.906s
2025-04-14 15:28:48.933 71479 INFO tempest.lib.common.rest_client [req-01994267-890f-47e2-a4c3-eeefd4705052 req-01994267-890f-47e2-a4c3-eeefd4705052 ] Request (DeleteServersTestJSON:setUpClass): 201 POST http://10.180.1.21/identity/v3/auth/tokens 0.107s
2025-04-14 15:28:48.939 71495 INFO tempest.lib.common.rest_client [req-93ed4b02-ddc7-43b4-a633-b4a229fa8ee2 req-93ed4b02-ddc7-43b4-a633-b4a229fa8ee2 ] Request (SecurityGroupsNegativeTestJSON:setUpClass): 200 PUT http://10.180.1.21:9696/networking/v2.0/routers/0b95ead4-902c-45aa-806e-7f3ed7a6091b/add_router_interface 2.445s
2025-04-14 15:28:48.939 71495 INFO tempest.lib.common.dynamic_creds [-] Created isolated network resources for: credentials: Credentials: {'domain_id': 'default', 'domain_name': 'Default', 'username': 'tempest-SecurityGroupsNegativeTestJSON-2102959236-project-member', 'project_domain_id': 'default', 'project_domain_name': 'Default', 'project_id': 'f102e9949934414f89785d6445be5d0a', 'project_name': 'tempest-SecurityGroupsNegativeTestJSON-2102959236', 'tenant_id': 'f102e9949934414f89785d6445be5d0a', 'tenant_name': 'tempest-SecurityGroupsNegativeTestJSON-2102959236', 'user_domain_id': 'default', 'user_domain_name': 'Default', 'user_id': '2c21c80f69c64d89ac94848014326ff1', 'system': None}, Network: {'id': '8eed404e-8cd4-44ef-b304-f8db13b412ec', 'name': 'tempest-SecurityGroupsNegativeTestJSON-710535304-network', 'tenant_id': 'f102e9949934414f89785d6445be5d0a', 'admin_state_up': True, 'mtu': 8950, 'status': 'ACTIVE', 'subnets': [], 'shared': False, 'project_id': 'f102e9949934414f89785d6445be5d0a', 'port_security_enabled': True, 'router:external': False, 'provider:network_type': 'vlan', 'provider:physical_network': 'default', 'provider:segmentation_id': 722, 'availability_zone_hints': [], 'availability_zones': [], 'ipv4_address_scope': None, 'ipv6_address_scope': None, 'description': '', 'tags': [], 'created_at': '2025-04-14T15:28:43Z', 'updated_at': '2025-04-14T15:28:43Z', 'revision_number': 1}, Subnet: {'id': '813bbe6d-c36f-42e4-b2ca-22be108b2505', 'name': 'tempest-SecurityGroupsNegativeTestJSON-710535304-subnet', 'tenant_id': 'f102e9949934414f89785d6445be5d0a', 'network_id': '8eed404e-8cd4-44ef-b304-f8db13b412ec', 'ip_version': 4, 'subnetpool_id': None, 'enable_dhcp': True, 'ipv6_ra_mode': None, 'ipv6_address_mode': None, 'gateway_ip': '192.168.128.1', 'cidr': '192.168.128.0/28', 'allocation_pools': [{'start': '192.168.128.2', 'end': '192.168.128.14'}], 'host_routes': [], 'dns_nameservers': [], 'description': '', 'router:external': False, 'service_types': [], 'tags': [], 'created_at': '2025-04-14T15:28:44Z', 'updated_at': '2025-04-14T15:28:44Z', 'revision_number': 0, 'project_id': 'f102e9949934414f89785d6445be5d0a'}, Router: {'id': '0b95ead4-902c-45aa-806e-7f3ed7a6091b', 'name': 'tempest-SecurityGroupsNegativeTestJSON-710535304-router', 'tenant_id': 'f102e9949934414f89785d6445be5d0a', 'admin_state_up': True, 'status': 'ACTIVE', 'external_gateway_info': {'network_id': '6474c9c2-7568-4f42-bf38-10d46f2f77e1', 'external_fixed_ips': [{'subnet_id': 'e9898d38-3881-4a8a-891c-9e337b4c8a91', 'ip_address': '10.180.180.231'}], 'enable_snat': True}, 'description': '', 'availability_zones': [], 'distributed': False, 'ha': False, 'availability_zone_hints': [], 'routes': [], 'flavor_id': None, 'tags': [], 'created_at': '2025-04-14T15:28:44Z', 'updated_at': '2025-04-14T15:28:45Z', 'revision_number': 2, 'project_id': 'f102e9949934414f89785d6445be5d0a'}
2025-04-14 15:28:48.984 71479 INFO tempest.lib.common.rest_client [req-a85f60b8-e1bd-4ea9-8c30-7faaf9a35e69 req-a85f60b8-e1bd-4ea9-8c30-7faaf9a35e69 ] Request (DeleteServersTestJSON:test_delete_active_server): 201 POST http://10.180.1.21/identity/v3/auth/tokens 0.044s
2025-04-14 15:28:48.984 71479 INFO tempest.lib.common.fixed_network [-] (DeleteServersTestJSON:test_delete_active_server) Found network {'id': '821cb63b-69db-41e4-8f0d-e8ec669da8b1', 'name': 'tempest-DeleteServersTestJSON-1854519515-network', 'tenant_id': '9a63c10d510a4c2dad53978528f8d47e', 'admin_state_up': True, 'mtu': 8950, 'status': 'ACTIVE', 'subnets': [], 'shared': False, 'project_id': '9a63c10d510a4c2dad53978528f8d47e', 'port_security_enabled': True, 'router:external': False, 'provider:network_type': 'vlan', 'provider:physical_network': 'default', 'provider:segmentation_id': 351, 'availability_zone_hints': [], 'availability_zones': [], 'ipv4_address_scope': None, 'ipv6_address_scope': None, 'description': '', 'tags': [], 'created_at': '2025-04-14T15:28:43Z', 'updated_at': '2025-04-14T15:28:43Z', 'revision_number': 1} available for tenant
2025-04-14 15:28:49.002 71529 INFO tempest.lib.common.rest_client [req-35e5785b-ac87-4bd0-91b1-faac4e714ec5 req-35e5785b-ac87-4bd0-91b1-faac4e714ec5 ] Request (InstanceActionsTestJSON:setUpClass): 200 GET http://10.180.1.21/compute/v2.1/servers/b7fddd33-fcfa-4e3e-9acd-970b3c690339 0.815s
2025-04-14 15:28:49.014 71495 INFO tempest.lib.common.rest_client [req-8a58c7df-20a7-4780-bb89-6177f1a8959d req-8a58c7df-20a7-4780-bb89-6177f1a8959d ] Request (SecurityGroupsNegativeTestJSON:setUpClass): 201 POST http://10.180.1.21/identity/v3/auth/tokens 0.069s
2025-04-14 15:28:49.022 71489 INFO tempest.lib.common.rest_client [req-6eb242a8-10da-413f-b1a6-d7d769f83b8e req-6eb242a8-10da-413f-b1a6-d7d769f83b8e ] Request (SecurityGroupsTestJSON:setUpClass): 201 POST http://10.180.1.21:9696/networking/v2.0/networks 0.547s
2025-04-14 15:28:49.042 71501 INFO tempest.lib.common.rest_client [req-a1d6f2d0-d1ef-4991-bb71-e87eb68ed2fd req-a1d6f2d0-d1ef-4991-bb71-e87eb68ed2fd ] Request (ServersListShow296Test:test_list_show_update_rebuild_server_296): 200 GET http://10.180.1.21/compute/v2.1/servers/7f73a545-dd6e-491c-9203-1af48d0bcb65 0.803s
2025-04-14 15:28:49.127 71497 INFO tempest.lib.common.rest_client [req-1700518e-82af-4500-a89a-114bc9d07700 req-1700518e-82af-4500-a89a-114bc9d07700 ] Request (ServerMetadataTestJSON:tearDownClass): 204 DELETE http://10.180.1.21/compute/v2.1/servers/a2203e1c-afc0-4155-a4f4-3c1d91aa8939 0.882s
2025-04-14 15:28:49.139 71475 INFO tempest.lib.common.rest_client [req-5752e27d-a2e7-41a0-92d4-0f8975d46ee1 req-5752e27d-a2e7-41a0-92d4-0f8975d46ee1 ] Request (ImagesTestJSON:test_create_image_from_stopped_server): 200 GET http://10.180.1.21/compute/v2.1/servers/a2840dac-7d14-4d6e-84e7-d74e8ef0db7f 0.820s
2025-04-14 15:28:49.282 71477 INFO tempest.lib.common.rest_client [req-254b076d-13bb-468e-805e-50c62259bb34 req-254b076d-13bb-468e-805e-50c62259bb34 ] Request (ServersAdminTestJSON:test_create_server_with_scheduling_hint): 200 GET http://10.180.1.21/compute/v2.1/servers/c7151826-0752-4112-a25b-59e79d482872 0.876s
2025-04-14 15:28:49.293 71477 INFO tempest.common.waiters [-] State transition "BUILD/networking" ==> "BUILD/spawning" after 26 second wait
2025-04-14 15:28:49.303 71489 INFO tempest.lib.common.rest_client [req-ec409082-6c05-4290-a714-11c0364c222f req-ec409082-6c05-4290-a714-11c0364c222f ] Request (SecurityGroupsTestJSON:setUpClass): 201 POST http://10.180.1.21:9696/networking/v2.0/subnets 0.281s
2025-04-14 15:28:49.374 71521 INFO tempest.lib.common.rest_client [req-c65b8d38-e0d0-40e5-86e9-bbfabd106ab7 req-c65b8d38-e0d0-40e5-86e9-bbfabd106ab7 ] Request (ServersAdmin275Test:tearDownClass): 200 GET http://10.180.1.21/compute/v2.1/servers/b68e658a-8a6a-451c-b52d-e1d66d0251d1 0.383s
2025-04-14 15:28:49.448 71495 INFO tempest.lib.common.rest_client [req-6b405801-59c1-497f-b9d4-e04ab5c0b97a req-6b405801-59c1-497f-b9d4-e04ab5c0b97a ] Request (SecurityGroupsNegativeTestJSON:test_delete_nonexistent_security_group): 404 DELETE http://10.180.1.21/compute/v2.1/os-security-groups/aff969b5-40aa-4185-a04d-a53b4cc0b322 0.433s
2025-04-14 15:28:49.667 71497 INFO tempest.lib.common.rest_client [req-970cfe0e-b1ac-4a57-8a67-4d455ba11889 req-970cfe0e-b1ac-4a57-8a67-4d455ba11889 ] Request (ServerMetadataTestJSON:tearDownClass): 200 GET http://10.180.1.21/compute/v2.1/servers/a2203e1c-afc0-4155-a4f4-3c1d91aa8939 0.540s
2025-04-14 15:28:49.850 71509 INFO tempest.lib.common.rest_client [req-f475487c-69e5-433e-9f8a-34b42a6316c6 req-f475487c-69e5-433e-9f8a-34b42a6316c6 ] Request (ServerAddressesNegativeTestJSON:setUpClass): 200 GET http://10.180.1.21/compute/v2.1/servers/4eca8abb-ea4d-4c45-a1b0-93a15ac24ced 0.678s
2025-04-14 15:28:50.045 71523 INFO tempest.lib.common.rest_client [req-c6d45d61-0541-4c07-b40a-fd6f1a580b85 req-c6d45d61-0541-4c07-b40a-fd6f1a580b85 ] Request (ServersTestBootFromVolume:setUpClass): 200 PUT http://10.180.1.21:9696/networking/v2.0/floatingips/0242b28a-9a7f-44ba-9c0c-9f490373ffd4 1.239s
2025-04-14 15:28:50.086 71469 INFO tempest.lib.common.rest_client [req-5223670b-7b2e-4cc9-ace7-c82d36699b8a req-5223670b-7b2e-4cc9-ace7-c82d36699b8a ] Request (MigrationsAdminTest:test_list_migrations_in_flavor_resize_situation): 200 GET http://10.180.1.21/compute/v2.1/servers/8ea6b675-6e2f-492b-be9b-0ff5638b9363 0.865s
2025-04-14 15:28:50.105 71479 INFO tempest.lib.common.rest_client [req-c30ea7b9-c78d-4eb0-ab6a-59cee1b0495c req-c30ea7b9-c78d-4eb0-ab6a-59cee1b0495c ] Request (DeleteServersTestJSON:test_delete_active_server): 202 POST http://10.180.1.21/compute/v2.1/servers 1.120s
2025-04-14 15:28:50.135 71513 WARNING tempest.lib.common.ssh [-] Failed to establish authenticated ssh connection to cirros@10.180.180.197 ([Errno None] Unable to connect to port 22 on 10.180.180.197). Number attempts: 1. Retry after 2 seconds.: paramiko.ssh_exception.NoValidConnectionsError: [Errno None] Unable to connect to port 22 on 10.180.180.197
2025-04-14 15:28:50.175 71507 INFO tempest.lib.common.rest_client [req-45873b8a-8576-4836-ac1e-b2dceef9b4df req-45873b8a-8576-4836-ac1e-b2dceef9b4df ] Request (ServersTestManualDisk:setUpClass): 200 GET http://10.180.1.21/compute/v2.1/servers/c6f39db1-7ccc-44de-860a-45dbe687ace7 0.905s
2025-04-14 15:28:50.175 71511 INFO tempest.lib.common.rest_client [req-af0ed8cd-2782-4713-8fe7-3dbcd6f440db req-af0ed8cd-2782-4713-8fe7-3dbcd6f440db ] Request (ListServersNegativeTestJSON:setUpClass): 200 GET http://10.180.1.21/compute/v2.1/servers/14217653-66fb-46a9-89e7-f0f7466f5ecc 0.781s
2025-04-14 15:28:50.181 71495 INFO tempest.lib.common.rest_client [req-ed38beef-74e0-4909-83fe-9e23e8feca1a req-ed38beef-74e0-4909-83fe-9e23e8feca1a ] Request (SecurityGroupsNegativeTestJSON:test_delete_security_group_without_passing_id): 404 DELETE http://10.180.1.21/compute/v2.1/os-security-groups/ 0.731s
2025-04-14 15:28:50.205 71467 INFO tempest.lib.common.rest_client [req-a26b5683-1f11-45b4-b652-f41d060dadab req-a26b5683-1f11-45b4-b652-f41d060dadab ] Request (ServerDiagnosticsTest:tearDownClass): 404 GET http://10.180.1.21/compute/v2.1/servers/bc665eac-54f4-4c98-a1fe-e26049026682 0.685s
2025-04-14 15:28:50.261 71485 INFO tempest.lib.common.rest_client [req-f77b56b1-9538-443d-a90c-6b34cb946d55 req-f77b56b1-9538-443d-a90c-6b34cb946d55 ] Request (ImagesOneServerNegativeTestJSON:setUpClass): 201 POST http://10.180.1.21:9696/networking/v2.0/routers 2.221s
2025-04-14 15:28:50.320 71467 INFO tempest.lib.common.rest_client [req-66bd09ae-2e8a-4a60-a5c0-7adf43e2c2d6 req-66bd09ae-2e8a-4a60-a5c0-7adf43e2c2d6 ] Request (ServerDiagnosticsTest:tearDownClass): 204 DELETE http://10.180.1.21/identity/v3/users/9dc6f68b0c414c7c95425ecfc06eb513 0.114s
2025-04-14 15:28:50.339 71487 INFO tempest.lib.common.rest_client [req-b57bf12e-4edb-4ef7-91bf-75cc3d9e8eec req-b57bf12e-4edb-4ef7-91bf-75cc3d9e8eec ] Request (ServerDiskConfigTestJSON:test_rebuild_server_with_auto_disk_config): 200 GET http://10.180.1.21/compute/v2.1/servers/bde8b429-14ea-498d-93ac-54eb6f0269da 0.740s
2025-04-14 15:28:50.448 71467 INFO tempest.lib.common.rest_client [req-eadbc0f0-325d-40fd-aaf5-4f123f37e96a req-eadbc0f0-325d-40fd-aaf5-4f123f37e96a ] Request (ServerDiagnosticsTest:tearDownClass): 204 DELETE http://10.180.1.21/identity/v3/users/c1d2c8f85263469fa564781684b9a43a 0.128s
2025-04-14 15:28:50.448 71467 INFO tempest.lib.common.dynamic_creds [-] Deleting project and security group for project: 772d95aae75c4ebeb0bd593f4e3e2a1e
2025-04-14 15:28:50.454 71525 INFO tempest.lib.common.rest_client [req-53f59a23-90f6-498f-82e5-310f9fcc978d req-53f59a23-90f6-498f-82e5-310f9fcc978d ] Request (ServersAdminNegativeTestJSON:test_migrate_server_invalid_state): 200 GET http://10.180.1.21/compute/v2.1/servers/3ec7288c-867a-43a5-a5a9-e368e1f6d66f 0.838s
2025-04-14 15:28:50.512 71506 INFO tempest.lib.common.rest_client [req-eef81d8c-0410-4540-9047-5c9fe7b2e30d req-eef81d8c-0410-4540-9047-5c9fe7b2e30d ] Request (ServerActionsTestOtherB:setUpClass): 200 GET http://10.180.1.21/compute/v2.1/servers/fb97a908-0315-42a4-9194-30d503c7672d 0.980s
2025-04-14 15:28:50.528 71489 INFO tempest.lib.common.rest_client [req-bb40c491-b90c-460c-8ba4-0a92c75abbab req-bb40c491-b90c-460c-8ba4-0a92c75abbab ] Request (SecurityGroupsTestJSON:setUpClass): 201 POST http://10.180.1.21:9696/networking/v2.0/routers 1.224s
2025-04-14 15:28:50.536 71467 INFO tempest.lib.common.rest_client [req-1d636c19-3614-4b0e-95c9-e1dd38b8c0da req-1d636c19-3614-4b0e-95c9-e1dd38b8c0da ] Request (ServerDiagnosticsTest:tearDownClass): 201 POST http://10.180.1.21/identity/v3/auth/tokens 0.087s
2025-04-14 15:28:50.577 71517 INFO tempest.lib.common.rest_client [req-c0e7514f-62d3-40b4-a627-00aacacf15df req-c0e7514f-62d3-40b4-a627-00aacacf15df ] Request (AttachInterfacesTestJSON:test_create_list_show_delete_interfaces_by_fixed_ip): 200 GET http://10.180.1.21/compute/v2.1/servers/5f587671-def8-46da-918b-72029dba52c5 0.897s
2025-04-14 15:28:50.590 71519 INFO tempest.lib.common.rest_client [req-31e67080-5be4-4e95-91f5-373fbf270695 req-31e67080-5be4-4e95-91f5-373fbf270695 ] Request (AttachVolumeShelveTestJSON:test_attach_volume_shelved_or_offload_server): 200 GET http://10.180.1.21/compute/v2.1/servers/47abd936-95ee-4441-91f3-c1cfbda66bd0 0.822s
2025-04-14 15:28:50.706 71483 INFO tempest.lib.common.rest_client [req-a1600ca1-190c-4736-afd9-80f021bbfe1e req-a1600ca1-190c-4736-afd9-80f021bbfe1e ] Request (ListServerFiltersTestJSON:setUpClass): 200 GET http://10.180.1.21/compute/v2.1/servers/2a237b60-5b6f-42d8-ba67-1cb084f96828 0.870s
2025-04-14 15:28:50.710 71471 WARNING tempest.lib.common.ssh [-] Failed to establish authenticated ssh connection to cirros@10.180.180.207 ([Errno None] Unable to connect to port 22 on 10.180.180.207). Number attempts: 3. Retry after 4 seconds.: paramiko.ssh_exception.NoValidConnectionsError: [Errno None] Unable to connect to port 22 on 10.180.180.207
2025-04-14 15:28:50.727 71503 INFO tempest.lib.common.rest_client [req-c09d1706-c2e2-4c96-b271-3c1539e46b20 req-c09d1706-c2e2-4c96-b271-3c1539e46b20 ] Request (TenantUsagesTestJSON:tearDownClass): 200 GET http://10.180.1.21/compute/v2.1/servers/9e497a6e-0cdb-41a7-b91c-395e0dfd9cb7 0.799s
2025-04-14 15:28:50.757 71467 INFO tempest.lib.common.rest_client [req-9c6b7a64-ada2-43c6-a9ee-18c30530e452 req-9c6b7a64-ada2-43c6-a9ee-18c30530e452 ] Request (ServerDiagnosticsTest:tearDownClass): 200 GET http://10.180.1.21:9696/networking/v2.0/security-groups?tenant_id=772d95aae75c4ebeb0bd593f4e3e2a1e&name=default 0.221s
2025-04-14 15:28:50.850 71529 INFO tempest.lib.common.rest_client [req-b9672047-57f7-4c47-9271-31eda3bd38b5 req-b9672047-57f7-4c47-9271-31eda3bd38b5 ] Request (InstanceActionsTestJSON:setUpClass): 200 GET http://10.180.1.21/compute/v2.1/servers/b7fddd33-fcfa-4e3e-9acd-970b3c690339 0.839s
2025-04-14 15:28:50.851 71515 INFO tempest.lib.common.rest_client [req-070d87ba-f066-49e0-a937-74bdb8a2c5ea req-070d87ba-f066-49e0-a937-74bdb8a2c5ea ] Request (FloatingIPsAssociationNegativeTestJSON:tearDownClass): 200 GET http://10.180.1.21/compute/v2.1/servers/2f7c09dd-b4fd-49fb-a1c4-212c1e2333a4 0.912s
2025-04-14 15:28:50.949 71501 INFO tempest.lib.common.rest_client [req-ed29e46d-f0d7-4798-a2a4-f184d29fd153 req-ed29e46d-f0d7-4798-a2a4-f184d29fd153 ] Request (ServersListShow296Test:test_list_show_update_rebuild_server_296): 200 GET http://10.180.1.21/compute/v2.1/servers/7f73a545-dd6e-491c-9203-1af48d0bcb65 0.882s
2025-04-14 15:28:51.008 71479 INFO tempest.lib.common.rest_client [req-c35c0a45-db73-4dba-8308-5bd1bc2b1942 req-c35c0a45-db73-4dba-8308-5bd1bc2b1942 ] Request (DeleteServersTestJSON:test_delete_active_server): 200 GET http://10.180.1.21/compute/v2.1/servers/4d64ad6e-4afc-4367-87c8-b64523288cae 0.902s
2025-04-14 15:28:51.019 71467 INFO tempest.lib.common.rest_client [req-8993c2d5-e4bf-4afd-97cd-0ba0f0daca8e req-8993c2d5-e4bf-4afd-97cd-0ba0f0daca8e ] Request (ServerDiagnosticsTest:tearDownClass): 204 DELETE http://10.180.1.21:9696/networking/v2.0/security-groups/f2accb7b-fbb3-4bd3-a819-611c041bf352 0.261s
2025-04-14 15:28:51.068 71475 INFO tempest.lib.common.rest_client [req-efc960d9-7d47-42e7-9a63-5c3c320b477e req-efc960d9-7d47-42e7-9a63-5c3c320b477e ] Request (ImagesTestJSON:test_create_image_from_stopped_server): 200 GET http://10.180.1.21/compute/v2.1/servers/a2840dac-7d14-4d6e-84e7-d74e8ef0db7f 0.912s
2025-04-14 15:28:51.084 71523 INFO tempest.lib.common.rest_client [req-92ab921a-d2c7-4cb5-b219-6931247e3486 req-92ab921a-d2c7-4cb5-b219-6931247e3486 ] Request (ServersTestBootFromVolume:setUpClass): 200 GET http://10.180.1.21/compute/v2.1/servers/c0d6c9f0-edeb-4fec-8768-7ff766e5d5c9 1.039s
2025-04-14 15:28:51.100 71523 INFO tempest.lib.common.ssh [-] Creating ssh connection to '10.180.180.132:22' as 'cirros' with public key authentication
2025-04-14 15:28:51.120 71467 INFO tempest.lib.common.rest_client [req-2bdcd45c-2d8c-4d27-84f9-fea300a02afe req-2bdcd45c-2d8c-4d27-84f9-fea300a02afe ] Request (ServerDiagnosticsTest:tearDownClass): 204 DELETE http://10.180.1.21/identity/v3/projects/772d95aae75c4ebeb0bd593f4e3e2a1e 0.100s
2025-04-14 15:28:51.120 71467 INFO tempest.lib.common.dynamic_creds [-] Deleting project and security group for project: fdee45de75624bf8a679e46649e25278
2025-04-14 15:28:51.224 71477 INFO tempest.lib.common.rest_client [req-7c70e580-9524-414a-8d2b-8126c1dffeb2 req-7c70e580-9524-414a-8d2b-8126c1dffeb2 ] Request (ServersAdminTestJSON:test_create_server_with_scheduling_hint): 200 GET http://10.180.1.21/compute/v2.1/servers/c7151826-0752-4112-a25b-59e79d482872 0.930s
2025-04-14 15:28:51.236 71495 INFO tempest.lib.common.rest_client [req-fee7311d-97af-476d-bee2-752151694e14 req-fee7311d-97af-476d-bee2-752151694e14 ] Request (SecurityGroupsNegativeTestJSON:test_delete_the_default_security_group): 200 GET http://10.180.1.21/compute/v2.1/os-security-groups 1.054s
2025-04-14 15:28:51.323 71521 INFO tempest.lib.common.rest_client [req-26cabf68-5b0c-47fc-aa09-dcaadd581b2e req-26cabf68-5b0c-47fc-aa09-dcaadd581b2e ] Request (ServersAdmin275Test:tearDownClass): 200 GET http://10.180.1.21/compute/v2.1/servers/b68e658a-8a6a-451c-b52d-e1d66d0251d1 0.937s
2025-04-14 15:28:51.405 71467 INFO tempest.lib.common.rest_client [req-dba2c025-25a2-4adc-aa42-8c8c7607b93f req-dba2c025-25a2-4adc-aa42-8c8c7607b93f ] Request (ServerDiagnosticsTest:tearDownClass): 200 GET http://10.180.1.21:9696/networking/v2.0/security-groups?tenant_id=fdee45de75624bf8a679e46649e25278&name=default 0.285s
2025-04-14 15:28:51.503 71509 INFO tempest.lib.common.rest_client [req-c5525906-6b8b-431d-aacc-4accc9ab1216 req-c5525906-6b8b-431d-aacc-4accc9ab1216 ] Request (ServerAddressesNegativeTestJSON:setUpClass): 200 GET http://10.180.1.21/compute/v2.1/servers/4eca8abb-ea4d-4c45-a1b0-93a15ac24ced 0.639s
2025-04-14 15:28:51.518 71497 INFO tempest.lib.common.rest_client [req-f87618ad-33ad-4059-a4ac-fae4d44285b6 req-f87618ad-33ad-4059-a4ac-fae4d44285b6 ] Request (ServerMetadataTestJSON:tearDownClass): 200 GET http://10.180.1.21/compute/v2.1/servers/a2203e1c-afc0-4155-a4f4-3c1d91aa8939 0.842s
2025-04-14 15:28:51.582 71467 INFO tempest.lib.common.rest_client [req-f111dde5-88f5-47f6-bb20-114656999afa req-f111dde5-88f5-47f6-bb20-114656999afa ] Request (ServerDiagnosticsTest:tearDownClass): 204 DELETE http://10.180.1.21:9696/networking/v2.0/security-groups/e85eb0c4-93f6-422f-a60f-ccdc2af94d08 0.176s
2025-04-14 15:28:51.592 71511 INFO tempest.lib.common.rest_client [req-99556f92-248d-4957-8f2e-9f473b3e332a req-99556f92-248d-4957-8f2e-9f473b3e332a ] Request (ListServersNegativeTestJSON:setUpClass): 200 GET http://10.180.1.21/compute/v2.1/servers/14217653-66fb-46a9-89e7-f0f7466f5ecc 0.404s
2025-04-14 15:28:51.670 71507 INFO tempest.lib.common.rest_client [req-37e9f9ff-eef4-4035-966f-9be7f36e6146 req-37e9f9ff-eef4-4035-966f-9be7f36e6146 ] Request (ServersTestManualDisk:setUpClass): 200 GET http://10.180.1.21/compute/v2.1/servers/c6f39db1-7ccc-44de-860a-45dbe687ace7 0.477s
2025-04-14 15:28:51.674 71469 INFO tempest.lib.common.rest_client [req-548acd3f-87a9-4935-b38f-4a5c5ab2971d req-548acd3f-87a9-4935-b38f-4a5c5ab2971d ] Request (MigrationsAdminTest:test_list_migrations_in_flavor_resize_situation): 200 GET http://10.180.1.21/compute/v2.1/servers/8ea6b675-6e2f-492b-be9b-0ff5638b9363 0.575s
2025-04-14 15:28:51.708 71467 INFO tempest.lib.common.rest_client [req-ce52b428-7539-40cd-8014-d0e8e7c93fcb req-ce52b428-7539-40cd-8014-d0e8e7c93fcb ] Request (ServerDiagnosticsTest:tearDownClass): 204 DELETE http://10.180.1.21/identity/v3/projects/fdee45de75624bf8a679e46649e25278 0.125s
2025-04-14 15:28:51.785 71467 INFO tempest.lib.common.rest_client [req-1835167a-ab4b-40c6-86d6-a44db182f31a req-1835167a-ab4b-40c6-86d6-a44db182f31a ] Request (ImagesMetadataTestJSON:setUpClass): 201 POST http://10.180.1.21/identity/v3/auth/tokens 0.076s
2025-04-14 15:28:51.801 71495 INFO tempest.lib.common.rest_client [req-c7d1864c-1ed0-41eb-845c-be21ef43d77d req-c7d1864c-1ed0-41eb-845c-be21ef43d77d ] Request (SecurityGroupsNegativeTestJSON:test_delete_the_default_security_group): 400 DELETE http://10.180.1.21/compute/v2.1/os-security-groups/04dd841f-5fcc-4258-bcd4-57cf39e45f8b 0.558s
2025-04-14 15:28:51.834 71467 INFO tempest.lib.common.rest_client [req-a49868d7-a0a4-4375-bb80-9c335eb32f8a req-a49868d7-a0a4-4375-bb80-9c335eb32f8a ] Request (ImagesMetadataTestJSON:setUpClass): 201 POST http://10.180.1.21/identity/v3/auth/tokens 0.046s
2025-04-14 15:28:51.864 71467 INFO tempest.lib.common.rest_client [req-cdf034f2-bf12-466d-bb85-a4eb88f16baa req-cdf034f2-bf12-466d-bb85-a4eb88f16baa ] Request (ImagesMetadataTestJSON:setUpClass): 200 GET http://10.180.1.21/identity/v3/domains?name=Default 0.030s
2025-04-14 15:28:51.871 71525 INFO tempest.lib.common.rest_client [req-d17872dd-1960-4d04-97f1-30a044c13ee0 req-d17872dd-1960-4d04-97f1-30a044c13ee0 ] Request (ServersAdminNegativeTestJSON:test_migrate_server_invalid_state): 200 GET http://10.180.1.21/compute/v2.1/servers/3ec7288c-867a-43a5-a5a9-e368e1f6d66f 0.405s
2025-04-14 15:28:51.891 71467 INFO tempest.lib.common.rest_client [req-0316a7fa-c255-4499-89f9-467ec0e6cb39 req-0316a7fa-c255-4499-89f9-467ec0e6cb39 ] Request (ImagesMetadataTestJSON:setUpClass): 201 POST http://10.180.1.21/identity/v3/projects 0.026s
2025-04-14 15:28:51.946 71467 INFO tempest.lib.common.rest_client [req-e1376743-1c37-4996-bb38-0d7eeb2802cc req-e1376743-1c37-4996-bb38-0d7eeb2802cc ] Request (ImagesMetadataTestJSON:setUpClass): 201 POST http://10.180.1.21/identity/v3/users 0.055s
2025-04-14 15:28:51.975 71487 INFO tempest.lib.common.rest_client [req-b651bfb6-7c33-4008-8d87-bd85bbc3d1e9 req-b651bfb6-7c33-4008-8d87-bd85bbc3d1e9 ] Request (ServerDiskConfigTestJSON:test_rebuild_server_with_auto_disk_config): 200 GET http://10.180.1.21/compute/v2.1/servers/bde8b429-14ea-498d-93ac-54eb6f0269da 0.624s
2025-04-14 15:28:51.986 71467 INFO tempest.lib.common.rest_client [req-46fb1595-2edc-4614-85b1-fe4176c3baaa req-46fb1595-2edc-4614-85b1-fe4176c3baaa ] Request (ImagesMetadataTestJSON:setUpClass): 200 GET http://10.180.1.21/identity/v3/roles 0.039s
2025-04-14 15:28:52.017 71467 INFO tempest.lib.common.rest_client [req-644824f6-562e-44ff-8303-4c0811f15206 req-644824f6-562e-44ff-8303-4c0811f15206 ] Request (ImagesMetadataTestJSON:setUpClass): 204 PUT http://10.180.1.21/identity/v3/projects/11cb18246d1c40e099ff20d79b092ef0/users/3d50bb7a6b26427990e890d76f245e7a/roles/3a278502572f45bb9164e0983affadf5 0.030s
2025-04-14 15:28:52.017 71467 INFO tempest.lib.common.dynamic_creds [-] Dynamic test user 3d50bb7a6b26427990e890d76f245e7a is created with scope project and roles: ['member']
2025-04-14 15:28:52.017 71467 INFO tempest.lib.common.dynamic_creds [-] Acquired dynamic creds: credentials: Credentials: {'domain_id': 'default', 'domain_name': 'Default', 'username': 'tempest-ImagesMetadataTestJSON-918300463-project-member', 'project_domain_id': 'default', 'project_domain_name': 'Default', 'project_id': '11cb18246d1c40e099ff20d79b092ef0', 'project_name': 'tempest-ImagesMetadataTestJSON-918300463', 'tenant_id': '11cb18246d1c40e099ff20d79b092ef0', 'tenant_name': 'tempest-ImagesMetadataTestJSON-918300463', 'user_domain_id': 'default', 'user_domain_name': 'Default', 'user_id': '3d50bb7a6b26427990e890d76f245e7a', 'system': None}, Network: None, Subnet: None, Router: None
2025-04-14 15:28:52.018 71467 INFO tempest.lib.common.dynamic_creds [-] Created isolated network resources for: credentials: Credentials: {'domain_id': 'default', 'domain_name': 'Default', 'username': 'tempest-ImagesMetadataTestJSON-918300463-project-member', 'project_domain_id': 'default', 'project_domain_name': 'Default', 'project_id': '11cb18246d1c40e099ff20d79b092ef0', 'project_name': 'tempest-ImagesMetadataTestJSON-918300463', 'tenant_id': '11cb18246d1c40e099ff20d79b092ef0', 'tenant_name': 'tempest-ImagesMetadataTestJSON-918300463', 'user_domain_id': 'default', 'user_domain_name': 'Default', 'user_id': '3d50bb7a6b26427990e890d76f245e7a', 'system': None}, Network: None, Subnet: None, Router: None
2025-04-14 15:28:52.037 71485 INFO tempest.lib.common.rest_client [req-04a55793-3c25-40b2-bf64-f77aa5db36cf req-04a55793-3c25-40b2-bf64-f77aa5db36cf ] Request (ImagesOneServerNegativeTestJSON:setUpClass): 200 PUT http://10.180.1.21:9696/networking/v2.0/routers/30112bed-d348-4452-bd18-47d14095444c/add_router_interface 1.775s
