2025-04-14 15:29:32.267 71479 INFO tempest.lib.common.rest_client [req-d6dfbbb5-f21a-4fdf-ab11-06d82d085274 req-d6dfbbb5-f21a-4fdf-ab11-06d82d085274 ] Request (DeleteServersTestJSON:test_delete_active_server): 200 GET http://10.180.1.21/compute/v2.1/servers/4d64ad6e-4afc-4367-87c8-b64523288cae 0.232s
2025-04-14 15:29:32.278 71485 INFO tempest.lib.common.rest_client [req-095a44a3-7aa2-4093-8b3a-4d35d8bd93e7 req-095a44a3-7aa2-4093-8b3a-4d35d8bd93e7 ] Request (ImagesOneServerNegativeTestJSON:setUpClass): 200 GET http://10.180.1.21/compute/v2.1/servers/fb1f6225-6c0d-44bf-b26a-e0b1b7dc0168 0.181s
2025-04-14 15:29:32.346 71467 INFO tempest.lib.common.rest_client [req-331fca82-6150-419f-bf61-7d50ba0d2d5f req-331fca82-6150-419f-bf61-7d50ba0d2d5f ] Request (ImagesOneServerTestJSON:setUpClass): 200 GET http://10.180.1.21/compute/v2.1/servers/eecd9b9f-34e7-4461-9598-8b20cffc6986 0.248s
2025-04-14 15:29:32.350 71497 INFO tempest.lib.common.rest_client [req-8a03ed7d-4dde-4e0a-9366-9a821129a2ef req-8a03ed7d-4dde-4e0a-9366-9a821129a2ef ] Request (ValidationResourcesFixture:setUp): 201 POST http://10.180.1.21:9696/networking/v2.0/security-group-rules 0.121s
2025-04-14 15:29:32.355 71491 INFO tempest.lib.common.rest_client [req-74bdd62e-f453-4f9e-8109-96cbe95d6594 req-74bdd62e-f453-4f9e-8109-96cbe95d6594 ] Request (ServerDiagnosticsV248Test:tearDownClass): 200 GET http://10.180.1.21/compute/v2.1/servers/d166e1e4-2b45-49c4-87b0-6d0e63f33a21 0.193s
2025-04-14 15:29:32.407 71521 INFO tempest.lib.common.rest_client [req-88f2a6c3-4f0c-42f2-9475-0268ffdc8e7e req-88f2a6c3-4f0c-42f2-9475-0268ffdc8e7e ] Request (FloatingIPsAssociationTestJSON:setUpClass): 200 GET http://10.180.1.21/compute/v2.1/servers/f974fb0f-4b81-437d-9cf1-d56b5e7d2c75 0.189s
2025-04-14 15:29:32.462 71517 INFO tempest.lib.common.rest_client [req-0440ccf8-9af8-42c6-89fc-549c0cd1938d req-0440ccf8-9af8-42c6-89fc-549c0cd1938d ] Request (AttachInterfacesTestJSON:test_create_list_show_delete_interfaces_by_fixed_ip): 200 GET http://10.180.1.21/compute/v2.1/servers/5f587671-def8-46da-918b-72029dba52c5 0.188s
2025-04-14 15:29:32.526 71519 INFO tempest.lib.common.rest_client [req-a21060c8-34e1-428b-959b-85afa7a90593 req-a21060c8-34e1-428b-959b-85afa7a90593 ] Request (AttachVolumeShelveTestJSON:test_attach_volume_shelved_or_offload_server): 200 GET http://10.180.1.21/compute/v2.1/servers/47abd936-95ee-4441-91f3-c1cfbda66bd0 0.187s
2025-04-14 15:29:32.579 71469 INFO tempest.lib.common.rest_client [req-8225a7e3-746c-4a32-b57e-9fc8e9c5e809 req-8225a7e3-746c-4a32-b57e-9fc8e9c5e809 ] Request (MigrationsAdminTest:test_resize_server_revert_deleted_flavor): 200 GET http://10.180.1.21/compute/v2.1/servers/a02d5d98-5a7f-4bda-9796-feb7b5cd4409 0.226s
2025-04-14 15:29:32.582 71509 INFO tempest.lib.common.rest_client [req-24f04070-4ce6-4587-8255-4303f18b47e6 req-24f04070-4ce6-4587-8255-4303f18b47e6 ] Request (ServerAddressesNegativeTestJSON:tearDownClass): 204 DELETE http://10.180.1.21:9696/networking/v2.0/routers/bbf0c3fd-8ff4-4bb9-ae0c-3c2816d1beee 0.505s
2025-04-14 15:29:32.595 71483 INFO tempest.lib.common.rest_client [req-589510e5-f4a9-47b2-ae37-cd830fa590c8 req-589510e5-f4a9-47b2-ae37-cd830fa590c8 ] Request (ListServerFiltersTestJSON:test_list_servers_detailed_filter_by_server_status): 200 GET http://10.180.1.21/compute/v2.1/servers/detail?status=active 0.365s
2025-04-14 15:29:32.653 71489 INFO tempest.lib.common.rest_client [req-3eda0166-4e87-4e78-8a43-d045ddfc89d3 req-3eda0166-4e87-4e78-8a43-d045ddfc89d3 ] Request (SecurityGroupsTestJSON:test_list_security_groups_by_server): 200 GET http://10.180.1.21/compute/v2.1/servers/c35b7224-4ad6-40a0-aee7-97b8cec436cc 0.232s
2025-04-14 15:29:32.661 71489 INFO tempest.common.waiters [-] State transition "BUILD/scheduling" ==> "BUILD/None" after 38 second wait
2025-04-14 15:29:32.669 71529 INFO tempest.lib.common.rest_client [req-2135c87a-58ea-4ac5-b432-771ac619b961 req-2135c87a-58ea-4ac5-b432-771ac619b961 ] Request (InstanceActionsTestJSON:setUpClass): 200 GET http://10.180.1.21/compute/v2.1/servers/b7fddd33-fcfa-4e3e-9acd-970b3c690339 0.174s
2025-04-14 15:29:32.708 71475 INFO tempest.lib.common.rest_client [req-9abfaa8d-db40-4636-ae2f-93f66681cbfe req-9abfaa8d-db40-4636-ae2f-93f66681cbfe ] Request (ImagesTestJSON:test_create_image_from_suspended_server): 200 GET http://10.180.1.21/compute/v2.1/servers/67a88644-6b2d-4edc-b163-9aba433f8c91 0.206s
2025-04-14 15:29:32.760 71487 INFO tempest.lib.common.rest_client [req-c8be279a-1b58-4ae8-a730-f93c25c13e57 req-c8be279a-1b58-4ae8-a730-f93c25c13e57 ] Request (ServerDiskConfigTestJSON:test_rebuild_server_with_manual_disk_config): 200 GET http://10.180.1.21/compute/v2.1/servers/70e6b67e-c00f-4e11-beae-84e3f95904ac 0.142s
2025-04-14 15:29:32.802 71509 INFO tempest.lib.common.rest_client [req-d3592b9a-9114-4c39-9ce6-7748374c8826 req-d3592b9a-9114-4c39-9ce6-7748374c8826 ] Request (ServerAddressesNegativeTestJSON:tearDownClass): 204 DELETE http://10.180.1.21:9696/networking/v2.0/subnets/dede7004-9d1e-4ba0-944b-8ee424925d3d 0.220s
2025-04-14 15:29:32.844 71483 INFO tempest.lib.common.rest_client [req-f7680156-077a-41bc-92d6-3c65a6c4845a req-f7680156-077a-41bc-92d6-3c65a6c4845a ] Request (ListServerFiltersTestJSON:test_list_servers_detailed_limit_results): 200 GET http://10.180.1.21/compute/v2.1/servers/detail?limit=1 0.234s
2025-04-14 15:29:32.930 71525 INFO tempest.lib.common.rest_client [req-0af5ee29-e395-4787-97cc-571e7f12d0f0 req-0af5ee29-e395-4787-97cc-571e7f12d0f0 ] Request (ServersAdminNegativeTestJSON:tearDownClass): 200 GET http://10.180.1.21/compute/v2.1/servers/3ec7288c-867a-43a5-a5a9-e368e1f6d66f 0.098s
2025-04-14 15:29:32.943 71497 INFO tempest.lib.common.rest_client [req-0bf1238d-d223-487b-9298-ffb85b0d09ad req-0bf1238d-d223-487b-9298-ffb85b0d09ad ] Request (ValidationResourcesFixture:setUp): 201 POST http://10.180.1.21:9696/networking/v2.0/floatingips 0.593s
2025-04-14 15:29:32.965 71483 INFO tempest.lib.common.rest_client [req-deedfae3-a098-4c71-bced-91abcd531835 req-deedfae3-a098-4c71-bced-91abcd531835 ] Request (ListServerFiltersTestJSON:test_list_servers_filter_by_active_status): 200 GET http://10.180.1.21/compute/v2.1/servers?status=active 0.112s
2025-04-14 15:29:32.982 71497 INFO tempest.lib.common.rest_client [req-5d57ba7a-3e56-4e80-ada2-6064cdae66e9 req-5d57ba7a-3e56-4e80-ada2-6064cdae66e9 ] Request (AttachVolumeNegativeTest:test_attach_attached_volume_to_different_server): 201 POST http://10.180.1.21/identity/v3/auth/tokens 0.034s
2025-04-14 15:29:32.982 71497 INFO tempest.lib.common.fixed_network [-] (AttachVolumeNegativeTest:test_attach_attached_volume_to_different_server) Found network {'id': 'd3520419-5f67-4aa5-8926-4ba1711fbe80', 'name': 'tempest-AttachVolumeNegativeTest-1581794237-network', 'tenant_id': '0cf5ac8dbb364f50bac4537d30edcb87', 'admin_state_up': True, 'mtu': 8950, 'status': 'ACTIVE', 'subnets': [], 'shared': False, 'project_id': '0cf5ac8dbb364f50bac4537d30edcb87', 'port_security_enabled': True, 'router:external': False, 'provider:network_type': 'vlan', 'provider:physical_network': 'default', 'provider:segmentation_id': 838, 'availability_zone_hints': [], 'availability_zones': [], 'ipv4_address_scope': None, 'ipv6_address_scope': None, 'description': '', 'tags': [], 'created_at': '2025-04-14T15:29:29Z', 'updated_at': '2025-04-14T15:29:29Z', 'revision_number': 1} available for tenant
2025-04-14 15:29:33.014 71483 INFO tempest.lib.common.rest_client [req-6bd71007-bce3-4a26-8b8e-f8f05c952215 req-6bd71007-bce3-4a26-8b8e-f8f05c952215 ] Request (ListServerFiltersTestJSON:test_list_servers_filter_by_exceed_limit): 200 GET http://10.180.1.21/compute/v2.1/servers?limit=100000 0.046s
2025-04-14 15:29:33.065 71483 INFO tempest.lib.common.rest_client [req-1f18b64f-a1f1-4134-9de4-92a3881c7365 req-1f18b64f-a1f1-4134-9de4-92a3881c7365 ] Request (ListServerFiltersTestJSON:test_list_servers_filter_by_exceed_limit): 200 GET http://10.180.1.21/compute/v2.1/servers 0.048s
2025-04-14 15:29:33.086 71509 INFO tempest.lib.common.rest_client [req-07ac4f86-dd8f-41d2-ac24-d558e2bb767c req-07ac4f86-dd8f-41d2-ac24-d558e2bb767c ] Request (ServerAddressesNegativeTestJSON:tearDownClass): 204 DELETE http://10.180.1.21:9696/networking/v2.0/networks/b366c8d3-58b2-4a7d-9e8c-68d0a80374a0 0.283s
2025-04-14 15:29:33.098 71513 WARNING tempest.lib.common.ssh [-] Failed to establish authenticated ssh connection to cirros@10.180.180.197 ([Errno None] Unable to connect to port 22 on 10.180.180.197). Number attempts: 7. Retry after 8 seconds.: paramiko.ssh_exception.NoValidConnectionsError: [Errno None] Unable to connect to port 22 on 10.180.180.197
2025-04-14 15:29:33.117 71477 INFO tempest.lib.common.rest_client [req-9784128c-4af9-4342-9ce2-ea87974c8f48 req-9784128c-4af9-4342-9ce2-ea87974c8f48 ] Request (ServersAdminTestJSON:test_inject_network_info): 200 GET http://10.180.1.21/compute/v2.1/servers/773f7ed4-8264-4332-acba-906d39ae885d 0.093s
2025-04-14 15:29:33.181 71509 INFO tempest.lib.common.rest_client [req-6f6ea8c4-091a-4a75-aea0-b737c7213536 req-6f6ea8c4-091a-4a75-aea0-b737c7213536 ] Request (ServerAddressesNegativeTestJSON:tearDownClass): 204 DELETE http://10.180.1.21/identity/v3/users/2558233f5bd947348f81b1dd6f26233e 0.094s
2025-04-14 15:29:33.181 71509 INFO tempest.lib.common.dynamic_creds [-] Deleting project and security group for project: 14841a02de7a4c9a8a84bcb9ff940ace
2025-04-14 15:29:33.210 71483 INFO tempest.lib.common.rest_client [req-14e3b581-9e0f-4f97-ab38-f4555d3149c0 req-14e3b581-9e0f-4f97-ab38-f4555d3149c0 ] Request (ListServerFiltersTestJSON:test_list_servers_filter_by_flavor): 200 GET http://10.180.1.21/compute/v2.1/servers?flavor=84 0.138s
2025-04-14 15:29:33.213 71509 INFO tempest.lib.common.rest_client [req-1f8e15f6-8474-488d-afbe-0797c811140b req-1f8e15f6-8474-488d-afbe-0797c811140b ] Request (ServerAddressesNegativeTestJSON:tearDownClass): 200 GET http://10.180.1.21:9696/networking/v2.0/security-groups?tenant_id=14841a02de7a4c9a8a84bcb9ff940ace&name=default 0.032s
2025-04-14 15:29:33.227 71493 WARNING tempest.lib.common.ssh [-] Failed to establish authenticated ssh connection to cirros@10.180.180.187 ([Errno None] Unable to connect to port 22 on 10.180.180.187). Number attempts: 8. Retry after 9 seconds.: paramiko.ssh_exception.NoValidConnectionsError: [Errno None] Unable to connect to port 22 on 10.180.180.187
2025-04-14 15:29:33.275 71515 INFO tempest.lib.common.rest_client [req-0e545014-b574-4bb6-a389-1ba1c37e59db req-0e545014-b574-4bb6-a389-1ba1c37e59db ] Request (ServersTestMultiNic:test_verify_duplicate_network_nics): 200 GET http://10.180.1.21/compute/v2.1/servers/5985f089-6159-46a1-9e2a-ce376dcbbeb8 0.183s
2025-04-14 15:29:33.341 71511 INFO tempest.lib.common.rest_client [req-cb340bbf-2b27-4da7-b931-a95e26878742 req-cb340bbf-2b27-4da7-b931-a95e26878742 ] Request (ListServersNegativeTestJSON:setUpClass): 200 GET http://10.180.1.21/compute/v2.1/servers/14217653-66fb-46a9-89e7-f0f7466f5ecc 0.189s
2025-04-14 15:29:33.372 71483 INFO tempest.lib.common.rest_client [req-a412b89e-32fb-40b1-96df-0b183a787d6d req-a412b89e-32fb-40b1-96df-0b183a787d6d ] Request (ListServerFiltersTestJSON:test_list_servers_filter_by_limit): 200 GET http://10.180.1.21/compute/v2.1/servers?limit=1 0.158s
2025-04-14 15:29:33.388 71509 INFO tempest.lib.common.rest_client [req-6f9524ff-c50c-4eef-bdd1-b561ad82c1c6 req-6f9524ff-c50c-4eef-bdd1-b561ad82c1c6 ] Request (ServerAddressesNegativeTestJSON:tearDownClass): 204 DELETE http://10.180.1.21:9696/networking/v2.0/security-groups/083af43f-5ab0-4b05-a7bb-d6121e5f0390 0.174s
2025-04-14 15:29:33.458 71501 INFO tempest.lib.common.rest_client [req-3d66d887-ece6-407c-9846-028a8491f8e6 req-3d66d887-ece6-407c-9846-028a8491f8e6 ] Request (ServersListShow296Test:test_list_show_update_rebuild_server_296): 200 GET http://10.180.1.21/compute/v2.1/servers/7f73a545-dd6e-491c-9203-1af48d0bcb65 0.231s
2025-04-14 15:29:33.502 71509 INFO tempest.lib.common.rest_client [req-4ab9d1d1-7caa-4bed-ace5-2d83275139f0 req-4ab9d1d1-7caa-4bed-ace5-2d83275139f0 ] Request (ServerAddressesNegativeTestJSON:tearDownClass): 204 DELETE http://10.180.1.21/identity/v3/projects/14841a02de7a4c9a8a84bcb9ff940ace 0.113s
2025-04-14 15:29:33.509 71479 INFO tempest.lib.common.rest_client [req-8e5d85bf-f795-43be-98d1-8aa7af6ac212 req-8e5d85bf-f795-43be-98d1-8aa7af6ac212 ] Request (DeleteServersTestJSON:test_delete_active_server): 200 GET http://10.180.1.21/compute/v2.1/servers/4d64ad6e-4afc-4367-87c8-b64523288cae 0.228s
2025-04-14 15:29:33.568 71485 INFO tempest.lib.common.rest_client [req-e61ebc20-3d62-4a2a-8a9b-a30b2105d7af req-e61ebc20-3d62-4a2a-8a9b-a30b2105d7af ] Request (ImagesOneServerNegativeTestJSON:setUpClass): 200 GET http://10.180.1.21/compute/v2.1/servers/fb1f6225-6c0d-44bf-b26a-e0b1b7dc0168 0.283s
2025-04-14 15:29:33.621 71467 INFO tempest.lib.common.rest_client [req-d6b37649-db00-41f6-97e0-f2c31947a68b req-d6b37649-db00-41f6-97e0-f2c31947a68b ] Request (ImagesOneServerTestJSON:setUpClass): 200 GET http://10.180.1.21/compute/v2.1/servers/eecd9b9f-34e7-4461-9598-8b20cffc6986 0.264s
2025-04-14 15:29:33.694 71491 INFO tempest.lib.common.rest_client [req-48154874-b057-4df2-89cc-360277bb84a8 req-48154874-b057-4df2-89cc-360277bb84a8 ] Request (ServerDiagnosticsV248Test:tearDownClass): 200 GET http://10.180.1.21/compute/v2.1/servers/d166e1e4-2b45-49c4-87b0-6d0e63f33a21 0.317s
2025-04-14 15:29:33.756 71497 INFO tempest.lib.common.rest_client [req-b4c59479-380a-408a-9b1e-b50994a4a8b6 req-b4c59479-380a-408a-9b1e-b50994a4a8b6 ] Request (AttachVolumeNegativeTest:test_attach_attached_volume_to_different_server): 202 POST http://10.180.1.21/compute/v2.1/servers 0.773s
2025-04-14 15:29:33.770 71483 INFO tempest.lib.common.rest_client [req-407a0991-862e-46a7-b557-058cdd5099d6 req-407a0991-862e-46a7-b557-058cdd5099d6 ] Request (ListServerFiltersTestJSON:test_list_servers_filter_by_server_name): 200 GET http://10.180.1.21/compute/v2.1/servers?name=tempest-ListServerFiltersTestJSON-instance-156772210 0.394s
2025-04-14 15:29:33.808 71521 INFO tempest.lib.common.rest_client [req-ec00045c-6a98-488b-a0f6-26459bd52167 req-ec00045c-6a98-488b-a0f6-26459bd52167 ] Request (FloatingIPsAssociationTestJSON:setUpClass): 200 GET http://10.180.1.21/compute/v2.1/servers/f974fb0f-4b81-437d-9cf1-d56b5e7d2c75 0.393s
2025-04-14 15:29:33.830 71517 INFO tempest.lib.common.rest_client [req-677bc77b-1c2b-4c7c-9c0a-a08a31184a08 req-677bc77b-1c2b-4c7c-9c0a-a08a31184a08 ] Request (AttachInterfacesTestJSON:test_create_list_show_delete_interfaces_by_fixed_ip): 200 GET http://10.180.1.21/compute/v2.1/servers/5f587671-def8-46da-918b-72029dba52c5 0.358s
2025-04-14 15:29:33.867 71519 INFO tempest.lib.common.rest_client [req-1245f54a-0b6e-400a-ad23-dbe6670bd0c2 req-1245f54a-0b6e-400a-ad23-dbe6670bd0c2 ] Request (AttachVolumeShelveTestJSON:test_attach_volume_shelved_or_offload_server): 200 GET http://10.180.1.21/compute/v2.1/servers/47abd936-95ee-4441-91f3-c1cfbda66bd0 0.330s
2025-04-14 15:29:33.891 71469 INFO tempest.lib.common.rest_client [req-f3c8ecf0-59cb-4978-9884-963d182ad1b6 req-f3c8ecf0-59cb-4978-9884-963d182ad1b6 ] Request (MigrationsAdminTest:test_resize_server_revert_deleted_flavor): 200 GET http://10.180.1.21/compute/v2.1/servers/a02d5d98-5a7f-4bda-9796-feb7b5cd4409 0.304s
2025-04-14 15:29:33.917 71489 INFO tempest.lib.common.rest_client [req-651e8055-08a6-4681-9f8f-50fa2d37d6b3 req-651e8055-08a6-4681-9f8f-50fa2d37d6b3 ] Request (SecurityGroupsTestJSON:test_list_security_groups_by_server): 200 GET http://10.180.1.21/compute/v2.1/servers/c35b7224-4ad6-40a0-aee7-97b8cec436cc 0.255s
2025-04-14 15:29:33.949 71529 INFO tempest.lib.common.rest_client [req-8ec39b94-761c-410c-9214-bc9b52a47e42 req-8ec39b94-761c-410c-9214-bc9b52a47e42 ] Request (InstanceActionsTestJSON:setUpClass): 200 GET http://10.180.1.21/compute/v2.1/servers/b7fddd33-fcfa-4e3e-9acd-970b3c690339 0.268s
2025-04-14 15:29:33.973 71475 INFO tempest.lib.common.rest_client [req-2e83179e-3ae6-4c8d-8f5d-539d8ecc72bc req-2e83179e-3ae6-4c8d-8f5d-539d8ecc72bc ] Request (ImagesTestJSON:test_create_image_from_suspended_server): 200 GET http://10.180.1.21/compute/v2.1/servers/67a88644-6b2d-4edc-b163-9aba433f8c91 0.254s
2025-04-14 15:29:33.994 71497 INFO tempest.lib.common.rest_client [req-e4dbe23c-5117-44a0-b851-0d5bf19f56c9 req-e4dbe23c-5117-44a0-b851-0d5bf19f56c9 ] Request (AttachVolumeNegativeTest:test_attach_attached_volume_to_different_server): 200 GET http://10.180.1.21/compute/v2.1/servers/894c10ee-ce64-4573-a67b-17718ec9fe3d 0.236s
2025-04-14 15:29:34.017 71487 INFO tempest.lib.common.rest_client [req-7e245c43-e618-44b6-99fa-54307a7a871c req-7e245c43-e618-44b6-99fa-54307a7a871c ] Request (ServerDiskConfigTestJSON:test_rebuild_server_with_manual_disk_config): 200 GET http://10.180.1.21/compute/v2.1/servers/70e6b67e-c00f-4e11-beae-84e3f95904ac 0.249s
2025-04-14 15:29:34.044 71483 INFO tempest.lib.common.rest_client [req-02a75c3b-be51-44b8-a347-3dc9873bd41b req-02a75c3b-be51-44b8-a347-3dc9873bd41b ] Request (ListServerFiltersTestJSON:test_list_servers_filter_by_shutoff_status): 202 POST http://10.180.1.21/compute/v2.1/servers/2180892e-eea1-4d70-a1a0-52394bd134ae/action 0.271s
2025-04-14 15:29:34.070 71525 INFO tempest.lib.common.rest_client [req-5b01ee2f-b067-4f0a-b37d-fb05a8836be1 req-5b01ee2f-b067-4f0a-b37d-fb05a8836be1 ] Request (ServersAdminNegativeTestJSON:tearDownClass): 200 GET http://10.180.1.21/compute/v2.1/servers/3ec7288c-867a-43a5-a5a9-e368e1f6d66f 0.129s
2025-04-14 15:29:34.136 71483 INFO tempest.lib.common.rest_client [req-4a0c65fb-61ae-4464-8368-1d23606d5514 req-4a0c65fb-61ae-4464-8368-1d23606d5514 ] Request (ListServerFiltersTestJSON:test_list_servers_filter_by_shutoff_status): 200 GET http://10.180.1.21/compute/v2.1/servers/2180892e-eea1-4d70-a1a0-52394bd134ae 0.091s
2025-04-14 15:29:34.176 71477 INFO tempest.lib.common.rest_client [req-e94eb3d2-3ca9-4f0f-b647-96b3cc4f6d08 req-e94eb3d2-3ca9-4f0f-b647-96b3cc4f6d08 ] Request (ServersAdminTestJSON:test_inject_network_info): 200 GET http://10.180.1.21/compute/v2.1/servers/773f7ed4-8264-4332-acba-906d39ae885d 0.050s
2025-04-14 15:29:34.353 71515 INFO tempest.lib.common.rest_client [req-bea6b405-3c32-4cc4-8300-c7a0b2b9ef88 req-bea6b405-3c32-4cc4-8300-c7a0b2b9ef88 ] Request (ServersTestMultiNic:test_verify_duplicate_network_nics): 200 GET http://10.180.1.21/compute/v2.1/servers/5985f089-6159-46a1-9e2a-ce376dcbbeb8 0.066s
2025-04-14 15:29:34.425 71511 INFO tempest.lib.common.rest_client [req-abe97aaa-af1b-48f7-ad13-0e9eba051934 req-abe97aaa-af1b-48f7-ad13-0e9eba051934 ] Request (ListServersNegativeTestJSON:setUpClass): 200 GET http://10.180.1.21/compute/v2.1/servers/14217653-66fb-46a9-89e7-f0f7466f5ecc 0.074s
2025-04-14 15:29:34.536 71501 INFO tempest.lib.common.rest_client [req-c09521ed-80ce-41e6-8596-bfd010733bfe req-c09521ed-80ce-41e6-8596-bfd010733bfe ] Request (ServersListShow296Test:test_list_show_update_rebuild_server_296): 200 GET http://10.180.1.21/compute/v2.1/servers/7f73a545-dd6e-491c-9203-1af48d0bcb65 0.065s
2025-04-14 15:29:34.569 71479 INFO tempest.lib.common.rest_client [req-dcddfc7b-ef5e-403e-95b6-acfd1795134c req-dcddfc7b-ef5e-403e-95b6-acfd1795134c ] Request (DeleteServersTestJSON:test_delete_active_server): 200 GET http://10.180.1.21/compute/v2.1/servers/4d64ad6e-4afc-4367-87c8-b64523288cae 0.048s
2025-04-14 15:29:34.624 71485 INFO tempest.lib.common.rest_client [req-255be473-4df4-48c1-ad8a-c1ede73c060f req-255be473-4df4-48c1-ad8a-c1ede73c060f ] Request (ImagesOneServerNegativeTestJSON:setUpClass): 200 GET http://10.180.1.21/compute/v2.1/servers/fb1f6225-6c0d-44bf-b26a-e0b1b7dc0168 0.046s
2025-04-14 15:29:34.682 71467 INFO tempest.lib.common.rest_client [req-e3b0feb9-5cf5-4584-9194-71bdcd899da7 req-e3b0feb9-5cf5-4584-9194-71bdcd899da7 ] Request (ImagesOneServerTestJSON:setUpClass): 200 GET http://10.180.1.21/compute/v2.1/servers/eecd9b9f-34e7-4461-9598-8b20cffc6986 0.045s
2025-04-14 15:29:34.758 71491 INFO tempest.lib.common.rest_client [req-b73111be-13e2-44d6-89f6-e6f9169983aa req-b73111be-13e2-44d6-89f6-e6f9169983aa ] Request (ServerDiagnosticsV248Test:tearDownClass): 200 GET http://10.180.1.21/compute/v2.1/servers/d166e1e4-2b45-49c4-87b0-6d0e63f33a21 0.054s
2025-04-14 15:29:34.864 71521 INFO tempest.lib.common.rest_client [req-89062d98-43f7-4ae5-b3fa-88b679d5a8e0 req-89062d98-43f7-4ae5-b3fa-88b679d5a8e0 ] Request (FloatingIPsAssociationTestJSON:setUpClass): 200 GET http://10.180.1.21/compute/v2.1/servers/f974fb0f-4b81-437d-9cf1-d56b5e7d2c75 0.048s
2025-04-14 15:29:34.889 71517 INFO tempest.lib.common.rest_client [req-3f27914b-61e2-45e9-9f84-63a6109e3c6f req-3f27914b-61e2-45e9-9f84-63a6109e3c6f ] Request (AttachInterfacesTestJSON:test_create_list_show_delete_interfaces_by_fixed_ip): 200 GET http://10.180.1.21/compute/v2.1/servers/5f587671-def8-46da-918b-72029dba52c5 0.050s
2025-04-14 15:29:34.931 71519 INFO tempest.lib.common.rest_client [req-8dca5016-965c-47e4-a8c7-4d2776529fbd req-8dca5016-965c-47e4-a8c7-4d2776529fbd ] Request (AttachVolumeShelveTestJSON:test_attach_volume_shelved_or_offload_server): 200 GET http://10.180.1.21/compute/v2.1/servers/47abd936-95ee-4441-91f3-c1cfbda66bd0 0.049s
2025-04-14 15:29:34.948 71469 INFO tempest.lib.common.rest_client [req-178e5341-c23a-4317-adc3-58bc2ec424ae req-178e5341-c23a-4317-adc3-58bc2ec424ae ] Request (MigrationsAdminTest:test_resize_server_revert_deleted_flavor): 200 GET http://10.180.1.21/compute/v2.1/servers/a02d5d98-5a7f-4bda-9796-feb7b5cd4409 0.047s
2025-04-14 15:29:34.978 71489 INFO tempest.lib.common.rest_client [req-2b93e15c-7f3b-4d07-844c-0351f05dca2c req-2b93e15c-7f3b-4d07-844c-0351f05dca2c ] Request (SecurityGroupsTestJSON:test_list_security_groups_by_server): 200 GET http://10.180.1.21/compute/v2.1/servers/c35b7224-4ad6-40a0-aee7-97b8cec436cc 0.047s
2025-04-14 15:29:35.007 71529 INFO tempest.lib.common.rest_client [req-72c40be4-115f-40d9-9291-1956a1542dda req-72c40be4-115f-40d9-9291-1956a1542dda ] Request (InstanceActionsTestJSON:setUpClass): 200 GET http://10.180.1.21/compute/v2.1/servers/b7fddd33-fcfa-4e3e-9acd-970b3c690339 0.050s
2025-04-14 15:29:35.032 71475 INFO tempest.lib.common.rest_client [req-1ab40b3f-3d97-4665-beb9-2ccb315d74e5 req-1ab40b3f-3d97-4665-beb9-2ccb315d74e5 ] Request (ImagesTestJSON:test_create_image_from_suspended_server): 200 GET http://10.180.1.21/compute/v2.1/servers/67a88644-6b2d-4edc-b163-9aba433f8c91 0.047s
2025-04-14 15:29:35.077 71487 INFO tempest.lib.common.rest_client [req-487fcbc5-86b7-4fc3-ae3a-afc3e6f7e6ae req-487fcbc5-86b7-4fc3-ae3a-afc3e6f7e6ae ] Request (ServerDiskConfigTestJSON:test_rebuild_server_with_manual_disk_config): 200 GET http://10.180.1.21/compute/v2.1/servers/70e6b67e-c00f-4e11-beae-84e3f95904ac 0.048s
2025-04-14 15:29:35.134 71525 INFO tempest.lib.common.rest_client [req-63791c2a-20dd-4b31-b163-1a548953a5d6 req-63791c2a-20dd-4b31-b163-1a548953a5d6 ] Request (ServersAdminNegativeTestJSON:tearDownClass): 200 GET http://10.180.1.21/compute/v2.1/servers/3ec7288c-867a-43a5-a5a9-e368e1f6d66f 0.056s
2025-04-14 15:29:35.254 71483 INFO tempest.lib.common.rest_client [req-999d2a4b-9ecd-4386-bcef-28a888069982 req-999d2a4b-9ecd-4386-bcef-28a888069982 ] Request (ListServerFiltersTestJSON:test_list_servers_filter_by_shutoff_status): 200 GET http://10.180.1.21/compute/v2.1/servers/2180892e-eea1-4d70-a1a0-52394bd134ae 0.108s
2025-04-14 15:29:35.272 71497 INFO tempest.lib.common.rest_client [req-59a002e9-2f6e-4d62-b604-ee014b753857 req-59a002e9-2f6e-4d62-b604-ee014b753857 ] Request (AttachVolumeNegativeTest:test_attach_attached_volume_to_different_server): 200 GET http://10.180.1.21/compute/v2.1/servers/894c10ee-ce64-4573-a67b-17718ec9fe3d 0.267s
2025-04-14 15:29:35.308 71477 INFO tempest.lib.common.rest_client [req-22843469-42bb-4524-89c8-549aa6610989 req-22843469-42bb-4524-89c8-549aa6610989 ] Request (ServersAdminTestJSON:test_inject_network_info): 200 GET http://10.180.1.21/compute/v2.1/servers/773f7ed4-8264-4332-acba-906d39ae885d 0.125s
2025-04-14 15:29:35.415 71515 INFO tempest.lib.common.rest_client [req-b6dccb81-3589-4d4f-af5a-b0a0d73bff87 req-b6dccb81-3589-4d4f-af5a-b0a0d73bff87 ] Request (ServersTestMultiNic:test_verify_duplicate_network_nics): 200 GET http://10.180.1.21/compute/v2.1/servers/5985f089-6159-46a1-9e2a-ce376dcbbeb8 0.054s
2025-04-14 15:29:35.517 71511 INFO tempest.lib.common.rest_client [req-cb9937b9-a1cf-44e3-a598-f6f060f051ff req-cb9937b9-a1cf-44e3-a598-f6f060f051ff ] Request (ListServersNegativeTestJSON:setUpClass): 200 GET http://10.180.1.21/compute/v2.1/servers/14217653-66fb-46a9-89e7-f0f7466f5ecc 0.078s
2025-04-14 15:29:35.610 71501 INFO tempest.lib.common.rest_client [req-563acace-3503-4cc2-a25d-4dba666f96ed req-563acace-3503-4cc2-a25d-4dba666f96ed ] Request (ServersListShow296Test:test_list_show_update_rebuild_server_296): 200 GET http://10.180.1.21/compute/v2.1/servers/7f73a545-dd6e-491c-9203-1af48d0bcb65 0.062s
2025-04-14 15:29:35.630 71479 INFO tempest.lib.common.rest_client [req-1061f60c-0ba9-4327-88d1-ceb97b78c97b req-1061f60c-0ba9-4327-88d1-ceb97b78c97b ] Request (DeleteServersTestJSON:test_delete_active_server): 200 GET http://10.180.1.21/compute/v2.1/servers/4d64ad6e-4afc-4367-87c8-b64523288cae 0.054s
2025-04-14 15:29:35.682 71485 INFO tempest.lib.common.rest_client [req-db5984e1-00c0-45c6-bc26-00ca82a631c1 req-db5984e1-00c0-45c6-bc26-00ca82a631c1 ] Request (ImagesOneServerNegativeTestJSON:setUpClass): 200 GET http://10.180.1.21/compute/v2.1/servers/fb1f6225-6c0d-44bf-b26a-e0b1b7dc0168 0.050s
2025-04-14 15:29:35.701 71507 WARNING tempest.lib.common.ssh [-] Failed to establish authenticated ssh connection to cirros@10.180.180.190 ([Errno None] Unable to connect to port 22 on 10.180.180.190). Number attempts: 5. Retry after 6 seconds.: paramiko.ssh_exception.NoValidConnectionsError: [Errno None] Unable to connect to port 22 on 10.180.180.190
2025-04-14 15:29:35.738 71467 INFO tempest.lib.common.rest_client [req-eb06747f-d419-4a44-ae4c-cefc7ae8cef7 req-eb06747f-d419-4a44-ae4c-cefc7ae8cef7 ] Request (ImagesOneServerTestJSON:setUpClass): 200 GET http://10.180.1.21/compute/v2.1/servers/eecd9b9f-34e7-4461-9598-8b20cffc6986 0.049s
2025-04-14 15:29:35.826 71491 INFO tempest.lib.common.rest_client [req-da9084ef-3fee-401a-8124-f8a2e21e6252 req-da9084ef-3fee-401a-8124-f8a2e21e6252 ] Request (ServerDiagnosticsV248Test:tearDownClass): 200 GET http://10.180.1.21/compute/v2.1/servers/d166e1e4-2b45-49c4-87b0-6d0e63f33a21 0.058s
2025-04-14 15:29:35.923 71521 INFO tempest.lib.common.rest_client [req-1ab0ffe5-51ef-4f45-aa03-fe9f10f3dfd4 req-1ab0ffe5-51ef-4f45-aa03-fe9f10f3dfd4 ] Request (FloatingIPsAssociationTestJSON:setUpClass): 200 GET http://10.180.1.21/compute/v2.1/servers/f974fb0f-4b81-437d-9cf1-d56b5e7d2c75 0.050s
2025-04-14 15:29:35.948 71517 INFO tempest.lib.common.rest_client [req-63632380-5cf2-4f4a-bdb1-0e00021dfd3d req-63632380-5cf2-4f4a-bdb1-0e00021dfd3d ] Request (AttachInterfacesTestJSON:test_create_list_show_delete_interfaces_by_fixed_ip): 200 GET http://10.180.1.21/compute/v2.1/servers/5f587671-def8-46da-918b-72029dba52c5 0.051s
2025-04-14 15:29:35.997 71519 INFO tempest.lib.common.rest_client [req-a40b73fa-efdd-4cdc-8848-e732e1f7ea5e req-a40b73fa-efdd-4cdc-8848-e732e1f7ea5e ] Request (AttachVolumeShelveTestJSON:test_attach_volume_shelved_or_offload_server): 200 GET http://10.180.1.21/compute/v2.1/servers/47abd936-95ee-4441-91f3-c1cfbda66bd0 0.056s
2025-04-14 15:29:36.010 71469 INFO tempest.lib.common.rest_client [req-54104ca1-5726-4a66-9aaf-e375375f8106 req-54104ca1-5726-4a66-9aaf-e375375f8106 ] Request (MigrationsAdminTest:test_resize_server_revert_deleted_flavor): 200 GET http://10.180.1.21/compute/v2.1/servers/a02d5d98-5a7f-4bda-9796-feb7b5cd4409 0.054s
2025-04-14 15:29:36.052 71489 INFO tempest.lib.common.rest_client [req-f51010f6-843a-4069-9e6a-90e312ef4c0c req-f51010f6-843a-4069-9e6a-90e312ef4c0c ] Request (SecurityGroupsTestJSON:test_list_security_groups_by_server): 200 GET http://10.180.1.21/compute/v2.1/servers/c35b7224-4ad6-40a0-aee7-97b8cec436cc 0.066s
2025-04-14 15:29:36.094 71529 INFO tempest.lib.common.rest_client [req-a6e12496-3244-45bf-8804-cafcf9abffc9 req-a6e12496-3244-45bf-8804-cafcf9abffc9 ] Request (InstanceActionsTestJSON:setUpClass): 200 GET http://10.180.1.21/compute/v2.1/servers/b7fddd33-fcfa-4e3e-9acd-970b3c690339 0.079s
2025-04-14 15:29:36.106 71475 INFO tempest.lib.common.rest_client [req-110c9200-a981-40b3-b5f3-0ed5f50e724c req-110c9200-a981-40b3-b5f3-0ed5f50e724c ] Request (ImagesTestJSON:test_create_image_from_suspended_server): 200 GET http://10.180.1.21/compute/v2.1/servers/67a88644-6b2d-4edc-b163-9aba433f8c91 0.066s
2025-04-14 15:29:36.150 71487 INFO tempest.lib.common.rest_client [req-ea08156b-acc2-4694-b331-3fb80d3e4943 req-ea08156b-acc2-4694-b331-3fb80d3e4943 ] Request (ServerDiskConfigTestJSON:test_rebuild_server_with_manual_disk_config): 200 GET http://10.180.1.21/compute/v2.1/servers/70e6b67e-c00f-4e11-beae-84e3f95904ac 0.064s
2025-04-14 15:29:36.219 71525 INFO tempest.lib.common.rest_client [req-79993890-f04d-4292-bbaf-c95107752c61 req-79993890-f04d-4292-bbaf-c95107752c61 ] Request (ServersAdminNegativeTestJSON:tearDownClass): 200 GET http://10.180.1.21/compute/v2.1/servers/3ec7288c-867a-43a5-a5a9-e368e1f6d66f 0.072s
2025-04-14 15:29:36.352 71497 INFO tempest.lib.common.rest_client [req-258bc37d-6894-4622-9f02-9728e6bdc11d req-258bc37d-6894-4622-9f02-9728e6bdc11d ] Request (AttachVolumeNegativeTest:test_attach_attached_volume_to_different_server): 200 GET http://10.180.1.21/compute/v2.1/servers/894c10ee-ce64-4573-a67b-17718ec9fe3d 0.072s
2025-04-14 15:29:36.412 71477 INFO tempest.lib.common.rest_client [req-8b386ba1-8de2-422d-b7dc-1507ef6ffd85 req-8b386ba1-8de2-422d-b7dc-1507ef6ffd85 ] Request (ServersAdminTestJSON:test_inject_network_info): 200 GET http://10.180.1.21/compute/v2.1/servers/773f7ed4-8264-4332-acba-906d39ae885d 0.094s
2025-04-14 15:29:36.471 71499 WARNING tempest.lib.common.ssh [-] Failed to establish authenticated ssh connection to cirros@10.180.180.176 ([Errno None] Unable to connect to port 22 on 10.180.180.176). Number attempts: 9. Retry after 10 seconds.: paramiko.ssh_exception.NoValidConnectionsError: [Errno None] Unable to connect to port 22 on 10.180.180.176
2025-04-14 15:29:36.478 71515 INFO tempest.lib.common.rest_client [req-845611d5-3052-4d99-9890-33c561872a21 req-845611d5-3052-4d99-9890-33c561872a21 ] Request (ServersTestMultiNic:test_verify_duplicate_network_nics): 200 GET http://10.180.1.21/compute/v2.1/servers/5985f089-6159-46a1-9e2a-ce376dcbbeb8 0.055s
2025-04-14 15:29:36.478 71483 INFO tempest.lib.common.rest_client [req-0db5a168-aaca-4568-ae07-9154f839c863 req-0db5a168-aaca-4568-ae07-9154f839c863 ] Request (ListServerFiltersTestJSON:test_list_servers_filter_by_shutoff_status): 200 GET http://10.180.1.21/compute/v2.1/servers/2180892e-eea1-4d70-a1a0-52394bd134ae 0.207s
2025-04-14 15:29:36.487 71483 INFO tempest.common.waiters [-] State transition "ACTIVE/powering-off" ==> "SHUTOFF/None" after 2 second wait
2025-04-14 15:29:36.546 71483 INFO tempest.lib.common.rest_client [req-b7c72f22-7c4b-401c-927c-67cb73559643 req-b7c72f22-7c4b-401c-927c-67cb73559643 ] Request (ListServerFiltersTestJSON:test_list_servers_filter_by_shutoff_status): 200 GET http://10.180.1.21/compute/v2.1/servers?status=shutoff 0.058s
2025-04-14 15:29:36.616 71483 INFO tempest.lib.common.rest_client [req-130feaf9-a5f0-4c23-97c4-b49aa6e608bf req-130feaf9-a5f0-4c23-97c4-b49aa6e608bf ] Request (ListServerFiltersTestJSON:test_list_servers_filter_by_shutoff_status): 202 POST http://10.180.1.21/compute/v2.1/servers/2180892e-eea1-4d70-a1a0-52394bd134ae/action 0.068s
2025-04-14 15:29:36.649 71511 INFO tempest.lib.common.rest_client [req-c27b59e4-647b-402c-996b-a801cd1e7f6e req-c27b59e4-647b-402c-996b-a801cd1e7f6e ] Request (ListServersNegativeTestJSON:setUpClass): 200 GET http://10.180.1.21/compute/v2.1/servers/14217653-66fb-46a9-89e7-f0f7466f5ecc 0.122s
2025-04-14 15:29:36.658 71511 INFO tempest.common.waiters [-] State transition "BUILD/None" ==> "BUILD/block_device_mapping" after 56 second wait
2025-04-14 15:29:36.709 71501 INFO tempest.lib.common.rest_client [req-f3cb4418-7553-425d-9c7c-ef17b5dcd48b req-f3cb4418-7553-425d-9c7c-ef17b5dcd48b ] Request (ServersListShow296Test:test_list_show_update_rebuild_server_296): 200 GET http://10.180.1.21/compute/v2.1/servers/7f73a545-dd6e-491c-9203-1af48d0bcb65 0.088s
2025-04-14 15:29:36.752 71479 INFO tempest.lib.common.rest_client [req-01774341-dac8-4d81-a10b-550c1d0b7d0e req-01774341-dac8-4d81-a10b-550c1d0b7d0e ] Request (DeleteServersTestJSON:test_delete_active_server): 200 GET http://10.180.1.21/compute/v2.1/servers/4d64ad6e-4afc-4367-87c8-b64523288cae 0.115s
2025-04-14 15:29:36.755 71483 INFO tempest.lib.common.rest_client [req-35f9f421-8139-42ab-bc72-1332465ca84e req-35f9f421-8139-42ab-bc72-1332465ca84e ] Request (ListServerFiltersTestJSON:test_list_servers_filter_by_shutoff_status): 200 GET http://10.180.1.21/compute/v2.1/servers/2180892e-eea1-4d70-a1a0-52394bd134ae 0.139s
2025-04-14 15:29:36.801 71485 INFO tempest.lib.common.rest_client [req-179f29e9-af0e-4751-9451-368eaad5f715 req-179f29e9-af0e-4751-9451-368eaad5f715 ] Request (ImagesOneServerNegativeTestJSON:setUpClass): 200 GET http://10.180.1.21/compute/v2.1/servers/fb1f6225-6c0d-44bf-b26a-e0b1b7dc0168 0.110s
2025-04-14 15:29:36.810 71467 INFO tempest.lib.common.rest_client [req-ff65190b-379e-473b-a341-3146bcc95d0b req-ff65190b-379e-473b-a341-3146bcc95d0b ] Request (ImagesOneServerTestJSON:setUpClass): 200 GET http://10.180.1.21/compute/v2.1/servers/eecd9b9f-34e7-4461-9598-8b20cffc6986 0.064s
2025-04-14 15:29:36.893 71491 INFO tempest.lib.common.rest_client [req-dc0a1b11-33fb-4888-9102-432d738609c0 req-dc0a1b11-33fb-4888-9102-432d738609c0 ] Request (ServerDiagnosticsV248Test:tearDownClass): 200 GET http://10.180.1.21/compute/v2.1/servers/d166e1e4-2b45-49c4-87b0-6d0e63f33a21 0.056s
2025-04-14 15:29:36.976 71521 INFO tempest.lib.common.rest_client [req-b0b578ea-84ad-43e9-9280-6e698549a619 req-b0b578ea-84ad-43e9-9280-6e698549a619 ] Request (FloatingIPsAssociationTestJSON:setUpClass): 200 GET http://10.180.1.21/compute/v2.1/servers/f974fb0f-4b81-437d-9cf1-d56b5e7d2c75 0.046s
2025-04-14 15:29:37.004 71517 INFO tempest.lib.common.rest_client [req-b0b09bbd-6c93-4249-9deb-5dcf17778a0e req-b0b09bbd-6c93-4249-9deb-5dcf17778a0e ] Request (AttachInterfacesTestJSON:test_create_list_show_delete_interfaces_by_fixed_ip): 200 GET http://10.180.1.21/compute/v2.1/servers/5f587671-def8-46da-918b-72029dba52c5 0.048s
2025-04-14 15:29:37.056 71519 INFO tempest.lib.common.rest_client [req-241c48f7-8415-49b5-94d7-34ea9e2c6ee1 req-241c48f7-8415-49b5-94d7-34ea9e2c6ee1 ] Request (AttachVolumeShelveTestJSON:test_attach_volume_shelved_or_offload_server): 200 GET http://10.180.1.21/compute/v2.1/servers/47abd936-95ee-4441-91f3-c1cfbda66bd0 0.049s
2025-04-14 15:29:37.068 71469 INFO tempest.lib.common.rest_client [req-d78ad05b-28a9-4fc3-872e-daf9e5bbb44a req-d78ad05b-28a9-4fc3-872e-daf9e5bbb44a ] Request (MigrationsAdminTest:test_resize_server_revert_deleted_flavor): 200 GET http://10.180.1.21/compute/v2.1/servers/a02d5d98-5a7f-4bda-9796-feb7b5cd4409 0.049s
2025-04-14 15:29:37.114 71489 INFO tempest.lib.common.rest_client [req-e13ba543-3130-48bb-a1f4-8612a9828813 req-e13ba543-3130-48bb-a1f4-8612a9828813 ] Request (SecurityGroupsTestJSON:test_list_security_groups_by_server): 200 GET http://10.180.1.21/compute/v2.1/servers/c35b7224-4ad6-40a0-aee7-97b8cec436cc 0.050s
2025-04-14 15:29:37.151 71529 INFO tempest.lib.common.rest_client [req-77bc518a-0d08-4bd6-8aa2-50f0c0d642d2 req-77bc518a-0d08-4bd6-8aa2-50f0c0d642d2 ] Request (InstanceActionsTestJSON:setUpClass): 200 GET http://10.180.1.21/compute/v2.1/servers/b7fddd33-fcfa-4e3e-9acd-970b3c690339 0.048s
2025-04-14 15:29:37.169 71475 INFO tempest.lib.common.rest_client [req-d15c1b08-8ee6-4984-a20c-3072844a22a0 req-d15c1b08-8ee6-4984-a20c-3072844a22a0 ] Request (ImagesTestJSON:test_create_image_from_suspended_server): 200 GET http://10.180.1.21/compute/v2.1/servers/67a88644-6b2d-4edc-b163-9aba433f8c91 0.048s
2025-04-14 15:29:37.206 71487 INFO tempest.lib.common.rest_client [req-dc516610-1b03-4c9a-90f8-8f0e3fb8d638 req-dc516610-1b03-4c9a-90f8-8f0e3fb8d638 ] Request (ServerDiskConfigTestJSON:test_rebuild_server_with_manual_disk_config): 200 GET http://10.180.1.21/compute/v2.1/servers/70e6b67e-c00f-4e11-beae-84e3f95904ac 0.045s
2025-04-14 15:29:37.284 71525 INFO tempest.lib.common.rest_client [req-ab3b026c-c835-4bc1-afe8-534ea9a22afb req-ab3b026c-c835-4bc1-afe8-534ea9a22afb ] Request (ServersAdminNegativeTestJSON:tearDownClass): 200 GET http://10.180.1.21/compute/v2.1/servers/3ec7288c-867a-43a5-a5a9-e368e1f6d66f 0.058s
2025-04-14 15:29:37.418 71497 INFO tempest.lib.common.rest_client [req-46f8f7c1-9c39-468a-9015-09dfa5addf6a req-46f8f7c1-9c39-468a-9015-09dfa5addf6a ] Request (AttachVolumeNegativeTest:test_attach_attached_volume_to_different_server): 200 GET http://10.180.1.21/compute/v2.1/servers/894c10ee-ce64-4573-a67b-17718ec9fe3d 0.057s
2025-04-14 15:29:37.472 71477 INFO tempest.lib.common.rest_client [req-73bc7544-057e-4cf4-b4fd-ea0ee347be32 req-73bc7544-057e-4cf4-b4fd-ea0ee347be32 ] Request (ServersAdminTestJSON:test_inject_network_info): 200 GET http://10.180.1.21/compute/v2.1/servers/773f7ed4-8264-4332-acba-906d39ae885d 0.047s
2025-04-14 15:29:37.539 71515 INFO tempest.lib.common.rest_client [req-b2376838-dc59-425c-b6db-53670a020a9b req-b2376838-dc59-425c-b6db-53670a020a9b ] Request (ServersTestMultiNic:test_verify_duplicate_network_nics): 200 GET http://10.180.1.21/compute/v2.1/servers/5985f089-6159-46a1-9e2a-ce376dcbbeb8 0.051s
2025-04-14 15:29:37.792 71501 INFO tempest.lib.common.rest_client [req-1ca7e41f-55f5-4688-bac6-de7e9d638619 req-1ca7e41f-55f5-4688-bac6-de7e9d638619 ] Request (ServersListShow296Test:test_list_show_update_rebuild_server_296): 200 GET http://10.180.1.21/compute/v2.1/servers/7f73a545-dd6e-491c-9203-1af48d0bcb65 0.070s
2025-04-14 15:29:37.803 71511 INFO tempest.lib.common.rest_client [req-5332e540-c525-400c-81c8-7ec4d928a4ed req-5332e540-c525-400c-81c8-7ec4d928a4ed ] Request (ListServersNegativeTestJSON:setUpClass): 200 GET http://10.180.1.21/compute/v2.1/servers/14217653-66fb-46a9-89e7-f0f7466f5ecc 0.144s
2025-04-14 15:29:37.812 71511 INFO tempest.common.waiters [-] State transition "BUILD/block_device_mapping" ==> "BUILD/spawning" after 57 second wait
2025-04-14 15:29:37.845 71479 INFO tempest.lib.common.rest_client [req-96f0d2a7-3abc-4e5a-ab3d-956e581e3830 req-96f0d2a7-3abc-4e5a-ab3d-956e581e3830 ] Request (DeleteServersTestJSON:test_delete_active_server): 200 GET http://10.180.1.21/compute/v2.1/servers/4d64ad6e-4afc-4367-87c8-b64523288cae 0.083s
2025-04-14 15:29:37.892 71485 INFO tempest.lib.common.rest_client [req-cca46e77-f1f3-4a65-a02b-451ec9d75230 req-cca46e77-f1f3-4a65-a02b-451ec9d75230 ] Request (ImagesOneServerNegativeTestJSON:setUpClass): 200 GET http://10.180.1.21/compute/v2.1/servers/fb1f6225-6c0d-44bf-b26a-e0b1b7dc0168 0.084s
2025-04-14 15:29:37.929 71483 INFO tempest.lib.common.rest_client [req-774b4867-0ea2-4b77-b4c4-b182f80d08a1 req-774b4867-0ea2-4b77-b4c4-b182f80d08a1 ] Request (ListServerFiltersTestJSON:test_list_servers_filter_by_shutoff_status): 200 GET http://10.180.1.21/compute/v2.1/servers/2180892e-eea1-4d70-a1a0-52394bd134ae 0.166s
2025-04-14 15:29:37.946 71467 INFO tempest.lib.common.rest_client [req-529b10e2-dd6e-4597-a767-6db0e8252b96 req-529b10e2-dd6e-4597-a767-6db0e8252b96 ] Request (ImagesOneServerTestJSON:setUpClass): 200 GET http://10.180.1.21/compute/v2.1/servers/eecd9b9f-34e7-4461-9598-8b20cffc6986 0.128s
2025-04-14 15:29:37.951 71491 INFO tempest.lib.common.rest_client [req-9c1e1e66-7b48-4eb8-a857-a3a33b5aa747 req-9c1e1e66-7b48-4eb8-a857-a3a33b5aa747 ] Request (ServerDiagnosticsV248Test:tearDownClass): 404 GET http://10.180.1.21/compute/v2.1/servers/d166e1e4-2b45-49c4-87b0-6d0e63f33a21 0.048s
2025-04-14 15:29:38.053 71521 INFO tempest.lib.common.rest_client [req-d4761c80-f2e2-4dab-819c-374a02810ed6 req-d4761c80-f2e2-4dab-819c-374a02810ed6 ] Request (FloatingIPsAssociationTestJSON:setUpClass): 200 GET http://10.180.1.21/compute/v2.1/servers/f974fb0f-4b81-437d-9cf1-d56b5e7d2c75 0.069s
2025-04-14 15:29:38.069 71491 INFO tempest.lib.common.rest_client [req-e99722d5-9847-4301-9426-e6505b6ba95b req-e99722d5-9847-4301-9426-e6505b6ba95b ] Request (ServerDiagnosticsV248Test:tearDownClass): 204 DELETE http://10.180.1.21/identity/v3/users/95739cb5f53c4451ae8480347d194692 0.118s
2025-04-14 15:29:38.076 71517 INFO tempest.lib.common.rest_client [req-aac8f4bf-1f17-453f-81c1-dbc00dfc133f req-aac8f4bf-1f17-453f-81c1-dbc00dfc133f ] Request (AttachInterfacesTestJSON:test_create_list_show_delete_interfaces_by_fixed_ip): 200 GET http://10.180.1.21/compute/v2.1/servers/5f587671-def8-46da-918b-72029dba52c5 0.065s
2025-04-14 15:29:38.125 71519 INFO tempest.lib.common.rest_client [req-45eb2ed8-162b-45b3-a044-fcf2ae529c14 req-45eb2ed8-162b-45b3-a044-fcf2ae529c14 ] Request (AttachVolumeShelveTestJSON:test_attach_volume_shelved_or_offload_server): 200 GET http://10.180.1.21/compute/v2.1/servers/47abd936-95ee-4441-91f3-c1cfbda66bd0 0.060s
2025-04-14 15:29:38.126 71469 INFO tempest.lib.common.rest_client [req-d479c653-722a-4daf-9395-8c02efe28960 req-d479c653-722a-4daf-9395-8c02efe28960 ] Request (MigrationsAdminTest:test_resize_server_revert_deleted_flavor): 200 GET http://10.180.1.21/compute/v2.1/servers/a02d5d98-5a7f-4bda-9796-feb7b5cd4409 0.050s
2025-04-14 15:29:38.165 71491 INFO tempest.lib.common.rest_client [req-8006c06b-e84e-4e12-a0e7-3357153802cf req-8006c06b-e84e-4e12-a0e7-3357153802cf ] Request (ServerDiagnosticsV248Test:tearDownClass): 204 DELETE http://10.180.1.21/identity/v3/users/225f58c52a5145459e6b5544bbcacbdf 0.095s
2025-04-14 15:29:38.165 71491 INFO tempest.lib.common.dynamic_creds [-] Deleting project and security group for project: da235f1e2f3e435f894da742f7260242
2025-04-14 15:29:38.178 71489 INFO tempest.lib.common.rest_client [req-54a38c7b-3fc7-4679-954c-8fe33df3c9f3 req-54a38c7b-3fc7-4679-954c-8fe33df3c9f3 ] Request (SecurityGroupsTestJSON:test_list_security_groups_by_server): 200 GET http://10.180.1.21/compute/v2.1/servers/c35b7224-4ad6-40a0-aee7-97b8cec436cc 0.056s
2025-04-14 15:29:38.212 71529 INFO tempest.lib.common.rest_client [req-5bc2c9eb-3562-4e96-b49b-6affe1d7ddfd req-5bc2c9eb-3562-4e96-b49b-6affe1d7ddfd ] Request (InstanceActionsTestJSON:setUpClass): 200 GET http://10.180.1.21/compute/v2.1/servers/b7fddd33-fcfa-4e3e-9acd-970b3c690339 0.052s
2025-04-14 15:29:38.226 71491 INFO tempest.lib.common.rest_client [req-8643aa82-25de-4bb0-82e3-95b42ecfc206 req-8643aa82-25de-4bb0-82e3-95b42ecfc206 ] Request (ServerDiagnosticsV248Test:tearDownClass): 201 POST http://10.180.1.21/identity/v3/auth/tokens 0.061s
2025-04-14 15:29:38.228 71475 INFO tempest.lib.common.rest_client [req-222327d7-e0ea-4a8c-b8a9-22e91b5d3e4a req-222327d7-e0ea-4a8c-b8a9-22e91b5d3e4a ] Request (ImagesTestJSON:test_create_image_from_suspended_server): 200 GET http://10.180.1.21/compute/v2.1/servers/67a88644-6b2d-4edc-b163-9aba433f8c91 0.051s
2025-04-14 15:29:38.264 71487 INFO tempest.lib.common.rest_client [req-372db9b5-30e2-44fd-b078-f3ed40cd118b req-372db9b5-30e2-44fd-b078-f3ed40cd118b ] Request (ServerDiskConfigTestJSON:test_rebuild_server_with_manual_disk_config): 200 GET http://10.180.1.21/compute/v2.1/servers/70e6b67e-c00f-4e11-beae-84e3f95904ac 0.050s
2025-04-14 15:29:38.360 71525 INFO tempest.lib.common.rest_client [req-5071ce8a-f932-4318-be4b-ff47f4c8c864 req-5071ce8a-f932-4318-be4b-ff47f4c8c864 ] Request (ServersAdminNegativeTestJSON:tearDownClass): 200 GET http://10.180.1.21/compute/v2.1/servers/3ec7288c-867a-43a5-a5a9-e368e1f6d66f 0.066s
2025-04-14 15:29:38.388 71491 INFO tempest.lib.common.rest_client [req-ddd2cd94-ae7d-4646-ad97-a05e46d49cc6 req-ddd2cd94-ae7d-4646-ad97-a05e46d49cc6 ] Request (ServerDiagnosticsV248Test:tearDownClass): 200 GET http://10.180.1.21:9696/networking/v2.0/security-groups?tenant_id=da235f1e2f3e435f894da742f7260242&name=default 0.161s
2025-04-14 15:29:38.457 71491 INFO tempest.lib.common.rest_client [req-c2ffa5f0-f18a-48d0-ab32-63cb34912be1 req-c2ffa5f0-f18a-48d0-ab32-63cb34912be1 ] Request (ServerDiagnosticsV248Test:tearDownClass): 204 DELETE http://10.180.1.21:9696/networking/v2.0/security-groups/fe4c42d3-70ec-41c7-996a-3c04d19f00cc 0.068s
2025-04-14 15:29:38.474 71497 INFO tempest.lib.common.rest_client [req-696b80ac-89fa-4eb7-84be-ff45c01f4f5c req-696b80ac-89fa-4eb7-84be-ff45c01f4f5c ] Request (AttachVolumeNegativeTest:test_attach_attached_volume_to_different_server): 200 GET http://10.180.1.21/compute/v2.1/servers/894c10ee-ce64-4573-a67b-17718ec9fe3d 0.048s
2025-04-14 15:29:38.511 71491 INFO tempest.lib.common.rest_client [req-7ecc6171-8f54-4af8-b38d-1fb0fa386a98 req-7ecc6171-8f54-4af8-b38d-1fb0fa386a98 ] Request (ServerDiagnosticsV248Test:tearDownClass): 204 DELETE http://10.180.1.21/identity/v3/projects/da235f1e2f3e435f894da742f7260242 0.053s
2025-04-14 15:29:38.511 71491 INFO tempest.lib.common.dynamic_creds [-] Deleting project and security group for project: 2467a48769f64a94916c222907dd6c56
2025-04-14 15:29:38.526 71477 INFO tempest.lib.common.rest_client [req-ae655980-1a63-4bbe-822e-8ec1809789d9 req-ae655980-1a63-4bbe-822e-8ec1809789d9 ] Request (ServersAdminTestJSON:test_inject_network_info): 200 GET http://10.180.1.21/compute/v2.1/servers/773f7ed4-8264-4332-acba-906d39ae885d 0.047s
2025-04-14 15:29:38.600 71515 INFO tempest.lib.common.rest_client [req-b4a5653b-41b0-48ca-b86b-e358cbb94d98 req-b4a5653b-41b0-48ca-b86b-e358cbb94d98 ] Request (ServersTestMultiNic:test_verify_duplicate_network_nics): 200 GET http://10.180.1.21/compute/v2.1/servers/5985f089-6159-46a1-9e2a-ce376dcbbeb8 0.053s
2025-04-14 15:29:38.612 71491 INFO tempest.lib.common.rest_client [req-935d652b-c60e-413f-a013-6386c247bd8d req-935d652b-c60e-413f-a013-6386c247bd8d ] Request (ServerDiagnosticsV248Test:tearDownClass): 200 GET http://10.180.1.21:9696/networking/v2.0/security-groups?tenant_id=2467a48769f64a94916c222907dd6c56&name=default 0.101s
2025-04-14 15:29:38.646 71471 WARNING tempest.lib.common.ssh [-] Failed to establish authenticated ssh connection to cirros@10.180.180.207 ([Errno None] Unable to connect to port 22 on 10.180.180.207). Number attempts: 8. Retry after 9 seconds.: paramiko.ssh_exception.NoValidConnectionsError: [Errno None] Unable to connect to port 22 on 10.180.180.207
2025-04-14 15:29:38.678 71491 INFO tempest.lib.common.rest_client [req-9592a9f0-aaab-4f0e-9e57-bc622485184c req-9592a9f0-aaab-4f0e-9e57-bc622485184c ] Request (ServerDiagnosticsV248Test:tearDownClass): 204 DELETE http://10.180.1.21:9696/networking/v2.0/security-groups/f3f3590a-5268-420f-9943-c83485239820 0.065s
2025-04-14 15:29:38.764 71491 INFO tempest.lib.common.rest_client [req-bd1e7ff0-0b13-4a78-bd97-9ec64f7e2eb2 req-bd1e7ff0-0b13-4a78-bd97-9ec64f7e2eb2 ] Request (ServerDiagnosticsV248Test:tearDownClass): 204 DELETE http://10.180.1.21/identity/v3/projects/2467a48769f64a94916c222907dd6c56 0.085s
2025-04-14 15:29:38.825 71491 INFO tempest.lib.common.rest_client [req-07952104-0470-4164-81aa-2c6e4b2aa1de req-07952104-0470-4164-81aa-2c6e4b2aa1de ] Request (AbsoluteLimitsTestJSON:setUpClass): 201 POST http://10.180.1.21/identity/v3/auth/tokens 0.059s
2025-04-14 15:29:38.856 71491 INFO tempest.lib.common.rest_client [req-40ca0015-5c4f-4f05-bf7b-7fb70002761b req-40ca0015-5c4f-4f05-bf7b-7fb70002761b ] Request (AbsoluteLimitsTestJSON:setUpClass): 201 POST http://10.180.1.21/identity/v3/auth/tokens 0.028s
2025-04-14 15:29:38.874 71501 INFO tempest.lib.common.rest_client [req-3223c872-23ed-417a-9d1d-d93c9ac773e3 req-3223c872-23ed-417a-9d1d-d93c9ac773e3 ] Request (ServersListShow296Test:test_list_show_update_rebuild_server_296): 200 GET http://10.180.1.21/compute/v2.1/servers/7f73a545-dd6e-491c-9203-1af48d0bcb65 0.071s
2025-04-14 15:29:38.881 71491 INFO tempest.lib.common.rest_client [req-36ee15d0-69a2-4042-aef4-14782b5944cb req-36ee15d0-69a2-4042-aef4-14782b5944cb ] Request (AbsoluteLimitsTestJSON:setUpClass): 200 GET http://10.180.1.21/identity/v3/domains?name=Default 0.024s
2025-04-14 15:29:38.908 71491 INFO tempest.lib.common.rest_client [req-f3cc0ae8-def5-4390-8c51-7f2af9c138f2 req-f3cc0ae8-def5-4390-8c51-7f2af9c138f2 ] Request (AbsoluteLimitsTestJSON:setUpClass): 201 POST http://10.180.1.21/identity/v3/projects 0.027s
2025-04-14 15:29:38.923 71479 INFO tempest.lib.common.rest_client [req-fba1885a-ac45-48a5-82f1-70d23692c823 req-fba1885a-ac45-48a5-82f1-70d23692c823 ] Request (DeleteServersTestJSON:test_delete_active_server): 200 GET http://10.180.1.21/compute/v2.1/servers/4d64ad6e-4afc-4367-87c8-b64523288cae 0.069s
2025-04-14 15:29:38.929 71511 INFO tempest.lib.common.rest_client [req-2b1044a5-cd9f-44ff-87c5-06391a29fea3 req-2b1044a5-cd9f-44ff-87c5-06391a29fea3 ] Request (ListServersNegativeTestJSON:setUpClass): 200 GET http://10.180.1.21/compute/v2.1/servers/14217653-66fb-46a9-89e7-f0f7466f5ecc 0.115s
2025-04-14 15:29:38.968 71491 INFO tempest.lib.common.rest_client [req-072a864f-3cc2-4a20-8706-55257429a1e1 req-072a864f-3cc2-4a20-8706-55257429a1e1 ] Request (AbsoluteLimitsTestJSON:setUpClass): 201 POST http://10.180.1.21/identity/v3/users 0.059s
2025-04-14 15:29:38.969 71485 INFO tempest.lib.common.rest_client [req-d659f82a-340b-4534-9490-26ff129910ab req-d659f82a-340b-4534-9490-26ff129910ab ] Request (ImagesOneServerNegativeTestJSON:setUpClass): 200 GET http://10.180.1.21/compute/v2.1/servers/fb1f6225-6c0d-44bf-b26a-e0b1b7dc0168 0.068s
2025-04-14 15:29:38.991 71491 INFO tempest.lib.common.rest_client [req-9bf25433-b039-4d0d-941b-bf60fb9e612f req-9bf25433-b039-4d0d-941b-bf60fb9e612f ] Request (AbsoluteLimitsTestJSON:setUpClass): 200 GET http://10.180.1.21/identity/v3/roles 0.023s
2025-04-14 15:29:39.018 71467 INFO tempest.lib.common.rest_client [req-b2675fa1-6e77-4d52-a2c0-8ad2aa939d87 req-b2675fa1-6e77-4d52-a2c0-8ad2aa939d87 ] Request (ImagesOneServerTestJSON:setUpClass): 200 GET http://10.180.1.21/compute/v2.1/servers/eecd9b9f-34e7-4461-9598-8b20cffc6986 0.061s
