2025-04-14 15:28:36.831 71497 INFO tempest.lib.common.rest_client [req-f1bf2c98-394e-4edf-a493-1e6a27eff92e req-f1bf2c98-394e-4edf-a493-1e6a27eff92e ] Request (ServerMetadataTestJSON:setUp): 200 PUT http://10.180.1.21/compute/v2.1/servers/a2203e1c-afc0-4155-a4f4-3c1d91aa8939/metadata 1.221s
2025-04-14 15:28:36.852 71489 INFO tempest.lib.common.rest_client [req-a0123ba5-829b-46d0-a569-c9d98009ecbe req-a0123ba5-829b-46d0-a569-c9d98009ecbe ] Request (FlavorsAdminTestJSON:_run_cleanups): 202 DELETE http://10.180.1.21/compute/v2.1/flavors/148320131 1.227s
2025-04-14 15:28:36.861 71517 INFO tempest.lib.common.rest_client [req-ba20a34c-9400-4827-aec9-fc8771bbabd3 req-ba20a34c-9400-4827-aec9-fc8771bbabd3 ] Request (ServerExternalEventsTest:tearDownClass): 200 GET http://10.180.1.21:9696/networking/v2.0/security-groups?tenant_id=e16571d844dc402b830db6ae7322c705&name=default 0.080s
2025-04-14 15:28:36.867 71501 INFO tempest.lib.common.rest_client [req-4f1215aa-b8db-4f23-a98a-b2a43a6ca769 req-4f1215aa-b8db-4f23-a98a-b2a43a6ca769 ] Request (KeyPairsV22TestJSON:test_keypairsv22_create_list_show): 200 GET http://10.180.1.21/compute/v2.1/os-keypairs 1.233s
2025-04-14 15:28:36.890 71479 INFO tempest.lib.common.rest_client [req-773c5160-21c9-4c05-867a-beba0bda1273 req-773c5160-21c9-4c05-867a-beba0bda1273 ] Request (FloatingIPDetailsNegativeTestJSON:setUpClass): 201 POST http://10.180.1.21/identity/v3/auth/tokens 0.073s
2025-04-14 15:28:36.945 71495 INFO tempest.lib.common.rest_client [req-1fa77b06-8d56-4914-b75f-97303277ae9d req-1fa77b06-8d56-4914-b75f-97303277ae9d ] Request (SecurityGroupsTestAdminJSON:_run_cleanups): 202 DELETE http://10.180.1.21/compute/v2.1/os-security-groups/411dfee8-b171-4b21-9c81-3be9316aa511 1.384s
2025-04-14 15:28:37.014 71517 INFO tempest.lib.common.rest_client [req-55d4f689-2f12-4aa3-94c3-cbe4a8466252 req-55d4f689-2f12-4aa3-94c3-cbe4a8466252 ] Request (ServerExternalEventsTest:tearDownClass): 204 DELETE http://10.180.1.21:9696/networking/v2.0/security-groups/8fa22f34-dd54-4c36-9be4-89ad63b6e1be 0.153s
2025-04-14 15:28:37.030 71515 INFO tempest.lib.common.rest_client [req-fb9e74c9-f538-4bbd-8c6d-e9da8d528149 req-fb9e74c9-f538-4bbd-8c6d-e9da8d528149 ] Request (FloatingIPsAssociationNegativeTestJSON:tearDownClass): 200 GET http://10.180.1.21/compute/v2.1/servers/2f7c09dd-b4fd-49fb-a1c4-212c1e2333a4 1.228s
2025-04-14 15:28:37.053 71485 INFO tempest.lib.common.rest_client [req-f60b5d3c-7493-425b-8858-a54a62a20d59 req-f60b5d3c-7493-425b-8858-a54a62a20d59 ] Request (AggregatesAdminNegativeTestJSON:_run_cleanups): 200 DELETE http://10.180.1.21/compute/v2.1/os-aggregates/8 1.119s
2025-04-14 15:28:37.091 71493 INFO tempest.lib.common.rest_client [req-479ce188-27c0-42fe-b026-33cc376fa88d req-479ce188-27c0-42fe-b026-33cc376fa88d ] Request (VolumesAdminNegativeTest:test_update_attached_volume_with_nonexistent_volume_in_body): 200 GET http://10.180.1.21/compute/v2.1/servers/0354b1fa-22f0-4148-a226-45514d95efed/os-interface 1.195s
2025-04-14 15:28:37.113 71483 INFO tempest.lib.common.rest_client [req-ce128993-280b-489b-8c97-02b8bd6bf468 req-ce128993-280b-489b-8c97-02b8bd6bf468 ] Request (ListServerFiltersTestJSON:setUpClass): 200 GET http://10.180.1.21/compute/v2.1/servers/2a237b60-5b6f-42d8-ba67-1cb084f96828 1.132s
2025-04-14 15:28:37.118 71517 INFO tempest.lib.common.rest_client [req-262456fa-3db4-4717-a07f-754cd260b1c8 req-262456fa-3db4-4717-a07f-754cd260b1c8 ] Request (ServerExternalEventsTest:tearDownClass): 204 DELETE http://10.180.1.21/identity/v3/projects/e16571d844dc402b830db6ae7322c705 0.103s
2025-04-14 15:28:37.118 71517 INFO tempest.lib.common.dynamic_creds [-] Deleting project and security group for project: 12117689e4574a0e849a4b349b0fac4c
2025-04-14 15:28:37.147 71485 INFO tempest.lib.common.rest_client [req-9115219f-7e96-4a25-a55e-7535234b4499 req-9115219f-7e96-4a25-a55e-7535234b4499 ] Request (AggregatesAdminNegativeTestJSON:tearDownClass): 204 DELETE http://10.180.1.21/identity/v3/users/21ab5b871f6b4e76a2827177b68946d6 0.092s
2025-04-14 15:28:37.296 71485 INFO tempest.lib.common.rest_client [req-57d36657-35cc-417b-ab6e-038ca53b23ca req-57d36657-35cc-417b-ab6e-038ca53b23ca ] Request (AggregatesAdminNegativeTestJSON:tearDownClass): 204 DELETE http://10.180.1.21/identity/v3/users/8438e9419c444ea6af4850c7936e41b6 0.148s
2025-04-14 15:28:37.296 71485 INFO tempest.lib.common.dynamic_creds [-] Deleting project and security group for project: f59441ec84254260ba161722d10e39d2
2025-04-14 15:28:37.332 71517 INFO tempest.lib.common.rest_client [req-3b6c1a61-7ec5-4830-b46e-ee2a49641c22 req-3b6c1a61-7ec5-4830-b46e-ee2a49641c22 ] Request (ServerExternalEventsTest:tearDownClass): 200 GET http://10.180.1.21:9696/networking/v2.0/security-groups?tenant_id=12117689e4574a0e849a4b349b0fac4c&name=default 0.213s
2025-04-14 15:28:37.364 71469 INFO tempest.lib.common.rest_client [req-2348baed-0074-450a-ae69-d903e187ebb1 req-2348baed-0074-450a-ae69-d903e187ebb1 ] Request (MigrationsAdminTest:test_list_migrations_in_flavor_resize_situation): 200 GET http://10.180.1.21/compute/v2.1/servers/8ea6b675-6e2f-492b-be9b-0ff5638b9363 1.248s
2025-04-14 15:28:37.370 71485 INFO tempest.lib.common.rest_client [req-2f118088-6075-4b3c-9afa-d87db1aeb4ae req-2f118088-6075-4b3c-9afa-d87db1aeb4ae ] Request (AggregatesAdminNegativeTestJSON:tearDownClass): 201 POST http://10.180.1.21/identity/v3/auth/tokens 0.074s
2025-04-14 15:28:37.440 71517 INFO tempest.lib.common.rest_client [req-ca4f7d8b-6a29-4d4a-acdd-3775a4852410 req-ca4f7d8b-6a29-4d4a-acdd-3775a4852410 ] Request (ServerExternalEventsTest:tearDownClass): 204 DELETE http://10.180.1.21:9696/networking/v2.0/security-groups/7f07d3a7-e4a4-464a-8fd7-195c957cecf1 0.107s
2025-04-14 15:28:37.449 71477 INFO tempest.lib.common.rest_client [req-2c62e553-feea-416a-82cb-b0dbcb46b2ee req-2c62e553-feea-416a-82cb-b0dbcb46b2ee ] Request (ServersAdminTestJSON:test_create_server_with_scheduling_hint): 200 GET http://10.180.1.21/compute/v2.1/servers/c7151826-0752-4112-a25b-59e79d482872 1.225s
2025-04-14 15:28:37.517 71475 INFO tempest.lib.common.rest_client [req-6dc58830-9430-4c3f-aad9-d87e7d04a74e req-6dc58830-9430-4c3f-aad9-d87e7d04a74e ] Request (ImagesTestJSON:test_create_image_from_stopped_server): 200 GET http://10.180.1.21/compute/v2.1/servers/a2840dac-7d14-4d6e-84e7-d74e8ef0db7f 1.215s
2025-04-14 15:28:37.522 71517 INFO tempest.lib.common.rest_client [req-7f78c8ce-7e40-44f5-be77-b6ccb2e7a9cf req-7f78c8ce-7e40-44f5-be77-b6ccb2e7a9cf ] Request (ServerExternalEventsTest:tearDownClass): 204 DELETE http://10.180.1.21/identity/v3/projects/12117689e4574a0e849a4b349b0fac4c 0.080s
2025-04-14 15:28:37.527 71475 INFO tempest.common.waiters [-] State transition "BUILD/scheduling" ==> "BUILD/None" after 9 second wait
2025-04-14 15:28:37.562 71485 INFO tempest.lib.common.rest_client [req-a04428cf-acbd-49f8-babb-42df88e99166 req-a04428cf-acbd-49f8-babb-42df88e99166 ] Request (AggregatesAdminNegativeTestJSON:tearDownClass): 200 GET http://10.180.1.21:9696/networking/v2.0/security-groups?tenant_id=f59441ec84254260ba161722d10e39d2&name=default 0.191s
2025-04-14 15:28:37.576 71503 INFO tempest.lib.common.rest_client [req-561abdd0-175b-4de9-b859-57b67ff0608b req-561abdd0-175b-4de9-b859-57b67ff0608b ] Request (TenantUsagesTestJSON:test_get_usage_tenant_with_non_admin_user): 200 GET http://10.180.1.21/compute/v2.1/os-simple-tenant-usage/6a2f968f95354f899632e6132086f7df?start=2025-04-13T15%3A28%3A35.016001&end=2025-04-15T15%3A28%3A35.016001 1.262s
2025-04-14 15:28:37.595 71517 INFO tempest.lib.common.rest_client [req-5d2515e7-44bd-499c-b059-7c9a33097979 req-5d2515e7-44bd-499c-b059-7c9a33097979 ] Request (AttachInterfacesTestJSON:setUpClass): 201 POST http://10.180.1.21/identity/v3/auth/tokens 0.071s
2025-04-14 15:28:37.628 71517 INFO tempest.lib.common.rest_client [req-fb9e7cfd-2754-45cc-bb81-c2ca80e295d2 req-fb9e7cfd-2754-45cc-bb81-c2ca80e295d2 ] Request (AttachInterfacesTestJSON:setUpClass): 201 POST http://10.180.1.21/identity/v3/auth/tokens 0.030s
2025-04-14 15:28:37.651 71491 INFO tempest.lib.common.rest_client [req-adde8bc3-1a69-4c0d-a0b4-ee00672accc1 req-adde8bc3-1a69-4c0d-a0b4-ee00672accc1 ] Request (ServerDiagnosticsV248Test:test_get_server_diagnostics): 200 GET http://10.180.1.21/compute/v2.1/servers/d166e1e4-2b45-49c4-87b0-6d0e63f33a21 1.258s
2025-04-14 15:28:37.654 71517 INFO tempest.lib.common.rest_client [req-5ca7fb36-28b7-45ca-83b4-a387b010ba91 req-5ca7fb36-28b7-45ca-83b4-a387b010ba91 ] Request (AttachInterfacesTestJSON:setUpClass): 200 GET http://10.180.1.21/identity/v3/domains?name=Default 0.026s
2025-04-14 15:28:37.664 71491 INFO tempest.common.waiters [-] State transition "BUILD/None" ==> "BUILD/block_device_mapping" after 24 second wait
2025-04-14 15:28:37.664 71485 INFO tempest.lib.common.rest_client [req-dfc66bb3-0851-4cb3-8539-28b7715db877 req-dfc66bb3-0851-4cb3-8539-28b7715db877 ] Request (AggregatesAdminNegativeTestJSON:tearDownClass): 204 DELETE http://10.180.1.21:9696/networking/v2.0/security-groups/6ae84107-5a9e-4317-be1d-edc6b267a822 0.102s
2025-04-14 15:28:37.694 71517 INFO tempest.lib.common.rest_client [req-70ffcb0a-f12e-4193-9ed8-121020ed15e1 req-70ffcb0a-f12e-4193-9ed8-121020ed15e1 ] Request (AttachInterfacesTestJSON:setUpClass): 201 POST http://10.180.1.21/identity/v3/projects 0.039s
2025-04-14 15:28:37.745 71485 INFO tempest.lib.common.rest_client [req-4f51ad83-410e-434d-a62e-4c96d5dfbc1f req-4f51ad83-410e-434d-a62e-4c96d5dfbc1f ] Request (AggregatesAdminNegativeTestJSON:tearDownClass): 204 DELETE http://10.180.1.21/identity/v3/projects/f59441ec84254260ba161722d10e39d2 0.081s
2025-04-14 15:28:37.746 71485 INFO tempest.lib.common.dynamic_creds [-] Deleting project and security group for project: ef0f18b0ccf848fdb027578e7ea1c783
2025-04-14 15:28:37.757 71513 INFO tempest.lib.common.rest_client [req-fb727de9-c3d4-43e1-99c6-c4bf11bca8c9 req-fb727de9-c3d4-43e1-99c6-c4bf11bca8c9 ] Request (ServersTestFqdnHostnames:test_create_server_with_fqdn_name): 200 GET http://10.180.1.21/compute/v2.1/servers/5a1f3c27-fa4d-45d6-a8c1-48ee13f68d03 1.179s
2025-04-14 15:28:37.797 71517 INFO tempest.lib.common.rest_client [req-d129ecc1-bd9a-460d-9ff8-52fbc09af2f8 req-d129ecc1-bd9a-460d-9ff8-52fbc09af2f8 ] Request (AttachInterfacesTestJSON:setUpClass): 201 POST http://10.180.1.21/identity/v3/users 0.102s
2025-04-14 15:28:37.834 71517 INFO tempest.lib.common.rest_client [req-422b2b68-6333-4cc5-952f-67a7f065524c req-422b2b68-6333-4cc5-952f-67a7f065524c ] Request (AttachInterfacesTestJSON:setUpClass): 200 GET http://10.180.1.21/identity/v3/roles 0.036s
2025-04-14 15:28:37.867 71517 INFO tempest.lib.common.rest_client [req-b510c876-9ec6-4e95-8510-2476f55b63fb req-b510c876-9ec6-4e95-8510-2476f55b63fb ] Request (AttachInterfacesTestJSON:setUpClass): 204 PUT http://10.180.1.21/identity/v3/projects/7ed35b211a6a4abf8058444e4294e0d8/users/d23c261141d14bcd887ad37cf8e445f3/roles/3a278502572f45bb9164e0983affadf5 0.033s
2025-04-14 15:28:37.868 71517 INFO tempest.lib.common.dynamic_creds [-] Dynamic test user d23c261141d14bcd887ad37cf8e445f3 is created with scope project and roles: ['member']
2025-04-14 15:28:37.868 71517 INFO tempest.lib.common.dynamic_creds [-] Acquired dynamic creds: credentials: Credentials: {'domain_id': 'default', 'domain_name': 'Default', 'username': 'tempest-AttachInterfacesTestJSON-285586148-project-member', 'project_domain_id': 'default', 'project_domain_name': 'Default', 'project_id': '7ed35b211a6a4abf8058444e4294e0d8', 'project_name': 'tempest-AttachInterfacesTestJSON-285586148', 'tenant_id': '7ed35b211a6a4abf8058444e4294e0d8', 'tenant_name': 'tempest-AttachInterfacesTestJSON-285586148', 'user_domain_id': 'default', 'user_domain_name': 'Default', 'user_id': 'd23c261141d14bcd887ad37cf8e445f3', 'system': None}, Network: None, Subnet: None, Router: None
2025-04-14 15:28:37.884 71485 INFO tempest.lib.common.rest_client [req-bf91e57a-4970-4ecb-bca7-03fdec8902d9 req-bf91e57a-4970-4ecb-bca7-03fdec8902d9 ] Request (AggregatesAdminNegativeTestJSON:tearDownClass): 200 GET http://10.180.1.21:9696/networking/v2.0/security-groups?tenant_id=ef0f18b0ccf848fdb027578e7ea1c783&name=default 0.138s
2025-04-14 15:28:37.972 71517 INFO tempest.lib.common.rest_client [req-7368525f-734e-4c09-8685-887852f8f462 req-7368525f-734e-4c09-8685-887852f8f462 ] Request (AttachInterfacesTestJSON:setUpClass): 201 POST http://10.180.1.21/identity/v3/auth/tokens 0.103s
2025-04-14 15:28:37.975 71471 INFO tempest.lib.common.rest_client [req-1dd6fb8c-6c31-4c1b-9171-a61b5b1bc8ac req-1dd6fb8c-6c31-4c1b-9171-a61b5b1bc8ac ] Request (ServersWithSpecificFlavorTestJSON:test_verify_created_server_ephemeral_disk): 200 GET http://10.180.1.21/compute/v2.1/servers/25cd3849-8060-45d0-9188-b9aab722bee7 1.372s
2025-04-14 15:28:37.986 71471 INFO tempest.lib.common.ssh [-] Creating ssh connection to '10.180.180.207:22' as 'cirros' with public key authentication
2025-04-14 15:28:38.057 71485 INFO tempest.lib.common.rest_client [req-d1fdc115-3f1e-4276-8c70-5f85c5ef6706 req-d1fdc115-3f1e-4276-8c70-5f85c5ef6706 ] Request (AggregatesAdminNegativeTestJSON:tearDownClass): 204 DELETE http://10.180.1.21:9696/networking/v2.0/security-groups/c546ac25-287f-4e64-88f4-dea5996260c3 0.172s
2025-04-14 15:28:38.164 71485 INFO tempest.lib.common.rest_client [req-715bdcd4-45bf-42bb-bee4-8dd323417c0b req-715bdcd4-45bf-42bb-bee4-8dd323417c0b ] Request (AggregatesAdminNegativeTestJSON:tearDownClass): 204 DELETE http://10.180.1.21/identity/v3/projects/ef0f18b0ccf848fdb027578e7ea1c783 0.105s
2025-04-14 15:28:38.182 71519 INFO tempest.lib.common.rest_client [req-4d4c5861-8673-4054-9515-f4f1dfcad12d req-4d4c5861-8673-4054-9515-f4f1dfcad12d ] Request (ValidationResourcesFixture:setUp): 201 POST http://10.180.1.21/compute/v2.1/os-keypairs 1.439s
2025-04-14 15:28:38.232 71497 INFO tempest.lib.common.rest_client [req-ea4409ad-fe74-4a4a-919d-d35f067fb754 req-ea4409ad-fe74-4a4a-919d-d35f067fb754 ] Request (ServerMetadataTestJSON:test_list_server_metadata): 200 GET http://10.180.1.21/compute/v2.1/servers/a2203e1c-afc0-4155-a4f4-3c1d91aa8939/metadata 1.400s
2025-04-14 15:28:38.265 71485 INFO tempest.lib.common.rest_client [req-8cad84a6-6bfd-4ac9-b0ca-52f838119ce9 req-8cad84a6-6bfd-4ac9-b0ca-52f838119ce9 ] Request (HypervisorAdminNegativeUnderV252Test:setUpClass): 201 POST http://10.180.1.21/identity/v3/auth/tokens 0.099s
2025-04-14 15:28:38.266 71489 INFO tempest.lib.common.rest_client [req-78a4361d-1c9d-43fa-b6ca-8e7da6ee22f4 req-78a4361d-1c9d-43fa-b6ca-8e7da6ee22f4 ] Request (FlavorsAdminTestJSON:_run_cleanups): 200 GET http://10.180.1.21/compute/v2.1/flavors/detail 1.413s
2025-04-14 15:28:38.297 71501 INFO tempest.lib.common.rest_client [req-7943a756-501f-4ea9-ae39-97f408fa5552 req-7943a756-501f-4ea9-ae39-97f408fa5552 ] Request (KeyPairsV22TestJSON:_run_cleanups): 204 DELETE http://10.180.1.21/compute/v2.1/os-keypairs/tempest-keypair-1910233939 1.428s
2025-04-14 15:28:38.309 71485 INFO tempest.lib.common.rest_client [req-24c7eb03-bafd-4279-880c-ddd7aedcd144 req-24c7eb03-bafd-4279-880c-ddd7aedcd144 ] Request (HypervisorAdminNegativeUnderV252Test:setUpClass): 201 POST http://10.180.1.21/identity/v3/auth/tokens 0.039s
2025-04-14 15:28:38.340 71485 INFO tempest.lib.common.rest_client [req-de323499-3a07-4c14-8f14-700a1f2acdad req-de323499-3a07-4c14-8f14-700a1f2acdad ] Request (HypervisorAdminNegativeUnderV252Test:setUpClass): 200 GET http://10.180.1.21/identity/v3/domains?name=Default 0.030s
2025-04-14 15:28:38.341 71529 INFO tempest.lib.common.rest_client [req-cad7b62f-383a-47b4-ab9d-b84266bf479f req-cad7b62f-383a-47b4-ab9d-b84266bf479f ] Request (InstanceActionsTestJSON:setUpClass): 201 POST http://10.180.1.21:9696/networking/v2.0/routers 2.300s
2025-04-14 15:28:38.409 71485 INFO tempest.lib.common.rest_client [req-549ff170-982d-4547-acfd-e9637952101c req-549ff170-982d-4547-acfd-e9637952101c ] Request (HypervisorAdminNegativeUnderV252Test:setUpClass): 201 POST http://10.180.1.21/identity/v3/projects 0.069s
2025-04-14 15:28:38.439 71511 INFO tempest.lib.common.rest_client [req-07534686-843c-47a0-99d1-0f2a9c301ab1 req-07534686-843c-47a0-99d1-0f2a9c301ab1 ] Request (ListServersNegativeTestJSON:setUpClass): 202 POST http://10.180.1.21/compute/v2.1/servers 2.444s
2025-04-14 15:28:38.484 71519 INFO tempest.lib.common.rest_client [req-23ebbc56-c992-458b-bb54-b412d1eafc6a req-23ebbc56-c992-458b-bb54-b412d1eafc6a ] Request (ValidationResourcesFixture:setUp): 201 POST http://10.180.1.21:9696/networking/v2.0/security-groups 0.300s
2025-04-14 15:28:38.536 71485 INFO tempest.lib.common.rest_client [req-68cd0c7a-d6cb-4802-8d52-4a9138207811 req-68cd0c7a-d6cb-4802-8d52-4a9138207811 ] Request (HypervisorAdminNegativeUnderV252Test:setUpClass): 201 POST http://10.180.1.21/identity/v3/users 0.126s
2025-04-14 15:28:38.564 71485 INFO tempest.lib.common.rest_client [req-8ad988bf-b368-458d-9191-164524dd2233 req-8ad988bf-b368-458d-9191-164524dd2233 ] Request (HypervisorAdminNegativeUnderV252Test:setUpClass): 200 GET http://10.180.1.21/identity/v3/roles 0.027s
2025-04-14 15:28:38.574 71479 INFO tempest.lib.common.rest_client [req-65c17f75-c291-4100-ab5c-554897e8d8b8 req-65c17f75-c291-4100-ab5c-554897e8d8b8 ] Request (FloatingIPDetailsNegativeTestJSON:test_get_nonexistent_floating_ip_details): 404 GET http://10.180.1.21/compute/v2.1/os-floating-ips/92feb899-e622-4899-bbe2-3a4b5bfaa763 1.682s
2025-04-14 15:28:38.615 71485 INFO tempest.lib.common.rest_client [req-9f8ad6f6-4ac4-4e9e-8d14-e1bfe2249494 req-9f8ad6f6-4ac4-4e9e-8d14-e1bfe2249494 ] Request (HypervisorAdminNegativeUnderV252Test:setUpClass): 204 PUT http://10.180.1.21/identity/v3/projects/55e25cfa3a3c4c5c81c15c9939bd64cb/users/d4cfd737396148419aa732d01f0a0949/roles/3a278502572f45bb9164e0983affadf5 0.051s
2025-04-14 15:28:38.615 71485 INFO tempest.lib.common.dynamic_creds [-] Dynamic test user d4cfd737396148419aa732d01f0a0949 is created with scope project and roles: ['member']
2025-04-14 15:28:38.616 71485 INFO tempest.lib.common.dynamic_creds [-] Acquired dynamic creds: credentials: Credentials: {'domain_id': 'default', 'domain_name': 'Default', 'username': 'tempest-HypervisorAdminNegativeUnderV252Test-33641372-project-member', 'project_domain_id': 'default', 'project_domain_name': 'Default', 'project_id': '55e25cfa3a3c4c5c81c15c9939bd64cb', 'project_name': 'tempest-HypervisorAdminNegativeUnderV252Test-33641372', 'tenant_id': '55e25cfa3a3c4c5c81c15c9939bd64cb', 'tenant_name': 'tempest-HypervisorAdminNegativeUnderV252Test-33641372', 'user_domain_id': 'default', 'user_domain_name': 'Default', 'user_id': 'd4cfd737396148419aa732d01f0a0949', 'system': None}, Network: None, Subnet: None, Router: None
2025-04-14 15:28:38.616 71485 INFO tempest.lib.common.dynamic_creds [-] Created isolated network resources for: credentials: Credentials: {'domain_id': 'default', 'domain_name': 'Default', 'username': 'tempest-HypervisorAdminNegativeUnderV252Test-33641372-project-member', 'project_domain_id': 'default', 'project_domain_name': 'Default', 'project_id': '55e25cfa3a3c4c5c81c15c9939bd64cb', 'project_name': 'tempest-HypervisorAdminNegativeUnderV252Test-33641372', 'tenant_id': '55e25cfa3a3c4c5c81c15c9939bd64cb', 'tenant_name': 'tempest-HypervisorAdminNegativeUnderV252Test-33641372', 'user_domain_id': 'default', 'user_domain_name': 'Default', 'user_id': 'd4cfd737396148419aa732d01f0a0949', 'system': None}, Network: None, Subnet: None, Router: None
2025-04-14 15:28:38.695 71493 INFO tempest.lib.common.rest_client [req-4a15a2ca-79aa-4270-9139-e165ae97d8df req-4a15a2ca-79aa-4270-9139-e165ae97d8df ] Request (VolumesAdminNegativeTest:test_update_attached_volume_with_nonexistent_volume_in_body): 200 PUT http://10.180.1.21:9696/networking/v2.0/floatingips/0c6884e2-5422-4b66-bc0f-334eb18a3aff 1.601s
2025-04-14 15:28:38.697 71493 INFO tempest.lib.common.ssh [-] Creating ssh connection to '10.180.180.187:22' as 'cirros' with public key authentication
2025-04-14 15:28:38.708 71509 INFO tempest.lib.common.rest_client [req-2da18687-ae97-4429-9c5d-91a468d9d326 req-2da18687-ae97-4429-9c5d-91a468d9d326 ] Request (ServerAddressesNegativeTestJSON:setUpClass): 200 GET http://10.180.1.21/compute/v2.1/servers/4eca8abb-ea4d-4c45-a1b0-93a15ac24ced 1.659s
2025-04-14 15:28:38.717 71495 INFO tempest.lib.common.rest_client [req-edb8756d-a24d-4bd3-b85f-d4a67d2bcca8 req-edb8756d-a24d-4bd3-b85f-d4a67d2bcca8 ] Request (SecurityGroupsTestAdminJSON:_run_cleanups): 202 DELETE http://10.180.1.21/compute/v2.1/os-security-groups/242a9eb0-4cd2-45fb-a190-3c3562811f46 1.772s
2025-04-14 15:28:38.729 71517 INFO tempest.lib.common.rest_client [req-e17dbe68-6a23-4957-82b3-daf6dab16b64 req-e17dbe68-6a23-4957-82b3-daf6dab16b64 ] Request (AttachInterfacesTestJSON:setUpClass): 201 POST http://10.180.1.21:9696/networking/v2.0/networks 0.757s
2025-04-14 15:28:38.729 71485 INFO tempest.lib.common.rest_client [req-bd126590-bf72-456c-821c-6a8645069ae7 req-bd126590-bf72-456c-821c-6a8645069ae7 ] Request (HypervisorAdminNegativeUnderV252Test:setUpClass): 201 POST http://10.180.1.21/identity/v3/auth/tokens 0.109s
2025-04-14 15:28:38.824 71467 INFO tempest.lib.common.rest_client [req-e035e96d-35f5-4f92-9a69-1badde65934b req-e035e96d-35f5-4f92-9a69-1badde65934b ] Request (ServerDiagnosticsTest:tearDownClass): 200 GET http://10.180.1.21/compute/v2.1/servers/bc665eac-54f4-4c98-a1fe-e26049026682 1.661s
2025-04-14 15:28:38.828 71485 INFO tempest.lib.common.rest_client [req-21684546-14cb-43d8-9515-653f682f2bdb req-21684546-14cb-43d8-9515-653f682f2bdb ] Request (HypervisorAdminNegativeUnderV252Test:setUpClass): 201 POST http://10.180.1.21/identity/v3/projects 0.098s
2025-04-14 15:28:38.834 71521 INFO tempest.lib.common.rest_client [req-53418bec-306f-4f06-8a3f-0e976eb5f173 req-53418bec-306f-4f06-8a3f-0e976eb5f173 ] Request (ServersAdmin275Test:tearDownClass): 200 GET http://10.180.1.21/compute/v2.1/servers/b68e658a-8a6a-451c-b52d-e1d66d0251d1 1.753s
2025-04-14 15:28:38.863 71519 INFO tempest.lib.common.rest_client [req-e724c2f4-16d7-4932-835c-d347d2cb1c97 req-e724c2f4-16d7-4932-835c-d347d2cb1c97 ] Request (ValidationResourcesFixture:setUp): 201 POST http://10.180.1.21:9696/networking/v2.0/security-group-rules 0.377s
2025-04-14 15:28:38.891 71507 INFO tempest.lib.common.rest_client [req-011321bb-bb5f-4617-9dda-aac561918243 req-011321bb-bb5f-4617-9dda-aac561918243 ] Request (ServersTestManualDisk:setUpClass): 200 GET http://10.180.1.21/compute/v2.1/servers/c6f39db1-7ccc-44de-860a-45dbe687ace7 1.434s
2025-04-14 15:28:38.910 71485 INFO tempest.lib.common.rest_client [req-57e53ec3-460d-4b3a-b348-03e3d472c90c req-57e53ec3-460d-4b3a-b348-03e3d472c90c ] Request (HypervisorAdminNegativeUnderV252Test:setUpClass): 201 POST http://10.180.1.21/identity/v3/users 0.082s
2025-04-14 15:28:38.916 71506 INFO tempest.lib.common.rest_client [req-f9e9cc0e-f4dc-4aa4-86c9-5e853a79d3d8 req-f9e9cc0e-f4dc-4aa4-86c9-5e853a79d3d8 ] Request (ServerActionsTestOtherB:setUpClass): 200 GET http://10.180.1.21/compute/v2.1/servers/fb97a908-0315-42a4-9194-30d503c7672d 1.386s
2025-04-14 15:28:38.936 71485 INFO tempest.lib.common.rest_client [req-38935f93-1b70-4883-b584-f61a5def81a1 req-38935f93-1b70-4883-b584-f61a5def81a1 ] Request (HypervisorAdminNegativeUnderV252Test:setUpClass): 200 GET http://10.180.1.21/identity/v3/roles 0.025s
2025-04-14 15:28:38.946 71503 INFO tempest.lib.common.rest_client [req-c3a6d802-71b1-4022-aefb-03ed8dfb07be req-c3a6d802-71b1-4022-aefb-03ed8dfb07be ] Request (TenantUsagesTestJSON:test_list_usage_all_tenants): 200 GET http://10.180.1.21/compute/v2.1/os-simple-tenant-usage?start=2025-04-13T15%3A28%3A35.016001&end=2025-04-15T15%3A28%3A35.016001&detailed=1 1.362s
2025-04-14 15:28:38.976 71485 INFO tempest.lib.common.rest_client [req-2870d858-5632-4731-9f8b-b53fccf3acfc req-2870d858-5632-4731-9f8b-b53fccf3acfc ] Request (HypervisorAdminNegativeUnderV252Test:setUpClass): 204 PUT http://10.180.1.21/identity/v3/projects/7bee7029d83841cba8f2973cdb155f1f/users/ae800b35e7b04949b6e61bc04f5fd0a9/roles/70643062013e4d1fb9f01fa00bee9366 0.039s
2025-04-14 15:28:39.020 71487 INFO tempest.lib.common.rest_client [req-0755cb22-4cb6-4cc1-a803-c9e65ccd5f4e req-0755cb22-4cb6-4cc1-a803-c9e65ccd5f4e ] Request (ServerDiskConfigTestJSON:test_rebuild_server_with_auto_disk_config): 200 GET http://10.180.1.21/compute/v2.1/servers/bde8b429-14ea-498d-93ac-54eb6f0269da 1.326s
2025-04-14 15:28:39.025 71525 INFO tempest.lib.common.rest_client [req-57fececb-7722-490e-beb6-a317b900c103 req-57fececb-7722-490e-beb6-a317b900c103 ] Request (ServersAdminNegativeTestJSON:test_migrate_server_invalid_state): 200 GET http://10.180.1.21/compute/v2.1/servers/3ec7288c-867a-43a5-a5a9-e368e1f6d66f 1.411s
2025-04-14 15:28:39.036 71517 INFO tempest.lib.common.rest_client [req-bb08aa9e-4157-4a5b-afa8-82267b7a4603 req-bb08aa9e-4157-4a5b-afa8-82267b7a4603 ] Request (AttachInterfacesTestJSON:setUpClass): 201 POST http://10.180.1.21:9696/networking/v2.0/subnets 0.306s
2025-04-14 15:28:39.046 71485 INFO tempest.lib.common.rest_client [req-02838b3b-659b-4bd9-8157-fbee75ad3ea6 req-02838b3b-659b-4bd9-8157-fbee75ad3ea6 ] Request (HypervisorAdminNegativeUnderV252Test:setUpClass): 200 GET http://10.180.1.21/identity/v3/roles 0.069s
2025-04-14 15:28:39.076 71485 INFO tempest.lib.common.rest_client [req-3b979946-8543-4309-9031-21fa41c7cad0 req-3b979946-8543-4309-9031-21fa41c7cad0 ] Request (HypervisorAdminNegativeUnderV252Test:setUpClass): 204 PUT http://10.180.1.21/identity/v3/projects/7bee7029d83841cba8f2973cdb155f1f/users/ae800b35e7b04949b6e61bc04f5fd0a9/roles/70643062013e4d1fb9f01fa00bee9366 0.030s
2025-04-14 15:28:39.077 71485 INFO tempest.lib.common.dynamic_creds [-] Dynamic test user ae800b35e7b04949b6e61bc04f5fd0a9 is created with scope project and roles: ['admin']
2025-04-14 15:28:39.077 71485 INFO tempest.lib.common.dynamic_creds [-] Acquired dynamic creds: credentials: Credentials: {'domain_id': 'default', 'domain_name': 'Default', 'username': 'tempest-HypervisorAdminNegativeUnderV252Test-736639591-project-admin', 'project_domain_id': 'default', 'project_domain_name': 'Default', 'project_id': '7bee7029d83841cba8f2973cdb155f1f', 'project_name': 'tempest-HypervisorAdminNegativeUnderV252Test-736639591', 'tenant_id': '7bee7029d83841cba8f2973cdb155f1f', 'tenant_name': 'tempest-HypervisorAdminNegativeUnderV252Test-736639591', 'user_domain_id': 'default', 'user_domain_name': 'Default', 'user_id': 'ae800b35e7b04949b6e61bc04f5fd0a9', 'system': None}, Network: None, Subnet: None, Router: None
2025-04-14 15:28:39.077 71485 INFO tempest.lib.common.dynamic_creds [-] Created isolated network resources for: credentials: Credentials: {'domain_id': 'default', 'domain_name': 'Default', 'username': 'tempest-HypervisorAdminNegativeUnderV252Test-736639591-project-admin', 'project_domain_id': 'default', 'project_domain_name': 'Default', 'project_id': '7bee7029d83841cba8f2973cdb155f1f', 'project_name': 'tempest-HypervisorAdminNegativeUnderV252Test-736639591', 'tenant_id': '7bee7029d83841cba8f2973cdb155f1f', 'tenant_name': 'tempest-HypervisorAdminNegativeUnderV252Test-736639591', 'user_domain_id': 'default', 'user_domain_name': 'Default', 'user_id': 'ae800b35e7b04949b6e61bc04f5fd0a9', 'system': None}, Network: None, Subnet: None, Router: None
2025-04-14 15:28:39.141 71515 INFO tempest.lib.common.rest_client [req-5d80f807-9042-4506-9097-80355ce9dae4 req-5d80f807-9042-4506-9097-80355ce9dae4 ] Request (FloatingIPsAssociationNegativeTestJSON:tearDownClass): 200 GET http://10.180.1.21/compute/v2.1/servers/2f7c09dd-b4fd-49fb-a1c4-212c1e2333a4 1.100s
2025-04-14 15:28:39.163 71519 INFO tempest.lib.common.rest_client [req-988b7669-0064-4a4e-acdf-685e31f7583c req-988b7669-0064-4a4e-acdf-685e31f7583c ] Request (ValidationResourcesFixture:setUp): 201 POST http://10.180.1.21:9696/networking/v2.0/security-group-rules 0.300s
2025-04-14 15:28:39.201 71485 INFO tempest.lib.common.rest_client [req-fc2c3e0a-c5fa-4f47-bac9-08e600226401 req-fc2c3e0a-c5fa-4f47-bac9-08e600226401 ] Request (HypervisorAdminNegativeUnderV252Test:setUpClass): 201 POST http://10.180.1.21/identity/v3/auth/tokens 0.122s
2025-04-14 15:28:39.245 71483 INFO tempest.lib.common.rest_client [req-d1439a5a-8148-4b16-973f-8cecc8eb3cfe req-d1439a5a-8148-4b16-973f-8cecc8eb3cfe ] Request (ListServerFiltersTestJSON:setUpClass): 200 GET http://10.180.1.21/compute/v2.1/servers/2a237b60-5b6f-42d8-ba67-1cb084f96828 1.118s
2025-04-14 15:28:39.368 71497 INFO tempest.lib.common.rest_client [req-e0852a85-9062-4f23-8886-e7dbf1dc02d1 req-e0852a85-9062-4f23-8886-e7dbf1dc02d1 ] Request (ServerMetadataTestJSON:setUp): 200 PUT http://10.180.1.21/compute/v2.1/servers/a2203e1c-afc0-4155-a4f4-3c1d91aa8939/metadata 1.131s
2025-04-14 15:28:39.393 71489 INFO tempest.lib.common.rest_client [req-fa4304e6-b642-4c12-a3df-dc9690f8a42a req-fa4304e6-b642-4c12-a3df-dc9690f8a42a ] Request (FlavorsAdminTestJSON:_run_cleanups): 202 DELETE http://10.180.1.21/compute/v2.1/flavors/1701884184 1.113s
2025-04-14 15:28:39.464 71523 INFO tempest.lib.common.rest_client [req-0f404812-f564-47b5-ba29-8da749a395d4 req-0f404812-f564-47b5-ba29-8da749a395d4 ] Request (ServersTestBootFromVolume:setUpClass): 200 GET http://10.180.1.21/compute/v2.1/servers/c0d6c9f0-edeb-4fec-8768-7ff766e5d5c9 1.711s
2025-04-14 15:28:39.755 71469 INFO tempest.lib.common.rest_client [req-8fecaec3-07eb-4dcf-9780-baee48367d5d req-8fecaec3-07eb-4dcf-9780-baee48367d5d ] Request (MigrationsAdminTest:test_list_migrations_in_flavor_resize_situation): 200 GET http://10.180.1.21/compute/v2.1/servers/8ea6b675-6e2f-492b-be9b-0ff5638b9363 1.382s
2025-04-14 15:28:39.767 71469 INFO tempest.common.waiters [-] State transition "RESIZE/resize_migrated" ==> "RESIZE/resize_finish" after 30 second wait
2025-04-14 15:28:39.893 71501 INFO tempest.lib.common.rest_client [req-a4ff1e9e-e116-49d7-a8f0-a5d705f7dfce req-a4ff1e9e-e116-49d7-a8f0-a5d705f7dfce ] Request (KeyPairsV22TestJSON:test_keypairsv22_create_list_show_with_type): 201 POST http://10.180.1.21/compute/v2.1/os-keypairs 1.595s
2025-04-14 15:28:39.925 71511 INFO tempest.lib.common.rest_client [req-0b23466b-08f5-4d8f-88ec-40d6118f30bb req-0b23466b-08f5-4d8f-88ec-40d6118f30bb ] Request (ListServersNegativeTestJSON:setUpClass): 200 GET http://10.180.1.21/compute/v2.1/servers 1.484s
2025-04-14 15:28:39.986 71475 INFO tempest.lib.common.rest_client [req-95ef1d92-791d-4baa-8fed-f91ad4504301 req-95ef1d92-791d-4baa-8fed-f91ad4504301 ] Request (ImagesTestJSON:test_create_image_from_stopped_server): 200 GET http://10.180.1.21/compute/v2.1/servers/a2840dac-7d14-4d6e-84e7-d74e8ef0db7f 1.458s
2025-04-14 15:28:39.999 71477 INFO tempest.lib.common.rest_client [req-453578e6-a370-4ced-9fb9-85318dcb5e5f req-453578e6-a370-4ced-9fb9-85318dcb5e5f ] Request (ServersAdminTestJSON:test_create_server_with_scheduling_hint): 200 GET http://10.180.1.21/compute/v2.1/servers/c7151826-0752-4112-a25b-59e79d482872 1.538s
2025-04-14 15:28:40.304 71491 INFO tempest.lib.common.rest_client [req-a78c9117-8cd2-48af-9930-aec86f17e550 req-a78c9117-8cd2-48af-9930-aec86f17e550 ] Request (ServerDiagnosticsV248Test:test_get_server_diagnostics): 200 GET http://10.180.1.21/compute/v2.1/servers/d166e1e4-2b45-49c4-87b0-6d0e63f33a21 1.639s
2025-04-14 15:28:40.314 71491 INFO tempest.common.waiters [-] State transition "BUILD/block_device_mapping" ==> "BUILD/spawning" after 27 second wait
2025-04-14 15:28:40.321 71495 INFO tempest.lib.common.rest_client [req-d76968b5-f011-47d5-90ce-3da9b0f6b896 req-d76968b5-f011-47d5-90ce-3da9b0f6b896 ] Request (SecurityGroupsTestAdminJSON:_run_cleanups): 202 DELETE http://10.180.1.21/compute/v2.1/os-security-groups/22a32ebb-1659-48a6-b128-0325ae795645 1.603s
2025-04-14 15:28:40.413 71503 INFO tempest.lib.common.rest_client [req-83d901c0-8af0-43d5-965f-58d3e5e7f6aa req-83d901c0-8af0-43d5-965f-58d3e5e7f6aa ] Request (TenantUsagesTestJSON:tearDownClass): 204 DELETE http://10.180.1.21/compute/v2.1/servers/9e497a6e-0cdb-41a7-b91c-395e0dfd9cb7 1.457s
2025-04-14 15:28:40.445 71519 INFO tempest.lib.common.rest_client [req-393c2d30-ddb5-442a-b6e1-21bf2282414d req-393c2d30-ddb5-442a-b6e1-21bf2282414d ] Request (ValidationResourcesFixture:setUp): 201 POST http://10.180.1.21:9696/networking/v2.0/floatingips 1.281s
2025-04-14 15:28:40.499 71479 INFO tempest.lib.common.rest_client [req-16cc9b29-1a3a-46e6-b47a-31d66cd270bc req-16cc9b29-1a3a-46e6-b47a-31d66cd270bc ] Request (FloatingIPDetailsNegativeTestJSON:tearDownClass): 200 PUT http://10.180.1.21:9696/networking/v2.0/routers/e2155d5c-a6da-4f77-ac60-5d7e752f45ff/remove_router_interface 1.923s
2025-04-14 15:28:40.522 71519 INFO tempest.lib.common.rest_client [req-23d55035-2be1-47c4-8c3a-ba4ba03b82ed req-23d55035-2be1-47c4-8c3a-ba4ba03b82ed ] Request (AttachVolumeShelveTestJSON:test_attach_volume_shelved_or_offload_server): 201 POST http://10.180.1.21/identity/v3/auth/tokens 0.074s
2025-04-14 15:28:40.522 71519 INFO tempest.lib.common.fixed_network [-] (AttachVolumeShelveTestJSON:test_attach_volume_shelved_or_offload_server) Found network {'id': '5bbde76c-8c61-4ff2-8062-f1d38adebeb8', 'name': 'tempest-AttachVolumeShelveTestJSON-1439174278-network', 'tenant_id': '8407805719064f8d905d0defb18724fe', 'admin_state_up': True, 'mtu': 8950, 'status': 'ACTIVE', 'subnets': [], 'shared': False, 'project_id': '8407805719064f8d905d0defb18724fe', 'port_security_enabled': True, 'router:external': False, 'provider:network_type': 'vlan', 'provider:physical_network': 'default', 'provider:segmentation_id': 600, 'availability_zone_hints': [], 'availability_zones': [], 'ipv4_address_scope': None, 'ipv6_address_scope': None, 'description': '', 'tags': [], 'created_at': '2025-04-14T15:28:30Z', 'updated_at': '2025-04-14T15:28:30Z', 'revision_number': 1} available for tenant
2025-04-14 15:28:40.541 71485 INFO tempest.lib.common.rest_client [req-311f92f2-f4eb-4eb3-a17c-b7d7aec3eec4 req-311f92f2-f4eb-4eb3-a17c-b7d7aec3eec4 ] Request (HypervisorAdminNegativeUnderV252Test:test_search_hypervisor_with_non_admin_user): 200 GET http://10.180.1.21/compute/v2.1/os-hypervisors 1.338s
2025-04-14 15:28:40.565 71513 INFO tempest.lib.common.rest_client [req-b0380bc4-cc2b-4bfd-b3ab-6170ca828237 req-b0380bc4-cc2b-4bfd-b3ab-6170ca828237 ] Request (ServersTestFqdnHostnames:test_create_server_with_fqdn_name): 200 GET http://10.180.1.21/compute/v2.1/servers/5a1f3c27-fa4d-45d6-a8c1-48ee13f68d03 1.796s
2025-04-14 15:28:40.588 71489 INFO tempest.lib.common.rest_client [req-238d0fca-0223-480f-b6d0-4dedb4dbbb41 req-238d0fca-0223-480f-b6d0-4dedb4dbbb41 ] Request (FlavorsAdminTestJSON:_run_cleanups): 200 GET http://10.180.1.21/compute/v2.1/flavors/detail 1.194s
2025-04-14 15:28:40.613 71497 INFO tempest.lib.common.rest_client [req-0e8ccc24-92b1-4e42-a6e9-77530afda2ee req-0e8ccc24-92b1-4e42-a6e9-77530afda2ee ] Request (ServerMetadataTestJSON:test_set_server_metadata): 200 PUT http://10.180.1.21/compute/v2.1/servers/a2203e1c-afc0-4155-a4f4-3c1d91aa8939/metadata 1.244s
2025-04-14 15:28:40.658 71509 INFO tempest.lib.common.rest_client [req-88c69d6e-d555-4ead-8162-95f301cd55c2 req-88c69d6e-d555-4ead-8162-95f301cd55c2 ] Request (ServerAddressesNegativeTestJSON:setUpClass): 200 GET http://10.180.1.21/compute/v2.1/servers/4eca8abb-ea4d-4c45-a1b0-93a15ac24ced 0.938s
2025-04-14 15:28:40.672 71509 INFO tempest.common.waiters [-] State transition "BUILD/None" ==> "BUILD/networking" after 27 second wait
2025-04-14 15:28:40.705 71517 INFO tempest.lib.common.rest_client [req-76dfd65e-9667-4361-a211-a77e6e749131 req-76dfd65e-9667-4361-a211-a77e6e749131 ] Request (AttachInterfacesTestJSON:setUpClass): 201 POST http://10.180.1.21:9696/networking/v2.0/routers 1.668s
2025-04-14 15:28:40.750 71521 INFO tempest.lib.common.rest_client [req-f0168a3b-ba32-46b2-853f-63548b61116d req-f0168a3b-ba32-46b2-853f-63548b61116d ] Request (ServersAdmin275Test:tearDownClass): 200 GET http://10.180.1.21/compute/v2.1/servers/b68e658a-8a6a-451c-b52d-e1d66d0251d1 0.904s
2025-04-14 15:28:40.759 71521 INFO tempest.common.waiters [-] State transition "ACTIVE/deleting" ==> "DELETED/None" after 4 second wait
2025-04-14 15:28:40.760 71501 INFO tempest.lib.common.rest_client [req-30365841-2f38-45c2-b4aa-59eba5635f73 req-30365841-2f38-45c2-b4aa-59eba5635f73 ] Request (KeyPairsV22TestJSON:test_keypairsv22_create_list_show_with_type): 200 GET http://10.180.1.21/compute/v2.1/os-keypairs/tempest-keypair-191033122 0.865s
2025-04-14 15:28:40.817 71507 INFO tempest.lib.common.rest_client [req-8289dce9-227b-44fb-aa43-c1af99cae9ea req-8289dce9-227b-44fb-aa43-c1af99cae9ea ] Request (ServersTestManualDisk:setUpClass): 200 GET http://10.180.1.21/compute/v2.1/servers/c6f39db1-7ccc-44de-860a-45dbe687ace7 0.911s
2025-04-14 15:28:40.874 71506 INFO tempest.lib.common.rest_client [req-7dbca8bf-6d23-4edd-8afb-36ee4144ca6c req-7dbca8bf-6d23-4edd-8afb-36ee4144ca6c ] Request (ServerActionsTestOtherB:setUpClass): 200 GET http://10.180.1.21/compute/v2.1/servers/fb97a908-0315-42a4-9194-30d503c7672d 0.947s
2025-04-14 15:28:40.927 71467 INFO tempest.lib.common.rest_client [req-d7521193-8d84-4255-8625-20f1144afa6f req-d7521193-8d84-4255-8625-20f1144afa6f ] Request (ServerDiagnosticsTest:tearDownClass): 200 GET http://10.180.1.21/compute/v2.1/servers/bc665eac-54f4-4c98-a1fe-e26049026682 1.088s
2025-04-14 15:28:40.939 71511 INFO tempest.lib.common.rest_client [req-826560ce-6e30-4437-84ae-3a254a7830b4 req-826560ce-6e30-4437-84ae-3a254a7830b4 ] Request (ListServersNegativeTestJSON:setUpClass): 200 GET http://10.180.1.21/compute/v2.1/servers/14217653-66fb-46a9-89e7-f0f7466f5ecc 1.011s
2025-04-14 15:28:41.020 71487 INFO tempest.lib.common.rest_client [req-de12e4dc-2348-4bc3-a96f-f5025016f1ed req-de12e4dc-2348-4bc3-a96f-f5025016f1ed ] Request (ServerDiskConfigTestJSON:test_rebuild_server_with_auto_disk_config): 200 GET http://10.180.1.21/compute/v2.1/servers/bde8b429-14ea-498d-93ac-54eb6f0269da 0.986s
2025-04-14 15:28:41.029 71525 INFO tempest.lib.common.rest_client [req-407df92c-fc14-4fcd-9310-2ef31c894dd8 req-407df92c-fc14-4fcd-9310-2ef31c894dd8 ] Request (ServersAdminNegativeTestJSON:test_migrate_server_invalid_state): 200 GET http://10.180.1.21/compute/v2.1/servers/3ec7288c-867a-43a5-a5a9-e368e1f6d66f 0.988s
2025-04-14 15:28:41.047 71471 WARNING tempest.lib.common.ssh [-] Failed to establish authenticated ssh connection to cirros@10.180.180.207 ([Errno None] Unable to connect to port 22 on 10.180.180.207). Number attempts: 1. Retry after 2 seconds.: paramiko.ssh_exception.NoValidConnectionsError: [Errno None] Unable to connect to port 22 on 10.180.180.207
2025-04-14 15:28:41.110 71529 INFO tempest.lib.common.rest_client [req-716cf2ae-b4ce-4a2d-af16-95469c74eba5 req-716cf2ae-b4ce-4a2d-af16-95469c74eba5 ] Request (InstanceActionsTestJSON:setUpClass): 200 PUT http://10.180.1.21:9696/networking/v2.0/routers/3c55b596-83b3-4f51-a923-7b49c9874191/add_router_interface 2.768s
2025-04-14 15:28:41.111 71529 INFO tempest.lib.common.dynamic_creds [-] Created isolated network resources for: credentials: Credentials: {'domain_id': 'default', 'domain_name': 'Default', 'username': 'tempest-InstanceActionsTestJSON-934591016-project-member', 'project_domain_id': 'default', 'project_domain_name': 'Default', 'project_id': 'ca4d2bd9c2c444bea284842f36c75663', 'project_name': 'tempest-InstanceActionsTestJSON-934591016', 'tenant_id': 'ca4d2bd9c2c444bea284842f36c75663', 'tenant_name': 'tempest-InstanceActionsTestJSON-934591016', 'user_domain_id': 'default', 'user_domain_name': 'Default', 'user_id': 'd924bb2313114b85a60394ff2661dac9', 'system': None}, Network: {'id': 'f3529e6c-059e-4801-a8c6-0729a82d4517', 'name': 'tempest-InstanceActionsTestJSON-1402345566-network', 'tenant_id': 'ca4d2bd9c2c444bea284842f36c75663', 'admin_state_up': True, 'mtu': 8950, 'status': 'ACTIVE', 'subnets': [], 'shared': False, 'project_id': 'ca4d2bd9c2c444bea284842f36c75663', 'port_security_enabled': True, 'router:external': False, 'provider:network_type': 'vlan', 'provider:physical_network': 'default', 'provider:segmentation_id': 295, 'availability_zone_hints': [], 'availability_zones': [], 'ipv4_address_scope': None, 'ipv6_address_scope': None, 'description': '', 'tags': [], 'created_at': '2025-04-14T15:28:34Z', 'updated_at': '2025-04-14T15:28:34Z', 'revision_number': 1}, Subnet: {'id': '8baaf471-b891-4b23-ba6d-ab71852253d8', 'name': 'tempest-InstanceActionsTestJSON-1402345566-subnet', 'tenant_id': 'ca4d2bd9c2c444bea284842f36c75663', 'network_id': 'f3529e6c-059e-4801-a8c6-0729a82d4517', 'ip_version': 4, 'subnetpool_id': None, 'enable_dhcp': True, 'ipv6_ra_mode': None, 'ipv6_address_mode': None, 'gateway_ip': '192.168.128.1', 'cidr': '192.168.128.0/28', 'allocation_pools': [{'start': '192.168.128.2', 'end': '192.168.128.14'}], 'host_routes': [], 'dns_nameservers': [], 'description': '', 'router:external': False, 'service_types': [], 'tags': [], 'created_at': '2025-04-14T15:28:35Z', 'updated_at': '2025-04-14T15:28:35Z', 'revision_number': 0, 'project_id': 'ca4d2bd9c2c444bea284842f36c75663'}, Router: {'id': '3c55b596-83b3-4f51-a923-7b49c9874191', 'name': 'tempest-InstanceActionsTestJSON-1402345566-router', 'tenant_id': 'ca4d2bd9c2c444bea284842f36c75663', 'admin_state_up': True, 'status': 'ACTIVE', 'external_gateway_info': {'network_id': '6474c9c2-7568-4f42-bf38-10d46f2f77e1', 'external_fixed_ips': [{'subnet_id': 'e9898d38-3881-4a8a-891c-9e337b4c8a91', 'ip_address': '10.180.180.131'}], 'enable_snat': True}, 'description': '', 'availability_zones': [], 'distributed': False, 'ha': False, 'availability_zone_hints': [], 'routes': [], 'flavor_id': None, 'tags': [], 'created_at': '2025-04-14T15:28:36Z', 'updated_at': '2025-04-14T15:28:36Z', 'revision_number': 2, 'project_id': 'ca4d2bd9c2c444bea284842f36c75663'}
2025-04-14 15:28:41.130 71483 INFO tempest.lib.common.rest_client [req-3dfaac58-c60d-4284-b50d-30d1948b7805 req-3dfaac58-c60d-4284-b50d-30d1948b7805 ] Request (ListServerFiltersTestJSON:setUpClass): 200 GET http://10.180.1.21/compute/v2.1/servers/2a237b60-5b6f-42d8-ba67-1cb084f96828 0.874s
2025-04-14 15:28:41.147 71515 INFO tempest.lib.common.rest_client [req-d5d5c0ae-6c33-45b2-ba75-3b49a1252c94 req-d5d5c0ae-6c33-45b2-ba75-3b49a1252c94 ] Request (FloatingIPsAssociationNegativeTestJSON:tearDownClass): 200 GET http://10.180.1.21/compute/v2.1/servers/2f7c09dd-b4fd-49fb-a1c4-212c1e2333a4 0.996s
2025-04-14 15:28:41.160 71515 INFO tempest.common.waiters [-] State transition "ACTIVE/deleting" ==> "DELETED/None" after 7 second wait
2025-04-14 15:28:41.215 71529 INFO tempest.lib.common.rest_client [req-ffcebb70-0c5c-417d-afcc-d8f1654e4be6 req-ffcebb70-0c5c-417d-afcc-d8f1654e4be6 ] Request (InstanceActionsTestJSON:setUpClass): 201 POST http://10.180.1.21/identity/v3/auth/tokens 0.096s
2025-04-14 15:28:41.268 71529 INFO tempest.lib.common.rest_client [req-f426b726-53cf-4579-bd39-efdd4cb359cd req-f426b726-53cf-4579-bd39-efdd4cb359cd ] Request (InstanceActionsTestJSON:setUpClass): 201 POST http://10.180.1.21/identity/v3/auth/tokens 0.049s
2025-04-14 15:28:41.268 71529 INFO tempest.lib.common.fixed_network [-] (InstanceActionsTestJSON:setUpClass) Found network {'id': 'f3529e6c-059e-4801-a8c6-0729a82d4517', 'name': 'tempest-InstanceActionsTestJSON-1402345566-network', 'tenant_id': 'ca4d2bd9c2c444bea284842f36c75663', 'admin_state_up': True, 'mtu': 8950, 'status': 'ACTIVE', 'subnets': [], 'shared': False, 'project_id': 'ca4d2bd9c2c444bea284842f36c75663', 'port_security_enabled': True, 'router:external': False, 'provider:network_type': 'vlan', 'provider:physical_network': 'default', 'provider:segmentation_id': 295, 'availability_zone_hints': [], 'availability_zones': [], 'ipv4_address_scope': None, 'ipv6_address_scope': None, 'description': '', 'tags': [], 'created_at': '2025-04-14T15:28:34Z', 'updated_at': '2025-04-14T15:28:34Z', 'revision_number': 1} available for tenant
2025-04-14 15:28:41.315 71503 INFO tempest.lib.common.rest_client [req-2d73c0cc-bbad-4311-9084-f0e489da027b req-2d73c0cc-bbad-4311-9084-f0e489da027b ] Request (TenantUsagesTestJSON:tearDownClass): 200 GET http://10.180.1.21/compute/v2.1/servers/9e497a6e-0cdb-41a7-b91c-395e0dfd9cb7 0.901s
2025-04-14 15:28:41.396 71495 INFO tempest.lib.common.rest_client [req-21330f76-c59e-4df1-ae81-10031497a277 req-21330f76-c59e-4df1-ae81-10031497a277 ] Request (SecurityGroupsTestAdminJSON:_run_cleanups): 202 DELETE http://10.180.1.21/compute/v2.1/os-security-groups/d77d43c0-ecdd-4c95-974e-64c16fdc6826 1.074s
2025-04-14 15:28:41.548 71523 INFO tempest.lib.common.rest_client [req-f92a25c6-9f0f-4f05-bd1c-3a349ecd0181 req-f92a25c6-9f0f-4f05-bd1c-3a349ecd0181 ] Request (ServersTestBootFromVolume:setUpClass): 200 GET http://10.180.1.21/compute/v2.1/servers/c0d6c9f0-edeb-4fec-8768-7ff766e5d5c9 1.071s
2025-04-14 15:28:41.612 71495 INFO tempest.lib.common.rest_client [req-f5ee39f5-e9e9-447e-89bd-a671d2bb9b07 req-f5ee39f5-e9e9-447e-89bd-a671d2bb9b07 ] Request (SecurityGroupsTestAdminJSON:tearDownClass): 204 DELETE http://10.180.1.21/identity/v3/users/b7720a91a4c54c0395a1ca0eb8ef03c9 0.213s
2025-04-14 15:28:41.679 71485 INFO tempest.lib.common.rest_client [req-a13db471-ebe4-4309-8670-c6127552f75e req-a13db471-ebe4-4309-8670-c6127552f75e ] Request (HypervisorAdminNegativeUnderV252Test:test_search_hypervisor_with_non_admin_user): 403 GET http://10.180.1.21/compute/v2.1/os-hypervisors/domain-c8.fc996f14-c53b-4953-92e3-bdfa48f5cc28/search 1.136s
2025-04-14 15:28:41.707 71489 INFO tempest.lib.common.rest_client [req-8680a818-3912-409a-b402-6f7cc4bb361d req-8680a818-3912-409a-b402-6f7cc4bb361d ] Request (FlavorsAdminTestJSON:test_list_non_public_flavor): 200 POST http://10.180.1.21/compute/v2.1/flavors 1.109s
2025-04-14 15:28:41.740 71495 INFO tempest.lib.common.rest_client [req-2724598b-5a09-433f-b367-270559a23976 req-2724598b-5a09-433f-b367-270559a23976 ] Request (SecurityGroupsTestAdminJSON:tearDownClass): 204 DELETE http://10.180.1.21/identity/v3/users/4cc73c2d15d547e0b222a143fac33e0f 0.127s
2025-04-14 15:28:41.740 71495 INFO tempest.lib.common.dynamic_creds [-] Deleting project and security group for project: 0074e3719e754a9ebc3b5af7f12ad4b3
2025-04-14 15:28:41.749 71497 INFO tempest.lib.common.rest_client [req-aad50f31-7172-46e1-a444-6eb5b3493c3c req-aad50f31-7172-46e1-a444-6eb5b3493c3c ] Request (ServerMetadataTestJSON:test_set_server_metadata): 200 GET http://10.180.1.21/compute/v2.1/servers/a2203e1c-afc0-4155-a4f4-3c1d91aa8939/metadata 1.135s
2025-04-14 15:28:41.755 71479 INFO tempest.lib.common.rest_client [req-169c0053-d839-4f64-bfb4-9dab0d69099f req-169c0053-d839-4f64-bfb4-9dab0d69099f ] Request (FloatingIPDetailsNegativeTestJSON:tearDownClass): 204 DELETE http://10.180.1.21:9696/networking/v2.0/routers/e2155d5c-a6da-4f77-ac60-5d7e752f45ff 1.255s
2025-04-14 15:28:41.761 71501 INFO tempest.lib.common.rest_client [req-ab34186d-83b5-4261-bf23-db59cf1950d1 req-ab34186d-83b5-4261-bf23-db59cf1950d1 ] Request (KeyPairsV22TestJSON:test_keypairsv22_create_list_show_with_type): 200 GET http://10.180.1.21/compute/v2.1/os-keypairs 0.998s
2025-04-14 15:28:41.826 71495 INFO tempest.lib.common.rest_client [req-91d5f6b0-48b9-40a4-b7e2-f851e5c9741a req-91d5f6b0-48b9-40a4-b7e2-f851e5c9741a ] Request (SecurityGroupsTestAdminJSON:tearDownClass): 201 POST http://10.180.1.21/identity/v3/auth/tokens 0.085s
2025-04-14 15:28:41.949 71469 INFO tempest.lib.common.rest_client [req-b94839f1-98c4-434c-87a4-108fd443519e req-b94839f1-98c4-434c-87a4-108fd443519e ] Request (MigrationsAdminTest:test_list_migrations_in_flavor_resize_situation): 200 GET http://10.180.1.21/compute/v2.1/servers/8ea6b675-6e2f-492b-be9b-0ff5638b9363 1.180s
2025-04-14 15:28:41.956 71495 INFO tempest.lib.common.rest_client [req-7135338f-d721-4249-a7f1-4d51868b8a2f req-7135338f-d721-4249-a7f1-4d51868b8a2f ] Request (SecurityGroupsTestAdminJSON:tearDownClass): 200 GET http://10.180.1.21:9696/networking/v2.0/security-groups?tenant_id=0074e3719e754a9ebc3b5af7f12ad4b3&name=default 0.128s
2025-04-14 15:28:41.963 71479 INFO tempest.lib.common.rest_client [req-f136eb93-903d-4305-ab2b-1c11de096cec req-f136eb93-903d-4305-ab2b-1c11de096cec ] Request (FloatingIPDetailsNegativeTestJSON:tearDownClass): 204 DELETE http://10.180.1.21:9696/networking/v2.0/subnets/22051ac9-1daa-4f20-bea7-c18df3839f73 0.208s
2025-04-14 15:28:41.965 71469 INFO tempest.common.waiters [-] State transition "RESIZE/resize_finish" ==> "VERIFY_RESIZE/None" after 32 second wait
2025-04-14 15:28:42.031 71475 INFO tempest.lib.common.rest_client [req-db378390-060d-4b99-aac5-4688e03cd0ac req-db378390-060d-4b99-aac5-4688e03cd0ac ] Request (ImagesTestJSON:test_create_image_from_stopped_server): 200 GET http://10.180.1.21/compute/v2.1/servers/a2840dac-7d14-4d6e-84e7-d74e8ef0db7f 1.034s
2025-04-14 15:28:42.056 71519 INFO tempest.lib.common.rest_client [req-f895af0a-c93e-4dc9-a190-091865675fe0 req-f895af0a-c93e-4dc9-a190-091865675fe0 ] Request (AttachVolumeShelveTestJSON:test_attach_volume_shelved_or_offload_server): 202 POST http://10.180.1.21/compute/v2.1/servers 1.533s
2025-04-14 15:28:42.096 71477 INFO tempest.lib.common.rest_client [req-22d0bfa0-6689-46e6-8d2a-494bf421c6d5 req-22d0bfa0-6689-46e6-8d2a-494bf421c6d5 ] Request (ServersAdminTestJSON:test_create_server_with_scheduling_hint): 200 GET http://10.180.1.21/compute/v2.1/servers/c7151826-0752-4112-a25b-59e79d482872 1.085s
2025-04-14 15:28:42.155 71495 INFO tempest.lib.common.rest_client [req-5226f7fa-4ea9-4ea1-a46b-8800c591efee req-5226f7fa-4ea9-4ea1-a46b-8800c591efee ] Request (SecurityGroupsTestAdminJSON:tearDownClass): 204 DELETE http://10.180.1.21:9696/networking/v2.0/security-groups/bb0e41e8-05f0-48e6-b1c6-294b3c5e5c01 0.199s
2025-04-14 15:28:42.196 71491 INFO tempest.lib.common.rest_client [req-daa25fbe-d268-4420-b543-3fde09dd495d req-daa25fbe-d268-4420-b543-3fde09dd495d ] Request (ServerDiagnosticsV248Test:test_get_server_diagnostics): 200 GET http://10.180.1.21/compute/v2.1/servers/d166e1e4-2b45-49c4-87b0-6d0e63f33a21 0.882s
