2025-04-14 15:28:52.037 71485 INFO tempest.lib.common.dynamic_creds [-] Created isolated network resources for: credentials: Credentials: {'domain_id': 'default', 'domain_name': 'Default', 'username': 'tempest-ImagesOneServerNegativeTestJSON-512607698-project-member', 'project_domain_id': 'default', 'project_domain_name': 'Default', 'project_id': '78f1e98843904823bbbee297b39164cc', 'project_name': 'tempest-ImagesOneServerNegativeTestJSON-512607698', 'tenant_id': '78f1e98843904823bbbee297b39164cc', 'tenant_name': 'tempest-ImagesOneServerNegativeTestJSON-512607698', 'user_domain_id': 'default', 'user_domain_name': 'Default', 'user_id': '628fbc56292a4ed685c3cffd13c91c13', 'system': None}, Network: {'id': '8e6c4c3c-20f4-42fd-87db-e6b02608d9f7', 'name': 'tempest-ImagesOneServerNegativeTestJSON-1810342985-network', 'tenant_id': '78f1e98843904823bbbee297b39164cc', 'admin_state_up': True, 'mtu': 8950, 'status': 'ACTIVE', 'subnets': [], 'shared': False, 'project_id': '78f1e98843904823bbbee297b39164cc', 'port_security_enabled': True, 'router:external': False, 'provider:network_type': 'vlan', 'provider:physical_network': 'default', 'provider:segmentation_id': 173, 'availability_zone_hints': [], 'availability_zones': [], 'ipv4_address_scope': None, 'ipv6_address_scope': None, 'description': '', 'tags': [], 'created_at': '2025-04-14T15:28:47Z', 'updated_at': '2025-04-14T15:28:47Z', 'revision_number': 1}, Subnet: {'id': '245dc69e-692f-4cf4-ac59-3a3e036d93bb', 'name': 'tempest-ImagesOneServerNegativeTestJSON-1810342985-subnet', 'tenant_id': '78f1e98843904823bbbee297b39164cc', 'network_id': '8e6c4c3c-20f4-42fd-87db-e6b02608d9f7', 'ip_version': 4, 'subnetpool_id': None, 'enable_dhcp': True, 'ipv6_ra_mode': None, 'ipv6_address_mode': None, 'gateway_ip': '192.168.128.1', 'cidr': '192.168.128.0/28', 'allocation_pools': [{'start': '192.168.128.2', 'end': '192.168.128.14'}], 'host_routes': [], 'dns_nameservers': [], 'description': '', 'router:external': False, 'service_types': [], 'tags': [], 'created_at': '2025-04-14T15:28:47Z', 'updated_at': '2025-04-14T15:28:47Z', 'revision_number': 0, 'project_id': '78f1e98843904823bbbee297b39164cc'}, Router: {'id': '30112bed-d348-4452-bd18-47d14095444c', 'name': 'tempest-ImagesOneServerNegativeTestJSON-1810342985-router', 'tenant_id': '78f1e98843904823bbbee297b39164cc', 'admin_state_up': True, 'status': 'ACTIVE', 'external_gateway_info': {'network_id': '6474c9c2-7568-4f42-bf38-10d46f2f77e1', 'external_fixed_ips': [{'subnet_id': 'e9898d38-3881-4a8a-891c-9e337b4c8a91', 'ip_address': '10.180.180.238'}], 'enable_snat': True}, 'description': '', 'availability_zones': [], 'distributed': False, 'ha': False, 'availability_zone_hints': [], 'routes': [], 'flavor_id': None, 'tags': [], 'created_at': '2025-04-14T15:28:48Z', 'updated_at': '2025-04-14T15:28:49Z', 'revision_number': 2, 'project_id': '78f1e98843904823bbbee297b39164cc'}
2025-04-14 15:28:52.048 71517 INFO tempest.lib.common.rest_client [req-f1d8b246-02d7-4c50-99a1-24ac01ffcb46 req-f1d8b246-02d7-4c50-99a1-24ac01ffcb46 ] Request (AttachInterfacesTestJSON:test_create_list_show_delete_interfaces_by_fixed_ip): 200 GET http://10.180.1.21/compute/v2.1/servers/5f587671-def8-46da-918b-72029dba52c5 0.452s
2025-04-14 15:28:52.102 71506 INFO tempest.lib.common.rest_client [req-1588199d-a86d-4ba6-8ea7-24d14d19cbbe req-1588199d-a86d-4ba6-8ea7-24d14d19cbbe ] Request (ServerActionsTestOtherB:setUpClass): 200 GET http://10.180.1.21/compute/v2.1/servers/fb97a908-0315-42a4-9194-30d503c7672d 0.577s
2025-04-14 15:28:52.108 71519 INFO tempest.lib.common.rest_client [req-a32fbac6-e097-4ba6-84f2-307b1d586d1c req-a32fbac6-e097-4ba6-84f2-307b1d586d1c ] Request (AttachVolumeShelveTestJSON:test_attach_volume_shelved_or_offload_server): 200 GET http://10.180.1.21/compute/v2.1/servers/47abd936-95ee-4441-91f3-c1cfbda66bd0 0.504s
2025-04-14 15:28:52.111 71467 INFO tempest.lib.common.rest_client [req-7774bf91-fed6-42b7-9c23-f745fa9530c0 req-7774bf91-fed6-42b7-9c23-f745fa9530c0 ] Request (ImagesMetadataTestJSON:setUpClass): 201 POST http://10.180.1.21/identity/v3/auth/tokens 0.090s
2025-04-14 15:28:52.117 71499 WARNING tempest.lib.common.ssh [-] Failed to establish authenticated ssh connection to cirros@10.180.180.176 ([Errno None] Unable to connect to port 22 on 10.180.180.176). Number attempts: 5. Retry after 6 seconds.: paramiko.ssh_exception.NoValidConnectionsError: [Errno None] Unable to connect to port 22 on 10.180.180.176
2025-04-14 15:28:52.154 71485 INFO tempest.lib.common.rest_client [req-e79d248c-4911-425e-853a-5785ccabf24f req-e79d248c-4911-425e-853a-5785ccabf24f ] Request (ImagesOneServerNegativeTestJSON:setUpClass): 201 POST http://10.180.1.21/identity/v3/auth/tokens 0.112s
2025-04-14 15:28:52.177 71503 INFO tempest.lib.common.rest_client [req-36033c84-657d-44a2-bfb4-28def75da306 req-36033c84-657d-44a2-bfb4-28def75da306 ] Request (TenantUsagesTestJSON:tearDownClass): 200 GET http://10.180.1.21/compute/v2.1/servers/9e497a6e-0cdb-41a7-b91c-395e0dfd9cb7 0.439s
2025-04-14 15:28:52.190 71485 INFO tempest.lib.common.rest_client [req-c17643d8-fa69-4c93-8276-7f04363d4f01 req-c17643d8-fa69-4c93-8276-7f04363d4f01 ] Request (ImagesOneServerNegativeTestJSON:setUpClass): 201 POST http://10.180.1.21/identity/v3/auth/tokens 0.033s
2025-04-14 15:28:52.191 71485 INFO tempest.lib.common.fixed_network [-] (ImagesOneServerNegativeTestJSON:setUpClass) Found network {'id': '8e6c4c3c-20f4-42fd-87db-e6b02608d9f7', 'name': 'tempest-ImagesOneServerNegativeTestJSON-1810342985-network', 'tenant_id': '78f1e98843904823bbbee297b39164cc', 'admin_state_up': True, 'mtu': 8950, 'status': 'ACTIVE', 'subnets': [], 'shared': False, 'project_id': '78f1e98843904823bbbee297b39164cc', 'port_security_enabled': True, 'router:external': False, 'provider:network_type': 'vlan', 'provider:physical_network': 'default', 'provider:segmentation_id': 173, 'availability_zone_hints': [], 'availability_zones': [], 'ipv4_address_scope': None, 'ipv6_address_scope': None, 'description': '', 'tags': [], 'created_at': '2025-04-14T15:28:47Z', 'updated_at': '2025-04-14T15:28:47Z', 'revision_number': 1} available for tenant
2025-04-14 15:28:52.197 71483 INFO tempest.lib.common.rest_client [req-22f97bf7-0fe5-455b-adf4-ce83654216e4 req-22f97bf7-0fe5-455b-adf4-ce83654216e4 ] Request (ListServerFiltersTestJSON:setUpClass): 200 GET http://10.180.1.21/compute/v2.1/servers/2a237b60-5b6f-42d8-ba67-1cb084f96828 0.476s
2025-04-14 15:28:52.224 71495 INFO tempest.lib.common.rest_client [req-820c34e9-11ed-4bcd-bc0a-528f20226118 req-820c34e9-11ed-4bcd-bc0a-528f20226118 ] Request (SecurityGroupsNegativeTestJSON:test_security_group_get_nonexistent_group): 404 GET http://10.180.1.21/compute/v2.1/os-security-groups/88b3869b-04c1-43c7-824b-044c5172d161 0.415s
2025-04-14 15:28:52.259 71529 INFO tempest.lib.common.rest_client [req-3b0c59e8-dacc-4024-9e93-4f5f31b194eb req-3b0c59e8-dacc-4024-9e93-4f5f31b194eb ] Request (InstanceActionsTestJSON:setUpClass): 200 GET http://10.180.1.21/compute/v2.1/servers/b7fddd33-fcfa-4e3e-9acd-970b3c690339 0.397s
2025-04-14 15:28:52.320 71515 INFO tempest.lib.common.rest_client [req-a438f548-9401-4d08-9c24-3b15febc8f9d req-a438f548-9401-4d08-9c24-3b15febc8f9d ] Request (FloatingIPsAssociationNegativeTestJSON:tearDownClass): 200 GET http://10.180.1.21/compute/v2.1/servers/2f7c09dd-b4fd-49fb-a1c4-212c1e2333a4 0.456s
2025-04-14 15:28:52.324 71501 INFO tempest.lib.common.rest_client [req-3c82bbe7-3982-4a4f-86b8-b7a27eca39b5 req-3c82bbe7-3982-4a4f-86b8-b7a27eca39b5 ] Request (ServersListShow296Test:test_list_show_update_rebuild_server_296): 200 GET http://10.180.1.21/compute/v2.1/servers/7f73a545-dd6e-491c-9203-1af48d0bcb65 0.359s
2025-04-14 15:28:52.383 71475 INFO tempest.lib.common.rest_client [req-2b4254c2-14f8-4b50-97e5-8450db4c4a25 req-2b4254c2-14f8-4b50-97e5-8450db4c4a25 ] Request (ImagesTestJSON:test_create_image_from_stopped_server): 200 GET http://10.180.1.21/compute/v2.1/servers/a2840dac-7d14-4d6e-84e7-d74e8ef0db7f 0.299s
2025-04-14 15:28:52.393 71479 INFO tempest.lib.common.rest_client [req-0bfba69b-7308-4152-8085-d21fe9c477d7 req-0bfba69b-7308-4152-8085-d21fe9c477d7 ] Request (DeleteServersTestJSON:test_delete_active_server): 200 GET http://10.180.1.21/compute/v2.1/servers/4d64ad6e-4afc-4367-87c8-b64523288cae 0.373s
2025-04-14 15:28:52.454 71495 INFO tempest.lib.common.rest_client [req-81d343d8-85cf-4276-ab7d-1d9dea4f82cc req-81d343d8-85cf-4276-ab7d-1d9dea4f82cc ] Request (SecurityGroupsNegativeTestJSON:test_update_non_existent_security_group): 404 PUT http://10.180.1.21/compute/v2.1/os-security-groups/d70611f5-5ed5-45bd-9bc5-f4c7aa16d921 0.226s
2025-04-14 15:28:52.456 71489 INFO tempest.lib.common.rest_client [req-9721cd54-2b48-4180-a0d0-ffc45f24df88 req-9721cd54-2b48-4180-a0d0-ffc45f24df88 ] Request (SecurityGroupsTestJSON:setUpClass): 200 PUT http://10.180.1.21:9696/networking/v2.0/routers/7da86951-19ed-4837-a937-3ba960a032d6/add_router_interface 1.927s
2025-04-14 15:28:52.456 71489 INFO tempest.lib.common.dynamic_creds [-] Created isolated network resources for: credentials: Credentials: {'domain_id': 'default', 'domain_name': 'Default', 'username': 'tempest-SecurityGroupsTestJSON-460719950-project-member', 'project_domain_id': 'default', 'project_domain_name': 'Default', 'project_id': '98ee72910822420d93251037ad979188', 'project_name': 'tempest-SecurityGroupsTestJSON-460719950', 'tenant_id': '98ee72910822420d93251037ad979188', 'tenant_name': 'tempest-SecurityGroupsTestJSON-460719950', 'user_domain_id': 'default', 'user_domain_name': 'Default', 'user_id': 'fc808ad11d5c4caea11e14d0e9c0d8f2', 'system': None}, Network: {'id': '25478d74-6bce-4279-8e0f-da8ac05831f4', 'name': 'tempest-SecurityGroupsTestJSON-1754570632-network', 'tenant_id': '98ee72910822420d93251037ad979188', 'admin_state_up': True, 'mtu': 8950, 'status': 'ACTIVE', 'subnets': [], 'shared': False, 'project_id': '98ee72910822420d93251037ad979188', 'port_security_enabled': True, 'router:external': False, 'provider:network_type': 'vlan', 'provider:physical_network': 'default', 'provider:segmentation_id': 19, 'availability_zone_hints': [], 'availability_zones': [], 'ipv4_address_scope': None, 'ipv6_address_scope': None, 'description': '', 'tags': [], 'created_at': '2025-04-14T15:28:48Z', 'updated_at': '2025-04-14T15:28:48Z', 'revision_number': 1}, Subnet: {'id': '5c1540e9-2bdc-44d3-95a0-32bde273e1d3', 'name': 'tempest-SecurityGroupsTestJSON-1754570632-subnet', 'tenant_id': '98ee72910822420d93251037ad979188', 'network_id': '25478d74-6bce-4279-8e0f-da8ac05831f4', 'ip_version': 4, 'subnetpool_id': None, 'enable_dhcp': True, 'ipv6_ra_mode': None, 'ipv6_address_mode': None, 'gateway_ip': '192.168.128.1', 'cidr': '192.168.128.0/28', 'allocation_pools': [{'start': '192.168.128.2', 'end': '192.168.128.14'}], 'host_routes': [], 'dns_nameservers': [], 'description': '', 'router:external': False, 'service_types': [], 'tags': [], 'created_at': '2025-04-14T15:28:49Z', 'updated_at': '2025-04-14T15:28:49Z', 'revision_number': 0, 'project_id': '98ee72910822420d93251037ad979188'}, Router: {'id': '7da86951-19ed-4837-a937-3ba960a032d6', 'name': 'tempest-SecurityGroupsTestJSON-1754570632-router', 'tenant_id': '98ee72910822420d93251037ad979188', 'admin_state_up': True, 'status': 'ACTIVE', 'external_gateway_info': {'network_id': '6474c9c2-7568-4f42-bf38-10d46f2f77e1', 'external_fixed_ips': [{'subnet_id': 'e9898d38-3881-4a8a-891c-9e337b4c8a91', 'ip_address': '10.180.180.142'}], 'enable_snat': True}, 'description': '', 'availability_zones': [], 'distributed': False, 'ha': False, 'availability_zone_hints': [], 'routes': [], 'flavor_id': None, 'tags': [], 'created_at': '2025-04-14T15:28:49Z', 'updated_at': '2025-04-14T15:28:49Z', 'revision_number': 2, 'project_id': '98ee72910822420d93251037ad979188'}
2025-04-14 15:28:52.535 71489 INFO tempest.lib.common.rest_client [req-05678e50-de27-49de-84c5-81d52474ceca req-05678e50-de27-49de-84c5-81d52474ceca ] Request (SecurityGroupsTestJSON:setUpClass): 201 POST http://10.180.1.21/identity/v3/auth/tokens 0.075s
2025-04-14 15:28:52.555 71467 INFO tempest.lib.common.rest_client [req-f6f73116-7c81-4561-a614-d493ca7cf479 req-f6f73116-7c81-4561-a614-d493ca7cf479 ] Request (ImagesMetadataTestJSON:setUpClass): 201 POST http://10.180.1.21/image/v2/images 0.444s
2025-04-14 15:28:52.629 71477 INFO tempest.lib.common.rest_client [req-e568f17e-a046-4ad9-a77a-fa87a7216a53 req-e568f17e-a046-4ad9-a77a-fa87a7216a53 ] Request (ServersAdminTestJSON:test_create_server_with_scheduling_hint): 200 GET http://10.180.1.21/compute/v2.1/servers/c7151826-0752-4112-a25b-59e79d482872 0.398s
2025-04-14 15:28:52.718 71521 INFO tempest.lib.common.rest_client [req-d61a927e-02ce-41af-98a4-a500bc759bb3 req-d61a927e-02ce-41af-98a4-a500bc759bb3 ] Request (ServersAdmin275Test:tearDownClass): 200 GET http://10.180.1.21/compute/v2.1/servers/b68e658a-8a6a-451c-b52d-e1d66d0251d1 0.378s
2025-04-14 15:28:52.906 71509 INFO tempest.lib.common.rest_client [req-39ac869e-4b1d-4823-ba1d-fdc88ff5d942 req-39ac869e-4b1d-4823-ba1d-fdc88ff5d942 ] Request (ServerAddressesNegativeTestJSON:setUpClass): 200 GET http://10.180.1.21/compute/v2.1/servers/4eca8abb-ea4d-4c45-a1b0-93a15ac24ced 0.390s
2025-04-14 15:28:52.913 71485 INFO tempest.lib.common.rest_client [req-4cf3134e-57d8-4de5-aeed-362feeab4121 req-4cf3134e-57d8-4de5-aeed-362feeab4121 ] Request (ImagesOneServerNegativeTestJSON:setUpClass): 202 POST http://10.180.1.21/compute/v2.1/servers 0.722s
2025-04-14 15:28:53.040 71497 INFO tempest.lib.common.rest_client [req-566aa737-7243-4263-baa7-874b7b05c39a req-566aa737-7243-4263-baa7-874b7b05c39a ] Request (ServerMetadataTestJSON:tearDownClass): 200 GET http://10.180.1.21/compute/v2.1/servers/a2203e1c-afc0-4155-a4f4-3c1d91aa8939 0.509s
2025-04-14 15:28:53.051 71497 INFO tempest.common.waiters [-] State transition "ACTIVE/deleting" ==> "DELETED/None" after 4 second wait
2025-04-14 15:28:53.110 71489 INFO tempest.lib.common.rest_client [req-a38fb46e-348e-4858-9fa3-c63b934d0aab req-a38fb46e-348e-4858-9fa3-c63b934d0aab ] Request (SecurityGroupsTestJSON:test_list_security_groups_by_server): 200 POST http://10.180.1.21/compute/v2.1/os-security-groups 0.573s
2025-04-14 15:28:53.130 71511 INFO tempest.lib.common.rest_client [req-2dce0b20-4f1c-48f1-8800-507933847d2d req-2dce0b20-4f1c-48f1-8800-507933847d2d ] Request (ListServersNegativeTestJSON:setUpClass): 200 GET http://10.180.1.21/compute/v2.1/servers/14217653-66fb-46a9-89e7-f0f7466f5ecc 0.527s
2025-04-14 15:28:53.205 71513 WARNING tempest.lib.common.ssh [-] Failed to establish authenticated ssh connection to cirros@10.180.180.197 ([Errno None] Unable to connect to port 22 on 10.180.180.197). Number attempts: 2. Retry after 3 seconds.: paramiko.ssh_exception.NoValidConnectionsError: [Errno None] Unable to connect to port 22 on 10.180.180.197
2025-04-14 15:28:53.280 71507 INFO tempest.lib.common.rest_client [req-ee1a5691-1c99-4fb9-8520-83d1ac877ee8 req-ee1a5691-1c99-4fb9-8520-83d1ac877ee8 ] Request (ServersTestManualDisk:setUpClass): 200 GET http://10.180.1.21/compute/v2.1/servers/c6f39db1-7ccc-44de-860a-45dbe687ace7 0.602s
2025-04-14 15:28:53.294 71507 INFO tempest.common.waiters [-] State transition "BUILD/None" ==> "BUILD/block_device_mapping" after 25 second wait
2025-04-14 15:28:53.336 71469 INFO tempest.lib.common.rest_client [req-c65f22bc-5738-448a-ae90-a776f504463e req-c65f22bc-5738-448a-ae90-a776f504463e ] Request (MigrationsAdminTest:test_list_migrations_in_flavor_resize_situation): 200 GET http://10.180.1.21/compute/v2.1/servers/8ea6b675-6e2f-492b-be9b-0ff5638b9363 0.652s
2025-04-14 15:28:53.360 71467 INFO tempest.lib.common.rest_client [req-7de2032f-0ba7-4031-9565-f304e1b9c874 req-7de2032f-0ba7-4031-9565-f304e1b9c874 ] Request (ImagesMetadataTestJSON:setUpClass): 204 PUT http://10.180.1.21/image/v2/images/cb221044-475c-4eb6-aba2-8508f3157ddd/file 0.804s
2025-04-14 15:28:53.361 71525 INFO tempest.lib.common.rest_client [req-2d8614f3-28e1-412e-86e5-42114df41d25 req-2d8614f3-28e1-412e-86e5-42114df41d25 ] Request (ServersAdminNegativeTestJSON:test_migrate_server_invalid_state): 200 GET http://10.180.1.21/compute/v2.1/servers/3ec7288c-867a-43a5-a5a9-e368e1f6d66f 0.481s
2025-04-14 15:28:53.399 71485 INFO tempest.lib.common.rest_client [req-2d757807-67cd-4a90-a4ee-b6a2bce19a13 req-2d757807-67cd-4a90-a4ee-b6a2bce19a13 ] Request (ImagesOneServerNegativeTestJSON:setUpClass): 200 GET http://10.180.1.21/compute/v2.1/servers/fb1f6225-6c0d-44bf-b26a-e0b1b7dc0168 0.484s
2025-04-14 15:28:53.436 71487 INFO tempest.lib.common.rest_client [req-06183533-928d-41ca-b913-99c5fc30c090 req-06183533-928d-41ca-b913-99c5fc30c090 ] Request (ServerDiskConfigTestJSON:test_rebuild_server_with_auto_disk_config): 200 GET http://10.180.1.21/compute/v2.1/servers/bde8b429-14ea-498d-93ac-54eb6f0269da 0.451s
2025-04-14 15:28:53.463 71493 WARNING tempest.lib.common.ssh [-] Failed to establish authenticated ssh connection to cirros@10.180.180.187 ([Errno None] Unable to connect to port 22 on 10.180.180.187). Number attempts: 3. Retry after 4 seconds.: paramiko.ssh_exception.NoValidConnectionsError: [Errno None] Unable to connect to port 22 on 10.180.180.187
2025-04-14 15:28:53.488 71517 INFO tempest.lib.common.rest_client [req-cf8c735d-5060-4cf8-8242-0d8e0a5610a2 req-cf8c735d-5060-4cf8-8242-0d8e0a5610a2 ] Request (AttachInterfacesTestJSON:test_create_list_show_delete_interfaces_by_fixed_ip): 200 GET http://10.180.1.21/compute/v2.1/servers/5f587671-def8-46da-918b-72029dba52c5 0.427s
2025-04-14 15:28:53.566 71506 INFO tempest.lib.common.rest_client [req-9645ef94-14a9-429d-9e6d-95f88754af6a req-9645ef94-14a9-429d-9e6d-95f88754af6a ] Request (ServerActionsTestOtherB:setUpClass): 200 GET http://10.180.1.21/compute/v2.1/servers/fb97a908-0315-42a4-9194-30d503c7672d 0.453s
2025-04-14 15:28:53.615 71519 INFO tempest.lib.common.rest_client [req-3c1e3a5b-bdab-48f0-a866-00df343aab79 req-3c1e3a5b-bdab-48f0-a866-00df343aab79 ] Request (AttachVolumeShelveTestJSON:test_attach_volume_shelved_or_offload_server): 200 GET http://10.180.1.21/compute/v2.1/servers/47abd936-95ee-4441-91f3-c1cfbda66bd0 0.495s
2025-04-14 15:28:53.674 71503 INFO tempest.lib.common.rest_client [req-6aad26ca-0f78-497d-82de-e7733af75082 req-6aad26ca-0f78-497d-82de-e7733af75082 ] Request (TenantUsagesTestJSON:tearDownClass): 200 GET http://10.180.1.21/compute/v2.1/servers/9e497a6e-0cdb-41a7-b91c-395e0dfd9cb7 0.488s
2025-04-14 15:28:53.720 71483 INFO tempest.lib.common.rest_client [req-3a74e6ca-41f4-47d5-95e3-c38b616d91d0 req-3a74e6ca-41f4-47d5-95e3-c38b616d91d0 ] Request (ListServerFiltersTestJSON:setUpClass): 200 GET http://10.180.1.21/compute/v2.1/servers/2a237b60-5b6f-42d8-ba67-1cb084f96828 0.514s
2025-04-14 15:28:53.774 71529 INFO tempest.lib.common.rest_client [req-4d2dc852-e1ec-44af-8097-2d97b7a6c2ec req-4d2dc852-e1ec-44af-8097-2d97b7a6c2ec ] Request (InstanceActionsTestJSON:setUpClass): 200 GET http://10.180.1.21/compute/v2.1/servers/b7fddd33-fcfa-4e3e-9acd-970b3c690339 0.503s
2025-04-14 15:28:53.793 71489 INFO tempest.lib.common.rest_client [req-008871cd-2605-40dd-b322-1975929b2bc9 req-008871cd-2605-40dd-b322-1975929b2bc9 ] Request (SecurityGroupsTestJSON:test_list_security_groups_by_server): 200 POST http://10.180.1.21/compute/v2.1/os-security-groups 0.679s
2025-04-14 15:28:53.841 71489 INFO tempest.lib.common.rest_client [req-6ec01c9a-53f7-4e6e-84f6-821d337a8280 req-6ec01c9a-53f7-4e6e-84f6-821d337a8280 ] Request (SecurityGroupsTestJSON:test_list_security_groups_by_server): 201 POST http://10.180.1.21/identity/v3/auth/tokens 0.042s
2025-04-14 15:28:53.841 71489 INFO tempest.lib.common.fixed_network [-] (SecurityGroupsTestJSON:test_list_security_groups_by_server) Found network {'id': '25478d74-6bce-4279-8e0f-da8ac05831f4', 'name': 'tempest-SecurityGroupsTestJSON-1754570632-network', 'tenant_id': '98ee72910822420d93251037ad979188', 'admin_state_up': True, 'mtu': 8950, 'status': 'ACTIVE', 'subnets': [], 'shared': False, 'project_id': '98ee72910822420d93251037ad979188', 'port_security_enabled': True, 'router:external': False, 'provider:network_type': 'vlan', 'provider:physical_network': 'default', 'provider:segmentation_id': 19, 'availability_zone_hints': [], 'availability_zones': [], 'ipv4_address_scope': None, 'ipv6_address_scope': None, 'description': '', 'tags': [], 'created_at': '2025-04-14T15:28:48Z', 'updated_at': '2025-04-14T15:28:48Z', 'revision_number': 1} available for tenant
2025-04-14 15:28:53.874 71515 INFO tempest.lib.common.rest_client [req-ce61efe0-b3c6-432d-9a5c-3decf0058b0d req-ce61efe0-b3c6-432d-9a5c-3decf0058b0d ] Request (FloatingIPsAssociationNegativeTestJSON:tearDownClass): 200 GET http://10.180.1.21/compute/v2.1/servers/2f7c09dd-b4fd-49fb-a1c4-212c1e2333a4 0.544s
2025-04-14 15:28:53.896 71501 INFO tempest.lib.common.rest_client [req-c19ba919-c5dc-4ef2-bef7-e2cc19de37e8 req-c19ba919-c5dc-4ef2-bef7-e2cc19de37e8 ] Request (ServersListShow296Test:test_list_show_update_rebuild_server_296): 200 GET http://10.180.1.21/compute/v2.1/servers/7f73a545-dd6e-491c-9203-1af48d0bcb65 0.561s
2025-04-14 15:28:53.937 71467 INFO tempest.lib.common.rest_client [req-2b0ed4de-383a-4266-8937-69f79d5f7553 req-2b0ed4de-383a-4266-8937-69f79d5f7553 ] Request (ImagesMetadataTestJSON:setUpClass): 200 GET http://10.180.1.21/compute/v2.1/images/cb221044-475c-4eb6-aba2-8508f3157ddd 0.577s
2025-04-14 15:28:53.980 71475 INFO tempest.lib.common.rest_client [req-f1909a6f-dcdf-4864-a242-d27555b7b63a req-f1909a6f-dcdf-4864-a242-d27555b7b63a ] Request (ImagesTestJSON:test_create_image_from_stopped_server): 200 GET http://10.180.1.21/compute/v2.1/servers/a2840dac-7d14-4d6e-84e7-d74e8ef0db7f 0.589s
2025-04-14 15:28:54.009 71479 INFO tempest.lib.common.rest_client [req-3e728ef3-2c78-43d2-acc8-287e237c00bc req-3e728ef3-2c78-43d2-acc8-287e237c00bc ] Request (DeleteServersTestJSON:test_delete_active_server): 200 GET http://10.180.1.21/compute/v2.1/servers/4d64ad6e-4afc-4367-87c8-b64523288cae 0.604s
2025-04-14 15:28:54.032 71495 INFO tempest.lib.common.rest_client [req-a8393965-13b4-4389-bf2d-a6ffc26a290f req-a8393965-13b4-4389-bf2d-a6ffc26a290f ] Request (SecurityGroupsNegativeTestJSON:tearDownClass): 200 PUT http://10.180.1.21:9696/networking/v2.0/routers/0b95ead4-902c-45aa-806e-7f3ed7a6091b/remove_router_interface 1.565s
2025-04-14 15:28:54.089 71521 INFO tempest.lib.common.rest_client [req-b98ba04b-09f6-4ea2-a8b1-9c7fb01465aa req-b98ba04b-09f6-4ea2-a8b1-9c7fb01465aa ] Request (ServersAdmin275Test:tearDownClass): 200 GET http://10.180.1.21/compute/v2.1/servers/b68e658a-8a6a-451c-b52d-e1d66d0251d1 0.360s
2025-04-14 15:28:54.103 71477 INFO tempest.lib.common.rest_client [req-23864581-b110-4770-a5a4-576f8f4e2a6d req-23864581-b110-4770-a5a4-576f8f4e2a6d ] Request (ServersAdminTestJSON:test_create_server_with_scheduling_hint): 200 GET http://10.180.1.21/compute/v2.1/servers/c7151826-0752-4112-a25b-59e79d482872 0.462s
2025-04-14 15:28:54.200 71523 WARNING tempest.lib.common.ssh [-] Failed to establish authenticated ssh connection to cirros@10.180.180.132 ([Errno None] Unable to connect to port 22 on 10.180.180.132). Number attempts: 1. Retry after 2 seconds.: paramiko.ssh_exception.NoValidConnectionsError: [Errno None] Unable to connect to port 22 on 10.180.180.132
2025-04-14 15:28:54.258 71509 INFO tempest.lib.common.rest_client [req-542957b3-4f72-45e8-b189-6fb5624a4c8b req-542957b3-4f72-45e8-b189-6fb5624a4c8b ] Request (ServerAddressesNegativeTestJSON:setUpClass): 200 GET http://10.180.1.21/compute/v2.1/servers/4eca8abb-ea4d-4c45-a1b0-93a15ac24ced 0.337s
2025-04-14 15:28:54.266 71509 INFO tempest.common.waiters [-] State transition "BUILD/spawning" ==> "ACTIVE/None" after 41 second wait
2025-04-14 15:28:54.506 71467 INFO tempest.lib.common.rest_client [req-47da9dc0-d5a1-4c6d-b362-33706fb72669 req-47da9dc0-d5a1-4c6d-b362-33706fb72669 ] Request (ImagesMetadataTestJSON:setUp): 200 PUT http://10.180.1.21/compute/v2.1/images/cb221044-475c-4eb6-aba2-8508f3157ddd/metadata 0.565s
2025-04-14 15:28:54.553 71489 INFO tempest.lib.common.rest_client [req-8b1ac97e-6e12-4025-b836-4941d7982487 req-8b1ac97e-6e12-4025-b836-4941d7982487 ] Request (SecurityGroupsTestJSON:test_list_security_groups_by_server): 202 POST http://10.180.1.21/compute/v2.1/servers 0.711s
2025-04-14 15:28:54.596 71497 INFO tempest.lib.common.rest_client [req-43baf6bf-b7a4-4eb5-82c5-a8a31812a3fc req-43baf6bf-b7a4-4eb5-82c5-a8a31812a3fc ] Request (ServerMetadataTestJSON:tearDownClass): 200 GET http://10.180.1.21/compute/v2.1/servers/a2203e1c-afc0-4155-a4f4-3c1d91aa8939 0.545s
2025-04-14 15:28:54.617 71495 INFO tempest.lib.common.rest_client [req-f12c5eda-fbf6-4951-a69c-da84c95903c0 req-f12c5eda-fbf6-4951-a69c-da84c95903c0 ] Request (SecurityGroupsNegativeTestJSON:tearDownClass): 204 DELETE http://10.180.1.21:9696/networking/v2.0/routers/0b95ead4-902c-45aa-806e-7f3ed7a6091b 0.585s
2025-04-14 15:28:54.622 71511 INFO tempest.lib.common.rest_client [req-e4f7fe64-71af-4501-a4bf-16ccf278d64d req-e4f7fe64-71af-4501-a4bf-16ccf278d64d ] Request (ListServersNegativeTestJSON:setUpClass): 200 GET http://10.180.1.21/compute/v2.1/servers/14217653-66fb-46a9-89e7-f0f7466f5ecc 0.484s
2025-04-14 15:28:54.640 71509 INFO tempest.lib.common.rest_client [req-7ca4e310-80b7-4f9a-a782-26d45cb2abb4 req-7ca4e310-80b7-4f9a-a782-26d45cb2abb4 ] Request (ServerAddressesNegativeTestJSON:test_list_server_addresses_by_network_neg): 404 GET http://10.180.1.21/compute/v2.1/servers/4eca8abb-ea4d-4c45-a1b0-93a15ac24ced/ips/invalid 0.372s
2025-04-14 15:28:54.747 71469 INFO tempest.lib.common.rest_client [req-563052d3-4b5d-4f59-89fb-1eeaf5ff9c1b req-563052d3-4b5d-4f59-89fb-1eeaf5ff9c1b ] Request (MigrationsAdminTest:test_list_migrations_in_flavor_resize_situation): 200 GET http://10.180.1.21/compute/v2.1/servers/8ea6b675-6e2f-492b-be9b-0ff5638b9363 0.399s
2025-04-14 15:28:54.756 71507 INFO tempest.lib.common.rest_client [req-10dc2c13-a704-4492-8174-21949b3f99b3 req-10dc2c13-a704-4492-8174-21949b3f99b3 ] Request (ServersTestManualDisk:setUpClass): 200 GET http://10.180.1.21/compute/v2.1/servers/c6f39db1-7ccc-44de-860a-45dbe687ace7 0.461s
2025-04-14 15:28:54.763 71495 INFO tempest.lib.common.rest_client [req-53c41afe-e6f4-4d0e-b0fd-d2a8f5d4ec2c req-53c41afe-e6f4-4d0e-b0fd-d2a8f5d4ec2c ] Request (SecurityGroupsNegativeTestJSON:tearDownClass): 204 DELETE http://10.180.1.21:9696/networking/v2.0/subnets/813bbe6d-c36f-42e4-b2ca-22be108b2505 0.146s
2025-04-14 15:28:54.766 71507 INFO tempest.common.waiters [-] State transition "BUILD/block_device_mapping" ==> "BUILD/spawning" after 26 second wait
2025-04-14 15:28:54.806 71525 INFO tempest.lib.common.rest_client [req-925924b1-8a4e-453c-a901-f9f5267cd510 req-925924b1-8a4e-453c-a901-f9f5267cd510 ] Request (ServersAdminNegativeTestJSON:test_migrate_server_invalid_state): 200 GET http://10.180.1.21/compute/v2.1/servers/3ec7288c-867a-43a5-a5a9-e368e1f6d66f 0.436s
2025-04-14 15:28:54.816 71525 INFO tempest.common.waiters [-] State transition "BUILD/None" ==> "BUILD/networking" after 26 second wait
2025-04-14 15:28:54.817 71485 INFO tempest.lib.common.rest_client [req-399f5637-ed87-4c51-b29d-5ea5821fea27 req-399f5637-ed87-4c51-b29d-5ea5821fea27 ] Request (ImagesOneServerNegativeTestJSON:setUpClass): 200 GET http://10.180.1.21/compute/v2.1/servers/fb1f6225-6c0d-44bf-b26a-e0b1b7dc0168 0.408s
2025-04-14 15:28:54.858 71487 INFO tempest.lib.common.rest_client [req-292838b8-40d5-46bf-b88a-e51e4f787175 req-292838b8-40d5-46bf-b88a-e51e4f787175 ] Request (ServerDiskConfigTestJSON:test_rebuild_server_with_auto_disk_config): 200 GET http://10.180.1.21/compute/v2.1/servers/bde8b429-14ea-498d-93ac-54eb6f0269da 0.411s
2025-04-14 15:28:54.873 71517 INFO tempest.lib.common.rest_client [req-05f20a2a-d3c4-45fa-b386-7c99a83ac4c8 req-05f20a2a-d3c4-45fa-b386-7c99a83ac4c8 ] Request (AttachInterfacesTestJSON:test_create_list_show_delete_interfaces_by_fixed_ip): 200 GET http://10.180.1.21/compute/v2.1/servers/5f587671-def8-46da-918b-72029dba52c5 0.376s
2025-04-14 15:28:54.923 71489 INFO tempest.lib.common.rest_client [req-98c3fc4b-c5b3-4ba9-8e05-c04aa14bb631 req-98c3fc4b-c5b3-4ba9-8e05-c04aa14bb631 ] Request (SecurityGroupsTestJSON:test_list_security_groups_by_server): 200 GET http://10.180.1.21/compute/v2.1/servers/c35b7224-4ad6-40a0-aee7-97b8cec436cc 0.367s
2025-04-14 15:28:54.926 71495 INFO tempest.lib.common.rest_client [req-b9fad2b7-474c-4e6b-b89e-83c8aa11f3e8 req-b9fad2b7-474c-4e6b-b89e-83c8aa11f3e8 ] Request (SecurityGroupsNegativeTestJSON:tearDownClass): 204 DELETE http://10.180.1.21:9696/networking/v2.0/networks/8eed404e-8cd4-44ef-b304-f8db13b412ec 0.162s
2025-04-14 15:28:55.021 71467 INFO tempest.lib.common.rest_client [req-41b300e2-3586-441d-955d-7d703e974794 req-41b300e2-3586-441d-955d-7d703e974794 ] Request (ImagesMetadataTestJSON:test_delete_image_metadata_item): 204 DELETE http://10.180.1.21/compute/v2.1/images/cb221044-475c-4eb6-aba2-8508f3157ddd/metadata/os_version 0.513s
2025-04-14 15:28:55.043 71506 INFO tempest.lib.common.rest_client [req-6362612c-d164-448c-9e94-1e4595c4a441 req-6362612c-d164-448c-9e94-1e4595c4a441 ] Request (ServerActionsTestOtherB:setUpClass): 200 GET http://10.180.1.21/compute/v2.1/servers/fb97a908-0315-42a4-9194-30d503c7672d 0.465s
2025-04-14 15:28:55.047 71509 INFO tempest.lib.common.rest_client [req-911f591b-58ec-43ec-adf4-cfabc6aed0ed req-911f591b-58ec-43ec-adf4-cfabc6aed0ed ] Request (ServerAddressesNegativeTestJSON:test_list_server_addresses_invalid_server_id): 404 GET http://10.180.1.21/compute/v2.1/servers/999/ips 0.405s
2025-04-14 15:28:55.062 71495 INFO tempest.lib.common.rest_client [req-7823510d-6711-40bd-83c2-705ce44b8a76 req-7823510d-6711-40bd-83c2-705ce44b8a76 ] Request (SecurityGroupsNegativeTestJSON:tearDownClass): 204 DELETE http://10.180.1.21/identity/v3/users/2c21c80f69c64d89ac94848014326ff1 0.135s
2025-04-14 15:28:55.062 71495 INFO tempest.lib.common.dynamic_creds [-] Deleting project and security group for project: f102e9949934414f89785d6445be5d0a
2025-04-14 15:28:55.097 71519 INFO tempest.lib.common.rest_client [req-48c658fc-a7cb-474b-8023-1087be7f72d8 req-48c658fc-a7cb-474b-8023-1087be7f72d8 ] Request (AttachVolumeShelveTestJSON:test_attach_volume_shelved_or_offload_server): 200 GET http://10.180.1.21/compute/v2.1/servers/47abd936-95ee-4441-91f3-c1cfbda66bd0 0.471s
2025-04-14 15:28:55.107 71495 INFO tempest.lib.common.rest_client [req-1c0ac1f0-98e3-4837-bdae-4d27ca9fede2 req-1c0ac1f0-98e3-4837-bdae-4d27ca9fede2 ] Request (SecurityGroupsNegativeTestJSON:tearDownClass): 200 GET http://10.180.1.21:9696/networking/v2.0/security-groups?tenant_id=f102e9949934414f89785d6445be5d0a&name=default 0.045s
2025-04-14 15:28:55.116 71503 INFO tempest.lib.common.rest_client [req-c399f08a-d33f-467a-ada2-ce7928eedaec req-c399f08a-d33f-467a-ada2-ce7928eedaec ] Request (TenantUsagesTestJSON:tearDownClass): 200 GET http://10.180.1.21/compute/v2.1/servers/9e497a6e-0cdb-41a7-b91c-395e0dfd9cb7 0.434s
2025-04-14 15:28:55.169 71529 INFO tempest.lib.common.rest_client [req-c6f2c8fc-41a5-436e-9e0a-de437bfe6deb req-c6f2c8fc-41a5-436e-9e0a-de437bfe6deb ] Request (InstanceActionsTestJSON:setUpClass): 200 GET http://10.180.1.21/compute/v2.1/servers/b7fddd33-fcfa-4e3e-9acd-970b3c690339 0.386s
2025-04-14 15:28:55.172 71483 INFO tempest.lib.common.rest_client [req-2d806d16-fd38-4fef-ada4-6ff26a4aba60 req-2d806d16-fd38-4fef-ada4-6ff26a4aba60 ] Request (ListServerFiltersTestJSON:setUpClass): 200 GET http://10.180.1.21/compute/v2.1/servers/2a237b60-5b6f-42d8-ba67-1cb084f96828 0.440s
2025-04-14 15:28:55.247 71515 INFO tempest.lib.common.rest_client [req-6717d194-12be-4516-9dcd-acf77ef2a4c0 req-6717d194-12be-4516-9dcd-acf77ef2a4c0 ] Request (FloatingIPsAssociationNegativeTestJSON:tearDownClass): 200 GET http://10.180.1.21/compute/v2.1/servers/2f7c09dd-b4fd-49fb-a1c4-212c1e2333a4 0.359s
2025-04-14 15:28:55.271 71501 INFO tempest.lib.common.rest_client [req-ec995e9d-9429-4ebc-9d2c-49df6aac6fe9 req-ec995e9d-9429-4ebc-9d2c-49df6aac6fe9 ] Request (ServersListShow296Test:test_list_show_update_rebuild_server_296): 200 GET http://10.180.1.21/compute/v2.1/servers/7f73a545-dd6e-491c-9203-1af48d0bcb65 0.365s
2025-04-14 15:28:55.303 71495 INFO tempest.lib.common.rest_client [req-310a35ae-13d7-40ef-bc1a-f64dc1684ad6 req-310a35ae-13d7-40ef-bc1a-f64dc1684ad6 ] Request (SecurityGroupsNegativeTestJSON:tearDownClass): 204 DELETE http://10.180.1.21:9696/networking/v2.0/security-groups/04dd841f-5fcc-4258-bcd4-57cf39e45f8b 0.195s
2025-04-14 15:28:55.323 71475 INFO tempest.lib.common.rest_client [req-2b1a1ebd-3746-43bc-9207-76e816618677 req-2b1a1ebd-3746-43bc-9207-76e816618677 ] Request (ImagesTestJSON:test_create_image_from_stopped_server): 200 GET http://10.180.1.21/compute/v2.1/servers/a2840dac-7d14-4d6e-84e7-d74e8ef0db7f 0.332s
2025-04-14 15:28:55.343 71479 INFO tempest.lib.common.rest_client [req-8aa9c382-1b37-4000-b6e2-c912a364fd46 req-8aa9c382-1b37-4000-b6e2-c912a364fd46 ] Request (DeleteServersTestJSON:test_delete_active_server): 200 GET http://10.180.1.21/compute/v2.1/servers/4d64ad6e-4afc-4367-87c8-b64523288cae 0.326s
2025-04-14 15:28:55.357 71467 INFO tempest.lib.common.rest_client [req-b7975b0d-64c3-41a0-8f36-46da861bde56 req-b7975b0d-64c3-41a0-8f36-46da861bde56 ] Request (ImagesMetadataTestJSON:test_delete_image_metadata_item): 200 GET http://10.180.1.21/compute/v2.1/images/cb221044-475c-4eb6-aba2-8508f3157ddd/metadata 0.335s
2025-04-14 15:28:55.431 71509 INFO tempest.lib.common.rest_client [req-44025d04-0790-418c-9841-505e2b6a6ef7 req-44025d04-0790-418c-9841-505e2b6a6ef7 ] Request (ServerAddressesNegativeTestJSON:tearDownClass): 204 DELETE http://10.180.1.21/compute/v2.1/servers/4eca8abb-ea4d-4c45-a1b0-93a15ac24ced 0.376s
2025-04-14 15:28:55.436 71495 INFO tempest.lib.common.rest_client [req-59075d75-e88b-4c00-9213-3c70adcaac55 req-59075d75-e88b-4c00-9213-3c70adcaac55 ] Request (SecurityGroupsNegativeTestJSON:tearDownClass): 204 DELETE http://10.180.1.21/identity/v3/projects/f102e9949934414f89785d6445be5d0a 0.133s
2025-04-14 15:28:55.437 71521 INFO tempest.lib.common.rest_client [req-b428a59b-61a6-4b6f-98f5-82fcf99cf42a req-b428a59b-61a6-4b6f-98f5-82fcf99cf42a ] Request (ServersAdmin275Test:tearDownClass): 200 GET http://10.180.1.21/compute/v2.1/servers/b68e658a-8a6a-451c-b52d-e1d66d0251d1 0.337s
2025-04-14 15:28:55.614 71477 INFO tempest.lib.common.rest_client [req-434c6a4b-cf56-408e-9023-3ca6a72bf9ac req-434c6a4b-cf56-408e-9023-3ca6a72bf9ac ] Request (ServersAdminTestJSON:test_create_server_with_scheduling_hint): 200 GET http://10.180.1.21/compute/v2.1/servers/c7151826-0752-4112-a25b-59e79d482872 0.499s
2025-04-14 15:28:55.684 71467 INFO tempest.lib.common.rest_client [req-399086ca-2923-4627-b9f7-3cf485cfd712 req-399086ca-2923-4627-b9f7-3cf485cfd712 ] Request (ImagesMetadataTestJSON:setUp): 200 PUT http://10.180.1.21/compute/v2.1/images/cb221044-475c-4eb6-aba2-8508f3157ddd/metadata 0.326s
2025-04-14 15:28:55.733 71509 INFO tempest.lib.common.rest_client [req-e76afd47-f0ca-4c2f-aab9-e3df44c9693d req-e76afd47-f0ca-4c2f-aab9-e3df44c9693d ] Request (ServerAddressesNegativeTestJSON:tearDownClass): 200 GET http://10.180.1.21/compute/v2.1/servers/4eca8abb-ea4d-4c45-a1b0-93a15ac24ced 0.301s
2025-04-14 15:28:55.753 71497 INFO tempest.lib.common.rest_client [req-1aedcbb3-c2f0-4625-b689-6b20dcdac9cc req-1aedcbb3-c2f0-4625-b689-6b20dcdac9cc ] Request (ServerMetadataTestJSON:tearDownClass): 200 GET http://10.180.1.21/compute/v2.1/servers/a2203e1c-afc0-4155-a4f4-3c1d91aa8939 0.144s
2025-04-14 15:28:55.781 71467 INFO tempest.lib.common.rest_client [req-c8911be0-fb50-4c85-bfd1-86e97a5a1838 req-c8911be0-fb50-4c85-bfd1-86e97a5a1838 ] Request (ImagesMetadataTestJSON:test_get_image_metadata_item): 200 GET http://10.180.1.21/compute/v2.1/images/cb221044-475c-4eb6-aba2-8508f3157ddd/metadata/os_distro 0.096s
2025-04-14 15:28:55.783 71511 INFO tempest.lib.common.rest_client [req-6d1e72e1-cd35-4e4c-9ee9-9c9db95ac1f3 req-6d1e72e1-cd35-4e4c-9ee9-9c9db95ac1f3 ] Request (ListServersNegativeTestJSON:setUpClass): 200 GET http://10.180.1.21/compute/v2.1/servers/14217653-66fb-46a9-89e7-f0f7466f5ecc 0.147s
2025-04-14 15:28:55.868 71507 INFO tempest.lib.common.rest_client [req-d1ff1bdd-4239-4373-a167-6a7d41ac9f85 req-d1ff1bdd-4239-4373-a167-6a7d41ac9f85 ] Request (ServersTestManualDisk:setUpClass): 200 GET http://10.180.1.21/compute/v2.1/servers/c6f39db1-7ccc-44de-860a-45dbe687ace7 0.100s
2025-04-14 15:28:55.901 71469 INFO tempest.lib.common.rest_client [req-72e7532f-09f3-40bd-a5fe-e6ac94af7e2a req-72e7532f-09f3-40bd-a5fe-e6ac94af7e2a ] Request (MigrationsAdminTest:test_list_migrations_in_flavor_resize_situation): 200 GET http://10.180.1.21/compute/v2.1/servers/8ea6b675-6e2f-492b-be9b-0ff5638b9363 0.143s
2025-04-14 15:28:55.987 71525 INFO tempest.lib.common.rest_client [req-37c7c42e-5d75-4928-bab0-0f6272f06bf0 req-37c7c42e-5d75-4928-bab0-0f6272f06bf0 ] Request (ServersAdminNegativeTestJSON:test_migrate_server_invalid_state): 200 GET http://10.180.1.21/compute/v2.1/servers/3ec7288c-867a-43a5-a5a9-e368e1f6d66f 0.169s
2025-04-14 15:28:55.990 71467 INFO tempest.lib.common.rest_client [req-2c1cdcd5-2b71-4b2e-8b43-2dac6a7f42ac req-2c1cdcd5-2b71-4b2e-8b43-2dac6a7f42ac ] Request (ImagesMetadataTestJSON:setUp): 200 PUT http://10.180.1.21/compute/v2.1/images/cb221044-475c-4eb6-aba2-8508f3157ddd/metadata 0.207s
2025-04-14 15:28:55.995 71525 INFO tempest.common.waiters [-] State transition "BUILD/networking" ==> "BUILD/block_device_mapping" after 27 second wait
2025-04-14 15:28:56.035 71485 INFO tempest.lib.common.rest_client [req-c5198c42-65a9-4b84-9f43-d66fef0f017d req-c5198c42-65a9-4b84-9f43-d66fef0f017d ] Request (ImagesOneServerNegativeTestJSON:setUpClass): 200 GET http://10.180.1.21/compute/v2.1/servers/fb1f6225-6c0d-44bf-b26a-e0b1b7dc0168 0.211s
2025-04-14 15:28:56.038 71487 INFO tempest.lib.common.rest_client [req-a09c730d-d804-4fae-a049-748e55b7a050 req-a09c730d-d804-4fae-a049-748e55b7a050 ] Request (ServerDiskConfigTestJSON:test_rebuild_server_with_auto_disk_config): 200 GET http://10.180.1.21/compute/v2.1/servers/bde8b429-14ea-498d-93ac-54eb6f0269da 0.169s
2025-04-14 15:28:56.081 71517 INFO tempest.lib.common.rest_client [req-cd8ac161-3384-4990-b784-a9e44cbce7fb req-cd8ac161-3384-4990-b784-a9e44cbce7fb ] Request (AttachInterfacesTestJSON:test_create_list_show_delete_interfaces_by_fixed_ip): 200 GET http://10.180.1.21/compute/v2.1/servers/5f587671-def8-46da-918b-72029dba52c5 0.198s
2025-04-14 15:28:56.087 71489 INFO tempest.lib.common.rest_client [req-154500a1-d113-4a5c-8a0c-1f0634fe6df4 req-154500a1-d113-4a5c-8a0c-1f0634fe6df4 ] Request (SecurityGroupsTestJSON:test_list_security_groups_by_server): 200 GET http://10.180.1.21/compute/v2.1/servers/c35b7224-4ad6-40a0-aee7-97b8cec436cc 0.150s
2025-04-14 15:28:56.108 71467 INFO tempest.lib.common.rest_client [req-57774505-98e7-46d9-9796-92218cd078a8 req-57774505-98e7-46d9-9796-92218cd078a8 ] Request (ImagesMetadataTestJSON:test_list_image_metadata): 200 GET http://10.180.1.21/compute/v2.1/images/cb221044-475c-4eb6-aba2-8508f3157ddd/metadata 0.117s
2025-04-14 15:28:56.194 71506 INFO tempest.lib.common.rest_client [req-e8429d90-0032-4e0a-9b84-bfe2b8ad034c req-e8429d90-0032-4e0a-9b84-bfe2b8ad034c ] Request (ServerActionsTestOtherB:setUpClass): 200 GET http://10.180.1.21/compute/v2.1/servers/fb97a908-0315-42a4-9194-30d503c7672d 0.140s
2025-04-14 15:28:56.221 71467 INFO tempest.lib.common.rest_client [req-7bd5360f-dfa5-45d6-9d66-67be1f03bfbd req-7bd5360f-dfa5-45d6-9d66-67be1f03bfbd ] Request (ImagesMetadataTestJSON:setUp): 200 PUT http://10.180.1.21/compute/v2.1/images/cb221044-475c-4eb6-aba2-8508f3157ddd/metadata 0.111s
2025-04-14 15:28:56.241 71519 INFO tempest.lib.common.rest_client [req-2916648f-0698-4035-b7f8-283be0fd0392 req-2916648f-0698-4035-b7f8-283be0fd0392 ] Request (AttachVolumeShelveTestJSON:test_attach_volume_shelved_or_offload_server): 200 GET http://10.180.1.21/compute/v2.1/servers/47abd936-95ee-4441-91f3-c1cfbda66bd0 0.130s
2025-04-14 15:28:56.277 71503 INFO tempest.lib.common.rest_client [req-96c07009-64b3-4c84-aae0-15f13edd0cd5 req-96c07009-64b3-4c84-aae0-15f13edd0cd5 ] Request (TenantUsagesTestJSON:tearDownClass): 200 GET http://10.180.1.21/compute/v2.1/servers/9e497a6e-0cdb-41a7-b91c-395e0dfd9cb7 0.148s
2025-04-14 15:28:56.289 71529 INFO tempest.lib.common.rest_client [req-dea745bc-f5ad-45a7-9c62-d559bda04d85 req-dea745bc-f5ad-45a7-9c62-d559bda04d85 ] Request (InstanceActionsTestJSON:setUpClass): 200 GET http://10.180.1.21/compute/v2.1/servers/b7fddd33-fcfa-4e3e-9acd-970b3c690339 0.111s
2025-04-14 15:28:56.322 71483 INFO tempest.lib.common.rest_client [req-916407a8-9b97-463d-a915-7a4eda627dc3 req-916407a8-9b97-463d-a915-7a4eda627dc3 ] Request (ListServerFiltersTestJSON:setUpClass): 200 GET http://10.180.1.21/compute/v2.1/servers/2a237b60-5b6f-42d8-ba67-1cb084f96828 0.141s
2025-04-14 15:28:56.380 71515 INFO tempest.lib.common.rest_client [req-d1e6f4d7-c293-4b9b-b21a-6ae794fdecde req-d1e6f4d7-c293-4b9b-b21a-6ae794fdecde ] Request (FloatingIPsAssociationNegativeTestJSON:tearDownClass): 200 GET http://10.180.1.21/compute/v2.1/servers/2f7c09dd-b4fd-49fb-a1c4-212c1e2333a4 0.120s
2025-04-14 15:28:56.435 71501 INFO tempest.lib.common.rest_client [req-f7bd5a30-60a3-4cea-b990-a8d9612bf0e2 req-f7bd5a30-60a3-4cea-b990-a8d9612bf0e2 ] Request (ServersListShow296Test:test_list_show_update_rebuild_server_296): 200 GET http://10.180.1.21/compute/v2.1/servers/7f73a545-dd6e-491c-9203-1af48d0bcb65 0.151s
2025-04-14 15:28:56.482 71475 INFO tempest.lib.common.rest_client [req-bda276fb-88d5-4d8f-863e-160a4fb60d14 req-bda276fb-88d5-4d8f-863e-160a4fb60d14 ] Request (ImagesTestJSON:test_create_image_from_stopped_server): 200 GET http://10.180.1.21/compute/v2.1/servers/a2840dac-7d14-4d6e-84e7-d74e8ef0db7f 0.148s
2025-04-14 15:28:56.503 71467 INFO tempest.lib.common.rest_client [req-23b89048-48cb-4ea1-93d4-deebadaec5f0 req-23b89048-48cb-4ea1-93d4-deebadaec5f0 ] Request (ImagesMetadataTestJSON:test_set_image_metadata): 200 PUT http://10.180.1.21/compute/v2.1/images/cb221044-475c-4eb6-aba2-8508f3157ddd/metadata 0.280s
2025-04-14 15:28:56.528 71479 INFO tempest.lib.common.rest_client [req-76ebe56b-0943-4bc2-96d0-ce29f02e4362 req-76ebe56b-0943-4bc2-96d0-ce29f02e4362 ] Request (DeleteServersTestJSON:test_delete_active_server): 200 GET http://10.180.1.21/compute/v2.1/servers/4d64ad6e-4afc-4367-87c8-b64523288cae 0.173s
2025-04-14 15:28:56.555 71467 INFO tempest.lib.common.rest_client [req-9176b193-bd43-4058-a0a8-e07fdaf9af53 req-9176b193-bd43-4058-a0a8-e07fdaf9af53 ] Request (ImagesMetadataTestJSON:test_set_image_metadata): 200 GET http://10.180.1.21/compute/v2.1/images/cb221044-475c-4eb6-aba2-8508f3157ddd/metadata 0.051s
2025-04-14 15:28:56.560 71521 INFO tempest.lib.common.rest_client [req-1d2e8e6c-dbc3-4dac-b4c0-bd59583f96e3 req-1d2e8e6c-dbc3-4dac-b4c0-bd59583f96e3 ] Request (ServersAdmin275Test:tearDownClass): 200 GET http://10.180.1.21/compute/v2.1/servers/b68e658a-8a6a-451c-b52d-e1d66d0251d1 0.110s
2025-04-14 15:28:56.745 71477 INFO tempest.lib.common.rest_client [req-a5980645-926e-4a98-bf14-ab8df11031be req-a5980645-926e-4a98-bf14-ab8df11031be ] Request (ServersAdminTestJSON:test_create_server_with_scheduling_hint): 200 GET http://10.180.1.21/compute/v2.1/servers/c7151826-0752-4112-a25b-59e79d482872 0.121s
2025-04-14 15:28:56.766 71467 INFO tempest.lib.common.rest_client [req-908f4231-2848-4808-a20b-20d1b50558bb req-908f4231-2848-4808-a20b-20d1b50558bb ] Request (ImagesMetadataTestJSON:setUp): 200 PUT http://10.180.1.21/compute/v2.1/images/cb221044-475c-4eb6-aba2-8508f3157ddd/metadata 0.209s
2025-04-14 15:28:56.845 71509 INFO tempest.lib.common.rest_client [req-67daa6a4-e2be-449d-ad42-1237ba02ede4 req-67daa6a4-e2be-449d-ad42-1237ba02ede4 ] Request (ServerAddressesNegativeTestJSON:tearDownClass): 200 GET http://10.180.1.21/compute/v2.1/servers/4eca8abb-ea4d-4c45-a1b0-93a15ac24ced 0.104s
2025-04-14 15:28:57.028 71467 INFO tempest.lib.common.rest_client [req-95017d9c-a250-437c-8c35-aad7b1edb089 req-95017d9c-a250-437c-8c35-aad7b1edb089 ] Request (ImagesMetadataTestJSON:test_set_image_metadata_item): 200 PUT http://10.180.1.21/compute/v2.1/images/cb221044-475c-4eb6-aba2-8508f3157ddd/metadata/os_version 0.261s
2025-04-14 15:28:57.064 71497 INFO tempest.lib.common.rest_client [req-f0207dbd-a36a-4e25-82bd-ea07cb9262a4 req-f0207dbd-a36a-4e25-82bd-ea07cb9262a4 ] Request (ServerMetadataTestJSON:tearDownClass): 200 GET http://10.180.1.21/compute/v2.1/servers/a2203e1c-afc0-4155-a4f4-3c1d91aa8939 0.303s
2025-04-14 15:28:57.079 71511 INFO tempest.lib.common.rest_client [req-39a2d5a5-605c-40d0-b046-0823d6483fc8 req-39a2d5a5-605c-40d0-b046-0823d6483fc8 ] Request (ListServersNegativeTestJSON:setUpClass): 200 GET http://10.180.1.21/compute/v2.1/servers/14217653-66fb-46a9-89e7-f0f7466f5ecc 0.287s
2025-04-14 15:28:57.180 71507 INFO tempest.lib.common.rest_client [req-aa2691e7-214e-435a-82ca-fb65ee61992c req-aa2691e7-214e-435a-82ca-fb65ee61992c ] Request (ServersTestManualDisk:setUpClass): 200 GET http://10.180.1.21/compute/v2.1/servers/c6f39db1-7ccc-44de-860a-45dbe687ace7 0.304s
2025-04-14 15:28:57.238 71523 WARNING tempest.lib.common.ssh [-] Failed to establish authenticated ssh connection to cirros@10.180.180.132 ([Errno None] Unable to connect to port 22 on 10.180.180.132). Number attempts: 2. Retry after 3 seconds.: paramiko.ssh_exception.NoValidConnectionsError: [Errno None] Unable to connect to port 22 on 10.180.180.132
2025-04-14 15:28:57.323 71525 INFO tempest.lib.common.rest_client [req-ce00771d-33e3-4c31-a401-877e48cd4842 req-ce00771d-33e3-4c31-a401-877e48cd4842 ] Request (ServersAdminNegativeTestJSON:test_migrate_server_invalid_state): 200 GET http://10.180.1.21/compute/v2.1/servers/3ec7288c-867a-43a5-a5a9-e368e1f6d66f 0.327s
2025-04-14 15:28:57.330 71525 INFO tempest.common.waiters [-] State transition "BUILD/block_device_mapping" ==> "BUILD/spawning" after 29 second wait
2025-04-14 15:28:57.362 71467 INFO tempest.lib.common.rest_client [req-adc31cd1-584b-4d7b-b608-fe7df2c6f494 req-adc31cd1-584b-4d7b-b608-fe7df2c6f494 ] Request (ImagesMetadataTestJSON:test_set_image_metadata_item): 200 GET http://10.180.1.21/compute/v2.1/images/cb221044-475c-4eb6-aba2-8508f3157ddd/metadata 0.333s
2025-04-14 15:28:57.431 71485 INFO tempest.lib.common.rest_client [req-ac12999d-52e2-4fb3-9a52-75f12d590dd2 req-ac12999d-52e2-4fb3-9a52-75f12d590dd2 ] Request (ImagesOneServerNegativeTestJSON:setUpClass): 200 GET http://10.180.1.21/compute/v2.1/servers/fb1f6225-6c0d-44bf-b26a-e0b1b7dc0168 0.387s
2025-04-14 15:28:57.439 71469 INFO tempest.lib.common.rest_client [req-f916f8cd-26ee-46f3-aa51-dc0a88337e1d req-f916f8cd-26ee-46f3-aa51-dc0a88337e1d ] Request (MigrationsAdminTest:test_list_migrations_in_flavor_resize_situation): 200 GET http://10.180.1.21/compute/v2.1/servers/8ea6b675-6e2f-492b-be9b-0ff5638b9363 0.530s
2025-04-14 15:28:57.487 71487 INFO tempest.lib.common.rest_client [req-929e720f-2c85-4dc0-8789-c17d1f6aa5b2 req-929e720f-2c85-4dc0-8789-c17d1f6aa5b2 ] Request (ServerDiskConfigTestJSON:test_rebuild_server_with_auto_disk_config): 200 GET http://10.180.1.21/compute/v2.1/servers/bde8b429-14ea-498d-93ac-54eb6f0269da 0.441s
2025-04-14 15:28:57.537 71517 INFO tempest.lib.common.rest_client [req-ab6984eb-fa0f-4db8-930f-3029916ff5b2 req-ab6984eb-fa0f-4db8-930f-3029916ff5b2 ] Request (AttachInterfacesTestJSON:test_create_list_show_delete_interfaces_by_fixed_ip): 200 GET http://10.180.1.21/compute/v2.1/servers/5f587671-def8-46da-918b-72029dba52c5 0.447s
2025-04-14 15:28:57.583 71489 INFO tempest.lib.common.rest_client [req-4ce2c993-453b-4075-9bda-02bba55a9f94 req-4ce2c993-453b-4075-9bda-02bba55a9f94 ] Request (SecurityGroupsTestJSON:test_list_security_groups_by_server): 200 GET http://10.180.1.21/compute/v2.1/servers/c35b7224-4ad6-40a0-aee7-97b8cec436cc 0.487s
2025-04-14 15:28:57.761 71506 INFO tempest.lib.common.rest_client [req-8243259d-7f0b-46cd-b88b-bdc4e403e7e0 req-8243259d-7f0b-46cd-b88b-bdc4e403e7e0 ] Request (ServerActionsTestOtherB:setUpClass): 200 GET http://10.180.1.21/compute/v2.1/servers/fb97a908-0315-42a4-9194-30d503c7672d 0.560s
2025-04-14 15:28:57.820 71519 INFO tempest.lib.common.rest_client [req-c78ffbac-11aa-4ac2-8611-7240fe18dff0 req-c78ffbac-11aa-4ac2-8611-7240fe18dff0 ] Request (AttachVolumeShelveTestJSON:test_attach_volume_shelved_or_offload_server): 200 GET http://10.180.1.21/compute/v2.1/servers/47abd936-95ee-4441-91f3-c1cfbda66bd0 0.568s
2025-04-14 15:28:57.901 71503 INFO tempest.lib.common.rest_client [req-d89b292a-cf74-4171-a34c-b0e5e7f4bcd1 req-d89b292a-cf74-4171-a34c-b0e5e7f4bcd1 ] Request (TenantUsagesTestJSON:tearDownClass): 200 GET http://10.180.1.21/compute/v2.1/servers/9e497a6e-0cdb-41a7-b91c-395e0dfd9cb7 0.616s
2025-04-14 15:28:57.950 71529 INFO tempest.lib.common.rest_client [req-5972f156-f4c1-4a59-927f-6f199272a23c req-5972f156-f4c1-4a59-927f-6f199272a23c ] Request (InstanceActionsTestJSON:setUpClass): 200 GET http://10.180.1.21/compute/v2.1/servers/b7fddd33-fcfa-4e3e-9acd-970b3c690339 0.654s
2025-04-14 15:28:57.967 71491 INFO tempest.lib.common.rest_client [req-d7a947db-fd55-4724-a84b-a00a946014a7 req-d7a947db-fd55-4724-a84b-a00a946014a7 ] Request (ServerDiagnosticsV248Test:test_get_server_diagnostics): 200 GET http://10.180.1.21/compute/v2.1/servers/d166e1e4-2b45-49c4-87b0-6d0e63f33a21/diagnostics 0.891s
2025-04-14 15:28:57.995 71483 INFO tempest.lib.common.rest_client [req-276059af-7273-4b40-a12e-24b1b621f72c req-276059af-7273-4b40-a12e-24b1b621f72c ] Request (ListServerFiltersTestJSON:setUpClass): 200 GET http://10.180.1.21/compute/v2.1/servers/2a237b60-5b6f-42d8-ba67-1cb084f96828 0.665s
2025-04-14 15:28:58.045 71515 INFO tempest.lib.common.rest_client [req-617071a4-e272-4aa9-9623-2f09612ae7af req-617071a4-e272-4aa9-9623-2f09612ae7af ] Request (FloatingIPsAssociationNegativeTestJSON:tearDownClass): 200 GET http://10.180.1.21/compute/v2.1/servers/2f7c09dd-b4fd-49fb-a1c4-212c1e2333a4 0.658s
