2025-04-15 06:06:15.817 69268 INFO tempest.lib.common.rest_client [req-a957c0b7-5996-4d87-a63f-305c20176b3a req-a957c0b7-5996-4d87-a63f-305c20176b3a ] Request (ImagesTestJSON:test_create_image_from_stopped_server): 202 POST http://10.180.1.21/compute/v2.1/servers 3.149s
2025-04-15 06:06:15.844 69260 INFO tempest.lib.common.rest_client [req-9a1179d1-1639-496a-a034-f0158614534f req-9a1179d1-1639-496a-a034-f0158614534f ] Request (VolumesAdminNegativeTest:setUpClass): 201 POST http://10.180.1.21/identity/v3/auth/tokens 0.142s
2025-04-15 06:06:15.907 69260 INFO tempest.lib.common.rest_client [req-c7ae7675-2f00-45a9-996a-c857e14ebd99 req-c7ae7675-2f00-45a9-996a-c857e14ebd99 ] Request (VolumesAdminNegativeTest:setUpClass): 201 POST http://10.180.1.21/identity/v3/projects 0.062s
2025-04-15 06:06:15.909 69246 INFO tempest.lib.common.rest_client [req-98e9e26b-5d9f-43c5-b739-fe419af77543 req-98e9e26b-5d9f-43c5-b739-fe419af77543 ] Request (ServerDiagnosticsV248Test:tearDownClass): 204 DELETE http://10.180.1.21/identity/v3/users/0d094edff6b84921af1fad62d1d1f656 0.170s
2025-04-15 06:06:15.909 69246 INFO tempest.lib.common.dynamic_creds [-] Deleting project and security group for project: ef3afa40b89b450caa5a21dcb80b95a8
2025-04-15 06:06:15.967 69256 INFO tempest.lib.common.rest_client [req-72f698a5-c754-435a-922c-11284e45e1cf req-72f698a5-c754-435a-922c-11284e45e1cf ] Request (ServerRescueTestJSON:setUpClass): 200 GET http://10.180.1.21/compute/v2.1/servers/5b2a39da-1d95-4b2d-ab0e-8440f4544ef5 2.522s
2025-04-15 06:06:15.970 69246 INFO tempest.lib.common.rest_client [req-5b35a9b3-785f-4f3b-80c2-27d6089fb044 req-5b35a9b3-785f-4f3b-80c2-27d6089fb044 ] Request (ServerDiagnosticsV248Test:tearDownClass): 201 POST http://10.180.1.21/identity/v3/auth/tokens 0.061s
2025-04-15 06:06:15.982 69258 INFO tempest.lib.common.rest_client [req-0e0f6ed1-0f06-44ed-8a5d-4486dfc04526 req-0e0f6ed1-0f06-44ed-8a5d-4486dfc04526 ] Request (ServerDiagnosticsTest:test_get_server_diagnostics): 200 GET http://10.180.1.21/compute/v2.1/servers/0ea7c687-a9a6-4531-b9a9-4cf3e74940bf 2.628s
2025-04-15 06:06:15.999 69260 INFO tempest.lib.common.rest_client [req-9c3259a1-1479-4249-8ebd-2f598e50e6ce req-9c3259a1-1479-4249-8ebd-2f598e50e6ce ] Request (VolumesAdminNegativeTest:setUpClass): 201 POST http://10.180.1.21/identity/v3/users 0.091s
2025-04-15 06:06:16.027 69260 INFO tempest.lib.common.rest_client [req-757aa35f-b6dd-4ca0-a55e-e51cffef5f43 req-757aa35f-b6dd-4ca0-a55e-e51cffef5f43 ] Request (VolumesAdminNegativeTest:setUpClass): 200 GET http://10.180.1.21/identity/v3/roles 0.027s
2025-04-15 06:06:16.056 69252 INFO tempest.lib.common.rest_client [req-df967479-f1df-4ab8-9e7c-17fa680533b9 req-df967479-f1df-4ab8-9e7c-17fa680533b9 ] Request (ServerExternalEventsTest:test_create_server_external_events): 200 GET http://10.180.1.21/compute/v2.1/servers/7dbca935-17b3-4a4b-ae3e-558bc802f9b1 2.253s
2025-04-15 06:06:16.062 69244 INFO tempest.lib.common.rest_client [req-1bfe2f59-ab4a-4ecc-af72-980e40fa996d req-1bfe2f59-ab4a-4ecc-af72-980e40fa996d ] Request (SecurityGroupRulesNegativeTestJSON:test_create_security_group_rule_with_invalid_id): 400 POST http://10.180.1.21/compute/v2.1/os-security-group-rules 2.112s
2025-04-15 06:06:16.076 69260 INFO tempest.lib.common.rest_client [req-1937d46d-41c7-4d75-ba0f-5992605f837f req-1937d46d-41c7-4d75-ba0f-5992605f837f ] Request (VolumesAdminNegativeTest:setUpClass): 204 PUT http://10.180.1.21/identity/v3/projects/808068e445634af39575aa72190d72d2/users/03ca8b06ce5e4bddbdfa588d428076a0/roles/c37a9edc9e2a4095b1e0339b3de91c4b 0.048s
2025-04-15 06:06:16.132 69260 INFO tempest.lib.common.rest_client [req-7e63f103-fb75-4d17-984f-8ce6bb83f999 req-7e63f103-fb75-4d17-984f-8ce6bb83f999 ] Request (VolumesAdminNegativeTest:setUpClass): 200 GET http://10.180.1.21/identity/v3/roles 0.055s
2025-04-15 06:06:16.163 69260 INFO tempest.lib.common.rest_client [req-bfb3e176-1d23-49b5-bce3-1285e8b8fe72 req-bfb3e176-1d23-49b5-bce3-1285e8b8fe72 ] Request (VolumesAdminNegativeTest:setUpClass): 204 PUT http://10.180.1.21/identity/v3/projects/808068e445634af39575aa72190d72d2/users/03ca8b06ce5e4bddbdfa588d428076a0/roles/c37a9edc9e2a4095b1e0339b3de91c4b 0.030s
2025-04-15 06:06:16.163 69260 INFO tempest.lib.common.dynamic_creds [-] Dynamic test user 03ca8b06ce5e4bddbdfa588d428076a0 is created with scope project and roles: ['admin']
2025-04-15 06:06:16.163 69260 INFO tempest.lib.common.dynamic_creds [-] Acquired dynamic creds: credentials: Credentials: {'domain_id': 'default', 'domain_name': 'Default', 'username': 'tempest-VolumesAdminNegativeTest-1853086816-project-admin', 'project_domain_id': 'default', 'project_domain_name': 'Default', 'project_id': '808068e445634af39575aa72190d72d2', 'project_name': 'tempest-VolumesAdminNegativeTest-1853086816', 'tenant_id': '808068e445634af39575aa72190d72d2', 'tenant_name': 'tempest-VolumesAdminNegativeTest-1853086816', 'user_domain_id': 'default', 'user_domain_name': 'Default', 'user_id': '03ca8b06ce5e4bddbdfa588d428076a0', 'system': None}, Network: None, Subnet: None, Router: None
2025-04-15 06:06:16.181 69250 INFO tempest.lib.common.rest_client [req-3453d3a3-a065-4477-86cb-7e682e511d6d req-3453d3a3-a065-4477-86cb-7e682e511d6d ] Request (ServersV294TestFqdnHostnames:setUpClass): 201 POST http://10.180.1.21:9696/networking/v2.0/subnets 0.518s
2025-04-15 06:06:16.249 69298 INFO tempest.lib.common.rest_client [req-593e2d4f-0949-43f2-9020-181b21026172 req-593e2d4f-0949-43f2-9020-181b21026172 ] Request (ServersTestJSON:setUpClass): 200 GET http://10.180.1.21/compute/v2.1/servers/617f46a1-ca50-4561-9d0f-a596e35bf26d 2.663s
2025-04-15 06:06:16.252 69276 INFO tempest.lib.common.rest_client [req-fd5ff34e-fd69-4497-b52e-82066af10091 req-fd5ff34e-fd69-4497-b52e-82066af10091 ] Request (SecurityGroupRulesTestJSON:tearDownClass): 204 DELETE http://10.180.1.21:9696/networking/v2.0/routers/db6d0848-de09-493d-9aba-cf9976312d2a 1.097s
2025-04-15 06:06:16.300 69246 INFO tempest.lib.common.rest_client [req-0d2f01f3-57cb-48ff-941f-9dd49c2c65fa req-0d2f01f3-57cb-48ff-941f-9dd49c2c65fa ] Request (ServerDiagnosticsV248Test:tearDownClass): 200 GET http://10.180.1.21:9696/networking/v2.0/security-groups?tenant_id=ef3afa40b89b450caa5a21dcb80b95a8&name=default 0.329s
2025-04-15 06:06:16.315 69292 INFO tempest.lib.common.rest_client [req-c347b01a-f13c-48d7-a4fc-7563fcc8d777 req-c347b01a-f13c-48d7-a4fc-7563fcc8d777 ] Request (FloatingIPsAssociationNegativeTestJSON:setUpClass): 200 GET http://10.180.1.21/compute/v2.1/servers/e8b202bc-fb75-4cd6-9b12-5c37e0ca06fa 2.053s
2025-04-15 06:06:16.561 69254 INFO tempest.lib.common.rest_client [req-0dae8c01-b821-48ed-872e-2d279874927e req-0dae8c01-b821-48ed-872e-2d279874927e ] Request (ServerShowV247Test:test_show_server): 200 GET http://10.180.1.21/compute/v2.1/servers/f37297e4-80b0-4c1d-b427-6a6a235bdc57 2.064s
2025-04-15 06:06:16.581 69288 INFO tempest.lib.common.rest_client [req-a1bd9174-9d55-41bf-bd5f-d3f30769c18b req-a1bd9174-9d55-41bf-bd5f-d3f30769c18b ] Request (FlavorsAdminTestJSON:test_is_public_string_variations): 200 GET http://10.180.1.21/compute/v2.1/flavors/detail?is_public=0 1.815s
2025-04-15 06:06:16.602 69290 INFO tempest.lib.common.rest_client [req-dcb69d95-761e-45b1-8eba-a6d6798b0800 req-dcb69d95-761e-45b1-8eba-a6d6798b0800 ] Request (MigrationsAdminTest:test_list_migrations_in_flavor_resize_situation): 200 GET http://10.180.1.21/compute/v2.1/servers/4da35ed9-8646-45b8-b66f-715195a405a6 1.872s
2025-04-15 06:06:16.611 69246 INFO tempest.lib.common.rest_client [req-db378d04-34f2-46ad-a95a-f9f8909296a8 req-db378d04-34f2-46ad-a95a-f9f8909296a8 ] Request (ServerDiagnosticsV248Test:tearDownClass): 204 DELETE http://10.180.1.21:9696/networking/v2.0/security-groups/db3fb40c-376c-4977-a269-d203422b3c0e 0.311s
2025-04-15 06:06:16.655 69254 INFO tempest.lib.common.rest_client [req-b8e299d3-38fc-431b-b5a0-6e242c5593ca req-b8e299d3-38fc-431b-b5a0-6e242c5593ca ] Request (ServerShowV247Test:test_update_rebuild_list_server): 201 POST http://10.180.1.21/identity/v3/auth/tokens 0.081s
2025-04-15 06:06:16.656 69254 INFO tempest.lib.common.fixed_network [-] (ServerShowV247Test:test_update_rebuild_list_server) Found network None available for tenant
2025-04-15 06:06:16.674 69300 INFO tempest.lib.common.rest_client [req-945f149a-6c99-4347-aeb4-2c6e065abf46 req-945f149a-6c99-4347-aeb4-2c6e065abf46 ] Request (ServerAddressesTestJSON:setUpClass): 200 GET http://10.180.1.21/compute/v2.1/servers/cd99acb8-f78c-4c03-8c2e-2e9d50d18969 1.854s
2025-04-15 06:06:16.702 69272 INFO tempest.lib.common.rest_client [req-a6ad4054-773b-4d53-a649-2fc13c2f05de req-a6ad4054-773b-4d53-a649-2fc13c2f05de ] Request (ServerActionsV293TestJSON:setUpClass): 200 GET http://10.180.1.21/volume/v3/09f90d18a8e74814a62c93e07c3a30f4/volumes/196bddfd-5a67-4f03-b6fe-b64719f544df 0.040s
2025-04-15 06:06:16.722 69260 INFO tempest.lib.common.rest_client [req-6a23b30f-a5ce-4bf2-a5d0-53df58538d11 req-6a23b30f-a5ce-4bf2-a5d0-53df58538d11 ] Request (VolumesAdminNegativeTest:setUpClass): 201 POST http://10.180.1.21:9696/networking/v2.0/networks 0.558s
2025-04-15 06:06:16.727 69246 INFO tempest.lib.common.rest_client [req-b5fffe3b-fb52-4c2c-91c1-ccf320b021e6 req-b5fffe3b-fb52-4c2c-91c1-ccf320b021e6 ] Request (ServerDiagnosticsV248Test:tearDownClass): 204 DELETE http://10.180.1.21/identity/v3/projects/ef3afa40b89b450caa5a21dcb80b95a8 0.115s
2025-04-15 06:06:16.727 69246 INFO tempest.lib.common.dynamic_creds [-] Deleting project and security group for project: 07e6f01be2014fb4a5099015213937a6
2025-04-15 06:06:16.773 69302 INFO tempest.lib.common.rest_client [req-b08a943b-4be6-4184-b7bf-1acabd1ef734 req-b08a943b-4be6-4184-b7bf-1acabd1ef734 ] Request (AggregatesAdminNegativeTestJSON:_run_cleanups): 200 POST http://10.180.1.21/compute/v2.1/os-aggregates/7/action 1.814s
2025-04-15 06:06:16.812 69286 INFO tempest.lib.common.rest_client [req-ebf0a753-d0cd-4a33-a3cc-1996386b4e7a req-ebf0a753-d0cd-4a33-a3cc-1996386b4e7a ] Request (ServersAdminNegativeTestJSON:setUpClass): 200 GET http://10.180.1.21/compute/v2.1/servers/ed73ed7d-e299-472a-805c-32bf83e96f8d 2.006s
2025-04-15 06:06:16.862 69270 INFO tempest.lib.common.rest_client [req-5e44d7cb-743e-437f-9341-beb3e3a97a0b req-5e44d7cb-743e-437f-9341-beb3e3a97a0b ] Request (InstanceActionsV221TestJSON:test_get_list_deleted_instance_actions): 200 GET http://10.180.1.21/compute/v2.1/servers/888fb47f-5f48-415c-9289-61b9c42523e5 1.814s
2025-04-15 06:06:16.885 69246 INFO tempest.lib.common.rest_client [req-cdc034e9-b40f-4a56-8d44-f9b73041f43a req-cdc034e9-b40f-4a56-8d44-f9b73041f43a ] Request (ServerDiagnosticsV248Test:tearDownClass): 200 GET http://10.180.1.21:9696/networking/v2.0/security-groups?tenant_id=07e6f01be2014fb4a5099015213937a6&name=default 0.156s
2025-04-15 06:06:16.887 69276 INFO tempest.lib.common.rest_client [req-dae8fd9a-e66e-4e91-abec-1d9f6a58d546 req-dae8fd9a-e66e-4e91-abec-1d9f6a58d546 ] Request (SecurityGroupRulesTestJSON:tearDownClass): 204 DELETE http://10.180.1.21:9696/networking/v2.0/subnets/eb115029-9a89-413a-adbd-281b61f58b01 0.634s
2025-04-15 06:06:17.023 69304 INFO tempest.lib.common.rest_client [req-4a2d3da5-52cb-4857-ad33-6ecbd2ce5349 req-4a2d3da5-52cb-4857-ad33-6ecbd2ce5349 ] Request (AttachInterfacesTestJSON:setUpClass): 200 PUT http://10.180.1.21:9696/networking/v2.0/routers/99a402a4-5abe-448c-a441-2ee461ab9fac/add_router_interface 2.553s
2025-04-15 06:06:17.023 69304 INFO tempest.lib.common.dynamic_creds [-] Created isolated network resources for: credentials: Credentials: {'domain_id': 'default', 'domain_name': 'Default', 'username': 'tempest-AttachInterfacesTestJSON-1409797562-project-member', 'project_domain_id': 'default', 'project_domain_name': 'Default', 'project_id': '722d3fee2ed441a798e10ac2f905df25', 'project_name': 'tempest-AttachInterfacesTestJSON-1409797562', 'tenant_id': '722d3fee2ed441a798e10ac2f905df25', 'tenant_name': 'tempest-AttachInterfacesTestJSON-1409797562', 'user_domain_id': 'default', 'user_domain_name': 'Default', 'user_id': '77c1300744bb43e8a66aaa4d9c96310b', 'system': None}, Network: {'id': 'f22cadb9-32a6-4c38-a3b4-061e25205774', 'name': 'tempest-AttachInterfacesTestJSON-1032554889-network', 'tenant_id': '722d3fee2ed441a798e10ac2f905df25', 'admin_state_up': True, 'mtu': 8950, 'status': 'ACTIVE', 'subnets': [], 'shared': False, 'project_id': '722d3fee2ed441a798e10ac2f905df25', 'port_security_enabled': True, 'router:external': False, 'provider:network_type': 'vlan', 'provider:physical_network': 'default', 'provider:segmentation_id': 486, 'is_default': False, 'availability_zone_hints': [], 'availability_zones': [], 'ipv4_address_scope': None, 'ipv6_address_scope': None, 'description': '', 'tags': [], 'created_at': '2025-04-15T06:06:10Z', 'updated_at': '2025-04-15T06:06:10Z', 'revision_number': 1}, Subnet: {'id': '43de18dc-d51d-4df2-bd31-d971c861bf83', 'name': 'tempest-AttachInterfacesTestJSON-1032554889-subnet', 'tenant_id': '722d3fee2ed441a798e10ac2f905df25', 'network_id': 'f22cadb9-32a6-4c38-a3b4-061e25205774', 'ip_version': 4, 'subnetpool_id': None, 'enable_dhcp': True, 'ipv6_ra_mode': None, 'ipv6_address_mode': None, 'gateway_ip': '192.168.128.1', 'cidr': '192.168.128.0/28', 'allocation_pools': [{'start': '192.168.128.2', 'end': '192.168.128.14'}], 'host_routes': [], 'dns_nameservers': [], 'description': '', 'service_types': [], 'tags': [], 'created_at': '2025-04-15T06:06:10Z', 'updated_at': '2025-04-15T06:06:10Z', 'revision_number': 0, 'project_id': '722d3fee2ed441a798e10ac2f905df25'}, Router: {'id': '99a402a4-5abe-448c-a441-2ee461ab9fac', 'name': 'tempest-AttachInterfacesTestJSON-1032554889-router', 'tenant_id': '722d3fee2ed441a798e10ac2f905df25', 'admin_state_up': True, 'status': 'ACTIVE', 'external_gateway_info': {'network_id': 'b9130e8d-dddf-4308-a671-63c68413dde6', 'external_fixed_ips': [{'subnet_id': '0a44a646-86e2-4f6c-8cfd-d9e097fdf6f7', 'ip_address': '10.180.180.157'}], 'enable_snat': True}, 'description': '', 'availability_zones': [], 'distributed': False, 'ha': False, 'availability_zone_hints': [], 'routes': [], 'flavor_id': None, 'tags': [], 'created_at': '2025-04-15T06:06:11Z', 'updated_at': '2025-04-15T06:06:13Z', 'revision_number': 2, 'project_id': '722d3fee2ed441a798e10ac2f905df25'}
2025-04-15 06:06:17.042 69264 INFO tempest.lib.common.rest_client [req-aef0d03c-e246-4ed6-a08c-bbd1c5955cf3 req-aef0d03c-e246-4ed6-a08c-bbd1c5955cf3 ] Request (ServerDiagnosticsNegativeTest:test_get_server_diagnostics_by_non_admin): 200 GET http://10.180.1.21/compute/v2.1/servers/4ebb69a3-c8c3-40cd-9e76-ed5249d61fb9 1.687s
2025-04-15 06:06:17.055 69246 INFO tempest.lib.common.rest_client [req-558d3867-e87b-46f6-a527-a54e95fdf5ae req-558d3867-e87b-46f6-a527-a54e95fdf5ae ] Request (ServerDiagnosticsV248Test:tearDownClass): 204 DELETE http://10.180.1.21:9696/networking/v2.0/security-groups/5d2bc4fe-d97e-4d48-877c-43b8b9e46eec 0.170s
2025-04-15 06:06:17.066 69248 INFO tempest.lib.common.rest_client [req-65fcdafc-c61c-438e-90ed-21f4f06683d6 req-65fcdafc-c61c-438e-90ed-21f4f06683d6 ] Request (FlavorMetadataValidation:_run_cleanups): 200 GET http://10.180.1.21/compute/v2.1/flavors/detail 1.397s
2025-04-15 06:06:17.117 69304 INFO tempest.lib.common.rest_client [req-a8c17bd6-54d0-4da0-857a-8047422be2be req-a8c17bd6-54d0-4da0-857a-8047422be2be ] Request (AttachInterfacesTestJSON:setUpClass): 201 POST http://10.180.1.21/identity/v3/auth/tokens 0.089s
2025-04-15 06:06:17.180 69246 INFO tempest.lib.common.rest_client [req-f5210a45-6f93-42a1-bf26-918947be199d req-f5210a45-6f93-42a1-bf26-918947be199d ] Request (ServerDiagnosticsV248Test:tearDownClass): 204 DELETE http://10.180.1.21/identity/v3/projects/07e6f01be2014fb4a5099015213937a6 0.124s
2025-04-15 06:06:17.188 69248 INFO tempest.lib.common.rest_client [req-78094b80-fd9b-4b2a-b18a-fa59ac30c064 req-78094b80-fd9b-4b2a-b18a-fa59ac30c064 ] Request (FlavorMetadataValidation:tearDownClass): 204 DELETE http://10.180.1.21/identity/v3/users/90c2620722954e948a1e557ef0587d32 0.112s
2025-04-15 06:06:17.212 69282 INFO tempest.lib.common.rest_client [req-17895200-d96f-404f-86d5-b97cf0b1ea9d req-17895200-d96f-404f-86d5-b97cf0b1ea9d ] Request (ImagesOneServerNegativeTestJSON:setUpClass): 200 GET http://10.180.1.21/compute/v2.1/servers/5c7f0f7a-d4dc-43e0-b08e-9ab883ef7a8a 2.015s
2025-04-15 06:06:17.234 69284 INFO tempest.lib.common.rest_client [req-0c07eac1-9ab8-412d-8d05-228c9be79813 req-0c07eac1-9ab8-412d-8d05-228c9be79813 ] Request (VolumesAssistedSnapshotsTest:test_volume_assisted_snapshot_create_delete): 200 GET http://10.180.1.21/compute/v2.1/servers/81b4b5ea-2bfa-4521-99f4-5ee0673afbc0 1.476s
2025-04-15 06:06:17.256 69246 INFO tempest.lib.common.rest_client [req-55302403-4a31-43c2-bd67-2b165907d4c7 req-55302403-4a31-43c2-bd67-2b165907d4c7 ] Request (FloatingIPDetailsNegativeTestJSON:setUpClass): 201 POST http://10.180.1.21/identity/v3/auth/tokens 0.074s
2025-04-15 06:06:17.286 69268 INFO tempest.lib.common.rest_client [req-87aac54b-74fa-4cc3-bf9e-a2fa3d89d2af req-87aac54b-74fa-4cc3-bf9e-a2fa3d89d2af ] Request (ImagesTestJSON:test_create_image_from_stopped_server): 200 GET http://10.180.1.21/compute/v2.1/servers/8370a744-2602-410e-a509-e8487810e266 1.467s
2025-04-15 06:06:17.304 69248 INFO tempest.lib.common.rest_client [req-c914edcd-fdbd-494d-b48b-6a7b11f05058 req-c914edcd-fdbd-494d-b48b-6a7b11f05058 ] Request (FlavorMetadataValidation:tearDownClass): 204 DELETE http://10.180.1.21/identity/v3/users/9d7a526c8443488fb4971d5f335357c3 0.115s
2025-04-15 06:06:17.304 69306 INFO tempest.lib.common.rest_client [req-ebe01651-51b1-4816-b355-a37b3cf27aea req-ebe01651-51b1-4816-b355-a37b3cf27aea ] Request (ServersTestManualDisk:setUpClass): 200 GET http://10.180.1.21/compute/v2.1/servers/323acb55-859a-4545-a046-1934cf98be6d 1.441s
2025-04-15 06:06:17.304 69248 INFO tempest.lib.common.dynamic_creds [-] Deleting project and security group for project: 815cc2bff5c142c1a51c2760e8268aef
2025-04-15 06:06:17.326 69246 INFO tempest.lib.common.rest_client [req-39c04a0a-4ed7-47f3-a5c5-e0a7ac0360f4 req-39c04a0a-4ed7-47f3-a5c5-e0a7ac0360f4 ] Request (FloatingIPDetailsNegativeTestJSON:setUpClass): 201 POST http://10.180.1.21/identity/v3/auth/tokens 0.067s
2025-04-15 06:06:17.328 69260 INFO tempest.lib.common.rest_client [req-db3e93d0-48d1-479e-a689-2b05b551b7e1 req-db3e93d0-48d1-479e-a689-2b05b551b7e1 ] Request (VolumesAdminNegativeTest:setUpClass): 201 POST http://10.180.1.21:9696/networking/v2.0/subnets 0.605s
2025-04-15 06:06:17.372 69266 INFO tempest.lib.common.rest_client [req-2978cc37-7249-4ddc-baed-fa8406fcf460 req-2978cc37-7249-4ddc-baed-fa8406fcf460 ] Request (ServersAdmin275Test:test_rebuild_update_server_275): 200 GET http://10.180.1.21/compute/v2.1/servers/329835df-cb38-495e-8a0e-539a396ddc74 1.310s
2025-04-15 06:06:17.372 69248 INFO tempest.lib.common.rest_client [req-920bc2e2-9083-41fc-8730-75beb1bb2582 req-920bc2e2-9083-41fc-8730-75beb1bb2582 ] Request (FlavorMetadataValidation:tearDownClass): 201 POST http://10.180.1.21/identity/v3/auth/tokens 0.067s
2025-04-15 06:06:17.385 69246 INFO tempest.lib.common.rest_client [req-fd366468-0b8b-465c-83fb-7992d898259c req-fd366468-0b8b-465c-83fb-7992d898259c ] Request (FloatingIPDetailsNegativeTestJSON:setUpClass): 200 GET http://10.180.1.21/identity/v3/domains?name=Default 0.058s
2025-04-15 06:06:17.417 69246 INFO tempest.lib.common.rest_client [req-8dbfc6d9-deb2-437a-b36e-cac66667decc req-8dbfc6d9-deb2-437a-b36e-cac66667decc ] Request (FloatingIPDetailsNegativeTestJSON:setUpClass): 201 POST http://10.180.1.21/identity/v3/projects 0.031s
2025-04-15 06:06:17.489 69246 INFO tempest.lib.common.rest_client [req-354b5c85-aebd-4f0d-a6c1-f28eccf69736 req-354b5c85-aebd-4f0d-a6c1-f28eccf69736 ] Request (FloatingIPDetailsNegativeTestJSON:setUpClass): 201 POST http://10.180.1.21/identity/v3/users 0.070s
2025-04-15 06:06:17.516 69246 INFO tempest.lib.common.rest_client [req-4d2b3bb4-7440-454c-8a95-fe735bfea8ab req-4d2b3bb4-7440-454c-8a95-fe735bfea8ab ] Request (FloatingIPDetailsNegativeTestJSON:setUpClass): 200 GET http://10.180.1.21/identity/v3/roles 0.026s
2025-04-15 06:06:17.557 69246 INFO tempest.lib.common.rest_client [req-3f03f503-f231-47bd-adf0-5765ef66a5d3 req-3f03f503-f231-47bd-adf0-5765ef66a5d3 ] Request (FloatingIPDetailsNegativeTestJSON:setUpClass): 204 PUT http://10.180.1.21/identity/v3/projects/de499ae7924f4c18bffd120f1236c4ed/users/3a5f14b2659744cd95628330262dfd2c/roles/e1e77b97fcad421fb280e7ef8d255a57 0.040s
2025-04-15 06:06:17.557 69246 INFO tempest.lib.common.dynamic_creds [-] Dynamic test user 3a5f14b2659744cd95628330262dfd2c is created with scope project and roles: ['member']
2025-04-15 06:06:17.557 69246 INFO tempest.lib.common.dynamic_creds [-] Acquired dynamic creds: credentials: Credentials: {'domain_id': 'default', 'domain_name': 'Default', 'username': 'tempest-FloatingIPDetailsNegativeTestJSON-523286189-project-member', 'project_domain_id': 'default', 'project_domain_name': 'Default', 'project_id': 'de499ae7924f4c18bffd120f1236c4ed', 'project_name': 'tempest-FloatingIPDetailsNegativeTestJSON-523286189', 'tenant_id': 'de499ae7924f4c18bffd120f1236c4ed', 'tenant_name': 'tempest-FloatingIPDetailsNegativeTestJSON-523286189', 'user_domain_id': 'default', 'user_domain_name': 'Default', 'user_id': '3a5f14b2659744cd95628330262dfd2c', 'system': None}, Network: None, Subnet: None, Router: None
2025-04-15 06:06:17.621 69246 INFO tempest.lib.common.rest_client [req-d62ed2b7-10a5-46ef-8352-5ea4c447b177 req-d62ed2b7-10a5-46ef-8352-5ea4c447b177 ] Request (FloatingIPDetailsNegativeTestJSON:setUpClass): 201 POST http://10.180.1.21/identity/v3/auth/tokens 0.063s
2025-04-15 06:06:17.638 69278 INFO tempest.lib.common.rest_client [req-72b0124b-9774-4010-bdaa-a6c727ae2106 req-72b0124b-9774-4010-bdaa-a6c727ae2106 ] Request (ServersWithSpecificFlavorTestJSON:test_verify_created_server_ephemeral_disk): 200 GET http://10.180.1.21/compute/v2.1/servers/25b453f5-0b24-4c97-9a2d-6466e1489d07 1.677s
2025-04-15 06:06:17.720 69296 INFO tempest.lib.common.rest_client [req-5a073e66-c7b6-42c9-9d9c-c164c0852fc5 req-5a073e66-c7b6-42c9-9d9c-c164c0852fc5 ] Request (ServersTestMultiNic:test_verify_duplicate_network_nics): 200 GET http://10.180.1.21/compute/v2.1/servers/fa867511-44ae-47e6-8c05-5f2abf8eae88 1.584s
2025-04-15 06:06:17.739 69276 INFO tempest.lib.common.rest_client [req-69cc49c1-91c3-422e-950b-5ba648bddf64 req-69cc49c1-91c3-422e-950b-5ba648bddf64 ] Request (SecurityGroupRulesTestJSON:tearDownClass): 204 DELETE http://10.180.1.21:9696/networking/v2.0/networks/6fb4d2e4-2c49-49cf-9558-c8605f65a376 0.852s
2025-04-15 06:06:17.756 69272 INFO tempest.lib.common.rest_client [req-6a620a8c-c747-4d2a-b926-745f1296757b req-6a620a8c-c747-4d2a-b926-745f1296757b ] Request (ServerActionsV293TestJSON:setUpClass): 200 GET http://10.180.1.21/volume/v3/09f90d18a8e74814a62c93e07c3a30f4/volumes/196bddfd-5a67-4f03-b6fe-b64719f544df 0.045s
2025-04-15 06:06:17.783 69280 INFO tempest.lib.common.rest_client [req-701e473e-7f49-4927-949d-c4e5e3e84737 req-701e473e-7f49-4927-949d-c4e5e3e84737 ] Request (ServersAdminTestJSON:setUpClass): 200 GET http://10.180.1.21/compute/v2.1/servers/fe587d8a-aa99-4163-a2a2-a97c0cfbb82a 1.371s
2025-04-15 06:06:17.835 69276 INFO tempest.lib.common.rest_client [req-9fbbdb5f-87c2-4813-8b22-cc3841c9c101 req-9fbbdb5f-87c2-4813-8b22-cc3841c9c101 ] Request (SecurityGroupRulesTestJSON:tearDownClass): 204 DELETE http://10.180.1.21/identity/v3/users/5b868e2d30ef4e14b2939f3563f8bc9a 0.095s
2025-04-15 06:06:17.835 69276 INFO tempest.lib.common.dynamic_creds [-] Deleting project and security group for project: b3e0c7260c474f1eb771813fb85de7e6
2025-04-15 06:06:17.863 69262 INFO tempest.lib.common.rest_client [req-be7a8443-b606-49cf-b62f-0ce9dd3fa127 req-be7a8443-b606-49cf-b62f-0ce9dd3fa127 ] Request (ServerDiskConfigTestJSON:test_rebuild_server_with_auto_disk_config): 200 GET http://10.180.1.21/compute/v2.1/servers/c3ad57a5-1ea2-484a-b014-6276e0ee7914 1.343s
2025-04-15 06:06:17.888 69288 INFO tempest.lib.common.rest_client [req-daf80d2a-ce1b-49ed-8154-fd6dabd667c4 req-daf80d2a-ce1b-49ed-8154-fd6dabd667c4 ] Request (FlavorsAdminTestJSON:test_is_public_string_variations): 200 GET http://10.180.1.21/compute/v2.1/flavors/detail?is_public=t 1.302s
2025-04-15 06:06:17.904 69244 INFO tempest.lib.common.rest_client [req-c4de2a47-44ee-466d-9238-3ced40e21188 req-c4de2a47-44ee-466d-9238-3ced40e21188 ] Request (SecurityGroupRulesNegativeTestJSON:test_create_security_group_rule_with_invalid_ip_protocol): 200 POST http://10.180.1.21/compute/v2.1/os-security-groups 1.841s
2025-04-15 06:06:17.904 69276 INFO tempest.lib.common.rest_client [req-335d3003-fcd9-42b7-9d2a-5139ffb9184d req-335d3003-fcd9-42b7-9d2a-5139ffb9184d ] Request (SecurityGroupRulesTestJSON:tearDownClass): 200 GET http://10.180.1.21:9696/networking/v2.0/security-groups?tenant_id=b3e0c7260c474f1eb771813fb85de7e6&name=default 0.069s
2025-04-15 06:06:18.002 69248 INFO tempest.lib.common.rest_client [req-16270228-4950-475d-9ae0-a5f1398329fc req-16270228-4950-475d-9ae0-a5f1398329fc ] Request (FlavorMetadataValidation:tearDownClass): 200 GET http://10.180.1.21:9696/networking/v2.0/security-groups?tenant_id=815cc2bff5c142c1a51c2760e8268aef&name=default 0.629s
2025-04-15 06:06:18.005 69274 INFO tempest.lib.common.rest_client [req-08928451-78d7-4cef-ad11-9dcaf204de57 req-08928451-78d7-4cef-ad11-9dcaf204de57 ] Request (SecurityGroupsTestJSON:test_list_security_groups_by_server): 200 GET http://10.180.1.21/compute/v2.1/servers/f86d97e4-42f3-464b-9d7b-7c05f19290ce 1.346s
2025-04-15 06:06:18.031 69302 INFO tempest.lib.common.rest_client [req-90aca55a-012a-47e0-8a66-0a29e24695e9 req-90aca55a-012a-47e0-8a66-0a29e24695e9 ] Request (AggregatesAdminNegativeTestJSON:_run_cleanups): 200 DELETE http://10.180.1.21/compute/v2.1/os-aggregates/7 1.255s
2025-04-15 06:06:18.044 69254 INFO tempest.lib.common.rest_client [req-9eb9ae95-cb11-4471-9cea-3940f4fa39dc req-9eb9ae95-cb11-4471-9cea-3940f4fa39dc ] Request (ServerShowV247Test:test_update_rebuild_list_server): 202 POST http://10.180.1.21/compute/v2.1/servers 1.388s
2025-04-15 06:06:18.136 69256 INFO tempest.lib.common.rest_client [req-8c7141c4-fc6a-49ce-b324-59ff8bb3eca1 req-8c7141c4-fc6a-49ce-b324-59ff8bb3eca1 ] Request (ServerRescueTestJSON:setUpClass): 200 GET http://10.180.1.21/compute/v2.1/servers/5b2a39da-1d95-4b2d-ab0e-8440f4544ef5 1.155s
2025-04-15 06:06:18.242 69252 INFO tempest.lib.common.rest_client [req-f1495075-3950-4a4c-9a53-90160715ccc7 req-f1495075-3950-4a4c-9a53-90160715ccc7 ] Request (ServerExternalEventsTest:test_create_server_external_events): 200 GET http://10.180.1.21/compute/v2.1/servers/7dbca935-17b3-4a4b-ae3e-558bc802f9b1 1.175s
2025-04-15 06:06:18.311 69246 INFO tempest.lib.common.rest_client [req-3659bd82-49ee-4300-8c5c-7433af8496cb req-3659bd82-49ee-4300-8c5c-7433af8496cb ] Request (FloatingIPDetailsNegativeTestJSON:setUpClass): 201 POST http://10.180.1.21:9696/networking/v2.0/networks 0.690s
2025-04-15 06:06:18.314 69276 INFO tempest.lib.common.rest_client [req-41ef4e42-2f97-4fbf-b870-94d531ed0851 req-41ef4e42-2f97-4fbf-b870-94d531ed0851 ] Request (SecurityGroupRulesTestJSON:tearDownClass): 204 DELETE http://10.180.1.21:9696/networking/v2.0/security-groups/8f9da17f-c623-4db6-b278-957bc72d948b 0.409s
2025-04-15 06:06:18.421 69250 INFO tempest.lib.common.rest_client [req-40e05c90-54e2-4e48-b404-8ebc801f3859 req-40e05c90-54e2-4e48-b404-8ebc801f3859 ] Request (ServersV294TestFqdnHostnames:setUpClass): 201 POST http://10.180.1.21:9696/networking/v2.0/routers 2.239s
2025-04-15 06:06:18.470 69276 INFO tempest.lib.common.rest_client [req-25f2012a-b8bc-4357-913c-f29e3467cdfe req-25f2012a-b8bc-4357-913c-f29e3467cdfe ] Request (SecurityGroupRulesTestJSON:tearDownClass): 204 DELETE http://10.180.1.21/identity/v3/projects/b3e0c7260c474f1eb771813fb85de7e6 0.156s
2025-04-15 06:06:18.475 69258 INFO tempest.lib.common.rest_client [req-538846fa-29e0-4ecf-bfb2-a98a9fad8072 req-538846fa-29e0-4ecf-bfb2-a98a9fad8072 ] Request (ServerDiagnosticsTest:test_get_server_diagnostics): 200 GET http://10.180.1.21/compute/v2.1/servers/0ea7c687-a9a6-4531-b9a9-4cf3e74940bf 1.480s
2025-04-15 06:06:18.489 69248 INFO tempest.lib.common.rest_client [req-21b1301b-f99f-453c-9a40-32c4caefa6bd req-21b1301b-f99f-453c-9a40-32c4caefa6bd ] Request (FlavorMetadataValidation:tearDownClass): 204 DELETE http://10.180.1.21:9696/networking/v2.0/security-groups/f15bdd5f-f2e3-4c2f-8d5f-d4b583dd53ec 0.487s
2025-04-15 06:06:18.505 69304 INFO tempest.lib.common.rest_client [req-0e133983-5f2f-4a62-9873-d70061d79b2f req-0e133983-5f2f-4a62-9873-d70061d79b2f ] Request (ValidationResourcesFixture:setUp): 200 POST http://10.180.1.21/compute/v2.1/os-keypairs 1.384s
2025-04-15 06:06:18.582 69276 INFO tempest.lib.common.rest_client [req-f02f4c02-3037-4926-b56b-5ba49872ea51 req-f02f4c02-3037-4926-b56b-5ba49872ea51 ] Request (AttachInterfacesUnderV243Test:setUpClass): 201 POST http://10.180.1.21/identity/v3/auth/tokens 0.109s
2025-04-15 06:06:18.599 69248 INFO tempest.lib.common.rest_client [req-be04b0d8-2d61-4780-b48c-a350bd4ae286 req-be04b0d8-2d61-4780-b48c-a350bd4ae286 ] Request (FlavorMetadataValidation:tearDownClass): 204 DELETE http://10.180.1.21/identity/v3/projects/815cc2bff5c142c1a51c2760e8268aef 0.109s
2025-04-15 06:06:18.599 69248 INFO tempest.lib.common.dynamic_creds [-] Deleting project and security group for project: 5abc9192b2324ee5a6596872b5e01024
2025-04-15 06:06:18.643 69276 INFO tempest.lib.common.rest_client [req-4554a2fa-6c8e-4684-916e-da9c650e1ffd req-4554a2fa-6c8e-4684-916e-da9c650e1ffd ] Request (AttachInterfacesUnderV243Test:setUpClass): 201 POST http://10.180.1.21/identity/v3/auth/tokens 0.058s
2025-04-15 06:06:18.669 69276 INFO tempest.lib.common.rest_client [req-77404df3-f9a2-4cd8-91f0-9ab503d1bb5a req-77404df3-f9a2-4cd8-91f0-9ab503d1bb5a ] Request (AttachInterfacesUnderV243Test:setUpClass): 200 GET http://10.180.1.21/identity/v3/domains?name=Default 0.025s
2025-04-15 06:06:18.708 69276 INFO tempest.lib.common.rest_client [req-7df25177-6b2c-45bc-a0c1-97d2f91f75dc req-7df25177-6b2c-45bc-a0c1-97d2f91f75dc ] Request (AttachInterfacesUnderV243Test:setUpClass): 201 POST http://10.180.1.21/identity/v3/projects 0.039s
2025-04-15 06:06:18.755 69298 INFO tempest.lib.common.rest_client [req-6ce0984a-1a1e-4768-a76a-5bc6b1cb3c18 req-6ce0984a-1a1e-4768-a76a-5bc6b1cb3c18 ] Request (ServersTestJSON:setUpClass): 200 GET http://10.180.1.21/compute/v2.1/servers/617f46a1-ca50-4561-9d0f-a596e35bf26d 1.494s
2025-04-15 06:06:18.786 69276 INFO tempest.lib.common.rest_client [req-5ed02be9-b588-40fd-8ec1-1b89aeca8506 req-5ed02be9-b588-40fd-8ec1-1b89aeca8506 ] Request (AttachInterfacesUnderV243Test:setUpClass): 201 POST http://10.180.1.21/identity/v3/users 0.077s
2025-04-15 06:06:18.803 69272 INFO tempest.lib.common.rest_client [req-05f2aa6a-30b9-4478-941f-a2fd5bf62ac2 req-05f2aa6a-30b9-4478-941f-a2fd5bf62ac2 ] Request (ServerActionsV293TestJSON:setUpClass): 200 GET http://10.180.1.21/volume/v3/09f90d18a8e74814a62c93e07c3a30f4/volumes/196bddfd-5a67-4f03-b6fe-b64719f544df 0.038s
2025-04-15 06:06:18.814 69304 INFO tempest.lib.common.rest_client [req-d25e9e47-baff-490d-94c0-13d9ee79fa23 req-d25e9e47-baff-490d-94c0-13d9ee79fa23 ] Request (ValidationResourcesFixture:setUp): 201 POST http://10.180.1.21:9696/networking/v2.0/security-groups 0.308s
2025-04-15 06:06:18.819 69276 INFO tempest.lib.common.rest_client [req-2aac390e-deb2-47d2-8594-c17f1152c9f4 req-2aac390e-deb2-47d2-8594-c17f1152c9f4 ] Request (AttachInterfacesUnderV243Test:setUpClass): 200 GET http://10.180.1.21/identity/v3/roles 0.032s
2025-04-15 06:06:18.858 69276 INFO tempest.lib.common.rest_client [req-6cbb664c-3878-43e8-9454-17784e28b4f1 req-6cbb664c-3878-43e8-9454-17784e28b4f1 ] Request (AttachInterfacesUnderV243Test:setUpClass): 204 PUT http://10.180.1.21/identity/v3/projects/a062534403914e289ec5e4d1d5d0f2f1/users/9f121c9052c94beca37cf091e5b17fc9/roles/e1e77b97fcad421fb280e7ef8d255a57 0.038s
2025-04-15 06:06:18.858 69276 INFO tempest.lib.common.dynamic_creds [-] Dynamic test user 9f121c9052c94beca37cf091e5b17fc9 is created with scope project and roles: ['member']
2025-04-15 06:06:18.858 69276 INFO tempest.lib.common.dynamic_creds [-] Acquired dynamic creds: credentials: Credentials: {'domain_id': 'default', 'domain_name': 'Default', 'username': 'tempest-AttachInterfacesUnderV243Test-1445261461-project-member', 'project_domain_id': 'default', 'project_domain_name': 'Default', 'project_id': 'a062534403914e289ec5e4d1d5d0f2f1', 'project_name': 'tempest-AttachInterfacesUnderV243Test-1445261461', 'tenant_id': 'a062534403914e289ec5e4d1d5d0f2f1', 'tenant_name': 'tempest-AttachInterfacesUnderV243Test-1445261461', 'user_domain_id': 'default', 'user_domain_name': 'Default', 'user_id': '9f121c9052c94beca37cf091e5b17fc9', 'system': None}, Network: None, Subnet: None, Router: None
2025-04-15 06:06:18.869 69248 INFO tempest.lib.common.rest_client [req-554109c3-cc82-4bc1-b22c-bce7c39d7aa2 req-554109c3-cc82-4bc1-b22c-bce7c39d7aa2 ] Request (FlavorMetadataValidation:tearDownClass): 200 GET http://10.180.1.21:9696/networking/v2.0/security-groups?tenant_id=5abc9192b2324ee5a6596872b5e01024&name=default 0.270s
2025-04-15 06:06:18.900 69292 INFO tempest.lib.common.rest_client [req-f753071d-8db4-42e5-af69-42cc9ed2081b req-f753071d-8db4-42e5-af69-42cc9ed2081b ] Request (FloatingIPsAssociationNegativeTestJSON:setUpClass): 200 GET http://10.180.1.21/compute/v2.1/servers/e8b202bc-fb75-4cd6-9b12-5c37e0ca06fa 1.575s
2025-04-15 06:06:18.910 69246 INFO tempest.lib.common.rest_client [req-d7c1ed09-da0b-4335-9231-764e6ad64d9f req-d7c1ed09-da0b-4335-9231-764e6ad64d9f ] Request (FloatingIPDetailsNegativeTestJSON:setUpClass): 201 POST http://10.180.1.21:9696/networking/v2.0/subnets 0.598s
2025-04-15 06:06:18.928 69276 INFO tempest.lib.common.rest_client [req-3d4cb6db-b8f9-49d8-a254-43c19196d534 req-3d4cb6db-b8f9-49d8-a254-43c19196d534 ] Request (AttachInterfacesUnderV243Test:setUpClass): 201 POST http://10.180.1.21/identity/v3/auth/tokens 0.070s
2025-04-15 06:06:19.003 69290 INFO tempest.lib.common.rest_client [req-319367d9-f7a2-4e38-b25e-70e7077b8dc4 req-319367d9-f7a2-4e38-b25e-70e7077b8dc4 ] Request (MigrationsAdminTest:test_list_migrations_in_flavor_resize_situation): 200 GET http://10.180.1.21/compute/v2.1/servers/4da35ed9-8646-45b8-b66f-715195a405a6 1.390s
2025-04-15 06:06:19.184 69286 INFO tempest.lib.common.rest_client [req-8b943e31-7ab1-4782-8cc7-2f787c7827b8 req-8b943e31-7ab1-4782-8cc7-2f787c7827b8 ] Request (ServersAdminNegativeTestJSON:setUpClass): 200 GET http://10.180.1.21/compute/v2.1/servers/ed73ed7d-e299-472a-805c-32bf83e96f8d 1.361s
2025-04-15 06:06:19.207 69300 INFO tempest.lib.common.rest_client [req-5fd50884-bb0e-41cb-a9fb-9a5c03c92d30 req-5fd50884-bb0e-41cb-a9fb-9a5c03c92d30 ] Request (ServerAddressesTestJSON:setUpClass): 200 GET http://10.180.1.21/compute/v2.1/servers/cd99acb8-f78c-4c03-8c2e-2e9d50d18969 1.525s
2025-04-15 06:06:19.237 69288 INFO tempest.lib.common.rest_client [req-c8cf315c-fafb-48db-8525-d711e53fa10e req-c8cf315c-fafb-48db-8525-d711e53fa10e ] Request (FlavorsAdminTestJSON:test_is_public_string_variations): 200 GET http://10.180.1.21/compute/v2.1/flavors/detail?is_public=true 1.344s
2025-04-15 06:06:19.320 69270 INFO tempest.lib.common.rest_client [req-3e28b08b-c072-404e-ad45-ba3d527b3f81 req-3e28b08b-c072-404e-ad45-ba3d527b3f81 ] Request (InstanceActionsV221TestJSON:test_get_list_deleted_instance_actions): 200 GET http://10.180.1.21/compute/v2.1/servers/888fb47f-5f48-415c-9289-61b9c42523e5 1.446s
2025-04-15 06:06:19.338 69244 INFO tempest.lib.common.rest_client [req-5eb5b7ba-d656-45ab-86e3-2672675e2fc9 req-5eb5b7ba-d656-45ab-86e3-2672675e2fc9 ] Request (SecurityGroupRulesNegativeTestJSON:test_create_security_group_rule_with_invalid_ip_protocol): 400 POST http://10.180.1.21/compute/v2.1/os-security-group-rules 1.431s
2025-04-15 06:06:19.353 69302 INFO tempest.lib.common.rest_client [req-d49a2876-f1c4-4e5d-b8ea-d9c50790a80a req-d49a2876-f1c4-4e5d-b8ea-d9c50790a80a ] Request (AggregatesAdminNegativeTestJSON:test_aggregate_remove_nonexistent_host): 200 POST http://10.180.1.21/compute/v2.1/os-aggregates 1.320s
2025-04-15 06:06:19.418 69276 INFO tempest.lib.common.rest_client [req-89f73636-7444-438e-85b9-9cb8cc5dc2ab req-89f73636-7444-438e-85b9-9cb8cc5dc2ab ] Request (AttachInterfacesUnderV243Test:setUpClass): 201 POST http://10.180.1.21:9696/networking/v2.0/networks 0.489s
2025-04-15 06:06:19.421 69304 INFO tempest.lib.common.rest_client [req-035c7d2e-9d7a-4b9f-9818-47114b65a4d5 req-035c7d2e-9d7a-4b9f-9818-47114b65a4d5 ] Request (ValidationResourcesFixture:setUp): 201 POST http://10.180.1.21:9696/networking/v2.0/security-group-rules 0.607s
2025-04-15 06:06:19.434 69254 INFO tempest.lib.common.rest_client [req-a442b154-566d-4590-98ae-4a0023bb768e req-a442b154-566d-4590-98ae-4a0023bb768e ] Request (ServerShowV247Test:test_update_rebuild_list_server): 200 PUT http://10.180.1.21/compute/v2.1/servers/d55ab849-9aa1-4d65-9a30-7c5eeb77d9a9 1.388s
2025-04-15 06:06:19.450 69248 INFO tempest.lib.common.rest_client [req-70a0284f-8ec9-49ae-bd85-71d619d6c42f req-70a0284f-8ec9-49ae-bd85-71d619d6c42f ] Request (FlavorMetadataValidation:tearDownClass): 204 DELETE http://10.180.1.21:9696/networking/v2.0/security-groups/797ba079-c9b1-458d-bf64-a8ef5aeca5d8 0.581s
2025-04-15 06:06:19.526 69248 INFO tempest.lib.common.rest_client [req-1089df78-8844-4f4d-a7e5-d203754800bb req-1089df78-8844-4f4d-a7e5-d203754800bb ] Request (FlavorMetadataValidation:tearDownClass): 204 DELETE http://10.180.1.21/identity/v3/projects/5abc9192b2324ee5a6596872b5e01024 0.075s
2025-04-15 06:06:19.609 69248 INFO tempest.lib.common.rest_client [req-de47b98f-1efe-47e3-964e-13078fa8b04f req-de47b98f-1efe-47e3-964e-13078fa8b04f ] Request (HypervisorAdminTestJSON:setUpClass): 201 POST http://10.180.1.21/identity/v3/auth/tokens 0.081s
2025-04-15 06:06:19.643 69248 INFO tempest.lib.common.rest_client [req-4131148b-a962-4178-a177-5d2ff2631c28 req-4131148b-a962-4178-a177-5d2ff2631c28 ] Request (HypervisorAdminTestJSON:setUpClass): 201 POST http://10.180.1.21/identity/v3/auth/tokens 0.031s
2025-04-15 06:06:19.646 69282 INFO tempest.lib.common.rest_client [req-794266c6-4543-4d39-97ed-8e425079bab9 req-794266c6-4543-4d39-97ed-8e425079bab9 ] Request (ImagesOneServerNegativeTestJSON:setUpClass): 200 GET http://10.180.1.21/compute/v2.1/servers/5c7f0f7a-d4dc-43e0-b08e-9ab883ef7a8a 1.421s
2025-04-15 06:06:19.676 69248 INFO tempest.lib.common.rest_client [req-9c59a7e8-7699-41ac-8416-061f3da65164 req-9c59a7e8-7699-41ac-8416-061f3da65164 ] Request (HypervisorAdminTestJSON:setUpClass): 200 GET http://10.180.1.21/identity/v3/domains?name=Default 0.033s
2025-04-15 06:06:19.682 69264 INFO tempest.lib.common.rest_client [req-311ebac3-cd57-4d4f-8415-9b01b54929a8 req-311ebac3-cd57-4d4f-8415-9b01b54929a8 ] Request (ServerDiagnosticsNegativeTest:test_get_server_diagnostics_by_non_admin): 200 GET http://10.180.1.21/compute/v2.1/servers/4ebb69a3-c8c3-40cd-9e76-ed5249d61fb9 1.627s
2025-04-15 06:06:19.713 69248 INFO tempest.lib.common.rest_client [req-400ee5be-238b-467f-87fc-250d04ab2573 req-400ee5be-238b-467f-87fc-250d04ab2573 ] Request (HypervisorAdminTestJSON:setUpClass): 201 POST http://10.180.1.21/identity/v3/projects 0.037s
2025-04-15 06:06:19.755 69268 INFO tempest.lib.common.rest_client [req-dc441552-0a2c-44a1-8af2-855693ee2430 req-dc441552-0a2c-44a1-8af2-855693ee2430 ] Request (ImagesTestJSON:test_create_image_from_stopped_server): 200 GET http://10.180.1.21/compute/v2.1/servers/8370a744-2602-410e-a509-e8487810e266 1.453s
2025-04-15 06:06:19.784 69304 INFO tempest.lib.common.rest_client [req-d8ab42b2-da65-42f3-9dda-dbf42974429e req-d8ab42b2-da65-42f3-9dda-dbf42974429e ] Request (ValidationResourcesFixture:setUp): 201 POST http://10.180.1.21:9696/networking/v2.0/security-group-rules 0.362s
2025-04-15 06:06:19.792 69248 INFO tempest.lib.common.rest_client [req-11c94cc5-5855-4a64-834b-e4eb47df4862 req-11c94cc5-5855-4a64-834b-e4eb47df4862 ] Request (HypervisorAdminTestJSON:setUpClass): 201 POST http://10.180.1.21/identity/v3/users 0.078s
2025-04-15 06:06:19.816 69248 INFO tempest.lib.common.rest_client [req-44cef38f-e628-47a1-8138-23cdff593581 req-44cef38f-e628-47a1-8138-23cdff593581 ] Request (HypervisorAdminTestJSON:setUpClass): 200 GET http://10.180.1.21/identity/v3/roles 0.023s
2025-04-15 06:06:19.833 69306 INFO tempest.lib.common.rest_client [req-5514419b-c113-433d-abf9-7158c0866528 req-5514419b-c113-433d-abf9-7158c0866528 ] Request (ServersTestManualDisk:setUpClass): 200 GET http://10.180.1.21/compute/v2.1/servers/323acb55-859a-4545-a046-1934cf98be6d 1.514s
2025-04-15 06:06:19.844 69272 INFO tempest.lib.common.rest_client [req-4bd57390-5bd5-4268-b94d-8141d790a2e4 req-4bd57390-5bd5-4268-b94d-8141d790a2e4 ] Request (ServerActionsV293TestJSON:setUpClass): 200 GET http://10.180.1.21/volume/v3/09f90d18a8e74814a62c93e07c3a30f4/volumes/196bddfd-5a67-4f03-b6fe-b64719f544df 0.031s
2025-04-15 06:06:19.856 69248 INFO tempest.lib.common.rest_client [req-a37b5a47-4818-409c-8ce3-c27b46d81b0e req-a37b5a47-4818-409c-8ce3-c27b46d81b0e ] Request (HypervisorAdminTestJSON:setUpClass): 204 PUT http://10.180.1.21/identity/v3/projects/72dbd5c952de413eb03549eb77a32c08/users/021dadea3743416fa5d97dc2f9c6dd0f/roles/e1e77b97fcad421fb280e7ef8d255a57 0.040s
2025-04-15 06:06:19.856 69248 INFO tempest.lib.common.dynamic_creds [-] Dynamic test user 021dadea3743416fa5d97dc2f9c6dd0f is created with scope project and roles: ['member']
2025-04-15 06:06:19.857 69248 INFO tempest.lib.common.dynamic_creds [-] Acquired dynamic creds: credentials: Credentials: {'domain_id': 'default', 'domain_name': 'Default', 'username': 'tempest-HypervisorAdminTestJSON-521012624-project-member', 'project_domain_id': 'default', 'project_domain_name': 'Default', 'project_id': '72dbd5c952de413eb03549eb77a32c08', 'project_name': 'tempest-HypervisorAdminTestJSON-521012624', 'tenant_id': '72dbd5c952de413eb03549eb77a32c08', 'tenant_name': 'tempest-HypervisorAdminTestJSON-521012624', 'user_domain_id': 'default', 'user_domain_name': 'Default', 'user_id': '021dadea3743416fa5d97dc2f9c6dd0f', 'system': None}, Network: None, Subnet: None, Router: None
2025-04-15 06:06:19.857 69248 INFO tempest.lib.common.dynamic_creds [-] Created isolated network resources for: credentials: Credentials: {'domain_id': 'default', 'domain_name': 'Default', 'username': 'tempest-HypervisorAdminTestJSON-521012624-project-member', 'project_domain_id': 'default', 'project_domain_name': 'Default', 'project_id': '72dbd5c952de413eb03549eb77a32c08', 'project_name': 'tempest-HypervisorAdminTestJSON-521012624', 'tenant_id': '72dbd5c952de413eb03549eb77a32c08', 'tenant_name': 'tempest-HypervisorAdminTestJSON-521012624', 'user_domain_id': 'default', 'user_domain_name': 'Default', 'user_id': '021dadea3743416fa5d97dc2f9c6dd0f', 'system': None}, Network: None, Subnet: None, Router: None
2025-04-15 06:06:19.914 69266 INFO tempest.lib.common.rest_client [req-69484439-1ddc-4269-9104-1baa6deedd1c req-69484439-1ddc-4269-9104-1baa6deedd1c ] Request (ServersAdmin275Test:test_rebuild_update_server_275): 200 GET http://10.180.1.21/compute/v2.1/servers/329835df-cb38-495e-8a0e-539a396ddc74 1.531s
2025-04-15 06:06:19.934 69248 INFO tempest.lib.common.rest_client [req-e9a85aa0-6e09-4cb5-abfd-201c7147ee99 req-e9a85aa0-6e09-4cb5-abfd-201c7147ee99 ] Request (HypervisorAdminTestJSON:setUpClass): 201 POST http://10.180.1.21/identity/v3/auth/tokens 0.075s
2025-04-15 06:06:19.996 69260 INFO tempest.lib.common.rest_client [req-e3f23ee8-e63a-496e-a2d8-ce65aa98b8f8 req-e3f23ee8-e63a-496e-a2d8-ce65aa98b8f8 ] Request (VolumesAdminNegativeTest:setUpClass): 201 POST http://10.180.1.21:9696/networking/v2.0/routers 2.667s
2025-04-15 06:06:20.004 69248 INFO tempest.lib.common.rest_client [req-54824581-ef91-45a4-97fd-20245a16a4c6 req-54824581-ef91-45a4-97fd-20245a16a4c6 ] Request (HypervisorAdminTestJSON:setUpClass): 201 POST http://10.180.1.21/identity/v3/projects 0.069s
2025-04-15 06:06:20.088 69248 INFO tempest.lib.common.rest_client [req-8ad8cc1c-5d2f-417e-b8eb-2e688aaa6f34 req-8ad8cc1c-5d2f-417e-b8eb-2e688aaa6f34 ] Request (HypervisorAdminTestJSON:setUpClass): 201 POST http://10.180.1.21/identity/v3/users 0.083s
2025-04-15 06:06:20.094 69284 INFO tempest.lib.common.rest_client [req-06ee8f15-47a8-4d0f-8bfd-cf7ef8f813b0 req-06ee8f15-47a8-4d0f-8bfd-cf7ef8f813b0 ] Request (VolumesAssistedSnapshotsTest:test_volume_assisted_snapshot_create_delete): 200 GET http://10.180.1.21/compute/v2.1/servers/81b4b5ea-2bfa-4521-99f4-5ee0673afbc0 1.848s
2025-04-15 06:06:20.117 69248 INFO tempest.lib.common.rest_client [req-4bdd4b2e-63f5-45a4-b4a2-f394914e2c86 req-4bdd4b2e-63f5-45a4-b4a2-f394914e2c86 ] Request (HypervisorAdminTestJSON:setUpClass): 200 GET http://10.180.1.21/identity/v3/roles 0.028s
2025-04-15 06:06:20.146 69248 INFO tempest.lib.common.rest_client [req-b6a891e2-9656-4471-b00b-b1168ffcb108 req-b6a891e2-9656-4471-b00b-b1168ffcb108 ] Request (HypervisorAdminTestJSON:setUpClass): 204 PUT http://10.180.1.21/identity/v3/projects/f187e1f4373d49dcaee869107871cb4e/users/51e92ac14a814ea0aa31800afb8f4b7b/roles/c37a9edc9e2a4095b1e0339b3de91c4b 0.029s
2025-04-15 06:06:20.181 69276 INFO tempest.lib.common.rest_client [req-1e353a84-a298-411d-8d85-9f5797e85a69 req-1e353a84-a298-411d-8d85-9f5797e85a69 ] Request (AttachInterfacesUnderV243Test:setUpClass): 201 POST http://10.180.1.21:9696/networking/v2.0/subnets 0.762s
2025-04-15 06:06:20.193 69296 INFO tempest.lib.common.rest_client [req-79278c77-d604-41d7-8b24-79e7721c46a1 req-79278c77-d604-41d7-8b24-79e7721c46a1 ] Request (ServersTestMultiNic:test_verify_duplicate_network_nics): 200 GET http://10.180.1.21/compute/v2.1/servers/fa867511-44ae-47e6-8c05-5f2abf8eae88 1.462s
2025-04-15 06:06:20.216 69248 INFO tempest.lib.common.rest_client [req-07004e68-f6b4-4da9-af0b-c7b76e428b05 req-07004e68-f6b4-4da9-af0b-c7b76e428b05 ] Request (HypervisorAdminTestJSON:setUpClass): 200 GET http://10.180.1.21/identity/v3/roles 0.069s
2025-04-15 06:06:20.249 69248 INFO tempest.lib.common.rest_client [req-dc25f3a4-78d3-4397-a0bf-dbd975ac8cc4 req-dc25f3a4-78d3-4397-a0bf-dbd975ac8cc4 ] Request (HypervisorAdminTestJSON:setUpClass): 204 PUT http://10.180.1.21/identity/v3/projects/f187e1f4373d49dcaee869107871cb4e/users/51e92ac14a814ea0aa31800afb8f4b7b/roles/c37a9edc9e2a4095b1e0339b3de91c4b 0.032s
2025-04-15 06:06:20.249 69248 INFO tempest.lib.common.dynamic_creds [-] Dynamic test user 51e92ac14a814ea0aa31800afb8f4b7b is created with scope project and roles: ['admin']
2025-04-15 06:06:20.249 69248 INFO tempest.lib.common.dynamic_creds [-] Acquired dynamic creds: credentials: Credentials: {'domain_id': 'default', 'domain_name': 'Default', 'username': 'tempest-HypervisorAdminTestJSON-1088007235-project-admin', 'project_domain_id': 'default', 'project_domain_name': 'Default', 'project_id': 'f187e1f4373d49dcaee869107871cb4e', 'project_name': 'tempest-HypervisorAdminTestJSON-1088007235', 'tenant_id': 'f187e1f4373d49dcaee869107871cb4e', 'tenant_name': 'tempest-HypervisorAdminTestJSON-1088007235', 'user_domain_id': 'default', 'user_domain_name': 'Default', 'user_id': '51e92ac14a814ea0aa31800afb8f4b7b', 'system': None}, Network: None, Subnet: None, Router: None
2025-04-15 06:06:20.249 69248 INFO tempest.lib.common.dynamic_creds [-] Created isolated network resources for: credentials: Credentials: {'domain_id': 'default', 'domain_name': 'Default', 'username': 'tempest-HypervisorAdminTestJSON-1088007235-project-admin', 'project_domain_id': 'default', 'project_domain_name': 'Default', 'project_id': 'f187e1f4373d49dcaee869107871cb4e', 'project_name': 'tempest-HypervisorAdminTestJSON-1088007235', 'tenant_id': 'f187e1f4373d49dcaee869107871cb4e', 'tenant_name': 'tempest-HypervisorAdminTestJSON-1088007235', 'user_domain_id': 'default', 'user_domain_name': 'Default', 'user_id': '51e92ac14a814ea0aa31800afb8f4b7b', 'system': None}, Network: None, Subnet: None, Router: None
2025-04-15 06:06:20.286 69280 INFO tempest.lib.common.rest_client [req-6fabfe9c-c9b9-4ed0-8723-7d259d9bb454 req-6fabfe9c-c9b9-4ed0-8723-7d259d9bb454 ] Request (ServersAdminTestJSON:setUpClass): 200 GET http://10.180.1.21/compute/v2.1/servers/fe587d8a-aa99-4163-a2a2-a97c0cfbb82a 1.491s
2025-04-15 06:06:20.349 69248 INFO tempest.lib.common.rest_client [req-5eaf3bf1-2fbe-47a9-93fa-dc7f4424eb51 req-5eaf3bf1-2fbe-47a9-93fa-dc7f4424eb51 ] Request (HypervisorAdminTestJSON:setUpClass): 201 POST http://10.180.1.21/identity/v3/auth/tokens 0.096s
2025-04-15 06:06:20.502 69278 INFO tempest.lib.common.rest_client [req-fd3a2ffe-e593-4bd9-b914-301a0306bc03 req-fd3a2ffe-e593-4bd9-b914-301a0306bc03 ] Request (ServersWithSpecificFlavorTestJSON:test_verify_created_server_ephemeral_disk): 200 GET http://10.180.1.21/compute/v2.1/servers/25b453f5-0b24-4c97-9a2d-6466e1489d07 1.850s
2025-04-15 06:06:20.585 69262 INFO tempest.lib.common.rest_client [req-a2dcd8b2-86c3-46f4-a831-91f858752b05 req-a2dcd8b2-86c3-46f4-a831-91f858752b05 ] Request (ServerDiskConfigTestJSON:test_rebuild_server_with_auto_disk_config): 200 GET http://10.180.1.21/compute/v2.1/servers/c3ad57a5-1ea2-484a-b014-6276e0ee7914 1.713s
2025-04-15 06:06:20.610 69274 INFO tempest.lib.common.rest_client [req-d16aeea3-66f1-4efc-bb3e-1ea13e8a8e1b req-d16aeea3-66f1-4efc-bb3e-1ea13e8a8e1b ] Request (SecurityGroupsTestJSON:test_list_security_groups_by_server): 200 GET http://10.180.1.21/compute/v2.1/servers/f86d97e4-42f3-464b-9d7b-7c05f19290ce 1.593s
2025-04-15 06:06:20.632 69288 INFO tempest.lib.common.rest_client [req-69c6b3ea-54e5-4646-916d-c91362e75ef0 req-69c6b3ea-54e5-4646-916d-c91362e75ef0 ] Request (FlavorsAdminTestJSON:test_is_public_string_variations): 200 GET http://10.180.1.21/compute/v2.1/flavors/detail?is_public=yes 1.390s
2025-04-15 06:06:20.666 69256 INFO tempest.lib.common.rest_client [req-99cb26df-f381-4879-8847-3faf4dad9d37 req-99cb26df-f381-4879-8847-3faf4dad9d37 ] Request (ServerRescueTestJSON:setUpClass): 200 GET http://10.180.1.21/compute/v2.1/servers/5b2a39da-1d95-4b2d-ab0e-8440f4544ef5 1.517s
