2025-04-18 10:28:28.632 70104 INFO tempest.lib.common.rest_client [req-cc7a8756-f03b-4749-a76b-c0d5987553b6 req-cc7a8756-f03b-4749-a76b-c0d5987553b6 ] Request (ServersAdminNegativeTestJSON:test_migrate_server_invalid_state): 200 GET http://10.180.1.21/compute/v2.1/servers/0e9202db-b649-45c1-82cc-da3f96a8482d 0.225s
2025-04-18 10:28:28.680 70102 INFO tempest.lib.common.rest_client [req-61143709-d29f-4660-96ed-7608999d056c req-61143709-d29f-4660-96ed-7608999d056c ] Request (VolumesAssistedSnapshotsTest:test_volume_assisted_snapshot_create_delete): 200 GET http://10.180.1.21/compute/v2.1/servers/dab255ce-923e-45eb-bd6d-0bbd34a21b7f 0.220s
2025-04-18 10:28:28.716 70118 INFO tempest.lib.common.rest_client [req-a627c36b-f6ee-4da3-a185-1984ebae1d42 req-a627c36b-f6ee-4da3-a185-1984ebae1d42 ] Request (ImagesOneServerTestJSON:tearDownClass): 200 GET http://10.180.1.21/compute/v2.1/servers/c10f0424-df91-4670-b402-9e96e71e52ed 0.234s
2025-04-18 10:28:28.748 70082 INFO tempest.lib.common.rest_client [req-3d50fe23-278d-43f2-8abf-0f2a056ecba3 req-3d50fe23-278d-43f2-8abf-0f2a056ecba3 ] Request (ServersTestJSON:setUpClass): 200 GET http://10.180.1.21/compute/v2.1/servers/34ed9d40-479e-4f43-b127-ec4c0f2634e5 0.227s
2025-04-18 10:28:28.801 70088 INFO tempest.lib.common.rest_client [req-eaabdb54-138e-4ce8-9a18-52c717833c3a req-eaabdb54-138e-4ce8-9a18-52c717833c3a ] Request (ServersTestMultiNic:test_verify_duplicate_network_nics): 200 GET http://10.180.1.21/compute/v2.1/servers/c9af6b98-3a14-4648-a6c9-75842f87755c 0.259s
2025-04-18 10:28:28.865 70076 INFO tempest.lib.common.rest_client [req-78363487-f2e9-49d7-b242-fc49903d44ed req-78363487-f2e9-49d7-b242-fc49903d44ed ] Request (ServerAddressesTestJSON:tearDownClass): 200 GET http://10.180.1.21/compute/v2.1/servers/5828fe6a-a7fc-4288-b52a-14cf6f20a19e 0.320s
2025-04-18 10:28:28.878 70074 INFO tempest.lib.common.rest_client [req-356dd424-275b-498f-a293-13d34c99e400 req-356dd424-275b-498f-a293-13d34c99e400 ] Request (ImagesOneServerNegativeTestJSON:setUpClass): 200 GET http://10.180.1.21/compute/v2.1/servers/56dde5b7-8a56-4df6-85ad-d84f9c7a0757 0.298s
2025-04-18 10:28:28.932 70100 INFO tempest.lib.common.rest_client [req-4cd4fbec-0651-4619-a865-2922215bceec req-4cd4fbec-0651-4619-a865-2922215bceec ] Request (ServersAaction247Test:tearDownClass): 200 GET http://10.180.1.21/compute/v2.1/servers/cd7dce97-f3fe-477e-9169-38cfcd581d38 0.321s
2025-04-18 10:28:28.954 70098 INFO tempest.lib.common.rest_client [req-9d199bcc-c2e2-4097-b249-eb574f428fdc req-9d199bcc-c2e2-4097-b249-eb574f428fdc ] Request (AttachInterfacesV270Test:test_create_get_list_interfaces): 200 GET http://10.180.1.21/compute/v2.1/servers/f916deca-c048-436e-82cd-cc49c9983c06 0.318s
2025-04-18 10:28:28.985 70092 INFO tempest.lib.common.rest_client [req-43bfbebe-37d0-4c11-accd-2e560bc394c8 req-43bfbebe-37d0-4c11-accd-2e560bc394c8 ] Request (MultipleCreateTestJSON:test_multiple_create): 200 GET http://10.180.1.21/compute/v2.1/servers/bb3d06ae-96f6-4f0f-9d85-768bd5d7f58c 0.321s
2025-04-18 10:28:28.993 70092 INFO tempest.common.waiters [-] State transition "BUILD/scheduling" ==> "BUILD/None" after 29 second wait
2025-04-18 10:28:29.037 70126 INFO tempest.lib.common.rest_client [req-2ce58ef5-9693-4ced-a2bb-b60fbc244e1c req-2ce58ef5-9693-4ced-a2bb-b60fbc244e1c ] Request (InstanceActionsNegativeTestJSON:setUpClass): 200 GET http://10.180.1.21/compute/v2.1/servers/4011ed19-c85c-405e-9ad0-8e163b03bd75 0.312s
2025-04-18 10:28:29.037 70120 INFO tempest.lib.common.rest_client [req-71c89b3a-d092-4204-857b-c37d887ebb45 req-71c89b3a-d092-4204-857b-c37d887ebb45 ] Request (ServerActionsV293TestJSON:setUpClass): 201 POST http://10.180.1.21:9696/networking/v2.0/floatingips 0.709s
2025-04-18 10:28:29.038 70114 INFO tempest.lib.common.rest_client [req-862bf9ad-553f-43d6-b3b7-3a9c48c50013 req-862bf9ad-553f-43d6-b3b7-3a9c48c50013 ] Request (ServersTestJSON:test_create_server_with_ipv6_addr_only): 200 GET http://10.180.1.21/compute/v2.1/servers/a85b8c05-79a3-48e7-85d5-bdad0990397b 0.314s
2025-04-18 10:28:29.085 70120 INFO tempest.lib.common.rest_client [req-268e7c33-3c4a-428f-8685-a799412636e7 req-268e7c33-3c4a-428f-8685-a799412636e7 ] Request (ServerActionsV293TestJSON:setUpClass): 201 POST http://10.180.1.21/identity/v3/auth/tokens 0.045s
2025-04-18 10:28:29.085 70120 INFO tempest.lib.common.fixed_network [-] (ServerActionsV293TestJSON:setUpClass) Found network {'id': 'ff6f3882-4f4f-4d3a-aa72-683c5e0f173c', 'name': 'tempest-ServerActionsV293TestJSON-1718950365-network', 'tenant_id': 'fbe8d2632727465dbbb4e8deedeff3f1', 'admin_state_up': True, 'mtu': 8950, 'status': 'ACTIVE', 'subnets': [], 'shared': False, 'project_id': 'fbe8d2632727465dbbb4e8deedeff3f1', 'port_security_enabled': True, 'router:external': False, 'provider:network_type': 'vlan', 'provider:physical_network': 'default', 'provider:segmentation_id': 493, 'availability_zone_hints': [], 'availability_zones': [], 'ipv4_address_scope': None, 'ipv6_address_scope': None, 'description': '', 'tags': [], 'created_at': '2025-04-18T10:28:24Z', 'updated_at': '2025-04-18T10:28:24Z', 'revision_number': 1} available for tenant
2025-04-18 10:28:29.162 70128 INFO tempest.lib.common.rest_client [req-9598162c-26fd-4d9a-91d2-7c1bd1be3e2c req-9598162c-26fd-4d9a-91d2-7c1bd1be3e2c ] Request (ServerTagsTestJSON:setUpClass): 200 GET http://10.180.1.21/compute/v2.1/servers/586c9d5e-45d9-4954-ba61-016a877c3277 0.321s
2025-04-18 10:28:29.167 70070 INFO tempest.lib.common.rest_client [req-f7767072-ad31-4b17-85f0-1e3910016ebe req-f7767072-ad31-4b17-85f0-1e3910016ebe ] Request (ListServerFiltersTestJSON:test_list_servers_filter_by_shutoff_status): 200 GET http://10.180.1.21/compute/v2.1/servers/1051b941-c705-42c0-833d-e6e35aacb293 0.270s
2025-04-18 10:28:29.173 70128 INFO tempest.common.waiters [-] State transition "BUILD/spawning" ==> "ACTIVE/None" after 49 second wait
2025-04-18 10:28:29.174 70070 INFO tempest.common.waiters [-] State transition "ACTIVE/powering-off" ==> "SHUTOFF/None" after 2 second wait
2025-04-18 10:28:29.214 70072 INFO tempest.lib.common.rest_client [req-68cd610a-fbf1-4190-ab00-7ef3428b5e53 req-68cd610a-fbf1-4190-ab00-7ef3428b5e53 ] Request (ServersTestBootFromVolume:setUpClass): 200 GET http://10.180.1.21/compute/v2.1/servers/f886668c-02f3-4ea7-8ba3-eca7a392a8e4 0.196s
2025-04-18 10:28:29.264 70086 INFO tempest.lib.common.rest_client [req-6a177de4-a289-4464-b8b7-87c759210ea9 req-6a177de4-a289-4464-b8b7-87c759210ea9 ] Request (ServerPasswordTestJSON:setUpClass): 200 GET http://10.180.1.21/compute/v2.1/servers/b24c31aa-6a2e-4181-ab0b-20d3745dca1e 0.197s
2025-04-18 10:28:29.268 70124 INFO tempest.lib.common.rest_client [req-ed36dd04-35a7-49af-889b-4341ad239b12 req-ed36dd04-35a7-49af-889b-4341ad239b12 ] Request (MigrationsAdminTest:test_list_migrations_in_flavor_resize_situation): 200 GET http://10.180.1.21/compute/v2.1/servers/8d3b4526-ef53-4517-a042-5b23502cd66a 0.203s
2025-04-18 10:28:29.329 70110 INFO tempest.lib.common.rest_client [req-5db53594-b9bd-4d68-8fc2-30fffbca5606 req-5db53594-b9bd-4d68-8fc2-30fffbca5606 ] Request (ServersListShow296Test:test_list_show_update_rebuild_server_296): 200 GET http://10.180.1.21/compute/v2.1/servers/cc6b4155-289b-4b2f-b0bb-bd2c2f056695 0.188s
2025-04-18 10:28:29.352 70128 INFO tempest.lib.common.rest_client [req-2feefb76-86ca-4a74-84ef-28a8c21ffa5c req-2feefb76-86ca-4a74-84ef-28a8c21ffa5c ] Request (ServerTagsTestJSON:test_check_tag_existence): 201 PUT http://10.180.1.21/compute/v2.1/servers/586c9d5e-45d9-4954-ba61-016a877c3277/tags/tempest-tag-225758295 0.178s
2025-04-18 10:28:29.404 70084 INFO tempest.lib.common.rest_client [req-4953aa82-e34a-4701-8659-cc22db9867cf req-4953aa82-e34a-4701-8659-cc22db9867cf ] Request (ListImageFiltersTestJSON:setUpClass): 200 GET http://10.180.1.21/compute/v2.1/servers/06644b44-8b0c-48ab-9160-7adaba217538 0.214s
2025-04-18 10:28:29.527 70094 INFO tempest.lib.common.rest_client [req-6d3e351a-e648-492b-8ce4-309ea141558e req-6d3e351a-e648-492b-8ce4-309ea141558e ] Request (ServersAdminTestJSON:test_create_server_with_scheduling_hint): 200 GET http://10.180.1.21/compute/v2.1/servers/8c2769e9-4ec5-420e-9c22-8102db2e652e 0.291s
2025-04-18 10:28:29.532 70120 INFO tempest.lib.common.rest_client [req-b3d4e6a1-50c5-407e-acd8-5e6fa11c850d req-b3d4e6a1-50c5-407e-acd8-5e6fa11c850d ] Request (ServerActionsV293TestJSON:setUpClass): 202 POST http://10.180.1.21/volume/v3/volumes 0.445s
2025-04-18 10:28:29.597 70120 INFO tempest.lib.common.rest_client [req-470abe89-fea3-4065-b0b6-5a41a1422057 req-470abe89-fea3-4065-b0b6-5a41a1422057 ] Request (ServerActionsV293TestJSON:setUpClass): 200 GET http://10.180.1.21/volume/v3/volumes/d3bc6946-05ab-4700-94ae-3d46ff5580eb 0.050s
2025-04-18 10:28:29.602 70130 INFO tempest.lib.common.rest_client [req-00198e50-6215-40a1-8d5d-d0d4eda22b38 req-00198e50-6215-40a1-8d5d-d0d4eda22b38 ] Request (TenantUsagesTestJSON:tearDownClass): 200 GET http://10.180.1.21/compute/v2.1/servers/9656233b-1a78-4451-908c-c162637a8253 0.348s
2025-04-18 10:28:29.663 70070 INFO tempest.lib.common.rest_client [req-e2a688f8-92b0-4cb7-bcd5-8e352a4c8844 req-e2a688f8-92b0-4cb7-bcd5-8e352a4c8844 ] Request (ListServerFiltersTestJSON:test_list_servers_filter_by_shutoff_status): 200 GET http://10.180.1.21/compute/v2.1/servers?status=shutoff 0.489s
2025-04-18 10:28:29.669 70078 INFO tempest.lib.common.rest_client [req-98bf53cb-e98c-4936-90f5-e44f33c24c62 req-98bf53cb-e98c-4936-90f5-e44f33c24c62 ] Request (ServerActionsTestJSON:setUpClass): 200 GET http://10.180.1.21/compute/v2.1/servers/a1f80c39-d4d9-488e-ba8c-84a11a9f9882 0.328s
2025-04-18 10:28:29.684 70128 INFO tempest.lib.common.rest_client [req-0705a06d-0e62-455d-b54a-6efd0d33be83 req-0705a06d-0e62-455d-b54a-6efd0d33be83 ] Request (ServerTagsTestJSON:test_check_tag_existence): 204 GET http://10.180.1.21/compute/v2.1/servers/586c9d5e-45d9-4954-ba61-016a877c3277/tags/tempest-tag-225758295 0.331s
2025-04-18 10:28:29.732 70112 INFO tempest.lib.common.rest_client [req-b37c931f-232c-4ab8-a916-b8c8f12c3c60 req-b37c931f-232c-4ab8-a916-b8c8f12c3c60 ] Request (FloatingIPsAssociationTestJSON:test_associate_already_associated_floating_ip): 200 GET http://10.180.1.21/compute/v2.1/servers/4c434dcd-fb59-4653-adbd-e5f4fd19f884 0.339s
2025-04-18 10:28:29.775 70096 INFO tempest.lib.common.rest_client [req-e9bcb18d-c4a4-4d68-b115-cf0d5f73e7e7 req-e9bcb18d-c4a4-4d68-b115-cf0d5f73e7e7 ] Request (DeleteServersAdminTestJSON:test_delete_server_while_in_error_state): 200 GET http://10.180.1.21/compute/v2.1/servers/9729b810-6e68-41c1-b5fa-98914c041555 0.408s
2025-04-18 10:28:29.782 70122 INFO tempest.lib.common.rest_client [req-9e2d7972-6512-474b-9000-7295435f096f req-9e2d7972-6512-474b-9000-7295435f096f ] Request (SecurityGroupsTestJSON:test_server_security_groups): 200 GET http://10.180.1.21/compute/v2.1/servers/85d25ad8-28e1-4174-9a44-592d3a767bfd 0.348s
2025-04-18 10:28:29.824 70108 INFO tempest.lib.common.rest_client [req-768de2bb-c618-44d4-95c1-aa088b672184 req-768de2bb-c618-44d4-95c1-aa088b672184 ] Request (AttachVolumeTestJSON:test_attach_detach_volume): 200 GET http://10.180.1.21/compute/v2.1/servers/5ad02603-ab24-4817-bfe1-9716de876685 0.364s
2025-04-18 10:28:29.847 70116 INFO tempest.lib.common.rest_client [req-f7e95e58-00bd-467f-91eb-e233624bdf46 req-f7e95e58-00bd-467f-91eb-e233624bdf46 ] Request (ServersTestManualDisk:tearDownClass): 200 GET http://10.180.1.21/compute/v2.1/servers/10b322ed-e155-4013-98d7-d033c8dc7a6b 0.335s
2025-04-18 10:28:29.877 70107 INFO tempest.lib.common.rest_client [req-fe1d3d77-3369-4df5-84af-40bd7f2a6c44 req-fe1d3d77-3369-4df5-84af-40bd7f2a6c44 ] Request (AttachVolumeNegativeTest:test_attach_attached_volume_to_different_server): 200 GET http://10.180.1.21/compute/v2.1/servers/a1d9a7d5-69c9-486c-9e4b-99cc07d20730 0.302s
2025-04-18 10:28:29.884 70107 INFO tempest.common.waiters [-] State transition "BUILD/scheduling" ==> "BUILD/None" after 29 second wait
2025-04-18 10:28:29.907 70080 INFO tempest.lib.common.rest_client [req-cbc8aa76-6d4a-4ccc-afb2-83cf25ce8d43 req-cbc8aa76-6d4a-4ccc-afb2-83cf25ce8d43 ] Request (ServersAdmin275Test:tearDownClass): 200 GET http://10.180.1.21/compute/v2.1/servers/fee3d7b7-86bf-46f7-92a7-a626663dac51 0.277s
2025-04-18 10:28:29.926 70104 INFO tempest.lib.common.rest_client [req-9be49d5b-daf1-4d6e-bf81-58fa939786a5 req-9be49d5b-daf1-4d6e-bf81-58fa939786a5 ] Request (ServersAdminNegativeTestJSON:test_migrate_server_invalid_state): 200 GET http://10.180.1.21/compute/v2.1/servers/0e9202db-b649-45c1-82cc-da3f96a8482d 0.283s
2025-04-18 10:28:29.971 70128 INFO tempest.lib.common.rest_client [req-c8a32f97-6bf3-4d1e-bd04-0fd494093b42 req-c8a32f97-6bf3-4d1e-bd04-0fd494093b42 ] Request (ServerTagsTestJSON:_run_cleanups): 204 DELETE http://10.180.1.21/compute/v2.1/servers/586c9d5e-45d9-4954-ba61-016a877c3277/tags 0.287s
2025-04-18 10:28:29.973 70070 INFO tempest.lib.common.rest_client [req-0baed07a-1616-4e7f-adef-306096330bd8 req-0baed07a-1616-4e7f-adef-306096330bd8 ] Request (ListServerFiltersTestJSON:test_list_servers_filter_by_shutoff_status): 202 POST http://10.180.1.21/compute/v2.1/servers/1051b941-c705-42c0-833d-e6e35aacb293/action 0.308s
2025-04-18 10:28:30.046 70102 INFO tempest.lib.common.rest_client [req-3af4d4f1-4cd4-4739-ab7c-2d6f750c0ddf req-3af4d4f1-4cd4-4739-ab7c-2d6f750c0ddf ] Request (VolumesAssistedSnapshotsTest:test_volume_assisted_snapshot_create_delete): 200 GET http://10.180.1.21/compute/v2.1/servers/dab255ce-923e-45eb-bd6d-0bbd34a21b7f 0.358s
2025-04-18 10:28:30.050 70118 INFO tempest.lib.common.rest_client [req-fc0dd98e-4faf-428f-9a0c-6eb8a4cf62c6 req-fc0dd98e-4faf-428f-9a0c-6eb8a4cf62c6 ] Request (ImagesOneServerTestJSON:tearDownClass): 200 GET http://10.180.1.21/compute/v2.1/servers/c10f0424-df91-4670-b402-9e96e71e52ed 0.326s
2025-04-18 10:28:30.102 70082 INFO tempest.lib.common.rest_client [req-f7015fa9-9682-42ed-91f8-3db0bdfbf83d req-f7015fa9-9682-42ed-91f8-3db0bdfbf83d ] Request (ServersTestJSON:setUpClass): 200 GET http://10.180.1.21/compute/v2.1/servers/34ed9d40-479e-4f43-b127-ec4c0f2634e5 0.341s
2025-04-18 10:28:30.129 70088 INFO tempest.lib.common.rest_client [req-6d6613e5-9506-44fd-8fd3-43c2bddc504a req-6d6613e5-9506-44fd-8fd3-43c2bddc504a ] Request (ServersTestMultiNic:test_verify_duplicate_network_nics): 200 GET http://10.180.1.21/compute/v2.1/servers/c9af6b98-3a14-4648-a6c9-75842f87755c 0.317s
2025-04-18 10:28:30.200 70076 INFO tempest.lib.common.rest_client [req-ae141555-d4ce-4ad8-99b8-268667ced417 req-ae141555-d4ce-4ad8-99b8-268667ced417 ] Request (ServerAddressesTestJSON:tearDownClass): 200 GET http://10.180.1.21/compute/v2.1/servers/5828fe6a-a7fc-4288-b52a-14cf6f20a19e 0.326s
2025-04-18 10:28:30.204 70074 INFO tempest.lib.common.rest_client [req-2c2eb041-736f-4009-89e9-3cf4ca859aff req-2c2eb041-736f-4009-89e9-3cf4ca859aff ] Request (ImagesOneServerNegativeTestJSON:setUpClass): 200 GET http://10.180.1.21/compute/v2.1/servers/56dde5b7-8a56-4df6-85ad-d84f9c7a0757 0.315s
2025-04-18 10:28:30.259 70100 INFO tempest.lib.common.rest_client [req-0c824115-90ce-46b6-b835-4bb74f193d28 req-0c824115-90ce-46b6-b835-4bb74f193d28 ] Request (ServersAaction247Test:tearDownClass): 200 GET http://10.180.1.21/compute/v2.1/servers/cd7dce97-f3fe-477e-9169-38cfcd581d38 0.316s
2025-04-18 10:28:30.268 70098 INFO tempest.lib.common.rest_client [req-ea253a9d-5851-4130-8ca4-f94932bd9a69 req-ea253a9d-5851-4130-8ca4-f94932bd9a69 ] Request (AttachInterfacesV270Test:test_create_get_list_interfaces): 200 GET http://10.180.1.21/compute/v2.1/servers/f916deca-c048-436e-82cd-cc49c9983c06 0.299s
2025-04-18 10:28:30.282 70128 INFO tempest.lib.common.rest_client [req-e867ed5f-8f7c-45f2-9500-9550c2cf66e9 req-e867ed5f-8f7c-45f2-9500-9550c2cf66e9 ] Request (ServerTagsTestJSON:test_create_delete_tag): 200 GET http://10.180.1.21/compute/v2.1/servers/586c9d5e-45d9-4954-ba61-016a877c3277/tags 0.309s
2025-04-18 10:28:30.327 70092 INFO tempest.lib.common.rest_client [req-3052acf4-d87e-452c-93df-62f546eb1f43 req-3052acf4-d87e-452c-93df-62f546eb1f43 ] Request (MultipleCreateTestJSON:test_multiple_create): 200 GET http://10.180.1.21/compute/v2.1/servers/bb3d06ae-96f6-4f0f-9d85-768bd5d7f58c 0.331s
2025-04-18 10:28:30.376 70126 INFO tempest.lib.common.rest_client [req-16cb0927-81d6-4d9e-aed6-057ce343d928 req-16cb0927-81d6-4d9e-aed6-057ce343d928 ] Request (InstanceActionsNegativeTestJSON:setUpClass): 200 GET http://10.180.1.21/compute/v2.1/servers/4011ed19-c85c-405e-9ad0-8e163b03bd75 0.331s
2025-04-18 10:28:30.414 70070 INFO tempest.lib.common.rest_client [req-a8d37d9f-a58b-4d77-a623-46bbfab85741 req-a8d37d9f-a58b-4d77-a623-46bbfab85741 ] Request (ListServerFiltersTestJSON:test_list_servers_filter_by_shutoff_status): 200 GET http://10.180.1.21/compute/v2.1/servers/1051b941-c705-42c0-833d-e6e35aacb293 0.440s
2025-04-18 10:28:30.426 70114 INFO tempest.lib.common.rest_client [req-b431af7a-a582-40cc-a305-0b5825ef223e req-b431af7a-a582-40cc-a305-0b5825ef223e ] Request (ServersTestJSON:test_create_server_with_ipv6_addr_only): 200 GET http://10.180.1.21/compute/v2.1/servers/a85b8c05-79a3-48e7-85d5-bdad0990397b 0.375s
2025-04-18 10:28:30.463 70072 INFO tempest.lib.common.rest_client [req-429bc175-94a6-4e33-ad77-75c95b76474a req-429bc175-94a6-4e33-ad77-75c95b76474a ] Request (ServersTestBootFromVolume:setUpClass): 200 GET http://10.180.1.21/compute/v2.1/servers/f886668c-02f3-4ea7-8ba3-eca7a392a8e4 0.240s
2025-04-18 10:28:30.477 70086 INFO tempest.lib.common.rest_client [req-2e9b508a-ad50-4a93-8256-d34be1fcf5c5 req-2e9b508a-ad50-4a93-8256-d34be1fcf5c5 ] Request (ServerPasswordTestJSON:setUpClass): 200 GET http://10.180.1.21/compute/v2.1/servers/b24c31aa-6a2e-4181-ab0b-20d3745dca1e 0.205s
2025-04-18 10:28:30.556 70128 INFO tempest.lib.common.rest_client [req-d9d379c8-dcc1-4ba3-ad68-1ecc203bdbfc req-d9d379c8-dcc1-4ba3-ad68-1ecc203bdbfc ] Request (ServerTagsTestJSON:test_create_delete_tag): 201 PUT http://10.180.1.21/compute/v2.1/servers/586c9d5e-45d9-4954-ba61-016a877c3277/tags/tempest-tag-182980759 0.273s
2025-04-18 10:28:30.563 70124 INFO tempest.lib.common.rest_client [req-e7c069c8-5840-44fc-b408-348abf200f30 req-e7c069c8-5840-44fc-b408-348abf200f30 ] Request (MigrationsAdminTest:test_list_migrations_in_flavor_resize_situation): 200 GET http://10.180.1.21/compute/v2.1/servers/8d3b4526-ef53-4517-a042-5b23502cd66a 0.287s
2025-04-18 10:28:30.616 70110 INFO tempest.lib.common.rest_client [req-4faddbfe-a23d-4b51-b55b-b6a28f9c7dbb req-4faddbfe-a23d-4b51-b55b-b6a28f9c7dbb ] Request (ServersListShow296Test:test_list_show_update_rebuild_server_296): 200 GET http://10.180.1.21/compute/v2.1/servers/cc6b4155-289b-4b2f-b0bb-bd2c2f056695 0.275s
2025-04-18 10:28:30.618 70084 INFO tempest.lib.common.rest_client [req-9c2cdeb2-28fa-4548-add8-772113006b2f req-9c2cdeb2-28fa-4548-add8-772113006b2f ] Request (ListImageFiltersTestJSON:setUpClass): 200 GET http://10.180.1.21/compute/v2.1/servers/06644b44-8b0c-48ab-9160-7adaba217538 0.202s
2025-04-18 10:28:30.643 70128 INFO tempest.lib.common.rest_client [req-af19a460-43e8-4037-8713-511eac06ad53 req-af19a460-43e8-4037-8713-511eac06ad53 ] Request (ServerTagsTestJSON:test_create_delete_tag): 200 GET http://10.180.1.21/compute/v2.1/servers/586c9d5e-45d9-4954-ba61-016a877c3277/tags 0.086s
2025-04-18 10:28:30.656 70120 INFO tempest.lib.common.rest_client [req-5711bda8-c2f9-418d-98e8-64ec7b7a2c34 req-5711bda8-c2f9-418d-98e8-64ec7b7a2c34 ] Request (ServerActionsV293TestJSON:setUpClass): 200 GET http://10.180.1.21/volume/v3/volumes/d3bc6946-05ab-4700-94ae-3d46ff5580eb 0.045s
2025-04-18 10:28:30.707 70130 INFO tempest.lib.common.rest_client [req-351c3da8-57db-47b1-8005-65054b178b5e req-351c3da8-57db-47b1-8005-65054b178b5e ] Request (TenantUsagesTestJSON:tearDownClass): 200 GET http://10.180.1.21/compute/v2.1/servers/9656233b-1a78-4451-908c-c162637a8253 0.097s
2025-04-18 10:28:30.752 70128 INFO tempest.lib.common.rest_client [req-f96094cb-3c99-4d44-af34-c2b39afa5db2 req-f96094cb-3c99-4d44-af34-c2b39afa5db2 ] Request (ServerTagsTestJSON:test_create_delete_tag): 204 DELETE http://10.180.1.21/compute/v2.1/servers/586c9d5e-45d9-4954-ba61-016a877c3277/tags/tempest-tag-182980759 0.108s
2025-04-18 10:28:30.765 70094 INFO tempest.lib.common.rest_client [req-91b9d1ad-ea63-4855-ade8-7d30e19fdcb4 req-91b9d1ad-ea63-4855-ade8-7d30e19fdcb4 ] Request (ServersAdminTestJSON:test_create_server_with_scheduling_hint): 200 GET http://10.180.1.21/compute/v2.1/servers/8c2769e9-4ec5-420e-9c22-8102db2e652e 0.230s
2025-04-18 10:28:30.809 70078 INFO tempest.lib.common.rest_client [req-75c9e6dd-9865-4918-b0a9-5622de94f377 req-75c9e6dd-9865-4918-b0a9-5622de94f377 ] Request (ServerActionsTestJSON:setUpClass): 200 GET http://10.180.1.21/compute/v2.1/servers/a1f80c39-d4d9-488e-ba8c-84a11a9f9882 0.129s
2025-04-18 10:28:30.816 70112 INFO tempest.lib.common.rest_client [req-eb187c27-7561-46d8-be62-7ccd7bf3fc47 req-eb187c27-7561-46d8-be62-7ccd7bf3fc47 ] Request (FloatingIPsAssociationTestJSON:test_associate_already_associated_floating_ip): 200 GET http://10.180.1.21/compute/v2.1/servers/4c434dcd-fb59-4653-adbd-e5f4fd19f884 0.070s
2025-04-18 10:28:30.823 70128 INFO tempest.lib.common.rest_client [req-dbb5dbbb-8b65-4407-95c7-63995d56e86c req-dbb5dbbb-8b65-4407-95c7-63995d56e86c ] Request (ServerTagsTestJSON:test_create_delete_tag): 200 GET http://10.180.1.21/compute/v2.1/servers/586c9d5e-45d9-4954-ba61-016a877c3277/tags 0.070s
2025-04-18 10:28:30.870 70122 INFO tempest.lib.common.rest_client [req-1b545f76-ea4a-4c08-9274-fec7a9af1129 req-1b545f76-ea4a-4c08-9274-fec7a9af1129 ] Request (SecurityGroupsTestJSON:test_server_security_groups): 200 GET http://10.180.1.21/compute/v2.1/servers/85d25ad8-28e1-4174-9a44-592d3a767bfd 0.079s
2025-04-18 10:28:30.909 70096 INFO tempest.lib.common.rest_client [req-617ccd29-e22e-4fdc-918a-181df68c4a27 req-617ccd29-e22e-4fdc-918a-181df68c4a27 ] Request (DeleteServersAdminTestJSON:test_delete_server_while_in_error_state): 200 GET http://10.180.1.21/compute/v2.1/servers/9729b810-6e68-41c1-b5fa-98914c041555 0.125s
2025-04-18 10:28:30.919 70128 INFO tempest.lib.common.rest_client [req-829ea438-7cb1-4632-9c59-4285e511b306 req-829ea438-7cb1-4632-9c59-4285e511b306 ] Request (ServerTagsTestJSON:_run_cleanups): 204 DELETE http://10.180.1.21/compute/v2.1/servers/586c9d5e-45d9-4954-ba61-016a877c3277/tags 0.094s
2025-04-18 10:28:30.957 70108 INFO tempest.lib.common.rest_client [req-d6c26208-9232-4bed-8805-7d8cd361db81 req-d6c26208-9232-4bed-8805-7d8cd361db81 ] Request (AttachVolumeTestJSON:test_attach_detach_volume): 200 GET http://10.180.1.21/compute/v2.1/servers/5ad02603-ab24-4817-bfe1-9716de876685 0.125s
2025-04-18 10:28:30.977 70116 INFO tempest.lib.common.rest_client [req-d0149b24-a77b-4c46-9cc4-800258dd0e58 req-d0149b24-a77b-4c46-9cc4-800258dd0e58 ] Request (ServersTestManualDisk:tearDownClass): 200 GET http://10.180.1.21/compute/v2.1/servers/10b322ed-e155-4013-98d7-d033c8dc7a6b 0.122s
2025-04-18 10:28:31.010 70107 INFO tempest.lib.common.rest_client [req-bc752f40-9955-467e-88cf-e4d59e63d204 req-bc752f40-9955-467e-88cf-e4d59e63d204 ] Request (AttachVolumeNegativeTest:test_attach_attached_volume_to_different_server): 200 GET http://10.180.1.21/compute/v2.1/servers/a1d9a7d5-69c9-486c-9e4b-99cc07d20730 0.125s
2025-04-18 10:28:31.038 70080 INFO tempest.lib.common.rest_client [req-580fdf9d-6cd1-4bf6-a943-0c4d78799a78 req-580fdf9d-6cd1-4bf6-a943-0c4d78799a78 ] Request (ServersAdmin275Test:tearDownClass): 200 GET http://10.180.1.21/compute/v2.1/servers/fee3d7b7-86bf-46f7-92a7-a626663dac51 0.120s
2025-04-18 10:28:31.061 70128 INFO tempest.lib.common.rest_client [req-cda159f7-977a-43a4-bf33-c2ca0d587cd2 req-cda159f7-977a-43a4-bf33-c2ca0d587cd2 ] Request (ServerTagsTestJSON:test_delete_all_tags): 201 PUT http://10.180.1.21/compute/v2.1/servers/586c9d5e-45d9-4954-ba61-016a877c3277/tags/tempest-tag-505931348 0.140s
2025-04-18 10:28:31.085 70104 INFO tempest.lib.common.rest_client [req-356f47ba-0344-4d61-80c9-db37749091b6 req-356f47ba-0344-4d61-80c9-db37749091b6 ] Request (ServersAdminNegativeTestJSON:test_migrate_server_invalid_state): 200 GET http://10.180.1.21/compute/v2.1/servers/0e9202db-b649-45c1-82cc-da3f96a8482d 0.150s
2025-04-18 10:28:31.109 70102 INFO tempest.lib.common.rest_client [req-377c4c5d-b95a-4633-89e2-4bc06458822d req-377c4c5d-b95a-4633-89e2-4bc06458822d ] Request (VolumesAssistedSnapshotsTest:test_volume_assisted_snapshot_create_delete): 200 GET http://10.180.1.21/compute/v2.1/servers/dab255ce-923e-45eb-bd6d-0bbd34a21b7f 0.049s
2025-04-18 10:28:31.137 70128 INFO tempest.lib.common.rest_client [req-6b703a48-1e61-4cc7-b77d-09b06a06f077 req-6b703a48-1e61-4cc7-b77d-09b06a06f077 ] Request (ServerTagsTestJSON:test_delete_all_tags): 201 PUT http://10.180.1.21/compute/v2.1/servers/586c9d5e-45d9-4954-ba61-016a877c3277/tags/tempest-tag-1992852400 0.074s
2025-04-18 10:28:31.165 70118 INFO tempest.lib.common.rest_client [req-1289c55f-8630-4d39-b9c3-3eca29344e9a req-1289c55f-8630-4d39-b9c3-3eca29344e9a ] Request (ImagesOneServerTestJSON:tearDownClass): 200 GET http://10.180.1.21/compute/v2.1/servers/c10f0424-df91-4670-b402-9e96e71e52ed 0.101s
2025-04-18 10:28:31.184 70082 INFO tempest.lib.common.rest_client [req-86ab6385-bc42-492c-991e-932288cc90bc req-86ab6385-bc42-492c-991e-932288cc90bc ] Request (ServersTestJSON:setUpClass): 200 GET http://10.180.1.21/compute/v2.1/servers/34ed9d40-479e-4f43-b127-ec4c0f2634e5 0.070s
2025-04-18 10:28:31.212 70088 INFO tempest.lib.common.rest_client [req-ab104c39-bd2c-4965-b6ec-70e07225f813 req-ab104c39-bd2c-4965-b6ec-70e07225f813 ] Request (ServersTestMultiNic:test_verify_duplicate_network_nics): 200 GET http://10.180.1.21/compute/v2.1/servers/c9af6b98-3a14-4648-a6c9-75842f87755c 0.074s
2025-04-18 10:28:31.238 70128 INFO tempest.lib.common.rest_client [req-4fd42836-a5bb-4acb-81a3-e7c8b5728076 req-4fd42836-a5bb-4acb-81a3-e7c8b5728076 ] Request (ServerTagsTestJSON:test_delete_all_tags): 204 DELETE http://10.180.1.21/compute/v2.1/servers/586c9d5e-45d9-4954-ba61-016a877c3277/tags 0.100s
2025-04-18 10:28:31.289 70074 INFO tempest.lib.common.rest_client [req-ce6789d6-0572-46e4-af55-dca52e826afa req-ce6789d6-0572-46e4-af55-dca52e826afa ] Request (ImagesOneServerNegativeTestJSON:setUpClass): 200 GET http://10.180.1.21/compute/v2.1/servers/56dde5b7-8a56-4df6-85ad-d84f9c7a0757 0.069s
2025-04-18 10:28:31.295 70074 INFO tempest.common.waiters [-] State transition "BUILD/None" ==> "BUILD/networking" after 46 second wait
2025-04-18 10:28:31.302 70076 INFO tempest.lib.common.rest_client [req-478e89f1-eb49-4c96-af5d-05f44bcc1697 req-478e89f1-eb49-4c96-af5d-05f44bcc1697 ] Request (ServerAddressesTestJSON:tearDownClass): 200 GET http://10.180.1.21/compute/v2.1/servers/5828fe6a-a7fc-4288-b52a-14cf6f20a19e 0.089s
2025-04-18 10:28:31.302 70128 INFO tempest.lib.common.rest_client [req-f081759e-f7b5-4df0-b24a-dd733fe3a6b3 req-f081759e-f7b5-4df0-b24a-dd733fe3a6b3 ] Request (ServerTagsTestJSON:test_delete_all_tags): 200 GET http://10.180.1.21/compute/v2.1/servers/586c9d5e-45d9-4954-ba61-016a877c3277/tags 0.063s
2025-04-18 10:28:31.358 70098 INFO tempest.lib.common.rest_client [req-491f18cd-803f-4896-97ee-5d66abb83c95 req-491f18cd-803f-4896-97ee-5d66abb83c95 ] Request (AttachInterfacesV270Test:test_create_get_list_interfaces): 200 GET http://10.180.1.21/compute/v2.1/servers/f916deca-c048-436e-82cd-cc49c9983c06 0.080s
2025-04-18 10:28:31.359 70100 INFO tempest.lib.common.rest_client [req-e3155b77-022e-4a45-89d8-9237b3085df1 req-e3155b77-022e-4a45-89d8-9237b3085df1 ] Request (ServersAaction247Test:tearDownClass): 200 GET http://10.180.1.21/compute/v2.1/servers/cd7dce97-f3fe-477e-9169-38cfcd581d38 0.089s
2025-04-18 10:28:31.400 70128 INFO tempest.lib.common.rest_client [req-69ef6715-8047-4365-9ae3-0989489e4197 req-69ef6715-8047-4365-9ae3-0989489e4197 ] Request (ServerTagsTestJSON:_run_cleanups): 204 DELETE http://10.180.1.21/compute/v2.1/servers/586c9d5e-45d9-4954-ba61-016a877c3277/tags 0.096s
2025-04-18 10:28:31.410 70092 INFO tempest.lib.common.rest_client [req-00387083-def6-4ba6-bbb6-e196c47b2f0b req-00387083-def6-4ba6-bbb6-e196c47b2f0b ] Request (MultipleCreateTestJSON:test_multiple_create): 200 GET http://10.180.1.21/compute/v2.1/servers/bb3d06ae-96f6-4f0f-9d85-768bd5d7f58c 0.074s
2025-04-18 10:28:31.451 70126 INFO tempest.lib.common.rest_client [req-ad185238-ca7e-41ec-8d21-4685badfaa81 req-ad185238-ca7e-41ec-8d21-4685badfaa81 ] Request (InstanceActionsNegativeTestJSON:setUpClass): 200 GET http://10.180.1.21/compute/v2.1/servers/4011ed19-c85c-405e-9ad0-8e163b03bd75 0.067s
2025-04-18 10:28:31.476 70128 INFO tempest.lib.common.rest_client [req-3b072423-2920-450b-b75b-4d97977007a6 req-3b072423-2920-450b-b75b-4d97977007a6 ] Request (ServerTagsTestJSON:test_update_all_tags): 201 PUT http://10.180.1.21/compute/v2.1/servers/586c9d5e-45d9-4954-ba61-016a877c3277/tags/tempest-tag-2036597957 0.075s
2025-04-18 10:28:31.552 70114 INFO tempest.lib.common.rest_client [req-235cee76-d2fc-414e-b07b-7a7c0e66eab2 req-235cee76-d2fc-414e-b07b-7a7c0e66eab2 ] Request (ServersTestJSON:test_create_server_with_ipv6_addr_only): 200 GET http://10.180.1.21/compute/v2.1/servers/a85b8c05-79a3-48e7-85d5-bdad0990397b 0.116s
2025-04-18 10:28:31.598 70070 INFO tempest.lib.common.rest_client [req-a6aa70a3-4c71-43b3-a9c5-df0e5a51fde0 req-a6aa70a3-4c71-43b3-a9c5-df0e5a51fde0 ] Request (ListServerFiltersTestJSON:test_list_servers_filter_by_shutoff_status): 200 GET http://10.180.1.21/compute/v2.1/servers/1051b941-c705-42c0-833d-e6e35aacb293 0.172s
2025-04-18 10:28:31.628 70072 INFO tempest.lib.common.rest_client [req-c34a8801-c3f6-490f-8f31-f1deced3e52f req-c34a8801-c3f6-490f-8f31-f1deced3e52f ] Request (ServersTestBootFromVolume:setUpClass): 200 GET http://10.180.1.21/compute/v2.1/servers/f886668c-02f3-4ea7-8ba3-eca7a392a8e4 0.156s
2025-04-18 10:28:31.655 70128 INFO tempest.lib.common.rest_client [req-cedf63b8-c383-4afc-ac04-eff6f102b6ea req-cedf63b8-c383-4afc-ac04-eff6f102b6ea ] Request (ServerTagsTestJSON:test_update_all_tags): 201 PUT http://10.180.1.21/compute/v2.1/servers/586c9d5e-45d9-4954-ba61-016a877c3277/tags/tempest-tag-653738831 0.177s
2025-04-18 10:28:31.691 70086 INFO tempest.lib.common.rest_client [req-ccb55c45-ae02-4f77-9c4f-3fc36aa8177b req-ccb55c45-ae02-4f77-9c4f-3fc36aa8177b ] Request (ServerPasswordTestJSON:setUpClass): 200 GET http://10.180.1.21/compute/v2.1/servers/b24c31aa-6a2e-4181-ab0b-20d3745dca1e 0.206s
2025-04-18 10:28:31.698 70120 INFO tempest.lib.common.rest_client [req-bd2d412c-21e8-4de4-afae-f903ff9a7a50 req-bd2d412c-21e8-4de4-afae-f903ff9a7a50 ] Request (ServerActionsV293TestJSON:setUpClass): 200 GET http://10.180.1.21/volume/v3/volumes/d3bc6946-05ab-4700-94ae-3d46ff5580eb 0.033s
2025-04-18 10:28:31.703 70090 WARNING tempest.lib.common.ssh [-] Failed to establish authenticated ssh connection to cirros@10.180.180.147 ([Errno None] Unable to connect to port 22 on 10.180.180.147). Number attempts: 5. Retry after 6 seconds.: paramiko.ssh_exception.NoValidConnectionsError: [Errno None] Unable to connect to port 22 on 10.180.180.147
2025-04-18 10:28:31.760 70124 INFO tempest.lib.common.rest_client [req-68ca71df-0918-4b0a-9bb5-90fdf98f4d98 req-68ca71df-0918-4b0a-9bb5-90fdf98f4d98 ] Request (MigrationsAdminTest:test_list_migrations_in_flavor_resize_situation): 200 GET http://10.180.1.21/compute/v2.1/servers/8d3b4526-ef53-4517-a042-5b23502cd66a 0.186s
2025-04-18 10:28:31.764 70110 INFO tempest.lib.common.rest_client [req-2d6eb9ec-b61c-46fc-9fb2-2dce7312e9d0 req-2d6eb9ec-b61c-46fc-9fb2-2dce7312e9d0 ] Request (ServersListShow296Test:test_list_show_update_rebuild_server_296): 200 GET http://10.180.1.21/compute/v2.1/servers/cc6b4155-289b-4b2f-b0bb-bd2c2f056695 0.137s
2025-04-18 10:28:31.809 70084 INFO tempest.lib.common.rest_client [req-1fa3ebb2-3047-45b6-a5d3-c8060c8a3fb2 req-1fa3ebb2-3047-45b6-a5d3-c8060c8a3fb2 ] Request (ListImageFiltersTestJSON:setUpClass): 200 GET http://10.180.1.21/compute/v2.1/servers/06644b44-8b0c-48ab-9160-7adaba217538 0.178s
2025-04-18 10:28:31.821 70128 INFO tempest.lib.common.rest_client [req-f291e354-fe9b-4604-9f8a-d13818363ac0 req-f291e354-fe9b-4604-9f8a-d13818363ac0 ] Request (ServerTagsTestJSON:test_update_all_tags): 200 PUT http://10.180.1.21/compute/v2.1/servers/586c9d5e-45d9-4954-ba61-016a877c3277/tags 0.165s
2025-04-18 10:28:31.869 70130 INFO tempest.lib.common.rest_client [req-7ce31135-2876-4775-8b85-078713459e05 req-7ce31135-2876-4775-8b85-078713459e05 ] Request (TenantUsagesTestJSON:tearDownClass): 200 GET http://10.180.1.21/compute/v2.1/servers/9656233b-1a78-4451-908c-c162637a8253 0.153s
2025-04-18 10:28:31.918 70078 INFO tempest.lib.common.rest_client [req-d0eb8afe-351d-4a86-b523-30d82662c3dc req-d0eb8afe-351d-4a86-b523-30d82662c3dc ] Request (ServerActionsTestJSON:setUpClass): 200 GET http://10.180.1.21/compute/v2.1/servers/a1f80c39-d4d9-488e-ba8c-84a11a9f9882 0.099s
2025-04-18 10:28:31.933 70094 INFO tempest.lib.common.rest_client [req-026416ee-76c6-47e3-a6d2-0d7a99e61e41 req-026416ee-76c6-47e3-a6d2-0d7a99e61e41 ] Request (ServersAdminTestJSON:test_create_server_with_scheduling_hint): 200 GET http://10.180.1.21/compute/v2.1/servers/8c2769e9-4ec5-420e-9c22-8102db2e652e 0.155s
2025-04-18 10:28:31.936 70128 INFO tempest.lib.common.rest_client [req-508db060-8211-4087-844f-3a9b9c4243ce req-508db060-8211-4087-844f-3a9b9c4243ce ] Request (ServerTagsTestJSON:test_update_all_tags): 200 GET http://10.180.1.21/compute/v2.1/servers/586c9d5e-45d9-4954-ba61-016a877c3277/tags 0.114s
2025-04-18 10:28:31.993 70122 INFO tempest.lib.common.rest_client [req-fb8889c6-bf78-4b1e-852c-07392761d15c req-fb8889c6-bf78-4b1e-852c-07392761d15c ] Request (SecurityGroupsTestJSON:test_server_security_groups): 200 GET http://10.180.1.21/compute/v2.1/servers/85d25ad8-28e1-4174-9a44-592d3a767bfd 0.112s
2025-04-18 10:28:32.001 70112 INFO tempest.lib.common.rest_client [req-c440114d-d9be-4a29-aa64-e363395b6f96 req-c440114d-d9be-4a29-aa64-e363395b6f96 ] Request (FloatingIPsAssociationTestJSON:test_associate_already_associated_floating_ip): 200 GET http://10.180.1.21/compute/v2.1/servers/4c434dcd-fb59-4653-adbd-e5f4fd19f884 0.173s
2025-04-18 10:28:32.050 70128 INFO tempest.lib.common.rest_client [req-572de010-a11b-4f29-b0de-36256f3019d6 req-572de010-a11b-4f29-b0de-36256f3019d6 ] Request (ServerTagsTestJSON:_run_cleanups): 204 DELETE http://10.180.1.21/compute/v2.1/servers/586c9d5e-45d9-4954-ba61-016a877c3277/tags 0.112s
2025-04-18 10:28:32.101 70108 INFO tempest.lib.common.rest_client [req-deed1197-d6f5-47f8-8b5c-f8c57a3c5c74 req-deed1197-d6f5-47f8-8b5c-f8c57a3c5c74 ] Request (AttachVolumeTestJSON:test_attach_detach_volume): 200 GET http://10.180.1.21/compute/v2.1/servers/5ad02603-ab24-4817-bfe1-9716de876685 0.136s
2025-04-18 10:28:32.123 70096 INFO tempest.lib.common.rest_client [req-4b17c144-2901-4606-b43b-8fe0834c38e9 req-4b17c144-2901-4606-b43b-8fe0834c38e9 ] Request (DeleteServersAdminTestJSON:test_delete_server_while_in_error_state): 200 GET http://10.180.1.21/compute/v2.1/servers/9729b810-6e68-41c1-b5fa-98914c041555 0.206s
2025-04-18 10:28:32.172 70116 INFO tempest.lib.common.rest_client [req-65036d5f-fb38-4d36-8b60-b0823a06e61d req-65036d5f-fb38-4d36-8b60-b0823a06e61d ] Request (ServersTestManualDisk:tearDownClass): 200 GET http://10.180.1.21/compute/v2.1/servers/10b322ed-e155-4013-98d7-d033c8dc7a6b 0.187s
2025-04-18 10:28:32.192 70107 INFO tempest.lib.common.rest_client [req-2c57e8a8-8c45-4395-9f0c-1803b17f8334 req-2c57e8a8-8c45-4395-9f0c-1803b17f8334 ] Request (AttachVolumeNegativeTest:test_attach_attached_volume_to_different_server): 200 GET http://10.180.1.21/compute/v2.1/servers/a1d9a7d5-69c9-486c-9e4b-99cc07d20730 0.172s
2025-04-18 10:28:32.264 70080 INFO tempest.lib.common.rest_client [req-023620c4-39d0-41d4-8fed-4decf860fb53 req-023620c4-39d0-41d4-8fed-4decf860fb53 ] Request (ServersAdmin275Test:tearDownClass): 200 GET http://10.180.1.21/compute/v2.1/servers/fee3d7b7-86bf-46f7-92a7-a626663dac51 0.214s
2025-04-18 10:28:32.272 70128 INFO tempest.lib.common.rest_client [req-8f7f8d3f-6d3b-4e8c-8bde-67083dc701e4 req-8f7f8d3f-6d3b-4e8c-8bde-67083dc701e4 ] Request (ServerTagsTestJSON:tearDownClass): 204 DELETE http://10.180.1.21/compute/v2.1/servers/586c9d5e-45d9-4954-ba61-016a877c3277 0.217s
2025-04-18 10:28:32.321 70104 INFO tempest.lib.common.rest_client [req-efc7288d-0220-4183-8b17-921fa59e17d6 req-efc7288d-0220-4183-8b17-921fa59e17d6 ] Request (ServersAdminNegativeTestJSON:test_migrate_server_invalid_state): 200 GET http://10.180.1.21/compute/v2.1/servers/0e9202db-b649-45c1-82cc-da3f96a8482d 0.227s
2025-04-18 10:28:32.335 70102 INFO tempest.lib.common.rest_client [req-8a26ebcf-2d91-400f-973d-b4eb8fdd19d0 req-8a26ebcf-2d91-400f-973d-b4eb8fdd19d0 ] Request (VolumesAssistedSnapshotsTest:test_volume_assisted_snapshot_create_delete): 200 GET http://10.180.1.21/compute/v2.1/servers/dab255ce-923e-45eb-bd6d-0bbd34a21b7f 0.217s
2025-04-18 10:28:32.377 70118 INFO tempest.lib.common.rest_client [req-eb9fee20-6c66-483e-96ed-4b6bdc42c731 req-eb9fee20-6c66-483e-96ed-4b6bdc42c731 ] Request (ImagesOneServerTestJSON:tearDownClass): 200 GET http://10.180.1.21/compute/v2.1/servers/c10f0424-df91-4670-b402-9e96e71e52ed 0.201s
2025-04-18 10:28:32.393 70082 INFO tempest.lib.common.rest_client [req-1aa8cef8-abfb-474e-8864-9d710edad4c9 req-1aa8cef8-abfb-474e-8864-9d710edad4c9 ] Request (ServersTestJSON:setUpClass): 200 GET http://10.180.1.21/compute/v2.1/servers/34ed9d40-479e-4f43-b127-ec4c0f2634e5 0.197s
2025-04-18 10:28:32.422 70088 INFO tempest.lib.common.rest_client [req-4e05324f-9f35-438a-9356-28a67f1be47f req-4e05324f-9f35-438a-9356-28a67f1be47f ] Request (ServersTestMultiNic:test_verify_duplicate_network_nics): 200 GET http://10.180.1.21/compute/v2.1/servers/c9af6b98-3a14-4648-a6c9-75842f87755c 0.201s
2025-04-18 10:28:32.537 70128 INFO tempest.lib.common.rest_client [req-be6d1b32-ea67-4484-abe6-53c52ce30d34 req-be6d1b32-ea67-4484-abe6-53c52ce30d34 ] Request (ServerTagsTestJSON:tearDownClass): 200 GET http://10.180.1.21/compute/v2.1/servers/586c9d5e-45d9-4954-ba61-016a877c3277 0.265s
2025-04-18 10:28:32.538 70074 INFO tempest.lib.common.rest_client [req-c20627ad-177a-40ca-85d9-212c0024d888 req-c20627ad-177a-40ca-85d9-212c0024d888 ] Request (ImagesOneServerNegativeTestJSON:setUpClass): 200 GET http://10.180.1.21/compute/v2.1/servers/56dde5b7-8a56-4df6-85ad-d84f9c7a0757 0.242s
2025-04-18 10:28:32.546 70074 INFO tempest.common.waiters [-] State transition "BUILD/networking" ==> "BUILD/block_device_mapping" after 47 second wait
2025-04-18 10:28:32.598 70076 INFO tempest.lib.common.rest_client [req-9f558272-bd1c-478c-9212-f35e49f6a2b2 req-9f558272-bd1c-478c-9212-f35e49f6a2b2 ] Request (ServerAddressesTestJSON:tearDownClass): 200 GET http://10.180.1.21/compute/v2.1/servers/5828fe6a-a7fc-4288-b52a-14cf6f20a19e 0.287s
2025-04-18 10:28:32.600 70098 INFO tempest.lib.common.rest_client [req-fac65f3c-9c92-4567-baea-33e525013de7 req-fac65f3c-9c92-4567-baea-33e525013de7 ] Request (AttachInterfacesV270Test:test_create_get_list_interfaces): 200 GET http://10.180.1.21/compute/v2.1/servers/f916deca-c048-436e-82cd-cc49c9983c06 0.232s
2025-04-18 10:28:32.646 70092 INFO tempest.lib.common.rest_client [req-88c98b44-d4f8-41ee-ad21-81685d48a4a5 req-88c98b44-d4f8-41ee-ad21-81685d48a4a5 ] Request (MultipleCreateTestJSON:test_multiple_create): 200 GET http://10.180.1.21/compute/v2.1/servers/bb3d06ae-96f6-4f0f-9d85-768bd5d7f58c 0.228s
2025-04-18 10:28:32.656 70100 INFO tempest.lib.common.rest_client [req-c350ab14-69c0-4208-8136-5a32071cde99 req-c350ab14-69c0-4208-8136-5a32071cde99 ] Request (ServersAaction247Test:tearDownClass): 200 GET http://10.180.1.21/compute/v2.1/servers/cd7dce97-f3fe-477e-9169-38cfcd581d38 0.287s
2025-04-18 10:28:32.697 70126 INFO tempest.lib.common.rest_client [req-2a358d3e-31ad-4768-a328-16c6e9f5743d req-2a358d3e-31ad-4768-a328-16c6e9f5743d ] Request (InstanceActionsNegativeTestJSON:setUpClass): 200 GET http://10.180.1.21/compute/v2.1/servers/4011ed19-c85c-405e-9ad0-8e163b03bd75 0.237s
2025-04-18 10:28:32.702 70114 INFO tempest.lib.common.rest_client [req-efca9d55-e442-4901-8c19-29c925ea1b1f req-efca9d55-e442-4901-8c19-29c925ea1b1f ] Request (ServersTestJSON:test_create_server_with_ipv6_addr_only): 200 GET http://10.180.1.21/compute/v2.1/servers/a85b8c05-79a3-48e7-85d5-bdad0990397b 0.139s
2025-04-18 10:28:32.740 70120 INFO tempest.lib.common.rest_client [req-9cc4423a-e484-4046-8be3-121dfa46b884 req-9cc4423a-e484-4046-8be3-121dfa46b884 ] Request (ServerActionsV293TestJSON:setUpClass): 200 GET http://10.180.1.21/volume/v3/volumes/d3bc6946-05ab-4700-94ae-3d46ff5580eb 0.033s
2025-04-18 10:28:32.763 70072 INFO tempest.lib.common.rest_client [req-a3b9f394-e982-4c75-bdc6-24c446ae1192 req-a3b9f394-e982-4c75-bdc6-24c446ae1192 ] Request (ServersTestBootFromVolume:setUpClass): 200 GET http://10.180.1.21/compute/v2.1/servers/f886668c-02f3-4ea7-8ba3-eca7a392a8e4 0.125s
2025-04-18 10:28:32.810 70070 INFO tempest.lib.common.rest_client [req-960a696d-2e18-4ca8-8d2e-de3e68a191f2 req-960a696d-2e18-4ca8-8d2e-de3e68a191f2 ] Request (ListServerFiltersTestJSON:test_list_servers_filter_by_shutoff_status): 200 GET http://10.180.1.21/compute/v2.1/servers/1051b941-c705-42c0-833d-e6e35aacb293 0.203s
2025-04-18 10:28:32.820 70086 INFO tempest.lib.common.rest_client [req-35de11e4-be4d-4043-9176-bdb08b44c37e req-35de11e4-be4d-4043-9176-bdb08b44c37e ] Request (ServerPasswordTestJSON:setUpClass): 200 GET http://10.180.1.21/compute/v2.1/servers/b24c31aa-6a2e-4181-ab0b-20d3745dca1e 0.121s
2025-04-18 10:28:32.889 70110 INFO tempest.lib.common.rest_client [req-ee489ac2-9acb-4aaa-be8c-0b058db5ccb9 req-ee489ac2-9acb-4aaa-be8c-0b058db5ccb9 ] Request (ServersListShow296Test:test_list_show_update_rebuild_server_296): 200 GET http://10.180.1.21/compute/v2.1/servers/cc6b4155-289b-4b2f-b0bb-bd2c2f056695 0.114s
2025-04-18 10:28:32.914 70124 INFO tempest.lib.common.rest_client [req-2e0bf86b-3582-4541-b4ce-d578a4420e44 req-2e0bf86b-3582-4541-b4ce-d578a4420e44 ] Request (MigrationsAdminTest:test_list_migrations_in_flavor_resize_situation): 200 GET http://10.180.1.21/compute/v2.1/servers/8d3b4526-ef53-4517-a042-5b23502cd66a 0.143s
2025-04-18 10:28:32.934 70084 INFO tempest.lib.common.rest_client [req-3c4cbf78-76d5-41d3-b934-99b69436b5cb req-3c4cbf78-76d5-41d3-b934-99b69436b5cb ] Request (ListImageFiltersTestJSON:setUpClass): 200 GET http://10.180.1.21/compute/v2.1/servers/06644b44-8b0c-48ab-9160-7adaba217538 0.116s
2025-04-18 10:28:32.967 70130 INFO tempest.lib.common.rest_client [req-b889391c-67f6-40e9-ad76-3caa7439c003 req-b889391c-67f6-40e9-ad76-3caa7439c003 ] Request (TenantUsagesTestJSON:tearDownClass): 200 GET http://10.180.1.21/compute/v2.1/servers/9656233b-1a78-4451-908c-c162637a8253 0.087s
2025-04-18 10:28:32.980 70078 INFO tempest.lib.common.rest_client [req-74c8f154-9db4-4d69-8caa-a88c8837664b req-74c8f154-9db4-4d69-8caa-a88c8837664b ] Request (ServerActionsTestJSON:setUpClass): 200 GET http://10.180.1.21/compute/v2.1/servers/a1f80c39-d4d9-488e-ba8c-84a11a9f9882 0.051s
2025-04-18 10:28:33.058 70122 INFO tempest.lib.common.rest_client [req-0731f8eb-8a50-4aa5-b8a0-5fe76f64b8a4 req-0731f8eb-8a50-4aa5-b8a0-5fe76f64b8a4 ] Request (SecurityGroupsTestJSON:test_server_security_groups): 200 GET http://10.180.1.21/compute/v2.1/servers/85d25ad8-28e1-4174-9a44-592d3a767bfd 0.056s
2025-04-18 10:28:33.098 70094 INFO tempest.lib.common.rest_client [req-fa04d349-8f5d-4cd1-8c58-2d2c0c0185ef req-fa04d349-8f5d-4cd1-8c58-2d2c0c0185ef ] Request (ServersAdminTestJSON:test_create_server_with_scheduling_hint): 200 GET http://10.180.1.21/compute/v2.1/servers/8c2769e9-4ec5-420e-9c22-8102db2e652e 0.154s
2025-04-18 10:28:33.107 70112 INFO tempest.lib.common.rest_client [req-94878690-2636-4952-a40f-1bbfd2bd6e82 req-94878690-2636-4952-a40f-1bbfd2bd6e82 ] Request (FloatingIPsAssociationTestJSON:test_associate_already_associated_floating_ip): 200 GET http://10.180.1.21/compute/v2.1/servers/4c434dcd-fb59-4653-adbd-e5f4fd19f884 0.098s
2025-04-18 10:28:33.165 70108 INFO tempest.lib.common.rest_client [req-966b1a8c-2518-43e0-b65b-c1f01b7e57e2 req-966b1a8c-2518-43e0-b65b-c1f01b7e57e2 ] Request (AttachVolumeTestJSON:test_attach_detach_volume): 200 GET http://10.180.1.21/compute/v2.1/servers/5ad02603-ab24-4817-bfe1-9716de876685 0.048s
2025-04-18 10:28:33.235 70116 INFO tempest.lib.common.rest_client [req-742f123c-6590-43f3-9002-aa3ded3b2449 req-742f123c-6590-43f3-9002-aa3ded3b2449 ] Request (ServersTestManualDisk:tearDownClass): 200 GET http://10.180.1.21/compute/v2.1/servers/10b322ed-e155-4013-98d7-d033c8dc7a6b 0.054s
2025-04-18 10:28:33.244 70096 INFO tempest.lib.common.rest_client [req-42a678e1-c420-4cee-bfe4-bbe7e5914d2b req-42a678e1-c420-4cee-bfe4-bbe7e5914d2b ] Request (DeleteServersAdminTestJSON:test_delete_server_while_in_error_state): 200 GET http://10.180.1.21/compute/v2.1/servers/9729b810-6e68-41c1-b5fa-98914c041555 0.110s
2025-04-18 10:28:33.252 70096 INFO tempest.common.waiters [-] State transition "BUILD/spawning" ==> "ACTIVE/None" after 50 second wait
2025-04-18 10:28:33.286 70107 INFO tempest.lib.common.rest_client [req-596b41e8-be52-4995-8726-5b386fa6de5c req-596b41e8-be52-4995-8726-5b386fa6de5c ] Request (AttachVolumeNegativeTest:test_attach_attached_volume_to_different_server): 200 GET http://10.180.1.21/compute/v2.1/servers/a1d9a7d5-69c9-486c-9e4b-99cc07d20730 0.079s
2025-04-18 10:28:33.314 70096 INFO tempest.lib.common.rest_client [req-f59b4f23-43eb-449d-bb42-68ba38b0b4aa req-f59b4f23-43eb-449d-bb42-68ba38b0b4aa ] Request (DeleteServersAdminTestJSON:test_delete_server_while_in_error_state): 202 POST http://10.180.1.21/compute/v2.1/servers/9729b810-6e68-41c1-b5fa-98914c041555/action 0.061s
2025-04-18 10:28:33.345 70080 INFO tempest.lib.common.rest_client [req-8c9b9cb6-8df5-425c-8810-2bdc492fc822 req-8c9b9cb6-8df5-425c-8810-2bdc492fc822 ] Request (ServersAdmin275Test:tearDownClass): 200 GET http://10.180.1.21/compute/v2.1/servers/fee3d7b7-86bf-46f7-92a7-a626663dac51 0.070s
2025-04-18 10:28:33.395 70104 INFO tempest.lib.common.rest_client [req-5acdadd3-edbe-4a31-871e-d410d5725f67 req-5acdadd3-edbe-4a31-871e-d410d5725f67 ] Request (ServersAdminNegativeTestJSON:test_migrate_server_invalid_state): 200 GET http://10.180.1.21/compute/v2.1/servers/0e9202db-b649-45c1-82cc-da3f96a8482d 0.064s
2025-04-18 10:28:33.410 70096 INFO tempest.lib.common.rest_client [req-ef5f7b26-ab08-43fc-949b-7872c1e0dca1 req-ef5f7b26-ab08-43fc-949b-7872c1e0dca1 ] Request (DeleteServersAdminTestJSON:test_delete_server_while_in_error_state): 200 GET http://10.180.1.21/compute/v2.1/servers/9729b810-6e68-41c1-b5fa-98914c041555 0.095s
2025-04-18 10:28:33.443 70102 INFO tempest.lib.common.rest_client [req-2b38d873-8c31-4131-bfec-1de3de0cad03 req-2b38d873-8c31-4131-bfec-1de3de0cad03 ] Request (VolumesAssistedSnapshotsTest:test_volume_assisted_snapshot_create_delete): 200 GET http://10.180.1.21/compute/v2.1/servers/dab255ce-923e-45eb-bd6d-0bbd34a21b7f 0.097s
2025-04-18 10:28:33.471 70118 INFO tempest.lib.common.rest_client [req-2c794903-f525-4ed3-af74-c0e7956a9c6b req-2c794903-f525-4ed3-af74-c0e7956a9c6b ] Request (ImagesOneServerTestJSON:tearDownClass): 200 GET http://10.180.1.21/compute/v2.1/servers/c10f0424-df91-4670-b402-9e96e71e52ed 0.085s
2025-04-18 10:28:33.498 70082 INFO tempest.lib.common.rest_client [req-c4181514-1bcd-47e6-bf9a-5a396429535f req-c4181514-1bcd-47e6-bf9a-5a396429535f ] Request (ServersTestJSON:setUpClass): 200 GET http://10.180.1.21/compute/v2.1/servers/34ed9d40-479e-4f43-b127-ec4c0f2634e5 0.096s
2025-04-18 10:28:33.559 70088 INFO tempest.lib.common.rest_client [req-f40feb87-72d9-4561-8e58-b79c5fdbf501 req-f40feb87-72d9-4561-8e58-b79c5fdbf501 ] Request (ServersTestMultiNic:test_verify_duplicate_network_nics): 200 GET http://10.180.1.21/compute/v2.1/servers/c9af6b98-3a14-4648-a6c9-75842f87755c 0.124s
2025-04-18 10:28:33.577 70096 INFO tempest.lib.common.rest_client [req-70428581-f7f5-4f95-9f0b-9f3cd6831151 req-70428581-f7f5-4f95-9f0b-9f3cd6831151 ] Request (DeleteServersAdminTestJSON:test_delete_server_while_in_error_state): 204 DELETE http://10.180.1.21/compute/v2.1/servers/9729b810-6e68-41c1-b5fa-98914c041555 0.160s
2025-04-18 10:28:33.666 70074 INFO tempest.lib.common.rest_client [req-1833d5e8-c090-4570-b1b6-9637bcc6a97f req-1833d5e8-c090-4570-b1b6-9637bcc6a97f ] Request (ImagesOneServerNegativeTestJSON:setUpClass): 200 GET http://10.180.1.21/compute/v2.1/servers/56dde5b7-8a56-4df6-85ad-d84f9c7a0757 0.119s
2025-04-18 10:28:33.677 70074 INFO tempest.common.waiters [-] State transition "BUILD/block_device_mapping" ==> "BUILD/spawning" after 48 second wait
2025-04-18 10:28:33.712 70128 INFO tempest.lib.common.rest_client [req-c3624261-b84a-41e4-b5e5-f69a972df1e8 req-c3624261-b84a-41e4-b5e5-f69a972df1e8 ] Request (ServerTagsTestJSON:tearDownClass): 200 GET http://10.180.1.21/compute/v2.1/servers/586c9d5e-45d9-4954-ba61-016a877c3277 0.164s
2025-04-18 10:28:33.780 70120 INFO tempest.lib.common.rest_client [req-62bdfe7a-a253-4e34-819a-05212d7548c0 req-62bdfe7a-a253-4e34-819a-05212d7548c0 ] Request (ServerActionsV293TestJSON:setUpClass): 200 GET http://10.180.1.21/volume/v3/volumes/d3bc6946-05ab-4700-94ae-3d46ff5580eb 0.029s
2025-04-18 10:28:33.795 70096 INFO tempest.lib.common.rest_client [req-90495d93-9555-464a-befe-6fb247bbb53a req-90495d93-9555-464a-befe-6fb247bbb53a ] Request (DeleteServersAdminTestJSON:test_delete_server_while_in_error_state): 200 GET http://10.180.1.21/compute/v2.1/servers/9729b810-6e68-41c1-b5fa-98914c041555 0.217s
2025-04-18 10:28:33.801 70076 INFO tempest.lib.common.rest_client [req-2ed15b22-d612-4e70-b643-1d05bd40295b req-2ed15b22-d612-4e70-b643-1d05bd40295b ] Request (ServerAddressesTestJSON:tearDownClass): 200 GET http://10.180.1.21/compute/v2.1/servers/5828fe6a-a7fc-4288-b52a-14cf6f20a19e 0.196s
2025-04-18 10:28:33.811 70076 INFO tempest.common.waiters [-] State transition "ACTIVE/deleting" ==> "DELETED/None" after 5 second wait
