2025-04-18 10:27:37.632 70102 INFO tempest.lib.common.rest_client [req-16c84e5a-5c49-47c9-b52c-f37ed7cc9a12 req-16c84e5a-5c49-47c9-b52c-f37ed7cc9a12 ] Request (AggregatesAdminNegativeTestJSON:_run_cleanups): 200 DELETE http://10.180.1.21/compute/v2.1/os-aggregates/5 1.922s
2025-04-18 10:27:37.672 70082 INFO tempest.lib.common.rest_client [req-0ee2e7e4-2d41-4179-b83d-da491b0ef4a4 req-0ee2e7e4-2d41-4179-b83d-da491b0ef4a4 ] Request (FlavorsAdminTestJSON:test_is_public_string_variations): 200 GET http://10.180.1.21/compute/v2.1/flavors/detail?is_public=t 1.942s
2025-04-18 10:27:37.678 70124 INFO tempest.lib.common.rest_client [req-a67db6de-2e3a-404f-bee8-12b29a955d35 req-a67db6de-2e3a-404f-bee8-12b29a955d35 ] Request (MigrationsAdminTest:test_list_migrations_in_flavor_resize_situation): 200 GET http://10.180.1.21/compute/v2.1/servers/8d3b4526-ef53-4517-a042-5b23502cd66a 2.075s
2025-04-18 10:27:37.701 70108 INFO tempest.lib.common.rest_client [req-30ae3a53-3fe5-45c5-853d-03bee0f5f3c9 req-30ae3a53-3fe5-45c5-853d-03bee0f5f3c9 ] Request (FlavorsAccessNegativeTestJSON:_run_cleanups): 200 GET http://10.180.1.21/compute/v2.1/flavors/detail 1.762s
2025-04-18 10:27:37.716 70107 INFO tempest.lib.common.rest_client [req-07a9357f-2df4-4b12-884b-7034016f21c5 req-07a9357f-2df4-4b12-884b-7034016f21c5 ] Request (QuotaClassesAdminTestJSON:test_update_default_quotas): 200 GET http://10.180.1.21/compute/v2.1/os-quota-class-sets/default 1.774s
2025-04-18 10:27:37.735 70110 INFO tempest.lib.common.rest_client [req-d01dd74f-a0d2-4932-9ffd-62e19f90a3ac req-d01dd74f-a0d2-4932-9ffd-62e19f90a3ac ] Request (KeyPairsV22TestJSON:_run_cleanups): 204 DELETE http://10.180.1.21/compute/v2.1/os-keypairs/tempest-keypair-443243789 1.742s
2025-04-18 10:27:37.808 70100 INFO tempest.lib.common.rest_client [req-ee80f24b-5de9-40ea-8153-0dcbd1e8956b req-ee80f24b-5de9-40ea-8153-0dcbd1e8956b ] Request (ServersAaction247Test:test_create_backup): 200 GET http://10.180.1.21/compute/v2.1/servers/cd7dce97-f3fe-477e-9169-38cfcd581d38 1.696s
2025-04-18 10:27:37.873 70104 INFO tempest.lib.common.rest_client [req-10a95b01-da36-47f9-834b-94636587c3b5 req-10a95b01-da36-47f9-834b-94636587c3b5 ] Request (ServersAdminNegativeTestJSON:setUpClass): 200 GET http://10.180.1.21/compute/v2.1/servers/900ed14f-8f7c-403d-93e8-f7a7cb624669 1.644s
2025-04-18 10:27:37.896 70072 INFO tempest.lib.common.rest_client [req-88a3106e-c820-47c4-9695-7635779240a1 req-88a3106e-c820-47c4-9695-7635779240a1 ] Request (SecurityGroupRulesTestJSON:tearDownClass): 404 DELETE http://10.180.1.21/compute/v2.1/os-security-groups/6373c910-6d17-4701-88bf-f27bfc5007d7 1.667s
2025-04-18 10:27:37.908 70084 INFO tempest.lib.common.rest_client [req-3c3b86ef-ba14-45c5-8652-77eb3f987beb req-3c3b86ef-ba14-45c5-8652-77eb3f987beb ] Request (ListImageFiltersTestJSON:setUpClass): 201 POST http://10.180.1.21/image/v2/images 0.437s
2025-04-18 10:27:37.961 70112 INFO tempest.lib.common.rest_client [req-806496c9-0034-462f-8d43-1b6c873512ca req-806496c9-0034-462f-8d43-1b6c873512ca ] Request (FloatingIPsAssociationTestJSON:setUpClass): 200 GET http://10.180.1.21/compute/v2.1/servers/be388d62-02c2-4881-a81c-bddcbc3ce998 1.661s
2025-04-18 10:27:37.972 70074 INFO tempest.lib.common.rest_client [req-5332d8e5-8935-4c8c-ab14-f794542db2a5 req-5332d8e5-8935-4c8c-ab14-f794542db2a5 ] Request (ImagesOneServerNegativeTestJSON:setUpClass): 201 POST http://10.180.1.21:9696/networking/v2.0/networks 0.341s
2025-04-18 10:27:38.066 70086 INFO tempest.lib.common.rest_client [req-2ba08108-390d-4056-81a4-cd076d81cf64 req-2ba08108-390d-4056-81a4-cd076d81cf64 ] Request (SecurityGroupsTestAdminJSON:_run_cleanups): 202 DELETE http://10.180.1.21/compute/v2.1/os-security-groups/6d732aa1-32e8-4d46-9938-dd6084c40ebe 2.227s
2025-04-18 10:27:38.134 70070 INFO tempest.lib.common.rest_client [req-bb452989-48ad-4acd-bfb3-7266e5ad2cd0 req-bb452989-48ad-4acd-bfb3-7266e5ad2cd0 ] Request (ListServerFiltersTestJSON:setUpClass): 200 GET http://10.180.1.21/compute/v2.1/servers/17ef5911-d038-42a5-8c45-5b53429921f3 1.702s
2025-04-18 10:27:38.191 70120 INFO tempest.lib.common.rest_client [req-5bc22fbe-a825-4988-aa8b-fe761408f33e req-5bc22fbe-a825-4988-aa8b-fe761408f33e ] Request (InstanceActionsV221TestJSON:test_get_list_deleted_instance_actions): 200 GET http://10.180.1.21/compute/v2.1/servers/2d0d81fc-6cab-45b7-8768-34b6eaad5669 1.796s
2025-04-18 10:27:38.201 70096 INFO tempest.lib.common.rest_client [req-f2d8f1b7-af85-4525-8a10-78b4644c77a0 req-f2d8f1b7-af85-4525-8a10-78b4644c77a0 ] Request (DeleteServersAdminTestJSON:test_admin_delete_servers_of_others): 200 GET http://10.180.1.21/compute/v2.1/servers/4195d069-836d-4e40-8f95-e8181fe083a4 1.719s
2025-04-18 10:27:38.202 70120 INFO tempest.common.waiters [-] State transition "BUILD/None" ==> "BUILD/spawning" after 20 second wait
2025-04-18 10:27:38.245 70074 INFO tempest.lib.common.rest_client [req-138d7827-038e-450c-828a-8e330c447770 req-138d7827-038e-450c-828a-8e330c447770 ] Request (ImagesOneServerNegativeTestJSON:setUpClass): 201 POST http://10.180.1.21:9696/networking/v2.0/subnets 0.268s
2025-04-18 10:27:38.262 70080 INFO tempest.lib.common.rest_client [req-604f4659-cddc-4084-b894-23df6c220dc4 req-604f4659-cddc-4084-b894-23df6c220dc4 ] Request (ServersAdmin275Test:test_rebuild_update_server_275): 200 GET http://10.180.1.21/compute/v2.1/servers/fee3d7b7-86bf-46f7-92a7-a626663dac51 1.719s
2025-04-18 10:27:38.303 70068 INFO tempest.lib.common.rest_client [req-a8424b5f-7c74-4700-925d-4585a61f5324 req-a8424b5f-7c74-4700-925d-4585a61f5324 ] Request (VolumesTestJSON:setUpClass): 200 GET http://10.180.1.21/compute/v2.1/os-volumes/eff4a9a4-8d89-4133-8d93-e6848c29cbd7 1.452s
2025-04-18 10:27:38.312 70116 INFO tempest.lib.common.rest_client [req-957ceea5-f30d-4f59-8a57-e8ac005da58f req-957ceea5-f30d-4f59-8a57-e8ac005da58f ] Request (ServersTestManualDisk:setUpClass): 200 GET http://10.180.1.21/compute/v2.1/servers/10b322ed-e155-4013-98d7-d033c8dc7a6b 1.722s
2025-04-18 10:27:38.371 70090 INFO tempest.lib.common.rest_client [req-0d0663d7-2aab-4fe9-88d5-d00d7fbeefcc req-0d0663d7-2aab-4fe9-88d5-d00d7fbeefcc ] Request (ServersWithSpecificFlavorTestJSON:test_verify_created_server_ephemeral_disk): 200 GET http://10.180.1.21/compute/v2.1/servers/3b603181-6bc2-4748-8497-bd09265ed0f0 1.449s
2025-04-18 10:27:38.447 70076 INFO tempest.lib.common.rest_client [req-1308943f-6d6b-4e69-80b0-f4bff05f780a req-1308943f-6d6b-4e69-80b0-f4bff05f780a ] Request (ServerAddressesTestJSON:setUpClass): 200 GET http://10.180.1.21/compute/v2.1/servers/5828fe6a-a7fc-4288-b52a-14cf6f20a19e 1.049s
2025-04-18 10:27:38.490 70118 INFO tempest.lib.common.rest_client [req-c7a2825e-1ab1-48a0-8a32-73175ef53a8e req-c7a2825e-1ab1-48a0-8a32-73175ef53a8e ] Request (ImagesOneServerTestJSON:test_create_delete_image): 200 GET http://10.180.1.21/compute/v2.1/images/6311d010-5f1d-47d1-8402-7ea2b17c7456 1.015s
2025-04-18 10:27:38.580 70068 INFO tempest.lib.common.rest_client [req-2c9350a7-7ab6-46e4-8ed7-01182e82b8f3 req-2c9350a7-7ab6-46e4-8ed7-01182e82b8f3 ] Request (VolumesTestJSON:setUpClass): 202 POST http://10.180.1.21/volume/v3/volumes 0.273s
2025-04-18 10:27:38.631 70068 INFO tempest.lib.common.rest_client [req-b8b48b90-228c-4515-a11e-fdc73806faf4 req-b8b48b90-228c-4515-a11e-fdc73806faf4 ] Request (VolumesTestJSON:setUpClass): 200 GET http://10.180.1.21/volume/v3/volumes/1bb0609b-47ae-4900-87c5-5017abee79af 0.044s
2025-04-18 10:27:38.733 70122 INFO tempest.lib.common.rest_client [req-bcb642e7-192e-4269-b5fe-d2ae211068bb req-bcb642e7-192e-4269-b5fe-d2ae211068bb ] Request (SecurityGroupsTestJSON:test_list_security_groups_by_server): 202 POST http://10.180.1.21/compute/v2.1/servers/74ee83eb-e761-45d6-9fc3-e8a9eabc907d/action 1.396s
2025-04-18 10:27:38.762 70078 INFO tempest.lib.common.rest_client [req-55fd404d-7b0e-4d83-80a6-a78c06a0c7ba req-55fd404d-7b0e-4d83-80a6-a78c06a0c7ba ] Request (ServicesAdminTestJSON:test_list_services): 200 GET http://10.180.1.21/compute/v2.1/os-services 1.154s
2025-04-18 10:27:38.823 70130 INFO tempest.lib.common.rest_client [req-31c648a2-8f58-45f6-95e9-2e4c4a2e7689 req-31c648a2-8f58-45f6-95e9-2e4c4a2e7689 ] Request (TenantUsagesTestJSON:setUpClass): 200 GET http://10.180.1.21/compute/v2.1/servers/9656233b-1a78-4451-908c-c162637a8253 1.190s
2025-04-18 10:27:38.832 70130 INFO tempest.common.waiters [-] State transition "BUILD/None" ==> "BUILD/networking" after 18 second wait
2025-04-18 10:27:38.842 70102 INFO tempest.lib.common.rest_client [req-383f5244-3cd3-45f6-a360-8fbd9f2eeb86 req-383f5244-3cd3-45f6-a360-8fbd9f2eeb86 ] Request (AggregatesAdminNegativeTestJSON:test_aggregate_delete_with_invalid_id): 404 DELETE http://10.180.1.21/compute/v2.1/os-aggregates/-1 1.208s
2025-04-18 10:27:38.857 70078 INFO tempest.lib.common.rest_client [req-84742ee5-ada2-4f86-a6f4-bdd19fad79cc req-84742ee5-ada2-4f86-a6f4-bdd19fad79cc ] Request (ServicesAdminTestJSON:tearDownClass): 204 DELETE http://10.180.1.21/identity/v3/users/efdb576d1a7242bab8eef4b6ddd42acb 0.089s
2025-04-18 10:27:38.867 70082 INFO tempest.lib.common.rest_client [req-aacc786d-7c49-4483-ae3e-915f2457ee3e req-aacc786d-7c49-4483-ae3e-915f2457ee3e ] Request (FlavorsAdminTestJSON:test_is_public_string_variations): 200 GET http://10.180.1.21/compute/v2.1/flavors/detail?is_public=true 1.189s
2025-04-18 10:27:38.888 70108 INFO tempest.lib.common.rest_client [req-a0402484-c89c-4678-8e2d-9f4b71d4e575 req-a0402484-c89c-4678-8e2d-9f4b71d4e575 ] Request (FlavorsAccessNegativeTestJSON:test_remove_flavor_access_not_found): 200 POST http://10.180.1.21/compute/v2.1/flavors 1.181s
2025-04-18 10:27:38.966 70078 INFO tempest.lib.common.rest_client [req-2088f93d-4192-47dd-af50-73cbcdaa3155 req-2088f93d-4192-47dd-af50-73cbcdaa3155 ] Request (ServicesAdminTestJSON:tearDownClass): 204 DELETE http://10.180.1.21/identity/v3/users/584dd172b82e411d8ea69d2c6efae9e4 0.109s
2025-04-18 10:27:38.967 70078 INFO tempest.lib.common.dynamic_creds [-] Deleting project and security group for project: 7308cf3e645647708e18702e7cad9e52
2025-04-18 10:27:39.034 70078 INFO tempest.lib.common.rest_client [req-20cf7950-38c5-444c-82bb-2a4907bad2cc req-20cf7950-38c5-444c-82bb-2a4907bad2cc ] Request (ServicesAdminTestJSON:tearDownClass): 201 POST http://10.180.1.21/identity/v3/auth/tokens 0.067s
2025-04-18 10:27:39.110 70128 INFO tempest.lib.common.rest_client [req-49fedde6-59ba-4bef-b556-0561d1d42f0f req-49fedde6-59ba-4bef-b556-0561d1d42f0f ] Request (ServerTagsTestJSON:setUpClass): 202 POST http://10.180.1.21/compute/v2.1/servers 1.628s
2025-04-18 10:27:39.147 70074 INFO tempest.lib.common.rest_client [req-49e0563c-ea3b-4bf4-bf5f-f039d7cc24ad req-49e0563c-ea3b-4bf4-bf5f-f039d7cc24ad ] Request (ImagesOneServerNegativeTestJSON:setUpClass): 201 POST http://10.180.1.21:9696/networking/v2.0/routers 0.900s
2025-04-18 10:27:39.171 70094 INFO tempest.lib.common.rest_client [req-3713bf8b-9238-4ba8-9098-dcf6404625c4 req-3713bf8b-9238-4ba8-9098-dcf6404625c4 ] Request (ServersAdminTestJSON:setUpClass): 200 GET http://10.180.1.21/compute/v2.1/servers/0a867df1-b9af-4a10-8a65-eca278cfa6ac 1.457s
2025-04-18 10:27:39.184 70094 INFO tempest.common.waiters [-] State transition "BUILD/spawning" ==> "ACTIVE/None" after 28 second wait
2025-04-18 10:27:39.226 70107 INFO tempest.lib.common.rest_client [req-95d533f1-0c19-4580-bffb-286fc8b6c954 req-95d533f1-0c19-4580-bffb-286fc8b6c954 ] Request (QuotaClassesAdminTestJSON:_run_cleanups): 200 PUT http://10.180.1.21/compute/v2.1/os-quota-class-sets/default 1.507s
2025-04-18 10:27:39.252 70110 INFO tempest.lib.common.rest_client [req-97a604ab-8237-4aba-af81-0a6c5972c120 req-97a604ab-8237-4aba-af81-0a6c5972c120 ] Request (KeyPairsV22TestJSON:test_keypairs_create_list_delete): 201 POST http://10.180.1.21/compute/v2.1/os-keypairs 1.515s
2025-04-18 10:27:39.389 70078 INFO tempest.lib.common.rest_client [req-0fc2ac30-d204-4e0c-9349-4874599dd8c8 req-0fc2ac30-d204-4e0c-9349-4874599dd8c8 ] Request (ServicesAdminTestJSON:tearDownClass): 200 GET http://10.180.1.21:9696/networking/v2.0/security-groups?tenant_id=7308cf3e645647708e18702e7cad9e52&name=default 0.353s
2025-04-18 10:27:39.392 70126 INFO tempest.lib.common.rest_client [req-ec607e80-8748-4a2c-adfe-06001cafe7dc req-ec607e80-8748-4a2c-adfe-06001cafe7dc ] Request (ServerDiagnosticsTest:tearDownClass): 200 GET http://10.180.1.21/compute/v2.1/servers/a42ff06a-c835-4bf9-9c2e-ef91f3f509f1 1.654s
2025-04-18 10:27:39.442 70107 INFO tempest.lib.common.rest_client [req-0a109572-e680-4872-8d1a-0621e3c510f8 req-0a109572-e680-4872-8d1a-0621e3c510f8 ] Request (QuotaClassesAdminTestJSON:tearDownClass): 204 DELETE http://10.180.1.21/identity/v3/users/382e18a30b2a4e00a5b22e9fedf1381a 0.212s
2025-04-18 10:27:39.484 70092 INFO tempest.lib.common.rest_client [req-00ddd2bf-992d-4398-afc8-3aa27eefbab9 req-00ddd2bf-992d-4398-afc8-3aa27eefbab9 ] Request (QuotasAdminTestV236:test_get_updated_quotas): 200 GET http://10.180.1.21/identity/v3/domains?name=Default 0.201s
2025-04-18 10:27:39.535 70072 INFO tempest.lib.common.rest_client [req-f44f4183-6555-4347-9a21-2ffa366beb83 req-f44f4183-6555-4347-9a21-2ffa366beb83 ] Request (SecurityGroupRulesTestJSON:tearDownClass): 202 DELETE http://10.180.1.21/compute/v2.1/os-security-groups/f212095d-f936-4a80-b166-e4467ed2fb28 1.638s
2025-04-18 10:27:39.557 70078 INFO tempest.lib.common.rest_client [req-bc2e188b-618a-475b-aa46-70788f726cab req-bc2e188b-618a-475b-aa46-70788f726cab ] Request (ServicesAdminTestJSON:tearDownClass): 204 DELETE http://10.180.1.21:9696/networking/v2.0/security-groups/4a18633f-de44-45e0-b1c4-b26ce77a5fd5 0.167s
2025-04-18 10:27:39.623 70092 INFO tempest.lib.common.rest_client [req-cd7c268c-1ba5-495a-81ba-3a2da8804c2f req-cd7c268c-1ba5-495a-81ba-3a2da8804c2f ] Request (QuotasAdminTestV236:test_get_updated_quotas): 201 POST http://10.180.1.21/identity/v3/projects 0.138s
2025-04-18 10:27:39.625 70114 INFO tempest.lib.common.rest_client [req-5ab03712-a29f-402d-8f98-b03835895468 req-5ab03712-a29f-402d-8f98-b03835895468 ] Request (ServersTestJSON:test_create_server_specify_multibyte_character_name): 200 GET http://10.180.1.21/compute/v2.1/servers/aa1839a8-3034-4575-8da3-32e34ddd2cd9 1.193s
2025-04-18 10:27:39.639 70086 INFO tempest.lib.common.rest_client [req-d4c343ef-04c9-4b1f-85f1-e91e4d33fec4 req-d4c343ef-04c9-4b1f-85f1-e91e4d33fec4 ] Request (SecurityGroupsTestAdminJSON:_run_cleanups): 202 DELETE http://10.180.1.21/compute/v2.1/os-security-groups/436ef275-5dfc-4b0a-9170-ecf264b51824 1.572s
2025-04-18 10:27:39.656 70107 INFO tempest.lib.common.rest_client [req-b5b66709-1b3b-48bc-9bc5-654ba2a32181 req-b5b66709-1b3b-48bc-9bc5-654ba2a32181 ] Request (QuotaClassesAdminTestJSON:tearDownClass): 204 DELETE http://10.180.1.21/identity/v3/users/1d3e9211b80e4b7a8edb1681b2f0acf4 0.213s
2025-04-18 10:27:39.656 70107 INFO tempest.lib.common.dynamic_creds [-] Deleting project and security group for project: b256b5210ecc4d6799c8f904dc68a7a4
2025-04-18 10:27:39.683 70068 INFO tempest.lib.common.rest_client [req-483a65fa-d20e-4ec9-a117-99d010d91502 req-483a65fa-d20e-4ec9-a117-99d010d91502 ] Request (VolumesTestJSON:setUpClass): 200 GET http://10.180.1.21/volume/v3/volumes/1bb0609b-47ae-4900-87c5-5017abee79af 0.042s
2025-04-18 10:27:39.691 70068 INFO tempest.common.waiters [-] volume 1bb0609b-47ae-4900-87c5-5017abee79af reached available after waiting for 1.691474 seconds
2025-04-18 10:27:39.718 70088 INFO tempest.lib.common.rest_client [req-35ae3ddc-c03e-49c8-b9a5-dbd21de3eb78 req-35ae3ddc-c03e-49c8-b9a5-dbd21de3eb78 ] Request (ServerDiagnosticsNegativeTest:tearDownClass): 200 GET http://10.180.1.21/compute/v2.1/servers/2dad8109-bd76-4d6e-86c2-b582ec682e5d 1.196s
2025-04-18 10:27:39.752 70098 INFO tempest.lib.common.rest_client [req-4d824f51-ee41-4ec6-90b9-2ae292ca2ca5 req-4d824f51-ee41-4ec6-90b9-2ae292ca2ca5 ] Request (ServerDiagnosticsV248Test:tearDownClass): 200 GET http://10.180.1.21/compute/v2.1/servers/f4f92db3-e4d1-476e-94e3-8ac90a27075d 1.152s
2025-04-18 10:27:39.789 70078 INFO tempest.lib.common.rest_client [req-ef8e477a-2f0c-4a1a-b454-c33687535bb6 req-ef8e477a-2f0c-4a1a-b454-c33687535bb6 ] Request (ServicesAdminTestJSON:tearDownClass): 204 DELETE http://10.180.1.21/identity/v3/projects/7308cf3e645647708e18702e7cad9e52 0.231s
2025-04-18 10:27:39.789 70078 INFO tempest.lib.common.dynamic_creds [-] Deleting project and security group for project: 9ac98d02b10b4f5c83ecb3487ad82bb0
2025-04-18 10:27:39.842 70092 INFO tempest.lib.common.rest_client [req-3e44d267-d0f6-4ed4-8eb3-fcaab13cb3b2 req-3e44d267-d0f6-4ed4-8eb3-fcaab13cb3b2 ] Request (QuotasAdminTestV236:test_get_updated_quotas): 200 GET http://10.180.1.21/identity/v3/domains?name=Default 0.218s
2025-04-18 10:27:39.863 70107 INFO tempest.lib.common.rest_client [req-8f75e703-c69f-49d5-ad73-782f14fb004a req-8f75e703-c69f-49d5-ad73-782f14fb004a ] Request (QuotaClassesAdminTestJSON:tearDownClass): 201 POST http://10.180.1.21/identity/v3/auth/tokens 0.206s
2025-04-18 10:27:39.888 70124 INFO tempest.lib.common.rest_client [req-f1b8a2ef-11f8-4f4a-b1a4-c620ec6fdb1f req-f1b8a2ef-11f8-4f4a-b1a4-c620ec6fdb1f ] Request (MigrationsAdminTest:test_list_migrations_in_flavor_resize_situation): 200 GET http://10.180.1.21/compute/v2.1/servers/8d3b4526-ef53-4517-a042-5b23502cd66a 1.201s
2025-04-18 10:27:39.958 70100 INFO tempest.lib.common.rest_client [req-213f95a5-ec43-46cb-a2d1-61f99106c0a6 req-213f95a5-ec43-46cb-a2d1-61f99106c0a6 ] Request (ServersAaction247Test:test_create_backup): 200 GET http://10.180.1.21/compute/v2.1/servers/cd7dce97-f3fe-477e-9169-38cfcd581d38 1.139s
2025-04-18 10:27:39.959 70078 INFO tempest.lib.common.rest_client [req-c2c0c9fe-bf4d-4517-84e0-74e41ea135ae req-c2c0c9fe-bf4d-4517-84e0-74e41ea135ae ] Request (ServicesAdminTestJSON:tearDownClass): 200 GET http://10.180.1.21:9696/networking/v2.0/security-groups?tenant_id=9ac98d02b10b4f5c83ecb3487ad82bb0&name=default 0.169s
2025-04-18 10:27:39.985 70102 INFO tempest.lib.common.rest_client [req-c4093e6d-2f34-4f92-806d-28094668220c req-c4093e6d-2f34-4f92-806d-28094668220c ] Request (AggregatesAdminNegativeTestJSON:test_aggregate_get_details_as_user): 200 POST http://10.180.1.21/compute/v2.1/os-aggregates 1.142s
2025-04-18 10:27:40.011 70082 INFO tempest.lib.common.rest_client [req-49353cc2-0707-4094-9967-c30a2f36dc7a req-49353cc2-0707-4094-9967-c30a2f36dc7a ] Request (FlavorsAdminTestJSON:test_is_public_string_variations): 200 GET http://10.180.1.21/compute/v2.1/flavors/detail?is_public=yes 1.139s
2025-04-18 10:27:40.050 70084 INFO tempest.lib.common.rest_client [req-3b5eb983-777b-456d-a255-00835142bbc9 req-3b5eb983-777b-456d-a255-00835142bbc9 ] Request (ListImageFiltersTestJSON:setUpClass): 204 PUT http://10.180.1.21/image/v2/images/d03119f0-2385-489d-a18d-44d75744f6e5/file 1.139s
2025-04-18 10:27:40.082 70104 INFO tempest.lib.common.rest_client [req-46fad44b-0e84-4662-bc99-004a1816e34b req-46fad44b-0e84-4662-bc99-004a1816e34b ] Request (ServersAdminNegativeTestJSON:setUpClass): 200 GET http://10.180.1.21/compute/v2.1/servers/900ed14f-8f7c-403d-93e8-f7a7cb624669 1.200s
2025-04-18 10:27:40.110 70078 INFO tempest.lib.common.rest_client [req-b9c562e5-e3d1-4237-97e5-cbc1b602b01e req-b9c562e5-e3d1-4237-97e5-cbc1b602b01e ] Request (ServicesAdminTestJSON:tearDownClass): 204 DELETE http://10.180.1.21:9696/networking/v2.0/security-groups/99f0958c-2e81-4036-a05e-6baa847e50fe 0.151s
2025-04-18 10:27:40.110 70107 INFO tempest.lib.common.rest_client [req-54f74bf6-8278-4759-ae48-db686d7ae8c5 req-54f74bf6-8278-4759-ae48-db686d7ae8c5 ] Request (QuotaClassesAdminTestJSON:tearDownClass): 200 GET http://10.180.1.21:9696/networking/v2.0/security-groups?tenant_id=b256b5210ecc4d6799c8f904dc68a7a4&name=default 0.247s
2025-04-18 10:27:40.123 70122 INFO tempest.lib.common.rest_client [req-5993751c-5dca-47d0-81a1-e696197f38a1 req-5993751c-5dca-47d0-81a1-e696197f38a1 ] Request (SecurityGroupsTestJSON:test_list_security_groups_by_server): 200 GET http://10.180.1.21/compute/v2.1/servers/74ee83eb-e761-45d6-9fc3-e8a9eabc907d/os-security-groups 1.389s
2025-04-18 10:27:40.195 70107 INFO tempest.lib.common.rest_client [req-758a7a4d-d736-4738-9b33-7902e22a6723 req-758a7a4d-d736-4738-9b33-7902e22a6723 ] Request (QuotaClassesAdminTestJSON:tearDownClass): 204 DELETE http://10.180.1.21:9696/networking/v2.0/security-groups/a07269c9-6360-4fca-a1f4-2881cd0548f3 0.085s
2025-04-18 10:27:40.199 70112 INFO tempest.lib.common.rest_client [req-f4c917d4-adf8-4c57-927b-f6765eb036e8 req-f4c917d4-adf8-4c57-927b-f6765eb036e8 ] Request (FloatingIPsAssociationTestJSON:setUpClass): 200 GET http://10.180.1.21/compute/v2.1/servers/be388d62-02c2-4881-a81c-bddcbc3ce998 1.225s
2025-04-18 10:27:40.204 70078 INFO tempest.lib.common.rest_client [req-09098f24-1daf-4d70-8af1-807b18edf49f req-09098f24-1daf-4d70-8af1-807b18edf49f ] Request (ServicesAdminTestJSON:tearDownClass): 204 DELETE http://10.180.1.21/identity/v3/projects/9ac98d02b10b4f5c83ecb3487ad82bb0 0.093s
2025-04-18 10:27:40.273 70108 INFO tempest.lib.common.rest_client [req-e8746577-9cee-41da-8d9c-2b8fe24d0f3f req-e8746577-9cee-41da-8d9c-2b8fe24d0f3f ] Request (FlavorsAccessNegativeTestJSON:test_remove_flavor_access_not_found): 404 POST http://10.180.1.21/compute/v2.1/flavors/2133329507/action 1.382s
2025-04-18 10:27:40.275 70128 INFO tempest.lib.common.rest_client [req-4d2d950e-eb6c-4c77-8c68-907d655b9561 req-4d2d950e-eb6c-4c77-8c68-907d655b9561 ] Request (ServerTagsTestJSON:setUpClass): 200 GET http://10.180.1.21/compute/v2.1/servers/586c9d5e-45d9-4954-ba61-016a877c3277 1.163s
2025-04-18 10:27:40.304 70107 INFO tempest.lib.common.rest_client [req-e98436a2-76e3-4e76-ae12-69a474947e8f req-e98436a2-76e3-4e76-ae12-69a474947e8f ] Request (QuotaClassesAdminTestJSON:tearDownClass): 204 DELETE http://10.180.1.21/identity/v3/projects/b256b5210ecc4d6799c8f904dc68a7a4 0.108s
2025-04-18 10:27:40.305 70107 INFO tempest.lib.common.dynamic_creds [-] Deleting project and security group for project: 32ed454744e240df978f96b34500a8f7
2025-04-18 10:27:40.332 70078 INFO tempest.lib.common.rest_client [req-052643d4-aed8-4137-be93-034009da98a4 req-052643d4-aed8-4137-be93-034009da98a4 ] Request (ServerActionsTestJSON:setUpClass): 201 POST http://10.180.1.21/identity/v3/auth/tokens 0.125s
2025-04-18 10:27:40.341 70070 INFO tempest.lib.common.rest_client [req-fe595140-38d4-4a8b-aca3-c9f036aed79a req-fe595140-38d4-4a8b-aca3-c9f036aed79a ] Request (ListServerFiltersTestJSON:setUpClass): 200 GET http://10.180.1.21/compute/v2.1/servers/17ef5911-d038-42a5-8c45-5b53429921f3 1.197s
2025-04-18 10:27:40.368 70078 INFO tempest.lib.common.rest_client [req-7a62ba90-f784-4831-8cc2-b52cf9a5e5f4 req-7a62ba90-f784-4831-8cc2-b52cf9a5e5f4 ] Request (ServerActionsTestJSON:setUpClass): 201 POST http://10.180.1.21/identity/v3/auth/tokens 0.032s
2025-04-18 10:27:40.396 70078 INFO tempest.lib.common.rest_client [req-40b4a723-1732-45ea-99f7-5ab72e66ed83 req-40b4a723-1732-45ea-99f7-5ab72e66ed83 ] Request (ServerActionsTestJSON:setUpClass): 200 GET http://10.180.1.21/identity/v3/domains?name=Default 0.028s
2025-04-18 10:27:40.436 70078 INFO tempest.lib.common.rest_client [req-34cd0474-dd59-43f5-b373-bc1448f29181 req-34cd0474-dd59-43f5-b373-bc1448f29181 ] Request (ServerActionsTestJSON:setUpClass): 201 POST http://10.180.1.21/identity/v3/projects 0.038s
2025-04-18 10:27:40.474 70120 INFO tempest.lib.common.rest_client [req-ca0a098a-133b-4429-a728-56b476b9a69f req-ca0a098a-133b-4429-a728-56b476b9a69f ] Request (InstanceActionsV221TestJSON:test_get_list_deleted_instance_actions): 200 GET http://10.180.1.21/compute/v2.1/servers/2d0d81fc-6cab-45b7-8768-34b6eaad5669 1.270s
2025-04-18 10:27:40.499 70096 INFO tempest.lib.common.rest_client [req-2d543ab5-0c1a-4340-9968-57c1645f2566 req-2d543ab5-0c1a-4340-9968-57c1645f2566 ] Request (DeleteServersAdminTestJSON:test_admin_delete_servers_of_others): 404 GET http://10.180.1.21/compute/v2.1/servers/4195d069-836d-4e40-8f95-e8181fe083a4 1.290s
2025-04-18 10:27:40.521 70094 INFO tempest.lib.common.rest_client [req-ef0b36a1-7ade-44d0-ab82-23a9d85a76f3 req-ef0b36a1-7ade-44d0-ab82-23a9d85a76f3 ] Request (ServersAdminTestJSON:setUpClass): 200 GET http://10.180.1.21/compute/v2.1/servers/c79bb961-4170-4f8b-a81d-407a09be1cfe 1.336s
2025-04-18 10:27:40.522 70078 INFO tempest.lib.common.rest_client [req-000c1717-1f5e-415b-b7df-4812f389bd5c req-000c1717-1f5e-415b-b7df-4812f389bd5c ] Request (ServerActionsTestJSON:setUpClass): 201 POST http://10.180.1.21/identity/v3/users 0.086s
2025-04-18 10:27:40.542 70110 INFO tempest.lib.common.rest_client [req-23915d20-f8ef-47d5-94a4-deaeec2344c9 req-23915d20-f8ef-47d5-94a4-deaeec2344c9 ] Request (KeyPairsV22TestJSON:test_keypairs_create_list_delete): 201 POST http://10.180.1.21/compute/v2.1/os-keypairs 1.288s
2025-04-18 10:27:40.554 70078 INFO tempest.lib.common.rest_client [req-01bdaf89-0066-4d78-bd70-1ad9fb868678 req-01bdaf89-0066-4d78-bd70-1ad9fb868678 ] Request (ServerActionsTestJSON:setUpClass): 200 GET http://10.180.1.21/identity/v3/roles 0.031s
2025-04-18 10:27:40.591 70096 INFO tempest.lib.common.rest_client [req-31c39bde-4999-4b36-af06-8ec48a24d686 req-31c39bde-4999-4b36-af06-8ec48a24d686 ] Request (DeleteServersAdminTestJSON:test_delete_server_while_in_error_state): 201 POST http://10.180.1.21/identity/v3/auth/tokens 0.079s
2025-04-18 10:27:40.592 70096 INFO tempest.lib.common.fixed_network [-] (DeleteServersAdminTestJSON:test_delete_server_while_in_error_state) Found network None available for tenant
2025-04-18 10:27:40.603 70094 INFO tempest.lib.common.rest_client [req-1d7ae221-67ec-4af3-b56a-8d7cbdb63253 req-1d7ae221-67ec-4af3-b56a-8d7cbdb63253 ] Request (ServersAdminTestJSON:test_create_server_with_scheduling_hint): 201 POST http://10.180.1.21/identity/v3/auth/tokens 0.065s
2025-04-18 10:27:40.604 70094 INFO tempest.lib.common.fixed_network [-] (ServersAdminTestJSON:test_create_server_with_scheduling_hint) Found network {'id': '254faef6-1590-4596-90d5-a7ad96095355', 'name': 'tempest-ServersAdminTestJSON-1793974215-network', 'tenant_id': 'f0b491adac984af8a8a06f83269587c5', 'admin_state_up': True, 'mtu': 8950, 'status': 'ACTIVE', 'subnets': [], 'shared': False, 'project_id': 'f0b491adac984af8a8a06f83269587c5', 'port_security_enabled': True, 'router:external': False, 'provider:network_type': 'vlan', 'provider:physical_network': 'default', 'provider:segmentation_id': 561, 'availability_zone_hints': [], 'availability_zones': [], 'ipv4_address_scope': None, 'ipv6_address_scope': None, 'description': '', 'tags': [], 'created_at': '2025-04-18T10:26:54Z', 'updated_at': '2025-04-18T10:26:54Z', 'revision_number': 1} available for tenant
2025-04-18 10:27:40.618 70080 INFO tempest.lib.common.rest_client [req-0b1ce01c-7ded-4fb0-93c8-79b2fdf92cd1 req-0b1ce01c-7ded-4fb0-93c8-79b2fdf92cd1 ] Request (ServersAdmin275Test:test_rebuild_update_server_275): 200 GET http://10.180.1.21/compute/v2.1/servers/fee3d7b7-86bf-46f7-92a7-a626663dac51 1.338s
2025-04-18 10:27:40.619 70107 INFO tempest.lib.common.rest_client [req-6c4e0bc5-6dd9-4514-b22a-b7dc03080cc5 req-6c4e0bc5-6dd9-4514-b22a-b7dc03080cc5 ] Request (QuotaClassesAdminTestJSON:tearDownClass): 200 GET http://10.180.1.21:9696/networking/v2.0/security-groups?tenant_id=32ed454744e240df978f96b34500a8f7&name=default 0.314s
2025-04-18 10:27:40.630 70080 INFO tempest.common.waiters [-] State transition "REBUILD/rebuilding" ==> "REBUILD/rebuild_spawning" after 2 second wait
2025-04-18 10:27:40.633 70078 INFO tempest.lib.common.rest_client [req-e1c73b7e-654d-4c56-ab23-b9c3b48c5498 req-e1c73b7e-654d-4c56-ab23-b9c3b48c5498 ] Request (ServerActionsTestJSON:setUpClass): 204 PUT http://10.180.1.21/identity/v3/projects/1049b1da1d6545e98f5275bfff946cae/users/94a8700bdce643929ef558a97448296d/roles/b90a423d156e4762b8e1ccb62c61126e 0.078s
2025-04-18 10:27:40.633 70078 INFO tempest.lib.common.dynamic_creds [-] Dynamic test user 94a8700bdce643929ef558a97448296d is created with scope project and roles: ['member']
2025-04-18 10:27:40.633 70078 INFO tempest.lib.common.dynamic_creds [-] Acquired dynamic creds: credentials: Credentials: {'domain_id': 'default', 'domain_name': 'Default', 'username': 'tempest-ServerActionsTestJSON-1254827415-project-member', 'project_domain_id': 'default', 'project_domain_name': 'Default', 'project_id': '1049b1da1d6545e98f5275bfff946cae', 'project_name': 'tempest-ServerActionsTestJSON-1254827415', 'tenant_id': '1049b1da1d6545e98f5275bfff946cae', 'tenant_name': 'tempest-ServerActionsTestJSON-1254827415', 'user_domain_id': 'default', 'user_domain_name': 'Default', 'user_id': '94a8700bdce643929ef558a97448296d', 'system': None}, Network: None, Subnet: None, Router: None
2025-04-18 10:27:40.685 70090 INFO tempest.lib.common.rest_client [req-b142091c-0b73-4c1d-a974-5845b22daec0 req-b142091c-0b73-4c1d-a974-5845b22daec0 ] Request (ServersWithSpecificFlavorTestJSON:test_verify_created_server_ephemeral_disk): 200 GET http://10.180.1.21/compute/v2.1/servers/3b603181-6bc2-4748-8497-bd09265ed0f0 1.303s
2025-04-18 10:27:40.698 70078 INFO tempest.lib.common.rest_client [req-78aab46b-f09c-4cd8-9866-3037e621e9c3 req-78aab46b-f09c-4cd8-9866-3037e621e9c3 ] Request (ServerActionsTestJSON:setUpClass): 201 POST http://10.180.1.21/identity/v3/auth/tokens 0.063s
2025-04-18 10:27:40.744 70116 INFO tempest.lib.common.rest_client [req-637a3b39-f5bb-4e6e-990a-a5701895b927 req-637a3b39-f5bb-4e6e-990a-a5701895b927 ] Request (ServersTestManualDisk:setUpClass): 200 GET http://10.180.1.21/compute/v2.1/servers/10b322ed-e155-4013-98d7-d033c8dc7a6b 1.420s
2025-04-18 10:27:40.757 70076 INFO tempest.lib.common.rest_client [req-15e27c77-f1ef-4b6b-a062-db6ea8adb489 req-15e27c77-f1ef-4b6b-a062-db6ea8adb489 ] Request (ServerAddressesTestJSON:setUpClass): 200 GET http://10.180.1.21/compute/v2.1/servers/5828fe6a-a7fc-4288-b52a-14cf6f20a19e 1.291s
2025-04-18 10:27:40.794 70118 INFO tempest.lib.common.rest_client [req-21a06541-8974-4ee4-bde8-8a9e9912b5a9 req-21a06541-8974-4ee4-bde8-8a9e9912b5a9 ] Request (ImagesOneServerTestJSON:test_create_delete_image): 200 GET http://10.180.1.21/compute/v2.1/images/6311d010-5f1d-47d1-8402-7ea2b17c7456 1.300s
2025-04-18 10:27:40.797 70107 INFO tempest.lib.common.rest_client [req-86390381-1b7a-429e-98f0-e56e35ddb867 req-86390381-1b7a-429e-98f0-e56e35ddb867 ] Request (QuotaClassesAdminTestJSON:tearDownClass): 204 DELETE http://10.180.1.21:9696/networking/v2.0/security-groups/09ebcad7-6df0-4a46-9d5a-60756afe759f 0.177s
2025-04-18 10:27:40.923 70107 INFO tempest.lib.common.rest_client [req-39367cca-b7c2-4e92-9cd0-b022f1ea23f8 req-39367cca-b7c2-4e92-9cd0-b022f1ea23f8 ] Request (QuotaClassesAdminTestJSON:tearDownClass): 204 DELETE http://10.180.1.21/identity/v3/projects/32ed454744e240df978f96b34500a8f7 0.126s
2025-04-18 10:27:41.000 70072 INFO tempest.lib.common.rest_client [req-e548726c-1970-44fd-bf80-9d5c2fc525c1 req-e548726c-1970-44fd-bf80-9d5c2fc525c1 ] Request (SecurityGroupRulesTestJSON:tearDownClass): 202 DELETE http://10.180.1.21/compute/v2.1/os-security-groups/bad90710-0445-4162-a950-3a1ed981ba8f 1.464s
2025-04-18 10:27:41.003 70107 INFO tempest.lib.common.rest_client [req-3191e61d-c707-4369-bf42-2e669f6cf9fd req-3191e61d-c707-4369-bf42-2e669f6cf9fd ] Request (AbsoluteLimitsNegativeTestJSON:setUpClass): 201 POST http://10.180.1.21/identity/v3/auth/tokens 0.078s
2025-04-18 10:27:41.029 70086 INFO tempest.lib.common.rest_client [req-a3a3d015-73ba-404b-bc33-1a20e401755b req-a3a3d015-73ba-404b-bc33-1a20e401755b ] Request (SecurityGroupsTestAdminJSON:_run_cleanups): 202 DELETE http://10.180.1.21/compute/v2.1/os-security-groups/fdcbc9cf-0afd-4d9f-9b13-b84f56e95851 1.390s
2025-04-18 10:27:41.040 70107 INFO tempest.lib.common.rest_client [req-9509db54-ac62-4fc0-af35-4f2235ce0cf8 req-9509db54-ac62-4fc0-af35-4f2235ce0cf8 ] Request (AbsoluteLimitsNegativeTestJSON:setUpClass): 201 POST http://10.180.1.21/identity/v3/auth/tokens 0.033s
2025-04-18 10:27:41.054 70068 INFO tempest.lib.common.rest_client [req-85adfa3d-e3f6-4482-87cd-28dccd4dd59c req-85adfa3d-e3f6-4482-87cd-28dccd4dd59c ] Request (VolumesTestJSON:setUpClass): 200 GET http://10.180.1.21/compute/v2.1/os-volumes/1bb0609b-47ae-4900-87c5-5017abee79af 1.363s
2025-04-18 10:27:41.073 70107 INFO tempest.lib.common.rest_client [req-20c5dba6-3d4f-444f-9ee2-eb57acde8cdb req-20c5dba6-3d4f-444f-9ee2-eb57acde8cdb ] Request (AbsoluteLimitsNegativeTestJSON:setUpClass): 200 GET http://10.180.1.21/identity/v3/domains?name=Default 0.031s
2025-04-18 10:27:41.104 70107 INFO tempest.lib.common.rest_client [req-50818b69-29e7-4b36-83c3-f679bcbbcbaf req-50818b69-29e7-4b36-83c3-f679bcbbcbaf ] Request (AbsoluteLimitsNegativeTestJSON:setUpClass): 201 POST http://10.180.1.21/identity/v3/projects 0.031s
2025-04-18 10:27:41.168 70107 INFO tempest.lib.common.rest_client [req-d176f1ea-20ff-49f8-b88b-ba8f121bdae8 req-d176f1ea-20ff-49f8-b88b-ba8f121bdae8 ] Request (AbsoluteLimitsNegativeTestJSON:setUpClass): 201 POST http://10.180.1.21/identity/v3/users 0.063s
2025-04-18 10:27:41.174 70074 INFO tempest.lib.common.rest_client [req-4d6852c7-1e1e-40a5-968c-04689bb68303 req-4d6852c7-1e1e-40a5-968c-04689bb68303 ] Request (ImagesOneServerNegativeTestJSON:setUpClass): 200 PUT http://10.180.1.21:9696/networking/v2.0/routers/adfc94a4-d9da-4fd7-a47f-5347b4298e82/add_router_interface 2.027s
2025-04-18 10:27:41.174 70074 INFO tempest.lib.common.dynamic_creds [-] Created isolated network resources for: credentials: Credentials: {'domain_id': 'default', 'domain_name': 'Default', 'username': 'tempest-ImagesOneServerNegativeTestJSON-1314063320-project-member', 'project_domain_id': 'default', 'project_domain_name': 'Default', 'project_id': '5bc5ee2338e5467aa4c7c330429bf457', 'project_name': 'tempest-ImagesOneServerNegativeTestJSON-1314063320', 'tenant_id': '5bc5ee2338e5467aa4c7c330429bf457', 'tenant_name': 'tempest-ImagesOneServerNegativeTestJSON-1314063320', 'user_domain_id': 'default', 'user_domain_name': 'Default', 'user_id': '542fdef28da04b6193acc9916a69f098', 'system': None}, Network: {'id': 'c30926fd-30fe-4926-9b14-707276c7d385', 'name': 'tempest-ImagesOneServerNegativeTestJSON-457908438-network', 'tenant_id': '5bc5ee2338e5467aa4c7c330429bf457', 'admin_state_up': True, 'mtu': 8950, 'status': 'ACTIVE', 'subnets': [], 'shared': False, 'project_id': '5bc5ee2338e5467aa4c7c330429bf457', 'port_security_enabled': True, 'router:external': False, 'provider:network_type': 'vlan', 'provider:physical_network': 'default', 'provider:segmentation_id': 282, 'availability_zone_hints': [], 'availability_zones': [], 'ipv4_address_scope': None, 'ipv6_address_scope': None, 'description': '', 'tags': [], 'created_at': '2025-04-18T10:27:37Z', 'updated_at': '2025-04-18T10:27:37Z', 'revision_number': 1}, Subnet: {'id': 'ef66f53d-936b-491c-bde0-175f1dd04155', 'name': 'tempest-ImagesOneServerNegativeTestJSON-457908438-subnet', 'tenant_id': '5bc5ee2338e5467aa4c7c330429bf457', 'network_id': 'c30926fd-30fe-4926-9b14-707276c7d385', 'ip_version': 4, 'subnetpool_id': None, 'enable_dhcp': True, 'ipv6_ra_mode': None, 'ipv6_address_mode': None, 'gateway_ip': '192.168.128.1', 'cidr': '192.168.128.0/28', 'allocation_pools': [{'start': '192.168.128.2', 'end': '192.168.128.14'}], 'host_routes': [], 'dns_nameservers': [], 'description': '', 'router:external': False, 'service_types': [], 'tags': [], 'created_at': '2025-04-18T10:27:38Z', 'updated_at': '2025-04-18T10:27:38Z', 'revision_number': 0, 'project_id': '5bc5ee2338e5467aa4c7c330429bf457'}, Router: {'id': 'adfc94a4-d9da-4fd7-a47f-5347b4298e82', 'name': 'tempest-ImagesOneServerNegativeTestJSON-457908438-router', 'tenant_id': '5bc5ee2338e5467aa4c7c330429bf457', 'admin_state_up': True, 'status': 'ACTIVE', 'external_gateway_info': {'network_id': '242398df-2be0-4be2-8e07-6dca54cef25e', 'external_fixed_ips': [{'subnet_id': 'a7578bc0-cf29-4ec2-a572-de7c9fa447ba', 'ip_address': '10.180.180.162'}], 'enable_snat': True}, 'description': '', 'availability_zones': [], 'distributed': False, 'ha': False, 'availability_zone_hints': [], 'routes': [], 'flavor_id': None, 'tags': [], 'created_at': '2025-04-18T10:27:38Z', 'updated_at': '2025-04-18T10:27:38Z', 'revision_number': 2, 'project_id': '5bc5ee2338e5467aa4c7c330429bf457'}
2025-04-18 10:27:41.192 70107 INFO tempest.lib.common.rest_client [req-a18eef90-671d-4ff2-b673-a69efd16485b req-a18eef90-671d-4ff2-b673-a69efd16485b ] Request (AbsoluteLimitsNegativeTestJSON:setUpClass): 200 GET http://10.180.1.21/identity/v3/roles 0.023s
2025-04-18 10:27:41.203 70130 INFO tempest.lib.common.rest_client [req-7dbf0432-3e59-4877-a23f-a67d51103a87 req-7dbf0432-3e59-4877-a23f-a67d51103a87 ] Request (TenantUsagesTestJSON:setUpClass): 200 GET http://10.180.1.21/compute/v2.1/servers/9656233b-1a78-4451-908c-c162637a8253 1.370s
2025-04-18 10:27:41.213 70130 INFO tempest.common.waiters [-] State transition "BUILD/networking" ==> "BUILD/spawning" after 21 second wait
2025-04-18 10:27:41.215 70102 INFO tempest.lib.common.rest_client [req-795e09f1-5742-4ae3-af28-f1b5f1af41f3 req-795e09f1-5742-4ae3-af28-f1b5f1af41f3 ] Request (AggregatesAdminNegativeTestJSON:test_aggregate_get_details_as_user): 403 GET http://10.180.1.21/compute/v2.1/os-aggregates/6 1.229s
2025-04-18 10:27:41.227 70107 INFO tempest.lib.common.rest_client [req-233391b4-1403-483e-a28e-d0f1e7f7b530 req-233391b4-1403-483e-a28e-d0f1e7f7b530 ] Request (AbsoluteLimitsNegativeTestJSON:setUpClass): 204 PUT http://10.180.1.21/identity/v3/projects/9bf6ae78b65849ea88c0e86df1efb3d8/users/3ba7dd9a07e74e6eaa6b9f81553c644c/roles/b90a423d156e4762b8e1ccb62c61126e 0.034s
2025-04-18 10:27:41.228 70107 INFO tempest.lib.common.dynamic_creds [-] Dynamic test user 3ba7dd9a07e74e6eaa6b9f81553c644c is created with scope project and roles: ['member']
2025-04-18 10:27:41.228 70107 INFO tempest.lib.common.dynamic_creds [-] Acquired dynamic creds: credentials: Credentials: {'domain_id': 'default', 'domain_name': 'Default', 'username': 'tempest-AbsoluteLimitsNegativeTestJSON-1191024466-project-member', 'project_domain_id': 'default', 'project_domain_name': 'Default', 'project_id': '9bf6ae78b65849ea88c0e86df1efb3d8', 'project_name': 'tempest-AbsoluteLimitsNegativeTestJSON-1191024466', 'tenant_id': '9bf6ae78b65849ea88c0e86df1efb3d8', 'tenant_name': 'tempest-AbsoluteLimitsNegativeTestJSON-1191024466', 'user_domain_id': 'default', 'user_domain_name': 'Default', 'user_id': '3ba7dd9a07e74e6eaa6b9f81553c644c', 'system': None}, Network: None, Subnet: None, Router: None
2025-04-18 10:27:41.229 70107 INFO tempest.lib.common.dynamic_creds [-] Created isolated network resources for: credentials: Credentials: {'domain_id': 'default', 'domain_name': 'Default', 'username': 'tempest-AbsoluteLimitsNegativeTestJSON-1191024466-project-member', 'project_domain_id': 'default', 'project_domain_name': 'Default', 'project_id': '9bf6ae78b65849ea88c0e86df1efb3d8', 'project_name': 'tempest-AbsoluteLimitsNegativeTestJSON-1191024466', 'tenant_id': '9bf6ae78b65849ea88c0e86df1efb3d8', 'tenant_name': 'tempest-AbsoluteLimitsNegativeTestJSON-1191024466', 'user_domain_id': 'default', 'user_domain_name': 'Default', 'user_id': '3ba7dd9a07e74e6eaa6b9f81553c644c', 'system': None}, Network: None, Subnet: None, Router: None
2025-04-18 10:27:41.230 70078 INFO tempest.lib.common.rest_client [req-3692c0e4-61b1-4692-abe2-0f4b731c8e63 req-3692c0e4-61b1-4692-abe2-0f4b731c8e63 ] Request (ServerActionsTestJSON:setUpClass): 201 POST http://10.180.1.21:9696/networking/v2.0/networks 0.532s
2025-04-18 10:27:41.260 70074 INFO tempest.lib.common.rest_client [req-e8c82aa2-adc0-42b5-939f-8447e336f959 req-e8c82aa2-adc0-42b5-939f-8447e336f959 ] Request (ImagesOneServerNegativeTestJSON:setUpClass): 201 POST http://10.180.1.21/identity/v3/auth/tokens 0.082s
2025-04-18 10:27:41.279 70082 INFO tempest.lib.common.rest_client [req-b10c903c-2912-4684-93a8-18694a56e8b5 req-b10c903c-2912-4684-93a8-18694a56e8b5 ] Request (FlavorsAdminTestJSON:test_is_public_string_variations): 200 GET http://10.180.1.21/compute/v2.1/flavors/detail?is_public=1 1.261s
2025-04-18 10:27:41.313 70084 INFO tempest.lib.common.rest_client [req-2cec8b9c-f4c4-4043-99f0-ff039a112254 req-2cec8b9c-f4c4-4043-99f0-ff039a112254 ] Request (ListImageFiltersTestJSON:setUpClass): 200 GET http://10.180.1.21/compute/v2.1/images/d03119f0-2385-489d-a18d-44d75744f6e5 1.262s
2025-04-18 10:27:41.325 70107 INFO tempest.lib.common.rest_client [req-b88b4735-9fff-4b03-ab36-5ef8eb6dfb68 req-b88b4735-9fff-4b03-ab36-5ef8eb6dfb68 ] Request (AbsoluteLimitsNegativeTestJSON:setUpClass): 201 POST http://10.180.1.21/identity/v3/auth/tokens 0.093s
2025-04-18 10:27:41.371 70092 INFO tempest.lib.common.rest_client [req-b15b9e6a-346f-4361-bf94-3cbb91b51723 req-b15b9e6a-346f-4361-bf94-3cbb91b51723 ] Request (QuotasAdminTestV236:test_get_updated_quotas): 200 PUT http://10.180.1.21/compute/v2.1/os-quota-sets/7c87fb2890be45f79af7a5fbfdda4dba 1.529s
2025-04-18 10:27:41.377 70074 INFO tempest.lib.common.rest_client [req-b742d7ed-bd97-4ac9-a1f1-4763830a2eb7 req-b742d7ed-bd97-4ac9-a1f1-4763830a2eb7 ] Request (ImagesOneServerNegativeTestJSON:setUpClass): 201 POST http://10.180.1.21/identity/v3/auth/tokens 0.113s
2025-04-18 10:27:41.377 70074 INFO tempest.lib.common.fixed_network [-] (ImagesOneServerNegativeTestJSON:setUpClass) Found network {'id': 'c30926fd-30fe-4926-9b14-707276c7d385', 'name': 'tempest-ImagesOneServerNegativeTestJSON-457908438-network', 'tenant_id': '5bc5ee2338e5467aa4c7c330429bf457', 'admin_state_up': True, 'mtu': 8950, 'status': 'ACTIVE', 'subnets': [], 'shared': False, 'project_id': '5bc5ee2338e5467aa4c7c330429bf457', 'port_security_enabled': True, 'router:external': False, 'provider:network_type': 'vlan', 'provider:physical_network': 'default', 'provider:segmentation_id': 282, 'availability_zone_hints': [], 'availability_zones': [], 'ipv4_address_scope': None, 'ipv6_address_scope': None, 'description': '', 'tags': [], 'created_at': '2025-04-18T10:27:37Z', 'updated_at': '2025-04-18T10:27:37Z', 'revision_number': 1} available for tenant
2025-04-18 10:27:41.389 70108 INFO tempest.lib.common.rest_client [req-363aa281-1f8a-4e4e-830c-f8c564a278a0 req-363aa281-1f8a-4e4e-830c-f8c564a278a0 ] Request (FlavorsAccessNegativeTestJSON:_run_cleanups): 202 DELETE http://10.180.1.21/compute/v2.1/flavors/2133329507 1.116s
2025-04-18 10:27:41.413 70126 INFO tempest.lib.common.rest_client [req-8f617940-e09d-403a-bb56-4d4d2384de0f req-8f617940-e09d-403a-bb56-4d4d2384de0f ] Request (ServerDiagnosticsTest:tearDownClass): 404 GET http://10.180.1.21/compute/v2.1/servers/a42ff06a-c835-4bf9-9c2e-ef91f3f509f1 1.006s
2025-04-18 10:27:41.444 70078 INFO tempest.lib.common.rest_client [req-640b815b-4345-4b16-abbc-61a30f32a0a6 req-640b815b-4345-4b16-abbc-61a30f32a0a6 ] Request (ServerActionsTestJSON:setUpClass): 201 POST http://10.180.1.21:9696/networking/v2.0/subnets 0.213s
2025-04-18 10:27:41.456 70110 INFO tempest.lib.common.rest_client [req-23681932-eb0d-4a88-8b10-9bfbdad623db req-23681932-eb0d-4a88-8b10-9bfbdad623db ] Request (KeyPairsV22TestJSON:test_keypairs_create_list_delete): 201 POST http://10.180.1.21/compute/v2.1/os-keypairs 0.912s
2025-04-18 10:27:41.462 70122 INFO tempest.lib.common.rest_client [req-450f8728-d2ea-4599-9dce-cd02d3bc7d4d req-450f8728-d2ea-4599-9dce-cd02d3bc7d4d ] Request (SecurityGroupsTestJSON:test_security_group_create_get_delete): 200 POST http://10.180.1.21/compute/v2.1/os-security-groups 1.333s
2025-04-18 10:27:41.533 70126 INFO tempest.lib.common.rest_client [req-7c835ca8-14f7-4111-92b8-010d0c7243e7 req-7c835ca8-14f7-4111-92b8-010d0c7243e7 ] Request (ServerDiagnosticsTest:tearDownClass): 204 DELETE http://10.180.1.21/identity/v3/users/6f341f90e4c74b1185107219b653b067 0.119s
2025-04-18 10:27:41.650 70126 INFO tempest.lib.common.rest_client [req-e5352eda-9ce2-436c-99d3-39770c209c02 req-e5352eda-9ce2-436c-99d3-39770c209c02 ] Request (ServerDiagnosticsTest:tearDownClass): 204 DELETE http://10.180.1.21/identity/v3/users/0b5bd7bcb9534329b3b20c1b739083ec 0.116s
2025-04-18 10:27:41.650 70126 INFO tempest.lib.common.dynamic_creds [-] Deleting project and security group for project: 5c96b53884be4db4bbfc658d5e8569e2
2025-04-18 10:27:41.715 70126 INFO tempest.lib.common.rest_client [req-2d60da19-48df-4bdc-896c-bd68d1d48152 req-2d60da19-48df-4bdc-896c-bd68d1d48152 ] Request (ServerDiagnosticsTest:tearDownClass): 201 POST http://10.180.1.21/identity/v3/auth/tokens 0.065s
2025-04-18 10:27:41.775 70096 INFO tempest.lib.common.rest_client [req-416bb78d-5056-41a0-99c9-949c0584a083 req-416bb78d-5056-41a0-99c9-949c0584a083 ] Request (DeleteServersAdminTestJSON:test_delete_server_while_in_error_state): 202 POST http://10.180.1.21/compute/v2.1/servers 1.183s
2025-04-18 10:27:41.786 70094 INFO tempest.lib.common.rest_client [req-9f76f852-222d-44c9-bc9f-2240357f6483 req-9f76f852-222d-44c9-bc9f-2240357f6483 ] Request (ServersAdminTestJSON:test_create_server_with_scheduling_hint): 202 POST http://10.180.1.21/compute/v2.1/servers 1.182s
2025-04-18 10:27:41.888 70114 INFO tempest.lib.common.rest_client [req-072679b2-30d9-49be-b628-fb37d70940ee req-072679b2-30d9-49be-b628-fb37d70940ee ] Request (ServersTestJSON:test_create_server_specify_multibyte_character_name): 200 GET http://10.180.1.21/compute/v2.1/servers/aa1839a8-3034-4575-8da3-32e34ddd2cd9 1.247s
2025-04-18 10:27:41.896 70114 INFO tempest.common.waiters [-] State transition "BUILD/scheduling" ==> "BUILD/None" after 4 second wait
2025-04-18 10:27:41.918 70088 INFO tempest.lib.common.rest_client [req-18068f1d-bd35-4849-bf26-90aa7a461e68 req-18068f1d-bd35-4849-bf26-90aa7a461e68 ] Request (ServerDiagnosticsNegativeTest:tearDownClass): 200 GET http://10.180.1.21/compute/v2.1/servers/2dad8109-bd76-4d6e-86c2-b582ec682e5d 1.188s
2025-04-18 10:27:41.987 70098 INFO tempest.lib.common.rest_client [req-44acd5ca-6add-4efe-a0f0-95e74f590612 req-44acd5ca-6add-4efe-a0f0-95e74f590612 ] Request (ServerDiagnosticsV248Test:tearDownClass): 200 GET http://10.180.1.21/compute/v2.1/servers/f4f92db3-e4d1-476e-94e3-8ac90a27075d 1.222s
2025-04-18 10:27:41.999 70098 INFO tempest.common.waiters [-] State transition "ACTIVE/deleting" ==> "DELETED/None" after 4 second wait
2025-04-18 10:27:42.082 70100 INFO tempest.lib.common.rest_client [req-21a3b5fc-4e6d-47c9-8a5c-0f1a00964b5e req-21a3b5fc-4e6d-47c9-8a5c-0f1a00964b5e ] Request (ServersAaction247Test:test_create_backup): 200 GET http://10.180.1.21/compute/v2.1/servers/cd7dce97-f3fe-477e-9169-38cfcd581d38 1.108s
2025-04-18 10:27:42.099 70126 INFO tempest.lib.common.rest_client [req-1b8a2091-4893-4391-a48c-53e2be3fdf07 req-1b8a2091-4893-4391-a48c-53e2be3fdf07 ] Request (ServerDiagnosticsTest:tearDownClass): 200 GET http://10.180.1.21:9696/networking/v2.0/security-groups?tenant_id=5c96b53884be4db4bbfc658d5e8569e2&name=default 0.383s
2025-04-18 10:27:42.148 70124 INFO tempest.lib.common.rest_client [req-3db35105-7a34-4b56-9cf3-7f3df74f446b req-3db35105-7a34-4b56-9cf3-7f3df74f446b ] Request (MigrationsAdminTest:test_list_migrations_in_flavor_resize_situation): 200 GET http://10.180.1.21/compute/v2.1/servers/8d3b4526-ef53-4517-a042-5b23502cd66a 1.249s
2025-04-18 10:27:42.280 70126 INFO tempest.lib.common.rest_client [req-986cbcd4-19d5-48d5-9999-445c48a45a7c req-986cbcd4-19d5-48d5-9999-445c48a45a7c ] Request (ServerDiagnosticsTest:tearDownClass): 204 DELETE http://10.180.1.21:9696/networking/v2.0/security-groups/fbfbae21-ba79-46fe-a7cd-615faebccdf0 0.181s
2025-04-18 10:27:42.313 70072 INFO tempest.lib.common.rest_client [req-84533236-96b3-4a6f-9598-8d44a8f21513 req-84533236-96b3-4a6f-9598-8d44a8f21513 ] Request (SecurityGroupRulesTestJSON:tearDownClass): 202 DELETE http://10.180.1.21/compute/v2.1/os-security-groups/4b9641f2-3f99-4f62-a3db-616cd8407eac 1.313s
2025-04-18 10:27:42.357 70086 INFO tempest.lib.common.rest_client [req-45391a1c-6706-4faa-bab2-4327e2815276 req-45391a1c-6706-4faa-bab2-4327e2815276 ] Request (SecurityGroupsTestAdminJSON:_run_cleanups): 202 DELETE http://10.180.1.21/compute/v2.1/os-security-groups/e42cb50f-616e-467f-a2cc-eca6f6d616ef 1.327s
2025-04-18 10:27:42.429 70068 INFO tempest.lib.common.rest_client [req-4733c7f5-9f5c-4163-9f72-481cba54d00f req-4733c7f5-9f5c-4163-9f72-481cba54d00f ] Request (VolumesTestJSON:test_volume_list): 200 GET http://10.180.1.21/compute/v2.1/os-volumes 1.370s
2025-04-18 10:27:42.458 70104 INFO tempest.lib.common.rest_client [req-e97f968e-e7eb-4684-afd5-f1b29f653de3 req-e97f968e-e7eb-4684-afd5-f1b29f653de3 ] Request (ServersAdminNegativeTestJSON:setUpClass): 200 GET http://10.180.1.21/compute/v2.1/servers/900ed14f-8f7c-403d-93e8-f7a7cb624669 1.364s
2025-04-18 10:27:42.462 70126 INFO tempest.lib.common.rest_client [req-303ed9c1-6ae5-471a-a1b8-09e3e2c0cb85 req-303ed9c1-6ae5-471a-a1b8-09e3e2c0cb85 ] Request (ServerDiagnosticsTest:tearDownClass): 204 DELETE http://10.180.1.21/identity/v3/projects/5c96b53884be4db4bbfc658d5e8569e2 0.181s
2025-04-18 10:27:42.462 70126 INFO tempest.lib.common.dynamic_creds [-] Deleting project and security group for project: 7f5136a2ebfb4e10ae60e27ae2ef7a63
2025-04-18 10:27:42.497 70102 INFO tempest.lib.common.rest_client [req-024dbc8b-c5a6-4c8f-8b56-cda2a51a2aa6 req-024dbc8b-c5a6-4c8f-8b56-cda2a51a2aa6 ] Request (AggregatesAdminNegativeTestJSON:_run_cleanups): 200 DELETE http://10.180.1.21/compute/v2.1/os-aggregates/6 1.280s
2025-04-18 10:27:42.504 70086 INFO tempest.lib.common.rest_client [req-a16d2ee7-e220-46aa-8ae6-7e01345453bd req-a16d2ee7-e220-46aa-8ae6-7e01345453bd ] Request (SecurityGroupsTestAdminJSON:tearDownClass): 204 DELETE http://10.180.1.21/identity/v3/users/0224e5caff2f452fbb2adc1c9fe43491 0.146s
2025-04-18 10:27:42.511 70126 INFO tempest.lib.common.rest_client [req-9657f594-9f6e-4f79-849e-07034b6a23fb req-9657f594-9f6e-4f79-849e-07034b6a23fb ] Request (ServerDiagnosticsTest:tearDownClass): 200 GET http://10.180.1.21:9696/networking/v2.0/security-groups?tenant_id=7f5136a2ebfb4e10ae60e27ae2ef7a63&name=default 0.048s
2025-04-18 10:27:42.517 70082 INFO tempest.lib.common.rest_client [req-42dd4f9c-5c7d-4c80-90bc-5e4441efa91d req-42dd4f9c-5c7d-4c80-90bc-5e4441efa91d ] Request (FlavorsAdminTestJSON:_run_cleanups): 202 DELETE http://10.180.1.21/compute/v2.1/flavors/785322957 1.232s
