2025-04-18 10:27:24.757 70112 INFO tempest.lib.common.dynamic_creds [-] Acquired dynamic creds: credentials: Credentials: {'domain_id': 'default', 'domain_name': 'Default', 'username': 'tempest-FloatingIPsAssociationTestJSON-1987186940-project-member', 'project_domain_id': 'default', 'project_domain_name': 'Default', 'project_id': '5e375cf3ed4e4439a26d8174e32bfd31', 'project_name': 'tempest-FloatingIPsAssociationTestJSON-1987186940', 'tenant_id': '5e375cf3ed4e4439a26d8174e32bfd31', 'tenant_name': 'tempest-FloatingIPsAssociationTestJSON-1987186940', 'user_domain_id': 'default', 'user_domain_name': 'Default', 'user_id': '4187d6c52f4345e38d5f854e53f7e437', 'system': None}, Network: None, Subnet: None, Router: None
2025-04-18 10:27:24.770 70086 INFO tempest.lib.common.rest_client [req-8001e154-2e57-46db-a560-4158a189c896 req-8001e154-2e57-46db-a560-4158a189c896 ] Request (SecurityGroupsTestAdminJSON:test_list_security_groups_list_all_tenants_filter): 200 POST http://10.180.1.21/compute/v2.1/os-security-groups 1.838s
2025-04-18 10:27:24.772 70110 INFO tempest.lib.common.rest_client [req-9542af10-d38b-4e6e-98ec-b6edda8be646 req-9542af10-d38b-4e6e-98ec-b6edda8be646 ] Request (FloatingIPDetailsTestJSON:tearDownClass): 204 DELETE http://10.180.1.21:9696/networking/v2.0/security-groups/4b6fe730-fb67-43ad-bbfb-c15e0d04e7ea 0.225s
2025-04-18 10:27:24.794 70092 INFO tempest.lib.common.rest_client [req-fb50b6d8-3d63-4cc1-888d-d6daf5f05027 req-fb50b6d8-3d63-4cc1-888d-d6daf5f05027 ] Request (QuotasAdminTestJSON:tearDownClass): 204 DELETE http://10.180.1.21:9696/networking/v2.0/security-groups/104a9769-e182-41df-97f4-3538fa409f71 0.153s
2025-04-18 10:27:24.800 70094 INFO tempest.lib.common.rest_client [req-bae2a5e7-767b-4756-8c9b-881903f13e16 req-bae2a5e7-767b-4756-8c9b-881903f13e16 ] Request (ServersAdminTestJSON:setUpClass): 200 GET http://10.180.1.21/compute/v2.1/servers/0a867df1-b9af-4a10-8a65-eca278cfa6ac 1.795s
2025-04-18 10:27:24.847 70112 INFO tempest.lib.common.rest_client [req-53d0bb5f-de47-4a0c-9f37-e7c8a45b6836 req-53d0bb5f-de47-4a0c-9f37-e7c8a45b6836 ] Request (FloatingIPsAssociationTestJSON:setUpClass): 201 POST http://10.180.1.21/identity/v3/auth/tokens 0.089s
2025-04-18 10:27:24.910 70126 INFO tempest.lib.common.rest_client [req-42dcfecc-08c0-4dca-b336-234ea61e21aa req-42dcfecc-08c0-4dca-b336-234ea61e21aa ] Request (ServerDiagnosticsTest:tearDownClass): 200 GET http://10.180.1.21/compute/v2.1/servers/a42ff06a-c835-4bf9-9c2e-ef91f3f509f1 1.711s
2025-04-18 10:27:24.917 70110 INFO tempest.lib.common.rest_client [req-19d862f5-e990-48de-a267-43c6745a6b21 req-19d862f5-e990-48de-a267-43c6745a6b21 ] Request (FloatingIPDetailsTestJSON:tearDownClass): 204 DELETE http://10.180.1.21/identity/v3/projects/ce134e94c019484eb30c38d53ce7c7b3 0.145s
2025-04-18 10:27:24.923 70092 INFO tempest.lib.common.rest_client [req-9e3e14b9-0ea1-44e4-a1ee-788cccf58451 req-9e3e14b9-0ea1-44e4-a1ee-788cccf58451 ] Request (QuotasAdminTestJSON:tearDownClass): 204 DELETE http://10.180.1.21/identity/v3/projects/59f1ff62eb5444ddbcbad6eee841c90d 0.128s
2025-04-18 10:27:24.923 70092 INFO tempest.lib.common.dynamic_creds [-] Deleting project and security group for project: dabfd80a4c1c456b850691b843a49441
2025-04-18 10:27:24.934 70070 INFO tempest.lib.common.rest_client [req-6eb5f5dd-f1c4-4a07-bbab-7d6058754ce1 req-6eb5f5dd-f1c4-4a07-bbab-7d6058754ce1 ] Request (ImagesDeleteNegativeTestJSON:test_delete_non_existent_image): 404 DELETE http://10.180.1.21/compute/v2.1/images/c9dcd409-0943-4507-8909-f43a325e3051 1.653s
2025-04-18 10:27:24.983 70074 INFO tempest.lib.common.rest_client [req-026b9991-dc10-4092-a752-cb693e3b1c30 req-026b9991-dc10-4092-a752-cb693e3b1c30 ] Request (FloatingIPDetailsNegativeTestJSON:setUpClass): 201 POST http://10.180.1.21:9696/networking/v2.0/networks 0.435s
2025-04-18 10:27:24.997 70110 INFO tempest.lib.common.rest_client [req-97d56127-a3cd-4f4a-a1f0-e8eeb7240842 req-97d56127-a3cd-4f4a-a1f0-e8eeb7240842 ] Request (KeyPairsV22TestJSON:setUpClass): 201 POST http://10.180.1.21/identity/v3/auth/tokens 0.078s
2025-04-18 10:27:25.085 70124 INFO tempest.lib.common.rest_client [req-1f66b08e-d937-4f8f-aa2d-2ff884d4abe2 req-1f66b08e-d937-4f8f-aa2d-2ff884d4abe2 ] Request (MigrationsAdminTest:test_list_migrations_in_flavor_resize_situation): 200 GET http://10.180.1.21/compute/v2.1/servers/8d3b4526-ef53-4517-a042-5b23502cd66a 1.502s
2025-04-18 10:27:25.098 70092 INFO tempest.lib.common.rest_client [req-5b65234b-1be2-4375-aeb5-cc39b3ee8e5a req-5b65234b-1be2-4375-aeb5-cc39b3ee8e5a ] Request (QuotasAdminTestJSON:tearDownClass): 200 GET http://10.180.1.21:9696/networking/v2.0/security-groups?tenant_id=dabfd80a4c1c456b850691b843a49441&name=default 0.174s
2025-04-18 10:27:25.125 70082 INFO tempest.lib.common.rest_client [req-49334ef4-5713-4a38-9b63-434ef1454b9f req-49334ef4-5713-4a38-9b63-434ef1454b9f ] Request (FlavorsAdminTestJSON:_run_cleanups): 200 GET http://10.180.1.21/compute/v2.1/flavors/detail 1.444s
2025-04-18 10:27:25.132 70102 INFO tempest.lib.common.rest_client [req-42ed5638-2f20-452f-ad2f-4fdbc578e08f req-42ed5638-2f20-452f-ad2f-4fdbc578e08f ] Request (AggregatesAdminNegativeTestJSON:test_aggregate_create_aggregate_name_length_less_than_1): 400 POST http://10.180.1.21/compute/v2.1/os-aggregates 1.441s
2025-04-18 10:27:25.138 70070 INFO tempest.lib.common.rest_client [req-388fd4ba-197f-4ec4-b2c9-8649dba56e4d req-388fd4ba-197f-4ec4-b2c9-8649dba56e4d ] Request (ImagesDeleteNegativeTestJSON:tearDownClass): 204 DELETE http://10.180.1.21/identity/v3/users/c033686feb314e48b9b7ebea3fd81a9e 0.203s
2025-04-18 10:27:25.139 70070 INFO tempest.lib.common.dynamic_creds [-] Deleting project and security group for project: 1350f4a40a9b457f818dad5f2b3d67e1
2025-04-18 10:27:25.141 70068 INFO tempest.lib.common.rest_client [req-8e1ce47d-4317-4326-a15a-dd2ff882a803 req-8e1ce47d-4317-4326-a15a-dd2ff882a803 ] Request (MultipleCreateNegativeTestJSON:test_max_count_less_than_one): 400 POST http://10.180.1.21/compute/v2.1/servers 1.449s
2025-04-18 10:27:25.169 70108 INFO tempest.lib.common.rest_client [req-18feaa54-da95-4d63-a0e0-d6c1dd0db004 req-18feaa54-da95-4d63-a0e0-d6c1dd0db004 ] Request (FlavorsAccessNegativeTestJSON:_run_cleanups): 202 DELETE http://10.180.1.21/compute/v2.1/flavors/1144411634 1.379s
2025-04-18 10:27:25.207 70072 INFO tempest.lib.common.rest_client [req-a25653e9-c3f0-4946-8ecb-73182b07dd8a req-a25653e9-c3f0-4946-8ecb-73182b07dd8a ] Request (SecurityGroupRulesTestJSON:test_security_group_rules_delete_when_peer_group_deleted): 200 GET http://10.180.1.21/compute/v2.1/os-security-groups/f212095d-f936-4a80-b166-e4467ed2fb28 1.294s
2025-04-18 10:27:25.213 70110 INFO tempest.lib.common.rest_client [req-60ed95a5-0699-4441-bfd0-be82dd5fcf83 req-60ed95a5-0699-4441-bfd0-be82dd5fcf83 ] Request (KeyPairsV22TestJSON:setUpClass): 201 POST http://10.180.1.21/identity/v3/auth/tokens 0.211s
2025-04-18 10:27:25.218 70070 INFO tempest.lib.common.rest_client [req-1a6f22f6-c720-4d35-b31c-d0f20afaa07c req-1a6f22f6-c720-4d35-b31c-d0f20afaa07c ] Request (ImagesDeleteNegativeTestJSON:tearDownClass): 201 POST http://10.180.1.21/identity/v3/auth/tokens 0.079s
2025-04-18 10:27:25.231 70092 INFO tempest.lib.common.rest_client [req-73c7a310-bec3-4959-8db8-ef165ca90482 req-73c7a310-bec3-4959-8db8-ef165ca90482 ] Request (QuotasAdminTestJSON:tearDownClass): 204 DELETE http://10.180.1.21:9696/networking/v2.0/security-groups/d2e11649-617f-442f-a3d4-cc7447eb58e1 0.133s
2025-04-18 10:27:25.237 70076 INFO tempest.lib.common.rest_client [req-12e33504-abdb-4c83-9c16-7f63df6c80ae req-12e33504-abdb-4c83-9c16-7f63df6c80ae ] Request (SecurityGroupsNegativeTestJSON:test_update_non_existent_security_group): 404 PUT http://10.180.1.21/compute/v2.1/os-security-groups/c5a60775-e924-4e85-9e14-d609a62069c8 1.306s
2025-04-18 10:27:25.246 70110 INFO tempest.lib.common.rest_client [req-ccdb03d3-4027-4802-9066-37f9047019e7 req-ccdb03d3-4027-4802-9066-37f9047019e7 ] Request (KeyPairsV22TestJSON:setUpClass): 200 GET http://10.180.1.21/identity/v3/domains?name=Default 0.032s
2025-04-18 10:27:25.247 70078 INFO tempest.lib.common.rest_client [req-e6b54257-3b4f-4315-980f-257a095fceb8 req-e6b54257-3b4f-4315-980f-257a095fceb8 ] Request (QuotasAdminNegativeTest:_run_cleanups): 200 PUT http://10.180.1.21/compute/v2.1/os-quota-sets/e9e342eff0574d6e9ecd7074b9169b34 1.995s
2025-04-18 10:27:25.277 70068 INFO tempest.lib.common.rest_client [req-103f6b6e-e8b6-4300-9ba0-87a50b2d3463 req-103f6b6e-e8b6-4300-9ba0-87a50b2d3463 ] Request (MultipleCreateNegativeTestJSON:test_max_count_non_integer): 201 POST http://10.180.1.21/identity/v3/auth/tokens 0.130s
2025-04-18 10:27:25.277 70068 INFO tempest.lib.common.fixed_network [-] (MultipleCreateNegativeTestJSON:test_max_count_non_integer) Found network None available for tenant
2025-04-18 10:27:25.323 70074 INFO tempest.lib.common.rest_client [req-46720e98-235f-43f6-bf83-6c63bbc85b0e req-46720e98-235f-43f6-bf83-6c63bbc85b0e ] Request (FloatingIPDetailsNegativeTestJSON:setUpClass): 201 POST http://10.180.1.21:9696/networking/v2.0/subnets 0.340s
2025-04-18 10:27:25.324 70130 INFO tempest.lib.common.rest_client [req-11ffa6e0-99ec-4dec-a9c7-85b2d1751c2d req-11ffa6e0-99ec-4dec-a9c7-85b2d1751c2d ] Request (TenantUsagesTestJSON:setUpClass): 200 GET http://10.180.1.21/compute/v2.1/servers/9656233b-1a78-4451-908c-c162637a8253 1.297s
2025-04-18 10:27:25.330 70110 INFO tempest.lib.common.rest_client [req-e46cad13-db17-4001-8996-7de9a1c0f73d req-e46cad13-db17-4001-8996-7de9a1c0f73d ] Request (KeyPairsV22TestJSON:setUpClass): 201 POST http://10.180.1.21/identity/v3/projects 0.084s
2025-04-18 10:27:25.346 70092 INFO tempest.lib.common.rest_client [req-ba363815-46fc-4fc6-b9f3-059453d9ce36 req-ba363815-46fc-4fc6-b9f3-059453d9ce36 ] Request (QuotasAdminTestJSON:tearDownClass): 204 DELETE http://10.180.1.21/identity/v3/projects/dabfd80a4c1c456b850691b843a49441 0.115s
2025-04-18 10:27:25.381 70092 INFO tempest.lib.common.rest_client [req-84949564-3400-4d3c-b104-ac19a2cf9124 req-84949564-3400-4d3c-b104-ac19a2cf9124 ] Request (QuotasAdminTestV236:setUpClass): 201 POST http://10.180.1.21/identity/v3/auth/tokens 0.033s
2025-04-18 10:27:25.402 70110 INFO tempest.lib.common.rest_client [req-adb91d14-fa25-42d6-b63b-53d81b8f6f3d req-adb91d14-fa25-42d6-b63b-53d81b8f6f3d ] Request (KeyPairsV22TestJSON:setUpClass): 201 POST http://10.180.1.21/identity/v3/users 0.070s
2025-04-18 10:27:25.414 70092 INFO tempest.lib.common.rest_client [req-7a2e2cc1-bbdf-41b8-aec1-083365af12d9 req-7a2e2cc1-bbdf-41b8-aec1-083365af12d9 ] Request (QuotasAdminTestV236:setUpClass): 201 POST http://10.180.1.21/identity/v3/auth/tokens 0.029s
2025-04-18 10:27:25.433 70110 INFO tempest.lib.common.rest_client [req-5bbe0fdd-c9da-4616-a40d-414162666adf req-5bbe0fdd-c9da-4616-a40d-414162666adf ] Request (KeyPairsV22TestJSON:setUpClass): 200 GET http://10.180.1.21/identity/v3/roles 0.031s
2025-04-18 10:27:25.452 70092 INFO tempest.lib.common.rest_client [req-3206230c-3639-4c30-8971-cad16873dfd1 req-3206230c-3639-4c30-8971-cad16873dfd1 ] Request (QuotasAdminTestV236:setUpClass): 200 GET http://10.180.1.21/identity/v3/domains?name=Default 0.037s
2025-04-18 10:27:25.471 70110 INFO tempest.lib.common.rest_client [req-d7b49363-b8b2-4c12-af79-08265664c751 req-d7b49363-b8b2-4c12-af79-08265664c751 ] Request (KeyPairsV22TestJSON:setUpClass): 204 PUT http://10.180.1.21/identity/v3/projects/b35018923d29444bbc7d697f0465dd79/users/6aadc8eeaec6437d984da28ec2e8c81e/roles/b90a423d156e4762b8e1ccb62c61126e 0.037s
2025-04-18 10:27:25.471 70110 INFO tempest.lib.common.dynamic_creds [-] Dynamic test user 6aadc8eeaec6437d984da28ec2e8c81e is created with scope project and roles: ['member']
2025-04-18 10:27:25.472 70110 INFO tempest.lib.common.dynamic_creds [-] Acquired dynamic creds: credentials: Credentials: {'domain_id': 'default', 'domain_name': 'Default', 'username': 'tempest-KeyPairsV22TestJSON-240149208-project-member', 'project_domain_id': 'default', 'project_domain_name': 'Default', 'project_id': 'b35018923d29444bbc7d697f0465dd79', 'project_name': 'tempest-KeyPairsV22TestJSON-240149208', 'tenant_id': 'b35018923d29444bbc7d697f0465dd79', 'tenant_name': 'tempest-KeyPairsV22TestJSON-240149208', 'user_domain_id': 'default', 'user_domain_name': 'Default', 'user_id': '6aadc8eeaec6437d984da28ec2e8c81e', 'system': None}, Network: None, Subnet: None, Router: None
2025-04-18 10:27:25.472 70110 INFO tempest.lib.common.dynamic_creds [-] Created isolated network resources for: credentials: Credentials: {'domain_id': 'default', 'domain_name': 'Default', 'username': 'tempest-KeyPairsV22TestJSON-240149208-project-member', 'project_domain_id': 'default', 'project_domain_name': 'Default', 'project_id': 'b35018923d29444bbc7d697f0465dd79', 'project_name': 'tempest-KeyPairsV22TestJSON-240149208', 'tenant_id': 'b35018923d29444bbc7d697f0465dd79', 'tenant_name': 'tempest-KeyPairsV22TestJSON-240149208', 'user_domain_id': 'default', 'user_domain_name': 'Default', 'user_id': '6aadc8eeaec6437d984da28ec2e8c81e', 'system': None}, Network: None, Subnet: None, Router: None
2025-04-18 10:27:25.505 70112 INFO tempest.lib.common.rest_client [req-44c29f4f-7a19-4e44-a537-c32a6f674cb4 req-44c29f4f-7a19-4e44-a537-c32a6f674cb4 ] Request (FloatingIPsAssociationTestJSON:setUpClass): 201 POST http://10.180.1.21:9696/networking/v2.0/networks 0.658s
2025-04-18 10:27:25.523 70092 INFO tempest.lib.common.rest_client [req-f7f25d16-2fec-4ba1-b71a-30df83b0e344 req-f7f25d16-2fec-4ba1-b71a-30df83b0e344 ] Request (QuotasAdminTestV236:setUpClass): 201 POST http://10.180.1.21/identity/v3/projects 0.070s
2025-04-18 10:27:25.572 70110 INFO tempest.lib.common.rest_client [req-a2f5c611-c1fa-46f9-a2e8-d3d11eb688f8 req-a2f5c611-c1fa-46f9-a2e8-d3d11eb688f8 ] Request (KeyPairsV22TestJSON:setUpClass): 201 POST http://10.180.1.21/identity/v3/auth/tokens 0.092s
2025-04-18 10:27:25.586 70092 INFO tempest.lib.common.rest_client [req-51a8cab4-9123-4158-9f6f-7abca2e57eab req-51a8cab4-9123-4158-9f6f-7abca2e57eab ] Request (QuotasAdminTestV236:setUpClass): 201 POST http://10.180.1.21/identity/v3/users 0.062s
2025-04-18 10:27:25.637 70122 INFO tempest.lib.common.rest_client [req-a3370b4d-09a3-48a3-9430-eddf2613f1ca req-a3370b4d-09a3-48a3-9430-eddf2613f1ca ] Request (SecurityGroupsTestJSON:test_list_security_groups_by_server): 200 GET http://10.180.1.21/compute/v2.1/servers/74ee83eb-e761-45d6-9fc3-e8a9eabc907d 1.605s
2025-04-18 10:27:25.650 70092 INFO tempest.lib.common.rest_client [req-bd9d1670-53f3-4fd6-8131-400812cbfda4 req-bd9d1670-53f3-4fd6-8131-400812cbfda4 ] Request (QuotasAdminTestV236:setUpClass): 200 GET http://10.180.1.21/identity/v3/roles 0.064s
2025-04-18 10:27:25.658 70118 INFO tempest.lib.common.rest_client [req-79975dcf-30c5-4685-a3ca-7b6a9603df78 req-79975dcf-30c5-4685-a3ca-7b6a9603df78 ] Request (ImagesOneServerTestJSON:setUpClass): 200 GET http://10.180.1.21/compute/v2.1/servers/c10f0424-df91-4670-b402-9e96e71e52ed 1.699s
2025-04-18 10:27:25.678 70092 INFO tempest.lib.common.rest_client [req-ba28dab8-5669-4e7a-97dd-7b7a3ea74f24 req-ba28dab8-5669-4e7a-97dd-7b7a3ea74f24 ] Request (QuotasAdminTestV236:setUpClass): 204 PUT http://10.180.1.21/identity/v3/projects/9bc0810197964147aab280799791156c/users/c0a2982eab9040aa92a39727d3e77426/roles/b90a423d156e4762b8e1ccb62c61126e 0.027s
2025-04-18 10:27:25.678 70092 INFO tempest.lib.common.dynamic_creds [-] Dynamic test user c0a2982eab9040aa92a39727d3e77426 is created with scope project and roles: ['member']
2025-04-18 10:27:25.679 70092 INFO tempest.lib.common.dynamic_creds [-] Acquired dynamic creds: credentials: Credentials: {'domain_id': 'default', 'domain_name': 'Default', 'username': 'tempest-QuotasAdminTestV236-1683972875-project-member', 'project_domain_id': 'default', 'project_domain_name': 'Default', 'project_id': '9bc0810197964147aab280799791156c', 'project_name': 'tempest-QuotasAdminTestV236-1683972875', 'tenant_id': '9bc0810197964147aab280799791156c', 'tenant_name': 'tempest-QuotasAdminTestV236-1683972875', 'user_domain_id': 'default', 'user_domain_name': 'Default', 'user_id': 'c0a2982eab9040aa92a39727d3e77426', 'system': None}, Network: None, Subnet: None, Router: None
2025-04-18 10:27:25.679 70092 INFO tempest.lib.common.dynamic_creds [-] Created isolated network resources for: credentials: Credentials: {'domain_id': 'default', 'domain_name': 'Default', 'username': 'tempest-QuotasAdminTestV236-1683972875-project-member', 'project_domain_id': 'default', 'project_domain_name': 'Default', 'project_id': '9bc0810197964147aab280799791156c', 'project_name': 'tempest-QuotasAdminTestV236-1683972875', 'tenant_id': '9bc0810197964147aab280799791156c', 'tenant_name': 'tempest-QuotasAdminTestV236-1683972875', 'user_domain_id': 'default', 'user_domain_name': 'Default', 'user_id': 'c0a2982eab9040aa92a39727d3e77426', 'system': None}, Network: None, Subnet: None, Router: None
2025-04-18 10:27:25.751 70092 INFO tempest.lib.common.rest_client [req-4600692c-a93b-4175-84b8-36927facc7de req-4600692c-a93b-4175-84b8-36927facc7de ] Request (QuotasAdminTestV236:setUpClass): 201 POST http://10.180.1.21/identity/v3/auth/tokens 0.068s
2025-04-18 10:27:25.753 70080 INFO tempest.lib.common.rest_client [req-971385bf-efc5-4a14-8c31-9750be288076 req-971385bf-efc5-4a14-8c31-9750be288076 ] Request (ServersAdmin275Test:test_rebuild_update_server_275): 200 GET http://10.180.1.21/compute/v2.1/servers/fee3d7b7-86bf-46f7-92a7-a626663dac51 1.664s
2025-04-18 10:27:25.763 70080 INFO tempest.common.waiters [-] State transition "BUILD/networking" ==> "BUILD/spawning" after 13 second wait
2025-04-18 10:27:25.764 70070 INFO tempest.lib.common.rest_client [req-75b96b00-2816-4c49-aba9-9342f445a70f req-75b96b00-2816-4c49-aba9-9342f445a70f ] Request (ImagesDeleteNegativeTestJSON:tearDownClass): 200 GET http://10.180.1.21:9696/networking/v2.0/security-groups?tenant_id=1350f4a40a9b457f818dad5f2b3d67e1&name=default 0.546s
2025-04-18 10:27:25.820 70092 INFO tempest.lib.common.rest_client [req-1adbcf5c-63f0-4578-96ae-d9556de4247b req-1adbcf5c-63f0-4578-96ae-d9556de4247b ] Request (QuotasAdminTestV236:setUpClass): 201 POST http://10.180.1.21/identity/v3/projects 0.068s
2025-04-18 10:27:25.830 70100 INFO tempest.lib.common.rest_client [req-690614b8-69a2-4f1e-ae01-9c33d64d87d6 req-690614b8-69a2-4f1e-ae01-9c33d64d87d6 ] Request (ServersAaction247Test:test_create_backup): 200 GET http://10.180.1.21/compute/v2.1/servers/cd7dce97-f3fe-477e-9169-38cfcd581d38 1.694s
2025-04-18 10:27:25.838 70084 INFO tempest.lib.common.rest_client [req-ceda5b0b-8a9c-440c-addb-b860e21847ee req-ceda5b0b-8a9c-440c-addb-b860e21847ee ] Request (HostsAdminNegativeTestJSON:test_update_host_without_param): 400 PUT http://10.180.1.21/compute/v2.1/os-hosts/devstack 1.693s
2025-04-18 10:27:25.869 70128 INFO tempest.lib.common.rest_client [req-56fcc6f5-6b46-42e4-8f7b-72f912c9d2b4 req-56fcc6f5-6b46-42e4-8f7b-72f912c9d2b4 ] Request (QuotasAdminTestV257:test_get_updated_quotas): 200 PUT http://10.180.1.21/compute/v2.1/os-quota-sets/1298e9f8273e4f6287ac20ed069f20e2 1.789s
2025-04-18 10:27:25.885 70112 INFO tempest.lib.common.rest_client [req-7ac7841b-a3c5-415e-b442-c68b11b5afd3 req-7ac7841b-a3c5-415e-b442-c68b11b5afd3 ] Request (FloatingIPsAssociationTestJSON:setUpClass): 201 POST http://10.180.1.21:9696/networking/v2.0/subnets 0.379s
2025-04-18 10:27:25.898 70092 INFO tempest.lib.common.rest_client [req-fea7a985-6c82-4d9b-a93e-ed6652675816 req-fea7a985-6c82-4d9b-a93e-ed6652675816 ] Request (QuotasAdminTestV236:setUpClass): 201 POST http://10.180.1.21/identity/v3/users 0.077s
2025-04-18 10:27:25.923 70092 INFO tempest.lib.common.rest_client [req-a348b83e-bbcd-474a-acbc-77941339ccf2 req-a348b83e-bbcd-474a-acbc-77941339ccf2 ] Request (QuotasAdminTestV236:setUpClass): 200 GET http://10.180.1.21/identity/v3/roles 0.024s
2025-04-18 10:27:25.957 70092 INFO tempest.lib.common.rest_client [req-5b10fe9f-fb12-4313-b423-3dec83f19990 req-5b10fe9f-fb12-4313-b423-3dec83f19990 ] Request (QuotasAdminTestV236:setUpClass): 204 PUT http://10.180.1.21/identity/v3/projects/f346c8a290754c96ae58db54afc064ed/users/702e33a650304b1e94ad82e399aee135/roles/41ba02142e184487947e2eaa66240371 0.034s
2025-04-18 10:27:25.959 70114 INFO tempest.lib.common.rest_client [req-6d354aaa-e207-4d82-99bd-c626584003eb req-6d354aaa-e207-4d82-99bd-c626584003eb ] Request (ServicesAdminNegativeV253TestJSON:test_list_services_with_non_admin_user): 403 GET http://10.180.1.21/compute/v2.1/os-services 1.784s
2025-04-18 10:27:25.962 70070 INFO tempest.lib.common.rest_client [req-267f624b-9bc7-404c-940a-0e43a52970a1 req-267f624b-9bc7-404c-940a-0e43a52970a1 ] Request (ImagesDeleteNegativeTestJSON:tearDownClass): 204 DELETE http://10.180.1.21:9696/networking/v2.0/security-groups/8cad6ff5-f4ac-4477-baa2-dac136043cde 0.197s
2025-04-18 10:27:26.024 70092 INFO tempest.lib.common.rest_client [req-12d22336-c666-4d46-ae61-b3bfc23e1d50 req-12d22336-c666-4d46-ae61-b3bfc23e1d50 ] Request (QuotasAdminTestV236:setUpClass): 200 GET http://10.180.1.21/identity/v3/roles 0.066s
2025-04-18 10:27:26.039 70104 INFO tempest.lib.common.rest_client [req-86693c3e-e99c-4caf-9a50-b48b3d03ec37 req-86693c3e-e99c-4caf-9a50-b48b3d03ec37 ] Request (ServersAdminNegativeTestJSON:setUpClass): 200 GET http://10.180.1.21/compute/v2.1/servers/900ed14f-8f7c-403d-93e8-f7a7cb624669 1.314s
2025-04-18 10:27:26.064 70070 INFO tempest.lib.common.rest_client [req-b0828712-f9e8-4f56-91d9-0855ca04c3b1 req-b0828712-f9e8-4f56-91d9-0855ca04c3b1 ] Request (ImagesDeleteNegativeTestJSON:tearDownClass): 204 DELETE http://10.180.1.21/identity/v3/projects/1350f4a40a9b457f818dad5f2b3d67e1 0.101s
2025-04-18 10:27:26.095 70114 INFO tempest.lib.common.rest_client [req-5caa6cee-9e19-4da3-bf60-4198f38bf3d8 req-5caa6cee-9e19-4da3-bf60-4198f38bf3d8 ] Request (ServicesAdminNegativeV253TestJSON:tearDownClass): 204 DELETE http://10.180.1.21/identity/v3/users/1bea64a022294660883627e299acf161 0.133s
2025-04-18 10:27:26.127 70088 INFO tempest.lib.common.rest_client [req-1dec38a6-b2f3-46be-8dee-3bc296e84aca req-1dec38a6-b2f3-46be-8dee-3bc296e84aca ] Request (ServerDiagnosticsNegativeTest:test_get_server_diagnostics_by_non_admin): 200 GET http://10.180.1.21/compute/v2.1/servers/2dad8109-bd76-4d6e-86c2-b582ec682e5d 1.655s
2025-04-18 10:27:26.168 70092 INFO tempest.lib.common.rest_client [req-cfc4590f-1e9c-4ab4-87ef-978e8da438e8 req-cfc4590f-1e9c-4ab4-87ef-978e8da438e8 ] Request (QuotasAdminTestV236:setUpClass): 204 PUT http://10.180.1.21/identity/v3/projects/f346c8a290754c96ae58db54afc064ed/users/702e33a650304b1e94ad82e399aee135/roles/41ba02142e184487947e2eaa66240371 0.144s
2025-04-18 10:27:26.169 70092 INFO tempest.lib.common.dynamic_creds [-] Dynamic test user 702e33a650304b1e94ad82e399aee135 is created with scope project and roles: ['admin']
2025-04-18 10:27:26.169 70092 INFO tempest.lib.common.dynamic_creds [-] Acquired dynamic creds: credentials: Credentials: {'domain_id': 'default', 'domain_name': 'Default', 'username': 'tempest-QuotasAdminTestV236-926766233-project-admin', 'project_domain_id': 'default', 'project_domain_name': 'Default', 'project_id': 'f346c8a290754c96ae58db54afc064ed', 'project_name': 'tempest-QuotasAdminTestV236-926766233', 'tenant_id': 'f346c8a290754c96ae58db54afc064ed', 'tenant_name': 'tempest-QuotasAdminTestV236-926766233', 'user_domain_id': 'default', 'user_domain_name': 'Default', 'user_id': '702e33a650304b1e94ad82e399aee135', 'system': None}, Network: None, Subnet: None, Router: None
2025-04-18 10:27:26.169 70092 INFO tempest.lib.common.dynamic_creds [-] Created isolated network resources for: credentials: Credentials: {'domain_id': 'default', 'domain_name': 'Default', 'username': 'tempest-QuotasAdminTestV236-926766233-project-admin', 'project_domain_id': 'default', 'project_domain_name': 'Default', 'project_id': 'f346c8a290754c96ae58db54afc064ed', 'project_name': 'tempest-QuotasAdminTestV236-926766233', 'tenant_id': 'f346c8a290754c96ae58db54afc064ed', 'tenant_name': 'tempest-QuotasAdminTestV236-926766233', 'user_domain_id': 'default', 'user_domain_name': 'Default', 'user_id': '702e33a650304b1e94ad82e399aee135', 'system': None}, Network: None, Subnet: None, Router: None
2025-04-18 10:27:26.176 70070 INFO tempest.lib.common.rest_client [req-22948fc6-3bf1-4d7c-b99a-ed1173791c05 req-22948fc6-3bf1-4d7c-b99a-ed1173791c05 ] Request (ListServerFiltersTestJSON:setUpClass): 201 POST http://10.180.1.21/identity/v3/auth/tokens 0.111s
2025-04-18 10:27:26.235 70120 INFO tempest.lib.common.rest_client [req-61a2b58a-60ad-4239-819d-a9bb4ba31d7c req-61a2b58a-60ad-4239-819d-a9bb4ba31d7c ] Request (InstanceActionsV221TestJSON:test_get_list_deleted_instance_actions): 200 GET http://10.180.1.21/compute/v2.1/servers/2d0d81fc-6cab-45b7-8768-34b6eaad5669 1.213s
2025-04-18 10:27:26.265 70092 INFO tempest.lib.common.rest_client [req-77977595-bd93-49c5-b456-5756c8ec8ff3 req-77977595-bd93-49c5-b456-5756c8ec8ff3 ] Request (QuotasAdminTestV236:setUpClass): 201 POST http://10.180.1.21/identity/v3/auth/tokens 0.093s
2025-04-18 10:27:26.270 70114 INFO tempest.lib.common.rest_client [req-348204d4-9b64-4c7f-ad64-a9053c07a0b6 req-348204d4-9b64-4c7f-ad64-a9053c07a0b6 ] Request (ServicesAdminNegativeV253TestJSON:tearDownClass): 204 DELETE http://10.180.1.21/identity/v3/users/918c9b9b1b8d47449f21a965187cf077 0.175s
2025-04-18 10:27:26.270 70114 INFO tempest.lib.common.dynamic_creds [-] Deleting project and security group for project: bd67260c75a94b15a6d7132563fbd787
2025-04-18 10:27:26.310 70096 INFO tempest.lib.common.rest_client [req-ed6de6d0-ef31-467f-9a1a-a68b540e48c3 req-ed6de6d0-ef31-467f-9a1a-a68b540e48c3 ] Request (DeleteServersAdminTestJSON:test_admin_delete_servers_of_others): 200 GET http://10.180.1.21/compute/v2.1/servers/4195d069-836d-4e40-8f95-e8181fe083a4 1.178s
2025-04-18 10:27:26.314 70086 INFO tempest.lib.common.rest_client [req-53411c98-264c-48d8-8f2d-f558111aa929 req-53411c98-264c-48d8-8f2d-f558111aa929 ] Request (SecurityGroupsTestAdminJSON:test_list_security_groups_list_all_tenants_filter): 200 POST http://10.180.1.21/compute/v2.1/os-security-groups 1.540s
2025-04-18 10:27:26.325 70102 INFO tempest.lib.common.rest_client [req-0519c82c-01a4-4cbe-9876-b3414712b8f7 req-0519c82c-01a4-4cbe-9876-b3414712b8f7 ] Request (AggregatesAdminNegativeTestJSON:test_aggregate_create_as_user): 403 POST http://10.180.1.21/compute/v2.1/os-aggregates 1.191s
2025-04-18 10:27:26.333 70082 INFO tempest.lib.common.rest_client [req-c2c89d28-a8c8-448c-8675-3da0b6dad945 req-c2c89d28-a8c8-448c-8675-3da0b6dad945 ] Request (FlavorsAdminTestJSON:test_is_public_string_variations): 200 POST http://10.180.1.21/compute/v2.1/flavors 1.200s
2025-04-18 10:27:26.336 70114 INFO tempest.lib.common.rest_client [req-2ab6a49c-e380-4838-aeb9-456d1f8bd795 req-2ab6a49c-e380-4838-aeb9-456d1f8bd795 ] Request (ServicesAdminNegativeV253TestJSON:tearDownClass): 201 POST http://10.180.1.21/identity/v3/auth/tokens 0.065s
2025-04-18 10:27:26.344 70070 INFO tempest.lib.common.rest_client [req-fd214dae-1e13-4ccf-9a4c-9f219f93db1a req-fd214dae-1e13-4ccf-9a4c-9f219f93db1a ] Request (ListServerFiltersTestJSON:setUpClass): 201 POST http://10.180.1.21/identity/v3/auth/tokens 0.165s
2025-04-18 10:27:26.361 70108 INFO tempest.lib.common.rest_client [req-af791285-0253-493e-a2b5-9c5433624d70 req-af791285-0253-493e-a2b5-9c5433624d70 ] Request (FlavorsAccessNegativeTestJSON:_run_cleanups): 200 GET http://10.180.1.21/compute/v2.1/flavors/detail 1.191s
2025-04-18 10:27:26.371 70070 INFO tempest.lib.common.rest_client [req-e9be3d6d-cb62-4028-8a4e-8081e4203d2a req-e9be3d6d-cb62-4028-8a4e-8081e4203d2a ] Request (ListServerFiltersTestJSON:setUpClass): 200 GET http://10.180.1.21/identity/v3/domains?name=Default 0.027s
2025-04-18 10:27:26.404 70070 INFO tempest.lib.common.rest_client [req-a79d3ca7-ebc0-493a-880a-6d84af8228f6 req-a79d3ca7-ebc0-493a-880a-6d84af8228f6 ] Request (ListServerFiltersTestJSON:setUpClass): 201 POST http://10.180.1.21/identity/v3/projects 0.032s
2025-04-18 10:27:26.437 70116 INFO tempest.lib.common.rest_client [req-3cbfa44a-989e-4229-bca8-c4d3a409a79c req-3cbfa44a-989e-4229-bca8-c4d3a409a79c ] Request (ServersTestManualDisk:setUpClass): 200 GET http://10.180.1.21/compute/v2.1/servers/10b322ed-e155-4013-98d7-d033c8dc7a6b 1.220s
2025-04-18 10:27:26.452 70078 INFO tempest.lib.common.rest_client [req-0d591eba-de40-4eec-9521-c09a9ddf9a19 req-0d591eba-de40-4eec-9521-c09a9ddf9a19 ] Request (QuotasAdminNegativeTest:test_update_quota_normal_user): 403 PUT http://10.180.1.21/compute/v2.1/os-quota-sets/e9e342eff0574d6e9ecd7074b9169b34 1.197s
2025-04-18 10:27:26.468 70070 INFO tempest.lib.common.rest_client [req-5459c6d8-bf8a-4ebe-8120-2171659d1b32 req-5459c6d8-bf8a-4ebe-8120-2171659d1b32 ] Request (ListServerFiltersTestJSON:setUpClass): 201 POST http://10.180.1.21/identity/v3/users 0.063s
2025-04-18 10:27:26.493 70070 INFO tempest.lib.common.rest_client [req-803017dd-8fea-4abc-b150-589396c645b2 req-803017dd-8fea-4abc-b150-589396c645b2 ] Request (ListServerFiltersTestJSON:setUpClass): 200 GET http://10.180.1.21/identity/v3/roles 0.024s
2025-04-18 10:27:26.524 70070 INFO tempest.lib.common.rest_client [req-64dbe303-7b9a-4c5b-90b6-2eeb695305e6 req-64dbe303-7b9a-4c5b-90b6-2eeb695305e6 ] Request (ListServerFiltersTestJSON:setUpClass): 204 PUT http://10.180.1.21/identity/v3/projects/140d02776c384114ad4eca1332da9d0f/users/cf9dbb8d79d84532b9d7e24b8c370552/roles/b90a423d156e4762b8e1ccb62c61126e 0.031s
2025-04-18 10:27:26.525 70070 INFO tempest.lib.common.dynamic_creds [-] Dynamic test user cf9dbb8d79d84532b9d7e24b8c370552 is created with scope project and roles: ['member']
2025-04-18 10:27:26.525 70070 INFO tempest.lib.common.dynamic_creds [-] Acquired dynamic creds: credentials: Credentials: {'domain_id': 'default', 'domain_name': 'Default', 'username': 'tempest-ListServerFiltersTestJSON-1364997504-project-member', 'project_domain_id': 'default', 'project_domain_name': 'Default', 'project_id': '140d02776c384114ad4eca1332da9d0f', 'project_name': 'tempest-ListServerFiltersTestJSON-1364997504', 'tenant_id': '140d02776c384114ad4eca1332da9d0f', 'tenant_name': 'tempest-ListServerFiltersTestJSON-1364997504', 'user_domain_id': 'default', 'user_domain_name': 'Default', 'user_id': 'cf9dbb8d79d84532b9d7e24b8c370552', 'system': None}, Network: None, Subnet: None, Router: None
2025-04-18 10:27:26.535 70090 INFO tempest.lib.common.rest_client [req-515132ba-563e-4ab2-9780-1cd536ac5d52 req-515132ba-563e-4ab2-9780-1cd536ac5d52 ] Request (ServersWithSpecificFlavorTestJSON:test_verify_created_server_ephemeral_disk): 200 GET http://10.180.1.21/compute/v2.1/servers/3b603181-6bc2-4748-8497-bd09265ed0f0 1.270s
2025-04-18 10:27:26.541 70068 INFO tempest.lib.common.rest_client [req-dfa90a8e-2ddf-4d20-b865-bce5ced1a46f req-dfa90a8e-2ddf-4d20-b865-bce5ced1a46f ] Request (MultipleCreateNegativeTestJSON:test_max_count_non_integer): 400 POST http://10.180.1.21/compute/v2.1/servers 1.263s
2025-04-18 10:27:26.557 70078 INFO tempest.lib.common.rest_client [req-91da6d13-69a2-4a16-a706-97b946413915 req-91da6d13-69a2-4a16-a706-97b946413915 ] Request (QuotasAdminNegativeTest:tearDownClass): 204 DELETE http://10.180.1.21/identity/v3/users/e71c70fb071a4b2191f5bb3a47fe475f 0.104s
2025-04-18 10:27:26.590 70070 INFO tempest.lib.common.rest_client [req-a1a17f87-bc01-467e-8793-691954b889db req-a1a17f87-bc01-467e-8793-691954b889db ] Request (ListServerFiltersTestJSON:setUpClass): 201 POST http://10.180.1.21/identity/v3/auth/tokens 0.065s
2025-04-18 10:27:26.644 70068 INFO tempest.lib.common.rest_client [req-c5f8955b-febc-4697-8c04-78423f809218 req-c5f8955b-febc-4697-8c04-78423f809218 ] Request (MultipleCreateNegativeTestJSON:test_min_count_less_than_one): 201 POST http://10.180.1.21/identity/v3/auth/tokens 0.098s
2025-04-18 10:27:26.644 70068 INFO tempest.lib.common.fixed_network [-] (MultipleCreateNegativeTestJSON:test_min_count_less_than_one) Found network None available for tenant
2025-04-18 10:27:26.657 70114 INFO tempest.lib.common.rest_client [req-557a875f-186d-4b6a-a057-5e55d67cf6bf req-557a875f-186d-4b6a-a057-5e55d67cf6bf ] Request (ServicesAdminNegativeV253TestJSON:tearDownClass): 200 GET http://10.180.1.21:9696/networking/v2.0/security-groups?tenant_id=bd67260c75a94b15a6d7132563fbd787&name=default 0.321s
2025-04-18 10:27:26.701 70110 INFO tempest.lib.common.rest_client [req-3a133b6f-5f8b-41a8-b3e6-12602abc6889 req-3a133b6f-5f8b-41a8-b3e6-12602abc6889 ] Request (KeyPairsV22TestJSON:test_get_keypair_detail): 201 POST http://10.180.1.21/compute/v2.1/os-keypairs 1.127s
2025-04-18 10:27:26.756 70078 INFO tempest.lib.common.rest_client [req-ce480f02-b05f-47f1-86aa-8a11aedd5163 req-ce480f02-b05f-47f1-86aa-8a11aedd5163 ] Request (QuotasAdminNegativeTest:tearDownClass): 204 DELETE http://10.180.1.21/identity/v3/users/326a462920694406bcd31c1b9d2b417b 0.199s
2025-04-18 10:27:26.756 70078 INFO tempest.lib.common.dynamic_creds [-] Deleting project and security group for project: 3618af93a6d0474e9f684b4275600ad7
2025-04-18 10:27:26.801 70094 INFO tempest.lib.common.rest_client [req-f06e8b3b-72e8-42c5-a94f-0924c474e730 req-f06e8b3b-72e8-42c5-a94f-0924c474e730 ] Request (ServersAdminTestJSON:setUpClass): 200 GET http://10.180.1.21/compute/v2.1/servers/0a867df1-b9af-4a10-8a65-eca278cfa6ac 0.990s
2025-04-18 10:27:26.810 70094 INFO tempest.common.waiters [-] State transition "BUILD/None" ==> "BUILD/block_device_mapping" after 15 second wait
2025-04-18 10:27:26.816 70084 INFO tempest.lib.common.rest_client [req-1177115f-7e6c-4ea1-9c6c-e5b0470deee1 req-1177115f-7e6c-4ea1-9c6c-e5b0470deee1 ] Request (HostsAdminNegativeTestJSON:test_update_nonexistent_host): 404 PUT http://10.180.1.21/compute/v2.1/os-hosts/nonexistent_hostname 0.975s
2025-04-18 10:27:26.831 70078 INFO tempest.lib.common.rest_client [req-c944db45-8b19-4cf8-907e-802f452f7c5c req-c944db45-8b19-4cf8-907e-802f452f7c5c ] Request (QuotasAdminNegativeTest:tearDownClass): 201 POST http://10.180.1.21/identity/v3/auth/tokens 0.074s
2025-04-18 10:27:26.849 70072 INFO tempest.lib.common.rest_client [req-a767733e-2154-4500-80ad-fd3cd762f21e req-a767733e-2154-4500-80ad-fd3cd762f21e ] Request (SecurityGroupRulesTestJSON:test_security_group_rules_list): 200 POST http://10.180.1.21/compute/v2.1/os-security-groups 1.638s
2025-04-18 10:27:26.902 70114 INFO tempest.lib.common.rest_client [req-06346067-87bf-4ab1-b298-b09e0b077769 req-06346067-87bf-4ab1-b298-b09e0b077769 ] Request (ServicesAdminNegativeV253TestJSON:tearDownClass): 204 DELETE http://10.180.1.21:9696/networking/v2.0/security-groups/df5811bc-95c4-46ea-9ebb-751c3f9e0bde 0.244s
2025-04-18 10:27:26.919 70084 INFO tempest.lib.common.rest_client [req-3c7fbf13-8299-4c24-97c9-90d4b15fb51e req-3c7fbf13-8299-4c24-97c9-90d4b15fb51e ] Request (HostsAdminNegativeTestJSON:tearDownClass): 204 DELETE http://10.180.1.21/identity/v3/users/24f29b54fa59491aae0ee04391bf664f 0.100s
2025-04-18 10:27:26.935 70126 INFO tempest.lib.common.rest_client [req-6a62d16e-f17a-4a76-ad40-27be36b9baf0 req-6a62d16e-f17a-4a76-ad40-27be36b9baf0 ] Request (ServerDiagnosticsTest:tearDownClass): 200 GET http://10.180.1.21/compute/v2.1/servers/a42ff06a-c835-4bf9-9c2e-ef91f3f509f1 1.014s
2025-04-18 10:27:27.003 70128 INFO tempest.lib.common.rest_client [req-1e875e7a-9013-47f2-af0d-124f5bee2537 req-1e875e7a-9013-47f2-af0d-124f5bee2537 ] Request (QuotasAdminTestV257:test_get_updated_quotas): 200 GET http://10.180.1.21/compute/v2.1/os-quota-sets/1298e9f8273e4f6287ac20ed069f20e2/detail 1.133s
2025-04-18 10:27:27.069 70114 INFO tempest.lib.common.rest_client [req-1b32c375-8603-4da9-948b-aee6c538d335 req-1b32c375-8603-4da9-948b-aee6c538d335 ] Request (ServicesAdminNegativeV253TestJSON:tearDownClass): 204 DELETE http://10.180.1.21/identity/v3/projects/bd67260c75a94b15a6d7132563fbd787 0.166s
2025-04-18 10:27:27.069 70114 INFO tempest.lib.common.dynamic_creds [-] Deleting project and security group for project: 43a4cdb3cd6b4d6999ce40935c6aa731
2025-04-18 10:27:27.073 70084 INFO tempest.lib.common.rest_client [req-f5c9866e-c24b-413a-a532-c29b68988c0e req-f5c9866e-c24b-413a-a532-c29b68988c0e ] Request (HostsAdminNegativeTestJSON:tearDownClass): 204 DELETE http://10.180.1.21/identity/v3/users/0a02bc0f109a40e6a5a221427bba2332 0.153s
2025-04-18 10:27:27.073 70084 INFO tempest.lib.common.dynamic_creds [-] Deleting project and security group for project: d9a670f59355461a81d128a1473ca1ea
2025-04-18 10:27:27.101 70076 INFO tempest.lib.common.rest_client [req-8206f05b-dc6e-4c48-87de-e5003ab0211a req-8206f05b-dc6e-4c48-87de-e5003ab0211a ] Request (SecurityGroupsNegativeTestJSON:tearDownClass): 200 PUT http://10.180.1.21:9696/networking/v2.0/routers/8a6c1002-f89a-4b3a-a25a-f5a87d886fc4/remove_router_interface 1.859s
2025-04-18 10:27:27.164 70128 INFO tempest.lib.common.rest_client [req-fe11b01b-e1f2-48e3-b9c2-a8f87d05f26b req-fe11b01b-e1f2-48e3-b9c2-a8f87d05f26b ] Request (QuotasAdminTestV257:test_get_updated_quotas): 200 GET http://10.180.1.21/identity/v3/domains?name=Default 0.157s
2025-04-18 10:27:27.207 70128 INFO tempest.lib.common.rest_client [req-182aa87a-ea51-4385-8e36-8fb06c661fcf req-182aa87a-ea51-4385-8e36-8fb06c661fcf ] Request (QuotasAdminTestV257:test_get_updated_quotas): 201 POST http://10.180.1.21/identity/v3/users 0.042s
2025-04-18 10:27:27.212 70124 INFO tempest.lib.common.rest_client [req-48ba4ae6-8664-41ca-ab5b-3b9ffb23afc9 req-48ba4ae6-8664-41ca-ab5b-3b9ffb23afc9 ] Request (MigrationsAdminTest:test_list_migrations_in_flavor_resize_situation): 200 GET http://10.180.1.21/compute/v2.1/servers/8d3b4526-ef53-4517-a042-5b23502cd66a 1.115s
2025-04-18 10:27:27.224 70124 INFO tempest.common.waiters [-] State transition "BUILD/spawning" ==> "ACTIVE/None" after 22 second wait
2025-04-18 10:27:27.231 70128 INFO tempest.lib.common.rest_client [req-db7616c5-c3cb-4430-bc7f-f2ef573d5841 req-db7616c5-c3cb-4430-bc7f-f2ef573d5841 ] Request (QuotasAdminTestV257:test_get_updated_quotas): 200 GET http://10.180.1.21/identity/v3/domains?name=Default 0.023s
2025-04-18 10:27:27.241 70084 INFO tempest.lib.common.rest_client [req-e21e7f83-816e-405d-ba8d-ccb2b465d7ab req-e21e7f83-816e-405d-ba8d-ccb2b465d7ab ] Request (HostsAdminNegativeTestJSON:tearDownClass): 201 POST http://10.180.1.21/identity/v3/auth/tokens 0.167s
2025-04-18 10:27:27.247 70102 INFO tempest.lib.common.rest_client [req-9d7f50b8-2145-4f2c-b192-df19b34a0941 req-9d7f50b8-2145-4f2c-b192-df19b34a0941 ] Request (AggregatesAdminNegativeTestJSON:test_aggregate_create_with_existent_aggregate_name): 200 POST http://10.180.1.21/compute/v2.1/os-aggregates 0.919s
2025-04-18 10:27:27.277 70082 INFO tempest.lib.common.rest_client [req-91465871-5721-4967-8e86-35e589694185 req-91465871-5721-4967-8e86-35e589694185 ] Request (FlavorsAdminTestJSON:test_is_public_string_variations): 200 POST http://10.180.1.21/compute/v2.1/flavors 0.941s
2025-04-18 10:27:27.301 70078 INFO tempest.lib.common.rest_client [req-44ba8540-6038-4dbe-a9d9-a9d4dbdb0652 req-44ba8540-6038-4dbe-a9d9-a9d4dbdb0652 ] Request (QuotasAdminNegativeTest:tearDownClass): 200 GET http://10.180.1.21:9696/networking/v2.0/security-groups?tenant_id=3618af93a6d0474e9f684b4275600ad7&name=default 0.470s
2025-04-18 10:27:27.372 70114 INFO tempest.lib.common.rest_client [req-7f1a3836-3487-476a-9730-2a82711a2fd3 req-7f1a3836-3487-476a-9730-2a82711a2fd3 ] Request (ServicesAdminNegativeV253TestJSON:tearDownClass): 200 GET http://10.180.1.21:9696/networking/v2.0/security-groups?tenant_id=43a4cdb3cd6b4d6999ce40935c6aa731&name=default 0.303s
2025-04-18 10:27:27.406 70130 INFO tempest.lib.common.rest_client [req-54098b62-2872-4930-b004-f21617c44756 req-54098b62-2872-4930-b004-f21617c44756 ] Request (TenantUsagesTestJSON:setUpClass): 200 GET http://10.180.1.21/compute/v2.1/servers/9656233b-1a78-4451-908c-c162637a8253 1.070s
2025-04-18 10:27:27.430 70108 INFO tempest.lib.common.rest_client [req-565ea4fa-0a14-4256-af01-dd8a75337eea req-565ea4fa-0a14-4256-af01-dd8a75337eea ] Request (FlavorsAccessNegativeTestJSON:test_flavor_non_admin_remove): 200 POST http://10.180.1.21/compute/v2.1/flavors 1.063s
2025-04-18 10:27:27.440 70068 INFO tempest.lib.common.rest_client [req-d81919d4-8881-4b8b-b760-2697ffc01428 req-d81919d4-8881-4b8b-b760-2697ffc01428 ] Request (MultipleCreateNegativeTestJSON:test_min_count_less_than_one): 400 POST http://10.180.1.21/compute/v2.1/servers 0.795s
2025-04-18 10:27:27.513 70070 INFO tempest.lib.common.rest_client [req-bf443d5d-34e9-4e54-8779-c0ba74618987 req-bf443d5d-34e9-4e54-8779-c0ba74618987 ] Request (ListServerFiltersTestJSON:setUpClass): 201 POST http://10.180.1.21:9696/networking/v2.0/networks 0.922s
2025-04-18 10:27:27.541 70068 INFO tempest.lib.common.rest_client [req-a2af1eda-1a88-4e63-b90b-a45db7aece7c req-a2af1eda-1a88-4e63-b90b-a45db7aece7c ] Request (MultipleCreateNegativeTestJSON:test_min_count_non_integer): 201 POST http://10.180.1.21/identity/v3/auth/tokens 0.095s
2025-04-18 10:27:27.542 70068 INFO tempest.lib.common.fixed_network [-] (MultipleCreateNegativeTestJSON:test_min_count_non_integer) Found network None available for tenant
2025-04-18 10:27:27.649 70078 INFO tempest.lib.common.rest_client [req-18a7ca5d-019d-47ff-a2bd-a9cbca01d959 req-18a7ca5d-019d-47ff-a2bd-a9cbca01d959 ] Request (QuotasAdminNegativeTest:tearDownClass): 204 DELETE http://10.180.1.21:9696/networking/v2.0/security-groups/23520182-a173-42b5-9642-5f51ec3a9314 0.347s
2025-04-18 10:27:27.694 70112 INFO tempest.lib.common.rest_client [req-b9521014-8452-471a-8421-416939ba8326 req-b9521014-8452-471a-8421-416939ba8326 ] Request (FloatingIPsAssociationTestJSON:setUpClass): 201 POST http://10.180.1.21:9696/networking/v2.0/routers 1.808s
2025-04-18 10:27:27.714 70114 INFO tempest.lib.common.rest_client [req-c0f1e64c-cb2b-4991-8442-7b56a184ca9d req-c0f1e64c-cb2b-4991-8442-7b56a184ca9d ] Request (ServicesAdminNegativeV253TestJSON:tearDownClass): 204 DELETE http://10.180.1.21:9696/networking/v2.0/security-groups/5f539026-80da-45ac-8d80-79708d1cd2f6 0.341s
2025-04-18 10:27:27.725 70084 INFO tempest.lib.common.rest_client [req-b14b6af9-29fa-4408-afbe-4d7d58d04e82 req-b14b6af9-29fa-4408-afbe-4d7d58d04e82 ] Request (HostsAdminNegativeTestJSON:tearDownClass): 200 GET http://10.180.1.21:9696/networking/v2.0/security-groups?tenant_id=d9a670f59355461a81d128a1473ca1ea&name=default 0.484s
2025-04-18 10:27:27.743 70078 INFO tempest.lib.common.rest_client [req-c232ebcc-4170-41be-bb43-8afcfa847d63 req-c232ebcc-4170-41be-bb43-8afcfa847d63 ] Request (QuotasAdminNegativeTest:tearDownClass): 204 DELETE http://10.180.1.21/identity/v3/projects/3618af93a6d0474e9f684b4275600ad7 0.094s
2025-04-18 10:27:27.743 70078 INFO tempest.lib.common.dynamic_creds [-] Deleting project and security group for project: e9e342eff0574d6e9ecd7074b9169b34
2025-04-18 10:27:27.793 70086 INFO tempest.lib.common.rest_client [req-7705ef88-595e-40cc-bfca-a428933c3192 req-7705ef88-595e-40cc-bfca-a428933c3192 ] Request (SecurityGroupsTestAdminJSON:test_list_security_groups_list_all_tenants_filter): 200 POST http://10.180.1.21/compute/v2.1/os-security-groups 1.474s
2025-04-18 10:27:27.827 70114 INFO tempest.lib.common.rest_client [req-20287f33-30a8-4804-923e-136074e3c9e9 req-20287f33-30a8-4804-923e-136074e3c9e9 ] Request (ServicesAdminNegativeV253TestJSON:tearDownClass): 204 DELETE http://10.180.1.21/identity/v3/projects/43a4cdb3cd6b4d6999ce40935c6aa731 0.113s
2025-04-18 10:27:27.859 70074 INFO tempest.lib.common.rest_client [req-0184aac4-bf59-4d17-addf-b393e02e8f23 req-0184aac4-bf59-4d17-addf-b393e02e8f23 ] Request (FloatingIPDetailsNegativeTestJSON:setUpClass): 201 POST http://10.180.1.21:9696/networking/v2.0/routers 2.536s
2025-04-18 10:27:27.906 70122 INFO tempest.lib.common.rest_client [req-76e4fbc9-5756-460d-b456-7141a819b5e8 req-76e4fbc9-5756-460d-b456-7141a819b5e8 ] Request (SecurityGroupsTestJSON:test_list_security_groups_by_server): 200 GET http://10.180.1.21/compute/v2.1/servers/74ee83eb-e761-45d6-9fc3-e8a9eabc907d 1.260s
2025-04-18 10:27:27.907 70114 INFO tempest.lib.common.rest_client [req-9f7aa856-edc4-4355-bd9c-543e5e182c1f req-9f7aa856-edc4-4355-bd9c-543e5e182c1f ] Request (ServersTestJSON:setUpClass): 201 POST http://10.180.1.21/identity/v3/auth/tokens 0.078s
2025-04-18 10:27:27.925 70110 INFO tempest.lib.common.rest_client [req-d0db106c-6b1d-4c65-9c50-7fa4fd75b2c2 req-d0db106c-6b1d-4c65-9c50-7fa4fd75b2c2 ] Request (KeyPairsV22TestJSON:test_get_keypair_detail): 200 GET http://10.180.1.21/compute/v2.1/os-keypairs/tempest-keypair-1756887256 1.222s
2025-04-18 10:27:27.946 70114 INFO tempest.lib.common.rest_client [req-5f0cbb0e-78d7-4d6a-8f90-7b28f8176dbd req-5f0cbb0e-78d7-4d6a-8f90-7b28f8176dbd ] Request (ServersTestJSON:setUpClass): 201 POST http://10.180.1.21/identity/v3/auth/tokens 0.035s
2025-04-18 10:27:27.972 70114 INFO tempest.lib.common.rest_client [req-4cd2cccb-14ac-4276-927e-59087abca24f req-4cd2cccb-14ac-4276-927e-59087abca24f ] Request (ServersTestJSON:setUpClass): 200 GET http://10.180.1.21/identity/v3/domains?name=Default 0.026s
2025-04-18 10:27:28.004 70114 INFO tempest.lib.common.rest_client [req-7c25fb3a-67d3-4991-b101-a5f5ae34ce2c req-7c25fb3a-67d3-4991-b101-a5f5ae34ce2c ] Request (ServersTestJSON:setUpClass): 201 POST http://10.180.1.21/identity/v3/projects 0.031s
2025-04-18 10:27:28.042 70080 INFO tempest.lib.common.rest_client [req-3fe38d4c-02c2-4402-9d25-53f6201ade4e req-3fe38d4c-02c2-4402-9d25-53f6201ade4e ] Request (ServersAdmin275Test:test_rebuild_update_server_275): 200 GET http://10.180.1.21/compute/v2.1/servers/fee3d7b7-86bf-46f7-92a7-a626663dac51 1.277s
2025-04-18 10:27:28.078 70114 INFO tempest.lib.common.rest_client [req-f6eddc81-a4a1-4810-bf82-4bf987ff5e62 req-f6eddc81-a4a1-4810-bf82-4bf987ff5e62 ] Request (ServersTestJSON:setUpClass): 201 POST http://10.180.1.21/identity/v3/users 0.074s
2025-04-18 10:27:28.103 70114 INFO tempest.lib.common.rest_client [req-eb459dee-c890-4fb0-a387-eec325056373 req-eb459dee-c890-4fb0-a387-eec325056373 ] Request (ServersTestJSON:setUpClass): 200 GET http://10.180.1.21/identity/v3/roles 0.024s
2025-04-18 10:27:28.127 70100 INFO tempest.lib.common.rest_client [req-6dc63c55-e644-44ac-a4f1-09e14ef32606 req-6dc63c55-e644-44ac-a4f1-09e14ef32606 ] Request (ServersAaction247Test:test_create_backup): 200 GET http://10.180.1.21/compute/v2.1/servers/cd7dce97-f3fe-477e-9169-38cfcd581d38 1.283s
2025-04-18 10:27:28.133 70084 INFO tempest.lib.common.rest_client [req-4cef7d67-1279-4ae2-b6f4-9121f65e75ec req-4cef7d67-1279-4ae2-b6f4-9121f65e75ec ] Request (HostsAdminNegativeTestJSON:tearDownClass): 204 DELETE http://10.180.1.21:9696/networking/v2.0/security-groups/11dd3b21-e3e5-4551-b301-41688cde5364 0.407s
2025-04-18 10:27:28.138 70114 INFO tempest.lib.common.rest_client [req-4a4b4e91-ea23-427c-b63c-cb895c5bc1bf req-4a4b4e91-ea23-427c-b63c-cb895c5bc1bf ] Request (ServersTestJSON:setUpClass): 204 PUT http://10.180.1.21/identity/v3/projects/9413a7f46dca4897a391dc99db0e5085/users/bd7405cd1bfe475a88f481a24d3bb7dd/roles/b90a423d156e4762b8e1ccb62c61126e 0.034s
2025-04-18 10:27:28.138 70114 INFO tempest.lib.common.dynamic_creds [-] Dynamic test user bd7405cd1bfe475a88f481a24d3bb7dd is created with scope project and roles: ['member']
2025-04-18 10:27:28.138 70114 INFO tempest.lib.common.dynamic_creds [-] Acquired dynamic creds: credentials: Credentials: {'domain_id': 'default', 'domain_name': 'Default', 'username': 'tempest-ServersTestJSON-1919915676-project-member', 'project_domain_id': 'default', 'project_domain_name': 'Default', 'project_id': '9413a7f46dca4897a391dc99db0e5085', 'project_name': 'tempest-ServersTestJSON-1919915676', 'tenant_id': '9413a7f46dca4897a391dc99db0e5085', 'tenant_name': 'tempest-ServersTestJSON-1919915676', 'user_domain_id': 'default', 'user_domain_name': 'Default', 'user_id': 'bd7405cd1bfe475a88f481a24d3bb7dd', 'system': None}, Network: None, Subnet: None, Router: None
2025-04-18 10:27:28.164 70118 INFO tempest.lib.common.rest_client [req-50fd672b-5bf1-4d35-b489-bb218efcb0fc req-50fd672b-5bf1-4d35-b489-bb218efcb0fc ] Request (ImagesOneServerTestJSON:setUpClass): 200 GET http://10.180.1.21/compute/v2.1/servers/c10f0424-df91-4670-b402-9e96e71e52ed 1.493s
2025-04-18 10:27:28.177 70118 INFO tempest.common.waiters [-] State transition "BUILD/spawning" ==> "ACTIVE/None" after 22 second wait
2025-04-18 10:27:28.198 70078 INFO tempest.lib.common.rest_client [req-dfc02f20-5a86-40a1-bcbc-4eec2cf59cb7 req-dfc02f20-5a86-40a1-bcbc-4eec2cf59cb7 ] Request (QuotasAdminNegativeTest:tearDownClass): 200 GET http://10.180.1.21:9696/networking/v2.0/security-groups?tenant_id=e9e342eff0574d6e9ecd7074b9169b34&name=default 0.454s
2025-04-18 10:27:28.220 70114 INFO tempest.lib.common.rest_client [req-9706591b-6e34-47d5-be7c-da630dd1eab5 req-9706591b-6e34-47d5-be7c-da630dd1eab5 ] Request (ServersTestJSON:setUpClass): 201 POST http://10.180.1.21/identity/v3/auth/tokens 0.081s
2025-04-18 10:27:28.252 70084 INFO tempest.lib.common.rest_client [req-4b33e521-95db-4173-8a42-77d12676aab8 req-4b33e521-95db-4173-8a42-77d12676aab8 ] Request (HostsAdminNegativeTestJSON:tearDownClass): 204 DELETE http://10.180.1.21/identity/v3/projects/d9a670f59355461a81d128a1473ca1ea 0.118s
2025-04-18 10:27:28.252 70084 INFO tempest.lib.common.dynamic_creds [-] Deleting project and security group for project: 8fbc735e4bf64a8db12faaba6b9f1346
2025-04-18 10:27:28.279 70104 INFO tempest.lib.common.rest_client [req-aee81697-3fef-496f-9c73-660e0d605323 req-aee81697-3fef-496f-9c73-660e0d605323 ] Request (ServersAdminNegativeTestJSON:setUpClass): 200 GET http://10.180.1.21/compute/v2.1/servers/900ed14f-8f7c-403d-93e8-f7a7cb624669 1.232s
2025-04-18 10:27:28.387 70070 INFO tempest.lib.common.rest_client [req-e12f9af6-75a1-4b6f-94ae-5b61344b1d93 req-e12f9af6-75a1-4b6f-94ae-5b61344b1d93 ] Request (ListServerFiltersTestJSON:setUpClass): 201 POST http://10.180.1.21:9696/networking/v2.0/subnets 0.873s
