2025-04-18 10:29:11.093 70072 INFO tempest.lib.common.rest_client [req-22a236fa-ce2f-4aa8-a174-b4491a7c2c32 req-22a236fa-ce2f-4aa8-a174-b4491a7c2c32 ] Request (ServersTestBootFromVolume:setUpClass): 200 GET http://10.180.1.21/compute/v2.1/servers/f886668c-02f3-4ea7-8ba3-eca7a392a8e4 0.257s
2025-04-18 10:29:11.144 70114 INFO tempest.lib.common.rest_client [req-561b3ca4-c37b-4b28-abcd-f928fe03317e req-561b3ca4-c37b-4b28-abcd-f928fe03317e ] Request (ServersTestJSON:test_create_server_with_ipv6_addr_only): 200 GET http://10.180.1.21/compute/v2.1/servers/a85b8c05-79a3-48e7-85d5-bdad0990397b 0.238s
2025-04-18 10:29:11.168 70126 INFO tempest.lib.common.rest_client [req-2265d309-ed47-41cc-b0be-370fae572ebe req-2265d309-ed47-41cc-b0be-370fae572ebe ] Request (InstanceActionsNegativeTestJSON:tearDownClass): 200 GET http://10.180.1.21/compute/v2.1/servers/4011ed19-c85c-405e-9ad0-8e163b03bd75 0.200s
2025-04-18 10:29:11.223 70086 INFO tempest.lib.common.rest_client [req-4ccc07df-dee1-441b-95c2-1ef4b24d3b55 req-4ccc07df-dee1-441b-95c2-1ef4b24d3b55 ] Request (ServerPasswordTestJSON:setUpClass): 200 GET http://10.180.1.21/compute/v2.1/servers/b24c31aa-6a2e-4181-ab0b-20d3745dca1e 0.231s
2025-04-18 10:29:11.239 70124 INFO tempest.lib.common.rest_client [req-dd59acde-d412-45a8-b22f-b30ec07dcd6b req-dd59acde-d412-45a8-b22f-b30ec07dcd6b ] Request (MigrationsAdminTest:test_resize_server_revert_deleted_flavor): 200 GET http://10.180.1.21/compute/v2.1/servers/6c7fe985-3b75-466f-b252-39a0a560d0d8 0.207s
2025-04-18 10:29:11.267 70076 INFO tempest.lib.common.rest_client [req-8f4e2464-a12d-44f6-8096-f14b835c3802 req-8f4e2464-a12d-44f6-8096-f14b835c3802 ] Request (ServerAddressesTestJSON:tearDownClass): 204 DELETE http://10.180.1.21:9696/networking/v2.0/routers/d6e54ceb-8e39-40b7-b248-6606115d5bb2 0.454s
2025-04-18 10:29:11.294 70122 INFO tempest.lib.common.rest_client [req-fc81105a-1302-4c0d-9bb3-ffee9efde3ac req-fc81105a-1302-4c0d-9bb3-ffee9efde3ac ] Request (SecurityGroupsTestJSON:test_server_security_groups): 200 GET http://10.180.1.21/compute/v2.1/servers/85d25ad8-28e1-4174-9a44-592d3a767bfd 0.124s
2025-04-18 10:29:11.296 70080 INFO tempest.lib.common.rest_client [req-72bd1d48-0128-4e60-b110-04da1c37b8ed req-72bd1d48-0128-4e60-b110-04da1c37b8ed ] Request (ServerRescueNegativeTestJSON:setUpClass): 200 GET http://10.180.1.21/compute/v2.1/servers/2c092d2e-7646-4db7-b883-16f420d17250 0.199s
2025-04-18 10:29:11.309 70118 INFO tempest.lib.common.rest_client [req-2a5162c0-30c9-4237-880d-ad49439f39c3 req-2a5162c0-30c9-4237-880d-ad49439f39c3 ] Request (ServerActionsTestOtherB:setUpClass): 201 POST http://10.180.1.21:9696/networking/v2.0/floatingips 0.556s
2025-04-18 10:29:11.351 70118 INFO tempest.lib.common.rest_client [req-aa3e4929-8dec-40af-b39a-c6c12eb1116f req-aa3e4929-8dec-40af-b39a-c6c12eb1116f ] Request (ServerActionsTestOtherB:setUpClass): 201 POST http://10.180.1.21/identity/v3/auth/tokens 0.039s
2025-04-18 10:29:11.351 70118 INFO tempest.lib.common.fixed_network [-] (ServerActionsTestOtherB:setUpClass) Found network {'id': 'e3229df1-4f9a-4e22-ad70-3a44627bcf82', 'name': 'tempest-ServerActionsTestOtherB-1576779294-network', 'tenant_id': '85626ced38354996854ae9ae92981930', 'admin_state_up': True, 'mtu': 8950, 'status': 'ACTIVE', 'subnets': [], 'shared': False, 'project_id': '85626ced38354996854ae9ae92981930', 'port_security_enabled': True, 'router:external': False, 'provider:network_type': 'vlan', 'provider:physical_network': 'default', 'provider:segmentation_id': 765, 'availability_zone_hints': [], 'availability_zones': [], 'ipv4_address_scope': None, 'ipv6_address_scope': None, 'description': '', 'tags': [], 'created_at': '2025-04-18T10:29:07Z', 'updated_at': '2025-04-18T10:29:07Z', 'revision_number': 1} available for tenant
2025-04-18 10:29:11.353 70130 INFO tempest.lib.common.rest_client [req-19054fd9-6269-43b3-ba3b-dc53bc26f5c3 req-19054fd9-6269-43b3-ba3b-dc53bc26f5c3 ] Request (AttachInterfacesUnderV243Test:test_add_remove_fixed_ip): 200 GET http://10.180.1.21/compute/v2.1/servers/6a9cc8dd-2fcd-4458-9518-86981ae7da64 0.113s
2025-04-18 10:29:11.362 70112 INFO tempest.lib.common.rest_client [req-8059fcd9-ad0a-471e-8413-b18a6b5e79a0 req-8059fcd9-ad0a-471e-8413-b18a6b5e79a0 ] Request (FloatingIPsAssociationTestJSON:test_associate_already_associated_floating_ip): 200 GET http://10.180.1.21/compute/v2.1/servers/4c434dcd-fb59-4653-adbd-e5f4fd19f884 0.058s
2025-04-18 10:29:11.432 70108 INFO tempest.lib.common.rest_client [req-04a92869-a0e1-4164-b5ad-f28a0685ca1e req-04a92869-a0e1-4164-b5ad-f28a0685ca1e ] Request (AttachVolumeTestJSON:test_attach_detach_volume): 200 GET http://10.180.1.21/compute/v2.1/servers/5ad02603-ab24-4817-bfe1-9716de876685 0.063s
2025-04-18 10:29:11.450 70076 INFO tempest.lib.common.rest_client [req-95c64e17-e461-4d58-a7df-df68cb9ef13e req-95c64e17-e461-4d58-a7df-df68cb9ef13e ] Request (ServerAddressesTestJSON:tearDownClass): 204 DELETE http://10.180.1.21:9696/networking/v2.0/subnets/4b0f343f-ed4c-4b7b-baf7-8ec59c0d08b5 0.183s
2025-04-18 10:29:11.513 70094 INFO tempest.lib.common.rest_client [req-b462b02b-fc65-43bf-ace9-1a5d83523926 req-b462b02b-fc65-43bf-ace9-1a5d83523926 ] Request (ServersAdminTestJSON:test_inject_network_info): 200 GET http://10.180.1.21/compute/v2.1/servers/fb6c0765-2a9a-4ea9-9676-f288de23d822 0.064s
2025-04-18 10:29:11.661 70092 INFO tempest.lib.common.rest_client [req-7ced1c9f-cdad-4bdf-a768-b8f017ed1847 req-7ced1c9f-cdad-4bdf-a768-b8f017ed1847 ] Request (MultipleCreateTestJSON:test_multiple_create): 200 GET http://10.180.1.21/compute/v2.1/servers/bb3d06ae-96f6-4f0f-9d85-768bd5d7f58c 0.144s
2025-04-18 10:29:11.729 70120 INFO tempest.lib.common.rest_client [req-b9de1d9a-5b5e-4a37-b66c-b051bfdf48e1 req-b9de1d9a-5b5e-4a37-b66c-b051bfdf48e1 ] Request (ServerActionsV293TestJSON:setUpClass): 200 GET http://10.180.1.21/compute/v2.1/servers/45fdd092-44c8-4c99-b4a6-f51a287c4069 0.207s
2025-04-18 10:29:11.780 70104 INFO tempest.lib.common.rest_client [req-fbf4f446-4005-4431-ae05-bf0cfd2bb2c3 req-fbf4f446-4005-4431-ae05-bf0cfd2bb2c3 ] Request (ServersAdminNegativeTestJSON:test_migrate_server_invalid_state): 200 GET http://10.180.1.21/compute/v2.1/servers/0e9202db-b649-45c1-82cc-da3f96a8482d 0.180s
2025-04-18 10:29:11.830 70076 INFO tempest.lib.common.rest_client [req-f04f3381-9f80-4a1c-9793-0b1959e53c4b req-f04f3381-9f80-4a1c-9793-0b1959e53c4b ] Request (ServerAddressesTestJSON:tearDownClass): 204 DELETE http://10.180.1.21:9696/networking/v2.0/networks/c2af32c2-9aff-463b-bc48-f69bea10ee8e 0.380s
2025-04-18 10:29:11.850 70118 INFO tempest.lib.common.rest_client [req-40b49368-6a34-4ce9-b320-2f810c48e90f req-40b49368-6a34-4ce9-b320-2f810c48e90f ] Request (ServerActionsTestOtherB:setUpClass): 202 POST http://10.180.1.21/compute/v2.1/servers 0.498s
2025-04-18 10:29:11.864 70110 INFO tempest.lib.common.rest_client [req-efd936f8-9505-4175-a552-3f0e42978706 req-efd936f8-9505-4175-a552-3f0e42978706 ] Request (ServersListShow296Test:test_list_show_update_rebuild_server_296): 200 GET http://10.180.1.21/compute/v2.1/servers/cc6b4155-289b-4b2f-b0bb-bd2c2f056695 0.259s
2025-04-18 10:29:11.875 70110 INFO tempest.common.waiters [-] State transition "BUILD/None" ==> "BUILD/networking" after 70 second wait
2025-04-18 10:29:11.909 70088 INFO tempest.lib.common.rest_client [req-f88d673d-604b-4e9d-98a5-ddaf34e78b02 req-f88d673d-604b-4e9d-98a5-ddaf34e78b02 ] Request (ServersTestMultiNic:test_verify_duplicate_network_nics): 200 GET http://10.180.1.21/compute/v2.1/servers/c9af6b98-3a14-4648-a6c9-75842f87755c 0.235s
2025-04-18 10:29:11.918 70102 INFO tempest.lib.common.rest_client [req-86ba52bd-84a3-48a5-9c79-eeff6e8eb1ff req-86ba52bd-84a3-48a5-9c79-eeff6e8eb1ff ] Request (VolumesAssistedSnapshotsTest:test_volume_assisted_snapshot_create_delete): 200 GET http://10.180.1.21/compute/v2.1/servers/dab255ce-923e-45eb-bd6d-0bbd34a21b7f 0.234s
2025-04-18 10:29:11.934 70076 INFO tempest.lib.common.rest_client [req-00fdbbc0-fc45-43e8-ac6f-8e1d620a4cb1 req-00fdbbc0-fc45-43e8-ac6f-8e1d620a4cb1 ] Request (ServerAddressesTestJSON:tearDownClass): 204 DELETE http://10.180.1.21/identity/v3/users/13f87f5c47334d4181cfb695608f8272 0.103s
2025-04-18 10:29:11.934 70076 INFO tempest.lib.common.dynamic_creds [-] Deleting project and security group for project: 5b63b2c309b2482d9e18cf8db664a85f
2025-04-18 10:29:11.981 70116 INFO tempest.lib.common.rest_client [req-45f7a473-8685-4606-869c-201b5a643461 req-45f7a473-8685-4606-869c-201b5a643461 ] Request (ServerShowV257Test:test_rebuild_server): 200 GET http://10.180.1.21/compute/v2.1/servers/677e67e0-f5a4-412b-8ec8-348e690b83f2 0.136s
2025-04-18 10:29:11.982 70070 INFO tempest.lib.common.rest_client [req-d6d60e7e-4a29-4577-b934-115072a84656 req-d6d60e7e-4a29-4577-b934-115072a84656 ] Request (ListServerFiltersTestJSON:tearDownClass): 200 GET http://10.180.1.21/compute/v2.1/servers/17ef5911-d038-42a5-8c45-5b53429921f3 0.230s
2025-04-18 10:29:11.986 70076 INFO tempest.lib.common.rest_client [req-3f5015fe-35a6-4e90-a841-857197f067e5 req-3f5015fe-35a6-4e90-a841-857197f067e5 ] Request (ServerAddressesTestJSON:tearDownClass): 200 GET http://10.180.1.21:9696/networking/v2.0/security-groups?tenant_id=5b63b2c309b2482d9e18cf8db664a85f&name=default 0.051s
2025-04-18 10:29:12.034 70118 INFO tempest.lib.common.rest_client [req-d8f27a9c-bd73-4899-9544-cba2ea071087 req-d8f27a9c-bd73-4899-9544-cba2ea071087 ] Request (ServerActionsTestOtherB:setUpClass): 200 GET http://10.180.1.21/compute/v2.1/servers/2c7f62bb-e2cc-4a8b-92ac-6f7b139d60ed 0.182s
2025-04-18 10:29:12.098 70128 INFO tempest.lib.common.rest_client [req-798c8004-4f80-4933-8348-ecbda618045c req-798c8004-4f80-4933-8348-ecbda618045c ] Request (ServerTagsTestJSON:tearDownClass): 200 GET http://10.180.1.21/compute/v2.1/servers/586c9d5e-45d9-4954-ba61-016a877c3277 0.183s
2025-04-18 10:29:12.100 70076 INFO tempest.lib.common.rest_client [req-201e47e1-971c-4914-b1d4-3a86e6368671 req-201e47e1-971c-4914-b1d4-3a86e6368671 ] Request (ServerAddressesTestJSON:tearDownClass): 204 DELETE http://10.180.1.21:9696/networking/v2.0/security-groups/fc4b6024-fa17-42e9-82db-9a00d4b441dd 0.114s
2025-04-18 10:29:12.117 70107 INFO tempest.lib.common.rest_client [req-53b601dc-9922-42dc-91c2-589f41f90e04 req-53b601dc-9922-42dc-91c2-589f41f90e04 ] Request (AttachVolumeNegativeTest:test_attach_attached_volume_to_different_server): 200 GET http://10.180.1.21/compute/v2.1/servers/a1d9a7d5-69c9-486c-9e4b-99cc07d20730 0.258s
2025-04-18 10:29:12.149 70082 INFO tempest.lib.common.rest_client [req-2ade73be-2da3-4b37-ba76-b792b65ba781 req-2ade73be-2da3-4b37-ba76-b792b65ba781 ] Request (ServersTestJSON:setUpClass): 200 GET http://10.180.1.21/compute/v2.1/servers/34ed9d40-479e-4f43-b127-ec4c0f2634e5 0.204s
2025-04-18 10:29:12.173 70098 INFO tempest.lib.common.rest_client [req-c4c8a837-a2d4-4268-a85f-81c117f03ca4 req-c4c8a837-a2d4-4268-a85f-81c117f03ca4 ] Request (AttachInterfacesV270Test:test_create_get_list_interfaces): 200 GET http://10.180.1.21/compute/v2.1/servers/f916deca-c048-436e-82cd-cc49c9983c06 0.188s
2025-04-18 10:29:12.189 70076 INFO tempest.lib.common.rest_client [req-68bf957e-58e3-4f9e-aca8-7158cce204bf req-68bf957e-58e3-4f9e-aca8-7158cce204bf ] Request (ServerAddressesTestJSON:tearDownClass): 204 DELETE http://10.180.1.21/identity/v3/projects/5b63b2c309b2482d9e18cf8db664a85f 0.089s
2025-04-18 10:29:12.190 70076 INFO tempest.test [-] raised in ServerBootFromVolumeStableRescueTest.setUpClass. Invoking tearDownClass.
2025-04-18 10:29:12.204 70096 INFO tempest.lib.common.rest_client [req-4dcc010d-cdb1-42ac-a2b3-fdf3c7ebbe60 req-4dcc010d-cdb1-42ac-a2b3-fdf3c7ebbe60 ] Request (DeleteServersAdminTestJSON:test_delete_server_while_in_error_state): 200 GET http://10.180.1.21/compute/v2.1/servers/9729b810-6e68-41c1-b5fa-98914c041555 0.172s
2025-04-18 10:29:12.231 70074 INFO tempest.lib.common.rest_client [req-36ab2d83-f28f-4710-b767-17b7d6705eec req-36ab2d83-f28f-4710-b767-17b7d6705eec ] Request (ImagesOneServerNegativeTestJSON:_run_cleanups): 200 GET http://10.180.1.21/compute/v2.1/servers/56dde5b7-8a56-4df6-85ad-d84f9c7a0757 0.191s
2025-04-18 10:29:12.237 70084 INFO tempest.lib.common.rest_client [req-306dc4a7-603e-4d50-9899-8d04f91d53ef req-306dc4a7-603e-4d50-9899-8d04f91d53ef ] Request (ListImageFiltersTestJSON:setUpClass): 200 GET http://10.180.1.21/compute/v2.1/images/65c1a10c-e180-4ead-ae44-2d42485d8f1f 0.166s
2025-04-18 10:29:12.269 70076 INFO tempest.lib.common.rest_client [req-710c8b32-f1c9-4437-b28b-558fc0c18644 req-710c8b32-f1c9-4437-b28b-558fc0c18644 ] Request (ServerShowV263Test:setUpClass): 201 POST http://10.180.1.21/identity/v3/auth/tokens 0.076s
2025-04-18 10:29:12.298 70072 INFO tempest.lib.common.rest_client [req-dab1a544-0fba-4c68-ad0c-53af39abfdcf req-dab1a544-0fba-4c68-ad0c-53af39abfdcf ] Request (ServersTestBootFromVolume:setUpClass): 200 GET http://10.180.1.21/compute/v2.1/servers/f886668c-02f3-4ea7-8ba3-eca7a392a8e4 0.195s
2025-04-18 10:29:12.305 70114 INFO tempest.lib.common.rest_client [req-4e5b4bad-8d34-4492-84b1-1be99c2cafb1 req-4e5b4bad-8d34-4492-84b1-1be99c2cafb1 ] Request (ServersTestJSON:test_create_server_with_ipv6_addr_only): 200 GET http://10.180.1.21/compute/v2.1/servers/a85b8c05-79a3-48e7-85d5-bdad0990397b 0.151s
2025-04-18 10:29:12.311 70076 INFO tempest.lib.common.rest_client [req-2fe82d8e-1b95-4c21-81bf-a1ccfd404f2d req-2fe82d8e-1b95-4c21-81bf-a1ccfd404f2d ] Request (ServerShowV263Test:setUpClass): 201 POST http://10.180.1.21/identity/v3/auth/tokens 0.039s
2025-04-18 10:29:12.345 70076 INFO tempest.lib.common.rest_client [req-d10056b7-558c-47e8-b2c3-05355ece271c req-d10056b7-558c-47e8-b2c3-05355ece271c ] Request (ServerShowV263Test:setUpClass): 200 GET http://10.180.1.21/identity/v3/domains?name=Default 0.034s
2025-04-18 10:29:12.364 70086 INFO tempest.lib.common.rest_client [req-e57b08ab-3356-44ac-bf62-6adb840ab87f req-e57b08ab-3356-44ac-bf62-6adb840ab87f ] Request (ServerPasswordTestJSON:setUpClass): 200 GET http://10.180.1.21/compute/v2.1/servers/b24c31aa-6a2e-4181-ab0b-20d3745dca1e 0.130s
2025-04-18 10:29:12.372 70126 INFO tempest.lib.common.rest_client [req-ba4bd8cd-3f7a-475f-b738-9787d3cbf0ad req-ba4bd8cd-3f7a-475f-b738-9787d3cbf0ad ] Request (InstanceActionsNegativeTestJSON:tearDownClass): 200 GET http://10.180.1.21/compute/v2.1/servers/4011ed19-c85c-405e-9ad0-8e163b03bd75 0.190s
2025-04-18 10:29:12.382 70076 INFO tempest.lib.common.rest_client [req-58afec20-2fb5-4e14-a98d-f9487bd896c5 req-58afec20-2fb5-4e14-a98d-f9487bd896c5 ] Request (ServerShowV263Test:setUpClass): 201 POST http://10.180.1.21/identity/v3/projects 0.037s
2025-04-18 10:29:12.417 70124 INFO tempest.lib.common.rest_client [req-0420c5ce-4aa1-4d4a-8f15-c9083aabc2d4 req-0420c5ce-4aa1-4d4a-8f15-c9083aabc2d4 ] Request (MigrationsAdminTest:test_resize_server_revert_deleted_flavor): 200 GET http://10.180.1.21/compute/v2.1/servers/6c7fe985-3b75-466f-b252-39a0a560d0d8 0.168s
2025-04-18 10:29:12.429 70122 INFO tempest.lib.common.rest_client [req-58c65f27-1de4-4321-8b01-0ea4da9cde6f req-58c65f27-1de4-4321-8b01-0ea4da9cde6f ] Request (SecurityGroupsTestJSON:test_server_security_groups): 200 GET http://10.180.1.21/compute/v2.1/servers/85d25ad8-28e1-4174-9a44-592d3a767bfd 0.124s
2025-04-18 10:29:12.478 70076 INFO tempest.lib.common.rest_client [req-e505b69d-100e-4e44-95ed-c1c806150fae req-e505b69d-100e-4e44-95ed-c1c806150fae ] Request (ServerShowV263Test:setUpClass): 201 POST http://10.180.1.21/identity/v3/users 0.095s
2025-04-18 10:29:12.482 70080 INFO tempest.lib.common.rest_client [req-e780e2f4-90ab-4116-899e-9d87b498aabc req-e780e2f4-90ab-4116-899e-9d87b498aabc ] Request (ServerRescueNegativeTestJSON:setUpClass): 200 GET http://10.180.1.21/compute/v2.1/servers/2c092d2e-7646-4db7-b883-16f420d17250 0.176s
2025-04-18 10:29:12.493 70130 INFO tempest.lib.common.rest_client [req-c870b0d1-f906-45ea-b9d3-ba8618e32680 req-c870b0d1-f906-45ea-b9d3-ba8618e32680 ] Request (AttachInterfacesUnderV243Test:test_add_remove_fixed_ip): 200 GET http://10.180.1.21/compute/v2.1/servers/6a9cc8dd-2fcd-4458-9518-86981ae7da64 0.131s
2025-04-18 10:29:12.507 70076 INFO tempest.lib.common.rest_client [req-995f75de-cd4f-40c3-8d20-ac2e2d018fa8 req-995f75de-cd4f-40c3-8d20-ac2e2d018fa8 ] Request (ServerShowV263Test:setUpClass): 200 GET http://10.180.1.21/identity/v3/roles 0.028s
2025-04-18 10:29:12.550 70112 INFO tempest.lib.common.rest_client [req-fc590da7-8b04-4e76-b41b-a9bd4b285aa9 req-fc590da7-8b04-4e76-b41b-a9bd4b285aa9 ] Request (FloatingIPsAssociationTestJSON:test_associate_already_associated_floating_ip): 200 GET http://10.180.1.21/compute/v2.1/servers/4c434dcd-fb59-4653-adbd-e5f4fd19f884 0.179s
2025-04-18 10:29:12.555 70076 INFO tempest.lib.common.rest_client [req-ff52ebde-6a4b-4ace-88d1-56e2a796c012 req-ff52ebde-6a4b-4ace-88d1-56e2a796c012 ] Request (ServerShowV263Test:setUpClass): 204 PUT http://10.180.1.21/identity/v3/projects/b31e0845bd84479098e9109df7571aeb/users/eca4e8c00de5403bb7d08507829ed0a1/roles/b90a423d156e4762b8e1ccb62c61126e 0.047s
2025-04-18 10:29:12.555 70076 INFO tempest.lib.common.dynamic_creds [-] Dynamic test user eca4e8c00de5403bb7d08507829ed0a1 is created with scope project and roles: ['member']
2025-04-18 10:29:12.555 70076 INFO tempest.lib.common.dynamic_creds [-] Acquired dynamic creds: credentials: Credentials: {'domain_id': 'default', 'domain_name': 'Default', 'username': 'tempest-ServerShowV263Test-1140692824-project-member', 'project_domain_id': 'default', 'project_domain_name': 'Default', 'project_id': 'b31e0845bd84479098e9109df7571aeb', 'project_name': 'tempest-ServerShowV263Test-1140692824', 'tenant_id': 'b31e0845bd84479098e9109df7571aeb', 'tenant_name': 'tempest-ServerShowV263Test-1140692824', 'user_domain_id': 'default', 'user_domain_name': 'Default', 'user_id': 'eca4e8c00de5403bb7d08507829ed0a1', 'system': None}, Network: None, Subnet: None, Router: None
2025-04-18 10:29:12.555 70076 INFO tempest.lib.common.dynamic_creds [-] Created isolated network resources for: credentials: Credentials: {'domain_id': 'default', 'domain_name': 'Default', 'username': 'tempest-ServerShowV263Test-1140692824-project-member', 'project_domain_id': 'default', 'project_domain_name': 'Default', 'project_id': 'b31e0845bd84479098e9109df7571aeb', 'project_name': 'tempest-ServerShowV263Test-1140692824', 'tenant_id': 'b31e0845bd84479098e9109df7571aeb', 'tenant_name': 'tempest-ServerShowV263Test-1140692824', 'user_domain_id': 'default', 'user_domain_name': 'Default', 'user_id': 'eca4e8c00de5403bb7d08507829ed0a1', 'system': None}, Network: None, Subnet: None, Router: None
2025-04-18 10:29:12.564 70108 INFO tempest.lib.common.rest_client [req-e1f33170-9435-416e-895c-2a668d4caf5c req-e1f33170-9435-416e-895c-2a668d4caf5c ] Request (AttachVolumeTestJSON:test_attach_detach_volume): 200 GET http://10.180.1.21/compute/v2.1/servers/5ad02603-ab24-4817-bfe1-9716de876685 0.119s
2025-04-18 10:29:12.632 70094 INFO tempest.lib.common.rest_client [req-a61426e3-5190-43f5-bd1a-5f068bf0945e req-a61426e3-5190-43f5-bd1a-5f068bf0945e ] Request (ServersAdminTestJSON:test_inject_network_info): 200 GET http://10.180.1.21/compute/v2.1/servers/fb6c0765-2a9a-4ea9-9676-f288de23d822 0.109s
2025-04-18 10:29:12.657 70076 INFO tempest.lib.common.rest_client [req-c0a7f794-4c9a-4323-9707-0c76e0a6fe8a req-c0a7f794-4c9a-4323-9707-0c76e0a6fe8a ] Request (ServerShowV263Test:setUpClass): 201 POST http://10.180.1.21/identity/v3/auth/tokens 0.098s
2025-04-18 10:29:12.730 70076 INFO tempest.lib.common.rest_client [req-01fa12ae-63bd-4f23-9fda-1330bbc2c0c2 req-01fa12ae-63bd-4f23-9fda-1330bbc2c0c2 ] Request (ServerShowV263Test:setUpClass): 200 GET http://10.180.1.21/identity/v3/projects/b31e0845bd84479098e9109df7571aeb 0.072s
2025-04-18 10:29:12.730 70076 INFO tempest.lib.common.dynamic_creds [-] Using the existing project b31e0845bd84479098e9109df7571aeb for scope project and roles: ['reader']
2025-04-18 10:29:12.760 70076 INFO tempest.lib.common.rest_client [req-02241da9-3223-46cb-8353-445219164a12 req-02241da9-3223-46cb-8353-445219164a12 ] Request (ServerShowV263Test:setUpClass): 201 POST http://10.180.1.21/identity/v3/users 0.029s
2025-04-18 10:29:12.785 70076 INFO tempest.lib.common.rest_client [req-82a8bbf8-0933-4517-9761-ea9c14b737ea req-82a8bbf8-0933-4517-9761-ea9c14b737ea ] Request (ServerShowV263Test:setUpClass): 200 GET http://10.180.1.21/identity/v3/roles 0.025s
2025-04-18 10:29:12.790 70092 INFO tempest.lib.common.rest_client [req-f6b86965-7739-4cee-9178-bac1d0bed7a5 req-f6b86965-7739-4cee-9178-bac1d0bed7a5 ] Request (MultipleCreateTestJSON:test_multiple_create): 200 GET http://10.180.1.21/compute/v2.1/servers/bb3d06ae-96f6-4f0f-9d85-768bd5d7f58c 0.121s
2025-04-18 10:29:12.799 70092 INFO tempest.common.waiters [-] State transition "BUILD/spawning" ==> "ACTIVE/None" after 73 second wait
2025-04-18 10:29:12.815 70120 INFO tempest.lib.common.rest_client [req-ef6668d8-cbe6-4ab8-9fca-60a5dd52cf5c req-ef6668d8-cbe6-4ab8-9fca-60a5dd52cf5c ] Request (ServerActionsV293TestJSON:setUpClass): 200 GET http://10.180.1.21/compute/v2.1/servers/45fdd092-44c8-4c99-b4a6-f51a287c4069 0.074s
2025-04-18 10:29:12.818 70076 INFO tempest.lib.common.rest_client [req-78ed5205-8296-4cdd-a56e-4200bd1bba9f req-78ed5205-8296-4cdd-a56e-4200bd1bba9f ] Request (ServerShowV263Test:setUpClass): 204 PUT http://10.180.1.21/identity/v3/projects/b31e0845bd84479098e9109df7571aeb/users/d30991d8097748d0bd8e8b75ae209d6a/roles/908c0895ec1647a6a9ba5104cb1e0971 0.031s
2025-04-18 10:29:12.818 70076 INFO tempest.lib.common.dynamic_creds [-] Dynamic test user d30991d8097748d0bd8e8b75ae209d6a is created with scope project and roles: ['reader']
2025-04-18 10:29:12.818 70076 INFO tempest.lib.common.dynamic_creds [-] Acquired dynamic creds: credentials: Credentials: {'domain_id': 'default', 'domain_name': 'Default', 'username': 'tempest-ServerShowV263Test-1140692824-project-reader', 'project_domain_id': 'default', 'project_domain_name': 'Default', 'project_id': 'b31e0845bd84479098e9109df7571aeb', 'project_name': 'tempest-ServerShowV263Test-1140692824', 'tenant_id': 'b31e0845bd84479098e9109df7571aeb', 'tenant_name': 'tempest-ServerShowV263Test-1140692824', 'user_domain_id': 'default', 'user_domain_name': 'Default', 'user_id': 'd30991d8097748d0bd8e8b75ae209d6a', 'system': None}, Network: None, Subnet: None, Router: None
2025-04-18 10:29:12.818 70076 INFO tempest.lib.common.dynamic_creds [-] Network resources are not created for requested scope: project and credentials: Credentials: {'domain_id': 'default', 'domain_name': 'Default', 'username': 'tempest-ServerShowV263Test-1140692824-project-reader', 'project_domain_id': 'default', 'project_domain_name': 'Default', 'project_id': 'b31e0845bd84479098e9109df7571aeb', 'project_name': 'tempest-ServerShowV263Test-1140692824', 'tenant_id': 'b31e0845bd84479098e9109df7571aeb', 'tenant_name': 'tempest-ServerShowV263Test-1140692824', 'user_domain_id': 'default', 'user_domain_name': 'Default', 'user_id': 'd30991d8097748d0bd8e8b75ae209d6a', 'system': None}, Network: None, Subnet: None, Router: None
2025-04-18 10:29:12.850 70104 INFO tempest.lib.common.rest_client [req-16509574-643a-4862-9fe3-735f73ee835f req-16509574-643a-4862-9fe3-735f73ee835f ] Request (ServersAdminNegativeTestJSON:test_migrate_server_invalid_state): 200 GET http://10.180.1.21/compute/v2.1/servers/0e9202db-b649-45c1-82cc-da3f96a8482d 0.060s
2025-04-18 10:29:12.889 70078 WARNING tempest.lib.common.ssh [-] Failed to establish authenticated ssh connection to cirros@10.180.180.188 ([Errno None] Unable to connect to port 22 on 10.180.180.188). Number attempts: 4. Retry after 5 seconds.: paramiko.ssh_exception.NoValidConnectionsError: [Errno None] Unable to connect to port 22 on 10.180.180.188
2025-04-18 10:29:12.893 70076 INFO tempest.lib.common.rest_client [req-b805a70b-8dad-44a2-b1b0-63b9f0d85f10 req-b805a70b-8dad-44a2-b1b0-63b9f0d85f10 ] Request (ServerShowV263Test:setUpClass): 201 POST http://10.180.1.21/identity/v3/auth/tokens 0.071s
2025-04-18 10:29:12.902 70092 INFO tempest.lib.common.rest_client [req-3eab6a96-d3f9-47da-8336-84679914906e req-3eab6a96-d3f9-47da-8336-84679914906e ] Request (MultipleCreateTestJSON:test_multiple_create): 200 GET http://10.180.1.21/compute/v2.1/servers/f49faaa0-2097-4cd5-8a6f-791dd4db53ac 0.102s
2025-04-18 10:29:12.941 70110 INFO tempest.lib.common.rest_client [req-a4476bfd-d120-4b55-bd99-b08e3205c158 req-a4476bfd-d120-4b55-bd99-b08e3205c158 ] Request (ServersListShow296Test:test_list_show_update_rebuild_server_296): 200 GET http://10.180.1.21/compute/v2.1/servers/cc6b4155-289b-4b2f-b0bb-bd2c2f056695 0.065s
2025-04-18 10:29:12.951 70110 INFO tempest.common.waiters [-] State transition "BUILD/networking" ==> "BUILD/block_device_mapping" after 71 second wait
2025-04-18 10:29:12.959 70090 WARNING tempest.lib.common.ssh [-] Failed to establish authenticated ssh connection to cirros@10.180.180.147 ([Errno None] Unable to connect to port 22 on 10.180.180.147). Number attempts: 9. Retry after 10 seconds.: paramiko.ssh_exception.NoValidConnectionsError: [Errno None] Unable to connect to port 22 on 10.180.180.147
2025-04-18 10:29:12.984 70092 INFO tempest.lib.common.rest_client [req-e7756a8d-23ad-47c0-a6b0-de24f3170bc4 req-e7756a8d-23ad-47c0-a6b0-de24f3170bc4 ] Request (MultipleCreateTestJSON:_run_cleanups): 204 DELETE http://10.180.1.21/compute/v2.1/servers/f49faaa0-2097-4cd5-8a6f-791dd4db53ac 0.074s
2025-04-18 10:29:12.994 70088 INFO tempest.lib.common.rest_client [req-5665629d-bc5a-47d5-98f3-485bc5057512 req-5665629d-bc5a-47d5-98f3-485bc5057512 ] Request (ServersTestMultiNic:test_verify_duplicate_network_nics): 200 GET http://10.180.1.21/compute/v2.1/servers/c9af6b98-3a14-4648-a6c9-75842f87755c 0.076s
2025-04-18 10:29:12.996 70076 INFO tempest.lib.common.rest_client [req-c4488a9d-6eb1-4be7-8974-7152876ec1c8 req-c4488a9d-6eb1-4be7-8974-7152876ec1c8 ] Request (ServerShowV263Test:tearDownClass): 204 DELETE http://10.180.1.21/identity/v3/users/eca4e8c00de5403bb7d08507829ed0a1 0.098s
2025-04-18 10:29:13.034 70102 INFO tempest.lib.common.rest_client [req-a35e3f68-a14e-441b-85ca-2533fc6833b8 req-a35e3f68-a14e-441b-85ca-2533fc6833b8 ] Request (VolumesAssistedSnapshotsTest:test_volume_assisted_snapshot_create_delete): 200 GET http://10.180.1.21/compute/v2.1/servers/dab255ce-923e-45eb-bd6d-0bbd34a21b7f 0.107s
2025-04-18 10:29:13.066 70092 INFO tempest.lib.common.rest_client [req-bfb4752b-7948-4a2f-b4cf-89aa6e1c3f9e req-bfb4752b-7948-4a2f-b4cf-89aa6e1c3f9e ] Request (MultipleCreateTestJSON:_run_cleanups): 204 DELETE http://10.180.1.21/compute/v2.1/servers/bb3d06ae-96f6-4f0f-9d85-768bd5d7f58c 0.082s
2025-04-18 10:29:13.087 70076 INFO tempest.lib.common.rest_client [req-c02d8d3c-3be9-4807-803e-bb5ae8cb32f1 req-c02d8d3c-3be9-4807-803e-bb5ae8cb32f1 ] Request (ServerShowV263Test:tearDownClass): 204 DELETE http://10.180.1.21/identity/v3/users/d30991d8097748d0bd8e8b75ae209d6a 0.091s
2025-04-18 10:29:13.088 70076 INFO tempest.lib.common.dynamic_creds [-] Deleting project and security group for project: b31e0845bd84479098e9109df7571aeb
2025-04-18 10:29:13.089 70070 INFO tempest.lib.common.rest_client [req-c83cab5a-ea3a-4d7e-82b4-10d25f40f965 req-c83cab5a-ea3a-4d7e-82b4-10d25f40f965 ] Request (ListServerFiltersTestJSON:tearDownClass): 200 GET http://10.180.1.21/compute/v2.1/servers/17ef5911-d038-42a5-8c45-5b53429921f3 0.100s
2025-04-18 10:29:13.119 70116 INFO tempest.lib.common.rest_client [req-4a268bd2-ed5c-42a7-9bc9-3cf0f9bbdfae req-4a268bd2-ed5c-42a7-9bc9-3cf0f9bbdfae ] Request (ServerShowV257Test:test_rebuild_server): 200 GET http://10.180.1.21/compute/v2.1/servers/677e67e0-f5a4-412b-8ec8-348e690b83f2 0.126s
2025-04-18 10:29:13.138 70118 INFO tempest.lib.common.rest_client [req-d0fde100-2582-4353-9a2b-a91ef2335920 req-d0fde100-2582-4353-9a2b-a91ef2335920 ] Request (ServerActionsTestOtherB:setUpClass): 200 GET http://10.180.1.21/compute/v2.1/servers/2c7f62bb-e2cc-4a8b-92ac-6f7b139d60ed 0.094s
2025-04-18 10:29:13.143 70076 INFO tempest.lib.common.rest_client [req-f20417ef-a110-4b2e-b150-e1a172940acd req-f20417ef-a110-4b2e-b150-e1a172940acd ] Request (ServerShowV263Test:tearDownClass): 201 POST http://10.180.1.21/identity/v3/auth/tokens 0.055s
2025-04-18 10:29:13.198 70128 INFO tempest.lib.common.rest_client [req-7e4fa751-3f5b-48c2-928b-67cdd746a41c req-7e4fa751-3f5b-48c2-928b-67cdd746a41c ] Request (ServerTagsTestJSON:tearDownClass): 200 GET http://10.180.1.21/compute/v2.1/servers/586c9d5e-45d9-4954-ba61-016a877c3277 0.090s
2025-04-18 10:29:13.216 70092 INFO tempest.lib.common.rest_client [req-f2b2982d-7696-423a-8c0b-6a025f043173 req-f2b2982d-7696-423a-8c0b-6a025f043173 ] Request (MultipleCreateTestJSON:_run_cleanups): 200 GET http://10.180.1.21/compute/v2.1/servers/f49faaa0-2097-4cd5-8a6f-791dd4db53ac 0.149s
2025-04-18 10:29:13.282 70082 INFO tempest.lib.common.rest_client [req-0f54004d-46a8-4e8c-89eb-36c6975e43a1 req-0f54004d-46a8-4e8c-89eb-36c6975e43a1 ] Request (ServersTestJSON:setUpClass): 200 GET http://10.180.1.21/compute/v2.1/servers/34ed9d40-479e-4f43-b127-ec4c0f2634e5 0.123s
2025-04-18 10:29:13.322 70076 INFO tempest.lib.common.rest_client [req-444c1615-1971-49a6-aac8-17c2d58f0952 req-444c1615-1971-49a6-aac8-17c2d58f0952 ] Request (ServerShowV263Test:tearDownClass): 200 GET http://10.180.1.21:9696/networking/v2.0/security-groups?tenant_id=b31e0845bd84479098e9109df7571aeb&name=default 0.179s
2025-04-18 10:29:13.345 70098 INFO tempest.lib.common.rest_client [req-ed2e55e0-c162-4e4a-a5ba-3b5a66496ba5 req-ed2e55e0-c162-4e4a-a5ba-3b5a66496ba5 ] Request (AttachInterfacesV270Test:test_create_get_list_interfaces): 200 GET http://10.180.1.21/compute/v2.1/servers/f916deca-c048-436e-82cd-cc49c9983c06 0.162s
2025-04-18 10:29:13.347 70107 INFO tempest.lib.common.rest_client [req-9ec0feb3-f2f6-4400-abe0-6fb9050f3896 req-9ec0feb3-f2f6-4400-abe0-6fb9050f3896 ] Request (AttachVolumeNegativeTest:test_attach_attached_volume_to_different_server): 200 GET http://10.180.1.21/compute/v2.1/servers/a1d9a7d5-69c9-486c-9e4b-99cc07d20730 0.221s
2025-04-18 10:29:13.404 70096 INFO tempest.lib.common.rest_client [req-e89174b9-3202-4240-a8b1-d1c710794a36 req-e89174b9-3202-4240-a8b1-d1c710794a36 ] Request (DeleteServersAdminTestJSON:test_delete_server_while_in_error_state): 200 GET http://10.180.1.21/compute/v2.1/servers/9729b810-6e68-41c1-b5fa-98914c041555 0.192s
2025-04-18 10:29:13.412 70074 INFO tempest.lib.common.rest_client [req-ef4d6eee-2cf8-46b5-aa85-680653238877 req-ef4d6eee-2cf8-46b5-aa85-680653238877 ] Request (ImagesOneServerNegativeTestJSON:_run_cleanups): 200 GET http://10.180.1.21/compute/v2.1/servers/56dde5b7-8a56-4df6-85ad-d84f9c7a0757 0.168s
2025-04-18 10:29:13.416 70076 INFO tempest.lib.common.rest_client [req-8a052951-6815-46a7-8a4b-be99c376e15f req-8a052951-6815-46a7-8a4b-be99c376e15f ] Request (ServerShowV263Test:tearDownClass): 204 DELETE http://10.180.1.21:9696/networking/v2.0/security-groups/92200a87-afc6-49a5-98c0-067f3f3a89b0 0.094s
2025-04-18 10:29:13.454 70084 INFO tempest.lib.common.rest_client [req-e01808d0-8a38-4c41-8879-9c6cf4faf3a2 req-e01808d0-8a38-4c41-8879-9c6cf4faf3a2 ] Request (ListImageFiltersTestJSON:setUpClass): 200 GET http://10.180.1.21/compute/v2.1/images/65c1a10c-e180-4ead-ae44-2d42485d8f1f 0.210s
2025-04-18 10:29:13.459 70072 INFO tempest.lib.common.rest_client [req-8899520b-6924-4775-bd29-fabe5ca19eff req-8899520b-6924-4775-bd29-fabe5ca19eff ] Request (ServersTestBootFromVolume:setUpClass): 200 GET http://10.180.1.21/compute/v2.1/servers/f886668c-02f3-4ea7-8ba3-eca7a392a8e4 0.150s
2025-04-18 10:29:13.481 70076 INFO tempest.lib.common.rest_client [req-4e21344a-aaf0-46a6-877c-0c69bf79d85e req-4e21344a-aaf0-46a6-877c-0c69bf79d85e ] Request (ServerShowV263Test:tearDownClass): 204 DELETE http://10.180.1.21/identity/v3/projects/b31e0845bd84479098e9109df7571aeb 0.064s
2025-04-18 10:29:13.511 70114 INFO tempest.lib.common.rest_client [req-ca17af4a-5413-47a1-92e8-6486da12ad63 req-ca17af4a-5413-47a1-92e8-6486da12ad63 ] Request (ServersTestJSON:test_create_server_with_ipv6_addr_only): 200 GET http://10.180.1.21/compute/v2.1/servers/a85b8c05-79a3-48e7-85d5-bdad0990397b 0.193s
2025-04-18 10:29:13.512 70086 INFO tempest.lib.common.rest_client [req-3c9f115f-6c13-42d9-8f43-cde8dd12aab7 req-3c9f115f-6c13-42d9-8f43-cde8dd12aab7 ] Request (ServerPasswordTestJSON:setUpClass): 200 GET http://10.180.1.21/compute/v2.1/servers/b24c31aa-6a2e-4181-ab0b-20d3745dca1e 0.140s
2025-04-18 10:29:13.563 70124 INFO tempest.lib.common.rest_client [req-9a8085db-d3cd-4a02-b435-2659b4bc9ddb req-9a8085db-d3cd-4a02-b435-2659b4bc9ddb ] Request (MigrationsAdminTest:test_resize_server_revert_deleted_flavor): 200 GET http://10.180.1.21/compute/v2.1/servers/6c7fe985-3b75-466f-b252-39a0a560d0d8 0.136s
2025-04-18 10:29:13.570 70126 INFO tempest.lib.common.rest_client [req-6af647b6-b684-42d9-b61a-d14ba0cb3908 req-6af647b6-b684-42d9-b61a-d14ba0cb3908 ] Request (InstanceActionsNegativeTestJSON:tearDownClass): 200 GET http://10.180.1.21/compute/v2.1/servers/4011ed19-c85c-405e-9ad0-8e163b03bd75 0.189s
2025-04-18 10:29:13.614 70122 INFO tempest.lib.common.rest_client [req-b547a1eb-603b-4f48-92f0-cd6e97514ae5 req-b547a1eb-603b-4f48-92f0-cd6e97514ae5 ] Request (SecurityGroupsTestJSON:test_server_security_groups): 200 GET http://10.180.1.21/compute/v2.1/servers/85d25ad8-28e1-4174-9a44-592d3a767bfd 0.171s
2025-04-18 10:29:13.627 70080 INFO tempest.lib.common.rest_client [req-bf25a856-a954-4fa6-b6f3-002a7222b111 req-bf25a856-a954-4fa6-b6f3-002a7222b111 ] Request (ServerRescueNegativeTestJSON:setUpClass): 200 GET http://10.180.1.21/compute/v2.1/servers/2c092d2e-7646-4db7-b883-16f420d17250 0.132s
2025-04-18 10:29:13.661 70130 INFO tempest.lib.common.rest_client [req-6df34aa7-c135-4173-8343-f26a7639a692 req-6df34aa7-c135-4173-8343-f26a7639a692 ] Request (AttachInterfacesUnderV243Test:test_add_remove_fixed_ip): 200 GET http://10.180.1.21/compute/v2.1/servers/6a9cc8dd-2fcd-4458-9518-86981ae7da64 0.151s
2025-04-18 10:29:13.674 70112 INFO tempest.lib.common.rest_client [req-661a2600-a7f3-44be-9bfb-197d8c0e355c req-661a2600-a7f3-44be-9bfb-197d8c0e355c ] Request (FloatingIPsAssociationTestJSON:test_associate_already_associated_floating_ip): 200 GET http://10.180.1.21/compute/v2.1/servers/4c434dcd-fb59-4653-adbd-e5f4fd19f884 0.113s
2025-04-18 10:29:13.711 70108 INFO tempest.lib.common.rest_client [req-828434e6-f3f9-4e22-9117-47eb039ffc27 req-828434e6-f3f9-4e22-9117-47eb039ffc27 ] Request (AttachVolumeTestJSON:test_attach_detach_volume): 200 GET http://10.180.1.21/compute/v2.1/servers/5ad02603-ab24-4817-bfe1-9716de876685 0.139s
2025-04-18 10:29:13.722 70094 INFO tempest.lib.common.rest_client [req-de3e1b2b-7567-4420-b5d1-24b7306890c7 req-de3e1b2b-7567-4420-b5d1-24b7306890c7 ] Request (ServersAdminTestJSON:test_inject_network_info): 200 GET http://10.180.1.21/compute/v2.1/servers/fb6c0765-2a9a-4ea9-9676-f288de23d822 0.081s
2025-04-18 10:29:13.891 70120 INFO tempest.lib.common.rest_client [req-cd40e1e2-ec95-4a7d-985f-4a3e5aa7cf18 req-cd40e1e2-ec95-4a7d-985f-4a3e5aa7cf18 ] Request (ServerActionsV293TestJSON:setUpClass): 200 GET http://10.180.1.21/compute/v2.1/servers/45fdd092-44c8-4c99-b4a6-f51a287c4069 0.064s
2025-04-18 10:29:13.912 70104 INFO tempest.lib.common.rest_client [req-b64d7fd8-1630-4a1a-9a84-abd4b7afc8fa req-b64d7fd8-1630-4a1a-9a84-abd4b7afc8fa ] Request (ServersAdminNegativeTestJSON:test_migrate_server_invalid_state): 200 GET http://10.180.1.21/compute/v2.1/servers/0e9202db-b649-45c1-82cc-da3f96a8482d 0.054s
2025-04-18 10:29:14.015 70110 INFO tempest.lib.common.rest_client [req-d94e2841-c988-42e5-a981-3e65a61e5d91 req-d94e2841-c988-42e5-a981-3e65a61e5d91 ] Request (ServersListShow296Test:test_list_show_update_rebuild_server_296): 200 GET http://10.180.1.21/compute/v2.1/servers/cc6b4155-289b-4b2f-b0bb-bd2c2f056695 0.062s
2025-04-18 10:29:14.025 70110 INFO tempest.common.waiters [-] State transition "BUILD/block_device_mapping" ==> "BUILD/spawning" after 73 second wait
2025-04-18 10:29:14.061 70088 INFO tempest.lib.common.rest_client [req-eef39dc8-8c27-4732-8172-09383ab94f7c req-eef39dc8-8c27-4732-8172-09383ab94f7c ] Request (ServersTestMultiNic:test_verify_duplicate_network_nics): 200 GET http://10.180.1.21/compute/v2.1/servers/c9af6b98-3a14-4648-a6c9-75842f87755c 0.059s
2025-04-18 10:29:14.069 70088 INFO tempest.common.waiters [-] State transition "BUILD/scheduling" ==> "BUILD/None" after 56 second wait
2025-04-18 10:29:14.101 70102 INFO tempest.lib.common.rest_client [req-586c7cda-9d36-40e6-84c1-0225236c3c39 req-586c7cda-9d36-40e6-84c1-0225236c3c39 ] Request (VolumesAssistedSnapshotsTest:test_volume_assisted_snapshot_create_delete): 200 GET http://10.180.1.21/compute/v2.1/servers/dab255ce-923e-45eb-bd6d-0bbd34a21b7f 0.059s
2025-04-18 10:29:14.160 70070 INFO tempest.lib.common.rest_client [req-42d5ae86-90cf-4d19-9208-63886bf9a307 req-42d5ae86-90cf-4d19-9208-63886bf9a307 ] Request (ListServerFiltersTestJSON:tearDownClass): 200 GET http://10.180.1.21/compute/v2.1/servers/17ef5911-d038-42a5-8c45-5b53429921f3 0.061s
2025-04-18 10:29:14.186 70116 INFO tempest.lib.common.rest_client [req-43b267ba-2dd6-4521-93e7-a50cb177eb53 req-43b267ba-2dd6-4521-93e7-a50cb177eb53 ] Request (ServerShowV257Test:test_rebuild_server): 200 GET http://10.180.1.21/compute/v2.1/servers/677e67e0-f5a4-412b-8ec8-348e690b83f2 0.057s
2025-04-18 10:29:14.210 70118 INFO tempest.lib.common.rest_client [req-9917f2ea-5432-47f1-a38b-3748f6759c80 req-9917f2ea-5432-47f1-a38b-3748f6759c80 ] Request (ServerActionsTestOtherB:setUpClass): 200 GET http://10.180.1.21/compute/v2.1/servers/2c7f62bb-e2cc-4a8b-92ac-6f7b139d60ed 0.063s
2025-04-18 10:29:14.232 70128 INFO tempest.lib.common.rest_client [req-ed7eb999-218e-41b7-b2fc-fcb04cec4661 req-ed7eb999-218e-41b7-b2fc-fcb04cec4661 ] Request (ServerTagsTestJSON:tearDownClass): 404 GET http://10.180.1.21/compute/v2.1/servers/586c9d5e-45d9-4954-ba61-016a877c3277 0.025s
2025-04-18 10:29:14.349 70082 INFO tempest.lib.common.rest_client [req-0571ed8c-652e-43bd-bfa7-592737889449 req-0571ed8c-652e-43bd-bfa7-592737889449 ] Request (ServersTestJSON:setUpClass): 200 GET http://10.180.1.21/compute/v2.1/servers/34ed9d40-479e-4f43-b127-ec4c0f2634e5 0.058s
2025-04-18 10:29:14.368 70092 INFO tempest.lib.common.rest_client [req-e7b0d246-0fd9-43c3-9050-4393e6fd7a07 req-e7b0d246-0fd9-43c3-9050-4393e6fd7a07 ] Request (MultipleCreateTestJSON:_run_cleanups): 200 GET http://10.180.1.21/compute/v2.1/servers/f49faaa0-2097-4cd5-8a6f-791dd4db53ac 0.143s
2025-04-18 10:29:14.411 70098 INFO tempest.lib.common.rest_client [req-8570e491-73b5-44cf-a29e-e41b49c52f88 req-8570e491-73b5-44cf-a29e-e41b49c52f88 ] Request (AttachInterfacesV270Test:test_create_get_list_interfaces): 200 GET http://10.180.1.21/compute/v2.1/servers/f916deca-c048-436e-82cd-cc49c9983c06 0.057s
2025-04-18 10:29:14.485 70096 INFO tempest.lib.common.rest_client [req-7b211d56-1aef-4126-ae44-e0f1c29f2313 req-7b211d56-1aef-4126-ae44-e0f1c29f2313 ] Request (DeleteServersAdminTestJSON:test_delete_server_while_in_error_state): 200 GET http://10.180.1.21/compute/v2.1/servers/9729b810-6e68-41c1-b5fa-98914c041555 0.070s
2025-04-18 10:29:14.491 70107 INFO tempest.lib.common.rest_client [req-a9bceb3b-335b-44cc-8767-9688dd04de0b req-a9bceb3b-335b-44cc-8767-9688dd04de0b ] Request (AttachVolumeNegativeTest:test_attach_attached_volume_to_different_server): 200 GET http://10.180.1.21/compute/v2.1/servers/a1d9a7d5-69c9-486c-9e4b-99cc07d20730 0.135s
2025-04-18 10:29:14.531 70084 INFO tempest.lib.common.rest_client [req-f1e04a5f-88ce-4d6d-bf96-7c8f96451de4 req-f1e04a5f-88ce-4d6d-bf96-7c8f96451de4 ] Request (ListImageFiltersTestJSON:setUpClass): 200 GET http://10.180.1.21/compute/v2.1/images/65c1a10c-e180-4ead-ae44-2d42485d8f1f 0.072s
2025-04-18 10:29:14.559 70074 INFO tempest.lib.common.rest_client [req-90d1780a-65b4-49f8-b7ce-16f51874213d req-90d1780a-65b4-49f8-b7ce-16f51874213d ] Request (ImagesOneServerNegativeTestJSON:_run_cleanups): 200 GET http://10.180.1.21/compute/v2.1/servers/56dde5b7-8a56-4df6-85ad-d84f9c7a0757 0.136s
2025-04-18 10:29:14.586 70072 INFO tempest.lib.common.rest_client [req-c79528b3-10b1-4bae-b0fe-d9f4a8972076 req-c79528b3-10b1-4bae-b0fe-d9f4a8972076 ] Request (ServersTestBootFromVolume:setUpClass): 200 GET http://10.180.1.21/compute/v2.1/servers/f886668c-02f3-4ea7-8ba3-eca7a392a8e4 0.119s
2025-04-18 10:29:14.608 70086 INFO tempest.lib.common.rest_client [req-9d4f56fa-29e1-42a6-b3c5-c1174221486d req-9d4f56fa-29e1-42a6-b3c5-c1174221486d ] Request (ServerPasswordTestJSON:setUpClass): 200 GET http://10.180.1.21/compute/v2.1/servers/b24c31aa-6a2e-4181-ab0b-20d3745dca1e 0.087s
2025-04-18 10:29:14.639 70114 INFO tempest.lib.common.rest_client [req-813795c5-fa5c-4520-bf56-de85819577d7 req-813795c5-fa5c-4520-bf56-de85819577d7 ] Request (ServersTestJSON:test_create_server_with_ipv6_addr_only): 200 GET http://10.180.1.21/compute/v2.1/servers/a85b8c05-79a3-48e7-85d5-bdad0990397b 0.117s
2025-04-18 10:29:14.662 70124 INFO tempest.lib.common.rest_client [req-4175bb95-5e8b-49f6-8bca-2b3ca63a0b7f req-4175bb95-5e8b-49f6-8bca-2b3ca63a0b7f ] Request (MigrationsAdminTest:test_resize_server_revert_deleted_flavor): 200 GET http://10.180.1.21/compute/v2.1/servers/6c7fe985-3b75-466f-b252-39a0a560d0d8 0.086s
2025-04-18 10:29:14.704 70126 INFO tempest.lib.common.rest_client [req-7b06b1a8-689b-4ca7-bc60-d00ae74ef094 req-7b06b1a8-689b-4ca7-bc60-d00ae74ef094 ] Request (InstanceActionsNegativeTestJSON:tearDownClass): 200 GET http://10.180.1.21/compute/v2.1/servers/4011ed19-c85c-405e-9ad0-8e163b03bd75 0.125s
2025-04-18 10:29:14.711 70122 INFO tempest.lib.common.rest_client [req-8fd600e0-4756-45cd-aa57-657181d820b8 req-8fd600e0-4756-45cd-aa57-657181d820b8 ] Request (SecurityGroupsTestJSON:test_server_security_groups): 200 GET http://10.180.1.21/compute/v2.1/servers/85d25ad8-28e1-4174-9a44-592d3a767bfd 0.086s
2025-04-18 10:29:14.757 70130 INFO tempest.lib.common.rest_client [req-39c0a9fa-94d0-4f46-af16-0900f444a19a req-39c0a9fa-94d0-4f46-af16-0900f444a19a ] Request (AttachInterfacesUnderV243Test:test_add_remove_fixed_ip): 200 GET http://10.180.1.21/compute/v2.1/servers/6a9cc8dd-2fcd-4458-9518-86981ae7da64 0.087s
2025-04-18 10:29:14.760 70080 INFO tempest.lib.common.rest_client [req-f5bfca23-b95c-4405-a434-be7c37c87100 req-f5bfca23-b95c-4405-a434-be7c37c87100 ] Request (ServerRescueNegativeTestJSON:setUpClass): 200 GET http://10.180.1.21/compute/v2.1/servers/2c092d2e-7646-4db7-b883-16f420d17250 0.124s
2025-04-18 10:29:14.809 70112 INFO tempest.lib.common.rest_client [req-d1a89fe7-92cb-4c75-9f00-8f976b54d2cd req-d1a89fe7-92cb-4c75-9f00-8f976b54d2cd ] Request (FloatingIPsAssociationTestJSON:test_associate_already_associated_floating_ip): 200 GET http://10.180.1.21/compute/v2.1/servers/4c434dcd-fb59-4653-adbd-e5f4fd19f884 0.127s
2025-04-18 10:29:14.811 70108 INFO tempest.lib.common.rest_client [req-4b9b926a-1342-4509-9a2e-9dd16aaaf0c2 req-4b9b926a-1342-4509-9a2e-9dd16aaaf0c2 ] Request (AttachVolumeTestJSON:test_attach_detach_volume): 200 GET http://10.180.1.21/compute/v2.1/servers/5ad02603-ab24-4817-bfe1-9716de876685 0.090s
2025-04-18 10:29:14.859 70094 INFO tempest.lib.common.rest_client [req-a2156677-66e5-44a1-a11a-8da77b1f8d32 req-a2156677-66e5-44a1-a11a-8da77b1f8d32 ] Request (ServersAdminTestJSON:test_inject_network_info): 200 GET http://10.180.1.21/compute/v2.1/servers/fb6c0765-2a9a-4ea9-9676-f288de23d822 0.129s
2025-04-18 10:29:14.969 70104 INFO tempest.lib.common.rest_client [req-08d0a13d-3749-4950-b9a5-8d880b13e74a req-08d0a13d-3749-4950-b9a5-8d880b13e74a ] Request (ServersAdminNegativeTestJSON:test_migrate_server_invalid_state): 200 GET http://10.180.1.21/compute/v2.1/servers/0e9202db-b649-45c1-82cc-da3f96a8482d 0.049s
2025-04-18 10:29:14.976 70120 INFO tempest.lib.common.rest_client [req-5a0524e1-f917-48f3-9b6c-bad1e57b39cb req-5a0524e1-f917-48f3-9b6c-bad1e57b39cb ] Request (ServerActionsV293TestJSON:setUpClass): 200 GET http://10.180.1.21/compute/v2.1/servers/45fdd092-44c8-4c99-b4a6-f51a287c4069 0.075s
2025-04-18 10:29:15.083 70128 INFO tempest.lib.common.rest_client [req-d9adc891-7c34-49c2-8d3a-ccc38d141a4a req-d9adc891-7c34-49c2-8d3a-ccc38d141a4a ] Request (ServerTagsTestJSON:tearDownClass): 200 PUT http://10.180.1.21:9696/networking/v2.0/routers/6dc5e9a4-f2be-4fac-af9f-4b6814acf94a/remove_router_interface 0.849s
2025-04-18 10:29:15.107 70110 INFO tempest.lib.common.rest_client [req-c68272d4-b038-4ae4-aaa1-4ade251d17d6 req-c68272d4-b038-4ae4-aaa1-4ade251d17d6 ] Request (ServersListShow296Test:test_list_show_update_rebuild_server_296): 200 GET http://10.180.1.21/compute/v2.1/servers/cc6b4155-289b-4b2f-b0bb-bd2c2f056695 0.081s
2025-04-18 10:29:15.123 70088 INFO tempest.lib.common.rest_client [req-6b295aac-0876-46b7-b370-9af1462bc400 req-6b295aac-0876-46b7-b370-9af1462bc400 ] Request (ServersTestMultiNic:test_verify_duplicate_network_nics): 200 GET http://10.180.1.21/compute/v2.1/servers/c9af6b98-3a14-4648-a6c9-75842f87755c 0.052s
2025-04-18 10:29:15.177 70102 INFO tempest.lib.common.rest_client [req-c97d1942-27f3-4f32-b1ff-80d3486a6175 req-c97d1942-27f3-4f32-b1ff-80d3486a6175 ] Request (VolumesAssistedSnapshotsTest:test_volume_assisted_snapshot_create_delete): 200 GET http://10.180.1.21/compute/v2.1/servers/dab255ce-923e-45eb-bd6d-0bbd34a21b7f 0.066s
2025-04-18 10:29:15.236 70070 INFO tempest.lib.common.rest_client [req-480d79d2-59e0-441e-8068-f91a43d11e5c req-480d79d2-59e0-441e-8068-f91a43d11e5c ] Request (ListServerFiltersTestJSON:tearDownClass): 200 GET http://10.180.1.21/compute/v2.1/servers/17ef5911-d038-42a5-8c45-5b53429921f3 0.066s
2025-04-18 10:29:15.259 70116 INFO tempest.lib.common.rest_client [req-f2216a15-9a7d-458f-91dc-729602b8c50b req-f2216a15-9a7d-458f-91dc-729602b8c50b ] Request (ServerShowV257Test:test_rebuild_server): 200 GET http://10.180.1.21/compute/v2.1/servers/677e67e0-f5a4-412b-8ec8-348e690b83f2 0.063s
2025-04-18 10:29:15.299 70118 INFO tempest.lib.common.rest_client [req-8f38d2f3-abf0-4e85-92d3-40f297d3e8f2 req-8f38d2f3-abf0-4e85-92d3-40f297d3e8f2 ] Request (ServerActionsTestOtherB:setUpClass): 200 GET http://10.180.1.21/compute/v2.1/servers/2c7f62bb-e2cc-4a8b-92ac-6f7b139d60ed 0.081s
2025-04-18 10:29:15.427 70082 INFO tempest.lib.common.rest_client [req-ae53f039-9fab-4105-b67a-a78db9b87eeb req-ae53f039-9fab-4105-b67a-a78db9b87eeb ] Request (ServersTestJSON:setUpClass): 200 GET http://10.180.1.21/compute/v2.1/servers/34ed9d40-479e-4f43-b127-ec4c0f2634e5 0.064s
2025-04-18 10:29:15.495 70092 INFO tempest.lib.common.rest_client [req-a07fac35-5ab0-431e-b9f3-33444e40f106 req-a07fac35-5ab0-431e-b9f3-33444e40f106 ] Request (MultipleCreateTestJSON:_run_cleanups): 200 GET http://10.180.1.21/compute/v2.1/servers/f49faaa0-2097-4cd5-8a6f-791dd4db53ac 0.117s
2025-04-18 10:29:15.497 70128 INFO tempest.lib.common.rest_client [req-139703a8-3b9c-40bb-aab6-e4ca6bca5758 req-139703a8-3b9c-40bb-aab6-e4ca6bca5758 ] Request (ServerTagsTestJSON:tearDownClass): 204 DELETE http://10.180.1.21:9696/networking/v2.0/routers/6dc5e9a4-f2be-4fac-af9f-4b6814acf94a 0.414s
2025-04-18 10:29:15.502 70098 INFO tempest.lib.common.rest_client [req-9e190ffd-21ab-4d66-9229-54acfa3eb3fe req-9e190ffd-21ab-4d66-9229-54acfa3eb3fe ] Request (AttachInterfacesV270Test:test_create_get_list_interfaces): 200 GET http://10.180.1.21/compute/v2.1/servers/f916deca-c048-436e-82cd-cc49c9983c06 0.076s
2025-04-18 10:29:15.583 70096 INFO tempest.lib.common.rest_client [req-0034d73e-9b7c-4d13-8be2-e2e3df203766 req-0034d73e-9b7c-4d13-8be2-e2e3df203766 ] Request (DeleteServersAdminTestJSON:test_delete_server_while_in_error_state): 200 GET http://10.180.1.21/compute/v2.1/servers/9729b810-6e68-41c1-b5fa-98914c041555 0.083s
2025-04-18 10:29:15.631 70084 INFO tempest.lib.common.rest_client [req-f2d3e2bf-54e0-40a8-93aa-b2a1fa9d0a34 req-f2d3e2bf-54e0-40a8-93aa-b2a1fa9d0a34 ] Request (ListImageFiltersTestJSON:setUpClass): 200 GET http://10.180.1.21/compute/v2.1/images/65c1a10c-e180-4ead-ae44-2d42485d8f1f 0.094s
2025-04-18 10:29:15.671 70128 INFO tempest.lib.common.rest_client [req-85d0cb90-b7a9-467d-96f5-c4658e0c7546 req-85d0cb90-b7a9-467d-96f5-c4658e0c7546 ] Request (ServerTagsTestJSON:tearDownClass): 204 DELETE http://10.180.1.21:9696/networking/v2.0/subnets/3595421b-06d2-48fa-9e86-6125510a71b4 0.173s
2025-04-18 10:29:15.713 70074 INFO tempest.lib.common.rest_client [req-0558db30-011f-44bc-81be-a4a27dadab0e req-0558db30-011f-44bc-81be-a4a27dadab0e ] Request (ImagesOneServerNegativeTestJSON:_run_cleanups): 200 GET http://10.180.1.21/compute/v2.1/servers/56dde5b7-8a56-4df6-85ad-d84f9c7a0757 0.144s
2025-04-18 10:29:15.774 70072 INFO tempest.lib.common.rest_client [req-48241ca1-a549-43c8-9442-59b5d820a7bb req-48241ca1-a549-43c8-9442-59b5d820a7bb ] Request (ServersTestBootFromVolume:setUpClass): 200 GET http://10.180.1.21/compute/v2.1/servers/f886668c-02f3-4ea7-8ba3-eca7a392a8e4 0.179s
2025-04-18 10:29:15.837 70086 INFO tempest.lib.common.rest_client [req-9700c9e0-8162-48e7-9657-e461b7cba560 req-9700c9e0-8162-48e7-9657-e461b7cba560 ] Request (ServerPasswordTestJSON:setUpClass): 200 GET http://10.180.1.21/compute/v2.1/servers/b24c31aa-6a2e-4181-ab0b-20d3745dca1e 0.221s
2025-04-18 10:29:15.862 70107 INFO tempest.lib.common.rest_client [req-ace54235-2af2-496f-aad8-5309b4b1481e req-ace54235-2af2-496f-aad8-5309b4b1481e ] Request (AttachVolumeNegativeTest:test_attach_attached_volume_to_different_server): 200 GET http://10.180.1.21/compute/v2.1/servers/a1d9a7d5-69c9-486c-9e4b-99cc07d20730 0.363s
2025-04-18 10:29:15.870 70107 INFO tempest.common.waiters [-] State transition "BUILD/spawning" ==> "ACTIVE/None" after 75 second wait
2025-04-18 10:29:15.900 70114 INFO tempest.lib.common.rest_client [req-f2c15735-2e93-4a17-9ec0-06457f216e57 req-f2c15735-2e93-4a17-9ec0-06457f216e57 ] Request (ServersTestJSON:test_create_server_with_ipv6_addr_only): 200 GET http://10.180.1.21/compute/v2.1/servers/a85b8c05-79a3-48e7-85d5-bdad0990397b 0.252s
