2025-04-18 10:29:24.950 70096 INFO tempest.lib.common.rest_client [req-c5c988ee-fac5-4576-aa3f-78e63320e799 req-c5c988ee-fac5-4576-aa3f-78e63320e799 ] Request (ServerAddressesNegativeTestJSON:setUpClass): 200 PUT http://10.180.1.21:9696/networking/v2.0/routers/de036275-5b32-4225-9825-48619138ef0e/add_router_interface 1.065s
2025-04-18 10:29:24.951 70096 INFO tempest.lib.common.dynamic_creds [-] Created isolated network resources for: credentials: Credentials: {'domain_id': 'default', 'domain_name': 'Default', 'username': 'tempest-ServerAddressesNegativeTestJSON-1432046595-project-member', 'project_domain_id': 'default', 'project_domain_name': 'Default', 'project_id': 'ca9a8188c6744f0daddc90019b77d5aa', 'project_name': 'tempest-ServerAddressesNegativeTestJSON-1432046595', 'tenant_id': 'ca9a8188c6744f0daddc90019b77d5aa', 'tenant_name': 'tempest-ServerAddressesNegativeTestJSON-1432046595', 'user_domain_id': 'default', 'user_domain_name': 'Default', 'user_id': '37bfb75e866441d485da12dd4256924d', 'system': None}, Network: {'id': '89303043-a5e3-40f9-9f91-a44b1dcfc4f5', 'name': 'tempest-ServerAddressesNegativeTestJSON-1523214584-network', 'tenant_id': 'ca9a8188c6744f0daddc90019b77d5aa', 'admin_state_up': True, 'mtu': 8950, 'status': 'ACTIVE', 'subnets': [], 'shared': False, 'project_id': 'ca9a8188c6744f0daddc90019b77d5aa', 'port_security_enabled': True, 'router:external': False, 'provider:network_type': 'vlan', 'provider:physical_network': 'default', 'provider:segmentation_id': 23, 'availability_zone_hints': [], 'availability_zones': [], 'ipv4_address_scope': None, 'ipv6_address_scope': None, 'description': '', 'tags': [], 'created_at': '2025-04-18T10:29:22Z', 'updated_at': '2025-04-18T10:29:22Z', 'revision_number': 1}, Subnet: {'id': 'b569f2b5-5d39-44cf-816e-1498557b7896', 'name': 'tempest-ServerAddressesNegativeTestJSON-1523214584-subnet', 'tenant_id': 'ca9a8188c6744f0daddc90019b77d5aa', 'network_id': '89303043-a5e3-40f9-9f91-a44b1dcfc4f5', 'ip_version': 4, 'subnetpool_id': None, 'enable_dhcp': True, 'ipv6_ra_mode': None, 'ipv6_address_mode': None, 'gateway_ip': '192.168.128.1', 'cidr': '192.168.128.0/28', 'allocation_pools': [{'start': '192.168.128.2', 'end': '192.168.128.14'}], 'host_routes': [], 'dns_nameservers': [], 'description': '', 'router:external': False, 'service_types': [], 'tags': [], 'created_at': '2025-04-18T10:29:22Z', 'updated_at': '2025-04-18T10:29:22Z', 'revision_number': 0, 'project_id': 'ca9a8188c6744f0daddc90019b77d5aa'}, Router: {'id': 'de036275-5b32-4225-9825-48619138ef0e', 'name': 'tempest-ServerAddressesNegativeTestJSON-1523214584-router', 'tenant_id': 'ca9a8188c6744f0daddc90019b77d5aa', 'admin_state_up': True, 'status': 'ACTIVE', 'external_gateway_info': {'network_id': '242398df-2be0-4be2-8e07-6dca54cef25e', 'external_fixed_ips': [{'subnet_id': 'a7578bc0-cf29-4ec2-a572-de7c9fa447ba', 'ip_address': '10.180.180.186'}], 'enable_snat': True}, 'description': '', 'availability_zones': [], 'distributed': False, 'ha': False, 'availability_zone_hints': [], 'routes': [], 'flavor_id': None, 'tags': [], 'created_at': '2025-04-18T10:29:23Z', 'updated_at': '2025-04-18T10:29:23Z', 'revision_number': 2, 'project_id': 'ca9a8188c6744f0daddc90019b77d5aa'}
2025-04-18 10:29:25.014 70108 INFO tempest.lib.common.rest_client [req-c2799d48-2197-410d-bb44-62c8f9cda5d0 req-c2799d48-2197-410d-bb44-62c8f9cda5d0 ] Request (AttachVolumeTestJSON:test_attach_detach_volume): 200 GET http://10.180.1.21/compute/v2.1/servers/5ad02603-ab24-4817-bfe1-9716de876685 0.112s
2025-04-18 10:29:25.058 70122 INFO tempest.lib.common.rest_client [req-9b91aee7-72eb-467a-bbe0-6fd2785d262d req-9b91aee7-72eb-467a-bbe0-6fd2785d262d ] Request (SecurityGroupsTestJSON:test_server_security_groups): 200 GET http://10.180.1.21/compute/v2.1/servers/85d25ad8-28e1-4174-9a44-592d3a767bfd 0.214s
2025-04-18 10:29:25.077 70096 INFO tempest.lib.common.rest_client [req-7d8373bd-9f42-4d4e-8ed8-3d7e2a1d4702 req-7d8373bd-9f42-4d4e-8ed8-3d7e2a1d4702 ] Request (ServerAddressesNegativeTestJSON:setUpClass): 201 POST http://10.180.1.21/identity/v3/auth/tokens 0.123s
2025-04-18 10:29:25.078 70080 INFO tempest.lib.common.rest_client [req-769930fd-1d42-4bff-9790-2d6a8ac37e79 req-769930fd-1d42-4bff-9790-2d6a8ac37e79 ] Request (ServerRescueNegativeTestJSON:setUpClass): 200 GET http://10.180.1.21/compute/v2.1/servers/2c092d2e-7646-4db7-b883-16f420d17250 0.173s
2025-04-18 10:29:25.112 70096 INFO tempest.lib.common.rest_client [req-dd05d144-ad3f-4e90-affd-387bfa6b89fa req-dd05d144-ad3f-4e90-affd-387bfa6b89fa ] Request (ServerAddressesNegativeTestJSON:setUpClass): 201 POST http://10.180.1.21/identity/v3/auth/tokens 0.032s
2025-04-18 10:29:25.113 70096 INFO tempest.lib.common.fixed_network [-] (ServerAddressesNegativeTestJSON:setUpClass) Found network {'id': '89303043-a5e3-40f9-9f91-a44b1dcfc4f5', 'name': 'tempest-ServerAddressesNegativeTestJSON-1523214584-network', 'tenant_id': 'ca9a8188c6744f0daddc90019b77d5aa', 'admin_state_up': True, 'mtu': 8950, 'status': 'ACTIVE', 'subnets': [], 'shared': False, 'project_id': 'ca9a8188c6744f0daddc90019b77d5aa', 'port_security_enabled': True, 'router:external': False, 'provider:network_type': 'vlan', 'provider:physical_network': 'default', 'provider:segmentation_id': 23, 'availability_zone_hints': [], 'availability_zones': [], 'ipv4_address_scope': None, 'ipv6_address_scope': None, 'description': '', 'tags': [], 'created_at': '2025-04-18T10:29:22Z', 'updated_at': '2025-04-18T10:29:22Z', 'revision_number': 1} available for tenant
2025-04-18 10:29:25.122 70094 INFO tempest.lib.common.rest_client [req-38ba2a89-2c71-4139-a012-17e9899ffc90 req-38ba2a89-2c71-4139-a012-17e9899ffc90 ] Request (ServersAdminTestJSON:test_inject_network_info): 200 GET http://10.180.1.21/compute/v2.1/servers/fb6c0765-2a9a-4ea9-9676-f288de23d822 0.147s
2025-04-18 10:29:25.137 70120 INFO tempest.lib.common.rest_client [req-21d5d0f2-a5e8-4a83-a51e-8dde3f71a421 req-21d5d0f2-a5e8-4a83-a51e-8dde3f71a421 ] Request (ServerActionsV293TestJSON:setUpClass): 200 GET http://10.180.1.21/compute/v2.1/servers/45fdd092-44c8-4c99-b4a6-f51a287c4069 0.079s
2025-04-18 10:29:25.184 70088 INFO tempest.lib.common.rest_client [req-23ddd11b-a3f2-4970-87aa-ed97395787f1 req-23ddd11b-a3f2-4970-87aa-ed97395787f1 ] Request (ServersTestMultiNic:test_verify_duplicate_network_nics): 200 GET http://10.180.1.21/compute/v2.1/servers/c9af6b98-3a14-4648-a6c9-75842f87755c 0.067s
2025-04-18 10:29:25.245 70102 INFO tempest.lib.common.rest_client [req-576d3b0b-5ab4-4cf9-8653-cb83d579b30e req-576d3b0b-5ab4-4cf9-8653-cb83d579b30e ] Request (VolumesAssistedSnapshotsTest:test_volume_assisted_snapshot_create_delete): 200 GET http://10.180.1.21/compute/v2.1/servers/dab255ce-923e-45eb-bd6d-0bbd34a21b7f 0.090s
2025-04-18 10:29:25.314 70116 INFO tempest.lib.common.rest_client [req-ec9ee4e0-8746-4dca-ac60-91f07c68fc5a req-ec9ee4e0-8746-4dca-ac60-91f07c68fc5a ] Request (ServerShowV257Test:test_rebuild_server): 200 GET http://10.180.1.21/compute/v2.1/servers/677e67e0-f5a4-412b-8ec8-348e690b83f2 0.081s
2025-04-18 10:29:25.361 70084 INFO tempest.lib.common.rest_client [req-daeb89ac-8c68-49c1-ac78-7fca46756c44 req-daeb89ac-8c68-49c1-ac78-7fca46756c44 ] Request (ListImageFiltersTestJSON:setUpClass): 200 GET http://10.180.1.21/compute/v2.1/images/fa5fd351-00b7-4842-8306-40a38713b230 0.095s
2025-04-18 10:29:25.510 70104 INFO tempest.lib.common.rest_client [req-2e53cdf8-5af7-4574-825c-f19e9bee939b req-2e53cdf8-5af7-4574-825c-f19e9bee939b ] Request (ServersAdminNegativeTestJSON:test_migrate_server_invalid_state): 200 GET http://10.180.1.21/compute/v2.1/servers/0e9202db-b649-45c1-82cc-da3f96a8482d 0.223s
2025-04-18 10:29:25.579 70096 INFO tempest.lib.common.rest_client [req-2e449b25-eb9d-40c1-88fd-acb0093190bc req-2e449b25-eb9d-40c1-88fd-acb0093190bc ] Request (ServerAddressesNegativeTestJSON:setUpClass): 202 POST http://10.180.1.21/compute/v2.1/servers 0.466s
2025-04-18 10:29:25.583 70082 INFO tempest.lib.common.rest_client [req-f5ec6d9a-379a-4147-921e-4463bb26b217 req-f5ec6d9a-379a-4147-921e-4463bb26b217 ] Request (ServersTestJSON:setUpClass): 200 GET http://10.180.1.21/compute/v2.1/servers/34ed9d40-479e-4f43-b127-ec4c0f2634e5 0.233s
2025-04-18 10:29:25.640 70118 INFO tempest.lib.common.rest_client [req-08ea54e4-1bda-49d3-96f6-76326680418c req-08ea54e4-1bda-49d3-96f6-76326680418c ] Request (ServerActionsTestOtherB:setUpClass): 200 GET http://10.180.1.21/compute/v2.1/servers/2c7f62bb-e2cc-4a8b-92ac-6f7b139d60ed 0.086s
2025-04-18 10:29:25.651 70096 INFO tempest.lib.common.rest_client [req-03435e00-43d9-448f-b472-129a0175d061 req-03435e00-43d9-448f-b472-129a0175d061 ] Request (ServerAddressesNegativeTestJSON:setUpClass): 200 GET http://10.180.1.21/compute/v2.1/servers/17ad9d84-0de2-4364-b34d-971ee7963835 0.068s
2025-04-18 10:29:25.708 70098 INFO tempest.lib.common.rest_client [req-94f08b87-3060-414e-aabc-62974f4d3d36 req-94f08b87-3060-414e-aabc-62974f4d3d36 ] Request (AttachInterfacesV270Test:test_create_get_list_interfaces): 200 GET http://10.180.1.21/compute/v2.1/servers/f916deca-c048-436e-82cd-cc49c9983c06 0.089s
2025-04-18 10:29:25.766 70092 INFO tempest.lib.common.rest_client [req-9d184f43-eb57-42e0-90d6-7583153259c3 req-9d184f43-eb57-42e0-90d6-7583153259c3 ] Request (MultipleCreateTestJSON:_run_cleanups): 200 GET http://10.180.1.21/compute/v2.1/servers/f49faaa0-2097-4cd5-8a6f-791dd4db53ac 0.071s
2025-04-18 10:29:25.829 70070 INFO tempest.lib.common.rest_client [req-d7b64708-083c-4c8d-ae4d-bfb821a99c72 req-d7b64708-083c-4c8d-ae4d-bfb821a99c72 ] Request (ListServerFiltersTestJSON:tearDownClass): 200 GET http://10.180.1.21/compute/v2.1/servers/3e8b5eba-84ab-40e3-8d0c-07cf1c9a72b0 0.165s
2025-04-18 10:29:25.833 70074 INFO tempest.lib.common.rest_client [req-d06f9a49-8591-42b9-ab44-e1bfbd31af51 req-d06f9a49-8591-42b9-ab44-e1bfbd31af51 ] Request (ImagesOneServerNegativeTestJSON:_run_cleanups): 200 GET http://10.180.1.21/compute/v2.1/servers/56dde5b7-8a56-4df6-85ad-d84f9c7a0757 0.113s
2025-04-18 10:29:25.890 70086 INFO tempest.lib.common.rest_client [req-8bc51a5b-9e39-49d7-b9ef-10282afda74c req-8bc51a5b-9e39-49d7-b9ef-10282afda74c ] Request (ServerPasswordTestJSON:setUpClass): 200 GET http://10.180.1.21/compute/v2.1/servers/b24c31aa-6a2e-4181-ab0b-20d3745dca1e 0.117s
2025-04-18 10:29:25.894 70072 INFO tempest.lib.common.rest_client [req-a91fb121-89b5-494b-af51-119c6e74939e req-a91fb121-89b5-494b-af51-119c6e74939e ] Request (ServersTestBootFromVolume:setUpClass): 200 GET http://10.180.1.21/compute/v2.1/servers/f886668c-02f3-4ea7-8ba3-eca7a392a8e4 0.129s
2025-04-18 10:29:25.941 70114 INFO tempest.lib.common.rest_client [req-45126804-fb63-4295-b5ff-c92247512ff4 req-45126804-fb63-4295-b5ff-c92247512ff4 ] Request (ServersTestJSON:test_create_server_with_ipv6_addr_only): 200 GET http://10.180.1.21/compute/v2.1/servers/a85b8c05-79a3-48e7-85d5-bdad0990397b 0.116s
2025-04-18 10:29:25.950 70110 INFO tempest.lib.common.rest_client [req-61ff08c2-b3f2-4843-9f89-f95c6b114317 req-61ff08c2-b3f2-4843-9f89-f95c6b114317 ] Request (ServersListShow296Test:test_list_show_update_rebuild_server_296): 200 GET http://10.180.1.21/compute/v2.1/servers/cc6b4155-289b-4b2f-b0bb-bd2c2f056695 0.119s
2025-04-18 10:29:26.000 70124 INFO tempest.lib.common.rest_client [req-b9297d55-9df3-4eb7-aace-f47713abcba0 req-b9297d55-9df3-4eb7-aace-f47713abcba0 ] Request (MigrationsAdminTest:test_resize_server_revert_deleted_flavor): 200 GET http://10.180.1.21/compute/v2.1/servers/6c7fe985-3b75-466f-b252-39a0a560d0d8 0.117s
2025-04-18 10:29:26.001 70126 INFO tempest.lib.common.rest_client [req-080ae594-bc01-4b47-a6ce-25e44c1ea583 req-080ae594-bc01-4b47-a6ce-25e44c1ea583 ] Request (InstanceActionsNegativeTestJSON:tearDownClass): 200 GET http://10.180.1.21/compute/v2.1/servers/4011ed19-c85c-405e-9ad0-8e163b03bd75 0.118s
2025-04-18 10:29:26.056 70112 INFO tempest.lib.common.rest_client [req-c112f0e9-7f31-411f-8821-5a53d849786a req-c112f0e9-7f31-411f-8821-5a53d849786a ] Request (FloatingIPsAssociationTestJSON:test_associate_already_associated_floating_ip): 200 GET http://10.180.1.21/compute/v2.1/servers/4c434dcd-fb59-4653-adbd-e5f4fd19f884 0.120s
2025-04-18 10:29:26.059 70130 INFO tempest.lib.common.rest_client [req-2dda433e-ab7d-4f9a-bfda-061c5853d9f2 req-2dda433e-ab7d-4f9a-bfda-061c5853d9f2 ] Request (AttachInterfacesUnderV243Test:test_add_remove_fixed_ip): 200 GET http://10.180.1.21/compute/v2.1/servers/6a9cc8dd-2fcd-4458-9518-86981ae7da64 0.115s
2025-04-18 10:29:26.110 70108 INFO tempest.lib.common.rest_client [req-f515f67f-7eb0-4d2b-9e9c-a7f902267c85 req-f515f67f-7eb0-4d2b-9e9c-a7f902267c85 ] Request (AttachVolumeTestJSON:test_attach_detach_volume): 200 GET http://10.180.1.21/compute/v2.1/servers/5ad02603-ab24-4817-bfe1-9716de876685 0.080s
2025-04-18 10:29:26.162 70080 INFO tempest.lib.common.rest_client [req-a0b252ad-7e35-4c7f-a452-41366da0e453 req-a0b252ad-7e35-4c7f-a452-41366da0e453 ] Request (ServerRescueNegativeTestJSON:setUpClass): 200 GET http://10.180.1.21/compute/v2.1/servers/2c092d2e-7646-4db7-b883-16f420d17250 0.075s
2025-04-18 10:29:26.192 70122 INFO tempest.lib.common.rest_client [req-89a6777f-b332-4587-a592-ed6c08f6caab req-89a6777f-b332-4587-a592-ed6c08f6caab ] Request (SecurityGroupsTestJSON:test_server_security_groups): 200 GET http://10.180.1.21/compute/v2.1/servers/85d25ad8-28e1-4174-9a44-592d3a767bfd 0.127s
2025-04-18 10:29:26.213 70094 INFO tempest.lib.common.rest_client [req-3b8e9828-4ae1-4c8a-8ba2-19b3e9abaa93 req-3b8e9828-4ae1-4c8a-8ba2-19b3e9abaa93 ] Request (ServersAdminTestJSON:test_inject_network_info): 200 GET http://10.180.1.21/compute/v2.1/servers/fb6c0765-2a9a-4ea9-9676-f288de23d822 0.073s
2025-04-18 10:29:26.255 70120 INFO tempest.lib.common.rest_client [req-bd4557aa-513d-4600-8c70-ae19b45a51f4 req-bd4557aa-513d-4600-8c70-ae19b45a51f4 ] Request (ServerActionsV293TestJSON:setUpClass): 200 GET http://10.180.1.21/compute/v2.1/servers/45fdd092-44c8-4c99-b4a6-f51a287c4069 0.103s
2025-04-18 10:29:26.259 70088 INFO tempest.lib.common.rest_client [req-d6d40afa-a830-4c10-9ec1-000c6b4d5a95 req-d6d40afa-a830-4c10-9ec1-000c6b4d5a95 ] Request (ServersTestMultiNic:test_verify_duplicate_network_nics): 200 GET http://10.180.1.21/compute/v2.1/servers/c9af6b98-3a14-4648-a6c9-75842f87755c 0.066s
2025-04-18 10:29:26.305 70102 INFO tempest.lib.common.rest_client [req-75bd9e6a-20b0-4938-bc88-a6024dae984f req-75bd9e6a-20b0-4938-bc88-a6024dae984f ] Request (VolumesAssistedSnapshotsTest:test_volume_assisted_snapshot_create_delete): 200 GET http://10.180.1.21/compute/v2.1/servers/dab255ce-923e-45eb-bd6d-0bbd34a21b7f 0.051s
2025-04-18 10:29:26.381 70116 INFO tempest.lib.common.rest_client [req-1c8c4cc0-0847-4aec-8eb5-f7294875cbec req-1c8c4cc0-0847-4aec-8eb5-f7294875cbec ] Request (ServerShowV257Test:test_rebuild_server): 200 GET http://10.180.1.21/compute/v2.1/servers/677e67e0-f5a4-412b-8ec8-348e690b83f2 0.056s
2025-04-18 10:29:26.401 70084 INFO tempest.lib.common.rest_client [req-fc52aaf6-6959-4518-9e87-545919e234b6 req-fc52aaf6-6959-4518-9e87-545919e234b6 ] Request (ListImageFiltersTestJSON:setUpClass): 200 GET http://10.180.1.21/compute/v2.1/images/fa5fd351-00b7-4842-8306-40a38713b230 0.036s
2025-04-18 10:29:26.659 70082 INFO tempest.lib.common.rest_client [req-bec0fe0d-18cf-424b-9def-46b9d0939c0f req-bec0fe0d-18cf-424b-9def-46b9d0939c0f ] Request (ServersTestJSON:setUpClass): 200 GET http://10.180.1.21/compute/v2.1/servers/34ed9d40-479e-4f43-b127-ec4c0f2634e5 0.068s
2025-04-18 10:29:26.665 70104 INFO tempest.lib.common.rest_client [req-a08897bc-1e93-45d6-90b5-d8a25eb37ec3 req-a08897bc-1e93-45d6-90b5-d8a25eb37ec3 ] Request (ServersAdminNegativeTestJSON:test_migrate_server_invalid_state): 200 GET http://10.180.1.21/compute/v2.1/servers/0e9202db-b649-45c1-82cc-da3f96a8482d 0.140s
2025-04-18 10:29:26.722 70096 INFO tempest.lib.common.rest_client [req-bf2a6b1c-ef32-4cf8-85b2-49c3674ccb59 req-bf2a6b1c-ef32-4cf8-85b2-49c3674ccb59 ] Request (ServerAddressesNegativeTestJSON:setUpClass): 200 GET http://10.180.1.21/compute/v2.1/servers/17ad9d84-0de2-4364-b34d-971ee7963835 0.064s
2025-04-18 10:29:26.724 70118 INFO tempest.lib.common.rest_client [req-f83c3be1-f0df-4e1d-a4d7-f15ece9beb5d req-f83c3be1-f0df-4e1d-a4d7-f15ece9beb5d ] Request (ServerActionsTestOtherB:setUpClass): 200 GET http://10.180.1.21/compute/v2.1/servers/2c7f62bb-e2cc-4a8b-92ac-6f7b139d60ed 0.075s
2025-04-18 10:29:26.786 70098 INFO tempest.lib.common.rest_client [req-635e6ba6-a117-4c88-88ca-80c3272afeb5 req-635e6ba6-a117-4c88-88ca-80c3272afeb5 ] Request (AttachInterfacesV270Test:test_create_get_list_interfaces): 200 GET http://10.180.1.21/compute/v2.1/servers/f916deca-c048-436e-82cd-cc49c9983c06 0.066s
2025-04-18 10:29:26.850 70092 INFO tempest.lib.common.rest_client [req-443ce127-5f71-4487-8028-9490c99efb57 req-443ce127-5f71-4487-8028-9490c99efb57 ] Request (MultipleCreateTestJSON:_run_cleanups): 200 GET http://10.180.1.21/compute/v2.1/servers/f49faaa0-2097-4cd5-8a6f-791dd4db53ac 0.077s
2025-04-18 10:29:26.895 70070 INFO tempest.lib.common.rest_client [req-bb5ad119-e13a-4b55-9a8f-26aabf152745 req-bb5ad119-e13a-4b55-9a8f-26aabf152745 ] Request (ListServerFiltersTestJSON:tearDownClass): 200 GET http://10.180.1.21/compute/v2.1/servers/3e8b5eba-84ab-40e3-8d0c-07cf1c9a72b0 0.056s
2025-04-18 10:29:26.920 70074 INFO tempest.lib.common.rest_client [req-3872c638-87c5-4c6e-9f53-48c80533fcda req-3872c638-87c5-4c6e-9f53-48c80533fcda ] Request (ImagesOneServerNegativeTestJSON:_run_cleanups): 200 GET http://10.180.1.21/compute/v2.1/servers/56dde5b7-8a56-4df6-85ad-d84f9c7a0757 0.079s
2025-04-18 10:29:26.966 70072 INFO tempest.lib.common.rest_client [req-9ed231bb-10a4-494c-9f7d-ca676c210220 req-9ed231bb-10a4-494c-9f7d-ca676c210220 ] Request (ServersTestBootFromVolume:setUpClass): 200 GET http://10.180.1.21/compute/v2.1/servers/f886668c-02f3-4ea7-8ba3-eca7a392a8e4 0.065s
2025-04-18 10:29:26.979 70086 INFO tempest.lib.common.rest_client [req-8e450889-9410-4231-9bfa-379075953664 req-8e450889-9410-4231-9bfa-379075953664 ] Request (ServerPasswordTestJSON:setUpClass): 200 GET http://10.180.1.21/compute/v2.1/servers/b24c31aa-6a2e-4181-ab0b-20d3745dca1e 0.079s
2025-04-18 10:29:26.989 70086 INFO tempest.common.waiters [-] State transition "BUILD/None" ==> "BUILD/networking" after 79 second wait
2025-04-18 10:29:27.034 70114 INFO tempest.lib.common.rest_client [req-f3ac1bc9-bbe0-4839-b428-6df41285a2d1 req-f3ac1bc9-bbe0-4839-b428-6df41285a2d1 ] Request (ServersTestJSON:test_create_server_with_ipv6_addr_only): 200 GET http://10.180.1.21/compute/v2.1/servers/a85b8c05-79a3-48e7-85d5-bdad0990397b 0.080s
2025-04-18 10:29:27.068 70110 INFO tempest.lib.common.rest_client [req-aef50b14-cfe9-4fb0-98ab-1d9b01818dbe req-aef50b14-cfe9-4fb0-98ab-1d9b01818dbe ] Request (ServersListShow296Test:test_list_show_update_rebuild_server_296): 200 GET http://10.180.1.21/compute/v2.1/servers/cc6b4155-289b-4b2f-b0bb-bd2c2f056695 0.108s
2025-04-18 10:29:27.129 70124 INFO tempest.lib.common.rest_client [req-28aa2731-255b-4178-af7a-0569a15cd174 req-28aa2731-255b-4178-af7a-0569a15cd174 ] Request (MigrationsAdminTest:test_resize_server_revert_deleted_flavor): 200 GET http://10.180.1.21/compute/v2.1/servers/6c7fe985-3b75-466f-b252-39a0a560d0d8 0.115s
2025-04-18 10:29:27.173 70112 INFO tempest.lib.common.rest_client [req-be0ad158-7337-4610-b3c0-1630c935ac96 req-be0ad158-7337-4610-b3c0-1630c935ac96 ] Request (FloatingIPsAssociationTestJSON:test_associate_already_associated_floating_ip): 200 GET http://10.180.1.21/compute/v2.1/servers/4c434dcd-fb59-4653-adbd-e5f4fd19f884 0.109s
2025-04-18 10:29:27.221 70130 INFO tempest.lib.common.rest_client [req-0bde1ac7-9a7e-4954-a85a-1513c65f28e5 req-0bde1ac7-9a7e-4954-a85a-1513c65f28e5 ] Request (AttachInterfacesUnderV243Test:test_add_remove_fixed_ip): 200 GET http://10.180.1.21/compute/v2.1/servers/6a9cc8dd-2fcd-4458-9518-86981ae7da64 0.153s
2025-04-18 10:29:27.276 70108 INFO tempest.lib.common.rest_client [req-eef33997-f73c-4d8b-8bbb-39fe76c2ab51 req-eef33997-f73c-4d8b-8bbb-39fe76c2ab51 ] Request (AttachVolumeTestJSON:test_attach_detach_volume): 200 GET http://10.180.1.21/compute/v2.1/servers/5ad02603-ab24-4817-bfe1-9716de876685 0.156s
2025-04-18 10:29:27.323 70126 INFO tempest.lib.common.rest_client [req-5145c187-2cb3-466b-a659-ab6ccb2070b3 req-5145c187-2cb3-466b-a659-ab6ccb2070b3 ] Request (InstanceActionsNegativeTestJSON:tearDownClass): 200 GET http://10.180.1.21/compute/v2.1/servers/4011ed19-c85c-405e-9ad0-8e163b03bd75 0.314s
2025-04-18 10:29:27.334 70080 INFO tempest.lib.common.rest_client [req-153700f8-c0d1-489f-a098-d30e23636f14 req-153700f8-c0d1-489f-a098-d30e23636f14 ] Request (ServerRescueNegativeTestJSON:setUpClass): 200 GET http://10.180.1.21/compute/v2.1/servers/2c092d2e-7646-4db7-b883-16f420d17250 0.163s
2025-04-18 10:29:27.392 70094 INFO tempest.lib.common.rest_client [req-8072ebd2-35dc-48e1-be70-9266fb1e533b req-8072ebd2-35dc-48e1-be70-9266fb1e533b ] Request (ServersAdminTestJSON:test_inject_network_info): 200 GET http://10.180.1.21/compute/v2.1/servers/fb6c0765-2a9a-4ea9-9676-f288de23d822 0.169s
2025-04-18 10:29:27.434 70122 INFO tempest.lib.common.rest_client [req-71e2fa57-89a4-4010-82b2-0bc1687c1aea req-71e2fa57-89a4-4010-82b2-0bc1687c1aea ] Request (SecurityGroupsTestJSON:test_server_security_groups): 200 GET http://10.180.1.21/compute/v2.1/servers/85d25ad8-28e1-4174-9a44-592d3a767bfd 0.231s
2025-04-18 10:29:27.448 70088 INFO tempest.lib.common.rest_client [req-cc57b949-00b2-47eb-bf1b-d02ff00b27e7 req-cc57b949-00b2-47eb-bf1b-d02ff00b27e7 ] Request (ServersTestMultiNic:test_verify_duplicate_network_nics): 200 GET http://10.180.1.21/compute/v2.1/servers/c9af6b98-3a14-4648-a6c9-75842f87755c 0.181s
2025-04-18 10:29:27.489 70120 INFO tempest.lib.common.rest_client [req-255009fc-7f24-494f-8e23-059564cdc7e8 req-255009fc-7f24-494f-8e23-059564cdc7e8 ] Request (ServerActionsV293TestJSON:setUpClass): 200 GET http://10.180.1.21/compute/v2.1/servers/45fdd092-44c8-4c99-b4a6-f51a287c4069 0.221s
2025-04-18 10:29:27.515 70102 INFO tempest.lib.common.rest_client [req-04145eb2-7a46-4b4e-80dc-6d20b170a4ff req-04145eb2-7a46-4b4e-80dc-6d20b170a4ff ] Request (VolumesAssistedSnapshotsTest:test_volume_assisted_snapshot_create_delete): 200 GET http://10.180.1.21/compute/v2.1/servers/dab255ce-923e-45eb-bd6d-0bbd34a21b7f 0.202s
2025-04-18 10:29:27.554 70084 INFO tempest.lib.common.rest_client [req-90c9ca6b-9d2e-4d62-bb6d-ace1102915a5 req-90c9ca6b-9d2e-4d62-bb6d-ace1102915a5 ] Request (ListImageFiltersTestJSON:setUpClass): 200 GET http://10.180.1.21/compute/v2.1/images/fa5fd351-00b7-4842-8306-40a38713b230 0.149s
2025-04-18 10:29:27.571 70116 INFO tempest.lib.common.rest_client [req-0688b5f1-8117-4432-909f-e2baeda3f78f req-0688b5f1-8117-4432-909f-e2baeda3f78f ] Request (ServerShowV257Test:test_rebuild_server): 200 GET http://10.180.1.21/compute/v2.1/servers/677e67e0-f5a4-412b-8ec8-348e690b83f2 0.179s
2025-04-18 10:29:27.742 70082 INFO tempest.lib.common.rest_client [req-44837e93-dddc-449a-8ffd-0ee349a274e2 req-44837e93-dddc-449a-8ffd-0ee349a274e2 ] Request (ServersTestJSON:setUpClass): 200 GET http://10.180.1.21/compute/v2.1/servers/34ed9d40-479e-4f43-b127-ec4c0f2634e5 0.072s
2025-04-18 10:29:27.805 70096 INFO tempest.lib.common.rest_client [req-1e7c913a-2e6b-4c65-b7df-291081543845 req-1e7c913a-2e6b-4c65-b7df-291081543845 ] Request (ServerAddressesNegativeTestJSON:setUpClass): 200 GET http://10.180.1.21/compute/v2.1/servers/17ad9d84-0de2-4364-b34d-971ee7963835 0.072s
2025-04-18 10:29:27.826 70104 INFO tempest.lib.common.rest_client [req-977a2c75-7e80-40d1-a758-ea97697c3dea req-977a2c75-7e80-40d1-a758-ea97697c3dea ] Request (ServersAdminNegativeTestJSON:test_migrate_server_invalid_state): 200 GET http://10.180.1.21/compute/v2.1/servers/0e9202db-b649-45c1-82cc-da3f96a8482d 0.153s
2025-04-18 10:29:27.855 70118 INFO tempest.lib.common.rest_client [req-a212b47c-ca01-4d3f-b660-761e380844e4 req-a212b47c-ca01-4d3f-b660-761e380844e4 ] Request (ServerActionsTestOtherB:setUpClass): 200 GET http://10.180.1.21/compute/v2.1/servers/2c7f62bb-e2cc-4a8b-92ac-6f7b139d60ed 0.116s
2025-04-18 10:29:27.888 70098 INFO tempest.lib.common.rest_client [req-cb5dcb58-d8cb-4a0f-9062-88d236b9c06c req-cb5dcb58-d8cb-4a0f-9062-88d236b9c06c ] Request (AttachInterfacesV270Test:test_create_get_list_interfaces): 200 GET http://10.180.1.21/compute/v2.1/servers/f916deca-c048-436e-82cd-cc49c9983c06 0.079s
2025-04-18 10:29:27.946 70092 INFO tempest.lib.common.rest_client [req-172b9d25-e8a2-4d32-ad91-0a401191b8b8 req-172b9d25-e8a2-4d32-ad91-0a401191b8b8 ] Request (MultipleCreateTestJSON:_run_cleanups): 200 GET http://10.180.1.21/compute/v2.1/servers/f49faaa0-2097-4cd5-8a6f-791dd4db53ac 0.087s
2025-04-18 10:29:27.972 70070 INFO tempest.lib.common.rest_client [req-449c9ae2-2921-4ca0-b6b2-638421baa558 req-449c9ae2-2921-4ca0-b6b2-638421baa558 ] Request (ListServerFiltersTestJSON:tearDownClass): 200 GET http://10.180.1.21/compute/v2.1/servers/3e8b5eba-84ab-40e3-8d0c-07cf1c9a72b0 0.068s
2025-04-18 10:29:28.012 70074 INFO tempest.lib.common.rest_client [req-3abfb93c-4f4c-44e4-8b0f-de2d6ae51bd7 req-3abfb93c-4f4c-44e4-8b0f-de2d6ae51bd7 ] Request (ImagesOneServerNegativeTestJSON:_run_cleanups): 200 GET http://10.180.1.21/compute/v2.1/servers/56dde5b7-8a56-4df6-85ad-d84f9c7a0757 0.081s
2025-04-18 10:29:28.044 70072 INFO tempest.lib.common.rest_client [req-2e5a4233-6443-4877-af3b-e6e920a4c33d req-2e5a4233-6443-4877-af3b-e6e920a4c33d ] Request (ServersTestBootFromVolume:setUpClass): 200 GET http://10.180.1.21/compute/v2.1/servers/f886668c-02f3-4ea7-8ba3-eca7a392a8e4 0.067s
2025-04-18 10:29:28.110 70114 INFO tempest.lib.common.rest_client [req-b7d74f9c-0ade-425a-bc86-2ea36daf7775 req-b7d74f9c-0ade-425a-bc86-2ea36daf7775 ] Request (ServersTestJSON:test_create_server_with_ipv6_addr_only): 200 GET http://10.180.1.21/compute/v2.1/servers/a85b8c05-79a3-48e7-85d5-bdad0990397b 0.064s
2025-04-18 10:29:28.156 70086 INFO tempest.lib.common.rest_client [req-3d790f30-f600-477e-ae2f-37e4e0f7495a req-3d790f30-f600-477e-ae2f-37e4e0f7495a ] Request (ServerPasswordTestJSON:setUpClass): 200 GET http://10.180.1.21/compute/v2.1/servers/b24c31aa-6a2e-4181-ab0b-20d3745dca1e 0.166s
2025-04-18 10:29:28.164 70086 INFO tempest.common.waiters [-] State transition "BUILD/networking" ==> "BUILD/block_device_mapping" after 81 second wait
2025-04-18 10:29:28.178 70110 INFO tempest.lib.common.rest_client [req-bdda96be-d844-462e-982a-6f31d683be53 req-bdda96be-d844-462e-982a-6f31d683be53 ] Request (ServersListShow296Test:test_list_show_update_rebuild_server_296): 200 GET http://10.180.1.21/compute/v2.1/servers/cc6b4155-289b-4b2f-b0bb-bd2c2f056695 0.093s
2025-04-18 10:29:28.215 70124 INFO tempest.lib.common.rest_client [req-9d4c8bfb-c0d5-4cb6-b643-40b5240137dd req-9d4c8bfb-c0d5-4cb6-b643-40b5240137dd ] Request (MigrationsAdminTest:test_resize_server_revert_deleted_flavor): 200 GET http://10.180.1.21/compute/v2.1/servers/6c7fe985-3b75-466f-b252-39a0a560d0d8 0.070s
2025-04-18 10:29:28.237 70112 INFO tempest.lib.common.rest_client [req-5f704b84-23cb-4969-8ce6-c2237b7ed644 req-5f704b84-23cb-4969-8ce6-c2237b7ed644 ] Request (FloatingIPsAssociationTestJSON:test_associate_already_associated_floating_ip): 200 GET http://10.180.1.21/compute/v2.1/servers/4c434dcd-fb59-4653-adbd-e5f4fd19f884 0.052s
2025-04-18 10:29:28.293 70130 INFO tempest.lib.common.rest_client [req-0402385f-0808-413e-814a-06b8de2b95fc req-0402385f-0808-413e-814a-06b8de2b95fc ] Request (AttachInterfacesUnderV243Test:test_add_remove_fixed_ip): 200 GET http://10.180.1.21/compute/v2.1/servers/6a9cc8dd-2fcd-4458-9518-86981ae7da64 0.051s
2025-04-18 10:29:28.335 70108 INFO tempest.lib.common.rest_client [req-0d2c782d-d1c7-40dc-8ea1-91691f1f5185 req-0d2c782d-d1c7-40dc-8ea1-91691f1f5185 ] Request (AttachVolumeTestJSON:test_attach_detach_volume): 200 GET http://10.180.1.21/compute/v2.1/servers/5ad02603-ab24-4817-bfe1-9716de876685 0.051s
2025-04-18 10:29:28.396 70126 INFO tempest.lib.common.rest_client [req-06a65b6f-89ed-4fc3-9ae6-49f20ff311e0 req-06a65b6f-89ed-4fc3-9ae6-49f20ff311e0 ] Request (InstanceActionsNegativeTestJSON:tearDownClass): 200 GET http://10.180.1.21/compute/v2.1/servers/4011ed19-c85c-405e-9ad0-8e163b03bd75 0.062s
2025-04-18 10:29:28.397 70080 INFO tempest.lib.common.rest_client [req-4f9b1898-7b19-4d8e-9b73-674803286092 req-4f9b1898-7b19-4d8e-9b73-674803286092 ] Request (ServerRescueNegativeTestJSON:setUpClass): 200 GET http://10.180.1.21/compute/v2.1/servers/2c092d2e-7646-4db7-b883-16f420d17250 0.052s
2025-04-18 10:29:28.456 70094 INFO tempest.lib.common.rest_client [req-f8cb187f-e088-4eb7-b47e-0d5ea35d43ed req-f8cb187f-e088-4eb7-b47e-0d5ea35d43ed ] Request (ServersAdminTestJSON:test_inject_network_info): 200 GET http://10.180.1.21/compute/v2.1/servers/fb6c0765-2a9a-4ea9-9676-f288de23d822 0.054s
2025-04-18 10:29:28.511 70088 INFO tempest.lib.common.rest_client [req-0db86151-ff9d-4633-988d-fe23d192c127 req-0db86151-ff9d-4633-988d-fe23d192c127 ] Request (ServersTestMultiNic:test_verify_duplicate_network_nics): 200 GET http://10.180.1.21/compute/v2.1/servers/c9af6b98-3a14-4648-a6c9-75842f87755c 0.054s
2025-04-18 10:29:28.572 70120 INFO tempest.lib.common.rest_client [req-9a9c86ec-1048-49d7-8908-60e80ff6ea10 req-9a9c86ec-1048-49d7-8908-60e80ff6ea10 ] Request (ServerActionsV293TestJSON:setUpClass): 200 GET http://10.180.1.21/compute/v2.1/servers/45fdd092-44c8-4c99-b4a6-f51a287c4069 0.067s
2025-04-18 10:29:28.594 70122 INFO tempest.lib.common.rest_client [req-c94fab20-d348-4a2e-840a-29e1518a04be req-c94fab20-d348-4a2e-840a-29e1518a04be ] Request (SecurityGroupsTestJSON:test_server_security_groups): 200 GET http://10.180.1.21/compute/v2.1/servers/85d25ad8-28e1-4174-9a44-592d3a767bfd 0.145s
2025-04-18 10:29:28.624 70084 INFO tempest.lib.common.rest_client [req-28385466-71b8-419f-adad-a407b27395d7 req-28385466-71b8-419f-adad-a407b27395d7 ] Request (ListImageFiltersTestJSON:setUpClass): 200 GET http://10.180.1.21/compute/v2.1/images/fa5fd351-00b7-4842-8306-40a38713b230 0.066s
2025-04-18 10:29:28.628 70102 INFO tempest.lib.common.rest_client [req-a67c4c90-8e4d-4e10-9654-ded517d2a8d7 req-a67c4c90-8e4d-4e10-9654-ded517d2a8d7 ] Request (VolumesAssistedSnapshotsTest:test_volume_assisted_snapshot_create_delete): 200 GET http://10.180.1.21/compute/v2.1/servers/dab255ce-923e-45eb-bd6d-0bbd34a21b7f 0.099s
2025-04-18 10:29:28.685 70116 INFO tempest.lib.common.rest_client [req-c11237ee-bf9c-45d7-ac47-5724771ccf6d req-c11237ee-bf9c-45d7-ac47-5724771ccf6d ] Request (ServerShowV257Test:test_rebuild_server): 200 GET http://10.180.1.21/compute/v2.1/servers/677e67e0-f5a4-412b-8ec8-348e690b83f2 0.101s
2025-04-18 10:29:28.809 70082 INFO tempest.lib.common.rest_client [req-361cb1cc-b656-4fbf-9c7d-ce7453c2f8d1 req-361cb1cc-b656-4fbf-9c7d-ce7453c2f8d1 ] Request (ServersTestJSON:setUpClass): 200 GET http://10.180.1.21/compute/v2.1/servers/34ed9d40-479e-4f43-b127-ec4c0f2634e5 0.058s
2025-04-18 10:29:28.876 70096 INFO tempest.lib.common.rest_client [req-1c5259af-a446-4eaa-a77b-1dc150e8bed4 req-1c5259af-a446-4eaa-a77b-1dc150e8bed4 ] Request (ServerAddressesNegativeTestJSON:setUpClass): 200 GET http://10.180.1.21/compute/v2.1/servers/17ad9d84-0de2-4364-b34d-971ee7963835 0.054s
2025-04-18 10:29:28.930 70118 INFO tempest.lib.common.rest_client [req-25320f8d-9dfa-407a-9dc5-4e1dcd5fca31 req-25320f8d-9dfa-407a-9dc5-4e1dcd5fca31 ] Request (ServerActionsTestOtherB:setUpClass): 200 GET http://10.180.1.21/compute/v2.1/servers/2c7f62bb-e2cc-4a8b-92ac-6f7b139d60ed 0.066s
2025-04-18 10:29:28.932 70104 INFO tempest.lib.common.rest_client [req-916e0c9a-79c3-4a66-8e34-c8d9d3f7ba0f req-916e0c9a-79c3-4a66-8e34-c8d9d3f7ba0f ] Request (ServersAdminNegativeTestJSON:test_migrate_server_invalid_state): 200 GET http://10.180.1.21/compute/v2.1/servers/0e9202db-b649-45c1-82cc-da3f96a8482d 0.095s
2025-04-18 10:29:28.939 70104 INFO tempest.common.waiters [-] State transition "BUILD/spawning" ==> "ACTIVE/None" after 86 second wait
2025-04-18 10:29:28.983 70098 INFO tempest.lib.common.rest_client [req-cba81734-c6ac-4bcf-971f-a65ec4f27f0c req-cba81734-c6ac-4bcf-971f-a65ec4f27f0c ] Request (AttachInterfacesV270Test:test_create_get_list_interfaces): 200 GET http://10.180.1.21/compute/v2.1/servers/f916deca-c048-436e-82cd-cc49c9983c06 0.083s
2025-04-18 10:29:29.030 70104 INFO tempest.lib.common.rest_client [req-0e18fb1d-55fb-493a-889a-b8181abb387a req-0e18fb1d-55fb-493a-889a-b8181abb387a ] Request (ServersAdminNegativeTestJSON:test_migrate_server_invalid_state): 202 POST http://10.180.1.21/compute/v2.1/servers/0e9202db-b649-45c1-82cc-da3f96a8482d/action 0.091s
2025-04-18 10:29:29.042 70092 INFO tempest.lib.common.rest_client [req-78550786-e471-4e41-8082-ecfd134cdc8f req-78550786-e471-4e41-8082-ecfd134cdc8f ] Request (MultipleCreateTestJSON:_run_cleanups): 200 GET http://10.180.1.21/compute/v2.1/servers/f49faaa0-2097-4cd5-8a6f-791dd4db53ac 0.087s
2025-04-18 10:29:29.090 70070 INFO tempest.lib.common.rest_client [req-287f71c9-6735-43ab-859c-1ca66f384488 req-287f71c9-6735-43ab-859c-1ca66f384488 ] Request (ListServerFiltersTestJSON:tearDownClass): 200 GET http://10.180.1.21/compute/v2.1/servers/3e8b5eba-84ab-40e3-8d0c-07cf1c9a72b0 0.104s
2025-04-18 10:29:29.097 70074 INFO tempest.lib.common.rest_client [req-52a1510b-0e72-43f8-b903-007a70c54fab req-52a1510b-0e72-43f8-b903-007a70c54fab ] Request (ImagesOneServerNegativeTestJSON:_run_cleanups): 200 GET http://10.180.1.21/compute/v2.1/servers/56dde5b7-8a56-4df6-85ad-d84f9c7a0757 0.077s
2025-04-18 10:29:29.098 70070 INFO tempest.common.waiters [-] State transition "ACTIVE/deleting" ==> "DELETED/None" after 5 second wait
2025-04-18 10:29:29.154 70072 INFO tempest.lib.common.rest_client [req-cd75f0cf-3e7e-4585-974c-47635fcf9a3f req-cd75f0cf-3e7e-4585-974c-47635fcf9a3f ] Request (ServersTestBootFromVolume:setUpClass): 200 GET http://10.180.1.21/compute/v2.1/servers/f886668c-02f3-4ea7-8ba3-eca7a392a8e4 0.097s
2025-04-18 10:29:29.208 70114 INFO tempest.lib.common.rest_client [req-a6047134-b35d-4cf4-a5b0-9d9a06e3cf3a req-a6047134-b35d-4cf4-a5b0-9d9a06e3cf3a ] Request (ServersTestJSON:test_create_server_with_ipv6_addr_only): 200 GET http://10.180.1.21/compute/v2.1/servers/a85b8c05-79a3-48e7-85d5-bdad0990397b 0.090s
2025-04-18 10:29:29.283 70104 INFO tempest.lib.common.rest_client [req-bde33768-1e55-43a8-ae58-ead7db89e2cc req-bde33768-1e55-43a8-ae58-ead7db89e2cc ] Request (ServersAdminNegativeTestJSON:test_migrate_server_invalid_state): 200 GET http://10.180.1.21/compute/v2.1/servers/0e9202db-b649-45c1-82cc-da3f96a8482d 0.252s
2025-04-18 10:29:29.327 70086 INFO tempest.lib.common.rest_client [req-46de17c5-fbd1-4c34-8a2d-89082eff4771 req-46de17c5-fbd1-4c34-8a2d-89082eff4771 ] Request (ServerPasswordTestJSON:setUpClass): 200 GET http://10.180.1.21/compute/v2.1/servers/b24c31aa-6a2e-4181-ab0b-20d3745dca1e 0.162s
2025-04-18 10:29:29.336 70086 INFO tempest.common.waiters [-] State transition "BUILD/block_device_mapping" ==> "BUILD/spawning" after 82 second wait
2025-04-18 10:29:29.353 70110 INFO tempest.lib.common.rest_client [req-f976cbcb-f01e-437e-819e-96e83d255cf3 req-f976cbcb-f01e-437e-819e-96e83d255cf3 ] Request (ServersListShow296Test:test_list_show_update_rebuild_server_296): 200 GET http://10.180.1.21/compute/v2.1/servers/cc6b4155-289b-4b2f-b0bb-bd2c2f056695 0.163s
2025-04-18 10:29:29.387 70124 INFO tempest.lib.common.rest_client [req-2e1d888e-716e-4ef1-89c9-4c9516540d64 req-2e1d888e-716e-4ef1-89c9-4c9516540d64 ] Request (MigrationsAdminTest:test_resize_server_revert_deleted_flavor): 200 GET http://10.180.1.21/compute/v2.1/servers/6c7fe985-3b75-466f-b252-39a0a560d0d8 0.164s
2025-04-18 10:29:29.409 70112 INFO tempest.lib.common.rest_client [req-8bc762ef-af23-4069-ac29-ef0be060f9f3 req-8bc762ef-af23-4069-ac29-ef0be060f9f3 ] Request (FloatingIPsAssociationTestJSON:test_associate_already_associated_floating_ip): 200 GET http://10.180.1.21/compute/v2.1/servers/4c434dcd-fb59-4653-adbd-e5f4fd19f884 0.164s
2025-04-18 10:29:29.445 70130 INFO tempest.lib.common.rest_client [req-2e0c3993-2557-4572-80f4-aa9dc3293d34 req-2e0c3993-2557-4572-80f4-aa9dc3293d34 ] Request (AttachInterfacesUnderV243Test:test_add_remove_fixed_ip): 200 GET http://10.180.1.21/compute/v2.1/servers/6a9cc8dd-2fcd-4458-9518-86981ae7da64 0.145s
2025-04-18 10:29:29.498 70108 INFO tempest.lib.common.rest_client [req-364fa533-9d56-4564-8cb8-5a77db3b992a req-364fa533-9d56-4564-8cb8-5a77db3b992a ] Request (AttachVolumeTestJSON:test_attach_detach_volume): 200 GET http://10.180.1.21/compute/v2.1/servers/5ad02603-ab24-4817-bfe1-9716de876685 0.155s
2025-04-18 10:29:29.515 70126 INFO tempest.lib.common.rest_client [req-94705f73-f1e1-4dd5-b88b-01210d769aee req-94705f73-f1e1-4dd5-b88b-01210d769aee ] Request (InstanceActionsNegativeTestJSON:tearDownClass): 200 GET http://10.180.1.21/compute/v2.1/servers/4011ed19-c85c-405e-9ad0-8e163b03bd75 0.110s
2025-04-18 10:29:29.554 70080 INFO tempest.lib.common.rest_client [req-8a28629f-cbff-4f35-856c-5f25caad122e req-8a28629f-cbff-4f35-856c-5f25caad122e ] Request (ServerRescueNegativeTestJSON:setUpClass): 200 GET http://10.180.1.21/compute/v2.1/servers/2c092d2e-7646-4db7-b883-16f420d17250 0.148s
2025-04-18 10:29:29.567 70094 INFO tempest.lib.common.rest_client [req-bd7af030-dbc4-4cba-b67e-288bb0d5920a req-bd7af030-dbc4-4cba-b67e-288bb0d5920a ] Request (ServersAdminTestJSON:test_inject_network_info): 200 GET http://10.180.1.21/compute/v2.1/servers/fb6c0765-2a9a-4ea9-9676-f288de23d822 0.100s
2025-04-18 10:29:29.603 70088 INFO tempest.lib.common.rest_client [req-7de0c48f-73b7-4251-b4d8-6a2311e76959 req-7de0c48f-73b7-4251-b4d8-6a2311e76959 ] Request (ServersTestMultiNic:test_verify_duplicate_network_nics): 200 GET http://10.180.1.21/compute/v2.1/servers/c9af6b98-3a14-4648-a6c9-75842f87755c 0.083s
2025-04-18 10:29:29.643 70120 INFO tempest.lib.common.rest_client [req-e248d48a-21e3-462d-a2c7-cf2e2b3ae0db req-e248d48a-21e3-462d-a2c7-cf2e2b3ae0db ] Request (ServerActionsV293TestJSON:setUpClass): 200 GET http://10.180.1.21/compute/v2.1/servers/45fdd092-44c8-4c99-b4a6-f51a287c4069 0.058s
2025-04-18 10:29:29.678 70084 INFO tempest.lib.common.rest_client [req-685dae80-4d24-4f58-848c-a99025a8087e req-685dae80-4d24-4f58-848c-a99025a8087e ] Request (ListImageFiltersTestJSON:setUpClass): 200 GET http://10.180.1.21/compute/v2.1/images/fa5fd351-00b7-4842-8306-40a38713b230 0.049s
2025-04-18 10:29:29.727 70102 INFO tempest.lib.common.rest_client [req-82601be0-8670-4819-b3f4-482569aed20a req-82601be0-8670-4819-b3f4-482569aed20a ] Request (VolumesAssistedSnapshotsTest:test_volume_assisted_snapshot_create_delete): 200 GET http://10.180.1.21/compute/v2.1/servers/dab255ce-923e-45eb-bd6d-0bbd34a21b7f 0.092s
2025-04-18 10:29:29.735 70122 INFO tempest.lib.common.rest_client [req-05991950-9753-4c46-97d6-ba643478eb39 req-05991950-9753-4c46-97d6-ba643478eb39 ] Request (SecurityGroupsTestJSON:test_server_security_groups): 200 GET http://10.180.1.21/compute/v2.1/servers/85d25ad8-28e1-4174-9a44-592d3a767bfd 0.132s
2025-04-18 10:29:29.781 70116 INFO tempest.lib.common.rest_client [req-56a69724-f805-42c8-aaf3-6e79527bfd62 req-56a69724-f805-42c8-aaf3-6e79527bfd62 ] Request (ServerShowV257Test:test_rebuild_server): 200 GET http://10.180.1.21/compute/v2.1/servers/677e67e0-f5a4-412b-8ec8-348e690b83f2 0.086s
2025-04-18 10:29:29.868 70082 INFO tempest.lib.common.rest_client [req-612a5ee3-0f69-4c8e-a7ea-e156981db735 req-612a5ee3-0f69-4c8e-a7ea-e156981db735 ] Request (ServersTestJSON:setUpClass): 200 GET http://10.180.1.21/compute/v2.1/servers/34ed9d40-479e-4f43-b127-ec4c0f2634e5 0.052s
2025-04-18 10:29:29.876 70082 INFO tempest.common.waiters [-] State transition "BUILD/None" ==> "BUILD/networking" after 78 second wait
2025-04-18 10:29:29.942 70096 INFO tempest.lib.common.rest_client [req-fc5b09e5-1e91-41bd-a362-d897dce7d80d req-fc5b09e5-1e91-41bd-a362-d897dce7d80d ] Request (ServerAddressesNegativeTestJSON:setUpClass): 200 GET http://10.180.1.21/compute/v2.1/servers/17ad9d84-0de2-4364-b34d-971ee7963835 0.057s
2025-04-18 10:29:29.994 70118 INFO tempest.lib.common.rest_client [req-7a7b739f-43d1-4da1-927e-6ffde1502811 req-7a7b739f-43d1-4da1-927e-6ffde1502811 ] Request (ServerActionsTestOtherB:setUpClass): 200 GET http://10.180.1.21/compute/v2.1/servers/2c7f62bb-e2cc-4a8b-92ac-6f7b139d60ed 0.055s
2025-04-18 10:29:30.052 70098 INFO tempest.lib.common.rest_client [req-ea7f30fd-49a2-4954-8c33-ad3c33ce4f44 req-ea7f30fd-49a2-4954-8c33-ad3c33ce4f44 ] Request (AttachInterfacesV270Test:test_create_get_list_interfaces): 200 GET http://10.180.1.21/compute/v2.1/servers/f916deca-c048-436e-82cd-cc49c9983c06 0.059s
2025-04-18 10:29:30.115 70092 INFO tempest.lib.common.rest_client [req-1ea0e73f-945d-4b7c-8210-9008fcfe6a83 req-1ea0e73f-945d-4b7c-8210-9008fcfe6a83 ] Request (MultipleCreateTestJSON:_run_cleanups): 200 GET http://10.180.1.21/compute/v2.1/servers/f49faaa0-2097-4cd5-8a6f-791dd4db53ac 0.065s
2025-04-18 10:29:30.172 70070 INFO tempest.lib.common.rest_client [req-52cc5711-16e1-4fc4-829f-849ed1acf29e req-52cc5711-16e1-4fc4-829f-849ed1acf29e ] Request (ListServerFiltersTestJSON:tearDownClass): 200 GET http://10.180.1.21/compute/v2.1/servers/3e8b5eba-84ab-40e3-8d0c-07cf1c9a72b0 0.072s
2025-04-18 10:29:30.174 70074 INFO tempest.lib.common.rest_client [req-575c5839-dc00-464c-8292-9590c0000572 req-575c5839-dc00-464c-8292-9590c0000572 ] Request (ImagesOneServerNegativeTestJSON:_run_cleanups): 200 GET http://10.180.1.21/compute/v2.1/servers/56dde5b7-8a56-4df6-85ad-d84f9c7a0757 0.069s
2025-04-18 10:29:30.234 70072 INFO tempest.lib.common.rest_client [req-de0de492-7a78-4d8f-92e7-6a2fa82d0fdb req-de0de492-7a78-4d8f-92e7-6a2fa82d0fdb ] Request (ServersTestBootFromVolume:setUpClass): 200 GET http://10.180.1.21/compute/v2.1/servers/f886668c-02f3-4ea7-8ba3-eca7a392a8e4 0.070s
2025-04-18 10:29:30.241 70072 INFO tempest.common.waiters [-] State transition "BUILD/scheduling" ==> "BUILD/None" after 68 second wait
2025-04-18 10:29:30.283 70114 INFO tempest.lib.common.rest_client [req-1f00065c-bd5c-44ad-9d84-72bdb6011370 req-1f00065c-bd5c-44ad-9d84-72bdb6011370 ] Request (ServersTestJSON:test_create_server_with_ipv6_addr_only): 200 GET http://10.180.1.21/compute/v2.1/servers/a85b8c05-79a3-48e7-85d5-bdad0990397b 0.066s
2025-04-18 10:29:30.430 70086 INFO tempest.lib.common.rest_client [req-4af1827f-90fd-4b7e-8f50-4f6804b1f14b req-4af1827f-90fd-4b7e-8f50-4f6804b1f14b ] Request (ServerPasswordTestJSON:setUpClass): 200 GET http://10.180.1.21/compute/v2.1/servers/b24c31aa-6a2e-4181-ab0b-20d3745dca1e 0.094s
2025-04-18 10:29:30.454 70104 INFO tempest.lib.common.rest_client [req-fa35ab78-a6cb-4707-9785-276e6d445270 req-fa35ab78-a6cb-4707-9785-276e6d445270 ] Request (ServersAdminNegativeTestJSON:test_migrate_server_invalid_state): 200 GET http://10.180.1.21/compute/v2.1/servers/0e9202db-b649-45c1-82cc-da3f96a8482d 0.163s
2025-04-18 10:29:30.498 70110 INFO tempest.lib.common.rest_client [req-4347080a-ad8b-4d5d-ae45-cd94a95fdc2b req-4347080a-ad8b-4d5d-ae45-cd94a95fdc2b ] Request (ServersListShow296Test:test_list_show_update_rebuild_server_296): 200 GET http://10.180.1.21/compute/v2.1/servers/cc6b4155-289b-4b2f-b0bb-bd2c2f056695 0.133s
2025-04-18 10:29:30.509 70124 INFO tempest.lib.common.rest_client [req-5085b65f-23e8-4e4e-ae5b-3ab85e141609 req-5085b65f-23e8-4e4e-ae5b-3ab85e141609 ] Request (MigrationsAdminTest:test_resize_server_revert_deleted_flavor): 200 GET http://10.180.1.21/compute/v2.1/servers/6c7fe985-3b75-466f-b252-39a0a560d0d8 0.112s
2025-04-18 10:29:30.514 70110 INFO tempest.common.waiters [-] State transition "REBUILD/rebuild_spawning" ==> "ACTIVE/None" after 10 second wait
2025-04-18 10:29:30.559 70112 INFO tempest.lib.common.rest_client [req-ddef5515-9638-4bf8-a62c-425950e59ac2 req-ddef5515-9638-4bf8-a62c-425950e59ac2 ] Request (FloatingIPsAssociationTestJSON:test_associate_already_associated_floating_ip): 200 GET http://10.180.1.21/compute/v2.1/servers/4c434dcd-fb59-4653-adbd-e5f4fd19f884 0.139s
2025-04-18 10:29:30.562 70130 INFO tempest.lib.common.rest_client [req-91e9ef0d-072c-40a9-9809-1d4bdca007e8 req-91e9ef0d-072c-40a9-9809-1d4bdca007e8 ] Request (AttachInterfacesUnderV243Test:test_add_remove_fixed_ip): 200 GET http://10.180.1.21/compute/v2.1/servers/6a9cc8dd-2fcd-4458-9518-86981ae7da64 0.107s
2025-04-18 10:29:30.617 70108 INFO tempest.lib.common.rest_client [req-44b4883d-3024-40b5-b502-a9660bba1536 req-44b4883d-3024-40b5-b502-a9660bba1536 ] Request (AttachVolumeTestJSON:test_attach_detach_volume): 200 GET http://10.180.1.21/compute/v2.1/servers/5ad02603-ab24-4817-bfe1-9716de876685 0.110s
2025-04-18 10:29:30.638 70110 INFO tempest.lib.common.rest_client [req-75ffaf52-9c85-42c8-a755-7a731f8caa0a req-75ffaf52-9c85-42c8-a755-7a731f8caa0a ] Request (ServersListShow296Test:tearDownClass): 204 DELETE http://10.180.1.21/compute/v2.1/servers/cc6b4155-289b-4b2f-b0bb-bd2c2f056695 0.123s
2025-04-18 10:29:30.685 70126 INFO tempest.lib.common.rest_client [req-774a903b-8545-4329-b399-f72131d9576f req-774a903b-8545-4329-b399-f72131d9576f ] Request (InstanceActionsNegativeTestJSON:tearDownClass): 200 GET http://10.180.1.21/compute/v2.1/servers/4011ed19-c85c-405e-9ad0-8e163b03bd75 0.162s
2025-04-18 10:29:30.687 70080 INFO tempest.lib.common.rest_client [req-e445f33b-0b4a-42c6-b0a0-8e0f2e842c55 req-e445f33b-0b4a-42c6-b0a0-8e0f2e842c55 ] Request (ServerRescueNegativeTestJSON:setUpClass): 200 GET http://10.180.1.21/compute/v2.1/servers/2c092d2e-7646-4db7-b883-16f420d17250 0.124s
2025-04-18 10:29:30.737 70088 INFO tempest.lib.common.rest_client [req-00271267-dd22-40f7-a934-a74f31e84e21 req-00271267-dd22-40f7-a934-a74f31e84e21 ] Request (ServersTestMultiNic:test_verify_duplicate_network_nics): 200 GET http://10.180.1.21/compute/v2.1/servers/c9af6b98-3a14-4648-a6c9-75842f87755c 0.125s
2025-04-18 10:29:30.748 70094 INFO tempest.lib.common.rest_client [req-47f4ea68-ccaa-464f-8957-64e4f3730e8a req-47f4ea68-ccaa-464f-8957-64e4f3730e8a ] Request (ServersAdminTestJSON:test_inject_network_info): 200 GET http://10.180.1.21/compute/v2.1/servers/fb6c0765-2a9a-4ea9-9676-f288de23d822 0.170s
2025-04-18 10:29:30.793 70110 INFO tempest.lib.common.rest_client [req-75da0016-7057-4ca0-84a4-3f4078c049cb req-75da0016-7057-4ca0-84a4-3f4078c049cb ] Request (ServersListShow296Test:tearDownClass): 200 GET http://10.180.1.21/compute/v2.1/servers/cc6b4155-289b-4b2f-b0bb-bd2c2f056695 0.155s
2025-04-18 10:29:30.800 70120 INFO tempest.lib.common.rest_client [req-98478ef0-fcc9-4b28-9379-ad4278a015f9 req-98478ef0-fcc9-4b28-9379-ad4278a015f9 ] Request (ServerActionsV293TestJSON:setUpClass): 200 GET http://10.180.1.21/compute/v2.1/servers/45fdd092-44c8-4c99-b4a6-f51a287c4069 0.146s
2025-04-18 10:29:30.827 70084 INFO tempest.lib.common.rest_client [req-3c7370a1-caca-49a8-af81-9e3e298d7bf7 req-3c7370a1-caca-49a8-af81-9e3e298d7bf7 ] Request (ListImageFiltersTestJSON:setUpClass): 200 GET http://10.180.1.21/compute/v2.1/images/fa5fd351-00b7-4842-8306-40a38713b230 0.145s
2025-04-18 10:29:30.850 70102 INFO tempest.lib.common.rest_client [req-a050bcbc-5846-40ce-a227-cd7ef263a6df req-a050bcbc-5846-40ce-a227-cd7ef263a6df ] Request (VolumesAssistedSnapshotsTest:test_volume_assisted_snapshot_create_delete): 200 GET http://10.180.1.21/compute/v2.1/servers/dab255ce-923e-45eb-bd6d-0bbd34a21b7f 0.116s
2025-04-18 10:29:30.901 70116 INFO tempest.lib.common.rest_client [req-79e939de-dd21-4836-9528-1253fa9d1935 req-79e939de-dd21-4836-9528-1253fa9d1935 ] Request (ServerShowV257Test:test_rebuild_server): 200 GET http://10.180.1.21/compute/v2.1/servers/677e67e0-f5a4-412b-8ec8-348e690b83f2 0.111s
2025-04-18 10:29:30.902 70107 WARNING tempest.lib.common.ssh [-] Failed to establish authenticated ssh connection to cirros@10.180.180.168 ([Errno None] Unable to connect to port 22 on 10.180.180.168). Number attempts: 3. Retry after 4 seconds.: paramiko.ssh_exception.NoValidConnectionsError: [Errno None] Unable to connect to port 22 on 10.180.180.168
2025-04-18 10:29:30.934 70122 INFO tempest.lib.common.rest_client [req-ab029de4-5809-49d9-b3a4-1139c288b56b req-ab029de4-5809-49d9-b3a4-1139c288b56b ] Request (SecurityGroupsTestJSON:test_server_security_groups): 200 GET http://10.180.1.21/compute/v2.1/servers/85d25ad8-28e1-4174-9a44-592d3a767bfd 0.191s
2025-04-18 10:29:31.005 70096 INFO tempest.lib.common.rest_client [req-f2c31efb-a4ef-44e9-b257-8f6dcf89bee8 req-f2c31efb-a4ef-44e9-b257-8f6dcf89bee8 ] Request (ServerAddressesNegativeTestJSON:setUpClass): 200 GET http://10.180.1.21/compute/v2.1/servers/17ad9d84-0de2-4364-b34d-971ee7963835 0.054s
2025-04-18 10:29:31.057 70118 INFO tempest.lib.common.rest_client [req-f88c36c3-d24b-4d5f-9f18-c10fe947e75d req-f88c36c3-d24b-4d5f-9f18-c10fe947e75d ] Request (ServerActionsTestOtherB:setUpClass): 200 GET http://10.180.1.21/compute/v2.1/servers/2c7f62bb-e2cc-4a8b-92ac-6f7b139d60ed 0.053s
2025-04-18 10:29:31.128 70098 INFO tempest.lib.common.rest_client [req-c2c4bd3f-35b3-437a-91cd-70d5bac57c49 req-c2c4bd3f-35b3-437a-91cd-70d5bac57c49 ] Request (AttachInterfacesV270Test:test_create_get_list_interfaces): 200 GET http://10.180.1.21/compute/v2.1/servers/f916deca-c048-436e-82cd-cc49c9983c06 0.064s
2025-04-18 10:29:31.188 70092 INFO tempest.lib.common.rest_client [req-05d2ff6b-cfa5-496a-8ec6-b7b415185f48 req-05d2ff6b-cfa5-496a-8ec6-b7b415185f48 ] Request (MultipleCreateTestJSON:_run_cleanups): 200 GET http://10.180.1.21/compute/v2.1/servers/f49faaa0-2097-4cd5-8a6f-791dd4db53ac 0.059s
2025-04-18 10:29:31.244 70070 INFO tempest.lib.common.rest_client [req-8fe04b63-ee54-4749-b509-2eb5eff236f6 req-8fe04b63-ee54-4749-b509-2eb5eff236f6 ] Request (ListServerFiltersTestJSON:tearDownClass): 200 GET http://10.180.1.21/compute/v2.1/servers/3e8b5eba-84ab-40e3-8d0c-07cf1c9a72b0 0.065s
2025-04-18 10:29:31.251 70082 INFO tempest.lib.common.rest_client [req-e36f50ec-3517-4c04-980f-81fb251063fb req-e36f50ec-3517-4c04-980f-81fb251063fb ] Request (ServersTestJSON:setUpClass): 200 GET http://10.180.1.21/compute/v2.1/servers/34ed9d40-479e-4f43-b127-ec4c0f2634e5 0.373s
2025-04-18 10:29:31.258 70082 INFO tempest.common.waiters [-] State transition "BUILD/networking" ==> "BUILD/block_device_mapping" after 80 second wait
