2025-04-28 09:55:26.258 69604 INFO tempest.lib.common.rest_client [req-2714f227-f708-4af6-ba03-cd8f64d23557 req-2714f227-f708-4af6-ba03-cd8f64d23557 ] Request (ServerShowV254Test:test_rebuild_server): 200 GET http://10.180.1.21/compute/v2.1/servers/fdce3cf5-0d76-44bb-8550-bbec4a20470e 0.092s
2025-04-28 09:55:26.268 69608 INFO tempest.lib.common.rest_client [req-7d6b6e3d-0473-4ec0-adc2-d519733001ae req-7d6b6e3d-0473-4ec0-adc2-d519733001ae ] Request (ServersTestBootFromVolume:setUpClass): 200 GET http://10.180.1.21/compute/v2.1/servers/6a9d205f-8f4f-456f-a7c5-94d25c06417b 0.046s
2025-04-28 09:55:26.308 69612 INFO tempest.lib.common.rest_client [req-dc0af296-7ce6-452a-b75c-b607001ee039 req-dc0af296-7ce6-452a-b75c-b607001ee039 ] Request (ServerMetadataTestJSON:tearDownClass): 200 GET http://10.180.1.21/compute/v2.1/servers/5df4ac74-fe92-42db-8f1c-3d4e790edffe 0.078s
2025-04-28 09:55:26.337 69596 INFO tempest.lib.common.rest_client [req-1611f0ba-7f35-40f8-9714-eec94586e801 req-1611f0ba-7f35-40f8-9714-eec94586e801 ] Request (ServerRescueTestJSONUnderV235:setUpClass): 200 GET http://10.180.1.21/compute/v2.1/servers/60ff7087-07b4-4b48-ae98-700246914516 0.050s
2025-04-28 09:55:26.394 69598 INFO tempest.lib.common.rest_client [req-49cb4ca1-b0e0-4815-a55e-be4dab29e22a req-49cb4ca1-b0e0-4815-a55e-be4dab29e22a ] Request (ServersTestMultiNic:_run_cleanups): 404 GET http://10.180.1.21/compute/v2.1/servers/18d75c35-9a2e-472b-a9b6-19b07904ffc8 0.021s
2025-04-28 09:55:26.498 69594 WARNING tempest.lib.common.ssh [-] Failed to establish authenticated ssh connection to cirros@10.180.180.198 ([Errno None] Unable to connect to port 22 on 10.180.180.198). Number attempts: 5. Retry after 6 seconds.: paramiko.ssh_exception.NoValidConnectionsError: [Errno None] Unable to connect to port 22 on 10.180.180.198
2025-04-28 09:55:26.611 69598 INFO tempest.lib.common.rest_client [req-5ce7bd22-c859-492c-9c55-c0d28231517c req-5ce7bd22-c859-492c-9c55-c0d28231517c ] Request (ServersTestMultiNic:_run_cleanups): 204 DELETE http://10.180.1.21:9696/networking/v2.0/subnets/83e8177e-9033-47ec-96fb-d0a52cce6225 0.217s
2025-04-28 09:55:26.614 69578 INFO tempest.lib.common.rest_client [req-f548baf6-dc1e-4530-a82d-08daf3adf7b6 req-f548baf6-dc1e-4530-a82d-08daf3adf7b6 ] Request (ServersAdminNegativeTestJSON:test_migrate_server_invalid_state): 200 GET http://10.180.1.21/compute/v2.1/servers/29788d3d-c393-465e-b943-cf86f8b7916f 0.065s
2025-04-28 09:55:26.663 69620 INFO tempest.lib.common.rest_client [req-bb668ab3-b105-409c-b2ee-d07fd8c21ab3 req-bb668ab3-b105-409c-b2ee-d07fd8c21ab3 ] Request (ImagesOneServerNegativeTestJSON:setUpClass): 200 GET http://10.180.1.21/compute/v2.1/servers/274354ae-834b-4bc3-ab01-3b549d9d414f 0.057s
2025-04-28 09:55:26.728 69570 INFO tempest.lib.common.rest_client [req-2af22b88-8e0c-4832-947f-cc7706d87425 req-2af22b88-8e0c-4832-947f-cc7706d87425 ] Request (AttachInterfacesUnderV243Test:_run_cleanups): 200 GET http://10.180.1.21/compute/v2.1/servers/0f6e5989-3a56-433f-a736-d067b63e326a 0.057s
2025-04-28 09:55:26.736 69602 INFO tempest.lib.common.rest_client [req-5f176c49-d3b5-466f-afb1-c50420492be0 req-5f176c49-d3b5-466f-afb1-c50420492be0 ] Request (ServerDiskConfigTestJSON:test_rebuild_server_with_manual_disk_config): 200 GET http://10.180.1.21/compute/v2.1/servers/c6cb354f-dc6d-4e7c-8641-563e266abdee 0.119s
2025-04-28 09:55:26.820 69581 WARNING tempest.lib.common.ssh [-] Failed to establish authenticated ssh connection to cirros@10.180.180.213 ([Errno None] Unable to connect to port 22 on 10.180.180.213). Number attempts: 6. Retry after 7 seconds.: paramiko.ssh_exception.NoValidConnectionsError: [Errno None] Unable to connect to port 22 on 10.180.180.213
2025-04-28 09:55:26.827 69606 INFO tempest.lib.common.rest_client [req-c80012d9-9aee-4e71-9374-4d0f1bc2fece req-c80012d9-9aee-4e71-9374-4d0f1bc2fece ] Request (InstanceActionsV221TestJSON:test_get_list_deleted_instance_actions): 200 GET http://10.180.1.21/compute/v2.1/servers/8817abab-561b-4d70-a6b9-bd89eb6f22e2 0.101s
2025-04-28 09:55:26.887 69590 INFO tempest.lib.common.rest_client [req-0953ef91-7dc7-457f-82a4-aaaa3eb7ae97 req-0953ef91-7dc7-457f-82a4-aaaa3eb7ae97 ] Request (ServerMetadataNegativeTestJSON:tearDownClass): 200 GET http://10.180.1.21/compute/v2.1/servers/2f4843df-a5c2-40f4-a7f9-a33c5f62ea64 0.084s
2025-04-28 09:55:26.939 69600 INFO tempest.lib.common.rest_client [req-511adc05-1b93-43dd-8549-f1d6780dc02f req-511adc05-1b93-43dd-8549-f1d6780dc02f ] Request (SecurityGroupsTestJSON:test_server_security_groups): 200 GET http://10.180.1.21/compute/v2.1/servers/c66e5703-cc8f-436d-87f2-8664229825e5 0.108s
2025-04-28 09:55:26.984 69588 INFO tempest.lib.common.rest_client [req-6c52629c-e5cb-49d5-8797-f94f002144c8 req-6c52629c-e5cb-49d5-8797-f94f002144c8 ] Request (DeleteServersTestJSON:test_delete_active_server): 200 GET http://10.180.1.21/compute/v2.1/servers/0cee1d30-eb9d-4174-9b1c-6d469cbd4993 0.139s
2025-04-28 09:55:27.037 69582 INFO tempest.lib.common.rest_client [req-74110f4e-5347-4d8c-8906-22cba3427f51 req-74110f4e-5347-4d8c-8906-22cba3427f51 ] Request (FloatingIPsAssociationNegativeTestJSON:tearDownClass): 200 GET http://10.180.1.21/compute/v2.1/servers/1f9216ea-191d-48a3-bc40-d9951344a576 0.128s
2025-04-28 09:55:27.042 69628 INFO tempest.lib.common.rest_client [req-21cbb533-8db2-4489-af57-fb1981d730a3 req-21cbb533-8db2-4489-af57-fb1981d730a3 ] Request (ServerActionsTestOtherA:setUpClass): 200 GET http://10.180.1.21/compute/v2.1/servers/c2bacbbc-a57b-428f-af33-c85e4416ade5 0.269s
2025-04-28 09:55:27.089 69592 INFO tempest.lib.common.rest_client [req-c1ecb6c7-9076-48e8-9eb3-174a9ebf1fe6 req-c1ecb6c7-9076-48e8-9eb3-174a9ebf1fe6 ] Request (MigrationsAdminTest:test_list_migrations_in_flavor_resize_situation): 200 GET http://10.180.1.21/compute/v2.1/servers/2eef7c55-80bb-4b40-b7a4-b7079cdbfe6d 0.173s
2025-04-28 09:55:27.094 69622 INFO tempest.lib.common.rest_client [req-3ecf6f22-4538-40ba-9467-58e03b7c90e0 req-3ecf6f22-4538-40ba-9467-58e03b7c90e0 ] Request (ImagesTestJSON:test_create_image_from_suspended_server): 200 GET http://10.180.1.21/compute/v2.1/servers/e9d32e87-6d51-4e9d-a2f5-3a6c5b5cc611 0.137s
2025-04-28 09:55:27.124 69598 INFO tempest.lib.common.rest_client [req-6b759a27-7a62-4b75-9888-671e5496219c req-6b759a27-7a62-4b75-9888-671e5496219c ] Request (ServersTestMultiNic:_run_cleanups): 204 DELETE http://10.180.1.21:9696/networking/v2.0/networks/f6019930-9ca1-42c0-ab4a-23ea00b446dd 0.512s
2025-04-28 09:55:27.137 69576 INFO tempest.lib.common.rest_client [req-99b0dbd2-5d1c-4223-878b-9f9afb822bd1 req-99b0dbd2-5d1c-4223-878b-9f9afb822bd1 ] Request (AttachVolumeNegativeTest:test_attach_attached_volume_to_different_server): 200 GET http://10.180.1.21/compute/v2.1/servers/feb97282-0da7-483c-91e2-11fa1705ca94 0.117s
2025-04-28 09:55:27.172 69630 INFO tempest.lib.common.rest_client [req-ec6c5dbd-4f89-4a3d-b62f-5c69fa28935d req-ec6c5dbd-4f89-4a3d-b62f-5c69fa28935d ] Request (DeleteServersAdminTestJSON:test_delete_server_while_in_error_state): 200 GET http://10.180.1.21/compute/v2.1/servers/1b505adf-dfe3-46a2-bd46-76059968eb7c 0.060s
2025-04-28 09:55:27.237 69572 INFO tempest.lib.common.rest_client [req-ee472c51-dcf2-49cf-8970-637325979891 req-ee472c51-dcf2-49cf-8970-637325979891 ] Request (VolumesAssistedSnapshotsTest:tearDownClass): 200 GET http://10.180.1.21/compute/v2.1/servers/79744c3c-d219-4e0b-8bf9-264247760a0e 0.062s
2025-04-28 09:55:27.245 69598 INFO tempest.lib.common.rest_client [req-9ab97324-56fe-4572-88ad-f89c2015c7c2 req-9ab97324-56fe-4572-88ad-f89c2015c7c2 ] Request (ServersTestMultiNic:_run_cleanups): 204 DELETE http://10.180.1.21:9696/networking/v2.0/subnets/67897ea8-44ee-4625-b3ba-27355b1679b3 0.120s
2025-04-28 09:55:27.293 69584 INFO tempest.lib.common.rest_client [req-0bec568a-93bf-444a-afbb-5e1e3f60a42d req-0bec568a-93bf-444a-afbb-5e1e3f60a42d ] Request (ServerDiagnosticsNegativeTest:tearDownClass): 200 GET http://10.180.1.21/compute/v2.1/servers/a546e48a-8dc7-482a-8465-7f17b9b7cfe3 0.066s
2025-04-28 09:55:27.300 69568 INFO tempest.lib.common.rest_client [req-452b4520-31e0-41be-b2ab-56ac90ffd810 req-452b4520-31e0-41be-b2ab-56ac90ffd810 ] Request (MultipleCreateTestJSON:test_multiple_create): 200 GET http://10.180.1.21/compute/v2.1/servers/ff74d8fd-f452-4e4d-8d77-c5f601352b43 0.084s
2025-04-28 09:55:27.347 69608 INFO tempest.lib.common.rest_client [req-b0a76182-e472-4a33-927d-067028721c9a req-b0a76182-e472-4a33-927d-067028721c9a ] Request (ServersTestBootFromVolume:setUpClass): 200 GET http://10.180.1.21/compute/v2.1/servers/6a9d205f-8f4f-456f-a7c5-94d25c06417b 0.072s
2025-04-28 09:55:27.354 69604 INFO tempest.lib.common.rest_client [req-da4a1186-cc88-4419-8528-ec866fbdef6e req-da4a1186-cc88-4419-8528-ec866fbdef6e ] Request (ServerShowV254Test:test_rebuild_server): 200 GET http://10.180.1.21/compute/v2.1/servers/fdce3cf5-0d76-44bb-8550-bbec4a20470e 0.082s
2025-04-28 09:55:27.401 69612 INFO tempest.lib.common.rest_client [req-2abd6311-099a-40de-8670-5c625036d313 req-2abd6311-099a-40de-8670-5c625036d313 ] Request (ServerMetadataTestJSON:tearDownClass): 200 GET http://10.180.1.21/compute/v2.1/servers/5df4ac74-fe92-42db-8f1c-3d4e790edffe 0.084s
2025-04-28 09:55:27.401 69596 INFO tempest.lib.common.rest_client [req-bdd41f73-71c6-4a05-a987-007dd80e23b0 req-bdd41f73-71c6-4a05-a987-007dd80e23b0 ] Request (ServerRescueTestJSONUnderV235:setUpClass): 200 GET http://10.180.1.21/compute/v2.1/servers/60ff7087-07b4-4b48-ae98-700246914516 0.056s
2025-04-28 09:55:27.499 69598 INFO tempest.lib.common.rest_client [req-533adf8f-8fc6-48a9-b84f-df5941935c2c req-533adf8f-8fc6-48a9-b84f-df5941935c2c ] Request (ServersTestMultiNic:_run_cleanups): 204 DELETE http://10.180.1.21:9696/networking/v2.0/networks/004c5d26-1586-4963-b1d7-6ad9896261d5 0.253s
2025-04-28 09:55:27.596 69598 INFO tempest.lib.common.rest_client [req-19d82e90-a737-44f2-8425-03667a614f15 req-19d82e90-a737-44f2-8425-03667a614f15 ] Request (ServersTestMultiNic:test_verify_multiple_nics_order): 201 POST http://10.180.1.21:9696/networking/v2.0/networks 0.095s
2025-04-28 09:55:27.683 69578 INFO tempest.lib.common.rest_client [req-1638af2a-ef0c-465f-9f94-5f57a8ce6e13 req-1638af2a-ef0c-465f-9f94-5f57a8ce6e13 ] Request (ServersAdminNegativeTestJSON:test_migrate_server_invalid_state): 200 GET http://10.180.1.21/compute/v2.1/servers/29788d3d-c393-465e-b943-cf86f8b7916f 0.060s
2025-04-28 09:55:27.727 69620 INFO tempest.lib.common.rest_client [req-38e5b606-1fff-4e69-9a67-1b4234a82c62 req-38e5b606-1fff-4e69-9a67-1b4234a82c62 ] Request (ImagesOneServerNegativeTestJSON:setUpClass): 200 GET http://10.180.1.21/compute/v2.1/servers/274354ae-834b-4bc3-ab01-3b549d9d414f 0.057s
2025-04-28 09:55:27.823 69570 INFO tempest.lib.common.rest_client [req-1569bf0d-06f0-424c-9d8d-071d25f53814 req-1569bf0d-06f0-424c-9d8d-071d25f53814 ] Request (AttachInterfacesUnderV243Test:_run_cleanups): 200 GET http://10.180.1.21/compute/v2.1/servers/0f6e5989-3a56-433f-a736-d067b63e326a 0.083s
2025-04-28 09:55:27.824 69598 INFO tempest.lib.common.rest_client [req-c2094fbc-031c-4e45-9636-d5b13bf4f3ff req-c2094fbc-031c-4e45-9636-d5b13bf4f3ff ] Request (ServersTestMultiNic:test_verify_multiple_nics_order): 201 POST http://10.180.1.21:9696/networking/v2.0/subnets 0.228s
2025-04-28 09:55:27.902 69602 INFO tempest.lib.common.rest_client [req-dfa90fc4-b048-4433-844e-64827b0f4ac6 req-dfa90fc4-b048-4433-844e-64827b0f4ac6 ] Request (ServerDiskConfigTestJSON:test_rebuild_server_with_manual_disk_config): 200 GET http://10.180.1.21/compute/v2.1/servers/c6cb354f-dc6d-4e7c-8641-563e266abdee 0.157s
2025-04-28 09:55:27.975 69598 INFO tempest.lib.common.rest_client [req-88945722-8682-4a62-9ab0-3896ac69cc32 req-88945722-8682-4a62-9ab0-3896ac69cc32 ] Request (ServersTestMultiNic:test_verify_multiple_nics_order): 201 POST http://10.180.1.21:9696/networking/v2.0/networks 0.149s
2025-04-28 09:55:27.979 69606 INFO tempest.lib.common.rest_client [req-380d2b0f-e425-4587-971b-ba55fa5e5ad5 req-380d2b0f-e425-4587-971b-ba55fa5e5ad5 ] Request (InstanceActionsV221TestJSON:test_get_list_deleted_instance_actions): 200 GET http://10.180.1.21/compute/v2.1/servers/8817abab-561b-4d70-a6b9-bd89eb6f22e2 0.143s
2025-04-28 09:55:27.990 69590 INFO tempest.lib.common.rest_client [req-95105141-1e85-4d2b-8782-3075f28b226d req-95105141-1e85-4d2b-8782-3075f28b226d ] Request (ServerMetadataNegativeTestJSON:tearDownClass): 200 GET http://10.180.1.21/compute/v2.1/servers/2f4843df-a5c2-40f4-a7f9-a33c5f62ea64 0.093s
2025-04-28 09:55:28.039 69586 WARNING tempest.lib.common.ssh [-] Failed to establish authenticated ssh connection to cirros@10.180.180.149 ([Errno None] Unable to connect to port 22 on 10.180.180.149). Number attempts: 4. Retry after 5 seconds.: paramiko.ssh_exception.NoValidConnectionsError: [Errno None] Unable to connect to port 22 on 10.180.180.149
2025-04-28 09:55:28.051 69588 INFO tempest.lib.common.rest_client [req-9ebb5b8c-5ac9-4f11-9978-fbb10b6877a6 req-9ebb5b8c-5ac9-4f11-9978-fbb10b6877a6 ] Request (DeleteServersTestJSON:test_delete_active_server): 200 GET http://10.180.1.21/compute/v2.1/servers/0cee1d30-eb9d-4174-9b1c-6d469cbd4993 0.057s
2025-04-28 09:55:28.058 69600 INFO tempest.lib.common.rest_client [req-1db891d2-2919-4434-815a-31e6f9c4aaec req-1db891d2-2919-4434-815a-31e6f9c4aaec ] Request (SecurityGroupsTestJSON:test_server_security_groups): 200 GET http://10.180.1.21/compute/v2.1/servers/c66e5703-cc8f-436d-87f2-8664229825e5 0.107s
2025-04-28 09:55:28.117 69582 INFO tempest.lib.common.rest_client [req-f2bfc429-6c51-4b6c-b12b-f30fab039c3d req-f2bfc429-6c51-4b6c-b12b-f30fab039c3d ] Request (FloatingIPsAssociationNegativeTestJSON:tearDownClass): 200 GET http://10.180.1.21/compute/v2.1/servers/1f9216ea-191d-48a3-bc40-d9951344a576 0.069s
2025-04-28 09:55:28.137 69628 INFO tempest.lib.common.rest_client [req-2526e65a-b6ce-488d-a9f4-da3da6161110 req-2526e65a-b6ce-488d-a9f4-da3da6161110 ] Request (ServerActionsTestOtherA:setUpClass): 200 GET http://10.180.1.21/compute/v2.1/servers/c2bacbbc-a57b-428f-af33-c85e4416ade5 0.078s
2025-04-28 09:55:28.171 69592 INFO tempest.lib.common.rest_client [req-226fd9c7-a877-4f00-adec-911aef456852 req-226fd9c7-a877-4f00-adec-911aef456852 ] Request (MigrationsAdminTest:test_list_migrations_in_flavor_resize_situation): 200 GET http://10.180.1.21/compute/v2.1/servers/2eef7c55-80bb-4b40-b7a4-b7079cdbfe6d 0.073s
2025-04-28 09:55:28.212 69622 INFO tempest.lib.common.rest_client [req-82baa767-8935-4b7c-94b1-8d5a9a58d131 req-82baa767-8935-4b7c-94b1-8d5a9a58d131 ] Request (ImagesTestJSON:test_create_image_from_suspended_server): 200 GET http://10.180.1.21/compute/v2.1/servers/e9d32e87-6d51-4e9d-a2f5-3a6c5b5cc611 0.109s
2025-04-28 09:55:28.235 69576 INFO tempest.lib.common.rest_client [req-733cebba-27c4-458d-921d-00372e12fbed req-733cebba-27c4-458d-921d-00372e12fbed ] Request (AttachVolumeNegativeTest:test_attach_attached_volume_to_different_server): 200 GET http://10.180.1.21/compute/v2.1/servers/feb97282-0da7-483c-91e2-11fa1705ca94 0.089s
2025-04-28 09:55:28.243 69598 INFO tempest.lib.common.rest_client [req-e2ed6bdc-afbd-49b0-895b-0a05709113bb req-e2ed6bdc-afbd-49b0-895b-0a05709113bb ] Request (ServersTestMultiNic:test_verify_multiple_nics_order): 201 POST http://10.180.1.21:9696/networking/v2.0/subnets 0.268s
2025-04-28 09:55:28.279 69630 INFO tempest.lib.common.rest_client [req-f520bfb1-4356-47f6-933e-9b40ff135ade req-f520bfb1-4356-47f6-933e-9b40ff135ade ] Request (DeleteServersAdminTestJSON:test_delete_server_while_in_error_state): 200 GET http://10.180.1.21/compute/v2.1/servers/1b505adf-dfe3-46a2-bd46-76059968eb7c 0.099s
2025-04-28 09:55:28.305 69572 INFO tempest.lib.common.rest_client [req-80de41cc-abcb-4180-a54e-070fd2121037 req-80de41cc-abcb-4180-a54e-070fd2121037 ] Request (VolumesAssistedSnapshotsTest:tearDownClass): 200 GET http://10.180.1.21/compute/v2.1/servers/79744c3c-d219-4e0b-8bf9-264247760a0e 0.060s
2025-04-28 09:55:28.313 69598 INFO tempest.lib.common.rest_client [req-eb7c6676-a710-4562-aafb-08ca20d494a4 req-eb7c6676-a710-4562-aafb-08ca20d494a4 ] Request (ServersTestMultiNic:test_verify_multiple_nics_order): 201 POST http://10.180.1.21/identity/v3/auth/tokens 0.067s
2025-04-28 09:55:28.313 69598 INFO tempest.lib.common.fixed_network [-] (ServersTestMultiNic:test_verify_multiple_nics_order) Found network {'id': '5c492de0-2149-451c-9bac-0e0d3e5423d5', 'name': 'tempest-ServersTestMultiNic-910944224-network', 'tenant_id': 'c71aba4e294c468b84df2575a88e3e8d', 'admin_state_up': True, 'mtu': 8950, 'status': 'ACTIVE', 'subnets': [], 'shared': False, 'project_id': 'c71aba4e294c468b84df2575a88e3e8d', 'port_security_enabled': True, 'router:external': False, 'provider:network_type': 'vlan', 'provider:physical_network': 'default', 'provider:segmentation_id': 571, 'availability_zone_hints': [], 'availability_zones': [], 'ipv4_address_scope': None, 'ipv6_address_scope': None, 'description': '', 'tags': [], 'created_at': '2025-04-28T09:53:37Z', 'updated_at': '2025-04-28T09:53:38Z', 'revision_number': 1} available for tenant
2025-04-28 09:55:28.360 69584 INFO tempest.lib.common.rest_client [req-be52b3e4-2c58-45d4-abf9-a2ce37b8e70d req-be52b3e4-2c58-45d4-abf9-a2ce37b8e70d ] Request (ServerDiagnosticsNegativeTest:tearDownClass): 200 GET http://10.180.1.21/compute/v2.1/servers/a546e48a-8dc7-482a-8465-7f17b9b7cfe3 0.060s
2025-04-28 09:55:28.402 69568 INFO tempest.lib.common.rest_client [req-1489307f-7038-4a48-8d50-90331fe16139 req-1489307f-7038-4a48-8d50-90331fe16139 ] Request (MultipleCreateTestJSON:test_multiple_create): 200 GET http://10.180.1.21/compute/v2.1/servers/ff74d8fd-f452-4e4d-8d77-c5f601352b43 0.094s
2025-04-28 09:55:28.456 69608 INFO tempest.lib.common.rest_client [req-68ac7ab0-c7cd-45b9-9f44-05b86904abb9 req-68ac7ab0-c7cd-45b9-9f44-05b86904abb9 ] Request (ServersTestBootFromVolume:setUpClass): 200 GET http://10.180.1.21/compute/v2.1/servers/6a9d205f-8f4f-456f-a7c5-94d25c06417b 0.099s
2025-04-28 09:55:28.507 69604 INFO tempest.lib.common.rest_client [req-bd3a2ab3-1909-47e3-9564-ec2d24665860 req-bd3a2ab3-1909-47e3-9564-ec2d24665860 ] Request (ServerShowV254Test:test_rebuild_server): 200 GET http://10.180.1.21/compute/v2.1/servers/fdce3cf5-0d76-44bb-8550-bbec4a20470e 0.144s
2025-04-28 09:55:28.535 69612 INFO tempest.lib.common.rest_client [req-c434eefa-852d-45cb-8561-bb193dde503d req-c434eefa-852d-45cb-8561-bb193dde503d ] Request (ServerMetadataTestJSON:tearDownClass): 404 GET http://10.180.1.21/compute/v2.1/servers/5df4ac74-fe92-42db-8f1c-3d4e790edffe 0.127s
2025-04-28 09:55:28.748 69598 INFO tempest.lib.common.rest_client [req-0ee6c388-d74b-4b6f-b174-f1bbbf6d5495 req-0ee6c388-d74b-4b6f-b174-f1bbbf6d5495 ] Request (ServersTestMultiNic:test_verify_multiple_nics_order): 202 POST http://10.180.1.21/compute/v2.1/servers 0.434s
2025-04-28 09:55:28.821 69578 INFO tempest.lib.common.rest_client [req-3d55aac1-7f8b-47e8-8f30-3a018993ca9b req-3d55aac1-7f8b-47e8-8f30-3a018993ca9b ] Request (ServersAdminNegativeTestJSON:test_migrate_server_invalid_state): 200 GET http://10.180.1.21/compute/v2.1/servers/29788d3d-c393-465e-b943-cf86f8b7916f 0.125s
2025-04-28 09:55:28.823 69596 INFO tempest.lib.common.rest_client [req-4373e752-15e4-4708-bed0-66d56de1f1d5 req-4373e752-15e4-4708-bed0-66d56de1f1d5 ] Request (ServerRescueTestJSONUnderV235:setUpClass): 200 GET http://10.180.1.21/compute/v2.1/servers/60ff7087-07b4-4b48-ae98-700246914516 0.411s
2025-04-28 09:55:28.874 69598 INFO tempest.lib.common.rest_client [req-74420668-8d3d-4a67-867a-759a1be2e591 req-74420668-8d3d-4a67-867a-759a1be2e591 ] Request (ServersTestMultiNic:test_verify_multiple_nics_order): 200 GET http://10.180.1.21/compute/v2.1/servers/99c1dbd9-43fd-4409-b744-89b969a148ec 0.124s
2025-04-28 09:55:28.881 69620 INFO tempest.lib.common.rest_client [req-23c8072a-94c4-4ebe-a352-820ef4edd494 req-23c8072a-94c4-4ebe-a352-820ef4edd494 ] Request (ImagesOneServerNegativeTestJSON:setUpClass): 200 GET http://10.180.1.21/compute/v2.1/servers/274354ae-834b-4bc3-ab01-3b549d9d414f 0.146s
2025-04-28 09:55:28.963 69570 INFO tempest.lib.common.rest_client [req-e895cd47-a04f-4281-9bc0-69b4160c4acd req-e895cd47-a04f-4281-9bc0-69b4160c4acd ] Request (AttachInterfacesUnderV243Test:_run_cleanups): 200 GET http://10.180.1.21/compute/v2.1/servers/0f6e5989-3a56-433f-a736-d067b63e326a 0.131s
2025-04-28 09:55:29.043 69602 INFO tempest.lib.common.rest_client [req-e80f38f9-a98f-47ca-8fd5-469952287d7c req-e80f38f9-a98f-47ca-8fd5-469952287d7c ] Request (ServerDiskConfigTestJSON:test_rebuild_server_with_manual_disk_config): 200 GET http://10.180.1.21/compute/v2.1/servers/c6cb354f-dc6d-4e7c-8641-563e266abdee 0.130s
2025-04-28 09:55:29.099 69590 INFO tempest.lib.common.rest_client [req-a1cfd7d5-bb90-4848-964a-b7fe3b3ecb19 req-a1cfd7d5-bb90-4848-964a-b7fe3b3ecb19 ] Request (ServerMetadataNegativeTestJSON:tearDownClass): 200 GET http://10.180.1.21/compute/v2.1/servers/2f4843df-a5c2-40f4-a7f9-a33c5f62ea64 0.099s
2025-04-28 09:55:29.136 69606 INFO tempest.lib.common.rest_client [req-85c8856e-e699-4b16-86c0-f5017a9c4351 req-85c8856e-e699-4b16-86c0-f5017a9c4351 ] Request (InstanceActionsV221TestJSON:test_get_list_deleted_instance_actions): 200 GET http://10.180.1.21/compute/v2.1/servers/8817abab-561b-4d70-a6b9-bd89eb6f22e2 0.147s
2025-04-28 09:55:29.151 69588 INFO tempest.lib.common.rest_client [req-49c3707b-b000-4617-bab0-3233bf5c23a3 req-49c3707b-b000-4617-bab0-3233bf5c23a3 ] Request (DeleteServersTestJSON:test_delete_active_server): 200 GET http://10.180.1.21/compute/v2.1/servers/0cee1d30-eb9d-4174-9b1c-6d469cbd4993 0.091s
2025-04-28 09:55:29.199 69600 INFO tempest.lib.common.rest_client [req-8f3b93fe-4c85-440c-be1a-a2b0597aea44 req-8f3b93fe-4c85-440c-be1a-a2b0597aea44 ] Request (SecurityGroupsTestJSON:test_server_security_groups): 200 GET http://10.180.1.21/compute/v2.1/servers/c66e5703-cc8f-436d-87f2-8664229825e5 0.126s
2025-04-28 09:55:29.213 69582 INFO tempest.lib.common.rest_client [req-324d2ee7-8904-4090-baf3-8d3ef7cca381 req-324d2ee7-8904-4090-baf3-8d3ef7cca381 ] Request (FloatingIPsAssociationNegativeTestJSON:tearDownClass): 200 GET http://10.180.1.21/compute/v2.1/servers/1f9216ea-191d-48a3-bc40-d9951344a576 0.087s
2025-04-28 09:55:29.255 69628 INFO tempest.lib.common.rest_client [req-de405a78-976e-41db-a96f-38f301997f90 req-de405a78-976e-41db-a96f-38f301997f90 ] Request (ServerActionsTestOtherA:setUpClass): 200 GET http://10.180.1.21/compute/v2.1/servers/c2bacbbc-a57b-428f-af33-c85e4416ade5 0.111s
2025-04-28 09:55:29.266 69592 INFO tempest.lib.common.rest_client [req-3b193f4a-a7e0-449c-aa44-9ef9833d033d req-3b193f4a-a7e0-449c-aa44-9ef9833d033d ] Request (MigrationsAdminTest:test_list_migrations_in_flavor_resize_situation): 200 GET http://10.180.1.21/compute/v2.1/servers/2eef7c55-80bb-4b40-b7a4-b7079cdbfe6d 0.085s
2025-04-28 09:55:29.315 69622 INFO tempest.lib.common.rest_client [req-a5e678a4-b9bd-4955-a962-e1b0edfe9eff req-a5e678a4-b9bd-4955-a962-e1b0edfe9eff ] Request (ImagesTestJSON:test_create_image_from_suspended_server): 200 GET http://10.180.1.21/compute/v2.1/servers/e9d32e87-6d51-4e9d-a2f5-3a6c5b5cc611 0.095s
2025-04-28 09:55:29.325 69576 INFO tempest.lib.common.rest_client [req-febb49a0-98b5-4085-a959-5b327d874efc req-febb49a0-98b5-4085-a959-5b327d874efc ] Request (AttachVolumeNegativeTest:test_attach_attached_volume_to_different_server): 200 GET http://10.180.1.21/compute/v2.1/servers/feb97282-0da7-483c-91e2-11fa1705ca94 0.082s
2025-04-28 09:55:29.370 69630 INFO tempest.lib.common.rest_client [req-ce486a6d-2de6-4029-a625-d4bd3c9286b6 req-ce486a6d-2de6-4029-a625-d4bd3c9286b6 ] Request (DeleteServersAdminTestJSON:test_delete_server_while_in_error_state): 200 GET http://10.180.1.21/compute/v2.1/servers/1b505adf-dfe3-46a2-bd46-76059968eb7c 0.083s
2025-04-28 09:55:29.387 69572 INFO tempest.lib.common.rest_client [req-41d6adc4-3dd6-44a6-b108-90fa80892779 req-41d6adc4-3dd6-44a6-b108-90fa80892779 ] Request (VolumesAssistedSnapshotsTest:tearDownClass): 200 GET http://10.180.1.21/compute/v2.1/servers/79744c3c-d219-4e0b-8bf9-264247760a0e 0.075s
2025-04-28 09:55:29.438 69584 INFO tempest.lib.common.rest_client [req-1c2091f6-356e-4b8a-b971-4d84735f2e1b req-1c2091f6-356e-4b8a-b971-4d84735f2e1b ] Request (ServerDiagnosticsNegativeTest:tearDownClass): 200 GET http://10.180.1.21/compute/v2.1/servers/a546e48a-8dc7-482a-8465-7f17b9b7cfe3 0.070s
2025-04-28 09:55:29.521 69568 INFO tempest.lib.common.rest_client [req-f101144d-0a48-4420-bbef-48cd8330dd84 req-f101144d-0a48-4420-bbef-48cd8330dd84 ] Request (MultipleCreateTestJSON:test_multiple_create): 200 GET http://10.180.1.21/compute/v2.1/servers/ff74d8fd-f452-4e4d-8d77-c5f601352b43 0.108s
2025-04-28 09:55:29.525 69608 INFO tempest.lib.common.rest_client [req-c0626275-1082-4868-bb2f-75625df9eadf req-c0626275-1082-4868-bb2f-75625df9eadf ] Request (ServersTestBootFromVolume:setUpClass): 200 GET http://10.180.1.21/compute/v2.1/servers/6a9d205f-8f4f-456f-a7c5-94d25c06417b 0.062s
2025-04-28 09:55:29.534 69568 INFO tempest.common.waiters [-] State transition "BUILD/spawning" ==> "ACTIVE/None" after 7 second wait
2025-04-28 09:55:29.575 69604 INFO tempest.lib.common.rest_client [req-e6ab0881-739d-4391-ba46-88cb36e1027e req-e6ab0881-739d-4391-ba46-88cb36e1027e ] Request (ServerShowV254Test:test_rebuild_server): 200 GET http://10.180.1.21/compute/v2.1/servers/fdce3cf5-0d76-44bb-8550-bbec4a20470e 0.054s
2025-04-28 09:55:29.608 69568 INFO tempest.lib.common.rest_client [req-b7362cfe-db6f-4180-b3e0-af5ca4ed3b83 req-b7362cfe-db6f-4180-b3e0-af5ca4ed3b83 ] Request (MultipleCreateTestJSON:_run_cleanups): 204 DELETE http://10.180.1.21/compute/v2.1/servers/ff74d8fd-f452-4e4d-8d77-c5f601352b43 0.074s
2025-04-28 09:55:29.641 69612 INFO tempest.lib.common.rest_client [req-a3cd89f6-9b1e-48c9-916c-817e2ff92b31 req-a3cd89f6-9b1e-48c9-916c-817e2ff92b31 ] Request (ServerMetadataTestJSON:tearDownClass): 200 PUT http://10.180.1.21:9696/networking/v2.0/routers/dd31fd6e-995a-45c0-9b2d-f8047f03f770/remove_router_interface 1.105s
2025-04-28 09:55:29.682 69568 INFO tempest.lib.common.rest_client [req-ab61aa22-5d8b-47ea-818a-79c5855bbcd5 req-ab61aa22-5d8b-47ea-818a-79c5855bbcd5 ] Request (MultipleCreateTestJSON:_run_cleanups): 204 DELETE http://10.180.1.21/compute/v2.1/servers/49488ff2-0d08-4cb6-9f10-d527398a2fae 0.073s
2025-04-28 09:55:29.807 69568 INFO tempest.lib.common.rest_client [req-8b0d1c44-8666-4024-920a-50788f8f9250 req-8b0d1c44-8666-4024-920a-50788f8f9250 ] Request (MultipleCreateTestJSON:_run_cleanups): 200 GET http://10.180.1.21/compute/v2.1/servers/ff74d8fd-f452-4e4d-8d77-c5f601352b43 0.125s
2025-04-28 09:55:29.899 69596 INFO tempest.lib.common.rest_client [req-087a818a-b15c-467c-807c-1bc2fde8685c req-087a818a-b15c-467c-807c-1bc2fde8685c ] Request (ServerRescueTestJSONUnderV235:setUpClass): 200 GET http://10.180.1.21/compute/v2.1/servers/60ff7087-07b4-4b48-ae98-700246914516 0.066s
2025-04-28 09:55:29.902 69578 INFO tempest.lib.common.rest_client [req-2a35129a-5256-4db2-bd3a-1a275ef09b46 req-2a35129a-5256-4db2-bd3a-1a275ef09b46 ] Request (ServersAdminNegativeTestJSON:test_migrate_server_invalid_state): 200 GET http://10.180.1.21/compute/v2.1/servers/29788d3d-c393-465e-b943-cf86f8b7916f 0.070s
2025-04-28 09:55:29.952 69598 INFO tempest.lib.common.rest_client [req-2e89193f-2bdf-46d3-907a-2dcecaf5f6ab req-2e89193f-2bdf-46d3-907a-2dcecaf5f6ab ] Request (ServersTestMultiNic:test_verify_multiple_nics_order): 200 GET http://10.180.1.21/compute/v2.1/servers/99c1dbd9-43fd-4409-b744-89b969a148ec 0.065s
2025-04-28 09:55:29.964 69620 INFO tempest.lib.common.rest_client [req-1d970c35-5928-411f-861e-05b2b20ce46e req-1d970c35-5928-411f-861e-05b2b20ce46e ] Request (ImagesOneServerNegativeTestJSON:setUpClass): 200 GET http://10.180.1.21/compute/v2.1/servers/274354ae-834b-4bc3-ab01-3b549d9d414f 0.072s
2025-04-28 09:55:30.033 69570 INFO tempest.lib.common.rest_client [req-78c7a30d-df28-4030-ab6d-fde9bfad4e5c req-78c7a30d-df28-4030-ab6d-fde9bfad4e5c ] Request (AttachInterfacesUnderV243Test:_run_cleanups): 200 GET http://10.180.1.21/compute/v2.1/servers/0f6e5989-3a56-433f-a736-d067b63e326a 0.063s
2025-04-28 09:55:30.050 69612 INFO tempest.lib.common.rest_client [req-e202eb37-9d84-42bc-b40c-8af3eae5abd7 req-e202eb37-9d84-42bc-b40c-8af3eae5abd7 ] Request (ServerMetadataTestJSON:tearDownClass): 204 DELETE http://10.180.1.21:9696/networking/v2.0/routers/dd31fd6e-995a-45c0-9b2d-f8047f03f770 0.408s
2025-04-28 09:55:30.172 69590 INFO tempest.lib.common.rest_client [req-b10877cc-b39c-4006-bcba-f98e8b136073 req-b10877cc-b39c-4006-bcba-f98e8b136073 ] Request (ServerMetadataNegativeTestJSON:tearDownClass): 200 GET http://10.180.1.21/compute/v2.1/servers/2f4843df-a5c2-40f4-a7f9-a33c5f62ea64 0.064s
2025-04-28 09:55:30.175 69602 INFO tempest.lib.common.rest_client [req-ce226fcd-b4f4-4980-8d17-9c22edffb665 req-ce226fcd-b4f4-4980-8d17-9c22edffb665 ] Request (ServerDiskConfigTestJSON:test_rebuild_server_with_manual_disk_config): 200 GET http://10.180.1.21/compute/v2.1/servers/c6cb354f-dc6d-4e7c-8641-563e266abdee 0.124s
2025-04-28 09:55:30.204 69612 INFO tempest.lib.common.rest_client [req-95f44020-fc25-4d2b-83d9-cd3c20c068c1 req-95f44020-fc25-4d2b-83d9-cd3c20c068c1 ] Request (ServerMetadataTestJSON:tearDownClass): 204 DELETE http://10.180.1.21:9696/networking/v2.0/subnets/c89d6181-c701-487d-ac04-c8d443a9ea26 0.153s
2025-04-28 09:55:30.237 69588 INFO tempest.lib.common.rest_client [req-7411f0d3-4339-40da-8f06-34dd00dd47c4 req-7411f0d3-4339-40da-8f06-34dd00dd47c4 ] Request (DeleteServersTestJSON:test_delete_active_server): 200 GET http://10.180.1.21/compute/v2.1/servers/0cee1d30-eb9d-4174-9b1c-6d469cbd4993 0.078s
2025-04-28 09:55:30.244 69588 INFO tempest.common.waiters [-] State transition "BUILD/scheduling" ==> "BUILD/None" after 27 second wait
2025-04-28 09:55:30.278 69626 WARNING tempest.lib.common.ssh [-] Failed to establish authenticated ssh connection to cirros@10.180.180.202 ([Errno None] Unable to connect to port 22 on 10.180.180.202). Number attempts: 5. Retry after 6 seconds.: paramiko.ssh_exception.NoValidConnectionsError: [Errno None] Unable to connect to port 22 on 10.180.180.202
2025-04-28 09:55:30.301 69600 INFO tempest.lib.common.rest_client [req-b97241f5-6bef-4415-b9be-f9c96d4ff669 req-b97241f5-6bef-4415-b9be-f9c96d4ff669 ] Request (SecurityGroupsTestJSON:test_server_security_groups): 200 GET http://10.180.1.21/compute/v2.1/servers/c66e5703-cc8f-436d-87f2-8664229825e5 0.094s
2025-04-28 09:55:30.363 69582 INFO tempest.lib.common.rest_client [req-3a6402d5-eced-46e3-8006-9c3156aebd6f req-3a6402d5-eced-46e3-8006-9c3156aebd6f ] Request (FloatingIPsAssociationNegativeTestJSON:tearDownClass): 200 GET http://10.180.1.21/compute/v2.1/servers/1f9216ea-191d-48a3-bc40-d9951344a576 0.141s
2025-04-28 09:55:30.376 69606 INFO tempest.lib.common.rest_client [req-5b032559-1698-4781-b43d-6ccdbf539cfa req-5b032559-1698-4781-b43d-6ccdbf539cfa ] Request (InstanceActionsV221TestJSON:test_get_list_deleted_instance_actions): 200 GET http://10.180.1.21/compute/v2.1/servers/8817abab-561b-4d70-a6b9-bd89eb6f22e2 0.229s
2025-04-28 09:55:30.413 69628 INFO tempest.lib.common.rest_client [req-b5f0d2f6-f97a-4e47-86ce-4d89f4ecd743 req-b5f0d2f6-f97a-4e47-86ce-4d89f4ecd743 ] Request (ServerActionsTestOtherA:setUpClass): 200 GET http://10.180.1.21/compute/v2.1/servers/c2bacbbc-a57b-428f-af33-c85e4416ade5 0.146s
2025-04-28 09:55:30.429 69592 INFO tempest.lib.common.rest_client [req-80e21bce-5904-4ade-b841-b0407357e776 req-80e21bce-5904-4ade-b841-b0407357e776 ] Request (MigrationsAdminTest:test_list_migrations_in_flavor_resize_situation): 200 GET http://10.180.1.21/compute/v2.1/servers/2eef7c55-80bb-4b40-b7a4-b7079cdbfe6d 0.154s
2025-04-28 09:55:30.472 69622 INFO tempest.lib.common.rest_client [req-d777815b-4ec5-4f9c-895e-57f4ebf898cd req-d777815b-4ec5-4f9c-895e-57f4ebf898cd ] Request (ImagesTestJSON:test_create_image_from_suspended_server): 200 GET http://10.180.1.21/compute/v2.1/servers/e9d32e87-6d51-4e9d-a2f5-3a6c5b5cc611 0.148s
2025-04-28 09:55:30.488 69576 INFO tempest.lib.common.rest_client [req-ec647225-3e5b-4f5a-a198-dde5cc79c81d req-ec647225-3e5b-4f5a-a198-dde5cc79c81d ] Request (AttachVolumeNegativeTest:test_attach_attached_volume_to_different_server): 200 GET http://10.180.1.21/compute/v2.1/servers/feb97282-0da7-483c-91e2-11fa1705ca94 0.152s
2025-04-28 09:55:30.546 69630 INFO tempest.lib.common.rest_client [req-94c95e23-c0b3-4f4c-80d7-4a54febaf1e4 req-94c95e23-c0b3-4f4c-80d7-4a54febaf1e4 ] Request (DeleteServersAdminTestJSON:test_delete_server_while_in_error_state): 200 GET http://10.180.1.21/compute/v2.1/servers/1b505adf-dfe3-46a2-bd46-76059968eb7c 0.167s
2025-04-28 09:55:30.555 69572 INFO tempest.lib.common.rest_client [req-26941e0a-40ac-49fc-b8b5-25ae7b64393f req-26941e0a-40ac-49fc-b8b5-25ae7b64393f ] Request (VolumesAssistedSnapshotsTest:tearDownClass): 200 GET http://10.180.1.21/compute/v2.1/servers/79744c3c-d219-4e0b-8bf9-264247760a0e 0.161s
2025-04-28 09:55:30.569 69612 INFO tempest.lib.common.rest_client [req-af8696f1-46bb-4a84-b4d3-0119a6da56d1 req-af8696f1-46bb-4a84-b4d3-0119a6da56d1 ] Request (ServerMetadataTestJSON:tearDownClass): 204 DELETE http://10.180.1.21:9696/networking/v2.0/networks/3e25887f-609d-4c27-97c1-4d9fd2d61bcf 0.364s
2025-04-28 09:55:30.600 69584 INFO tempest.lib.common.rest_client [req-3a45c80e-838b-46dd-ace7-f92a144b890f req-3a45c80e-838b-46dd-ace7-f92a144b890f ] Request (ServerDiagnosticsNegativeTest:tearDownClass): 200 GET http://10.180.1.21/compute/v2.1/servers/a546e48a-8dc7-482a-8465-7f17b9b7cfe3 0.154s
2025-04-28 09:55:30.613 69608 INFO tempest.lib.common.rest_client [req-c9ba70b4-701f-48f2-ad6f-632ea1fda210 req-c9ba70b4-701f-48f2-ad6f-632ea1fda210 ] Request (ServersTestBootFromVolume:setUpClass): 200 GET http://10.180.1.21/compute/v2.1/servers/6a9d205f-8f4f-456f-a7c5-94d25c06417b 0.077s
2025-04-28 09:55:30.655 69604 INFO tempest.lib.common.rest_client [req-621ce18d-82b6-4442-bc3c-7f39a37b1ade req-621ce18d-82b6-4442-bc3c-7f39a37b1ade ] Request (ServerShowV254Test:test_rebuild_server): 200 GET http://10.180.1.21/compute/v2.1/servers/fdce3cf5-0d76-44bb-8550-bbec4a20470e 0.069s
2025-04-28 09:55:30.661 69612 INFO tempest.lib.common.rest_client [req-276f585f-5641-419d-aabb-7c6922ec77d4 req-276f585f-5641-419d-aabb-7c6922ec77d4 ] Request (ServerMetadataTestJSON:tearDownClass): 204 DELETE http://10.180.1.21/identity/v3/users/3605b37f07344f3a90532590dac408eb 0.092s
2025-04-28 09:55:30.661 69612 INFO tempest.lib.common.dynamic_creds [-] Deleting project and security group for project: 384977b6d32344d98db9975be151f682
2025-04-28 09:55:30.689 69612 INFO tempest.lib.common.rest_client [req-c075ce73-79fb-40e6-abed-c3d94cd3adf0 req-c075ce73-79fb-40e6-abed-c3d94cd3adf0 ] Request (ServerMetadataTestJSON:tearDownClass): 200 GET http://10.180.1.21:9696/networking/v2.0/security-groups?tenant_id=384977b6d32344d98db9975be151f682&name=default 0.027s
2025-04-28 09:55:30.778 69612 INFO tempest.lib.common.rest_client [req-7edc9e9e-000e-4b70-a879-edcb50ea381f req-7edc9e9e-000e-4b70-a879-edcb50ea381f ] Request (ServerMetadataTestJSON:tearDownClass): 204 DELETE http://10.180.1.21:9696/networking/v2.0/security-groups/e71d6db8-4f25-4a5a-809e-35864f4d8ecb 0.089s
2025-04-28 09:55:30.900 69612 INFO tempest.lib.common.rest_client [req-83885aee-fa55-496e-9deb-91a0708f9459 req-83885aee-fa55-496e-9deb-91a0708f9459 ] Request (ServerMetadataTestJSON:tearDownClass): 204 DELETE http://10.180.1.21/identity/v3/projects/384977b6d32344d98db9975be151f682 0.121s
2025-04-28 09:55:30.966 69612 INFO tempest.lib.common.rest_client [req-c1c73c49-e196-488d-9803-1dd3607df5b9 req-c1c73c49-e196-488d-9803-1dd3607df5b9 ] Request (ServerShowV247Test:setUpClass): 201 POST http://10.180.1.21/identity/v3/auth/tokens 0.064s
2025-04-28 09:55:30.977 69596 INFO tempest.lib.common.rest_client [req-33b22c49-7368-4952-ba4d-75cbec40037e req-33b22c49-7368-4952-ba4d-75cbec40037e ] Request (ServerRescueTestJSONUnderV235:setUpClass): 200 GET http://10.180.1.21/compute/v2.1/servers/60ff7087-07b4-4b48-ae98-700246914516 0.069s
2025-04-28 09:55:30.984 69568 INFO tempest.lib.common.rest_client [req-1fa692d8-9717-40a3-b169-31a21dcd6a4f req-1fa692d8-9717-40a3-b169-31a21dcd6a4f ] Request (MultipleCreateTestJSON:_run_cleanups): 200 GET http://10.180.1.21/compute/v2.1/servers/ff74d8fd-f452-4e4d-8d77-c5f601352b43 0.167s
2025-04-28 09:55:31.008 69612 INFO tempest.lib.common.rest_client [req-94c9a919-0efd-4e7b-ab5f-839c5bf0c132 req-94c9a919-0efd-4e7b-ab5f-839c5bf0c132 ] Request (ServerShowV247Test:setUpClass): 201 POST http://10.180.1.21/identity/v3/auth/tokens 0.039s
2025-04-28 09:55:31.036 69612 INFO tempest.lib.common.rest_client [req-42f9ed2f-909a-4f43-ae8e-2c50cf3559a3 req-42f9ed2f-909a-4f43-ae8e-2c50cf3559a3 ] Request (ServerShowV247Test:setUpClass): 200 GET http://10.180.1.21/identity/v3/domains?name=Default 0.027s
2025-04-28 09:55:31.038 69598 INFO tempest.lib.common.rest_client [req-ea93f656-f6d6-4e62-b77f-efc49c98fda0 req-ea93f656-f6d6-4e62-b77f-efc49c98fda0 ] Request (ServersTestMultiNic:test_verify_multiple_nics_order): 200 GET http://10.180.1.21/compute/v2.1/servers/99c1dbd9-43fd-4409-b744-89b969a148ec 0.076s
2025-04-28 09:55:31.080 69612 INFO tempest.lib.common.rest_client [req-d9eba566-0b88-49f3-9201-92d0921edb59 req-d9eba566-0b88-49f3-9201-92d0921edb59 ] Request (ServerShowV247Test:setUpClass): 201 POST http://10.180.1.21/identity/v3/projects 0.043s
2025-04-28 09:55:31.094 69620 INFO tempest.lib.common.rest_client [req-bdefceab-4a6a-4821-ad82-3da65db44f59 req-bdefceab-4a6a-4821-ad82-3da65db44f59 ] Request (ImagesOneServerNegativeTestJSON:setUpClass): 200 GET http://10.180.1.21/compute/v2.1/servers/274354ae-834b-4bc3-ab01-3b549d9d414f 0.120s
2025-04-28 09:55:31.111 69578 INFO tempest.lib.common.rest_client [req-f80dd340-0b10-43a5-8efb-8bf25806073f req-f80dd340-0b10-43a5-8efb-8bf25806073f ] Request (ServersAdminNegativeTestJSON:test_migrate_server_invalid_state): 200 GET http://10.180.1.21/compute/v2.1/servers/29788d3d-c393-465e-b943-cf86f8b7916f 0.192s
2025-04-28 09:55:31.119 69578 INFO tempest.common.waiters [-] State transition "BUILD/None" ==> "BUILD/networking" after 59 second wait
2025-04-28 09:55:31.142 69612 INFO tempest.lib.common.rest_client [req-19513683-c51e-46ac-9f23-e57ea00898ad req-19513683-c51e-46ac-9f23-e57ea00898ad ] Request (ServerShowV247Test:setUpClass): 201 POST http://10.180.1.21/identity/v3/users 0.062s
2025-04-28 09:55:31.162 69570 INFO tempest.lib.common.rest_client [req-26bae6e8-7826-4bff-bf4f-bd8c8170e85a req-26bae6e8-7826-4bff-bf4f-bd8c8170e85a ] Request (AttachInterfacesUnderV243Test:_run_cleanups): 200 GET http://10.180.1.21/compute/v2.1/servers/0f6e5989-3a56-433f-a736-d067b63e326a 0.116s
2025-04-28 09:55:31.166 69612 INFO tempest.lib.common.rest_client [req-1dec95e2-102d-4bbe-8c46-aac7dd5e1faf req-1dec95e2-102d-4bbe-8c46-aac7dd5e1faf ] Request (ServerShowV247Test:setUpClass): 200 GET http://10.180.1.21/identity/v3/roles 0.024s
2025-04-28 09:55:31.195 69612 INFO tempest.lib.common.rest_client [req-d062facd-9b94-409d-9fa5-205743d5dc4f req-d062facd-9b94-409d-9fa5-205743d5dc4f ] Request (ServerShowV247Test:setUpClass): 204 PUT http://10.180.1.21/identity/v3/projects/762bf1dbab944a42ba7586d993b2a3c8/users/7ebc7ae6315444b69b24e584d32fb72e/roles/0c1d038779984079a873a9394f7c0ec3 0.028s
2025-04-28 09:55:31.196 69612 INFO tempest.lib.common.dynamic_creds [-] Dynamic test user 7ebc7ae6315444b69b24e584d32fb72e is created with scope project and roles: ['member']
2025-04-28 09:55:31.196 69612 INFO tempest.lib.common.dynamic_creds [-] Acquired dynamic creds: credentials: Credentials: {'domain_id': 'default', 'domain_name': 'Default', 'username': 'tempest-ServerShowV247Test-1415799522-project-member', 'project_domain_id': 'default', 'project_domain_name': 'Default', 'project_id': '762bf1dbab944a42ba7586d993b2a3c8', 'project_name': 'tempest-ServerShowV247Test-1415799522', 'tenant_id': '762bf1dbab944a42ba7586d993b2a3c8', 'tenant_name': 'tempest-ServerShowV247Test-1415799522', 'user_domain_id': 'default', 'user_domain_name': 'Default', 'user_id': '7ebc7ae6315444b69b24e584d32fb72e', 'system': None}, Network: None, Subnet: None, Router: None
2025-04-28 09:55:31.196 69612 INFO tempest.lib.common.dynamic_creds [-] Created isolated network resources for: credentials: Credentials: {'domain_id': 'default', 'domain_name': 'Default', 'username': 'tempest-ServerShowV247Test-1415799522-project-member', 'project_domain_id': 'default', 'project_domain_name': 'Default', 'project_id': '762bf1dbab944a42ba7586d993b2a3c8', 'project_name': 'tempest-ServerShowV247Test-1415799522', 'tenant_id': '762bf1dbab944a42ba7586d993b2a3c8', 'tenant_name': 'tempest-ServerShowV247Test-1415799522', 'user_domain_id': 'default', 'user_domain_name': 'Default', 'user_id': '7ebc7ae6315444b69b24e584d32fb72e', 'system': None}, Network: None, Subnet: None, Router: None
2025-04-28 09:55:31.264 69590 INFO tempest.lib.common.rest_client [req-96b24a04-e7c4-4535-813f-aa55b0fafd23 req-96b24a04-e7c4-4535-813f-aa55b0fafd23 ] Request (ServerMetadataNegativeTestJSON:tearDownClass): 200 GET http://10.180.1.21/compute/v2.1/servers/2f4843df-a5c2-40f4-a7f9-a33c5f62ea64 0.078s
2025-04-28 09:55:31.282 69612 INFO tempest.lib.common.rest_client [req-93cb96fc-66e0-4b9e-95bf-bcabd3eb333e req-93cb96fc-66e0-4b9e-95bf-bcabd3eb333e ] Request (ServerShowV247Test:setUpClass): 201 POST http://10.180.1.21/identity/v3/auth/tokens 0.081s
2025-04-28 09:55:31.308 69602 INFO tempest.lib.common.rest_client [req-67590476-5af0-40d8-b912-470db0396949 req-67590476-5af0-40d8-b912-470db0396949 ] Request (ServerDiskConfigTestJSON:test_rebuild_server_with_manual_disk_config): 200 GET http://10.180.1.21/compute/v2.1/servers/c6cb354f-dc6d-4e7c-8641-563e266abdee 0.121s
2025-04-28 09:55:31.326 69588 INFO tempest.lib.common.rest_client [req-13740ab4-2b95-4866-82e5-acb2916f766e req-13740ab4-2b95-4866-82e5-acb2916f766e ] Request (DeleteServersTestJSON:test_delete_active_server): 200 GET http://10.180.1.21/compute/v2.1/servers/0cee1d30-eb9d-4174-9b1c-6d469cbd4993 0.080s
2025-04-28 09:55:31.329 69612 INFO tempest.lib.common.rest_client [req-d6e2414a-5cb0-473d-bad5-b8c5863e15fa req-d6e2414a-5cb0-473d-bad5-b8c5863e15fa ] Request (ServerShowV247Test:setUpClass): 200 GET http://10.180.1.21/identity/v3/projects/762bf1dbab944a42ba7586d993b2a3c8 0.047s
2025-04-28 09:55:31.329 69612 INFO tempest.lib.common.dynamic_creds [-] Using the existing project 762bf1dbab944a42ba7586d993b2a3c8 for scope project and roles: ['reader']
2025-04-28 09:55:31.359 69612 INFO tempest.lib.common.rest_client [req-e233d0e3-89bb-40b9-96e6-f92fd810bb9e req-e233d0e3-89bb-40b9-96e6-f92fd810bb9e ] Request (ServerShowV247Test:setUpClass): 201 POST http://10.180.1.21/identity/v3/users 0.029s
2025-04-28 09:55:31.365 69600 INFO tempest.lib.common.rest_client [req-c132a8c4-0043-4b03-99d0-346341bcbb5d req-c132a8c4-0043-4b03-99d0-346341bcbb5d ] Request (SecurityGroupsTestJSON:test_server_security_groups): 200 GET http://10.180.1.21/compute/v2.1/servers/c66e5703-cc8f-436d-87f2-8664229825e5 0.051s
2025-04-28 09:55:31.382 69612 INFO tempest.lib.common.rest_client [req-0898b27b-e78c-4746-8677-9182e327cdce req-0898b27b-e78c-4746-8677-9182e327cdce ] Request (ServerShowV247Test:setUpClass): 200 GET http://10.180.1.21/identity/v3/roles 0.023s
2025-04-28 09:55:31.415 69612 INFO tempest.lib.common.rest_client [req-96c12a1a-7261-4c05-bd0c-64718415e450 req-96c12a1a-7261-4c05-bd0c-64718415e450 ] Request (ServerShowV247Test:setUpClass): 204 PUT http://10.180.1.21/identity/v3/projects/762bf1dbab944a42ba7586d993b2a3c8/users/ac85d75b2a074fcc997b414fe36c687b/roles/7b013254ac904b0a860d25a1e7c8df95 0.032s
2025-04-28 09:55:31.415 69612 INFO tempest.lib.common.dynamic_creds [-] Dynamic test user ac85d75b2a074fcc997b414fe36c687b is created with scope project and roles: ['reader']
2025-04-28 09:55:31.415 69612 INFO tempest.lib.common.dynamic_creds [-] Acquired dynamic creds: credentials: Credentials: {'domain_id': 'default', 'domain_name': 'Default', 'username': 'tempest-ServerShowV247Test-1415799522-project-reader', 'project_domain_id': 'default', 'project_domain_name': 'Default', 'project_id': '762bf1dbab944a42ba7586d993b2a3c8', 'project_name': 'tempest-ServerShowV247Test-1415799522', 'tenant_id': '762bf1dbab944a42ba7586d993b2a3c8', 'tenant_name': 'tempest-ServerShowV247Test-1415799522', 'user_domain_id': 'default', 'user_domain_name': 'Default', 'user_id': 'ac85d75b2a074fcc997b414fe36c687b', 'system': None}, Network: None, Subnet: None, Router: None
2025-04-28 09:55:31.416 69612 INFO tempest.lib.common.dynamic_creds [-] Network resources are not created for requested scope: project and credentials: Credentials: {'domain_id': 'default', 'domain_name': 'Default', 'username': 'tempest-ServerShowV247Test-1415799522-project-reader', 'project_domain_id': 'default', 'project_domain_name': 'Default', 'project_id': '762bf1dbab944a42ba7586d993b2a3c8', 'project_name': 'tempest-ServerShowV247Test-1415799522', 'tenant_id': '762bf1dbab944a42ba7586d993b2a3c8', 'tenant_name': 'tempest-ServerShowV247Test-1415799522', 'user_domain_id': 'default', 'user_domain_name': 'Default', 'user_id': 'ac85d75b2a074fcc997b414fe36c687b', 'system': None}, Network: None, Subnet: None, Router: None
2025-04-28 09:55:31.445 69582 INFO tempest.lib.common.rest_client [req-a68ecb88-1518-4e70-a433-ff74b2762f13 req-a68ecb88-1518-4e70-a433-ff74b2762f13 ] Request (FloatingIPsAssociationNegativeTestJSON:tearDownClass): 200 GET http://10.180.1.21/compute/v2.1/servers/1f9216ea-191d-48a3-bc40-d9951344a576 0.069s
2025-04-28 09:55:31.482 69606 INFO tempest.lib.common.rest_client [req-02499772-4ced-42a2-98a5-8ba4f8ee66c8 req-02499772-4ced-42a2-98a5-8ba4f8ee66c8 ] Request (InstanceActionsV221TestJSON:test_get_list_deleted_instance_actions): 200 GET http://10.180.1.21/compute/v2.1/servers/8817abab-561b-4d70-a6b9-bd89eb6f22e2 0.095s
2025-04-28 09:55:31.496 69628 INFO tempest.lib.common.rest_client [req-26827de0-ad66-405b-9ca6-c2d054670ca5 req-26827de0-ad66-405b-9ca6-c2d054670ca5 ] Request (ServerActionsTestOtherA:setUpClass): 200 GET http://10.180.1.21/compute/v2.1/servers/c2bacbbc-a57b-428f-af33-c85e4416ade5 0.067s
2025-04-28 09:55:31.503 69612 INFO tempest.lib.common.rest_client [req-85b855ff-bfd0-4ce5-8040-644ace416483 req-85b855ff-bfd0-4ce5-8040-644ace416483 ] Request (ServerShowV247Test:setUpClass): 201 POST http://10.180.1.21/identity/v3/auth/tokens 0.080s
2025-04-28 09:55:31.533 69592 INFO tempest.lib.common.rest_client [req-50aab722-82a5-4691-af5a-3c4c4981de68 req-50aab722-82a5-4691-af5a-3c4c4981de68 ] Request (MigrationsAdminTest:test_list_migrations_in_flavor_resize_situation): 200 GET http://10.180.1.21/compute/v2.1/servers/2eef7c55-80bb-4b40-b7a4-b7079cdbfe6d 0.088s
2025-04-28 09:55:31.546 69622 INFO tempest.lib.common.rest_client [req-d81cde72-74c8-496d-88f9-4d79cb5c2176 req-d81cde72-74c8-496d-88f9-4d79cb5c2176 ] Request (ImagesTestJSON:test_create_image_from_suspended_server): 200 GET http://10.180.1.21/compute/v2.1/servers/e9d32e87-6d51-4e9d-a2f5-3a6c5b5cc611 0.062s
2025-04-28 09:55:31.560 69612 INFO tempest.lib.common.rest_client [req-75606732-80ac-4834-9962-e3792c748469 req-75606732-80ac-4834-9962-e3792c748469 ] Request (ServerShowV247Test:test_show_server): 201 POST http://10.180.1.21/identity/v3/auth/tokens 0.054s
2025-04-28 09:55:31.560 69612 INFO tempest.lib.common.fixed_network [-] (ServerShowV247Test:test_show_server) Found network None available for tenant
2025-04-28 09:55:31.590 69576 INFO tempest.lib.common.rest_client [req-c1346b27-7408-48fc-a0b7-fe168b346995 req-c1346b27-7408-48fc-a0b7-fe168b346995 ] Request (AttachVolumeNegativeTest:test_attach_attached_volume_to_different_server): 200 GET http://10.180.1.21/compute/v2.1/servers/feb97282-0da7-483c-91e2-11fa1705ca94 0.095s
2025-04-28 09:55:31.626 69630 INFO tempest.lib.common.rest_client [req-28f2f5b9-0606-462e-8567-6c31afbc5758 req-28f2f5b9-0606-462e-8567-6c31afbc5758 ] Request (DeleteServersAdminTestJSON:test_delete_server_while_in_error_state): 200 GET http://10.180.1.21/compute/v2.1/servers/1b505adf-dfe3-46a2-bd46-76059968eb7c 0.067s
2025-04-28 09:55:31.692 69572 INFO tempest.lib.common.rest_client [req-8bbf7b27-e963-4e88-8574-c1d98484fbdc req-8bbf7b27-e963-4e88-8574-c1d98484fbdc ] Request (VolumesAssistedSnapshotsTest:tearDownClass): 200 GET http://10.180.1.21/compute/v2.1/servers/79744c3c-d219-4e0b-8bf9-264247760a0e 0.122s
2025-04-28 09:55:31.758 69584 INFO tempest.lib.common.rest_client [req-ab2ac025-5feb-49b6-b413-65c6703944b8 req-ab2ac025-5feb-49b6-b413-65c6703944b8 ] Request (ServerDiagnosticsNegativeTest:tearDownClass): 200 GET http://10.180.1.21/compute/v2.1/servers/a546e48a-8dc7-482a-8465-7f17b9b7cfe3 0.137s
2025-04-28 09:55:31.788 69612 INFO tempest.lib.common.rest_client [req-bcebd0e6-6a0b-4212-99f6-a6e0e9fabd4e req-bcebd0e6-6a0b-4212-99f6-a6e0e9fabd4e ] Request (ServerShowV247Test:test_show_server): 202 POST http://10.180.1.21/compute/v2.1/servers 0.227s
2025-04-28 09:55:31.822 69608 INFO tempest.lib.common.rest_client [req-72bd7aa6-3147-4a25-aaca-446a20c24a5b req-72bd7aa6-3147-4a25-aaca-446a20c24a5b ] Request (ServersTestBootFromVolume:setUpClass): 200 GET http://10.180.1.21/compute/v2.1/servers/6a9d205f-8f4f-456f-a7c5-94d25c06417b 0.196s
2025-04-28 09:55:31.850 69604 INFO tempest.lib.common.rest_client [req-f83f852d-eeda-4ddd-b849-9440d6a654e7 req-f83f852d-eeda-4ddd-b849-9440d6a654e7 ] Request (ServerShowV254Test:test_rebuild_server): 200 GET http://10.180.1.21/compute/v2.1/servers/fdce3cf5-0d76-44bb-8550-bbec4a20470e 0.183s
2025-04-28 09:55:31.898 69612 INFO tempest.lib.common.rest_client [req-ddb6b47c-8158-49c5-8359-a4c50f59edcb req-ddb6b47c-8158-49c5-8359-a4c50f59edcb ] Request (ServerShowV247Test:test_show_server): 200 GET http://10.180.1.21/compute/v2.1/servers/3aac0eba-9c02-43ce-84a7-838b09f4ae7b 0.108s
2025-04-28 09:55:31.952 69612 INFO tempest.lib.common.rest_client [req-beb2e7de-3e88-48bc-9c7c-5b9170c8d9c6 req-beb2e7de-3e88-48bc-9c7c-5b9170c8d9c6 ] Request (ServerShowV247Test:test_update_rebuild_list_server): 201 POST http://10.180.1.21/identity/v3/auth/tokens 0.037s
