2025-04-28 09:56:17.781 69600 INFO tempest.lib.common.rest_client [req-8c057e6a-6e7a-4caa-b538-de03e6ec08b0 req-8c057e6a-6e7a-4caa-b538-de03e6ec08b0 ] Request (SecurityGroupsTestJSON:test_server_security_groups): 200 GET http://10.180.1.21/compute/v2.1/servers/c66e5703-cc8f-436d-87f2-8664229825e5 0.100s
2025-04-28 09:56:17.785 69604 INFO tempest.lib.common.rest_client [req-76670670-b409-4a51-aec8-12238f5825a0 req-76670670-b409-4a51-aec8-12238f5825a0 ] Request (ServerShowV254Test:test_rebuild_server): 200 GET http://10.180.1.21/compute/v2.1/servers/fdce3cf5-0d76-44bb-8550-bbec4a20470e 0.093s
2025-04-28 09:56:17.796 69606 INFO tempest.lib.common.rest_client [req-8e3c4e79-bde2-4174-a3a5-f7ff253fec44 req-8e3c4e79-bde2-4174-a3a5-f7ff253fec44 ] Request (InstanceActionsV221TestJSON:tearDownClass): 204 DELETE http://10.180.1.21/identity/v3/users/d82b8022cee04edd93bb73fcab3f7d1a 0.105s
2025-04-28 09:56:17.796 69606 INFO tempest.lib.common.dynamic_creds [-] Deleting project and security group for project: 9f67d00b7bb4400290e2829d8c2b75d9
2025-04-28 09:56:17.835 69606 INFO tempest.lib.common.rest_client [req-9109b8fd-a61d-47e8-9258-d048be80d734 req-9109b8fd-a61d-47e8-9258-d048be80d734 ] Request (InstanceActionsV221TestJSON:tearDownClass): 200 GET http://10.180.1.21:9696/networking/v2.0/security-groups?tenant_id=9f67d00b7bb4400290e2829d8c2b75d9&name=default 0.039s
2025-04-28 09:56:17.840 69626 INFO tempest.lib.common.rest_client [req-569de095-4275-4390-b980-14db4ba3e361 req-569de095-4275-4390-b980-14db4ba3e361 ] Request (VolumesAdminNegativeTest:test_update_attached_volume_with_nonexistent_volume_in_uri): 200 GET http://10.180.1.21/compute/v2.1/servers/5a06a3cc-c5dd-4e97-a30b-6720f459aece 0.078s
2025-04-28 09:56:17.848 69602 INFO tempest.lib.common.rest_client [req-8ce9e0eb-ae72-49a8-ac18-49c181e205ed req-8ce9e0eb-ae72-49a8-ac18-49c181e205ed ] Request (ServerDiskConfigTestJSON:test_resize_server_from_auto_to_manual): 200 GET http://10.180.1.21/compute/v2.1/servers/da460c36-960d-4ae2-a931-313c2e79a7d5 0.105s
2025-04-28 09:56:17.898 69582 INFO tempest.lib.common.rest_client [req-1215e6dc-5202-4c5e-b455-0cadacbd504b req-1215e6dc-5202-4c5e-b455-0cadacbd504b ] Request (InstanceActionsNegativeTestJSON:setUpClass): 200 GET http://10.180.1.21/compute/v2.1/servers/b4a9d176-1c3b-4489-9ead-aa3a41e3c1ea 0.097s
2025-04-28 09:56:17.907 69572 INFO tempest.lib.common.rest_client [req-84bb4f6a-b2f1-4fc1-8c8f-3927f41f3ccf req-84bb4f6a-b2f1-4fc1-8c8f-3927f41f3ccf ] Request (ServersAdminTestJSON:setUpClass): 200 GET http://10.180.1.21/compute/v2.1/servers/855f2dac-5eec-4061-b146-63422965d5e5 0.083s
2025-04-28 09:56:17.957 69606 INFO tempest.lib.common.rest_client [req-5e30eb05-5d58-4c72-b036-4fdb761f9487 req-5e30eb05-5d58-4c72-b036-4fdb761f9487 ] Request (InstanceActionsV221TestJSON:tearDownClass): 204 DELETE http://10.180.1.21:9696/networking/v2.0/security-groups/eb733b01-e82e-41bb-b0eb-b07c73987539 0.121s
2025-04-28 09:56:18.011 69594 INFO tempest.lib.common.rest_client [req-e0f619d0-dc8f-4e2e-8bce-0e6b841da968 req-e0f619d0-dc8f-4e2e-8bce-0e6b841da968 ] Request (AttachInterfacesTestJSON:test_create_list_show_delete_interfaces_by_fixed_ip): 200 GET http://10.180.1.21/compute/v2.1/servers/64baed3e-df1d-47f8-8ee2-e7a44fc38b18/os-interface 0.144s
2025-04-28 09:56:18.080 69606 INFO tempest.lib.common.rest_client [req-a23765c5-4b89-4b9f-a9ea-5b4d3eb16d8c req-a23765c5-4b89-4b9f-a9ea-5b4d3eb16d8c ] Request (InstanceActionsV221TestJSON:tearDownClass): 204 DELETE http://10.180.1.21/identity/v3/projects/9f67d00b7bb4400290e2829d8c2b75d9 0.123s
2025-04-28 09:56:18.081 69606 INFO tempest.test [-] raised in ServerBootFromVolumeStableRescueTest.setUpClass. Invoking tearDownClass.
2025-04-28 09:56:18.322 69596 INFO tempest.lib.common.rest_client [req-6eb3513b-30bf-4d01-86cd-7bb2ec5e514d req-6eb3513b-30bf-4d01-86cd-7bb2ec5e514d ] Request (ServerRescueTestJSONUnderV235:setUpClass): 200 GET http://10.180.1.21/compute/v2.1/servers/60ff7087-07b4-4b48-ae98-700246914516 0.129s
2025-04-28 09:56:18.332 69574 INFO tempest.lib.common.rest_client [req-60fe18a9-fda6-48fa-8c4d-eebbc741d8e8 req-60fe18a9-fda6-48fa-8c4d-eebbc741d8e8 ] Request (ServersWithSpecificFlavorTestJSON:test_verify_created_server_ephemeral_disk): 200 GET http://10.180.1.21/compute/v2.1/servers/04de2a83-d1dd-4619-b623-e5cd1b9c8102 0.065s
2025-04-28 09:56:18.387 69622 INFO tempest.lib.common.rest_client [req-d66a464a-0d67-4b08-bde8-9c9e80453140 req-d66a464a-0d67-4b08-bde8-9c9e80453140 ] Request (ImagesTestJSON:test_create_server_from_snapshot): 200 GET http://10.180.1.21/compute/v2.1/servers/55c8e95b-811c-4f85-9134-6c8c880b462d 0.079s
2025-04-28 09:56:18.425 69592 INFO tempest.lib.common.rest_client [req-21ae668c-4074-4599-9025-f428dcb2be1f req-21ae668c-4074-4599-9025-f428dcb2be1f ] Request (MigrationsAdminTest:test_list_migrations_in_flavor_resize_situation): 200 GET http://10.180.1.21/compute/v2.1/servers/2eef7c55-80bb-4b40-b7a4-b7079cdbfe6d 0.156s
2025-04-28 09:56:18.440 69570 INFO tempest.lib.common.rest_client [req-1b45a4aa-92fc-4580-902a-54a01305e90a req-1b45a4aa-92fc-4580-902a-54a01305e90a ] Request (ServerActionsTestJSON:setUpClass): 200 GET http://10.180.1.21/compute/v2.1/servers/7f60ac74-14f2-49b5-98f0-417f5fb046ac 0.066s
2025-04-28 09:56:18.519 69578 INFO tempest.lib.common.rest_client [req-eb3e5fcf-8ad4-4dd3-8135-d09a1d662ace req-eb3e5fcf-8ad4-4dd3-8135-d09a1d662ace ] Request (ServersAdminNegativeTestJSON:tearDownClass): 200 GET http://10.180.1.21/compute/v2.1/servers/29788d3d-c393-465e-b943-cf86f8b7916f 0.068s
2025-04-28 09:56:18.564 69608 INFO tempest.lib.common.rest_client [req-550e6458-e39d-4479-83c3-6d08f638f5e0 req-550e6458-e39d-4479-83c3-6d08f638f5e0 ] Request (ServersTestBootFromVolume:setUpClass): 200 GET http://10.180.1.21/compute/v2.1/servers/6a9d205f-8f4f-456f-a7c5-94d25c06417b 0.122s
2025-04-28 09:56:18.569 69598 INFO tempest.lib.common.rest_client [req-12278dd5-176c-4dc0-b79f-09db79ab31a1 req-12278dd5-176c-4dc0-b79f-09db79ab31a1 ] Request (ServersTestMultiNic:test_verify_multiple_nics_order): 200 GET http://10.180.1.21/compute/v2.1/servers/99c1dbd9-43fd-4409-b744-89b969a148ec 0.063s
2025-04-28 09:56:18.628 69586 INFO tempest.lib.common.rest_client [req-7f147286-fdad-4239-a38e-b0ab3b890fef req-7f147286-fdad-4239-a38e-b0ab3b890fef ] Request (ServersV294TestFqdnHostnames:tearDownClass): 200 GET http://10.180.1.21/compute/v2.1/servers/456cb87c-c3f5-4fd9-a20b-9f54e8255b5f 0.094s
2025-04-28 09:56:18.632 69588 INFO tempest.lib.common.rest_client [req-138f8836-0da3-4d56-94f6-1d63858e8524 req-138f8836-0da3-4d56-94f6-1d63858e8524 ] Request (DeleteServersTestJSON:test_delete_active_server): 200 GET http://10.180.1.21/compute/v2.1/servers/0cee1d30-eb9d-4174-9b1c-6d469cbd4993 0.061s
2025-04-28 09:56:18.637 69586 INFO tempest.common.waiters [-] State transition "ACTIVE/deleting" ==> "DELETED/None" after 5 second wait
2025-04-28 09:56:18.683 69568 INFO tempest.lib.common.rest_client [req-1bc225d6-2d4f-4891-96e3-e971a1fec6ed req-1bc225d6-2d4f-4891-96e3-e971a1fec6ed ] Request (MultipleCreateTestJSON:test_multiple_create_with_reservation_return): 200 GET http://10.180.1.21/compute/v2.1/servers/22d698fe-9fc1-423d-8a04-e936a15c31d2 0.094s
2025-04-28 09:56:18.740 69581 INFO tempest.lib.common.rest_client [req-9679bc4b-f7f6-4886-bcc0-ebd040fd9347 req-9679bc4b-f7f6-4886-bcc0-ebd040fd9347 ] Request (ServersTestFqdnHostnames:tearDownClass): 200 GET http://10.180.1.21/compute/v2.1/servers/9e031523-93b3-43c4-a068-22baf4887e27 0.060s
2025-04-28 09:56:18.760 69620 INFO tempest.lib.common.rest_client [req-ee77b8c6-aaea-4734-9562-880a63da5dcf req-ee77b8c6-aaea-4734-9562-880a63da5dcf ] Request (ImagesOneServerNegativeTestJSON:setUpClass): 200 GET http://10.180.1.21/compute/v2.1/servers/274354ae-834b-4bc3-ab01-3b549d9d414f 0.127s
2025-04-28 09:56:18.769 69620 INFO tempest.common.waiters [-] State transition "BUILD/networking" ==> "BUILD/spawning" after 57 second wait
2025-04-28 09:56:18.795 69612 INFO tempest.lib.common.rest_client [req-be771b74-1407-4612-8fa8-e36c98f1f405 req-be771b74-1407-4612-8fa8-e36c98f1f405 ] Request (ServerShowV247Test:test_update_rebuild_list_server): 200 GET http://10.180.1.21/compute/v2.1/servers/10282b3a-8a35-496d-9768-113bbd170f79 0.097s
2025-04-28 09:56:18.811 69630 INFO tempest.lib.common.rest_client [req-317bbcf6-1d06-4644-ac8a-3671e40b60e1 req-317bbcf6-1d06-4644-ac8a-3671e40b60e1 ] Request (ImagesNegativeTestJSON:test_create_image_from_deleted_server): 200 GET http://10.180.1.21/compute/v2.1/servers/b92a40e7-0627-4ef0-96fe-e6372f068e37 0.077s
2025-04-28 09:56:18.857 69600 INFO tempest.lib.common.rest_client [req-0ef5868b-7a80-4a31-8477-41f19bd22e2a req-0ef5868b-7a80-4a31-8477-41f19bd22e2a ] Request (SecurityGroupsTestJSON:test_server_security_groups): 200 GET http://10.180.1.21/compute/v2.1/servers/c66e5703-cc8f-436d-87f2-8664229825e5 0.068s
2025-04-28 09:56:18.864 69604 INFO tempest.lib.common.rest_client [req-f3b36722-151a-4c15-b1e1-3837831711ef req-f3b36722-151a-4c15-b1e1-3837831711ef ] Request (ServerShowV254Test:test_rebuild_server): 200 GET http://10.180.1.21/compute/v2.1/servers/fdce3cf5-0d76-44bb-8550-bbec4a20470e 0.064s
2025-04-28 09:56:18.873 69604 INFO tempest.common.waiters [-] State transition "REBUILD/rebuild_spawning" ==> "ACTIVE/None" after 10 second wait
2025-04-28 09:56:18.915 69626 INFO tempest.lib.common.rest_client [req-66e0adb2-3409-445f-bb90-543cee65fb51 req-66e0adb2-3409-445f-bb90-543cee65fb51 ] Request (VolumesAdminNegativeTest:test_update_attached_volume_with_nonexistent_volume_in_uri): 200 GET http://10.180.1.21/compute/v2.1/servers/5a06a3cc-c5dd-4e97-a30b-6720f459aece 0.062s
2025-04-28 09:56:18.920 69602 INFO tempest.lib.common.rest_client [req-8a8d867f-fb74-417f-b087-ba58ca80170f req-8a8d867f-fb74-417f-b087-ba58ca80170f ] Request (ServerDiskConfigTestJSON:test_resize_server_from_auto_to_manual): 200 GET http://10.180.1.21/compute/v2.1/servers/da460c36-960d-4ae2-a931-313c2e79a7d5 0.064s
2025-04-28 09:56:18.933 69604 INFO tempest.lib.common.rest_client [req-1ec64ead-ee62-4939-adb5-af4d34504ad2 req-1ec64ead-ee62-4939-adb5-af4d34504ad2 ] Request (ServerShowV254Test:_run_cleanups): 204 DELETE http://10.180.1.21/compute/v2.1/os-keypairs/tempest-ServerShowV254Test-keypair-17430566 0.059s
2025-04-28 09:56:18.970 69582 INFO tempest.lib.common.rest_client [req-bcc26ac2-7a24-4803-85a1-8c90242c5412 req-bcc26ac2-7a24-4803-85a1-8c90242c5412 ] Request (InstanceActionsNegativeTestJSON:setUpClass): 200 GET http://10.180.1.21/compute/v2.1/servers/b4a9d176-1c3b-4489-9ead-aa3a41e3c1ea 0.063s
2025-04-28 09:56:18.990 69572 INFO tempest.lib.common.rest_client [req-8efc04a4-8919-4862-a0f6-5fead760e2e3 req-8efc04a4-8919-4862-a0f6-5fead760e2e3 ] Request (ServersAdminTestJSON:setUpClass): 200 GET http://10.180.1.21/compute/v2.1/servers/855f2dac-5eec-4061-b146-63422965d5e5 0.074s
2025-04-28 09:56:19.061 69604 INFO tempest.lib.common.rest_client [req-edad6a6f-e54e-4097-b335-776c4199c757 req-edad6a6f-e54e-4097-b335-776c4199c757 ] Request (ServerShowV254Test:tearDownClass): 204 DELETE http://10.180.1.21/compute/v2.1/servers/fdce3cf5-0d76-44bb-8550-bbec4a20470e 0.122s
2025-04-28 09:56:19.095 69594 INFO tempest.lib.common.rest_client [req-006166cf-fc8a-4633-9b62-7c81e5237813 req-006166cf-fc8a-4633-9b62-7c81e5237813 ] Request (AttachInterfacesTestJSON:test_create_list_show_delete_interfaces_by_fixed_ip): 200 GET http://10.180.1.21/compute/v2.1/servers/64baed3e-df1d-47f8-8ee2-e7a44fc38b18/os-interface 0.078s
2025-04-28 09:56:19.130 69604 INFO tempest.lib.common.rest_client [req-13455841-21c1-438b-833c-c9adc8744b16 req-13455841-21c1-438b-833c-c9adc8744b16 ] Request (ServerShowV254Test:tearDownClass): 200 GET http://10.180.1.21/compute/v2.1/servers/fdce3cf5-0d76-44bb-8550-bbec4a20470e 0.069s
2025-04-28 09:56:19.362 69576 WARNING tempest.lib.common.ssh [-] Failed to establish authenticated ssh connection to cirros@10.180.180.200 ([Errno None] Unable to connect to port 22 on 10.180.180.200). Number attempts: 3. Retry after 4 seconds.: paramiko.ssh_exception.NoValidConnectionsError: [Errno None] Unable to connect to port 22 on 10.180.180.200
2025-04-28 09:56:19.396 69574 INFO tempest.lib.common.rest_client [req-4757634b-4361-4ea1-acf9-5dfded098007 req-4757634b-4361-4ea1-acf9-5dfded098007 ] Request (ServersWithSpecificFlavorTestJSON:test_verify_created_server_ephemeral_disk): 200 GET http://10.180.1.21/compute/v2.1/servers/04de2a83-d1dd-4619-b623-e5cd1b9c8102 0.057s
2025-04-28 09:56:19.460 69622 INFO tempest.lib.common.rest_client [req-c35a0ee0-588a-4799-b0f1-fde7a0f76f03 req-c35a0ee0-588a-4799-b0f1-fde7a0f76f03 ] Request (ImagesTestJSON:test_create_server_from_snapshot): 200 GET http://10.180.1.21/compute/v2.1/servers/55c8e95b-811c-4f85-9134-6c8c880b462d 0.066s
2025-04-28 09:56:19.572 69592 INFO tempest.lib.common.rest_client [req-d6da7af7-d11d-4e98-abfe-42cc508fea25 req-d6da7af7-d11d-4e98-abfe-42cc508fea25 ] Request (MigrationsAdminTest:test_list_migrations_in_flavor_resize_situation): 200 GET http://10.180.1.21/compute/v2.1/servers/2eef7c55-80bb-4b40-b7a4-b7079cdbfe6d 0.138s
2025-04-28 09:56:19.630 69570 INFO tempest.lib.common.rest_client [req-14e561ff-bb65-4874-a727-3ecb9e4c1093 req-14e561ff-bb65-4874-a727-3ecb9e4c1093 ] Request (ServerActionsTestJSON:setUpClass): 200 GET http://10.180.1.21/compute/v2.1/servers/7f60ac74-14f2-49b5-98f0-417f5fb046ac 0.183s
2025-04-28 09:56:19.681 69596 INFO tempest.lib.common.rest_client [req-4752b66f-46db-497a-8f64-4f507b4df0fd req-4752b66f-46db-497a-8f64-4f507b4df0fd ] Request (ServerRescueTestJSONUnderV235:setUpClass): 200 GET http://10.180.1.21/compute/v2.1/servers/60ff7087-07b4-4b48-ae98-700246914516 0.349s
2025-04-28 09:56:19.695 69578 INFO tempest.lib.common.rest_client [req-494ecf85-ee70-4bc4-bd64-0f3759bcc9aa req-494ecf85-ee70-4bc4-bd64-0f3759bcc9aa ] Request (ServersAdminNegativeTestJSON:tearDownClass): 200 GET http://10.180.1.21/compute/v2.1/servers/29788d3d-c393-465e-b943-cf86f8b7916f 0.168s
2025-04-28 09:56:19.747 69598 INFO tempest.lib.common.rest_client [req-a2e99728-2148-4ede-95b7-c5981ad828b7 req-a2e99728-2148-4ede-95b7-c5981ad828b7 ] Request (ServersTestMultiNic:test_verify_multiple_nics_order): 200 GET http://10.180.1.21/compute/v2.1/servers/99c1dbd9-43fd-4409-b744-89b969a148ec 0.169s
2025-04-28 09:56:19.807 69586 INFO tempest.lib.common.rest_client [req-78648af6-8cfc-4efd-8cd7-652ffe5d524e req-78648af6-8cfc-4efd-8cd7-652ffe5d524e ] Request (ServersV294TestFqdnHostnames:tearDownClass): 200 GET http://10.180.1.21/compute/v2.1/servers/456cb87c-c3f5-4fd9-a20b-9f54e8255b5f 0.168s
2025-04-28 09:56:19.808 69608 INFO tempest.lib.common.rest_client [req-d9565616-3ea3-4a8d-82ad-990d67b5ece9 req-d9565616-3ea3-4a8d-82ad-990d67b5ece9 ] Request (ServersTestBootFromVolume:setUpClass): 200 GET http://10.180.1.21/compute/v2.1/servers/6a9d205f-8f4f-456f-a7c5-94d25c06417b 0.235s
2025-04-28 09:56:19.854 69568 INFO tempest.lib.common.rest_client [req-5cc29b21-a2f7-44e2-b6a3-f1d7083a8165 req-5cc29b21-a2f7-44e2-b6a3-f1d7083a8165 ] Request (MultipleCreateTestJSON:test_multiple_create_with_reservation_return): 200 GET http://10.180.1.21/compute/v2.1/servers/22d698fe-9fc1-423d-8a04-e936a15c31d2 0.163s
2025-04-28 09:56:19.859 69588 INFO tempest.lib.common.rest_client [req-6fe3f006-d9d6-4d19-bc65-a471b91d0d0d req-6fe3f006-d9d6-4d19-bc65-a471b91d0d0d ] Request (DeleteServersTestJSON:test_delete_active_server): 200 GET http://10.180.1.21/compute/v2.1/servers/0cee1d30-eb9d-4174-9b1c-6d469cbd4993 0.218s
2025-04-28 09:56:19.908 69581 INFO tempest.lib.common.rest_client [req-212e31ef-8185-46f1-911a-72d7398dd303 req-212e31ef-8185-46f1-911a-72d7398dd303 ] Request (ServersTestFqdnHostnames:tearDownClass): 200 GET http://10.180.1.21/compute/v2.1/servers/9e031523-93b3-43c4-a068-22baf4887e27 0.159s
2025-04-28 09:56:19.943 69620 INFO tempest.lib.common.rest_client [req-9286b8f1-8339-4088-8420-126ec4d87ee0 req-9286b8f1-8339-4088-8420-126ec4d87ee0 ] Request (ImagesOneServerNegativeTestJSON:setUpClass): 200 GET http://10.180.1.21/compute/v2.1/servers/274354ae-834b-4bc3-ab01-3b549d9d414f 0.173s
2025-04-28 09:56:19.953 69612 INFO tempest.lib.common.rest_client [req-25fa52f6-6334-4e99-8448-139557adc30e req-25fa52f6-6334-4e99-8448-139557adc30e ] Request (ServerShowV247Test:test_update_rebuild_list_server): 200 GET http://10.180.1.21/compute/v2.1/servers/10282b3a-8a35-496d-9768-113bbd170f79 0.148s
2025-04-28 09:56:19.985 69630 INFO tempest.lib.common.rest_client [req-7fec68a7-e686-4075-9404-8d4c771bfef6 req-7fec68a7-e686-4075-9404-8d4c771bfef6 ] Request (ImagesNegativeTestJSON:test_create_image_from_deleted_server): 200 GET http://10.180.1.21/compute/v2.1/servers/b92a40e7-0627-4ef0-96fe-e6372f068e37 0.166s
2025-04-28 09:56:20.002 69600 INFO tempest.lib.common.rest_client [req-eae409a2-0805-4f23-810e-e0954a5a3675 req-eae409a2-0805-4f23-810e-e0954a5a3675 ] Request (SecurityGroupsTestJSON:test_server_security_groups): 200 GET http://10.180.1.21/compute/v2.1/servers/c66e5703-cc8f-436d-87f2-8664229825e5 0.136s
2025-04-28 09:56:20.031 69626 INFO tempest.lib.common.rest_client [req-614ae565-12fe-4d0a-8d0a-04b104e06259 req-614ae565-12fe-4d0a-8d0a-04b104e06259 ] Request (VolumesAdminNegativeTest:test_update_attached_volume_with_nonexistent_volume_in_uri): 200 GET http://10.180.1.21/compute/v2.1/servers/5a06a3cc-c5dd-4e97-a30b-6720f459aece 0.106s
2025-04-28 09:56:20.046 69602 INFO tempest.lib.common.rest_client [req-7a6b020e-87c3-4e6b-a49d-bf06b80ec862 req-7a6b020e-87c3-4e6b-a49d-bf06b80ec862 ] Request (ServerDiskConfigTestJSON:test_resize_server_from_auto_to_manual): 200 GET http://10.180.1.21/compute/v2.1/servers/da460c36-960d-4ae2-a931-313c2e79a7d5 0.118s
2025-04-28 09:56:20.075 69582 INFO tempest.lib.common.rest_client [req-7845753d-b93b-4a85-87eb-357ae3b8a460 req-7845753d-b93b-4a85-87eb-357ae3b8a460 ] Request (InstanceActionsNegativeTestJSON:setUpClass): 200 GET http://10.180.1.21/compute/v2.1/servers/b4a9d176-1c3b-4489-9ead-aa3a41e3c1ea 0.096s
2025-04-28 09:56:20.094 69572 INFO tempest.lib.common.rest_client [req-7d2f5ac8-0a28-4c0d-8880-b4769acd87f3 req-7d2f5ac8-0a28-4c0d-8880-b4769acd87f3 ] Request (ServersAdminTestJSON:setUpClass): 200 GET http://10.180.1.21/compute/v2.1/servers/855f2dac-5eec-4061-b146-63422965d5e5 0.096s
2025-04-28 09:56:20.181 69594 INFO tempest.lib.common.rest_client [req-3612da5c-dce1-4242-9dc5-948caf1cf433 req-3612da5c-dce1-4242-9dc5-948caf1cf433 ] Request (AttachInterfacesTestJSON:test_create_list_show_delete_interfaces_by_fixed_ip): 200 GET http://10.180.1.21/compute/v2.1/servers/64baed3e-df1d-47f8-8ee2-e7a44fc38b18/os-interface 0.083s
2025-04-28 09:56:20.190 69604 INFO tempest.lib.common.rest_client [req-7a9be8ab-445f-480f-8ef2-5ad671964826 req-7a9be8ab-445f-480f-8ef2-5ad671964826 ] Request (ServerShowV254Test:tearDownClass): 200 GET http://10.180.1.21/compute/v2.1/servers/fdce3cf5-0d76-44bb-8550-bbec4a20470e 0.050s
2025-04-28 09:56:20.456 69574 INFO tempest.lib.common.rest_client [req-e02d3220-fdd7-4138-8dee-9c0155e0cb2f req-e02d3220-fdd7-4138-8dee-9c0155e0cb2f ] Request (ServersWithSpecificFlavorTestJSON:test_verify_created_server_ephemeral_disk): 200 GET http://10.180.1.21/compute/v2.1/servers/04de2a83-d1dd-4619-b623-e5cd1b9c8102 0.046s
2025-04-28 09:56:20.518 69622 INFO tempest.lib.common.rest_client [req-f864112a-c310-47be-8d22-dca0753a7dba req-f864112a-c310-47be-8d22-dca0753a7dba ] Request (ImagesTestJSON:test_create_server_from_snapshot): 200 GET http://10.180.1.21/compute/v2.1/servers/55c8e95b-811c-4f85-9134-6c8c880b462d 0.049s
2025-04-28 09:56:20.690 69570 INFO tempest.lib.common.rest_client [req-039e0926-8723-41bb-9014-41b54b01a18a req-039e0926-8723-41bb-9014-41b54b01a18a ] Request (ServerActionsTestJSON:setUpClass): 200 GET http://10.180.1.21/compute/v2.1/servers/7f60ac74-14f2-49b5-98f0-417f5fb046ac 0.051s
2025-04-28 09:56:20.693 69592 INFO tempest.lib.common.rest_client [req-01fe0aec-7bfb-4503-928b-ecf1b54fa3d8 req-01fe0aec-7bfb-4503-928b-ecf1b54fa3d8 ] Request (MigrationsAdminTest:test_list_migrations_in_flavor_resize_situation): 200 GET http://10.180.1.21/compute/v2.1/servers/2eef7c55-80bb-4b40-b7a4-b7079cdbfe6d 0.113s
2025-04-28 09:56:20.796 69578 INFO tempest.lib.common.rest_client [req-19c4c2a1-1409-4043-bbc0-4d10e7b29274 req-19c4c2a1-1409-4043-bbc0-4d10e7b29274 ] Request (ServersAdminNegativeTestJSON:tearDownClass): 200 GET http://10.180.1.21/compute/v2.1/servers/29788d3d-c393-465e-b943-cf86f8b7916f 0.089s
2025-04-28 09:56:20.853 69598 INFO tempest.lib.common.rest_client [req-1836817c-551b-4c3a-a233-84e063691f95 req-1836817c-551b-4c3a-a233-84e063691f95 ] Request (ServersTestMultiNic:test_verify_multiple_nics_order): 200 GET http://10.180.1.21/compute/v2.1/servers/99c1dbd9-43fd-4409-b744-89b969a148ec 0.099s
2025-04-28 09:56:20.861 69598 INFO tempest.common.waiters [-] State transition "BUILD/None" ==> "BUILD/networking" after 52 second wait
2025-04-28 09:56:20.890 69596 INFO tempest.lib.common.rest_client [req-49d1b1c9-a8c6-401c-aadf-21ee6e4a401d req-49d1b1c9-a8c6-401c-aadf-21ee6e4a401d ] Request (ServerRescueTestJSONUnderV235:setUpClass): 200 GET http://10.180.1.21/compute/v2.1/servers/60ff7087-07b4-4b48-ae98-700246914516 0.201s
2025-04-28 09:56:20.948 69608 INFO tempest.lib.common.rest_client [req-b8c656bc-b220-46eb-8263-674dcdfaf6ac req-b8c656bc-b220-46eb-8263-674dcdfaf6ac ] Request (ServersTestBootFromVolume:setUpClass): 200 GET http://10.180.1.21/compute/v2.1/servers/6a9d205f-8f4f-456f-a7c5-94d25c06417b 0.133s
2025-04-28 09:56:20.965 69586 INFO tempest.lib.common.rest_client [req-409fe012-e56d-45ae-b9d4-50ced8e8b656 req-409fe012-e56d-45ae-b9d4-50ced8e8b656 ] Request (ServersV294TestFqdnHostnames:tearDownClass): 200 GET http://10.180.1.21/compute/v2.1/servers/456cb87c-c3f5-4fd9-a20b-9f54e8255b5f 0.148s
2025-04-28 09:56:20.995 69568 INFO tempest.lib.common.rest_client [req-3e5fa8bd-487a-4aa6-8e31-e05445e68c89 req-3e5fa8bd-487a-4aa6-8e31-e05445e68c89 ] Request (MultipleCreateTestJSON:test_multiple_create_with_reservation_return): 200 GET http://10.180.1.21/compute/v2.1/servers/22d698fe-9fc1-423d-8a04-e936a15c31d2 0.133s
2025-04-28 09:56:21.020 69588 INFO tempest.lib.common.rest_client [req-75a81b75-d34c-4650-ad05-f95e4068773d req-75a81b75-d34c-4650-ad05-f95e4068773d ] Request (DeleteServersTestJSON:test_delete_active_server): 200 GET http://10.180.1.21/compute/v2.1/servers/0cee1d30-eb9d-4174-9b1c-6d469cbd4993 0.153s
2025-04-28 09:56:21.049 69581 INFO tempest.lib.common.rest_client [req-ae29ce3f-ca2c-40e2-82b5-bb6f43601b75 req-ae29ce3f-ca2c-40e2-82b5-bb6f43601b75 ] Request (ServersTestFqdnHostnames:tearDownClass): 200 GET http://10.180.1.21/compute/v2.1/servers/9e031523-93b3-43c4-a068-22baf4887e27 0.134s
2025-04-28 09:56:21.102 69612 INFO tempest.lib.common.rest_client [req-cfb3a52f-ce4d-402b-bf33-74c847a39e8f req-cfb3a52f-ce4d-402b-bf33-74c847a39e8f ] Request (ServerShowV247Test:test_update_rebuild_list_server): 200 GET http://10.180.1.21/compute/v2.1/servers/10282b3a-8a35-496d-9768-113bbd170f79 0.140s
2025-04-28 09:56:21.104 69620 INFO tempest.lib.common.rest_client [req-fee4da96-d4f0-452f-a119-ac1e7669d9ea req-fee4da96-d4f0-452f-a119-ac1e7669d9ea ] Request (ImagesOneServerNegativeTestJSON:setUpClass): 200 GET http://10.180.1.21/compute/v2.1/servers/274354ae-834b-4bc3-ab01-3b549d9d414f 0.154s
2025-04-28 09:56:21.146 69630 INFO tempest.lib.common.rest_client [req-127d8ebb-2761-4310-9538-0dc711fa274e req-127d8ebb-2761-4310-9538-0dc711fa274e ] Request (ImagesNegativeTestJSON:test_create_image_from_deleted_server): 200 GET http://10.180.1.21/compute/v2.1/servers/b92a40e7-0627-4ef0-96fe-e6372f068e37 0.154s
2025-04-28 09:56:21.157 69600 INFO tempest.lib.common.rest_client [req-f5b93920-d6af-4aa8-adbf-d9d35b472c5a req-f5b93920-d6af-4aa8-adbf-d9d35b472c5a ] Request (SecurityGroupsTestJSON:test_server_security_groups): 200 GET http://10.180.1.21/compute/v2.1/servers/c66e5703-cc8f-436d-87f2-8664229825e5 0.147s
2025-04-28 09:56:21.193 69626 INFO tempest.lib.common.rest_client [req-bd449137-1a45-49f8-b81b-145ed71caa4b req-bd449137-1a45-49f8-b81b-145ed71caa4b ] Request (VolumesAdminNegativeTest:test_update_attached_volume_with_nonexistent_volume_in_uri): 200 GET http://10.180.1.21/compute/v2.1/servers/5a06a3cc-c5dd-4e97-a30b-6720f459aece 0.150s
2025-04-28 09:56:21.204 69602 INFO tempest.lib.common.rest_client [req-bc23a3ea-4800-48d1-8f32-d5a501170cd3 req-bc23a3ea-4800-48d1-8f32-d5a501170cd3 ] Request (ServerDiskConfigTestJSON:test_resize_server_from_auto_to_manual): 200 GET http://10.180.1.21/compute/v2.1/servers/da460c36-960d-4ae2-a931-313c2e79a7d5 0.150s
2025-04-28 09:56:21.244 69582 INFO tempest.lib.common.rest_client [req-f01a1520-8029-4f97-b183-39cc299a55ea req-f01a1520-8029-4f97-b183-39cc299a55ea ] Request (InstanceActionsNegativeTestJSON:setUpClass): 200 GET http://10.180.1.21/compute/v2.1/servers/b4a9d176-1c3b-4489-9ead-aa3a41e3c1ea 0.161s
2025-04-28 09:56:21.259 69572 INFO tempest.lib.common.rest_client [req-130ddd95-cfb6-4e44-b816-8cfe3700626e req-130ddd95-cfb6-4e44-b816-8cfe3700626e ] Request (ServersAdminTestJSON:setUpClass): 200 GET http://10.180.1.21/compute/v2.1/servers/855f2dac-5eec-4061-b146-63422965d5e5 0.158s
2025-04-28 09:56:21.309 69594 INFO tempest.lib.common.rest_client [req-fa056a84-88b0-438a-bb39-11589f6393c3 req-fa056a84-88b0-438a-bb39-11589f6393c3 ] Request (AttachInterfacesTestJSON:test_create_list_show_delete_interfaces_by_fixed_ip): 200 GET http://10.180.1.21/compute/v2.1/servers/64baed3e-df1d-47f8-8ee2-e7a44fc38b18/os-interface 0.125s
2025-04-28 09:56:21.313 69604 INFO tempest.lib.common.rest_client [req-1e4cb186-1426-4506-adfe-e93557633c6b req-1e4cb186-1426-4506-adfe-e93557633c6b ] Request (ServerShowV254Test:tearDownClass): 200 GET http://10.180.1.21/compute/v2.1/servers/fdce3cf5-0d76-44bb-8550-bbec4a20470e 0.113s
2025-04-28 09:56:21.516 69574 INFO tempest.lib.common.rest_client [req-ec4feaab-99d7-4583-befb-0f4601445edf req-ec4feaab-99d7-4583-befb-0f4601445edf ] Request (ServersWithSpecificFlavorTestJSON:test_verify_created_server_ephemeral_disk): 200 GET http://10.180.1.21/compute/v2.1/servers/04de2a83-d1dd-4619-b623-e5cd1b9c8102 0.052s
2025-04-28 09:56:21.579 69622 INFO tempest.lib.common.rest_client [req-faa53da1-0b63-4d65-ba8c-ba2e04dacb1c req-faa53da1-0b63-4d65-ba8c-ba2e04dacb1c ] Request (ImagesTestJSON:test_create_server_from_snapshot): 200 GET http://10.180.1.21/compute/v2.1/servers/55c8e95b-811c-4f85-9134-6c8c880b462d 0.053s
2025-04-28 09:56:21.604 69624 WARNING tempest.lib.common.ssh [-] Failed to establish authenticated ssh connection to cirros@10.180.180.152 ([Errno None] Unable to connect to port 22 on 10.180.180.152). Number attempts: 1. Retry after 2 seconds.: paramiko.ssh_exception.NoValidConnectionsError: [Errno None] Unable to connect to port 22 on 10.180.180.152
2025-04-28 09:56:21.776 69570 INFO tempest.lib.common.rest_client [req-e07149bf-eb71-4830-ade7-e0c7ee43a37c req-e07149bf-eb71-4830-ade7-e0c7ee43a37c ] Request (ServerActionsTestJSON:setUpClass): 200 GET http://10.180.1.21/compute/v2.1/servers/7f60ac74-14f2-49b5-98f0-417f5fb046ac 0.078s
2025-04-28 09:56:21.834 69578 INFO tempest.lib.common.rest_client [req-3e400c74-f4ad-4da2-95d0-4e627f710ce6 req-3e400c74-f4ad-4da2-95d0-4e627f710ce6 ] Request (ServersAdminNegativeTestJSON:tearDownClass): 404 GET http://10.180.1.21/compute/v2.1/servers/29788d3d-c393-465e-b943-cf86f8b7916f 0.027s
2025-04-28 09:56:21.849 69592 INFO tempest.lib.common.rest_client [req-be72b3c8-8f29-4e59-9495-1eda0ce17f46 req-be72b3c8-8f29-4e59-9495-1eda0ce17f46 ] Request (MigrationsAdminTest:test_list_migrations_in_flavor_resize_situation): 200 GET http://10.180.1.21/compute/v2.1/servers/2eef7c55-80bb-4b40-b7a4-b7079cdbfe6d 0.148s
2025-04-28 09:56:21.915 69578 INFO tempest.lib.common.rest_client [req-9a77dc6e-f9a5-4f48-86a8-687affda2bda req-9a77dc6e-f9a5-4f48-86a8-687affda2bda ] Request (ServersAdminNegativeTestJSON:tearDownClass): 204 DELETE http://10.180.1.21/compute/v2.1/servers/a76e1683-a93e-4493-8ba5-a4931b546f7d 0.081s
2025-04-28 09:56:22.040 69598 INFO tempest.lib.common.rest_client [req-da1fbec3-40b9-4b51-8c43-7e3a760e9dbf req-da1fbec3-40b9-4b51-8c43-7e3a760e9dbf ] Request (ServersTestMultiNic:test_verify_multiple_nics_order): 200 GET http://10.180.1.21/compute/v2.1/servers/99c1dbd9-43fd-4409-b744-89b969a148ec 0.176s
2025-04-28 09:56:22.046 69596 INFO tempest.lib.common.rest_client [req-0b8df4bd-f934-4434-b7b5-114552ebb8d8 req-0b8df4bd-f934-4434-b7b5-114552ebb8d8 ] Request (ServerRescueTestJSONUnderV235:setUpClass): 200 GET http://10.180.1.21/compute/v2.1/servers/60ff7087-07b4-4b48-ae98-700246914516 0.146s
2025-04-28 09:56:22.050 69598 INFO tempest.common.waiters [-] State transition "BUILD/networking" ==> "BUILD/block_device_mapping" after 54 second wait
2025-04-28 09:56:22.194 69608 INFO tempest.lib.common.rest_client [req-734e9803-da39-4e72-91f6-2c32b25321d2 req-734e9803-da39-4e72-91f6-2c32b25321d2 ] Request (ServersTestBootFromVolume:setUpClass): 200 GET http://10.180.1.21/compute/v2.1/servers/6a9d205f-8f4f-456f-a7c5-94d25c06417b 0.236s
2025-04-28 09:56:22.277 69586 INFO tempest.lib.common.rest_client [req-566ed33d-aa14-48a2-8e12-8d6068909749 req-566ed33d-aa14-48a2-8e12-8d6068909749 ] Request (ServersV294TestFqdnHostnames:tearDownClass): 200 GET http://10.180.1.21/compute/v2.1/servers/456cb87c-c3f5-4fd9-a20b-9f54e8255b5f 0.302s
2025-04-28 09:56:22.331 69568 INFO tempest.lib.common.rest_client [req-83df561c-9c8e-4c3b-93e9-4fd2e5468575 req-83df561c-9c8e-4c3b-93e9-4fd2e5468575 ] Request (MultipleCreateTestJSON:test_multiple_create_with_reservation_return): 200 GET http://10.180.1.21/compute/v2.1/servers/22d698fe-9fc1-423d-8a04-e936a15c31d2 0.328s
2025-04-28 09:56:22.386 69588 INFO tempest.lib.common.rest_client [req-939868cf-badc-4453-99f2-e1b915cb2b53 req-939868cf-badc-4453-99f2-e1b915cb2b53 ] Request (DeleteServersTestJSON:test_delete_active_server): 200 GET http://10.180.1.21/compute/v2.1/servers/0cee1d30-eb9d-4174-9b1c-6d469cbd4993 0.355s
2025-04-28 09:56:22.425 69578 INFO tempest.lib.common.rest_client [req-ee22dd79-807e-4076-a339-d4eaeef7bb47 req-ee22dd79-807e-4076-a339-d4eaeef7bb47 ] Request (ServersAdminNegativeTestJSON:tearDownClass): 200 GET http://10.180.1.21/compute/v2.1/servers/a76e1683-a93e-4493-8ba5-a4931b546f7d 0.509s
2025-04-28 09:56:22.445 69581 INFO tempest.lib.common.rest_client [req-995ee9a7-300c-4c7e-bb63-95dc0c7c8fd7 req-995ee9a7-300c-4c7e-bb63-95dc0c7c8fd7 ] Request (ServersTestFqdnHostnames:tearDownClass): 200 GET http://10.180.1.21/compute/v2.1/servers/9e031523-93b3-43c4-a068-22baf4887e27 0.388s
2025-04-28 09:56:22.488 69612 INFO tempest.lib.common.rest_client [req-fba9406d-7f2f-459f-9f6f-7a1bed60c53b req-fba9406d-7f2f-459f-9f6f-7a1bed60c53b ] Request (ServerShowV247Test:test_update_rebuild_list_server): 200 GET http://10.180.1.21/compute/v2.1/servers/10282b3a-8a35-496d-9768-113bbd170f79 0.372s
2025-04-28 09:56:22.533 69620 INFO tempest.lib.common.rest_client [req-e58712f7-887c-4ac0-a7dc-4ed5b8dc60ff req-e58712f7-887c-4ac0-a7dc-4ed5b8dc60ff ] Request (ImagesOneServerNegativeTestJSON:setUpClass): 200 GET http://10.180.1.21/compute/v2.1/servers/274354ae-834b-4bc3-ab01-3b549d9d414f 0.421s
2025-04-28 09:56:22.537 69630 INFO tempest.lib.common.rest_client [req-8aad9a21-d96a-4fd4-a122-2c52ece8e9cc req-8aad9a21-d96a-4fd4-a122-2c52ece8e9cc ] Request (ImagesNegativeTestJSON:test_create_image_from_deleted_server): 200 GET http://10.180.1.21/compute/v2.1/servers/b92a40e7-0627-4ef0-96fe-e6372f068e37 0.382s
2025-04-28 09:56:22.594 69600 INFO tempest.lib.common.rest_client [req-da9816cb-c4f9-42d4-ae29-e6526c5650e4 req-da9816cb-c4f9-42d4-ae29-e6526c5650e4 ] Request (SecurityGroupsTestJSON:test_server_security_groups): 200 GET http://10.180.1.21/compute/v2.1/servers/c66e5703-cc8f-436d-87f2-8664229825e5 0.428s
2025-04-28 09:56:22.600 69626 INFO tempest.lib.common.rest_client [req-c7bd2389-29ba-4546-a03b-e622c0095450 req-c7bd2389-29ba-4546-a03b-e622c0095450 ] Request (VolumesAdminNegativeTest:test_update_attached_volume_with_nonexistent_volume_in_uri): 200 GET http://10.180.1.21/compute/v2.1/servers/5a06a3cc-c5dd-4e97-a30b-6720f459aece 0.398s
2025-04-28 09:56:22.647 69602 INFO tempest.lib.common.rest_client [req-3d1d10a1-7e31-4f6f-9680-1aa81d68fdf1 req-3d1d10a1-7e31-4f6f-9680-1aa81d68fdf1 ] Request (ServerDiskConfigTestJSON:test_resize_server_from_auto_to_manual): 200 GET http://10.180.1.21/compute/v2.1/servers/da460c36-960d-4ae2-a931-313c2e79a7d5 0.433s
2025-04-28 09:56:22.650 69582 INFO tempest.lib.common.rest_client [req-b92b4e68-b393-40de-8a36-425b13bbef9a req-b92b4e68-b393-40de-8a36-425b13bbef9a ] Request (InstanceActionsNegativeTestJSON:setUpClass): 200 GET http://10.180.1.21/compute/v2.1/servers/b4a9d176-1c3b-4489-9ead-aa3a41e3c1ea 0.397s
2025-04-28 09:56:22.695 69572 INFO tempest.lib.common.rest_client [req-a18c2ea0-ee2b-45be-9391-6d3a4227b1fb req-a18c2ea0-ee2b-45be-9391-6d3a4227b1fb ] Request (ServersAdminTestJSON:setUpClass): 200 GET http://10.180.1.21/compute/v2.1/servers/855f2dac-5eec-4061-b146-63422965d5e5 0.428s
2025-04-28 09:56:22.709 69594 INFO tempest.lib.common.rest_client [req-5b8e6dfb-9ad6-4611-9e01-27b4125a3aff req-5b8e6dfb-9ad6-4611-9e01-27b4125a3aff ] Request (AttachInterfacesTestJSON:test_create_list_show_delete_interfaces_by_fixed_ip): 200 GET http://10.180.1.21/compute/v2.1/servers/64baed3e-df1d-47f8-8ee2-e7a44fc38b18/os-interface 0.397s
2025-04-28 09:56:22.728 69594 INFO tempest.lib.common.rest_client [req-86f7976f-caa7-499f-ac48-c4c99b7108f1 req-86f7976f-caa7-499f-ac48-c4c99b7108f1 ] Request (AttachInterfacesTestJSON:_run_cleanups): 404 DELETE http://10.180.1.21:9696/networking/v2.0/ports/64d310dd-15be-460a-975f-309ac524cb3c 0.016s
2025-04-28 09:56:22.746 69604 INFO tempest.lib.common.rest_client [req-a6712bcd-081b-4c80-818e-5ceb8f683099 req-a6712bcd-081b-4c80-818e-5ceb8f683099 ] Request (ServerShowV254Test:tearDownClass): 200 GET http://10.180.1.21/compute/v2.1/servers/fdce3cf5-0d76-44bb-8550-bbec4a20470e 0.424s
2025-04-28 09:56:22.757 69574 INFO tempest.lib.common.rest_client [req-99360656-41bf-43dd-b791-318739f62b0f req-99360656-41bf-43dd-b791-318739f62b0f ] Request (ServersWithSpecificFlavorTestJSON:test_verify_created_server_ephemeral_disk): 200 GET http://10.180.1.21/compute/v2.1/servers/04de2a83-d1dd-4619-b623-e5cd1b9c8102 0.233s
2025-04-28 09:56:22.801 69622 INFO tempest.lib.common.rest_client [req-e477f912-d629-4b49-919e-e78147e9fd7c req-e477f912-d629-4b49-919e-e78147e9fd7c ] Request (ImagesTestJSON:test_create_server_from_snapshot): 200 GET http://10.180.1.21/compute/v2.1/servers/55c8e95b-811c-4f85-9134-6c8c880b462d 0.215s
2025-04-28 09:56:22.839 69594 INFO tempest.lib.common.rest_client [req-debb95da-bc9d-4a5d-a80c-4d15f59f3190 req-debb95da-bc9d-4a5d-a80c-4d15f59f3190 ] Request (AttachInterfacesTestJSON:_run_cleanups): 204 DELETE http://10.180.1.21/compute/v2.1/servers/64baed3e-df1d-47f8-8ee2-e7a44fc38b18 0.111s
2025-04-28 09:56:22.852 69570 INFO tempest.lib.common.rest_client [req-3f89658b-f6bd-4d62-bd54-78291855f8b2 req-3f89658b-f6bd-4d62-bd54-78291855f8b2 ] Request (ServerActionsTestJSON:setUpClass): 200 GET http://10.180.1.21/compute/v2.1/servers/7f60ac74-14f2-49b5-98f0-417f5fb046ac 0.062s
2025-04-28 09:56:22.938 69594 INFO tempest.lib.common.rest_client [req-18acb83b-b662-4c4a-9d5b-ab744ad764cf req-18acb83b-b662-4c4a-9d5b-ab744ad764cf ] Request (AttachInterfacesTestJSON:_run_cleanups): 200 GET http://10.180.1.21/compute/v2.1/servers/64baed3e-df1d-47f8-8ee2-e7a44fc38b18 0.098s
2025-04-28 09:56:22.950 69592 INFO tempest.lib.common.rest_client [req-675a29c3-d4ca-4d59-b6c9-7c7e2ebe1485 req-675a29c3-d4ca-4d59-b6c9-7c7e2ebe1485 ] Request (MigrationsAdminTest:test_list_migrations_in_flavor_resize_situation): 200 GET http://10.180.1.21/compute/v2.1/servers/2eef7c55-80bb-4b40-b7a4-b7079cdbfe6d 0.089s
2025-04-28 09:56:23.157 69596 INFO tempest.lib.common.rest_client [req-beabf92e-c05e-4f2c-a258-a4b6503be9b7 req-beabf92e-c05e-4f2c-a258-a4b6503be9b7 ] Request (ServerRescueTestJSONUnderV235:setUpClass): 200 GET http://10.180.1.21/compute/v2.1/servers/60ff7087-07b4-4b48-ae98-700246914516 0.100s
2025-04-28 09:56:23.227 69598 INFO tempest.lib.common.rest_client [req-e50bdbab-1f60-44c4-9d40-6a734de21080 req-e50bdbab-1f60-44c4-9d40-6a734de21080 ] Request (ServersTestMultiNic:test_verify_multiple_nics_order): 200 GET http://10.180.1.21/compute/v2.1/servers/99c1dbd9-43fd-4409-b744-89b969a148ec 0.175s
2025-04-28 09:56:23.234 69598 INFO tempest.common.waiters [-] State transition "BUILD/block_device_mapping" ==> "BUILD/spawning" after 55 second wait
2025-04-28 09:56:23.294 69608 INFO tempest.lib.common.rest_client [req-bd65123e-3faf-4f4d-a6dd-9cc03a374220 req-bd65123e-3faf-4f4d-a6dd-9cc03a374220 ] Request (ServersTestBootFromVolume:setUpClass): 200 GET http://10.180.1.21/compute/v2.1/servers/6a9d205f-8f4f-456f-a7c5-94d25c06417b 0.090s
2025-04-28 09:56:23.363 69586 INFO tempest.lib.common.rest_client [req-f1e99ed3-4686-4aa8-9890-eb78df383a4f req-f1e99ed3-4686-4aa8-9890-eb78df383a4f ] Request (ServersV294TestFqdnHostnames:tearDownClass): 200 GET http://10.180.1.21/compute/v2.1/servers/456cb87c-c3f5-4fd9-a20b-9f54e8255b5f 0.074s
2025-04-28 09:56:23.391 69568 INFO tempest.lib.common.rest_client [req-cc4fa627-47c4-4797-9dc2-2be2d89afecf req-cc4fa627-47c4-4797-9dc2-2be2d89afecf ] Request (MultipleCreateTestJSON:test_multiple_create_with_reservation_return): 200 GET http://10.180.1.21/compute/v2.1/servers/22d698fe-9fc1-423d-8a04-e936a15c31d2 0.051s
2025-04-28 09:56:23.448 69588 INFO tempest.lib.common.rest_client [req-f99188b2-f7fd-4861-9fcd-f498332629ca req-f99188b2-f7fd-4861-9fcd-f498332629ca ] Request (DeleteServersTestJSON:test_delete_active_server): 200 GET http://10.180.1.21/compute/v2.1/servers/0cee1d30-eb9d-4174-9b1c-6d469cbd4993 0.054s
2025-04-28 09:56:23.509 69581 INFO tempest.lib.common.rest_client [req-f64b6a6d-628c-4263-bb87-7e777cdc26b2 req-f64b6a6d-628c-4263-bb87-7e777cdc26b2 ] Request (ServersTestFqdnHostnames:tearDownClass): 200 GET http://10.180.1.21/compute/v2.1/servers/9e031523-93b3-43c4-a068-22baf4887e27 0.054s
2025-04-28 09:56:23.519 69578 INFO tempest.lib.common.rest_client [req-c94ab6b7-05eb-4698-8114-7d413edf3a7d req-c94ab6b7-05eb-4698-8114-7d413edf3a7d ] Request (ServersAdminNegativeTestJSON:tearDownClass): 200 GET http://10.180.1.21/compute/v2.1/servers/a76e1683-a93e-4493-8ba5-a4931b546f7d 0.084s
2025-04-28 09:56:23.554 69612 INFO tempest.lib.common.rest_client [req-ea3e9bb1-4256-42f3-bf40-113f8cc9db2d req-ea3e9bb1-4256-42f3-bf40-113f8cc9db2d ] Request (ServerShowV247Test:test_update_rebuild_list_server): 200 GET http://10.180.1.21/compute/v2.1/servers/10282b3a-8a35-496d-9768-113bbd170f79 0.056s
2025-04-28 09:56:23.599 69630 INFO tempest.lib.common.rest_client [req-530e71bf-edd7-408e-bc61-e39eb120523f req-530e71bf-edd7-408e-bc61-e39eb120523f ] Request (ImagesNegativeTestJSON:test_create_image_from_deleted_server): 200 GET http://10.180.1.21/compute/v2.1/servers/b92a40e7-0627-4ef0-96fe-e6372f068e37 0.053s
2025-04-28 09:56:23.657 69600 INFO tempest.lib.common.rest_client [req-2dfcdabc-9cbe-4dce-957e-24c021ec05d9 req-2dfcdabc-9cbe-4dce-957e-24c021ec05d9 ] Request (SecurityGroupsTestJSON:test_server_security_groups): 200 GET http://10.180.1.21/compute/v2.1/servers/c66e5703-cc8f-436d-87f2-8664229825e5 0.054s
2025-04-28 09:56:23.707 69626 INFO tempest.lib.common.rest_client [req-c045482f-6ed6-4ea4-9837-7359166b091a req-c045482f-6ed6-4ea4-9837-7359166b091a ] Request (VolumesAdminNegativeTest:test_update_attached_volume_with_nonexistent_volume_in_uri): 200 GET http://10.180.1.21/compute/v2.1/servers/5a06a3cc-c5dd-4e97-a30b-6720f459aece 0.099s
2025-04-28 09:56:23.710 69620 INFO tempest.lib.common.rest_client [req-b92de34c-c5b9-4280-a6a5-0f6b4e660cb3 req-b92de34c-c5b9-4280-a6a5-0f6b4e660cb3 ] Request (ImagesOneServerNegativeTestJSON:setUpClass): 200 GET http://10.180.1.21/compute/v2.1/servers/274354ae-834b-4bc3-ab01-3b549d9d414f 0.167s
2025-04-28 09:56:23.755 69602 INFO tempest.lib.common.rest_client [req-5a11bf90-6567-4dd3-80f7-f6d00bd00747 req-5a11bf90-6567-4dd3-80f7-f6d00bd00747 ] Request (ServerDiskConfigTestJSON:test_resize_server_from_auto_to_manual): 200 GET http://10.180.1.21/compute/v2.1/servers/da460c36-960d-4ae2-a931-313c2e79a7d5 0.100s
2025-04-28 09:56:23.767 69582 INFO tempest.lib.common.rest_client [req-44a97eb2-2207-48bd-bc4f-2139f61d7eb8 req-44a97eb2-2207-48bd-bc4f-2139f61d7eb8 ] Request (InstanceActionsNegativeTestJSON:setUpClass): 200 GET http://10.180.1.21/compute/v2.1/servers/b4a9d176-1c3b-4489-9ead-aa3a41e3c1ea 0.108s
2025-04-28 09:56:23.810 69572 INFO tempest.lib.common.rest_client [req-635ee9da-69e4-45c3-99fa-14331cce67bb req-635ee9da-69e4-45c3-99fa-14331cce67bb ] Request (ServersAdminTestJSON:setUpClass): 200 GET http://10.180.1.21/compute/v2.1/servers/855f2dac-5eec-4061-b146-63422965d5e5 0.107s
2025-04-28 09:56:23.857 69604 INFO tempest.lib.common.rest_client [req-dd2c6af5-19b6-4f4b-814e-b9adcc5e1645 req-dd2c6af5-19b6-4f4b-814e-b9adcc5e1645 ] Request (ServerShowV254Test:tearDownClass): 200 GET http://10.180.1.21/compute/v2.1/servers/fdce3cf5-0d76-44bb-8550-bbec4a20470e 0.102s
2025-04-28 09:56:23.870 69604 INFO tempest.common.waiters [-] State transition "ACTIVE/deleting" ==> "DELETED/None" after 4 second wait
2025-04-28 09:56:23.874 69574 INFO tempest.lib.common.rest_client [req-051f3f57-5f22-467d-b3d4-3e10646eab9a req-051f3f57-5f22-467d-b3d4-3e10646eab9a ] Request (ServersWithSpecificFlavorTestJSON:test_verify_created_server_ephemeral_disk): 200 GET http://10.180.1.21/compute/v2.1/servers/04de2a83-d1dd-4619-b623-e5cd1b9c8102 0.106s
2025-04-28 09:56:23.924 69622 INFO tempest.lib.common.rest_client [req-7868361f-1cad-4c88-861d-7d6b7bd7a641 req-7868361f-1cad-4c88-861d-7d6b7bd7a641 ] Request (ImagesTestJSON:test_create_server_from_snapshot): 200 GET http://10.180.1.21/compute/v2.1/servers/55c8e95b-811c-4f85-9134-6c8c880b462d 0.115s
2025-04-28 09:56:23.924 69570 INFO tempest.lib.common.rest_client [req-abdd5bb1-302b-4eb2-87fa-8d71a12f2c5e req-abdd5bb1-302b-4eb2-87fa-8d71a12f2c5e ] Request (ServerActionsTestJSON:setUpClass): 200 GET http://10.180.1.21/compute/v2.1/servers/7f60ac74-14f2-49b5-98f0-417f5fb046ac 0.064s
2025-04-28 09:56:24.015 69628 INFO paramiko.transport [-] Connected (version 2.0, client dropbear_2020.81)
2025-04-28 09:56:24.049 69594 INFO tempest.lib.common.rest_client [req-6d59f22f-cc50-420c-b6c4-a6eb1b4e2ec8 req-6d59f22f-cc50-420c-b6c4-a6eb1b4e2ec8 ] Request (AttachInterfacesTestJSON:_run_cleanups): 200 GET http://10.180.1.21/compute/v2.1/servers/64baed3e-df1d-47f8-8ee2-e7a44fc38b18 0.102s
2025-04-28 09:56:24.089 69592 INFO tempest.lib.common.rest_client [req-393d95e9-e0f6-4683-b112-bc30f0166ad3 req-393d95e9-e0f6-4683-b112-bc30f0166ad3 ] Request (MigrationsAdminTest:test_list_migrations_in_flavor_resize_situation): 200 GET http://10.180.1.21/compute/v2.1/servers/2eef7c55-80bb-4b40-b7a4-b7079cdbfe6d 0.131s
2025-04-28 09:56:24.108 69624 WARNING tempest.lib.common.ssh [-] Failed to establish authenticated ssh connection to cirros@10.180.180.152 ([Errno None] Unable to connect to port 22 on 10.180.180.152). Number attempts: 2. Retry after 3 seconds.: paramiko.ssh_exception.NoValidConnectionsError: [Errno None] Unable to connect to port 22 on 10.180.180.152
2025-04-28 09:56:24.115 69628 INFO paramiko.transport [-] Authentication (publickey) successful!
2025-04-28 09:56:24.115 69628 INFO tempest.lib.common.ssh [-] ssh connection to cirros@10.180.180.224 successfully created
2025-04-28 09:56:24.226 69628 INFO tempest.lib.common.rest_client [req-5044f4a5-5401-426f-9c0d-bccc8715cce1 req-5044f4a5-5401-426f-9c0d-bccc8715cce1 ] Request (ServerActionsTestOtherA:setUp): 200 GET http://10.180.1.21/compute/v2.1/servers/c2bacbbc-a57b-428f-af33-c85e4416ade5 0.109s
2025-04-28 09:56:24.301 69596 INFO tempest.lib.common.rest_client [req-cbb850b3-6395-4822-a3e6-b6a7e19f9175 req-cbb850b3-6395-4822-a3e6-b6a7e19f9175 ] Request (ServerRescueTestJSONUnderV235:setUpClass): 200 GET http://10.180.1.21/compute/v2.1/servers/60ff7087-07b4-4b48-ae98-700246914516 0.136s
2025-04-28 09:56:24.309 69596 INFO tempest.common.waiters [-] State transition "BUILD/spawning" ==> "ACTIVE/None" after 77 second wait
2025-04-28 09:56:24.309 69628 INFO tempest.lib.common.rest_client [req-b55d433f-a464-42c6-bd2b-059bdd4ee914 req-b55d433f-a464-42c6-bd2b-059bdd4ee914 ] Request (ServerActionsTestOtherA:test_rebuild_server_in_stop_state): 201 POST http://10.180.1.21/identity/v3/auth/tokens 0.074s
2025-04-28 09:56:24.310 69628 INFO tempest.lib.common.fixed_network [-] (ServerActionsTestOtherA:test_rebuild_server_in_stop_state) Found network {'id': 'a1e85162-2df7-41f9-805e-ce91d0955d12', 'name': 'tempest-ServerActionsTestOtherA-869195232-network', 'tenant_id': '4b115b13acd64b8387512095d0ec92b7', 'admin_state_up': True, 'mtu': 8950, 'status': 'ACTIVE', 'subnets': [], 'shared': False, 'project_id': '4b115b13acd64b8387512095d0ec92b7', 'port_security_enabled': True, 'router:external': False, 'provider:network_type': 'vlan', 'provider:physical_network': 'default', 'provider:segmentation_id': 933, 'availability_zone_hints': [], 'availability_zones': [], 'ipv4_address_scope': None, 'ipv6_address_scope': None, 'description': '', 'tags': [], 'created_at': '2025-04-28T09:54:25Z', 'updated_at': '2025-04-28T09:54:26Z', 'revision_number': 1} available for tenant
2025-04-28 09:56:24.337 69598 INFO tempest.lib.common.rest_client [req-db844a0f-57d0-480d-860a-9a3f1e4e5241 req-db844a0f-57d0-480d-860a-9a3f1e4e5241 ] Request (ServersTestMultiNic:test_verify_multiple_nics_order): 200 GET http://10.180.1.21/compute/v2.1/servers/99c1dbd9-43fd-4409-b744-89b969a148ec 0.102s
2025-04-28 09:56:24.392 69608 INFO tempest.lib.common.rest_client [req-75202ad5-cddb-43f6-95d1-364c496b40be req-75202ad5-cddb-43f6-95d1-364c496b40be ] Request (ServersTestBootFromVolume:setUpClass): 200 GET http://10.180.1.21/compute/v2.1/servers/6a9d205f-8f4f-456f-a7c5-94d25c06417b 0.089s
2025-04-28 09:56:24.400 69608 INFO tempest.common.waiters [-] State transition "BUILD/spawning" ==> "ACTIVE/None" after 78 second wait
2025-04-28 09:56:24.424 69596 INFO tempest.lib.common.rest_client [req-f75345f5-d6d6-4fbc-97e1-79389be95992 req-f75345f5-d6d6-4fbc-97e1-79389be95992 ] Request (ServerRescueTestJSONUnderV235:setUpClass): 200 POST http://10.180.1.21/compute/v2.1/servers/60ff7087-07b4-4b48-ae98-700246914516/action 0.115s
2025-04-28 09:56:24.505 69586 INFO tempest.lib.common.rest_client [req-64c3f21a-7531-4d86-b830-67b592161dbf req-64c3f21a-7531-4d86-b830-67b592161dbf ] Request (ServersV294TestFqdnHostnames:tearDownClass): 200 GET http://10.180.1.21/compute/v2.1/servers/456cb87c-c3f5-4fd9-a20b-9f54e8255b5f 0.133s
2025-04-28 09:56:24.573 69568 INFO tempest.lib.common.rest_client [req-05539d90-32af-4556-8caf-c64f5ce6ed95 req-05539d90-32af-4556-8caf-c64f5ce6ed95 ] Request (MultipleCreateTestJSON:test_multiple_create_with_reservation_return): 200 GET http://10.180.1.21/compute/v2.1/servers/22d698fe-9fc1-423d-8a04-e936a15c31d2 0.174s
2025-04-28 09:56:24.688 69608 INFO tempest.lib.common.rest_client [req-18117060-e55d-44db-ad9e-29eaf10f8439 req-18117060-e55d-44db-ad9e-29eaf10f8439 ] Request (ServersTestBootFromVolume:setUpClass): 200 GET http://10.180.1.21/compute/v2.1/servers/6a9d205f-8f4f-456f-a7c5-94d25c06417b/os-interface 0.288s
2025-04-28 09:56:24.845 69596 INFO tempest.lib.common.rest_client [req-6e35a1f9-9b8c-499c-b3ab-ed04413a5adb req-6e35a1f9-9b8c-499c-b3ab-ed04413a5adb ] Request (ServerRescueTestJSONUnderV235:setUpClass): 200 GET http://10.180.1.21/compute/v2.1/servers/60ff7087-07b4-4b48-ae98-700246914516 0.418s
2025-04-28 09:56:24.900 69628 INFO tempest.lib.common.rest_client [req-87630ba4-ae97-47fd-a7fc-cfe676254fe1 req-87630ba4-ae97-47fd-a7fc-cfe676254fe1 ] Request (ServerActionsTestOtherA:test_rebuild_server_in_stop_state): 202 POST http://10.180.1.21/compute/v2.1/servers 0.590s
2025-04-28 09:56:24.926 69588 INFO tempest.lib.common.rest_client [req-401d3fab-e856-404e-b76b-dfefa3da4dfa req-401d3fab-e856-404e-b76b-dfefa3da4dfa ] Request (DeleteServersTestJSON:test_delete_active_server): 200 GET http://10.180.1.21/compute/v2.1/servers/0cee1d30-eb9d-4174-9b1c-6d469cbd4993 0.472s
2025-04-28 09:56:24.983 69581 INFO tempest.lib.common.rest_client [req-00ef8982-393f-4c2d-aa82-c328fa09db6b req-00ef8982-393f-4c2d-aa82-c328fa09db6b ] Request (ServersTestFqdnHostnames:tearDownClass): 200 GET http://10.180.1.21/compute/v2.1/servers/9e031523-93b3-43c4-a068-22baf4887e27 0.467s
2025-04-28 09:56:24.990 69578 INFO tempest.lib.common.rest_client [req-ecdbf855-265e-4504-8172-52234b7e90b1 req-ecdbf855-265e-4504-8172-52234b7e90b1 ] Request (ServersAdminNegativeTestJSON:tearDownClass): 200 GET http://10.180.1.21/compute/v2.1/servers/a76e1683-a93e-4493-8ba5-a4931b546f7d 0.464s
2025-04-28 09:56:25.036 69612 INFO tempest.lib.common.rest_client [req-edb4a3e7-25a0-49aa-84da-a5dd53ee711b req-edb4a3e7-25a0-49aa-84da-a5dd53ee711b ] Request (ServerShowV247Test:test_update_rebuild_list_server): 200 GET http://10.180.1.21/compute/v2.1/servers/10282b3a-8a35-496d-9768-113bbd170f79 0.470s
2025-04-28 09:56:25.050 69630 INFO tempest.lib.common.rest_client [req-3be94476-d352-4c84-9183-3a4004644ca0 req-3be94476-d352-4c84-9183-3a4004644ca0 ] Request (ImagesNegativeTestJSON:test_create_image_from_deleted_server): 200 GET http://10.180.1.21/compute/v2.1/servers/b92a40e7-0627-4ef0-96fe-e6372f068e37 0.441s
2025-04-28 09:56:25.093 69600 INFO tempest.lib.common.rest_client [req-c0ff673a-34d3-46b2-8503-8096c233a748 req-c0ff673a-34d3-46b2-8503-8096c233a748 ] Request (SecurityGroupsTestJSON:test_server_security_groups): 200 GET http://10.180.1.21/compute/v2.1/servers/c66e5703-cc8f-436d-87f2-8664229825e5 0.425s
2025-04-28 09:56:25.121 69626 INFO tempest.lib.common.rest_client [req-cb165e50-6bbf-4ac6-a1d2-5dc630838781 req-cb165e50-6bbf-4ac6-a1d2-5dc630838781 ] Request (VolumesAdminNegativeTest:test_update_attached_volume_with_nonexistent_volume_in_uri): 200 GET http://10.180.1.21/compute/v2.1/servers/5a06a3cc-c5dd-4e97-a30b-6720f459aece 0.405s
