2025-04-15 12:14:56.756 69904 INFO tempest.lib.common.dynamic_creds [-] Created isolated network resources for: credentials: Credentials: {'domain_id': 'default', 'domain_name': 'Default', 'username': 'tempest-FloatingIPsTestJSON-347968737-project-member', 'project_domain_id': 'default', 'project_domain_name': 'Default', 'project_id': 'fb0647600a3e46a0880e72121bbff815', 'project_name': 'tempest-FloatingIPsTestJSON-347968737', 'tenant_id': 'fb0647600a3e46a0880e72121bbff815', 'tenant_name': 'tempest-FloatingIPsTestJSON-347968737', 'user_domain_id': 'default', 'user_domain_name': 'Default', 'user_id': '7e72da265c9a4b81a65e0497a1e309cc', 'system': None}, Network: {'id': 'dbd758c4-83de-42f3-8d32-645098eb76ae', 'name': 'tempest-FloatingIPsTestJSON-1749292327-network', 'tenant_id': 'fb0647600a3e46a0880e72121bbff815', 'admin_state_up': True, 'mtu': 8950, 'status': 'ACTIVE', 'subnets': [], 'shared': False, 'project_id': 'fb0647600a3e46a0880e72121bbff815', 'port_security_enabled': True, 'router:external': False, 'provider:network_type': 'vlan', 'provider:physical_network': 'default', 'provider:segmentation_id': 778, 'availability_zone_hints': [], 'availability_zones': [], 'ipv4_address_scope': None, 'ipv6_address_scope': None, 'description': '', 'tags': [], 'created_at': '2025-04-15T12:14:54Z', 'updated_at': '2025-04-15T12:14:54Z', 'revision_number': 1}, Subnet: {'id': '25f85d88-0ce1-4711-b3b3-59402d29e716', 'name': 'tempest-FloatingIPsTestJSON-1749292327-subnet', 'tenant_id': 'fb0647600a3e46a0880e72121bbff815', 'network_id': 'dbd758c4-83de-42f3-8d32-645098eb76ae', 'ip_version': 4, 'subnetpool_id': None, 'enable_dhcp': True, 'ipv6_ra_mode': None, 'ipv6_address_mode': None, 'gateway_ip': '192.168.128.1', 'cidr': '192.168.128.0/28', 'allocation_pools': [{'start': '192.168.128.2', 'end': '192.168.128.14'}], 'host_routes': [], 'dns_nameservers': [], 'description': '', 'router:external': False, 'service_types': [], 'tags': [], 'created_at': '2025-04-15T12:14:54Z', 'updated_at': '2025-04-15T12:14:54Z', 'revision_number': 0, 'project_id': 'fb0647600a3e46a0880e72121bbff815'}, Router: {'id': '0ea5edb9-e240-49b1-8dbf-b4c2eba63dc8', 'name': 'tempest-FloatingIPsTestJSON-1749292327-router', 'tenant_id': 'fb0647600a3e46a0880e72121bbff815', 'admin_state_up': True, 'status': 'ACTIVE', 'external_gateway_info': {'network_id': '04236faf-c74d-4836-9af1-f13905637414', 'external_fixed_ips': [{'subnet_id': 'f9b4f0f8-2e85-44da-a5a4-bed4bbdc5e56', 'ip_address': '10.180.180.208'}], 'enable_snat': True}, 'description': '', 'availability_zones': [], 'distributed': False, 'ha': False, 'availability_zone_hints': [], 'routes': [], 'flavor_id': None, 'tags': [], 'created_at': '2025-04-15T12:14:54Z', 'updated_at': '2025-04-15T12:14:55Z', 'revision_number': 2, 'project_id': 'fb0647600a3e46a0880e72121bbff815'}
2025-04-15 12:14:56.847 69946 INFO tempest.lib.common.rest_client [req-a20a5a1c-f4f8-49a0-b682-dbc33d28b5e0 req-a20a5a1c-f4f8-49a0-b682-dbc33d28b5e0 ] Request (FlavorsAccessNegativeTestJSON:test_flavor_non_admin_remove): 200 POST http://10.180.1.21/compute/v2.1/flavors/450740044/action 1.174s
2025-04-15 12:14:56.866 69904 INFO tempest.lib.common.rest_client [req-c646fd87-29d7-4d78-a569-165a060c9e16 req-c646fd87-29d7-4d78-a569-165a060c9e16 ] Request (FloatingIPsTestJSON:setUpClass): 201 POST http://10.180.1.21/identity/v3/auth/tokens 0.101s
2025-04-15 12:14:56.870 69932 INFO tempest.lib.common.rest_client [req-d305c57b-0044-49b6-b448-aa04b8e48fba req-d305c57b-0044-49b6-b448-aa04b8e48fba ] Request (FloatingIPsAssociationTestJSON:test_associate_already_associated_floating_ip): 202 POST http://10.180.1.21/compute/v2.1/servers 1.386s
2025-04-15 12:14:56.918 69942 INFO tempest.lib.common.rest_client [req-ec0d0295-3a5e-4385-b5ba-d2bc97287648 req-ec0d0295-3a5e-4385-b5ba-d2bc97287648 ] Request (FloatingIPsAssociationNegativeTestJSON:setUpClass): 200 GET http://10.180.1.21/compute/v2.1/servers/58c7418e-6ead-49a3-9b36-a06b2b50bbd7 1.096s
2025-04-15 12:14:56.998 69920 INFO tempest.lib.common.rest_client [req-67c14271-f5ae-499d-aeb5-12191b501422 req-67c14271-f5ae-499d-aeb5-12191b501422 ] Request (ServersAdmin275Test:test_rebuild_update_server_275): 200 GET http://10.180.1.21/compute/v2.1/servers/ac2e4d87-28eb-4d0a-9eca-7e110f4802b1 1.062s
2025-04-15 12:14:57.013 69920 INFO tempest.common.waiters [-] State transition "REBUILD/rebuilding" ==> "REBUILD/rebuild_spawning" after 3 second wait
2025-04-15 12:14:57.068 69913 INFO tempest.lib.common.rest_client [req-87dc1371-53e1-4240-988e-c6bcca59933a req-87dc1371-53e1-4240-988e-c6bcca59933a ] Request (SecurityGroupRulesNegativeTestJSON:test_create_security_group_rule_with_invalid_from_port): 200 POST http://10.180.1.21/compute/v2.1/os-security-groups 1.153s
2025-04-15 12:14:57.257 69930 INFO tempest.lib.common.rest_client [req-5f984abc-3a27-464b-87f3-81a4d194d8df req-5f984abc-3a27-464b-87f3-81a4d194d8df ] Request (SecurityGroupRulesTestJSON:_run_cleanups): 202 DELETE http://10.180.1.21/compute/v2.1/os-security-group-rules/4203180e-6f69-45f6-9182-fe567d0f90b2 1.286s
2025-04-15 12:14:57.270 69926 INFO tempest.lib.common.rest_client [req-5f04dd5c-e1b6-450a-bd2e-047b42aa0fc1 req-5f04dd5c-e1b6-450a-bd2e-047b42aa0fc1 ] Request (KeyPairsV210TestJSON:test_admin_manage_keypairs_for_other_users): 200 GET http://10.180.1.21/compute/v2.1/os-keypairs/tempest-keypair-591125044?user_id=4192657c7e0c48dba025239a021216ec 1.203s
2025-04-15 12:14:57.296 69954 INFO tempest.lib.common.rest_client [req-99d32071-462d-42de-b881-5c364a9b7afe req-99d32071-462d-42de-b881-5c364a9b7afe ] Request (ServerDiagnosticsNegativeTest:test_get_server_diagnostics_by_non_admin): 403 GET http://10.180.1.21/compute/v2.1/servers/25100a8f-aab3-48dd-9971-983dfdc644cf/diagnostics 1.084s
2025-04-15 12:14:57.368 69923 INFO tempest.lib.common.rest_client [req-85413e9e-1b45-4291-84ef-936b2becafd3 req-85413e9e-1b45-4291-84ef-936b2becafd3 ] Request (ServerDiagnosticsTest:test_get_server_diagnostics): 200 GET http://10.180.1.21/compute/v2.1/servers/aa86f0d6-bd53-47e8-908c-64ef9c7739a2 1.153s
2025-04-15 12:14:57.441 69898 INFO tempest.lib.common.rest_client [req-39fc1256-385d-46ab-87a1-dbbf97ecf9a7 req-39fc1256-385d-46ab-87a1-dbbf97ecf9a7 ] Request (ServerTagsTestJSON:_run_cleanups): 204 DELETE http://10.180.1.21/compute/v2.1/servers/b021a0db-b6df-4000-8f62-8d8ee448f1da/tags 1.219s
2025-04-15 12:14:57.446 69914 INFO tempest.lib.common.rest_client [req-4efc5c27-daa9-447f-98f1-555bd8a012bd req-4efc5c27-daa9-447f-98f1-555bd8a012bd ] Request (AggregatesAdminNegativeTestJSON:test_aggregate_delete_as_user): 403 DELETE http://10.180.1.21/compute/v2.1/os-aggregates/5 1.188s
2025-04-15 12:14:57.620 69948 INFO tempest.lib.common.rest_client [req-6bdf22df-5c38-4d62-88a6-4d7025b9ef63 req-6bdf22df-5c38-4d62-88a6-4d7025b9ef63 ] Request (ListServersNegativeTestJSON:setUpClass): 202 POST http://10.180.1.21/compute/v2.1/servers 1.591s
2025-04-15 12:14:57.651 69896 INFO tempest.lib.common.rest_client [req-7771d4a8-baa8-46b0-a7d6-a0fcf6b5e919 req-7771d4a8-baa8-46b0-a7d6-a0fcf6b5e919 ] Request (FlavorsV2TestJSON:test_list_flavors_filter_by_min_disk): 200 GET http://10.180.1.21/compute/v2.1/flavors?minDisk=2 1.169s
2025-04-15 12:14:57.657 69953 INFO tempest.lib.common.rest_client [req-24c49fa3-c94b-4b02-ba8f-766f9edd930c req-24c49fa3-c94b-4b02-ba8f-766f9edd930c ] Request (ServersTestMultiNic:test_verify_duplicate_network_nics): 200 GET http://10.180.1.21/compute/v2.1/servers/a710e4e0-dfdb-4f36-9e1a-357e6939166f 1.285s
2025-04-15 12:14:57.715 69934 INFO tempest.lib.common.rest_client [req-b2f96eb7-4090-4869-90d2-d15269d7920a req-b2f96eb7-4090-4869-90d2-d15269d7920a ] Request (ServerActionsTestJSON:setUpClass): 200 GET http://10.180.1.21/compute/v2.1/servers/8984660d-39da-43c8-b787-f57aec274422 1.199s
2025-04-15 12:14:57.746 69906 INFO tempest.lib.common.rest_client [req-947e6ba0-1952-4926-a30b-330d64c3a15c req-947e6ba0-1952-4926-a30b-330d64c3a15c ] Request (ServicesAdminNegativeTestJSON:test_list_services_with_non_admin_user): 403 GET http://10.180.1.21/compute/v2.1/os-services 1.243s
2025-04-15 12:14:57.754 69950 INFO tempest.lib.common.rest_client [req-5be5a946-9d0f-4118-aa6b-9fc3bb9795df req-5be5a946-9d0f-4118-aa6b-9fc3bb9795df ] Request (KeyPairsV2TestJSON:test_keypairs_create_list_delete): 200 POST http://10.180.1.21/compute/v2.1/os-keypairs 1.219s
2025-04-15 12:14:57.769 69945 INFO tempest.lib.common.rest_client [req-f7612e99-d112-456a-bcfb-91acaa916edb req-f7612e99-d112-456a-bcfb-91acaa916edb ] Request (HostsAdminNegativeTestJSON:test_update_nonexistent_host): 404 PUT http://10.180.1.21/compute/v2.1/os-hosts/nonexistent_hostname 1.210s
2025-04-15 12:14:57.786 69916 INFO tempest.lib.common.rest_client [req-3cb00378-d15f-434f-ba92-aa6c711cbf97 req-3cb00378-d15f-434f-ba92-aa6c711cbf97 ] Request (QuotasAdminTestJSON:test_delete_quota): 202 DELETE http://10.180.1.21/compute/v2.1/os-quota-sets/92b6fe9086dd42cfbf6a30ff2c88e591 1.080s
2025-04-15 12:14:57.799 69908 INFO tempest.lib.common.rest_client [req-b7f86444-1123-4d90-9ed0-82932a013331 req-b7f86444-1123-4d90-9ed0-82932a013331 ] Request (FlavorsAdminTestJSON:test_create_list_flavor_without_extra_data): 200 GET http://10.180.1.21/compute/v2.1/flavors/123619230 1.069s
2025-04-15 12:14:57.804 69946 INFO tempest.lib.common.rest_client [req-1fb2d91b-e6c9-404a-9933-9d63ea6cc38e req-1fb2d91b-e6c9-404a-9933-9d63ea6cc38e ] Request (FlavorsAccessNegativeTestJSON:test_flavor_non_admin_remove): 403 POST http://10.180.1.21/compute/v2.1/flavors/450740044/action 0.955s
2025-04-15 12:14:57.811 69894 INFO tempest.lib.common.rest_client [req-6b78960f-44ab-46de-9530-eac77dc579d4 req-6b78960f-44ab-46de-9530-eac77dc579d4 ] Request (ServerGroupTestJSON:test_create_delete_server_group_with_anti_affinity_policy): 200 POST http://10.180.1.21/compute/v2.1/os-server-groups 1.263s
2025-04-15 12:14:57.835 69906 INFO tempest.lib.common.rest_client [req-c632488b-f61e-4964-93fd-6379a6cdc378 req-c632488b-f61e-4964-93fd-6379a6cdc378 ] Request (ServicesAdminNegativeTestJSON:tearDownClass): 204 DELETE http://10.180.1.21/identity/v3/users/0ce5799dae7349758a84dcdda8a4902f 0.088s
2025-04-15 12:14:57.845 69945 INFO tempest.lib.common.rest_client [req-2424f8af-7743-4d6e-8fe6-3584d15ea4ed req-2424f8af-7743-4d6e-8fe6-3584d15ea4ed ] Request (HostsAdminNegativeTestJSON:tearDownClass): 204 DELETE http://10.180.1.21/identity/v3/users/0da02c000d15440bbba79d56d6e69ba9 0.074s
2025-04-15 12:14:57.862 69924 INFO tempest.lib.common.rest_client [req-7157772f-b873-409c-84e5-30aec5d9da82 req-7157772f-b873-409c-84e5-30aec5d9da82 ] Request (DeleteServersAdminTestJSON:test_admin_delete_servers_of_others): 200 GET http://10.180.1.21/compute/v2.1/servers/e99fc207-9f68-473b-98e2-cac374a7dbf6 1.002s
2025-04-15 12:14:57.921 69932 INFO tempest.lib.common.rest_client [req-33ef2245-43aa-4f77-ad75-771e30fffda7 req-33ef2245-43aa-4f77-ad75-771e30fffda7 ] Request (FloatingIPsAssociationTestJSON:test_associate_already_associated_floating_ip): 200 GET http://10.180.1.21/compute/v2.1/servers/00d85748-2c5b-44bb-891d-cc15b8dbc40a 1.048s
2025-04-15 12:14:57.961 69906 INFO tempest.lib.common.rest_client [req-a6a85420-44cc-4c8f-b6cf-8a192540c6ed req-a6a85420-44cc-4c8f-b6cf-8a192540c6ed ] Request (ServicesAdminNegativeTestJSON:tearDownClass): 204 DELETE http://10.180.1.21/identity/v3/users/19b5fb7a286f41aa90cc162128015ed0 0.124s
2025-04-15 12:14:57.963 69906 INFO tempest.lib.common.dynamic_creds [-] Deleting project and security group for project: 188d06c24f3443458ddb1e61d1123b92
2025-04-15 12:14:57.972 69910 INFO tempest.lib.common.rest_client [req-375e7c5c-f4e7-4388-aaf3-5afc78ae7883 req-375e7c5c-f4e7-4388-aaf3-5afc78ae7883 ] Request (MigrationsAdminTest:test_list_migrations_in_flavor_resize_situation): 200 GET http://10.180.1.21/compute/v2.1/servers/23dfab87-fb78-4861-89ac-acc1530353f1 1.033s
2025-04-15 12:14:58.012 69906 INFO tempest.lib.common.rest_client [req-de000699-68b2-4188-8ca1-d6f5c73c9623 req-de000699-68b2-4188-8ca1-d6f5c73c9623 ] Request (ServicesAdminNegativeTestJSON:tearDownClass): 201 POST http://10.180.1.21/identity/v3/auth/tokens 0.049s
2025-04-15 12:14:58.058 69945 INFO tempest.lib.common.rest_client [req-b488b4c9-780a-4199-8f0d-200fbded0c2c req-b488b4c9-780a-4199-8f0d-200fbded0c2c ] Request (HostsAdminNegativeTestJSON:tearDownClass): 204 DELETE http://10.180.1.21/identity/v3/users/7de5ed9e44c143c1bd8e6585dc56cc3c 0.213s
2025-04-15 12:14:58.058 69945 INFO tempest.lib.common.dynamic_creds [-] Deleting project and security group for project: 55f40e89fb6d4462a1bf68d131ea7e8d
2025-04-15 12:14:58.064 69936 INFO tempest.lib.common.rest_client [req-55e27a97-ec6d-4915-b1a3-aeeddf6efa61 req-55e27a97-ec6d-4915-b1a3-aeeddf6efa61 ] Request (ServersWithSpecificFlavorTestJSON:test_verify_created_server_ephemeral_disk): 200 GET http://10.180.1.21/compute/v2.1/servers/d937e8b6-24b2-480a-b4d1-a67e1e61ca19 1.022s
2025-04-15 12:14:58.120 69913 INFO tempest.lib.common.rest_client [req-ae9a44cf-173b-49bc-ba66-4390cfe6382d req-ae9a44cf-173b-49bc-ba66-4390cfe6382d ] Request (SecurityGroupRulesNegativeTestJSON:test_create_security_group_rule_with_invalid_from_port): 400 POST http://10.180.1.21/compute/v2.1/os-security-group-rules 1.048s
2025-04-15 12:14:58.125 69945 INFO tempest.lib.common.rest_client [req-91d0f576-7773-41b7-b347-070d74516925 req-91d0f576-7773-41b7-b347-070d74516925 ] Request (HostsAdminNegativeTestJSON:tearDownClass): 201 POST http://10.180.1.21/identity/v3/auth/tokens 0.067s
2025-04-15 12:14:58.283 69906 INFO tempest.lib.common.rest_client [req-d2983e87-8e36-46df-9724-0187d721621f req-d2983e87-8e36-46df-9724-0187d721621f ] Request (ServicesAdminNegativeTestJSON:tearDownClass): 200 GET http://10.180.1.21:9696/networking/v2.0/security-groups?tenant_id=188d06c24f3443458ddb1e61d1123b92&name=default 0.271s
2025-04-15 12:14:58.393 69906 INFO tempest.lib.common.rest_client [req-a18bc145-659c-499e-8137-11866055df4d req-a18bc145-659c-499e-8137-11866055df4d ] Request (ServicesAdminNegativeTestJSON:tearDownClass): 204 DELETE http://10.180.1.21:9696/networking/v2.0/security-groups/3793b131-d5d2-4b23-ab66-ea320b1dcffd 0.109s
2025-04-15 12:14:58.418 69930 INFO tempest.lib.common.rest_client [req-2b0ca1e5-5687-4ff9-a83f-dc03acb78bed req-2b0ca1e5-5687-4ff9-a83f-dc03acb78bed ] Request (SecurityGroupRulesTestJSON:tearDownClass): 202 DELETE http://10.180.1.21/compute/v2.1/os-security-groups/cd00fdb6-31f4-4991-897b-10eb249b016b 1.160s
2025-04-15 12:14:58.426 69945 INFO tempest.lib.common.rest_client [req-5f41de99-8ac9-42a2-958c-4baa064ada65 req-5f41de99-8ac9-42a2-958c-4baa064ada65 ] Request (HostsAdminNegativeTestJSON:tearDownClass): 200 GET http://10.180.1.21:9696/networking/v2.0/security-groups?tenant_id=55f40e89fb6d4462a1bf68d131ea7e8d&name=default 0.301s
2025-04-15 12:14:58.473 69926 INFO tempest.lib.common.rest_client [req-c5bd2d75-4f00-4a08-9237-7f4b9df3aa79 req-c5bd2d75-4f00-4a08-9237-7f4b9df3aa79 ] Request (KeyPairsV210TestJSON:test_admin_manage_keypairs_for_other_users): 201 POST http://10.180.1.21/compute/v2.1/os-keypairs 1.200s
2025-04-15 12:14:58.511 69906 INFO tempest.lib.common.rest_client [req-c724d271-454b-4371-b809-185a75e8788c req-c724d271-454b-4371-b809-185a75e8788c ] Request (ServicesAdminNegativeTestJSON:tearDownClass): 204 DELETE http://10.180.1.21/identity/v3/projects/188d06c24f3443458ddb1e61d1123b92 0.117s
2025-04-15 12:14:58.511 69906 INFO tempest.lib.common.dynamic_creds [-] Deleting project and security group for project: 8e4383fe1f644a079dd56488e17c6427
2025-04-15 12:14:58.544 69945 INFO tempest.lib.common.rest_client [req-4227089a-76ff-4f73-b42c-fec2291f731a req-4227089a-76ff-4f73-b42c-fec2291f731a ] Request (HostsAdminNegativeTestJSON:tearDownClass): 204 DELETE http://10.180.1.21:9696/networking/v2.0/security-groups/a0ea7b98-654a-4b1e-8778-be1815b7c6f5 0.117s
2025-04-15 12:14:58.592 69954 INFO tempest.lib.common.rest_client [req-1117397c-5896-4c4e-864c-dd93d5a0fada req-1117397c-5896-4c4e-864c-dd93d5a0fada ] Request (ServerDiagnosticsNegativeTest:tearDownClass): 204 DELETE http://10.180.1.21/compute/v2.1/servers/25100a8f-aab3-48dd-9971-983dfdc644cf 1.294s
2025-04-15 12:14:58.657 69906 INFO tempest.lib.common.rest_client [req-493405a0-0c5d-4a5f-aec1-4a9137e67a62 req-493405a0-0c5d-4a5f-aec1-4a9137e67a62 ] Request (ServicesAdminNegativeTestJSON:tearDownClass): 200 GET http://10.180.1.21:9696/networking/v2.0/security-groups?tenant_id=8e4383fe1f644a079dd56488e17c6427&name=default 0.145s
2025-04-15 12:14:58.681 69945 INFO tempest.lib.common.rest_client [req-d3e05ea9-0d41-4f49-8035-ccdd021b5a6c req-d3e05ea9-0d41-4f49-8035-ccdd021b5a6c ] Request (HostsAdminNegativeTestJSON:tearDownClass): 204 DELETE http://10.180.1.21/identity/v3/projects/55f40e89fb6d4462a1bf68d131ea7e8d 0.136s
2025-04-15 12:14:58.681 69945 INFO tempest.lib.common.dynamic_creds [-] Deleting project and security group for project: 8244e2bba0e64ff3afcac0049fb00218
2025-04-15 12:14:58.726 69904 INFO tempest.lib.common.rest_client [req-78274872-6521-4cb6-b0ae-a76493b6011a req-78274872-6521-4cb6-b0ae-a76493b6011a ] Request (FloatingIPsTestJSON:test_allocate_floating_ip): 200 POST http://10.180.1.21/compute/v2.1/os-floating-ips 1.859s
2025-04-15 12:14:58.758 69900 INFO tempest.lib.common.rest_client [req-8a392521-84e3-4bf4-a15b-5c916310fea3 req-8a392521-84e3-4bf4-a15b-5c916310fea3 ] Request (ImagesOneServerNegativeTestJSON:setUpClass): 200 GET http://10.180.1.21/compute/v2.1/servers/c4c3542a-99d9-43a5-b53a-a6f1a740d378 1.381s
2025-04-15 12:14:58.781 69898 INFO tempest.lib.common.rest_client [req-bb37e9ac-3eba-4351-99a2-20b640687337 req-bb37e9ac-3eba-4351-99a2-20b640687337 ] Request (ServerTagsTestJSON:test_create_delete_tag): 200 GET http://10.180.1.21/compute/v2.1/servers/b021a0db-b6df-4000-8f62-8d8ee448f1da/tags 1.337s
2025-04-15 12:14:58.815 69914 INFO tempest.lib.common.rest_client [req-a0dc9dfa-66f8-4fb2-97c1-fad0efaaa02c req-a0dc9dfa-66f8-4fb2-97c1-fad0efaaa02c ] Request (AggregatesAdminNegativeTestJSON:_run_cleanups): 200 DELETE http://10.180.1.21/compute/v2.1/os-aggregates/5 1.368s
2025-04-15 12:14:58.837 69902 INFO tempest.lib.common.rest_client [req-8cea713f-c973-403a-97a5-efd49f2f9fb0 req-8cea713f-c973-403a-97a5-efd49f2f9fb0 ] Request (VolumesAdminNegativeTest:test_update_attached_volume_with_nonexistent_volume_in_body): 200 GET http://10.180.1.21/compute/v2.1/servers/fd7d990f-44c1-4728-bb22-23f246b9ca11 1.433s
2025-04-15 12:14:58.868 69906 INFO tempest.lib.common.rest_client [req-b87faa1b-a93c-463b-a0c2-16b01dec75e6 req-b87faa1b-a93c-463b-a0c2-16b01dec75e6 ] Request (ServicesAdminNegativeTestJSON:tearDownClass): 204 DELETE http://10.180.1.21:9696/networking/v2.0/security-groups/1dcb268c-a357-4c17-a0c4-59c03d958adb 0.211s
2025-04-15 12:14:58.874 69938 INFO tempest.lib.common.rest_client [req-af4b73f3-365c-4369-a01d-84b99916d500 req-af4b73f3-365c-4369-a01d-84b99916d500 ] Request (ServerRescueNegativeTestJSON:setUpClass): 200 GET http://10.180.1.21/compute/v2.1/servers/40ca4dca-587e-4a1e-aa97-25752a2e322a 1.401s
2025-04-15 12:14:58.887 69945 INFO tempest.lib.common.rest_client [req-0d6f7374-7a00-45dd-8223-66272b7980f6 req-0d6f7374-7a00-45dd-8223-66272b7980f6 ] Request (HostsAdminNegativeTestJSON:tearDownClass): 200 GET http://10.180.1.21:9696/networking/v2.0/security-groups?tenant_id=8244e2bba0e64ff3afcac0049fb00218&name=default 0.205s
2025-04-15 12:14:58.907 69928 INFO tempest.lib.common.rest_client [req-7568cd88-91ac-4fe0-a25d-352e770e3115 req-7568cd88-91ac-4fe0-a25d-352e770e3115 ] Request (ImagesOneServerTestJSON:setUpClass): 200 GET http://10.180.1.21/compute/v2.1/servers/d1f691d5-15f8-4b39-9981-3420e771eaa4 1.430s
2025-04-15 12:14:58.930 69918 INFO tempest.lib.common.rest_client [req-a966f8c9-32e3-4770-a451-ffbc76c4668d req-a966f8c9-32e3-4770-a451-ffbc76c4668d ] Request (VolumesAssistedSnapshotsTest:test_volume_assisted_snapshot_create_delete): 200 GET http://10.180.1.21/compute/v2.1/servers/0e2b3af9-354e-494f-8c25-521e8247325d 1.398s
2025-04-15 12:14:58.943 69918 INFO tempest.common.waiters [-] State transition "BUILD/scheduling" ==> "BUILD/None" after 11 second wait
2025-04-15 12:14:58.977 69906 INFO tempest.lib.common.rest_client [req-3b03de11-2436-4163-bfa0-5b2890794ab6 req-3b03de11-2436-4163-bfa0-5b2890794ab6 ] Request (ServicesAdminNegativeTestJSON:tearDownClass): 204 DELETE http://10.180.1.21/identity/v3/projects/8e4383fe1f644a079dd56488e17c6427 0.108s
2025-04-15 12:14:58.990 69892 INFO tempest.lib.common.rest_client [req-c6506fd2-088d-4b8b-99cb-63ac856f44ff req-c6506fd2-088d-4b8b-99cb-63ac856f44ff ] Request (ServersAdminTestJSON:setUpClass): 200 GET http://10.180.1.21/compute/v2.1/servers/78e0da44-89e0-4ef8-9de1-bd8f3a15cb23 1.353s
2025-04-15 12:14:59.003 69945 INFO tempest.lib.common.rest_client [req-db90e144-d9da-401d-b71e-c39dd5bbdc9c req-db90e144-d9da-401d-b71e-c39dd5bbdc9c ] Request (HostsAdminNegativeTestJSON:tearDownClass): 204 DELETE http://10.180.1.21:9696/networking/v2.0/security-groups/c5ed55d2-9baf-4c8a-9541-77bc11fca2ff 0.116s
2025-04-15 12:14:59.013 69896 INFO tempest.lib.common.rest_client [req-8f782d99-e43d-4065-90f8-714c04d02eaa req-8f782d99-e43d-4065-90f8-714c04d02eaa ] Request (FlavorsV2TestJSON:test_list_flavors_filter_by_min_ram): 200 GET http://10.180.1.21/compute/v2.1/flavors/42 1.352s
2025-04-15 12:14:59.026 69950 INFO tempest.lib.common.rest_client [req-cf39ba06-4e89-47f6-80e7-0f89f8c16259 req-cf39ba06-4e89-47f6-80e7-0f89f8c16259 ] Request (KeyPairsV2TestJSON:test_keypairs_create_list_delete): 200 GET http://10.180.1.21/compute/v2.1/os-keypairs 1.270s
2025-04-15 12:14:59.066 69906 INFO tempest.lib.common.rest_client [req-6b71fbb9-f041-4abf-9c3a-db00bf40b1a3 req-6b71fbb9-f041-4abf-9c3a-db00bf40b1a3 ] Request (SecurityGroupsNegativeTestJSON:setUpClass): 201 POST http://10.180.1.21/identity/v3/auth/tokens 0.087s
2025-04-15 12:14:59.111 69945 INFO tempest.lib.common.rest_client [req-736901f3-5215-45fe-b0a2-858fdf13935c req-736901f3-5215-45fe-b0a2-858fdf13935c ] Request (HostsAdminNegativeTestJSON:tearDownClass): 204 DELETE http://10.180.1.21/identity/v3/projects/8244e2bba0e64ff3afcac0049fb00218 0.107s
2025-04-15 12:14:59.171 69906 INFO tempest.lib.common.rest_client [req-fe102e9a-8499-40c3-8d5e-c475e1121d3b req-fe102e9a-8499-40c3-8d5e-c475e1121d3b ] Request (SecurityGroupsNegativeTestJSON:setUpClass): 201 POST http://10.180.1.21/identity/v3/auth/tokens 0.103s
2025-04-15 12:14:59.199 69945 INFO tempest.lib.common.rest_client [req-aa6cd872-d29f-4f16-949b-2e8d9b30ae15 req-aa6cd872-d29f-4f16-949b-2e8d9b30ae15 ] Request (ServerExternalEventsTest:setUpClass): 201 POST http://10.180.1.21/identity/v3/auth/tokens 0.086s
2025-04-15 12:14:59.202 69948 INFO tempest.lib.common.rest_client [req-acb6b83f-10db-47a1-9388-4dc325c6f8e1 req-acb6b83f-10db-47a1-9388-4dc325c6f8e1 ] Request (ListServersNegativeTestJSON:setUpClass): 200 GET http://10.180.1.21/compute/v2.1/servers 1.580s
2025-04-15 12:14:59.225 69906 INFO tempest.lib.common.rest_client [req-a9227cf9-7f21-481d-a9aa-d782b2e21047 req-a9227cf9-7f21-481d-a9aa-d782b2e21047 ] Request (SecurityGroupsNegativeTestJSON:setUpClass): 200 GET http://10.180.1.21/identity/v3/domains?name=Default 0.053s
2025-04-15 12:14:59.232 69916 INFO tempest.lib.common.rest_client [req-2e16008a-2b9b-4359-8cc3-ae1f17576a6f req-2e16008a-2b9b-4359-8cc3-ae1f17576a6f ] Request (QuotasAdminTestJSON:test_delete_quota): 200 GET http://10.180.1.21/compute/v2.1/os-quota-sets/92b6fe9086dd42cfbf6a30ff2c88e591 1.445s
2025-04-15 12:14:59.251 69945 INFO tempest.lib.common.rest_client [req-7baa0d39-558d-4a91-aebf-a8f2b569bc90 req-7baa0d39-558d-4a91-aebf-a8f2b569bc90 ] Request (ServerExternalEventsTest:setUpClass): 201 POST http://10.180.1.21/identity/v3/auth/tokens 0.046s
2025-04-15 12:14:59.279 69906 INFO tempest.lib.common.rest_client [req-07cfce31-9f95-49f1-b217-25f0e0d7fb98 req-07cfce31-9f95-49f1-b217-25f0e0d7fb98 ] Request (SecurityGroupsNegativeTestJSON:setUpClass): 201 POST http://10.180.1.21/identity/v3/projects 0.053s
2025-04-15 12:14:59.346 69908 INFO tempest.lib.common.rest_client [req-f2cc15b1-9876-4c14-8494-3dc2f1ded1f8 req-f2cc15b1-9876-4c14-8494-3dc2f1ded1f8 ] Request (FlavorsAdminTestJSON:test_create_list_flavor_without_extra_data): 200 GET http://10.180.1.21/compute/v2.1/flavors/detail 1.544s
2025-04-15 12:14:59.379 69894 INFO tempest.lib.common.rest_client [req-370539a6-89bd-404e-9e50-d0f0b415700e req-370539a6-89bd-404e-9e50-d0f0b415700e ] Request (ServerGroupTestJSON:test_create_delete_server_group_with_anti_affinity_policy): 204 DELETE http://10.180.1.21/compute/v2.1/os-server-groups/c10a470e-d66b-4696-a0d8-7ad186f0585a 1.565s
2025-04-15 12:14:59.390 69916 INFO tempest.lib.common.rest_client [req-ecc48bc2-cbcf-4ccc-af6c-20610ca2a913 req-ecc48bc2-cbcf-4ccc-af6c-20610ca2a913 ] Request (QuotasAdminTestJSON:_run_cleanups): 204 DELETE http://10.180.1.21/identity/v3/projects/92b6fe9086dd42cfbf6a30ff2c88e591 0.155s
2025-04-15 12:14:59.428 69945 INFO tempest.lib.common.rest_client [req-2d4cf928-6f22-470a-9628-9fed519928a4 req-2d4cf928-6f22-470a-9628-9fed519928a4 ] Request (ServerExternalEventsTest:setUpClass): 200 GET http://10.180.1.21/identity/v3/domains?name=Default 0.177s
2025-04-15 12:14:59.467 69906 INFO tempest.lib.common.rest_client [req-f486baca-7cb4-4575-87b6-12fa02fd2f90 req-f486baca-7cb4-4575-87b6-12fa02fd2f90 ] Request (SecurityGroupsNegativeTestJSON:setUpClass): 201 POST http://10.180.1.21/identity/v3/users 0.187s
2025-04-15 12:14:59.477 69942 INFO tempest.lib.common.rest_client [req-826cf34a-1fb9-4c76-b997-e4bd2464018c req-826cf34a-1fb9-4c76-b997-e4bd2464018c ] Request (FloatingIPsAssociationNegativeTestJSON:setUpClass): 200 GET http://10.180.1.21/compute/v2.1/servers/58c7418e-6ead-49a3-9b36-a06b2b50bbd7 1.549s
2025-04-15 12:14:59.500 69945 INFO tempest.lib.common.rest_client [req-2416c475-8e36-4ee2-a0f4-ac60bbdc5ab2 req-2416c475-8e36-4ee2-a0f4-ac60bbdc5ab2 ] Request (ServerExternalEventsTest:setUpClass): 201 POST http://10.180.1.21/identity/v3/projects 0.071s
2025-04-15 12:14:59.546 69920 INFO tempest.lib.common.rest_client [req-0a3586c6-04c4-43a6-ac0a-39bdab3a6080 req-0a3586c6-04c4-43a6-ac0a-39bdab3a6080 ] Request (ServersAdmin275Test:test_rebuild_update_server_275): 200 GET http://10.180.1.21/compute/v2.1/servers/ac2e4d87-28eb-4d0a-9eca-7e110f4802b1 1.530s
2025-04-15 12:14:59.552 69913 INFO tempest.lib.common.rest_client [req-3ac9a2dd-0a6b-4bf2-8ab5-3c809af053f3 req-3ac9a2dd-0a6b-4bf2-8ab5-3c809af053f3 ] Request (SecurityGroupRulesNegativeTestJSON:test_create_security_group_rule_with_invalid_id): 400 POST http://10.180.1.21/compute/v2.1/os-security-group-rules 1.430s
2025-04-15 12:14:59.553 69906 INFO tempest.lib.common.rest_client [req-1261f010-4ae6-41b6-b1aa-e31e0c79b81d req-1261f010-4ae6-41b6-b1aa-e31e0c79b81d ] Request (SecurityGroupsNegativeTestJSON:setUpClass): 200 GET http://10.180.1.21/identity/v3/roles 0.085s
2025-04-15 12:14:59.575 69945 INFO tempest.lib.common.rest_client [req-64e8ea9e-6064-411e-a0ab-39ba3f17392d req-64e8ea9e-6064-411e-a0ab-39ba3f17392d ] Request (ServerExternalEventsTest:setUpClass): 201 POST http://10.180.1.21/identity/v3/users 0.075s
2025-04-15 12:14:59.596 69946 INFO tempest.lib.common.rest_client [req-b9c762be-f4be-434d-9b60-c28631f3fa3e req-b9c762be-f4be-434d-9b60-c28631f3fa3e ] Request (FlavorsAccessNegativeTestJSON:_run_cleanups): 200 POST http://10.180.1.21/compute/v2.1/flavors/450740044/action 1.792s
2025-04-15 12:14:59.599 69945 INFO tempest.lib.common.rest_client [req-5997fc3b-f853-4edf-b149-45cb7855281a req-5997fc3b-f853-4edf-b149-45cb7855281a ] Request (ServerExternalEventsTest:setUpClass): 200 GET http://10.180.1.21/identity/v3/roles 0.024s
2025-04-15 12:14:59.603 69906 INFO tempest.lib.common.rest_client [req-8d5551e2-3e96-4476-8ab1-517dff724f9d req-8d5551e2-3e96-4476-8ab1-517dff724f9d ] Request (SecurityGroupsNegativeTestJSON:setUpClass): 204 PUT http://10.180.1.21/identity/v3/projects/430e38b3028d4071a528dc5e87d24d8d/users/764050e8f15f43fe812b153b282d6af5/roles/2b9c255475244d3998f24f0dde3774cb 0.050s
2025-04-15 12:14:59.603 69906 INFO tempest.lib.common.dynamic_creds [-] Dynamic test user 764050e8f15f43fe812b153b282d6af5 is created with scope project and roles: ['member']
2025-04-15 12:14:59.603 69906 INFO tempest.lib.common.dynamic_creds [-] Acquired dynamic creds: credentials: Credentials: {'domain_id': 'default', 'domain_name': 'Default', 'username': 'tempest-SecurityGroupsNegativeTestJSON-204016910-project-member', 'project_domain_id': 'default', 'project_domain_name': 'Default', 'project_id': '430e38b3028d4071a528dc5e87d24d8d', 'project_name': 'tempest-SecurityGroupsNegativeTestJSON-204016910', 'tenant_id': '430e38b3028d4071a528dc5e87d24d8d', 'tenant_name': 'tempest-SecurityGroupsNegativeTestJSON-204016910', 'user_domain_id': 'default', 'user_domain_name': 'Default', 'user_id': '764050e8f15f43fe812b153b282d6af5', 'system': None}, Network: None, Subnet: None, Router: None
2025-04-15 12:14:59.628 69923 INFO tempest.lib.common.rest_client [req-b7b41346-2d21-4bf4-81d2-b84a63806406 req-b7b41346-2d21-4bf4-81d2-b84a63806406 ] Request (ServerDiagnosticsTest:test_get_server_diagnostics): 200 GET http://10.180.1.21/compute/v2.1/servers/aa86f0d6-bd53-47e8-908c-64ef9c7739a2 1.246s
2025-04-15 12:14:59.649 69930 INFO tempest.lib.common.rest_client [req-ad015f2a-42ce-4e65-88fc-8e4d9caa2a2b req-ad015f2a-42ce-4e65-88fc-8e4d9caa2a2b ] Request (SecurityGroupRulesTestJSON:tearDownClass): 404 DELETE http://10.180.1.21/compute/v2.1/os-security-groups/029901b0-00fc-4bbd-a8e9-7205cac4611a 1.231s
2025-04-15 12:14:59.660 69926 INFO tempest.lib.common.rest_client [req-3e4bdf13-fcaa-451c-b701-2436db1d9fb6 req-3e4bdf13-fcaa-451c-b701-2436db1d9fb6 ] Request (KeyPairsV210TestJSON:test_admin_manage_keypairs_for_other_users): 200 GET http://10.180.1.21/compute/v2.1/os-keypairs?user_id=4192657c7e0c48dba025239a021216ec 1.185s
2025-04-15 12:14:59.669 69906 INFO tempest.lib.common.rest_client [req-f51654fe-4b2f-4e9e-ae4e-fc93a76f8f57 req-f51654fe-4b2f-4e9e-ae4e-fc93a76f8f57 ] Request (SecurityGroupsNegativeTestJSON:setUpClass): 201 POST http://10.180.1.21/identity/v3/auth/tokens 0.065s
2025-04-15 12:14:59.672 69945 INFO tempest.lib.common.rest_client [req-f1a6d015-7599-4089-aff9-60353f8c0dac req-f1a6d015-7599-4089-aff9-60353f8c0dac ] Request (ServerExternalEventsTest:setUpClass): 204 PUT http://10.180.1.21/identity/v3/projects/2edbcad68ef04cda8b7235f15aa0d2c1/users/a7a0623619394eada834dc1de226662d/roles/2b9c255475244d3998f24f0dde3774cb 0.072s
2025-04-15 12:14:59.672 69945 INFO tempest.lib.common.dynamic_creds [-] Dynamic test user a7a0623619394eada834dc1de226662d is created with scope project and roles: ['member']
2025-04-15 12:14:59.672 69945 INFO tempest.lib.common.dynamic_creds [-] Acquired dynamic creds: credentials: Credentials: {'domain_id': 'default', 'domain_name': 'Default', 'username': 'tempest-ServerExternalEventsTest-1495923919-project-member', 'project_domain_id': 'default', 'project_domain_name': 'Default', 'project_id': '2edbcad68ef04cda8b7235f15aa0d2c1', 'project_name': 'tempest-ServerExternalEventsTest-1495923919', 'tenant_id': '2edbcad68ef04cda8b7235f15aa0d2c1', 'tenant_name': 'tempest-ServerExternalEventsTest-1495923919', 'user_domain_id': 'default', 'user_domain_name': 'Default', 'user_id': 'a7a0623619394eada834dc1de226662d', 'system': None}, Network: None, Subnet: None, Router: None
2025-04-15 12:14:59.672 69945 INFO tempest.lib.common.dynamic_creds [-] Created isolated network resources for: credentials: Credentials: {'domain_id': 'default', 'domain_name': 'Default', 'username': 'tempest-ServerExternalEventsTest-1495923919-project-member', 'project_domain_id': 'default', 'project_domain_name': 'Default', 'project_id': '2edbcad68ef04cda8b7235f15aa0d2c1', 'project_name': 'tempest-ServerExternalEventsTest-1495923919', 'tenant_id': '2edbcad68ef04cda8b7235f15aa0d2c1', 'tenant_name': 'tempest-ServerExternalEventsTest-1495923919', 'user_domain_id': 'default', 'user_domain_name': 'Default', 'user_id': 'a7a0623619394eada834dc1de226662d', 'system': None}, Network: None, Subnet: None, Router: None
2025-04-15 12:14:59.745 69945 INFO tempest.lib.common.rest_client [req-2a31007a-d71d-4532-b01d-d7c8e65f7222 req-2a31007a-d71d-4532-b01d-d7c8e65f7222 ] Request (ServerExternalEventsTest:setUpClass): 201 POST http://10.180.1.21/identity/v3/auth/tokens 0.070s
2025-04-15 12:14:59.769 69954 INFO tempest.lib.common.rest_client [req-7b1a0df3-3261-4ea6-9171-506c45eef239 req-7b1a0df3-3261-4ea6-9171-506c45eef239 ] Request (ServerDiagnosticsNegativeTest:tearDownClass): 200 GET http://10.180.1.21/compute/v2.1/servers/25100a8f-aab3-48dd-9971-983dfdc644cf 1.177s
2025-04-15 12:14:59.821 69945 INFO tempest.lib.common.rest_client [req-b1ce320b-bf9f-4fa1-81db-6850897e9d03 req-b1ce320b-bf9f-4fa1-81db-6850897e9d03 ] Request (ServerExternalEventsTest:setUpClass): 201 POST http://10.180.1.21/identity/v3/projects 0.075s
2025-04-15 12:14:59.885 69945 INFO tempest.lib.common.rest_client [req-5a5076f2-7378-4eaa-876c-52a05ec791e6 req-5a5076f2-7378-4eaa-876c-52a05ec791e6 ] Request (ServerExternalEventsTest:setUpClass): 201 POST http://10.180.1.21/identity/v3/users 0.063s
2025-04-15 12:14:59.909 69945 INFO tempest.lib.common.rest_client [req-9e3ae135-6b43-4e57-8c43-dacd79f7d814 req-9e3ae135-6b43-4e57-8c43-dacd79f7d814 ] Request (ServerExternalEventsTest:setUpClass): 200 GET http://10.180.1.21/identity/v3/roles 0.023s
2025-04-15 12:14:59.920 69953 INFO tempest.lib.common.rest_client [req-01cc01e7-814f-4234-a7b6-97b0081e0d41 req-01cc01e7-814f-4234-a7b6-97b0081e0d41 ] Request (ServersTestMultiNic:test_verify_duplicate_network_nics): 200 GET http://10.180.1.21/compute/v2.1/servers/a710e4e0-dfdb-4f36-9e1a-357e6939166f 1.254s
2025-04-15 12:14:59.944 69945 INFO tempest.lib.common.rest_client [req-762e5754-ceab-4317-9aaa-93566ac955cb req-762e5754-ceab-4317-9aaa-93566ac955cb ] Request (ServerExternalEventsTest:setUpClass): 204 PUT http://10.180.1.21/identity/v3/projects/a900095fd55f49fca6819aa0b28235b5/users/4e3a6f2b86ea454d9651b9e80f407b6e/roles/a5e7215ba9584bec843cb2ba94f7a26d 0.035s
2025-04-15 12:15:00.003 69945 INFO tempest.lib.common.rest_client [req-83557630-7640-4866-b4f0-9c840c679e94 req-83557630-7640-4866-b4f0-9c840c679e94 ] Request (ServerExternalEventsTest:setUpClass): 200 GET http://10.180.1.21/identity/v3/roles 0.057s
2025-04-15 12:15:00.029 69945 INFO tempest.lib.common.rest_client [req-2b0069ef-4006-4f9a-bb7d-04496b85dec2 req-2b0069ef-4006-4f9a-bb7d-04496b85dec2 ] Request (ServerExternalEventsTest:setUpClass): 204 PUT http://10.180.1.21/identity/v3/projects/a900095fd55f49fca6819aa0b28235b5/users/4e3a6f2b86ea454d9651b9e80f407b6e/roles/a5e7215ba9584bec843cb2ba94f7a26d 0.025s
2025-04-15 12:15:00.029 69945 INFO tempest.lib.common.dynamic_creds [-] Dynamic test user 4e3a6f2b86ea454d9651b9e80f407b6e is created with scope project and roles: ['admin']
2025-04-15 12:15:00.029 69945 INFO tempest.lib.common.dynamic_creds [-] Acquired dynamic creds: credentials: Credentials: {'domain_id': 'default', 'domain_name': 'Default', 'username': 'tempest-ServerExternalEventsTest-1166941087-project-admin', 'project_domain_id': 'default', 'project_domain_name': 'Default', 'project_id': 'a900095fd55f49fca6819aa0b28235b5', 'project_name': 'tempest-ServerExternalEventsTest-1166941087', 'tenant_id': 'a900095fd55f49fca6819aa0b28235b5', 'tenant_name': 'tempest-ServerExternalEventsTest-1166941087', 'user_domain_id': 'default', 'user_domain_name': 'Default', 'user_id': '4e3a6f2b86ea454d9651b9e80f407b6e', 'system': None}, Network: None, Subnet: None, Router: None
2025-04-15 12:15:00.029 69945 INFO tempest.lib.common.dynamic_creds [-] Created isolated network resources for: credentials: Credentials: {'domain_id': 'default', 'domain_name': 'Default', 'username': 'tempest-ServerExternalEventsTest-1166941087-project-admin', 'project_domain_id': 'default', 'project_domain_name': 'Default', 'project_id': 'a900095fd55f49fca6819aa0b28235b5', 'project_name': 'tempest-ServerExternalEventsTest-1166941087', 'tenant_id': 'a900095fd55f49fca6819aa0b28235b5', 'tenant_name': 'tempest-ServerExternalEventsTest-1166941087', 'user_domain_id': 'default', 'user_domain_name': 'Default', 'user_id': '4e3a6f2b86ea454d9651b9e80f407b6e', 'system': None}, Network: None, Subnet: None, Router: None
2025-04-15 12:15:00.069 69904 INFO tempest.lib.common.rest_client [req-03e64ec7-f3f6-4293-a8ad-99478929374e req-03e64ec7-f3f6-4293-a8ad-99478929374e ] Request (FloatingIPsTestJSON:test_allocate_floating_ip): 200 GET http://10.180.1.21/compute/v2.1/os-floating-ips/a338f266-92c1-4349-982c-de3ac5c6d2b2 1.340s
2025-04-15 12:15:00.107 69945 INFO tempest.lib.common.rest_client [req-91cb6173-19d0-4666-adbf-bd7829da5c18 req-91cb6173-19d0-4666-adbf-bd7829da5c18 ] Request (ServerExternalEventsTest:setUpClass): 201 POST http://10.180.1.21/identity/v3/auth/tokens 0.075s
2025-04-15 12:15:00.108 69906 INFO tempest.lib.common.rest_client [req-03d7f448-f3cd-4af5-ac16-d9ba0611c698 req-03d7f448-f3cd-4af5-ac16-d9ba0611c698 ] Request (SecurityGroupsNegativeTestJSON:setUpClass): 201 POST http://10.180.1.21:9696/networking/v2.0/networks 0.439s
2025-04-15 12:15:00.128 69934 INFO tempest.lib.common.rest_client [req-10c5c86c-1915-4ae8-a8f8-5101002fc2a6 req-10c5c86c-1915-4ae8-a8f8-5101002fc2a6 ] Request (ServerActionsTestJSON:setUpClass): 200 GET http://10.180.1.21/compute/v2.1/servers/8984660d-39da-43c8-b787-f57aec274422 1.399s
2025-04-15 12:15:00.134 69940 INFO tempest.lib.common.rest_client [req-41187178-5d94-4369-8af5-581ef55c607b req-41187178-5d94-4369-8af5-581ef55c607b ] Request (ServerDiagnosticsV248Test:test_get_server_diagnostics): 200 GET http://10.180.1.21/compute/v2.1/servers/0007c873-9bde-4617-8fab-e9e45b65f920/diagnostics 1.744s
2025-04-15 12:15:00.151 69914 INFO tempest.lib.common.rest_client [req-cf953cde-baef-4724-be9c-65137c8c5bf7 req-cf953cde-baef-4724-be9c-65137c8c5bf7 ] Request (AggregatesAdminNegativeTestJSON:test_aggregate_delete_with_invalid_id): 404 DELETE http://10.180.1.21/compute/v2.1/os-aggregates/-1 1.335s
2025-04-15 12:15:00.174 69945 INFO tempest.lib.common.rest_client [req-812a28f8-681b-416c-a382-940167f66c3e req-812a28f8-681b-416c-a382-940167f66c3e ] Request (ServerExternalEventsTest:setUpClass): 201 POST http://10.180.1.21/identity/v3/projects 0.066s
2025-04-15 12:15:00.234 69924 INFO tempest.lib.common.rest_client [req-7902bbbe-fbb5-4ed9-9a03-8877033f769a req-7902bbbe-fbb5-4ed9-9a03-8877033f769a ] Request (DeleteServersAdminTestJSON:test_admin_delete_servers_of_others): 200 GET http://10.180.1.21/compute/v2.1/servers/e99fc207-9f68-473b-98e2-cac374a7dbf6 1.356s
2025-04-15 12:15:00.247 69945 INFO tempest.lib.common.rest_client [req-37efd33b-3efb-414a-9fbb-53001bfa6149 req-37efd33b-3efb-414a-9fbb-53001bfa6149 ] Request (ServerExternalEventsTest:setUpClass): 201 POST http://10.180.1.21/identity/v3/users 0.072s
2025-04-15 12:15:00.258 69898 INFO tempest.lib.common.rest_client [req-2f915657-36a6-4687-9585-23669a72bc3a req-2f915657-36a6-4687-9585-23669a72bc3a ] Request (ServerTagsTestJSON:test_create_delete_tag): 201 PUT http://10.180.1.21/compute/v2.1/servers/b021a0db-b6df-4000-8f62-8d8ee448f1da/tags/tempest-tag-723642334 1.476s
2025-04-15 12:15:00.272 69945 INFO tempest.lib.common.rest_client [req-5fd9e448-cb90-4065-a8f0-1ec4cf70f24d req-5fd9e448-cb90-4065-a8f0-1ec4cf70f24d ] Request (ServerExternalEventsTest:setUpClass): 200 GET http://10.180.1.21/identity/v3/roles 0.024s
2025-04-15 12:15:00.295 69906 INFO tempest.lib.common.rest_client [req-1f866767-373f-4cd6-9053-83a9fa098c7e req-1f866767-373f-4cd6-9053-83a9fa098c7e ] Request (SecurityGroupsNegativeTestJSON:setUpClass): 201 POST http://10.180.1.21:9696/networking/v2.0/subnets 0.186s
2025-04-15 12:15:00.305 69932 INFO tempest.lib.common.rest_client [req-117de4fe-a301-4075-943b-354d3dd5aea0 req-117de4fe-a301-4075-943b-354d3dd5aea0 ] Request (FloatingIPsAssociationTestJSON:test_associate_already_associated_floating_ip): 200 GET http://10.180.1.21/compute/v2.1/servers/00d85748-2c5b-44bb-891d-cc15b8dbc40a 1.372s
2025-04-15 12:15:00.305 69945 INFO tempest.lib.common.rest_client [req-4f566b16-fd88-4ddb-b39c-6e27f8d92dab req-4f566b16-fd88-4ddb-b39c-6e27f8d92dab ] Request (ServerExternalEventsTest:setUpClass): 204 PUT http://10.180.1.21/identity/v3/projects/d6b9e526a93640c7afb7133f64aea4a5/users/0e9951928d1c4933aa097057a7f83d92/roles/a5e7215ba9584bec843cb2ba94f7a26d 0.033s
2025-04-15 12:15:00.327 69910 INFO tempest.lib.common.rest_client [req-606a7281-351f-4130-af60-9156cbaddcef req-606a7281-351f-4130-af60-9156cbaddcef ] Request (MigrationsAdminTest:test_list_migrations_in_flavor_resize_situation): 200 GET http://10.180.1.21/compute/v2.1/servers/23dfab87-fb78-4861-89ac-acc1530353f1 1.345s
2025-04-15 12:15:00.349 69896 INFO tempest.lib.common.rest_client [req-e5217e50-abfc-49d6-aadb-b4ff9c22c8e0 req-e5217e50-abfc-49d6-aadb-b4ff9c22c8e0 ] Request (FlavorsV2TestJSON:test_list_flavors_filter_by_min_ram): 200 GET http://10.180.1.21/compute/v2.1/flavors?minRam=193 1.334s
2025-04-15 12:15:00.351 69950 INFO tempest.lib.common.rest_client [req-ec71e415-29b4-4331-add4-6da06c7ae0b3 req-ec71e415-29b4-4331-add4-6da06c7ae0b3 ] Request (KeyPairsV2TestJSON:_run_cleanups): 202 DELETE http://10.180.1.21/compute/v2.1/os-keypairs/tempest-KeyPairsV2TestJSON-keypair-269502025 1.323s
2025-04-15 12:15:00.384 69945 INFO tempest.lib.common.rest_client [req-3419a2a1-8b3d-4bda-8603-3561ba38446e req-3419a2a1-8b3d-4bda-8603-3561ba38446e ] Request (ServerExternalEventsTest:setUpClass): 200 GET http://10.180.1.21/identity/v3/roles 0.077s
2025-04-15 12:15:00.421 69948 INFO tempest.lib.common.rest_client [req-70308460-7c23-4c63-9317-2b93d732371f req-70308460-7c23-4c63-9317-2b93d732371f ] Request (ListServersNegativeTestJSON:setUpClass): 200 GET http://10.180.1.21/compute/v2.1/servers/3f1e0612-ce15-441a-8c68-6d5aba1d4484 1.215s
2025-04-15 12:15:00.422 69945 INFO tempest.lib.common.rest_client [req-5046718a-fcb3-4c9c-9ac6-5e4e4c73f117 req-5046718a-fcb3-4c9c-9ac6-5e4e4c73f117 ] Request (ServerExternalEventsTest:setUpClass): 204 PUT http://10.180.1.21/identity/v3/projects/d6b9e526a93640c7afb7133f64aea4a5/users/0e9951928d1c4933aa097057a7f83d92/roles/a9ca09a48f404112bca9eb134b1278f3 0.037s
2025-04-15 12:15:00.422 69945 INFO tempest.lib.common.dynamic_creds [-] Dynamic test user 0e9951928d1c4933aa097057a7f83d92 is created with scope project and roles: ['admin', 'service']
2025-04-15 12:15:00.422 69945 INFO tempest.lib.common.dynamic_creds [-] Acquired dynamic creds: credentials: Credentials: {'domain_id': 'default', 'domain_name': 'Default', 'username': 'tempest-ServerExternalEventsTest-1255353654-project', 'project_domain_id': 'default', 'project_domain_name': 'Default', 'project_id': 'd6b9e526a93640c7afb7133f64aea4a5', 'project_name': 'tempest-ServerExternalEventsTest-1255353654', 'tenant_id': 'd6b9e526a93640c7afb7133f64aea4a5', 'tenant_name': 'tempest-ServerExternalEventsTest-1255353654', 'user_domain_id': 'default', 'user_domain_name': 'Default', 'user_id': '0e9951928d1c4933aa097057a7f83d92', 'system': None}, Network: None, Subnet: None, Router: None
2025-04-15 12:15:00.422 69945 INFO tempest.lib.common.dynamic_creds [-] Created isolated network resources for: credentials: Credentials: {'domain_id': 'default', 'domain_name': 'Default', 'username': 'tempest-ServerExternalEventsTest-1255353654-project', 'project_domain_id': 'default', 'project_domain_name': 'Default', 'project_id': 'd6b9e526a93640c7afb7133f64aea4a5', 'project_name': 'tempest-ServerExternalEventsTest-1255353654', 'tenant_id': 'd6b9e526a93640c7afb7133f64aea4a5', 'tenant_name': 'tempest-ServerExternalEventsTest-1255353654', 'user_domain_id': 'default', 'user_domain_name': 'Default', 'user_id': '0e9951928d1c4933aa097057a7f83d92', 'system': None}, Network: None, Subnet: None, Router: None
2025-04-15 12:15:00.432 69936 INFO tempest.lib.common.rest_client [req-b1daf058-da5a-4b8e-b4b1-ef176f5d14e3 req-b1daf058-da5a-4b8e-b4b1-ef176f5d14e3 ] Request (ServersWithSpecificFlavorTestJSON:test_verify_created_server_ephemeral_disk): 200 GET http://10.180.1.21/compute/v2.1/servers/d937e8b6-24b2-480a-b4d1-a67e1e61ca19 1.357s
2025-04-15 12:15:00.442 69894 INFO tempest.lib.common.rest_client [req-762c6e25-1e3e-4995-85e3-e0e7ed01c980 req-762c6e25-1e3e-4995-85e3-e0e7ed01c980 ] Request (ServerGroupTestJSON:test_create_delete_server_group_with_anti_affinity_policy): 200 GET http://10.180.1.21/compute/v2.1/os-server-groups 1.063s
2025-04-15 12:15:00.445 69908 INFO tempest.lib.common.rest_client [req-f384bdcc-4755-4462-8f8a-936876f75e85 req-f384bdcc-4755-4462-8f8a-936876f75e85 ] Request (FlavorsAdminTestJSON:_run_cleanups): 202 DELETE http://10.180.1.21/compute/v2.1/flavors/123619230 1.092s
2025-04-15 12:15:00.520 69894 INFO tempest.lib.common.rest_client [req-4d72bfad-c06d-46c2-b2db-cb34715aa7df req-4d72bfad-c06d-46c2-b2db-cb34715aa7df ] Request (ServerGroupTestJSON:test_create_server_with_scheduler_hint_group): 201 POST http://10.180.1.21/identity/v3/auth/tokens 0.071s
2025-04-15 12:15:00.520 69894 INFO tempest.lib.common.fixed_network [-] (ServerGroupTestJSON:test_create_server_with_scheduler_hint_group) Found network {'id': '5f036f70-e1b1-4a2d-9da8-b9839b67f2d7', 'name': 'tempest-ServerGroupTestJSON-923053573-network', 'tenant_id': 'd8c45e388f14488ab5dc5598b18c3387', 'admin_state_up': True, 'mtu': 8950, 'status': 'ACTIVE', 'subnets': [], 'shared': False, 'project_id': 'd8c45e388f14488ab5dc5598b18c3387', 'port_security_enabled': True, 'router:external': False, 'provider:network_type': 'vlan', 'provider:physical_network': 'default', 'provider:segmentation_id': 172, 'availability_zone_hints': [], 'availability_zones': [], 'ipv4_address_scope': None, 'ipv6_address_scope': None, 'description': '', 'tags': [], 'created_at': '2025-04-15T12:14:37Z', 'updated_at': '2025-04-15T12:14:37Z', 'revision_number': 1} available for tenant
2025-04-15 12:15:00.544 69945 INFO tempest.lib.common.rest_client [req-4c5cd67e-5e94-445b-b790-5dc55c7aace2 req-4c5cd67e-5e94-445b-b790-5dc55c7aace2 ] Request (ServerExternalEventsTest:setUpClass): 201 POST http://10.180.1.21/identity/v3/auth/tokens 0.117s
2025-04-15 12:15:00.622 69945 INFO tempest.lib.common.rest_client [req-5fc2e6ba-a506-4865-9324-d850c521fb9c req-5fc2e6ba-a506-4865-9324-d850c521fb9c ] Request (ServerExternalEventsTest:test_create_server_external_events): 201 POST http://10.180.1.21/identity/v3/auth/tokens 0.073s
2025-04-15 12:15:00.622 69945 INFO tempest.lib.common.fixed_network [-] (ServerExternalEventsTest:test_create_server_external_events) Found network None available for tenant
2025-04-15 12:15:00.638 69913 INFO tempest.lib.common.rest_client [req-085296ac-2597-429c-b21e-ce3c12fe1085 req-085296ac-2597-429c-b21e-ce3c12fe1085 ] Request (SecurityGroupRulesNegativeTestJSON:test_create_security_group_rule_with_invalid_ip_protocol): 200 POST http://10.180.1.21/compute/v2.1/os-security-groups 1.084s
2025-04-15 12:15:00.656 69946 INFO tempest.lib.common.rest_client [req-e4e82339-3101-4f56-9cdb-819e0a5a23c5 req-e4e82339-3101-4f56-9cdb-819e0a5a23c5 ] Request (FlavorsAccessNegativeTestJSON:_run_cleanups): 202 DELETE http://10.180.1.21/compute/v2.1/flavors/450740044 1.059s
2025-04-15 12:15:00.665 69916 INFO tempest.lib.common.rest_client [req-1b98ee86-4085-4521-83dd-b7c317ba7d85 req-1b98ee86-4085-4521-83dd-b7c317ba7d85 ] Request (QuotasAdminTestJSON:test_get_default_quotas): 200 GET http://10.180.1.21/compute/v2.1/os-quota-sets/74c880f7365944dcaf9df4d25edcc4b1/defaults 1.273s
2025-04-15 12:15:00.687 69926 INFO tempest.lib.common.rest_client [req-9afd4dc6-54d1-4722-8da1-963c0f3700d4 req-9afd4dc6-54d1-4722-8da1-963c0f3700d4 ] Request (KeyPairsV210TestJSON:_run_cleanups): 204 DELETE http://10.180.1.21/compute/v2.1/os-keypairs/tempest-KeyPairsV210TestJSON-keypair-1605990944 1.026s
2025-04-15 12:15:00.703 69916 INFO tempest.lib.common.rest_client [req-1d34d431-204b-4beb-b44a-7afd7ba0d532 req-1d34d431-204b-4beb-b44a-7afd7ba0d532 ] Request (QuotasAdminTestJSON:test_get_updated_quotas): 200 GET http://10.180.1.21/identity/v3/domains?name=Default 0.034s
2025-04-15 12:15:00.750 69916 INFO tempest.lib.common.rest_client [req-20aebf55-ebc1-42a9-8238-0bbdb5f10970 req-20aebf55-ebc1-42a9-8238-0bbdb5f10970 ] Request (QuotasAdminTestJSON:test_get_updated_quotas): 201 POST http://10.180.1.21/identity/v3/projects 0.046s
2025-04-15 12:15:00.767 69930 INFO tempest.lib.common.rest_client [req-bcbc066c-4380-4b34-8892-0639fddc0812 req-bcbc066c-4380-4b34-8892-0639fddc0812 ] Request (SecurityGroupRulesTestJSON:tearDownClass): 202 DELETE http://10.180.1.21/compute/v2.1/os-security-groups/1d701987-962a-43a5-bd72-252a88a14413 1.117s
2025-04-15 12:15:00.818 69916 INFO tempest.lib.common.rest_client [req-2b9fd33d-613f-49a2-a6ca-55676d7e3760 req-2b9fd33d-613f-49a2-a6ca-55676d7e3760 ] Request (QuotasAdminTestJSON:test_get_updated_quotas): 200 GET http://10.180.1.21/identity/v3/domains?name=Default 0.067s
2025-04-15 12:15:00.818 69900 INFO tempest.lib.common.rest_client [req-45a996ac-8f3d-4672-ac01-5ed2d8f2a669 req-45a996ac-8f3d-4672-ac01-5ed2d8f2a669 ] Request (ImagesOneServerNegativeTestJSON:setUpClass): 200 GET http://10.180.1.21/compute/v2.1/servers/c4c3542a-99d9-43a5-b53a-a6f1a740d378 1.048s
2025-04-15 12:15:00.876 69938 INFO tempest.lib.common.rest_client [req-d2e81141-3031-423e-9d1d-cd94ebbbac4b req-d2e81141-3031-423e-9d1d-cd94ebbbac4b ] Request (ServerRescueNegativeTestJSON:setUpClass): 200 GET http://10.180.1.21/compute/v2.1/servers/40ca4dca-587e-4a1e-aa97-25752a2e322a 0.991s
2025-04-15 12:15:00.913 69902 INFO tempest.lib.common.rest_client [req-2895541b-bb08-4ef5-8a19-fe06e8201fed req-2895541b-bb08-4ef5-8a19-fe06e8201fed ] Request (VolumesAdminNegativeTest:test_update_attached_volume_with_nonexistent_volume_in_body): 200 GET http://10.180.1.21/compute/v2.1/servers/fd7d990f-44c1-4728-bb22-23f246b9ca11 1.067s
2025-04-15 12:15:00.929 69928 INFO tempest.lib.common.rest_client [req-f27788d9-a050-44ae-9aba-ce67bd2d5427 req-f27788d9-a050-44ae-9aba-ce67bd2d5427 ] Request (ImagesOneServerTestJSON:setUpClass): 200 GET http://10.180.1.21/compute/v2.1/servers/d1f691d5-15f8-4b39-9981-3420e771eaa4 1.010s
