2025-04-15 12:14:49.319 69945 INFO tempest.lib.common.rest_client [req-a4c879e2-5afc-482a-82d6-9c689bfb0f66 req-a4c879e2-5afc-482a-82d6-9c689bfb0f66 ] Request (HostsAdminNegativeTestJSON:test_startup_host_with_non_admin_user): 403 GET http://10.180.1.21/compute/v2.1/os-hosts/devstack/startup 1.399s
2025-04-15 12:14:49.322 69928 INFO tempest.common.waiters [-] State transition "BUILD/scheduling" ==> "BUILD/None" after 8 second wait
2025-04-15 12:14:49.335 69924 INFO tempest.lib.common.rest_client [req-601134aa-33d5-4523-9f3e-cbe6d4a25697 req-601134aa-33d5-4523-9f3e-cbe6d4a25697 ] Request (DeleteServersAdminTestJSON:test_admin_delete_servers_of_others): 200 GET http://10.180.1.21/compute/v2.1/servers/e99fc207-9f68-473b-98e2-cac374a7dbf6 1.696s
2025-04-15 12:14:49.348 69924 INFO tempest.common.waiters [-] State transition "BUILD/spawning" ==> "ACTIVE/None" after 19 second wait
2025-04-15 12:14:49.352 69910 INFO tempest.lib.common.rest_client [req-c8198af9-c84e-4ec4-8a81-cadbb88d3f80 req-c8198af9-c84e-4ec4-8a81-cadbb88d3f80 ] Request (HypervisorAdminTestJSON:tearDownClass): 204 DELETE http://10.180.1.21/identity/v3/projects/1cfad4ab34d94913bc6232a63928966e 0.145s
2025-04-15 12:14:49.353 69926 INFO tempest.lib.common.rest_client [req-6d6fc4be-cbc6-43fd-b05a-166034332f25 req-6d6fc4be-cbc6-43fd-b05a-166034332f25 ] Request (FlavorsExtraSpecsNegativeTestJSON:tearDownClass): 200 GET http://10.180.1.21/compute/v2.1/flavors/detail 1.385s
2025-04-15 12:14:49.391 69910 INFO tempest.lib.common.rest_client [req-a604cf44-a1c2-4bca-a78c-11eb8f94accc req-a604cf44-a1c2-4bca-a78c-11eb8f94accc ] Request (MigrationsAdminTest:setUpClass): 201 POST http://10.180.1.21/identity/v3/auth/tokens 0.037s
2025-04-15 12:14:49.418 69918 INFO tempest.lib.common.rest_client [req-e089171a-c55c-4f5b-a9a1-707d36723000 req-e089171a-c55c-4f5b-a9a1-707d36723000 ] Request (VolumesAssistedSnapshotsTest:test_volume_assisted_snapshot_create_delete): 200 GET http://10.180.1.21/compute/v2.1/servers/0e2b3af9-354e-494f-8c25-521e8247325d 1.405s
2025-04-15 12:14:49.435 69892 INFO tempest.lib.common.rest_client [req-0ef7d961-aa55-4e81-b147-7f0dd0801b3c req-0ef7d961-aa55-4e81-b147-7f0dd0801b3c ] Request (ServersAdminTestJSON:setUpClass): 200 GET http://10.180.1.21/compute/v2.1/servers/78e0da44-89e0-4ef8-9de1-bd8f3a15cb23 1.323s
2025-04-15 12:14:49.452 69948 INFO tempest.lib.common.rest_client [req-860c1f94-67c2-40bb-877d-39a03fd4c189 req-860c1f94-67c2-40bb-877d-39a03fd4c189 ] Request (SecurityGroupsTestAdminJSON:tearDownClass): 204 DELETE http://10.180.1.21/identity/v3/users/23ca28a1ab564bdaaa2ead9fede72b0f 0.172s
2025-04-15 12:14:49.453 69948 INFO tempest.lib.common.dynamic_creds [-] Deleting project and security group for project: 96bd17ba5e7b453485f264a146dd334f
2025-04-15 12:14:49.453 69926 INFO tempest.lib.common.rest_client [req-ac6117b2-8e15-4b3c-bf2c-83595d6e0048 req-ac6117b2-8e15-4b3c-bf2c-83595d6e0048 ] Request (FlavorsExtraSpecsNegativeTestJSON:tearDownClass): 204 DELETE http://10.180.1.21/identity/v3/users/b6ac2bb7aaed4acab6e02bc0b811f8ef 0.092s
2025-04-15 12:14:49.463 69930 INFO tempest.lib.common.rest_client [req-f0597b44-6f25-4723-bb81-dcdd1afa05a3 req-f0597b44-6f25-4723-bb81-dcdd1afa05a3 ] Request (SecurityGroupRulesTestJSON:test_security_group_rules_delete_when_peer_group_deleted): 200 GET http://10.180.1.21/compute/v2.1/os-security-groups/1d701987-962a-43a5-bd72-252a88a14413 1.284s
2025-04-15 12:14:49.477 69904 INFO tempest.lib.common.rest_client [req-3e826c1b-6bfa-41e1-b4c6-77e2ec117ab3 req-3e826c1b-6bfa-41e1-b4c6-77e2ec117ab3 ] Request (FlavorsExtraSpecsTestJSON:test_flavor_set_get_update_show_unset_keys): 200 GET http://10.180.1.21/compute/v2.1/flavors/2107269874/os-extra_specs 1.277s
2025-04-15 12:14:49.511 69910 INFO tempest.lib.common.rest_client [req-3517cd37-e6c0-4817-beeb-3fd8f5498baf req-3517cd37-e6c0-4817-beeb-3fd8f5498baf ] Request (MigrationsAdminTest:setUpClass): 201 POST http://10.180.1.21/identity/v3/auth/tokens 0.118s
2025-04-15 12:14:49.537 69948 INFO tempest.lib.common.rest_client [req-805b05c5-5980-4f70-b1dc-904d5a544469 req-805b05c5-5980-4f70-b1dc-904d5a544469 ] Request (SecurityGroupsTestAdminJSON:tearDownClass): 201 POST http://10.180.1.21/identity/v3/auth/tokens 0.084s
2025-04-15 12:14:49.574 69910 INFO tempest.lib.common.rest_client [req-ad040a44-b582-482b-a65d-9b249285d132 req-ad040a44-b582-482b-a65d-9b249285d132 ] Request (MigrationsAdminTest:setUpClass): 200 GET http://10.180.1.21/identity/v3/domains?name=Default 0.062s
2025-04-15 12:14:49.587 69934 INFO tempest.lib.common.rest_client [req-fedfb925-15ed-415a-88df-2700f6336fb0 req-fedfb925-15ed-415a-88df-2700f6336fb0 ] Request (ServerActionsTestJSON:setUpClass): 200 POST http://10.180.1.21/compute/v2.1/os-keypairs 1.398s
2025-04-15 12:14:49.604 69926 INFO tempest.lib.common.rest_client [req-bfba7dba-4a07-4bbf-a055-477a6dc12357 req-bfba7dba-4a07-4bbf-a055-477a6dc12357 ] Request (FlavorsExtraSpecsNegativeTestJSON:tearDownClass): 204 DELETE http://10.180.1.21/identity/v3/users/d3c63296903346678cee92c757b3cdad 0.150s
2025-04-15 12:14:49.607 69926 INFO tempest.lib.common.dynamic_creds [-] Deleting project and security group for project: 1cb32506016f430d80a162bed3b3c128
2025-04-15 12:14:49.669 69910 INFO tempest.lib.common.rest_client [req-bd34a999-16c4-4bf1-b814-1429a446cc75 req-bd34a999-16c4-4bf1-b814-1429a446cc75 ] Request (MigrationsAdminTest:setUpClass): 201 POST http://10.180.1.21/identity/v3/projects 0.095s
2025-04-15 12:14:49.672 69942 INFO tempest.lib.common.rest_client [req-32f57575-8029-4bb0-a295-42776ed6bc08 req-32f57575-8029-4bb0-a295-42776ed6bc08 ] Request (FloatingIPsAssociationNegativeTestJSON:setUpClass): 200 GET http://10.180.1.21/compute/v2.1/servers/58c7418e-6ead-49a3-9b36-a06b2b50bbd7 1.294s
2025-04-15 12:14:49.677 69914 INFO tempest.lib.common.rest_client [req-15989c70-7ac9-4a28-8c47-dedfbc9bb130 req-15989c70-7ac9-4a28-8c47-dedfbc9bb130 ] Request (AggregatesAdminNegativeTestJSON:test_aggregate_create_as_user): 403 POST http://10.180.1.21/compute/v2.1/os-aggregates 1.295s
2025-04-15 12:14:49.706 69896 INFO tempest.lib.common.rest_client [req-bfa51208-fff8-47ef-92c2-e75bf1005c53 req-bfa51208-fff8-47ef-92c2-e75bf1005c53 ] Request (FlavorsV2TestJSON:test_list_flavors_detailed_filter_by_min_ram): 200 GET http://10.180.1.21/compute/v2.1/flavors/detail?minRam=193 1.195s
2025-04-15 12:14:49.707 69948 INFO tempest.lib.common.rest_client [req-11695857-668d-4576-acad-3a03cc07c0c9 req-11695857-668d-4576-acad-3a03cc07c0c9 ] Request (SecurityGroupsTestAdminJSON:tearDownClass): 200 GET http://10.180.1.21:9696/networking/v2.0/security-groups?tenant_id=96bd17ba5e7b453485f264a146dd334f&name=default 0.169s
2025-04-15 12:14:49.712 69953 INFO tempest.lib.common.rest_client [req-8ebead0c-e4ca-4baa-92a6-a231cc119f2d req-8ebead0c-e4ca-4baa-92a6-a231cc119f2d ] Request (ServersTestMultiNic:test_verify_duplicate_network_nics): 200 GET http://10.180.1.21/compute/v2.1/servers/a710e4e0-dfdb-4f36-9e1a-357e6939166f 1.463s
2025-04-15 12:14:49.712 69926 INFO tempest.lib.common.rest_client [req-569cc9ce-6c67-484d-9240-43212fb82ebb req-569cc9ce-6c67-484d-9240-43212fb82ebb ] Request (FlavorsExtraSpecsNegativeTestJSON:tearDownClass): 201 POST http://10.180.1.21/identity/v3/auth/tokens 0.104s
2025-04-15 12:14:49.723 69953 INFO tempest.common.waiters [-] State transition "BUILD/block_device_mapping" ==> "BUILD/spawning" after 14 second wait
2025-04-15 12:14:49.726 69906 INFO tempest.lib.common.rest_client [req-f35810f9-36b9-4e86-9b01-eb1ee733c2d3 req-f35810f9-36b9-4e86-9b01-eb1ee733c2d3 ] Request (ServicesAdminNegativeTestJSON:test_get_service_by_invalid_params): 200 GET http://10.180.1.21/compute/v2.1/os-services?xxx=nova-compute 1.073s
2025-04-15 12:14:49.729 69950 INFO tempest.lib.common.rest_client [req-eb928549-d3d5-41be-b2c5-f5d282038bc1 req-eb928549-d3d5-41be-b2c5-f5d282038bc1 ] Request (KeyPairsV2TestJSON:_run_cleanups): 202 DELETE http://10.180.1.21/compute/v2.1/os-keypairs/tempest-keypair-1468746520 1.043s
2025-04-15 12:14:49.733 69910 INFO tempest.lib.common.rest_client [req-7319e781-889a-4085-a516-549e9d7412f8 req-7319e781-889a-4085-a516-549e9d7412f8 ] Request (MigrationsAdminTest:setUpClass): 201 POST http://10.180.1.21/identity/v3/users 0.063s
2025-04-15 12:14:49.755 69910 INFO tempest.lib.common.rest_client [req-67022ede-e50d-40cd-b3e1-1e0780e9e35c req-67022ede-e50d-40cd-b3e1-1e0780e9e35c ] Request (MigrationsAdminTest:setUpClass): 200 GET http://10.180.1.21/identity/v3/roles 0.022s
2025-04-15 12:14:49.791 69910 INFO tempest.lib.common.rest_client [req-a58d801d-c2fe-4035-bed7-68b79b49c95b req-a58d801d-c2fe-4035-bed7-68b79b49c95b ] Request (MigrationsAdminTest:setUpClass): 204 PUT http://10.180.1.21/identity/v3/projects/09fa5cc21fce4a3fa8b55e27471d73d6/users/8d08859df40a42ecb4a1bd8758bc7c16/roles/2b9c255475244d3998f24f0dde3774cb 0.035s
2025-04-15 12:14:49.791 69910 INFO tempest.lib.common.dynamic_creds [-] Dynamic test user 8d08859df40a42ecb4a1bd8758bc7c16 is created with scope project and roles: ['member']
2025-04-15 12:14:49.792 69910 INFO tempest.lib.common.dynamic_creds [-] Acquired dynamic creds: credentials: Credentials: {'domain_id': 'default', 'domain_name': 'Default', 'username': 'tempest-MigrationsAdminTest-1429137689-project-member', 'project_domain_id': 'default', 'project_domain_name': 'Default', 'project_id': '09fa5cc21fce4a3fa8b55e27471d73d6', 'project_name': 'tempest-MigrationsAdminTest-1429137689', 'tenant_id': '09fa5cc21fce4a3fa8b55e27471d73d6', 'tenant_name': 'tempest-MigrationsAdminTest-1429137689', 'user_domain_id': 'default', 'user_domain_name': 'Default', 'user_id': '8d08859df40a42ecb4a1bd8758bc7c16', 'system': None}, Network: None, Subnet: None, Router: None
2025-04-15 12:14:49.792 69910 INFO tempest.lib.common.dynamic_creds [-] Created isolated network resources for: credentials: Credentials: {'domain_id': 'default', 'domain_name': 'Default', 'username': 'tempest-MigrationsAdminTest-1429137689-project-member', 'project_domain_id': 'default', 'project_domain_name': 'Default', 'project_id': '09fa5cc21fce4a3fa8b55e27471d73d6', 'project_name': 'tempest-MigrationsAdminTest-1429137689', 'tenant_id': '09fa5cc21fce4a3fa8b55e27471d73d6', 'tenant_name': 'tempest-MigrationsAdminTest-1429137689', 'user_domain_id': 'default', 'user_domain_name': 'Default', 'user_id': '8d08859df40a42ecb4a1bd8758bc7c16', 'system': None}, Network: None, Subnet: None, Router: None
2025-04-15 12:14:49.795 69934 INFO tempest.lib.common.rest_client [req-7d1d11d0-a9af-4ef1-a2df-3b20f855cee9 req-7d1d11d0-a9af-4ef1-a2df-3b20f855cee9 ] Request (ServerActionsTestJSON:setUpClass): 201 POST http://10.180.1.21:9696/networking/v2.0/security-groups 0.206s
2025-04-15 12:14:49.865 69910 INFO tempest.lib.common.rest_client [req-9bcbaacf-8f04-4eca-8a73-8f26862c7089 req-9bcbaacf-8f04-4eca-8a73-8f26862c7089 ] Request (MigrationsAdminTest:setUpClass): 201 POST http://10.180.1.21/identity/v3/auth/tokens 0.069s
2025-04-15 12:14:49.882 69948 INFO tempest.lib.common.rest_client [req-3ab6ea15-fa1f-4dfa-b6c1-8178eb212e84 req-3ab6ea15-fa1f-4dfa-b6c1-8178eb212e84 ] Request (SecurityGroupsTestAdminJSON:tearDownClass): 204 DELETE http://10.180.1.21:9696/networking/v2.0/security-groups/6cbec2ec-104e-4e8a-9599-84bbd6395418 0.175s
2025-04-15 12:14:49.939 69910 INFO tempest.lib.common.rest_client [req-4e70c0f1-46ee-49be-afbe-728f833faca4 req-4e70c0f1-46ee-49be-afbe-728f833faca4 ] Request (MigrationsAdminTest:setUpClass): 201 POST http://10.180.1.21/identity/v3/projects 0.074s
2025-04-15 12:14:49.951 69934 INFO tempest.lib.common.rest_client [req-abe538bc-4279-403f-b6c5-a6968783f9dc req-abe538bc-4279-403f-b6c5-a6968783f9dc ] Request (ServerActionsTestJSON:setUpClass): 201 POST http://10.180.1.21:9696/networking/v2.0/security-group-rules 0.155s
2025-04-15 12:14:49.954 69932 INFO tempest.lib.common.rest_client [req-dabe0c58-3058-495c-8fed-5323997548e1 req-dabe0c58-3058-495c-8fed-5323997548e1 ] Request (FloatingIPsAssociationTestJSON:setUpClass): 200 GET http://10.180.1.21/compute/v2.1/servers/4c79bd64-8386-4deb-ae2a-9e7caf7c0eac 1.038s
2025-04-15 12:14:49.959 69898 INFO tempest.lib.common.rest_client [req-43ffd301-75c9-4714-a84b-4f1a4cd030e3 req-43ffd301-75c9-4714-a84b-4f1a4cd030e3 ] Request (ServerTagsTestJSON:setUpClass): 200 GET http://10.180.1.21/compute/v2.1/servers/b021a0db-b6df-4000-8f62-8d8ee448f1da 1.179s
2025-04-15 12:14:50.018 69910 INFO tempest.lib.common.rest_client [req-90dbe80c-6650-4ce8-9aaf-12bedc91dfcc req-90dbe80c-6650-4ce8-9aaf-12bedc91dfcc ] Request (MigrationsAdminTest:setUpClass): 201 POST http://10.180.1.21/identity/v3/users 0.078s
2025-04-15 12:14:50.018 69926 INFO tempest.lib.common.rest_client [req-0d5bc8a5-4b36-4617-b5b6-863f2c47a14b req-0d5bc8a5-4b36-4617-b5b6-863f2c47a14b ] Request (FlavorsExtraSpecsNegativeTestJSON:tearDownClass): 200 GET http://10.180.1.21:9696/networking/v2.0/security-groups?tenant_id=1cb32506016f430d80a162bed3b3c128&name=default 0.306s
2025-04-15 12:14:50.028 69948 INFO tempest.lib.common.rest_client [req-33cf2c3f-828a-4dad-919d-91f79ed70cf5 req-33cf2c3f-828a-4dad-919d-91f79ed70cf5 ] Request (SecurityGroupsTestAdminJSON:tearDownClass): 204 DELETE http://10.180.1.21/identity/v3/projects/96bd17ba5e7b453485f264a146dd334f 0.145s
2025-04-15 12:14:50.028 69948 INFO tempest.lib.common.dynamic_creds [-] Deleting project and security group for project: ba11a25187a443e998a8c9ef6bb92192
2025-04-15 12:14:50.086 69910 INFO tempest.lib.common.rest_client [req-b9c2cc86-6838-4d87-8d39-62ba67cd5614 req-b9c2cc86-6838-4d87-8d39-62ba67cd5614 ] Request (MigrationsAdminTest:setUpClass): 200 GET http://10.180.1.21/identity/v3/roles 0.067s
2025-04-15 12:14:50.102 69948 INFO tempest.lib.common.rest_client [req-42c5b080-9fca-4c48-89f7-d08fa6aa1c20 req-42c5b080-9fca-4c48-89f7-d08fa6aa1c20 ] Request (SecurityGroupsTestAdminJSON:tearDownClass): 200 GET http://10.180.1.21:9696/networking/v2.0/security-groups?tenant_id=ba11a25187a443e998a8c9ef6bb92192&name=default 0.073s
2025-04-15 12:14:50.141 69934 INFO tempest.lib.common.rest_client [req-4ca82558-facc-43e5-b513-460bac517cd8 req-4ca82558-facc-43e5-b513-460bac517cd8 ] Request (ServerActionsTestJSON:setUpClass): 201 POST http://10.180.1.21:9696/networking/v2.0/security-group-rules 0.190s
2025-04-15 12:14:50.220 69910 INFO tempest.lib.common.rest_client [req-0fcf15f8-d871-4bac-aa74-703823482491 req-0fcf15f8-d871-4bac-aa74-703823482491 ] Request (MigrationsAdminTest:setUpClass): 204 PUT http://10.180.1.21/identity/v3/projects/e7048d1095ac42cd870503f93dd72fa1/users/45985c0da28f4022858cb63fda759adf/roles/a5e7215ba9584bec843cb2ba94f7a26d 0.134s
2025-04-15 12:14:50.266 69926 INFO tempest.lib.common.rest_client [req-05cefc19-06e4-43e5-9744-c686896f45be req-05cefc19-06e4-43e5-9744-c686896f45be ] Request (FlavorsExtraSpecsNegativeTestJSON:tearDownClass): 204 DELETE http://10.180.1.21:9696/networking/v2.0/security-groups/ba20c682-6ab8-4c61-a34f-fec6306f62bf 0.246s
2025-04-15 12:14:50.276 69923 INFO tempest.lib.common.rest_client [req-3558e0e1-e6e7-4ca4-bc39-9925e4b17f6d req-3558e0e1-e6e7-4ca4-bc39-9925e4b17f6d ] Request (QuotasAdminNegativeTest:_run_cleanups): 200 PUT http://10.180.1.21/compute/v2.1/os-quota-sets/96edad30c7ec40a38e1729c6c6a973be 1.303s
2025-04-15 12:14:50.296 69910 INFO tempest.lib.common.rest_client [req-f532a9d5-bebb-4083-a392-3cbbba3cbce6 req-f532a9d5-bebb-4083-a392-3cbbba3cbce6 ] Request (MigrationsAdminTest:setUpClass): 200 GET http://10.180.1.21/identity/v3/roles 0.075s
2025-04-15 12:14:50.315 69910 INFO tempest.lib.common.rest_client [req-1da9b728-01e4-45f0-8943-f731fb361507 req-1da9b728-01e4-45f0-8943-f731fb361507 ] Request (MigrationsAdminTest:setUpClass): 204 PUT http://10.180.1.21/identity/v3/projects/e7048d1095ac42cd870503f93dd72fa1/users/45985c0da28f4022858cb63fda759adf/roles/a5e7215ba9584bec843cb2ba94f7a26d 0.019s
2025-04-15 12:14:50.315 69910 INFO tempest.lib.common.dynamic_creds [-] Dynamic test user 45985c0da28f4022858cb63fda759adf is created with scope project and roles: ['admin']
2025-04-15 12:14:50.316 69910 INFO tempest.lib.common.dynamic_creds [-] Acquired dynamic creds: credentials: Credentials: {'domain_id': 'default', 'domain_name': 'Default', 'username': 'tempest-MigrationsAdminTest-945930783-project-admin', 'project_domain_id': 'default', 'project_domain_name': 'Default', 'project_id': 'e7048d1095ac42cd870503f93dd72fa1', 'project_name': 'tempest-MigrationsAdminTest-945930783', 'tenant_id': 'e7048d1095ac42cd870503f93dd72fa1', 'tenant_name': 'tempest-MigrationsAdminTest-945930783', 'user_domain_id': 'default', 'user_domain_name': 'Default', 'user_id': '45985c0da28f4022858cb63fda759adf', 'system': None}, Network: None, Subnet: None, Router: None
2025-04-15 12:14:50.316 69910 INFO tempest.lib.common.dynamic_creds [-] Created isolated network resources for: credentials: Credentials: {'domain_id': 'default', 'domain_name': 'Default', 'username': 'tempest-MigrationsAdminTest-945930783-project-admin', 'project_domain_id': 'default', 'project_domain_name': 'Default', 'project_id': 'e7048d1095ac42cd870503f93dd72fa1', 'project_name': 'tempest-MigrationsAdminTest-945930783', 'tenant_id': 'e7048d1095ac42cd870503f93dd72fa1', 'tenant_name': 'tempest-MigrationsAdminTest-945930783', 'user_domain_id': 'default', 'user_domain_name': 'Default', 'user_id': '45985c0da28f4022858cb63fda759adf', 'system': None}, Network: None, Subnet: None, Router: None
2025-04-15 12:14:50.341 69948 INFO tempest.lib.common.rest_client [req-15a5fcc0-bce9-49f3-af0d-b92606e97b98 req-15a5fcc0-bce9-49f3-af0d-b92606e97b98 ] Request (SecurityGroupsTestAdminJSON:tearDownClass): 204 DELETE http://10.180.1.21:9696/networking/v2.0/security-groups/8717b7ab-e62f-47c2-a898-f94b0300b1f1 0.239s
2025-04-15 12:14:50.369 69916 INFO tempest.lib.common.rest_client [req-d9109f87-a544-4ba0-9e13-500fde41446d req-d9109f87-a544-4ba0-9e13-500fde41446d ] Request (QuotaClassesAdminTestJSON:_run_cleanups): 200 PUT http://10.180.1.21/compute/v2.1/os-quota-class-sets/default 1.382s
2025-04-15 12:14:50.391 69913 INFO tempest.lib.common.rest_client [req-2b01cd14-e6d4-42ce-9f8a-6890d1bb0781 req-2b01cd14-e6d4-42ce-9f8a-6890d1bb0781 ] Request (SecurityGroupRulesNegativeTestJSON:test_create_security_group_rule_duplicate): 200 POST http://10.180.1.21/compute/v2.1/os-security-groups 1.448s
2025-04-15 12:14:50.407 69894 INFO tempest.lib.common.rest_client [req-0e57c18a-28f5-439d-9d6f-3686ec2f8fac req-0e57c18a-28f5-439d-9d6f-3686ec2f8fac ] Request (ServerGroupTestJSON:test_create_delete_multiple_server_groups_with_same_name_policy): 204 DELETE http://10.180.1.21/compute/v2.1/os-server-groups/2e0c2086-87f3-46e6-956b-cd0b14b4d158 1.253s
2025-04-15 12:14:50.411 69926 INFO tempest.lib.common.rest_client [req-d9c3a0a4-8d95-4822-abea-2461c66183bb req-d9c3a0a4-8d95-4822-abea-2461c66183bb ] Request (FlavorsExtraSpecsNegativeTestJSON:tearDownClass): 204 DELETE http://10.180.1.21/identity/v3/projects/1cb32506016f430d80a162bed3b3c128 0.145s
2025-04-15 12:14:50.412 69926 INFO tempest.lib.common.dynamic_creds [-] Deleting project and security group for project: 79c63d30268c4be5ab8ee9f6bed025f7
2025-04-15 12:14:50.431 69910 INFO tempest.lib.common.rest_client [req-a94e83b5-558e-4f56-b3d3-ac58a1b7094d req-a94e83b5-558e-4f56-b3d3-ac58a1b7094d ] Request (MigrationsAdminTest:setUpClass): 201 POST http://10.180.1.21/identity/v3/auth/tokens 0.113s
2025-04-15 12:14:50.527 69936 INFO tempest.lib.common.rest_client [req-62d69836-8acc-40f8-97e4-ad75727c4731 req-62d69836-8acc-40f8-97e4-ad75727c4731 ] Request (ServersWithSpecificFlavorTestJSON:test_verify_created_server_ephemeral_disk): 200 GET http://10.180.1.21/compute/v2.1/servers/d937e8b6-24b2-480a-b4d1-a67e1e61ca19 1.310s
2025-04-15 12:14:50.546 69948 INFO tempest.lib.common.rest_client [req-bed35237-ee96-487e-af6b-1bf0c96a6105 req-bed35237-ee96-487e-af6b-1bf0c96a6105 ] Request (SecurityGroupsTestAdminJSON:tearDownClass): 204 DELETE http://10.180.1.21/identity/v3/projects/ba11a25187a443e998a8c9ef6bb92192 0.205s
2025-04-15 12:14:50.549 69916 INFO tempest.lib.common.rest_client [req-3cdf41d2-7281-46b9-ab0b-79791cb13f68 req-3cdf41d2-7281-46b9-ab0b-79791cb13f68 ] Request (QuotaClassesAdminTestJSON:tearDownClass): 204 DELETE http://10.180.1.21/identity/v3/users/f41e4722e0ca42e480b45258851c71a6 0.176s
2025-04-15 12:14:50.563 69908 INFO tempest.lib.common.rest_client [req-009519f5-d9d3-465d-9149-76cf57729e96 req-009519f5-d9d3-465d-9149-76cf57729e96 ] Request (FlavorsAdminTestJSON:_run_cleanups): 200 GET http://10.180.1.21/compute/v2.1/flavors/detail 1.309s
2025-04-15 12:14:50.578 69945 INFO tempest.lib.common.rest_client [req-d8ebc701-e0e8-46ba-99f9-164b6e4fc81f req-d8ebc701-e0e8-46ba-99f9-164b6e4fc81f ] Request (HostsAdminNegativeTestJSON:test_startup_nonexistent_host): 404 GET http://10.180.1.21/compute/v2.1/os-hosts/nonexistent_hostname/startup 1.257s
2025-04-15 12:14:50.646 69948 INFO tempest.lib.common.rest_client [req-87047da5-67fb-4a29-abba-19b33814b6fa req-87047da5-67fb-4a29-abba-19b33814b6fa ] Request (ListServersNegativeTestJSON:setUpClass): 201 POST http://10.180.1.21/identity/v3/auth/tokens 0.098s
2025-04-15 12:14:50.662 69926 INFO tempest.lib.common.rest_client [req-ad09c01d-fe1a-4276-8ad6-d51de08c8459 req-ad09c01d-fe1a-4276-8ad6-d51de08c8459 ] Request (FlavorsExtraSpecsNegativeTestJSON:tearDownClass): 200 GET http://10.180.1.21:9696/networking/v2.0/security-groups?tenant_id=79c63d30268c4be5ab8ee9f6bed025f7&name=default 0.248s
2025-04-15 12:14:50.713 69916 INFO tempest.lib.common.rest_client [req-a5afba88-fe79-4248-b764-6d390695e6fc req-a5afba88-fe79-4248-b764-6d390695e6fc ] Request (QuotaClassesAdminTestJSON:tearDownClass): 204 DELETE http://10.180.1.21/identity/v3/users/c79ff9a3ca5748c28e1bc17df5fa5320 0.164s
2025-04-15 12:14:50.714 69916 INFO tempest.lib.common.dynamic_creds [-] Deleting project and security group for project: fd77a477531b4d82bdd919223a254cb5
2025-04-15 12:14:50.713 69946 INFO tempest.lib.common.rest_client [req-f71bfda7-a001-46e8-b60e-53eda114b46c req-f71bfda7-a001-46e8-b60e-53eda114b46c ] Request (FlavorsAccessNegativeTestJSON:test_flavor_non_admin_add): 403 POST http://10.180.1.21/compute/v2.1/flavors/1877121216/action 1.473s
2025-04-15 12:14:50.769 69948 INFO tempest.lib.common.rest_client [req-b9e305ba-eeb9-4b2c-9c33-66c9e5b6dd4e req-b9e305ba-eeb9-4b2c-9c33-66c9e5b6dd4e ] Request (ListServersNegativeTestJSON:setUpClass): 201 POST http://10.180.1.21/identity/v3/auth/tokens 0.120s
2025-04-15 12:14:50.792 69916 INFO tempest.lib.common.rest_client [req-ffd89002-eb6e-4294-a770-e9481cddbebf req-ffd89002-eb6e-4294-a770-e9481cddbebf ] Request (QuotaClassesAdminTestJSON:tearDownClass): 201 POST http://10.180.1.21/identity/v3/auth/tokens 0.079s
2025-04-15 12:14:50.818 69948 INFO tempest.lib.common.rest_client [req-10f5da78-76de-4252-877f-fabe60219303 req-10f5da78-76de-4252-877f-fabe60219303 ] Request (ListServersNegativeTestJSON:setUpClass): 200 GET http://10.180.1.21/identity/v3/domains?name=Default 0.048s
2025-04-15 12:14:50.827 69926 INFO tempest.lib.common.rest_client [req-eb1b9040-8e93-4e5c-9289-fa204e9c255a req-eb1b9040-8e93-4e5c-9289-fa204e9c255a ] Request (FlavorsExtraSpecsNegativeTestJSON:tearDownClass): 204 DELETE http://10.180.1.21:9696/networking/v2.0/security-groups/804f84bf-5cea-4373-9e03-ab1afa48db58 0.165s
2025-04-15 12:14:50.835 69930 INFO tempest.lib.common.rest_client [req-8ead5e93-e6ec-4ee6-860c-0fb8ef1c9715 req-8ead5e93-e6ec-4ee6-860c-0fb8ef1c9715 ] Request (SecurityGroupRulesTestJSON:test_security_group_rules_list): 200 POST http://10.180.1.21/compute/v2.1/os-security-groups 1.368s
2025-04-15 12:14:50.850 69948 INFO tempest.lib.common.rest_client [req-3f65be57-0146-4d6b-a11f-5b7aed84dd0f req-3f65be57-0146-4d6b-a11f-5b7aed84dd0f ] Request (ListServersNegativeTestJSON:setUpClass): 201 POST http://10.180.1.21/identity/v3/projects 0.031s
2025-04-15 12:14:50.863 69904 INFO tempest.lib.common.rest_client [req-a4696e5e-7ae6-4673-8751-0065e04561c3 req-a4696e5e-7ae6-4673-8751-0065e04561c3 ] Request (FlavorsExtraSpecsTestJSON:tearDownClass): 202 DELETE http://10.180.1.21/compute/v2.1/flavors/2107269874 1.383s
2025-04-15 12:14:50.887 69934 INFO tempest.lib.common.rest_client [req-a944bf61-9004-4306-bfae-36449c383b1f req-a944bf61-9004-4306-bfae-36449c383b1f ] Request (ServerActionsTestJSON:setUpClass): 201 POST http://10.180.1.21:9696/networking/v2.0/floatingips 0.745s
2025-04-15 12:14:50.929 69948 INFO tempest.lib.common.rest_client [req-192ea6ea-657c-4b84-a959-eed8fa760dd5 req-192ea6ea-657c-4b84-a959-eed8fa760dd5 ] Request (ListServersNegativeTestJSON:setUpClass): 201 POST http://10.180.1.21/identity/v3/users 0.078s
2025-04-15 12:14:50.943 69926 INFO tempest.lib.common.rest_client [req-3018893a-e12c-424a-abe2-7652f9c3d920 req-3018893a-e12c-424a-abe2-7652f9c3d920 ] Request (FlavorsExtraSpecsNegativeTestJSON:tearDownClass): 204 DELETE http://10.180.1.21/identity/v3/projects/79c63d30268c4be5ab8ee9f6bed025f7 0.115s
2025-04-15 12:14:50.969 69924 INFO tempest.lib.common.rest_client [req-1ee822c2-cd54-470a-813e-17de94349ff8 req-1ee822c2-cd54-470a-813e-17de94349ff8 ] Request (DeleteServersAdminTestJSON:test_admin_delete_servers_of_others): 204 DELETE http://10.180.1.21/compute/v2.1/servers/e99fc207-9f68-473b-98e2-cac374a7dbf6 1.619s
2025-04-15 12:14:51.006 69954 INFO tempest.lib.common.rest_client [req-41a2f2f4-fbaf-467a-8b72-6efbaea219ef req-41a2f2f4-fbaf-467a-8b72-6efbaea219ef ] Request (ServerDiagnosticsNegativeTest:test_get_server_diagnostics_by_non_admin): 200 GET http://10.180.1.21/compute/v2.1/servers/25100a8f-aab3-48dd-9971-983dfdc644cf 1.505s
2025-04-15 12:14:51.007 69934 INFO tempest.lib.common.rest_client [req-9d11c3af-5a65-4678-b802-953b0cd721e4 req-9d11c3af-5a65-4678-b802-953b0cd721e4 ] Request (ServerActionsTestJSON:setUpClass): 201 POST http://10.180.1.21/identity/v3/auth/tokens 0.118s
2025-04-15 12:14:51.007 69934 INFO tempest.lib.common.fixed_network [-] (ServerActionsTestJSON:setUpClass) Found network {'id': '460d83e1-4eb6-48d6-b391-96f669e5f4ae', 'name': 'tempest-ServerActionsTestJSON-804283192-network', 'tenant_id': '413ef338adfc4b888f3500ba5b60707c', 'admin_state_up': True, 'mtu': 8950, 'status': 'ACTIVE', 'subnets': [], 'shared': False, 'project_id': '413ef338adfc4b888f3500ba5b60707c', 'port_security_enabled': True, 'router:external': False, 'provider:network_type': 'vlan', 'provider:physical_network': 'default', 'provider:segmentation_id': 532, 'availability_zone_hints': [], 'availability_zones': [], 'ipv4_address_scope': None, 'ipv6_address_scope': None, 'description': '', 'tags': [], 'created_at': '2025-04-15T12:14:43Z', 'updated_at': '2025-04-15T12:14:43Z', 'revision_number': 1} available for tenant
2025-04-15 12:14:51.018 69948 INFO tempest.lib.common.rest_client [req-d1d13853-7d04-4e27-8dc4-1eaf45bda8c6 req-d1d13853-7d04-4e27-8dc4-1eaf45bda8c6 ] Request (ListServersNegativeTestJSON:setUpClass): 200 GET http://10.180.1.21/identity/v3/roles 0.088s
2025-04-15 12:14:51.036 69926 INFO tempest.lib.common.rest_client [req-28c5a2a7-2c49-4abc-aca5-96e60b16c404 req-28c5a2a7-2c49-4abc-aca5-96e60b16c404 ] Request (KeyPairsV210TestJSON:setUpClass): 201 POST http://10.180.1.21/identity/v3/auth/tokens 0.091s
2025-04-15 12:14:51.044 69920 INFO tempest.lib.common.rest_client [req-e1dc6b7b-4fb3-4f6d-9f65-eb56254d32d3 req-e1dc6b7b-4fb3-4f6d-9f65-eb56254d32d3 ] Request (ServersAdmin275Test:test_rebuild_update_server_275): 200 GET http://10.180.1.21/compute/v2.1/servers/ac2e4d87-28eb-4d0a-9eca-7e110f4802b1 1.540s
2025-04-15 12:14:51.045 69916 INFO tempest.lib.common.rest_client [req-66acdd44-7a54-4861-b356-0b81b21ceb39 req-66acdd44-7a54-4861-b356-0b81b21ceb39 ] Request (QuotaClassesAdminTestJSON:tearDownClass): 200 GET http://10.180.1.21:9696/networking/v2.0/security-groups?tenant_id=fd77a477531b4d82bdd919223a254cb5&name=default 0.252s
2025-04-15 12:14:51.057 69920 INFO tempest.common.waiters [-] State transition "BUILD/spawning" ==> "ACTIVE/None" after 18 second wait
2025-04-15 12:14:51.068 69948 INFO tempest.lib.common.rest_client [req-f00350fc-f7d4-45d8-acd6-01bdce36b858 req-f00350fc-f7d4-45d8-acd6-01bdce36b858 ] Request (ListServersNegativeTestJSON:setUpClass): 204 PUT http://10.180.1.21/identity/v3/projects/5da2dcfb742b4d8aae58291fa312c1f5/users/e6d59c33c3284ac0934e66c7adb25733/roles/2b9c255475244d3998f24f0dde3774cb 0.050s
2025-04-15 12:14:51.069 69948 INFO tempest.lib.common.dynamic_creds [-] Dynamic test user e6d59c33c3284ac0934e66c7adb25733 is created with scope project and roles: ['member']
2025-04-15 12:14:51.069 69948 INFO tempest.lib.common.dynamic_creds [-] Acquired dynamic creds: credentials: Credentials: {'domain_id': 'default', 'domain_name': 'Default', 'username': 'tempest-ListServersNegativeTestJSON-1952156336-project-member', 'project_domain_id': 'default', 'project_domain_name': 'Default', 'project_id': '5da2dcfb742b4d8aae58291fa312c1f5', 'project_name': 'tempest-ListServersNegativeTestJSON-1952156336', 'tenant_id': '5da2dcfb742b4d8aae58291fa312c1f5', 'tenant_name': 'tempest-ListServersNegativeTestJSON-1952156336', 'user_domain_id': 'default', 'user_domain_name': 'Default', 'user_id': 'e6d59c33c3284ac0934e66c7adb25733', 'system': None}, Network: None, Subnet: None, Router: None
2025-04-15 12:14:51.093 69900 INFO tempest.lib.common.rest_client [req-c5e46e57-cb85-46c2-a13f-c0cdc9e19846 req-c5e46e57-cb85-46c2-a13f-c0cdc9e19846 ] Request (ImagesOneServerNegativeTestJSON:setUpClass): 200 GET http://10.180.1.21/compute/v2.1/servers/c4c3542a-99d9-43a5-b53a-a6f1a740d378 1.522s
2025-04-15 12:14:51.111 69902 INFO tempest.lib.common.rest_client [req-6229af4a-e0dd-4c6c-832b-1a0389178545 req-6229af4a-e0dd-4c6c-832b-1a0389178545 ] Request (VolumesAdminNegativeTest:test_update_attached_volume_with_nonexistent_volume_in_body): 200 GET http://10.180.1.21/compute/v2.1/servers/fd7d990f-44c1-4728-bb22-23f246b9ca11 1.473s
2025-04-15 12:14:51.114 69926 INFO tempest.lib.common.rest_client [req-4a5ec7b5-e4f8-4f8e-adc7-ba858b3d075e req-4a5ec7b5-e4f8-4f8e-adc7-ba858b3d075e ] Request (KeyPairsV210TestJSON:setUpClass): 201 POST http://10.180.1.21/identity/v3/auth/tokens 0.074s
2025-04-15 12:14:51.131 69914 INFO tempest.lib.common.rest_client [req-795ae620-4f49-44cb-920d-a7735a8548a9 req-795ae620-4f49-44cb-920d-a7735a8548a9 ] Request (AggregatesAdminNegativeTestJSON:test_aggregate_create_with_existent_aggregate_name): 200 POST http://10.180.1.21/compute/v2.1/os-aggregates 1.453s
2025-04-15 12:14:51.134 69948 INFO tempest.lib.common.rest_client [req-d5639e62-aea6-40b8-b4b8-cd4badea4a29 req-d5639e62-aea6-40b8-b4b8-cd4badea4a29 ] Request (ListServersNegativeTestJSON:setUpClass): 201 POST http://10.180.1.21/identity/v3/auth/tokens 0.065s
2025-04-15 12:14:51.148 69896 INFO tempest.lib.common.rest_client [req-bac6e97d-83f2-40bc-b54e-e90bdb98cc15 req-bac6e97d-83f2-40bc-b54e-e90bdb98cc15 ] Request (FlavorsV2TestJSON:test_list_flavors_detailed_limit_results): 200 GET http://10.180.1.21/compute/v2.1/flavors/detail?limit=1 1.437s
2025-04-15 12:14:51.150 69926 INFO tempest.lib.common.rest_client [req-123ffea0-66d0-4022-b053-d131e87eeecb req-123ffea0-66d0-4022-b053-d131e87eeecb ] Request (KeyPairsV210TestJSON:setUpClass): 200 GET http://10.180.1.21/identity/v3/domains?name=Default 0.036s
2025-04-15 12:14:51.169 69906 INFO tempest.lib.common.rest_client [req-c7a349c7-097e-4c93-8b2f-6c165030de58 req-c7a349c7-097e-4c93-8b2f-6c165030de58 ] Request (ServicesAdminNegativeTestJSON:test_get_service_by_invalid_service_and_valid_host): 200 GET http://10.180.1.21/compute/v2.1/os-services 1.438s
2025-04-15 12:14:51.178 69926 INFO tempest.lib.common.rest_client [req-c908f16f-35c5-45ce-9f47-f2cbec58bb7d req-c908f16f-35c5-45ce-9f47-f2cbec58bb7d ] Request (KeyPairsV210TestJSON:setUpClass): 201 POST http://10.180.1.21/identity/v3/projects 0.028s
2025-04-15 12:14:51.191 69938 INFO tempest.lib.common.rest_client [req-732db0c7-47ea-4a80-9516-1f11a0ad70b9 req-732db0c7-47ea-4a80-9516-1f11a0ad70b9 ] Request (ServerRescueNegativeTestJSON:setUpClass): 200 GET http://10.180.1.21/compute/v2.1/servers/40ca4dca-587e-4a1e-aa97-25752a2e322a 1.499s
2025-04-15 12:14:51.220 69950 INFO tempest.lib.common.rest_client [req-ad343f0b-fdca-467c-95df-99f0ccf1199e req-ad343f0b-fdca-467c-95df-99f0ccf1199e ] Request (KeyPairsV2TestJSON:test_keypair_create_with_pub_key): 200 POST http://10.180.1.21/compute/v2.1/os-keypairs 1.485s
2025-04-15 12:14:51.232 69916 INFO tempest.lib.common.rest_client [req-bddb0929-fa57-4b8e-998d-75113d538ace req-bddb0929-fa57-4b8e-998d-75113d538ace ] Request (QuotaClassesAdminTestJSON:tearDownClass): 204 DELETE http://10.180.1.21:9696/networking/v2.0/security-groups/7f1df1d6-3421-470f-a199-2f3c9fd5ba98 0.186s
2025-04-15 12:14:51.236 69923 INFO tempest.lib.common.rest_client [req-85d3bd15-da0c-4d0c-b5d1-d41524f64a7c req-85d3bd15-da0c-4d0c-b5d1-d41524f64a7c ] Request (QuotasAdminNegativeTest:test_update_quota_normal_user): 403 PUT http://10.180.1.21/compute/v2.1/os-quota-sets/96edad30c7ec40a38e1729c6c6a973be 0.956s
2025-04-15 12:14:51.255 69926 INFO tempest.lib.common.rest_client [req-9ea4b558-1c91-41ab-aa6d-95ddb3e27e97 req-9ea4b558-1c91-41ab-aa6d-95ddb3e27e97 ] Request (KeyPairsV210TestJSON:setUpClass): 201 POST http://10.180.1.21/identity/v3/users 0.076s
2025-04-15 12:14:51.332 69928 INFO tempest.lib.common.rest_client [req-861d3060-f67e-44b8-b31b-4119d94e6c6a req-861d3060-f67e-44b8-b31b-4119d94e6c6a ] Request (ImagesOneServerTestJSON:setUpClass): 200 GET http://10.180.1.21/compute/v2.1/servers/d1f691d5-15f8-4b39-9981-3420e771eaa4 1.009s
2025-04-15 12:14:51.340 69916 INFO tempest.lib.common.rest_client [req-984485b6-01c7-476b-88d8-d7dd8a86568c req-984485b6-01c7-476b-88d8-d7dd8a86568c ] Request (QuotaClassesAdminTestJSON:tearDownClass): 204 DELETE http://10.180.1.21/identity/v3/projects/fd77a477531b4d82bdd919223a254cb5 0.108s
2025-04-15 12:14:51.341 69916 INFO tempest.lib.common.dynamic_creds [-] Deleting project and security group for project: e2e1fb1e94264f2984846ce9edc1a6f5
2025-04-15 12:14:51.348 69923 INFO tempest.lib.common.rest_client [req-835403c6-2da5-45bd-909b-9aaf1d085d20 req-835403c6-2da5-45bd-909b-9aaf1d085d20 ] Request (QuotasAdminNegativeTest:tearDownClass): 204 DELETE http://10.180.1.21/identity/v3/users/7ec4bcfa03d7472bb79e2c24aa3e3571 0.111s
2025-04-15 12:14:51.357 69894 INFO tempest.lib.common.rest_client [req-a0d6ff6f-5e78-4aed-9fc3-649c3f58bd38 req-a0d6ff6f-5e78-4aed-9fc3-649c3f58bd38 ] Request (ServerGroupTestJSON:test_create_delete_multiple_server_groups_with_same_name_policy): 200 GET http://10.180.1.21/compute/v2.1/os-server-groups 0.948s
2025-04-15 12:14:51.414 69926 INFO tempest.lib.common.rest_client [req-172acc14-1dae-4948-8c70-3ae2220481c9 req-172acc14-1dae-4948-8c70-3ae2220481c9 ] Request (KeyPairsV210TestJSON:setUpClass): 200 GET http://10.180.1.21/identity/v3/roles 0.157s
2025-04-15 12:14:51.436 69918 INFO tempest.lib.common.rest_client [req-4bb5642a-4a5f-48fc-b35a-2b9b859714c7 req-4bb5642a-4a5f-48fc-b35a-2b9b859714c7 ] Request (VolumesAssistedSnapshotsTest:test_volume_assisted_snapshot_create_delete): 200 GET http://10.180.1.21/compute/v2.1/servers/0e2b3af9-354e-494f-8c25-521e8247325d 1.006s
2025-04-15 12:14:51.450 69926 INFO tempest.lib.common.rest_client [req-6646ceda-07a0-4106-a33f-c9208119fee8 req-6646ceda-07a0-4106-a33f-c9208119fee8 ] Request (KeyPairsV210TestJSON:setUpClass): 204 PUT http://10.180.1.21/identity/v3/projects/cc0b99a197a344eb977c089595b988ab/users/4192657c7e0c48dba025239a021216ec/roles/2b9c255475244d3998f24f0dde3774cb 0.036s
2025-04-15 12:14:51.451 69926 INFO tempest.lib.common.dynamic_creds [-] Dynamic test user 4192657c7e0c48dba025239a021216ec is created with scope project and roles: ['member']
2025-04-15 12:14:51.451 69926 INFO tempest.lib.common.dynamic_creds [-] Acquired dynamic creds: credentials: Credentials: {'domain_id': 'default', 'domain_name': 'Default', 'username': 'tempest-KeyPairsV210TestJSON-741868705-project-member', 'project_domain_id': 'default', 'project_domain_name': 'Default', 'project_id': 'cc0b99a197a344eb977c089595b988ab', 'project_name': 'tempest-KeyPairsV210TestJSON-741868705', 'tenant_id': 'cc0b99a197a344eb977c089595b988ab', 'tenant_name': 'tempest-KeyPairsV210TestJSON-741868705', 'user_domain_id': 'default', 'user_domain_name': 'Default', 'user_id': '4192657c7e0c48dba025239a021216ec', 'system': None}, Network: None, Subnet: None, Router: None
2025-04-15 12:14:51.451 69926 INFO tempest.lib.common.dynamic_creds [-] Created isolated network resources for: credentials: Credentials: {'domain_id': 'default', 'domain_name': 'Default', 'username': 'tempest-KeyPairsV210TestJSON-741868705-project-member', 'project_domain_id': 'default', 'project_domain_name': 'Default', 'project_id': 'cc0b99a197a344eb977c089595b988ab', 'project_name': 'tempest-KeyPairsV210TestJSON-741868705', 'tenant_id': 'cc0b99a197a344eb977c089595b988ab', 'tenant_name': 'tempest-KeyPairsV210TestJSON-741868705', 'user_domain_id': 'default', 'user_domain_name': 'Default', 'user_id': '4192657c7e0c48dba025239a021216ec', 'system': None}, Network: None, Subnet: None, Router: None
2025-04-15 12:14:51.494 69923 INFO tempest.lib.common.rest_client [req-c1b58b75-d624-4aea-8637-82c492f765a5 req-c1b58b75-d624-4aea-8637-82c492f765a5 ] Request (QuotasAdminNegativeTest:tearDownClass): 204 DELETE http://10.180.1.21/identity/v3/users/0b79802dc48341a19e404e6970d63b56 0.145s
2025-04-15 12:14:51.494 69923 INFO tempest.lib.common.dynamic_creds [-] Deleting project and security group for project: 96edad30c7ec40a38e1729c6c6a973be
2025-04-15 12:14:51.541 69913 INFO tempest.lib.common.rest_client [req-923688e3-41c9-4d89-8a7f-736419374a06 req-923688e3-41c9-4d89-8a7f-736419374a06 ] Request (SecurityGroupRulesNegativeTestJSON:test_create_security_group_rule_duplicate): 200 POST http://10.180.1.21/compute/v2.1/os-security-group-rules 1.144s
2025-04-15 12:14:51.546 69916 INFO tempest.lib.common.rest_client [req-9a84fee2-b570-4133-b98d-5b179d1cdbd9 req-9a84fee2-b570-4133-b98d-5b179d1cdbd9 ] Request (QuotaClassesAdminTestJSON:tearDownClass): 200 GET http://10.180.1.21:9696/networking/v2.0/security-groups?tenant_id=e2e1fb1e94264f2984846ce9edc1a6f5&name=default 0.205s
2025-04-15 12:14:51.570 69948 INFO tempest.lib.common.rest_client [req-5726ba98-11a6-41d7-a056-272dae5bd835 req-5726ba98-11a6-41d7-a056-272dae5bd835 ] Request (ListServersNegativeTestJSON:setUpClass): 201 POST http://10.180.1.21:9696/networking/v2.0/networks 0.436s
2025-04-15 12:14:51.572 69926 INFO tempest.lib.common.rest_client [req-a8e76002-c0db-4057-983e-ee6794d54cb4 req-a8e76002-c0db-4057-983e-ee6794d54cb4 ] Request (KeyPairsV210TestJSON:setUpClass): 201 POST http://10.180.1.21/identity/v3/auth/tokens 0.117s
2025-04-15 12:14:51.642 69923 INFO tempest.lib.common.rest_client [req-054787c4-ab90-48a9-8005-133c6fac783e req-054787c4-ab90-48a9-8005-133c6fac783e ] Request (QuotasAdminNegativeTest:tearDownClass): 201 POST http://10.180.1.21/identity/v3/auth/tokens 0.148s
2025-04-15 12:14:51.651 69910 INFO tempest.lib.common.rest_client [req-8293fb25-73eb-43a4-9903-e2643ca77bc9 req-8293fb25-73eb-43a4-9903-e2643ca77bc9 ] Request (MigrationsAdminTest:test_list_migrations): 200 GET http://10.180.1.21/compute/v2.1/os-migrations 1.218s
2025-04-15 12:14:51.653 69892 INFO tempest.lib.common.rest_client [req-3edf114f-12ec-4703-acfb-5858de7832b2 req-3edf114f-12ec-4703-acfb-5858de7832b2 ] Request (ServersAdminTestJSON:setUpClass): 200 GET http://10.180.1.21/compute/v2.1/servers/78e0da44-89e0-4ef8-9de1-bd8f3a15cb23 1.207s
2025-04-15 12:14:51.664 69945 INFO tempest.lib.common.rest_client [req-2741ad7e-ee4a-4107-b302-0ffd93df5222 req-2741ad7e-ee4a-4107-b302-0ffd93df5222 ] Request (HostsAdminNegativeTestJSON:test_update_host_with_invalid_maintenance_mode): 400 PUT http://10.180.1.21/compute/v2.1/os-hosts/devstack 1.085s
2025-04-15 12:14:51.666 69916 INFO tempest.lib.common.rest_client [req-a275e551-0b60-4252-ab26-89e791c9a248 req-a275e551-0b60-4252-ab26-89e791c9a248 ] Request (QuotaClassesAdminTestJSON:tearDownClass): 204 DELETE http://10.180.1.21:9696/networking/v2.0/security-groups/6c7ed852-06fc-46aa-837c-fe4be4ee1aea 0.120s
2025-04-15 12:14:51.673 69908 INFO tempest.lib.common.rest_client [req-7dcf6be6-9d25-42d7-b8cf-e8b82006185d req-7dcf6be6-9d25-42d7-b8cf-e8b82006185d ] Request (FlavorsAdminTestJSON:test_create_flavor_with_uuid_id): 200 POST http://10.180.1.21/compute/v2.1/flavors 1.098s
2025-04-15 12:14:51.697 69946 INFO tempest.lib.common.rest_client [req-e8a9ab40-e6e9-41ba-8d3d-3083d3846229 req-e8a9ab40-e6e9-41ba-8d3d-3083d3846229 ] Request (FlavorsAccessNegativeTestJSON:_run_cleanups): 202 DELETE http://10.180.1.21/compute/v2.1/flavors/1877121216 0.983s
2025-04-15 12:14:51.712 69926 INFO tempest.lib.common.rest_client [req-1f7addde-4d39-4b5f-af9c-06109947e292 req-1f7addde-4d39-4b5f-af9c-06109947e292 ] Request (KeyPairsV210TestJSON:setUpClass): 201 POST http://10.180.1.21/identity/v3/projects 0.139s
2025-04-15 12:14:51.743 69942 INFO tempest.lib.common.rest_client [req-8c089a98-1b80-412e-9d84-1ad8803b1ee9 req-8c089a98-1b80-412e-9d84-1ad8803b1ee9 ] Request (FloatingIPsAssociationNegativeTestJSON:setUpClass): 200 GET http://10.180.1.21/compute/v2.1/servers/58c7418e-6ead-49a3-9b36-a06b2b50bbd7 1.063s
2025-04-15 12:14:51.768 69910 INFO tempest.lib.common.rest_client [req-0f3c89f6-9ee5-46fb-8a8a-a59daf48479b req-0f3c89f6-9ee5-46fb-8a8a-a59daf48479b ] Request (MigrationsAdminTest:test_list_migrations_in_flavor_resize_situation): 201 POST http://10.180.1.21/identity/v3/auth/tokens 0.105s
2025-04-15 12:14:51.769 69910 INFO tempest.lib.common.fixed_network [-] (MigrationsAdminTest:test_list_migrations_in_flavor_resize_situation) Found network None available for tenant
2025-04-15 12:14:51.816 69948 INFO tempest.lib.common.rest_client [req-c62ccbe2-5fe4-4c4b-8e56-a3fa9ee4ad52 req-c62ccbe2-5fe4-4c4b-8e56-a3fa9ee4ad52 ] Request (ListServersNegativeTestJSON:setUpClass): 201 POST http://10.180.1.21:9696/networking/v2.0/subnets 0.245s
2025-04-15 12:14:51.827 69916 INFO tempest.lib.common.rest_client [req-69988aa3-5f8b-42b6-8cfe-adb2a8a16f51 req-69988aa3-5f8b-42b6-8cfe-adb2a8a16f51 ] Request (QuotaClassesAdminTestJSON:tearDownClass): 204 DELETE http://10.180.1.21/identity/v3/projects/e2e1fb1e94264f2984846ce9edc1a6f5 0.160s
2025-04-15 12:14:51.903 69916 INFO tempest.lib.common.rest_client [req-44572270-f3fa-4fe9-ae7d-1b5469220791 req-44572270-f3fa-4fe9-ae7d-1b5469220791 ] Request (QuotasAdminTestJSON:setUpClass): 201 POST http://10.180.1.21/identity/v3/auth/tokens 0.075s
2025-04-15 12:14:51.909 69926 INFO tempest.lib.common.rest_client [req-094852cd-acf6-4e50-9efb-edd831ac8faa req-094852cd-acf6-4e50-9efb-edd831ac8faa ] Request (KeyPairsV210TestJSON:setUpClass): 201 POST http://10.180.1.21/identity/v3/users 0.196s
2025-04-15 12:14:51.937 69926 INFO tempest.lib.common.rest_client [req-6a218136-3ba4-4601-b920-139ac8c45847 req-6a218136-3ba4-4601-b920-139ac8c45847 ] Request (KeyPairsV210TestJSON:setUpClass): 200 GET http://10.180.1.21/identity/v3/roles 0.028s
2025-04-15 12:14:51.938 69916 INFO tempest.lib.common.rest_client [req-f542959b-5fd3-4d94-98c2-bc1d103490e2 req-f542959b-5fd3-4d94-98c2-bc1d103490e2 ] Request (QuotasAdminTestJSON:setUpClass): 201 POST http://10.180.1.21/identity/v3/auth/tokens 0.031s
2025-04-15 12:14:51.939 69953 INFO tempest.lib.common.rest_client [req-4a4b547e-2afb-4760-be52-73ff11ae8756 req-4a4b547e-2afb-4760-be52-73ff11ae8756 ] Request (ServersTestMultiNic:test_verify_duplicate_network_nics): 200 GET http://10.180.1.21/compute/v2.1/servers/a710e4e0-dfdb-4f36-9e1a-357e6939166f 1.214s
2025-04-15 12:14:51.964 69926 INFO tempest.lib.common.rest_client [req-e9405ee0-0fba-47fc-922c-23794d9c9885 req-e9405ee0-0fba-47fc-922c-23794d9c9885 ] Request (KeyPairsV210TestJSON:setUpClass): 204 PUT http://10.180.1.21/identity/v3/projects/4c2d70905d2e46abbfd92d0ad80e47f0/users/0dc1e7a56db04f7ba8656126a383ec00/roles/a5e7215ba9584bec843cb2ba94f7a26d 0.027s
2025-04-15 12:14:51.973 69916 INFO tempest.lib.common.rest_client [req-f674d480-1bcc-4070-be7d-6f350c40914f req-f674d480-1bcc-4070-be7d-6f350c40914f ] Request (QuotasAdminTestJSON:setUpClass): 200 GET http://10.180.1.21/identity/v3/domains?name=Default 0.035s
2025-04-15 12:14:51.973 69904 INFO tempest.lib.common.rest_client [req-0ffcd3f1-4ed9-4758-bb97-2081e0cfda62 req-0ffcd3f1-4ed9-4758-bb97-2081e0cfda62 ] Request (FlavorsExtraSpecsTestJSON:tearDownClass): 200 GET http://10.180.1.21/compute/v2.1/flavors/detail 1.110s
2025-04-15 12:14:52.011 69923 INFO tempest.lib.common.rest_client [req-92723710-9a6e-41f4-b0e7-394056243e75 req-92723710-9a6e-41f4-b0e7-394056243e75 ] Request (QuotasAdminNegativeTest:tearDownClass): 200 GET http://10.180.1.21:9696/networking/v2.0/security-groups?tenant_id=96edad30c7ec40a38e1729c6c6a973be&name=default 0.368s
2025-04-15 12:14:52.021 69926 INFO tempest.lib.common.rest_client [req-8fc888c5-9ac5-4f6a-bfb9-ba87bfa0c83d req-8fc888c5-9ac5-4f6a-bfb9-ba87bfa0c83d ] Request (KeyPairsV210TestJSON:setUpClass): 200 GET http://10.180.1.21/identity/v3/roles 0.056s
2025-04-15 12:14:52.061 69916 INFO tempest.lib.common.rest_client [req-b5491374-da58-432c-b852-6a6e743f5085 req-b5491374-da58-432c-b852-6a6e743f5085 ] Request (QuotasAdminTestJSON:setUpClass): 201 POST http://10.180.1.21/identity/v3/projects 0.087s
2025-04-15 12:14:52.084 69904 INFO tempest.lib.common.rest_client [req-6cc2cc88-15b9-489f-a163-fa0a7454aea1 req-6cc2cc88-15b9-489f-a163-fa0a7454aea1 ] Request (FlavorsExtraSpecsTestJSON:tearDownClass): 204 DELETE http://10.180.1.21/identity/v3/users/7bab5a49e2314d44a1a2c0d67d0eb5a2 0.103s
2025-04-15 12:14:52.147 69916 INFO tempest.lib.common.rest_client [req-8cd3fa68-bd36-4c45-8b7f-17d2c60c13ab req-8cd3fa68-bd36-4c45-8b7f-17d2c60c13ab ] Request (QuotasAdminTestJSON:setUpClass): 201 POST http://10.180.1.21/identity/v3/users 0.085s
2025-04-15 12:14:52.146 69926 INFO tempest.lib.common.rest_client [req-98fccdfb-1cbe-4c41-b507-6da130fad572 req-98fccdfb-1cbe-4c41-b507-6da130fad572 ] Request (KeyPairsV210TestJSON:setUpClass): 204 PUT http://10.180.1.21/identity/v3/projects/4c2d70905d2e46abbfd92d0ad80e47f0/users/0dc1e7a56db04f7ba8656126a383ec00/roles/a5e7215ba9584bec843cb2ba94f7a26d 0.124s
2025-04-15 12:14:52.147 69926 INFO tempest.lib.common.dynamic_creds [-] Dynamic test user 0dc1e7a56db04f7ba8656126a383ec00 is created with scope project and roles: ['admin']
2025-04-15 12:14:52.147 69926 INFO tempest.lib.common.dynamic_creds [-] Acquired dynamic creds: credentials: Credentials: {'domain_id': 'default', 'domain_name': 'Default', 'username': 'tempest-KeyPairsV210TestJSON-1479892490-project-admin', 'project_domain_id': 'default', 'project_domain_name': 'Default', 'project_id': '4c2d70905d2e46abbfd92d0ad80e47f0', 'project_name': 'tempest-KeyPairsV210TestJSON-1479892490', 'tenant_id': '4c2d70905d2e46abbfd92d0ad80e47f0', 'tenant_name': 'tempest-KeyPairsV210TestJSON-1479892490', 'user_domain_id': 'default', 'user_domain_name': 'Default', 'user_id': '0dc1e7a56db04f7ba8656126a383ec00', 'system': None}, Network: None, Subnet: None, Router: None
2025-04-15 12:14:52.148 69926 INFO tempest.lib.common.dynamic_creds [-] Created isolated network resources for: credentials: Credentials: {'domain_id': 'default', 'domain_name': 'Default', 'username': 'tempest-KeyPairsV210TestJSON-1479892490-project-admin', 'project_domain_id': 'default', 'project_domain_name': 'Default', 'project_id': '4c2d70905d2e46abbfd92d0ad80e47f0', 'project_name': 'tempest-KeyPairsV210TestJSON-1479892490', 'tenant_id': '4c2d70905d2e46abbfd92d0ad80e47f0', 'tenant_name': 'tempest-KeyPairsV210TestJSON-1479892490', 'user_domain_id': 'default', 'user_domain_name': 'Default', 'user_id': '0dc1e7a56db04f7ba8656126a383ec00', 'system': None}, Network: None, Subnet: None, Router: None
2025-04-15 12:14:52.189 69930 INFO tempest.lib.common.rest_client [req-74483d79-6fc8-4b69-9170-1c93a745b1a5 req-74483d79-6fc8-4b69-9170-1c93a745b1a5 ] Request (SecurityGroupRulesTestJSON:test_security_group_rules_list): 200 POST http://10.180.1.21/compute/v2.1/os-security-group-rules 1.349s
2025-04-15 12:14:52.230 69916 INFO tempest.lib.common.rest_client [req-4f28fcd9-e988-410a-b0f3-5281b328eea6 req-4f28fcd9-e988-410a-b0f3-5281b328eea6 ] Request (QuotasAdminTestJSON:setUpClass): 200 GET http://10.180.1.21/identity/v3/roles 0.082s
2025-04-15 12:14:52.256 69904 INFO tempest.lib.common.rest_client [req-74955834-b165-4cf1-ac50-315099bef21b req-74955834-b165-4cf1-ac50-315099bef21b ] Request (FlavorsExtraSpecsTestJSON:tearDownClass): 204 DELETE http://10.180.1.21/identity/v3/users/efae499758354a8fbbac0910acb03469 0.171s
2025-04-15 12:14:52.256 69904 INFO tempest.lib.common.dynamic_creds [-] Deleting project and security group for project: dcb469f29f124387827241f5c41db486
2025-04-15 12:14:52.307 69923 INFO tempest.lib.common.rest_client [req-d0ba2c45-a4f3-47bc-9369-e769911ff1ba req-d0ba2c45-a4f3-47bc-9369-e769911ff1ba ] Request (QuotasAdminNegativeTest:tearDownClass): 204 DELETE http://10.180.1.21:9696/networking/v2.0/security-groups/5aef6daa-4643-47bb-9e2e-a80c71d587d1 0.296s
2025-04-15 12:14:52.319 69916 INFO tempest.lib.common.rest_client [req-919a1667-969e-4fcb-abdd-3a228ecee07e req-919a1667-969e-4fcb-abdd-3a228ecee07e ] Request (QuotasAdminTestJSON:setUpClass): 204 PUT http://10.180.1.21/identity/v3/projects/74c880f7365944dcaf9df4d25edcc4b1/users/806ab14367a24541b909f48d40c9f071/roles/2b9c255475244d3998f24f0dde3774cb 0.089s
2025-04-15 12:14:52.320 69916 INFO tempest.lib.common.dynamic_creds [-] Dynamic test user 806ab14367a24541b909f48d40c9f071 is created with scope project and roles: ['member']
