2025-04-15 12:15:46.679 69908 INFO tempest.lib.common.rest_client [req-fcb18abf-fcb6-407b-8477-246c69f56b2e req-fcb18abf-fcb6-407b-8477-246c69f56b2e ] Request (ImagesTestJSON:test_create_image_from_stopped_server): 200 GET http://10.180.1.21/compute/v2.1/servers/54bb24f0-d4b8-40d3-8c8d-3ce706540b61 0.120s
2025-04-15 12:15:46.731 69930 INFO tempest.lib.common.rest_client [req-33efccb9-3fb5-4284-a9cf-3aeeefd873bd req-33efccb9-3fb5-4284-a9cf-3aeeefd873bd ] Request (AttachInterfacesV270Test:test_create_get_list_interfaces): 200 GET http://10.180.1.21/compute/v2.1/servers/6af9f8cd-5fb7-486f-be1d-69a4398beb01 0.116s
2025-04-15 12:15:46.798 69898 INFO tempest.lib.common.rest_client [req-16283237-4771-455b-a01f-36170a8861e2 req-16283237-4771-455b-a01f-36170a8861e2 ] Request (ServerTagsTestJSON:tearDownClass): 204 DELETE http://10.180.1.21:9696/networking/v2.0/routers/ad69973f-a2d3-4a87-92af-4814f3ac985b 0.489s
2025-04-15 12:15:46.800 69910 INFO tempest.lib.common.rest_client [req-9c299b7f-9da0-487e-90d9-3d0b34e761f4 req-9c299b7f-9da0-487e-90d9-3d0b34e761f4 ] Request (MigrationsAdminTest:test_list_migrations_in_flavor_resize_situation): 202 POST http://10.180.1.21/compute/v2.1/servers/23dfab87-fb78-4861-89ac-acc1530353f1/action 0.244s
2025-04-15 12:15:46.807 69946 INFO tempest.lib.common.rest_client [req-5b7f8635-69b8-4abd-8045-cb17dce506f9 req-5b7f8635-69b8-4abd-8045-cb17dce506f9 ] Request (ServersListShow2100Test:test_list_show_rebuild_update_server_2100): 200 GET http://10.180.1.21/compute/v2.1/servers/df1b26a7-37c9-4190-859d-58c9994322ac 0.172s
2025-04-15 12:15:46.851 69954 INFO tempest.lib.common.rest_client [req-549bccae-140c-49db-abc3-108280f41ed2 req-549bccae-140c-49db-abc3-108280f41ed2 ] Request (ServerShowV254Test:test_rebuild_server): 200 GET http://10.180.1.21/compute/v2.1/servers/23fe5bc6-1479-4ab4-b49d-38b87887eedb 0.183s
2025-04-15 12:15:46.884 69918 WARNING tempest.lib.common.ssh [-] Failed to establish authenticated ssh connection to cirros@10.180.180.152 ([Errno None] Unable to connect to port 22 on 10.180.180.152). Number attempts: 3. Retry after 4 seconds.: paramiko.ssh_exception.NoValidConnectionsError: [Errno None] Unable to connect to port 22 on 10.180.180.152
2025-04-15 12:15:46.933 69898 INFO tempest.lib.common.rest_client [req-5cf76d62-7ac3-4c31-830f-cf6cb06121e0 req-5cf76d62-7ac3-4c31-830f-cf6cb06121e0 ] Request (ServerTagsTestJSON:tearDownClass): 204 DELETE http://10.180.1.21:9696/networking/v2.0/subnets/e2f41209-8ae6-4257-8109-c1fad9a34e0d 0.134s
2025-04-15 12:15:46.981 69932 INFO tempest.lib.common.rest_client [req-74391488-2f2f-4460-b7bb-68530adefb81 req-74391488-2f2f-4460-b7bb-68530adefb81 ] Request (FloatingIPsAssociationTestJSON:test_associate_already_associated_floating_ip): 200 GET http://10.180.1.21/compute/v2.1/servers/00d85748-2c5b-44bb-891d-cc15b8dbc40a 0.235s
2025-04-15 12:15:46.989 69910 INFO tempest.lib.common.rest_client [req-2744c1ca-68f2-4500-94d9-5793209f3fd0 req-2744c1ca-68f2-4500-94d9-5793209f3fd0 ] Request (MigrationsAdminTest:test_list_migrations_in_flavor_resize_situation): 200 GET http://10.180.1.21/compute/v2.1/servers/23dfab87-fb78-4861-89ac-acc1530353f1 0.189s
2025-04-15 12:15:47.058 69900 INFO tempest.lib.common.rest_client [req-2ca991b7-f9c8-479a-a048-cf134fc31883 req-2ca991b7-f9c8-479a-a048-cf134fc31883 ] Request (ImagesOneServerNegativeTestJSON:_run_cleanups): 200 GET http://10.180.1.21/compute/v2.1/servers/c4c3542a-99d9-43a5-b53a-a6f1a740d378 0.100s
2025-04-15 12:15:47.103 69923 INFO tempest.lib.common.rest_client [req-bbb16b82-5a57-46f7-9a52-5bcb024408df req-bbb16b82-5a57-46f7-9a52-5bcb024408df ] Request (ServerDiagnosticsTest:test_get_server_diagnostics): 200 GET http://10.180.1.21/compute/v2.1/servers/aa86f0d6-bd53-47e8-908c-64ef9c7739a2 0.118s
2025-04-15 12:15:47.121 69906 INFO tempest.lib.common.rest_client [req-55f8945e-5103-467c-9bc4-c864c09e1159 req-55f8945e-5103-467c-9bc4-c864c09e1159 ] Request (DeleteServersTestJSON:test_delete_active_server): 200 GET http://10.180.1.21/compute/v2.1/servers/3632a917-e091-4fbe-aee1-00d7442885df 0.106s
2025-04-15 12:15:47.170 69948 INFO tempest.lib.common.rest_client [req-d399201d-257d-4bc6-8f10-1596c5b649a9 req-d399201d-257d-4bc6-8f10-1596c5b649a9 ] Request (ListServersNegativeTestJSON:setUpClass): 200 GET http://10.180.1.21/compute/v2.1/servers/3f1e0612-ce15-441a-8c68-6d5aba1d4484 0.117s
2025-04-15 12:15:47.197 69942 INFO tempest.lib.common.rest_client [req-d07f17c3-4718-461c-a7d0-62f7f113090d req-d07f17c3-4718-461c-a7d0-62f7f113090d ] Request (FloatingIPsAssociationNegativeTestJSON:tearDownClass): 200 GET http://10.180.1.21/compute/v2.1/servers/58c7418e-6ead-49a3-9b36-a06b2b50bbd7 0.109s
2025-04-15 12:15:47.218 69928 INFO tempest.lib.common.rest_client [req-d1ff3d2e-e60b-4766-a3de-853222b33cf7 req-d1ff3d2e-e60b-4766-a3de-853222b33cf7 ] Request (ImagesOneServerTestJSON:test_create_image_specify_multibyte_character_image_name): 200 GET http://10.180.1.21/compute/v2.1/images/ae5ee652-4b8d-425c-852a-ea73232a4b38 0.123s
2025-04-15 12:15:47.238 69898 INFO tempest.lib.common.rest_client [req-44b04aa8-79f7-462e-9b06-d108ceca6ea9 req-44b04aa8-79f7-462e-9b06-d108ceca6ea9 ] Request (ServerTagsTestJSON:tearDownClass): 204 DELETE http://10.180.1.21:9696/networking/v2.0/networks/de12fb2c-d217-419c-8f4d-49de63865a5e 0.304s
2025-04-15 12:15:47.256 69924 INFO tempest.lib.common.rest_client [req-92ad90d6-1641-425b-a0b1-f5f60560b7b7 req-92ad90d6-1641-425b-a0b1-f5f60560b7b7 ] Request (DeleteServersAdminTestJSON:test_delete_server_while_in_error_state): 200 GET http://10.180.1.21/compute/v2.1/servers/4d10dbb8-f400-48ce-9dce-5b6cb7dd70ea 0.100s
2025-04-15 12:15:47.289 69914 INFO tempest.lib.common.rest_client [req-f97702e2-c43c-4e0d-bfb1-452e97fa3ff7 req-f97702e2-c43c-4e0d-bfb1-452e97fa3ff7 ] Request (TenantUsagesTestJSON:setUpClass): 200 GET http://10.180.1.21/compute/v2.1/servers/16f4a6eb-ba57-409c-a828-0a49823f3a8c 0.109s
2025-04-15 12:15:47.313 69945 INFO tempest.lib.common.rest_client [req-23ee9495-6c89-426a-af18-e289d9525770 req-23ee9495-6c89-426a-af18-e289d9525770 ] Request (ServerExternalEventsTest:test_create_server_external_events): 200 GET http://10.180.1.21/compute/v2.1/servers/4f50b84f-c5fd-4c61-b1bb-36ac3cd3a57b 0.098s
2025-04-15 12:15:47.340 69898 INFO tempest.lib.common.rest_client [req-fd7fb053-2c42-457f-a066-7de76687a19d req-fd7fb053-2c42-457f-a066-7de76687a19d ] Request (ServerTagsTestJSON:tearDownClass): 204 DELETE http://10.180.1.21/identity/v3/users/bd7725cd28544e0f99e6984e367142cc 0.101s
2025-04-15 12:15:47.340 69898 INFO tempest.lib.common.dynamic_creds [-] Deleting project and security group for project: 6cb73e0034354e34903b1f393590c68c
2025-04-15 12:15:47.397 69916 INFO tempest.lib.common.rest_client [req-6f341d32-a6ce-4c4f-b67d-fbf7c2d0647f req-6f341d32-a6ce-4c4f-b67d-fbf7c2d0647f ] Request (ImagesNegativeTestJSON:test_create_image_from_deleted_server): 200 GET http://10.180.1.21/compute/v2.1/servers/ea9ccc07-f798-453a-9784-6039de0f6fe6 0.127s
2025-04-15 12:15:47.407 69920 INFO tempest.lib.common.rest_client [req-b1d0dae7-3d6d-4872-9d7e-ff8f962efe5e req-b1d0dae7-3d6d-4872-9d7e-ff8f962efe5e ] Request (ServersAdmin275Test:tearDownClass): 200 GET http://10.180.1.21/compute/v2.1/servers/ac2e4d87-28eb-4d0a-9eca-7e110f4802b1 0.153s
2025-04-15 12:15:47.414 69898 INFO tempest.lib.common.rest_client [req-3618dc41-d97e-49c8-812d-036db52eefba req-3618dc41-d97e-49c8-812d-036db52eefba ] Request (ServerTagsTestJSON:tearDownClass): 200 GET http://10.180.1.21:9696/networking/v2.0/security-groups?tenant_id=6cb73e0034354e34903b1f393590c68c&name=default 0.073s
2025-04-15 12:15:47.502 69892 INFO tempest.lib.common.rest_client [req-f3ee95dc-dcae-4755-bf51-01200b96b70b req-f3ee95dc-dcae-4755-bf51-01200b96b70b ] Request (ServersAdminTestJSON:test_create_server_with_scheduling_hint): 200 GET http://10.180.1.21/compute/v2.1/servers/9e7b7b6a-9053-4b49-ba1f-d3a8e5f23fb4 0.200s
2025-04-15 12:15:47.575 69894 INFO tempest.lib.common.rest_client [req-11bd2a62-72bc-4b67-ad48-4ef595fdfb47 req-11bd2a62-72bc-4b67-ad48-4ef595fdfb47 ] Request (ServerGroupTestJSON:test_create_server_with_scheduler_hint_group): 200 GET http://10.180.1.21/compute/v2.1/servers/a54ec9b6-147a-4162-bd64-a1f43ef54209 0.183s
2025-04-15 12:15:47.621 69898 INFO tempest.lib.common.rest_client [req-23184f66-f391-4c3e-bea1-5859a3f62479 req-23184f66-f391-4c3e-bea1-5859a3f62479 ] Request (ServerTagsTestJSON:tearDownClass): 204 DELETE http://10.180.1.21:9696/networking/v2.0/security-groups/31ed2948-ba86-4095-8aee-e36c50b68c9f 0.206s
2025-04-15 12:15:47.641 69938 INFO tempest.lib.common.rest_client [req-44a8c9ca-7327-49d9-b62b-64eeca6d6392 req-44a8c9ca-7327-49d9-b62b-64eeca6d6392 ] Request (ServerRescueNegativeTestJSON:_run_cleanups): 200 GET http://10.180.1.21/compute/v2.1/servers/84376917-04ce-4186-901b-7289193610fd 0.266s
2025-04-15 12:15:47.663 69953 INFO tempest.lib.common.rest_client [req-f050a40d-1f4e-4cbb-b5c1-fe7237645f31 req-f050a40d-1f4e-4cbb-b5c1-fe7237645f31 ] Request (ServersTestMultiNic:test_verify_multiple_nics_order): 200 GET http://10.180.1.21/compute/v2.1/servers/228334f1-18ab-44f2-9b88-b61b11795099 0.213s
2025-04-15 12:15:47.714 69926 INFO tempest.lib.common.rest_client [req-9c572a20-e399-47c7-bfa5-f8fa0c9962b6 req-9c572a20-e399-47c7-bfa5-f8fa0c9962b6 ] Request (AttachInterfacesTestJSON:test_create_list_show_delete_interfaces_by_fixed_ip): 200 GET http://10.180.1.21/compute/v2.1/servers/e558537c-3b7c-45c6-ba0e-754fe2895d6c 0.188s
2025-04-15 12:15:47.745 69904 INFO tempest.lib.common.rest_client [req-47bda2e5-1abb-4185-9460-1886170ba2c1 req-47bda2e5-1abb-4185-9460-1886170ba2c1 ] Request (ServersListShow296Test:test_list_show_update_rebuild_server_296): 200 GET http://10.180.1.21/compute/v2.1/servers/6a0aa2a6-2625-4aef-9e13-e7c6e9d15338 0.145s
2025-04-15 12:15:47.754 69898 INFO tempest.lib.common.rest_client [req-0fbcbacb-238e-4bcc-a01e-82a7eff5f305 req-0fbcbacb-238e-4bcc-a01e-82a7eff5f305 ] Request (ServerTagsTestJSON:tearDownClass): 204 DELETE http://10.180.1.21/identity/v3/projects/6cb73e0034354e34903b1f393590c68c 0.133s
2025-04-15 12:15:47.775 69913 INFO tempest.lib.common.rest_client [req-8f95746a-c6b4-4098-9c0f-d19e576a86f3 req-8f95746a-c6b4-4098-9c0f-d19e576a86f3 ] Request (ServerShowV247Test:test_update_rebuild_list_server): 200 GET http://10.180.1.21/compute/v2.1/servers/8ac151eb-9fb8-42e8-b4cf-454d77655f61 0.156s
2025-04-15 12:15:47.816 69940 INFO tempest.lib.common.rest_client [req-acb2074a-aac5-4299-ae93-992f14abd447 req-acb2074a-aac5-4299-ae93-992f14abd447 ] Request (InstanceActionsV221TestJSON:test_get_list_deleted_instance_actions): 200 GET http://10.180.1.21/compute/v2.1/servers/2f865843-a85f-4f29-ba8f-11e691e20d2f 0.173s
2025-04-15 12:15:47.825 69908 INFO tempest.lib.common.rest_client [req-70d230ee-b65b-49a7-b0e3-0de0afccd920 req-70d230ee-b65b-49a7-b0e3-0de0afccd920 ] Request (ImagesTestJSON:test_create_image_from_stopped_server): 200 GET http://10.180.1.21/compute/v2.1/servers/54bb24f0-d4b8-40d3-8c8d-3ce706540b61 0.137s
2025-04-15 12:15:47.834 69898 INFO tempest.lib.common.rest_client [req-15f7c267-56ab-4f38-b04c-c618b6626635 req-15f7c267-56ab-4f38-b04c-c618b6626635 ] Request (ServersTestJSON:setUpClass): 201 POST http://10.180.1.21/identity/v3/auth/tokens 0.078s
2025-04-15 12:15:47.866 69898 INFO tempest.lib.common.rest_client [req-f97b9ef0-c7d2-4fb5-ab3f-a2ae3973af79 req-f97b9ef0-c7d2-4fb5-ab3f-a2ae3973af79 ] Request (ServersTestJSON:setUpClass): 201 POST http://10.180.1.21/identity/v3/auth/tokens 0.029s
2025-04-15 12:15:47.868 69930 INFO tempest.lib.common.rest_client [req-91571ba8-404c-4732-8fa5-35bd0c2e4649 req-91571ba8-404c-4732-8fa5-35bd0c2e4649 ] Request (AttachInterfacesV270Test:test_create_get_list_interfaces): 200 GET http://10.180.1.21/compute/v2.1/servers/6af9f8cd-5fb7-486f-be1d-69a4398beb01 0.118s
2025-04-15 12:15:47.889 69946 INFO tempest.lib.common.rest_client [req-501539df-dec6-4aa3-ad50-69e561c43db3 req-501539df-dec6-4aa3-ad50-69e561c43db3 ] Request (ServersListShow2100Test:test_list_show_rebuild_update_server_2100): 200 GET http://10.180.1.21/compute/v2.1/servers/df1b26a7-37c9-4190-859d-58c9994322ac 0.066s
2025-04-15 12:15:47.892 69898 INFO tempest.lib.common.rest_client [req-b505d599-3e08-477b-95c7-0dbc2cc89574 req-b505d599-3e08-477b-95c7-0dbc2cc89574 ] Request (ServersTestJSON:setUpClass): 200 GET http://10.180.1.21/identity/v3/domains?name=Default 0.025s
2025-04-15 12:15:47.916 69954 INFO tempest.lib.common.rest_client [req-fb6e806f-ebc7-49b8-a281-23a9a8be72c8 req-fb6e806f-ebc7-49b8-a281-23a9a8be72c8 ] Request (ServerShowV254Test:test_rebuild_server): 200 GET http://10.180.1.21/compute/v2.1/servers/23fe5bc6-1479-4ab4-b49d-38b87887eedb 0.054s
2025-04-15 12:15:47.921 69898 INFO tempest.lib.common.rest_client [req-32e27472-b4dc-45c9-ac50-3ebb40fa8237 req-32e27472-b4dc-45c9-ac50-3ebb40fa8237 ] Request (ServersTestJSON:setUpClass): 201 POST http://10.180.1.21/identity/v3/projects 0.028s
2025-04-15 12:15:47.978 69898 INFO tempest.lib.common.rest_client [req-fce328c4-26e9-46d8-8602-6dcbc29ce294 req-fce328c4-26e9-46d8-8602-6dcbc29ce294 ] Request (ServersTestJSON:setUpClass): 201 POST http://10.180.1.21/identity/v3/users 0.057s
2025-04-15 12:15:48.000 69898 INFO tempest.lib.common.rest_client [req-ff125e65-eef6-4548-a24f-9cb13a543b8d req-ff125e65-eef6-4548-a24f-9cb13a543b8d ] Request (ServersTestJSON:setUpClass): 200 GET http://10.180.1.21/identity/v3/roles 0.021s
2025-04-15 12:15:48.042 69898 INFO tempest.lib.common.rest_client [req-18807655-2e11-4f8a-afac-80c87258f2dc req-18807655-2e11-4f8a-afac-80c87258f2dc ] Request (ServersTestJSON:setUpClass): 204 PUT http://10.180.1.21/identity/v3/projects/bef65ed7ba3a461292672af7bc2d3f29/users/ea04489e18b9427796d74611d72ec073/roles/2b9c255475244d3998f24f0dde3774cb 0.042s
2025-04-15 12:15:48.043 69898 INFO tempest.lib.common.dynamic_creds [-] Dynamic test user ea04489e18b9427796d74611d72ec073 is created with scope project and roles: ['member']
2025-04-15 12:15:48.043 69898 INFO tempest.lib.common.dynamic_creds [-] Acquired dynamic creds: credentials: Credentials: {'domain_id': 'default', 'domain_name': 'Default', 'username': 'tempest-ServersTestJSON-1120962545-project-member', 'project_domain_id': 'default', 'project_domain_name': 'Default', 'project_id': 'bef65ed7ba3a461292672af7bc2d3f29', 'project_name': 'tempest-ServersTestJSON-1120962545', 'tenant_id': 'bef65ed7ba3a461292672af7bc2d3f29', 'tenant_name': 'tempest-ServersTestJSON-1120962545', 'user_domain_id': 'default', 'user_domain_name': 'Default', 'user_id': 'ea04489e18b9427796d74611d72ec073', 'system': None}, Network: None, Subnet: None, Router: None
2025-04-15 12:15:48.120 69898 INFO tempest.lib.common.rest_client [req-862f7ba6-2587-4461-8e8a-a8c94ef42cbc req-862f7ba6-2587-4461-8e8a-a8c94ef42cbc ] Request (ServersTestJSON:setUpClass): 201 POST http://10.180.1.21/identity/v3/auth/tokens 0.077s
2025-04-15 12:15:48.145 69932 INFO tempest.lib.common.rest_client [req-a5844398-2a09-4fca-9333-8c1f43d28e7b req-a5844398-2a09-4fca-9333-8c1f43d28e7b ] Request (FloatingIPsAssociationTestJSON:test_associate_already_associated_floating_ip): 200 GET http://10.180.1.21/compute/v2.1/servers/00d85748-2c5b-44bb-891d-cc15b8dbc40a 0.155s
2025-04-15 12:15:48.148 69910 INFO tempest.lib.common.rest_client [req-29b64f14-f881-4b65-acc0-ddcdbdc68e5f req-29b64f14-f881-4b65-acc0-ddcdbdc68e5f ] Request (MigrationsAdminTest:test_list_migrations_in_flavor_resize_situation): 200 GET http://10.180.1.21/compute/v2.1/servers/23dfab87-fb78-4861-89ac-acc1530353f1 0.143s
2025-04-15 12:15:48.230 69900 INFO tempest.lib.common.rest_client [req-9218729f-9d1a-47cb-adcc-4faa290741cf req-9218729f-9d1a-47cb-adcc-4faa290741cf ] Request (ImagesOneServerNegativeTestJSON:_run_cleanups): 200 GET http://10.180.1.21/compute/v2.1/servers/c4c3542a-99d9-43a5-b53a-a6f1a740d378 0.160s
2025-04-15 12:15:48.299 69906 INFO tempest.lib.common.rest_client [req-88b1d1ee-6864-4913-ae7f-8f2d6a3b2faa req-88b1d1ee-6864-4913-ae7f-8f2d6a3b2faa ] Request (DeleteServersTestJSON:test_delete_active_server): 200 GET http://10.180.1.21/compute/v2.1/servers/3632a917-e091-4fbe-aee1-00d7442885df 0.168s
2025-04-15 12:15:48.305 69923 INFO tempest.lib.common.rest_client [req-9ae6e380-b20d-4f9d-9834-360bf0d71234 req-9ae6e380-b20d-4f9d-9834-360bf0d71234 ] Request (ServerDiagnosticsTest:test_get_server_diagnostics): 200 GET http://10.180.1.21/compute/v2.1/servers/aa86f0d6-bd53-47e8-908c-64ef9c7739a2 0.190s
2025-04-15 12:15:48.406 69942 INFO tempest.lib.common.rest_client [req-1b6881c0-ce60-4e2d-89f4-88a8742d0469 req-1b6881c0-ce60-4e2d-89f4-88a8742d0469 ] Request (FloatingIPsAssociationNegativeTestJSON:tearDownClass): 200 GET http://10.180.1.21/compute/v2.1/servers/58c7418e-6ead-49a3-9b36-a06b2b50bbd7 0.199s
2025-04-15 12:15:48.471 69928 INFO tempest.lib.common.rest_client [req-a776a60c-29ca-4752-83bd-391c8c12c5d1 req-a776a60c-29ca-4752-83bd-391c8c12c5d1 ] Request (ImagesOneServerTestJSON:test_create_image_specify_multibyte_character_image_name): 200 GET http://10.180.1.21/compute/v2.1/images/ae5ee652-4b8d-425c-852a-ea73232a4b38 0.248s
2025-04-15 12:15:48.624 69924 INFO tempest.lib.common.rest_client [req-60072519-ab6d-4eaa-b0b2-10ee228ae448 req-60072519-ab6d-4eaa-b0b2-10ee228ae448 ] Request (DeleteServersAdminTestJSON:test_delete_server_while_in_error_state): 200 GET http://10.180.1.21/compute/v2.1/servers/4d10dbb8-f400-48ce-9dce-5b6cb7dd70ea 0.360s
2025-04-15 12:15:48.634 69924 INFO tempest.common.waiters [-] State transition "BUILD/scheduling" ==> "BUILD/None" after 28 second wait
2025-04-15 12:15:48.647 69948 INFO tempest.lib.common.rest_client [req-d3b342cf-300b-433a-823b-470e9a33dcae req-d3b342cf-300b-433a-823b-470e9a33dcae ] Request (ListServersNegativeTestJSON:setUpClass): 200 GET http://10.180.1.21/compute/v2.1/servers/3f1e0612-ce15-441a-8c68-6d5aba1d4484 0.468s
2025-04-15 12:15:48.656 69948 INFO tempest.common.waiters [-] State transition "BUILD/None" ==> "BUILD/networking" after 48 second wait
2025-04-15 12:15:48.667 69898 INFO tempest.lib.common.rest_client [req-869704fc-8ac7-4914-86c7-e97f20affabd req-869704fc-8ac7-4914-86c7-e97f20affabd ] Request (ServersTestJSON:setUpClass): 201 POST http://10.180.1.21:9696/networking/v2.0/networks 0.546s
2025-04-15 12:15:48.678 69914 INFO tempest.lib.common.rest_client [req-a5c70cae-1ebb-450d-8d9e-48ce0c45334e req-a5c70cae-1ebb-450d-8d9e-48ce0c45334e ] Request (TenantUsagesTestJSON:setUpClass): 200 GET http://10.180.1.21/compute/v2.1/servers/16f4a6eb-ba57-409c-a828-0a49823f3a8c 0.380s
2025-04-15 12:15:48.700 69945 INFO tempest.lib.common.rest_client [req-06f8e1c1-360f-42c5-84cf-43be77ff21b5 req-06f8e1c1-360f-42c5-84cf-43be77ff21b5 ] Request (ServerExternalEventsTest:test_create_server_external_events): 200 GET http://10.180.1.21/compute/v2.1/servers/4f50b84f-c5fd-4c61-b1bb-36ac3cd3a57b 0.378s
2025-04-15 12:15:48.736 69916 INFO tempest.lib.common.rest_client [req-443b524c-72df-456e-bb9e-58811a3369f8 req-443b524c-72df-456e-bb9e-58811a3369f8 ] Request (ImagesNegativeTestJSON:test_create_image_from_deleted_server): 200 GET http://10.180.1.21/compute/v2.1/servers/ea9ccc07-f798-453a-9784-6039de0f6fe6 0.325s
2025-04-15 12:15:48.790 69920 INFO tempest.lib.common.rest_client [req-0a880de8-bb53-4e38-8bbf-c10abd575ade req-0a880de8-bb53-4e38-8bbf-c10abd575ade ] Request (ServersAdmin275Test:tearDownClass): 200 GET http://10.180.1.21/compute/v2.1/servers/ac2e4d87-28eb-4d0a-9eca-7e110f4802b1 0.371s
2025-04-15 12:15:48.794 69892 INFO tempest.lib.common.rest_client [req-55a65cd8-5152-442d-8b6a-2e7f14b673ba req-55a65cd8-5152-442d-8b6a-2e7f14b673ba ] Request (ServersAdminTestJSON:test_create_server_with_scheduling_hint): 200 GET http://10.180.1.21/compute/v2.1/servers/9e7b7b6a-9053-4b49-ba1f-d3a8e5f23fb4 0.274s
2025-04-15 12:15:48.848 69894 INFO tempest.lib.common.rest_client [req-f4ad3ac4-688a-4473-a264-f5544f1e74b9 req-f4ad3ac4-688a-4473-a264-f5544f1e74b9 ] Request (ServerGroupTestJSON:test_create_server_with_scheduler_hint_group): 200 GET http://10.180.1.21/compute/v2.1/servers/a54ec9b6-147a-4162-bd64-a1f43ef54209 0.265s
2025-04-15 12:15:48.906 69953 INFO tempest.lib.common.rest_client [req-e4d3e46a-4a8c-436d-9d98-446837603d28 req-e4d3e46a-4a8c-436d-9d98-446837603d28 ] Request (ServersTestMultiNic:test_verify_multiple_nics_order): 200 GET http://10.180.1.21/compute/v2.1/servers/228334f1-18ab-44f2-9b88-b61b11795099 0.234s
2025-04-15 12:15:48.909 69938 INFO tempest.lib.common.rest_client [req-552aeef5-0e6b-477e-96b2-cb2336cb2988 req-552aeef5-0e6b-477e-96b2-cb2336cb2988 ] Request (ServerRescueNegativeTestJSON:_run_cleanups): 200 GET http://10.180.1.21/compute/v2.1/servers/84376917-04ce-4186-901b-7289193610fd 0.256s
2025-04-15 12:15:48.930 69898 INFO tempest.lib.common.rest_client [req-94ba65ce-3ec7-4be4-9220-711a03c3d185 req-94ba65ce-3ec7-4be4-9220-711a03c3d185 ] Request (ServersTestJSON:setUpClass): 201 POST http://10.180.1.21:9696/networking/v2.0/subnets 0.262s
2025-04-15 12:15:48.968 69926 INFO tempest.lib.common.rest_client [req-209ef8bc-3185-4104-ac84-37a367131365 req-209ef8bc-3185-4104-ac84-37a367131365 ] Request (AttachInterfacesTestJSON:test_create_list_show_delete_interfaces_by_fixed_ip): 200 GET http://10.180.1.21/compute/v2.1/servers/e558537c-3b7c-45c6-ba0e-754fe2895d6c 0.243s
2025-04-15 12:15:48.988 69904 INFO tempest.lib.common.rest_client [req-d82a4cdb-b4b0-494a-9577-59022cdf0c9c req-d82a4cdb-b4b0-494a-9577-59022cdf0c9c ] Request (ServersListShow296Test:test_list_show_update_rebuild_server_296): 200 GET http://10.180.1.21/compute/v2.1/servers/6a0aa2a6-2625-4aef-9e13-e7c6e9d15338 0.230s
2025-04-15 12:15:49.018 69913 INFO tempest.lib.common.rest_client [req-c58b69b1-31d8-4a9c-942a-f1859ae5507a req-c58b69b1-31d8-4a9c-942a-f1859ae5507a ] Request (ServerShowV247Test:test_update_rebuild_list_server): 200 GET http://10.180.1.21/compute/v2.1/servers/8ac151eb-9fb8-42e8-b4cf-454d77655f61 0.234s
2025-04-15 12:15:49.055 69940 INFO tempest.lib.common.rest_client [req-24b78ec4-7dfc-4d04-a644-84a2787ad65e req-24b78ec4-7dfc-4d04-a644-84a2787ad65e ] Request (InstanceActionsV221TestJSON:test_get_list_deleted_instance_actions): 200 GET http://10.180.1.21/compute/v2.1/servers/2f865843-a85f-4f29-ba8f-11e691e20d2f 0.230s
2025-04-15 12:15:49.085 69908 INFO tempest.lib.common.rest_client [req-e370580c-6dc5-4b71-935f-6eb4953d3865 req-e370580c-6dc5-4b71-935f-6eb4953d3865 ] Request (ImagesTestJSON:test_create_image_from_stopped_server): 200 GET http://10.180.1.21/compute/v2.1/servers/54bb24f0-d4b8-40d3-8c8d-3ce706540b61 0.243s
2025-04-15 12:15:49.128 69930 INFO tempest.lib.common.rest_client [req-e3d87028-7110-4f2b-84bc-ee7a2423e2e9 req-e3d87028-7110-4f2b-84bc-ee7a2423e2e9 ] Request (AttachInterfacesV270Test:test_create_get_list_interfaces): 200 GET http://10.180.1.21/compute/v2.1/servers/6af9f8cd-5fb7-486f-be1d-69a4398beb01 0.248s
2025-04-15 12:15:49.151 69946 INFO tempest.lib.common.rest_client [req-fcb3dfb7-ea52-4203-a427-b75b84b04e11 req-fcb3dfb7-ea52-4203-a427-b75b84b04e11 ] Request (ServersListShow2100Test:test_list_show_rebuild_update_server_2100): 200 GET http://10.180.1.21/compute/v2.1/servers/df1b26a7-37c9-4190-859d-58c9994322ac 0.242s
2025-04-15 12:15:49.178 69954 INFO tempest.lib.common.rest_client [req-638989d5-b50f-4a9f-a198-acc31d226ea0 req-638989d5-b50f-4a9f-a198-acc31d226ea0 ] Request (ServerShowV254Test:test_rebuild_server): 200 GET http://10.180.1.21/compute/v2.1/servers/23fe5bc6-1479-4ab4-b49d-38b87887eedb 0.253s
2025-04-15 12:15:49.314 69934 WARNING tempest.lib.common.ssh [-] Failed to establish authenticated ssh connection to cirros@10.180.180.237 ([Errno None] Unable to connect to port 22 on 10.180.180.237). Number attempts: 2. Retry after 3 seconds.: paramiko.ssh_exception.NoValidConnectionsError: [Errno None] Unable to connect to port 22 on 10.180.180.237
2025-04-15 12:15:49.548 69932 INFO tempest.lib.common.rest_client [req-342fc87f-b6c7-457e-8194-ef0fe0658f11 req-342fc87f-b6c7-457e-8194-ef0fe0658f11 ] Request (FloatingIPsAssociationTestJSON:test_associate_already_associated_floating_ip): 200 GET http://10.180.1.21/compute/v2.1/servers/00d85748-2c5b-44bb-891d-cc15b8dbc40a 0.387s
2025-04-15 12:15:49.550 69910 INFO tempest.lib.common.rest_client [req-01b9eec4-89f5-4d7b-a379-a93d1bf8b8c9 req-01b9eec4-89f5-4d7b-a379-a93d1bf8b8c9 ] Request (MigrationsAdminTest:test_list_migrations_in_flavor_resize_situation): 200 GET http://10.180.1.21/compute/v2.1/servers/23dfab87-fb78-4861-89ac-acc1530353f1 0.388s
2025-04-15 12:15:49.618 69906 INFO tempest.lib.common.rest_client [req-d6a2263c-3811-4276-8c27-2e23441c31a6 req-d6a2263c-3811-4276-8c27-2e23441c31a6 ] Request (DeleteServersTestJSON:test_delete_active_server): 200 GET http://10.180.1.21/compute/v2.1/servers/3632a917-e091-4fbe-aee1-00d7442885df 0.310s
2025-04-15 12:15:49.627 69900 INFO tempest.lib.common.rest_client [req-5ab07397-f30b-41ed-a2ae-83a73db0a974 req-5ab07397-f30b-41ed-a2ae-83a73db0a974 ] Request (ImagesOneServerNegativeTestJSON:_run_cleanups): 200 GET http://10.180.1.21/compute/v2.1/servers/c4c3542a-99d9-43a5-b53a-a6f1a740d378 0.388s
2025-04-15 12:15:49.702 69942 INFO tempest.lib.common.rest_client [req-b02ef473-3372-4261-83fd-1ca7e303fcd0 req-b02ef473-3372-4261-83fd-1ca7e303fcd0 ] Request (FloatingIPsAssociationNegativeTestJSON:tearDownClass): 200 GET http://10.180.1.21/compute/v2.1/servers/58c7418e-6ead-49a3-9b36-a06b2b50bbd7 0.285s
2025-04-15 12:15:49.739 69928 INFO tempest.lib.common.rest_client [req-e12742dc-230e-4804-a063-c3e88aba3139 req-e12742dc-230e-4804-a063-c3e88aba3139 ] Request (ImagesOneServerTestJSON:test_create_image_specify_multibyte_character_image_name): 200 GET http://10.180.1.21/compute/v2.1/images/ae5ee652-4b8d-425c-852a-ea73232a4b38 0.261s
2025-04-15 12:15:49.779 69923 INFO tempest.lib.common.rest_client [req-bd1f9237-b62d-4f3a-83a9-3b4003bfcdea req-bd1f9237-b62d-4f3a-83a9-3b4003bfcdea ] Request (ServerDiagnosticsTest:test_get_server_diagnostics): 200 GET http://10.180.1.21/compute/v2.1/servers/aa86f0d6-bd53-47e8-908c-64ef9c7739a2 0.463s
2025-04-15 12:15:49.790 69923 INFO tempest.common.waiters [-] State transition "BUILD/spawning" ==> "ACTIVE/None" after 52 second wait
2025-04-15 12:15:49.808 69924 INFO tempest.lib.common.rest_client [req-25df9a9a-1d8d-4600-9cc7-103f3b0e810e req-25df9a9a-1d8d-4600-9cc7-103f3b0e810e ] Request (DeleteServersAdminTestJSON:test_delete_server_while_in_error_state): 200 GET http://10.180.1.21/compute/v2.1/servers/4d10dbb8-f400-48ce-9dce-5b6cb7dd70ea 0.173s
2025-04-15 12:15:49.866 69914 INFO tempest.lib.common.rest_client [req-5adceee0-4068-4c3d-b4a8-b60913f8482e req-5adceee0-4068-4c3d-b4a8-b60913f8482e ] Request (TenantUsagesTestJSON:setUpClass): 200 GET http://10.180.1.21/compute/v2.1/servers/16f4a6eb-ba57-409c-a828-0a49823f3a8c 0.179s
2025-04-15 12:15:49.936 69948 INFO tempest.lib.common.rest_client [req-375ee690-34c6-470d-8311-a51d0d098dac req-375ee690-34c6-470d-8311-a51d0d098dac ] Request (ListServersNegativeTestJSON:setUpClass): 200 GET http://10.180.1.21/compute/v2.1/servers/3f1e0612-ce15-441a-8c68-6d5aba1d4484 0.279s
2025-04-15 12:15:49.936 69945 INFO tempest.lib.common.rest_client [req-dd600ef6-707e-4e87-bf11-6a3ae4afb483 req-dd600ef6-707e-4e87-bf11-6a3ae4afb483 ] Request (ServerExternalEventsTest:test_create_server_external_events): 200 GET http://10.180.1.21/compute/v2.1/servers/4f50b84f-c5fd-4c61-b1bb-36ac3cd3a57b 0.228s
2025-04-15 12:15:49.943 69948 INFO tempest.common.waiters [-] State transition "BUILD/networking" ==> "BUILD/spawning" after 49 second wait
2025-04-15 12:15:49.989 69916 INFO tempest.lib.common.rest_client [req-c2bc92e9-b0a1-4282-8235-1cbb90fbece5 req-c2bc92e9-b0a1-4282-8235-1cbb90fbece5 ] Request (ImagesNegativeTestJSON:test_create_image_from_deleted_server): 200 GET http://10.180.1.21/compute/v2.1/servers/ea9ccc07-f798-453a-9784-6039de0f6fe6 0.244s
2025-04-15 12:15:50.009 69920 INFO tempest.lib.common.rest_client [req-de119a1d-e6a2-41d6-a4af-b9a45a01abe3 req-de119a1d-e6a2-41d6-a4af-b9a45a01abe3 ] Request (ServersAdmin275Test:tearDownClass): 404 GET http://10.180.1.21/compute/v2.1/servers/ac2e4d87-28eb-4d0a-9eca-7e110f4802b1 0.202s
2025-04-15 12:15:50.062 69892 INFO tempest.lib.common.rest_client [req-1e67be3a-3273-442d-b993-258531af745a req-1e67be3a-3273-442d-b993-258531af745a ] Request (ServersAdminTestJSON:test_create_server_with_scheduling_hint): 200 GET http://10.180.1.21/compute/v2.1/servers/9e7b7b6a-9053-4b49-ba1f-d3a8e5f23fb4 0.252s
2025-04-15 12:15:50.088 69920 INFO tempest.lib.common.rest_client [req-022c3453-27d3-4dea-a667-086c24fd568f req-022c3453-27d3-4dea-a667-086c24fd568f ] Request (ServersAdmin275Test:tearDownClass): 204 DELETE http://10.180.1.21/identity/v3/users/f14c1200bc0b471e952ead6008d80efa 0.078s
2025-04-15 12:15:50.133 69894 INFO tempest.lib.common.rest_client [req-d3bbfd27-c2d9-4b13-8017-52a3abd40783 req-d3bbfd27-c2d9-4b13-8017-52a3abd40783 ] Request (ServerGroupTestJSON:test_create_server_with_scheduler_hint_group): 200 GET http://10.180.1.21/compute/v2.1/servers/a54ec9b6-147a-4162-bd64-a1f43ef54209 0.276s
2025-04-15 12:15:50.164 69898 INFO tempest.lib.common.rest_client [req-0bedb7c3-d272-4758-9783-b4b995a429ba req-0bedb7c3-d272-4758-9783-b4b995a429ba ] Request (ServersTestJSON:setUpClass): 201 POST http://10.180.1.21:9696/networking/v2.0/routers 1.233s
2025-04-15 12:15:50.187 69953 INFO tempest.lib.common.rest_client [req-732b82d9-1948-4618-a0a9-74811114e4fe req-732b82d9-1948-4618-a0a9-74811114e4fe ] Request (ServersTestMultiNic:test_verify_multiple_nics_order): 200 GET http://10.180.1.21/compute/v2.1/servers/228334f1-18ab-44f2-9b88-b61b11795099 0.270s
2025-04-15 12:15:50.194 69920 INFO tempest.lib.common.rest_client [req-1e91cbc4-a486-4e8d-8e3c-0be805396e21 req-1e91cbc4-a486-4e8d-8e3c-0be805396e21 ] Request (ServersAdmin275Test:tearDownClass): 204 DELETE http://10.180.1.21/identity/v3/users/50efdd65ca694adcbddae026a8e3d099 0.106s
2025-04-15 12:15:50.195 69920 INFO tempest.lib.common.dynamic_creds [-] Deleting project and security group for project: f2630f153d2d46ff826555cb91152ed1
2025-04-15 12:15:50.261 69920 INFO tempest.lib.common.rest_client [req-3d1bc171-f4c6-4c20-8d3c-6808b640c5a0 req-3d1bc171-f4c6-4c20-8d3c-6808b640c5a0 ] Request (ServersAdmin275Test:tearDownClass): 201 POST http://10.180.1.21/identity/v3/auth/tokens 0.066s
2025-04-15 12:15:50.335 69938 INFO tempest.lib.common.rest_client [req-cccfc4bd-94c5-472a-807d-5b3c1b26bd16 req-cccfc4bd-94c5-472a-807d-5b3c1b26bd16 ] Request (ServerRescueNegativeTestJSON:_run_cleanups): 200 GET http://10.180.1.21/compute/v2.1/servers/84376917-04ce-4186-901b-7289193610fd 0.412s
2025-04-15 12:15:50.343 69938 INFO tempest.common.waiters [-] State transition "RESCUE/unrescuing" ==> "ACTIVE/None" after 5 second wait
2025-04-15 12:15:50.397 69926 INFO tempest.lib.common.rest_client [req-48a438bf-18b3-4fe2-9c43-7522438b0582 req-48a438bf-18b3-4fe2-9c43-7522438b0582 ] Request (AttachInterfacesTestJSON:test_create_list_show_delete_interfaces_by_fixed_ip): 200 GET http://10.180.1.21/compute/v2.1/servers/e558537c-3b7c-45c6-ba0e-754fe2895d6c 0.420s
2025-04-15 12:15:50.451 69920 INFO tempest.lib.common.rest_client [req-513fd92c-d13f-47cf-82aa-46ac8f78e5bf req-513fd92c-d13f-47cf-82aa-46ac8f78e5bf ] Request (ServersAdmin275Test:tearDownClass): 200 GET http://10.180.1.21:9696/networking/v2.0/security-groups?tenant_id=f2630f153d2d46ff826555cb91152ed1&name=default 0.190s
2025-04-15 12:15:50.484 69904 INFO tempest.lib.common.rest_client [req-d69f4fb9-43ce-47ba-9b91-51314881f600 req-d69f4fb9-43ce-47ba-9b91-51314881f600 ] Request (ServersListShow296Test:test_list_show_update_rebuild_server_296): 200 GET http://10.180.1.21/compute/v2.1/servers/6a0aa2a6-2625-4aef-9e13-e7c6e9d15338 0.486s
2025-04-15 12:15:50.556 69913 INFO tempest.lib.common.rest_client [req-932f73e2-18d3-415a-899d-01f9991d6428 req-932f73e2-18d3-415a-899d-01f9991d6428 ] Request (ServerShowV247Test:test_update_rebuild_list_server): 200 GET http://10.180.1.21/compute/v2.1/servers/8ac151eb-9fb8-42e8-b4cf-454d77655f61 0.527s
2025-04-15 12:15:50.578 69920 INFO tempest.lib.common.rest_client [req-bf1e0e80-2895-42cc-adf4-3ab9146dcfc5 req-bf1e0e80-2895-42cc-adf4-3ab9146dcfc5 ] Request (ServersAdmin275Test:tearDownClass): 204 DELETE http://10.180.1.21:9696/networking/v2.0/security-groups/97be89a8-8ce9-4cf6-a824-c6bc2e686eea 0.126s
2025-04-15 12:15:50.600 69923 INFO tempest.lib.common.rest_client [req-23081f8b-16fb-4e41-a015-e49c18d52f76 req-23081f8b-16fb-4e41-a015-e49c18d52f76 ] Request (ServerDiagnosticsTest:test_get_server_diagnostics): 200 GET http://10.180.1.21/compute/v2.1/servers/aa86f0d6-bd53-47e8-908c-64ef9c7739a2/diagnostics 0.809s
2025-04-15 12:15:50.639 69938 INFO tempest.lib.common.rest_client [req-cd9bc81b-ebe5-4188-a723-987a5f8ef2ab req-cd9bc81b-ebe5-4188-a723-987a5f8ef2ab ] Request (ServerRescueNegativeTestJSON:test_rescued_vm_detach_volume): 202 POST http://10.180.1.21/volume/v3/volumes 0.295s
2025-04-15 12:15:50.640 69940 INFO tempest.lib.common.rest_client [req-a8d13fa3-f709-4172-b56c-6edfbdba9529 req-a8d13fa3-f709-4172-b56c-6edfbdba9529 ] Request (InstanceActionsV221TestJSON:test_get_list_deleted_instance_actions): 200 GET http://10.180.1.21/compute/v2.1/servers/2f865843-a85f-4f29-ba8f-11e691e20d2f 0.570s
2025-04-15 12:15:50.657 69920 INFO tempest.lib.common.rest_client [req-9d06331f-b909-4073-9387-cf52333886d6 req-9d06331f-b909-4073-9387-cf52333886d6 ] Request (ServersAdmin275Test:tearDownClass): 204 DELETE http://10.180.1.21/identity/v3/projects/f2630f153d2d46ff826555cb91152ed1 0.079s
2025-04-15 12:15:50.658 69920 INFO tempest.lib.common.dynamic_creds [-] Deleting project and security group for project: 5a8703c0a4fc41488f334ecd490ce4f9
2025-04-15 12:15:50.668 69908 INFO tempest.lib.common.rest_client [req-ae2b550a-029e-405c-8e8e-c0ceb8134ade req-ae2b550a-029e-405c-8e8e-c0ceb8134ade ] Request (ImagesTestJSON:test_create_image_from_stopped_server): 200 GET http://10.180.1.21/compute/v2.1/servers/54bb24f0-d4b8-40d3-8c8d-3ce706540b61 0.575s
2025-04-15 12:15:50.675 69938 INFO tempest.lib.common.rest_client [req-6855e43b-4fd8-4080-b264-5327412359a2 req-6855e43b-4fd8-4080-b264-5327412359a2 ] Request (ServerRescueNegativeTestJSON:test_rescued_vm_detach_volume): 200 GET http://10.180.1.21/volume/v3/volumes/b7fbf620-4192-4422-b01b-d8dce4f6f448 0.029s
2025-04-15 12:15:50.726 69930 INFO tempest.lib.common.rest_client [req-0b1eab30-bd8c-4bc8-94fa-54d542a241b8 req-0b1eab30-bd8c-4bc8-94fa-54d542a241b8 ] Request (AttachInterfacesV270Test:test_create_get_list_interfaces): 200 GET http://10.180.1.21/compute/v2.1/servers/6af9f8cd-5fb7-486f-be1d-69a4398beb01 0.585s
2025-04-15 12:15:50.757 69946 INFO tempest.lib.common.rest_client [req-5f585513-3f4a-4629-8323-0bf80d43a7a7 req-5f585513-3f4a-4629-8323-0bf80d43a7a7 ] Request (ServersListShow2100Test:test_list_show_rebuild_update_server_2100): 200 GET http://10.180.1.21/compute/v2.1/servers/df1b26a7-37c9-4190-859d-58c9994322ac 0.589s
2025-04-15 12:15:50.809 69954 INFO tempest.lib.common.rest_client [req-9507a9f6-757c-4298-9c9c-712d2bec390b req-9507a9f6-757c-4298-9c9c-712d2bec390b ] Request (ServerShowV254Test:test_rebuild_server): 200 GET http://10.180.1.21/compute/v2.1/servers/23fe5bc6-1479-4ab4-b49d-38b87887eedb 0.621s
2025-04-15 12:15:50.909 69920 INFO tempest.lib.common.rest_client [req-cff1a760-d82e-4676-9e58-65d732880b88 req-cff1a760-d82e-4676-9e58-65d732880b88 ] Request (ServersAdmin275Test:tearDownClass): 200 GET http://10.180.1.21:9696/networking/v2.0/security-groups?tenant_id=5a8703c0a4fc41488f334ecd490ce4f9&name=default 0.251s
2025-04-15 12:15:50.995 69920 INFO tempest.lib.common.rest_client [req-8abea87f-c502-4e30-a9d2-bc77889e987e req-8abea87f-c502-4e30-a9d2-bc77889e987e ] Request (ServersAdmin275Test:tearDownClass): 204 DELETE http://10.180.1.21:9696/networking/v2.0/security-groups/94cf163c-cf79-4f1b-aa7b-8c9470ab808b 0.085s
2025-04-15 12:15:51.009 69932 INFO tempest.lib.common.rest_client [req-daaed596-3ee6-4ff8-9eca-bc4dab0a27bf req-daaed596-3ee6-4ff8-9eca-bc4dab0a27bf ] Request (FloatingIPsAssociationTestJSON:test_associate_already_associated_floating_ip): 200 GET http://10.180.1.21/compute/v2.1/servers/00d85748-2c5b-44bb-891d-cc15b8dbc40a 0.452s
2025-04-15 12:15:51.033 69910 INFO tempest.lib.common.rest_client [req-80ee758e-bb81-48b0-bf30-b1afd41416f2 req-80ee758e-bb81-48b0-bf30-b1afd41416f2 ] Request (MigrationsAdminTest:test_list_migrations_in_flavor_resize_situation): 200 GET http://10.180.1.21/compute/v2.1/servers/23dfab87-fb78-4861-89ac-acc1530353f1 0.470s
2025-04-15 12:15:51.085 69906 INFO tempest.lib.common.rest_client [req-2b5215df-10ca-4fcc-81ea-90b68d2cdc30 req-2b5215df-10ca-4fcc-81ea-90b68d2cdc30 ] Request (DeleteServersTestJSON:test_delete_active_server): 200 GET http://10.180.1.21/compute/v2.1/servers/3632a917-e091-4fbe-aee1-00d7442885df 0.459s
2025-04-15 12:15:51.090 69923 INFO tempest.lib.common.rest_client [req-38475543-168e-4b8d-a966-aa1bf0c2ab60 req-38475543-168e-4b8d-a966-aa1bf0c2ab60 ] Request (ServerDiagnosticsTest:tearDownClass): 204 DELETE http://10.180.1.21/compute/v2.1/servers/aa86f0d6-bd53-47e8-908c-64ef9c7739a2 0.488s
2025-04-15 12:15:51.117 69920 INFO tempest.lib.common.rest_client [req-f6bdb90c-c0cc-42d1-a2ef-ffa8ce790b20 req-f6bdb90c-c0cc-42d1-a2ef-ffa8ce790b20 ] Request (ServersAdmin275Test:tearDownClass): 204 DELETE http://10.180.1.21/identity/v3/projects/5a8703c0a4fc41488f334ecd490ce4f9 0.122s
2025-04-15 12:15:51.119 69920 INFO tempest.test [-] raised in UpdateMultiattachVolumeNegativeTest.setUpClass. Invoking tearDownClass.
2025-04-15 12:15:51.170 69900 INFO tempest.lib.common.rest_client [req-a7546fdb-7ba6-4f9f-a830-e96f258d5347 req-a7546fdb-7ba6-4f9f-a830-e96f258d5347 ] Request (ImagesOneServerNegativeTestJSON:_run_cleanups): 200 GET http://10.180.1.21/compute/v2.1/servers/c4c3542a-99d9-43a5-b53a-a6f1a740d378 0.532s
2025-04-15 12:15:51.186 69942 INFO tempest.lib.common.rest_client [req-21c2f1f4-ff52-4eba-81b6-7f05428e14f8 req-21c2f1f4-ff52-4eba-81b6-7f05428e14f8 ] Request (FloatingIPsAssociationNegativeTestJSON:tearDownClass): 200 GET http://10.180.1.21/compute/v2.1/servers/58c7418e-6ead-49a3-9b36-a06b2b50bbd7 0.471s
2025-04-15 12:15:51.203 69920 INFO tempest.lib.common.rest_client [req-42ff0739-4212-4a61-897d-ec078ce3d3b5 req-42ff0739-4212-4a61-897d-ec078ce3d3b5 ] Request (AttachInterfacesUnderV243Test:setUpClass): 201 POST http://10.180.1.21/identity/v3/auth/tokens 0.080s
2025-04-15 12:15:51.223 69928 INFO tempest.lib.common.rest_client [req-e65d75cd-c174-4f67-be60-dbb9080df5f9 req-e65d75cd-c174-4f67-be60-dbb9080df5f9 ] Request (ImagesOneServerTestJSON:test_create_image_specify_multibyte_character_image_name): 200 GET http://10.180.1.21/compute/v2.1/images/ae5ee652-4b8d-425c-852a-ea73232a4b38 0.477s
2025-04-15 12:15:51.242 69920 INFO tempest.lib.common.rest_client [req-48fb0a67-b7c9-41c5-8ec5-289e03a701c9 req-48fb0a67-b7c9-41c5-8ec5-289e03a701c9 ] Request (AttachInterfacesUnderV243Test:setUpClass): 201 POST http://10.180.1.21/identity/v3/auth/tokens 0.032s
2025-04-15 12:15:51.245 69924 INFO tempest.lib.common.rest_client [req-4e0e2aa9-8ae2-4cdb-b4ee-39d8e38cac21 req-4e0e2aa9-8ae2-4cdb-b4ee-39d8e38cac21 ] Request (DeleteServersAdminTestJSON:test_delete_server_while_in_error_state): 200 GET http://10.180.1.21/compute/v2.1/servers/4d10dbb8-f400-48ce-9dce-5b6cb7dd70ea 0.430s
2025-04-15 12:15:51.280 69920 INFO tempest.lib.common.rest_client [req-5c61714e-117b-49e9-8bce-a60467b9c086 req-5c61714e-117b-49e9-8bce-a60467b9c086 ] Request (AttachInterfacesUnderV243Test:setUpClass): 200 GET http://10.180.1.21/identity/v3/domains?name=Default 0.038s
2025-04-15 12:15:51.291 69914 INFO tempest.lib.common.rest_client [req-4ca8c4fd-3745-411c-a589-1bc9d222704e req-4ca8c4fd-3745-411c-a589-1bc9d222704e ] Request (TenantUsagesTestJSON:setUpClass): 200 GET http://10.180.1.21/compute/v2.1/servers/16f4a6eb-ba57-409c-a828-0a49823f3a8c 0.416s
2025-04-15 12:15:51.301 69914 INFO tempest.common.waiters [-] State transition "BUILD/scheduling" ==> "BUILD/None" after 31 second wait
2025-04-15 12:15:51.325 69920 INFO tempest.lib.common.rest_client [req-23057c63-2b7c-419c-ab0a-bafdab0d6acd req-23057c63-2b7c-419c-ab0a-bafdab0d6acd ] Request (AttachInterfacesUnderV243Test:setUpClass): 201 POST http://10.180.1.21/identity/v3/projects 0.044s
2025-04-15 12:15:51.375 69945 INFO tempest.lib.common.rest_client [req-1f3d53a1-3e29-40cb-9027-509175a3e838 req-1f3d53a1-3e29-40cb-9027-509175a3e838 ] Request (ServerExternalEventsTest:test_create_server_external_events): 200 GET http://10.180.1.21/compute/v2.1/servers/4f50b84f-c5fd-4c61-b1bb-36ac3cd3a57b 0.431s
2025-04-15 12:15:51.416 69920 INFO tempest.lib.common.rest_client [req-52ccb061-f76c-443e-bd19-effd656522bf req-52ccb061-f76c-443e-bd19-effd656522bf ] Request (AttachInterfacesUnderV243Test:setUpClass): 201 POST http://10.180.1.21/identity/v3/users 0.090s
2025-04-15 12:15:51.454 69948 INFO tempest.lib.common.rest_client [req-9be8f584-ce54-4bcb-9e41-fc123b5944f9 req-9be8f584-ce54-4bcb-9e41-fc123b5944f9 ] Request (ListServersNegativeTestJSON:setUpClass): 200 GET http://10.180.1.21/compute/v2.1/servers/3f1e0612-ce15-441a-8c68-6d5aba1d4484 0.510s
2025-04-15 12:15:51.457 69920 INFO tempest.lib.common.rest_client [req-babdfdd3-30cc-4ce0-94b9-ebb7e3f0cccd req-babdfdd3-30cc-4ce0-94b9-ebb7e3f0cccd ] Request (AttachInterfacesUnderV243Test:setUpClass): 200 GET http://10.180.1.21/identity/v3/roles 0.040s
2025-04-15 12:15:51.468 69916 INFO tempest.lib.common.rest_client [req-abbfe133-1f9f-4393-b196-33d7eb8450ba req-abbfe133-1f9f-4393-b196-33d7eb8450ba ] Request (ImagesNegativeTestJSON:test_create_image_from_deleted_server): 200 GET http://10.180.1.21/compute/v2.1/servers/ea9ccc07-f798-453a-9784-6039de0f6fe6 0.469s
2025-04-15 12:15:51.523 69920 INFO tempest.lib.common.rest_client [req-47583905-b215-4186-8203-caa71e6b22df req-47583905-b215-4186-8203-caa71e6b22df ] Request (AttachInterfacesUnderV243Test:setUpClass): 204 PUT http://10.180.1.21/identity/v3/projects/2572f1be5c804f24b694dbfd38023f5f/users/98a1f19e90c34f879102cb5b59eada2b/roles/2b9c255475244d3998f24f0dde3774cb 0.065s
2025-04-15 12:15:51.524 69920 INFO tempest.lib.common.dynamic_creds [-] Dynamic test user 98a1f19e90c34f879102cb5b59eada2b is created with scope project and roles: ['member']
2025-04-15 12:15:51.524 69920 INFO tempest.lib.common.dynamic_creds [-] Acquired dynamic creds: credentials: Credentials: {'domain_id': 'default', 'domain_name': 'Default', 'username': 'tempest-AttachInterfacesUnderV243Test-1165910399-project-member', 'project_domain_id': 'default', 'project_domain_name': 'Default', 'project_id': '2572f1be5c804f24b694dbfd38023f5f', 'project_name': 'tempest-AttachInterfacesUnderV243Test-1165910399', 'tenant_id': '2572f1be5c804f24b694dbfd38023f5f', 'tenant_name': 'tempest-AttachInterfacesUnderV243Test-1165910399', 'user_domain_id': 'default', 'user_domain_name': 'Default', 'user_id': '98a1f19e90c34f879102cb5b59eada2b', 'system': None}, Network: None, Subnet: None, Router: None
2025-04-15 12:15:51.558 69892 INFO tempest.lib.common.rest_client [req-dea67d66-2178-4399-9594-a11bc6e09137 req-dea67d66-2178-4399-9594-a11bc6e09137 ] Request (ServersAdminTestJSON:test_create_server_with_scheduling_hint): 200 GET http://10.180.1.21/compute/v2.1/servers/9e7b7b6a-9053-4b49-ba1f-d3a8e5f23fb4 0.485s
2025-04-15 12:15:51.566 69898 INFO tempest.lib.common.rest_client [req-9ffb6a2b-8856-4b20-b8b7-c53c4d4de830 req-9ffb6a2b-8856-4b20-b8b7-c53c4d4de830 ] Request (ServersTestJSON:setUpClass): 200 PUT http://10.180.1.21:9696/networking/v2.0/routers/20b184b4-1769-4877-9e40-48a58db5b714/add_router_interface 1.402s
2025-04-15 12:15:51.566 69898 INFO tempest.lib.common.dynamic_creds [-] Created isolated network resources for: credentials: Credentials: {'domain_id': 'default', 'domain_name': 'Default', 'username': 'tempest-ServersTestJSON-1120962545-project-member', 'project_domain_id': 'default', 'project_domain_name': 'Default', 'project_id': 'bef65ed7ba3a461292672af7bc2d3f29', 'project_name': 'tempest-ServersTestJSON-1120962545', 'tenant_id': 'bef65ed7ba3a461292672af7bc2d3f29', 'tenant_name': 'tempest-ServersTestJSON-1120962545', 'user_domain_id': 'default', 'user_domain_name': 'Default', 'user_id': 'ea04489e18b9427796d74611d72ec073', 'system': None}, Network: {'id': '67d96cd7-fc8b-430a-afb0-e3ea7cd857eb', 'name': 'tempest-ServersTestJSON-1266002607-network', 'tenant_id': 'bef65ed7ba3a461292672af7bc2d3f29', 'admin_state_up': True, 'mtu': 8950, 'status': 'ACTIVE', 'subnets': [], 'shared': False, 'project_id': 'bef65ed7ba3a461292672af7bc2d3f29', 'port_security_enabled': True, 'router:external': False, 'provider:network_type': 'vlan', 'provider:physical_network': 'default', 'provider:segmentation_id': 953, 'availability_zone_hints': [], 'availability_zones': [], 'ipv4_address_scope': None, 'ipv6_address_scope': None, 'description': '', 'tags': [], 'created_at': '2025-04-15T12:15:48Z', 'updated_at': '2025-04-15T12:15:48Z', 'revision_number': 1}, Subnet: {'id': 'a9ebb180-fa91-4472-a2b6-9392d7af458c', 'name': 'tempest-ServersTestJSON-1266002607-subnet', 'tenant_id': 'bef65ed7ba3a461292672af7bc2d3f29', 'network_id': '67d96cd7-fc8b-430a-afb0-e3ea7cd857eb', 'ip_version': 4, 'subnetpool_id': None, 'enable_dhcp': True, 'ipv6_ra_mode': None, 'ipv6_address_mode': None, 'gateway_ip': '192.168.128.1', 'cidr': '192.168.128.0/28', 'allocation_pools': [{'start': '192.168.128.2', 'end': '192.168.128.14'}], 'host_routes': [], 'dns_nameservers': [], 'description': '', 'router:external': False, 'service_types': [], 'tags': [], 'created_at': '2025-04-15T12:15:48Z', 'updated_at': '2025-04-15T12:15:48Z', 'revision_number': 0, 'project_id': 'bef65ed7ba3a461292672af7bc2d3f29'}, Router: {'id': '20b184b4-1769-4877-9e40-48a58db5b714', 'name': 'tempest-ServersTestJSON-1266002607-router', 'tenant_id': 'bef65ed7ba3a461292672af7bc2d3f29', 'admin_state_up': True, 'status': 'ACTIVE', 'external_gateway_info': {'network_id': '04236faf-c74d-4836-9af1-f13905637414', 'external_fixed_ips': [{'subnet_id': 'f9b4f0f8-2e85-44da-a5a4-bed4bbdc5e56', 'ip_address': '10.180.180.205'}], 'enable_snat': True}, 'description': '', 'availability_zones': [], 'distributed': False, 'ha': False, 'availability_zone_hints': [], 'routes': [], 'flavor_id': None, 'tags': [], 'created_at': '2025-04-15T12:15:48Z', 'updated_at': '2025-04-15T12:15:49Z', 'revision_number': 2, 'project_id': 'bef65ed7ba3a461292672af7bc2d3f29'}
2025-04-15 12:15:51.616 69920 INFO tempest.lib.common.rest_client [req-4ccf7b0a-84cf-4243-9d20-f374466bf940 req-4ccf7b0a-84cf-4243-9d20-f374466bf940 ] Request (AttachInterfacesUnderV243Test:setUpClass): 201 POST http://10.180.1.21/identity/v3/auth/tokens 0.092s
2025-04-15 12:15:51.624 69923 INFO tempest.lib.common.rest_client [req-a464b4fd-743e-41fb-b0fc-af7116bc983d req-a464b4fd-743e-41fb-b0fc-af7116bc983d ] Request (ServerDiagnosticsTest:tearDownClass): 200 GET http://10.180.1.21/compute/v2.1/servers/aa86f0d6-bd53-47e8-908c-64ef9c7739a2 0.533s
2025-04-15 12:15:51.635 69894 INFO tempest.lib.common.rest_client [req-e42b6657-7af1-40a9-a3ed-873750210886 req-e42b6657-7af1-40a9-a3ed-873750210886 ] Request (ServerGroupTestJSON:test_create_server_with_scheduler_hint_group): 200 GET http://10.180.1.21/compute/v2.1/servers/a54ec9b6-147a-4162-bd64-a1f43ef54209 0.493s
2025-04-15 12:15:51.659 69898 INFO tempest.lib.common.rest_client [req-d59f5411-b26c-414b-ac78-cfb0d1420bec req-d59f5411-b26c-414b-ac78-cfb0d1420bec ] Request (ServersTestJSON:setUpClass): 201 POST http://10.180.1.21/identity/v3/auth/tokens 0.090s
2025-04-15 12:15:51.684 69953 INFO tempest.lib.common.rest_client [req-6a43bf40-3595-4711-9f86-3ac4a4a9b600 req-6a43bf40-3595-4711-9f86-3ac4a4a9b600 ] Request (ServersTestMultiNic:test_verify_multiple_nics_order): 200 GET http://10.180.1.21/compute/v2.1/servers/228334f1-18ab-44f2-9b88-b61b11795099 0.486s
2025-04-15 12:15:51.684 69898 INFO tempest.lib.common.rest_client [req-74739737-781d-4c29-9295-908180e6c6cb req-74739737-781d-4c29-9295-908180e6c6cb ] Request (ServersTestJSON:setUpClass): 200 GET http://10.180.1.21/identity/v3/projects/bef65ed7ba3a461292672af7bc2d3f29 0.025s
2025-04-15 12:15:51.685 69898 INFO tempest.lib.common.dynamic_creds [-] Using the existing project bef65ed7ba3a461292672af7bc2d3f29 for scope project and roles: ['reader']
2025-04-15 12:15:51.700 69926 INFO tempest.lib.common.rest_client [req-632ce7bb-1cad-4532-a2a7-07d81041e436 req-632ce7bb-1cad-4532-a2a7-07d81041e436 ] Request (AttachInterfacesTestJSON:test_create_list_show_delete_interfaces_by_fixed_ip): 200 GET http://10.180.1.21/compute/v2.1/servers/e558537c-3b7c-45c6-ba0e-754fe2895d6c 0.294s
2025-04-15 12:15:51.715 69898 INFO tempest.lib.common.rest_client [req-de5bf4d3-fd49-46cc-b803-1847a44644b6 req-de5bf4d3-fd49-46cc-b803-1847a44644b6 ] Request (ServersTestJSON:setUpClass): 201 POST http://10.180.1.21/identity/v3/users 0.030s
2025-04-15 12:15:51.723 69938 INFO tempest.lib.common.rest_client [req-0a2d8b2c-8d0a-4b52-b0a9-95efaacd4fb8 req-0a2d8b2c-8d0a-4b52-b0a9-95efaacd4fb8 ] Request (ServerRescueNegativeTestJSON:test_rescued_vm_detach_volume): 200 GET http://10.180.1.21/volume/v3/volumes/b7fbf620-4192-4422-b01b-d8dce4f6f448 0.040s
2025-04-15 12:15:51.729 69938 INFO tempest.common.waiters [-] volume b7fbf620-4192-4422-b01b-d8dce4f6f448 reached available after waiting for 1.729711 seconds
2025-04-15 12:15:51.748 69898 INFO tempest.lib.common.rest_client [req-ebbce9b2-9872-40df-b453-125f97321f32 req-ebbce9b2-9872-40df-b453-125f97321f32 ] Request (ServersTestJSON:setUpClass): 200 GET http://10.180.1.21/identity/v3/roles 0.032s
2025-04-15 12:15:51.761 69913 INFO tempest.lib.common.rest_client [req-3953eee1-327e-4895-b877-9636b40573d8 req-3953eee1-327e-4895-b877-9636b40573d8 ] Request (ServerShowV247Test:test_update_rebuild_list_server): 200 GET http://10.180.1.21/compute/v2.1/servers/8ac151eb-9fb8-42e8-b4cf-454d77655f61 0.187s
