2025-04-17 13:02:53.702 69173 INFO tempest.lib.common.rest_client [req-4c961cb6-7e9f-499b-89ed-b6467ed161d3 req-4c961cb6-7e9f-499b-89ed-b6467ed161d3 ] Request (AbsoluteLimitsNegativeTestJSON:setUpClass): 201 POST http://10.180.1.21/identity/v3/auth/tokens 0.072s
2025-04-17 13:02:53.717 69165 INFO tempest.lib.common.rest_client [req-cf752cc1-cc9a-4f98-bae5-585f21c22ab6 req-cf752cc1-cc9a-4f98-bae5-585f21c22ab6 ] Request (FlavorsAccessTestJSON:tearDownClass): 200 GET http://10.180.1.21:9696/networking/v2.0/security-groups?tenant_id=d730fd3ae7f7461bb3a062ff98268faa&name=default 0.235s
2025-04-17 13:02:53.766 69197 INFO tempest.lib.common.rest_client [req-2d585fbd-0ffa-4632-b199-004596710b3f req-2d585fbd-0ffa-4632-b199-004596710b3f ] Request (QuotasAdminNegativeTest:tearDownClass): 204 DELETE http://10.180.1.21/identity/v3/users/b2e38e22044d47ab88647c2048e3f1da 0.134s
2025-04-17 13:02:53.766 69197 INFO tempest.lib.common.dynamic_creds [-] Deleting project and security group for project: 1f0b91bf44ef4a1aa274a51b94ec111e
2025-04-17 13:02:53.789 69155 INFO tempest.lib.common.rest_client [req-c4f7a9df-9350-43e7-8766-b455edda3124 req-c4f7a9df-9350-43e7-8766-b455edda3124 ] Request (FlavorsExtraSpecsNegativeTestJSON:tearDownClass): 204 DELETE http://10.180.1.21/identity/v3/users/d75d5e35c8bd4524884d9e11249cb235 0.190s
2025-04-17 13:02:53.795 69175 INFO tempest.lib.common.rest_client [req-3c6298ac-c208-43fd-b651-fc9e5081fa5d req-3c6298ac-c208-43fd-b651-fc9e5081fa5d ] Request (VolumesAdminNegativeTest:test_update_attached_volume_with_nonexistent_volume_in_body): 200 GET http://10.180.1.21/compute/v2.1/servers/ce63789a-1f0f-40ca-8368-ac3f84bb58cd 1.077s
2025-04-17 13:02:53.810 69195 INFO tempest.lib.common.rest_client [req-58b8c3ab-ed5d-4ff6-ba66-cdd159a12dc6 req-58b8c3ab-ed5d-4ff6-ba66-cdd159a12dc6 ] Request (InstanceUsageAuditLogNegativeTestJSON:tearDownClass): 204 DELETE http://10.180.1.21:9696/networking/v2.0/security-groups/a01d83f0-a59f-41e4-8bd6-5a0ef5b22cb3 0.145s
2025-04-17 13:02:53.821 69193 INFO tempest.lib.common.rest_client [req-a91fca15-8e05-4d72-954d-2d3b678904b8 req-a91fca15-8e05-4d72-954d-2d3b678904b8 ] Request (FlavorsAccessNegativeTestJSON:test_flavor_non_admin_add): 200 POST http://10.180.1.21/compute/v2.1/flavors 0.884s
2025-04-17 13:02:53.830 69173 INFO tempest.lib.common.rest_client [req-23df69da-7967-4a44-984d-f9b0374214a5 req-23df69da-7967-4a44-984d-f9b0374214a5 ] Request (AbsoluteLimitsNegativeTestJSON:setUpClass): 201 POST http://10.180.1.21/identity/v3/auth/tokens 0.125s
2025-04-17 13:02:53.832 69165 INFO tempest.lib.common.rest_client [req-3b39cbbe-170e-4e6d-90ec-1705941017eb req-3b39cbbe-170e-4e6d-90ec-1705941017eb ] Request (FlavorsAccessTestJSON:tearDownClass): 204 DELETE http://10.180.1.21:9696/networking/v2.0/security-groups/7c19b178-0b99-4165-935e-2505d72edb1f 0.114s
2025-04-17 13:02:53.837 69187 INFO tempest.lib.common.rest_client [req-0ae24a76-6d07-4f22-9d10-9332d357ce28 req-0ae24a76-6d07-4f22-9d10-9332d357ce28 ] Request (ImagesMetadataTestJSON:test_set_image_metadata): 200 PUT http://10.180.1.21/compute/v2.1/images/a8b4adde-078e-4c4e-870f-18546225c750/metadata 0.929s
2025-04-17 13:02:53.848 69143 INFO tempest.lib.common.rest_client [req-f49790ff-e12d-4692-a574-a2f55268f40d req-f49790ff-e12d-4692-a574-a2f55268f40d ] Request (FlavorsExtraSpecsTestJSON:test_flavor_set_get_update_show_unset_keys): 200 POST http://10.180.1.21/compute/v2.1/flavors/306005231/os-extra_specs 0.906s
2025-04-17 13:02:53.849 69197 INFO tempest.lib.common.rest_client [req-a8555abd-a5bd-4926-a3ea-cfeb30ab9e38 req-a8555abd-a5bd-4926-a3ea-cfeb30ab9e38 ] Request (QuotasAdminNegativeTest:tearDownClass): 201 POST http://10.180.1.21/identity/v3/auth/tokens 0.082s
2025-04-17 13:02:53.906 69145 INFO tempest.lib.common.rest_client [req-667c02bc-f424-48ef-b59d-c633c48b7c8e req-667c02bc-f424-48ef-b59d-c633c48b7c8e ] Request (FloatingIPsTestJSON:_run_cleanups): 404 DELETE http://10.180.1.21/compute/v2.1/os-floating-ips/247d7492-4a39-477d-ae8e-531b20fe0368 0.926s
2025-04-17 13:02:53.917 69195 INFO tempest.lib.common.rest_client [req-1aa15ed6-f79c-451f-9c5f-051661f5f999 req-1aa15ed6-f79c-451f-9c5f-051661f5f999 ] Request (InstanceUsageAuditLogNegativeTestJSON:tearDownClass): 204 DELETE http://10.180.1.21/identity/v3/projects/9e60cde6edbe42719be2fb65ca72316b 0.106s
2025-04-17 13:02:53.917 69205 INFO tempest.lib.common.rest_client [req-415b1035-202c-4b87-aad3-5c021ce5a53d req-415b1035-202c-4b87-aad3-5c021ce5a53d ] Request (ServersWithSpecificFlavorTestJSON:test_verify_created_server_ephemeral_disk): 200 GET http://10.180.1.21/compute/v2.1/flavors/42/os-extra_specs 0.910s
2025-04-17 13:02:53.917 69195 INFO tempest.lib.common.dynamic_creds [-] Deleting project and security group for project: 88a2d86fa50541668569df8fadb7190d
2025-04-17 13:02:53.927 69157 INFO tempest.lib.common.rest_client [req-59a1b7f1-5030-4ae5-84b7-8c803154e657 req-59a1b7f1-5030-4ae5-84b7-8c803154e657 ] Request (AggregatesAdminNegativeTestJSON:test_aggregate_create_aggregate_name_length_exceeds_255): 400 POST http://10.180.1.21/compute/v2.1/os-aggregates 0.899s
2025-04-17 13:02:53.944 69179 INFO tempest.lib.common.rest_client [req-f0d61435-c496-441e-8dfe-baecabebc061 req-f0d61435-c496-441e-8dfe-baecabebc061 ] Request (FlavorsAdminTestJSON:_run_cleanups): 202 DELETE http://10.180.1.21/compute/v2.1/flavors/a8f16a4b-4923-4fb6-b0f9-99c51a5b3608 0.897s
2025-04-17 13:02:53.953 69155 INFO tempest.lib.common.rest_client [req-caaf86f4-1fb9-4018-86ad-eb2e0ca1b327 req-caaf86f4-1fb9-4018-86ad-eb2e0ca1b327 ] Request (FlavorsExtraSpecsNegativeTestJSON:tearDownClass): 204 DELETE http://10.180.1.21/identity/v3/users/93efb1e5439e4efc91e3f4543dad9248 0.163s
2025-04-17 13:02:53.953 69155 INFO tempest.lib.common.dynamic_creds [-] Deleting project and security group for project: f1f0f0c1afe547ebbf83f2ca84b55fb1
2025-04-17 13:02:54.012 69189 INFO tempest.lib.common.rest_client [req-04afce20-7ca2-4bb8-b866-21799e46a9a8 req-04afce20-7ca2-4bb8-b866-21799e46a9a8 ] Request (ServersTestBootFromVolume:setUpClass): 200 GET http://10.180.1.21/volume/v3/691be0f69d6042a982a2adb55c56c12f/volumes/2a6739d4-c623-4c14-8d24-76048cc359b9 0.042s
2025-04-17 13:02:54.027 69173 INFO tempest.lib.common.rest_client [req-dda090ca-4b1a-4dcb-a9cc-c81f07769bae req-dda090ca-4b1a-4dcb-a9cc-c81f07769bae ] Request (AbsoluteLimitsNegativeTestJSON:setUpClass): 200 GET http://10.180.1.21/identity/v3/domains?name=Default 0.197s
2025-04-17 13:02:54.049 69165 INFO tempest.lib.common.rest_client [req-28ff6723-1995-4625-a706-eb051f87d308 req-28ff6723-1995-4625-a706-eb051f87d308 ] Request (FlavorsAccessTestJSON:tearDownClass): 204 DELETE http://10.180.1.21/identity/v3/projects/d730fd3ae7f7461bb3a062ff98268faa 0.217s
2025-04-17 13:02:54.050 69165 INFO tempest.lib.common.dynamic_creds [-] Deleting project and security group for project: 136fb87dbe7e4982b2f6200abdff4716
2025-04-17 13:02:54.091 69195 INFO tempest.lib.common.rest_client [req-2ef747ba-02ac-42f1-a12f-35463d0a4e5d req-2ef747ba-02ac-42f1-a12f-35463d0a4e5d ] Request (InstanceUsageAuditLogNegativeTestJSON:tearDownClass): 200 GET http://10.180.1.21:9696/networking/v2.0/security-groups?tenant_id=88a2d86fa50541668569df8fadb7190d&name=default 0.174s
2025-04-17 13:02:54.113 69155 INFO tempest.lib.common.rest_client [req-ef5cc13f-3bd5-4b18-bb22-0ce175e8714b req-ef5cc13f-3bd5-4b18-bb22-0ce175e8714b ] Request (FlavorsExtraSpecsNegativeTestJSON:tearDownClass): 201 POST http://10.180.1.21/identity/v3/auth/tokens 0.160s
2025-04-17 13:02:54.141 69173 INFO tempest.lib.common.rest_client [req-7db98b5b-64c7-44ec-bf0d-aada9c031636 req-7db98b5b-64c7-44ec-bf0d-aada9c031636 ] Request (AbsoluteLimitsNegativeTestJSON:setUpClass): 201 POST http://10.180.1.21/identity/v3/projects 0.113s
2025-04-17 13:02:54.144 69191 INFO tempest.lib.common.rest_client [req-f577c7e7-97c1-424b-9d5a-c34e2fbab039 req-f577c7e7-97c1-424b-9d5a-c34e2fbab039 ] Request (SecurityGroupsTestAdminJSON:_run_cleanups): 202 DELETE http://10.180.1.21/compute/v2.1/os-security-groups/52bd0569-a73f-4ec2-b53c-7b269adc665a 1.160s
2025-04-17 13:02:54.166 69183 INFO tempest.lib.common.rest_client [req-7abf429d-2b1a-4955-9dee-c1e64705f4dd req-7abf429d-2b1a-4955-9dee-c1e64705f4dd ] Request (AttachInterfacesTestJSON:test_create_list_show_delete_interfaces_by_fixed_ip): 200 GET http://10.180.1.21/compute/v2.1/servers/4edb8b9f-b608-4be8-bfd3-65642710f9bd 0.983s
2025-04-17 13:02:54.204 69173 INFO tempest.lib.common.rest_client [req-41e8c6c8-fa1e-4c82-ad77-c44d429753ae req-41e8c6c8-fa1e-4c82-ad77-c44d429753ae ] Request (AbsoluteLimitsNegativeTestJSON:setUpClass): 201 POST http://10.180.1.21/identity/v3/users 0.063s
2025-04-17 13:02:54.224 69173 INFO tempest.lib.common.rest_client [req-32901d7a-13d3-48d0-ad0c-3802c8e0c402 req-32901d7a-13d3-48d0-ad0c-3802c8e0c402 ] Request (AbsoluteLimitsNegativeTestJSON:setUpClass): 200 GET http://10.180.1.21/identity/v3/roles 0.019s
2025-04-17 13:02:54.255 69173 INFO tempest.lib.common.rest_client [req-e991ffb9-9e4c-4dc7-a95d-b33b867443c3 req-e991ffb9-9e4c-4dc7-a95d-b33b867443c3 ] Request (AbsoluteLimitsNegativeTestJSON:setUpClass): 204 PUT http://10.180.1.21/identity/v3/projects/376a608819fe477880815a06a825d20d/users/ff97746d84a44a04a03773590cb070e0/roles/1a85209e438449ba824616e8cf988db5 0.030s
2025-04-17 13:02:54.256 69173 INFO tempest.lib.common.dynamic_creds [-] Dynamic test user ff97746d84a44a04a03773590cb070e0 is created with scope project and roles: ['member']
2025-04-17 13:02:54.256 69173 INFO tempest.lib.common.dynamic_creds [-] Acquired dynamic creds: credentials: Credentials: {'domain_id': 'default', 'domain_name': 'Default', 'username': 'tempest-AbsoluteLimitsNegativeTestJSON-1634231808-project-member', 'project_domain_id': 'default', 'project_domain_name': 'Default', 'project_id': '376a608819fe477880815a06a825d20d', 'project_name': 'tempest-AbsoluteLimitsNegativeTestJSON-1634231808', 'tenant_id': '376a608819fe477880815a06a825d20d', 'tenant_name': 'tempest-AbsoluteLimitsNegativeTestJSON-1634231808', 'user_domain_id': 'default', 'user_domain_name': 'Default', 'user_id': 'ff97746d84a44a04a03773590cb070e0', 'system': None}, Network: None, Subnet: None, Router: None
2025-04-17 13:02:54.256 69173 INFO tempest.lib.common.dynamic_creds [-] Created isolated network resources for: credentials: Credentials: {'domain_id': 'default', 'domain_name': 'Default', 'username': 'tempest-AbsoluteLimitsNegativeTestJSON-1634231808-project-member', 'project_domain_id': 'default', 'project_domain_name': 'Default', 'project_id': '376a608819fe477880815a06a825d20d', 'project_name': 'tempest-AbsoluteLimitsNegativeTestJSON-1634231808', 'tenant_id': '376a608819fe477880815a06a825d20d', 'tenant_name': 'tempest-AbsoluteLimitsNegativeTestJSON-1634231808', 'user_domain_id': 'default', 'user_domain_name': 'Default', 'user_id': 'ff97746d84a44a04a03773590cb070e0', 'system': None}, Network: None, Subnet: None, Router: None
2025-04-17 13:02:54.263 69195 INFO tempest.lib.common.rest_client [req-e43f7754-d965-4aa2-99f1-88fda6fc681d req-e43f7754-d965-4aa2-99f1-88fda6fc681d ] Request (InstanceUsageAuditLogNegativeTestJSON:tearDownClass): 204 DELETE http://10.180.1.21:9696/networking/v2.0/security-groups/5869389c-b5cd-4484-9e5e-98130d821333 0.171s
2025-04-17 13:02:54.326 69165 INFO tempest.lib.common.rest_client [req-3c2225f9-1394-41b5-9860-fad9257eb00c req-3c2225f9-1394-41b5-9860-fad9257eb00c ] Request (FlavorsAccessTestJSON:tearDownClass): 200 GET http://10.180.1.21:9696/networking/v2.0/security-groups?tenant_id=136fb87dbe7e4982b2f6200abdff4716&name=default 0.276s
2025-04-17 13:02:54.337 69173 INFO tempest.lib.common.rest_client [req-8d8d17b7-19ef-4662-b2ac-032204647751 req-8d8d17b7-19ef-4662-b2ac-032204647751 ] Request (AbsoluteLimitsNegativeTestJSON:setUpClass): 201 POST http://10.180.1.21/identity/v3/auth/tokens 0.076s
2025-04-17 13:02:54.340 69197 INFO tempest.lib.common.rest_client [req-965fe25e-bb84-4af4-a3c8-e9fe3614dd3d req-965fe25e-bb84-4af4-a3c8-e9fe3614dd3d ] Request (QuotasAdminNegativeTest:tearDownClass): 200 GET http://10.180.1.21:9696/networking/v2.0/security-groups?tenant_id=1f0b91bf44ef4a1aa274a51b94ec111e&name=default 0.491s
2025-04-17 13:02:54.362 69199 INFO tempest.lib.common.rest_client [req-ca6f4834-d387-46ed-866d-c690b5c679a6 req-ca6f4834-d387-46ed-866d-c690b5c679a6 ] Request (FloatingIPsAssociationTestJSON:setUpClass): 200 GET http://10.180.1.21/compute/v2.1/servers/46481a4e-ac53-456d-b6cb-9f3ffbccf407 1.173s
2025-04-17 13:02:54.376 69195 INFO tempest.lib.common.rest_client [req-c44a351a-8280-4e09-9acf-0b31fe399c04 req-c44a351a-8280-4e09-9acf-0b31fe399c04 ] Request (InstanceUsageAuditLogNegativeTestJSON:tearDownClass): 204 DELETE http://10.180.1.21/identity/v3/projects/88a2d86fa50541668569df8fadb7190d 0.113s
2025-04-17 13:02:54.449 69195 INFO tempest.lib.common.rest_client [req-3fe5f684-3d38-4d3c-afd7-fbf4555b88a0 req-3fe5f684-3d38-4d3c-afd7-fbf4555b88a0 ] Request (ServersTestMultiNic:setUpClass): 201 POST http://10.180.1.21/identity/v3/auth/tokens 0.071s
2025-04-17 13:02:54.482 69195 INFO tempest.lib.common.rest_client [req-c27e1f90-3a14-4533-b353-6b246b9819c4 req-c27e1f90-3a14-4533-b353-6b246b9819c4 ] Request (ServersTestMultiNic:setUpClass): 201 POST http://10.180.1.21/identity/v3/auth/tokens 0.030s
2025-04-17 13:02:54.504 69195 INFO tempest.lib.common.rest_client [req-bea3570d-4e0b-4335-b66e-6279f03ae185 req-bea3570d-4e0b-4335-b66e-6279f03ae185 ] Request (ServersTestMultiNic:setUpClass): 200 GET http://10.180.1.21/identity/v3/domains?name=Default 0.022s
2025-04-17 13:02:54.537 69195 INFO tempest.lib.common.rest_client [req-9b5f7d8f-51d5-4d5f-b944-81ce62df271f req-9b5f7d8f-51d5-4d5f-b944-81ce62df271f ] Request (ServersTestMultiNic:setUpClass): 201 POST http://10.180.1.21/identity/v3/projects 0.033s
2025-04-17 13:02:54.600 69195 INFO tempest.lib.common.rest_client [req-c6a07602-aeb9-4df1-9d49-b7ef5771b410 req-c6a07602-aeb9-4df1-9d49-b7ef5771b410 ] Request (ServersTestMultiNic:setUpClass): 201 POST http://10.180.1.21/identity/v3/users 0.062s
2025-04-17 13:02:54.619 69195 INFO tempest.lib.common.rest_client [req-a8c118b8-5ee1-475a-8997-5fb3ea78d482 req-a8c118b8-5ee1-475a-8997-5fb3ea78d482 ] Request (ServersTestMultiNic:setUpClass): 200 GET http://10.180.1.21/identity/v3/roles 0.019s
2025-04-17 13:02:54.649 69195 INFO tempest.lib.common.rest_client [req-24dcde2c-60cc-4714-afbd-f7a501bfe275 req-24dcde2c-60cc-4714-afbd-f7a501bfe275 ] Request (ServersTestMultiNic:setUpClass): 204 PUT http://10.180.1.21/identity/v3/projects/486636d70a6f45de823bd83f7530eed0/users/8a997ce90d1a4a7f9a50d8ca55341165/roles/1a85209e438449ba824616e8cf988db5 0.030s
2025-04-17 13:02:54.649 69195 INFO tempest.lib.common.dynamic_creds [-] Dynamic test user 8a997ce90d1a4a7f9a50d8ca55341165 is created with scope project and roles: ['member']
2025-04-17 13:02:54.650 69195 INFO tempest.lib.common.dynamic_creds [-] Acquired dynamic creds: credentials: Credentials: {'domain_id': 'default', 'domain_name': 'Default', 'username': 'tempest-ServersTestMultiNic-1243959320-project-member', 'project_domain_id': 'default', 'project_domain_name': 'Default', 'project_id': '486636d70a6f45de823bd83f7530eed0', 'project_name': 'tempest-ServersTestMultiNic-1243959320', 'tenant_id': '486636d70a6f45de823bd83f7530eed0', 'tenant_name': 'tempest-ServersTestMultiNic-1243959320', 'user_domain_id': 'default', 'user_domain_name': 'Default', 'user_id': '8a997ce90d1a4a7f9a50d8ca55341165', 'system': None}, Network: None, Subnet: None, Router: None
2025-04-17 13:02:54.682 69197 INFO tempest.lib.common.rest_client [req-9ac88b03-9490-4115-acb8-bbdf4c8e5c6e req-9ac88b03-9490-4115-acb8-bbdf4c8e5c6e ] Request (QuotasAdminNegativeTest:tearDownClass): 204 DELETE http://10.180.1.21:9696/networking/v2.0/security-groups/20d9b17b-80d2-4c9d-832d-1a4af80d0680 0.341s
2025-04-17 13:02:54.701 69165 INFO tempest.lib.common.rest_client [req-fe6ff7df-14e4-43bb-8af7-0fdac6ef92f2 req-fe6ff7df-14e4-43bb-8af7-0fdac6ef92f2 ] Request (FlavorsAccessTestJSON:tearDownClass): 204 DELETE http://10.180.1.21:9696/networking/v2.0/security-groups/b921ea42-9ca6-4f23-9baa-8cd541205e1e 0.374s
2025-04-17 13:02:54.704 69155 INFO tempest.lib.common.rest_client [req-9d1266a1-5659-4b0f-835c-06d140c67040 req-9d1266a1-5659-4b0f-835c-06d140c67040 ] Request (FlavorsExtraSpecsNegativeTestJSON:tearDownClass): 200 GET http://10.180.1.21:9696/networking/v2.0/security-groups?tenant_id=f1f0f0c1afe547ebbf83f2ca84b55fb1&name=default 0.590s
2025-04-17 13:02:54.709 69195 INFO tempest.lib.common.rest_client [req-5bf40ba9-73a1-45c9-9487-3a9defc60628 req-5bf40ba9-73a1-45c9-9487-3a9defc60628 ] Request (ServersTestMultiNic:setUpClass): 201 POST http://10.180.1.21/identity/v3/auth/tokens 0.058s
2025-04-17 13:02:54.767 69165 INFO tempest.lib.common.rest_client [req-aa393ba8-cd30-4124-962f-0091fb5145cf req-aa393ba8-cd30-4124-962f-0091fb5145cf ] Request (FlavorsAccessTestJSON:tearDownClass): 204 DELETE http://10.180.1.21/identity/v3/projects/136fb87dbe7e4982b2f6200abdff4716 0.066s
2025-04-17 13:02:54.785 69197 INFO tempest.lib.common.rest_client [req-8c9cbeed-39c2-46e6-a1fa-bc8ed2585d8a req-8c9cbeed-39c2-46e6-a1fa-bc8ed2585d8a ] Request (QuotasAdminNegativeTest:tearDownClass): 204 DELETE http://10.180.1.21/identity/v3/projects/1f0b91bf44ef4a1aa274a51b94ec111e 0.103s
2025-04-17 13:02:54.786 69197 INFO tempest.lib.common.dynamic_creds [-] Deleting project and security group for project: c03d0559907e4c4eb3803de4bd916e5e
2025-04-17 13:02:54.795 69171 INFO tempest.lib.common.rest_client [req-aa18f7e8-7a67-40c9-8124-29444332b0b8 req-aa18f7e8-7a67-40c9-8124-29444332b0b8 ] Request (ImagesNegativeTestJSON:test_create_image_from_deleted_server): 200 GET http://10.180.1.21/compute/v2.1/servers/d2258ded-478a-4530-b940-386286702048 1.382s
2025-04-17 13:02:54.820 69159 INFO tempest.lib.common.rest_client [req-7f0a1574-d586-43d9-978d-ff05c1e0ae4a req-7f0a1574-d586-43d9-978d-ff05c1e0ae4a ] Request (HypervisorAdminTestJSON:test_get_hypervisor_list_details): 200 GET http://10.180.1.21/compute/v2.1/os-hypervisors/detail 1.394s
2025-04-17 13:02:54.863 69165 INFO tempest.lib.common.rest_client [req-aea90dcb-4c93-4a8c-95d8-e711e2502655 req-aea90dcb-4c93-4a8c-95d8-e711e2502655 ] Request (ServerDiagnosticsV248Test:setUpClass): 201 POST http://10.180.1.21/identity/v3/auth/tokens 0.094s
2025-04-17 13:02:54.867 69155 INFO tempest.lib.common.rest_client [req-5dbdee25-bfe3-474b-a42b-fe2ee788eec4 req-5dbdee25-bfe3-474b-a42b-fe2ee788eec4 ] Request (FlavorsExtraSpecsNegativeTestJSON:tearDownClass): 204 DELETE http://10.180.1.21:9696/networking/v2.0/security-groups/09f79d64-d9df-474e-9130-ea4f4c2fecd9 0.162s
2025-04-17 13:02:54.883 69169 INFO tempest.lib.common.rest_client [req-6d6efef2-b262-4393-93df-3cbea2feabcc req-6d6efef2-b262-4393-93df-3cbea2feabcc ] Request (TenantUsagesTestJSON:setUpClass): 202 POST http://10.180.1.21/compute/v2.1/servers 1.656s
2025-04-17 13:02:54.908 69167 INFO tempest.lib.common.rest_client [req-0b120d04-9e38-43cc-9bd0-90b29a28151b req-0b120d04-9e38-43cc-9bd0-90b29a28151b ] Request (ServicesAdminNegativeTestJSON:test_get_service_by_invalid_params): 200 GET http://10.180.1.21/compute/v2.1/os-services?xxx=nova-compute 1.334s
2025-04-17 13:02:54.914 69165 INFO tempest.lib.common.rest_client [req-9e20db13-d8c6-4542-ab1b-e24f785eb4f7 req-9e20db13-d8c6-4542-ab1b-e24f785eb4f7 ] Request (ServerDiagnosticsV248Test:setUpClass): 201 POST http://10.180.1.21/identity/v3/auth/tokens 0.046s
2025-04-17 13:02:54.981 69155 INFO tempest.lib.common.rest_client [req-7771b5b0-51f2-42a5-924d-860fcb2df269 req-7771b5b0-51f2-42a5-924d-860fcb2df269 ] Request (FlavorsExtraSpecsNegativeTestJSON:tearDownClass): 204 DELETE http://10.180.1.21/identity/v3/projects/f1f0f0c1afe547ebbf83f2ca84b55fb1 0.113s
2025-04-17 13:02:54.982 69155 INFO tempest.lib.common.dynamic_creds [-] Deleting project and security group for project: 747ad0f1bbf349eab685abf5ff3243c0
2025-04-17 13:02:55.024 69197 INFO tempest.lib.common.rest_client [req-5fec1e53-a1a6-460c-83d1-f85ec40fab01 req-5fec1e53-a1a6-460c-83d1-f85ec40fab01 ] Request (QuotasAdminNegativeTest:tearDownClass): 200 GET http://10.180.1.21:9696/networking/v2.0/security-groups?tenant_id=c03d0559907e4c4eb3803de4bd916e5e&name=default 0.238s
2025-04-17 13:02:55.053 69189 INFO tempest.lib.common.rest_client [req-b853e623-a47c-481e-9e62-c94d9c8376ea req-b853e623-a47c-481e-9e62-c94d9c8376ea ] Request (ServersTestBootFromVolume:setUpClass): 200 GET http://10.180.1.21/volume/v3/691be0f69d6042a982a2adb55c56c12f/volumes/2a6739d4-c623-4c14-8d24-76048cc359b9 0.031s
2025-04-17 13:02:55.062 69165 INFO tempest.lib.common.rest_client [req-7d2f42df-243f-4d1a-9c92-74b62616cc7d req-7d2f42df-243f-4d1a-9c92-74b62616cc7d ] Request (ServerDiagnosticsV248Test:setUpClass): 200 GET http://10.180.1.21/identity/v3/domains?name=Default 0.148s
2025-04-17 13:02:55.071 69181 INFO tempest.lib.common.rest_client [req-2bca819c-96ce-4993-a0a4-9192c97ddb49 req-2bca819c-96ce-4993-a0a4-9192c97ddb49 ] Request (QuotasAdminTestJSON:test_get_updated_quotas): 200 GET http://10.180.1.21/compute/v2.1/os-quota-sets/2c7a333a8dec4e7aa424f9cc4d65bbe9/detail 1.536s
2025-04-17 13:02:55.103 69181 INFO tempest.lib.common.rest_client [req-c5365df2-7514-4ae0-930b-0053b3928ff0 req-c5365df2-7514-4ae0-930b-0053b3928ff0 ] Request (QuotasAdminTestJSON:test_get_updated_quotas): 200 GET http://10.180.1.21/identity/v3/domains?name=Default 0.026s
2025-04-17 13:02:55.115 69165 INFO tempest.lib.common.rest_client [req-edff55b7-1f40-4391-9cc6-7cfccac25b22 req-edff55b7-1f40-4391-9cc6-7cfccac25b22 ] Request (ServerDiagnosticsV248Test:setUpClass): 201 POST http://10.180.1.21/identity/v3/projects 0.052s
2025-04-17 13:02:55.176 69165 INFO tempest.lib.common.rest_client [req-fdede881-d2bb-49ed-98a2-ac66197e5824 req-fdede881-d2bb-49ed-98a2-ac66197e5824 ] Request (ServerDiagnosticsV248Test:setUpClass): 201 POST http://10.180.1.21/identity/v3/users 0.061s
2025-04-17 13:02:55.179 69181 INFO tempest.lib.common.rest_client [req-1ebbc7b8-7c73-4156-82e3-eaeed3d3bc71 req-1ebbc7b8-7c73-4156-82e3-eaeed3d3bc71 ] Request (QuotasAdminTestJSON:test_get_updated_quotas): 201 POST http://10.180.1.21/identity/v3/users 0.075s
2025-04-17 13:02:55.202 69181 INFO tempest.lib.common.rest_client [req-6fb0e10e-8111-4a78-bd81-495311329555 req-6fb0e10e-8111-4a78-bd81-495311329555 ] Request (QuotasAdminTestJSON:test_get_updated_quotas): 200 GET http://10.180.1.21/identity/v3/domains?name=Default 0.021s
2025-04-17 13:02:55.204 69153 INFO tempest.lib.common.rest_client [req-6e3baeb5-96f0-4475-8221-5645cb91503a req-6e3baeb5-96f0-4475-8221-5645cb91503a ] Request (ServersTestJSON:test_create_server_specify_multibyte_character_name): 200 GET http://10.180.1.21/compute/v2.1/servers/d6ca51b9-b284-405c-878e-fdbc326b73e1 1.579s
2025-04-17 13:02:55.207 69165 INFO tempest.lib.common.rest_client [req-a737fff3-8f0b-4e74-8045-1c7b7224fcca req-a737fff3-8f0b-4e74-8045-1c7b7224fcca ] Request (ServerDiagnosticsV248Test:setUpClass): 200 GET http://10.180.1.21/identity/v3/roles 0.030s
2025-04-17 13:02:55.252 69165 INFO tempest.lib.common.rest_client [req-81d05a56-8d0b-43f4-8ecc-5f3fae3c1c28 req-81d05a56-8d0b-43f4-8ecc-5f3fae3c1c28 ] Request (ServerDiagnosticsV248Test:setUpClass): 204 PUT http://10.180.1.21/identity/v3/projects/4d3487431d1b4ba191095fedb8ef3eb2/users/2caffdbe0a2247078ae06ae76f6d00c0/roles/1a85209e438449ba824616e8cf988db5 0.045s
2025-04-17 13:02:55.253 69165 INFO tempest.lib.common.dynamic_creds [-] Dynamic test user 2caffdbe0a2247078ae06ae76f6d00c0 is created with scope project and roles: ['member']
2025-04-17 13:02:55.253 69165 INFO tempest.lib.common.dynamic_creds [-] Acquired dynamic creds: credentials: Credentials: {'domain_id': 'default', 'domain_name': 'Default', 'username': 'tempest-ServerDiagnosticsV248Test-570687926-project-member', 'project_domain_id': 'default', 'project_domain_name': 'Default', 'project_id': '4d3487431d1b4ba191095fedb8ef3eb2', 'project_name': 'tempest-ServerDiagnosticsV248Test-570687926', 'tenant_id': '4d3487431d1b4ba191095fedb8ef3eb2', 'tenant_name': 'tempest-ServerDiagnosticsV248Test-570687926', 'user_domain_id': 'default', 'user_domain_name': 'Default', 'user_id': '2caffdbe0a2247078ae06ae76f6d00c0', 'system': None}, Network: None, Subnet: None, Router: None
2025-04-17 13:02:55.253 69165 INFO tempest.lib.common.dynamic_creds [-] Created isolated network resources for: credentials: Credentials: {'domain_id': 'default', 'domain_name': 'Default', 'username': 'tempest-ServerDiagnosticsV248Test-570687926-project-member', 'project_domain_id': 'default', 'project_domain_name': 'Default', 'project_id': '4d3487431d1b4ba191095fedb8ef3eb2', 'project_name': 'tempest-ServerDiagnosticsV248Test-570687926', 'tenant_id': '4d3487431d1b4ba191095fedb8ef3eb2', 'tenant_name': 'tempest-ServerDiagnosticsV248Test-570687926', 'user_domain_id': 'default', 'user_domain_name': 'Default', 'user_id': '2caffdbe0a2247078ae06ae76f6d00c0', 'system': None}, Network: None, Subnet: None, Router: None
2025-04-17 13:02:55.304 69195 INFO tempest.lib.common.rest_client [req-34efa936-57d5-4196-99de-ca1334047651 req-34efa936-57d5-4196-99de-ca1334047651 ] Request (ServersTestMultiNic:setUpClass): 201 POST http://10.180.1.21:9696/networking/v2.0/networks 0.595s
2025-04-17 13:02:55.312 69161 INFO tempest.lib.common.rest_client [req-fba47e22-def1-488f-b727-542dfe7698d6 req-fba47e22-def1-488f-b727-542dfe7698d6 ] Request (ServersAdminTestJSON:setUpClass): 200 GET http://10.180.1.21/compute/v2.1/servers/13eebe4e-5984-46c3-bb73-cd783ad45df6 1.613s
2025-04-17 13:02:55.351 69165 INFO tempest.lib.common.rest_client [req-a0f8cfb3-ff68-42c0-957d-b9b4f35ae046 req-a0f8cfb3-ff68-42c0-957d-b9b4f35ae046 ] Request (ServerDiagnosticsV248Test:setUpClass): 201 POST http://10.180.1.21/identity/v3/auth/tokens 0.093s
2025-04-17 13:02:55.388 69155 INFO tempest.lib.common.rest_client [req-77c722d3-0e15-4262-86ed-bd3ec786367f req-77c722d3-0e15-4262-86ed-bd3ec786367f ] Request (FlavorsExtraSpecsNegativeTestJSON:tearDownClass): 200 GET http://10.180.1.21:9696/networking/v2.0/security-groups?tenant_id=747ad0f1bbf349eab685abf5ff3243c0&name=default 0.406s
2025-04-17 13:02:55.410 69185 INFO tempest.lib.common.rest_client [req-2dd87caf-0850-411d-b930-ff6189c642ef req-2dd87caf-0850-411d-b930-ff6189c642ef ] Request (MigrationsAdminTest:test_list_migrations_in_flavor_resize_situation): 200 GET http://10.180.1.21/compute/v2.1/servers/da0c4340-a657-43bd-9a98-4c8f50add720 1.778s
2025-04-17 13:02:55.433 69151 INFO tempest.lib.common.rest_client [req-0cac945d-24af-431b-866f-33c7a72fc752 req-0cac945d-24af-431b-866f-33c7a72fc752 ] Request (VolumesAssistedSnapshotsTest:test_volume_assisted_snapshot_create_delete): 200 GET http://10.180.1.21/compute/v2.1/servers/9a2d2803-34b1-40f7-9349-e5734a217e18 1.675s
2025-04-17 13:02:55.445 69165 INFO tempest.lib.common.rest_client [req-0900002b-01ae-4420-b289-1782f1d03e70 req-0900002b-01ae-4420-b289-1782f1d03e70 ] Request (ServerDiagnosticsV248Test:setUpClass): 201 POST http://10.180.1.21/identity/v3/projects 0.092s
2025-04-17 13:02:55.489 69197 INFO tempest.lib.common.rest_client [req-f3f9ddf7-baca-4c8d-9cef-51fa96a7f8da req-f3f9ddf7-baca-4c8d-9cef-51fa96a7f8da ] Request (QuotasAdminNegativeTest:tearDownClass): 204 DELETE http://10.180.1.21:9696/networking/v2.0/security-groups/344a9d08-5071-41f7-94ba-0709e1f85d3d 0.465s
2025-04-17 13:02:55.492 69145 INFO tempest.lib.common.rest_client [req-bdf67144-5a36-4795-9561-31beed494d15 req-bdf67144-5a36-4795-9561-31beed494d15 ] Request (FloatingIPsTestJSON:tearDownClass): 200 PUT http://10.180.1.21:9696/networking/v2.0/routers/1f54fdcf-8f64-4f55-ad29-fcb93c052c0d/remove_router_interface 1.585s
2025-04-17 13:02:55.508 69165 INFO tempest.lib.common.rest_client [req-18ce18f3-e9a7-4564-8d73-953e052a5568 req-18ce18f3-e9a7-4564-8d73-953e052a5568 ] Request (ServerDiagnosticsV248Test:setUpClass): 201 POST http://10.180.1.21/identity/v3/users 0.063s
2025-04-17 13:02:55.566 69197 INFO tempest.lib.common.rest_client [req-5771f467-d679-408e-9c02-cab8c756a534 req-5771f467-d679-408e-9c02-cab8c756a534 ] Request (QuotasAdminNegativeTest:tearDownClass): 204 DELETE http://10.180.1.21/identity/v3/projects/c03d0559907e4c4eb3803de4bd916e5e 0.076s
2025-04-17 13:02:55.586 69193 INFO tempest.lib.common.rest_client [req-71934dee-997b-4104-a07f-de737c0d8ffe req-71934dee-997b-4104-a07f-de737c0d8ffe ] Request (FlavorsAccessNegativeTestJSON:test_flavor_non_admin_add): 403 POST http://10.180.1.21/compute/v2.1/flavors/46275192/action 1.759s
2025-04-17 13:02:55.612 69155 INFO tempest.lib.common.rest_client [req-b5bebad4-e636-48cf-a7ed-ab5be3b95552 req-b5bebad4-e636-48cf-a7ed-ab5be3b95552 ] Request (FlavorsExtraSpecsNegativeTestJSON:tearDownClass): 204 DELETE http://10.180.1.21:9696/networking/v2.0/security-groups/85bb022a-e487-4c99-b857-03a3d6d14195 0.224s
2025-04-17 13:02:55.620 69165 INFO tempest.lib.common.rest_client [req-03e06348-34bf-4f6c-89cb-1aa496801ab1 req-03e06348-34bf-4f6c-89cb-1aa496801ab1 ] Request (ServerDiagnosticsV248Test:setUpClass): 200 GET http://10.180.1.21/identity/v3/roles 0.111s
2025-04-17 13:02:55.623 69187 INFO tempest.lib.common.rest_client [req-5d68dec1-ab88-49df-82b6-3615986bf751 req-5d68dec1-ab88-49df-82b6-3615986bf751 ] Request (ImagesMetadataTestJSON:test_set_image_metadata): 200 GET http://10.180.1.21/compute/v2.1/images/a8b4adde-078e-4c4e-870f-18546225c750/metadata 1.784s
2025-04-17 13:02:55.643 69163 INFO tempest.lib.common.rest_client [req-c9b194b1-3d16-4887-9eeb-0f52a76b0d12 req-c9b194b1-3d16-4887-9eeb-0f52a76b0d12 ] Request (ServerActionsTestJSON:setUpClass): 200 GET http://10.180.1.21/compute/v2.1/servers/0540a4dc-1b86-4776-b633-f540af168a2b 1.835s
2025-04-17 13:02:55.647 69197 INFO tempest.lib.common.rest_client [req-02d0a362-ba05-4ff6-b892-d0455d907d35 req-02d0a362-ba05-4ff6-b892-d0455d907d35 ] Request (FlavorsV2NegativeTest:setUpClass): 201 POST http://10.180.1.21/identity/v3/auth/tokens 0.079s
2025-04-17 13:02:55.651 69143 INFO tempest.lib.common.rest_client [req-c353002b-a6f8-4c5f-a1b9-4071fc0d88d1 req-c353002b-a6f8-4c5f-a1b9-4071fc0d88d1 ] Request (FlavorsExtraSpecsTestJSON:test_flavor_set_get_update_show_unset_keys): 200 GET http://10.180.1.21/compute/v2.1/flavors/306005231/os-extra_specs 1.802s
2025-04-17 13:02:55.652 69157 INFO tempest.lib.common.rest_client [req-95e90715-4d47-4a24-882e-4a2ed0535d8a req-95e90715-4d47-4a24-882e-4a2ed0535d8a ] Request (AggregatesAdminNegativeTestJSON:test_aggregate_create_aggregate_name_length_less_than_1): 400 POST http://10.180.1.21/compute/v2.1/os-aggregates 1.723s
2025-04-17 13:02:55.669 69205 INFO tempest.lib.common.rest_client [req-efa4f65b-b6c3-4582-9ab9-2c270e881202 req-efa4f65b-b6c3-4582-9ab9-2c270e881202 ] Request (ServersWithSpecificFlavorTestJSON:test_verify_created_server_ephemeral_disk): 200 POST http://10.180.1.21/compute/v2.1/flavors/929435315/os-extra_specs 1.751s
2025-04-17 13:02:55.675 69179 INFO tempest.lib.common.rest_client [req-1f9936ee-85e7-4b65-a3f8-fa3da42b359e req-1f9936ee-85e7-4b65-a3f8-fa3da42b359e ] Request (FlavorsAdminTestJSON:_run_cleanups): 200 GET http://10.180.1.21/compute/v2.1/flavors/detail 1.730s
2025-04-17 13:02:55.675 69165 INFO tempest.lib.common.rest_client [req-eeee88a6-059e-4366-9fda-febed187e9c1 req-eeee88a6-059e-4366-9fda-febed187e9c1 ] Request (ServerDiagnosticsV248Test:setUpClass): 204 PUT http://10.180.1.21/identity/v3/projects/8f3406528fd748c68dc9347c996b8b63/users/1ce0389affc14caa85b6da71cdbac17e/roles/5ce4b597f3a24a25a08963ba437f314c 0.055s
2025-04-17 13:02:55.676 69147 INFO tempest.lib.common.rest_client [req-98ef00d9-c3e4-46c8-a1fd-900e40bfa122 req-98ef00d9-c3e4-46c8-a1fd-900e40bfa122 ] Request (ServersTestFqdnHostnames:setUpClass): 201 POST http://10.180.1.21:9696/networking/v2.0/routers 2.104s
2025-04-17 13:02:55.700 69155 INFO tempest.lib.common.rest_client [req-9df1e1b4-75ac-4f6d-9f06-5ad34e5c0f0f req-9df1e1b4-75ac-4f6d-9f06-5ad34e5c0f0f ] Request (FlavorsExtraSpecsNegativeTestJSON:tearDownClass): 204 DELETE http://10.180.1.21/identity/v3/projects/747ad0f1bbf349eab685abf5ff3243c0 0.088s
2025-04-17 13:02:55.701 69155 INFO tempest.test [-] raised in LiveMigrationRemoteConsolesV26Test.setUpClass. Invoking tearDownClass.
2025-04-17 13:02:55.727 69197 INFO tempest.lib.common.rest_client [req-1612ccfe-149e-4775-a523-1c3558d1b029 req-1612ccfe-149e-4775-a523-1c3558d1b029 ] Request (FlavorsV2NegativeTest:setUpClass): 201 POST http://10.180.1.21/identity/v3/auth/tokens 0.078s
2025-04-17 13:02:55.750 69165 INFO tempest.lib.common.rest_client [req-ac215bcb-6203-4261-a677-b1c62721b168 req-ac215bcb-6203-4261-a677-b1c62721b168 ] Request (ServerDiagnosticsV248Test:setUpClass): 200 GET http://10.180.1.21/identity/v3/roles 0.070s
2025-04-17 13:02:55.750 69155 INFO tempest.lib.common.rest_client [req-f911cc00-68da-4013-a454-5a89212326fc req-f911cc00-68da-4013-a454-5a89212326fc ] Request (FloatingIPDetailsTestJSON:setUpClass): 201 POST http://10.180.1.21/identity/v3/auth/tokens 0.045s
2025-04-17 13:02:55.766 69197 INFO tempest.lib.common.rest_client [req-ce603f46-3109-4a78-8b42-c5a209a55a54 req-ce603f46-3109-4a78-8b42-c5a209a55a54 ] Request (FlavorsV2NegativeTest:setUpClass): 200 GET http://10.180.1.21/identity/v3/domains?name=Default 0.039s
2025-04-17 13:02:55.770 69165 INFO tempest.lib.common.rest_client [req-be51d531-ab4e-40cc-b03f-e9d3d8762999 req-be51d531-ab4e-40cc-b03f-e9d3d8762999 ] Request (ServerDiagnosticsV248Test:setUpClass): 204 PUT http://10.180.1.21/identity/v3/projects/8f3406528fd748c68dc9347c996b8b63/users/1ce0389affc14caa85b6da71cdbac17e/roles/5ce4b597f3a24a25a08963ba437f314c 0.019s
2025-04-17 13:02:55.770 69165 INFO tempest.lib.common.dynamic_creds [-] Dynamic test user 1ce0389affc14caa85b6da71cdbac17e is created with scope project and roles: ['admin']
2025-04-17 13:02:55.770 69165 INFO tempest.lib.common.dynamic_creds [-] Acquired dynamic creds: credentials: Credentials: {'domain_id': 'default', 'domain_name': 'Default', 'username': 'tempest-ServerDiagnosticsV248Test-912898389-project-admin', 'project_domain_id': 'default', 'project_domain_name': 'Default', 'project_id': '8f3406528fd748c68dc9347c996b8b63', 'project_name': 'tempest-ServerDiagnosticsV248Test-912898389', 'tenant_id': '8f3406528fd748c68dc9347c996b8b63', 'tenant_name': 'tempest-ServerDiagnosticsV248Test-912898389', 'user_domain_id': 'default', 'user_domain_name': 'Default', 'user_id': '1ce0389affc14caa85b6da71cdbac17e', 'system': None}, Network: None, Subnet: None, Router: None
2025-04-17 13:02:55.770 69165 INFO tempest.lib.common.dynamic_creds [-] Created isolated network resources for: credentials: Credentials: {'domain_id': 'default', 'domain_name': 'Default', 'username': 'tempest-ServerDiagnosticsV248Test-912898389-project-admin', 'project_domain_id': 'default', 'project_domain_name': 'Default', 'project_id': '8f3406528fd748c68dc9347c996b8b63', 'project_name': 'tempest-ServerDiagnosticsV248Test-912898389', 'tenant_id': '8f3406528fd748c68dc9347c996b8b63', 'tenant_name': 'tempest-ServerDiagnosticsV248Test-912898389', 'user_domain_id': 'default', 'user_domain_name': 'Default', 'user_id': '1ce0389affc14caa85b6da71cdbac17e', 'system': None}, Network: None, Subnet: None, Router: None
2025-04-17 13:02:55.818 69155 INFO tempest.lib.common.rest_client [req-2f008a1e-230c-4df6-b208-987366c9c715 req-2f008a1e-230c-4df6-b208-987366c9c715 ] Request (FloatingIPDetailsTestJSON:setUpClass): 201 POST http://10.180.1.21/identity/v3/auth/tokens 0.064s
2025-04-17 13:02:55.835 69197 INFO tempest.lib.common.rest_client [req-5a1f0fde-6707-47bb-8e9a-c83bf788b4e4 req-5a1f0fde-6707-47bb-8e9a-c83bf788b4e4 ] Request (FlavorsV2NegativeTest:setUpClass): 201 POST http://10.180.1.21/identity/v3/projects 0.068s
2025-04-17 13:02:55.891 69165 INFO tempest.lib.common.rest_client [req-a2704156-1f9a-4ed3-a8ab-b6838379a7e3 req-a2704156-1f9a-4ed3-a8ab-b6838379a7e3 ] Request (ServerDiagnosticsV248Test:setUpClass): 201 POST http://10.180.1.21/identity/v3/auth/tokens 0.119s
2025-04-17 13:02:55.895 69155 INFO tempest.lib.common.rest_client [req-afd997e1-b3c6-4537-b2b3-f64f7ec2b84a req-afd997e1-b3c6-4537-b2b3-f64f7ec2b84a ] Request (FloatingIPDetailsTestJSON:setUpClass): 200 GET http://10.180.1.21/identity/v3/domains?name=Default 0.076s
2025-04-17 13:02:55.917 69197 INFO tempest.lib.common.rest_client [req-17df2374-fdc4-467d-b3d0-c14c2e93b2db req-17df2374-fdc4-467d-b3d0-c14c2e93b2db ] Request (FlavorsV2NegativeTest:setUpClass): 201 POST http://10.180.1.21/identity/v3/users 0.082s
2025-04-17 13:02:55.927 69155 INFO tempest.lib.common.rest_client [req-d1b4dcc4-c666-4b98-9e3c-8f03fcc18031 req-d1b4dcc4-c666-4b98-9e3c-8f03fcc18031 ] Request (FloatingIPDetailsTestJSON:setUpClass): 201 POST http://10.180.1.21/identity/v3/projects 0.031s
2025-04-17 13:02:55.954 69203 INFO tempest.lib.common.rest_client [req-d66a6d2b-11c3-4755-8f98-06f00bb5387e req-d66a6d2b-11c3-4755-8f98-06f00bb5387e ] Request (ServerExternalEventsTest:test_create_server_external_events): 200 GET http://10.180.1.21/compute/v2.1/servers/e2ee8d01-b1d3-4bde-81ae-668ffeef42b0 1.784s
2025-04-17 13:02:55.963 69195 INFO tempest.lib.common.rest_client [req-f47202bb-2b2f-468f-9765-87862eacd2fa req-f47202bb-2b2f-468f-9765-87862eacd2fa ] Request (ServersTestMultiNic:setUpClass): 201 POST http://10.180.1.21:9696/networking/v2.0/subnets 0.657s
2025-04-17 13:02:55.980 69165 INFO tempest.lib.common.rest_client [req-0ff95452-1c14-4c04-b0f0-8fb7570e9a12 req-0ff95452-1c14-4c04-b0f0-8fb7570e9a12 ] Request (ServerDiagnosticsV248Test:test_get_server_diagnostics): 201 POST http://10.180.1.21/identity/v3/auth/tokens 0.082s
2025-04-17 13:02:55.981 69165 INFO tempest.lib.common.fixed_network [-] (ServerDiagnosticsV248Test:test_get_server_diagnostics) Found network None available for tenant
2025-04-17 13:02:55.998 69197 INFO tempest.lib.common.rest_client [req-b6821efa-4b61-410e-a0a2-6322ccff206f req-b6821efa-4b61-410e-a0a2-6322ccff206f ] Request (FlavorsV2NegativeTest:setUpClass): 200 GET http://10.180.1.21/identity/v3/roles 0.080s
2025-04-17 13:02:56.024 69155 INFO tempest.lib.common.rest_client [req-fe04653d-a6b5-4c92-aed6-291e9686030a req-fe04653d-a6b5-4c92-aed6-291e9686030a ] Request (FloatingIPDetailsTestJSON:setUpClass): 201 POST http://10.180.1.21/identity/v3/users 0.095s
2025-04-17 13:02:56.045 69155 INFO tempest.lib.common.rest_client [req-5f96a48d-d024-4531-a997-5ec8f43e349a req-5f96a48d-d024-4531-a997-5ec8f43e349a ] Request (FloatingIPDetailsTestJSON:setUpClass): 200 GET http://10.180.1.21/identity/v3/roles 0.020s
2025-04-17 13:02:56.049 69197 INFO tempest.lib.common.rest_client [req-ca1bcf79-9201-450e-a073-93673e57cd8d req-ca1bcf79-9201-450e-a073-93673e57cd8d ] Request (FlavorsV2NegativeTest:setUpClass): 204 PUT http://10.180.1.21/identity/v3/projects/76ed9ca9d5fd4b86a882318c248f40ff/users/4d024c720987466280080fa36fae55f6/roles/1a85209e438449ba824616e8cf988db5 0.051s
2025-04-17 13:02:56.049 69197 INFO tempest.lib.common.dynamic_creds [-] Dynamic test user 4d024c720987466280080fa36fae55f6 is created with scope project and roles: ['member']
2025-04-17 13:02:56.050 69197 INFO tempest.lib.common.dynamic_creds [-] Acquired dynamic creds: credentials: Credentials: {'domain_id': 'default', 'domain_name': 'Default', 'username': 'tempest-FlavorsV2NegativeTest-285457927-project-member', 'project_domain_id': 'default', 'project_domain_name': 'Default', 'project_id': '76ed9ca9d5fd4b86a882318c248f40ff', 'project_name': 'tempest-FlavorsV2NegativeTest-285457927', 'tenant_id': '76ed9ca9d5fd4b86a882318c248f40ff', 'tenant_name': 'tempest-FlavorsV2NegativeTest-285457927', 'user_domain_id': 'default', 'user_domain_name': 'Default', 'user_id': '4d024c720987466280080fa36fae55f6', 'system': None}, Network: None, Subnet: None, Router: None
2025-04-17 13:02:56.050 69197 INFO tempest.lib.common.dynamic_creds [-] Created isolated network resources for: credentials: Credentials: {'domain_id': 'default', 'domain_name': 'Default', 'username': 'tempest-FlavorsV2NegativeTest-285457927-project-member', 'project_domain_id': 'default', 'project_domain_name': 'Default', 'project_id': '76ed9ca9d5fd4b86a882318c248f40ff', 'project_name': 'tempest-FlavorsV2NegativeTest-285457927', 'tenant_id': '76ed9ca9d5fd4b86a882318c248f40ff', 'tenant_name': 'tempest-FlavorsV2NegativeTest-285457927', 'user_domain_id': 'default', 'user_domain_name': 'Default', 'user_id': '4d024c720987466280080fa36fae55f6', 'system': None}, Network: None, Subnet: None, Router: None
2025-04-17 13:02:56.054 69191 INFO tempest.lib.common.rest_client [req-8da34e86-694b-40f7-b2fb-9f4029ec68de req-8da34e86-694b-40f7-b2fb-9f4029ec68de ] Request (SecurityGroupsTestAdminJSON:_run_cleanups): 202 DELETE http://10.180.1.21/compute/v2.1/os-security-groups/ef86e694-7f12-4bfb-83b4-9af3dfc648fb 1.910s
2025-04-17 13:02:56.108 69189 INFO tempest.lib.common.rest_client [req-16ef67bc-8056-489a-afce-1a1e881ff76b req-16ef67bc-8056-489a-afce-1a1e881ff76b ] Request (ServersTestBootFromVolume:setUpClass): 200 GET http://10.180.1.21/volume/v3/691be0f69d6042a982a2adb55c56c12f/volumes/2a6739d4-c623-4c14-8d24-76048cc359b9 0.045s
2025-04-17 13:02:56.146 69197 INFO tempest.lib.common.rest_client [req-bef9ec4f-0c0f-4952-b623-4dc068157f81 req-bef9ec4f-0c0f-4952-b623-4dc068157f81 ] Request (FlavorsV2NegativeTest:setUpClass): 201 POST http://10.180.1.21/identity/v3/auth/tokens 0.091s
2025-04-17 13:02:56.151 69155 INFO tempest.lib.common.rest_client [req-ab44d497-b3c6-480e-9576-366ce576c777 req-ab44d497-b3c6-480e-9576-366ce576c777 ] Request (FloatingIPDetailsTestJSON:setUpClass): 204 PUT http://10.180.1.21/identity/v3/projects/7e70e0973d6746488acc153f34137045/users/25e6b0df2a8d433384080fe1993141b9/roles/1a85209e438449ba824616e8cf988db5 0.105s
2025-04-17 13:02:56.151 69155 INFO tempest.lib.common.dynamic_creds [-] Dynamic test user 25e6b0df2a8d433384080fe1993141b9 is created with scope project and roles: ['member']
2025-04-17 13:02:56.151 69155 INFO tempest.lib.common.dynamic_creds [-] Acquired dynamic creds: credentials: Credentials: {'domain_id': 'default', 'domain_name': 'Default', 'username': 'tempest-FloatingIPDetailsTestJSON-328201612-project-member', 'project_domain_id': 'default', 'project_domain_name': 'Default', 'project_id': '7e70e0973d6746488acc153f34137045', 'project_name': 'tempest-FloatingIPDetailsTestJSON-328201612', 'tenant_id': '7e70e0973d6746488acc153f34137045', 'tenant_name': 'tempest-FloatingIPDetailsTestJSON-328201612', 'user_domain_id': 'default', 'user_domain_name': 'Default', 'user_id': '25e6b0df2a8d433384080fe1993141b9', 'system': None}, Network: None, Subnet: None, Router: None
2025-04-17 13:02:56.207 69155 INFO tempest.lib.common.rest_client [req-1eb062dd-0ce9-40e2-8699-d5376e2b1fdd req-1eb062dd-0ce9-40e2-8699-d5376e2b1fdd ] Request (FloatingIPDetailsTestJSON:setUpClass): 201 POST http://10.180.1.21/identity/v3/auth/tokens 0.056s
2025-04-17 13:02:56.239 69191 INFO tempest.lib.common.rest_client [req-cce58471-9042-4fd9-9620-4e34e3e120df req-cce58471-9042-4fd9-9620-4e34e3e120df ] Request (SecurityGroupsTestAdminJSON:tearDownClass): 204 DELETE http://10.180.1.21/identity/v3/users/a5f03784f2714063a4e41c17d9d52c5b 0.180s
2025-04-17 13:02:56.337 69191 INFO tempest.lib.common.rest_client [req-474445c4-2ae9-4374-9e6a-8073ee7d3aae req-474445c4-2ae9-4374-9e6a-8073ee7d3aae ] Request (SecurityGroupsTestAdminJSON:tearDownClass): 204 DELETE http://10.180.1.21/identity/v3/users/66aa43513bb54ca888f3f9370a736d6f 0.097s
2025-04-17 13:02:56.338 69191 INFO tempest.lib.common.dynamic_creds [-] Deleting project and security group for project: de7fec3a553c45559bb04d39dd4325c7
2025-04-17 13:02:56.394 69191 INFO tempest.lib.common.rest_client [req-0e0f1f44-71da-4f4b-a74f-8c58a5158341 req-0e0f1f44-71da-4f4b-a74f-8c58a5158341 ] Request (SecurityGroupsTestAdminJSON:tearDownClass): 201 POST http://10.180.1.21/identity/v3/auth/tokens 0.056s
2025-04-17 13:02:56.437 69145 INFO tempest.lib.common.rest_client [req-26bccf15-f540-4ef6-8743-fef724ee29af req-26bccf15-f540-4ef6-8743-fef724ee29af ] Request (FloatingIPsTestJSON:tearDownClass): 204 DELETE http://10.180.1.21:9696/networking/v2.0/routers/1f54fdcf-8f64-4f55-ad29-fcb93c052c0d 0.945s
2025-04-17 13:02:56.497 69149 INFO tempest.lib.common.rest_client [req-89f1ad74-06fe-4880-86af-a0df53838571 req-89f1ad74-06fe-4880-86af-a0df53838571 ] Request (DeleteServersAdminTestJSON:test_admin_delete_servers_of_others): 200 GET http://10.180.1.21/compute/v2.1/servers/57feb127-36f1-403c-bbca-7054286c1972 2.323s
2025-04-17 13:02:56.518 69159 INFO tempest.lib.common.rest_client [req-e58a90b6-821c-4cd3-94e4-552c42b52f47 req-e58a90b6-821c-4cd3-94e4-552c42b52f47 ] Request (HypervisorAdminTestJSON:test_get_hypervisor_show_details): 200 GET http://10.180.1.21/compute/v2.1/os-hypervisors 1.688s
2025-04-17 13:02:56.651 69169 INFO tempest.lib.common.rest_client [req-f92ef0ea-1edd-42e7-b533-6aef3dff6c0c req-f92ef0ea-1edd-42e7-b533-6aef3dff6c0c ] Request (TenantUsagesTestJSON:setUpClass): 200 GET http://10.180.1.21/compute/v2.1/servers/a7e0a28f-42a5-442e-b962-07771d2e6a27 1.765s
2025-04-17 13:02:56.676 69167 INFO tempest.lib.common.rest_client [req-ffac1d11-064e-4254-9932-352e94fd66bf req-ffac1d11-064e-4254-9932-352e94fd66bf ] Request (ServicesAdminNegativeTestJSON:test_get_service_by_invalid_service_and_valid_host): 200 GET http://10.180.1.21/compute/v2.1/os-services 1.762s
2025-04-17 13:02:56.678 69191 INFO tempest.lib.common.rest_client [req-b475eb1f-870e-47c2-99a5-3d8c4ae73711 req-b475eb1f-870e-47c2-99a5-3d8c4ae73711 ] Request (SecurityGroupsTestAdminJSON:tearDownClass): 200 GET http://10.180.1.21:9696/networking/v2.0/security-groups?tenant_id=de7fec3a553c45559bb04d39dd4325c7&name=default 0.282s
2025-04-17 13:02:56.679 69175 INFO tempest.lib.common.rest_client [req-9bd85c0e-6f26-4945-a753-295c8eacd6db req-9bd85c0e-6f26-4945-a753-295c8eacd6db ] Request (VolumesAdminNegativeTest:test_update_attached_volume_with_nonexistent_volume_in_body): 200 GET http://10.180.1.21/compute/v2.1/servers/ce63789a-1f0f-40ca-8368-ac3f84bb58cd 1.875s
2025-04-17 13:02:56.711 69155 INFO tempest.lib.common.rest_client [req-a60b5c31-dc4d-4bed-b74d-bc1352ee7cad req-a60b5c31-dc4d-4bed-b74d-bc1352ee7cad ] Request (FloatingIPDetailsTestJSON:setUpClass): 201 POST http://10.180.1.21:9696/networking/v2.0/networks 0.504s
2025-04-17 13:02:56.748 69145 INFO tempest.lib.common.rest_client [req-56211264-7607-424c-b4cd-21fe75aafbd4 req-56211264-7607-424c-b4cd-21fe75aafbd4 ] Request (FloatingIPsTestJSON:tearDownClass): 204 DELETE http://10.180.1.21:9696/networking/v2.0/subnets/82237653-8321-4fab-a1c4-b98ca2f9ce99 0.310s
2025-04-17 13:02:56.911 69181 INFO tempest.lib.common.rest_client [req-f1355446-cf7a-469e-b7a6-590657d96a17 req-f1355446-cf7a-469e-b7a6-590657d96a17 ] Request (QuotasAdminTestJSON:test_get_updated_quotas): 200 PUT http://10.180.1.21/compute/v2.1/os-quota-sets/2c7a333a8dec4e7aa424f9cc4d65bbe9?user_id=2cedd79c661c4213b17560d18b5548ad 1.709s
2025-04-17 13:02:56.916 69191 INFO tempest.lib.common.rest_client [req-6e00fe71-f79f-4e64-bdcf-81b9adaba24c req-6e00fe71-f79f-4e64-bdcf-81b9adaba24c ] Request (SecurityGroupsTestAdminJSON:tearDownClass): 204 DELETE http://10.180.1.21:9696/networking/v2.0/security-groups/bdd02fa3-8fb7-45cf-ae6a-f608377543f8 0.237s
2025-04-17 13:02:56.974 69183 INFO tempest.lib.common.rest_client [req-16797307-ae60-46c4-b3e2-627a458d5c16 req-16797307-ae60-46c4-b3e2-627a458d5c16 ] Request (AttachInterfacesTestJSON:test_create_list_show_delete_interfaces_by_fixed_ip): 200 GET http://10.180.1.21/compute/v2.1/servers/4edb8b9f-b608-4be8-bfd3-65642710f9bd 1.795s
2025-04-17 13:02:56.994 69193 INFO tempest.lib.common.rest_client [req-c8b9ddd7-7edc-4d6b-8944-51e419dbac9c req-c8b9ddd7-7edc-4d6b-8944-51e419dbac9c ] Request (FlavorsAccessNegativeTestJSON:_run_cleanups): 202 DELETE http://10.180.1.21/compute/v2.1/flavors/46275192 1.407s
2025-04-17 13:02:57.035 69191 INFO tempest.lib.common.rest_client [req-2b39c828-a086-4906-acf1-a6e7d79b1e7a req-2b39c828-a086-4906-acf1-a6e7d79b1e7a ] Request (SecurityGroupsTestAdminJSON:tearDownClass): 204 DELETE http://10.180.1.21/identity/v3/projects/de7fec3a553c45559bb04d39dd4325c7 0.118s
2025-04-17 13:02:57.035 69191 INFO tempest.lib.common.dynamic_creds [-] Deleting project and security group for project: 25ff2ce3140f42f9a55c1ba1dd2ea90c
2025-04-17 13:02:57.099 69191 INFO tempest.lib.common.rest_client [req-c9fccd7c-aedc-486d-837a-606f4674e74c req-c9fccd7c-aedc-486d-837a-606f4674e74c ] Request (SecurityGroupsTestAdminJSON:tearDownClass): 200 GET http://10.180.1.21:9696/networking/v2.0/security-groups?tenant_id=25ff2ce3140f42f9a55c1ba1dd2ea90c&name=default 0.064s
2025-04-17 13:02:57.156 69189 INFO tempest.lib.common.rest_client [req-28d6f998-5d1a-42c4-b1c4-95a7787ac78a req-28d6f998-5d1a-42c4-b1c4-95a7787ac78a ] Request (ServersTestBootFromVolume:setUpClass): 200 GET http://10.180.1.21/volume/v3/691be0f69d6042a982a2adb55c56c12f/volumes/2a6739d4-c623-4c14-8d24-76048cc359b9 0.041s
2025-04-17 13:02:57.173 69155 INFO tempest.lib.common.rest_client [req-456ea955-3e6c-443b-9c92-57c772712396 req-456ea955-3e6c-443b-9c92-57c772712396 ] Request (FloatingIPDetailsTestJSON:setUpClass): 201 POST http://10.180.1.21:9696/networking/v2.0/subnets 0.461s
2025-04-17 13:02:57.222 69199 INFO tempest.lib.common.rest_client [req-3a94264a-635e-4d39-843a-36f212484f5e req-3a94264a-635e-4d39-843a-36f212484f5e ] Request (FloatingIPsAssociationTestJSON:setUpClass): 200 GET http://10.180.1.21/compute/v2.1/servers/46481a4e-ac53-456d-b6cb-9f3ffbccf407 1.852s
2025-04-17 13:02:57.255 69187 INFO tempest.lib.common.rest_client [req-83f2332f-4f70-4b94-8b9d-08b2e1d5a11b req-83f2332f-4f70-4b94-8b9d-08b2e1d5a11b ] Request (ImagesMetadataTestJSON:setUp): 200 PUT http://10.180.1.21/compute/v2.1/images/a8b4adde-078e-4c4e-870f-18546225c750/metadata 1.631s
2025-04-17 13:02:57.262 69143 INFO tempest.lib.common.rest_client [req-851c14dd-3aaf-4e7e-9a3e-7cbdb9b16902 req-851c14dd-3aaf-4e7e-9a3e-7cbdb9b16902 ] Request (FlavorsExtraSpecsTestJSON:test_flavor_set_get_update_show_unset_keys): 200 PUT http://10.180.1.21/compute/v2.1/flavors/306005231/os-extra_specs/hw:numa_nodes 1.610s
