2025-04-17 13:03:26.032 69159 INFO tempest.lib.common.rest_client [req-15cfe586-3383-4ccf-9c93-fc8307f97dfd req-15cfe586-3383-4ccf-9c93-fc8307f97dfd ] Request (SecurityGroupRulesTestJSON:test_security_group_rules_create_with_optional_group_id): 200 POST http://10.180.1.21/compute/v2.1/os-security-groups 0.643s
2025-04-17 13:03:26.089 69175 INFO tempest.lib.common.rest_client [req-0c28fe59-8798-49c0-8641-8b06bafbd44f req-0c28fe59-8798-49c0-8641-8b06bafbd44f ] Request (VolumesAdminNegativeTest:test_update_attached_volume_with_nonexistent_volume_in_body): 200 GET http://10.180.1.21/compute/v2.1/servers/ce63789a-1f0f-40ca-8368-ac3f84bb58cd 0.668s
2025-04-17 13:03:26.102 69197 INFO tempest.lib.common.rest_client [req-4b3b074d-864f-493b-9d10-fbebd7ad3bf1 req-4b3b074d-864f-493b-9d10-fbebd7ad3bf1 ] Request (ListServerFiltersTestJSON:setUpClass): 200 GET http://10.180.1.21/compute/v2.1/servers/3ce9d4bd-3d7a-4191-9d3e-892efc81e8a2 0.671s
2025-04-17 13:03:26.114 69191 INFO tempest.lib.common.rest_client [req-8a77c477-2a32-41d5-a17d-968ebd306cb4 req-8a77c477-2a32-41d5-a17d-968ebd306cb4 ] Request (KeyPairsV22TestJSON:test_keypairs_create_list_delete): 200 GET http://10.180.1.21/compute/v2.1/os-keypairs 0.598s
2025-04-17 13:03:26.149 69167 INFO tempest.lib.common.rest_client [req-f3255e5a-87d1-4c39-9d58-fdc54a74a4d7 req-f3255e5a-87d1-4c39-9d58-fdc54a74a4d7 ] Request (ServerShowV247Test:test_update_rebuild_list_server): 200 GET http://10.180.1.21/compute/v2.1/servers/3f26342e-89a8-4218-8875-8411eb8b16a0 0.660s
2025-04-17 13:03:26.168 69157 INFO tempest.lib.common.rest_client [req-ce6c4d04-58bc-4ae0-a510-6bbc63f7c991 req-ce6c4d04-58bc-4ae0-a510-6bbc63f7c991 ] Request (AggregatesAdminNegativeTestJSON:tearDownClass): 204 DELETE http://10.180.1.21:9696/networking/v2.0/security-groups/52020428-5d42-4d89-b435-df4f15a44685 0.146s
2025-04-17 13:03:26.232 69173 INFO tempest.lib.common.rest_client [req-30ea039d-1b7a-4dc2-9b1a-58d2fa361919 req-30ea039d-1b7a-4dc2-9b1a-58d2fa361919 ] Request (InstanceActionsTestJSON:setUpClass): 200 GET http://10.180.1.21/compute/v2.1/servers/29e5aa99-4e20-4b6f-a749-544b8c41a713 0.678s
2025-04-17 13:03:26.288 69177 INFO tempest.lib.common.rest_client [req-1026661d-81aa-4271-8528-7aafecf90917 req-1026661d-81aa-4271-8528-7aafecf90917 ] Request (FloatingIPsAssociationNegativeTestJSON:setUpClass): 200 GET http://10.180.1.21/compute/v2.1/servers/98844da1-0e2a-46b5-8e72-c0f8dcd29b27 0.662s
2025-04-17 13:03:26.296 69157 INFO tempest.lib.common.rest_client [req-ed0cddcd-3ea8-44e3-922d-5724ae4df7b9 req-ed0cddcd-3ea8-44e3-922d-5724ae4df7b9 ] Request (AggregatesAdminNegativeTestJSON:tearDownClass): 204 DELETE http://10.180.1.21/identity/v3/projects/6cc64433bdb74c07b2a3a8238b910520 0.127s
2025-04-17 13:03:26.300 69183 INFO tempest.lib.common.rest_client [req-d367525c-84eb-4f51-ac70-8d6766fe8406 req-d367525c-84eb-4f51-ac70-8d6766fe8406 ] Request (AttachInterfacesTestJSON:test_create_list_show_delete_interfaces_by_fixed_ip): 200 GET http://10.180.1.21/compute/v2.1/servers/4edb8b9f-b608-4be8-bfd3-65642710f9bd 0.762s
2025-04-17 13:03:26.365 69157 INFO tempest.lib.common.rest_client [req-7ecd95b3-7e24-494e-b632-4c0a0e518471 req-7ecd95b3-7e24-494e-b632-4c0a0e518471 ] Request (FlavorsV255TestJSON:setUpClass): 201 POST http://10.180.1.21/identity/v3/auth/tokens 0.068s
2025-04-17 13:03:26.378 69151 INFO tempest.lib.common.rest_client [req-efb8b2ef-2304-4130-b149-1e376fdbb329 req-efb8b2ef-2304-4130-b149-1e376fdbb329 ] Request (VolumesAssistedSnapshotsTest:test_volume_assisted_snapshot_create_delete): 200 GET http://10.180.1.21/compute/v2.1/servers/9a2d2803-34b1-40f7-9349-e5734a217e18 0.682s
2025-04-17 13:03:26.386 69151 INFO tempest.common.waiters [-] State transition "BUILD/scheduling" ==> "BUILD/None" after 34 second wait
2025-04-17 13:03:26.398 69157 INFO tempest.lib.common.rest_client [req-c2adda4b-31b6-40cb-abf2-722b853ef757 req-c2adda4b-31b6-40cb-abf2-722b853ef757 ] Request (FlavorsV255TestJSON:setUpClass): 201 POST http://10.180.1.21/identity/v3/auth/tokens 0.030s
2025-04-17 13:03:26.401 69193 INFO tempest.lib.common.rest_client [req-0f72dff4-cea7-46ad-b384-ca9fb559adc5 req-0f72dff4-cea7-46ad-b384-ca9fb559adc5 ] Request (ImagesDeleteNegativeTestJSON:test_delete_non_existent_image): 404 DELETE http://10.180.1.21/compute/v2.1/images/7343826c-4fe1-4dbf-b4b8-baea65836149 0.664s
2025-04-17 13:03:26.429 69157 INFO tempest.lib.common.rest_client [req-392102c7-3a47-401f-8bb9-7b075cecb603 req-392102c7-3a47-401f-8bb9-7b075cecb603 ] Request (FlavorsV255TestJSON:setUpClass): 200 GET http://10.180.1.21/identity/v3/domains?name=Default 0.031s
2025-04-17 13:03:26.475 69157 INFO tempest.lib.common.rest_client [req-ce0fe9c5-384f-473b-b7e5-3c39b3c3a924 req-ce0fe9c5-384f-473b-b7e5-3c39b3c3a924 ] Request (FlavorsV255TestJSON:setUpClass): 201 POST http://10.180.1.21/identity/v3/projects 0.045s
2025-04-17 13:03:26.477 69193 INFO tempest.lib.common.rest_client [req-aad02f07-0255-4388-ab82-8e94806a19d2 req-aad02f07-0255-4388-ab82-8e94806a19d2 ] Request (ImagesDeleteNegativeTestJSON:tearDownClass): 204 DELETE http://10.180.1.21/identity/v3/users/e60aa26d63f244268024b4984a9f2f00 0.075s
2025-04-17 13:03:26.477 69193 INFO tempest.lib.common.dynamic_creds [-] Deleting project and security group for project: 63eb6d5002414112ba4d67114914128b
2025-04-17 13:03:26.511 69199 INFO tempest.lib.common.rest_client [req-ef9e544f-91f4-4328-8932-a486343a0669 req-ef9e544f-91f4-4328-8932-a486343a0669 ] Request (FloatingIPsAssociationTestJSON:setUpClass): 200 GET http://10.180.1.21/compute/v2.1/servers/46481a4e-ac53-456d-b6cb-9f3ffbccf407 0.864s
2025-04-17 13:03:26.534 69179 INFO tempest.lib.common.rest_client [req-37d5b9da-0882-4af0-9a3a-57cd49d294a2 req-37d5b9da-0882-4af0-9a3a-57cd49d294a2 ] Request (FlavorsAdminTestJSON:_run_cleanups): 202 DELETE http://10.180.1.21/compute/v2.1/flavors/475404242 0.765s
2025-04-17 13:03:26.536 69171 INFO tempest.lib.common.rest_client [req-3be396b5-d115-4059-ba06-ca8a7a24a5fe req-3be396b5-d115-4059-ba06-ca8a7a24a5fe ] Request (ImagesNegativeTestJSON:test_create_image_from_deleted_server): 200 GET http://10.180.1.21/compute/v2.1/servers/d2258ded-478a-4530-b940-386286702048 0.782s
2025-04-17 13:03:26.543 69193 INFO tempest.lib.common.rest_client [req-167a6d7a-a2a9-4df0-8616-d1c04c16ef7b req-167a6d7a-a2a9-4df0-8616-d1c04c16ef7b ] Request (ImagesDeleteNegativeTestJSON:tearDownClass): 201 POST http://10.180.1.21/identity/v3/auth/tokens 0.066s
2025-04-17 13:03:26.588 69157 INFO tempest.lib.common.rest_client [req-45ebf8b4-da17-4911-9f84-4da9022ba610 req-45ebf8b4-da17-4911-9f84-4da9022ba610 ] Request (FlavorsV255TestJSON:setUpClass): 201 POST http://10.180.1.21/identity/v3/users 0.112s
2025-04-17 13:03:26.601 69143 INFO tempest.lib.common.rest_client [req-36692b8e-cd73-4c5b-9922-2398d75c6325 req-36692b8e-cd73-4c5b-9922-2398d75c6325 ] Request (ServersAaction247Test:test_create_backup): 200 GET http://10.180.1.21/compute/v2.1/servers/20fa65c1-9ea0-4dc2-828e-8477c9f45baa 0.723s
2025-04-17 13:03:26.616 69157 INFO tempest.lib.common.rest_client [req-90c298cc-ab07-40c7-9837-3042379ab2c7 req-90c298cc-ab07-40c7-9837-3042379ab2c7 ] Request (FlavorsV255TestJSON:setUpClass): 200 GET http://10.180.1.21/identity/v3/roles 0.028s
2025-04-17 13:03:26.647 69157 INFO tempest.lib.common.rest_client [req-df4b6798-4cb2-43a1-ab33-06819b3f9f5f req-df4b6798-4cb2-43a1-ab33-06819b3f9f5f ] Request (FlavorsV255TestJSON:setUpClass): 204 PUT http://10.180.1.21/identity/v3/projects/58885e1b915140e3ab4dcc465a47e0b5/users/f174c4555be54588aea0006fb36127b3/roles/1a85209e438449ba824616e8cf988db5 0.030s
2025-04-17 13:03:26.647 69157 INFO tempest.lib.common.dynamic_creds [-] Dynamic test user f174c4555be54588aea0006fb36127b3 is created with scope project and roles: ['member']
2025-04-17 13:03:26.647 69157 INFO tempest.lib.common.dynamic_creds [-] Acquired dynamic creds: credentials: Credentials: {'domain_id': 'default', 'domain_name': 'Default', 'username': 'tempest-FlavorsV255TestJSON-1379375994-project-member', 'project_domain_id': 'default', 'project_domain_name': 'Default', 'project_id': '58885e1b915140e3ab4dcc465a47e0b5', 'project_name': 'tempest-FlavorsV255TestJSON-1379375994', 'tenant_id': '58885e1b915140e3ab4dcc465a47e0b5', 'tenant_name': 'tempest-FlavorsV255TestJSON-1379375994', 'user_domain_id': 'default', 'user_domain_name': 'Default', 'user_id': 'f174c4555be54588aea0006fb36127b3', 'system': None}, Network: None, Subnet: None, Router: None
2025-04-17 13:03:26.647 69157 INFO tempest.lib.common.dynamic_creds [-] Created isolated network resources for: credentials: Credentials: {'domain_id': 'default', 'domain_name': 'Default', 'username': 'tempest-FlavorsV255TestJSON-1379375994-project-member', 'project_domain_id': 'default', 'project_domain_name': 'Default', 'project_id': '58885e1b915140e3ab4dcc465a47e0b5', 'project_name': 'tempest-FlavorsV255TestJSON-1379375994', 'tenant_id': '58885e1b915140e3ab4dcc465a47e0b5', 'tenant_name': 'tempest-FlavorsV255TestJSON-1379375994', 'user_domain_id': 'default', 'user_domain_name': 'Default', 'user_id': 'f174c4555be54588aea0006fb36127b3', 'system': None}, Network: None, Subnet: None, Router: None
2025-04-17 13:03:26.730 69157 INFO tempest.lib.common.rest_client [req-015926f2-637e-48cc-91b9-335421335886 req-015926f2-637e-48cc-91b9-335421335886 ] Request (FlavorsV255TestJSON:setUpClass): 201 POST http://10.180.1.21/identity/v3/auth/tokens 0.078s
2025-04-17 13:03:26.740 69155 INFO tempest.lib.common.rest_client [req-f7b96d16-2ddf-48f9-89a4-0f3e7f2f7635 req-f7b96d16-2ddf-48f9-89a4-0f3e7f2f7635 ] Request (AttachInterfacesV270Test:setUpClass): 200 PUT http://10.180.1.21:9696/networking/v2.0/routers/862ce610-a8ef-4f74-982f-5db9caad6849/add_router_interface 1.073s
2025-04-17 13:03:26.740 69155 INFO tempest.lib.common.dynamic_creds [-] Created isolated network resources for: credentials: Credentials: {'domain_id': 'default', 'domain_name': 'Default', 'username': 'tempest-AttachInterfacesV270Test-1110429519-project-member', 'project_domain_id': 'default', 'project_domain_name': 'Default', 'project_id': 'a820177d7fb74473805519c9ec4b26aa', 'project_name': 'tempest-AttachInterfacesV270Test-1110429519', 'tenant_id': 'a820177d7fb74473805519c9ec4b26aa', 'tenant_name': 'tempest-AttachInterfacesV270Test-1110429519', 'user_domain_id': 'default', 'user_domain_name': 'Default', 'user_id': 'af4fb26f580248dbbde3c1ff705f80be', 'system': None}, Network: {'id': '8b90a26d-840b-46e8-bf52-1e31d9281703', 'name': 'tempest-AttachInterfacesV270Test-28703609-network', 'tenant_id': 'a820177d7fb74473805519c9ec4b26aa', 'admin_state_up': True, 'mtu': 8950, 'status': 'ACTIVE', 'subnets': [], 'shared': False, 'project_id': 'a820177d7fb74473805519c9ec4b26aa', 'port_security_enabled': True, 'router:external': False, 'provider:network_type': 'vlan', 'provider:physical_network': 'default', 'provider:segmentation_id': 561, 'is_default': False, 'availability_zone_hints': [], 'availability_zones': [], 'ipv4_address_scope': None, 'ipv6_address_scope': None, 'description': '', 'tags': [], 'created_at': '2025-04-17T13:03:24Z', 'updated_at': '2025-04-17T13:03:24Z', 'revision_number': 1}, Subnet: {'id': '2b1c50d2-ac2d-4140-81bf-8f8ab69edf9e', 'name': 'tempest-AttachInterfacesV270Test-28703609-subnet', 'tenant_id': 'a820177d7fb74473805519c9ec4b26aa', 'network_id': '8b90a26d-840b-46e8-bf52-1e31d9281703', 'ip_version': 4, 'subnetpool_id': None, 'enable_dhcp': True, 'ipv6_ra_mode': None, 'ipv6_address_mode': None, 'gateway_ip': '192.168.128.1', 'cidr': '192.168.128.0/28', 'allocation_pools': [{'start': '192.168.128.2', 'end': '192.168.128.14'}], 'host_routes': [], 'dns_nameservers': [], 'description': '', 'service_types': [], 'tags': [], 'created_at': '2025-04-17T13:03:24Z', 'updated_at': '2025-04-17T13:03:24Z', 'revision_number': 0, 'project_id': 'a820177d7fb74473805519c9ec4b26aa'}, Router: {'id': '862ce610-a8ef-4f74-982f-5db9caad6849', 'name': 'tempest-AttachInterfacesV270Test-28703609-router', 'tenant_id': 'a820177d7fb74473805519c9ec4b26aa', 'admin_state_up': True, 'status': 'ACTIVE', 'external_gateway_info': {'network_id': '1ae432cf-3c75-4ff5-81af-cfe7ce201747', 'external_fixed_ips': [{'subnet_id': 'd977464a-f345-4f1d-9cfe-21f668bace3f', 'ip_address': '10.180.180.187'}], 'enable_snat': True}, 'description': '', 'availability_zones': [], 'distributed': False, 'ha': False, 'availability_zone_hints': [], 'routes': [], 'flavor_id': None, 'tags': [], 'created_at': '2025-04-17T13:03:24Z', 'updated_at': '2025-04-17T13:03:25Z', 'revision_number': 2, 'project_id': 'a820177d7fb74473805519c9ec4b26aa'}
2025-04-17 13:03:26.824 69157 INFO tempest.lib.common.rest_client [req-efb2c77f-d732-4c1f-a3e1-941f8b32bd5c req-efb2c77f-d732-4c1f-a3e1-941f8b32bd5c ] Request (FlavorsV255TestJSON:setUpClass): 201 POST http://10.180.1.21/identity/v3/projects 0.094s
2025-04-17 13:03:26.833 69155 INFO tempest.lib.common.rest_client [req-1e3dfda4-e272-4fd5-9f9a-94a6c5b2d91a req-1e3dfda4-e272-4fd5-9f9a-94a6c5b2d91a ] Request (AttachInterfacesV270Test:setUpClass): 201 POST http://10.180.1.21/identity/v3/auth/tokens 0.088s
2025-04-17 13:03:26.900 69157 INFO tempest.lib.common.rest_client [req-63685b98-cbd1-4000-8db3-439220708473 req-63685b98-cbd1-4000-8db3-439220708473 ] Request (FlavorsV255TestJSON:setUpClass): 201 POST http://10.180.1.21/identity/v3/users 0.076s
2025-04-17 13:03:26.909 69155 INFO tempest.lib.common.rest_client [req-b54f1d4e-5a94-45d8-8661-7ee85000b617 req-b54f1d4e-5a94-45d8-8661-7ee85000b617 ] Request (AttachInterfacesV270Test:test_create_get_list_interfaces): 201 POST http://10.180.1.21/identity/v3/auth/tokens 0.070s
2025-04-17 13:03:26.910 69155 INFO tempest.lib.common.fixed_network [-] (AttachInterfacesV270Test:test_create_get_list_interfaces) Found network {'id': '8b90a26d-840b-46e8-bf52-1e31d9281703', 'name': 'tempest-AttachInterfacesV270Test-28703609-network', 'tenant_id': 'a820177d7fb74473805519c9ec4b26aa', 'admin_state_up': True, 'mtu': 8950, 'status': 'ACTIVE', 'subnets': [], 'shared': False, 'project_id': 'a820177d7fb74473805519c9ec4b26aa', 'port_security_enabled': True, 'router:external': False, 'provider:network_type': 'vlan', 'provider:physical_network': 'default', 'provider:segmentation_id': 561, 'is_default': False, 'availability_zone_hints': [], 'availability_zones': [], 'ipv4_address_scope': None, 'ipv6_address_scope': None, 'description': '', 'tags': [], 'created_at': '2025-04-17T13:03:24Z', 'updated_at': '2025-04-17T13:03:24Z', 'revision_number': 1} available for tenant
2025-04-17 13:03:26.923 69157 INFO tempest.lib.common.rest_client [req-74d6a14d-b961-4d5f-a23d-aa1a2f2013cd req-74d6a14d-b961-4d5f-a23d-aa1a2f2013cd ] Request (FlavorsV255TestJSON:setUpClass): 200 GET http://10.180.1.21/identity/v3/roles 0.022s
2025-04-17 13:03:26.962 69157 INFO tempest.lib.common.rest_client [req-a7dfe1c5-0e62-4fbd-92f6-76ca4270d34a req-a7dfe1c5-0e62-4fbd-92f6-76ca4270d34a ] Request (FlavorsV255TestJSON:setUpClass): 204 PUT http://10.180.1.21/identity/v3/projects/1d92264c964f479c948598a66be64f72/users/7da62f4594834a9db632037ab3296925/roles/5ce4b597f3a24a25a08963ba437f314c 0.038s
2025-04-17 13:03:27.024 69157 INFO tempest.lib.common.rest_client [req-35440f54-2848-41f2-aed6-33ddb537db1e req-35440f54-2848-41f2-aed6-33ddb537db1e ] Request (FlavorsV255TestJSON:setUpClass): 200 GET http://10.180.1.21/identity/v3/roles 0.061s
2025-04-17 13:03:27.053 69153 INFO tempest.lib.common.rest_client [req-780c505b-ca82-458b-8406-999f2f16c919 req-780c505b-ca82-458b-8406-999f2f16c919 ] Request (ServersTestJSON:test_create_server_specify_multibyte_character_name): 200 GET http://10.180.1.21/compute/v2.1/servers/d6ca51b9-b284-405c-878e-fdbc326b73e1 1.155s
2025-04-17 13:03:27.056 69159 INFO tempest.lib.common.rest_client [req-6117ab0a-1663-4c2b-90d3-d4bcf2fbc2fd req-6117ab0a-1663-4c2b-90d3-d4bcf2fbc2fd ] Request (SecurityGroupRulesTestJSON:test_security_group_rules_create_with_optional_group_id): 200 POST http://10.180.1.21/compute/v2.1/os-security-groups 1.019s
2025-04-17 13:03:27.057 69193 INFO tempest.lib.common.rest_client [req-6137bad0-e03a-4794-af8a-416ffdc560f9 req-6137bad0-e03a-4794-af8a-416ffdc560f9 ] Request (ImagesDeleteNegativeTestJSON:tearDownClass): 200 GET http://10.180.1.21:9696/networking/v2.0/security-groups?tenant_id=63eb6d5002414112ba4d67114914128b&name=default 0.514s
2025-04-17 13:03:27.063 69157 INFO tempest.lib.common.rest_client [req-bfa45a15-2ec2-4a69-ac70-5ccfe6d02d16 req-bfa45a15-2ec2-4a69-ac70-5ccfe6d02d16 ] Request (FlavorsV255TestJSON:setUpClass): 204 PUT http://10.180.1.21/identity/v3/projects/1d92264c964f479c948598a66be64f72/users/7da62f4594834a9db632037ab3296925/roles/5ce4b597f3a24a25a08963ba437f314c 0.038s
2025-04-17 13:03:27.063 69157 INFO tempest.lib.common.dynamic_creds [-] Dynamic test user 7da62f4594834a9db632037ab3296925 is created with scope project and roles: ['admin']
2025-04-17 13:03:27.063 69157 INFO tempest.lib.common.dynamic_creds [-] Acquired dynamic creds: credentials: Credentials: {'domain_id': 'default', 'domain_name': 'Default', 'username': 'tempest-FlavorsV255TestJSON-1868356354-project-admin', 'project_domain_id': 'default', 'project_domain_name': 'Default', 'project_id': '1d92264c964f479c948598a66be64f72', 'project_name': 'tempest-FlavorsV255TestJSON-1868356354', 'tenant_id': '1d92264c964f479c948598a66be64f72', 'tenant_name': 'tempest-FlavorsV255TestJSON-1868356354', 'user_domain_id': 'default', 'user_domain_name': 'Default', 'user_id': '7da62f4594834a9db632037ab3296925', 'system': None}, Network: None, Subnet: None, Router: None
2025-04-17 13:03:27.063 69157 INFO tempest.lib.common.dynamic_creds [-] Created isolated network resources for: credentials: Credentials: {'domain_id': 'default', 'domain_name': 'Default', 'username': 'tempest-FlavorsV255TestJSON-1868356354-project-admin', 'project_domain_id': 'default', 'project_domain_name': 'Default', 'project_id': '1d92264c964f479c948598a66be64f72', 'project_name': 'tempest-FlavorsV255TestJSON-1868356354', 'tenant_id': '1d92264c964f479c948598a66be64f72', 'tenant_name': 'tempest-FlavorsV255TestJSON-1868356354', 'user_domain_id': 'default', 'user_domain_name': 'Default', 'user_id': '7da62f4594834a9db632037ab3296925', 'system': None}, Network: None, Subnet: None, Router: None
2025-04-17 13:03:27.144 69157 INFO tempest.lib.common.rest_client [req-4fd19ada-e6ec-4668-a24a-8f27449fca6c req-4fd19ada-e6ec-4668-a24a-8f27449fca6c ] Request (FlavorsV255TestJSON:setUpClass): 201 POST http://10.180.1.21/identity/v3/auth/tokens 0.078s
2025-04-17 13:03:27.385 69193 INFO tempest.lib.common.rest_client [req-fe8f7c3c-33ce-4999-a12d-46a5ffbedaf4 req-fe8f7c3c-33ce-4999-a12d-46a5ffbedaf4 ] Request (ImagesDeleteNegativeTestJSON:tearDownClass): 204 DELETE http://10.180.1.21:9696/networking/v2.0/security-groups/38d97883-5361-4c3c-9bf6-4253cc6e2adf 0.324s
2025-04-17 13:03:27.401 69185 INFO tempest.lib.common.rest_client [req-de30cea4-1504-4d9e-86e4-3c23d3d91880 req-de30cea4-1504-4d9e-86e4-3c23d3d91880 ] Request (MigrationsAdminTest:test_list_migrations_in_flavor_resize_situation): 200 GET http://10.180.1.21/compute/v2.1/servers/da0c4340-a657-43bd-9a98-4c8f50add720 1.334s
2025-04-17 13:03:27.415 69203 INFO tempest.lib.common.rest_client [req-cb155495-e83a-4250-be00-752efab53847 req-cb155495-e83a-4250-be00-752efab53847 ] Request (ServerExternalEventsTest:test_create_server_external_events): 200 GET http://10.180.1.21/compute/v2.1/servers/e2ee8d01-b1d3-4bde-81ae-668ffeef42b0 1.347s
2025-04-17 13:03:27.417 69191 INFO tempest.lib.common.rest_client [req-f63e9c39-78d9-4068-89d0-231dc4b57065 req-f63e9c39-78d9-4068-89d0-231dc4b57065 ] Request (KeyPairsV22TestJSON:_run_cleanups): 204 DELETE http://10.180.1.21/compute/v2.1/os-keypairs/tempest-KeyPairsV22TestJSON-keypair-1149249408 1.302s
2025-04-17 13:03:27.489 69193 INFO tempest.lib.common.rest_client [req-c076d0bf-5c5e-4ece-995a-ad85cc9a4a90 req-c076d0bf-5c5e-4ece-995a-ad85cc9a4a90 ] Request (ImagesDeleteNegativeTestJSON:tearDownClass): 204 DELETE http://10.180.1.21/identity/v3/projects/63eb6d5002414112ba4d67114914128b 0.104s
2025-04-17 13:03:27.491 69181 INFO tempest.lib.common.rest_client [req-83abce72-de35-4bd0-852c-fb15e97d6008 req-83abce72-de35-4bd0-852c-fb15e97d6008 ] Request (ServerDiagnosticsTest:test_get_server_diagnostics): 200 GET http://10.180.1.21/compute/v2.1/servers/c2e2265b-aef3-4a8c-ae03-314e679af64b 1.332s
2025-04-17 13:03:27.499 69187 INFO tempest.lib.common.rest_client [req-7dae2ac7-1acf-4ec7-9bd3-3d2e67fa3014 req-7dae2ac7-1acf-4ec7-9bd3-3d2e67fa3014 ] Request (ServerAddressesNegativeTestJSON:setUpClass): 200 GET http://10.180.1.21/compute/v2.1/servers/b77ff68e-350b-4f65-bb62-dfb727281e50 1.378s
2025-04-17 13:03:27.546 69195 INFO tempest.lib.common.rest_client [req-bfae5410-61eb-43b1-b87a-6b3f5a9896ee req-bfae5410-61eb-43b1-b87a-6b3f5a9896ee ] Request (ServersTestMultiNic:test_verify_duplicate_network_nics): 200 GET http://10.180.1.21/compute/v2.1/servers/b3bd0ecb-f329-48f3-b48b-25751262a5eb 1.274s
2025-04-17 13:03:27.559 69179 INFO tempest.lib.common.rest_client [req-6ead0cc7-3167-420f-b3d9-71288da42a65 req-6ead0cc7-3167-420f-b3d9-71288da42a65 ] Request (FlavorsAdminTestJSON:_run_cleanups): 200 GET http://10.180.1.21/compute/v2.1/flavors/detail 1.025s
2025-04-17 13:03:27.560 69193 INFO tempest.lib.common.rest_client [req-8b5d0cd6-1d7f-41ae-9f2f-2d16b0d9e3fc req-8b5d0cd6-1d7f-41ae-9f2f-2d16b0d9e3fc ] Request (ServersTestJSON:setUpClass): 201 POST http://10.180.1.21/identity/v3/auth/tokens 0.068s
2025-04-17 13:03:27.562 69147 INFO tempest.lib.common.rest_client [req-895cd81c-8400-4005-a6c0-f739107ddb9f req-895cd81c-8400-4005-a6c0-f739107ddb9f ] Request (ServersTestFqdnHostnames:test_create_server_with_fqdn_name): 200 GET http://10.180.1.21/compute/v2.1/servers/e63fba5c-46fd-494c-9aec-dd76f12974d7 1.079s
2025-04-17 13:03:27.596 69193 INFO tempest.lib.common.rest_client [req-94e05a6f-7862-44fa-84d7-de0dd35ce9d4 req-94e05a6f-7862-44fa-84d7-de0dd35ce9d4 ] Request (ServersTestJSON:setUpClass): 201 POST http://10.180.1.21/identity/v3/auth/tokens 0.033s
2025-04-17 13:03:27.623 69193 INFO tempest.lib.common.rest_client [req-d8d1ebd6-065c-40b5-8a72-bff774af2db0 req-d8d1ebd6-065c-40b5-8a72-bff774af2db0 ] Request (ServersTestJSON:setUpClass): 200 GET http://10.180.1.21/identity/v3/domains?name=Default 0.026s
2025-04-17 13:03:27.642 69165 INFO tempest.lib.common.rest_client [req-a5880546-14fb-4d2e-8d1f-a35a22f358a8 req-a5880546-14fb-4d2e-8d1f-a35a22f358a8 ] Request (ServerDiagnosticsV248Test:test_get_server_diagnostics): 200 GET http://10.180.1.21/compute/v2.1/servers/eb81e9b1-b573-4d7c-9ede-f8b32a43a201 1.002s
2025-04-17 13:03:27.661 69193 INFO tempest.lib.common.rest_client [req-b9e4dae8-5609-447c-9850-44d6be55477d req-b9e4dae8-5609-447c-9850-44d6be55477d ] Request (ServersTestJSON:setUpClass): 201 POST http://10.180.1.21/identity/v3/projects 0.038s
2025-04-17 13:03:27.706 69145 INFO tempest.lib.common.rest_client [req-5db77e4e-0ce4-4eab-8150-e52c2c744dfb req-5db77e4e-0ce4-4eab-8150-e52c2c744dfb ] Request (ServersNegativeTestJSON:setUpClass): 200 GET http://10.180.1.21/compute/v2.1/servers/a2414623-7871-4706-81db-7d15ca74fdab 0.996s
2025-04-17 13:03:27.731 69193 INFO tempest.lib.common.rest_client [req-660a5742-8dc1-48c5-8fb7-4aa840609e81 req-660a5742-8dc1-48c5-8fb7-4aa840609e81 ] Request (ServersTestJSON:setUpClass): 201 POST http://10.180.1.21/identity/v3/users 0.069s
2025-04-17 13:03:27.755 69193 INFO tempest.lib.common.rest_client [req-dc3a5ab6-0134-408e-ba70-e1e83d455c3c req-dc3a5ab6-0134-408e-ba70-e1e83d455c3c ] Request (ServersTestJSON:setUpClass): 200 GET http://10.180.1.21/identity/v3/roles 0.023s
2025-04-17 13:03:27.789 69149 INFO tempest.lib.common.rest_client [req-e5155256-96c2-4be2-930e-5543cdb697ea req-e5155256-96c2-4be2-930e-5543cdb697ea ] Request (DeleteServersAdminTestJSON:test_admin_delete_servers_of_others): 200 GET http://10.180.1.21/compute/v2.1/servers/57feb127-36f1-403c-bbca-7054286c1972 1.061s
2025-04-17 13:03:27.791 69193 INFO tempest.lib.common.rest_client [req-6769135a-b2cd-4aa7-937e-2b019bcbabe7 req-6769135a-b2cd-4aa7-937e-2b019bcbabe7 ] Request (ServersTestJSON:setUpClass): 204 PUT http://10.180.1.21/identity/v3/projects/7ef66621e193499c9ed2d815dad93826/users/a38b3dc84e004be3aaa9f76dbef03d9a/roles/1a85209e438449ba824616e8cf988db5 0.036s
2025-04-17 13:03:27.792 69193 INFO tempest.lib.common.dynamic_creds [-] Dynamic test user a38b3dc84e004be3aaa9f76dbef03d9a is created with scope project and roles: ['member']
2025-04-17 13:03:27.792 69193 INFO tempest.lib.common.dynamic_creds [-] Acquired dynamic creds: credentials: Credentials: {'domain_id': 'default', 'domain_name': 'Default', 'username': 'tempest-ServersTestJSON-364002111-project-member', 'project_domain_id': 'default', 'project_domain_name': 'Default', 'project_id': '7ef66621e193499c9ed2d815dad93826', 'project_name': 'tempest-ServersTestJSON-364002111', 'tenant_id': '7ef66621e193499c9ed2d815dad93826', 'tenant_name': 'tempest-ServersTestJSON-364002111', 'user_domain_id': 'default', 'user_domain_name': 'Default', 'user_id': 'a38b3dc84e004be3aaa9f76dbef03d9a', 'system': None}, Network: None, Subnet: None, Router: None
2025-04-17 13:03:27.798 69149 INFO tempest.common.waiters [-] State transition "BUILD/spawning" ==> "ERROR/None" after 65 second wait
2025-04-17 13:03:27.818 69163 INFO tempest.lib.common.rest_client [req-8f7dd43f-f412-4c3e-864f-347cff2d488d req-8f7dd43f-f412-4c3e-864f-347cff2d488d ] Request (ServerActionsTestJSON:setUpClass): 200 GET http://10.180.1.21/compute/v2.1/servers/0540a4dc-1b86-4776-b633-f540af168a2b 1.272s
2025-04-17 13:03:27.849 69169 INFO tempest.lib.common.rest_client [req-55ed50c8-69f1-426e-8c09-fcc12779177f req-55ed50c8-69f1-426e-8c09-fcc12779177f ] Request (TenantUsagesTestJSON:setUpClass): 200 GET http://10.180.1.21/compute/v2.1/servers/a7e0a28f-42a5-442e-b962-07771d2e6a27 1.068s
2025-04-17 13:03:27.864 69193 INFO tempest.lib.common.rest_client [req-d8abe9c0-d397-4d9a-9827-fd7edccc5db2 req-d8abe9c0-d397-4d9a-9827-fd7edccc5db2 ] Request (ServersTestJSON:setUpClass): 201 POST http://10.180.1.21/identity/v3/auth/tokens 0.071s
2025-04-17 13:03:27.884 69205 INFO tempest.lib.common.rest_client [req-fd129265-87e4-4085-a49b-712490df6118 req-fd129265-87e4-4085-a49b-712490df6118 ] Request (ServersWithSpecificFlavorTestJSON:test_verify_created_server_ephemeral_disk): 200 GET http://10.180.1.21/compute/v2.1/servers/12724be5-cfb1-4cf6-b98b-b4142da21714 1.050s
2025-04-17 13:03:27.903 69161 INFO tempest.lib.common.rest_client [req-c7910f77-cd1c-4275-84fa-5adc607fa1ec req-c7910f77-cd1c-4275-84fa-5adc607fa1ec ] Request (ServersAdminTestJSON:setUpClass): 200 GET http://10.180.1.21/compute/v2.1/servers/13eebe4e-5984-46c3-bb73-cd783ad45df6 1.051s
2025-04-17 13:03:27.951 69189 INFO tempest.lib.common.rest_client [req-f185caa1-f1f2-41d0-9cb7-2f0d5153145e req-f185caa1-f1f2-41d0-9cb7-2f0d5153145e ] Request (ServersTestBootFromVolume:setUpClass): 200 GET http://10.180.1.21/compute/v2.1/servers/1fb9796e-e0d4-410d-bff1-a6a44b2a3580 1.058s
2025-04-17 13:03:28.108 69193 INFO tempest.lib.common.rest_client [req-e1c42c45-a17b-4751-b689-0c066a45f3d7 req-e1c42c45-a17b-4751-b689-0c066a45f3d7 ] Request (ServersTestJSON:setUpClass): 201 POST http://10.180.1.21:9696/networking/v2.0/networks 0.244s
2025-04-17 13:03:28.282 69193 INFO tempest.lib.common.rest_client [req-28e0fd90-1424-423c-bbc1-2cdfd0d070a9 req-28e0fd90-1424-423c-bbc1-2cdfd0d070a9 ] Request (ServersTestJSON:setUpClass): 201 POST http://10.180.1.21:9696/networking/v2.0/subnets 0.174s
2025-04-17 13:03:28.358 69159 INFO tempest.lib.common.rest_client [req-8a91ba12-cb3f-4b1d-8bbb-9ded48f210f8 req-8a91ba12-cb3f-4b1d-8bbb-9ded48f210f8 ] Request (SecurityGroupRulesTestJSON:test_security_group_rules_create_with_optional_group_id): 200 POST http://10.180.1.21/compute/v2.1/os-security-group-rules 1.292s
2025-04-17 13:03:28.360 69159 WARNING tempest.lib.common.rest_client [-] Deprecated: "tenant_id" property is deprecated for removal, use "project_id" instead
2025-04-17 13:03:28.528 69175 INFO tempest.lib.common.rest_client [req-395bab1d-6535-4a58-b514-8fb71e7e2be1 req-395bab1d-6535-4a58-b514-8fb71e7e2be1 ] Request (VolumesAdminNegativeTest:test_update_attached_volume_with_nonexistent_volume_in_body): 200 GET http://10.180.1.21/compute/v2.1/servers/ce63789a-1f0f-40ca-8368-ac3f84bb58cd 1.431s
2025-04-17 13:03:28.622 69197 INFO tempest.lib.common.rest_client [req-d60eaf1b-65ab-4cf2-9833-41a2c1545af3 req-d60eaf1b-65ab-4cf2-9833-41a2c1545af3 ] Request (ListServerFiltersTestJSON:setUpClass): 200 GET http://10.180.1.21/compute/v2.1/servers/3ce9d4bd-3d7a-4191-9d3e-892efc81e8a2 1.512s
2025-04-17 13:03:28.629 69155 INFO tempest.lib.common.rest_client [req-236f039b-07c6-4a4d-a7d0-3f9cc96aa05c req-236f039b-07c6-4a4d-a7d0-3f9cc96aa05c ] Request (AttachInterfacesV270Test:test_create_get_list_interfaces): 202 POST http://10.180.1.21/compute/v2.1/servers 1.718s
2025-04-17 13:03:28.706 69167 INFO tempest.lib.common.rest_client [req-100d325b-440a-4dee-9ba8-547bc5ca068f req-100d325b-440a-4dee-9ba8-547bc5ca068f ] Request (ServerShowV247Test:test_update_rebuild_list_server): 200 GET http://10.180.1.21/compute/v2.1/servers/3f26342e-89a8-4218-8875-8411eb8b16a0 1.541s
2025-04-17 13:03:28.750 69157 INFO tempest.lib.common.rest_client [req-bc8ecf70-6d46-4981-aeb3-9272de53acd7 req-bc8ecf70-6d46-4981-aeb3-9272de53acd7 ] Request (FlavorsV255TestJSON:test_crud_flavor): 200 POST http://10.180.1.21/compute/v2.1/flavors 1.604s
2025-04-17 13:03:28.764 69173 INFO tempest.lib.common.rest_client [req-3d859f80-52b0-4a75-9951-d3cf9c791383 req-3d859f80-52b0-4a75-9951-d3cf9c791383 ] Request (InstanceActionsTestJSON:setUpClass): 200 GET http://10.180.1.21/compute/v2.1/servers/29e5aa99-4e20-4b6f-a749-544b8c41a713 1.522s
2025-04-17 13:03:28.823 69177 INFO tempest.lib.common.rest_client [req-3433bd08-0a3f-4980-a941-0cfa2e287fd4 req-3433bd08-0a3f-4980-a941-0cfa2e287fd4 ] Request (FloatingIPsAssociationNegativeTestJSON:setUpClass): 200 GET http://10.180.1.21/compute/v2.1/servers/98844da1-0e2a-46b5-8e72-c0f8dcd29b27 1.526s
2025-04-17 13:03:28.987 69183 INFO tempest.lib.common.rest_client [req-f587c26d-02b7-4c05-ab1e-74ad15b8345c req-f587c26d-02b7-4c05-ab1e-74ad15b8345c ] Request (AttachInterfacesTestJSON:test_create_list_show_delete_interfaces_by_fixed_ip): 200 GET http://10.180.1.21/compute/v2.1/servers/4edb8b9f-b608-4be8-bfd3-65642710f9bd 1.678s
2025-04-17 13:03:29.007 69191 INFO tempest.lib.common.rest_client [req-c5f56ed8-f732-4182-8e5c-27caa205b787 req-c5f56ed8-f732-4182-8e5c-27caa205b787 ] Request (KeyPairsV22TestJSON:_run_cleanups): 204 DELETE http://10.180.1.21/compute/v2.1/os-keypairs/tempest-KeyPairsV22TestJSON-keypair-952826799 1.589s
2025-04-17 13:03:29.291 69193 INFO tempest.lib.common.rest_client [req-31921be5-c6d7-4339-9082-2def5292f8a5 req-31921be5-c6d7-4339-9082-2def5292f8a5 ] Request (ServersTestJSON:setUpClass): 201 POST http://10.180.1.21:9696/networking/v2.0/routers 1.009s
2025-04-17 13:03:29.361 69151 INFO tempest.lib.common.rest_client [req-842a5207-fc48-4e7c-a0c9-2d78bb4d7c53 req-842a5207-fc48-4e7c-a0c9-2d78bb4d7c53 ] Request (VolumesAssistedSnapshotsTest:test_volume_assisted_snapshot_create_delete): 200 GET http://10.180.1.21/compute/v2.1/servers/9a2d2803-34b1-40f7-9349-e5734a217e18 1.974s
2025-04-17 13:03:29.369 69151 INFO tempest.common.waiters [-] State transition "BUILD/None" ==> "BUILD/spawning" after 37 second wait
2025-04-17 13:03:29.429 69199 INFO tempest.lib.common.rest_client [req-fbdc30e1-e5f2-4ed3-b971-4a95f7d3c34d req-fbdc30e1-e5f2-4ed3-b971-4a95f7d3c34d ] Request (FloatingIPsAssociationTestJSON:setUpClass): 200 GET http://10.180.1.21/compute/v2.1/servers/46481a4e-ac53-456d-b6cb-9f3ffbccf407 1.905s
2025-04-17 13:03:29.457 69179 INFO tempest.lib.common.rest_client [req-f91191a1-4124-4159-a0c3-d91766bf300f req-f91191a1-4124-4159-a0c3-d91766bf300f ] Request (FlavorsAdminTestJSON:test_list_non_public_flavor): 200 POST http://10.180.1.21/compute/v2.1/flavors 1.892s
2025-04-17 13:03:29.526 69143 INFO tempest.lib.common.rest_client [req-eaa69678-e2da-4b97-a537-ecb19d3ca0a2 req-eaa69678-e2da-4b97-a537-ecb19d3ca0a2 ] Request (ServersAaction247Test:test_create_backup): 200 GET http://10.180.1.21/compute/v2.1/servers/20fa65c1-9ea0-4dc2-828e-8477c9f45baa 1.907s
2025-04-17 13:03:29.597 69171 INFO tempest.lib.common.rest_client [req-8f97d26b-c8cc-47d3-a6a3-aea913c12ed1 req-8f97d26b-c8cc-47d3-a6a3-aea913c12ed1 ] Request (ImagesNegativeTestJSON:test_create_image_from_deleted_server): 200 GET http://10.180.1.21/compute/v2.1/servers/d2258ded-478a-4530-b940-386286702048 2.053s
2025-04-17 13:03:29.737 69153 INFO tempest.lib.common.rest_client [req-e388b374-6838-42e1-8af7-10581252c874 req-e388b374-6838-42e1-8af7-10581252c874 ] Request (ServersTestJSON:test_create_server_specify_multibyte_character_name): 200 GET http://10.180.1.21/compute/v2.1/servers/d6ca51b9-b284-405c-878e-fdbc326b73e1 1.668s
2025-04-17 13:03:29.803 69149 INFO tempest.lib.common.rest_client [req-a878687e-c214-411e-9a43-db7b2f214388 req-a878687e-c214-411e-9a43-db7b2f214388 ] Request (DeleteServersAdminTestJSON:test_admin_delete_servers_of_others): 204 DELETE http://10.180.1.21/compute/v2.1/servers/57feb127-36f1-403c-bbca-7054286c1972 2.004s
2025-04-17 13:03:29.842 69159 INFO tempest.lib.common.rest_client [req-1c0a5926-bba0-4a89-aaaf-9c481f6a6ee6 req-1c0a5926-bba0-4a89-aaaf-9c481f6a6ee6 ] Request (SecurityGroupRulesTestJSON:test_security_group_rules_delete_when_peer_group_deleted): 200 POST http://10.180.1.21/compute/v2.1/os-security-groups 1.472s
2025-04-17 13:03:29.935 69185 INFO tempest.lib.common.rest_client [req-99357b72-55f2-4fba-8264-6c63400ce69c req-99357b72-55f2-4fba-8264-6c63400ce69c ] Request (MigrationsAdminTest:test_list_migrations_in_flavor_resize_situation): 200 GET http://10.180.1.21/compute/v2.1/servers/da0c4340-a657-43bd-9a98-4c8f50add720 1.521s
2025-04-17 13:03:29.969 69203 INFO tempest.lib.common.rest_client [req-fe567f8a-cb1b-420a-bdab-61fabe81d472 req-fe567f8a-cb1b-420a-bdab-61fabe81d472 ] Request (ServerExternalEventsTest:test_create_server_external_events): 200 GET http://10.180.1.21/compute/v2.1/servers/e2ee8d01-b1d3-4bde-81ae-668ffeef42b0 1.543s
2025-04-17 13:03:30.000 69181 INFO tempest.lib.common.rest_client [req-8aa096a2-7aa8-4a24-86d8-aa584bee64c4 req-8aa096a2-7aa8-4a24-86d8-aa584bee64c4 ] Request (ServerDiagnosticsTest:test_get_server_diagnostics): 200 GET http://10.180.1.21/compute/v2.1/servers/c2e2265b-aef3-4a8c-ae03-314e679af64b 1.500s
2025-04-17 13:03:30.046 69187 INFO tempest.lib.common.rest_client [req-65191e79-f1d2-4621-94d7-86361ca82f09 req-65191e79-f1d2-4621-94d7-86361ca82f09 ] Request (ServerAddressesNegativeTestJSON:setUpClass): 200 GET http://10.180.1.21/compute/v2.1/servers/b77ff68e-350b-4f65-bb62-dfb727281e50 1.540s
2025-04-17 13:03:30.052 69195 INFO tempest.lib.common.rest_client [req-cbff0a89-4886-4feb-8469-ac9dab121e48 req-cbff0a89-4886-4feb-8469-ac9dab121e48 ] Request (ServersTestMultiNic:test_verify_duplicate_network_nics): 200 GET http://10.180.1.21/compute/v2.1/servers/b3bd0ecb-f329-48f3-b48b-25751262a5eb 1.494s
2025-04-17 13:03:30.108 69147 INFO tempest.lib.common.rest_client [req-9c953d06-271b-45cf-ae9e-82be27e52a81 req-9c953d06-271b-45cf-ae9e-82be27e52a81 ] Request (ServersTestFqdnHostnames:test_create_server_with_fqdn_name): 200 GET http://10.180.1.21/compute/v2.1/servers/e63fba5c-46fd-494c-9aec-dd76f12974d7 1.538s
2025-04-17 13:03:30.137 69155 INFO tempest.lib.common.rest_client [req-b4f80938-6abf-40a3-a7d4-7ad848b29f34 req-b4f80938-6abf-40a3-a7d4-7ad848b29f34 ] Request (AttachInterfacesV270Test:test_create_get_list_interfaces): 200 GET http://10.180.1.21/compute/v2.1/servers/91d405f9-5ad1-4e8e-9a32-1a5ef81ecc63 1.503s
2025-04-17 13:03:30.160 69165 INFO tempest.lib.common.rest_client [req-cfe90f4b-66b3-4db5-b70e-950e63b901ee req-cfe90f4b-66b3-4db5-b70e-950e63b901ee ] Request (ServerDiagnosticsV248Test:test_get_server_diagnostics): 200 GET http://10.180.1.21/compute/v2.1/servers/eb81e9b1-b573-4d7c-9ede-f8b32a43a201 1.505s
2025-04-17 13:03:30.191 69145 INFO tempest.lib.common.rest_client [req-a6795d67-ef12-4a34-8a16-a3a583f80b7f req-a6795d67-ef12-4a34-8a16-a3a583f80b7f ] Request (ServersNegativeTestJSON:setUpClass): 200 GET http://10.180.1.21/compute/v2.1/servers/a2414623-7871-4706-81db-7d15ca74fdab 1.469s
2025-04-17 13:03:30.242 69157 INFO tempest.lib.common.rest_client [req-806506e1-a8e1-4b20-a3fb-abfb1104aeba req-806506e1-a8e1-4b20-a3fb-abfb1104aeba ] Request (FlavorsV255TestJSON:test_crud_flavor): 200 GET http://10.180.1.21/compute/v2.1/flavors/1054397096 1.488s
2025-04-17 13:03:30.267 69193 INFO tempest.lib.common.rest_client [req-5ce5e4f1-0a40-44cc-976f-04126fd606e1 req-5ce5e4f1-0a40-44cc-976f-04126fd606e1 ] Request (ServersTestJSON:setUpClass): 200 PUT http://10.180.1.21:9696/networking/v2.0/routers/e8ab0336-b83a-4fda-a048-a8682a739a29/add_router_interface 0.975s
2025-04-17 13:03:30.268 69193 INFO tempest.lib.common.dynamic_creds [-] Created isolated network resources for: credentials: Credentials: {'domain_id': 'default', 'domain_name': 'Default', 'username': 'tempest-ServersTestJSON-364002111-project-member', 'project_domain_id': 'default', 'project_domain_name': 'Default', 'project_id': '7ef66621e193499c9ed2d815dad93826', 'project_name': 'tempest-ServersTestJSON-364002111', 'tenant_id': '7ef66621e193499c9ed2d815dad93826', 'tenant_name': 'tempest-ServersTestJSON-364002111', 'user_domain_id': 'default', 'user_domain_name': 'Default', 'user_id': 'a38b3dc84e004be3aaa9f76dbef03d9a', 'system': None}, Network: {'id': 'b3e40829-f274-4e6c-9925-7b397d29b8da', 'name': 'tempest-ServersTestJSON-1405599453-network', 'tenant_id': '7ef66621e193499c9ed2d815dad93826', 'admin_state_up': True, 'mtu': 8950, 'status': 'ACTIVE', 'subnets': [], 'shared': False, 'project_id': '7ef66621e193499c9ed2d815dad93826', 'port_security_enabled': True, 'router:external': False, 'provider:network_type': 'vlan', 'provider:physical_network': 'default', 'provider:segmentation_id': 596, 'is_default': False, 'availability_zone_hints': [], 'availability_zones': [], 'ipv4_address_scope': None, 'ipv6_address_scope': None, 'description': '', 'tags': [], 'created_at': '2025-04-17T13:03:28Z', 'updated_at': '2025-04-17T13:03:28Z', 'revision_number': 1}, Subnet: {'id': 'bc3f4a79-dc8a-45ca-a2f7-c18fa74a0fc3', 'name': 'tempest-ServersTestJSON-1405599453-subnet', 'tenant_id': '7ef66621e193499c9ed2d815dad93826', 'network_id': 'b3e40829-f274-4e6c-9925-7b397d29b8da', 'ip_version': 4, 'subnetpool_id': None, 'enable_dhcp': True, 'ipv6_ra_mode': None, 'ipv6_address_mode': None, 'gateway_ip': '192.168.128.1', 'cidr': '192.168.128.0/28', 'allocation_pools': [{'start': '192.168.128.2', 'end': '192.168.128.14'}], 'host_routes': [], 'dns_nameservers': [], 'description': '', 'service_types': [], 'tags': [], 'created_at': '2025-04-17T13:03:28Z', 'updated_at': '2025-04-17T13:03:28Z', 'revision_number': 0, 'project_id': '7ef66621e193499c9ed2d815dad93826'}, Router: {'id': 'e8ab0336-b83a-4fda-a048-a8682a739a29', 'name': 'tempest-ServersTestJSON-1405599453-router', 'tenant_id': '7ef66621e193499c9ed2d815dad93826', 'admin_state_up': True, 'status': 'ACTIVE', 'external_gateway_info': {'network_id': '1ae432cf-3c75-4ff5-81af-cfe7ce201747', 'external_fixed_ips': [{'subnet_id': 'd977464a-f345-4f1d-9cfe-21f668bace3f', 'ip_address': '10.180.180.141'}], 'enable_snat': True}, 'description': '', 'availability_zones': [], 'distributed': False, 'ha': False, 'availability_zone_hints': [], 'routes': [], 'flavor_id': None, 'tags': [], 'created_at': '2025-04-17T13:03:28Z', 'updated_at': '2025-04-17T13:03:28Z', 'revision_number': 2, 'project_id': '7ef66621e193499c9ed2d815dad93826'}
2025-04-17 13:03:30.307 69169 INFO tempest.lib.common.rest_client [req-e56ec2bb-ce30-48db-a76f-29e2b10d45b7 req-e56ec2bb-ce30-48db-a76f-29e2b10d45b7 ] Request (TenantUsagesTestJSON:setUpClass): 200 GET http://10.180.1.21/compute/v2.1/servers/a7e0a28f-42a5-442e-b962-07771d2e6a27 1.446s
2025-04-17 13:03:30.326 69163 INFO tempest.lib.common.rest_client [req-4128986b-01b5-48d5-84ed-0fe3839803e0 req-4128986b-01b5-48d5-84ed-0fe3839803e0 ] Request (ServerActionsTestJSON:setUpClass): 200 GET http://10.180.1.21/compute/v2.1/servers/0540a4dc-1b86-4776-b633-f540af168a2b 1.500s
2025-04-17 13:03:30.347 69193 INFO tempest.lib.common.rest_client [req-e37e499b-ff60-4fe7-a187-d703479217dd req-e37e499b-ff60-4fe7-a187-d703479217dd ] Request (ServersTestJSON:setUpClass): 201 POST http://10.180.1.21/identity/v3/auth/tokens 0.075s
2025-04-17 13:03:30.362 69205 INFO tempest.lib.common.rest_client [req-dd409396-a3ef-4e74-b4cd-e8e4b42ca9ac req-dd409396-a3ef-4e74-b4cd-e8e4b42ca9ac ] Request (ServersWithSpecificFlavorTestJSON:test_verify_created_server_ephemeral_disk): 200 GET http://10.180.1.21/compute/v2.1/servers/12724be5-cfb1-4cf6-b98b-b4142da21714 1.470s
2025-04-17 13:03:30.379 69161 INFO tempest.lib.common.rest_client [req-32682fa5-751b-4077-9e55-4d62f1cb37f7 req-32682fa5-751b-4077-9e55-4d62f1cb37f7 ] Request (ServersAdminTestJSON:setUpClass): 200 GET http://10.180.1.21/compute/v2.1/servers/13eebe4e-5984-46c3-bb73-cd783ad45df6 1.465s
2025-04-17 13:03:30.395 69191 INFO tempest.lib.common.rest_client [req-38d7fea5-bd28-4c05-89e2-6b16330c16ab req-38d7fea5-bd28-4c05-89e2-6b16330c16ab ] Request (KeyPairsV22TestJSON:_run_cleanups): 204 DELETE http://10.180.1.21/compute/v2.1/os-keypairs/tempest-KeyPairsV22TestJSON-keypair-1582057928 1.387s
2025-04-17 13:03:30.408 69179 INFO tempest.lib.common.rest_client [req-2708d06f-975a-4966-8c02-23d7df21d3b2 req-2708d06f-975a-4966-8c02-23d7df21d3b2 ] Request (FlavorsAdminTestJSON:test_list_non_public_flavor): 200 GET http://10.180.1.21/compute/v2.1/flavors/detail 0.947s
2025-04-17 13:03:30.416 69189 INFO tempest.lib.common.rest_client [req-d92590e0-c548-45ff-bcf2-1466d5f43d1c req-d92590e0-c548-45ff-bcf2-1466d5f43d1c ] Request (ServersTestBootFromVolume:setUpClass): 200 GET http://10.180.1.21/compute/v2.1/servers/1fb9796e-e0d4-410d-bff1-a6a44b2a3580 1.456s
2025-04-17 13:03:30.471 69197 INFO tempest.lib.common.rest_client [req-f884c9b3-f9ae-4138-a3bb-92cad4e95654 req-f884c9b3-f9ae-4138-a3bb-92cad4e95654 ] Request (ListServerFiltersTestJSON:setUpClass): 200 GET http://10.180.1.21/compute/v2.1/servers/3ce9d4bd-3d7a-4191-9d3e-892efc81e8a2 0.833s
2025-04-17 13:03:30.511 69175 INFO tempest.lib.common.rest_client [req-18813539-e727-4366-ab0e-e70dba1020d5 req-18813539-e727-4366-ab0e-e70dba1020d5 ] Request (VolumesAdminNegativeTest:test_update_attached_volume_with_nonexistent_volume_in_body): 200 GET http://10.180.1.21/compute/v2.1/servers/ce63789a-1f0f-40ca-8368-ac3f84bb58cd 0.975s
2025-04-17 13:03:30.532 69167 INFO tempest.lib.common.rest_client [req-1723c15b-9d81-485b-9360-21f0cde73d7d req-1723c15b-9d81-485b-9360-21f0cde73d7d ] Request (ServerShowV247Test:test_update_rebuild_list_server): 200 GET http://10.180.1.21/compute/v2.1/servers/3f26342e-89a8-4218-8875-8411eb8b16a0 0.816s
2025-04-17 13:03:30.551 69149 INFO tempest.lib.common.rest_client [req-c0177f9f-c10e-43db-82b9-c57a333e65b7 req-c0177f9f-c10e-43db-82b9-c57a333e65b7 ] Request (DeleteServersAdminTestJSON:test_admin_delete_servers_of_others): 404 GET http://10.180.1.21/compute/v2.1/servers/57feb127-36f1-403c-bbca-7054286c1972 0.748s
2025-04-17 13:03:30.606 69177 INFO tempest.lib.common.rest_client [req-1399c9fb-9c41-436a-8b0b-a8d4fb6c6d7d req-1399c9fb-9c41-436a-8b0b-a8d4fb6c6d7d ] Request (FloatingIPsAssociationNegativeTestJSON:setUpClass): 200 GET http://10.180.1.21/compute/v2.1/servers/98844da1-0e2a-46b5-8e72-c0f8dcd29b27 0.770s
2025-04-17 13:03:30.639 69149 INFO tempest.lib.common.rest_client [req-1c64c670-7433-47e8-bb85-d62b891b32ff req-1c64c670-7433-47e8-bb85-d62b891b32ff ] Request (DeleteServersAdminTestJSON:test_delete_server_while_in_error_state): 201 POST http://10.180.1.21/identity/v3/auth/tokens 0.077s
2025-04-17 13:03:30.639 69149 INFO tempest.lib.common.fixed_network [-] (DeleteServersAdminTestJSON:test_delete_server_while_in_error_state) Found network None available for tenant
2025-04-17 13:03:30.730 69173 INFO tempest.lib.common.rest_client [req-11aa08d4-2dba-46c9-b37a-c66767b22691 req-11aa08d4-2dba-46c9-b37a-c66767b22691 ] Request (InstanceActionsTestJSON:setUpClass): 200 GET http://10.180.1.21/compute/v2.1/servers/29e5aa99-4e20-4b6f-a749-544b8c41a713 0.957s
2025-04-17 13:03:30.792 69159 INFO tempest.lib.common.rest_client [req-65eddaf3-0100-4452-84fa-c9ef8ce5e62c req-65eddaf3-0100-4452-84fa-c9ef8ce5e62c ] Request (SecurityGroupRulesTestJSON:test_security_group_rules_delete_when_peer_group_deleted): 200 POST http://10.180.1.21/compute/v2.1/os-security-groups 0.947s
2025-04-17 13:03:30.822 69157 INFO tempest.lib.common.rest_client [req-440845e2-15b6-4a66-aba2-e4c72ee6b45b req-440845e2-15b6-4a66-aba2-e4c72ee6b45b ] Request (FlavorsV255TestJSON:test_crud_flavor): 200 PUT http://10.180.1.21/compute/v2.1/flavors/1054397096 0.578s
2025-04-17 13:03:30.874 69183 INFO tempest.lib.common.rest_client [req-23c2093a-27b6-42fc-84d5-c71952b29047 req-23c2093a-27b6-42fc-84d5-c71952b29047 ] Request (AttachInterfacesTestJSON:test_create_list_show_delete_interfaces_by_fixed_ip): 200 GET http://10.180.1.21/compute/v2.1/servers/4edb8b9f-b608-4be8-bfd3-65642710f9bd 0.879s
2025-04-17 13:03:30.925 69193 INFO tempest.lib.common.rest_client [req-0171a6fe-407a-4fd1-832e-96365a4a16df req-0171a6fe-407a-4fd1-832e-96365a4a16df ] Request (ServersTestJSON:setUpClass): 200 POST http://10.180.1.21/compute/v2.1/os-keypairs 0.576s
2025-04-17 13:03:30.955 69191 INFO tempest.lib.common.rest_client [req-cb3f8f20-1fb0-41f7-9f5b-1a882c809a2a req-cb3f8f20-1fb0-41f7-9f5b-1a882c809a2a ] Request (KeyPairsV22TestJSON:test_keypairsv22_create_list_show): 201 POST http://10.180.1.21/compute/v2.1/os-keypairs 0.558s
2025-04-17 13:03:30.969 69179 INFO tempest.lib.common.rest_client [req-0907716b-51a8-4786-bd2f-358232cccf9b req-0907716b-51a8-4786-bd2f-358232cccf9b ] Request (FlavorsAdminTestJSON:test_list_non_public_flavor): 200 GET http://10.180.1.21/compute/v2.1/flavors/detail 0.556s
2025-04-17 13:03:30.995 69151 INFO tempest.lib.common.rest_client [req-bc2c51ad-d198-4078-8030-399863c84b5b req-bc2c51ad-d198-4078-8030-399863c84b5b ] Request (VolumesAssistedSnapshotsTest:test_volume_assisted_snapshot_create_delete): 200 GET http://10.180.1.21/compute/v2.1/servers/9a2d2803-34b1-40f7-9349-e5734a217e18 0.624s
2025-04-17 13:03:31.013 69193 INFO tempest.lib.common.rest_client [req-19f5ceda-ec0f-4e46-a5c1-e9329a8a84d2 req-19f5ceda-ec0f-4e46-a5c1-e9329a8a84d2 ] Request (ServersTestJSON:setUpClass): 201 POST http://10.180.1.21:9696/networking/v2.0/security-groups 0.087s
2025-04-17 13:03:31.063 69143 INFO tempest.lib.common.rest_client [req-4265b583-eeec-4112-815b-935dfff3b48d req-4265b583-eeec-4112-815b-935dfff3b48d ] Request (ServersAaction247Test:test_create_backup): 200 GET http://10.180.1.21/compute/v2.1/servers/20fa65c1-9ea0-4dc2-828e-8477c9f45baa 0.528s
2025-04-17 13:03:31.088 69199 INFO tempest.lib.common.rest_client [req-11ac18e6-5a95-41a0-ae9b-7b5340d4bcff req-11ac18e6-5a95-41a0-ae9b-7b5340d4bcff ] Request (FloatingIPsAssociationTestJSON:setUpClass): 200 GET http://10.180.1.21/compute/v2.1/servers/46481a4e-ac53-456d-b6cb-9f3ffbccf407 0.643s
2025-04-17 13:03:31.091 69193 INFO tempest.lib.common.rest_client [req-1b536170-5832-456f-b3e6-57376cb23c6c req-1b536170-5832-456f-b3e6-57376cb23c6c ] Request (ServersTestJSON:setUpClass): 201 POST http://10.180.1.21:9696/networking/v2.0/security-group-rules 0.077s
2025-04-17 13:03:31.185 69171 INFO tempest.lib.common.rest_client [req-02b0e352-09dd-43f0-861c-86367f6c3a2a req-02b0e352-09dd-43f0-861c-86367f6c3a2a ] Request (ImagesNegativeTestJSON:test_create_image_from_deleted_server): 200 GET http://10.180.1.21/compute/v2.1/servers/d2258ded-478a-4530-b940-386286702048 0.577s
2025-04-17 13:03:31.188 69193 INFO tempest.lib.common.rest_client [req-72544428-3420-4143-b397-b7bc06684a92 req-72544428-3420-4143-b397-b7bc06684a92 ] Request (ServersTestJSON:setUpClass): 201 POST http://10.180.1.21:9696/networking/v2.0/security-group-rules 0.096s
2025-04-17 13:03:31.359 69153 INFO tempest.lib.common.rest_client [req-0c6db0e6-881b-4d29-9aac-0cd79c217769 req-0c6db0e6-881b-4d29-9aac-0cd79c217769 ] Request (ServersTestJSON:test_create_server_specify_multibyte_character_name): 200 GET http://10.180.1.21/compute/v2.1/servers/d6ca51b9-b284-405c-878e-fdbc326b73e1 0.610s
2025-04-17 13:03:31.412 69149 INFO tempest.lib.common.rest_client [req-dc466130-d812-4b39-b2cd-70750d4485d7 req-dc466130-d812-4b39-b2cd-70750d4485d7 ] Request (DeleteServersAdminTestJSON:test_delete_server_while_in_error_state): 202 POST http://10.180.1.21/compute/v2.1/servers 0.772s
2025-04-17 13:03:31.436 69157 INFO tempest.lib.common.rest_client [req-013aa222-9414-4fc0-8e4b-51705d5ef604 req-013aa222-9414-4fc0-8e4b-51705d5ef604 ] Request (FlavorsV255TestJSON:test_crud_flavor): 200 GET http://10.180.1.21/compute/v2.1/flavors/detail 0.610s
2025-04-17 13:03:31.594 69185 INFO tempest.lib.common.rest_client [req-590dbc4a-6046-4d81-abb1-bbfd886a32fd req-590dbc4a-6046-4d81-abb1-bbfd886a32fd ] Request (MigrationsAdminTest:test_list_migrations_in_flavor_resize_situation): 200 GET http://10.180.1.21/compute/v2.1/servers/da0c4340-a657-43bd-9a98-4c8f50add720 0.647s
2025-04-17 13:03:31.602 69191 INFO tempest.lib.common.rest_client [req-16e19dad-d8b6-4084-b900-f25cca894646 req-16e19dad-d8b6-4084-b900-f25cca894646 ] Request (KeyPairsV22TestJSON:test_keypairsv22_create_list_show): 200 GET http://10.180.1.21/compute/v2.1/os-keypairs/tempest-keypair-1151486836 0.645s
2025-04-17 13:03:31.616 69179 INFO tempest.lib.common.rest_client [req-7cefacb4-8efe-4fa9-afb3-bc094e845c0c req-7cefacb4-8efe-4fa9-afb3-bc094e845c0c ] Request (FlavorsAdminTestJSON:_run_cleanups): 202 DELETE http://10.180.1.21/compute/v2.1/flavors/2025105896 0.639s
