2025-04-17 13:05:04.399 69157 INFO tempest.lib.common.rest_client [req-1953e2cb-b86f-41d2-b9e6-c59c1ccacdc2 req-1953e2cb-b86f-41d2-b9e6-c59c1ccacdc2 ] Request (ServersAdmin275Test:test_rebuild_update_server_275): 200 GET http://10.180.1.21/compute/v2.1/servers/03e8dff3-b6b8-4754-8725-dddc9f9e6216 0.770s
2025-04-17 13:05:04.411 69191 INFO tempest.lib.common.rest_client [req-8707f1da-3d23-4a31-a0fb-71b3eda8ec34 req-8707f1da-3d23-4a31-a0fb-71b3eda8ec34 ] Request (InstanceActionsNegativeTestJSON:setUpClass): 200 GET http://10.180.1.21/compute/v2.1/servers/d3c5fdf4-a775-4b88-9bc2-ce9f31a9e6ac 0.732s
2025-04-17 13:05:04.451 69173 INFO tempest.lib.common.rest_client [req-8e6d8625-b5bc-4005-ad7c-5a8e14ca8f66 req-8e6d8625-b5bc-4005-ad7c-5a8e14ca8f66 ] Request (InstanceActionsTestJSON:setUpClass): 200 GET http://10.180.1.21/compute/v2.1/servers/29e5aa99-4e20-4b6f-a749-544b8c41a713 0.727s
2025-04-17 13:05:04.507 69177 INFO tempest.lib.common.rest_client [req-a5b6a766-47ff-41ba-a5ce-4c7882d12f29 req-a5b6a766-47ff-41ba-a5ce-4c7882d12f29 ] Request (FloatingIPsAssociationNegativeTestJSON:setUpClass): 200 GET http://10.180.1.21/compute/v2.1/servers/98844da1-0e2a-46b5-8e72-c0f8dcd29b27 0.725s
2025-04-17 13:05:04.571 69179 INFO tempest.lib.common.rest_client [req-eb9bc5a3-e3a6-4bc9-9607-0672a6068d06 req-eb9bc5a3-e3a6-4bc9-9607-0672a6068d06 ] Request (ImagesOneServerNegativeTestJSON:setUpClass): 200 GET http://10.180.1.21/compute/v2.1/servers/242433e2-5b59-4b19-ba8d-80432ee4b7b7 0.788s
2025-04-17 13:05:04.581 69175 INFO tempest.lib.common.rest_client [req-8bf82d2c-6159-4edf-b8e3-e0c41f297371 req-8bf82d2c-6159-4edf-b8e3-e0c41f297371 ] Request (VolumesAdminNegativeTest:test_update_attached_volume_with_nonexistent_volume_in_body): 200 GET http://10.180.1.21/compute/v2.1/servers/ce63789a-1f0f-40ca-8368-ac3f84bb58cd 0.846s
2025-04-17 13:05:04.631 69181 INFO tempest.lib.common.rest_client [req-64fb7728-564b-4c95-9a8a-6cf405c6f3a1 req-64fb7728-564b-4c95-9a8a-6cf405c6f3a1 ] Request (ServerDiagnosticsTest:test_get_server_diagnostics): 200 GET http://10.180.1.21/compute/v2.1/servers/c2e2265b-aef3-4a8c-ae03-314e679af64b 0.800s
2025-04-17 13:05:04.644 69143 INFO tempest.lib.common.rest_client [req-dd3f0af4-c495-4ae3-93ec-9566f2fb6be0 req-dd3f0af4-c495-4ae3-93ec-9566f2fb6be0 ] Request (ServersAaction247Test:test_create_backup): 200 GET http://10.180.1.21/compute/v2.1/servers/20fa65c1-9ea0-4dc2-828e-8477c9f45baa 0.800s
2025-04-17 13:05:04.695 69195 INFO tempest.lib.common.rest_client [req-d1c02f79-8c3c-47ab-8506-91282de0a4e4 req-d1c02f79-8c3c-47ab-8506-91282de0a4e4 ] Request (ServersTestMultiNic:test_verify_duplicate_network_nics): 200 GET http://10.180.1.21/compute/v2.1/servers/b3bd0ecb-f329-48f3-b48b-25751262a5eb 0.724s
2025-04-17 13:05:04.758 69187 INFO tempest.lib.common.rest_client [req-1030f6a8-8134-496a-9d5b-4bc0b113ead1 req-1030f6a8-8134-496a-9d5b-4bc0b113ead1 ] Request (ServerAddressesNegativeTestJSON:setUpClass): 200 GET http://10.180.1.21/compute/v2.1/servers/b77ff68e-350b-4f65-bb62-dfb727281e50 0.737s
2025-04-17 13:05:04.793 69183 INFO tempest.lib.common.rest_client [req-98785d77-a1b9-4545-96a7-da90807b358f req-98785d77-a1b9-4545-96a7-da90807b358f ] Request (AttachInterfacesTestJSON:test_create_list_show_delete_interfaces_by_fixed_ip): 200 GET http://10.180.1.21/compute/v2.1/servers/4edb8b9f-b608-4be8-bfd3-65642710f9bd 0.790s
2025-04-17 13:05:04.808 69203 INFO tempest.lib.common.rest_client [req-d05b7e53-7e25-4a92-963e-de500cb7172f req-d05b7e53-7e25-4a92-963e-de500cb7172f ] Request (ListImageFiltersTestJSON:setUpClass): 200 GET http://10.180.1.21/compute/v2.1/servers/0874bf05-e156-404e-a067-869e370fd14b 0.749s
2025-04-17 13:05:04.850 69199 INFO tempest.lib.common.rest_client [req-ef82f99a-1376-415b-94d3-e944bea3fd01 req-ef82f99a-1376-415b-94d3-e944bea3fd01 ] Request (FloatingIPsAssociationTestJSON:tearDownClass): 200 PUT http://10.180.1.21:9696/networking/v2.0/routers/03dddc2a-46b1-4bb8-a978-d31e85c9b96b/remove_router_interface 0.754s
2025-04-17 13:05:05.087 69161 INFO tempest.lib.common.rest_client [req-95b24a25-dd70-427d-9774-41a67f949cb3 req-95b24a25-dd70-427d-9774-41a67f949cb3 ] Request (ServersAdminTestJSON:setUpClass): 200 GET http://10.180.1.21/compute/v2.1/servers/13eebe4e-5984-46c3-bb73-cd783ad45df6 0.889s
2025-04-17 13:05:05.088 69171 INFO tempest.lib.common.rest_client [req-0a5f8412-37cb-4515-a700-0b249c25e1b6 req-0a5f8412-37cb-4515-a700-0b249c25e1b6 ] Request (ImagesNegativeTestJSON:test_create_image_from_deleted_server): 200 GET http://10.180.1.21/compute/v2.1/servers/d2258ded-478a-4530-b940-386286702048 0.750s
2025-04-17 13:05:05.153 69147 INFO tempest.lib.common.rest_client [req-0b1f11b4-f61f-47b3-bc0b-f83dd672799f req-0b1f11b4-f61f-47b3-bc0b-f83dd672799f ] Request (ServersTestFqdnHostnames:test_create_server_with_fqdn_name): 200 GET http://10.180.1.21/compute/v2.1/servers/e63fba5c-46fd-494c-9aec-dd76f12974d7 0.598s
2025-04-17 13:05:05.289 69163 INFO tempest.lib.common.rest_client [req-5d9fba3c-a655-4441-8264-f22c47db854b req-5d9fba3c-a655-4441-8264-f22c47db854b ] Request (ServerActionsTestJSON:setUpClass): 200 GET http://10.180.1.21/compute/v2.1/servers/0540a4dc-1b86-4776-b633-f540af168a2b 0.518s
2025-04-17 13:05:05.308 69185 INFO tempest.lib.common.rest_client [req-e6bd2f07-c29f-4aa2-8f80-f0e5916d6224 req-e6bd2f07-c29f-4aa2-8f80-f0e5916d6224 ] Request (MigrationsAdminTest:test_list_migrations_in_flavor_resize_situation): 200 GET http://10.180.1.21/compute/v2.1/servers/da0c4340-a657-43bd-9a98-4c8f50add720 0.489s
2025-04-17 13:05:05.339 69145 INFO tempest.lib.common.rest_client [req-56867856-14e4-4698-9552-b5267ea29d5a req-56867856-14e4-4698-9552-b5267ea29d5a ] Request (ServersNegativeTestJSON:setUpClass): 200 GET http://10.180.1.21/compute/v2.1/servers/a2414623-7871-4706-81db-7d15ca74fdab 0.506s
2025-04-17 13:05:05.401 69205 INFO tempest.lib.common.rest_client [req-387730b7-804a-4c88-b9a6-6f0263878b4f req-387730b7-804a-4c88-b9a6-6f0263878b4f ] Request (ServersWithSpecificFlavorTestJSON:test_verify_created_server_ephemeral_disk): 200 GET http://10.180.1.21/compute/v2.1/servers/12724be5-cfb1-4cf6-b98b-b4142da21714 0.313s
2025-04-17 13:05:05.419 69153 INFO tempest.lib.common.rest_client [req-5630f152-c3c5-4038-9785-5cbd5269757f req-5630f152-c3c5-4038-9785-5cbd5269757f ] Request (ServersTestJSON:test_create_server_specify_multibyte_character_name): 200 GET http://10.180.1.21/compute/v2.1/servers/d6ca51b9-b284-405c-878e-fdbc326b73e1 0.393s
2025-04-17 13:05:05.448 69199 INFO tempest.lib.common.rest_client [req-2e60837f-84bd-4a5c-9421-514dc450c07e req-2e60837f-84bd-4a5c-9421-514dc450c07e ] Request (FloatingIPsAssociationTestJSON:tearDownClass): 204 DELETE http://10.180.1.21:9696/networking/v2.0/routers/03dddc2a-46b1-4bb8-a978-d31e85c9b96b 0.597s
2025-04-17 13:05:05.581 69199 INFO tempest.lib.common.rest_client [req-f3c31ee8-c004-409f-ad79-578891e2880a req-f3c31ee8-c004-409f-ad79-578891e2880a ] Request (FloatingIPsAssociationTestJSON:tearDownClass): 204 DELETE http://10.180.1.21:9696/networking/v2.0/subnets/811f7493-7fb7-45d5-87cc-081de49f1889 0.133s
2025-04-17 13:05:05.669 69149 INFO tempest.lib.common.rest_client [req-76a1e91e-d25e-449c-bf40-f27aa0ae644d req-76a1e91e-d25e-449c-bf40-f27aa0ae644d ] Request (DeleteServersAdminTestJSON:test_delete_server_while_in_error_state): 200 GET http://10.180.1.21/compute/v2.1/servers/653c016d-c596-4f45-a18e-55f2d1935166 0.509s
2025-04-17 13:05:05.703 69151 INFO tempest.lib.common.rest_client [req-9c7b9cc3-a2d3-4e33-9ad1-d0fce7f7ebf3 req-9c7b9cc3-a2d3-4e33-9ad1-d0fce7f7ebf3 ] Request (VolumesAssistedSnapshotsTest:test_volume_assisted_snapshot_create_delete): 200 GET http://10.180.1.21/compute/v2.1/servers/9a2d2803-34b1-40f7-9349-e5734a217e18 0.610s
2025-04-17 13:05:05.718 69155 INFO tempest.lib.common.rest_client [req-50e83737-79d3-4a88-816e-e6a10bcc535c req-50e83737-79d3-4a88-816e-e6a10bcc535c ] Request (AttachInterfacesV270Test:test_create_get_list_interfaces): 200 GET http://10.180.1.21/compute/v2.1/servers/91d405f9-5ad1-4e8e-9a32-1a5ef81ecc63 0.485s
2025-04-17 13:05:05.766 69189 INFO tempest.lib.common.rest_client [req-0ad74000-74bc-4fa0-a2f3-41335c8a2bba req-0ad74000-74bc-4fa0-a2f3-41335c8a2bba ] Request (ServersTestBootFromVolume:setUpClass): 200 GET http://10.180.1.21/compute/v2.1/servers/1fb9796e-e0d4-410d-bff1-a6a44b2a3580 0.484s
2025-04-17 13:05:05.818 69165 INFO tempest.lib.common.rest_client [req-99c87ba8-bf0b-4e62-a068-a1617fd596d0 req-99c87ba8-bf0b-4e62-a068-a1617fd596d0 ] Request (ServerDiagnosticsV248Test:test_get_server_diagnostics): 200 GET http://10.180.1.21/compute/v2.1/servers/eb81e9b1-b573-4d7c-9ede-f8b32a43a201 0.509s
2025-04-17 13:05:05.821 69169 INFO tempest.lib.common.rest_client [req-e617559e-aafe-4969-a8af-2e813b926af9 req-e617559e-aafe-4969-a8af-2e813b926af9 ] Request (TenantUsagesTestJSON:setUpClass): 200 GET http://10.180.1.21/compute/v2.1/servers/a7e0a28f-42a5-442e-b962-07771d2e6a27 0.570s
2025-04-17 13:05:05.868 69199 INFO tempest.lib.common.rest_client [req-263108f0-2e31-4170-ac84-05f2701e8a78 req-263108f0-2e31-4170-ac84-05f2701e8a78 ] Request (FloatingIPsAssociationTestJSON:tearDownClass): 204 DELETE http://10.180.1.21:9696/networking/v2.0/networks/660d72f0-d6d8-4de8-bfee-2acd35981f86 0.285s
2025-04-17 13:05:05.876 69193 INFO tempest.lib.common.rest_client [req-3c0ed063-fa49-4bfb-8639-db0b1bd8a645 req-3c0ed063-fa49-4bfb-8639-db0b1bd8a645 ] Request (ServersTestJSON:setUpClass): 200 GET http://10.180.1.21/compute/v2.1/servers/627c0227-72ca-4a77-aca1-bc3112955e7a 0.546s
2025-04-17 13:05:05.880 69167 INFO tempest.lib.common.rest_client [req-c1127d74-deff-4cab-96bf-54c05d14bd79 req-c1127d74-deff-4cab-96bf-54c05d14bd79 ] Request (ServerShowV247Test:test_update_rebuild_list_server): 200 GET http://10.180.1.21/compute/v2.1/servers/3f26342e-89a8-4218-8875-8411eb8b16a0 0.515s
2025-04-17 13:05:05.931 69197 INFO tempest.lib.common.rest_client [req-3ba94f94-1690-443d-99ae-e36dd2c77efc req-3ba94f94-1690-443d-99ae-e36dd2c77efc ] Request (ListServerFiltersTestJSON:setUpClass): 200 GET http://10.180.1.21/compute/v2.1/servers/3ce9d4bd-3d7a-4191-9d3e-892efc81e8a2 0.553s
2025-04-17 13:05:05.943 69157 INFO tempest.lib.common.rest_client [req-01029439-6455-4104-92ba-cc28b1293a23 req-01029439-6455-4104-92ba-cc28b1293a23 ] Request (ServersAdmin275Test:test_rebuild_update_server_275): 200 GET http://10.180.1.21/compute/v2.1/servers/03e8dff3-b6b8-4754-8725-dddc9f9e6216 0.534s
2025-04-17 13:05:05.973 69199 INFO tempest.lib.common.rest_client [req-a4a32cbb-f74a-4d7d-a7f1-fbc7ecf94ad0 req-a4a32cbb-f74a-4d7d-a7f1-fbc7ecf94ad0 ] Request (FloatingIPsAssociationTestJSON:tearDownClass): 204 DELETE http://10.180.1.21/identity/v3/users/cc6bd4c2b2764a43991261d773efe282 0.105s
2025-04-17 13:05:05.974 69199 INFO tempest.lib.common.dynamic_creds [-] Deleting project and security group for project: 43130cf9c64b405a9e5e0094228c72de
2025-04-17 13:05:06.003 69191 INFO tempest.lib.common.rest_client [req-bfadaf52-055b-43e6-acd3-07b032642be9 req-bfadaf52-055b-43e6-acd3-07b032642be9 ] Request (InstanceActionsNegativeTestJSON:setUpClass): 200 GET http://10.180.1.21/compute/v2.1/servers/d3c5fdf4-a775-4b88-9bc2-ce9f31a9e6ac 0.584s
2025-04-17 13:05:06.005 69173 INFO tempest.lib.common.rest_client [req-02db86dc-3a2e-4430-9a5c-c08e282cc565 req-02db86dc-3a2e-4430-9a5c-c08e282cc565 ] Request (InstanceActionsTestJSON:setUpClass): 200 GET http://10.180.1.21/compute/v2.1/servers/29e5aa99-4e20-4b6f-a749-544b8c41a713 0.546s
2025-04-17 13:05:06.008 69199 INFO tempest.lib.common.rest_client [req-d140c8db-2159-48ff-97bb-0449202c6a18 req-d140c8db-2159-48ff-97bb-0449202c6a18 ] Request (FloatingIPsAssociationTestJSON:tearDownClass): 200 GET http://10.180.1.21:9696/networking/v2.0/security-groups?tenant_id=43130cf9c64b405a9e5e0094228c72de&name=default 0.034s
2025-04-17 13:05:06.054 69177 INFO tempest.lib.common.rest_client [req-e296b6a2-633e-453e-b65e-cab9b769ff4c req-e296b6a2-633e-453e-b65e-cab9b769ff4c ] Request (FloatingIPsAssociationNegativeTestJSON:setUpClass): 200 GET http://10.180.1.21/compute/v2.1/servers/98844da1-0e2a-46b5-8e72-c0f8dcd29b27 0.538s
2025-04-17 13:05:06.061 69179 INFO tempest.lib.common.rest_client [req-75bcdd57-5a61-4e58-8866-123ef4ada7e1 req-75bcdd57-5a61-4e58-8866-123ef4ada7e1 ] Request (ImagesOneServerNegativeTestJSON:setUpClass): 200 GET http://10.180.1.21/compute/v2.1/servers/242433e2-5b59-4b19-ba8d-80432ee4b7b7 0.479s
2025-04-17 13:05:06.088 69199 INFO tempest.lib.common.rest_client [req-55e621e0-7755-482d-a5c5-1e4454d55e7e req-55e621e0-7755-482d-a5c5-1e4454d55e7e ] Request (FloatingIPsAssociationTestJSON:tearDownClass): 204 DELETE http://10.180.1.21:9696/networking/v2.0/security-groups/f9bf72ee-b244-4458-9e59-773f4c2399b5 0.080s
2025-04-17 13:05:06.120 69181 INFO tempest.lib.common.rest_client [req-1a1c5983-ae75-4d69-ba0e-5571c23234fe req-1a1c5983-ae75-4d69-ba0e-5571c23234fe ] Request (ServerDiagnosticsTest:test_get_server_diagnostics): 200 GET http://10.180.1.21/compute/v2.1/servers/c2e2265b-aef3-4a8c-ae03-314e679af64b 0.481s
2025-04-17 13:05:06.172 69143 INFO tempest.lib.common.rest_client [req-ded80caa-50eb-4d66-94e0-af7fea30a948 req-ded80caa-50eb-4d66-94e0-af7fea30a948 ] Request (ServersAaction247Test:test_create_backup): 200 GET http://10.180.1.21/compute/v2.1/servers/20fa65c1-9ea0-4dc2-828e-8477c9f45baa 0.519s
2025-04-17 13:05:06.173 69175 INFO tempest.lib.common.rest_client [req-6e7feb24-f4bd-4e40-b5a7-71f0be3488f0 req-6e7feb24-f4bd-4e40-b5a7-71f0be3488f0 ] Request (VolumesAdminNegativeTest:test_update_attached_volume_with_nonexistent_volume_in_body): 200 GET http://10.180.1.21/compute/v2.1/servers/ce63789a-1f0f-40ca-8368-ac3f84bb58cd 0.581s
2025-04-17 13:05:06.181 69199 INFO tempest.lib.common.rest_client [req-1ec4147b-9b61-4a88-a8e6-e65ceef64414 req-1ec4147b-9b61-4a88-a8e6-e65ceef64414 ] Request (FloatingIPsAssociationTestJSON:tearDownClass): 204 DELETE http://10.180.1.21/identity/v3/projects/43130cf9c64b405a9e5e0094228c72de 0.092s
2025-04-17 13:05:06.218 69195 INFO tempest.lib.common.rest_client [req-cb6073c6-6a9d-44f5-b1d5-5c8e7c4043d4 req-cb6073c6-6a9d-44f5-b1d5-5c8e7c4043d4 ] Request (ServersTestMultiNic:test_verify_duplicate_network_nics): 200 GET http://10.180.1.21/compute/v2.1/servers/b3bd0ecb-f329-48f3-b48b-25751262a5eb 0.517s
2025-04-17 13:05:06.227 69187 INFO tempest.lib.common.rest_client [req-7bc40aa1-3e6f-43a7-b21d-995a1982a44c req-7bc40aa1-3e6f-43a7-b21d-995a1982a44c ] Request (ServerAddressesNegativeTestJSON:setUpClass): 200 GET http://10.180.1.21/compute/v2.1/servers/b77ff68e-350b-4f65-bb62-dfb727281e50 0.461s
2025-04-17 13:05:06.244 69199 INFO tempest.lib.common.rest_client [req-ac71ed90-d9f7-4718-ae2e-ead8b2c65cf3 req-ac71ed90-d9f7-4718-ae2e-ead8b2c65cf3 ] Request (ImagesMetadataNegativeTestJSON:setUpClass): 201 POST http://10.180.1.21/identity/v3/auth/tokens 0.055s
2025-04-17 13:05:06.270 69199 INFO tempest.lib.common.rest_client [req-4c1c508f-25bb-44f4-b754-f6725a7894c0 req-4c1c508f-25bb-44f4-b754-f6725a7894c0 ] Request (ImagesMetadataNegativeTestJSON:setUpClass): 201 POST http://10.180.1.21/identity/v3/auth/tokens 0.024s
2025-04-17 13:05:06.279 69203 INFO tempest.lib.common.rest_client [req-b9509e48-59cc-4013-87df-b081f5450203 req-b9509e48-59cc-4013-87df-b081f5450203 ] Request (ListImageFiltersTestJSON:setUpClass): 200 GET http://10.180.1.21/compute/v2.1/servers/0874bf05-e156-404e-a067-869e370fd14b 0.461s
2025-04-17 13:05:06.290 69199 INFO tempest.lib.common.rest_client [req-b03144bd-1dc3-4c86-9050-cce1c0136876 req-b03144bd-1dc3-4c86-9050-cce1c0136876 ] Request (ImagesMetadataNegativeTestJSON:setUpClass): 200 GET http://10.180.1.21/identity/v3/domains?name=Default 0.020s
2025-04-17 13:05:06.317 69199 INFO tempest.lib.common.rest_client [req-cf8a44ba-a18b-4dcf-8710-6b70d509d610 req-cf8a44ba-a18b-4dcf-8710-6b70d509d610 ] Request (ImagesMetadataNegativeTestJSON:setUpClass): 201 POST http://10.180.1.21/identity/v3/projects 0.025s
2025-04-17 13:05:06.375 69199 INFO tempest.lib.common.rest_client [req-1c5d7580-2b3f-4555-adb3-7283c08ebf9e req-1c5d7580-2b3f-4555-adb3-7283c08ebf9e ] Request (ImagesMetadataNegativeTestJSON:setUpClass): 201 POST http://10.180.1.21/identity/v3/users 0.058s
2025-04-17 13:05:06.394 69199 INFO tempest.lib.common.rest_client [req-2c8b07bb-ee28-47ce-ac39-f63c2691cfc1 req-2c8b07bb-ee28-47ce-ac39-f63c2691cfc1 ] Request (ImagesMetadataNegativeTestJSON:setUpClass): 200 GET http://10.180.1.21/identity/v3/roles 0.019s
2025-04-17 13:05:06.403 69171 INFO tempest.lib.common.rest_client [req-b37d5b83-8722-4d70-af80-95b49f398ca3 req-b37d5b83-8722-4d70-af80-95b49f398ca3 ] Request (ImagesNegativeTestJSON:test_create_image_from_deleted_server): 200 GET http://10.180.1.21/compute/v2.1/servers/d2258ded-478a-4530-b940-386286702048 0.307s
2025-04-17 13:05:06.405 69183 INFO tempest.lib.common.rest_client [req-942aafb7-dfe6-408b-a78d-46575d5800ab req-942aafb7-dfe6-408b-a78d-46575d5800ab ] Request (AttachInterfacesTestJSON:test_create_list_show_delete_interfaces_by_fixed_ip): 200 GET http://10.180.1.21/compute/v2.1/servers/4edb8b9f-b608-4be8-bfd3-65642710f9bd 0.603s
2025-04-17 13:05:06.421 69199 INFO tempest.lib.common.rest_client [req-820e457c-89c4-455b-b234-24dd4ddeaa0a req-820e457c-89c4-455b-b234-24dd4ddeaa0a ] Request (ImagesMetadataNegativeTestJSON:setUpClass): 204 PUT http://10.180.1.21/identity/v3/projects/9336c6c9a12d43ddb8b2f0eb871831dc/users/2e6c658d199f4061a33027f66549934c/roles/1a85209e438449ba824616e8cf988db5 0.026s
2025-04-17 13:05:06.421 69199 INFO tempest.lib.common.dynamic_creds [-] Dynamic test user 2e6c658d199f4061a33027f66549934c is created with scope project and roles: ['member']
2025-04-17 13:05:06.422 69199 INFO tempest.lib.common.dynamic_creds [-] Acquired dynamic creds: credentials: Credentials: {'domain_id': 'default', 'domain_name': 'Default', 'username': 'tempest-ImagesMetadataNegativeTestJSON-1272586298-project-member', 'project_domain_id': 'default', 'project_domain_name': 'Default', 'project_id': '9336c6c9a12d43ddb8b2f0eb871831dc', 'project_name': 'tempest-ImagesMetadataNegativeTestJSON-1272586298', 'tenant_id': '9336c6c9a12d43ddb8b2f0eb871831dc', 'tenant_name': 'tempest-ImagesMetadataNegativeTestJSON-1272586298', 'user_domain_id': 'default', 'user_domain_name': 'Default', 'user_id': '2e6c658d199f4061a33027f66549934c', 'system': None}, Network: None, Subnet: None, Router: None
2025-04-17 13:05:06.422 69199 INFO tempest.lib.common.dynamic_creds [-] Created isolated network resources for: credentials: Credentials: {'domain_id': 'default', 'domain_name': 'Default', 'username': 'tempest-ImagesMetadataNegativeTestJSON-1272586298-project-member', 'project_domain_id': 'default', 'project_domain_name': 'Default', 'project_id': '9336c6c9a12d43ddb8b2f0eb871831dc', 'project_name': 'tempest-ImagesMetadataNegativeTestJSON-1272586298', 'tenant_id': '9336c6c9a12d43ddb8b2f0eb871831dc', 'tenant_name': 'tempest-ImagesMetadataNegativeTestJSON-1272586298', 'user_domain_id': 'default', 'user_domain_name': 'Default', 'user_id': '2e6c658d199f4061a33027f66549934c', 'system': None}, Network: None, Subnet: None, Router: None
2025-04-17 13:05:06.460 69147 INFO tempest.lib.common.rest_client [req-1dbbe1ef-2285-4468-8f84-666be6e158d4 req-1dbbe1ef-2285-4468-8f84-666be6e158d4 ] Request (ServersTestFqdnHostnames:test_create_server_with_fqdn_name): 200 GET http://10.180.1.21/compute/v2.1/servers/e63fba5c-46fd-494c-9aec-dd76f12974d7 0.295s
2025-04-17 13:05:06.485 69199 INFO tempest.lib.common.rest_client [req-0a847178-bf16-4314-a8d2-4b276b0291e3 req-0a847178-bf16-4314-a8d2-4b276b0291e3 ] Request (ImagesMetadataNegativeTestJSON:setUpClass): 201 POST http://10.180.1.21/identity/v3/auth/tokens 0.060s
2025-04-17 13:05:06.516 69161 INFO tempest.lib.common.rest_client [req-c9349bf3-f29b-447c-87cc-f9078c63bb6d req-c9349bf3-f29b-447c-87cc-f9078c63bb6d ] Request (ServersAdminTestJSON:setUpClass): 200 GET http://10.180.1.21/compute/v2.1/servers/13eebe4e-5984-46c3-bb73-cd783ad45df6 0.417s
2025-04-17 13:05:06.556 69163 INFO tempest.lib.common.rest_client [req-5e751d8b-8295-45ca-bbf5-541513199c7b req-5e751d8b-8295-45ca-bbf5-541513199c7b ] Request (ServerActionsTestJSON:setUpClass): 200 GET http://10.180.1.21/compute/v2.1/servers/0540a4dc-1b86-4776-b633-f540af168a2b 0.259s
2025-04-17 13:05:06.600 69145 INFO tempest.lib.common.rest_client [req-1b9a0658-b30c-4b1c-8304-cb625d8619dc req-1b9a0658-b30c-4b1c-8304-cb625d8619dc ] Request (ServersNegativeTestJSON:setUpClass): 200 GET http://10.180.1.21/compute/v2.1/servers/a2414623-7871-4706-81db-7d15ca74fdab 0.252s
2025-04-17 13:05:06.613 69185 INFO tempest.lib.common.rest_client [req-5bc22d40-7a58-4eba-8794-e9166770f763 req-5bc22d40-7a58-4eba-8794-e9166770f763 ] Request (MigrationsAdminTest:test_list_migrations_in_flavor_resize_situation): 200 GET http://10.180.1.21/compute/v2.1/servers/da0c4340-a657-43bd-9a98-4c8f50add720 0.297s
2025-04-17 13:05:06.648 69205 INFO tempest.lib.common.rest_client [req-59934508-4a9d-423f-80fa-2445c2a1c81c req-59934508-4a9d-423f-80fa-2445c2a1c81c ] Request (ServersWithSpecificFlavorTestJSON:test_verify_created_server_ephemeral_disk): 200 GET http://10.180.1.21/compute/v2.1/servers/12724be5-cfb1-4cf6-b98b-b4142da21714 0.239s
2025-04-17 13:05:06.694 69153 INFO tempest.lib.common.rest_client [req-4887f89b-70bd-43d1-9446-1a83cb902c8b req-4887f89b-70bd-43d1-9446-1a83cb902c8b ] Request (ServersTestJSON:test_create_server_specify_multibyte_character_name): 200 GET http://10.180.1.21/compute/v2.1/servers/d6ca51b9-b284-405c-878e-fdbc326b73e1 0.266s
2025-04-17 13:05:06.718 69199 INFO tempest.lib.common.rest_client [req-6891c3b9-d861-4629-8933-7c319a835603 req-6891c3b9-d861-4629-8933-7c319a835603 ] Request (ImagesMetadataNegativeTestJSON:test_delete_nonexistent_image_metadata_item): 404 DELETE http://10.180.1.21/compute/v2.1/images/8eb18832-09ae-4173-9173-0e95d1d68f32/metadata/os_distro 0.231s
2025-04-17 13:05:06.738 69149 INFO tempest.lib.common.rest_client [req-2e997360-86c8-4dc0-9207-b1bd446d1673 req-2e997360-86c8-4dc0-9207-b1bd446d1673 ] Request (DeleteServersAdminTestJSON:test_delete_server_while_in_error_state): 200 GET http://10.180.1.21/compute/v2.1/servers/653c016d-c596-4f45-a18e-55f2d1935166 0.061s
2025-04-17 13:05:06.751 69199 INFO tempest.lib.common.rest_client [req-6160edbd-8075-41ed-bc68-89a1bd998efe req-6160edbd-8075-41ed-bc68-89a1bd998efe ] Request (ImagesMetadataNegativeTestJSON:test_get_nonexistent_image_metadata_item): 404 GET http://10.180.1.21/compute/v2.1/images/529b855e-b6dd-4e1a-99c0-318023ba52b2/metadata/os_version 0.032s
2025-04-17 13:05:06.802 69155 INFO tempest.lib.common.rest_client [req-faee318d-85cc-46cc-944e-9b97f2e9eb60 req-faee318d-85cc-46cc-944e-9b97f2e9eb60 ] Request (AttachInterfacesV270Test:test_create_get_list_interfaces): 200 GET http://10.180.1.21/compute/v2.1/servers/91d405f9-5ad1-4e8e-9a32-1a5ef81ecc63 0.074s
2025-04-17 13:05:06.815 69151 INFO tempest.lib.common.rest_client [req-645e88ce-5732-41ca-be58-bdf02b045cea req-645e88ce-5732-41ca-be58-bdf02b045cea ] Request (VolumesAssistedSnapshotsTest:test_volume_assisted_snapshot_create_delete): 200 GET http://10.180.1.21/compute/v2.1/servers/9a2d2803-34b1-40f7-9349-e5734a217e18 0.104s
2025-04-17 13:05:06.816 69199 INFO tempest.lib.common.rest_client [req-8e3c3b4e-d4ae-4cb4-955c-5a0cb8b96d76 req-8e3c3b4e-d4ae-4cb4-955c-5a0cb8b96d76 ] Request (ImagesMetadataNegativeTestJSON:test_list_nonexistent_image_metadata): 404 GET http://10.180.1.21/compute/v2.1/images/e4afc7f1-d71a-4dd1-8acf-9d5013f613f9/metadata 0.064s
2025-04-17 13:05:06.837 69199 INFO tempest.lib.common.rest_client [req-a6c6f076-2d53-4adb-b7ed-7b0a161da06c req-a6c6f076-2d53-4adb-b7ed-7b0a161da06c ] Request (ImagesMetadataNegativeTestJSON:test_set_nonexistent_image_metadata): 404 PUT http://10.180.1.21/compute/v2.1/images/e9975192-8c86-4809-b2e5-22dcf9b2e905/metadata 0.020s
2025-04-17 13:05:06.861 69189 INFO tempest.lib.common.rest_client [req-2d580f66-79f6-4511-a0c4-9d321c0fda18 req-2d580f66-79f6-4511-a0c4-9d321c0fda18 ] Request (ServersTestBootFromVolume:setUpClass): 200 GET http://10.180.1.21/compute/v2.1/servers/1fb9796e-e0d4-410d-bff1-a6a44b2a3580 0.084s
2025-04-17 13:05:06.884 69165 INFO tempest.lib.common.rest_client [req-d662b03b-4f3a-4f35-af37-8ca33ae70d77 req-d662b03b-4f3a-4f35-af37-8ca33ae70d77 ] Request (ServerDiagnosticsV248Test:test_get_server_diagnostics): 200 GET http://10.180.1.21/compute/v2.1/servers/eb81e9b1-b573-4d7c-9ede-f8b32a43a201 0.056s
2025-04-17 13:05:06.900 69199 INFO tempest.lib.common.rest_client [req-86ed6f28-7217-4f96-99a0-5a013f8a45ab req-86ed6f28-7217-4f96-99a0-5a013f8a45ab ] Request (ImagesMetadataNegativeTestJSON:test_set_nonexistent_image_metadata_item): 404 PUT http://10.180.1.21/compute/v2.1/images/7ab022c7-7472-4fd9-93ad-64f20729b424/metadata/os_distro 0.061s
2025-04-17 13:05:06.958 69193 INFO tempest.lib.common.rest_client [req-86016ba8-d8bd-46bc-9242-28fff750c927 req-86016ba8-d8bd-46bc-9242-28fff750c927 ] Request (ServersTestJSON:setUpClass): 200 GET http://10.180.1.21/compute/v2.1/servers/627c0227-72ca-4a77-aca1-bc3112955e7a 0.073s
2025-04-17 13:05:06.971 69169 INFO tempest.lib.common.rest_client [req-49f5df58-9833-49c8-be02-4f387b93079b req-49f5df58-9833-49c8-be02-4f387b93079b ] Request (TenantUsagesTestJSON:setUpClass): 200 GET http://10.180.1.21/compute/v2.1/servers/a7e0a28f-42a5-442e-b962-07771d2e6a27 0.141s
2025-04-17 13:05:06.987 69199 INFO tempest.lib.common.rest_client [req-0ed1b9c9-9972-4f81-9203-4d928a0d3085 req-0ed1b9c9-9972-4f81-9203-4d928a0d3085 ] Request (ImagesMetadataNegativeTestJSON:test_update_nonexistent_image_metadata): 404 POST http://10.180.1.21/compute/v2.1/images/0f547045-2115-479c-bfd1-c5398b543b59/metadata 0.085s
2025-04-17 13:05:07.006 69167 INFO tempest.lib.common.rest_client [req-68841c99-5fdb-49b7-99a4-be12a8b04abe req-68841c99-5fdb-49b7-99a4-be12a8b04abe ] Request (ServerShowV247Test:test_update_rebuild_list_server): 200 GET http://10.180.1.21/compute/v2.1/servers/3f26342e-89a8-4218-8875-8411eb8b16a0 0.117s
2025-04-17 13:05:07.031 69197 INFO tempest.lib.common.rest_client [req-e15a999b-5390-4eda-8e67-4766609bbc87 req-e15a999b-5390-4eda-8e67-4766609bbc87 ] Request (ListServerFiltersTestJSON:setUpClass): 200 GET http://10.180.1.21/compute/v2.1/servers/3ce9d4bd-3d7a-4191-9d3e-892efc81e8a2 0.091s
2025-04-17 13:05:07.053 69157 INFO tempest.lib.common.rest_client [req-0554f3cb-28c5-4b40-9365-540b1e10a53b req-0554f3cb-28c5-4b40-9365-540b1e10a53b ] Request (ServersAdmin275Test:test_rebuild_update_server_275): 200 GET http://10.180.1.21/compute/v2.1/servers/03e8dff3-b6b8-4754-8725-dddc9f9e6216 0.099s
2025-04-17 13:05:07.072 69199 INFO tempest.lib.common.rest_client [req-89f5512d-350e-40cd-ba8a-95e5b2ef569e req-89f5512d-350e-40cd-ba8a-95e5b2ef569e ] Request (ImagesMetadataNegativeTestJSON:tearDownClass): 204 DELETE http://10.180.1.21/identity/v3/users/2e6c658d199f4061a33027f66549934c 0.084s
2025-04-17 13:05:07.072 69199 INFO tempest.lib.common.dynamic_creds [-] Deleting project and security group for project: 9336c6c9a12d43ddb8b2f0eb871831dc
2025-04-17 13:05:07.073 69191 INFO tempest.lib.common.rest_client [req-1e6ff667-f710-4172-b9bd-f617a5a76cc7 req-1e6ff667-f710-4172-b9bd-f617a5a76cc7 ] Request (InstanceActionsNegativeTestJSON:setUpClass): 200 GET http://10.180.1.21/compute/v2.1/servers/d3c5fdf4-a775-4b88-9bc2-ce9f31a9e6ac 0.062s
2025-04-17 13:05:07.102 69173 INFO tempest.lib.common.rest_client [req-bced2d97-1a52-476b-9330-82c6e7c34c79 req-bced2d97-1a52-476b-9330-82c6e7c34c79 ] Request (InstanceActionsTestJSON:setUpClass): 200 GET http://10.180.1.21/compute/v2.1/servers/29e5aa99-4e20-4b6f-a749-544b8c41a713 0.090s
2025-04-17 13:05:07.117 69177 INFO tempest.lib.common.rest_client [req-fa1b38c5-8533-4afa-927f-c1f6bd655200 req-fa1b38c5-8533-4afa-927f-c1f6bd655200 ] Request (FloatingIPsAssociationNegativeTestJSON:setUpClass): 200 GET http://10.180.1.21/compute/v2.1/servers/98844da1-0e2a-46b5-8e72-c0f8dcd29b27 0.055s
2025-04-17 13:05:07.128 69199 INFO tempest.lib.common.rest_client [req-9bc24c2b-5cf3-477d-93d9-af9c9c43f683 req-9bc24c2b-5cf3-477d-93d9-af9c9c43f683 ] Request (ImagesMetadataNegativeTestJSON:tearDownClass): 201 POST http://10.180.1.21/identity/v3/auth/tokens 0.056s
2025-04-17 13:05:07.145 69179 INFO tempest.lib.common.rest_client [req-1f818671-a4c2-4442-adcd-f4ba5e1083c2 req-1f818671-a4c2-4442-adcd-f4ba5e1083c2 ] Request (ImagesOneServerNegativeTestJSON:setUpClass): 200 GET http://10.180.1.21/compute/v2.1/servers/242433e2-5b59-4b19-ba8d-80432ee4b7b7 0.076s
2025-04-17 13:05:07.185 69181 INFO tempest.lib.common.rest_client [req-5ae2de41-0318-4597-989b-9194355bf3ad req-5ae2de41-0318-4597-989b-9194355bf3ad ] Request (ServerDiagnosticsTest:test_get_server_diagnostics): 200 GET http://10.180.1.21/compute/v2.1/servers/c2e2265b-aef3-4a8c-ae03-314e679af64b 0.057s
2025-04-17 13:05:07.252 69143 INFO tempest.lib.common.rest_client [req-c3ccbfb6-847a-428e-83a9-37cea8923716 req-c3ccbfb6-847a-428e-83a9-37cea8923716 ] Request (ServersAaction247Test:test_create_backup): 200 GET http://10.180.1.21/compute/v2.1/servers/20fa65c1-9ea0-4dc2-828e-8477c9f45baa 0.072s
2025-04-17 13:05:07.259 69199 INFO tempest.lib.common.rest_client [req-a6e771ac-ead1-42de-97d8-2bc76d6d9706 req-a6e771ac-ead1-42de-97d8-2bc76d6d9706 ] Request (ImagesMetadataNegativeTestJSON:tearDownClass): 200 GET http://10.180.1.21:9696/networking/v2.0/security-groups?tenant_id=9336c6c9a12d43ddb8b2f0eb871831dc&name=default 0.130s
2025-04-17 13:05:07.323 69195 INFO tempest.lib.common.rest_client [req-603c5b93-169f-4ea2-979c-74969170db81 req-603c5b93-169f-4ea2-979c-74969170db81 ] Request (ServersTestMultiNic:test_verify_duplicate_network_nics): 200 GET http://10.180.1.21/compute/v2.1/servers/b3bd0ecb-f329-48f3-b48b-25751262a5eb 0.096s
2025-04-17 13:05:07.388 69175 INFO tempest.lib.common.rest_client [req-51cf7d6f-a795-419b-89bf-c8f902cbd5ea req-51cf7d6f-a795-419b-89bf-c8f902cbd5ea ] Request (VolumesAdminNegativeTest:test_update_attached_volume_with_nonexistent_volume_in_body): 200 GET http://10.180.1.21/compute/v2.1/servers/ce63789a-1f0f-40ca-8368-ac3f84bb58cd 0.207s
2025-04-17 13:05:07.390 69187 INFO tempest.lib.common.rest_client [req-00f26956-4c93-442d-bf91-783e003c3e6a req-00f26956-4c93-442d-bf91-783e003c3e6a ] Request (ServerAddressesNegativeTestJSON:setUpClass): 200 GET http://10.180.1.21/compute/v2.1/servers/b77ff68e-350b-4f65-bb62-dfb727281e50 0.155s
2025-04-17 13:05:07.441 69203 INFO tempest.lib.common.rest_client [req-c7e86e92-3fd3-4437-8034-f0c43b89de89 req-c7e86e92-3fd3-4437-8034-f0c43b89de89 ] Request (ListImageFiltersTestJSON:setUpClass): 200 GET http://10.180.1.21/compute/v2.1/servers/0874bf05-e156-404e-a067-869e370fd14b 0.154s
2025-04-17 13:05:07.472 69199 INFO tempest.lib.common.rest_client [req-b995bdf8-f6b7-42f3-ab46-4a3e2413358d req-b995bdf8-f6b7-42f3-ab46-4a3e2413358d ] Request (ImagesMetadataNegativeTestJSON:tearDownClass): 204 DELETE http://10.180.1.21:9696/networking/v2.0/security-groups/b3c2a95f-05e4-4099-ba24-680dc4b3b448 0.212s
2025-04-17 13:05:07.529 69199 INFO tempest.lib.common.rest_client [req-abbaa3d5-aa01-4d4b-b813-60bbd7fa3a6e req-abbaa3d5-aa01-4d4b-b813-60bbd7fa3a6e ] Request (ImagesMetadataNegativeTestJSON:tearDownClass): 204 DELETE http://10.180.1.21/identity/v3/projects/9336c6c9a12d43ddb8b2f0eb871831dc 0.057s
2025-04-17 13:05:07.584 69199 INFO tempest.lib.common.rest_client [req-3a4d3177-073a-4e01-b485-4f40c91f1fc1 req-3a4d3177-073a-4e01-b485-4f40c91f1fc1 ] Request (ListImageFiltersNegativeTestJSON:setUpClass): 201 POST http://10.180.1.21/identity/v3/auth/tokens 0.053s
2025-04-17 13:05:07.587 69171 INFO tempest.lib.common.rest_client [req-b90ea1d6-e7b3-4b53-8328-3c25437e6c74 req-b90ea1d6-e7b3-4b53-8328-3c25437e6c74 ] Request (ImagesNegativeTestJSON:test_create_image_from_deleted_server): 200 GET http://10.180.1.21/compute/v2.1/servers/d2258ded-478a-4530-b940-386286702048 0.175s
2025-04-17 13:05:07.605 69183 INFO tempest.lib.common.rest_client [req-fe6b594d-1c0e-437b-a9ef-97f2c02ab20f req-fe6b594d-1c0e-437b-a9ef-97f2c02ab20f ] Request (AttachInterfacesTestJSON:test_create_list_show_delete_interfaces_by_fixed_ip): 200 GET http://10.180.1.21/compute/v2.1/servers/4edb8b9f-b608-4be8-bfd3-65642710f9bd 0.191s
2025-04-17 13:05:07.621 69199 INFO tempest.lib.common.rest_client [req-4096306b-6a25-490b-8816-f3b79f467cd7 req-4096306b-6a25-490b-8816-f3b79f467cd7 ] Request (ListImageFiltersNegativeTestJSON:setUpClass): 201 POST http://10.180.1.21/identity/v3/auth/tokens 0.035s
2025-04-17 13:05:07.640 69147 INFO tempest.lib.common.rest_client [req-ebd8f145-780b-41c2-b9d9-322be46cf183 req-ebd8f145-780b-41c2-b9d9-322be46cf183 ] Request (ServersTestFqdnHostnames:test_create_server_with_fqdn_name): 200 GET http://10.180.1.21/compute/v2.1/servers/e63fba5c-46fd-494c-9aec-dd76f12974d7 0.172s
2025-04-17 13:05:07.641 69199 INFO tempest.lib.common.rest_client [req-813abe9f-5856-410a-a1c9-aacbdc716466 req-813abe9f-5856-410a-a1c9-aacbdc716466 ] Request (ListImageFiltersNegativeTestJSON:setUpClass): 200 GET http://10.180.1.21/identity/v3/domains?name=Default 0.019s
2025-04-17 13:05:07.675 69199 INFO tempest.lib.common.rest_client [req-ae278454-dfb9-450f-ba89-b270a72ab2a9 req-ae278454-dfb9-450f-ba89-b270a72ab2a9 ] Request (ListImageFiltersNegativeTestJSON:setUpClass): 201 POST http://10.180.1.21/identity/v3/projects 0.033s
2025-04-17 13:05:07.734 69199 INFO tempest.lib.common.rest_client [req-b03287d9-c543-4300-ad20-014d82de537f req-b03287d9-c543-4300-ad20-014d82de537f ] Request (ListImageFiltersNegativeTestJSON:setUpClass): 201 POST http://10.180.1.21/identity/v3/users 0.059s
2025-04-17 13:05:07.737 69161 INFO tempest.lib.common.rest_client [req-352b4a8d-aa49-4932-8726-98126d04471a req-352b4a8d-aa49-4932-8726-98126d04471a ] Request (ServersAdminTestJSON:setUpClass): 200 GET http://10.180.1.21/compute/v2.1/servers/13eebe4e-5984-46c3-bb73-cd783ad45df6 0.214s
2025-04-17 13:05:07.756 69163 INFO tempest.lib.common.rest_client [req-d2397e42-0e42-40a0-8139-967463e5ce60 req-d2397e42-0e42-40a0-8139-967463e5ce60 ] Request (ServerActionsTestJSON:setUpClass): 200 GET http://10.180.1.21/compute/v2.1/servers/0540a4dc-1b86-4776-b633-f540af168a2b 0.191s
2025-04-17 13:05:07.756 69199 INFO tempest.lib.common.rest_client [req-28f9e7f8-a5a1-48dc-b3e5-9a822cf8c441 req-28f9e7f8-a5a1-48dc-b3e5-9a822cf8c441 ] Request (ListImageFiltersNegativeTestJSON:setUpClass): 200 GET http://10.180.1.21/identity/v3/roles 0.021s
2025-04-17 13:05:07.781 69145 INFO tempest.lib.common.rest_client [req-4ab9dc97-2978-425e-9e55-ebcdb7e6e4ee req-4ab9dc97-2978-425e-9e55-ebcdb7e6e4ee ] Request (ServersNegativeTestJSON:setUpClass): 200 GET http://10.180.1.21/compute/v2.1/servers/a2414623-7871-4706-81db-7d15ca74fdab 0.173s
2025-04-17 13:05:07.785 69199 INFO tempest.lib.common.rest_client [req-ee4e86ea-8ce2-443b-8bf9-f8b9f9cc7826 req-ee4e86ea-8ce2-443b-8bf9-f8b9f9cc7826 ] Request (ListImageFiltersNegativeTestJSON:setUpClass): 204 PUT http://10.180.1.21/identity/v3/projects/555df0aad907478ea23c19b78b8783a1/users/a95e1ad627c34d698a257f079c57f8bf/roles/1a85209e438449ba824616e8cf988db5 0.028s
2025-04-17 13:05:07.785 69199 INFO tempest.lib.common.dynamic_creds [-] Dynamic test user a95e1ad627c34d698a257f079c57f8bf is created with scope project and roles: ['member']
2025-04-17 13:05:07.785 69199 INFO tempest.lib.common.dynamic_creds [-] Acquired dynamic creds: credentials: Credentials: {'domain_id': 'default', 'domain_name': 'Default', 'username': 'tempest-ListImageFiltersNegativeTestJSON-1612294821-project-member', 'project_domain_id': 'default', 'project_domain_name': 'Default', 'project_id': '555df0aad907478ea23c19b78b8783a1', 'project_name': 'tempest-ListImageFiltersNegativeTestJSON-1612294821', 'tenant_id': '555df0aad907478ea23c19b78b8783a1', 'tenant_name': 'tempest-ListImageFiltersNegativeTestJSON-1612294821', 'user_domain_id': 'default', 'user_domain_name': 'Default', 'user_id': 'a95e1ad627c34d698a257f079c57f8bf', 'system': None}, Network: None, Subnet: None, Router: None
2025-04-17 13:05:07.786 69199 INFO tempest.lib.common.dynamic_creds [-] Created isolated network resources for: credentials: Credentials: {'domain_id': 'default', 'domain_name': 'Default', 'username': 'tempest-ListImageFiltersNegativeTestJSON-1612294821-project-member', 'project_domain_id': 'default', 'project_domain_name': 'Default', 'project_id': '555df0aad907478ea23c19b78b8783a1', 'project_name': 'tempest-ListImageFiltersNegativeTestJSON-1612294821', 'tenant_id': '555df0aad907478ea23c19b78b8783a1', 'tenant_name': 'tempest-ListImageFiltersNegativeTestJSON-1612294821', 'user_domain_id': 'default', 'user_domain_name': 'Default', 'user_id': 'a95e1ad627c34d698a257f079c57f8bf', 'system': None}, Network: None, Subnet: None, Router: None
2025-04-17 13:05:07.825 69205 INFO tempest.lib.common.rest_client [req-6c659fc6-f955-46c3-b302-c3481848d008 req-6c659fc6-f955-46c3-b302-c3481848d008 ] Request (ServersWithSpecificFlavorTestJSON:test_verify_created_server_ephemeral_disk): 200 GET http://10.180.1.21/compute/v2.1/servers/12724be5-cfb1-4cf6-b98b-b4142da21714 0.170s
2025-04-17 13:05:07.851 69199 INFO tempest.lib.common.rest_client [req-f7b445f1-46e3-4a49-8672-515d541bd63f req-f7b445f1-46e3-4a49-8672-515d541bd63f ] Request (ListImageFiltersNegativeTestJSON:setUpClass): 201 POST http://10.180.1.21/identity/v3/auth/tokens 0.060s
2025-04-17 13:05:07.859 69185 INFO tempest.lib.common.rest_client [req-cb605f2e-6813-4861-9cf4-bfdeae09ad9e req-cb605f2e-6813-4861-9cf4-bfdeae09ad9e ] Request (MigrationsAdminTest:test_list_migrations_in_flavor_resize_situation): 200 GET http://10.180.1.21/compute/v2.1/servers/da0c4340-a657-43bd-9a98-4c8f50add720 0.238s
2025-04-17 13:05:07.907 69149 INFO tempest.lib.common.rest_client [req-72d190d9-cb52-49b0-832c-f28927dccd83 req-72d190d9-cb52-49b0-832c-f28927dccd83 ] Request (DeleteServersAdminTestJSON:test_delete_server_while_in_error_state): 200 GET http://10.180.1.21/compute/v2.1/servers/653c016d-c596-4f45-a18e-55f2d1935166 0.161s
2025-04-17 13:05:07.961 69155 INFO tempest.lib.common.rest_client [req-a9bd084e-1724-4556-ab4e-150c1b1b2777 req-a9bd084e-1724-4556-ab4e-150c1b1b2777 ] Request (AttachInterfacesV270Test:test_create_get_list_interfaces): 200 GET http://10.180.1.21/compute/v2.1/servers/91d405f9-5ad1-4e8e-9a32-1a5ef81ecc63 0.148s
2025-04-17 13:05:07.976 69153 INFO tempest.lib.common.rest_client [req-0a82f567-0200-4a93-afa4-d45a4f0ef291 req-0a82f567-0200-4a93-afa4-d45a4f0ef291 ] Request (ServersTestJSON:test_create_server_specify_multibyte_character_name): 200 GET http://10.180.1.21/compute/v2.1/servers/d6ca51b9-b284-405c-878e-fdbc326b73e1 0.274s
2025-04-17 13:05:08.058 69199 INFO tempest.lib.common.rest_client [req-3e56f1e6-93a8-4feb-b53a-4c7da4b09f1c req-3e56f1e6-93a8-4feb-b53a-4c7da4b09f1c ] Request (ListImageFiltersNegativeTestJSON:test_get_nonexistent_image): 404 GET http://10.180.1.21/compute/v2.1/images/52df9559-f1a1-471e-be03-96746ab84002 0.205s
2025-04-17 13:05:08.060 69151 INFO tempest.lib.common.rest_client [req-c5d0a256-ac5c-423d-911a-e1f20fd11c9f req-c5d0a256-ac5c-423d-911a-e1f20fd11c9f ] Request (VolumesAssistedSnapshotsTest:test_volume_assisted_snapshot_create_delete): 200 GET http://10.180.1.21/compute/v2.1/servers/9a2d2803-34b1-40f7-9349-e5734a217e18 0.236s
2025-04-17 13:05:08.110 69165 INFO tempest.lib.common.rest_client [req-d6420f30-5eed-4caf-b394-46f74bc1e899 req-d6420f30-5eed-4caf-b394-46f74bc1e899 ] Request (ServerDiagnosticsV248Test:test_get_server_diagnostics): 200 GET http://10.180.1.21/compute/v2.1/servers/eb81e9b1-b573-4d7c-9ede-f8b32a43a201 0.216s
2025-04-17 13:05:08.116 69189 INFO tempest.lib.common.rest_client [req-dc16c7e2-5a9b-4b8a-9a86-87a0091b1681 req-dc16c7e2-5a9b-4b8a-9a86-87a0091b1681 ] Request (ServersTestBootFromVolume:setUpClass): 200 GET http://10.180.1.21/compute/v2.1/servers/1fb9796e-e0d4-410d-bff1-a6a44b2a3580 0.248s
2025-04-17 13:05:08.150 69199 INFO tempest.lib.common.rest_client [req-772e2bc9-13d2-42e6-9ade-511d99bf6b91 req-772e2bc9-13d2-42e6-9ade-511d99bf6b91 ] Request (ListImageFiltersNegativeTestJSON:tearDownClass): 204 DELETE http://10.180.1.21/identity/v3/users/a95e1ad627c34d698a257f079c57f8bf 0.090s
2025-04-17 13:05:08.150 69199 INFO tempest.lib.common.dynamic_creds [-] Deleting project and security group for project: 555df0aad907478ea23c19b78b8783a1
2025-04-17 13:05:08.157 69193 INFO tempest.lib.common.rest_client [req-a3b16a4e-5abc-49da-ad32-9d1575076932 req-a3b16a4e-5abc-49da-ad32-9d1575076932 ] Request (ServersTestJSON:setUpClass): 200 GET http://10.180.1.21/compute/v2.1/servers/627c0227-72ca-4a77-aca1-bc3112955e7a 0.191s
2025-04-17 13:05:08.201 69199 INFO tempest.lib.common.rest_client [req-b8bee3bf-a5a3-4955-bb43-57f61e9704ab req-b8bee3bf-a5a3-4955-bb43-57f61e9704ab ] Request (ListImageFiltersNegativeTestJSON:tearDownClass): 201 POST http://10.180.1.21/identity/v3/auth/tokens 0.050s
2025-04-17 13:05:08.205 69167 INFO tempest.lib.common.rest_client [req-07dc4c1d-1e67-4e6c-8a06-2926a02ca847 req-07dc4c1d-1e67-4e6c-8a06-2926a02ca847 ] Request (ServerShowV247Test:test_update_rebuild_list_server): 200 GET http://10.180.1.21/compute/v2.1/servers/3f26342e-89a8-4218-8875-8411eb8b16a0 0.190s
2025-04-17 13:05:08.219 69169 INFO tempest.lib.common.rest_client [req-2519f735-b702-48c7-a54a-f9294b445ea3 req-2519f735-b702-48c7-a54a-f9294b445ea3 ] Request (TenantUsagesTestJSON:setUpClass): 200 GET http://10.180.1.21/compute/v2.1/servers/a7e0a28f-42a5-442e-b962-07771d2e6a27 0.240s
2025-04-17 13:05:08.246 69197 INFO tempest.lib.common.rest_client [req-d19d1479-f89d-4ab2-990b-439d2ff1fda2 req-d19d1479-f89d-4ab2-990b-439d2ff1fda2 ] Request (ListServerFiltersTestJSON:setUpClass): 200 GET http://10.180.1.21/compute/v2.1/servers/3ce9d4bd-3d7a-4191-9d3e-892efc81e8a2 0.208s
2025-04-17 13:05:08.265 69157 INFO tempest.lib.common.rest_client [req-2d69c0e0-eee0-4c3b-b7a9-1083886b447a req-2d69c0e0-eee0-4c3b-b7a9-1083886b447a ] Request (ServersAdmin275Test:test_rebuild_update_server_275): 200 GET http://10.180.1.21/compute/v2.1/servers/03e8dff3-b6b8-4754-8725-dddc9f9e6216 0.201s
2025-04-17 13:05:08.290 69191 INFO tempest.lib.common.rest_client [req-e42c0ca3-ce9b-49b5-a094-040945f61f4a req-e42c0ca3-ce9b-49b5-a094-040945f61f4a ] Request (InstanceActionsNegativeTestJSON:setUpClass): 200 GET http://10.180.1.21/compute/v2.1/servers/d3c5fdf4-a775-4b88-9bc2-ce9f31a9e6ac 0.208s
2025-04-17 13:05:08.305 69173 INFO tempest.lib.common.rest_client [req-2741ab76-ae89-4af0-bebb-f8a6a692dc0f req-2741ab76-ae89-4af0-bebb-f8a6a692dc0f ] Request (InstanceActionsTestJSON:setUpClass): 200 GET http://10.180.1.21/compute/v2.1/servers/29e5aa99-4e20-4b6f-a749-544b8c41a713 0.196s
2025-04-17 13:05:08.329 69199 INFO tempest.lib.common.rest_client [req-82b80489-d231-4cf1-bc79-0da707aca9e7 req-82b80489-d231-4cf1-bc79-0da707aca9e7 ] Request (ListImageFiltersNegativeTestJSON:tearDownClass): 200 GET http://10.180.1.21:9696/networking/v2.0/security-groups?tenant_id=555df0aad907478ea23c19b78b8783a1&name=default 0.128s
2025-04-17 13:05:08.334 69177 INFO tempest.lib.common.rest_client [req-9ba2e923-abea-4f80-94fe-6f29697afdec req-9ba2e923-abea-4f80-94fe-6f29697afdec ] Request (FloatingIPsAssociationNegativeTestJSON:setUpClass): 200 GET http://10.180.1.21/compute/v2.1/servers/98844da1-0e2a-46b5-8e72-c0f8dcd29b27 0.209s
2025-04-17 13:05:08.347 69179 INFO tempest.lib.common.rest_client [req-9e862992-9ed2-459a-a17f-535044b2d473 req-9e862992-9ed2-459a-a17f-535044b2d473 ] Request (ImagesOneServerNegativeTestJSON:setUpClass): 200 GET http://10.180.1.21/compute/v2.1/servers/242433e2-5b59-4b19-ba8d-80432ee4b7b7 0.194s
2025-04-17 13:05:08.374 69181 INFO tempest.lib.common.rest_client [req-10aa7d78-902c-461d-8c18-840f667b0b5f req-10aa7d78-902c-461d-8c18-840f667b0b5f ] Request (ServerDiagnosticsTest:test_get_server_diagnostics): 200 GET http://10.180.1.21/compute/v2.1/servers/c2e2265b-aef3-4a8c-ae03-314e679af64b 0.181s
2025-04-17 13:05:08.391 69143 INFO tempest.lib.common.rest_client [req-b40c0807-9a4e-4ac0-a639-7253c53b5ce6 req-b40c0807-9a4e-4ac0-a639-7253c53b5ce6 ] Request (ServersAaction247Test:test_create_backup): 200 GET http://10.180.1.21/compute/v2.1/servers/20fa65c1-9ea0-4dc2-828e-8477c9f45baa 0.129s
2025-04-17 13:05:08.401 69199 INFO tempest.lib.common.rest_client [req-f92161b6-de07-4bb3-99f3-4aebc201e426 req-f92161b6-de07-4bb3-99f3-4aebc201e426 ] Request (ListImageFiltersNegativeTestJSON:tearDownClass): 204 DELETE http://10.180.1.21:9696/networking/v2.0/security-groups/14dc5c6c-1eea-4461-a917-05b0e81d3627 0.071s
2025-04-17 13:05:08.419 69195 INFO tempest.lib.common.rest_client [req-0239150f-64ee-4031-bd24-d9d4b75c7091 req-0239150f-64ee-4031-bd24-d9d4b75c7091 ] Request (ServersTestMultiNic:test_verify_duplicate_network_nics): 200 GET http://10.180.1.21/compute/v2.1/servers/b3bd0ecb-f329-48f3-b48b-25751262a5eb 0.088s
2025-04-17 13:05:08.456 69199 INFO tempest.lib.common.rest_client [req-926a6f23-6e68-40a9-a98d-0b8bdc10ec8e req-926a6f23-6e68-40a9-a98d-0b8bdc10ec8e ] Request (ListImageFiltersNegativeTestJSON:tearDownClass): 204 DELETE http://10.180.1.21/identity/v3/projects/555df0aad907478ea23c19b78b8783a1 0.054s
2025-04-17 13:05:08.466 69187 INFO tempest.lib.common.rest_client [req-e2a42bf2-0407-4e3c-a0a2-eb17e8711ef4 req-e2a42bf2-0407-4e3c-a0a2-eb17e8711ef4 ] Request (ServerAddressesNegativeTestJSON:setUpClass): 200 GET http://10.180.1.21/compute/v2.1/servers/b77ff68e-350b-4f65-bb62-dfb727281e50 0.067s
2025-04-17 13:05:08.509 69199 INFO tempest.lib.common.rest_client [req-005e36de-652e-4761-9959-3b15070146c2 req-005e36de-652e-4761-9959-3b15070146c2 ] Request (AttachVolumeNegativeTest:setUpClass): 201 POST http://10.180.1.21/identity/v3/auth/tokens 0.052s
2025-04-17 13:05:08.516 69203 INFO tempest.lib.common.rest_client [req-06112fe8-16dc-4389-9830-e1c26cf35a61 req-06112fe8-16dc-4389-9830-e1c26cf35a61 ] Request (ListImageFiltersTestJSON:setUpClass): 200 GET http://10.180.1.21/compute/v2.1/servers/0874bf05-e156-404e-a067-869e370fd14b 0.065s
2025-04-17 13:05:08.536 69199 INFO tempest.lib.common.rest_client [req-226279ad-36ec-469d-99ed-c4e2070d9bb3 req-226279ad-36ec-469d-99ed-c4e2070d9bb3 ] Request (AttachVolumeNegativeTest:setUpClass): 201 POST http://10.180.1.21/identity/v3/auth/tokens 0.025s
2025-04-17 13:05:08.552 69175 INFO tempest.lib.common.rest_client [req-70cc75b2-d2b6-45a7-b445-c00260685b90 req-70cc75b2-d2b6-45a7-b445-c00260685b90 ] Request (VolumesAdminNegativeTest:test_update_attached_volume_with_nonexistent_volume_in_body): 200 GET http://10.180.1.21/compute/v2.1/servers/ce63789a-1f0f-40ca-8368-ac3f84bb58cd 0.156s
2025-04-17 13:05:08.555 69199 INFO tempest.lib.common.rest_client [req-1253ab02-de73-4647-8dcc-6404fb32be3e req-1253ab02-de73-4647-8dcc-6404fb32be3e ] Request (AttachVolumeNegativeTest:setUpClass): 200 GET http://10.180.1.21/identity/v3/domains?name=Default 0.018s
2025-04-17 13:05:08.579 69199 INFO tempest.lib.common.rest_client [req-52727429-8064-421d-8b6b-b6d3c486ee30 req-52727429-8064-421d-8b6b-b6d3c486ee30 ] Request (AttachVolumeNegativeTest:setUpClass): 201 POST http://10.180.1.21/identity/v3/projects 0.024s
2025-04-17 13:05:08.632 69199 INFO tempest.lib.common.rest_client [req-a6fee91a-1f94-4753-b1d1-54b37ab8695e req-a6fee91a-1f94-4753-b1d1-54b37ab8695e ] Request (AttachVolumeNegativeTest:setUpClass): 201 POST http://10.180.1.21/identity/v3/users 0.052s
2025-04-17 13:05:08.650 69199 INFO tempest.lib.common.rest_client [req-d0744afa-430e-4bbe-8523-b4974de280f7 req-d0744afa-430e-4bbe-8523-b4974de280f7 ] Request (AttachVolumeNegativeTest:setUpClass): 200 GET http://10.180.1.21/identity/v3/roles 0.018s
2025-04-17 13:05:08.675 69199 INFO tempest.lib.common.rest_client [req-af516fb1-a3c4-4cbc-b113-524e9e2b92d4 req-af516fb1-a3c4-4cbc-b113-524e9e2b92d4 ] Request (AttachVolumeNegativeTest:setUpClass): 204 PUT http://10.180.1.21/identity/v3/projects/da1df204e7064662bf5c15a1598c0d4e/users/b46c06fcd3404f45abc083563415467b/roles/1a85209e438449ba824616e8cf988db5 0.024s
2025-04-17 13:05:08.675 69199 INFO tempest.lib.common.dynamic_creds [-] Dynamic test user b46c06fcd3404f45abc083563415467b is created with scope project and roles: ['member']
2025-04-17 13:05:08.676 69199 INFO tempest.lib.common.dynamic_creds [-] Acquired dynamic creds: credentials: Credentials: {'domain_id': 'default', 'domain_name': 'Default', 'username': 'tempest-AttachVolumeNegativeTest-681905198-project-member', 'project_domain_id': 'default', 'project_domain_name': 'Default', 'project_id': 'da1df204e7064662bf5c15a1598c0d4e', 'project_name': 'tempest-AttachVolumeNegativeTest-681905198', 'tenant_id': 'da1df204e7064662bf5c15a1598c0d4e', 'tenant_name': 'tempest-AttachVolumeNegativeTest-681905198', 'user_domain_id': 'default', 'user_domain_name': 'Default', 'user_id': 'b46c06fcd3404f45abc083563415467b', 'system': None}, Network: None, Subnet: None, Router: None
2025-04-17 13:05:08.718 69171 INFO tempest.lib.common.rest_client [req-cba46b43-d92c-437c-b2b9-eaa6a5625a8f req-cba46b43-d92c-437c-b2b9-eaa6a5625a8f ] Request (ImagesNegativeTestJSON:test_create_image_from_deleted_server): 200 GET http://10.180.1.21/compute/v2.1/servers/d2258ded-478a-4530-b940-386286702048 0.124s
2025-04-17 13:05:08.725 69183 INFO tempest.lib.common.rest_client [req-e328ae01-823a-4841-9dbb-844b13303099 req-e328ae01-823a-4841-9dbb-844b13303099 ] Request (AttachInterfacesTestJSON:test_create_list_show_delete_interfaces_by_fixed_ip): 200 GET http://10.180.1.21/compute/v2.1/servers/4edb8b9f-b608-4be8-bfd3-65642710f9bd 0.111s
2025-04-17 13:05:08.726 69199 INFO tempest.lib.common.rest_client [req-5cc804e0-c849-4760-aceb-a16458a440b9 req-5cc804e0-c849-4760-aceb-a16458a440b9 ] Request (AttachVolumeNegativeTest:setUpClass): 201 POST http://10.180.1.21/identity/v3/auth/tokens 0.050s
2025-04-17 13:05:08.762 69147 INFO tempest.lib.common.rest_client [req-b8dcf9dd-09ef-4dc9-9194-d10a1de4b14f req-b8dcf9dd-09ef-4dc9-9194-d10a1de4b14f ] Request (ServersTestFqdnHostnames:test_create_server_with_fqdn_name): 200 GET http://10.180.1.21/compute/v2.1/servers/e63fba5c-46fd-494c-9aec-dd76f12974d7 0.108s
