2025-04-17 13:02:57.263 69157 INFO tempest.lib.common.rest_client [req-386e8b0c-dd9b-4847-b017-4e271a370e8a req-386e8b0c-dd9b-4847-b017-4e271a370e8a ] Request (AggregatesAdminNegativeTestJSON:test_aggregate_create_as_user): 403 POST http://10.180.1.21/compute/v2.1/os-aggregates 1.610s
2025-04-17 13:02:57.287 69179 INFO tempest.lib.common.rest_client [req-f4631ef0-6387-4b9e-9ef8-310cb2128aea req-f4631ef0-6387-4b9e-9ef8-310cb2128aea ] Request (FlavorsAdminTestJSON:test_create_flavor_with_uuid_id): 200 POST http://10.180.1.21/compute/v2.1/flavors 1.604s
2025-04-17 13:02:57.314 69205 INFO tempest.lib.common.rest_client [req-f16bbad2-42d5-4103-8d0f-d0116eef7920 req-f16bbad2-42d5-4103-8d0f-d0116eef7920 ] Request (ValidationResourcesFixture:setUp): 200 POST http://10.180.1.21/compute/v2.1/os-keypairs 1.643s
2025-04-17 13:02:57.330 69191 INFO tempest.lib.common.rest_client [req-e07bd1d0-7d26-4af7-b050-67a401ca7547 req-e07bd1d0-7d26-4af7-b050-67a401ca7547 ] Request (SecurityGroupsTestAdminJSON:tearDownClass): 204 DELETE http://10.180.1.21:9696/networking/v2.0/security-groups/e104908b-e7dd-41e5-9b5b-0e662ade1549 0.230s
2025-04-17 13:02:57.453 69145 INFO tempest.lib.common.rest_client [req-2392a3f5-d9bd-45fd-8a0f-8760a562d1d3 req-2392a3f5-d9bd-45fd-8a0f-8760a562d1d3 ] Request (FloatingIPsTestJSON:tearDownClass): 204 DELETE http://10.180.1.21:9696/networking/v2.0/networks/ec8702c7-128e-410f-98d6-be1626edd5df 0.704s
2025-04-17 13:02:57.458 69191 INFO tempest.lib.common.rest_client [req-f762d9ba-10f4-4a62-9a4b-b19da58e8e70 req-f762d9ba-10f4-4a62-9a4b-b19da58e8e70 ] Request (SecurityGroupsTestAdminJSON:tearDownClass): 204 DELETE http://10.180.1.21/identity/v3/projects/25ff2ce3140f42f9a55c1ba1dd2ea90c 0.127s
2025-04-17 13:02:57.548 69191 INFO tempest.lib.common.rest_client [req-7d193613-0e13-494f-8a34-7246c888b9d4 req-7d193613-0e13-494f-8a34-7246c888b9d4 ] Request (KeyPairsNegativeTestJSON:setUpClass): 201 POST http://10.180.1.21/identity/v3/auth/tokens 0.086s
2025-04-17 13:02:57.587 69165 INFO tempest.lib.common.rest_client [req-bce01e0c-e35b-4a41-8089-b5ea423b267e req-bce01e0c-e35b-4a41-8089-b5ea423b267e ] Request (ServerDiagnosticsV248Test:test_get_server_diagnostics): 202 POST http://10.180.1.21/compute/v2.1/servers 1.606s
2025-04-17 13:02:57.599 69145 INFO tempest.lib.common.rest_client [req-d8bf0628-459f-4289-8418-6482f66caa06 req-d8bf0628-459f-4289-8418-6482f66caa06 ] Request (FloatingIPsTestJSON:tearDownClass): 204 DELETE http://10.180.1.21/identity/v3/users/905cafb32d6f40dca414245551496859 0.146s
2025-04-17 13:02:57.599 69145 INFO tempest.lib.common.dynamic_creds [-] Deleting project and security group for project: dffe037717184b3eac5399c1ba827252
2025-04-17 13:02:57.669 69191 INFO tempest.lib.common.rest_client [req-3a652908-262e-4367-9d30-8b54f29fee9a req-3a652908-262e-4367-9d30-8b54f29fee9a ] Request (KeyPairsNegativeTestJSON:setUpClass): 201 POST http://10.180.1.21/identity/v3/auth/tokens 0.116s
2025-04-17 13:02:57.696 69191 INFO tempest.lib.common.rest_client [req-b4f8ee14-21c4-4ea8-ad12-5bd56d1ed55d req-b4f8ee14-21c4-4ea8-ad12-5bd56d1ed55d ] Request (KeyPairsNegativeTestJSON:setUpClass): 200 GET http://10.180.1.21/identity/v3/domains?name=Default 0.027s
2025-04-17 13:02:57.728 69191 INFO tempest.lib.common.rest_client [req-4d10ae63-0fbb-44f4-8758-b151b6ca786c req-4d10ae63-0fbb-44f4-8758-b151b6ca786c ] Request (KeyPairsNegativeTestJSON:setUpClass): 201 POST http://10.180.1.21/identity/v3/projects 0.030s
2025-04-17 13:02:57.779 69197 INFO tempest.lib.common.rest_client [req-2305daf8-51e7-44e1-b63d-31d7b8fcf23c req-2305daf8-51e7-44e1-b63d-31d7b8fcf23c ] Request (FlavorsV2NegativeTest:test_boot_with_low_ram): 200 GET http://10.180.1.21/compute/v2.1/flavors/42 1.631s
2025-04-17 13:02:57.809 69191 INFO tempest.lib.common.rest_client [req-43fc8169-0f67-484d-a8ae-fa9cc523c781 req-43fc8169-0f67-484d-a8ae-fa9cc523c781 ] Request (KeyPairsNegativeTestJSON:setUpClass): 201 POST http://10.180.1.21/identity/v3/users 0.081s
2025-04-17 13:02:57.813 69145 INFO tempest.lib.common.rest_client [req-3550601e-aad5-4d6c-9c15-9086a396a525 req-3550601e-aad5-4d6c-9c15-9086a396a525 ] Request (FloatingIPsTestJSON:tearDownClass): 200 GET http://10.180.1.21:9696/networking/v2.0/security-groups?tenant_id=dffe037717184b3eac5399c1ba827252&name=default 0.213s
2025-04-17 13:02:57.830 69191 INFO tempest.lib.common.rest_client [req-eef59872-8099-44a0-bb13-8ff14f2d1afd req-eef59872-8099-44a0-bb13-8ff14f2d1afd ] Request (KeyPairsNegativeTestJSON:setUpClass): 200 GET http://10.180.1.21/identity/v3/roles 0.020s
2025-04-17 13:02:57.900 69191 INFO tempest.lib.common.rest_client [req-39c8e58d-0f3f-4065-bba3-27b919064cba req-39c8e58d-0f3f-4065-bba3-27b919064cba ] Request (KeyPairsNegativeTestJSON:setUpClass): 204 PUT http://10.180.1.21/identity/v3/projects/57c5c71c0c8f49b7b18fab0042cbb3dc/users/df1195577bc34a448d07e67a54430bcd/roles/1a85209e438449ba824616e8cf988db5 0.070s
2025-04-17 13:02:57.901 69191 INFO tempest.lib.common.dynamic_creds [-] Dynamic test user df1195577bc34a448d07e67a54430bcd is created with scope project and roles: ['member']
2025-04-17 13:02:57.901 69191 INFO tempest.lib.common.dynamic_creds [-] Acquired dynamic creds: credentials: Credentials: {'domain_id': 'default', 'domain_name': 'Default', 'username': 'tempest-KeyPairsNegativeTestJSON-199252661-project-member', 'project_domain_id': 'default', 'project_domain_name': 'Default', 'project_id': '57c5c71c0c8f49b7b18fab0042cbb3dc', 'project_name': 'tempest-KeyPairsNegativeTestJSON-199252661', 'tenant_id': '57c5c71c0c8f49b7b18fab0042cbb3dc', 'tenant_name': 'tempest-KeyPairsNegativeTestJSON-199252661', 'user_domain_id': 'default', 'user_domain_name': 'Default', 'user_id': 'df1195577bc34a448d07e67a54430bcd', 'system': None}, Network: None, Subnet: None, Router: None
2025-04-17 13:02:57.901 69191 INFO tempest.lib.common.dynamic_creds [-] Created isolated network resources for: credentials: Credentials: {'domain_id': 'default', 'domain_name': 'Default', 'username': 'tempest-KeyPairsNegativeTestJSON-199252661-project-member', 'project_domain_id': 'default', 'project_domain_name': 'Default', 'project_id': '57c5c71c0c8f49b7b18fab0042cbb3dc', 'project_name': 'tempest-KeyPairsNegativeTestJSON-199252661', 'tenant_id': '57c5c71c0c8f49b7b18fab0042cbb3dc', 'tenant_name': 'tempest-KeyPairsNegativeTestJSON-199252661', 'user_domain_id': 'default', 'user_domain_name': 'Default', 'user_id': 'df1195577bc34a448d07e67a54430bcd', 'system': None}, Network: None, Subnet: None, Router: None
2025-04-17 13:02:57.966 69145 INFO tempest.lib.common.rest_client [req-91fe86d8-1ef3-4c37-a056-7edbe5b4e2ee req-91fe86d8-1ef3-4c37-a056-7edbe5b4e2ee ] Request (FloatingIPsTestJSON:tearDownClass): 204 DELETE http://10.180.1.21:9696/networking/v2.0/security-groups/dbdaa397-98d0-4aba-a4bb-687872eebf81 0.152s
2025-04-17 13:02:57.984 69171 INFO tempest.lib.common.rest_client [req-ed9ef256-03a1-4ca4-9242-117c6e1dddf6 req-ed9ef256-03a1-4ca4-9242-117c6e1dddf6 ] Request (ImagesNegativeTestJSON:test_create_image_from_deleted_server): 200 GET http://10.180.1.21/compute/v2.1/servers/d2258ded-478a-4530-b940-386286702048 2.178s
2025-04-17 13:02:57.993 69191 INFO tempest.lib.common.rest_client [req-31af6e63-7a52-4d28-9f8b-07b638a71d44 req-31af6e63-7a52-4d28-9f8b-07b638a71d44 ] Request (KeyPairsNegativeTestJSON:setUpClass): 201 POST http://10.180.1.21/identity/v3/auth/tokens 0.088s
2025-04-17 13:02:58.066 69205 INFO tempest.lib.common.rest_client [req-94bd0eed-a368-4379-99bd-4c404e06b257 req-94bd0eed-a368-4379-99bd-4c404e06b257 ] Request (ValidationResourcesFixture:setUp): 201 POST http://10.180.1.21:9696/networking/v2.0/security-groups 0.750s
2025-04-17 13:02:58.088 69145 INFO tempest.lib.common.rest_client [req-8335a5db-1095-4a7d-a0f0-cda969d87d25 req-8335a5db-1095-4a7d-a0f0-cda969d87d25 ] Request (FloatingIPsTestJSON:tearDownClass): 204 DELETE http://10.180.1.21/identity/v3/projects/dffe037717184b3eac5399c1ba827252 0.121s
2025-04-17 13:02:58.120 69161 INFO tempest.lib.common.rest_client [req-f5c7434c-f917-4684-96e0-9fbad0d4988c req-f5c7434c-f917-4684-96e0-9fbad0d4988c ] Request (ServersAdminTestJSON:setUpClass): 200 GET http://10.180.1.21/compute/v2.1/servers/13eebe4e-5984-46c3-bb73-cd783ad45df6 1.795s
2025-04-17 13:02:58.162 69145 INFO tempest.lib.common.rest_client [req-ac1b7e67-420f-40ac-97d8-4287e45ee912 req-ac1b7e67-420f-40ac-97d8-4287e45ee912 ] Request (AbsoluteLimitsTestJSON:setUpClass): 201 POST http://10.180.1.21/identity/v3/auth/tokens 0.073s
2025-04-17 13:02:58.194 69145 INFO tempest.lib.common.rest_client [req-40459c32-6804-4de0-98c4-483020488afe req-40459c32-6804-4de0-98c4-483020488afe ] Request (AbsoluteLimitsTestJSON:setUpClass): 201 POST http://10.180.1.21/identity/v3/auth/tokens 0.029s
2025-04-17 13:02:58.204 69189 INFO tempest.lib.common.rest_client [req-481ca4ef-eecd-45b7-a981-688b48ab9699 req-481ca4ef-eecd-45b7-a981-688b48ab9699 ] Request (ServersTestBootFromVolume:setUpClass): 200 GET http://10.180.1.21/volume/v3/691be0f69d6042a982a2adb55c56c12f/volumes/2a6739d4-c623-4c14-8d24-76048cc359b9 0.039s
2025-04-17 13:02:58.224 69197 INFO tempest.lib.common.rest_client [req-471f4180-11ed-48de-b61e-1eed5f588446 req-471f4180-11ed-48de-b61e-1eed5f588446 ] Request (FlavorsV2NegativeTest:test_boot_with_low_ram): 201 POST http://10.180.1.21/image/v2/images 0.437s
2025-04-17 13:02:58.229 69145 INFO tempest.lib.common.rest_client [req-1e4922d3-38da-44e4-826b-33f1eacae2ba req-1e4922d3-38da-44e4-826b-33f1eacae2ba ] Request (AbsoluteLimitsTestJSON:setUpClass): 200 GET http://10.180.1.21/identity/v3/domains?name=Default 0.034s
2025-04-17 13:02:58.241 69205 INFO tempest.lib.common.rest_client [req-5efa87a9-ed49-45d0-8513-572b8d3898af req-5efa87a9-ed49-45d0-8513-572b8d3898af ] Request (ValidationResourcesFixture:setUp): 201 POST http://10.180.1.21:9696/networking/v2.0/security-group-rules 0.174s
2025-04-17 13:02:58.267 69153 INFO tempest.lib.common.rest_client [req-0cfa686d-99c7-49a9-865b-ec2d691189bf req-0cfa686d-99c7-49a9-865b-ec2d691189bf ] Request (ServersTestJSON:test_create_server_specify_multibyte_character_name): 200 GET http://10.180.1.21/compute/v2.1/servers/d6ca51b9-b284-405c-878e-fdbc326b73e1 2.050s
2025-04-17 13:02:58.267 69145 INFO tempest.lib.common.rest_client [req-f7f63be2-f746-4ce9-ac7f-97a1b912e5b1 req-f7f63be2-f746-4ce9-ac7f-97a1b912e5b1 ] Request (AbsoluteLimitsTestJSON:setUpClass): 201 POST http://10.180.1.21/identity/v3/projects 0.037s
2025-04-17 13:02:58.329 69145 INFO tempest.lib.common.rest_client [req-83abe014-570e-4080-9af0-6c23413491f8 req-83abe014-570e-4080-9af0-6c23413491f8 ] Request (AbsoluteLimitsTestJSON:setUpClass): 201 POST http://10.180.1.21/identity/v3/users 0.061s
2025-04-17 13:02:58.350 69145 INFO tempest.lib.common.rest_client [req-eaf48020-f108-40be-8056-942a5d4994cd req-eaf48020-f108-40be-8056-942a5d4994cd ] Request (AbsoluteLimitsTestJSON:setUpClass): 200 GET http://10.180.1.21/identity/v3/roles 0.020s
2025-04-17 13:02:58.387 69205 INFO tempest.lib.common.rest_client [req-a93900a2-480f-4d52-811c-f24f33494edc req-a93900a2-480f-4d52-811c-f24f33494edc ] Request (ValidationResourcesFixture:setUp): 201 POST http://10.180.1.21:9696/networking/v2.0/security-group-rules 0.145s
2025-04-17 13:02:58.389 69145 INFO tempest.lib.common.rest_client [req-157408d6-3495-4fea-a0cf-e9bf5c9edd8a req-157408d6-3495-4fea-a0cf-e9bf5c9edd8a ] Request (AbsoluteLimitsTestJSON:setUpClass): 204 PUT http://10.180.1.21/identity/v3/projects/8183f6063ef0453db43b82608eaad752/users/daa3221ad5a74cdb87dea7d9aa34eb7d/roles/1a85209e438449ba824616e8cf988db5 0.038s
2025-04-17 13:02:58.389 69145 INFO tempest.lib.common.dynamic_creds [-] Dynamic test user daa3221ad5a74cdb87dea7d9aa34eb7d is created with scope project and roles: ['member']
2025-04-17 13:02:58.391 69145 INFO tempest.lib.common.dynamic_creds [-] Acquired dynamic creds: credentials: Credentials: {'domain_id': 'default', 'domain_name': 'Default', 'username': 'tempest-AbsoluteLimitsTestJSON-934540656-project-member', 'project_domain_id': 'default', 'project_domain_name': 'Default', 'project_id': '8183f6063ef0453db43b82608eaad752', 'project_name': 'tempest-AbsoluteLimitsTestJSON-934540656', 'tenant_id': '8183f6063ef0453db43b82608eaad752', 'tenant_name': 'tempest-AbsoluteLimitsTestJSON-934540656', 'user_domain_id': 'default', 'user_domain_name': 'Default', 'user_id': 'daa3221ad5a74cdb87dea7d9aa34eb7d', 'system': None}, Network: None, Subnet: None, Router: None
2025-04-17 13:02:58.391 69145 INFO tempest.lib.common.dynamic_creds [-] Created isolated network resources for: credentials: Credentials: {'domain_id': 'default', 'domain_name': 'Default', 'username': 'tempest-AbsoluteLimitsTestJSON-934540656-project-member', 'project_domain_id': 'default', 'project_domain_name': 'Default', 'project_id': '8183f6063ef0453db43b82608eaad752', 'project_name': 'tempest-AbsoluteLimitsTestJSON-934540656', 'tenant_id': '8183f6063ef0453db43b82608eaad752', 'tenant_name': 'tempest-AbsoluteLimitsTestJSON-934540656', 'user_domain_id': 'default', 'user_domain_name': 'Default', 'user_id': 'daa3221ad5a74cdb87dea7d9aa34eb7d', 'system': None}, Network: None, Subnet: None, Router: None
2025-04-17 13:02:58.466 69145 INFO tempest.lib.common.rest_client [req-09ae591e-bf59-4520-a133-c609d9bdc973 req-09ae591e-bf59-4520-a133-c609d9bdc973 ] Request (AbsoluteLimitsTestJSON:setUpClass): 201 POST http://10.180.1.21/identity/v3/auth/tokens 0.070s
2025-04-17 13:02:58.473 69185 INFO tempest.lib.common.rest_client [req-d7370b38-47ab-4add-be43-ac349327d2b9 req-d7370b38-47ab-4add-be43-ac349327d2b9 ] Request (MigrationsAdminTest:test_list_migrations_in_flavor_resize_situation): 200 GET http://10.180.1.21/compute/v2.1/servers/da0c4340-a657-43bd-9a98-4c8f50add720 2.049s
2025-04-17 13:02:58.486 69151 INFO tempest.lib.common.rest_client [req-e80d938f-dae3-4cff-afc6-4e011f863642 req-e80d938f-dae3-4cff-afc6-4e011f863642 ] Request (VolumesAssistedSnapshotsTest:test_volume_assisted_snapshot_create_delete): 200 GET http://10.180.1.21/compute/v2.1/servers/9a2d2803-34b1-40f7-9349-e5734a217e18 2.045s
2025-04-17 13:02:58.500 69159 INFO tempest.lib.common.rest_client [req-f1cff3a8-02b5-439f-8792-9a960e919e2f req-f1cff3a8-02b5-439f-8792-9a960e919e2f ] Request (HypervisorAdminTestJSON:test_get_hypervisor_show_details): 200 GET http://10.180.1.21/compute/v2.1/os-hypervisors/1 1.977s
2025-04-17 13:02:58.518 69167 INFO tempest.lib.common.rest_client [req-9310ae86-9017-4675-ad49-23dcf74b4ff6 req-9310ae86-9017-4675-ad49-23dcf74b4ff6 ] Request (ServicesAdminNegativeTestJSON:test_get_service_by_invalid_service_and_valid_host): 200 GET http://10.180.1.21/compute/v2.1/os-services?host=devstack&binary=xxx 1.840s
2025-04-17 13:02:58.647 69181 INFO tempest.lib.common.rest_client [req-5df8212d-bbc9-4cf4-9d2b-df486668b932 req-5df8212d-bbc9-4cf4-9d2b-df486668b932 ] Request (QuotasAdminTestJSON:test_get_updated_quotas): 200 GET http://10.180.1.21/compute/v2.1/os-quota-sets/2c7a333a8dec4e7aa424f9cc4d65bbe9?user_id=2cedd79c661c4213b17560d18b5548ad 1.733s
2025-04-17 13:02:58.671 69155 INFO tempest.lib.common.rest_client [req-e5293bf8-6f93-4c63-b43c-3bdbb25dcf5e req-e5293bf8-6f93-4c63-b43c-3bdbb25dcf5e ] Request (FloatingIPDetailsTestJSON:setUpClass): 201 POST http://10.180.1.21:9696/networking/v2.0/routers 1.498s
2025-04-17 13:02:58.734 69181 INFO tempest.lib.common.rest_client [req-4dcc705d-3028-4bf6-9a15-3c9feb2ddd97 req-4dcc705d-3028-4bf6-9a15-3c9feb2ddd97 ] Request (QuotasAdminTestJSON:_run_cleanups): 204 DELETE http://10.180.1.21/identity/v3/users/2cedd79c661c4213b17560d18b5548ad 0.085s
2025-04-17 13:02:58.851 69181 INFO tempest.lib.common.rest_client [req-1cf329b9-9eb6-4bdc-b405-67136c0a6a72 req-1cf329b9-9eb6-4bdc-b405-67136c0a6a72 ] Request (QuotasAdminTestJSON:_run_cleanups): 204 DELETE http://10.180.1.21/identity/v3/projects/2c7a333a8dec4e7aa424f9cc4d65bbe9 0.116s
2025-04-17 13:02:58.874 69197 INFO tempest.lib.common.rest_client [req-af8d774b-861a-4d9a-827d-f84f3f76c245 req-af8d774b-861a-4d9a-827d-f84f3f76c245 ] Request (FlavorsV2NegativeTest:test_boot_with_low_ram): 204 PUT http://10.180.1.21/image/v2/images/1a88daa4-ba0f-4c67-951d-aa78ef919a7e/file 0.649s
2025-04-17 13:02:58.941 69197 INFO tempest.lib.common.rest_client [req-edf65f86-41e7-42d7-82f8-9582d672e4eb req-edf65f86-41e7-42d7-82f8-9582d672e4eb ] Request (FlavorsV2NegativeTest:test_boot_with_low_ram): 201 POST http://10.180.1.21/identity/v3/auth/tokens 0.064s
2025-04-17 13:02:58.942 69197 INFO tempest.lib.common.fixed_network [-] (FlavorsV2NegativeTest:test_boot_with_low_ram) Found network None available for tenant
2025-04-17 13:02:59.052 69163 INFO tempest.lib.common.rest_client [req-ca2249be-60d7-4fa5-8007-2d63b46c93a1 req-ca2249be-60d7-4fa5-8007-2d63b46c93a1 ] Request (ServerActionsTestJSON:setUpClass): 200 GET http://10.180.1.21/compute/v2.1/servers/0540a4dc-1b86-4776-b633-f540af168a2b 2.395s
2025-04-17 13:02:59.075 69203 INFO tempest.lib.common.rest_client [req-7736d4eb-f477-4161-ae1a-dfc3ef1f0b0d req-7736d4eb-f477-4161-ae1a-dfc3ef1f0b0d ] Request (ServerExternalEventsTest:test_create_server_external_events): 200 GET http://10.180.1.21/compute/v2.1/servers/e2ee8d01-b1d3-4bde-81ae-668ffeef42b0 2.107s
2025-04-17 13:02:59.075 69193 INFO tempest.lib.common.rest_client [req-24452521-4ffb-40a3-8788-839e6ce80154 req-24452521-4ffb-40a3-8788-839e6ce80154 ] Request (FlavorsAccessNegativeTestJSON:_run_cleanups): 200 GET http://10.180.1.21/compute/v2.1/flavors/detail 2.080s
2025-04-17 13:02:59.083 69143 INFO tempest.lib.common.rest_client [req-9e5f5e68-4c27-4631-b9f1-57310bdec4e5 req-9e5f5e68-4c27-4631-b9f1-57310bdec4e5 ] Request (FlavorsExtraSpecsTestJSON:test_flavor_set_get_update_show_unset_keys): 200 GET http://10.180.1.21/compute/v2.1/flavors/306005231/os-extra_specs 1.820s
2025-04-17 13:02:59.108 69157 INFO tempest.lib.common.rest_client [req-988c4d3e-7083-424d-969f-2c54177cc4f2 req-988c4d3e-7083-424d-969f-2c54177cc4f2 ] Request (AggregatesAdminNegativeTestJSON:test_aggregate_create_with_existent_aggregate_name): 200 POST http://10.180.1.21/compute/v2.1/os-aggregates 1.842s
2025-04-17 13:02:59.124 69195 INFO tempest.lib.common.rest_client [req-d13c4870-c6b4-4171-af25-7cf15e9b0868 req-d13c4870-c6b4-4171-af25-7cf15e9b0868 ] Request (ServersTestMultiNic:setUpClass): 201 POST http://10.180.1.21:9696/networking/v2.0/routers 3.160s
2025-04-17 13:02:59.127 69179 INFO tempest.lib.common.rest_client [req-f2d4c124-1cd4-4b54-be34-7d31acdc43c5 req-f2d4c124-1cd4-4b54-be34-7d31acdc43c5 ] Request (FlavorsAdminTestJSON:_run_cleanups): 202 DELETE http://10.180.1.21/compute/v2.1/flavors/61743f0d-ad5b-4b18-bcfd-da36d86fb5ef 1.835s
2025-04-17 13:02:59.167 69205 INFO tempest.lib.common.rest_client [req-e22f9128-9157-42d6-90f9-11f42ed46d52 req-e22f9128-9157-42d6-90f9-11f42ed46d52 ] Request (ValidationResourcesFixture:setUp): 201 POST http://10.180.1.21:9696/networking/v2.0/floatingips 0.780s
2025-04-17 13:02:59.245 69205 INFO tempest.lib.common.rest_client [req-31f81bfc-c87d-4e1c-b710-6e4638ed2766 req-31f81bfc-c87d-4e1c-b710-6e4638ed2766 ] Request (ServersWithSpecificFlavorTestJSON:test_verify_created_server_ephemeral_disk): 201 POST http://10.180.1.21/identity/v3/auth/tokens 0.072s
2025-04-17 13:02:59.245 69205 INFO tempest.lib.common.fixed_network [-] (ServersWithSpecificFlavorTestJSON:test_verify_created_server_ephemeral_disk) Found network {'id': 'f08ca3f7-140c-4e7b-820a-dd32f04eb24f', 'name': 'tempest-ServersWithSpecificFlavorTestJSON-1323684918-network', 'tenant_id': '60e767d971c0445abb36379100c9ff7f', 'admin_state_up': True, 'mtu': 8950, 'status': 'ACTIVE', 'subnets': [], 'shared': False, 'project_id': '60e767d971c0445abb36379100c9ff7f', 'port_security_enabled': True, 'router:external': False, 'provider:network_type': 'vlan', 'provider:physical_network': 'default', 'provider:segmentation_id': 575, 'is_default': False, 'availability_zone_hints': [], 'availability_zones': [], 'ipv4_address_scope': None, 'ipv6_address_scope': None, 'description': '', 'tags': [], 'created_at': '2025-04-17T13:02:15Z', 'updated_at': '2025-04-17T13:02:16Z', 'revision_number': 1} available for tenant
2025-04-17 13:02:59.256 69189 INFO tempest.lib.common.rest_client [req-bf1c2ff2-5701-41db-81c0-00a3120511c2 req-bf1c2ff2-5701-41db-81c0-00a3120511c2 ] Request (ServersTestBootFromVolume:setUpClass): 200 GET http://10.180.1.21/volume/v3/691be0f69d6042a982a2adb55c56c12f/volumes/2a6739d4-c623-4c14-8d24-76048cc359b9 0.042s
2025-04-17 13:02:59.351 69149 INFO tempest.lib.common.rest_client [req-457d921f-60e1-4835-bd23-c0e02593f83a req-457d921f-60e1-4835-bd23-c0e02593f83a ] Request (DeleteServersAdminTestJSON:test_admin_delete_servers_of_others): 200 GET http://10.180.1.21/compute/v2.1/servers/57feb127-36f1-403c-bbca-7054286c1972 1.845s
2025-04-17 13:02:59.510 69165 INFO tempest.lib.common.rest_client [req-7cb65379-d0f0-4af5-a913-4c5a01a3d3c3 req-7cb65379-d0f0-4af5-a913-4c5a01a3d3c3 ] Request (ServerDiagnosticsV248Test:test_get_server_diagnostics): 200 GET http://10.180.1.21/compute/v2.1/servers/eb81e9b1-b573-4d7c-9ede-f8b32a43a201 1.921s
2025-04-17 13:02:59.516 69147 INFO tempest.lib.common.rest_client [req-eb63a693-c270-4a23-8aea-61d651476b22 req-eb63a693-c270-4a23-8aea-61d651476b22 ] Request (ServersTestFqdnHostnames:setUpClass): 200 PUT http://10.180.1.21:9696/networking/v2.0/routers/72aa70a6-3d68-44bb-b366-dec1499c346f/add_router_interface 3.839s
2025-04-17 13:02:59.516 69147 INFO tempest.lib.common.dynamic_creds [-] Created isolated network resources for: credentials: Credentials: {'domain_id': 'default', 'domain_name': 'Default', 'username': 'tempest-ServersTestFqdnHostnames-1135812067-project-member', 'project_domain_id': 'default', 'project_domain_name': 'Default', 'project_id': 'aaecdd7d238549e48f7d521587238920', 'project_name': 'tempest-ServersTestFqdnHostnames-1135812067', 'tenant_id': 'aaecdd7d238549e48f7d521587238920', 'tenant_name': 'tempest-ServersTestFqdnHostnames-1135812067', 'user_domain_id': 'default', 'user_domain_name': 'Default', 'user_id': '98828ca964934fcfb3990f7c42a5c8d3', 'system': None}, Network: {'id': 'dbb09a1b-c26e-49e9-9567-fd14885e7674', 'name': 'tempest-ServersTestFqdnHostnames-1996259696-network', 'tenant_id': 'aaecdd7d238549e48f7d521587238920', 'admin_state_up': True, 'mtu': 8950, 'status': 'ACTIVE', 'subnets': [], 'shared': False, 'project_id': 'aaecdd7d238549e48f7d521587238920', 'port_security_enabled': True, 'router:external': False, 'provider:network_type': 'vlan', 'provider:physical_network': 'default', 'provider:segmentation_id': 510, 'is_default': False, 'availability_zone_hints': [], 'availability_zones': [], 'ipv4_address_scope': None, 'ipv6_address_scope': None, 'description': '', 'tags': [], 'created_at': '2025-04-17T13:02:53Z', 'updated_at': '2025-04-17T13:02:53Z', 'revision_number': 1}, Subnet: {'id': '95e663df-ac28-4240-9a0a-feeecc366f83', 'name': 'tempest-ServersTestFqdnHostnames-1996259696-subnet', 'tenant_id': 'aaecdd7d238549e48f7d521587238920', 'network_id': 'dbb09a1b-c26e-49e9-9567-fd14885e7674', 'ip_version': 4, 'subnetpool_id': None, 'enable_dhcp': True, 'ipv6_ra_mode': None, 'ipv6_address_mode': None, 'gateway_ip': '192.168.128.1', 'cidr': '192.168.128.0/28', 'allocation_pools': [{'start': '192.168.128.2', 'end': '192.168.128.14'}], 'host_routes': [], 'dns_nameservers': [], 'description': '', 'service_types': [], 'tags': [], 'created_at': '2025-04-17T13:02:53Z', 'updated_at': '2025-04-17T13:02:53Z', 'revision_number': 0, 'project_id': 'aaecdd7d238549e48f7d521587238920'}, Router: {'id': '72aa70a6-3d68-44bb-b366-dec1499c346f', 'name': 'tempest-ServersTestFqdnHostnames-1996259696-router', 'tenant_id': 'aaecdd7d238549e48f7d521587238920', 'admin_state_up': True, 'status': 'ACTIVE', 'external_gateway_info': {'network_id': '1ae432cf-3c75-4ff5-81af-cfe7ce201747', 'external_fixed_ips': [{'subnet_id': 'd977464a-f345-4f1d-9cfe-21f668bace3f', 'ip_address': '10.180.180.172'}], 'enable_snat': True}, 'description': '', 'availability_zones': [], 'distributed': False, 'ha': False, 'availability_zone_hints': [], 'routes': [], 'flavor_id': None, 'tags': [], 'created_at': '2025-04-17T13:02:53Z', 'updated_at': '2025-04-17T13:02:54Z', 'revision_number': 2, 'project_id': 'aaecdd7d238549e48f7d521587238920'}
2025-04-17 13:02:59.582 69169 INFO tempest.lib.common.rest_client [req-6f9e804c-dffc-4ae2-a264-4d79345a879a req-6f9e804c-dffc-4ae2-a264-4d79345a879a ] Request (TenantUsagesTestJSON:setUpClass): 200 GET http://10.180.1.21/compute/v2.1/servers/a7e0a28f-42a5-442e-b962-07771d2e6a27 1.918s
2025-04-17 13:02:59.612 69187 INFO tempest.lib.common.rest_client [req-61e10f05-a573-4b82-89a4-7539faf7699c req-61e10f05-a573-4b82-89a4-7539faf7699c ] Request (ImagesMetadataTestJSON:test_set_image_metadata_item): 200 PUT http://10.180.1.21/compute/v2.1/images/a8b4adde-078e-4c4e-870f-18546225c750/metadata/os_version 2.356s
2025-04-17 13:02:59.652 69147 INFO tempest.lib.common.rest_client [req-41b15d93-57fc-48bb-85ae-36915f86024d req-41b15d93-57fc-48bb-85ae-36915f86024d ] Request (ServersTestFqdnHostnames:setUpClass): 201 POST http://10.180.1.21/identity/v3/auth/tokens 0.131s
2025-04-17 13:02:59.894 69175 INFO tempest.lib.common.rest_client [req-ad6c73db-d5dc-4727-a325-3d2f7fe8428f req-ad6c73db-d5dc-4727-a325-3d2f7fe8428f ] Request (VolumesAdminNegativeTest:test_update_attached_volume_with_nonexistent_volume_in_body): 200 GET http://10.180.1.21/compute/v2.1/servers/ce63789a-1f0f-40ca-8368-ac3f84bb58cd 2.202s
2025-04-17 13:02:59.916 69183 INFO tempest.lib.common.rest_client [req-349410df-ddd2-4c03-907c-6a4c700081b7 req-349410df-ddd2-4c03-907c-6a4c700081b7 ] Request (AttachInterfacesTestJSON:test_create_list_show_delete_interfaces_by_fixed_ip): 200 GET http://10.180.1.21/compute/v2.1/servers/4edb8b9f-b608-4be8-bfd3-65642710f9bd 1.924s
2025-04-17 13:03:00.008 69191 INFO tempest.lib.common.rest_client [req-0af032aa-3e56-490d-8f2d-5ef8679d3004 req-0af032aa-3e56-490d-8f2d-5ef8679d3004 ] Request (KeyPairsNegativeTestJSON:test_create_keypair_invalid_name): 400 POST http://10.180.1.21/compute/v2.1/os-keypairs 2.013s
2025-04-17 13:03:00.120 69145 INFO tempest.lib.common.rest_client [req-356cdf48-14fd-40cf-8374-da9f2866fd53 req-356cdf48-14fd-40cf-8374-da9f2866fd53 ] Request (AbsoluteLimitsTestJSON:test_absLimits_get): 200 GET http://10.180.1.21/compute/v2.1/limits 1.653s
2025-04-17 13:03:00.136 69159 INFO tempest.lib.common.rest_client [req-e44e8522-13fe-4629-a676-9b4d00ffebcf req-e44e8522-13fe-4629-a676-9b4d00ffebcf ] Request (HypervisorAdminTestJSON:test_get_hypervisor_stats): 200 GET http://10.180.1.21/compute/v2.1/os-hypervisors/statistics 1.630s
2025-04-17 13:03:00.146 69155 INFO tempest.lib.common.rest_client [req-95f31cbf-5ed0-4ade-9e3a-d8c7bcc18dd1 req-95f31cbf-5ed0-4ade-9e3a-d8c7bcc18dd1 ] Request (FloatingIPDetailsTestJSON:setUpClass): 200 PUT http://10.180.1.21:9696/networking/v2.0/routers/c02ec7b3-e446-4e76-b317-abba063a4315/add_router_interface 1.474s
2025-04-17 13:03:00.146 69155 INFO tempest.lib.common.dynamic_creds [-] Created isolated network resources for: credentials: Credentials: {'domain_id': 'default', 'domain_name': 'Default', 'username': 'tempest-FloatingIPDetailsTestJSON-328201612-project-member', 'project_domain_id': 'default', 'project_domain_name': 'Default', 'project_id': '7e70e0973d6746488acc153f34137045', 'project_name': 'tempest-FloatingIPDetailsTestJSON-328201612', 'tenant_id': '7e70e0973d6746488acc153f34137045', 'tenant_name': 'tempest-FloatingIPDetailsTestJSON-328201612', 'user_domain_id': 'default', 'user_domain_name': 'Default', 'user_id': '25e6b0df2a8d433384080fe1993141b9', 'system': None}, Network: {'id': 'a3b82cbb-211f-41b8-b4cd-a6471f543e5e', 'name': 'tempest-FloatingIPDetailsTestJSON-307742733-network', 'tenant_id': '7e70e0973d6746488acc153f34137045', 'admin_state_up': True, 'mtu': 8950, 'status': 'ACTIVE', 'subnets': [], 'shared': False, 'project_id': '7e70e0973d6746488acc153f34137045', 'port_security_enabled': True, 'router:external': False, 'provider:network_type': 'vlan', 'provider:physical_network': 'default', 'provider:segmentation_id': 498, 'is_default': False, 'availability_zone_hints': [], 'availability_zones': [], 'ipv4_address_scope': None, 'ipv6_address_scope': None, 'description': '', 'tags': [], 'created_at': '2025-04-17T13:02:56Z', 'updated_at': '2025-04-17T13:02:56Z', 'revision_number': 1}, Subnet: {'id': '589ec16b-a8f4-40d5-9e49-4d4b7bcf7886', 'name': 'tempest-FloatingIPDetailsTestJSON-307742733-subnet', 'tenant_id': '7e70e0973d6746488acc153f34137045', 'network_id': 'a3b82cbb-211f-41b8-b4cd-a6471f543e5e', 'ip_version': 4, 'subnetpool_id': None, 'enable_dhcp': True, 'ipv6_ra_mode': None, 'ipv6_address_mode': None, 'gateway_ip': '192.168.128.1', 'cidr': '192.168.128.0/28', 'allocation_pools': [{'start': '192.168.128.2', 'end': '192.168.128.14'}], 'host_routes': [], 'dns_nameservers': [], 'description': '', 'service_types': [], 'tags': [], 'created_at': '2025-04-17T13:02:56Z', 'updated_at': '2025-04-17T13:02:56Z', 'revision_number': 0, 'project_id': '7e70e0973d6746488acc153f34137045'}, Router: {'id': 'c02ec7b3-e446-4e76-b317-abba063a4315', 'name': 'tempest-FloatingIPDetailsTestJSON-307742733-router', 'tenant_id': '7e70e0973d6746488acc153f34137045', 'admin_state_up': True, 'status': 'ACTIVE', 'external_gateway_info': {'network_id': '1ae432cf-3c75-4ff5-81af-cfe7ce201747', 'external_fixed_ips': [{'subnet_id': 'd977464a-f345-4f1d-9cfe-21f668bace3f', 'ip_address': '10.180.180.217'}], 'enable_snat': True}, 'description': '', 'availability_zones': [], 'distributed': False, 'ha': False, 'availability_zone_hints': [], 'routes': [], 'flavor_id': None, 'tags': [], 'created_at': '2025-04-17T13:02:57Z', 'updated_at': '2025-04-17T13:02:58Z', 'revision_number': 2, 'project_id': '7e70e0973d6746488acc153f34137045'}
2025-04-17 13:03:00.166 69167 INFO tempest.lib.common.rest_client [req-52c4a01f-3169-476e-8a69-bdef1144c3ce req-52c4a01f-3169-476e-8a69-bdef1144c3ce ] Request (ServicesAdminNegativeTestJSON:test_get_service_with_valid_service_and_invalid_host): 200 GET http://10.180.1.21/compute/v2.1/os-services 1.645s
2025-04-17 13:03:00.238 69199 INFO tempest.lib.common.rest_client [req-0f3bf856-8ab8-4eae-9d29-78a72ae7fa75 req-0f3bf856-8ab8-4eae-9d29-78a72ae7fa75 ] Request (FloatingIPsAssociationTestJSON:setUpClass): 200 GET http://10.180.1.21/compute/v2.1/servers/46481a4e-ac53-456d-b6cb-9f3ffbccf407 2.004s
2025-04-17 13:03:00.261 69159 INFO tempest.lib.common.rest_client [req-5138fb55-4da5-4e37-a5b2-03423cef1135 req-5138fb55-4da5-4e37-a5b2-03423cef1135 ] Request (HypervisorAdminTestJSON:tearDownClass): 204 DELETE http://10.180.1.21/identity/v3/users/97ce5c8230524ad38f515623f7020171 0.121s
2025-04-17 13:03:00.260 69145 INFO tempest.lib.common.rest_client [req-8208cf85-4f0c-4dfe-98b9-4e5f0cc2607c req-8208cf85-4f0c-4dfe-98b9-4e5f0cc2607c ] Request (AbsoluteLimitsTestJSON:tearDownClass): 204 DELETE http://10.180.1.21/identity/v3/users/daa3221ad5a74cdb87dea7d9aa34eb7d 0.135s
2025-04-17 13:03:00.262 69145 INFO tempest.lib.common.dynamic_creds [-] Deleting project and security group for project: 8183f6063ef0453db43b82608eaad752
2025-04-17 13:03:00.299 69189 INFO tempest.lib.common.rest_client [req-902aee69-59d7-4101-89d0-a838d3c97c47 req-902aee69-59d7-4101-89d0-a838d3c97c47 ] Request (ServersTestBootFromVolume:setUpClass): 200 GET http://10.180.1.21/volume/v3/691be0f69d6042a982a2adb55c56c12f/volumes/2a6739d4-c623-4c14-8d24-76048cc359b9 0.036s
2025-04-17 13:03:00.335 69155 INFO tempest.lib.common.rest_client [req-2da3ff8e-6733-456b-9e5b-4dad848243a3 req-2da3ff8e-6733-456b-9e5b-4dad848243a3 ] Request (FloatingIPDetailsTestJSON:setUpClass): 201 POST http://10.180.1.21/identity/v3/auth/tokens 0.181s
2025-04-17 13:03:00.372 69159 INFO tempest.lib.common.rest_client [req-2cd1a35a-1420-478d-9f48-8537dec71050 req-2cd1a35a-1420-478d-9f48-8537dec71050 ] Request (HypervisorAdminTestJSON:tearDownClass): 204 DELETE http://10.180.1.21/identity/v3/users/1bef0d0203f6428dac9f6b6c85638e58 0.110s
2025-04-17 13:03:00.372 69159 INFO tempest.lib.common.dynamic_creds [-] Deleting project and security group for project: d54d2d2583724f2a9172177b44a2059c
2025-04-17 13:03:00.393 69145 INFO tempest.lib.common.rest_client [req-55bd03b1-9295-4847-bae9-575503f54cdc req-55bd03b1-9295-4847-bae9-575503f54cdc ] Request (AbsoluteLimitsTestJSON:tearDownClass): 201 POST http://10.180.1.21/identity/v3/auth/tokens 0.130s
2025-04-17 13:03:00.449 69159 INFO tempest.lib.common.rest_client [req-22ed9043-461e-4465-ad2e-e35049c38e53 req-22ed9043-461e-4465-ad2e-e35049c38e53 ] Request (HypervisorAdminTestJSON:tearDownClass): 201 POST http://10.180.1.21/identity/v3/auth/tokens 0.077s
2025-04-17 13:03:00.488 69181 INFO tempest.lib.common.rest_client [req-3f961f8a-83ac-4f3c-9837-f850d052285f req-3f961f8a-83ac-4f3c-9837-f850d052285f ] Request (QuotasAdminTestJSON:test_update_all_quota_resources_for_tenant): 200 GET http://10.180.1.21/compute/v2.1/os-quota-sets/e0111d503bd54a03b611d300f420a4b2/defaults 1.635s
2025-04-17 13:03:00.636 69145 INFO tempest.lib.common.rest_client [req-b2c7cabb-76e1-49e4-b8b1-3e82bf31b34b req-b2c7cabb-76e1-49e4-b8b1-3e82bf31b34b ] Request (AbsoluteLimitsTestJSON:tearDownClass): 200 GET http://10.180.1.21:9696/networking/v2.0/security-groups?tenant_id=8183f6063ef0453db43b82608eaad752&name=default 0.243s
2025-04-17 13:03:00.646 69159 INFO tempest.lib.common.rest_client [req-cf43b8fd-6835-4ce6-b3dd-c609c1f2a59c req-cf43b8fd-6835-4ce6-b3dd-c609c1f2a59c ] Request (HypervisorAdminTestJSON:tearDownClass): 200 GET http://10.180.1.21:9696/networking/v2.0/security-groups?tenant_id=d54d2d2583724f2a9172177b44a2059c&name=default 0.196s
2025-04-17 13:03:00.662 69171 INFO tempest.lib.common.rest_client [req-c8d7b5ae-780a-4360-ba6f-cf1853b8a306 req-c8d7b5ae-780a-4360-ba6f-cf1853b8a306 ] Request (ImagesNegativeTestJSON:test_create_image_from_deleted_server): 200 GET http://10.180.1.21/compute/v2.1/servers/d2258ded-478a-4530-b940-386286702048 1.664s
2025-04-17 13:03:00.681 69197 INFO tempest.lib.common.rest_client [req-aa02c715-eacc-4da4-b8b6-024292d1e8fd req-aa02c715-eacc-4da4-b8b6-024292d1e8fd ] Request (FlavorsV2NegativeTest:test_boot_with_low_ram): 400 POST http://10.180.1.21/compute/v2.1/servers 1.738s
2025-04-17 13:03:00.697 69193 INFO tempest.lib.common.rest_client [req-eb9e2209-2971-4d1a-9fd0-523fa1121aad req-eb9e2209-2971-4d1a-9fd0-523fa1121aad ] Request (FlavorsAccessNegativeTestJSON:test_flavor_non_admin_remove): 200 POST http://10.180.1.21/compute/v2.1/flavors 1.614s
2025-04-17 13:03:00.707 69143 INFO tempest.lib.common.rest_client [req-85cb3f66-74a1-4631-ae52-297118a8e201 req-85cb3f66-74a1-4631-ae52-297118a8e201 ] Request (FlavorsExtraSpecsTestJSON:test_flavor_set_get_update_show_unset_keys): 200 DELETE http://10.180.1.21/compute/v2.1/flavors/306005231/os-extra_specs/hw:numa_nodes 1.623s
2025-04-17 13:03:00.724 69157 INFO tempest.lib.common.rest_client [req-0e015c94-8680-404b-aed9-11b6e74f7386 req-0e015c94-8680-404b-aed9-11b6e74f7386 ] Request (AggregatesAdminNegativeTestJSON:test_aggregate_create_with_existent_aggregate_name): 409 POST http://10.180.1.21/compute/v2.1/os-aggregates 1.614s
2025-04-17 13:03:00.730 69179 INFO tempest.lib.common.rest_client [req-bf3c8073-d373-4138-a235-90c455b1a712 req-bf3c8073-d373-4138-a235-90c455b1a712 ] Request (FlavorsAdminTestJSON:_run_cleanups): 200 GET http://10.180.1.21/compute/v2.1/flavors/detail 1.602s
2025-04-17 13:03:00.748 69197 INFO tempest.lib.common.rest_client [req-c4924d51-f8b4-4579-822a-3846f244a6f4 req-c4924d51-f8b4-4579-822a-3846f244a6f4 ] Request (FlavorsV2NegativeTest:_run_cleanups): 204 DELETE http://10.180.1.21/image/v2/images/1a88daa4-ba0f-4c67-951d-aa78ef919a7e 0.066s
2025-04-17 13:03:00.763 69145 INFO tempest.lib.common.rest_client [req-4f484130-68d1-4988-b12a-c364a9b01f0e req-4f484130-68d1-4988-b12a-c364a9b01f0e ] Request (AbsoluteLimitsTestJSON:tearDownClass): 204 DELETE http://10.180.1.21:9696/networking/v2.0/security-groups/55e6c20d-0a53-4bbc-bba7-9052e7c92494 0.126s
2025-04-17 13:03:00.811 69161 INFO tempest.lib.common.rest_client [req-c1fc0b34-8602-4efa-9ebe-902c9b249469 req-c1fc0b34-8602-4efa-9ebe-902c9b249469 ] Request (ServersAdminTestJSON:setUpClass): 200 GET http://10.180.1.21/compute/v2.1/servers/13eebe4e-5984-46c3-bb73-cd783ad45df6 1.680s
2025-04-17 13:03:00.841 69197 INFO tempest.lib.common.rest_client [req-100a18cb-6981-4578-8e95-c63e6f15facc req-100a18cb-6981-4578-8e95-c63e6f15facc ] Request (FlavorsV2NegativeTest:tearDownClass): 204 DELETE http://10.180.1.21/identity/v3/users/4d024c720987466280080fa36fae55f6 0.091s
2025-04-17 13:03:00.843 69197 INFO tempest.lib.common.dynamic_creds [-] Deleting project and security group for project: 76ed9ca9d5fd4b86a882318c248f40ff
2025-04-17 13:03:00.848 69159 INFO tempest.lib.common.rest_client [req-02bab762-d415-42ac-bb3b-1c130d242674 req-02bab762-d415-42ac-bb3b-1c130d242674 ] Request (HypervisorAdminTestJSON:tearDownClass): 204 DELETE http://10.180.1.21:9696/networking/v2.0/security-groups/32e39793-3a17-4aad-a4d4-48c6e268d81e 0.202s
2025-04-17 13:03:00.857 69145 INFO tempest.lib.common.rest_client [req-e9545d3d-cd0e-4c42-93cf-7fea87f3a39c req-e9545d3d-cd0e-4c42-93cf-7fea87f3a39c ] Request (AbsoluteLimitsTestJSON:tearDownClass): 204 DELETE http://10.180.1.21/identity/v3/projects/8183f6063ef0453db43b82608eaad752 0.093s
2025-04-17 13:03:00.911 69197 INFO tempest.lib.common.rest_client [req-fbd02688-2d02-4349-9bbe-819e1b0a475a req-fbd02688-2d02-4349-9bbe-819e1b0a475a ] Request (FlavorsV2NegativeTest:tearDownClass): 201 POST http://10.180.1.21/identity/v3/auth/tokens 0.068s
2025-04-17 13:03:00.938 69145 INFO tempest.lib.common.rest_client [req-ffbe6ee9-fadd-4bdc-afc9-8547752ca205 req-ffbe6ee9-fadd-4bdc-afc9-8547752ca205 ] Request (ServersNegativeTestJSON:setUpClass): 201 POST http://10.180.1.21/identity/v3/auth/tokens 0.079s
2025-04-17 13:03:01.002 69159 INFO tempest.lib.common.rest_client [req-a3b6635a-0e39-44f6-848e-b689dcfb92c7 req-a3b6635a-0e39-44f6-848e-b689dcfb92c7 ] Request (HypervisorAdminTestJSON:tearDownClass): 204 DELETE http://10.180.1.21/identity/v3/projects/d54d2d2583724f2a9172177b44a2059c 0.153s
2025-04-17 13:03:01.002 69159 INFO tempest.lib.common.dynamic_creds [-] Deleting project and security group for project: 650d06d42abb41b7ac19417b09324513
2025-04-17 13:03:01.034 69153 INFO tempest.lib.common.rest_client [req-e4fc9a63-8dcc-4078-9fe4-701b6003b352 req-e4fc9a63-8dcc-4078-9fe4-701b6003b352 ] Request (ServersTestJSON:test_create_server_specify_multibyte_character_name): 200 GET http://10.180.1.21/compute/v2.1/servers/d6ca51b9-b284-405c-878e-fdbc326b73e1 1.757s
2025-04-17 13:03:01.080 69145 INFO tempest.lib.common.rest_client [req-dae3bcfa-fadd-444a-b894-b4a1e430af3f req-dae3bcfa-fadd-444a-b894-b4a1e430af3f ] Request (ServersNegativeTestJSON:setUpClass): 201 POST http://10.180.1.21/identity/v3/auth/tokens 0.138s
2025-04-17 13:03:01.100 69145 INFO tempest.lib.common.rest_client [req-2e238bc3-3d07-49fb-afa1-e89abb6b2299 req-2e238bc3-3d07-49fb-afa1-e89abb6b2299 ] Request (ServersNegativeTestJSON:setUpClass): 200 GET http://10.180.1.21/identity/v3/domains?name=Default 0.019s
2025-04-17 13:03:01.137 69159 INFO tempest.lib.common.rest_client [req-d09a72fb-49e6-4d2d-a7bf-8bd46276f15f req-d09a72fb-49e6-4d2d-a7bf-8bd46276f15f ] Request (HypervisorAdminTestJSON:tearDownClass): 200 GET http://10.180.1.21:9696/networking/v2.0/security-groups?tenant_id=650d06d42abb41b7ac19417b09324513&name=default 0.135s
2025-04-17 13:03:01.139 69145 INFO tempest.lib.common.rest_client [req-597e722c-e57a-4ec5-b503-40e6966428e7 req-597e722c-e57a-4ec5-b503-40e6966428e7 ] Request (ServersNegativeTestJSON:setUpClass): 201 POST http://10.180.1.21/identity/v3/projects 0.039s
2025-04-17 13:03:01.209 69145 INFO tempest.lib.common.rest_client [req-2e9072eb-6c41-4502-98ed-8d04aa9f9260 req-2e9072eb-6c41-4502-98ed-8d04aa9f9260 ] Request (ServersNegativeTestJSON:setUpClass): 201 POST http://10.180.1.21/identity/v3/users 0.069s
2025-04-17 13:03:01.237 69145 INFO tempest.lib.common.rest_client [req-b2c194a7-b373-4674-be21-95fb9c58ea17 req-b2c194a7-b373-4674-be21-95fb9c58ea17 ] Request (ServersNegativeTestJSON:setUpClass): 200 GET http://10.180.1.21/identity/v3/roles 0.027s
2025-04-17 13:03:01.246 69197 INFO tempest.lib.common.rest_client [req-aec87081-7f17-4fa4-82c7-58dcbeb73255 req-aec87081-7f17-4fa4-82c7-58dcbeb73255 ] Request (FlavorsV2NegativeTest:tearDownClass): 200 GET http://10.180.1.21:9696/networking/v2.0/security-groups?tenant_id=76ed9ca9d5fd4b86a882318c248f40ff&name=default 0.335s
2025-04-17 13:03:01.256 69185 INFO tempest.lib.common.rest_client [req-6bb0b866-624f-438e-9804-925301497362 req-6bb0b866-624f-438e-9804-925301497362 ] Request (MigrationsAdminTest:test_list_migrations_in_flavor_resize_situation): 200 GET http://10.180.1.21/compute/v2.1/servers/da0c4340-a657-43bd-9a98-4c8f50add720 1.773s
2025-04-17 13:03:01.279 69145 INFO tempest.lib.common.rest_client [req-1f9d7ba4-f3e6-4d22-bb8f-bd7e4ac969b6 req-1f9d7ba4-f3e6-4d22-bb8f-bd7e4ac969b6 ] Request (ServersNegativeTestJSON:setUpClass): 204 PUT http://10.180.1.21/identity/v3/projects/8916ec6429c74b60a3e5c3bc65e1f6bf/users/c554c78c1a0b46e0afec3c910683ce62/roles/1a85209e438449ba824616e8cf988db5 0.041s
2025-04-17 13:03:01.279 69145 INFO tempest.lib.common.dynamic_creds [-] Dynamic test user c554c78c1a0b46e0afec3c910683ce62 is created with scope project and roles: ['member']
2025-04-17 13:03:01.279 69145 INFO tempest.lib.common.dynamic_creds [-] Acquired dynamic creds: credentials: Credentials: {'domain_id': 'default', 'domain_name': 'Default', 'username': 'tempest-ServersNegativeTestJSON-345353645-project-member', 'project_domain_id': 'default', 'project_domain_name': 'Default', 'project_id': '8916ec6429c74b60a3e5c3bc65e1f6bf', 'project_name': 'tempest-ServersNegativeTestJSON-345353645', 'tenant_id': '8916ec6429c74b60a3e5c3bc65e1f6bf', 'tenant_name': 'tempest-ServersNegativeTestJSON-345353645', 'user_domain_id': 'default', 'user_domain_name': 'Default', 'user_id': 'c554c78c1a0b46e0afec3c910683ce62', 'system': None}, Network: None, Subnet: None, Router: None
2025-04-17 13:03:01.313 69159 INFO tempest.lib.common.rest_client [req-9e64460d-72ec-444c-8236-20f141389da8 req-9e64460d-72ec-444c-8236-20f141389da8 ] Request (HypervisorAdminTestJSON:tearDownClass): 204 DELETE http://10.180.1.21:9696/networking/v2.0/security-groups/369d7c1a-4951-4381-803f-8ddc6c67f978 0.175s
2025-04-17 13:03:01.348 69197 INFO tempest.lib.common.rest_client [req-b7b4a37e-eb8f-447d-a84a-f57971eeba42 req-b7b4a37e-eb8f-447d-a84a-f57971eeba42 ] Request (FlavorsV2NegativeTest:tearDownClass): 204 DELETE http://10.180.1.21:9696/networking/v2.0/security-groups/226187e6-e321-471a-8195-c053acd20c76 0.101s
2025-04-17 13:03:01.349 69151 INFO tempest.lib.common.rest_client [req-db0cba5d-d2b8-4971-8735-9408324e191c req-db0cba5d-d2b8-4971-8735-9408324e191c ] Request (VolumesAssistedSnapshotsTest:test_volume_assisted_snapshot_create_delete): 200 GET http://10.180.1.21/compute/v2.1/servers/9a2d2803-34b1-40f7-9349-e5734a217e18 1.854s
2025-04-17 13:03:01.358 69189 INFO tempest.lib.common.rest_client [req-edbd3b7b-207b-45a5-9e00-c80866956dc5 req-edbd3b7b-207b-45a5-9e00-c80866956dc5 ] Request (ServersTestBootFromVolume:setUpClass): 200 GET http://10.180.1.21/volume/v3/691be0f69d6042a982a2adb55c56c12f/volumes/2a6739d4-c623-4c14-8d24-76048cc359b9 0.050s
2025-04-17 13:03:01.368 69145 INFO tempest.lib.common.rest_client [req-c886f37d-3698-47be-a779-e4345f56fbe6 req-c886f37d-3698-47be-a779-e4345f56fbe6 ] Request (ServersNegativeTestJSON:setUpClass): 201 POST http://10.180.1.21/identity/v3/auth/tokens 0.088s
2025-04-17 13:03:01.393 69187 INFO tempest.lib.common.rest_client [req-c672531f-2e54-4de3-9189-e44f419e666f req-c672531f-2e54-4de3-9189-e44f419e666f ] Request (ImagesMetadataTestJSON:test_set_image_metadata_item): 200 GET http://10.180.1.21/compute/v2.1/images/a8b4adde-078e-4c4e-870f-18546225c750/metadata 1.778s
2025-04-17 13:03:01.398 69195 INFO tempest.lib.common.rest_client [req-710cd7b9-ca80-4916-874d-9bc242fb844d req-710cd7b9-ca80-4916-874d-9bc242fb844d ] Request (ServersTestMultiNic:setUpClass): 200 PUT http://10.180.1.21:9696/networking/v2.0/routers/f735daa6-cda7-4398-904c-675032831404/add_router_interface 2.273s
2025-04-17 13:03:01.398 69195 INFO tempest.lib.common.dynamic_creds [-] Created isolated network resources for: credentials: Credentials: {'domain_id': 'default', 'domain_name': 'Default', 'username': 'tempest-ServersTestMultiNic-1243959320-project-member', 'project_domain_id': 'default', 'project_domain_name': 'Default', 'project_id': '486636d70a6f45de823bd83f7530eed0', 'project_name': 'tempest-ServersTestMultiNic-1243959320', 'tenant_id': '486636d70a6f45de823bd83f7530eed0', 'tenant_name': 'tempest-ServersTestMultiNic-1243959320', 'user_domain_id': 'default', 'user_domain_name': 'Default', 'user_id': '8a997ce90d1a4a7f9a50d8ca55341165', 'system': None}, Network: {'id': '9022fc49-a069-414e-8426-8a37379d595c', 'name': 'tempest-ServersTestMultiNic-1683687726-network', 'tenant_id': '486636d70a6f45de823bd83f7530eed0', 'admin_state_up': True, 'mtu': 8950, 'status': 'ACTIVE', 'subnets': [], 'shared': False, 'project_id': '486636d70a6f45de823bd83f7530eed0', 'port_security_enabled': True, 'router:external': False, 'provider:network_type': 'vlan', 'provider:physical_network': 'default', 'provider:segmentation_id': 718, 'is_default': False, 'availability_zone_hints': [], 'availability_zones': [], 'ipv4_address_scope': None, 'ipv6_address_scope': None, 'description': '', 'tags': [], 'created_at': '2025-04-17T13:02:55Z', 'updated_at': '2025-04-17T13:02:55Z', 'revision_number': 1}, Subnet: {'id': '0c4ccabf-7a50-48b3-aa9d-3515cf9c9b90', 'name': 'tempest-ServersTestMultiNic-1683687726-subnet', 'tenant_id': '486636d70a6f45de823bd83f7530eed0', 'network_id': '9022fc49-a069-414e-8426-8a37379d595c', 'ip_version': 4, 'subnetpool_id': None, 'enable_dhcp': True, 'ipv6_ra_mode': None, 'ipv6_address_mode': None, 'gateway_ip': '192.168.128.1', 'cidr': '192.168.128.0/28', 'allocation_pools': [{'start': '192.168.128.2', 'end': '192.168.128.14'}], 'host_routes': [], 'dns_nameservers': [], 'description': '', 'service_types': [], 'tags': [], 'created_at': '2025-04-17T13:02:55Z', 'updated_at': '2025-04-17T13:02:55Z', 'revision_number': 0, 'project_id': '486636d70a6f45de823bd83f7530eed0'}, Router: {'id': 'f735daa6-cda7-4398-904c-675032831404', 'name': 'tempest-ServersTestMultiNic-1683687726-router', 'tenant_id': '486636d70a6f45de823bd83f7530eed0', 'admin_state_up': True, 'status': 'ACTIVE', 'external_gateway_info': {'network_id': '1ae432cf-3c75-4ff5-81af-cfe7ce201747', 'external_fixed_ips': [{'subnet_id': 'd977464a-f345-4f1d-9cfe-21f668bace3f', 'ip_address': '10.180.180.147'}], 'enable_snat': True}, 'description': '', 'availability_zones': [], 'distributed': False, 'ha': False, 'availability_zone_hints': [], 'routes': [], 'flavor_id': None, 'tags': [], 'created_at': '2025-04-17T13:02:56Z', 'updated_at': '2025-04-17T13:02:57Z', 'revision_number': 2, 'project_id': '486636d70a6f45de823bd83f7530eed0'}
2025-04-17 13:03:01.435 69197 INFO tempest.lib.common.rest_client [req-cd90e891-0b8e-4f29-96c3-082a5337c705 req-cd90e891-0b8e-4f29-96c3-082a5337c705 ] Request (FlavorsV2NegativeTest:tearDownClass): 204 DELETE http://10.180.1.21/identity/v3/projects/76ed9ca9d5fd4b86a882318c248f40ff 0.084s
2025-04-17 13:03:01.458 69159 INFO tempest.lib.common.rest_client [req-e3b0f072-9be8-47e2-a233-040953e3eb44 req-e3b0f072-9be8-47e2-a233-040953e3eb44 ] Request (HypervisorAdminTestJSON:tearDownClass): 204 DELETE http://10.180.1.21/identity/v3/projects/650d06d42abb41b7ac19417b09324513 0.145s
2025-04-17 13:03:01.525 69205 INFO tempest.lib.common.rest_client [req-33e1c89b-3692-4ec9-abc0-4ab4dc3be0f7 req-33e1c89b-3692-4ec9-abc0-4ab4dc3be0f7 ] Request (ServersWithSpecificFlavorTestJSON:test_verify_created_server_ephemeral_disk): 202 POST http://10.180.1.21/compute/v2.1/servers 2.279s
2025-04-17 13:03:01.560 69191 INFO tempest.lib.common.rest_client [req-6c700571-bf60-4bd0-987a-f00938969490 req-6c700571-bf60-4bd0-987a-f00938969490 ] Request (KeyPairsNegativeTestJSON:test_create_keypair_when_public_key_bits_exceeds_maximum): 400 POST http://10.180.1.21/compute/v2.1/os-keypairs 1.550s
2025-04-17 13:03:01.599 69197 INFO tempest.lib.common.rest_client [req-38f53dcb-dc66-418e-9c2d-0a937be56f82 req-38f53dcb-dc66-418e-9c2d-0a937be56f82 ] Request (ListServerFiltersTestJSON:setUpClass): 201 POST http://10.180.1.21/identity/v3/auth/tokens 0.161s
2025-04-17 13:03:01.617 69147 INFO tempest.lib.common.rest_client [req-a836d640-229e-43e8-b01e-43fadee4e374 req-a836d640-229e-43e8-b01e-43fadee4e374 ] Request (ServersTestFqdnHostnames:test_create_server_with_fqdn_name): 200 POST http://10.180.1.21/compute/v2.1/os-keypairs 1.962s
2025-04-17 13:03:01.626 69159 INFO tempest.lib.common.rest_client [req-e294c6f0-0f0b-4526-9970-e0c33a750af1 req-e294c6f0-0f0b-4526-9970-e0c33a750af1 ] Request (KeyPairsV210TestJSON:setUpClass): 201 POST http://10.180.1.21/identity/v3/auth/tokens 0.165s
2025-04-17 13:03:01.632 69195 INFO tempest.lib.common.rest_client [req-7118716a-d7d7-4615-b427-4ca91c4691ef req-7118716a-d7d7-4615-b427-4ca91c4691ef ] Request (ServersTestMultiNic:setUpClass): 201 POST http://10.180.1.21/identity/v3/auth/tokens 0.230s
2025-04-17 13:03:01.654 69197 INFO tempest.lib.common.rest_client [req-e5e0ff68-c960-4b8b-bc16-f50e9f7d72d3 req-e5e0ff68-c960-4b8b-bc16-f50e9f7d72d3 ] Request (ListServerFiltersTestJSON:setUpClass): 201 POST http://10.180.1.21/identity/v3/auth/tokens 0.050s
2025-04-17 13:03:01.663 69159 INFO tempest.lib.common.rest_client [req-fcccb6ba-9e8d-4979-b360-fe4b2f0b63c5 req-fcccb6ba-9e8d-4979-b360-fe4b2f0b63c5 ] Request (KeyPairsV210TestJSON:setUpClass): 201 POST http://10.180.1.21/identity/v3/auth/tokens 0.035s
2025-04-17 13:03:01.681 69197 INFO tempest.lib.common.rest_client [req-5d12b636-e7c5-4857-9680-de494d76cf1e req-5d12b636-e7c5-4857-9680-de494d76cf1e ] Request (ListServerFiltersTestJSON:setUpClass): 200 GET http://10.180.1.21/identity/v3/domains?name=Default 0.027s
