2025-04-15 15:00:59.411 68567 INFO tempest.lib.common.rest_client [req-e37f7efc-9df6-4fe6-ac0c-b8177d7103e0 req-e37f7efc-9df6-4fe6-ac0c-b8177d7103e0 ] Request (InstanceActionsV221TestJSON:test_get_list_deleted_instance_actions): 200 GET http://10.180.1.21/compute/v2.1/servers/52c9e6ce-6206-4561-a559-de4fe04300c4 0.130s
2025-04-15 15:00:59.519 68619 INFO tempest.lib.common.rest_client [req-3111c02f-c4ff-4ac7-b42a-f0d8c9c05bd1 req-3111c02f-c4ff-4ac7-b42a-f0d8c9c05bd1 ] Request (AttachInterfacesV270Test:test_create_get_list_interfaces): 200 GET http://10.180.1.21/compute/v2.1/servers/4f58fc1a-7a4e-49ce-be07-74277decfcd0 0.148s
2025-04-15 15:00:59.527 68615 INFO tempest.lib.common.rest_client [req-206986e3-9ec8-44cc-8375-b54ff25559f7 req-206986e3-9ec8-44cc-8375-b54ff25559f7 ] Request (MigrationsAdminTest:test_list_migrations_in_flavor_resize_situation): 200 GET http://10.180.1.21/compute/v2.1/servers/a5e0c9dd-2706-436a-ba7b-987514a74a4c 0.145s
2025-04-15 15:00:59.600 68621 INFO tempest.lib.common.rest_client [req-2b779cfc-64e6-4ea8-8901-b0f3add1c1dd req-2b779cfc-64e6-4ea8-8901-b0f3add1c1dd ] Request (ServerDiagnosticsTest:test_get_server_diagnostics): 200 GET http://10.180.1.21/compute/v2.1/servers/fcbcb969-a0de-46d4-ad8f-78fe42aecd85 0.150s
2025-04-15 15:00:59.618 68569 INFO tempest.lib.common.rest_client [req-bb8df293-6c4b-4b28-b940-0862984c6165 req-bb8df293-6c4b-4b28-b940-0862984c6165 ] Request (FloatingIPsAssociationNegativeTestJSON:setUpClass): 200 GET http://10.180.1.21/compute/v2.1/servers/b6a67fbe-c6cd-43dd-a7ff-f0057e9cb05f 0.043s
2025-04-15 15:00:59.727 68577 INFO tempest.lib.common.rest_client [req-4bd2a564-c642-420d-ae7b-63e19d6e199a req-4bd2a564-c642-420d-ae7b-63e19d6e199a ] Request (VolumesAdminNegativeTest:test_update_attached_volume_with_nonexistent_volume_in_body): 200 GET http://10.180.1.21/compute/v2.1/servers/c1b534f6-1a1a-4f01-a107-8d7913c86282 0.045s
2025-04-15 15:00:59.778 68573 INFO tempest.lib.common.rest_client [req-15a65f43-22d2-4ef8-84f7-fcf6f7201823 req-15a65f43-22d2-4ef8-84f7-fcf6f7201823 ] Request (ListImageFiltersTestJSON:setUpClass): 200 GET http://10.180.1.21/compute/v2.1/servers/2d3aedad-ecc5-4f6d-8548-4b018ea7d4b5 0.050s
2025-04-15 15:00:59.831 68571 INFO tempest.lib.common.rest_client [req-bbb1f3f8-339e-48c5-a13f-d1e7956336bb req-bbb1f3f8-339e-48c5-a13f-d1e7956336bb ] Request (ImagesTestJSON:test_create_image_from_suspended_server): 200 GET http://10.180.1.21/compute/v2.1/servers/23f56c6b-891e-4948-89c8-cdc95de7ca8d 0.051s
2025-04-15 15:00:59.837 68585 INFO tempest.lib.common.rest_client [req-7c5be255-b6f5-4e2f-9a58-b5073d89aa0c req-7c5be255-b6f5-4e2f-9a58-b5073d89aa0c ] Request (ServerAddressesTestJSON:setUpClass): 200 GET http://10.180.1.21/compute/v2.1/servers/703f3211-dc8a-432f-a9d7-2ec75c38f64a 0.105s
2025-04-15 15:00:59.878 68607 INFO tempest.lib.common.rest_client [req-29dcafb2-1051-446a-87b0-225dc30d4a79 req-29dcafb2-1051-446a-87b0-225dc30d4a79 ] Request (ServersTestJSON:setUpClass): 200 GET http://10.180.1.21/compute/v2.1/servers/750a1ae8-e267-4742-a73f-ca756c0ac173 0.050s
2025-04-15 15:00:59.925 68625 INFO tempest.lib.common.rest_client [req-0a1391e1-6fbc-418e-8e22-f426cfa2478e req-0a1391e1-6fbc-418e-8e22-f426cfa2478e ] Request (ImagesNegativeTestJSON:test_create_image_from_deleted_server): 200 GET http://10.180.1.21/compute/v2.1/servers/b83a653f-8e9d-47fa-8d16-459312f49fbe 0.056s
2025-04-15 15:00:59.938 68605 INFO tempest.lib.common.rest_client [req-937e129e-ae14-4d2f-94b6-571129ec09db req-937e129e-ae14-4d2f-94b6-571129ec09db ] Request (DeleteServersAdminTestJSON:test_admin_delete_servers_of_others): 200 GET http://10.180.1.21/compute/v2.1/servers/22296a35-4d1f-43c3-8e76-9ec42eaee2be 0.104s
2025-04-15 15:01:00.163 68588 INFO tempest.lib.common.rest_client [req-6ae58214-75aa-4e56-b039-e7f4cf271390 req-6ae58214-75aa-4e56-b039-e7f4cf271390 ] Request (ServerDiagnosticsNegativeTest:test_get_server_diagnostics_by_non_admin): 200 GET http://10.180.1.21/compute/v2.1/servers/2847862f-e086-4716-b735-415361d7dfcb 0.135s
2025-04-15 15:01:00.204 68583 INFO tempest.lib.common.rest_client [req-058e7920-c806-4b7b-833e-58aa1cb61542 req-058e7920-c806-4b7b-833e-58aa1cb61542 ] Request (ServerDiskConfigTestJSON:test_rebuild_server_with_auto_disk_config): 200 GET http://10.180.1.21/compute/v2.1/servers/b623d9dc-8303-420e-84c3-7c117b8ce43d 0.174s
2025-04-15 15:01:00.213 68565 INFO tempest.lib.common.rest_client [req-ba80971d-cc14-4d49-a887-b3f4eaa8a414 req-ba80971d-cc14-4d49-a887-b3f4eaa8a414 ] Request (ServersTestBootFromVolume:setUpClass): 200 GET http://10.180.1.21/compute/v2.1/servers/f2b2dbc2-5206-4463-aeb6-a0db5f1d5381 0.131s
2025-04-15 15:01:00.252 68613 INFO tempest.lib.common.rest_client [req-e1ee5bea-e518-448d-9d91-fcf3a8dfb12d req-e1ee5bea-e518-448d-9d91-fcf3a8dfb12d ] Request (ServerShowV257Test:test_rebuild_server): 200 GET http://10.180.1.21/compute/v2.1/servers/e98b599a-db66-439f-b1ab-83df8dd262de 0.169s
2025-04-15 15:01:00.261 68609 INFO tempest.lib.common.rest_client [req-7151f69b-1268-49b0-b8b6-383d6a528610 req-7151f69b-1268-49b0-b8b6-383d6a528610 ] Request (ServerActionsTestJSON:setUpClass): 200 GET http://10.180.1.21/compute/v2.1/servers/e23f88f5-81a2-4ba1-8ee2-ea8499f2b8a0 0.128s
2025-04-15 15:01:00.297 68581 INFO tempest.lib.common.rest_client [req-38f88843-7db7-47b3-b907-0182adc1b667 req-38f88843-7db7-47b3-b907-0182adc1b667 ] Request (ServerDiagnosticsV248Test:test_get_server_diagnostics): 200 GET http://10.180.1.21/compute/v2.1/servers/50ea7862-64f5-4868-adae-d3644c820c0f 0.159s
2025-04-15 15:01:00.307 68595 INFO tempest.lib.common.rest_client [req-d5d69c6f-c35f-4c88-b87a-822dfa9d615f req-d5d69c6f-c35f-4c88-b87a-822dfa9d615f ] Request (ServersAdminTestJSON:setUpClass): 200 GET http://10.180.1.21/compute/v2.1/servers/adac9926-91ef-4617-9b5a-dd879bd346ba 0.114s
2025-04-15 15:01:00.359 68589 INFO tempest.lib.common.rest_client [req-876835a0-80e1-469a-baf0-160ef6f2fb33 req-876835a0-80e1-469a-baf0-160ef6f2fb33 ] Request (AttachInterfacesUnderV243Test:test_add_remove_fixed_ip): 200 GET http://10.180.1.21/compute/v2.1/servers/bb1f4c7e-2141-4178-b7b6-412cf177ea3d 0.084s
2025-04-15 15:01:00.481 68593 INFO tempest.lib.common.rest_client [req-29f5479f-57d4-4dde-bc09-38d55c43c3f5 req-29f5479f-57d4-4dde-bc09-38d55c43c3f5 ] Request (ServerExternalEventsTest:test_create_server_external_events): 200 GET http://10.180.1.21/compute/v2.1/servers/fb1356c9-d2da-4cac-ab18-aeefb1cf9ace 0.251s
2025-04-15 15:01:00.535 68623 INFO tempest.lib.common.rest_client [req-03395122-ac38-4f5d-a52a-e94c52a30437 req-03395122-ac38-4f5d-a52a-e94c52a30437 ] Request (SecurityGroupsTestJSON:test_list_security_groups_by_server): 200 GET http://10.180.1.21/compute/v2.1/servers/c0f48447-3dd2-4d4a-9a74-78e4e11b7c08 0.214s
2025-04-15 15:01:00.544 68597 INFO tempest.lib.common.rest_client [req-3287e27e-bc8a-47d7-8171-be691e0798d6 req-3287e27e-bc8a-47d7-8171-be691e0798d6 ] Request (VolumesAssistedSnapshotsTest:test_volume_assisted_snapshot_create_delete): 200 GET http://10.180.1.21/compute/v2.1/servers/1f8c33b9-b35d-4033-922b-9df7082062f7 0.258s
2025-04-15 15:01:00.598 68579 INFO tempest.lib.common.rest_client [req-27efccf2-c5f3-4dc7-9db1-185677e975b2 req-27efccf2-c5f3-4dc7-9db1-185677e975b2 ] Request (InstanceActionsNegativeTestJSON:setUpClass): 200 GET http://10.180.1.21/compute/v2.1/servers/9bad85d3-f74e-4e86-b44b-0d16eb2de83a 0.269s
2025-04-15 15:01:00.599 68563 INFO tempest.lib.common.rest_client [req-e1a4af09-f273-465f-973c-d869c656c175 req-e1a4af09-f273-465f-973c-d869c656c175 ] Request (ServersWithSpecificFlavorTestJSON:test_verify_created_server_ephemeral_disk): 200 GET http://10.180.1.21/compute/v2.1/servers/d256047b-7d11-46bb-bb92-78bdf39ce175 0.237s
2025-04-15 15:01:00.648 68617 INFO tempest.lib.common.rest_client [req-07b3eebc-bacd-42da-a5e3-3c18f4f4cb8b req-07b3eebc-bacd-42da-a5e3-3c18f4f4cb8b ] Request (ServerMetadataTestJSON:setUpClass): 200 GET http://10.180.1.21/compute/v2.1/servers/0fd13da3-70cf-4850-9083-d7fb92560d40 0.273s
2025-04-15 15:01:00.654 68575 INFO tempest.lib.common.rest_client [req-cf4df1c3-b27a-4a53-8ce2-ea6ac2983649 req-cf4df1c3-b27a-4a53-8ce2-ea6ac2983649 ] Request (InstanceActionsTestJSON:setUpClass): 200 GET http://10.180.1.21/compute/v2.1/servers/6a2ab17e-5ed8-4aaf-82b9-99c72ae33987 0.249s
2025-04-15 15:01:00.699 68567 INFO tempest.lib.common.rest_client [req-2c795b9f-9ece-41e9-b21d-66c12d023b68 req-2c795b9f-9ece-41e9-b21d-66c12d023b68 ] Request (InstanceActionsV221TestJSON:test_get_list_deleted_instance_actions): 200 GET http://10.180.1.21/compute/v2.1/servers/52c9e6ce-6206-4561-a559-de4fe04300c4 0.279s
2025-04-15 15:01:00.826 68615 INFO tempest.lib.common.rest_client [req-88d91c02-8373-4e98-b1aa-a70f505bbc63 req-88d91c02-8373-4e98-b1aa-a70f505bbc63 ] Request (MigrationsAdminTest:test_list_migrations_in_flavor_resize_situation): 200 GET http://10.180.1.21/compute/v2.1/servers/a5e0c9dd-2706-436a-ba7b-987514a74a4c 0.291s
2025-04-15 15:01:00.832 68619 INFO tempest.lib.common.rest_client [req-8376065c-6309-4472-9984-4ebbd3506e3f req-8376065c-6309-4472-9984-4ebbd3506e3f ] Request (AttachInterfacesV270Test:test_create_get_list_interfaces): 200 GET http://10.180.1.21/compute/v2.1/servers/4f58fc1a-7a4e-49ce-be07-74277decfcd0 0.303s
2025-04-15 15:01:01.060 68569 INFO tempest.lib.common.rest_client [req-f831abff-05bd-4fd5-a8ce-3d3b4be4955a req-f831abff-05bd-4fd5-a8ce-3d3b4be4955a ] Request (FloatingIPsAssociationNegativeTestJSON:setUpClass): 200 GET http://10.180.1.21/compute/v2.1/servers/b6a67fbe-c6cd-43dd-a7ff-f0057e9cb05f 0.434s
2025-04-15 15:01:01.107 68621 INFO tempest.lib.common.rest_client [req-99136de0-1669-46c4-a7e3-0203a0b198fa req-99136de0-1669-46c4-a7e3-0203a0b198fa ] Request (ServerDiagnosticsTest:test_get_server_diagnostics): 200 GET http://10.180.1.21/compute/v2.1/servers/fcbcb969-a0de-46d4-ad8f-78fe42aecd85 0.499s
2025-04-15 15:01:01.114 68577 INFO tempest.lib.common.rest_client [req-ab0a7ad3-fd2b-48c8-a76f-bed80e0f5b16 req-ab0a7ad3-fd2b-48c8-a76f-bed80e0f5b16 ] Request (VolumesAdminNegativeTest:test_update_attached_volume_with_nonexistent_volume_in_body): 200 GET http://10.180.1.21/compute/v2.1/servers/c1b534f6-1a1a-4f01-a107-8d7913c86282 0.379s
2025-04-15 15:01:01.164 68573 INFO tempest.lib.common.rest_client [req-9a6cef96-79e5-4187-81d4-65a94a753803 req-9a6cef96-79e5-4187-81d4-65a94a753803 ] Request (ListImageFiltersTestJSON:setUpClass): 200 GET http://10.180.1.21/compute/v2.1/servers/2d3aedad-ecc5-4f6d-8548-4b018ea7d4b5 0.378s
2025-04-15 15:01:01.171 68571 INFO tempest.lib.common.rest_client [req-4a4695a0-85c3-4bc4-806d-53f7b873203a req-4a4695a0-85c3-4bc4-806d-53f7b873203a ] Request (ImagesTestJSON:test_create_image_from_suspended_server): 200 GET http://10.180.1.21/compute/v2.1/servers/23f56c6b-891e-4948-89c8-cdc95de7ca8d 0.331s
2025-04-15 15:01:01.227 68607 INFO tempest.lib.common.rest_client [req-7f4d70e4-f5aa-495a-a017-1d7275034d30 req-7f4d70e4-f5aa-495a-a017-1d7275034d30 ] Request (ServersTestJSON:setUpClass): 200 GET http://10.180.1.21/compute/v2.1/servers/750a1ae8-e267-4742-a73f-ca756c0ac173 0.341s
2025-04-15 15:01:01.278 68625 INFO tempest.lib.common.rest_client [req-e7298be5-c7f9-48be-814e-48b800165f11 req-e7298be5-c7f9-48be-814e-48b800165f11 ] Request (ImagesNegativeTestJSON:test_create_image_from_deleted_server): 200 GET http://10.180.1.21/compute/v2.1/servers/b83a653f-8e9d-47fa-8d16-459312f49fbe 0.345s
2025-04-15 15:01:01.281 68585 INFO tempest.lib.common.rest_client [req-0db6eb5d-718f-4853-b823-38131df1a85d req-0db6eb5d-718f-4853-b823-38131df1a85d ] Request (ServerAddressesTestJSON:setUpClass): 200 GET http://10.180.1.21/compute/v2.1/servers/703f3211-dc8a-432f-a9d7-2ec75c38f64a 0.436s
2025-04-15 15:01:01.407 68588 INFO tempest.lib.common.rest_client [req-5ede0a0b-5436-46c0-bcea-cdc583a4a00f req-5ede0a0b-5436-46c0-bcea-cdc583a4a00f ] Request (ServerDiagnosticsNegativeTest:test_get_server_diagnostics_by_non_admin): 200 GET http://10.180.1.21/compute/v2.1/servers/2847862f-e086-4716-b735-415361d7dfcb 0.236s
2025-04-15 15:01:01.413 68605 INFO tempest.lib.common.rest_client [req-b300fa53-9d96-434c-918c-9ea36da29571 req-b300fa53-9d96-434c-918c-9ea36da29571 ] Request (DeleteServersAdminTestJSON:test_admin_delete_servers_of_others): 200 GET http://10.180.1.21/compute/v2.1/servers/22296a35-4d1f-43c3-8e76-9ec42eaee2be 0.468s
2025-04-15 15:01:01.470 68565 INFO tempest.lib.common.rest_client [req-363bf5bf-b1eb-4579-8168-158d172767f1 req-363bf5bf-b1eb-4579-8168-158d172767f1 ] Request (ServersTestBootFromVolume:setUpClass): 200 GET http://10.180.1.21/compute/v2.1/servers/f2b2dbc2-5206-4463-aeb6-a0db5f1d5381 0.250s
2025-04-15 15:01:01.520 68613 INFO tempest.lib.common.rest_client [req-8add9a6b-6e2f-4eea-8a4d-8ff936b3916c req-8add9a6b-6e2f-4eea-8a4d-8ff936b3916c ] Request (ServerShowV257Test:test_rebuild_server): 200 GET http://10.180.1.21/compute/v2.1/servers/e98b599a-db66-439f-b1ab-83df8dd262de 0.259s
2025-04-15 15:01:01.523 68583 INFO tempest.lib.common.rest_client [req-605a233f-64e1-407b-babb-a5aed1c0359c req-605a233f-64e1-407b-babb-a5aed1c0359c ] Request (ServerDiskConfigTestJSON:test_rebuild_server_with_auto_disk_config): 200 GET http://10.180.1.21/compute/v2.1/servers/b623d9dc-8303-420e-84c3-7c117b8ce43d 0.312s
2025-04-15 15:01:01.580 68609 INFO tempest.lib.common.rest_client [req-0e5ae6db-f766-40cb-bad3-af6c807b944d req-0e5ae6db-f766-40cb-bad3-af6c807b944d ] Request (ServerActionsTestJSON:setUpClass): 200 GET http://10.180.1.21/compute/v2.1/servers/e23f88f5-81a2-4ba1-8ee2-ea8499f2b8a0 0.311s
2025-04-15 15:01:01.580 68581 INFO tempest.lib.common.rest_client [req-20eec241-744c-4feb-a2ac-98434c444aa5 req-20eec241-744c-4feb-a2ac-98434c444aa5 ] Request (ServerDiagnosticsV248Test:test_get_server_diagnostics): 200 GET http://10.180.1.21/compute/v2.1/servers/50ea7862-64f5-4868-adae-d3644c820c0f 0.273s
2025-04-15 15:01:01.637 68595 INFO tempest.lib.common.rest_client [req-78594c8c-b910-4a60-b601-db490874a64a req-78594c8c-b910-4a60-b601-db490874a64a ] Request (ServersAdminTestJSON:setUpClass): 200 GET http://10.180.1.21/compute/v2.1/servers/adac9926-91ef-4617-9b5a-dd879bd346ba 0.322s
2025-04-15 15:01:01.638 68589 INFO tempest.lib.common.rest_client [req-42df66ee-49ac-4d4e-84dd-f3bea50f89b1 req-42df66ee-49ac-4d4e-84dd-f3bea50f89b1 ] Request (AttachInterfacesUnderV243Test:test_add_remove_fixed_ip): 200 GET http://10.180.1.21/compute/v2.1/servers/bb1f4c7e-2141-4178-b7b6-412cf177ea3d 0.270s
2025-04-15 15:01:01.698 68623 INFO tempest.lib.common.rest_client [req-7bb347f7-1c0f-4815-af93-dec809c77de5 req-7bb347f7-1c0f-4815-af93-dec809c77de5 ] Request (SecurityGroupsTestJSON:test_list_security_groups_by_server): 200 GET http://10.180.1.21/compute/v2.1/servers/c0f48447-3dd2-4d4a-9a74-78e4e11b7c08 0.155s
2025-04-15 15:01:01.756 68593 INFO tempest.lib.common.rest_client [req-bd8b64b2-bbb2-4550-920a-126f36413643 req-bd8b64b2-bbb2-4550-920a-126f36413643 ] Request (ServerExternalEventsTest:test_create_server_external_events): 200 GET http://10.180.1.21/compute/v2.1/servers/fb1356c9-d2da-4cac-ab18-aeefb1cf9ace 0.268s
2025-04-15 15:01:01.807 68597 INFO tempest.lib.common.rest_client [req-27fa293c-7677-4c2e-9c29-037dded8a04d req-27fa293c-7677-4c2e-9c29-037dded8a04d ] Request (VolumesAssistedSnapshotsTest:test_volume_assisted_snapshot_create_delete): 200 GET http://10.180.1.21/compute/v2.1/servers/1f8c33b9-b35d-4033-922b-9df7082062f7 0.255s
2025-04-15 15:01:01.807 68579 INFO tempest.lib.common.rest_client [req-26837375-d386-4ea8-8137-5a894627e865 req-26837375-d386-4ea8-8137-5a894627e865 ] Request (InstanceActionsNegativeTestJSON:setUpClass): 200 GET http://10.180.1.21/compute/v2.1/servers/9bad85d3-f74e-4e86-b44b-0d16eb2de83a 0.202s
2025-04-15 15:01:01.862 68563 INFO tempest.lib.common.rest_client [req-09991848-071a-4a45-8e3b-bf815f807125 req-09991848-071a-4a45-8e3b-bf815f807125 ] Request (ServersWithSpecificFlavorTestJSON:test_verify_created_server_ephemeral_disk): 200 GET http://10.180.1.21/compute/v2.1/servers/d256047b-7d11-46bb-bb92-78bdf39ce175 0.255s
2025-04-15 15:01:01.862 68617 INFO tempest.lib.common.rest_client [req-cb0ccef8-e9ee-41f3-afcc-1ad6077c3544 req-cb0ccef8-e9ee-41f3-afcc-1ad6077c3544 ] Request (ServerMetadataTestJSON:setUpClass): 200 GET http://10.180.1.21/compute/v2.1/servers/0fd13da3-70cf-4850-9083-d7fb92560d40 0.207s
2025-04-15 15:01:01.911 68567 INFO tempest.lib.common.rest_client [req-0caa1d6a-b1a8-43db-bb01-123d30febbc9 req-0caa1d6a-b1a8-43db-bb01-123d30febbc9 ] Request (InstanceActionsV221TestJSON:test_get_list_deleted_instance_actions): 200 GET http://10.180.1.21/compute/v2.1/servers/52c9e6ce-6206-4561-a559-de4fe04300c4 0.202s
2025-04-15 15:01:01.920 68575 INFO tempest.lib.common.rest_client [req-9c54efe3-78a5-406c-ac7c-8092ce0fc432 req-9c54efe3-78a5-406c-ac7c-8092ce0fc432 ] Request (InstanceActionsTestJSON:setUpClass): 200 GET http://10.180.1.21/compute/v2.1/servers/6a2ab17e-5ed8-4aaf-82b9-99c72ae33987 0.257s
2025-04-15 15:01:02.030 68615 INFO tempest.lib.common.rest_client [req-71367a64-786c-444e-a762-9b1ad2e511d5 req-71367a64-786c-444e-a762-9b1ad2e511d5 ] Request (MigrationsAdminTest:test_list_migrations_in_flavor_resize_situation): 200 GET http://10.180.1.21/compute/v2.1/servers/a5e0c9dd-2706-436a-ba7b-987514a74a4c 0.197s
2025-04-15 15:01:02.038 68619 INFO tempest.lib.common.rest_client [req-69cd0022-7d2c-4f7b-8b37-193d5ae391b3 req-69cd0022-7d2c-4f7b-8b37-193d5ae391b3 ] Request (AttachInterfacesV270Test:test_create_get_list_interfaces): 200 GET http://10.180.1.21/compute/v2.1/servers/4f58fc1a-7a4e-49ce-be07-74277decfcd0 0.196s
2025-04-15 15:01:02.117 68569 INFO tempest.lib.common.rest_client [req-b03d9510-2866-47d8-a4e3-f932c39ada0b req-b03d9510-2866-47d8-a4e3-f932c39ada0b ] Request (FloatingIPsAssociationNegativeTestJSON:setUpClass): 200 GET http://10.180.1.21/compute/v2.1/servers/b6a67fbe-c6cd-43dd-a7ff-f0057e9cb05f 0.048s
2025-04-15 15:01:02.176 68577 INFO tempest.lib.common.rest_client [req-f7801d2e-80a3-4b81-b76d-6f51f9abaad6 req-f7801d2e-80a3-4b81-b76d-6f51f9abaad6 ] Request (VolumesAdminNegativeTest:test_update_attached_volume_with_nonexistent_volume_in_body): 200 GET http://10.180.1.21/compute/v2.1/servers/c1b534f6-1a1a-4f01-a107-8d7913c86282 0.054s
2025-04-15 15:01:02.216 68621 INFO tempest.lib.common.rest_client [req-fa7a7327-948c-4dc5-b66d-cbe111c35bc8 req-fa7a7327-948c-4dc5-b66d-cbe111c35bc8 ] Request (ServerDiagnosticsTest:test_get_server_diagnostics): 200 GET http://10.180.1.21/compute/v2.1/servers/fcbcb969-a0de-46d4-ad8f-78fe42aecd85 0.100s
2025-04-15 15:01:02.223 68573 INFO tempest.lib.common.rest_client [req-7fb0bd7b-1f0e-4013-affb-26623e5fd3db req-7fb0bd7b-1f0e-4013-affb-26623e5fd3db ] Request (ListImageFiltersTestJSON:setUpClass): 200 GET http://10.180.1.21/compute/v2.1/servers/2d3aedad-ecc5-4f6d-8548-4b018ea7d4b5 0.051s
2025-04-15 15:01:02.257 68571 INFO tempest.lib.common.rest_client [req-881e9846-6309-47d7-968c-fd809c9c8d9f req-881e9846-6309-47d7-968c-fd809c9c8d9f ] Request (ImagesTestJSON:test_create_image_from_suspended_server): 200 GET http://10.180.1.21/compute/v2.1/servers/23f56c6b-891e-4948-89c8-cdc95de7ca8d 0.078s
2025-04-15 15:01:02.279 68607 INFO tempest.lib.common.rest_client [req-1f36ccf0-1fc3-4371-b84c-e0b0f43e9a6e req-1f36ccf0-1fc3-4371-b84c-e0b0f43e9a6e ] Request (ServersTestJSON:setUpClass): 200 GET http://10.180.1.21/compute/v2.1/servers/750a1ae8-e267-4742-a73f-ca756c0ac173 0.044s
2025-04-15 15:01:02.333 68625 INFO tempest.lib.common.rest_client [req-240cfe0f-3655-4e5c-b616-93682e3a5823 req-240cfe0f-3655-4e5c-b616-93682e3a5823 ] Request (ImagesNegativeTestJSON:test_create_image_from_deleted_server): 200 GET http://10.180.1.21/compute/v2.1/servers/b83a653f-8e9d-47fa-8d16-459312f49fbe 0.048s
2025-04-15 15:01:02.416 68585 INFO tempest.lib.common.rest_client [req-3f88e328-d853-44ba-877a-c50abb3e3dd3 req-3f88e328-d853-44ba-877a-c50abb3e3dd3 ] Request (ServerAddressesTestJSON:setUpClass): 200 GET http://10.180.1.21/compute/v2.1/servers/703f3211-dc8a-432f-a9d7-2ec75c38f64a 0.127s
2025-04-15 15:01:02.537 68588 INFO tempest.lib.common.rest_client [req-37e517d0-7bda-40d8-aea3-d7ccf57c6337 req-37e517d0-7bda-40d8-aea3-d7ccf57c6337 ] Request (ServerDiagnosticsNegativeTest:test_get_server_diagnostics_by_non_admin): 200 GET http://10.180.1.21/compute/v2.1/servers/2847862f-e086-4716-b735-415361d7dfcb 0.123s
2025-04-15 15:01:02.539 68605 INFO tempest.lib.common.rest_client [req-3f4e6681-cb2c-43c2-8477-4d7c8e3d47f7 req-3f4e6681-cb2c-43c2-8477-4d7c8e3d47f7 ] Request (DeleteServersAdminTestJSON:test_admin_delete_servers_of_others): 200 GET http://10.180.1.21/compute/v2.1/servers/22296a35-4d1f-43c3-8e76-9ec42eaee2be 0.118s
2025-04-15 15:01:02.585 68565 INFO tempest.lib.common.rest_client [req-f4f71099-b3f7-4482-b76a-3f8dda0f7f1b req-f4f71099-b3f7-4482-b76a-3f8dda0f7f1b ] Request (ServersTestBootFromVolume:setUpClass): 200 GET http://10.180.1.21/compute/v2.1/servers/f2b2dbc2-5206-4463-aeb6-a0db5f1d5381 0.106s
2025-04-15 15:01:02.593 68613 INFO tempest.lib.common.rest_client [req-cb5833d4-c1de-405f-a265-b8b2f4615805 req-cb5833d4-c1de-405f-a265-b8b2f4615805 ] Request (ServerShowV257Test:test_rebuild_server): 200 GET http://10.180.1.21/compute/v2.1/servers/e98b599a-db66-439f-b1ab-83df8dd262de 0.062s
2025-04-15 15:01:02.648 68609 INFO tempest.lib.common.rest_client [req-9d54d620-0e3f-4728-a56a-fe514015e075 req-9d54d620-0e3f-4728-a56a-fe514015e075 ] Request (ServerActionsTestJSON:setUpClass): 200 GET http://10.180.1.21/compute/v2.1/servers/e23f88f5-81a2-4ba1-8ee2-ea8499f2b8a0 0.060s
2025-04-15 15:01:02.686 68583 INFO tempest.lib.common.rest_client [req-6860324c-1800-4ef0-816f-12ae1ed617fc req-6860324c-1800-4ef0-816f-12ae1ed617fc ] Request (ServerDiskConfigTestJSON:test_rebuild_server_with_auto_disk_config): 200 GET http://10.180.1.21/compute/v2.1/servers/b623d9dc-8303-420e-84c3-7c117b8ce43d 0.155s
2025-04-15 15:01:02.693 68581 INFO tempest.lib.common.rest_client [req-d2baebe9-2a23-4193-a7e2-5023c64bc614 req-d2baebe9-2a23-4193-a7e2-5023c64bc614 ] Request (ServerDiagnosticsV248Test:test_get_server_diagnostics): 200 GET http://10.180.1.21/compute/v2.1/servers/50ea7862-64f5-4868-adae-d3644c820c0f 0.102s
2025-04-15 15:01:02.739 68595 INFO tempest.lib.common.rest_client [req-83b8fdb0-8893-4829-9bd5-d479e2a29eb3 req-83b8fdb0-8893-4829-9bd5-d479e2a29eb3 ] Request (ServersAdminTestJSON:setUpClass): 200 GET http://10.180.1.21/compute/v2.1/servers/adac9926-91ef-4617-9b5a-dd879bd346ba 0.095s
2025-04-15 15:01:02.739 68589 INFO tempest.lib.common.rest_client [req-743d9c70-2160-4b1a-92b6-eeea1489b1f1 req-743d9c70-2160-4b1a-92b6-eeea1489b1f1 ] Request (AttachInterfacesUnderV243Test:test_add_remove_fixed_ip): 200 GET http://10.180.1.21/compute/v2.1/servers/bb1f4c7e-2141-4178-b7b6-412cf177ea3d 0.092s
2025-04-15 15:01:02.779 68623 INFO tempest.lib.common.rest_client [req-3a9a777c-862f-4b3d-a51d-cb22c25c9ff3 req-3a9a777c-862f-4b3d-a51d-cb22c25c9ff3 ] Request (SecurityGroupsTestJSON:test_list_security_groups_by_server): 200 GET http://10.180.1.21/compute/v2.1/servers/c0f48447-3dd2-4d4a-9a74-78e4e11b7c08 0.073s
2025-04-15 15:01:02.849 68593 INFO tempest.lib.common.rest_client [req-ac6d3870-e5c3-4a56-8999-a6f8c76e51e6 req-ac6d3870-e5c3-4a56-8999-a6f8c76e51e6 ] Request (ServerExternalEventsTest:test_create_server_external_events): 200 GET http://10.180.1.21/compute/v2.1/servers/fb1356c9-d2da-4cac-ab18-aeefb1cf9ace 0.085s
2025-04-15 15:01:02.897 68579 INFO tempest.lib.common.rest_client [req-71e3c665-46df-4107-9b68-9bb6613fd1d8 req-71e3c665-46df-4107-9b68-9bb6613fd1d8 ] Request (InstanceActionsNegativeTestJSON:setUpClass): 200 GET http://10.180.1.21/compute/v2.1/servers/9bad85d3-f74e-4e86-b44b-0d16eb2de83a 0.082s
2025-04-15 15:01:02.912 68597 INFO tempest.lib.common.rest_client [req-7e0e2d94-1a38-473a-81e2-dc114ab560a5 req-7e0e2d94-1a38-473a-81e2-dc114ab560a5 ] Request (VolumesAssistedSnapshotsTest:test_volume_assisted_snapshot_create_delete): 200 GET http://10.180.1.21/compute/v2.1/servers/1f8c33b9-b35d-4033-922b-9df7082062f7 0.096s
2025-04-15 15:01:02.946 68563 INFO tempest.lib.common.rest_client [req-78ab14e6-0965-42d1-97cd-f8b6495f369b req-78ab14e6-0965-42d1-97cd-f8b6495f369b ] Request (ServersWithSpecificFlavorTestJSON:test_verify_created_server_ephemeral_disk): 200 GET http://10.180.1.21/compute/v2.1/servers/d256047b-7d11-46bb-bb92-78bdf39ce175 0.077s
2025-04-15 15:01:02.954 68617 INFO tempest.lib.common.rest_client [req-7dbbc44b-970b-4f63-8976-6d761713e1e3 req-7dbbc44b-970b-4f63-8976-6d761713e1e3 ] Request (ServerMetadataTestJSON:setUpClass): 200 GET http://10.180.1.21/compute/v2.1/servers/0fd13da3-70cf-4850-9083-d7fb92560d40 0.084s
2025-04-15 15:01:02.991 68567 INFO tempest.lib.common.rest_client [req-d0596ffd-9093-4811-af7b-19be717f75c7 req-d0596ffd-9093-4811-af7b-19be717f75c7 ] Request (InstanceActionsV221TestJSON:test_get_list_deleted_instance_actions): 200 GET http://10.180.1.21/compute/v2.1/servers/52c9e6ce-6206-4561-a559-de4fe04300c4 0.071s
2025-04-15 15:01:03.001 68575 INFO tempest.lib.common.rest_client [req-3f10c5f0-bff2-44a7-883b-aee3753366a0 req-3f10c5f0-bff2-44a7-883b-aee3753366a0 ] Request (InstanceActionsTestJSON:setUpClass): 200 GET http://10.180.1.21/compute/v2.1/servers/6a2ab17e-5ed8-4aaf-82b9-99c72ae33987 0.073s
2025-04-15 15:01:03.160 68615 INFO tempest.lib.common.rest_client [req-1b68da3d-79e7-4a2c-9280-68c4a0f911f1 req-1b68da3d-79e7-4a2c-9280-68c4a0f911f1 ] Request (MigrationsAdminTest:test_list_migrations_in_flavor_resize_situation): 200 GET http://10.180.1.21/compute/v2.1/servers/a5e0c9dd-2706-436a-ba7b-987514a74a4c 0.123s
2025-04-15 15:01:03.164 68619 INFO tempest.lib.common.rest_client [req-2eb888ce-f64f-43a9-b46d-392b22377c0b req-2eb888ce-f64f-43a9-b46d-392b22377c0b ] Request (AttachInterfacesV270Test:test_create_get_list_interfaces): 200 GET http://10.180.1.21/compute/v2.1/servers/4f58fc1a-7a4e-49ce-be07-74277decfcd0 0.116s
2025-04-15 15:01:03.202 68569 INFO tempest.lib.common.rest_client [req-7f636a69-f1b1-489a-a89a-b3aa60218f49 req-7f636a69-f1b1-489a-a89a-b3aa60218f49 ] Request (FloatingIPsAssociationNegativeTestJSON:setUpClass): 200 GET http://10.180.1.21/compute/v2.1/servers/b6a67fbe-c6cd-43dd-a7ff-f0057e9cb05f 0.077s
2025-04-15 15:01:03.227 68577 INFO tempest.lib.common.rest_client [req-c418acb9-dceb-4ad2-9048-cba3a03efb13 req-c418acb9-dceb-4ad2-9048-cba3a03efb13 ] Request (VolumesAdminNegativeTest:test_update_attached_volume_with_nonexistent_volume_in_body): 200 GET http://10.180.1.21/compute/v2.1/servers/c1b534f6-1a1a-4f01-a107-8d7913c86282 0.043s
2025-04-15 15:01:03.285 68573 INFO tempest.lib.common.rest_client [req-99308665-955f-4da2-9f1a-aa60f79c1001 req-99308665-955f-4da2-9f1a-aa60f79c1001 ] Request (ListImageFiltersTestJSON:setUpClass): 200 GET http://10.180.1.21/compute/v2.1/servers/2d3aedad-ecc5-4f6d-8548-4b018ea7d4b5 0.054s
2025-04-15 15:01:03.325 68621 INFO tempest.lib.common.rest_client [req-16118cc0-18cc-476b-baba-181916e18aef req-16118cc0-18cc-476b-baba-181916e18aef ] Request (ServerDiagnosticsTest:test_get_server_diagnostics): 200 GET http://10.180.1.21/compute/v2.1/servers/fcbcb969-a0de-46d4-ad8f-78fe42aecd85 0.102s
2025-04-15 15:01:03.331 68571 INFO tempest.lib.common.rest_client [req-8d2f3cb7-53b8-4c65-80f3-0a1271f05bfb req-8d2f3cb7-53b8-4c65-80f3-0a1271f05bfb ] Request (ImagesTestJSON:test_create_image_from_suspended_server): 200 GET http://10.180.1.21/compute/v2.1/servers/23f56c6b-891e-4948-89c8-cdc95de7ca8d 0.066s
2025-04-15 15:01:03.369 68607 INFO tempest.lib.common.rest_client [req-b684e1e3-0125-4caa-8ac6-011e4762dee7 req-b684e1e3-0125-4caa-8ac6-011e4762dee7 ] Request (ServersTestJSON:setUpClass): 200 GET http://10.180.1.21/compute/v2.1/servers/750a1ae8-e267-4742-a73f-ca756c0ac173 0.083s
2025-04-15 15:01:03.384 68625 INFO tempest.lib.common.rest_client [req-e0158441-f4c7-433b-b47f-26657a4d7551 req-e0158441-f4c7-433b-b47f-26657a4d7551 ] Request (ImagesNegativeTestJSON:test_create_image_from_deleted_server): 200 GET http://10.180.1.21/compute/v2.1/servers/b83a653f-8e9d-47fa-8d16-459312f49fbe 0.043s
2025-04-15 15:01:03.509 68585 INFO tempest.lib.common.rest_client [req-04e46cf2-28d2-4624-936e-dc5237e5e25f req-04e46cf2-28d2-4624-936e-dc5237e5e25f ] Request (ServerAddressesTestJSON:setUpClass): 200 GET http://10.180.1.21/compute/v2.1/servers/703f3211-dc8a-432f-a9d7-2ec75c38f64a 0.087s
2025-04-15 15:01:03.667 68605 INFO tempest.lib.common.rest_client [req-082ba019-2651-4461-86ff-e95a06069bd9 req-082ba019-2651-4461-86ff-e95a06069bd9 ] Request (DeleteServersAdminTestJSON:test_admin_delete_servers_of_others): 200 GET http://10.180.1.21/compute/v2.1/servers/22296a35-4d1f-43c3-8e76-9ec42eaee2be 0.120s
2025-04-15 15:01:03.671 68588 INFO tempest.lib.common.rest_client [req-e0238b27-c48d-4cdf-8fe6-bb0bc712b308 req-e0238b27-c48d-4cdf-8fe6-bb0bc712b308 ] Request (ServerDiagnosticsNegativeTest:test_get_server_diagnostics_by_non_admin): 200 GET http://10.180.1.21/compute/v2.1/servers/2847862f-e086-4716-b735-415361d7dfcb 0.126s
2025-04-15 15:01:03.719 68565 INFO tempest.lib.common.rest_client [req-771991a7-9b0a-4ca8-98b1-dfd36921bc8f req-771991a7-9b0a-4ca8-98b1-dfd36921bc8f ] Request (ServersTestBootFromVolume:setUpClass): 200 GET http://10.180.1.21/compute/v2.1/servers/f2b2dbc2-5206-4463-aeb6-a0db5f1d5381 0.127s
2025-04-15 15:01:03.722 68613 INFO tempest.lib.common.rest_client [req-0afab946-1560-4fdc-a1b2-8bb805b013ff req-0afab946-1560-4fdc-a1b2-8bb805b013ff ] Request (ServerShowV257Test:test_rebuild_server): 200 GET http://10.180.1.21/compute/v2.1/servers/e98b599a-db66-439f-b1ab-83df8dd262de 0.119s
2025-04-15 15:01:03.770 68609 INFO tempest.lib.common.rest_client [req-c714681c-c2b2-4218-b554-73ce124955a0 req-c714681c-c2b2-4218-b554-73ce124955a0 ] Request (ServerActionsTestJSON:setUpClass): 200 GET http://10.180.1.21/compute/v2.1/servers/e23f88f5-81a2-4ba1-8ee2-ea8499f2b8a0 0.114s
2025-04-15 15:01:03.816 68581 INFO tempest.lib.common.rest_client [req-ca7870ee-6455-42c9-bb9a-f8e6cda4df61 req-ca7870ee-6455-42c9-bb9a-f8e6cda4df61 ] Request (ServerDiagnosticsV248Test:test_get_server_diagnostics): 200 GET http://10.180.1.21/compute/v2.1/servers/50ea7862-64f5-4868-adae-d3644c820c0f 0.114s
2025-04-15 15:01:03.822 68583 INFO tempest.lib.common.rest_client [req-bc37aa79-6b53-4bef-9692-1e907d76eed9 req-bc37aa79-6b53-4bef-9692-1e907d76eed9 ] Request (ServerDiskConfigTestJSON:test_rebuild_server_with_auto_disk_config): 200 GET http://10.180.1.21/compute/v2.1/servers/b623d9dc-8303-420e-84c3-7c117b8ce43d 0.128s
2025-04-15 15:01:03.862 68589 INFO tempest.lib.common.rest_client [req-4a226748-390a-44fb-a04c-97a543d7fcba req-4a226748-390a-44fb-a04c-97a543d7fcba ] Request (AttachInterfacesUnderV243Test:test_add_remove_fixed_ip): 200 GET http://10.180.1.21/compute/v2.1/servers/bb1f4c7e-2141-4178-b7b6-412cf177ea3d 0.115s
2025-04-15 15:01:03.869 68595 INFO tempest.lib.common.rest_client [req-93f09a1f-7626-45c3-86bb-be798fa3a0b4 req-93f09a1f-7626-45c3-86bb-be798fa3a0b4 ] Request (ServersAdminTestJSON:setUpClass): 200 GET http://10.180.1.21/compute/v2.1/servers/adac9926-91ef-4617-9b5a-dd879bd346ba 0.122s
2025-04-15 15:01:03.904 68623 INFO tempest.lib.common.rest_client [req-18942eea-7bd5-45c2-9b50-4de49ba5b307 req-18942eea-7bd5-45c2-9b50-4de49ba5b307 ] Request (SecurityGroupsTestJSON:test_list_security_groups_by_server): 200 GET http://10.180.1.21/compute/v2.1/servers/c0f48447-3dd2-4d4a-9a74-78e4e11b7c08 0.116s
2025-04-15 15:01:03.952 68579 INFO tempest.lib.common.rest_client [req-d1b6acab-1c8f-4ffa-8d34-96b9243617d9 req-d1b6acab-1c8f-4ffa-8d34-96b9243617d9 ] Request (InstanceActionsNegativeTestJSON:setUpClass): 200 GET http://10.180.1.21/compute/v2.1/servers/9bad85d3-f74e-4e86-b44b-0d16eb2de83a 0.047s
2025-04-15 15:01:03.967 68593 INFO tempest.lib.common.rest_client [req-0a2a6fed-e780-4fc1-9d0f-5806458a9992 req-0a2a6fed-e780-4fc1-9d0f-5806458a9992 ] Request (ServerExternalEventsTest:test_create_server_external_events): 200 GET http://10.180.1.21/compute/v2.1/servers/fb1356c9-d2da-4cac-ab18-aeefb1cf9ace 0.109s
2025-04-15 15:01:04.014 68563 INFO tempest.lib.common.rest_client [req-3db5ce9f-58b0-4f45-9dd3-f2a0193e87dc req-3db5ce9f-58b0-4f45-9dd3-f2a0193e87dc ] Request (ServersWithSpecificFlavorTestJSON:test_verify_created_server_ephemeral_disk): 200 GET http://10.180.1.21/compute/v2.1/servers/d256047b-7d11-46bb-bb92-78bdf39ce175 0.059s
2025-04-15 15:01:04.046 68597 INFO tempest.lib.common.rest_client [req-a5754a7f-9916-4e94-99db-bbd83744bdb9 req-a5754a7f-9916-4e94-99db-bbd83744bdb9 ] Request (VolumesAssistedSnapshotsTest:test_volume_assisted_snapshot_create_delete): 200 GET http://10.180.1.21/compute/v2.1/servers/1f8c33b9-b35d-4033-922b-9df7082062f7 0.126s
2025-04-15 15:01:04.058 68617 INFO tempest.lib.common.rest_client [req-ef20be7d-d315-42c3-9a07-4a1d0c8c585f req-ef20be7d-d315-42c3-9a07-4a1d0c8c585f ] Request (ServerMetadataTestJSON:setUpClass): 200 GET http://10.180.1.21/compute/v2.1/servers/0fd13da3-70cf-4850-9083-d7fb92560d40 0.096s
2025-04-15 15:01:04.089 68567 INFO tempest.lib.common.rest_client [req-fa597faf-d4f4-4337-82e9-16cc610209f9 req-fa597faf-d4f4-4337-82e9-16cc610209f9 ] Request (InstanceActionsV221TestJSON:test_get_list_deleted_instance_actions): 200 GET http://10.180.1.21/compute/v2.1/servers/52c9e6ce-6206-4561-a559-de4fe04300c4 0.089s
2025-04-15 15:01:04.102 68575 INFO tempest.lib.common.rest_client [req-6f4be14b-632c-46ef-be72-6837cee9c450 req-6f4be14b-632c-46ef-be72-6837cee9c450 ] Request (InstanceActionsTestJSON:setUpClass): 200 GET http://10.180.1.21/compute/v2.1/servers/6a2ab17e-5ed8-4aaf-82b9-99c72ae33987 0.093s
2025-04-15 15:01:04.295 68619 INFO tempest.lib.common.rest_client [req-90451865-e743-4f35-9808-758e81768292 req-90451865-e743-4f35-9808-758e81768292 ] Request (AttachInterfacesV270Test:test_create_get_list_interfaces): 200 GET http://10.180.1.21/compute/v2.1/servers/4f58fc1a-7a4e-49ce-be07-74277decfcd0 0.119s
2025-04-15 15:01:04.295 68615 INFO tempest.lib.common.rest_client [req-ea7c6e49-a9e2-4c67-8505-d9321d9eb82a req-ea7c6e49-a9e2-4c67-8505-d9321d9eb82a ] Request (MigrationsAdminTest:test_list_migrations_in_flavor_resize_situation): 200 GET http://10.180.1.21/compute/v2.1/servers/a5e0c9dd-2706-436a-ba7b-987514a74a4c 0.127s
2025-04-15 15:01:04.348 68569 INFO tempest.lib.common.rest_client [req-17a2f754-91f0-4994-85f2-688022ae3810 req-17a2f754-91f0-4994-85f2-688022ae3810 ] Request (FloatingIPsAssociationNegativeTestJSON:setUpClass): 200 GET http://10.180.1.21/compute/v2.1/servers/b6a67fbe-c6cd-43dd-a7ff-f0057e9cb05f 0.138s
2025-04-15 15:01:04.349 68577 INFO tempest.lib.common.rest_client [req-bcfed279-6631-4048-9e83-b295484b928d req-bcfed279-6631-4048-9e83-b295484b928d ] Request (VolumesAdminNegativeTest:test_update_attached_volume_with_nonexistent_volume_in_body): 200 GET http://10.180.1.21/compute/v2.1/servers/c1b534f6-1a1a-4f01-a107-8d7913c86282 0.114s
2025-04-15 15:01:04.401 68573 INFO tempest.lib.common.rest_client [req-8100499c-d2c4-48aa-b076-1351ca299848 req-8100499c-d2c4-48aa-b076-1351ca299848 ] Request (ListImageFiltersTestJSON:setUpClass): 200 GET http://10.180.1.21/compute/v2.1/servers/2d3aedad-ecc5-4f6d-8548-4b018ea7d4b5 0.109s
2025-04-15 15:01:04.448 68571 INFO tempest.lib.common.rest_client [req-ddd074cd-207a-4a2c-ae5d-4240fa8de974 req-ddd074cd-207a-4a2c-ae5d-4240fa8de974 ] Request (ImagesTestJSON:test_create_image_from_suspended_server): 200 GET http://10.180.1.21/compute/v2.1/servers/23f56c6b-891e-4948-89c8-cdc95de7ca8d 0.109s
2025-04-15 15:01:04.453 68621 INFO tempest.lib.common.rest_client [req-cb531a01-fa34-425a-bbda-6d610437e95b req-cb531a01-fa34-425a-bbda-6d610437e95b ] Request (ServerDiagnosticsTest:test_get_server_diagnostics): 200 GET http://10.180.1.21/compute/v2.1/servers/fcbcb969-a0de-46d4-ad8f-78fe42aecd85 0.120s
2025-04-15 15:01:04.503 68607 INFO tempest.lib.common.rest_client [req-6d1bc688-690b-44f8-a1c8-aae00411f31f req-6d1bc688-690b-44f8-a1c8-aae00411f31f ] Request (ServersTestJSON:setUpClass): 200 GET http://10.180.1.21/compute/v2.1/servers/750a1ae8-e267-4742-a73f-ca756c0ac173 0.127s
2025-04-15 15:01:04.504 68625 INFO tempest.lib.common.rest_client [req-d341f022-f04d-4d51-bdbc-609c0d21a02f req-d341f022-f04d-4d51-bdbc-609c0d21a02f ] Request (ImagesNegativeTestJSON:test_create_image_from_deleted_server): 200 GET http://10.180.1.21/compute/v2.1/servers/b83a653f-8e9d-47fa-8d16-459312f49fbe 0.112s
2025-04-15 15:01:04.597 68585 INFO tempest.lib.common.rest_client [req-4cc3f249-e508-4632-befa-da9e976045f3 req-4cc3f249-e508-4632-befa-da9e976045f3 ] Request (ServerAddressesTestJSON:setUpClass): 200 GET http://10.180.1.21/compute/v2.1/servers/703f3211-dc8a-432f-a9d7-2ec75c38f64a 0.080s
2025-04-15 15:01:04.798 68605 INFO tempest.lib.common.rest_client [req-96921991-1cb8-4145-8fdb-13201a0c33bc req-96921991-1cb8-4145-8fdb-13201a0c33bc ] Request (DeleteServersAdminTestJSON:test_admin_delete_servers_of_others): 200 GET http://10.180.1.21/compute/v2.1/servers/22296a35-4d1f-43c3-8e76-9ec42eaee2be 0.122s
2025-04-15 15:01:04.801 68588 INFO tempest.lib.common.rest_client [req-74bf98b1-4bce-4e41-8926-972db4d8d487 req-74bf98b1-4bce-4e41-8926-972db4d8d487 ] Request (ServerDiagnosticsNegativeTest:test_get_server_diagnostics_by_non_admin): 200 GET http://10.180.1.21/compute/v2.1/servers/2847862f-e086-4716-b735-415361d7dfcb 0.121s
2025-04-15 15:01:04.846 68565 INFO tempest.lib.common.rest_client [req-f087901c-a748-43bf-b50d-67205bf2490c req-f087901c-a748-43bf-b50d-67205bf2490c ] Request (ServersTestBootFromVolume:setUpClass): 200 GET http://10.180.1.21/compute/v2.1/servers/f2b2dbc2-5206-4463-aeb6-a0db5f1d5381 0.119s
2025-04-15 15:01:04.854 68613 INFO tempest.lib.common.rest_client [req-ba5601fe-4999-4252-af5f-89107aaffc7c req-ba5601fe-4999-4252-af5f-89107aaffc7c ] Request (ServerShowV257Test:test_rebuild_server): 200 GET http://10.180.1.21/compute/v2.1/servers/e98b599a-db66-439f-b1ab-83df8dd262de 0.123s
2025-04-15 15:01:04.895 68609 INFO tempest.lib.common.rest_client [req-9f5a0c78-9e5b-4fe6-9ed4-b26caf129360 req-9f5a0c78-9e5b-4fe6-9ed4-b26caf129360 ] Request (ServerActionsTestJSON:setUpClass): 200 GET http://10.180.1.21/compute/v2.1/servers/e23f88f5-81a2-4ba1-8ee2-ea8499f2b8a0 0.116s
2025-04-15 15:01:04.902 68581 INFO tempest.lib.common.rest_client [req-80ab3032-ad20-4197-ade9-7f800fe90829 req-80ab3032-ad20-4197-ade9-7f800fe90829 ] Request (ServerDiagnosticsV248Test:test_get_server_diagnostics): 200 GET http://10.180.1.21/compute/v2.1/servers/50ea7862-64f5-4868-adae-d3644c820c0f 0.077s
2025-04-15 15:01:04.950 68589 INFO tempest.lib.common.rest_client [req-c5c3026c-14d7-4cef-934d-f6ec45e7ef4d req-c5c3026c-14d7-4cef-934d-f6ec45e7ef4d ] Request (AttachInterfacesUnderV243Test:test_add_remove_fixed_ip): 200 GET http://10.180.1.21/compute/v2.1/servers/bb1f4c7e-2141-4178-b7b6-412cf177ea3d 0.080s
2025-04-15 15:01:04.996 68595 INFO tempest.lib.common.rest_client [req-d33b3126-62e9-4497-86da-9917f9557bfc req-d33b3126-62e9-4497-86da-9917f9557bfc ] Request (ServersAdminTestJSON:setUpClass): 200 GET http://10.180.1.21/compute/v2.1/servers/adac9926-91ef-4617-9b5a-dd879bd346ba 0.118s
2025-04-15 15:01:04.998 68583 INFO tempest.lib.common.rest_client [req-5d608b68-3fb1-4257-b20e-5c956d250fd3 req-5d608b68-3fb1-4257-b20e-5c956d250fd3 ] Request (ServerDiskConfigTestJSON:test_rebuild_server_with_auto_disk_config): 200 GET http://10.180.1.21/compute/v2.1/servers/b623d9dc-8303-420e-84c3-7c117b8ce43d 0.169s
2025-04-15 15:01:05.043 68623 INFO tempest.lib.common.rest_client [req-5148ac04-9e3d-4594-9389-27ee6f573393 req-5148ac04-9e3d-4594-9389-27ee6f573393 ] Request (SecurityGroupsTestJSON:test_list_security_groups_by_server): 200 GET http://10.180.1.21/compute/v2.1/servers/c0f48447-3dd2-4d4a-9a74-78e4e11b7c08 0.132s
2025-04-15 15:01:05.050 68579 INFO tempest.lib.common.rest_client [req-186424cd-f897-408b-8a5b-fd6b718a9297 req-186424cd-f897-408b-8a5b-fd6b718a9297 ] Request (InstanceActionsNegativeTestJSON:setUpClass): 200 GET http://10.180.1.21/compute/v2.1/servers/9bad85d3-f74e-4e86-b44b-0d16eb2de83a 0.090s
2025-04-15 15:01:05.097 68563 INFO tempest.lib.common.rest_client [req-8f419ba6-6beb-4867-9a08-a9ff4e8603c9 req-8f419ba6-6beb-4867-9a08-a9ff4e8603c9 ] Request (ServersWithSpecificFlavorTestJSON:test_verify_created_server_ephemeral_disk): 200 GET http://10.180.1.21/compute/v2.1/servers/d256047b-7d11-46bb-bb92-78bdf39ce175 0.075s
2025-04-15 15:01:05.149 68593 INFO tempest.lib.common.rest_client [req-692afac3-3f2e-4be5-841e-f0c520449d14 req-692afac3-3f2e-4be5-841e-f0c520449d14 ] Request (ServerExternalEventsTest:test_create_server_external_events): 200 GET http://10.180.1.21/compute/v2.1/servers/fb1356c9-d2da-4cac-ab18-aeefb1cf9ace 0.173s
2025-04-15 15:01:05.188 68597 INFO tempest.lib.common.rest_client [req-a6966af8-d16a-4d3f-b18b-805cd328b51a req-a6966af8-d16a-4d3f-b18b-805cd328b51a ] Request (VolumesAssistedSnapshotsTest:test_volume_assisted_snapshot_create_delete): 200 GET http://10.180.1.21/compute/v2.1/servers/1f8c33b9-b35d-4033-922b-9df7082062f7 0.135s
2025-04-15 15:01:05.195 68617 INFO tempest.lib.common.rest_client [req-9acd1ddf-567e-4a3c-b9c3-45b0d1421fd1 req-9acd1ddf-567e-4a3c-b9c3-45b0d1421fd1 ] Request (ServerMetadataTestJSON:setUpClass): 200 GET http://10.180.1.21/compute/v2.1/servers/0fd13da3-70cf-4850-9083-d7fb92560d40 0.129s
2025-04-15 15:01:05.241 68575 INFO tempest.lib.common.rest_client [req-515f4b10-a5db-4ea9-b10a-887b0046c73d req-515f4b10-a5db-4ea9-b10a-887b0046c73d ] Request (InstanceActionsTestJSON:setUpClass): 200 GET http://10.180.1.21/compute/v2.1/servers/6a2ab17e-5ed8-4aaf-82b9-99c72ae33987 0.132s
2025-04-15 15:01:05.242 68567 INFO tempest.lib.common.rest_client [req-f25b7691-1851-4bea-be5e-77de171df554 req-f25b7691-1851-4bea-be5e-77de171df554 ] Request (InstanceActionsV221TestJSON:test_get_list_deleted_instance_actions): 200 GET http://10.180.1.21/compute/v2.1/servers/52c9e6ce-6206-4561-a559-de4fe04300c4 0.143s
2025-04-15 15:01:05.426 68619 INFO tempest.lib.common.rest_client [req-03c861ab-5dcb-476c-921c-2c6ca81f653f req-03c861ab-5dcb-476c-921c-2c6ca81f653f ] Request (AttachInterfacesV270Test:test_create_get_list_interfaces): 200 GET http://10.180.1.21/compute/v2.1/servers/4f58fc1a-7a4e-49ce-be07-74277decfcd0 0.122s
2025-04-15 15:01:05.427 68615 INFO tempest.lib.common.rest_client [req-9ca61c8e-6713-4cd4-9273-2f885b2c63be req-9ca61c8e-6713-4cd4-9273-2f885b2c63be ] Request (MigrationsAdminTest:test_list_migrations_in_flavor_resize_situation): 200 GET http://10.180.1.21/compute/v2.1/servers/a5e0c9dd-2706-436a-ba7b-987514a74a4c 0.124s
2025-04-15 15:01:05.481 68569 INFO tempest.lib.common.rest_client [req-33c4608f-fdb1-4376-b16b-306323d295cd req-33c4608f-fdb1-4376-b16b-306323d295cd ] Request (FloatingIPsAssociationNegativeTestJSON:setUpClass): 200 GET http://10.180.1.21/compute/v2.1/servers/b6a67fbe-c6cd-43dd-a7ff-f0057e9cb05f 0.125s
2025-04-15 15:01:05.482 68577 INFO tempest.lib.common.rest_client [req-c8bcaced-e6cd-4819-9b80-f75683647009 req-c8bcaced-e6cd-4819-9b80-f75683647009 ] Request (VolumesAdminNegativeTest:test_update_attached_volume_with_nonexistent_volume_in_body): 200 GET http://10.180.1.21/compute/v2.1/servers/c1b534f6-1a1a-4f01-a107-8d7913c86282 0.125s
2025-04-15 15:01:05.528 68573 INFO tempest.lib.common.rest_client [req-c58d6e02-810f-4161-ba1c-81bbb6e8d7d2 req-c58d6e02-810f-4161-ba1c-81bbb6e8d7d2 ] Request (ListImageFiltersTestJSON:setUpClass): 200 GET http://10.180.1.21/compute/v2.1/servers/2d3aedad-ecc5-4f6d-8548-4b018ea7d4b5 0.119s
2025-04-15 15:01:05.535 68571 INFO tempest.lib.common.rest_client [req-15071cb9-7295-4709-8b45-b8c85b6b295b req-15071cb9-7295-4709-8b45-b8c85b6b295b ] Request (ImagesTestJSON:test_create_image_from_suspended_server): 200 GET http://10.180.1.21/compute/v2.1/servers/23f56c6b-891e-4948-89c8-cdc95de7ca8d 0.079s
2025-04-15 15:01:05.585 68625 INFO tempest.lib.common.rest_client [req-a881a8c3-cbde-4c25-bdbb-6c39a3711b5b req-a881a8c3-cbde-4c25-bdbb-6c39a3711b5b ] Request (ImagesNegativeTestJSON:test_create_image_from_deleted_server): 200 GET http://10.180.1.21/compute/v2.1/servers/b83a653f-8e9d-47fa-8d16-459312f49fbe 0.074s
2025-04-15 15:01:05.767 68607 INFO tempest.lib.common.rest_client [req-4acd346b-f0ef-4c74-917c-ce29fe3dfcfb req-4acd346b-f0ef-4c74-917c-ce29fe3dfcfb ] Request (ServersTestJSON:setUpClass): 200 GET http://10.180.1.21/compute/v2.1/servers/750a1ae8-e267-4742-a73f-ca756c0ac173 0.256s
2025-04-15 15:01:05.822 68621 INFO tempest.lib.common.rest_client [req-4d741a09-c63c-4de3-ba33-a175a6f914ed req-4d741a09-c63c-4de3-ba33-a175a6f914ed ] Request (ServerDiagnosticsTest:test_get_server_diagnostics): 200 GET http://10.180.1.21/compute/v2.1/servers/fcbcb969-a0de-46d4-ad8f-78fe42aecd85 0.360s
2025-04-15 15:01:05.860 68585 INFO tempest.lib.common.rest_client [req-836f1d3d-07f4-47d4-935b-08e1dfcfb2dc req-836f1d3d-07f4-47d4-935b-08e1dfcfb2dc ] Request (ServerAddressesTestJSON:setUpClass): 200 GET http://10.180.1.21/compute/v2.1/servers/703f3211-dc8a-432f-a9d7-2ec75c38f64a 0.256s
2025-04-15 15:01:05.922 68605 INFO tempest.lib.common.rest_client [req-a2cb3ebc-7018-4bb8-bffc-9a64016342c5 req-a2cb3ebc-7018-4bb8-bffc-9a64016342c5 ] Request (DeleteServersAdminTestJSON:test_admin_delete_servers_of_others): 200 GET http://10.180.1.21/compute/v2.1/servers/22296a35-4d1f-43c3-8e76-9ec42eaee2be 0.116s
2025-04-15 15:01:05.952 68588 INFO tempest.lib.common.rest_client [req-cc649df1-f1f6-43c1-a1b3-31009dcade8e req-cc649df1-f1f6-43c1-a1b3-31009dcade8e ] Request (ServerDiagnosticsNegativeTest:test_get_server_diagnostics_by_non_admin): 200 GET http://10.180.1.21/compute/v2.1/servers/2847862f-e086-4716-b735-415361d7dfcb 0.143s
2025-04-15 15:01:05.965 68565 INFO tempest.lib.common.rest_client [req-c35b5865-3ce2-4da1-af2b-38d055115916 req-c35b5865-3ce2-4da1-af2b-38d055115916 ] Request (ServersTestBootFromVolume:setUpClass): 200 GET http://10.180.1.21/compute/v2.1/servers/f2b2dbc2-5206-4463-aeb6-a0db5f1d5381 0.112s
2025-04-15 15:01:06.000 68613 INFO tempest.lib.common.rest_client [req-7f07b49b-81b2-43ac-94df-4202518e4523 req-7f07b49b-81b2-43ac-94df-4202518e4523 ] Request (ServerShowV257Test:test_rebuild_server): 200 GET http://10.180.1.21/compute/v2.1/servers/e98b599a-db66-439f-b1ab-83df8dd262de 0.136s
2025-04-15 15:01:06.010 68609 INFO tempest.lib.common.rest_client [req-9895e66e-2b28-4f69-ab8d-9ecb7bd01fea req-9895e66e-2b28-4f69-ab8d-9ecb7bd01fea ] Request (ServerActionsTestJSON:setUpClass): 200 GET http://10.180.1.21/compute/v2.1/servers/e23f88f5-81a2-4ba1-8ee2-ea8499f2b8a0 0.108s
2025-04-15 15:01:06.049 68581 INFO tempest.lib.common.rest_client [req-db1261ae-1846-4ac0-8f5a-6983e2a5a84a req-db1261ae-1846-4ac0-8f5a-6983e2a5a84a ] Request (ServerDiagnosticsV248Test:test_get_server_diagnostics): 200 GET http://10.180.1.21/compute/v2.1/servers/50ea7862-64f5-4868-adae-d3644c820c0f 0.138s
2025-04-15 15:01:06.056 68589 INFO tempest.lib.common.rest_client [req-74088f60-2094-4c41-adbf-31401d44d40c req-74088f60-2094-4c41-adbf-31401d44d40c ] Request (AttachInterfacesUnderV243Test:test_add_remove_fixed_ip): 200 GET http://10.180.1.21/compute/v2.1/servers/bb1f4c7e-2141-4178-b7b6-412cf177ea3d 0.098s
2025-04-15 15:01:06.097 68595 INFO tempest.lib.common.rest_client [req-bdea47f1-b6f3-4a6e-8023-41a94c9c2928 req-bdea47f1-b6f3-4a6e-8023-41a94c9c2928 ] Request (ServersAdminTestJSON:setUpClass): 200 GET http://10.180.1.21/compute/v2.1/servers/adac9926-91ef-4617-9b5a-dd879bd346ba 0.094s
2025-04-15 15:01:06.147 68623 INFO tempest.lib.common.rest_client [req-5ce9a59e-9137-4430-be54-0766d18d2263 req-5ce9a59e-9137-4430-be54-0766d18d2263 ] Request (SecurityGroupsTestJSON:test_list_security_groups_by_server): 200 GET http://10.180.1.21/compute/v2.1/servers/c0f48447-3dd2-4d4a-9a74-78e4e11b7c08 0.096s
2025-04-15 15:01:06.191 68579 INFO tempest.lib.common.rest_client [req-f0384536-355a-43d5-96a1-1806e2ff9e11 req-f0384536-355a-43d5-96a1-1806e2ff9e11 ] Request (InstanceActionsNegativeTestJSON:setUpClass): 200 GET http://10.180.1.21/compute/v2.1/servers/9bad85d3-f74e-4e86-b44b-0d16eb2de83a 0.134s
2025-04-15 15:01:06.204 68583 INFO tempest.lib.common.rest_client [req-8c04e464-6f32-4b01-b74f-671b194d8bc6 req-8c04e464-6f32-4b01-b74f-671b194d8bc6 ] Request (ServerDiskConfigTestJSON:test_rebuild_server_with_auto_disk_config): 200 GET http://10.180.1.21/compute/v2.1/servers/b623d9dc-8303-420e-84c3-7c117b8ce43d 0.197s
2025-04-15 15:01:06.232 68563 INFO tempest.lib.common.rest_client [req-8043ba6c-420c-4658-82db-f42cf6abd394 req-8043ba6c-420c-4658-82db-f42cf6abd394 ] Request (ServersWithSpecificFlavorTestJSON:test_verify_created_server_ephemeral_disk): 200 GET http://10.180.1.21/compute/v2.1/servers/d256047b-7d11-46bb-bb92-78bdf39ce175 0.126s
2025-04-15 15:01:06.306 68593 INFO tempest.lib.common.rest_client [req-1f98c429-7e11-45c2-9126-ace5e437fa5a req-1f98c429-7e11-45c2-9126-ace5e437fa5a ] Request (ServerExternalEventsTest:test_create_server_external_events): 200 GET http://10.180.1.21/compute/v2.1/servers/fb1356c9-d2da-4cac-ab18-aeefb1cf9ace 0.149s
2025-04-15 15:01:06.352 68617 INFO tempest.lib.common.rest_client [req-bd2510ea-ccc6-4f4e-8234-50452afc54be req-bd2510ea-ccc6-4f4e-8234-50452afc54be ] Request (ServerMetadataTestJSON:setUpClass): 200 GET http://10.180.1.21/compute/v2.1/servers/0fd13da3-70cf-4850-9083-d7fb92560d40 0.150s
2025-04-15 15:01:06.375 68597 INFO tempest.lib.common.rest_client [req-da33424b-0d0a-4da3-bd31-d4a4dec45a5d req-da33424b-0d0a-4da3-bd31-d4a4dec45a5d ] Request (VolumesAssistedSnapshotsTest:test_volume_assisted_snapshot_create_delete): 200 GET http://10.180.1.21/compute/v2.1/servers/1f8c33b9-b35d-4033-922b-9df7082062f7 0.179s
2025-04-15 15:01:06.394 68575 INFO tempest.lib.common.rest_client [req-feb27b5a-5ae9-44b3-83e6-78c64a4c673c req-feb27b5a-5ae9-44b3-83e6-78c64a4c673c ] Request (InstanceActionsTestJSON:setUpClass): 200 GET http://10.180.1.21/compute/v2.1/servers/6a2ab17e-5ed8-4aaf-82b9-99c72ae33987 0.145s
