2025-04-15 15:00:26.522 68567 INFO tempest.lib.common.rest_client [req-39d80154-4dc9-4a12-8f43-1a6a91980e9a req-39d80154-4dc9-4a12-8f43-1a6a91980e9a ] Request (InstanceActionsV221TestJSON:test_get_list_deleted_instance_actions): 200 GET http://10.180.1.21/compute/v2.1/servers/52c9e6ce-6206-4561-a559-de4fe04300c4 0.047s
2025-04-15 15:00:26.541 68619 INFO tempest.lib.common.rest_client [req-6753f161-fc3c-4877-879f-61422683d382 req-6753f161-fc3c-4877-879f-61422683d382 ] Request (AttachInterfacesV270Test:test_create_get_list_interfaces): 200 GET http://10.180.1.21/compute/v2.1/servers/4f58fc1a-7a4e-49ce-be07-74277decfcd0 0.096s
2025-04-15 15:00:26.666 68615 INFO tempest.lib.common.rest_client [req-972c55fb-9322-475e-a24e-3b8744b1344c req-972c55fb-9322-475e-a24e-3b8744b1344c ] Request (MigrationsAdminTest:test_list_migrations_in_flavor_resize_situation): 200 GET http://10.180.1.21/compute/v2.1/servers/a5e0c9dd-2706-436a-ba7b-987514a74a4c 0.113s
2025-04-15 15:00:26.679 68593 INFO tempest.lib.common.rest_client [req-65b518ce-2ddf-4c73-9743-c406c2322f5c req-65b518ce-2ddf-4c73-9743-c406c2322f5c ] Request (ServerExternalEventsTest:test_create_server_external_events): 200 GET http://10.180.1.21/compute/v2.1/servers/fb1356c9-d2da-4cac-ab18-aeefb1cf9ace 0.106s
2025-04-15 15:00:26.777 68621 INFO tempest.lib.common.rest_client [req-705bf2cb-151c-42de-94b5-7b5c353aa3e7 req-705bf2cb-151c-42de-94b5-7b5c353aa3e7 ] Request (ServerDiagnosticsTest:test_get_server_diagnostics): 200 GET http://10.180.1.21/compute/v2.1/servers/fcbcb969-a0de-46d4-ad8f-78fe42aecd85 0.118s
2025-04-15 15:00:26.788 68575 INFO tempest.lib.common.rest_client [req-2f37957a-bfdb-419c-ba81-d614f72b04f1 req-2f37957a-bfdb-419c-ba81-d614f72b04f1 ] Request (ServersAdminNegativeTestJSON:setUpClass): 200 GET http://10.180.1.21/compute/v2.1/servers/254af84c-8e97-41ab-939f-f69b00821a7d 0.109s
2025-04-15 15:00:26.820 68585 INFO tempest.lib.common.rest_client [req-cf56686f-28d2-4550-8b70-176fd8ce6f29 req-cf56686f-28d2-4550-8b70-176fd8ce6f29 ] Request (ServerAddressesTestJSON:setUpClass): 200 GET http://10.180.1.21/compute/v2.1/servers/703f3211-dc8a-432f-a9d7-2ec75c38f64a 0.091s
2025-04-15 15:00:26.867 68569 INFO tempest.lib.common.rest_client [req-7dda648d-e942-489f-86c5-bcaa46ab09ea req-7dda648d-e942-489f-86c5-bcaa46ab09ea ] Request (FloatingIPsAssociationNegativeTestJSON:setUpClass): 200 GET http://10.180.1.21/compute/v2.1/servers/b6a67fbe-c6cd-43dd-a7ff-f0057e9cb05f 0.095s
2025-04-15 15:00:26.882 68583 INFO tempest.lib.common.rest_client [req-024e5900-5b3a-4151-a52a-b60fa2dc9327 req-024e5900-5b3a-4151-a52a-b60fa2dc9327 ] Request (ServerDiskConfigTestJSON:test_rebuild_server_with_auto_disk_config): 200 GET http://10.180.1.21/compute/v2.1/servers/b623d9dc-8303-420e-84c3-7c117b8ce43d 0.136s
2025-04-15 15:00:26.909 68573 INFO tempest.lib.common.rest_client [req-871a2213-a147-4de5-8d69-ecfa58773d60 req-871a2213-a147-4de5-8d69-ecfa58773d60 ] Request (ListImageFiltersTestJSON:setUpClass): 200 GET http://10.180.1.21/compute/v2.1/servers/2d3aedad-ecc5-4f6d-8548-4b018ea7d4b5 0.123s
2025-04-15 15:00:26.922 68577 INFO tempest.lib.common.rest_client [req-104beb2e-8576-4059-8377-ec766d0e3719 req-104beb2e-8576-4059-8377-ec766d0e3719 ] Request (VolumesAdminNegativeTest:test_update_attached_volume_with_nonexistent_volume_in_body): 200 GET http://10.180.1.21/compute/v2.1/servers/c1b534f6-1a1a-4f01-a107-8d7913c86282 0.108s
2025-04-15 15:00:26.952 68607 INFO tempest.lib.common.rest_client [req-c459c8a8-cd79-42a7-9fe1-b055da6775d8 req-c459c8a8-cd79-42a7-9fe1-b055da6775d8 ] Request (ServersTestJSON:setUpClass): 200 GET http://10.180.1.21/compute/v2.1/servers/750a1ae8-e267-4742-a73f-ca756c0ac173 0.123s
2025-04-15 15:00:26.967 68571 INFO tempest.lib.common.rest_client [req-171bcafd-9ab4-4fb8-80e9-06e893dabd0e req-171bcafd-9ab4-4fb8-80e9-06e893dabd0e ] Request (ImagesTestJSON:test_create_image_from_suspended_server): 200 GET http://10.180.1.21/compute/v2.1/servers/23f56c6b-891e-4948-89c8-cdc95de7ca8d 0.096s
2025-04-15 15:00:26.995 68625 INFO tempest.lib.common.rest_client [req-6de598d1-f603-4bf5-adeb-32b471338580 req-6de598d1-f603-4bf5-adeb-32b471338580 ] Request (ImagesNegativeTestJSON:test_create_image_from_deleted_server): 200 GET http://10.180.1.21/compute/v2.1/servers/b83a653f-8e9d-47fa-8d16-459312f49fbe 0.076s
2025-04-15 15:00:27.044 68565 INFO tempest.lib.common.rest_client [req-5b15953a-3106-4ec6-9ecb-8644dbd30d25 req-5b15953a-3106-4ec6-9ecb-8644dbd30d25 ] Request (ServersTestBootFromVolume:setUpClass): 200 GET http://10.180.1.21/compute/v2.1/servers/f2b2dbc2-5206-4463-aeb6-a0db5f1d5381 0.089s
2025-04-15 15:00:27.075 68605 INFO tempest.lib.common.rest_client [req-c29a0b8b-cf05-4a2c-9797-296c0a9a1992 req-c29a0b8b-cf05-4a2c-9797-296c0a9a1992 ] Request (DeleteServersAdminTestJSON:test_admin_delete_servers_of_others): 200 GET http://10.180.1.21/compute/v2.1/servers/22296a35-4d1f-43c3-8e76-9ec42eaee2be 0.153s
2025-04-15 15:00:27.183 68613 INFO tempest.lib.common.rest_client [req-1044f406-160f-4640-ace0-f3d31a2b36c0 req-1044f406-160f-4640-ace0-f3d31a2b36c0 ] Request (ServerShowV257Test:test_rebuild_server): 200 GET http://10.180.1.21/compute/v2.1/servers/e98b599a-db66-439f-b1ab-83df8dd262de 0.048s
2025-04-15 15:00:27.236 68581 INFO tempest.lib.common.rest_client [req-0f14fb66-507d-416c-90ce-34154c01972f req-0f14fb66-507d-416c-90ce-34154c01972f ] Request (ServerDiagnosticsV248Test:test_get_server_diagnostics): 200 GET http://10.180.1.21/compute/v2.1/servers/50ea7862-64f5-4868-adae-d3644c820c0f 0.047s
2025-04-15 15:00:27.294 68609 INFO tempest.lib.common.rest_client [req-fcca2c99-b705-4061-9010-a1576c664437 req-fcca2c99-b705-4061-9010-a1576c664437 ] Request (ServerActionsTestJSON:setUpClass): 200 GET http://10.180.1.21/compute/v2.1/servers/e23f88f5-81a2-4ba1-8ee2-ea8499f2b8a0 0.053s
2025-04-15 15:00:27.340 68595 INFO tempest.lib.common.rest_client [req-94ec8288-4299-43e6-a347-3820100704a3 req-94ec8288-4299-43e6-a347-3820100704a3 ] Request (ServersAdminTestJSON:setUpClass): 200 GET http://10.180.1.21/compute/v2.1/servers/adac9926-91ef-4617-9b5a-dd879bd346ba 0.052s
2025-04-15 15:00:27.353 68597 INFO tempest.lib.common.rest_client [req-95cb53f6-80c7-4aed-8bde-aecd513293bf req-95cb53f6-80c7-4aed-8bde-aecd513293bf ] Request (VolumesAssistedSnapshotsTest:test_volume_assisted_snapshot_create_delete): 200 GET http://10.180.1.21/compute/v2.1/servers/1f8c33b9-b35d-4033-922b-9df7082062f7 0.108s
2025-04-15 15:00:27.381 68589 INFO tempest.lib.common.rest_client [req-d39265ca-7e23-41b9-8219-db7e91fd2539 req-d39265ca-7e23-41b9-8219-db7e91fd2539 ] Request (AttachInterfacesUnderV243Test:test_add_remove_fixed_ip): 200 GET http://10.180.1.21/compute/v2.1/servers/bb1f4c7e-2141-4178-b7b6-412cf177ea3d 0.046s
2025-04-15 15:00:27.425 68623 INFO tempest.lib.common.rest_client [req-94934e52-7095-4f38-9681-42fbd07672e8 req-94934e52-7095-4f38-9681-42fbd07672e8 ] Request (SecurityGroupsTestJSON:test_list_security_groups_by_server): 200 GET http://10.180.1.21/compute/v2.1/servers/c0f48447-3dd2-4d4a-9a74-78e4e11b7c08 0.049s
2025-04-15 15:00:27.444 68588 INFO tempest.lib.common.rest_client [req-7e76eaa6-6362-4ed0-a1cf-6e2ef1850c44 req-7e76eaa6-6362-4ed0-a1cf-6e2ef1850c44 ] Request (ServerDiagnosticsNegativeTest:test_get_server_diagnostics_by_non_admin): 200 GET http://10.180.1.21/compute/v2.1/servers/2847862f-e086-4716-b735-415361d7dfcb 0.098s
2025-04-15 15:00:27.465 68579 INFO tempest.lib.common.rest_client [req-ed32ec3f-eb57-4623-8e82-19a92f7c7e4e req-ed32ec3f-eb57-4623-8e82-19a92f7c7e4e ] Request (InstanceActionsNegativeTestJSON:setUpClass): 200 GET http://10.180.1.21/compute/v2.1/servers/9bad85d3-f74e-4e86-b44b-0d16eb2de83a 0.076s
2025-04-15 15:00:27.485 68563 INFO tempest.lib.common.rest_client [req-8b189fc2-54bf-4d87-b932-11bfe1f1c993 req-8b189fc2-54bf-4d87-b932-11bfe1f1c993 ] Request (ServersWithSpecificFlavorTestJSON:test_verify_created_server_ephemeral_disk): 200 GET http://10.180.1.21/compute/v2.1/servers/d256047b-7d11-46bb-bb92-78bdf39ce175 0.051s
2025-04-15 15:00:27.523 68617 INFO tempest.lib.common.rest_client [req-9938ac57-5568-4b54-ba69-0b02623ba831 req-9938ac57-5568-4b54-ba69-0b02623ba831 ] Request (ServerMetadataTestJSON:setUpClass): 200 GET http://10.180.1.21/compute/v2.1/servers/0fd13da3-70cf-4850-9083-d7fb92560d40 0.042s
2025-04-15 15:00:27.585 68567 INFO tempest.lib.common.rest_client [req-7c30135f-252d-4865-8a7e-916379017ef2 req-7c30135f-252d-4865-8a7e-916379017ef2 ] Request (InstanceActionsV221TestJSON:test_get_list_deleted_instance_actions): 200 GET http://10.180.1.21/compute/v2.1/servers/52c9e6ce-6206-4561-a559-de4fe04300c4 0.054s
2025-04-15 15:00:27.648 68619 INFO tempest.lib.common.rest_client [req-3d947c5f-2cf2-495e-a0cf-bb7042f96c58 req-3d947c5f-2cf2-495e-a0cf-bb7042f96c58 ] Request (AttachInterfacesV270Test:test_create_get_list_interfaces): 200 GET http://10.180.1.21/compute/v2.1/servers/4f58fc1a-7a4e-49ce-be07-74277decfcd0 0.097s
2025-04-15 15:00:27.801 68615 INFO tempest.lib.common.rest_client [req-68062de9-6230-41c7-a0ff-0c9b8cc2784e req-68062de9-6230-41c7-a0ff-0c9b8cc2784e ] Request (MigrationsAdminTest:test_list_migrations_in_flavor_resize_situation): 200 GET http://10.180.1.21/compute/v2.1/servers/a5e0c9dd-2706-436a-ba7b-987514a74a4c 0.127s
2025-04-15 15:00:27.803 68593 INFO tempest.lib.common.rest_client [req-4f6630b1-6123-4ebc-92d1-fad1a1068e00 req-4f6630b1-6123-4ebc-92d1-fad1a1068e00 ] Request (ServerExternalEventsTest:test_create_server_external_events): 200 GET http://10.180.1.21/compute/v2.1/servers/fb1356c9-d2da-4cac-ab18-aeefb1cf9ace 0.116s
2025-04-15 15:00:27.918 68621 INFO tempest.lib.common.rest_client [req-8e017733-1acb-4b95-9b40-999ab084584f req-8e017733-1acb-4b95-9b40-999ab084584f ] Request (ServerDiagnosticsTest:test_get_server_diagnostics): 200 GET http://10.180.1.21/compute/v2.1/servers/fcbcb969-a0de-46d4-ad8f-78fe42aecd85 0.133s
2025-04-15 15:00:27.922 68575 INFO tempest.lib.common.rest_client [req-0e9c0552-ab40-4398-b520-44641fee8556 req-0e9c0552-ab40-4398-b520-44641fee8556 ] Request (ServersAdminNegativeTestJSON:setUpClass): 200 GET http://10.180.1.21/compute/v2.1/servers/254af84c-8e97-41ab-939f-f69b00821a7d 0.126s
2025-04-15 15:00:27.965 68585 INFO tempest.lib.common.rest_client [req-18e2c220-64fb-44d7-8530-0ada99c462eb req-18e2c220-64fb-44d7-8530-0ada99c462eb ] Request (ServerAddressesTestJSON:setUpClass): 200 GET http://10.180.1.21/compute/v2.1/servers/703f3211-dc8a-432f-a9d7-2ec75c38f64a 0.136s
2025-04-15 15:00:27.972 68569 INFO tempest.lib.common.rest_client [req-dd855c96-20a1-4ed4-8381-bb9092d2c3b7 req-dd855c96-20a1-4ed4-8381-bb9092d2c3b7 ] Request (FloatingIPsAssociationNegativeTestJSON:setUpClass): 200 GET http://10.180.1.21/compute/v2.1/servers/b6a67fbe-c6cd-43dd-a7ff-f0057e9cb05f 0.097s
2025-04-15 15:00:28.023 68573 INFO tempest.lib.common.rest_client [req-bbab071b-2710-487a-a929-50bf27afc976 req-bbab071b-2710-487a-a929-50bf27afc976 ] Request (ListImageFiltersTestJSON:setUpClass): 200 GET http://10.180.1.21/compute/v2.1/servers/2d3aedad-ecc5-4f6d-8548-4b018ea7d4b5 0.107s
2025-04-15 15:00:28.061 68583 INFO tempest.lib.common.rest_client [req-a5a3a416-a517-4d4b-a366-9857398e7c47 req-a5a3a416-a517-4d4b-a366-9857398e7c47 ] Request (ServerDiskConfigTestJSON:test_rebuild_server_with_auto_disk_config): 200 GET http://10.180.1.21/compute/v2.1/servers/b623d9dc-8303-420e-84c3-7c117b8ce43d 0.172s
2025-04-15 15:00:28.067 68577 INFO tempest.lib.common.rest_client [req-3516e507-faa4-4a27-8c4b-7518408682d5 req-3516e507-faa4-4a27-8c4b-7518408682d5 ] Request (VolumesAdminNegativeTest:test_update_attached_volume_with_nonexistent_volume_in_body): 200 GET http://10.180.1.21/compute/v2.1/servers/c1b534f6-1a1a-4f01-a107-8d7913c86282 0.136s
2025-04-15 15:00:28.103 68607 INFO tempest.lib.common.rest_client [req-a1b87526-c8db-41de-9597-3380de52179d req-a1b87526-c8db-41de-9597-3380de52179d ] Request (ServersTestJSON:setUpClass): 200 GET http://10.180.1.21/compute/v2.1/servers/750a1ae8-e267-4742-a73f-ca756c0ac173 0.144s
2025-04-15 15:00:28.115 68571 INFO tempest.lib.common.rest_client [req-a44b6e58-cd27-4606-8005-01ee12716fd4 req-a44b6e58-cd27-4606-8005-01ee12716fd4 ] Request (ImagesTestJSON:test_create_image_from_suspended_server): 200 GET http://10.180.1.21/compute/v2.1/servers/23f56c6b-891e-4948-89c8-cdc95de7ca8d 0.136s
2025-04-15 15:00:28.150 68625 INFO tempest.lib.common.rest_client [req-811bc92f-1b9f-4be8-815b-2eff73ba7fff req-811bc92f-1b9f-4be8-815b-2eff73ba7fff ] Request (ImagesNegativeTestJSON:test_create_image_from_deleted_server): 200 GET http://10.180.1.21/compute/v2.1/servers/b83a653f-8e9d-47fa-8d16-459312f49fbe 0.147s
2025-04-15 15:00:28.158 68565 INFO tempest.lib.common.rest_client [req-55a30f11-d249-4c66-8c59-0f3ccaac9fd9 req-55a30f11-d249-4c66-8c59-0f3ccaac9fd9 ] Request (ServersTestBootFromVolume:setUpClass): 200 GET http://10.180.1.21/compute/v2.1/servers/f2b2dbc2-5206-4463-aeb6-a0db5f1d5381 0.106s
2025-04-15 15:00:28.242 68613 INFO tempest.lib.common.rest_client [req-99c93b55-fb46-4995-91cb-f3daae755266 req-99c93b55-fb46-4995-91cb-f3daae755266 ] Request (ServerShowV257Test:test_rebuild_server): 200 GET http://10.180.1.21/compute/v2.1/servers/e98b599a-db66-439f-b1ab-83df8dd262de 0.049s
2025-04-15 15:00:28.243 68605 INFO tempest.lib.common.rest_client [req-865eeca5-3b5b-4948-8e72-d31ae73a607c req-865eeca5-3b5b-4948-8e72-d31ae73a607c ] Request (DeleteServersAdminTestJSON:test_admin_delete_servers_of_others): 200 GET http://10.180.1.21/compute/v2.1/servers/22296a35-4d1f-43c3-8e76-9ec42eaee2be 0.161s
2025-04-15 15:00:28.291 68581 INFO tempest.lib.common.rest_client [req-b478f94e-2305-4e44-8c13-fd9c7fd83228 req-b478f94e-2305-4e44-8c13-fd9c7fd83228 ] Request (ServerDiagnosticsV248Test:test_get_server_diagnostics): 200 GET http://10.180.1.21/compute/v2.1/servers/50ea7862-64f5-4868-adae-d3644c820c0f 0.044s
2025-04-15 15:00:28.348 68609 INFO tempest.lib.common.rest_client [req-041d3c4d-b60f-4b48-9f81-cce2b908152b req-041d3c4d-b60f-4b48-9f81-cce2b908152b ] Request (ServerActionsTestJSON:setUpClass): 200 GET http://10.180.1.21/compute/v2.1/servers/e23f88f5-81a2-4ba1-8ee2-ea8499f2b8a0 0.046s
2025-04-15 15:00:28.392 68595 INFO tempest.lib.common.rest_client [req-4563c6c1-c3a1-4410-932b-32a525ba09f5 req-4563c6c1-c3a1-4410-932b-32a525ba09f5 ] Request (ServersAdminTestJSON:setUpClass): 200 GET http://10.180.1.21/compute/v2.1/servers/adac9926-91ef-4617-9b5a-dd879bd346ba 0.044s
2025-04-15 15:00:28.439 68589 INFO tempest.lib.common.rest_client [req-ed443d71-0f4d-4ac3-b723-0847cd3674f9 req-ed443d71-0f4d-4ac3-b723-0847cd3674f9 ] Request (AttachInterfacesUnderV243Test:test_add_remove_fixed_ip): 200 GET http://10.180.1.21/compute/v2.1/servers/bb1f4c7e-2141-4178-b7b6-412cf177ea3d 0.051s
2025-04-15 15:00:28.454 68597 INFO tempest.lib.common.rest_client [req-d56f3a39-6e94-4506-bead-a622157273a5 req-d56f3a39-6e94-4506-bead-a622157273a5 ] Request (VolumesAssistedSnapshotsTest:test_volume_assisted_snapshot_create_delete): 200 GET http://10.180.1.21/compute/v2.1/servers/1f8c33b9-b35d-4033-922b-9df7082062f7 0.092s
2025-04-15 15:00:28.483 68623 INFO tempest.lib.common.rest_client [req-55ed23b5-0c58-4ee0-9a50-ff6280a3a9a8 req-55ed23b5-0c58-4ee0-9a50-ff6280a3a9a8 ] Request (SecurityGroupsTestJSON:test_list_security_groups_by_server): 200 GET http://10.180.1.21/compute/v2.1/servers/c0f48447-3dd2-4d4a-9a74-78e4e11b7c08 0.051s
2025-04-15 15:00:28.526 68579 INFO tempest.lib.common.rest_client [req-f0af498d-6f9a-44a1-ab31-96c750d4997c req-f0af498d-6f9a-44a1-ab31-96c750d4997c ] Request (InstanceActionsNegativeTestJSON:setUpClass): 200 GET http://10.180.1.21/compute/v2.1/servers/9bad85d3-f74e-4e86-b44b-0d16eb2de83a 0.053s
2025-04-15 15:00:28.546 68588 INFO tempest.lib.common.rest_client [req-8fa0c1b7-b340-4629-b99e-268068ac5dc2 req-8fa0c1b7-b340-4629-b99e-268068ac5dc2 ] Request (ServerDiagnosticsNegativeTest:test_get_server_diagnostics_by_non_admin): 200 GET http://10.180.1.21/compute/v2.1/servers/2847862f-e086-4716-b735-415361d7dfcb 0.092s
2025-04-15 15:00:28.564 68563 INFO tempest.lib.common.rest_client [req-76283aa6-9092-405a-9ffb-9ab20daafc88 req-76283aa6-9092-405a-9ffb-9ab20daafc88 ] Request (ServersWithSpecificFlavorTestJSON:test_verify_created_server_ephemeral_disk): 200 GET http://10.180.1.21/compute/v2.1/servers/d256047b-7d11-46bb-bb92-78bdf39ce175 0.072s
2025-04-15 15:00:28.588 68617 INFO tempest.lib.common.rest_client [req-9c1787c6-cdf2-4e75-9ef0-30e545a220c5 req-9c1787c6-cdf2-4e75-9ef0-30e545a220c5 ] Request (ServerMetadataTestJSON:setUpClass): 200 GET http://10.180.1.21/compute/v2.1/servers/0fd13da3-70cf-4850-9083-d7fb92560d40 0.056s
2025-04-15 15:00:28.638 68567 INFO tempest.lib.common.rest_client [req-8bcc8fe3-2fbe-4928-87f3-dfb06ef29127 req-8bcc8fe3-2fbe-4928-87f3-dfb06ef29127 ] Request (InstanceActionsV221TestJSON:test_get_list_deleted_instance_actions): 200 GET http://10.180.1.21/compute/v2.1/servers/52c9e6ce-6206-4561-a559-de4fe04300c4 0.043s
2025-04-15 15:00:28.743 68619 INFO tempest.lib.common.rest_client [req-14f624e3-5181-4930-848f-b954d0637ed4 req-14f624e3-5181-4930-848f-b954d0637ed4 ] Request (AttachInterfacesV270Test:test_create_get_list_interfaces): 200 GET http://10.180.1.21/compute/v2.1/servers/4f58fc1a-7a4e-49ce-be07-74277decfcd0 0.084s
2025-04-15 15:00:28.930 68615 INFO tempest.lib.common.rest_client [req-adf93686-6915-42c8-8495-b22eb60d2d48 req-adf93686-6915-42c8-8495-b22eb60d2d48 ] Request (MigrationsAdminTest:test_list_migrations_in_flavor_resize_situation): 200 GET http://10.180.1.21/compute/v2.1/servers/a5e0c9dd-2706-436a-ba7b-987514a74a4c 0.122s
2025-04-15 15:00:28.931 68593 INFO tempest.lib.common.rest_client [req-e2137ff5-47e6-4912-a854-b55814e3fac2 req-e2137ff5-47e6-4912-a854-b55814e3fac2 ] Request (ServerExternalEventsTest:test_create_server_external_events): 200 GET http://10.180.1.21/compute/v2.1/servers/fb1356c9-d2da-4cac-ab18-aeefb1cf9ace 0.121s
2025-04-15 15:00:29.044 68621 INFO tempest.lib.common.rest_client [req-8d2f6232-6903-4d77-91a5-68d3b75f4db9 req-8d2f6232-6903-4d77-91a5-68d3b75f4db9 ] Request (ServerDiagnosticsTest:test_get_server_diagnostics): 200 GET http://10.180.1.21/compute/v2.1/servers/fcbcb969-a0de-46d4-ad8f-78fe42aecd85 0.118s
2025-04-15 15:00:29.050 68575 INFO tempest.lib.common.rest_client [req-a3550f98-04ba-4619-85ca-48cbdff560b3 req-a3550f98-04ba-4619-85ca-48cbdff560b3 ] Request (ServersAdminNegativeTestJSON:setUpClass): 200 GET http://10.180.1.21/compute/v2.1/servers/254af84c-8e97-41ab-939f-f69b00821a7d 0.121s
2025-04-15 15:00:29.097 68585 INFO tempest.lib.common.rest_client [req-bb0bef13-4f9f-46a5-bba3-c52949d7b91d req-bb0bef13-4f9f-46a5-bba3-c52949d7b91d ] Request (ServerAddressesTestJSON:setUpClass): 200 GET http://10.180.1.21/compute/v2.1/servers/703f3211-dc8a-432f-a9d7-2ec75c38f64a 0.125s
2025-04-15 15:00:29.098 68569 INFO tempest.lib.common.rest_client [req-65c2bab2-baa4-4394-b33d-08b721b3351f req-65c2bab2-baa4-4394-b33d-08b721b3351f ] Request (FloatingIPsAssociationNegativeTestJSON:setUpClass): 200 GET http://10.180.1.21/compute/v2.1/servers/b6a67fbe-c6cd-43dd-a7ff-f0057e9cb05f 0.118s
2025-04-15 15:00:29.145 68573 INFO tempest.lib.common.rest_client [req-77e068a0-e860-438f-a0b0-d44d22b6668e req-77e068a0-e860-438f-a0b0-d44d22b6668e ] Request (ListImageFiltersTestJSON:setUpClass): 200 GET http://10.180.1.21/compute/v2.1/servers/2d3aedad-ecc5-4f6d-8548-4b018ea7d4b5 0.114s
2025-04-15 15:00:29.189 68577 INFO tempest.lib.common.rest_client [req-c3f04f7c-2a0b-4b3b-9231-043201eb389e req-c3f04f7c-2a0b-4b3b-9231-043201eb389e ] Request (VolumesAdminNegativeTest:test_update_attached_volume_with_nonexistent_volume_in_body): 200 GET http://10.180.1.21/compute/v2.1/servers/c1b534f6-1a1a-4f01-a107-8d7913c86282 0.114s
2025-04-15 15:00:29.203 68583 INFO tempest.lib.common.rest_client [req-a2a8f676-663a-420f-96e9-02a099bee142 req-a2a8f676-663a-420f-96e9-02a099bee142 ] Request (ServerDiskConfigTestJSON:test_rebuild_server_with_auto_disk_config): 200 GET http://10.180.1.21/compute/v2.1/servers/b623d9dc-8303-420e-84c3-7c117b8ce43d 0.134s
2025-04-15 15:00:29.230 68607 INFO tempest.lib.common.rest_client [req-7d2c751b-bf0f-4174-a48a-7bbef1757f20 req-7d2c751b-bf0f-4174-a48a-7bbef1757f20 ] Request (ServersTestJSON:setUpClass): 200 GET http://10.180.1.21/compute/v2.1/servers/750a1ae8-e267-4742-a73f-ca756c0ac173 0.119s
2025-04-15 15:00:29.244 68571 INFO tempest.lib.common.rest_client [req-c796dfe9-357c-4254-8d4e-89cebbd4174a req-c796dfe9-357c-4254-8d4e-89cebbd4174a ] Request (ImagesTestJSON:test_create_image_from_suspended_server): 200 GET http://10.180.1.21/compute/v2.1/servers/23f56c6b-891e-4948-89c8-cdc95de7ca8d 0.121s
2025-04-15 15:00:29.271 68625 INFO tempest.lib.common.rest_client [req-193ce82d-bfb8-4678-afc2-2b45c695684c req-193ce82d-bfb8-4678-afc2-2b45c695684c ] Request (ImagesNegativeTestJSON:test_create_image_from_deleted_server): 200 GET http://10.180.1.21/compute/v2.1/servers/b83a653f-8e9d-47fa-8d16-459312f49fbe 0.112s
2025-04-15 15:00:29.285 68565 INFO tempest.lib.common.rest_client [req-bb02b62e-069b-48fd-afc2-8708261e7c91 req-bb02b62e-069b-48fd-afc2-8708261e7c91 ] Request (ServersTestBootFromVolume:setUpClass): 200 GET http://10.180.1.21/compute/v2.1/servers/f2b2dbc2-5206-4463-aeb6-a0db5f1d5381 0.120s
2025-04-15 15:00:29.334 68613 INFO tempest.lib.common.rest_client [req-032a0191-75e5-4bb0-9316-e96857acd9a6 req-032a0191-75e5-4bb0-9316-e96857acd9a6 ] Request (ServerShowV257Test:test_rebuild_server): 200 GET http://10.180.1.21/compute/v2.1/servers/e98b599a-db66-439f-b1ab-83df8dd262de 0.082s
2025-04-15 15:00:29.381 68581 INFO tempest.lib.common.rest_client [req-b3d7d54c-f5b8-4f3e-9bf7-4991ffec5b95 req-b3d7d54c-f5b8-4f3e-9bf7-4991ffec5b95 ] Request (ServerDiagnosticsV248Test:test_get_server_diagnostics): 200 GET http://10.180.1.21/compute/v2.1/servers/50ea7862-64f5-4868-adae-d3644c820c0f 0.081s
2025-04-15 15:00:29.418 68605 INFO tempest.lib.common.rest_client [req-835e871a-c4e8-4ed6-adf0-ace77f018419 req-835e871a-c4e8-4ed6-adf0-ace77f018419 ] Request (DeleteServersAdminTestJSON:test_admin_delete_servers_of_others): 200 GET http://10.180.1.21/compute/v2.1/servers/22296a35-4d1f-43c3-8e76-9ec42eaee2be 0.167s
2025-04-15 15:00:29.424 68609 INFO tempest.lib.common.rest_client [req-0e937902-d228-4a41-9e46-61ad7ebd3e34 req-0e937902-d228-4a41-9e46-61ad7ebd3e34 ] Request (ServerActionsTestJSON:setUpClass): 200 GET http://10.180.1.21/compute/v2.1/servers/e23f88f5-81a2-4ba1-8ee2-ea8499f2b8a0 0.068s
2025-04-15 15:00:29.462 68595 INFO tempest.lib.common.rest_client [req-da3dc348-b585-4646-9162-0300a243b4c1 req-da3dc348-b585-4646-9162-0300a243b4c1 ] Request (ServersAdminTestJSON:setUpClass): 200 GET http://10.180.1.21/compute/v2.1/servers/adac9926-91ef-4617-9b5a-dd879bd346ba 0.063s
2025-04-15 15:00:29.632 68589 INFO tempest.lib.common.rest_client [req-eda64e21-7071-4a22-bde4-bd95f7cf0007 req-eda64e21-7071-4a22-bde4-bd95f7cf0007 ] Request (AttachInterfacesUnderV243Test:test_add_remove_fixed_ip): 200 GET http://10.180.1.21/compute/v2.1/servers/bb1f4c7e-2141-4178-b7b6-412cf177ea3d 0.185s
2025-04-15 15:00:29.680 68623 INFO tempest.lib.common.rest_client [req-1a0702ef-760c-4d14-89e2-deb80697f46f req-1a0702ef-760c-4d14-89e2-deb80697f46f ] Request (SecurityGroupsTestJSON:test_list_security_groups_by_server): 200 GET http://10.180.1.21/compute/v2.1/servers/c0f48447-3dd2-4d4a-9a74-78e4e11b7c08 0.187s
2025-04-15 15:00:29.693 68597 INFO tempest.lib.common.rest_client [req-54d04795-38fc-483a-9cd2-9f1b80450045 req-54d04795-38fc-483a-9cd2-9f1b80450045 ] Request (VolumesAssistedSnapshotsTest:test_volume_assisted_snapshot_create_delete): 200 GET http://10.180.1.21/compute/v2.1/servers/1f8c33b9-b35d-4033-922b-9df7082062f7 0.232s
2025-04-15 15:00:29.728 68579 INFO tempest.lib.common.rest_client [req-0a333f81-0c65-4897-9c6c-7fdae244af5c req-0a333f81-0c65-4897-9c6c-7fdae244af5c ] Request (InstanceActionsNegativeTestJSON:setUpClass): 200 GET http://10.180.1.21/compute/v2.1/servers/9bad85d3-f74e-4e86-b44b-0d16eb2de83a 0.194s
2025-04-15 15:00:29.774 68563 INFO tempest.lib.common.rest_client [req-3ea309f2-a2b7-4d9f-a8fe-8ab05d0d2a55 req-3ea309f2-a2b7-4d9f-a8fe-8ab05d0d2a55 ] Request (ServersWithSpecificFlavorTestJSON:test_verify_created_server_ephemeral_disk): 200 GET http://10.180.1.21/compute/v2.1/servers/d256047b-7d11-46bb-bb92-78bdf39ce175 0.202s
2025-04-15 15:00:29.787 68588 INFO tempest.lib.common.rest_client [req-be467406-6cb7-404e-b484-a0316538d7cf req-be467406-6cb7-404e-b484-a0316538d7cf ] Request (ServerDiagnosticsNegativeTest:test_get_server_diagnostics_by_non_admin): 200 GET http://10.180.1.21/compute/v2.1/servers/2847862f-e086-4716-b735-415361d7dfcb 0.233s
2025-04-15 15:00:29.818 68617 INFO tempest.lib.common.rest_client [req-ebcc2060-dd8f-4edf-87ee-24f1822889e5 req-ebcc2060-dd8f-4edf-87ee-24f1822889e5 ] Request (ServerMetadataTestJSON:setUpClass): 200 GET http://10.180.1.21/compute/v2.1/servers/0fd13da3-70cf-4850-9083-d7fb92560d40 0.223s
2025-04-15 15:00:29.830 68567 INFO tempest.lib.common.rest_client [req-d49057e9-6f3c-4266-a305-3d7cda0ddc1c req-d49057e9-6f3c-4266-a305-3d7cda0ddc1c ] Request (InstanceActionsV221TestJSON:test_get_list_deleted_instance_actions): 200 GET http://10.180.1.21/compute/v2.1/servers/52c9e6ce-6206-4561-a559-de4fe04300c4 0.184s
2025-04-15 15:00:29.899 68619 INFO tempest.lib.common.rest_client [req-94594bce-bfc3-4492-a891-478418ec5b06 req-94594bce-bfc3-4492-a891-478418ec5b06 ] Request (AttachInterfacesV270Test:test_create_get_list_interfaces): 200 GET http://10.180.1.21/compute/v2.1/servers/4f58fc1a-7a4e-49ce-be07-74277decfcd0 0.146s
2025-04-15 15:00:30.060 68615 INFO tempest.lib.common.rest_client [req-ccc6ffa2-facf-44e4-88c3-60f6b02ea97b req-ccc6ffa2-facf-44e4-88c3-60f6b02ea97b ] Request (MigrationsAdminTest:test_list_migrations_in_flavor_resize_situation): 200 GET http://10.180.1.21/compute/v2.1/servers/a5e0c9dd-2706-436a-ba7b-987514a74a4c 0.121s
2025-04-15 15:00:30.063 68593 INFO tempest.lib.common.rest_client [req-895067c9-658d-454e-9ac8-7baa731e0855 req-895067c9-658d-454e-9ac8-7baa731e0855 ] Request (ServerExternalEventsTest:test_create_server_external_events): 200 GET http://10.180.1.21/compute/v2.1/servers/fb1356c9-d2da-4cac-ab18-aeefb1cf9ace 0.124s
2025-04-15 15:00:30.182 68575 INFO tempest.lib.common.rest_client [req-9bc4273e-d31a-44db-a229-0b24bcf1783a req-9bc4273e-d31a-44db-a229-0b24bcf1783a ] Request (ServersAdminNegativeTestJSON:setUpClass): 200 GET http://10.180.1.21/compute/v2.1/servers/254af84c-8e97-41ab-939f-f69b00821a7d 0.124s
2025-04-15 15:00:30.186 68621 INFO tempest.lib.common.rest_client [req-9e3167e2-73e6-4dd0-a74f-bdc63359bec7 req-9e3167e2-73e6-4dd0-a74f-bdc63359bec7 ] Request (ServerDiagnosticsTest:test_get_server_diagnostics): 200 GET http://10.180.1.21/compute/v2.1/servers/fcbcb969-a0de-46d4-ad8f-78fe42aecd85 0.133s
2025-04-15 15:00:30.235 68585 INFO tempest.lib.common.rest_client [req-a0e24f12-046d-4050-bf26-adb98aaf2037 req-a0e24f12-046d-4050-bf26-adb98aaf2037 ] Request (ServerAddressesTestJSON:setUpClass): 200 GET http://10.180.1.21/compute/v2.1/servers/703f3211-dc8a-432f-a9d7-2ec75c38f64a 0.131s
2025-04-15 15:00:30.236 68569 INFO tempest.lib.common.rest_client [req-e95ba42d-b731-4827-94bd-006b0d624920 req-e95ba42d-b731-4827-94bd-006b0d624920 ] Request (FloatingIPsAssociationNegativeTestJSON:setUpClass): 200 GET http://10.180.1.21/compute/v2.1/servers/b6a67fbe-c6cd-43dd-a7ff-f0057e9cb05f 0.130s
2025-04-15 15:00:30.284 68577 INFO tempest.lib.common.rest_client [req-ad444b37-4464-462a-b2a3-fd7078d659b1 req-ad444b37-4464-462a-b2a3-fd7078d659b1 ] Request (VolumesAdminNegativeTest:test_update_attached_volume_with_nonexistent_volume_in_body): 200 GET http://10.180.1.21/compute/v2.1/servers/c1b534f6-1a1a-4f01-a107-8d7913c86282 0.087s
2025-04-15 15:00:30.290 68573 INFO tempest.lib.common.rest_client [req-fd5eb57c-4dee-4c6b-b789-727a39de9fc4 req-fd5eb57c-4dee-4c6b-b789-727a39de9fc4 ] Request (ListImageFiltersTestJSON:setUpClass): 200 GET http://10.180.1.21/compute/v2.1/servers/2d3aedad-ecc5-4f6d-8548-4b018ea7d4b5 0.138s
2025-04-15 15:00:30.343 68607 INFO tempest.lib.common.rest_client [req-74d77244-7455-4af4-87e8-8200a5dea408 req-74d77244-7455-4af4-87e8-8200a5dea408 ] Request (ServersTestJSON:setUpClass): 200 GET http://10.180.1.21/compute/v2.1/servers/750a1ae8-e267-4742-a73f-ca756c0ac173 0.106s
2025-04-15 15:00:30.390 68571 INFO tempest.lib.common.rest_client [req-c2648d48-57db-495c-9de1-d6aa66bd8f60 req-c2648d48-57db-495c-9de1-d6aa66bd8f60 ] Request (ImagesTestJSON:test_create_image_from_suspended_server): 200 GET http://10.180.1.21/compute/v2.1/servers/23f56c6b-891e-4948-89c8-cdc95de7ca8d 0.138s
2025-04-15 15:00:30.435 68625 INFO tempest.lib.common.rest_client [req-e08096e7-b562-4fe0-95fa-18bb28eda197 req-e08096e7-b562-4fe0-95fa-18bb28eda197 ] Request (ImagesNegativeTestJSON:test_create_image_from_deleted_server): 200 GET http://10.180.1.21/compute/v2.1/servers/b83a653f-8e9d-47fa-8d16-459312f49fbe 0.157s
2025-04-15 15:00:30.441 68583 INFO tempest.lib.common.rest_client [req-e69584db-2b80-4877-917d-9da1e88137ae req-e69584db-2b80-4877-917d-9da1e88137ae ] Request (ServerDiskConfigTestJSON:test_rebuild_server_with_auto_disk_config): 200 GET http://10.180.1.21/compute/v2.1/servers/b623d9dc-8303-420e-84c3-7c117b8ce43d 0.231s
2025-04-15 15:00:30.477 68565 INFO tempest.lib.common.rest_client [req-fb265d3a-02cd-4f33-b0ca-b53e57abfd71 req-fb265d3a-02cd-4f33-b0ca-b53e57abfd71 ] Request (ServersTestBootFromVolume:setUpClass): 200 GET http://10.180.1.21/compute/v2.1/servers/f2b2dbc2-5206-4463-aeb6-a0db5f1d5381 0.184s
2025-04-15 15:00:30.492 68613 INFO tempest.lib.common.rest_client [req-6fa2e205-8057-4ac0-8290-8dd0ac055892 req-6fa2e205-8057-4ac0-8290-8dd0ac055892 ] Request (ServerShowV257Test:test_rebuild_server): 200 GET http://10.180.1.21/compute/v2.1/servers/e98b599a-db66-439f-b1ab-83df8dd262de 0.149s
2025-04-15 15:00:30.519 68581 INFO tempest.lib.common.rest_client [req-d466e5da-d615-4c04-a851-a284741f9513 req-d466e5da-d615-4c04-a851-a284741f9513 ] Request (ServerDiagnosticsV248Test:test_get_server_diagnostics): 200 GET http://10.180.1.21/compute/v2.1/servers/50ea7862-64f5-4868-adae-d3644c820c0f 0.129s
2025-04-15 15:00:30.564 68609 INFO tempest.lib.common.rest_client [req-89132410-e50e-4240-8f48-2fdb3f959912 req-89132410-e50e-4240-8f48-2fdb3f959912 ] Request (ServerActionsTestJSON:setUpClass): 200 GET http://10.180.1.21/compute/v2.1/servers/e23f88f5-81a2-4ba1-8ee2-ea8499f2b8a0 0.133s
2025-04-15 15:00:30.586 68605 INFO tempest.lib.common.rest_client [req-ba7ac269-12b9-4e3c-8fd0-627a9d99e2c8 req-ba7ac269-12b9-4e3c-8fd0-627a9d99e2c8 ] Request (DeleteServersAdminTestJSON:test_admin_delete_servers_of_others): 200 GET http://10.180.1.21/compute/v2.1/servers/22296a35-4d1f-43c3-8e76-9ec42eaee2be 0.160s
2025-04-15 15:00:30.608 68595 INFO tempest.lib.common.rest_client [req-030e722e-3bdf-4b86-8508-3b95bc2dd75d req-030e722e-3bdf-4b86-8508-3b95bc2dd75d ] Request (ServersAdminTestJSON:setUpClass): 200 GET http://10.180.1.21/compute/v2.1/servers/adac9926-91ef-4617-9b5a-dd879bd346ba 0.137s
2025-04-15 15:00:30.686 68589 INFO tempest.lib.common.rest_client [req-d1358e7f-6617-41b4-a206-398291989834 req-d1358e7f-6617-41b4-a206-398291989834 ] Request (AttachInterfacesUnderV243Test:test_add_remove_fixed_ip): 200 GET http://10.180.1.21/compute/v2.1/servers/bb1f4c7e-2141-4178-b7b6-412cf177ea3d 0.047s
2025-04-15 15:00:30.737 68623 INFO tempest.lib.common.rest_client [req-5307850c-22b1-4548-bd02-703fac3a888e req-5307850c-22b1-4548-bd02-703fac3a888e ] Request (SecurityGroupsTestJSON:test_list_security_groups_by_server): 200 GET http://10.180.1.21/compute/v2.1/servers/c0f48447-3dd2-4d4a-9a74-78e4e11b7c08 0.047s
2025-04-15 15:00:30.786 68579 INFO tempest.lib.common.rest_client [req-408fb96d-cbbc-4b6e-a27d-a65f6a3d53a3 req-408fb96d-cbbc-4b6e-a27d-a65f6a3d53a3 ] Request (InstanceActionsNegativeTestJSON:setUpClass): 200 GET http://10.180.1.21/compute/v2.1/servers/9bad85d3-f74e-4e86-b44b-0d16eb2de83a 0.049s
2025-04-15 15:00:30.833 68563 INFO tempest.lib.common.rest_client [req-629c3a42-676c-4457-bb18-70581d4b5547 req-629c3a42-676c-4457-bb18-70581d4b5547 ] Request (ServersWithSpecificFlavorTestJSON:test_verify_created_server_ephemeral_disk): 200 GET http://10.180.1.21/compute/v2.1/servers/d256047b-7d11-46bb-bb92-78bdf39ce175 0.051s
2025-04-15 15:00:30.853 68597 INFO tempest.lib.common.rest_client [req-cdb3bae8-f3d1-435f-905e-fb0c062647d2 req-cdb3bae8-f3d1-435f-905e-fb0c062647d2 ] Request (VolumesAssistedSnapshotsTest:test_volume_assisted_snapshot_create_delete): 200 GET http://10.180.1.21/compute/v2.1/servers/1f8c33b9-b35d-4033-922b-9df7082062f7 0.153s
2025-04-15 15:00:30.907 68617 INFO tempest.lib.common.rest_client [req-796d3628-5396-4cb7-a32f-37fc8465f5ad req-796d3628-5396-4cb7-a32f-37fc8465f5ad ] Request (ServerMetadataTestJSON:setUpClass): 200 GET http://10.180.1.21/compute/v2.1/servers/0fd13da3-70cf-4850-9083-d7fb92560d40 0.082s
2025-04-15 15:00:30.928 68588 INFO tempest.lib.common.rest_client [req-b4f201f8-7d3f-456d-a99c-59ff7dbe4373 req-b4f201f8-7d3f-456d-a99c-59ff7dbe4373 ] Request (ServerDiagnosticsNegativeTest:test_get_server_diagnostics_by_non_admin): 200 GET http://10.180.1.21/compute/v2.1/servers/2847862f-e086-4716-b735-415361d7dfcb 0.133s
2025-04-15 15:00:30.949 68567 INFO tempest.lib.common.rest_client [req-522f3911-d6dc-4449-a30e-d20b1851ef10 req-522f3911-d6dc-4449-a30e-d20b1851ef10 ] Request (InstanceActionsV221TestJSON:test_get_list_deleted_instance_actions): 200 GET http://10.180.1.21/compute/v2.1/servers/52c9e6ce-6206-4561-a559-de4fe04300c4 0.110s
2025-04-15 15:00:31.049 68619 INFO tempest.lib.common.rest_client [req-b3325975-a23c-48ed-9a52-002d747235ae req-b3325975-a23c-48ed-9a52-002d747235ae ] Request (AttachInterfacesV270Test:test_create_get_list_interfaces): 200 GET http://10.180.1.21/compute/v2.1/servers/4f58fc1a-7a4e-49ce-be07-74277decfcd0 0.140s
2025-04-15 15:00:31.193 68615 INFO tempest.lib.common.rest_client [req-bb077da1-c20a-44c5-b72e-80dbac62bf47 req-bb077da1-c20a-44c5-b72e-80dbac62bf47 ] Request (MigrationsAdminTest:test_list_migrations_in_flavor_resize_situation): 200 GET http://10.180.1.21/compute/v2.1/servers/a5e0c9dd-2706-436a-ba7b-987514a74a4c 0.124s
2025-04-15 15:00:31.195 68593 INFO tempest.lib.common.rest_client [req-fadb7f94-744f-4737-9e7d-2397745f896d req-fadb7f94-744f-4737-9e7d-2397745f896d ] Request (ServerExternalEventsTest:test_create_server_external_events): 200 GET http://10.180.1.21/compute/v2.1/servers/fb1356c9-d2da-4cac-ab18-aeefb1cf9ace 0.124s
2025-04-15 15:00:31.318 68575 INFO tempest.lib.common.rest_client [req-b2f4ee2a-03ba-42de-83b8-f6bd1af4780e req-b2f4ee2a-03ba-42de-83b8-f6bd1af4780e ] Request (ServersAdminNegativeTestJSON:setUpClass): 200 GET http://10.180.1.21/compute/v2.1/servers/254af84c-8e97-41ab-939f-f69b00821a7d 0.127s
2025-04-15 15:00:31.320 68621 INFO tempest.lib.common.rest_client [req-b093fdab-e247-4ceb-8084-6f85e0aaa064 req-b093fdab-e247-4ceb-8084-6f85e0aaa064 ] Request (ServerDiagnosticsTest:test_get_server_diagnostics): 200 GET http://10.180.1.21/compute/v2.1/servers/fcbcb969-a0de-46d4-ad8f-78fe42aecd85 0.127s
2025-04-15 15:00:31.374 68585 INFO tempest.lib.common.rest_client [req-5deba835-0666-40ce-97ad-9e5509663be6 req-5deba835-0666-40ce-97ad-9e5509663be6 ] Request (ServerAddressesTestJSON:setUpClass): 200 GET http://10.180.1.21/compute/v2.1/servers/703f3211-dc8a-432f-a9d7-2ec75c38f64a 0.131s
2025-04-15 15:00:31.374 68569 INFO tempest.lib.common.rest_client [req-41e40532-36a5-4b26-9d63-633e7de54759 req-41e40532-36a5-4b26-9d63-633e7de54759 ] Request (FloatingIPsAssociationNegativeTestJSON:setUpClass): 200 GET http://10.180.1.21/compute/v2.1/servers/b6a67fbe-c6cd-43dd-a7ff-f0057e9cb05f 0.131s
2025-04-15 15:00:31.429 68577 INFO tempest.lib.common.rest_client [req-3e3d34b1-0fa9-4a3a-b134-1b08056df3c3 req-3e3d34b1-0fa9-4a3a-b134-1b08056df3c3 ] Request (VolumesAdminNegativeTest:test_update_attached_volume_with_nonexistent_volume_in_body): 200 GET http://10.180.1.21/compute/v2.1/servers/c1b534f6-1a1a-4f01-a107-8d7913c86282 0.137s
2025-04-15 15:00:31.430 68573 INFO tempest.lib.common.rest_client [req-eaaa3871-1abe-4ba2-aeb2-7994c3e251a0 req-eaaa3871-1abe-4ba2-aeb2-7994c3e251a0 ] Request (ListImageFiltersTestJSON:setUpClass): 200 GET http://10.180.1.21/compute/v2.1/servers/2d3aedad-ecc5-4f6d-8548-4b018ea7d4b5 0.132s
2025-04-15 15:00:31.477 68607 INFO tempest.lib.common.rest_client [req-cc466547-5e24-48b7-9bd2-015b5d7188d7 req-cc466547-5e24-48b7-9bd2-015b5d7188d7 ] Request (ServersTestJSON:setUpClass): 200 GET http://10.180.1.21/compute/v2.1/servers/750a1ae8-e267-4742-a73f-ca756c0ac173 0.126s
2025-04-15 15:00:31.484 68571 INFO tempest.lib.common.rest_client [req-d9f69822-8b6d-407f-bd6e-79ead902a891 req-d9f69822-8b6d-407f-bd6e-79ead902a891 ] Request (ImagesTestJSON:test_create_image_from_suspended_server): 200 GET http://10.180.1.21/compute/v2.1/servers/23f56c6b-891e-4948-89c8-cdc95de7ca8d 0.086s
2025-04-15 15:00:31.521 68625 INFO tempest.lib.common.rest_client [req-e52f493b-61c9-47f2-be3c-8fa2f8b3826a req-e52f493b-61c9-47f2-be3c-8fa2f8b3826a ] Request (ImagesNegativeTestJSON:test_create_image_from_deleted_server): 200 GET http://10.180.1.21/compute/v2.1/servers/b83a653f-8e9d-47fa-8d16-459312f49fbe 0.078s
2025-04-15 15:00:31.572 68565 INFO tempest.lib.common.rest_client [req-287acf90-d91d-4563-8818-dbf18e3c4ac6 req-287acf90-d91d-4563-8818-dbf18e3c4ac6 ] Request (ServersTestBootFromVolume:setUpClass): 200 GET http://10.180.1.21/compute/v2.1/servers/f2b2dbc2-5206-4463-aeb6-a0db5f1d5381 0.088s
2025-04-15 15:00:31.589 68583 INFO tempest.lib.common.rest_client [req-4e7fd97c-4fb3-4fe3-93fd-0fd5bb5847f4 req-4e7fd97c-4fb3-4fe3-93fd-0fd5bb5847f4 ] Request (ServerDiskConfigTestJSON:test_rebuild_server_with_auto_disk_config): 200 GET http://10.180.1.21/compute/v2.1/servers/b623d9dc-8303-420e-84c3-7c117b8ce43d 0.139s
2025-04-15 15:00:31.620 68613 INFO tempest.lib.common.rest_client [req-4db3eb19-8345-4dc1-bf56-ee09b99f080e req-4db3eb19-8345-4dc1-bf56-ee09b99f080e ] Request (ServerShowV257Test:test_rebuild_server): 200 GET http://10.180.1.21/compute/v2.1/servers/e98b599a-db66-439f-b1ab-83df8dd262de 0.119s
2025-04-15 15:00:31.636 68581 INFO tempest.lib.common.rest_client [req-42438105-d91f-4a79-b962-a6fae77c57a2 req-42438105-d91f-4a79-b962-a6fae77c57a2 ] Request (ServerDiagnosticsV248Test:test_get_server_diagnostics): 200 GET http://10.180.1.21/compute/v2.1/servers/50ea7862-64f5-4868-adae-d3644c820c0f 0.108s
2025-04-15 15:00:31.669 68609 INFO tempest.lib.common.rest_client [req-f1bd910f-549c-4f87-8cc0-c63343fcea63 req-f1bd910f-549c-4f87-8cc0-c63343fcea63 ] Request (ServerActionsTestJSON:setUpClass): 200 GET http://10.180.1.21/compute/v2.1/servers/e23f88f5-81a2-4ba1-8ee2-ea8499f2b8a0 0.097s
2025-04-15 15:00:31.719 68595 INFO tempest.lib.common.rest_client [req-f4cea7a8-7cfe-43e2-bd13-d30b9b78e509 req-f4cea7a8-7cfe-43e2-bd13-d30b9b78e509 ] Request (ServersAdminTestJSON:setUpClass): 200 GET http://10.180.1.21/compute/v2.1/servers/adac9926-91ef-4617-9b5a-dd879bd346ba 0.104s
2025-04-15 15:00:31.732 68605 INFO tempest.lib.common.rest_client [req-1faea945-c094-42c2-8910-dc6d6878dcff req-1faea945-c094-42c2-8910-dc6d6878dcff ] Request (DeleteServersAdminTestJSON:test_admin_delete_servers_of_others): 200 GET http://10.180.1.21/compute/v2.1/servers/22296a35-4d1f-43c3-8e76-9ec42eaee2be 0.137s
2025-04-15 15:00:31.761 68589 INFO tempest.lib.common.rest_client [req-88071da2-e913-4f48-86b0-61331cf68bf7 req-88071da2-e913-4f48-86b0-61331cf68bf7 ] Request (AttachInterfacesUnderV243Test:test_add_remove_fixed_ip): 200 GET http://10.180.1.21/compute/v2.1/servers/bb1f4c7e-2141-4178-b7b6-412cf177ea3d 0.067s
2025-04-15 15:00:31.793 68623 INFO tempest.lib.common.rest_client [req-02651ccb-e1e3-41e4-adb8-57b31878a2ee req-02651ccb-e1e3-41e4-adb8-57b31878a2ee ] Request (SecurityGroupsTestJSON:test_list_security_groups_by_server): 200 GET http://10.180.1.21/compute/v2.1/servers/c0f48447-3dd2-4d4a-9a74-78e4e11b7c08 0.045s
2025-04-15 15:00:31.840 68579 INFO tempest.lib.common.rest_client [req-35e3a378-4371-4dda-9be2-a09c7dd683b8 req-35e3a378-4371-4dda-9be2-a09c7dd683b8 ] Request (InstanceActionsNegativeTestJSON:setUpClass): 200 GET http://10.180.1.21/compute/v2.1/servers/9bad85d3-f74e-4e86-b44b-0d16eb2de83a 0.046s
2025-04-15 15:00:31.891 68563 INFO tempest.lib.common.rest_client [req-9847ec9f-6228-4237-a763-49ff0b911d96 req-9847ec9f-6228-4237-a763-49ff0b911d96 ] Request (ServersWithSpecificFlavorTestJSON:test_verify_created_server_ephemeral_disk): 200 GET http://10.180.1.21/compute/v2.1/servers/d256047b-7d11-46bb-bb92-78bdf39ce175 0.049s
2025-04-15 15:00:31.946 68597 INFO tempest.lib.common.rest_client [req-c7a5b66f-00f0-416b-a28d-dd4dde7517b9 req-c7a5b66f-00f0-416b-a28d-dd4dde7517b9 ] Request (VolumesAssistedSnapshotsTest:test_volume_assisted_snapshot_create_delete): 200 GET http://10.180.1.21/compute/v2.1/servers/1f8c33b9-b35d-4033-922b-9df7082062f7 0.085s
2025-04-15 15:00:31.964 68617 INFO tempest.lib.common.rest_client [req-38bc6e7d-689e-4987-adc4-e66729c3d3ca req-38bc6e7d-689e-4987-adc4-e66729c3d3ca ] Request (ServerMetadataTestJSON:setUpClass): 200 GET http://10.180.1.21/compute/v2.1/servers/0fd13da3-70cf-4850-9083-d7fb92560d40 0.049s
2025-04-15 15:00:32.020 68567 INFO tempest.lib.common.rest_client [req-c026d001-dc03-47d6-9be7-a66f518551d1 req-c026d001-dc03-47d6-9be7-a66f518551d1 ] Request (InstanceActionsV221TestJSON:test_get_list_deleted_instance_actions): 200 GET http://10.180.1.21/compute/v2.1/servers/52c9e6ce-6206-4561-a559-de4fe04300c4 0.062s
2025-04-15 15:00:32.051 68588 INFO tempest.lib.common.rest_client [req-98fc2bb0-ad13-4bff-baf8-10c0449a2b2c req-98fc2bb0-ad13-4bff-baf8-10c0449a2b2c ] Request (ServerDiagnosticsNegativeTest:test_get_server_diagnostics_by_non_admin): 200 GET http://10.180.1.21/compute/v2.1/servers/2847862f-e086-4716-b735-415361d7dfcb 0.116s
2025-04-15 15:00:32.171 68619 INFO tempest.lib.common.rest_client [req-261968ad-5f68-4c73-b5e5-6953d5f05107 req-261968ad-5f68-4c73-b5e5-6953d5f05107 ] Request (AttachInterfacesV270Test:test_create_get_list_interfaces): 200 GET http://10.180.1.21/compute/v2.1/servers/4f58fc1a-7a4e-49ce-be07-74277decfcd0 0.112s
2025-04-15 15:00:32.329 68593 INFO tempest.lib.common.rest_client [req-f6dba1b3-9658-42a6-a7a7-0e72c455489f req-f6dba1b3-9658-42a6-a7a7-0e72c455489f ] Request (ServerExternalEventsTest:test_create_server_external_events): 200 GET http://10.180.1.21/compute/v2.1/servers/fb1356c9-d2da-4cac-ab18-aeefb1cf9ace 0.126s
2025-04-15 15:00:32.335 68615 INFO tempest.lib.common.rest_client [req-8af205b0-56c1-4415-8460-d49e4f3ba069 req-8af205b0-56c1-4415-8460-d49e4f3ba069 ] Request (MigrationsAdminTest:test_list_migrations_in_flavor_resize_situation): 200 GET http://10.180.1.21/compute/v2.1/servers/a5e0c9dd-2706-436a-ba7b-987514a74a4c 0.134s
2025-04-15 15:00:32.393 68575 INFO tempest.lib.common.rest_client [req-f3dde776-cdac-4e61-863f-46b80904bc72 req-f3dde776-cdac-4e61-863f-46b80904bc72 ] Request (ServersAdminNegativeTestJSON:setUpClass): 200 GET http://10.180.1.21/compute/v2.1/servers/254af84c-8e97-41ab-939f-f69b00821a7d 0.068s
2025-04-15 15:00:32.400 68575 INFO tempest.common.waiters [-] State transition "BUILD/spawning" ==> "ERROR/None" after 146 second wait
2025-04-15 15:00:32.439 68569 INFO tempest.lib.common.rest_client [req-689eb311-6134-4317-9ed6-cc4ac1dfc38a req-689eb311-6134-4317-9ed6-cc4ac1dfc38a ] Request (FloatingIPsAssociationNegativeTestJSON:setUpClass): 200 GET http://10.180.1.21/compute/v2.1/servers/b6a67fbe-c6cd-43dd-a7ff-f0057e9cb05f 0.057s
2025-04-15 15:00:32.445 68621 INFO tempest.lib.common.rest_client [req-d94d2a40-c121-4655-b25e-fa255e1e6249 req-d94d2a40-c121-4655-b25e-fa255e1e6249 ] Request (ServerDiagnosticsTest:test_get_server_diagnostics): 200 GET http://10.180.1.21/compute/v2.1/servers/fcbcb969-a0de-46d4-ad8f-78fe42aecd85 0.116s
2025-04-15 15:00:32.482 68585 INFO tempest.lib.common.rest_client [req-17c88806-2566-4ecd-9075-9cfa3adbd987 req-17c88806-2566-4ecd-9075-9cfa3adbd987 ] Request (ServerAddressesTestJSON:setUpClass): 200 GET http://10.180.1.21/compute/v2.1/servers/703f3211-dc8a-432f-a9d7-2ec75c38f64a 0.100s
2025-04-15 15:00:32.489 68585 INFO tempest.common.waiters [-] State transition "BUILD/scheduling" ==> "BUILD/None" after 126 second wait
2025-04-15 15:00:32.532 68577 INFO tempest.lib.common.rest_client [req-bfdcf846-962e-44ef-9b19-a9b120942f85 req-bfdcf846-962e-44ef-9b19-a9b120942f85 ] Request (VolumesAdminNegativeTest:test_update_attached_volume_with_nonexistent_volume_in_body): 200 GET http://10.180.1.21/compute/v2.1/servers/c1b534f6-1a1a-4f01-a107-8d7913c86282 0.095s
2025-04-15 15:00:32.578 68573 INFO tempest.lib.common.rest_client [req-92886491-caa5-4adb-b45b-fb6cff674843 req-92886491-caa5-4adb-b45b-fb6cff674843 ] Request (ListImageFiltersTestJSON:setUpClass): 200 GET http://10.180.1.21/compute/v2.1/servers/2d3aedad-ecc5-4f6d-8548-4b018ea7d4b5 0.140s
2025-04-15 15:00:32.622 68607 INFO tempest.lib.common.rest_client [req-dd650e31-2c62-41a3-ac1e-58af3c89e6e8 req-dd650e31-2c62-41a3-ac1e-58af3c89e6e8 ] Request (ServersTestJSON:setUpClass): 200 GET http://10.180.1.21/compute/v2.1/servers/750a1ae8-e267-4742-a73f-ca756c0ac173 0.137s
2025-04-15 15:00:32.631 68575 INFO tempest.lib.common.rest_client [req-6e73dfc0-240c-4312-ad84-ede805aa053d req-6e73dfc0-240c-4312-ad84-ede805aa053d ] Request (ServersAdminNegativeTestJSON:setUpClass): 204 DELETE http://10.180.1.21/compute/v2.1/servers/254af84c-8e97-41ab-939f-f69b00821a7d 0.230s
2025-04-15 15:00:32.666 68571 INFO tempest.lib.common.rest_client [req-1778f0a8-d0e6-49a4-bf96-bde88db5cf4d req-1778f0a8-d0e6-49a4-bf96-bde88db5cf4d ] Request (ImagesTestJSON:test_create_image_from_suspended_server): 200 GET http://10.180.1.21/compute/v2.1/servers/23f56c6b-891e-4948-89c8-cdc95de7ca8d 0.174s
2025-04-15 15:00:32.678 68625 INFO tempest.lib.common.rest_client [req-ea255302-e9d8-4c59-a299-97158f247ded req-ea255302-e9d8-4c59-a299-97158f247ded ] Request (ImagesNegativeTestJSON:test_create_image_from_deleted_server): 200 GET http://10.180.1.21/compute/v2.1/servers/b83a653f-8e9d-47fa-8d16-459312f49fbe 0.149s
2025-04-15 15:00:32.708 68565 INFO tempest.lib.common.rest_client [req-14abc52d-5b75-4a35-b7da-43038e35c2e2 req-14abc52d-5b75-4a35-b7da-43038e35c2e2 ] Request (ServersTestBootFromVolume:setUpClass): 200 GET http://10.180.1.21/compute/v2.1/servers/f2b2dbc2-5206-4463-aeb6-a0db5f1d5381 0.128s
2025-04-15 15:00:32.923 68613 INFO tempest.lib.common.rest_client [req-81bca861-a0c6-47f1-8b25-c7b0c7064063 req-81bca861-a0c6-47f1-8b25-c7b0c7064063 ] Request (ServerShowV257Test:test_rebuild_server): 200 GET http://10.180.1.21/compute/v2.1/servers/e98b599a-db66-439f-b1ab-83df8dd262de 0.292s
2025-04-15 15:00:32.941 68575 INFO tempest.lib.common.rest_client [req-ea510029-4290-45f5-808d-f6d3daee4bf0 req-ea510029-4290-45f5-808d-f6d3daee4bf0 ] Request (ServersAdminNegativeTestJSON:setUpClass): 404 GET http://10.180.1.21/compute/v2.1/servers/254af84c-8e97-41ab-939f-f69b00821a7d 0.309s
2025-04-15 15:00:32.941 68575 INFO tempest.test [-] raised in ServersAdminNegativeTestJSON.setUpClass. Invoking tearDownClass.
2025-04-15 15:00:32.944 68583 INFO tempest.lib.common.rest_client [req-8c8ea253-7762-4565-bd7d-bb7d0151b471 req-8c8ea253-7762-4565-bd7d-bb7d0151b471 ] Request (ServerDiskConfigTestJSON:test_rebuild_server_with_auto_disk_config): 200 GET http://10.180.1.21/compute/v2.1/servers/b623d9dc-8303-420e-84c3-7c117b8ce43d 0.347s
2025-04-15 15:00:32.997 68609 INFO tempest.lib.common.rest_client [req-a73e23e7-b8e8-4d28-8225-7255650c1bbd req-a73e23e7-b8e8-4d28-8225-7255650c1bbd ] Request (ServerActionsTestJSON:setUpClass): 200 GET http://10.180.1.21/compute/v2.1/servers/e23f88f5-81a2-4ba1-8ee2-ea8499f2b8a0 0.320s
2025-04-15 15:00:33.001 68581 INFO tempest.lib.common.rest_client [req-4273b205-c8be-454c-a248-19c2410f8fc9 req-4273b205-c8be-454c-a248-19c2410f8fc9 ] Request (ServerDiagnosticsV248Test:test_get_server_diagnostics): 200 GET http://10.180.1.21/compute/v2.1/servers/50ea7862-64f5-4868-adae-d3644c820c0f 0.355s
2025-04-15 15:00:33.046 68595 INFO tempest.lib.common.rest_client [req-509656fe-9418-45c4-833f-72464e2f103f req-509656fe-9418-45c4-833f-72464e2f103f ] Request (ServersAdminTestJSON:setUpClass): 200 GET http://10.180.1.21/compute/v2.1/servers/adac9926-91ef-4617-9b5a-dd879bd346ba 0.318s
2025-04-15 15:00:33.062 68575 INFO tempest.lib.common.rest_client [req-4a8ef971-7b86-4cd6-a282-e14d519bfd54 req-4a8ef971-7b86-4cd6-a282-e14d519bfd54 ] Request (ServersAdminNegativeTestJSON:tearDownClass): 204 DELETE http://10.180.1.21/identity/v3/users/5ffe40600a834de29a51c99d67265397 0.120s
2025-04-15 15:00:33.102 68589 INFO tempest.lib.common.rest_client [req-bef77e93-2ec4-44df-ae63-ef213332483f req-bef77e93-2ec4-44df-ae63-ef213332483f ] Request (AttachInterfacesUnderV243Test:test_add_remove_fixed_ip): 200 GET http://10.180.1.21/compute/v2.1/servers/bb1f4c7e-2141-4178-b7b6-412cf177ea3d 0.334s
2025-04-15 15:00:33.119 68605 INFO tempest.lib.common.rest_client [req-e8df9862-e8b7-4d65-91be-13eb74bfb9f1 req-e8df9862-e8b7-4d65-91be-13eb74bfb9f1 ] Request (DeleteServersAdminTestJSON:test_admin_delete_servers_of_others): 200 GET http://10.180.1.21/compute/v2.1/servers/22296a35-4d1f-43c3-8e76-9ec42eaee2be 0.379s
2025-04-15 15:00:33.153 68623 INFO tempest.lib.common.rest_client [req-9c4e1fab-6961-4988-83b2-08a3447d9a66 req-9c4e1fab-6961-4988-83b2-08a3447d9a66 ] Request (SecurityGroupsTestJSON:test_list_security_groups_by_server): 200 GET http://10.180.1.21/compute/v2.1/servers/c0f48447-3dd2-4d4a-9a74-78e4e11b7c08 0.352s
2025-04-15 15:00:33.164 68575 INFO tempest.lib.common.rest_client [req-4b29185e-58ea-4f58-8b7e-e85cd7a24427 req-4b29185e-58ea-4f58-8b7e-e85cd7a24427 ] Request (ServersAdminNegativeTestJSON:tearDownClass): 204 DELETE http://10.180.1.21/identity/v3/users/aac2791a204b42b7b5c91fbc0f6231a8 0.102s
2025-04-15 15:00:33.165 68575 INFO tempest.lib.common.dynamic_creds [-] Deleting project and security group for project: 0b7844d0451d4210b5d47ea706d0a696
