2025-04-15 15:00:45.843 68621 INFO tempest.lib.common.rest_client [req-ead94e52-8765-4f23-91bf-92fe40231eb1 req-ead94e52-8765-4f23-91bf-92fe40231eb1 ] Request (ServerDiagnosticsTest:test_get_server_diagnostics): 200 GET http://10.180.1.21/compute/v2.1/servers/fcbcb969-a0de-46d4-ad8f-78fe42aecd85 0.239s
2025-04-15 15:00:45.877 68579 INFO tempest.lib.common.rest_client [req-8d07873a-38f3-476c-bbd2-2cf5df808583 req-8d07873a-38f3-476c-bbd2-2cf5df808583 ] Request (InstanceActionsNegativeTestJSON:setUpClass): 200 GET http://10.180.1.21/compute/v2.1/servers/9bad85d3-f74e-4e86-b44b-0d16eb2de83a 0.169s
2025-04-15 15:00:45.890 68563 INFO tempest.lib.common.rest_client [req-3742a1c9-0455-4a99-ad05-81b300aa8e70 req-3742a1c9-0455-4a99-ad05-81b300aa8e70 ] Request (ServersWithSpecificFlavorTestJSON:test_verify_created_server_ephemeral_disk): 200 GET http://10.180.1.21/compute/v2.1/servers/d256047b-7d11-46bb-bb92-78bdf39ce175 0.137s
2025-04-15 15:00:45.918 68617 INFO tempest.lib.common.rest_client [req-d7992330-bb82-4f77-8167-5646fd8a1430 req-d7992330-bb82-4f77-8167-5646fd8a1430 ] Request (ServerMetadataTestJSON:setUpClass): 200 GET http://10.180.1.21/compute/v2.1/servers/0fd13da3-70cf-4850-9083-d7fb92560d40 0.121s
2025-04-15 15:00:45.968 68567 INFO tempest.lib.common.rest_client [req-d53fe228-c6c8-4995-b640-7912a91e4020 req-d53fe228-c6c8-4995-b640-7912a91e4020 ] Request (InstanceActionsV221TestJSON:test_get_list_deleted_instance_actions): 200 GET http://10.180.1.21/compute/v2.1/servers/52c9e6ce-6206-4561-a559-de4fe04300c4 0.124s
2025-04-15 15:00:45.982 68585 INFO tempest.lib.common.rest_client [req-a2d84ba4-453b-43de-a81e-aa15667ebe63 req-a2d84ba4-453b-43de-a81e-aa15667ebe63 ] Request (ServerAddressesTestJSON:setUpClass): 200 GET http://10.180.1.21/compute/v2.1/servers/703f3211-dc8a-432f-a9d7-2ec75c38f64a 0.175s
2025-04-15 15:00:46.008 68575 INFO tempest.lib.common.rest_client [req-576ff1af-8fc9-4b2a-867a-b36a0c3e6eaf req-576ff1af-8fc9-4b2a-867a-b36a0c3e6eaf ] Request (InstanceActionsTestJSON:setUpClass): 200 GET http://10.180.1.21/compute/v2.1/servers/6a2ab17e-5ed8-4aaf-82b9-99c72ae33987 0.156s
2025-04-15 15:00:46.085 68583 INFO tempest.lib.common.rest_client [req-3f393d0d-5eed-4f9a-b37c-00d6ea44ca2f req-3f393d0d-5eed-4f9a-b37c-00d6ea44ca2f ] Request (ServerDiskConfigTestJSON:test_rebuild_server_with_auto_disk_config): 200 GET http://10.180.1.21/compute/v2.1/servers/b623d9dc-8303-420e-84c3-7c117b8ce43d 0.118s
2025-04-15 15:00:46.107 68605 INFO tempest.lib.common.rest_client [req-1bb9de2a-c671-45e5-963c-9866ba49d4ad req-1bb9de2a-c671-45e5-963c-9866ba49d4ad ] Request (DeleteServersAdminTestJSON:test_admin_delete_servers_of_others): 200 GET http://10.180.1.21/compute/v2.1/servers/22296a35-4d1f-43c3-8e76-9ec42eaee2be 0.093s
2025-04-15 15:00:46.158 68569 INFO tempest.lib.common.rest_client [req-9d80f39f-e8ff-4aca-8f30-a94fe492fe90 req-9d80f39f-e8ff-4aca-8f30-a94fe492fe90 ] Request (FloatingIPsAssociationNegativeTestJSON:setUpClass): 200 GET http://10.180.1.21/compute/v2.1/servers/b6a67fbe-c6cd-43dd-a7ff-f0057e9cb05f 0.049s
2025-04-15 15:00:46.177 68588 INFO tempest.lib.common.rest_client [req-b97d903d-d0d6-4e21-b42c-14466a7147b7 req-b97d903d-d0d6-4e21-b42c-14466a7147b7 ] Request (ServerDiagnosticsNegativeTest:test_get_server_diagnostics_by_non_admin): 200 GET http://10.180.1.21/compute/v2.1/servers/2847862f-e086-4716-b735-415361d7dfcb 0.111s
2025-04-15 15:00:46.226 68577 INFO tempest.lib.common.rest_client [req-059a6162-81a9-4ff0-8a98-e4e29de8fe6c req-059a6162-81a9-4ff0-8a98-e4e29de8fe6c ] Request (VolumesAdminNegativeTest:test_update_attached_volume_with_nonexistent_volume_in_body): 200 GET http://10.180.1.21/compute/v2.1/servers/c1b534f6-1a1a-4f01-a107-8d7913c86282 0.077s
2025-04-15 15:00:46.245 68597 INFO tempest.lib.common.rest_client [req-10825e77-809f-45d7-986c-017aaf6ccb8a req-10825e77-809f-45d7-986c-017aaf6ccb8a ] Request (VolumesAssistedSnapshotsTest:test_volume_assisted_snapshot_create_delete): 200 GET http://10.180.1.21/compute/v2.1/servers/1f8c33b9-b35d-4033-922b-9df7082062f7 0.131s
2025-04-15 15:00:46.360 68573 INFO tempest.lib.common.rest_client [req-89121e33-fd90-4104-a542-14aafecf0dbe req-89121e33-fd90-4104-a542-14aafecf0dbe ] Request (ListImageFiltersTestJSON:setUpClass): 200 GET http://10.180.1.21/compute/v2.1/servers/2d3aedad-ecc5-4f6d-8548-4b018ea7d4b5 0.046s
2025-04-15 15:00:46.526 68571 INFO tempest.lib.common.rest_client [req-38244a10-047d-4325-836c-6b4a90ee6315 req-38244a10-047d-4325-836c-6b4a90ee6315 ] Request (ImagesTestJSON:test_create_image_from_suspended_server): 200 GET http://10.180.1.21/compute/v2.1/servers/23f56c6b-891e-4948-89c8-cdc95de7ca8d 0.046s
2025-04-15 15:00:46.594 68593 INFO tempest.lib.common.rest_client [req-da0bf1b5-2fb6-4f67-898f-c657d4d287e1 req-da0bf1b5-2fb6-4f67-898f-c657d4d287e1 ] Request (ServerExternalEventsTest:test_create_server_external_events): 200 GET http://10.180.1.21/compute/v2.1/servers/fb1356c9-d2da-4cac-ab18-aeefb1cf9ace 0.083s
2025-04-15 15:00:46.607 68607 INFO tempest.lib.common.rest_client [req-0d52360e-d4f5-4e22-8610-4ee7eac44e8e req-0d52360e-d4f5-4e22-8610-4ee7eac44e8e ] Request (ServersTestJSON:setUpClass): 200 GET http://10.180.1.21/compute/v2.1/servers/750a1ae8-e267-4742-a73f-ca756c0ac173 0.044s
2025-04-15 15:00:46.655 68625 INFO tempest.lib.common.rest_client [req-971dff75-fd8c-4774-924d-93d99dd13708 req-971dff75-fd8c-4774-924d-93d99dd13708 ] Request (ImagesNegativeTestJSON:test_create_image_from_deleted_server): 200 GET http://10.180.1.21/compute/v2.1/servers/b83a653f-8e9d-47fa-8d16-459312f49fbe 0.052s
2025-04-15 15:00:46.695 68619 INFO tempest.lib.common.rest_client [req-8fceebf2-18af-4c4c-9d11-2113fa470ab7 req-8fceebf2-18af-4c4c-9d11-2113fa470ab7 ] Request (AttachInterfacesV270Test:test_create_get_list_interfaces): 200 GET http://10.180.1.21/compute/v2.1/servers/4f58fc1a-7a4e-49ce-be07-74277decfcd0 0.116s
2025-04-15 15:00:46.699 68565 INFO tempest.lib.common.rest_client [req-0f2cf59a-dcc3-42ea-a576-7a01f3bc68a4 req-0f2cf59a-dcc3-42ea-a576-7a01f3bc68a4 ] Request (ServersTestBootFromVolume:setUpClass): 200 GET http://10.180.1.21/compute/v2.1/servers/f2b2dbc2-5206-4463-aeb6-a0db5f1d5381 0.080s
2025-04-15 15:00:46.742 68613 INFO tempest.lib.common.rest_client [req-b62ab0b1-f99b-468e-9da4-a3f0c68ef809 req-b62ab0b1-f99b-468e-9da4-a3f0c68ef809 ] Request (ServerShowV257Test:test_rebuild_server): 200 GET http://10.180.1.21/compute/v2.1/servers/e98b599a-db66-439f-b1ab-83df8dd262de 0.094s
2025-04-15 15:00:46.748 68609 INFO tempest.lib.common.rest_client [req-5a0a7df1-2027-48bd-8e96-fcc4e74b3bae req-5a0a7df1-2027-48bd-8e96-fcc4e74b3bae ] Request (ServerActionsTestJSON:setUpClass): 200 GET http://10.180.1.21/compute/v2.1/servers/e23f88f5-81a2-4ba1-8ee2-ea8499f2b8a0 0.048s
2025-04-15 15:00:46.806 68581 INFO tempest.lib.common.rest_client [req-1ab6e6c1-e761-439d-b06a-036ab1ab50a9 req-1ab6e6c1-e761-439d-b06a-036ab1ab50a9 ] Request (ServerDiagnosticsV248Test:test_get_server_diagnostics): 200 GET http://10.180.1.21/compute/v2.1/servers/50ea7862-64f5-4868-adae-d3644c820c0f 0.062s
2025-04-15 15:00:46.847 68615 INFO tempest.lib.common.rest_client [req-e46c2ba0-c630-4669-bd2d-d96309a6f5c8 req-e46c2ba0-c630-4669-bd2d-d96309a6f5c8 ] Request (MigrationsAdminTest:test_list_migrations_in_flavor_resize_situation): 200 GET http://10.180.1.21/compute/v2.1/servers/a5e0c9dd-2706-436a-ba7b-987514a74a4c 0.135s
2025-04-15 15:00:46.854 68595 INFO tempest.lib.common.rest_client [req-a50ea4d3-e1c9-4c54-9217-746ecec35378 req-a50ea4d3-e1c9-4c54-9217-746ecec35378 ] Request (ServersAdminTestJSON:setUpClass): 200 GET http://10.180.1.21/compute/v2.1/servers/adac9926-91ef-4617-9b5a-dd879bd346ba 0.100s
2025-04-15 15:00:46.900 68589 INFO tempest.lib.common.rest_client [req-0feab907-e81e-4bd7-a818-10e9166e43da req-0feab907-e81e-4bd7-a818-10e9166e43da ] Request (AttachInterfacesUnderV243Test:test_add_remove_fixed_ip): 200 GET http://10.180.1.21/compute/v2.1/servers/bb1f4c7e-2141-4178-b7b6-412cf177ea3d 0.100s
2025-04-15 15:00:46.910 68623 INFO tempest.lib.common.rest_client [req-d0ab1f8f-77a8-4625-bbee-6b77bb0bdfe8 req-d0ab1f8f-77a8-4625-bbee-6b77bb0bdfe8 ] Request (SecurityGroupsTestJSON:test_list_security_groups_by_server): 200 GET http://10.180.1.21/compute/v2.1/servers/c0f48447-3dd2-4d4a-9a74-78e4e11b7c08 0.065s
2025-04-15 15:00:46.964 68579 INFO tempest.lib.common.rest_client [req-464a2661-7ecd-46a7-8e87-a72a60c041bd req-464a2661-7ecd-46a7-8e87-a72a60c041bd ] Request (InstanceActionsNegativeTestJSON:setUpClass): 200 GET http://10.180.1.21/compute/v2.1/servers/9bad85d3-f74e-4e86-b44b-0d16eb2de83a 0.079s
2025-04-15 15:00:46.998 68621 INFO tempest.lib.common.rest_client [req-fcba404c-13a3-45af-93cf-8fb2ffdc3a20 req-fcba404c-13a3-45af-93cf-8fb2ffdc3a20 ] Request (ServerDiagnosticsTest:test_get_server_diagnostics): 200 GET http://10.180.1.21/compute/v2.1/servers/fcbcb969-a0de-46d4-ad8f-78fe42aecd85 0.147s
2025-04-15 15:00:47.011 68563 INFO tempest.lib.common.rest_client [req-ba53d68b-bacd-4008-96c3-3acd7edd51c6 req-ba53d68b-bacd-4008-96c3-3acd7edd51c6 ] Request (ServersWithSpecificFlavorTestJSON:test_verify_created_server_ephemeral_disk): 200 GET http://10.180.1.21/compute/v2.1/servers/d256047b-7d11-46bb-bb92-78bdf39ce175 0.113s
2025-04-15 15:00:47.047 68617 INFO tempest.lib.common.rest_client [req-44aa975c-9754-43d1-a5c0-55a0852c11ec req-44aa975c-9754-43d1-a5c0-55a0852c11ec ] Request (ServerMetadataTestJSON:setUpClass): 200 GET http://10.180.1.21/compute/v2.1/servers/0fd13da3-70cf-4850-9083-d7fb92560d40 0.122s
2025-04-15 15:00:47.142 68585 INFO tempest.lib.common.rest_client [req-2c54c11a-2bd1-4b24-940d-e79c3aeed427 req-2c54c11a-2bd1-4b24-940d-e79c3aeed427 ] Request (ServerAddressesTestJSON:setUpClass): 200 GET http://10.180.1.21/compute/v2.1/servers/703f3211-dc8a-432f-a9d7-2ec75c38f64a 0.152s
2025-04-15 15:00:47.192 68575 INFO tempest.lib.common.rest_client [req-cdaa55d6-a7d2-412e-9f64-5873f202a3e2 req-cdaa55d6-a7d2-412e-9f64-5873f202a3e2 ] Request (InstanceActionsTestJSON:setUpClass): 200 GET http://10.180.1.21/compute/v2.1/servers/6a2ab17e-5ed8-4aaf-82b9-99c72ae33987 0.176s
2025-04-15 15:00:47.236 68567 INFO tempest.lib.common.rest_client [req-faadfa87-2d03-488d-b59c-2687acd1ebec req-faadfa87-2d03-488d-b59c-2687acd1ebec ] Request (InstanceActionsV221TestJSON:test_get_list_deleted_instance_actions): 200 GET http://10.180.1.21/compute/v2.1/servers/52c9e6ce-6206-4561-a559-de4fe04300c4 0.259s
2025-04-15 15:00:47.332 68583 INFO tempest.lib.common.rest_client [req-40f4ebb7-0e29-4457-aed8-54e7eb04f2a8 req-40f4ebb7-0e29-4457-aed8-54e7eb04f2a8 ] Request (ServerDiskConfigTestJSON:test_rebuild_server_with_auto_disk_config): 200 GET http://10.180.1.21/compute/v2.1/servers/b623d9dc-8303-420e-84c3-7c117b8ce43d 0.238s
2025-04-15 15:00:47.354 68605 INFO tempest.lib.common.rest_client [req-0023d757-0cd2-4c5a-b523-341f27ee9212 req-0023d757-0cd2-4c5a-b523-341f27ee9212 ] Request (DeleteServersAdminTestJSON:test_admin_delete_servers_of_others): 200 GET http://10.180.1.21/compute/v2.1/servers/22296a35-4d1f-43c3-8e76-9ec42eaee2be 0.239s
2025-04-15 15:00:47.380 68569 INFO tempest.lib.common.rest_client [req-df3ef428-c7de-470c-bbac-2471de74ae5d req-df3ef428-c7de-470c-bbac-2471de74ae5d ] Request (FloatingIPsAssociationNegativeTestJSON:setUpClass): 200 GET http://10.180.1.21/compute/v2.1/servers/b6a67fbe-c6cd-43dd-a7ff-f0057e9cb05f 0.214s
2025-04-15 15:00:47.440 68577 INFO tempest.lib.common.rest_client [req-5ae49d49-0453-4b42-b316-6dee1f99149d req-5ae49d49-0453-4b42-b316-6dee1f99149d ] Request (VolumesAdminNegativeTest:test_update_attached_volume_with_nonexistent_volume_in_body): 200 GET http://10.180.1.21/compute/v2.1/servers/c1b534f6-1a1a-4f01-a107-8d7913c86282 0.206s
2025-04-15 15:00:47.457 68588 INFO tempest.lib.common.rest_client [req-3c44657a-24d6-4345-95ab-4e5c64ef5df4 req-3c44657a-24d6-4345-95ab-4e5c64ef5df4 ] Request (ServerDiagnosticsNegativeTest:test_get_server_diagnostics_by_non_admin): 200 GET http://10.180.1.21/compute/v2.1/servers/2847862f-e086-4716-b735-415361d7dfcb 0.272s
2025-04-15 15:00:47.510 68573 INFO tempest.lib.common.rest_client [req-f26953c3-4fc8-444a-89b7-12cddd027645 req-f26953c3-4fc8-444a-89b7-12cddd027645 ] Request (ListImageFiltersTestJSON:setUpClass): 200 GET http://10.180.1.21/compute/v2.1/servers/2d3aedad-ecc5-4f6d-8548-4b018ea7d4b5 0.142s
2025-04-15 15:00:47.542 68597 INFO tempest.lib.common.rest_client [req-a646b83e-9908-4b92-81b9-9b787138d97c req-a646b83e-9908-4b92-81b9-9b787138d97c ] Request (VolumesAssistedSnapshotsTest:test_volume_assisted_snapshot_create_delete): 200 GET http://10.180.1.21/compute/v2.1/servers/1f8c33b9-b35d-4033-922b-9df7082062f7 0.290s
2025-04-15 15:00:47.589 68571 INFO tempest.lib.common.rest_client [req-b8d39412-a2e8-46e8-982a-d6eb4b5517e3 req-b8d39412-a2e8-46e8-982a-d6eb4b5517e3 ] Request (ImagesTestJSON:test_create_image_from_suspended_server): 200 GET http://10.180.1.21/compute/v2.1/servers/23f56c6b-891e-4948-89c8-cdc95de7ca8d 0.054s
2025-04-15 15:00:47.669 68607 INFO tempest.lib.common.rest_client [req-54d7e48d-bd0f-42bc-b87f-37a8b55277ea req-54d7e48d-bd0f-42bc-b87f-37a8b55277ea ] Request (ServersTestJSON:setUpClass): 200 GET http://10.180.1.21/compute/v2.1/servers/750a1ae8-e267-4742-a73f-ca756c0ac173 0.055s
2025-04-15 15:00:47.710 68593 INFO tempest.lib.common.rest_client [req-ab896523-e392-49ca-81ec-58da2e5ca76b req-ab896523-e392-49ca-81ec-58da2e5ca76b ] Request (ServerExternalEventsTest:test_create_server_external_events): 200 GET http://10.180.1.21/compute/v2.1/servers/fb1356c9-d2da-4cac-ab18-aeefb1cf9ace 0.108s
2025-04-15 15:00:47.720 68625 INFO tempest.lib.common.rest_client [req-d48b7827-3715-4d1b-9de5-48f1245fcaa1 req-d48b7827-3715-4d1b-9de5-48f1245fcaa1 ] Request (ImagesNegativeTestJSON:test_create_image_from_deleted_server): 200 GET http://10.180.1.21/compute/v2.1/servers/b83a653f-8e9d-47fa-8d16-459312f49fbe 0.057s
2025-04-15 15:00:47.773 68565 INFO tempest.lib.common.rest_client [req-ddbcdca3-dfbb-4f93-8889-bc05d37ecdd0 req-ddbcdca3-dfbb-4f93-8889-bc05d37ecdd0 ] Request (ServersTestBootFromVolume:setUpClass): 200 GET http://10.180.1.21/compute/v2.1/servers/f2b2dbc2-5206-4463-aeb6-a0db5f1d5381 0.067s
2025-04-15 15:00:47.819 68619 INFO tempest.lib.common.rest_client [req-07fcb4dd-ecd9-4ecd-abf0-0ae315e9d20c req-07fcb4dd-ecd9-4ecd-abf0-0ae315e9d20c ] Request (AttachInterfacesV270Test:test_create_get_list_interfaces): 200 GET http://10.180.1.21/compute/v2.1/servers/4f58fc1a-7a4e-49ce-be07-74277decfcd0 0.114s
2025-04-15 15:00:47.826 68613 INFO tempest.lib.common.rest_client [req-12279a47-0a42-45f2-ae7d-11d297c6f915 req-12279a47-0a42-45f2-ae7d-11d297c6f915 ] Request (ServerShowV257Test:test_rebuild_server): 200 GET http://10.180.1.21/compute/v2.1/servers/e98b599a-db66-439f-b1ab-83df8dd262de 0.075s
2025-04-15 15:00:47.874 68609 INFO tempest.lib.common.rest_client [req-d791edd7-6a5e-4718-86cd-b26f293fa52a req-d791edd7-6a5e-4718-86cd-b26f293fa52a ] Request (ServerActionsTestJSON:setUpClass): 200 GET http://10.180.1.21/compute/v2.1/servers/e23f88f5-81a2-4ba1-8ee2-ea8499f2b8a0 0.119s
2025-04-15 15:00:47.882 68581 INFO tempest.lib.common.rest_client [req-2320af56-143d-41b4-8fc4-7c10b3985e38 req-2320af56-143d-41b4-8fc4-7c10b3985e38 ] Request (ServerDiagnosticsV248Test:test_get_server_diagnostics): 200 GET http://10.180.1.21/compute/v2.1/servers/50ea7862-64f5-4868-adae-d3644c820c0f 0.066s
2025-04-15 15:00:47.936 68595 INFO tempest.lib.common.rest_client [req-840430bd-3d9e-4565-b9ed-678809c249c8 req-840430bd-3d9e-4565-b9ed-678809c249c8 ] Request (ServersAdminTestJSON:setUpClass): 200 GET http://10.180.1.21/compute/v2.1/servers/adac9926-91ef-4617-9b5a-dd879bd346ba 0.074s
2025-04-15 15:00:47.987 68615 INFO tempest.lib.common.rest_client [req-15c00c3c-9394-4d22-80f4-e58268e44d98 req-15c00c3c-9394-4d22-80f4-e58268e44d98 ] Request (MigrationsAdminTest:test_list_migrations_in_flavor_resize_situation): 200 GET http://10.180.1.21/compute/v2.1/servers/a5e0c9dd-2706-436a-ba7b-987514a74a4c 0.132s
2025-04-15 15:00:47.988 68589 INFO tempest.lib.common.rest_client [req-0bac538e-34be-4d6d-aedb-724b6b01d59c req-0bac538e-34be-4d6d-aedb-724b6b01d59c ] Request (AttachInterfacesUnderV243Test:test_add_remove_fixed_ip): 200 GET http://10.180.1.21/compute/v2.1/servers/bb1f4c7e-2141-4178-b7b6-412cf177ea3d 0.080s
2025-04-15 15:00:48.040 68623 INFO tempest.lib.common.rest_client [req-8b4d5259-82d4-4f76-8536-d9c676eb1990 req-8b4d5259-82d4-4f76-8536-d9c676eb1990 ] Request (SecurityGroupsTestJSON:test_list_security_groups_by_server): 200 GET http://10.180.1.21/compute/v2.1/servers/c0f48447-3dd2-4d4a-9a74-78e4e11b7c08 0.122s
2025-04-15 15:00:48.048 68579 INFO tempest.lib.common.rest_client [req-c8dbdb35-b9e9-486f-9b04-d9671fe2304c req-c8dbdb35-b9e9-486f-9b04-d9671fe2304c ] Request (InstanceActionsNegativeTestJSON:setUpClass): 200 GET http://10.180.1.21/compute/v2.1/servers/9bad85d3-f74e-4e86-b44b-0d16eb2de83a 0.076s
2025-04-15 15:00:48.104 68563 INFO tempest.lib.common.rest_client [req-d4375032-c24d-414b-817b-efee574e7b09 req-d4375032-c24d-414b-817b-efee574e7b09 ] Request (ServersWithSpecificFlavorTestJSON:test_verify_created_server_ephemeral_disk): 200 GET http://10.180.1.21/compute/v2.1/servers/d256047b-7d11-46bb-bb92-78bdf39ce175 0.085s
2025-04-15 15:00:48.154 68617 INFO tempest.lib.common.rest_client [req-0e0f5ba9-dd53-47da-a394-9c221c200a10 req-0e0f5ba9-dd53-47da-a394-9c221c200a10 ] Request (ServerMetadataTestJSON:setUpClass): 200 GET http://10.180.1.21/compute/v2.1/servers/0fd13da3-70cf-4850-9083-d7fb92560d40 0.098s
2025-04-15 15:00:48.157 68621 INFO tempest.lib.common.rest_client [req-497c0b74-9b66-4e43-b6e3-69ceaa439575 req-497c0b74-9b66-4e43-b6e3-69ceaa439575 ] Request (ServerDiagnosticsTest:test_get_server_diagnostics): 200 GET http://10.180.1.21/compute/v2.1/servers/fcbcb969-a0de-46d4-ad8f-78fe42aecd85 0.147s
2025-04-15 15:00:48.252 68575 INFO tempest.lib.common.rest_client [req-1ca3403b-92f7-4245-baf3-b29f5fb865f2 req-1ca3403b-92f7-4245-baf3-b29f5fb865f2 ] Request (InstanceActionsTestJSON:setUpClass): 200 GET http://10.180.1.21/compute/v2.1/servers/6a2ab17e-5ed8-4aaf-82b9-99c72ae33987 0.053s
2025-04-15 15:00:48.259 68585 INFO tempest.lib.common.rest_client [req-a32b6c6c-01e5-45a8-a576-a5fc4fae0459 req-a32b6c6c-01e5-45a8-a576-a5fc4fae0459 ] Request (ServerAddressesTestJSON:setUpClass): 200 GET http://10.180.1.21/compute/v2.1/servers/703f3211-dc8a-432f-a9d7-2ec75c38f64a 0.109s
2025-04-15 15:00:48.301 68567 INFO tempest.lib.common.rest_client [req-3df89f53-f812-4244-8211-a2229a4f598d req-3df89f53-f812-4244-8211-a2229a4f598d ] Request (InstanceActionsV221TestJSON:test_get_list_deleted_instance_actions): 200 GET http://10.180.1.21/compute/v2.1/servers/52c9e6ce-6206-4561-a559-de4fe04300c4 0.055s
2025-04-15 15:00:48.504 68605 INFO tempest.lib.common.rest_client [req-f4250f92-0803-4fde-99c8-d2fdfe981988 req-f4250f92-0803-4fde-99c8-d2fdfe981988 ] Request (DeleteServersAdminTestJSON:test_admin_delete_servers_of_others): 200 GET http://10.180.1.21/compute/v2.1/servers/22296a35-4d1f-43c3-8e76-9ec42eaee2be 0.142s
2025-04-15 15:00:48.508 68583 INFO tempest.lib.common.rest_client [req-ec99de35-d724-4de4-8fc6-1c060fdc3b3b req-ec99de35-d724-4de4-8fc6-1c060fdc3b3b ] Request (ServerDiskConfigTestJSON:test_rebuild_server_with_auto_disk_config): 200 GET http://10.180.1.21/compute/v2.1/servers/b623d9dc-8303-420e-84c3-7c117b8ce43d 0.168s
2025-04-15 15:00:48.554 68569 INFO tempest.lib.common.rest_client [req-f0171edc-657a-47a9-aceb-477f76acf97f req-f0171edc-657a-47a9-aceb-477f76acf97f ] Request (FloatingIPsAssociationNegativeTestJSON:setUpClass): 200 GET http://10.180.1.21/compute/v2.1/servers/b6a67fbe-c6cd-43dd-a7ff-f0057e9cb05f 0.162s
2025-04-15 15:00:48.559 68577 INFO tempest.lib.common.rest_client [req-3741243c-64d3-4f4e-8b23-050c95f45f6b req-3741243c-64d3-4f4e-8b23-050c95f45f6b ] Request (VolumesAdminNegativeTest:test_update_attached_volume_with_nonexistent_volume_in_body): 200 GET http://10.180.1.21/compute/v2.1/servers/c1b534f6-1a1a-4f01-a107-8d7913c86282 0.111s
2025-04-15 15:00:48.616 68573 INFO tempest.lib.common.rest_client [req-d88040bc-e54a-4c3a-b40d-c88561166726 req-d88040bc-e54a-4c3a-b40d-c88561166726 ] Request (ListImageFiltersTestJSON:setUpClass): 200 GET http://10.180.1.21/compute/v2.1/servers/2d3aedad-ecc5-4f6d-8548-4b018ea7d4b5 0.095s
2025-04-15 15:00:48.670 68588 INFO tempest.lib.common.rest_client [req-a4994df7-c649-460c-919a-4a65577e65ae req-a4994df7-c649-460c-919a-4a65577e65ae ] Request (ServerDiagnosticsNegativeTest:test_get_server_diagnostics_by_non_admin): 200 GET http://10.180.1.21/compute/v2.1/servers/2847862f-e086-4716-b735-415361d7dfcb 0.204s
2025-04-15 15:00:48.724 68571 INFO tempest.lib.common.rest_client [req-a33cf455-d582-4c4f-b359-131cbed9dcbb req-a33cf455-d582-4c4f-b359-131cbed9dcbb ] Request (ImagesTestJSON:test_create_image_from_suspended_server): 200 GET http://10.180.1.21/compute/v2.1/servers/23f56c6b-891e-4948-89c8-cdc95de7ca8d 0.128s
2025-04-15 15:00:48.772 68607 INFO tempest.lib.common.rest_client [req-78a9bfea-db0c-4770-b2f8-e658b7b78207 req-78a9bfea-db0c-4770-b2f8-e658b7b78207 ] Request (ServersTestJSON:setUpClass): 200 GET http://10.180.1.21/compute/v2.1/servers/750a1ae8-e267-4742-a73f-ca756c0ac173 0.094s
2025-04-15 15:00:48.784 68597 INFO tempest.lib.common.rest_client [req-0e780642-092e-4c83-ac55-16847a69a604 req-0e780642-092e-4c83-ac55-16847a69a604 ] Request (VolumesAssistedSnapshotsTest:test_volume_assisted_snapshot_create_delete): 200 GET http://10.180.1.21/compute/v2.1/servers/1f8c33b9-b35d-4033-922b-9df7082062f7 0.234s
2025-04-15 15:00:48.830 68625 INFO tempest.lib.common.rest_client [req-e9843570-1677-4ac9-a552-44d66bbb96a0 req-e9843570-1677-4ac9-a552-44d66bbb96a0 ] Request (ImagesNegativeTestJSON:test_create_image_from_deleted_server): 200 GET http://10.180.1.21/compute/v2.1/servers/b83a653f-8e9d-47fa-8d16-459312f49fbe 0.102s
2025-04-15 15:00:48.876 68565 INFO tempest.lib.common.rest_client [req-e07cf8da-ad68-4bd3-a62c-0048ee5b1bfd req-e07cf8da-ad68-4bd3-a62c-0048ee5b1bfd ] Request (ServersTestBootFromVolume:setUpClass): 200 GET http://10.180.1.21/compute/v2.1/servers/f2b2dbc2-5206-4463-aeb6-a0db5f1d5381 0.095s
2025-04-15 15:00:48.879 68593 INFO tempest.lib.common.rest_client [req-3635e661-c1c6-4a94-8887-0b51726e5a70 req-3635e661-c1c6-4a94-8887-0b51726e5a70 ] Request (ServerExternalEventsTest:test_create_server_external_events): 200 GET http://10.180.1.21/compute/v2.1/servers/fb1356c9-d2da-4cac-ab18-aeefb1cf9ace 0.162s
2025-04-15 15:00:48.940 68613 INFO tempest.lib.common.rest_client [req-15f622af-75ec-4ac0-b94d-a404e478cea2 req-15f622af-75ec-4ac0-b94d-a404e478cea2 ] Request (ServerShowV257Test:test_rebuild_server): 200 GET http://10.180.1.21/compute/v2.1/servers/e98b599a-db66-439f-b1ab-83df8dd262de 0.104s
2025-04-15 15:00:48.986 68609 INFO tempest.lib.common.rest_client [req-d025d40a-f7db-40ee-9272-f9f0e4964fca req-d025d40a-f7db-40ee-9272-f9f0e4964fca ] Request (ServerActionsTestJSON:setUpClass): 200 GET http://10.180.1.21/compute/v2.1/servers/e23f88f5-81a2-4ba1-8ee2-ea8499f2b8a0 0.100s
2025-04-15 15:00:49.034 68581 INFO tempest.lib.common.rest_client [req-d9199a0c-6728-4932-9f86-8f097a23e8b9 req-d9199a0c-6728-4932-9f86-8f097a23e8b9 ] Request (ServerDiagnosticsV248Test:test_get_server_diagnostics): 200 GET http://10.180.1.21/compute/v2.1/servers/50ea7862-64f5-4868-adae-d3644c820c0f 0.143s
2025-04-15 15:00:49.038 68619 INFO tempest.lib.common.rest_client [req-86521c3e-0e7f-4989-b3a3-0bf6a444c842 req-86521c3e-0e7f-4989-b3a3-0bf6a444c842 ] Request (AttachInterfacesV270Test:test_create_get_list_interfaces): 200 GET http://10.180.1.21/compute/v2.1/servers/4f58fc1a-7a4e-49ce-be07-74277decfcd0 0.209s
2025-04-15 15:00:49.077 68595 INFO tempest.lib.common.rest_client [req-88cc242b-364b-4f93-87e0-654197c70cad req-88cc242b-364b-4f93-87e0-654197c70cad ] Request (ServersAdminTestJSON:setUpClass): 200 GET http://10.180.1.21/compute/v2.1/servers/adac9926-91ef-4617-9b5a-dd879bd346ba 0.133s
2025-04-15 15:00:49.127 68589 INFO tempest.lib.common.rest_client [req-91da18a5-5bf3-40cd-a747-71d09e36c435 req-91da18a5-5bf3-40cd-a747-71d09e36c435 ] Request (AttachInterfacesUnderV243Test:test_add_remove_fixed_ip): 200 GET http://10.180.1.21/compute/v2.1/servers/bb1f4c7e-2141-4178-b7b6-412cf177ea3d 0.130s
2025-04-15 15:00:49.141 68615 INFO tempest.lib.common.rest_client [req-29e8346f-1dc6-4db9-81ef-0e0b9cce8bef req-29e8346f-1dc6-4db9-81ef-0e0b9cce8bef ] Request (MigrationsAdminTest:test_list_migrations_in_flavor_resize_situation): 200 GET http://10.180.1.21/compute/v2.1/servers/a5e0c9dd-2706-436a-ba7b-987514a74a4c 0.146s
2025-04-15 15:00:49.169 68623 INFO tempest.lib.common.rest_client [req-e8717be9-85ae-4e11-9f32-32791327176e req-e8717be9-85ae-4e11-9f32-32791327176e ] Request (SecurityGroupsTestJSON:test_list_security_groups_by_server): 200 GET http://10.180.1.21/compute/v2.1/servers/c0f48447-3dd2-4d4a-9a74-78e4e11b7c08 0.122s
2025-04-15 15:00:49.187 68579 INFO tempest.lib.common.rest_client [req-1bd5c1b9-868e-4457-b951-bff2ee1aacac req-1bd5c1b9-868e-4457-b951-bff2ee1aacac ] Request (InstanceActionsNegativeTestJSON:setUpClass): 200 GET http://10.180.1.21/compute/v2.1/servers/9bad85d3-f74e-4e86-b44b-0d16eb2de83a 0.128s
2025-04-15 15:00:49.217 68563 INFO tempest.lib.common.rest_client [req-890c7ed9-29a4-48d2-9d32-635b471edfb8 req-890c7ed9-29a4-48d2-9d32-635b471edfb8 ] Request (ServersWithSpecificFlavorTestJSON:test_verify_created_server_ephemeral_disk): 200 GET http://10.180.1.21/compute/v2.1/servers/d256047b-7d11-46bb-bb92-78bdf39ce175 0.105s
2025-04-15 15:00:49.230 68617 INFO tempest.lib.common.rest_client [req-a34d5775-7cc7-4458-b885-684242696033 req-a34d5775-7cc7-4458-b885-684242696033 ] Request (ServerMetadataTestJSON:setUpClass): 200 GET http://10.180.1.21/compute/v2.1/servers/0fd13da3-70cf-4850-9083-d7fb92560d40 0.067s
2025-04-15 15:00:49.309 68575 INFO tempest.lib.common.rest_client [req-857b9e3d-f250-47f4-bd65-23cc8c29b2de req-857b9e3d-f250-47f4-bd65-23cc8c29b2de ] Request (InstanceActionsTestJSON:setUpClass): 200 GET http://10.180.1.21/compute/v2.1/servers/6a2ab17e-5ed8-4aaf-82b9-99c72ae33987 0.049s
2025-04-15 15:00:49.312 68621 INFO tempest.lib.common.rest_client [req-9d0c3756-d5e0-498d-a170-be5f420d2713 req-9d0c3756-d5e0-498d-a170-be5f420d2713 ] Request (ServerDiagnosticsTest:test_get_server_diagnostics): 200 GET http://10.180.1.21/compute/v2.1/servers/fcbcb969-a0de-46d4-ad8f-78fe42aecd85 0.143s
2025-04-15 15:00:49.366 68567 INFO tempest.lib.common.rest_client [req-0b29cbcc-142a-495a-a91e-4862ca56ce0f req-0b29cbcc-142a-495a-a91e-4862ca56ce0f ] Request (InstanceActionsV221TestJSON:test_get_list_deleted_instance_actions): 200 GET http://10.180.1.21/compute/v2.1/servers/52c9e6ce-6206-4561-a559-de4fe04300c4 0.056s
2025-04-15 15:00:49.399 68585 INFO tempest.lib.common.rest_client [req-e646360b-d741-443a-af00-23b1a4c4ad29 req-e646360b-d741-443a-af00-23b1a4c4ad29 ] Request (ServerAddressesTestJSON:setUpClass): 200 GET http://10.180.1.21/compute/v2.1/servers/703f3211-dc8a-432f-a9d7-2ec75c38f64a 0.132s
2025-04-15 15:00:49.631 68605 INFO tempest.lib.common.rest_client [req-21d0bbde-c5d1-475b-af7b-362485d8cdb6 req-21d0bbde-c5d1-475b-af7b-362485d8cdb6 ] Request (DeleteServersAdminTestJSON:test_admin_delete_servers_of_others): 200 GET http://10.180.1.21/compute/v2.1/servers/22296a35-4d1f-43c3-8e76-9ec42eaee2be 0.119s
2025-04-15 15:00:49.638 68583 INFO tempest.lib.common.rest_client [req-d9f5c73b-44c4-4cf3-87fb-3d5537862863 req-d9f5c73b-44c4-4cf3-87fb-3d5537862863 ] Request (ServerDiskConfigTestJSON:test_rebuild_server_with_auto_disk_config): 200 GET http://10.180.1.21/compute/v2.1/servers/b623d9dc-8303-420e-84c3-7c117b8ce43d 0.122s
2025-04-15 15:00:49.674 68569 INFO tempest.lib.common.rest_client [req-e117ffac-76bc-4b60-967c-5369c6764905 req-e117ffac-76bc-4b60-967c-5369c6764905 ] Request (FloatingIPsAssociationNegativeTestJSON:setUpClass): 200 GET http://10.180.1.21/compute/v2.1/servers/b6a67fbe-c6cd-43dd-a7ff-f0057e9cb05f 0.112s
2025-04-15 15:00:49.687 68577 INFO tempest.lib.common.rest_client [req-37dd29ae-0ea8-47bb-9049-1f79dd7c82c3 req-37dd29ae-0ea8-47bb-9049-1f79dd7c82c3 ] Request (VolumesAdminNegativeTest:test_update_attached_volume_with_nonexistent_volume_in_body): 200 GET http://10.180.1.21/compute/v2.1/servers/c1b534f6-1a1a-4f01-a107-8d7913c86282 0.118s
2025-04-15 15:00:49.713 68573 INFO tempest.lib.common.rest_client [req-09c80f84-e881-4363-9b0c-2495810ff5ae req-09c80f84-e881-4363-9b0c-2495810ff5ae ] Request (ListImageFiltersTestJSON:setUpClass): 200 GET http://10.180.1.21/compute/v2.1/servers/2d3aedad-ecc5-4f6d-8548-4b018ea7d4b5 0.089s
2025-04-15 15:00:49.766 68588 INFO tempest.lib.common.rest_client [req-4aa389b5-dd00-4e99-963e-55f1a65daeb5 req-4aa389b5-dd00-4e99-963e-55f1a65daeb5 ] Request (ServerDiagnosticsNegativeTest:test_get_server_diagnostics_by_non_admin): 200 GET http://10.180.1.21/compute/v2.1/servers/2847862f-e086-4716-b735-415361d7dfcb 0.088s
2025-04-15 15:00:49.779 68571 INFO tempest.lib.common.rest_client [req-cf0a9150-6378-4fac-a1a0-79282d1c3d52 req-cf0a9150-6378-4fac-a1a0-79282d1c3d52 ] Request (ImagesTestJSON:test_create_image_from_suspended_server): 200 GET http://10.180.1.21/compute/v2.1/servers/23f56c6b-891e-4948-89c8-cdc95de7ca8d 0.046s
2025-04-15 15:00:49.826 68607 INFO tempest.lib.common.rest_client [req-eb36d10c-9cd7-4370-a700-b5ff5ae25941 req-eb36d10c-9cd7-4370-a700-b5ff5ae25941 ] Request (ServersTestJSON:setUpClass): 200 GET http://10.180.1.21/compute/v2.1/servers/750a1ae8-e267-4742-a73f-ca756c0ac173 0.047s
2025-04-15 15:00:49.880 68597 INFO tempest.lib.common.rest_client [req-91c5d268-af1f-4f99-812e-3d5915f741b8 req-91c5d268-af1f-4f99-812e-3d5915f741b8 ] Request (VolumesAssistedSnapshotsTest:test_volume_assisted_snapshot_create_delete): 200 GET http://10.180.1.21/compute/v2.1/servers/1f8c33b9-b35d-4033-922b-9df7082062f7 0.089s
2025-04-15 15:00:49.886 68625 INFO tempest.lib.common.rest_client [req-f3bc8415-cebb-4d3e-b456-c58d9dc7c20f req-f3bc8415-cebb-4d3e-b456-c58d9dc7c20f ] Request (ImagesNegativeTestJSON:test_create_image_from_deleted_server): 200 GET http://10.180.1.21/compute/v2.1/servers/b83a653f-8e9d-47fa-8d16-459312f49fbe 0.046s
2025-04-15 15:00:49.933 68565 INFO tempest.lib.common.rest_client [req-a84a2ce9-8bc1-4264-979e-3a79e21c546c req-a84a2ce9-8bc1-4264-979e-3a79e21c546c ] Request (ServersTestBootFromVolume:setUpClass): 200 GET http://10.180.1.21/compute/v2.1/servers/f2b2dbc2-5206-4463-aeb6-a0db5f1d5381 0.049s
2025-04-15 15:00:49.980 68593 INFO tempest.lib.common.rest_client [req-ba82f5dd-b7da-4e57-b538-8f39aef3e96c req-ba82f5dd-b7da-4e57-b538-8f39aef3e96c ] Request (ServerExternalEventsTest:test_create_server_external_events): 200 GET http://10.180.1.21/compute/v2.1/servers/fb1356c9-d2da-4cac-ab18-aeefb1cf9ace 0.093s
2025-04-15 15:00:49.994 68613 INFO tempest.lib.common.rest_client [req-c56edd4c-b7d5-4718-978a-1b3ac5cdf91f req-c56edd4c-b7d5-4718-978a-1b3ac5cdf91f ] Request (ServerShowV257Test:test_rebuild_server): 200 GET http://10.180.1.21/compute/v2.1/servers/e98b599a-db66-439f-b1ab-83df8dd262de 0.045s
2025-04-15 15:00:50.036 68609 INFO tempest.lib.common.rest_client [req-e08c27c2-7713-4cf2-abbd-9743c67472d5 req-e08c27c2-7713-4cf2-abbd-9743c67472d5 ] Request (ServerActionsTestJSON:setUpClass): 200 GET http://10.180.1.21/compute/v2.1/servers/e23f88f5-81a2-4ba1-8ee2-ea8499f2b8a0 0.042s
2025-04-15 15:00:50.093 68581 INFO tempest.lib.common.rest_client [req-993bc839-4fd7-4890-baf9-7fde72aee923 req-993bc839-4fd7-4890-baf9-7fde72aee923 ] Request (ServerDiagnosticsV248Test:test_get_server_diagnostics): 200 GET http://10.180.1.21/compute/v2.1/servers/50ea7862-64f5-4868-adae-d3644c820c0f 0.050s
2025-04-15 15:00:50.137 68595 INFO tempest.lib.common.rest_client [req-81c081ae-9b3a-457d-ad2b-aa369a0d6dca req-81c081ae-9b3a-457d-ad2b-aa369a0d6dca ] Request (ServersAdminTestJSON:setUpClass): 200 GET http://10.180.1.21/compute/v2.1/servers/adac9926-91ef-4617-9b5a-dd879bd346ba 0.053s
2025-04-15 15:00:50.153 68619 INFO tempest.lib.common.rest_client [req-ac2f7f1c-a6f7-43ee-a3c6-c4aca0d9c941 req-ac2f7f1c-a6f7-43ee-a3c6-c4aca0d9c941 ] Request (AttachInterfacesV270Test:test_create_get_list_interfaces): 200 GET http://10.180.1.21/compute/v2.1/servers/4f58fc1a-7a4e-49ce-be07-74277decfcd0 0.105s
2025-04-15 15:00:50.181 68589 INFO tempest.lib.common.rest_client [req-ad8be52d-0f54-4d2c-af1b-7d1db3269040 req-ad8be52d-0f54-4d2c-af1b-7d1db3269040 ] Request (AttachInterfacesUnderV243Test:test_add_remove_fixed_ip): 200 GET http://10.180.1.21/compute/v2.1/servers/bb1f4c7e-2141-4178-b7b6-412cf177ea3d 0.046s
2025-04-15 15:00:50.233 68623 INFO tempest.lib.common.rest_client [req-9fc5acff-d009-4066-9450-16efb96b3a10 req-9fc5acff-d009-4066-9450-16efb96b3a10 ] Request (SecurityGroupsTestJSON:test_list_security_groups_by_server): 200 GET http://10.180.1.21/compute/v2.1/servers/c0f48447-3dd2-4d4a-9a74-78e4e11b7c08 0.055s
2025-04-15 15:00:50.279 68579 INFO tempest.lib.common.rest_client [req-cb818517-d80c-4b87-ac95-e3a2be12bcc0 req-cb818517-d80c-4b87-ac95-e3a2be12bcc0 ] Request (InstanceActionsNegativeTestJSON:setUpClass): 200 GET http://10.180.1.21/compute/v2.1/servers/9bad85d3-f74e-4e86-b44b-0d16eb2de83a 0.084s
2025-04-15 15:00:50.315 68615 INFO tempest.lib.common.rest_client [req-10129ae0-5431-4716-a977-95ed356009f5 req-10129ae0-5431-4716-a977-95ed356009f5 ] Request (MigrationsAdminTest:test_list_migrations_in_flavor_resize_situation): 200 GET http://10.180.1.21/compute/v2.1/servers/a5e0c9dd-2706-436a-ba7b-987514a74a4c 0.162s
2025-04-15 15:00:50.323 68563 INFO tempest.lib.common.rest_client [req-ddf0eb6d-7505-4262-8a5c-f1a07ea36786 req-ddf0eb6d-7505-4262-8a5c-f1a07ea36786 ] Request (ServersWithSpecificFlavorTestJSON:test_verify_created_server_ephemeral_disk): 200 GET http://10.180.1.21/compute/v2.1/servers/d256047b-7d11-46bb-bb92-78bdf39ce175 0.098s
2025-04-15 15:00:50.373 68575 INFO tempest.lib.common.rest_client [req-1ff8901c-7e95-47f4-a78b-a24026c1ecf4 req-1ff8901c-7e95-47f4-a78b-a24026c1ecf4 ] Request (InstanceActionsTestJSON:setUpClass): 200 GET http://10.180.1.21/compute/v2.1/servers/6a2ab17e-5ed8-4aaf-82b9-99c72ae33987 0.056s
2025-04-15 15:00:50.374 68617 INFO tempest.lib.common.rest_client [req-feea775c-9e01-4ab4-9ec0-4a6452068678 req-feea775c-9e01-4ab4-9ec0-4a6452068678 ] Request (ServerMetadataTestJSON:setUpClass): 200 GET http://10.180.1.21/compute/v2.1/servers/0fd13da3-70cf-4850-9083-d7fb92560d40 0.133s
2025-04-15 15:00:50.428 68567 INFO tempest.lib.common.rest_client [req-2b19f9e8-82b2-4320-b64b-ae95bb165324 req-2b19f9e8-82b2-4320-b64b-ae95bb165324 ] Request (InstanceActionsV221TestJSON:test_get_list_deleted_instance_actions): 200 GET http://10.180.1.21/compute/v2.1/servers/52c9e6ce-6206-4561-a559-de4fe04300c4 0.054s
2025-04-15 15:00:50.468 68621 INFO tempest.lib.common.rest_client [req-7e224aea-e2ac-43bf-a3c8-3b1292294286 req-7e224aea-e2ac-43bf-a3c8-3b1292294286 ] Request (ServerDiagnosticsTest:test_get_server_diagnostics): 200 GET http://10.180.1.21/compute/v2.1/servers/fcbcb969-a0de-46d4-ad8f-78fe42aecd85 0.147s
2025-04-15 15:00:50.700 68585 INFO tempest.lib.common.rest_client [req-df5834aa-0608-47cc-821a-06a1035b47c3 req-df5834aa-0608-47cc-821a-06a1035b47c3 ] Request (ServerAddressesTestJSON:setUpClass): 200 GET http://10.180.1.21/compute/v2.1/servers/703f3211-dc8a-432f-a9d7-2ec75c38f64a 0.294s
2025-04-15 15:00:50.738 68605 INFO tempest.lib.common.rest_client [req-cd113057-9f5d-400c-8e8d-c40de0bd41a4 req-cd113057-9f5d-400c-8e8d-c40de0bd41a4 ] Request (DeleteServersAdminTestJSON:test_admin_delete_servers_of_others): 200 GET http://10.180.1.21/compute/v2.1/servers/22296a35-4d1f-43c3-8e76-9ec42eaee2be 0.098s
2025-04-15 15:00:50.788 68569 INFO tempest.lib.common.rest_client [req-3a5be2d8-7f57-4d19-a636-e14bd0550319 req-3a5be2d8-7f57-4d19-a636-e14bd0550319 ] Request (FloatingIPsAssociationNegativeTestJSON:setUpClass): 200 GET http://10.180.1.21/compute/v2.1/servers/b6a67fbe-c6cd-43dd-a7ff-f0057e9cb05f 0.106s
2025-04-15 15:00:50.795 68583 INFO tempest.lib.common.rest_client [req-1d0bb1f1-066e-49b7-a075-f72c8d0d33c8 req-1d0bb1f1-066e-49b7-a075-f72c8d0d33c8 ] Request (ServerDiskConfigTestJSON:test_rebuild_server_with_auto_disk_config): 200 GET http://10.180.1.21/compute/v2.1/servers/b623d9dc-8303-420e-84c3-7c117b8ce43d 0.149s
2025-04-15 15:00:50.839 68577 INFO tempest.lib.common.rest_client [req-af6346ce-240b-472c-926a-f26bb1fc36be req-af6346ce-240b-472c-926a-f26bb1fc36be ] Request (VolumesAdminNegativeTest:test_update_attached_volume_with_nonexistent_volume_in_body): 200 GET http://10.180.1.21/compute/v2.1/servers/c1b534f6-1a1a-4f01-a107-8d7913c86282 0.144s
2025-04-15 15:00:50.845 68573 INFO tempest.lib.common.rest_client [req-7f15bf83-a3e6-4ab7-b2a7-293b606d080b req-7f15bf83-a3e6-4ab7-b2a7-293b606d080b ] Request (ListImageFiltersTestJSON:setUpClass): 200 GET http://10.180.1.21/compute/v2.1/servers/2d3aedad-ecc5-4f6d-8548-4b018ea7d4b5 0.124s
2025-04-15 15:00:50.902 68571 INFO tempest.lib.common.rest_client [req-132b713d-bb83-4932-aff8-6b814bb705b2 req-132b713d-bb83-4932-aff8-6b814bb705b2 ] Request (ImagesTestJSON:test_create_image_from_suspended_server): 200 GET http://10.180.1.21/compute/v2.1/servers/23f56c6b-891e-4948-89c8-cdc95de7ca8d 0.116s
2025-04-15 15:00:50.939 68588 INFO tempest.lib.common.rest_client [req-0c865608-94f1-4461-bc05-3c60ffa81d0f req-0c865608-94f1-4461-bc05-3c60ffa81d0f ] Request (ServerDiagnosticsNegativeTest:test_get_server_diagnostics_by_non_admin): 200 GET http://10.180.1.21/compute/v2.1/servers/2847862f-e086-4716-b735-415361d7dfcb 0.165s
2025-04-15 15:00:50.946 68607 INFO tempest.lib.common.rest_client [req-fe6115a5-c1b4-4deb-b796-92ac66b59ccd req-fe6115a5-c1b4-4deb-b796-92ac66b59ccd ] Request (ServersTestJSON:setUpClass): 200 GET http://10.180.1.21/compute/v2.1/servers/750a1ae8-e267-4742-a73f-ca756c0ac173 0.112s
2025-04-15 15:00:50.996 68625 INFO tempest.lib.common.rest_client [req-da5c5b09-737c-4f5d-92b5-a63fb9f05ec6 req-da5c5b09-737c-4f5d-92b5-a63fb9f05ec6 ] Request (ImagesNegativeTestJSON:test_create_image_from_deleted_server): 200 GET http://10.180.1.21/compute/v2.1/servers/b83a653f-8e9d-47fa-8d16-459312f49fbe 0.102s
2025-04-15 15:00:51.042 68565 INFO tempest.lib.common.rest_client [req-45dabb71-387b-4162-a8c4-90bf91d13221 req-45dabb71-387b-4162-a8c4-90bf91d13221 ] Request (ServersTestBootFromVolume:setUpClass): 200 GET http://10.180.1.21/compute/v2.1/servers/f2b2dbc2-5206-4463-aeb6-a0db5f1d5381 0.101s
2025-04-15 15:00:51.045 68597 INFO tempest.lib.common.rest_client [req-f780e903-abec-41dd-869c-4c40dbef08d1 req-f780e903-abec-41dd-869c-4c40dbef08d1 ] Request (VolumesAssistedSnapshotsTest:test_volume_assisted_snapshot_create_delete): 200 GET http://10.180.1.21/compute/v2.1/servers/1f8c33b9-b35d-4033-922b-9df7082062f7 0.157s
2025-04-15 15:00:51.095 68613 INFO tempest.lib.common.rest_client [req-60b4d3f1-7dc6-4d97-b013-26f1bac1fd28 req-60b4d3f1-7dc6-4d97-b013-26f1bac1fd28 ] Request (ServerShowV257Test:test_rebuild_server): 200 GET http://10.180.1.21/compute/v2.1/servers/e98b599a-db66-439f-b1ab-83df8dd262de 0.092s
2025-04-15 15:00:51.144 68609 INFO tempest.lib.common.rest_client [req-62107473-2fa1-4e15-b883-cfaeb8785899 req-62107473-2fa1-4e15-b883-cfaeb8785899 ] Request (ServerActionsTestJSON:setUpClass): 200 GET http://10.180.1.21/compute/v2.1/servers/e23f88f5-81a2-4ba1-8ee2-ea8499f2b8a0 0.101s
2025-04-15 15:00:51.147 68593 INFO tempest.lib.common.rest_client [req-b84e0da0-1c1c-481e-9484-89f216a87c16 req-b84e0da0-1c1c-481e-9484-89f216a87c16 ] Request (ServerExternalEventsTest:test_create_server_external_events): 200 GET http://10.180.1.21/compute/v2.1/servers/fb1356c9-d2da-4cac-ab18-aeefb1cf9ace 0.159s
2025-04-15 15:00:51.191 68581 INFO tempest.lib.common.rest_client [req-b983b7ee-8ac8-456a-ad41-261938eeeef7 req-b983b7ee-8ac8-456a-ad41-261938eeeef7 ] Request (ServerDiagnosticsV248Test:test_get_server_diagnostics): 200 GET http://10.180.1.21/compute/v2.1/servers/50ea7862-64f5-4868-adae-d3644c820c0f 0.088s
2025-04-15 15:00:51.197 68595 INFO tempest.lib.common.rest_client [req-d0741928-4956-4b41-9cab-4fdf18786b25 req-d0741928-4956-4b41-9cab-4fdf18786b25 ] Request (ServersAdminTestJSON:setUpClass): 200 GET http://10.180.1.21/compute/v2.1/servers/adac9926-91ef-4617-9b5a-dd879bd346ba 0.052s
2025-04-15 15:00:51.246 68589 INFO tempest.lib.common.rest_client [req-b13f359d-dd09-40ec-b650-800e95612ce8 req-b13f359d-dd09-40ec-b650-800e95612ce8 ] Request (AttachInterfacesUnderV243Test:test_add_remove_fixed_ip): 200 GET http://10.180.1.21/compute/v2.1/servers/bb1f4c7e-2141-4178-b7b6-412cf177ea3d 0.058s
2025-04-15 15:00:51.293 68623 INFO tempest.lib.common.rest_client [req-68a35d00-e8d2-45fc-8b1e-a69e59d85607 req-68a35d00-e8d2-45fc-8b1e-a69e59d85607 ] Request (SecurityGroupsTestJSON:test_list_security_groups_by_server): 200 GET http://10.180.1.21/compute/v2.1/servers/c0f48447-3dd2-4d4a-9a74-78e4e11b7c08 0.051s
2025-04-15 15:00:51.299 68619 INFO tempest.lib.common.rest_client [req-820d45a3-5a7a-489f-bf50-1ba55a80f899 req-820d45a3-5a7a-489f-bf50-1ba55a80f899 ] Request (AttachInterfacesV270Test:test_create_get_list_interfaces): 200 GET http://10.180.1.21/compute/v2.1/servers/4f58fc1a-7a4e-49ce-be07-74277decfcd0 0.135s
2025-04-15 15:00:51.332 68579 INFO tempest.lib.common.rest_client [req-fc93209b-898f-4c6a-8914-67cb82845063 req-fc93209b-898f-4c6a-8914-67cb82845063 ] Request (InstanceActionsNegativeTestJSON:setUpClass): 200 GET http://10.180.1.21/compute/v2.1/servers/9bad85d3-f74e-4e86-b44b-0d16eb2de83a 0.045s
2025-04-15 15:00:51.385 68563 INFO tempest.lib.common.rest_client [req-e5b33d25-c2a9-43fa-804f-f38c36be9028 req-e5b33d25-c2a9-43fa-804f-f38c36be9028 ] Request (ServersWithSpecificFlavorTestJSON:test_verify_created_server_ephemeral_disk): 200 GET http://10.180.1.21/compute/v2.1/servers/d256047b-7d11-46bb-bb92-78bdf39ce175 0.052s
2025-04-15 15:00:51.429 68575 INFO tempest.lib.common.rest_client [req-5b6b7d0a-88d0-4194-807c-d7576278a080 req-5b6b7d0a-88d0-4194-807c-d7576278a080 ] Request (InstanceActionsTestJSON:setUpClass): 200 GET http://10.180.1.21/compute/v2.1/servers/6a2ab17e-5ed8-4aaf-82b9-99c72ae33987 0.049s
2025-04-15 15:00:51.432 68615 INFO tempest.lib.common.rest_client [req-bc334c7b-2333-4a09-8763-2b3941d6e96e req-bc334c7b-2333-4a09-8763-2b3941d6e96e ] Request (MigrationsAdminTest:test_list_migrations_in_flavor_resize_situation): 200 GET http://10.180.1.21/compute/v2.1/servers/a5e0c9dd-2706-436a-ba7b-987514a74a4c 0.109s
2025-04-15 15:00:51.471 68617 INFO tempest.lib.common.rest_client [req-b82ddf60-1e3f-486b-aefd-10b6346d3b11 req-b82ddf60-1e3f-486b-aefd-10b6346d3b11 ] Request (ServerMetadataTestJSON:setUpClass): 200 GET http://10.180.1.21/compute/v2.1/servers/0fd13da3-70cf-4850-9083-d7fb92560d40 0.089s
2025-04-15 15:00:51.485 68567 INFO tempest.lib.common.rest_client [req-540b4b32-5d08-40a6-bec4-7e4a126115a6 req-540b4b32-5d08-40a6-bec4-7e4a126115a6 ] Request (InstanceActionsV221TestJSON:test_get_list_deleted_instance_actions): 200 GET http://10.180.1.21/compute/v2.1/servers/52c9e6ce-6206-4561-a559-de4fe04300c4 0.048s
2025-04-15 15:00:51.557 68621 INFO tempest.lib.common.rest_client [req-1f330839-ad78-4e85-a500-45c0914a8f9b req-1f330839-ad78-4e85-a500-45c0914a8f9b ] Request (ServerDiagnosticsTest:test_get_server_diagnostics): 200 GET http://10.180.1.21/compute/v2.1/servers/fcbcb969-a0de-46d4-ad8f-78fe42aecd85 0.081s
2025-04-15 15:00:51.826 68585 INFO tempest.lib.common.rest_client [req-ede53a9b-0759-4172-8859-bbd5ba86e5bb req-ede53a9b-0759-4172-8859-bbd5ba86e5bb ] Request (ServerAddressesTestJSON:setUpClass): 200 GET http://10.180.1.21/compute/v2.1/servers/703f3211-dc8a-432f-a9d7-2ec75c38f64a 0.118s
2025-04-15 15:00:51.843 68605 INFO tempest.lib.common.rest_client [req-9c760aa6-dd84-42e6-80cb-69956e3a9562 req-9c760aa6-dd84-42e6-80cb-69956e3a9562 ] Request (DeleteServersAdminTestJSON:test_admin_delete_servers_of_others): 200 GET http://10.180.1.21/compute/v2.1/servers/22296a35-4d1f-43c3-8e76-9ec42eaee2be 0.099s
2025-04-15 15:00:51.871 68569 INFO tempest.lib.common.rest_client [req-3d1fe08b-c1bc-4c42-85f4-c4b47b0cb58b req-3d1fe08b-c1bc-4c42-85f4-c4b47b0cb58b ] Request (FloatingIPsAssociationNegativeTestJSON:setUpClass): 200 GET http://10.180.1.21/compute/v2.1/servers/b6a67fbe-c6cd-43dd-a7ff-f0057e9cb05f 0.072s
2025-04-15 15:00:51.916 68577 INFO tempest.lib.common.rest_client [req-b406881b-2f54-4266-b257-d4b82a44fd66 req-b406881b-2f54-4266-b257-d4b82a44fd66 ] Request (VolumesAdminNegativeTest:test_update_attached_volume_with_nonexistent_volume_in_body): 200 GET http://10.180.1.21/compute/v2.1/servers/c1b534f6-1a1a-4f01-a107-8d7913c86282 0.069s
2025-04-15 15:00:51.932 68583 INFO tempest.lib.common.rest_client [req-478fa5e0-80ad-4300-a4cb-2f9886975800 req-478fa5e0-80ad-4300-a4cb-2f9886975800 ] Request (ServerDiskConfigTestJSON:test_rebuild_server_with_auto_disk_config): 200 GET http://10.180.1.21/compute/v2.1/servers/b623d9dc-8303-420e-84c3-7c117b8ce43d 0.129s
2025-04-15 15:00:51.957 68573 INFO tempest.lib.common.rest_client [req-f439fcd4-7515-4b39-91af-1d93a45e47dc req-f439fcd4-7515-4b39-91af-1d93a45e47dc ] Request (ListImageFiltersTestJSON:setUpClass): 200 GET http://10.180.1.21/compute/v2.1/servers/2d3aedad-ecc5-4f6d-8548-4b018ea7d4b5 0.104s
2025-04-15 15:00:51.976 68571 INFO tempest.lib.common.rest_client [req-7a637c19-ca17-4b3c-bc81-f42ec0eea443 req-7a637c19-ca17-4b3c-bc81-f42ec0eea443 ] Request (ImagesTestJSON:test_create_image_from_suspended_server): 200 GET http://10.180.1.21/compute/v2.1/servers/23f56c6b-891e-4948-89c8-cdc95de7ca8d 0.066s
2025-04-15 15:00:52.026 68607 INFO tempest.lib.common.rest_client [req-af062624-c689-4322-ad49-09cb8656b01a req-af062624-c689-4322-ad49-09cb8656b01a ] Request (ServersTestJSON:setUpClass): 200 GET http://10.180.1.21/compute/v2.1/servers/750a1ae8-e267-4742-a73f-ca756c0ac173 0.073s
2025-04-15 15:00:52.045 68588 INFO tempest.lib.common.rest_client [req-f0eb483e-dfae-42aa-9492-785ca000fbcf req-f0eb483e-dfae-42aa-9492-785ca000fbcf ] Request (ServerDiagnosticsNegativeTest:test_get_server_diagnostics_by_non_admin): 200 GET http://10.180.1.21/compute/v2.1/servers/2847862f-e086-4716-b735-415361d7dfcb 0.098s
2025-04-15 15:00:52.069 68625 INFO tempest.lib.common.rest_client [req-d15df088-fbd2-4d95-afec-ec2f87a16f2e req-d15df088-fbd2-4d95-afec-ec2f87a16f2e ] Request (ImagesNegativeTestJSON:test_create_image_from_deleted_server): 200 GET http://10.180.1.21/compute/v2.1/servers/b83a653f-8e9d-47fa-8d16-459312f49fbe 0.065s
2025-04-15 15:00:52.092 68565 INFO tempest.lib.common.rest_client [req-9435e9c7-8838-4552-a9d2-b7255a1040e4 req-9435e9c7-8838-4552-a9d2-b7255a1040e4 ] Request (ServersTestBootFromVolume:setUpClass): 200 GET http://10.180.1.21/compute/v2.1/servers/f2b2dbc2-5206-4463-aeb6-a0db5f1d5381 0.042s
2025-04-15 15:00:52.152 68613 INFO tempest.lib.common.rest_client [req-b87302c1-9ad2-48b1-a312-6dd18bb54b22 req-b87302c1-9ad2-48b1-a312-6dd18bb54b22 ] Request (ServerShowV257Test:test_rebuild_server): 200 GET http://10.180.1.21/compute/v2.1/servers/e98b599a-db66-439f-b1ab-83df8dd262de 0.048s
2025-04-15 15:00:52.159 68597 INFO tempest.lib.common.rest_client [req-0d19d708-8200-4088-865f-d6c798f55a3a req-0d19d708-8200-4088-865f-d6c798f55a3a ] Request (VolumesAssistedSnapshotsTest:test_volume_assisted_snapshot_create_delete): 200 GET http://10.180.1.21/compute/v2.1/servers/1f8c33b9-b35d-4033-922b-9df7082062f7 0.107s
2025-04-15 15:00:52.196 68609 INFO tempest.lib.common.rest_client [req-afb0f8f6-bd35-48d2-a849-86d2e4407677 req-afb0f8f6-bd35-48d2-a849-86d2e4407677 ] Request (ServerActionsTestJSON:setUpClass): 200 GET http://10.180.1.21/compute/v2.1/servers/e23f88f5-81a2-4ba1-8ee2-ea8499f2b8a0 0.044s
2025-04-15 15:00:52.247 68581 INFO tempest.lib.common.rest_client [req-960bb83d-cfce-4787-ad07-745e33da2ab7 req-960bb83d-cfce-4787-ad07-745e33da2ab7 ] Request (ServerDiagnosticsV248Test:test_get_server_diagnostics): 200 GET http://10.180.1.21/compute/v2.1/servers/50ea7862-64f5-4868-adae-d3644c820c0f 0.047s
2025-04-15 15:00:52.259 68593 INFO tempest.lib.common.rest_client [req-82538a8f-b4c5-424b-8ddb-3a030ecfe085 req-82538a8f-b4c5-424b-8ddb-3a030ecfe085 ] Request (ServerExternalEventsTest:test_create_server_external_events): 200 GET http://10.180.1.21/compute/v2.1/servers/fb1356c9-d2da-4cac-ab18-aeefb1cf9ace 0.105s
2025-04-15 15:00:52.288 68595 INFO tempest.lib.common.rest_client [req-1bceb71e-802b-4138-99d5-bba5ea1d4f37 req-1bceb71e-802b-4138-99d5-bba5ea1d4f37 ] Request (ServersAdminTestJSON:setUpClass): 200 GET http://10.180.1.21/compute/v2.1/servers/adac9926-91ef-4617-9b5a-dd879bd346ba 0.083s
2025-04-15 15:00:52.301 68589 INFO tempest.lib.common.rest_client [req-77fafb29-de27-4d6f-b7ae-06e816a7f121 req-77fafb29-de27-4d6f-b7ae-06e816a7f121 ] Request (AttachInterfacesUnderV243Test:test_add_remove_fixed_ip): 200 GET http://10.180.1.21/compute/v2.1/servers/bb1f4c7e-2141-4178-b7b6-412cf177ea3d 0.047s
2025-04-15 15:00:52.351 68623 INFO tempest.lib.common.rest_client [req-bbfd3d2e-06f2-4c38-994a-94594c76675a req-bbfd3d2e-06f2-4c38-994a-94594c76675a ] Request (SecurityGroupsTestJSON:test_list_security_groups_by_server): 200 GET http://10.180.1.21/compute/v2.1/servers/c0f48447-3dd2-4d4a-9a74-78e4e11b7c08 0.050s
2025-04-15 15:00:52.395 68579 INFO tempest.lib.common.rest_client [req-51559f64-3d41-4c5a-ba9f-b13e68653b13 req-51559f64-3d41-4c5a-ba9f-b13e68653b13 ] Request (InstanceActionsNegativeTestJSON:setUpClass): 200 GET http://10.180.1.21/compute/v2.1/servers/9bad85d3-f74e-4e86-b44b-0d16eb2de83a 0.055s
2025-04-15 15:00:52.412 68619 INFO tempest.lib.common.rest_client [req-c6bd860b-26c8-4831-975e-6736e9b9f967 req-c6bd860b-26c8-4831-975e-6736e9b9f967 ] Request (AttachInterfacesV270Test:test_create_get_list_interfaces): 200 GET http://10.180.1.21/compute/v2.1/servers/4f58fc1a-7a4e-49ce-be07-74277decfcd0 0.103s
2025-04-15 15:00:52.436 68563 INFO tempest.lib.common.rest_client [req-d59dd5af-cf38-414c-a4b1-94eb2ea61656 req-d59dd5af-cf38-414c-a4b1-94eb2ea61656 ] Request (ServersWithSpecificFlavorTestJSON:test_verify_created_server_ephemeral_disk): 200 GET http://10.180.1.21/compute/v2.1/servers/d256047b-7d11-46bb-bb92-78bdf39ce175 0.044s
