2025-04-15 14:58:50.876 68579 INFO tempest.lib.common.rest_client [req-1c421187-4421-4d8d-968d-d658f2a2c536 req-1c421187-4421-4d8d-968d-d658f2a2c536 ] Request (FlavorsV2TestJSON:tearDownClass): 204 DELETE http://10.180.1.21/identity/v3/projects/6551b9bee54b4a5d8fe30d945d4c4d23 0.060s
2025-04-15 14:58:50.892 68595 INFO tempest.lib.common.rest_client [req-3e91eba5-ae7d-4967-aef8-8b5f2180f1ba req-3e91eba5-ae7d-4967-aef8-8b5f2180f1ba ] Request (FlavorsV255TestJSON:test_crud_flavor): 200 POST http://10.180.1.21/compute/v2.1/flavors 1.036s
2025-04-15 14:58:50.914 68625 INFO tempest.lib.common.rest_client [req-e040f258-64e7-41fa-bf73-8322b74bac51 req-e040f258-64e7-41fa-bf73-8322b74bac51 ] Request (ImagesNegativeTestJSON:test_create_image_from_deleted_server): 200 GET http://10.180.1.21/compute/v2.1/servers/b83a653f-8e9d-47fa-8d16-459312f49fbe 1.038s
2025-04-15 14:58:50.914 68611 INFO tempest.lib.common.rest_client [req-8b89b0b7-5ee0-436d-b5dc-26eaaf28cb4d req-8b89b0b7-5ee0-436d-b5dc-26eaaf28cb4d ] Request (QuotasAdminTestJSON:tearDownClass): 204 DELETE http://10.180.1.21:9696/networking/v2.0/security-groups/903a4804-0777-4009-abcb-68a2fb3dce1f 0.064s
2025-04-15 14:58:50.931 68589 INFO tempest.lib.common.rest_client [req-4f9ea5d4-397d-4069-a198-866f445a2648 req-4f9ea5d4-397d-4069-a198-866f445a2648 ] Request (AttachInterfacesUnderV243Test:setUpClass): 201 POST http://10.180.1.21/identity/v3/auth/tokens 0.107s
2025-04-15 14:58:50.936 68579 INFO tempest.lib.common.rest_client [req-1469cc71-5852-4576-867b-52761bb98d4d req-1469cc71-5852-4576-867b-52761bb98d4d ] Request (AZV2TestJSON:setUpClass): 201 POST http://10.180.1.21/identity/v3/auth/tokens 0.058s
2025-04-15 14:58:50.951 68589 INFO tempest.lib.common.rest_client [req-8554d2be-1eae-4088-9bfc-dee504cbf196 req-8554d2be-1eae-4088-9bfc-dee504cbf196 ] Request (AttachInterfacesUnderV243Test:setUpClass): 200 GET http://10.180.1.21/identity/v3/domains?name=Default 0.020s
2025-04-15 14:58:50.968 68581 INFO tempest.lib.common.rest_client [req-062d9b7e-657e-40d7-97ca-f5c056204f83 req-062d9b7e-657e-40d7-97ca-f5c056204f83 ] Request (ServerDiagnosticsV248Test:test_get_server_diagnostics): 200 GET http://10.180.1.21/compute/v2.1/servers/50ea7862-64f5-4868-adae-d3644c820c0f 1.039s
2025-04-15 14:58:50.984 68611 INFO tempest.lib.common.rest_client [req-ac3979d8-e0fd-42c2-9567-58446bb42da6 req-ac3979d8-e0fd-42c2-9567-58446bb42da6 ] Request (QuotasAdminTestJSON:tearDownClass): 204 DELETE http://10.180.1.21/identity/v3/projects/0f6477885dc2433abf58b70dcb290a8f 0.067s
2025-04-15 14:58:50.984 68611 INFO tempest.lib.common.dynamic_creds [-] Deleting project and security group for project: 9c3e9d69ccc94c60b45aeca19973afa9
2025-04-15 14:58:51.004 68579 INFO tempest.lib.common.rest_client [req-a700d687-893e-442d-b53d-e2319e3f19a0 req-a700d687-893e-442d-b53d-e2319e3f19a0 ] Request (AZV2TestJSON:setUpClass): 201 POST http://10.180.1.21/identity/v3/auth/tokens 0.066s
2025-04-15 14:58:51.007 68615 INFO tempest.lib.common.rest_client [req-56c2d2c0-202b-411d-a5f5-c577b8b1812b req-56c2d2c0-202b-411d-a5f5-c577b8b1812b ] Request (MigrationsAdminTest:test_list_migrations_in_flavor_resize_situation): 200 GET http://10.180.1.21/compute/v2.1/servers/a5e0c9dd-2706-436a-ba7b-987514a74a4c 1.115s
2025-04-15 14:58:51.028 68579 INFO tempest.lib.common.rest_client [req-86fa7239-8b89-4b16-b4f8-fa725febbb00 req-86fa7239-8b89-4b16-b4f8-fa725febbb00 ] Request (AZV2TestJSON:setUpClass): 200 GET http://10.180.1.21/identity/v3/domains?name=Default 0.024s
2025-04-15 14:58:51.045 68589 INFO tempest.lib.common.rest_client [req-5997c5e4-4229-4d11-94a2-f35da0143790 req-5997c5e4-4229-4d11-94a2-f35da0143790 ] Request (AttachInterfacesUnderV243Test:setUpClass): 201 POST http://10.180.1.21/identity/v3/projects 0.093s
2025-04-15 14:58:51.059 68597 INFO tempest.lib.common.rest_client [req-21399c82-4d05-45a7-983c-a4b41459f08b req-21399c82-4d05-45a7-983c-a4b41459f08b ] Request (VolumesAssistedSnapshotsTest:test_volume_assisted_snapshot_create_delete): 200 GET http://10.180.1.21/compute/v2.1/servers/1f8c33b9-b35d-4033-922b-9df7082062f7 1.114s
2025-04-15 14:58:51.060 68611 INFO tempest.lib.common.rest_client [req-b1130c5c-b0e3-4fb2-8271-2cd113305bab req-b1130c5c-b0e3-4fb2-8271-2cd113305bab ] Request (QuotasAdminTestJSON:tearDownClass): 200 GET http://10.180.1.21:9696/networking/v2.0/security-groups?tenant_id=9c3e9d69ccc94c60b45aeca19973afa9&name=default 0.075s
2025-04-15 14:58:51.099 68579 INFO tempest.lib.common.rest_client [req-9574bdf2-7c4f-4ba8-910f-c1c3a56f75e0 req-9574bdf2-7c4f-4ba8-910f-c1c3a56f75e0 ] Request (AZV2TestJSON:setUpClass): 201 POST http://10.180.1.21/identity/v3/projects 0.070s
2025-04-15 14:58:51.155 68589 INFO tempest.lib.common.rest_client [req-04cf6d5d-23ca-4cce-9d42-4033d7883e13 req-04cf6d5d-23ca-4cce-9d42-4033d7883e13 ] Request (AttachInterfacesUnderV243Test:setUpClass): 201 POST http://10.180.1.21/identity/v3/users 0.109s
2025-04-15 14:58:51.170 68579 INFO tempest.lib.common.rest_client [req-be2f06d1-067a-4ca9-a222-34688a42e43c req-be2f06d1-067a-4ca9-a222-34688a42e43c ] Request (AZV2TestJSON:setUpClass): 201 POST http://10.180.1.21/identity/v3/users 0.070s
2025-04-15 14:58:51.170 68611 INFO tempest.lib.common.rest_client [req-e7c5b121-0f00-41a6-9171-4d875e7cdc2c req-e7c5b121-0f00-41a6-9171-4d875e7cdc2c ] Request (QuotasAdminTestJSON:tearDownClass): 204 DELETE http://10.180.1.21:9696/networking/v2.0/security-groups/441beefd-a44f-475d-94cb-bb4b1d129658 0.110s
2025-04-15 14:58:51.176 68589 INFO tempest.lib.common.rest_client [req-8bddee3f-04d7-4252-8f13-8dedb05a64df req-8bddee3f-04d7-4252-8f13-8dedb05a64df ] Request (AttachInterfacesUnderV243Test:setUpClass): 200 GET http://10.180.1.21/identity/v3/roles 0.020s
2025-04-15 14:58:51.186 68599 INFO tempest.lib.common.rest_client [req-413f6a53-5da2-4ac0-80f7-94190d5d2c6a req-413f6a53-5da2-4ac0-80f7-94190d5d2c6a ] Request (SecurityGroupRulesNegativeTestJSON:test_create_security_group_rule_with_invalid_ip_protocol): 200 POST http://10.180.1.21/compute/v2.1/os-security-groups 1.237s
2025-04-15 14:58:51.190 68579 INFO tempest.lib.common.rest_client [req-50d7e27b-d885-407c-910f-99017f7f1c54 req-50d7e27b-d885-407c-910f-99017f7f1c54 ] Request (AZV2TestJSON:setUpClass): 200 GET http://10.180.1.21/identity/v3/roles 0.020s
2025-04-15 14:58:51.191 68601 INFO tempest.lib.common.rest_client [req-e382f9bf-89dc-4bd2-b97c-f7081509713a req-e382f9bf-89dc-4bd2-b97c-f7081509713a ] Request (QuotasAdminNegativeTest:test_create_server_when_cpu_quota_is_full): 200 PUT http://10.180.1.21/compute/v2.1/os-quota-sets/31505a693faa44d3a023009d345187d6 1.247s
2025-04-15 14:58:51.206 68577 INFO tempest.lib.common.rest_client [req-51ac4358-c2b0-496a-b941-7e03128151c3 req-51ac4358-c2b0-496a-b941-7e03128151c3 ] Request (FlavorsAdminTestJSON:test_is_public_string_variations): 200 GET http://10.180.1.21/compute/v2.1/flavors/detail?is_public=true 1.240s
2025-04-15 14:58:51.219 68589 INFO tempest.lib.common.rest_client [req-63ea118d-2097-49d4-ad12-e3b50d6b21c4 req-63ea118d-2097-49d4-ad12-e3b50d6b21c4 ] Request (AttachInterfacesUnderV243Test:setUpClass): 204 PUT http://10.180.1.21/identity/v3/projects/1bacc4540a5044edb9e43b3022aee857/users/c1bbf3dbda454d3cab13b0684e4ad92c/roles/632bb53b453944649ac0ddfca7ec66bb 0.042s
2025-04-15 14:58:51.219 68589 INFO tempest.lib.common.dynamic_creds [-] Dynamic test user c1bbf3dbda454d3cab13b0684e4ad92c is created with scope project and roles: ['member']
2025-04-15 14:58:51.219 68589 INFO tempest.lib.common.dynamic_creds [-] Acquired dynamic creds: credentials: Credentials: {'domain_id': 'default', 'domain_name': 'Default', 'username': 'tempest-AttachInterfacesUnderV243Test-73530393-project-member', 'project_domain_id': 'default', 'project_domain_name': 'Default', 'project_id': '1bacc4540a5044edb9e43b3022aee857', 'project_name': 'tempest-AttachInterfacesUnderV243Test-73530393', 'tenant_id': '1bacc4540a5044edb9e43b3022aee857', 'tenant_name': 'tempest-AttachInterfacesUnderV243Test-73530393', 'user_domain_id': 'default', 'user_domain_name': 'Default', 'user_id': 'c1bbf3dbda454d3cab13b0684e4ad92c', 'system': None}, Network: None, Subnet: None, Router: None
2025-04-15 14:58:51.224 68591 INFO tempest.lib.common.rest_client [req-3d0e5255-747e-4cbd-b2bf-2909ee723bc7 req-3d0e5255-747e-4cbd-b2bf-2909ee723bc7 ] Request (KeyPairsNegativeTestJSON:test_create_keypair_with_empty_public_key): 400 POST http://10.180.1.21/compute/v2.1/os-keypairs 1.257s
2025-04-15 14:58:51.240 68611 INFO tempest.lib.common.rest_client [req-31533190-be9c-403a-b0c2-a66c305b2cb9 req-31533190-be9c-403a-b0c2-a66c305b2cb9 ] Request (QuotasAdminTestJSON:tearDownClass): 204 DELETE http://10.180.1.21/identity/v3/projects/9c3e9d69ccc94c60b45aeca19973afa9 0.070s
2025-04-15 14:58:51.257 68609 INFO tempest.lib.common.rest_client [req-8d573a09-1879-4a0b-9692-5b8327465e7a req-8d573a09-1879-4a0b-9692-5b8327465e7a ] Request (ServerActionsTestJSON:setUpClass): 200 GET http://10.180.1.21/compute/v2.1/servers/e23f88f5-81a2-4ba1-8ee2-ea8499f2b8a0 1.277s
2025-04-15 14:58:51.275 68565 INFO tempest.lib.common.rest_client [req-cdc609cd-f87f-4f2a-a886-c8c63346c3da req-cdc609cd-f87f-4f2a-a886-c8c63346c3da ] Request (ServersTestBootFromVolume:setUpClass): 200 GET http://10.180.1.21/compute/v2.1/servers/f2b2dbc2-5206-4463-aeb6-a0db5f1d5381 1.291s
2025-04-15 14:58:51.280 68579 INFO tempest.lib.common.rest_client [req-16f8f9bd-f0c5-4c99-8c86-0c2ee96996f4 req-16f8f9bd-f0c5-4c99-8c86-0c2ee96996f4 ] Request (AZV2TestJSON:setUpClass): 204 PUT http://10.180.1.21/identity/v3/projects/c4954ba733294f7ab17a38c5c245fb5b/users/7fcc8c60224d41d7ac24dbb94fc03d50/roles/632bb53b453944649ac0ddfca7ec66bb 0.089s
2025-04-15 14:58:51.280 68579 INFO tempest.lib.common.dynamic_creds [-] Dynamic test user 7fcc8c60224d41d7ac24dbb94fc03d50 is created with scope project and roles: ['member']
2025-04-15 14:58:51.280 68579 INFO tempest.lib.common.dynamic_creds [-] Acquired dynamic creds: credentials: Credentials: {'domain_id': 'default', 'domain_name': 'Default', 'username': 'tempest-AZV2TestJSON-1406322899-project-member', 'project_domain_id': 'default', 'project_domain_name': 'Default', 'project_id': 'c4954ba733294f7ab17a38c5c245fb5b', 'project_name': 'tempest-AZV2TestJSON-1406322899', 'tenant_id': 'c4954ba733294f7ab17a38c5c245fb5b', 'tenant_name': 'tempest-AZV2TestJSON-1406322899', 'user_domain_id': 'default', 'user_domain_name': 'Default', 'user_id': '7fcc8c60224d41d7ac24dbb94fc03d50', 'system': None}, Network: None, Subnet: None, Router: None
2025-04-15 14:58:51.281 68579 INFO tempest.lib.common.dynamic_creds [-] Created isolated network resources for: credentials: Credentials: {'domain_id': 'default', 'domain_name': 'Default', 'username': 'tempest-AZV2TestJSON-1406322899-project-member', 'project_domain_id': 'default', 'project_domain_name': 'Default', 'project_id': 'c4954ba733294f7ab17a38c5c245fb5b', 'project_name': 'tempest-AZV2TestJSON-1406322899', 'tenant_id': 'c4954ba733294f7ab17a38c5c245fb5b', 'tenant_name': 'tempest-AZV2TestJSON-1406322899', 'user_domain_id': 'default', 'user_domain_name': 'Default', 'user_id': '7fcc8c60224d41d7ac24dbb94fc03d50', 'system': None}, Network: None, Subnet: None, Router: None
2025-04-15 14:58:51.290 68601 INFO tempest.lib.common.rest_client [req-1a84616e-116e-43f5-85e8-ad7e99ae01aa req-1a84616e-116e-43f5-85e8-ad7e99ae01aa ] Request (QuotasAdminNegativeTest:test_create_server_when_cpu_quota_is_full): 201 POST http://10.180.1.21/identity/v3/auth/tokens 0.093s
2025-04-15 14:58:51.290 68601 INFO tempest.lib.common.fixed_network [-] (QuotasAdminNegativeTest:test_create_server_when_cpu_quota_is_full) Found network None available for tenant
2025-04-15 14:58:51.303 68563 INFO tempest.lib.common.rest_client [req-34e39c1e-e7ba-4f9d-9dd1-3d5cc4c60a09 req-34e39c1e-e7ba-4f9d-9dd1-3d5cc4c60a09 ] Request (ServersWithSpecificFlavorTestJSON:test_verify_created_server_ephemeral_disk): 200 GET http://10.180.1.21/compute/v2.1/servers/d256047b-7d11-46bb-bb92-78bdf39ce175 1.310s
2025-04-15 14:58:51.318 68623 INFO tempest.lib.common.rest_client [req-22778d59-d934-4b42-94f2-5abdb50a3e5a req-22778d59-d934-4b42-94f2-5abdb50a3e5a ] Request (SecurityGroupsTestJSON:test_list_security_groups_by_server): 200 GET http://10.180.1.21/compute/v2.1/servers/c0f48447-3dd2-4d4a-9a74-78e4e11b7c08 1.270s
2025-04-15 14:58:51.331 68589 INFO tempest.lib.common.rest_client [req-76ea7003-3308-449a-b0f2-6e7a2641ea1d req-76ea7003-3308-449a-b0f2-6e7a2641ea1d ] Request (AttachInterfacesUnderV243Test:setUpClass): 201 POST http://10.180.1.21/identity/v3/auth/tokens 0.111s
2025-04-15 14:58:51.348 68611 INFO tempest.lib.common.rest_client [req-8572a1fe-3a2c-4ae1-86db-aab10424bf31 req-8572a1fe-3a2c-4ae1-86db-aab10424bf31 ] Request (ImagesMetadataTestJSON:setUpClass): 201 POST http://10.180.1.21/identity/v3/auth/tokens 0.106s
2025-04-15 14:58:51.390 68579 INFO tempest.lib.common.rest_client [req-9f7d6d57-f1f2-4ad0-8b09-1c45373cbe5e req-9f7d6d57-f1f2-4ad0-8b09-1c45373cbe5e ] Request (AZV2TestJSON:setUpClass): 201 POST http://10.180.1.21/identity/v3/auth/tokens 0.107s
2025-04-15 14:58:51.412 68611 INFO tempest.lib.common.rest_client [req-ec72a57c-0ab0-4e25-8e6a-7fc1b9adaae0 req-ec72a57c-0ab0-4e25-8e6a-7fc1b9adaae0 ] Request (ImagesMetadataTestJSON:setUpClass): 201 POST http://10.180.1.21/identity/v3/auth/tokens 0.061s
2025-04-15 14:58:51.431 68611 INFO tempest.lib.common.rest_client [req-6a2c280f-3d23-4987-aac5-014ee0d7a0e0 req-6a2c280f-3d23-4987-aac5-014ee0d7a0e0 ] Request (ImagesMetadataTestJSON:setUpClass): 200 GET http://10.180.1.21/identity/v3/domains?name=Default 0.019s
2025-04-15 14:58:51.451 68593 INFO tempest.lib.common.rest_client [req-430700fe-a3d3-45c2-850b-ea4189a395a1 req-430700fe-a3d3-45c2-850b-ea4189a395a1 ] Request (ServerExternalEventsTest:test_create_server_external_events): 200 GET http://10.180.1.21/compute/v2.1/servers/fb1356c9-d2da-4cac-ab18-aeefb1cf9ace 1.125s
2025-04-15 14:58:51.460 68611 INFO tempest.lib.common.rest_client [req-d2780e81-9b3f-45f8-8557-d1fd30be4011 req-d2780e81-9b3f-45f8-8557-d1fd30be4011 ] Request (ImagesMetadataTestJSON:setUpClass): 201 POST http://10.180.1.21/identity/v3/projects 0.028s
2025-04-15 14:58:51.506 68619 INFO tempest.lib.common.rest_client [req-04bb0b04-203c-4c88-8d0f-ab59fb414570 req-04bb0b04-203c-4c88-8d0f-ab59fb414570 ] Request (AttachInterfacesV270Test:test_create_get_list_interfaces): 200 GET http://10.180.1.21/compute/v2.1/servers/4f58fc1a-7a4e-49ce-be07-74277decfcd0 1.294s
2025-04-15 14:58:51.539 68611 INFO tempest.lib.common.rest_client [req-868bcaa4-a125-433f-89b8-d58da664d170 req-868bcaa4-a125-433f-89b8-d58da664d170 ] Request (ImagesMetadataTestJSON:setUpClass): 201 POST http://10.180.1.21/identity/v3/users 0.078s
2025-04-15 14:58:51.546 68589 INFO tempest.lib.common.rest_client [req-76e6d82a-400f-4106-b573-f8af3c1b363a req-76e6d82a-400f-4106-b573-f8af3c1b363a ] Request (AttachInterfacesUnderV243Test:setUpClass): 201 POST http://10.180.1.21:9696/networking/v2.0/networks 0.215s
2025-04-15 14:58:51.568 68611 INFO tempest.lib.common.rest_client [req-f61bd6f9-127e-42f3-bb72-5443330176ec req-f61bd6f9-127e-42f3-bb72-5443330176ec ] Request (ImagesMetadataTestJSON:setUpClass): 200 GET http://10.180.1.21/identity/v3/roles 0.028s
2025-04-15 14:58:51.608 68567 INFO tempest.lib.common.rest_client [req-9694dc38-2ae4-4924-b85a-32871bec2ba9 req-9694dc38-2ae4-4924-b85a-32871bec2ba9 ] Request (SecurityGroupRulesTestJSON:tearDownClass): 202 DELETE http://10.180.1.21/compute/v2.1/os-security-groups/17a469fe-9011-49aa-8a23-0518945f905e 0.934s
2025-04-15 14:58:51.608 68611 INFO tempest.lib.common.rest_client [req-a18690c0-f9a3-4718-aee2-3b8afebe516f req-a18690c0-f9a3-4718-aee2-3b8afebe516f ] Request (ImagesMetadataTestJSON:setUpClass): 204 PUT http://10.180.1.21/identity/v3/projects/33ca399318f449768d598455b4857e40/users/22aa830d9c2c414592b0da154e1a7cb9/roles/632bb53b453944649ac0ddfca7ec66bb 0.040s
2025-04-15 14:58:51.609 68611 INFO tempest.lib.common.dynamic_creds [-] Dynamic test user 22aa830d9c2c414592b0da154e1a7cb9 is created with scope project and roles: ['member']
2025-04-15 14:58:51.609 68611 INFO tempest.lib.common.dynamic_creds [-] Acquired dynamic creds: credentials: Credentials: {'domain_id': 'default', 'domain_name': 'Default', 'username': 'tempest-ImagesMetadataTestJSON-1278331076-project-member', 'project_domain_id': 'default', 'project_domain_name': 'Default', 'project_id': '33ca399318f449768d598455b4857e40', 'project_name': 'tempest-ImagesMetadataTestJSON-1278331076', 'tenant_id': '33ca399318f449768d598455b4857e40', 'tenant_name': 'tempest-ImagesMetadataTestJSON-1278331076', 'user_domain_id': 'default', 'user_domain_name': 'Default', 'user_id': '22aa830d9c2c414592b0da154e1a7cb9', 'system': None}, Network: None, Subnet: None, Router: None
2025-04-15 14:58:51.609 68611 INFO tempest.lib.common.dynamic_creds [-] Created isolated network resources for: credentials: Credentials: {'domain_id': 'default', 'domain_name': 'Default', 'username': 'tempest-ImagesMetadataTestJSON-1278331076-project-member', 'project_domain_id': 'default', 'project_domain_name': 'Default', 'project_id': '33ca399318f449768d598455b4857e40', 'project_name': 'tempest-ImagesMetadataTestJSON-1278331076', 'tenant_id': '33ca399318f449768d598455b4857e40', 'tenant_name': 'tempest-ImagesMetadataTestJSON-1278331076', 'user_domain_id': 'default', 'user_domain_name': 'Default', 'user_id': '22aa830d9c2c414592b0da154e1a7cb9', 'system': None}, Network: None, Subnet: None, Router: None
2025-04-15 14:58:51.668 68583 INFO tempest.lib.common.rest_client [req-05eeb97e-3c38-4aa7-89bd-b2076815d8a8 req-05eeb97e-3c38-4aa7-89bd-b2076815d8a8 ] Request (ServerDiskConfigTestJSON:test_rebuild_server_with_auto_disk_config): 200 GET http://10.180.1.21/compute/v2.1/servers/b623d9dc-8303-420e-84c3-7c117b8ce43d 0.838s
2025-04-15 14:58:51.677 68611 INFO tempest.lib.common.rest_client [req-334f0c30-2dda-488a-bb02-c69a82ac30ab req-334f0c30-2dda-488a-bb02-c69a82ac30ab ] Request (ImagesMetadataTestJSON:setUpClass): 201 POST http://10.180.1.21/identity/v3/auth/tokens 0.063s
2025-04-15 14:58:51.732 68589 INFO tempest.lib.common.rest_client [req-40a761a7-6cb6-4b3e-84a9-2e9804e85de0 req-40a761a7-6cb6-4b3e-84a9-2e9804e85de0 ] Request (AttachInterfacesUnderV243Test:setUpClass): 201 POST http://10.180.1.21:9696/networking/v2.0/subnets 0.185s
2025-04-15 14:58:51.746 68595 INFO tempest.lib.common.rest_client [req-838d16e0-d49d-4917-8d28-88bafa0cbeac req-838d16e0-d49d-4917-8d28-88bafa0cbeac ] Request (FlavorsV255TestJSON:test_crud_flavor): 200 GET http://10.180.1.21/compute/v2.1/flavors/229386836 0.851s
2025-04-15 14:58:51.795 68621 INFO tempest.lib.common.rest_client [req-67c39169-3e13-4f41-8447-9004da283c4a req-67c39169-3e13-4f41-8447-9004da283c4a ] Request (ServerDiagnosticsTest:test_get_server_diagnostics): 200 GET http://10.180.1.21/compute/v2.1/servers/fcbcb969-a0de-46d4-ad8f-78fe42aecd85 0.617s
2025-04-15 14:58:51.845 68599 INFO tempest.lib.common.rest_client [req-c21a7484-650f-4089-8e0b-c92a2a59d194 req-c21a7484-650f-4089-8e0b-c92a2a59d194 ] Request (SecurityGroupRulesNegativeTestJSON:test_create_security_group_rule_with_invalid_ip_protocol): 400 POST http://10.180.1.21/compute/v2.1/os-security-group-rules 0.653s
2025-04-15 14:58:51.860 68577 INFO tempest.lib.common.rest_client [req-ea5c16c2-3f7b-4875-b38d-15fdae14c104 req-ea5c16c2-3f7b-4875-b38d-15fdae14c104 ] Request (FlavorsAdminTestJSON:test_is_public_string_variations): 200 GET http://10.180.1.21/compute/v2.1/flavors/detail?is_public=yes 0.648s
2025-04-15 14:58:51.866 68575 INFO tempest.lib.common.rest_client [req-bf7263f9-f87f-417c-9263-6ff46ab9d6db req-bf7263f9-f87f-417c-9263-6ff46ab9d6db ] Request (ServersAdminNegativeTestJSON:setUpClass): 200 GET http://10.180.1.21/compute/v2.1/servers/254af84c-8e97-41ab-939f-f69b00821a7d 0.687s
2025-04-15 14:58:51.867 68591 INFO tempest.lib.common.rest_client [req-ef15f52e-1697-4c95-ab7c-677377cb4802 req-ef15f52e-1697-4c95-ab7c-677377cb4802 ] Request (KeyPairsNegativeTestJSON:test_create_keypair_with_long_keynames): 400 POST http://10.180.1.21/compute/v2.1/os-keypairs 0.641s
2025-04-15 14:58:51.916 68569 INFO tempest.lib.common.rest_client [req-08fba96a-0c47-4735-9e88-9113ad25b558 req-08fba96a-0c47-4735-9e88-9113ad25b558 ] Request (FloatingIPsAssociationNegativeTestJSON:setUpClass): 200 GET http://10.180.1.21/compute/v2.1/servers/b6a67fbe-c6cd-43dd-a7ff-f0057e9cb05f 0.669s
2025-04-15 14:58:51.974 68607 INFO tempest.lib.common.rest_client [req-c623a408-1bee-4be7-a9da-c29107142c6e req-c623a408-1bee-4be7-a9da-c29107142c6e ] Request (ServersAdmin275Test:test_rebuild_update_server_275): 200 GET http://10.180.1.21/compute/v2.1/servers/37b6dcdf-bca5-471f-bdac-9dd248feb49a 0.672s
2025-04-15 14:58:52.031 68611 INFO tempest.lib.common.rest_client [req-484dc20f-5297-4001-a132-711350800bfb req-484dc20f-5297-4001-a132-711350800bfb ] Request (ImagesMetadataTestJSON:setUpClass): 201 POST http://10.180.1.21/image/v2/images 0.352s
2025-04-15 14:58:52.033 68588 INFO tempest.lib.common.rest_client [req-0e336744-702b-433c-b77a-ba7386a37f56 req-0e336744-702b-433c-b77a-ba7386a37f56 ] Request (ServerDiagnosticsNegativeTest:test_get_server_diagnostics_by_non_admin): 200 GET http://10.180.1.21/compute/v2.1/servers/2847862f-e086-4716-b735-415361d7dfcb 0.686s
2025-04-15 14:58:52.106 68579 INFO tempest.lib.common.rest_client [req-21b78cb5-3c91-4b06-b905-6465f2e98c78 req-21b78cb5-3c91-4b06-b905-6465f2e98c78 ] Request (AZV2TestJSON:test_get_availability_zone_list_with_non_admin_user): 200 GET http://10.180.1.21/compute/v2.1/os-availability-zone 0.715s
2025-04-15 14:58:52.130 68601 INFO tempest.lib.common.rest_client [req-2298f85c-5037-47c2-89b8-325196acb9d7 req-2298f85c-5037-47c2-89b8-325196acb9d7 ] Request (QuotasAdminNegativeTest:test_create_server_when_cpu_quota_is_full): 403 POST http://10.180.1.21/compute/v2.1/servers 0.839s
2025-04-15 14:58:52.160 68617 INFO tempest.lib.common.rest_client [req-f70045f4-5c67-40dc-8c4b-8ef07dd3adf4 req-f70045f4-5c67-40dc-8c4b-8ef07dd3adf4 ] Request (ServerMetadataTestJSON:setUpClass): 200 GET http://10.180.1.21/compute/v2.1/servers/0fd13da3-70cf-4850-9083-d7fb92560d40 0.766s
2025-04-15 14:58:52.180 68585 INFO tempest.lib.common.rest_client [req-232cf5ec-7a6b-4f4f-bca7-60cca2795275 req-232cf5ec-7a6b-4f4f-bca7-60cca2795275 ] Request (ServerAddressesTestJSON:setUpClass): 200 GET http://10.180.1.21/compute/v2.1/servers/703f3211-dc8a-432f-a9d7-2ec75c38f64a 0.739s
2025-04-15 14:58:52.227 68579 INFO tempest.lib.common.rest_client [req-31aedcb3-9553-4886-bcdd-5053acc5c35c req-31aedcb3-9553-4886-bcdd-5053acc5c35c ] Request (AZV2TestJSON:tearDownClass): 204 DELETE http://10.180.1.21/identity/v3/users/7fcc8c60224d41d7ac24dbb94fc03d50 0.118s
2025-04-15 14:58:52.227 68579 INFO tempest.lib.common.dynamic_creds [-] Deleting project and security group for project: c4954ba733294f7ab17a38c5c245fb5b
2025-04-15 14:58:52.275 68605 INFO tempest.lib.common.rest_client [req-c715ec34-55f6-4f26-8faf-02cca5ffb881 req-c715ec34-55f6-4f26-8faf-02cca5ffb881 ] Request (DeleteServersAdminTestJSON:test_admin_delete_servers_of_others): 200 GET http://10.180.1.21/compute/v2.1/servers/22296a35-4d1f-43c3-8e76-9ec42eaee2be 0.703s
2025-04-15 14:58:52.286 68579 INFO tempest.lib.common.rest_client [req-18b4c992-46f0-494f-ae3a-3ff121fa9020 req-18b4c992-46f0-494f-ae3a-3ff121fa9020 ] Request (AZV2TestJSON:tearDownClass): 201 POST http://10.180.1.21/identity/v3/auth/tokens 0.058s
2025-04-15 14:58:52.340 68613 INFO tempest.lib.common.rest_client [req-35c977d7-1c17-4264-a2bc-fd174a6bef08 req-35c977d7-1c17-4264-a2bc-fd174a6bef08 ] Request (ServerShowV257Test:test_rebuild_server): 200 GET http://10.180.1.21/compute/v2.1/servers/e98b599a-db66-439f-b1ab-83df8dd262de 0.698s
2025-04-15 14:58:52.357 68595 INFO tempest.lib.common.rest_client [req-b7361335-3f27-4d58-bd6f-4618732e21c0 req-b7361335-3f27-4d58-bd6f-4618732e21c0 ] Request (FlavorsV255TestJSON:test_crud_flavor): 200 PUT http://10.180.1.21/compute/v2.1/flavors/229386836 0.609s
2025-04-15 14:58:52.368 68567 INFO tempest.lib.common.rest_client [req-79638773-7fda-4f1a-b353-a07840716728 req-79638773-7fda-4f1a-b353-a07840716728 ] Request (SecurityGroupRulesTestJSON:tearDownClass): 202 DELETE http://10.180.1.21/compute/v2.1/os-security-groups/06aa0a60-bd85-47f4-8698-0e3722919504 0.759s
2025-04-15 14:58:52.422 68573 INFO tempest.lib.common.rest_client [req-2671eb33-7bb8-46d5-9778-2490638458fb req-2671eb33-7bb8-46d5-9778-2490638458fb ] Request (ListImageFiltersTestJSON:setUpClass): 200 GET http://10.180.1.21/compute/v2.1/servers/2d3aedad-ecc5-4f6d-8548-4b018ea7d4b5 0.667s
2025-04-15 14:58:52.444 68577 INFO tempest.lib.common.rest_client [req-88ac0a7c-7ace-4d38-8e97-a58f7b2d7abb req-88ac0a7c-7ace-4d38-8e97-a58f7b2d7abb ] Request (FlavorsAdminTestJSON:test_is_public_string_variations): 200 GET http://10.180.1.21/compute/v2.1/flavors/detail?is_public=1 0.579s
2025-04-15 14:58:52.474 68591 INFO tempest.lib.common.rest_client [req-71c6dd0f-7fd6-4a6e-b36d-1f0c2f03c1b8 req-71c6dd0f-7fd6-4a6e-b36d-1f0c2f03c1b8 ] Request (KeyPairsNegativeTestJSON:test_keypair_create_with_invalid_pub_key): 400 POST http://10.180.1.21/compute/v2.1/os-keypairs 0.605s
2025-04-15 14:58:52.492 68579 INFO tempest.lib.common.rest_client [req-e59502a4-375a-41e6-a322-a4b7bc9c0222 req-e59502a4-375a-41e6-a322-a4b7bc9c0222 ] Request (AZV2TestJSON:tearDownClass): 200 GET http://10.180.1.21:9696/networking/v2.0/security-groups?tenant_id=c4954ba733294f7ab17a38c5c245fb5b&name=default 0.205s
2025-04-15 14:58:52.560 68599 INFO tempest.lib.common.rest_client [req-37102c43-993b-425b-bd1c-493c2df55d9d req-37102c43-993b-425b-bd1c-493c2df55d9d ] Request (SecurityGroupRulesNegativeTestJSON:test_create_security_group_rule_with_invalid_port_range): 200 POST http://10.180.1.21/compute/v2.1/os-security-groups 0.712s
2025-04-15 14:58:52.630 68625 INFO tempest.lib.common.rest_client [req-a725ef8d-0057-4d72-9a27-7e11112f1d25 req-a725ef8d-0057-4d72-9a27-7e11112f1d25 ] Request (ImagesNegativeTestJSON:test_create_image_from_deleted_server): 200 GET http://10.180.1.21/compute/v2.1/servers/b83a653f-8e9d-47fa-8d16-459312f49fbe 0.707s
2025-04-15 14:58:52.633 68571 INFO tempest.lib.common.rest_client [req-d266a9ab-7aa6-4404-a387-a7203526aa20 req-d266a9ab-7aa6-4404-a387-a7203526aa20 ] Request (ImagesTestJSON:test_create_image_from_stopped_server): 200 GET http://10.180.1.21/compute/v2.1/servers/4c7803d9-4798-4d8e-8688-08a330d71ba2 0.762s
2025-04-15 14:58:52.661 68579 INFO tempest.lib.common.rest_client [req-775e0e18-e18e-4921-981e-1d5116b6330f req-775e0e18-e18e-4921-981e-1d5116b6330f ] Request (AZV2TestJSON:tearDownClass): 204 DELETE http://10.180.1.21:9696/networking/v2.0/security-groups/18ae002e-91f2-4f54-9472-6c9d0ccbdeb0 0.169s
2025-04-15 14:58:52.703 68581 INFO tempest.lib.common.rest_client [req-4d94d52f-7837-462b-b0dd-c622e6fbc98b req-4d94d52f-7837-462b-b0dd-c622e6fbc98b ] Request (ServerDiagnosticsV248Test:test_get_server_diagnostics): 200 GET http://10.180.1.21/compute/v2.1/servers/50ea7862-64f5-4868-adae-d3644c820c0f 0.724s
2025-04-15 14:58:52.707 68611 INFO tempest.lib.common.rest_client [req-e09f3f3b-b283-47a8-93c3-80985ba5bd5b req-e09f3f3b-b283-47a8-93c3-80985ba5bd5b ] Request (ImagesMetadataTestJSON:setUpClass): 204 PUT http://10.180.1.21/image/v2/images/c27433d7-ab7e-4025-9aa5-964d4d3a5726/file 0.674s
2025-04-15 14:58:52.708 68589 INFO tempest.lib.common.rest_client [req-c9b60ebb-ebc0-41fe-b59f-4819a8b3c487 req-c9b60ebb-ebc0-41fe-b59f-4819a8b3c487 ] Request (AttachInterfacesUnderV243Test:setUpClass): 201 POST http://10.180.1.21:9696/networking/v2.0/routers 0.975s
2025-04-15 14:58:52.742 68579 INFO tempest.lib.common.rest_client [req-26e30930-ce1b-4ec6-acb7-195dd318daa2 req-26e30930-ce1b-4ec6-acb7-195dd318daa2 ] Request (AZV2TestJSON:tearDownClass): 204 DELETE http://10.180.1.21/identity/v3/projects/c4954ba733294f7ab17a38c5c245fb5b 0.080s
2025-04-15 14:58:52.762 68615 INFO tempest.lib.common.rest_client [req-880b6ee5-dee1-4829-b5dd-fd7707085a7c req-880b6ee5-dee1-4829-b5dd-fd7707085a7c ] Request (MigrationsAdminTest:test_list_migrations_in_flavor_resize_situation): 200 GET http://10.180.1.21/compute/v2.1/servers/a5e0c9dd-2706-436a-ba7b-987514a74a4c 0.747s
2025-04-15 14:58:52.767 68597 INFO tempest.lib.common.rest_client [req-746c4149-bf0b-4baa-85d0-a8d5a19d6e26 req-746c4149-bf0b-4baa-85d0-a8d5a19d6e26 ] Request (VolumesAssistedSnapshotsTest:test_volume_assisted_snapshot_create_delete): 200 GET http://10.180.1.21/compute/v2.1/servers/1f8c33b9-b35d-4033-922b-9df7082062f7 0.700s
2025-04-15 14:58:52.820 68609 INFO tempest.lib.common.rest_client [req-96c60c79-11a2-426a-8b35-0c81724809a1 req-96c60c79-11a2-426a-8b35-0c81724809a1 ] Request (ServerActionsTestJSON:setUpClass): 200 GET http://10.180.1.21/compute/v2.1/servers/e23f88f5-81a2-4ba1-8ee2-ea8499f2b8a0 0.556s
2025-04-15 14:58:52.829 68579 INFO tempest.lib.common.rest_client [req-5e111201-5aae-4c98-9cec-22bb24696296 req-5e111201-5aae-4c98-9cec-22bb24696296 ] Request (InstanceActionsNegativeTestJSON:setUpClass): 201 POST http://10.180.1.21/identity/v3/auth/tokens 0.085s
2025-04-15 14:58:52.863 68579 INFO tempest.lib.common.rest_client [req-8ec89e55-3eef-46f7-aa90-b4dbcda43ffa req-8ec89e55-3eef-46f7-aa90-b4dbcda43ffa ] Request (InstanceActionsNegativeTestJSON:setUpClass): 201 POST http://10.180.1.21/identity/v3/auth/tokens 0.032s
2025-04-15 14:58:52.879 68565 INFO tempest.lib.common.rest_client [req-c77879c0-9ff4-49ce-832d-6ca6d9019304 req-c77879c0-9ff4-49ce-832d-6ca6d9019304 ] Request (ServersTestBootFromVolume:setUpClass): 200 GET http://10.180.1.21/compute/v2.1/servers/f2b2dbc2-5206-4463-aeb6-a0db5f1d5381 0.595s
2025-04-15 14:58:52.885 68579 INFO tempest.lib.common.rest_client [req-e6b499ce-1938-430c-8c7c-f92afa5458c5 req-e6b499ce-1938-430c-8c7c-f92afa5458c5 ] Request (InstanceActionsNegativeTestJSON:setUpClass): 200 GET http://10.180.1.21/identity/v3/domains?name=Default 0.021s
2025-04-15 14:58:52.918 68579 INFO tempest.lib.common.rest_client [req-6c109704-f6e5-4020-9c85-bc4641cf3692 req-6c109704-f6e5-4020-9c85-bc4641cf3692 ] Request (InstanceActionsNegativeTestJSON:setUpClass): 201 POST http://10.180.1.21/identity/v3/projects 0.033s
2025-04-15 14:58:52.928 68601 INFO tempest.lib.common.rest_client [req-fde4791f-feaa-4c24-aa98-461b65282a2d req-fde4791f-feaa-4c24-aa98-461b65282a2d ] Request (QuotasAdminNegativeTest:_run_cleanups): 200 PUT http://10.180.1.21/compute/v2.1/os-quota-sets/31505a693faa44d3a023009d345187d6 0.797s
2025-04-15 14:58:52.929 68563 INFO tempest.lib.common.rest_client [req-b04655d6-ca74-4ca9-8296-bf6bc5637323 req-b04655d6-ca74-4ca9-8296-bf6bc5637323 ] Request (ServersWithSpecificFlavorTestJSON:test_verify_created_server_ephemeral_disk): 200 GET http://10.180.1.21/compute/v2.1/servers/d256047b-7d11-46bb-bb92-78bdf39ce175 0.618s
2025-04-15 14:58:52.949 68595 INFO tempest.lib.common.rest_client [req-842c9613-9f6b-4e1e-b51d-97a394631a0e req-842c9613-9f6b-4e1e-b51d-97a394631a0e ] Request (FlavorsV255TestJSON:test_crud_flavor): 200 GET http://10.180.1.21/compute/v2.1/flavors/detail 0.589s
2025-04-15 14:58:52.985 68579 INFO tempest.lib.common.rest_client [req-cf73a1b8-c5e7-4f59-8675-6364f0788118 req-cf73a1b8-c5e7-4f59-8675-6364f0788118 ] Request (InstanceActionsNegativeTestJSON:setUpClass): 201 POST http://10.180.1.21/identity/v3/users 0.066s
2025-04-15 14:58:52.989 68623 INFO tempest.lib.common.rest_client [req-f6f239bb-fdfd-4156-b793-1a0d6c8d8776 req-f6f239bb-fdfd-4156-b793-1a0d6c8d8776 ] Request (SecurityGroupsTestJSON:test_list_security_groups_by_server): 200 GET http://10.180.1.21/compute/v2.1/servers/c0f48447-3dd2-4d4a-9a74-78e4e11b7c08 0.662s
2025-04-15 14:58:53.006 68577 INFO tempest.lib.common.rest_client [req-5145b562-4f39-43c3-8370-b42857a38d37 req-5145b562-4f39-43c3-8370-b42857a38d37 ] Request (FlavorsAdminTestJSON:_run_cleanups): 202 DELETE http://10.180.1.21/compute/v2.1/flavors/945282196 0.556s
2025-04-15 14:58:53.008 68579 INFO tempest.lib.common.rest_client [req-64b7e698-080a-4df4-a49b-39c8133b144c req-64b7e698-080a-4df4-a49b-39c8133b144c ] Request (InstanceActionsNegativeTestJSON:setUpClass): 200 GET http://10.180.1.21/identity/v3/roles 0.023s
2025-04-15 14:58:53.036 68579 INFO tempest.lib.common.rest_client [req-e4de7f2e-290c-4ba1-9d34-35486bac255b req-e4de7f2e-290c-4ba1-9d34-35486bac255b ] Request (InstanceActionsNegativeTestJSON:setUpClass): 204 PUT http://10.180.1.21/identity/v3/projects/548e96343da84555b6f9c8b6eb84775a/users/9e4380e02ea3489eb5b3c55b23f293c2/roles/632bb53b453944649ac0ddfca7ec66bb 0.026s
2025-04-15 14:58:53.036 68579 INFO tempest.lib.common.dynamic_creds [-] Dynamic test user 9e4380e02ea3489eb5b3c55b23f293c2 is created with scope project and roles: ['member']
2025-04-15 14:58:53.036 68579 INFO tempest.lib.common.dynamic_creds [-] Acquired dynamic creds: credentials: Credentials: {'domain_id': 'default', 'domain_name': 'Default', 'username': 'tempest-InstanceActionsNegativeTestJSON-1612396312-project-member', 'project_domain_id': 'default', 'project_domain_name': 'Default', 'project_id': '548e96343da84555b6f9c8b6eb84775a', 'project_name': 'tempest-InstanceActionsNegativeTestJSON-1612396312', 'tenant_id': '548e96343da84555b6f9c8b6eb84775a', 'tenant_name': 'tempest-InstanceActionsNegativeTestJSON-1612396312', 'user_domain_id': 'default', 'user_domain_name': 'Default', 'user_id': '9e4380e02ea3489eb5b3c55b23f293c2', 'system': None}, Network: None, Subnet: None, Router: None
2025-04-15 14:58:53.092 68579 INFO tempest.lib.common.rest_client [req-20c9f9db-3744-47d9-95ea-481fb86e93f9 req-20c9f9db-3744-47d9-95ea-481fb86e93f9 ] Request (InstanceActionsNegativeTestJSON:setUpClass): 201 POST http://10.180.1.21/identity/v3/auth/tokens 0.055s
2025-04-15 14:58:53.115 68567 INFO tempest.lib.common.rest_client [req-59192f18-e63b-4d44-8956-ead85ef485eb req-59192f18-e63b-4d44-8956-ead85ef485eb ] Request (SecurityGroupRulesTestJSON:tearDownClass): 202 DELETE http://10.180.1.21/compute/v2.1/os-security-groups/077b7d66-8c08-4fd3-b91c-9e07b3609b20 0.746s
2025-04-15 14:58:53.136 68593 INFO tempest.lib.common.rest_client [req-e30410b5-4d58-413d-843e-87b2353285ed req-e30410b5-4d58-413d-843e-87b2353285ed ] Request (ServerExternalEventsTest:test_create_server_external_events): 200 GET http://10.180.1.21/compute/v2.1/servers/fb1356c9-d2da-4cac-ab18-aeefb1cf9ace 0.676s
2025-04-15 14:58:53.136 68591 INFO tempest.lib.common.rest_client [req-4219068f-ce83-490c-ba41-caeeafcf3646 req-4219068f-ce83-490c-ba41-caeeafcf3646 ] Request (KeyPairsNegativeTestJSON:test_keypair_delete_nonexistent_key): 404 DELETE http://10.180.1.21/compute/v2.1/os-keypairs/tempest-keypair-non-existent-199019185 0.660s
2025-04-15 14:58:53.193 68599 INFO tempest.lib.common.rest_client [req-c655c63b-56f8-4c87-ae19-789d85c15234 req-c655c63b-56f8-4c87-ae19-789d85c15234 ] Request (SecurityGroupRulesNegativeTestJSON:test_create_security_group_rule_with_invalid_port_range): 400 POST http://10.180.1.21/compute/v2.1/os-security-group-rules 0.629s
2025-04-15 14:58:53.219 68591 INFO tempest.lib.common.rest_client [req-14e30db8-11c8-4a68-b13d-e76a56f3c87c req-14e30db8-11c8-4a68-b13d-e76a56f3c87c ] Request (KeyPairsNegativeTestJSON:tearDownClass): 204 DELETE http://10.180.1.21/identity/v3/users/978124b352f640fb8f190c15d05a63e3 0.081s
2025-04-15 14:58:53.219 68591 INFO tempest.lib.common.dynamic_creds [-] Deleting project and security group for project: ec4fd980e63346f8860e6dee292a40d1
2025-04-15 14:58:53.285 68591 INFO tempest.lib.common.rest_client [req-3b4a3250-a947-4685-9369-db35938475af req-3b4a3250-a947-4685-9369-db35938475af ] Request (KeyPairsNegativeTestJSON:tearDownClass): 201 POST http://10.180.1.21/identity/v3/auth/tokens 0.065s
2025-04-15 14:58:53.285 68619 INFO tempest.lib.common.rest_client [req-c41eeace-5e85-4d7f-9e6d-a1deca5f9813 req-c41eeace-5e85-4d7f-9e6d-a1deca5f9813 ] Request (AttachInterfacesV270Test:test_create_get_list_interfaces): 200 GET http://10.180.1.21/compute/v2.1/servers/4f58fc1a-7a4e-49ce-be07-74277decfcd0 0.764s
2025-04-15 14:58:53.321 68611 INFO tempest.lib.common.rest_client [req-8503cc47-cc66-4d62-9413-9341319faa88 req-8503cc47-cc66-4d62-9413-9341319faa88 ] Request (ImagesMetadataTestJSON:setUpClass): 200 GET http://10.180.1.21/compute/v2.1/images/c27433d7-ab7e-4025-9aa5-964d4d3a5726 0.614s
2025-04-15 14:58:53.339 68583 INFO tempest.lib.common.rest_client [req-35aee879-349d-4127-8c59-2366ddd492cc req-35aee879-349d-4127-8c59-2366ddd492cc ] Request (ServerDiskConfigTestJSON:test_rebuild_server_with_auto_disk_config): 200 GET http://10.180.1.21/compute/v2.1/servers/b623d9dc-8303-420e-84c3-7c117b8ce43d 0.663s
2025-04-15 14:58:53.501 68579 INFO tempest.lib.common.rest_client [req-ebb63d28-77f9-403b-8442-0f6344ea5022 req-ebb63d28-77f9-403b-8442-0f6344ea5022 ] Request (InstanceActionsNegativeTestJSON:setUpClass): 201 POST http://10.180.1.21:9696/networking/v2.0/networks 0.408s
2025-04-15 14:58:53.516 68621 INFO tempest.lib.common.rest_client [req-908a21e8-b9e0-44da-99fc-18f4499d540b req-908a21e8-b9e0-44da-99fc-18f4499d540b ] Request (ServerDiagnosticsTest:test_get_server_diagnostics): 200 GET http://10.180.1.21/compute/v2.1/servers/fcbcb969-a0de-46d4-ad8f-78fe42aecd85 0.710s
2025-04-15 14:58:53.533 68575 INFO tempest.lib.common.rest_client [req-4b174bd0-5e2a-4a0d-b633-b67db88d5516 req-4b174bd0-5e2a-4a0d-b633-b67db88d5516 ] Request (ServersAdminNegativeTestJSON:setUpClass): 200 GET http://10.180.1.21/compute/v2.1/servers/254af84c-8e97-41ab-939f-f69b00821a7d 0.659s
2025-04-15 14:58:53.611 68591 INFO tempest.lib.common.rest_client [req-4312081e-06a4-401f-8eb9-b5170b958ce5 req-4312081e-06a4-401f-8eb9-b5170b958ce5 ] Request (KeyPairsNegativeTestJSON:tearDownClass): 200 GET http://10.180.1.21:9696/networking/v2.0/security-groups?tenant_id=ec4fd980e63346f8860e6dee292a40d1&name=default 0.326s
2025-04-15 14:58:53.672 68601 INFO tempest.lib.common.rest_client [req-bb673f48-67e3-4b13-a126-4a70574fea9b req-bb673f48-67e3-4b13-a126-4a70574fea9b ] Request (QuotasAdminNegativeTest:test_create_server_when_instances_quota_is_full): 200 GET http://10.180.1.21/compute/v2.1/os-quota-sets/31505a693faa44d3a023009d345187d6 0.741s
2025-04-15 14:58:53.689 68595 INFO tempest.lib.common.rest_client [req-b15f6a44-d0a9-4948-b012-005612bb69b3 req-b15f6a44-d0a9-4948-b012-005612bb69b3 ] Request (FlavorsV255TestJSON:test_crud_flavor): 200 GET http://10.180.1.21/compute/v2.1/flavors 0.730s
2025-04-15 14:58:53.761 68569 INFO tempest.lib.common.rest_client [req-260f7e20-4758-44a0-9baf-115db15737ca req-260f7e20-4758-44a0-9baf-115db15737ca ] Request (FloatingIPsAssociationNegativeTestJSON:setUpClass): 200 GET http://10.180.1.21/compute/v2.1/servers/b6a67fbe-c6cd-43dd-a7ff-f0057e9cb05f 0.835s
2025-04-15 14:58:53.775 68607 INFO tempest.lib.common.rest_client [req-b9a09f6d-8903-4f0c-82e5-48179f21eb33 req-b9a09f6d-8903-4f0c-82e5-48179f21eb33 ] Request (ServersAdmin275Test:test_rebuild_update_server_275): 200 GET http://10.180.1.21/compute/v2.1/servers/37b6dcdf-bca5-471f-bdac-9dd248feb49a 0.787s
2025-04-15 14:58:53.785 68577 INFO tempest.lib.common.rest_client [req-b0790000-ecc9-4ee9-87d8-51370f1f32af req-b0790000-ecc9-4ee9-87d8-51370f1f32af ] Request (FlavorsAdminTestJSON:_run_cleanups): 200 GET http://10.180.1.21/compute/v2.1/flavors/detail 0.778s
2025-04-15 14:58:53.849 68588 INFO tempest.lib.common.rest_client [req-e776db02-b597-47bf-ab3d-31d2f81362e6 req-e776db02-b597-47bf-ab3d-31d2f81362e6 ] Request (ServerDiagnosticsNegativeTest:test_get_server_diagnostics_by_non_admin): 200 GET http://10.180.1.21/compute/v2.1/servers/2847862f-e086-4716-b735-415361d7dfcb 0.806s
2025-04-15 14:58:53.855 68617 INFO tempest.lib.common.rest_client [req-b6f7f2ad-920e-4b2c-9acb-b57c4fb6e6f7 req-b6f7f2ad-920e-4b2c-9acb-b57c4fb6e6f7 ] Request (ServerMetadataTestJSON:setUpClass): 200 GET http://10.180.1.21/compute/v2.1/servers/0fd13da3-70cf-4850-9083-d7fb92560d40 0.684s
2025-04-15 14:58:53.909 68585 INFO tempest.lib.common.rest_client [req-af0b3663-d602-4146-bff4-1c955aec54d2 req-af0b3663-d602-4146-bff4-1c955aec54d2 ] Request (ServerAddressesTestJSON:setUpClass): 200 GET http://10.180.1.21/compute/v2.1/servers/703f3211-dc8a-432f-a9d7-2ec75c38f64a 0.719s
2025-04-15 14:58:54.048 68579 INFO tempest.lib.common.rest_client [req-43cac4d5-4d95-4bf5-a9c0-6d2544d8c53e req-43cac4d5-4d95-4bf5-a9c0-6d2544d8c53e ] Request (InstanceActionsNegativeTestJSON:setUpClass): 201 POST http://10.180.1.21:9696/networking/v2.0/subnets 0.546s
2025-04-15 14:58:54.066 68599 INFO tempest.lib.common.rest_client [req-8d4efbd3-3415-489e-ab22-c53f6a1bc517 req-8d4efbd3-3415-489e-ab22-c53f6a1bc517 ] Request (SecurityGroupRulesNegativeTestJSON:test_create_security_group_rule_with_invalid_to_port): 200 POST http://10.180.1.21/compute/v2.1/os-security-groups 0.869s
2025-04-15 14:58:54.076 68605 INFO tempest.lib.common.rest_client [req-59cdd89d-350e-4137-aaa1-9c90f29cb1c1 req-59cdd89d-350e-4137-aaa1-9c90f29cb1c1 ] Request (DeleteServersAdminTestJSON:test_admin_delete_servers_of_others): 200 GET http://10.180.1.21/compute/v2.1/servers/22296a35-4d1f-43c3-8e76-9ec42eaee2be 0.792s
2025-04-15 14:58:54.113 68591 INFO tempest.lib.common.rest_client [req-f96cba34-2b6f-40d1-a1f8-e670d2e1ed6c req-f96cba34-2b6f-40d1-a1f8-e670d2e1ed6c ] Request (KeyPairsNegativeTestJSON:tearDownClass): 204 DELETE http://10.180.1.21:9696/networking/v2.0/security-groups/01497c20-d482-4318-a265-4a1bd12d74a2 0.501s
2025-04-15 14:58:54.132 68613 INFO tempest.lib.common.rest_client [req-a6b794e7-c4f1-4ff3-a981-b9df969cd91c req-a6b794e7-c4f1-4ff3-a981-b9df969cd91c ] Request (ServerShowV257Test:test_rebuild_server): 200 GET http://10.180.1.21/compute/v2.1/servers/e98b599a-db66-439f-b1ab-83df8dd262de 0.780s
2025-04-15 14:58:54.211 68573 INFO tempest.lib.common.rest_client [req-455bf482-0747-484d-8c20-a44a7ade4bbd req-455bf482-0747-484d-8c20-a44a7ade4bbd ] Request (ListImageFiltersTestJSON:setUpClass): 200 GET http://10.180.1.21/compute/v2.1/servers/2d3aedad-ecc5-4f6d-8548-4b018ea7d4b5 0.774s
2025-04-15 14:58:54.233 68591 INFO tempest.lib.common.rest_client [req-048c8518-d60a-4a0c-a6e8-a800b31e682e req-048c8518-d60a-4a0c-a6e8-a800b31e682e ] Request (KeyPairsNegativeTestJSON:tearDownClass): 204 DELETE http://10.180.1.21/identity/v3/projects/ec4fd980e63346f8860e6dee292a40d1 0.120s
2025-04-15 14:58:54.234 68591 INFO tempest.test [-] raised in ServerBootFromVolumeStableRescueTest.setUpClass. Invoking tearDownClass.
2025-04-15 14:58:54.282 68625 INFO tempest.lib.common.rest_client [req-cdb65db2-8f2c-49ea-9ce5-8f7b1e16d550 req-cdb65db2-8f2c-49ea-9ce5-8f7b1e16d550 ] Request (ImagesNegativeTestJSON:test_create_image_from_deleted_server): 200 GET http://10.180.1.21/compute/v2.1/servers/b83a653f-8e9d-47fa-8d16-459312f49fbe 0.642s
2025-04-15 14:58:54.323 68611 INFO tempest.lib.common.rest_client [req-a1c3587f-aed8-4bbb-8b28-5509bb5939e6 req-a1c3587f-aed8-4bbb-8b28-5509bb5939e6 ] Request (ImagesMetadataTestJSON:setUp): 200 PUT http://10.180.1.21/compute/v2.1/images/c27433d7-ab7e-4025-9aa5-964d4d3a5726/metadata 0.997s
2025-04-15 14:58:54.466 68571 INFO tempest.lib.common.rest_client [req-9641ae94-bf14-40e9-a3de-87c0e98ab6ca req-9641ae94-bf14-40e9-a3de-87c0e98ab6ca ] Request (ImagesTestJSON:test_create_image_from_stopped_server): 200 GET http://10.180.1.21/compute/v2.1/servers/4c7803d9-4798-4d8e-8688-08a330d71ba2 0.822s
2025-04-15 14:58:54.484 68595 INFO tempest.lib.common.rest_client [req-f59b489e-504f-49bf-a359-b40234023e0c req-f59b489e-504f-49bf-a359-b40234023e0c ] Request (FlavorsV255TestJSON:_run_cleanups): 202 DELETE http://10.180.1.21/compute/v2.1/flavors/229386836 0.791s
2025-04-15 14:58:54.505 68601 INFO tempest.lib.common.rest_client [req-1cf1631b-8357-4ac9-84b1-95756ad890c1 req-1cf1631b-8357-4ac9-84b1-95756ad890c1 ] Request (QuotasAdminNegativeTest:test_create_server_when_instances_quota_is_full): 200 PUT http://10.180.1.21/compute/v2.1/os-quota-sets/31505a693faa44d3a023009d345187d6 0.831s
2025-04-15 14:58:54.596 68601 INFO tempest.lib.common.rest_client [req-b3894424-90ad-48ad-97a9-13881556ddf3 req-b3894424-90ad-48ad-97a9-13881556ddf3 ] Request (QuotasAdminNegativeTest:test_create_server_when_instances_quota_is_full): 201 POST http://10.180.1.21/identity/v3/auth/tokens 0.080s
2025-04-15 14:58:54.596 68601 INFO tempest.lib.common.fixed_network [-] (QuotasAdminNegativeTest:test_create_server_when_instances_quota_is_full) Found network None available for tenant
2025-04-15 14:58:54.611 68581 INFO tempest.lib.common.rest_client [req-000a44a6-8aee-42fc-96c0-95b7038e8732 req-000a44a6-8aee-42fc-96c0-95b7038e8732 ] Request (ServerDiagnosticsV248Test:test_get_server_diagnostics): 200 GET http://10.180.1.21/compute/v2.1/servers/50ea7862-64f5-4868-adae-d3644c820c0f 0.894s
2025-04-15 14:58:54.631 68589 INFO tempest.lib.common.rest_client [req-8f1e7467-e92f-48b2-abbf-c01716852046 req-8f1e7467-e92f-48b2-abbf-c01716852046 ] Request (AttachInterfacesUnderV243Test:setUpClass): 200 PUT http://10.180.1.21:9696/networking/v2.0/routers/c5822229-e7de-4c24-acd4-9b6e8ad754eb/add_router_interface 1.922s
2025-04-15 14:58:54.631 68589 INFO tempest.lib.common.dynamic_creds [-] Created isolated network resources for: credentials: Credentials: {'domain_id': 'default', 'domain_name': 'Default', 'username': 'tempest-AttachInterfacesUnderV243Test-73530393-project-member', 'project_domain_id': 'default', 'project_domain_name': 'Default', 'project_id': '1bacc4540a5044edb9e43b3022aee857', 'project_name': 'tempest-AttachInterfacesUnderV243Test-73530393', 'tenant_id': '1bacc4540a5044edb9e43b3022aee857', 'tenant_name': 'tempest-AttachInterfacesUnderV243Test-73530393', 'user_domain_id': 'default', 'user_domain_name': 'Default', 'user_id': 'c1bbf3dbda454d3cab13b0684e4ad92c', 'system': None}, Network: {'id': '96c8af7a-aeb7-47da-aa54-4bfb7f9640f3', 'name': 'tempest-AttachInterfacesUnderV243Test-611917868-network', 'tenant_id': '1bacc4540a5044edb9e43b3022aee857', 'admin_state_up': True, 'mtu': 8950, 'status': 'ACTIVE', 'subnets': [], 'shared': False, 'project_id': '1bacc4540a5044edb9e43b3022aee857', 'port_security_enabled': True, 'router:external': False, 'provider:network_type': 'vlan', 'provider:physical_network': 'default', 'provider:segmentation_id': 143, 'is_default': False, 'availability_zone_hints': [], 'availability_zones': [], 'ipv4_address_scope': None, 'ipv6_address_scope': None, 'description': '', 'tags': [], 'created_at': '2025-04-15T14:58:51Z', 'updated_at': '2025-04-15T14:58:51Z', 'revision_number': 1}, Subnet: {'id': '1d47d31c-6351-4a81-b418-741303798df5', 'name': 'tempest-AttachInterfacesUnderV243Test-611917868-subnet', 'tenant_id': '1bacc4540a5044edb9e43b3022aee857', 'network_id': '96c8af7a-aeb7-47da-aa54-4bfb7f9640f3', 'ip_version': 4, 'subnetpool_id': None, 'enable_dhcp': True, 'ipv6_ra_mode': None, 'ipv6_address_mode': None, 'gateway_ip': '192.168.128.1', 'cidr': '192.168.128.0/28', 'allocation_pools': [{'start': '192.168.128.2', 'end': '192.168.128.14'}], 'host_routes': [], 'dns_nameservers': [], 'description': '', 'service_types': [], 'tags': [], 'created_at': '2025-04-15T14:58:51Z', 'updated_at': '2025-04-15T14:58:51Z', 'revision_number': 0, 'project_id': '1bacc4540a5044edb9e43b3022aee857'}, Router: {'id': 'c5822229-e7de-4c24-acd4-9b6e8ad754eb', 'name': 'tempest-AttachInterfacesUnderV243Test-611917868-router', 'tenant_id': '1bacc4540a5044edb9e43b3022aee857', 'admin_state_up': True, 'status': 'ACTIVE', 'external_gateway_info': {'network_id': 'f579e065-8c4b-4f1c-b8ac-da459a775315', 'external_fixed_ips': [{'subnet_id': '9e7a321d-fdf1-4636-9340-3ce7ee295ed2', 'ip_address': '10.180.180.187'}], 'enable_snat': True}, 'description': '', 'availability_zones': [], 'distributed': False, 'ha': False, 'availability_zone_hints': [], 'routes': [], 'flavor_id': None, 'tags': [], 'created_at': '2025-04-15T14:58:51Z', 'updated_at': '2025-04-15T14:58:52Z', 'revision_number': 2, 'project_id': '1bacc4540a5044edb9e43b3022aee857'}
2025-04-15 14:58:54.690 68597 INFO tempest.lib.common.rest_client [req-2d21ccb8-e251-4550-b10f-c28edf8b7a05 req-2d21ccb8-e251-4550-b10f-c28edf8b7a05 ] Request (VolumesAssistedSnapshotsTest:test_volume_assisted_snapshot_create_delete): 200 GET http://10.180.1.21/compute/v2.1/servers/1f8c33b9-b35d-4033-922b-9df7082062f7 0.911s
2025-04-15 14:58:54.714 68577 INFO tempest.lib.common.rest_client [req-a18702d7-30b0-416d-a08c-ed0350417a7c req-a18702d7-30b0-416d-a08c-ed0350417a7c ] Request (FlavorsAdminTestJSON:_run_cleanups): 202 DELETE http://10.180.1.21/compute/v2.1/flavors/1472881614 0.924s
2025-04-15 14:58:54.747 68589 INFO tempest.lib.common.rest_client [req-f1d02eee-736d-4553-8cf3-96e84753ea8f req-f1d02eee-736d-4553-8cf3-96e84753ea8f ] Request (AttachInterfacesUnderV243Test:setUpClass): 201 POST http://10.180.1.21/identity/v3/auth/tokens 0.110s
2025-04-15 14:58:54.766 68615 INFO tempest.lib.common.rest_client [req-0513afe0-d71c-4da8-b774-3899e6c7f8f9 req-0513afe0-d71c-4da8-b774-3899e6c7f8f9 ] Request (MigrationsAdminTest:test_list_migrations_in_flavor_resize_situation): 200 GET http://10.180.1.21/compute/v2.1/servers/a5e0c9dd-2706-436a-ba7b-987514a74a4c 0.996s
2025-04-15 14:58:54.788 68567 INFO tempest.lib.common.rest_client [req-8e7535d6-59bf-4820-93ec-452edb1c2ec4 req-8e7535d6-59bf-4820-93ec-452edb1c2ec4 ] Request (SecurityGroupRulesTestJSON:tearDownClass): 200 PUT http://10.180.1.21:9696/networking/v2.0/routers/5e1afc90-d10f-4c23-b624-c56668d25c22/remove_router_interface 1.673s
2025-04-15 14:58:54.812 68609 INFO tempest.lib.common.rest_client [req-e3bab685-75d0-4f07-8c4e-21f9a7ca43f3 req-e3bab685-75d0-4f07-8c4e-21f9a7ca43f3 ] Request (ServerActionsTestJSON:setUpClass): 200 GET http://10.180.1.21/compute/v2.1/servers/e23f88f5-81a2-4ba1-8ee2-ea8499f2b8a0 0.982s
2025-04-15 14:58:54.839 68565 INFO tempest.lib.common.rest_client [req-654a5491-cd6b-47b5-bd27-37b142e791ff req-654a5491-cd6b-47b5-bd27-37b142e791ff ] Request (ServersTestBootFromVolume:setUpClass): 200 GET http://10.180.1.21/compute/v2.1/servers/f2b2dbc2-5206-4463-aeb6-a0db5f1d5381 0.951s
