2025-04-15 15:00:33.174 68579 INFO tempest.lib.common.rest_client [req-0a88704c-04ad-48ae-b7f8-348bb340e5bc req-0a88704c-04ad-48ae-b7f8-348bb340e5bc ] Request (InstanceActionsNegativeTestJSON:setUpClass): 200 GET http://10.180.1.21/compute/v2.1/servers/9bad85d3-f74e-4e86-b44b-0d16eb2de83a 0.326s
2025-04-15 15:00:33.212 68563 INFO tempest.lib.common.rest_client [req-a1ed9fa7-9e87-49a0-9510-d3d07bbee6c0 req-a1ed9fa7-9e87-49a0-9510-d3d07bbee6c0 ] Request (ServersWithSpecificFlavorTestJSON:test_verify_created_server_ephemeral_disk): 200 GET http://10.180.1.21/compute/v2.1/servers/d256047b-7d11-46bb-bb92-78bdf39ce175 0.314s
2025-04-15 15:00:33.232 68575 INFO tempest.lib.common.rest_client [req-738a81f0-6845-4a67-84dc-738f36462683 req-738a81f0-6845-4a67-84dc-738f36462683 ] Request (ServersAdminNegativeTestJSON:tearDownClass): 201 POST http://10.180.1.21/identity/v3/auth/tokens 0.066s
2025-04-15 15:00:33.265 68617 INFO tempest.lib.common.rest_client [req-e9629bbd-47e9-4c5e-a1c9-3cb1576458a1 req-e9629bbd-47e9-4c5e-a1c9-3cb1576458a1 ] Request (ServerMetadataTestJSON:setUpClass): 200 GET http://10.180.1.21/compute/v2.1/servers/0fd13da3-70cf-4850-9083-d7fb92560d40 0.293s
2025-04-15 15:00:33.282 68597 INFO tempest.lib.common.rest_client [req-68c1d61f-5a99-48b5-a307-87bae5673830 req-68c1d61f-5a99-48b5-a307-87bae5673830 ] Request (VolumesAssistedSnapshotsTest:test_volume_assisted_snapshot_create_delete): 200 GET http://10.180.1.21/compute/v2.1/servers/1f8c33b9-b35d-4033-922b-9df7082062f7 0.327s
2025-04-15 15:00:33.320 68567 INFO tempest.lib.common.rest_client [req-4cc950b4-d01d-457b-8d7b-95a177050143 req-4cc950b4-d01d-457b-8d7b-95a177050143 ] Request (InstanceActionsV221TestJSON:test_get_list_deleted_instance_actions): 200 GET http://10.180.1.21/compute/v2.1/servers/52c9e6ce-6206-4561-a559-de4fe04300c4 0.286s
2025-04-15 15:00:33.344 68575 INFO tempest.lib.common.rest_client [req-d9989f70-2d96-410e-904c-bfbbebea8fa7 req-d9989f70-2d96-410e-904c-bfbbebea8fa7 ] Request (ServersAdminNegativeTestJSON:tearDownClass): 200 GET http://10.180.1.21:9696/networking/v2.0/security-groups?tenant_id=0b7844d0451d4210b5d47ea706d0a696&name=default 0.112s
2025-04-15 15:00:33.400 68588 INFO tempest.lib.common.rest_client [req-2b1cc7bf-e0a7-49d5-bf81-496567e64620 req-2b1cc7bf-e0a7-49d5-bf81-496567e64620 ] Request (ServerDiagnosticsNegativeTest:test_get_server_diagnostics_by_non_admin): 200 GET http://10.180.1.21/compute/v2.1/servers/2847862f-e086-4716-b735-415361d7dfcb 0.339s
2025-04-15 15:00:33.437 68619 INFO tempest.lib.common.rest_client [req-311879c3-40cf-4cf3-8b8f-b1087122883c req-311879c3-40cf-4cf3-8b8f-b1087122883c ] Request (AttachInterfacesV270Test:test_create_get_list_interfaces): 200 GET http://10.180.1.21/compute/v2.1/servers/4f58fc1a-7a4e-49ce-be07-74277decfcd0 0.256s
2025-04-15 15:00:33.437 68575 INFO tempest.lib.common.rest_client [req-caebdd5a-907e-496c-8c48-a2aa773dd80d req-caebdd5a-907e-496c-8c48-a2aa773dd80d ] Request (ServersAdminNegativeTestJSON:tearDownClass): 204 DELETE http://10.180.1.21:9696/networking/v2.0/security-groups/b73877cb-a208-4085-8ae5-25caac05cfad 0.092s
2025-04-15 15:00:33.494 68575 INFO tempest.lib.common.rest_client [req-35eebee3-7c31-4a3c-bd84-585ce44e773c req-35eebee3-7c31-4a3c-bd84-585ce44e773c ] Request (ServersAdminNegativeTestJSON:tearDownClass): 204 DELETE http://10.180.1.21/identity/v3/projects/0b7844d0451d4210b5d47ea706d0a696 0.057s
2025-04-15 15:00:33.494 68575 INFO tempest.lib.common.dynamic_creds [-] Deleting project and security group for project: 53218fc964e64f96b69469be467cacb2
2025-04-15 15:00:33.517 68593 INFO tempest.lib.common.rest_client [req-de5389cb-f03a-4beb-8c66-cb301e485152 req-de5389cb-f03a-4beb-8c66-cb301e485152 ] Request (ServerExternalEventsTest:test_create_server_external_events): 200 GET http://10.180.1.21/compute/v2.1/servers/fb1356c9-d2da-4cac-ab18-aeefb1cf9ace 0.180s
2025-04-15 15:00:33.537 68615 INFO tempest.lib.common.rest_client [req-04b7a0e1-5e56-4670-9b55-1d3cf35cb0c4 req-04b7a0e1-5e56-4670-9b55-1d3cf35cb0c4 ] Request (MigrationsAdminTest:test_list_migrations_in_flavor_resize_situation): 200 GET http://10.180.1.21/compute/v2.1/servers/a5e0c9dd-2706-436a-ba7b-987514a74a4c 0.195s
2025-04-15 15:00:33.564 68569 INFO tempest.lib.common.rest_client [req-b902c752-90e3-44ff-a9e8-2eee16eb1e3d req-b902c752-90e3-44ff-a9e8-2eee16eb1e3d ] Request (FloatingIPsAssociationNegativeTestJSON:setUpClass): 200 GET http://10.180.1.21/compute/v2.1/servers/b6a67fbe-c6cd-43dd-a7ff-f0057e9cb05f 0.117s
2025-04-15 15:00:33.655 68575 INFO tempest.lib.common.rest_client [req-2a35b03d-f447-4500-8383-281f68fee49b req-2a35b03d-f447-4500-8383-281f68fee49b ] Request (ServersAdminNegativeTestJSON:tearDownClass): 200 GET http://10.180.1.21:9696/networking/v2.0/security-groups?tenant_id=53218fc964e64f96b69469be467cacb2&name=default 0.161s
2025-04-15 15:00:33.658 68621 INFO tempest.lib.common.rest_client [req-f48af67d-d4cf-404c-8e80-07771e8daee2 req-f48af67d-d4cf-404c-8e80-07771e8daee2 ] Request (ServerDiagnosticsTest:test_get_server_diagnostics): 200 GET http://10.180.1.21/compute/v2.1/servers/fcbcb969-a0de-46d4-ad8f-78fe42aecd85 0.206s
2025-04-15 15:00:33.716 68577 INFO tempest.lib.common.rest_client [req-b8fc7c05-8f2c-48d9-af75-553a007755c7 req-b8fc7c05-8f2c-48d9-af75-553a007755c7 ] Request (VolumesAdminNegativeTest:test_update_attached_volume_with_nonexistent_volume_in_body): 200 GET http://10.180.1.21/compute/v2.1/servers/c1b534f6-1a1a-4f01-a107-8d7913c86282 0.176s
2025-04-15 15:00:33.731 68585 INFO tempest.lib.common.rest_client [req-a28ae742-807d-4e74-b005-027b6626e42e req-a28ae742-807d-4e74-b005-027b6626e42e ] Request (ServerAddressesTestJSON:setUpClass): 200 GET http://10.180.1.21/compute/v2.1/servers/703f3211-dc8a-432f-a9d7-2ec75c38f64a 0.238s
2025-04-15 15:00:33.738 68585 INFO tempest.common.waiters [-] State transition "BUILD/None" ==> "BUILD/spawning" after 127 second wait
2025-04-15 15:00:33.759 68573 INFO tempest.lib.common.rest_client [req-bbcf7688-94bc-4cd4-abee-d6a80eabbf39 req-bbcf7688-94bc-4cd4-abee-d6a80eabbf39 ] Request (ListImageFiltersTestJSON:setUpClass): 200 GET http://10.180.1.21/compute/v2.1/servers/2d3aedad-ecc5-4f6d-8548-4b018ea7d4b5 0.171s
2025-04-15 15:00:33.785 68575 INFO tempest.lib.common.rest_client [req-36775bb1-008a-4acc-b74b-a665d67a0374 req-36775bb1-008a-4acc-b74b-a665d67a0374 ] Request (ServersAdminNegativeTestJSON:tearDownClass): 204 DELETE http://10.180.1.21:9696/networking/v2.0/security-groups/10ad77df-77c7-4b08-a111-711150140b59 0.129s
2025-04-15 15:00:33.787 68607 INFO tempest.lib.common.rest_client [req-17a08e3f-59a6-4213-b6a2-cf0bf0d96bc4 req-17a08e3f-59a6-4213-b6a2-cf0bf0d96bc4 ] Request (ServersTestJSON:setUpClass): 200 GET http://10.180.1.21/compute/v2.1/servers/750a1ae8-e267-4742-a73f-ca756c0ac173 0.154s
2025-04-15 15:00:33.815 68571 INFO tempest.lib.common.rest_client [req-e92cef04-097a-4892-b011-900110f8b16e req-e92cef04-097a-4892-b011-900110f8b16e ] Request (ImagesTestJSON:test_create_image_from_suspended_server): 200 GET http://10.180.1.21/compute/v2.1/servers/23f56c6b-891e-4948-89c8-cdc95de7ca8d 0.141s
2025-04-15 15:00:33.831 68625 INFO tempest.lib.common.rest_client [req-9a352898-2d1b-4bba-b8b3-7a3d699b04b1 req-9a352898-2d1b-4bba-b8b3-7a3d699b04b1 ] Request (ImagesNegativeTestJSON:test_create_image_from_deleted_server): 200 GET http://10.180.1.21/compute/v2.1/servers/b83a653f-8e9d-47fa-8d16-459312f49fbe 0.146s
2025-04-15 15:00:33.870 68565 INFO tempest.lib.common.rest_client [req-1db98ef6-43a5-443f-a9cc-16128985fdc5 req-1db98ef6-43a5-443f-a9cc-16128985fdc5 ] Request (ServersTestBootFromVolume:setUpClass): 200 GET http://10.180.1.21/compute/v2.1/servers/f2b2dbc2-5206-4463-aeb6-a0db5f1d5381 0.155s
2025-04-15 15:00:33.900 68575 INFO tempest.lib.common.rest_client [req-5e2dc11e-73b6-4e41-9d4b-0a0eac816c3c req-5e2dc11e-73b6-4e41-9d4b-0a0eac816c3c ] Request (ServersAdminNegativeTestJSON:tearDownClass): 204 DELETE http://10.180.1.21/identity/v3/projects/53218fc964e64f96b69469be467cacb2 0.114s
2025-04-15 15:00:33.964 68575 INFO tempest.lib.common.rest_client [req-4a91381d-8dd1-4736-8abd-70ae845dccb6 req-4a91381d-8dd1-4736-8abd-70ae845dccb6 ] Request (InstanceActionsTestJSON:setUpClass): 201 POST http://10.180.1.21/identity/v3/auth/tokens 0.056s
2025-04-15 15:00:33.990 68613 INFO tempest.lib.common.rest_client [req-f75345ee-03ac-4c30-8319-8cca8f61792d req-f75345ee-03ac-4c30-8319-8cca8f61792d ] Request (ServerShowV257Test:test_rebuild_server): 200 GET http://10.180.1.21/compute/v2.1/servers/e98b599a-db66-439f-b1ab-83df8dd262de 0.056s
2025-04-15 15:00:33.999 68575 INFO tempest.lib.common.rest_client [req-a7885364-19b4-4fce-b3fe-b43a7f03445d req-a7885364-19b4-4fce-b3fe-b43a7f03445d ] Request (InstanceActionsTestJSON:setUpClass): 201 POST http://10.180.1.21/identity/v3/auth/tokens 0.032s
2025-04-15 15:00:34.021 68575 INFO tempest.lib.common.rest_client [req-20ae0ccd-8683-4ed8-ad58-af7cf8822218 req-20ae0ccd-8683-4ed8-ad58-af7cf8822218 ] Request (InstanceActionsTestJSON:setUpClass): 200 GET http://10.180.1.21/identity/v3/domains?name=Default 0.022s
2025-04-15 15:00:34.049 68575 INFO tempest.lib.common.rest_client [req-c168c25e-2d21-41bc-8f01-f02ceff78fff req-c168c25e-2d21-41bc-8f01-f02ceff78fff ] Request (InstanceActionsTestJSON:setUpClass): 201 POST http://10.180.1.21/identity/v3/projects 0.028s
2025-04-15 15:00:34.059 68609 INFO tempest.lib.common.rest_client [req-95b64e9d-7284-4389-8325-d0040105d48b req-95b64e9d-7284-4389-8325-d0040105d48b ] Request (ServerActionsTestJSON:setUpClass): 200 GET http://10.180.1.21/compute/v2.1/servers/e23f88f5-81a2-4ba1-8ee2-ea8499f2b8a0 0.054s
2025-04-15 15:00:34.059 68583 INFO tempest.lib.common.rest_client [req-725c188e-19f2-40f1-a07d-7db1dda3162d req-725c188e-19f2-40f1-a07d-7db1dda3162d ] Request (ServerDiskConfigTestJSON:test_rebuild_server_with_auto_disk_config): 200 GET http://10.180.1.21/compute/v2.1/servers/b623d9dc-8303-420e-84c3-7c117b8ce43d 0.107s
2025-04-15 15:00:34.109 68581 INFO tempest.lib.common.rest_client [req-cdc01bfb-44f5-4b75-ab79-355e4a10fbba req-cdc01bfb-44f5-4b75-ab79-355e4a10fbba ] Request (ServerDiagnosticsV248Test:test_get_server_diagnostics): 200 GET http://10.180.1.21/compute/v2.1/servers/50ea7862-64f5-4868-adae-d3644c820c0f 0.098s
2025-04-15 15:00:34.119 68575 INFO tempest.lib.common.rest_client [req-5ca053c3-9724-4690-8132-438d97106cc9 req-5ca053c3-9724-4690-8132-438d97106cc9 ] Request (InstanceActionsTestJSON:setUpClass): 201 POST http://10.180.1.21/identity/v3/users 0.070s
2025-04-15 15:00:34.120 68595 INFO tempest.lib.common.rest_client [req-e1146ccf-a21f-4789-8c67-1234f6812a0e req-e1146ccf-a21f-4789-8c67-1234f6812a0e ] Request (ServersAdminTestJSON:setUpClass): 200 GET http://10.180.1.21/compute/v2.1/servers/adac9926-91ef-4617-9b5a-dd879bd346ba 0.067s
2025-04-15 15:00:34.143 68575 INFO tempest.lib.common.rest_client [req-906ac898-a798-47ee-bc20-838f7191fca9 req-906ac898-a798-47ee-bc20-838f7191fca9 ] Request (InstanceActionsTestJSON:setUpClass): 200 GET http://10.180.1.21/identity/v3/roles 0.023s
2025-04-15 15:00:34.167 68589 INFO tempest.lib.common.rest_client [req-c80e5513-802d-4402-a762-0bb5286abb60 req-c80e5513-802d-4402-a762-0bb5286abb60 ] Request (AttachInterfacesUnderV243Test:test_add_remove_fixed_ip): 200 GET http://10.180.1.21/compute/v2.1/servers/bb1f4c7e-2141-4178-b7b6-412cf177ea3d 0.051s
2025-04-15 15:00:34.181 68575 INFO tempest.lib.common.rest_client [req-f7419570-9414-49cd-8050-1354cb014850 req-f7419570-9414-49cd-8050-1354cb014850 ] Request (InstanceActionsTestJSON:setUpClass): 204 PUT http://10.180.1.21/identity/v3/projects/ed7ec7a0766140029a618fcf2ba49782/users/a97fbf9b8bbb48d59be6d6142cd6eadf/roles/632bb53b453944649ac0ddfca7ec66bb 0.038s
2025-04-15 15:00:34.181 68575 INFO tempest.lib.common.dynamic_creds [-] Dynamic test user a97fbf9b8bbb48d59be6d6142cd6eadf is created with scope project and roles: ['member']
2025-04-15 15:00:34.182 68575 INFO tempest.lib.common.dynamic_creds [-] Acquired dynamic creds: credentials: Credentials: {'domain_id': 'default', 'domain_name': 'Default', 'username': 'tempest-InstanceActionsTestJSON-1998889692-project-member', 'project_domain_id': 'default', 'project_domain_name': 'Default', 'project_id': 'ed7ec7a0766140029a618fcf2ba49782', 'project_name': 'tempest-InstanceActionsTestJSON-1998889692', 'tenant_id': 'ed7ec7a0766140029a618fcf2ba49782', 'tenant_name': 'tempest-InstanceActionsTestJSON-1998889692', 'user_domain_id': 'default', 'user_domain_name': 'Default', 'user_id': 'a97fbf9b8bbb48d59be6d6142cd6eadf', 'system': None}, Network: None, Subnet: None, Router: None
2025-04-15 15:00:34.222 68623 INFO tempest.lib.common.rest_client [req-be9c3c2e-7ad4-4434-9363-b291e2cc9453 req-be9c3c2e-7ad4-4434-9363-b291e2cc9453 ] Request (SecurityGroupsTestJSON:test_list_security_groups_by_server): 200 GET http://10.180.1.21/compute/v2.1/servers/c0f48447-3dd2-4d4a-9a74-78e4e11b7c08 0.061s
2025-04-15 15:00:34.242 68575 INFO tempest.lib.common.rest_client [req-5cc49ef5-188a-4a24-abb4-ab26ad925890 req-5cc49ef5-188a-4a24-abb4-ab26ad925890 ] Request (InstanceActionsTestJSON:setUpClass): 201 POST http://10.180.1.21/identity/v3/auth/tokens 0.060s
2025-04-15 15:00:34.250 68605 INFO tempest.lib.common.rest_client [req-7f1aa358-3cf9-4287-9330-f1aaabee9235 req-7f1aa358-3cf9-4287-9330-f1aaabee9235 ] Request (DeleteServersAdminTestJSON:test_admin_delete_servers_of_others): 200 GET http://10.180.1.21/compute/v2.1/servers/22296a35-4d1f-43c3-8e76-9ec42eaee2be 0.115s
2025-04-15 15:00:34.268 68579 INFO tempest.lib.common.rest_client [req-886cc7bc-147d-4f0d-a688-41fd93e91d7e req-886cc7bc-147d-4f0d-a688-41fd93e91d7e ] Request (InstanceActionsNegativeTestJSON:setUpClass): 200 GET http://10.180.1.21/compute/v2.1/servers/9bad85d3-f74e-4e86-b44b-0d16eb2de83a 0.081s
2025-04-15 15:00:34.300 68563 INFO tempest.lib.common.rest_client [req-885a6078-aaad-4133-8a2a-c1e53dfa1adf req-885a6078-aaad-4133-8a2a-c1e53dfa1adf ] Request (ServersWithSpecificFlavorTestJSON:test_verify_created_server_ephemeral_disk): 200 GET http://10.180.1.21/compute/v2.1/servers/d256047b-7d11-46bb-bb92-78bdf39ce175 0.081s
2025-04-15 15:00:34.323 68617 INFO tempest.lib.common.rest_client [req-12153abe-369e-4ff7-af04-71dc260ec59d req-12153abe-369e-4ff7-af04-71dc260ec59d ] Request (ServerMetadataTestJSON:setUpClass): 200 GET http://10.180.1.21/compute/v2.1/servers/0fd13da3-70cf-4850-9083-d7fb92560d40 0.049s
2025-04-15 15:00:34.391 68567 INFO tempest.lib.common.rest_client [req-a720bd9e-aa8b-4bef-b1b4-51b79e43b315 req-a720bd9e-aa8b-4bef-b1b4-51b79e43b315 ] Request (InstanceActionsV221TestJSON:test_get_list_deleted_instance_actions): 200 GET http://10.180.1.21/compute/v2.1/servers/52c9e6ce-6206-4561-a559-de4fe04300c4 0.062s
2025-04-15 15:00:34.403 68597 INFO tempest.lib.common.rest_client [req-7ff8a96c-0ca3-46bd-a0b4-b34c871e9c36 req-7ff8a96c-0ca3-46bd-a0b4-b34c871e9c36 ] Request (VolumesAssistedSnapshotsTest:test_volume_assisted_snapshot_create_delete): 200 GET http://10.180.1.21/compute/v2.1/servers/1f8c33b9-b35d-4033-922b-9df7082062f7 0.112s
2025-04-15 15:00:34.571 68588 INFO tempest.lib.common.rest_client [req-f707051e-ad99-4c95-9b53-d990a7a5a0d0 req-f707051e-ad99-4c95-9b53-d990a7a5a0d0 ] Request (ServerDiagnosticsNegativeTest:test_get_server_diagnostics_by_non_admin): 200 GET http://10.180.1.21/compute/v2.1/servers/2847862f-e086-4716-b735-415361d7dfcb 0.164s
2025-04-15 15:00:34.588 68619 INFO tempest.lib.common.rest_client [req-15648db7-eb19-4106-a86c-81fba0322ba4 req-15648db7-eb19-4106-a86c-81fba0322ba4 ] Request (AttachInterfacesV270Test:test_create_get_list_interfaces): 200 GET http://10.180.1.21/compute/v2.1/servers/4f58fc1a-7a4e-49ce-be07-74277decfcd0 0.129s
2025-04-15 15:00:34.706 68593 INFO tempest.lib.common.rest_client [req-815cb757-ea54-43c8-9ef7-94a536a1a994 req-815cb757-ea54-43c8-9ef7-94a536a1a994 ] Request (ServerExternalEventsTest:test_create_server_external_events): 200 GET http://10.180.1.21/compute/v2.1/servers/fb1356c9-d2da-4cac-ab18-aeefb1cf9ace 0.180s
2025-04-15 15:00:34.711 68615 INFO tempest.lib.common.rest_client [req-2f887af6-0c95-45bc-93e3-8a18a26b0dfe req-2f887af6-0c95-45bc-93e3-8a18a26b0dfe ] Request (MigrationsAdminTest:test_list_migrations_in_flavor_resize_situation): 200 GET http://10.180.1.21/compute/v2.1/servers/a5e0c9dd-2706-436a-ba7b-987514a74a4c 0.166s
2025-04-15 15:00:34.714 68575 INFO tempest.lib.common.rest_client [req-6943d90c-e41d-4897-82ad-b17932456e31 req-6943d90c-e41d-4897-82ad-b17932456e31 ] Request (InstanceActionsTestJSON:setUpClass): 201 POST http://10.180.1.21:9696/networking/v2.0/networks 0.472s
2025-04-15 15:00:34.779 68569 INFO tempest.lib.common.rest_client [req-71752dd0-c918-4018-858e-d4e6655f3224 req-71752dd0-c918-4018-858e-d4e6655f3224 ] Request (FloatingIPsAssociationNegativeTestJSON:setUpClass): 200 GET http://10.180.1.21/compute/v2.1/servers/b6a67fbe-c6cd-43dd-a7ff-f0057e9cb05f 0.207s
2025-04-15 15:00:34.837 68577 INFO tempest.lib.common.rest_client [req-ac02acc3-e9e0-49af-8e2c-540d1ca58b40 req-ac02acc3-e9e0-49af-8e2c-540d1ca58b40 ] Request (VolumesAdminNegativeTest:test_update_attached_volume_with_nonexistent_volume_in_body): 200 GET http://10.180.1.21/compute/v2.1/servers/c1b534f6-1a1a-4f01-a107-8d7913c86282 0.113s
2025-04-15 15:00:34.860 68621 INFO tempest.lib.common.rest_client [req-0eb25c28-1715-48b5-bdc7-4b2f83c89296 req-0eb25c28-1715-48b5-bdc7-4b2f83c89296 ] Request (ServerDiagnosticsTest:test_get_server_diagnostics): 200 GET http://10.180.1.21/compute/v2.1/servers/fcbcb969-a0de-46d4-ad8f-78fe42aecd85 0.185s
2025-04-15 15:00:34.916 68573 INFO tempest.lib.common.rest_client [req-f2d133f9-e7d3-4f56-8ef4-c46c6a65064e req-f2d133f9-e7d3-4f56-8ef4-c46c6a65064e ] Request (ListImageFiltersTestJSON:setUpClass): 200 GET http://10.180.1.21/compute/v2.1/servers/2d3aedad-ecc5-4f6d-8548-4b018ea7d4b5 0.149s
2025-04-15 15:00:34.987 68607 INFO tempest.lib.common.rest_client [req-825d336f-beb8-4c44-b126-ceda5c45d05a req-825d336f-beb8-4c44-b126-ceda5c45d05a ] Request (ServersTestJSON:setUpClass): 200 GET http://10.180.1.21/compute/v2.1/servers/750a1ae8-e267-4742-a73f-ca756c0ac173 0.184s
2025-04-15 15:00:35.002 68585 INFO tempest.lib.common.rest_client [req-e3d2762c-8e0f-432e-8035-d01ca508ba5d req-e3d2762c-8e0f-432e-8035-d01ca508ba5d ] Request (ServerAddressesTestJSON:setUpClass): 200 GET http://10.180.1.21/compute/v2.1/servers/703f3211-dc8a-432f-a9d7-2ec75c38f64a 0.263s
2025-04-15 15:00:35.043 68571 INFO tempest.lib.common.rest_client [req-3624aae7-70de-4290-8d48-9207bd2743a5 req-3624aae7-70de-4290-8d48-9207bd2743a5 ] Request (ImagesTestJSON:test_create_image_from_suspended_server): 200 GET http://10.180.1.21/compute/v2.1/servers/23f56c6b-891e-4948-89c8-cdc95de7ca8d 0.219s
2025-04-15 15:00:35.045 68575 INFO tempest.lib.common.rest_client [req-7602be2c-3d16-4a66-820b-83f670c1b612 req-7602be2c-3d16-4a66-820b-83f670c1b612 ] Request (InstanceActionsTestJSON:setUpClass): 201 POST http://10.180.1.21:9696/networking/v2.0/subnets 0.331s
2025-04-15 15:00:35.053 68625 INFO tempest.lib.common.rest_client [req-a686b10e-f693-49b8-b1d8-ce79fcc5561f req-a686b10e-f693-49b8-b1d8-ce79fcc5561f ] Request (ImagesNegativeTestJSON:test_create_image_from_deleted_server): 200 GET http://10.180.1.21/compute/v2.1/servers/b83a653f-8e9d-47fa-8d16-459312f49fbe 0.213s
2025-04-15 15:00:35.107 68565 INFO tempest.lib.common.rest_client [req-92aab10d-5e5e-4d01-84fd-60d631892a14 req-92aab10d-5e5e-4d01-84fd-60d631892a14 ] Request (ServersTestBootFromVolume:setUpClass): 200 GET http://10.180.1.21/compute/v2.1/servers/f2b2dbc2-5206-4463-aeb6-a0db5f1d5381 0.226s
2025-04-15 15:00:35.110 68613 INFO tempest.lib.common.rest_client [req-bab68cb2-9ff1-4775-93ad-90b02b9196b7 req-bab68cb2-9ff1-4775-93ad-90b02b9196b7 ] Request (ServerShowV257Test:test_rebuild_server): 200 GET http://10.180.1.21/compute/v2.1/servers/e98b599a-db66-439f-b1ab-83df8dd262de 0.107s
2025-04-15 15:00:35.157 68609 INFO tempest.lib.common.rest_client [req-d1b039bc-66b8-4570-a730-82f47b26b2ee req-d1b039bc-66b8-4570-a730-82f47b26b2ee ] Request (ServerActionsTestJSON:setUpClass): 200 GET http://10.180.1.21/compute/v2.1/servers/e23f88f5-81a2-4ba1-8ee2-ea8499f2b8a0 0.087s
2025-04-15 15:00:35.218 68583 INFO tempest.lib.common.rest_client [req-8d8bd524-568d-4ea4-82ec-537eb055a066 req-8d8bd524-568d-4ea4-82ec-537eb055a066 ] Request (ServerDiskConfigTestJSON:test_rebuild_server_with_auto_disk_config): 200 GET http://10.180.1.21/compute/v2.1/servers/b623d9dc-8303-420e-84c3-7c117b8ce43d 0.145s
2025-04-15 15:00:35.221 68581 INFO tempest.lib.common.rest_client [req-d124c86e-21d5-498c-b5c0-75de563db41b req-d124c86e-21d5-498c-b5c0-75de563db41b ] Request (ServerDiagnosticsV248Test:test_get_server_diagnostics): 200 GET http://10.180.1.21/compute/v2.1/servers/50ea7862-64f5-4868-adae-d3644c820c0f 0.100s
2025-04-15 15:00:35.275 68595 INFO tempest.lib.common.rest_client [req-d048635c-f766-469c-b873-be86f427df6b req-d048635c-f766-469c-b873-be86f427df6b ] Request (ServersAdminTestJSON:setUpClass): 200 GET http://10.180.1.21/compute/v2.1/servers/adac9926-91ef-4617-9b5a-dd879bd346ba 0.147s
2025-04-15 15:00:35.276 68589 INFO tempest.lib.common.rest_client [req-f0b9f5b5-1025-4eda-8c7b-aa29217de21b req-f0b9f5b5-1025-4eda-8c7b-aa29217de21b ] Request (AttachInterfacesUnderV243Test:test_add_remove_fixed_ip): 200 GET http://10.180.1.21/compute/v2.1/servers/bb1f4c7e-2141-4178-b7b6-412cf177ea3d 0.101s
2025-04-15 15:00:35.343 68623 INFO tempest.lib.common.rest_client [req-c90c563d-0018-4666-bb32-9ee42702e4fe req-c90c563d-0018-4666-bb32-9ee42702e4fe ] Request (SecurityGroupsTestJSON:test_list_security_groups_by_server): 200 GET http://10.180.1.21/compute/v2.1/servers/c0f48447-3dd2-4d4a-9a74-78e4e11b7c08 0.112s
2025-04-15 15:00:35.371 68605 INFO tempest.lib.common.rest_client [req-f1509439-5a7a-4053-972d-7a6125c9fa99 req-f1509439-5a7a-4053-972d-7a6125c9fa99 ] Request (DeleteServersAdminTestJSON:test_admin_delete_servers_of_others): 200 GET http://10.180.1.21/compute/v2.1/servers/22296a35-4d1f-43c3-8e76-9ec42eaee2be 0.109s
2025-04-15 15:00:35.388 68579 INFO tempest.lib.common.rest_client [req-faaaa5c3-abc3-47ce-9c99-4ed60cec76dd req-faaaa5c3-abc3-47ce-9c99-4ed60cec76dd ] Request (InstanceActionsNegativeTestJSON:setUpClass): 200 GET http://10.180.1.21/compute/v2.1/servers/9bad85d3-f74e-4e86-b44b-0d16eb2de83a 0.112s
2025-04-15 15:00:35.417 68563 INFO tempest.lib.common.rest_client [req-a6fd0c4c-1fd4-47c9-868b-11ded1f6b0e6 req-a6fd0c4c-1fd4-47c9-868b-11ded1f6b0e6 ] Request (ServersWithSpecificFlavorTestJSON:test_verify_created_server_ephemeral_disk): 200 GET http://10.180.1.21/compute/v2.1/servers/d256047b-7d11-46bb-bb92-78bdf39ce175 0.109s
2025-04-15 15:00:35.433 68617 INFO tempest.lib.common.rest_client [req-df79133d-bc14-4448-8492-857819d5ac81 req-df79133d-bc14-4448-8492-857819d5ac81 ] Request (ServerMetadataTestJSON:setUpClass): 200 GET http://10.180.1.21/compute/v2.1/servers/0fd13da3-70cf-4850-9083-d7fb92560d40 0.100s
2025-04-15 15:00:35.464 68567 INFO tempest.lib.common.rest_client [req-0fb093ea-500d-4db4-bd1d-ecba54178943 req-0fb093ea-500d-4db4-bd1d-ecba54178943 ] Request (InstanceActionsV221TestJSON:test_get_list_deleted_instance_actions): 200 GET http://10.180.1.21/compute/v2.1/servers/52c9e6ce-6206-4561-a559-de4fe04300c4 0.063s
2025-04-15 15:00:35.734 68597 INFO tempest.lib.common.rest_client [req-a6817b6a-59f0-4966-a575-89bb51b0269b req-a6817b6a-59f0-4966-a575-89bb51b0269b ] Request (VolumesAssistedSnapshotsTest:test_volume_assisted_snapshot_create_delete): 200 GET http://10.180.1.21/compute/v2.1/servers/1f8c33b9-b35d-4033-922b-9df7082062f7 0.322s
2025-04-15 15:00:35.735 68588 INFO tempest.lib.common.rest_client [req-44c3d07e-94de-48e2-bba4-a04ccf8861f2 req-44c3d07e-94de-48e2-bba4-a04ccf8861f2 ] Request (ServerDiagnosticsNegativeTest:test_get_server_diagnostics_by_non_admin): 200 GET http://10.180.1.21/compute/v2.1/servers/2847862f-e086-4716-b735-415361d7dfcb 0.155s
2025-04-15 15:00:35.809 68575 INFO tempest.lib.common.rest_client [req-7c39fbe4-8c5c-4e56-ba18-4ea86b42a010 req-7c39fbe4-8c5c-4e56-ba18-4ea86b42a010 ] Request (InstanceActionsTestJSON:setUpClass): 201 POST http://10.180.1.21:9696/networking/v2.0/routers 0.762s
2025-04-15 15:00:35.865 68593 INFO tempest.lib.common.rest_client [req-708fe7f4-59c4-4c83-a7c5-cbe44a4e9a9f req-708fe7f4-59c4-4c83-a7c5-cbe44a4e9a9f ] Request (ServerExternalEventsTest:test_create_server_external_events): 200 GET http://10.180.1.21/compute/v2.1/servers/fb1356c9-d2da-4cac-ab18-aeefb1cf9ace 0.150s
2025-04-15 15:00:35.873 68619 INFO tempest.lib.common.rest_client [req-c2419ac0-67cb-4acf-80bb-40fe3b37a486 req-c2419ac0-67cb-4acf-80bb-40fe3b37a486 ] Request (AttachInterfacesV270Test:test_create_get_list_interfaces): 200 GET http://10.180.1.21/compute/v2.1/servers/4f58fc1a-7a4e-49ce-be07-74277decfcd0 0.271s
2025-04-15 15:00:35.940 68569 INFO tempest.lib.common.rest_client [req-2ffaf943-1b9f-47eb-a1a8-b78d6405d96e req-2ffaf943-1b9f-47eb-a1a8-b78d6405d96e ] Request (FloatingIPsAssociationNegativeTestJSON:setUpClass): 200 GET http://10.180.1.21/compute/v2.1/servers/b6a67fbe-c6cd-43dd-a7ff-f0057e9cb05f 0.153s
2025-04-15 15:00:35.995 68577 INFO tempest.lib.common.rest_client [req-66dd824a-a460-48e3-9f80-903b9ad50762 req-66dd824a-a460-48e3-9f80-903b9ad50762 ] Request (VolumesAdminNegativeTest:test_update_attached_volume_with_nonexistent_volume_in_body): 200 GET http://10.180.1.21/compute/v2.1/servers/c1b534f6-1a1a-4f01-a107-8d7913c86282 0.150s
2025-04-15 15:00:35.999 68615 INFO tempest.lib.common.rest_client [req-c79f2e7d-6fef-4e21-90b1-79a48b2f55df req-c79f2e7d-6fef-4e21-90b1-79a48b2f55df ] Request (MigrationsAdminTest:test_list_migrations_in_flavor_resize_situation): 200 GET http://10.180.1.21/compute/v2.1/servers/a5e0c9dd-2706-436a-ba7b-987514a74a4c 0.279s
2025-04-15 15:00:36.059 68573 INFO tempest.lib.common.rest_client [req-14d94273-642b-4921-8bfc-6824a42157bc req-14d94273-642b-4921-8bfc-6824a42157bc ] Request (ListImageFiltersTestJSON:setUpClass): 200 GET http://10.180.1.21/compute/v2.1/servers/2d3aedad-ecc5-4f6d-8548-4b018ea7d4b5 0.129s
2025-04-15 15:00:36.105 68621 INFO tempest.lib.common.rest_client [req-bdef35a6-b0b3-4bb6-8863-29e66b3461ac req-bdef35a6-b0b3-4bb6-8863-29e66b3461ac ] Request (ServerDiagnosticsTest:test_get_server_diagnostics): 200 GET http://10.180.1.21/compute/v2.1/servers/fcbcb969-a0de-46d4-ad8f-78fe42aecd85 0.237s
2025-04-15 15:00:36.113 68607 INFO tempest.lib.common.rest_client [req-5a6fa9a3-86d0-4ab4-8dd6-73dfa6bf7cec req-5a6fa9a3-86d0-4ab4-8dd6-73dfa6bf7cec ] Request (ServersTestJSON:setUpClass): 200 GET http://10.180.1.21/compute/v2.1/servers/750a1ae8-e267-4742-a73f-ca756c0ac173 0.117s
2025-04-15 15:00:36.172 68571 INFO tempest.lib.common.rest_client [req-ff6a4727-9f11-452c-9101-1b28c9c2dab8 req-ff6a4727-9f11-452c-9101-1b28c9c2dab8 ] Request (ImagesTestJSON:test_create_image_from_suspended_server): 200 GET http://10.180.1.21/compute/v2.1/servers/23f56c6b-891e-4948-89c8-cdc95de7ca8d 0.118s
2025-04-15 15:00:36.224 68625 INFO tempest.lib.common.rest_client [req-94004782-faa5-45b7-9ff4-330cc545cdb8 req-94004782-faa5-45b7-9ff4-330cc545cdb8 ] Request (ImagesNegativeTestJSON:test_create_image_from_deleted_server): 200 GET http://10.180.1.21/compute/v2.1/servers/b83a653f-8e9d-47fa-8d16-459312f49fbe 0.161s
2025-04-15 15:00:36.229 68585 INFO tempest.lib.common.rest_client [req-b8848b2a-50aa-473c-8bc6-0e7f12a28bfd req-b8848b2a-50aa-473c-8bc6-0e7f12a28bfd ] Request (ServerAddressesTestJSON:setUpClass): 200 GET http://10.180.1.21/compute/v2.1/servers/703f3211-dc8a-432f-a9d7-2ec75c38f64a 0.219s
2025-04-15 15:00:36.276 68565 INFO tempest.lib.common.rest_client [req-987a3cec-48c8-48b7-90b7-552a42f5466e req-987a3cec-48c8-48b7-90b7-552a42f5466e ] Request (ServersTestBootFromVolume:setUpClass): 200 GET http://10.180.1.21/compute/v2.1/servers/f2b2dbc2-5206-4463-aeb6-a0db5f1d5381 0.161s
2025-04-15 15:00:36.292 68613 INFO tempest.lib.common.rest_client [req-4716f5fd-4cfc-444b-9579-f944fc765abb req-4716f5fd-4cfc-444b-9579-f944fc765abb ] Request (ServerShowV257Test:test_rebuild_server): 200 GET http://10.180.1.21/compute/v2.1/servers/e98b599a-db66-439f-b1ab-83df8dd262de 0.173s
2025-04-15 15:00:36.326 68609 INFO tempest.lib.common.rest_client [req-39c0ee86-4895-4ac4-9844-4d6bc4bd7f42 req-39c0ee86-4895-4ac4-9844-4d6bc4bd7f42 ] Request (ServerActionsTestJSON:setUpClass): 200 GET http://10.180.1.21/compute/v2.1/servers/e23f88f5-81a2-4ba1-8ee2-ea8499f2b8a0 0.161s
2025-04-15 15:00:36.390 68581 INFO tempest.lib.common.rest_client [req-4323071f-9d79-4d22-b3e3-2c78edd763bb req-4323071f-9d79-4d22-b3e3-2c78edd763bb ] Request (ServerDiagnosticsV248Test:test_get_server_diagnostics): 200 GET http://10.180.1.21/compute/v2.1/servers/50ea7862-64f5-4868-adae-d3644c820c0f 0.158s
2025-04-15 15:00:36.445 68595 INFO tempest.lib.common.rest_client [req-05cd22ca-23b8-4a39-983a-6c5a83fc5542 req-05cd22ca-23b8-4a39-983a-6c5a83fc5542 ] Request (ServersAdminTestJSON:setUpClass): 200 GET http://10.180.1.21/compute/v2.1/servers/adac9926-91ef-4617-9b5a-dd879bd346ba 0.163s
2025-04-15 15:00:36.456 68583 INFO tempest.lib.common.rest_client [req-30ca3e57-2be4-4f0c-a979-cdab1ebb55fc req-30ca3e57-2be4-4f0c-a979-cdab1ebb55fc ] Request (ServerDiskConfigTestJSON:test_rebuild_server_with_auto_disk_config): 200 GET http://10.180.1.21/compute/v2.1/servers/b623d9dc-8303-420e-84c3-7c117b8ce43d 0.228s
2025-04-15 15:00:36.495 68589 INFO tempest.lib.common.rest_client [req-1f36263e-7d96-4bb1-8d7a-4d5acabf3efa req-1f36263e-7d96-4bb1-8d7a-4d5acabf3efa ] Request (AttachInterfacesUnderV243Test:test_add_remove_fixed_ip): 200 GET http://10.180.1.21/compute/v2.1/servers/bb1f4c7e-2141-4178-b7b6-412cf177ea3d 0.207s
2025-04-15 15:00:36.522 68623 INFO tempest.lib.common.rest_client [req-0547a2c3-003a-4d72-903a-e7db3ed6e947 req-0547a2c3-003a-4d72-903a-e7db3ed6e947 ] Request (SecurityGroupsTestJSON:test_list_security_groups_by_server): 200 GET http://10.180.1.21/compute/v2.1/servers/c0f48447-3dd2-4d4a-9a74-78e4e11b7c08 0.170s
2025-04-15 15:00:36.588 68579 INFO tempest.lib.common.rest_client [req-90010ecc-115a-4974-9333-07114da5762d req-90010ecc-115a-4974-9333-07114da5762d ] Request (InstanceActionsNegativeTestJSON:setUpClass): 200 GET http://10.180.1.21/compute/v2.1/servers/9bad85d3-f74e-4e86-b44b-0d16eb2de83a 0.193s
2025-04-15 15:00:36.605 68605 INFO tempest.lib.common.rest_client [req-698ae638-2387-4537-b6d5-d627230990a0 req-698ae638-2387-4537-b6d5-d627230990a0 ] Request (DeleteServersAdminTestJSON:test_admin_delete_servers_of_others): 200 GET http://10.180.1.21/compute/v2.1/servers/22296a35-4d1f-43c3-8e76-9ec42eaee2be 0.221s
2025-04-15 15:00:36.641 68563 INFO tempest.lib.common.rest_client [req-634b45d7-37a7-44d8-9bda-2bbc8de144b4 req-634b45d7-37a7-44d8-9bda-2bbc8de144b4 ] Request (ServersWithSpecificFlavorTestJSON:test_verify_created_server_ephemeral_disk): 200 GET http://10.180.1.21/compute/v2.1/servers/d256047b-7d11-46bb-bb92-78bdf39ce175 0.215s
2025-04-15 15:00:36.661 68617 INFO tempest.lib.common.rest_client [req-8a372d98-ebd9-4241-9b3c-4a6e98fa91c5 req-8a372d98-ebd9-4241-9b3c-4a6e98fa91c5 ] Request (ServerMetadataTestJSON:setUpClass): 200 GET http://10.180.1.21/compute/v2.1/servers/0fd13da3-70cf-4850-9083-d7fb92560d40 0.216s
2025-04-15 15:00:36.694 68567 INFO tempest.lib.common.rest_client [req-c3878b0e-4dd1-4082-a3c8-1b1fef86d11d req-c3878b0e-4dd1-4082-a3c8-1b1fef86d11d ] Request (InstanceActionsV221TestJSON:test_get_list_deleted_instance_actions): 200 GET http://10.180.1.21/compute/v2.1/servers/52c9e6ce-6206-4561-a559-de4fe04300c4 0.221s
2025-04-15 15:00:36.906 68588 INFO tempest.lib.common.rest_client [req-9e1f8b02-1354-4212-b34c-8ee6cf8174f3 req-9e1f8b02-1354-4212-b34c-8ee6cf8174f3 ] Request (ServerDiagnosticsNegativeTest:test_get_server_diagnostics_by_non_admin): 200 GET http://10.180.1.21/compute/v2.1/servers/2847862f-e086-4716-b735-415361d7dfcb 0.163s
2025-04-15 15:00:36.910 68575 INFO tempest.lib.common.rest_client [req-213da2cf-2299-4cac-a757-749d457946f0 req-213da2cf-2299-4cac-a757-749d457946f0 ] Request (InstanceActionsTestJSON:setUpClass): 200 PUT http://10.180.1.21:9696/networking/v2.0/routers/d649b545-d437-4258-8819-50bea5be7acb/add_router_interface 1.101s
2025-04-15 15:00:36.910 68575 INFO tempest.lib.common.dynamic_creds [-] Created isolated network resources for: credentials: Credentials: {'domain_id': 'default', 'domain_name': 'Default', 'username': 'tempest-InstanceActionsTestJSON-1998889692-project-member', 'project_domain_id': 'default', 'project_domain_name': 'Default', 'project_id': 'ed7ec7a0766140029a618fcf2ba49782', 'project_name': 'tempest-InstanceActionsTestJSON-1998889692', 'tenant_id': 'ed7ec7a0766140029a618fcf2ba49782', 'tenant_name': 'tempest-InstanceActionsTestJSON-1998889692', 'user_domain_id': 'default', 'user_domain_name': 'Default', 'user_id': 'a97fbf9b8bbb48d59be6d6142cd6eadf', 'system': None}, Network: {'id': 'e5d2f84a-148a-4f81-97c5-31e6caa2e90e', 'name': 'tempest-InstanceActionsTestJSON-2047690996-network', 'tenant_id': 'ed7ec7a0766140029a618fcf2ba49782', 'admin_state_up': True, 'mtu': 8950, 'status': 'ACTIVE', 'subnets': [], 'shared': False, 'project_id': 'ed7ec7a0766140029a618fcf2ba49782', 'port_security_enabled': True, 'router:external': False, 'provider:network_type': 'vlan', 'provider:physical_network': 'default', 'provider:segmentation_id': 327, 'is_default': False, 'availability_zone_hints': [], 'availability_zones': [], 'ipv4_address_scope': None, 'ipv6_address_scope': None, 'description': '', 'tags': [], 'created_at': '2025-04-15T15:00:34Z', 'updated_at': '2025-04-15T15:00:34Z', 'revision_number': 1}, Subnet: {'id': 'c70e8a63-ac21-4a21-b0ca-82d2dd079ec9', 'name': 'tempest-InstanceActionsTestJSON-2047690996-subnet', 'tenant_id': 'ed7ec7a0766140029a618fcf2ba49782', 'network_id': 'e5d2f84a-148a-4f81-97c5-31e6caa2e90e', 'ip_version': 4, 'subnetpool_id': None, 'enable_dhcp': True, 'ipv6_ra_mode': None, 'ipv6_address_mode': None, 'gateway_ip': '192.168.128.1', 'cidr': '192.168.128.0/28', 'allocation_pools': [{'start': '192.168.128.2', 'end': '192.168.128.14'}], 'host_routes': [], 'dns_nameservers': [], 'description': '', 'service_types': [], 'tags': [], 'created_at': '2025-04-15T15:00:34Z', 'updated_at': '2025-04-15T15:00:34Z', 'revision_number': 0, 'project_id': 'ed7ec7a0766140029a618fcf2ba49782'}, Router: {'id': 'd649b545-d437-4258-8819-50bea5be7acb', 'name': 'tempest-InstanceActionsTestJSON-2047690996-router', 'tenant_id': 'ed7ec7a0766140029a618fcf2ba49782', 'admin_state_up': True, 'status': 'ACTIVE', 'external_gateway_info': {'network_id': 'f579e065-8c4b-4f1c-b8ac-da459a775315', 'external_fixed_ips': [{'subnet_id': '9e7a321d-fdf1-4636-9340-3ce7ee295ed2', 'ip_address': '10.180.180.238'}], 'enable_snat': True}, 'description': '', 'availability_zones': [], 'distributed': False, 'ha': False, 'availability_zone_hints': [], 'routes': [], 'flavor_id': None, 'tags': [], 'created_at': '2025-04-15T15:00:35Z', 'updated_at': '2025-04-15T15:00:35Z', 'revision_number': 2, 'project_id': 'ed7ec7a0766140029a618fcf2ba49782'}
2025-04-15 15:00:36.926 68597 INFO tempest.lib.common.rest_client [req-62f16070-6ec1-481f-bc16-4afd7f7f370f req-62f16070-6ec1-481f-bc16-4afd7f7f370f ] Request (VolumesAssistedSnapshotsTest:test_volume_assisted_snapshot_create_delete): 200 GET http://10.180.1.21/compute/v2.1/servers/1f8c33b9-b35d-4033-922b-9df7082062f7 0.184s
2025-04-15 15:00:37.004 68575 INFO tempest.lib.common.rest_client [req-3ab36e39-5def-4f9e-b961-3ee78d5fc714 req-3ab36e39-5def-4f9e-b961-3ee78d5fc714 ] Request (InstanceActionsTestJSON:setUpClass): 201 POST http://10.180.1.21/identity/v3/auth/tokens 0.088s
2025-04-15 15:00:37.044 68575 INFO tempest.lib.common.rest_client [req-eb49c5c7-3f21-49b2-8798-c72b450c8b28 req-eb49c5c7-3f21-49b2-8798-c72b450c8b28 ] Request (InstanceActionsTestJSON:setUpClass): 201 POST http://10.180.1.21/identity/v3/auth/tokens 0.035s
2025-04-15 15:00:37.044 68575 INFO tempest.lib.common.fixed_network [-] (InstanceActionsTestJSON:setUpClass) Found network {'id': 'e5d2f84a-148a-4f81-97c5-31e6caa2e90e', 'name': 'tempest-InstanceActionsTestJSON-2047690996-network', 'tenant_id': 'ed7ec7a0766140029a618fcf2ba49782', 'admin_state_up': True, 'mtu': 8950, 'status': 'ACTIVE', 'subnets': [], 'shared': False, 'project_id': 'ed7ec7a0766140029a618fcf2ba49782', 'port_security_enabled': True, 'router:external': False, 'provider:network_type': 'vlan', 'provider:physical_network': 'default', 'provider:segmentation_id': 327, 'is_default': False, 'availability_zone_hints': [], 'availability_zones': [], 'ipv4_address_scope': None, 'ipv6_address_scope': None, 'description': '', 'tags': [], 'created_at': '2025-04-15T15:00:34Z', 'updated_at': '2025-04-15T15:00:34Z', 'revision_number': 1} available for tenant
2025-04-15 15:00:37.204 68593 INFO tempest.lib.common.rest_client [req-0f7dfbac-0885-478b-b0fa-9e2264d8200a req-0f7dfbac-0885-478b-b0fa-9e2264d8200a ] Request (ServerExternalEventsTest:test_create_server_external_events): 200 GET http://10.180.1.21/compute/v2.1/servers/fb1356c9-d2da-4cac-ab18-aeefb1cf9ace 0.331s
2025-04-15 15:00:37.254 68569 INFO tempest.lib.common.rest_client [req-e7db0290-6982-4a7f-bae3-2e08751bcc9c req-e7db0290-6982-4a7f-bae3-2e08751bcc9c ] Request (FloatingIPsAssociationNegativeTestJSON:setUpClass): 200 GET http://10.180.1.21/compute/v2.1/servers/b6a67fbe-c6cd-43dd-a7ff-f0057e9cb05f 0.298s
2025-04-15 15:00:37.267 68619 INFO tempest.lib.common.rest_client [req-1a28db08-6672-4c4a-8256-c0806d6a46d2 req-1a28db08-6672-4c4a-8256-c0806d6a46d2 ] Request (AttachInterfacesV270Test:test_create_get_list_interfaces): 200 GET http://10.180.1.21/compute/v2.1/servers/4f58fc1a-7a4e-49ce-be07-74277decfcd0 0.380s
2025-04-15 15:00:37.300 68577 INFO tempest.lib.common.rest_client [req-33ba70b5-bd5a-4a5f-875b-2ba657ed3cc2 req-33ba70b5-bd5a-4a5f-875b-2ba657ed3cc2 ] Request (VolumesAdminNegativeTest:test_update_attached_volume_with_nonexistent_volume_in_body): 200 GET http://10.180.1.21/compute/v2.1/servers/c1b534f6-1a1a-4f01-a107-8d7913c86282 0.296s
2025-04-15 15:00:37.360 68615 INFO tempest.lib.common.rest_client [req-5c56357c-bc50-4639-9acb-7d2dcb994b51 req-5c56357c-bc50-4639-9acb-7d2dcb994b51 ] Request (MigrationsAdminTest:test_list_migrations_in_flavor_resize_situation): 200 GET http://10.180.1.21/compute/v2.1/servers/a5e0c9dd-2706-436a-ba7b-987514a74a4c 0.352s
2025-04-15 15:00:37.406 68573 INFO tempest.lib.common.rest_client [req-3e9aa037-c5b1-4b59-acd3-623f5ca2bd4d req-3e9aa037-c5b1-4b59-acd3-623f5ca2bd4d ] Request (ListImageFiltersTestJSON:setUpClass): 200 GET http://10.180.1.21/compute/v2.1/servers/2d3aedad-ecc5-4f6d-8548-4b018ea7d4b5 0.335s
2025-04-15 15:00:37.537 68621 INFO tempest.lib.common.rest_client [req-8d8158c7-7bcd-4576-a330-88162bbf4a88 req-8d8158c7-7bcd-4576-a330-88162bbf4a88 ] Request (ServerDiagnosticsTest:test_get_server_diagnostics): 200 GET http://10.180.1.21/compute/v2.1/servers/fcbcb969-a0de-46d4-ad8f-78fe42aecd85 0.425s
2025-04-15 15:00:37.591 68607 INFO tempest.lib.common.rest_client [req-9b98ec88-1b1c-4be3-9b67-5bd229d4f6c1 req-9b98ec88-1b1c-4be3-9b67-5bd229d4f6c1 ] Request (ServersTestJSON:setUpClass): 200 GET http://10.180.1.21/compute/v2.1/servers/750a1ae8-e267-4742-a73f-ca756c0ac173 0.469s
2025-04-15 15:00:37.659 68571 INFO tempest.lib.common.rest_client [req-c9a04d9c-baf8-452b-9d6f-71934db20c47 req-c9a04d9c-baf8-452b-9d6f-71934db20c47 ] Request (ImagesTestJSON:test_create_image_from_suspended_server): 200 GET http://10.180.1.21/compute/v2.1/servers/23f56c6b-891e-4948-89c8-cdc95de7ca8d 0.476s
2025-04-15 15:00:37.723 68625 INFO tempest.lib.common.rest_client [req-19d3ecd3-99de-477e-bc4e-338825e2b3c4 req-19d3ecd3-99de-477e-bc4e-338825e2b3c4 ] Request (ImagesNegativeTestJSON:test_create_image_from_deleted_server): 200 GET http://10.180.1.21/compute/v2.1/servers/b83a653f-8e9d-47fa-8d16-459312f49fbe 0.488s
2025-04-15 15:00:37.799 68575 INFO tempest.lib.common.rest_client [req-7ea5e1a8-71f8-4956-bf56-89e230c896dc req-7ea5e1a8-71f8-4956-bf56-89e230c896dc ] Request (InstanceActionsTestJSON:setUpClass): 202 POST http://10.180.1.21/compute/v2.1/servers 0.754s
2025-04-15 15:00:37.835 68585 INFO tempest.lib.common.rest_client [req-4ced0d44-c8a7-47a6-9330-afcdba2c62df req-4ced0d44-c8a7-47a6-9330-afcdba2c62df ] Request (ServerAddressesTestJSON:setUpClass): 200 GET http://10.180.1.21/compute/v2.1/servers/703f3211-dc8a-432f-a9d7-2ec75c38f64a 0.595s
2025-04-15 15:00:37.849 68565 INFO tempest.lib.common.rest_client [req-f67d0f03-17c2-4b55-8444-cbc918d6f7c6 req-f67d0f03-17c2-4b55-8444-cbc918d6f7c6 ] Request (ServersTestBootFromVolume:setUpClass): 200 GET http://10.180.1.21/compute/v2.1/servers/f2b2dbc2-5206-4463-aeb6-a0db5f1d5381 0.565s
2025-04-15 15:00:37.890 68613 INFO tempest.lib.common.rest_client [req-7e268857-1cd6-4d13-a713-cb507c6c7b00 req-7e268857-1cd6-4d13-a713-cb507c6c7b00 ] Request (ServerShowV257Test:test_rebuild_server): 200 GET http://10.180.1.21/compute/v2.1/servers/e98b599a-db66-439f-b1ab-83df8dd262de 0.588s
2025-04-15 15:00:37.898 68609 INFO tempest.lib.common.rest_client [req-816c7b2b-cda6-481b-b03b-e9e17114e9bd req-816c7b2b-cda6-481b-b03b-e9e17114e9bd ] Request (ServerActionsTestJSON:setUpClass): 200 GET http://10.180.1.21/compute/v2.1/servers/e23f88f5-81a2-4ba1-8ee2-ea8499f2b8a0 0.562s
2025-04-15 15:00:37.944 68581 INFO tempest.lib.common.rest_client [req-082f04ca-84fd-4115-9629-66624491bad6 req-082f04ca-84fd-4115-9629-66624491bad6 ] Request (ServerDiagnosticsV248Test:test_get_server_diagnostics): 200 GET http://10.180.1.21/compute/v2.1/servers/50ea7862-64f5-4868-adae-d3644c820c0f 0.543s
2025-04-15 15:00:37.949 68595 INFO tempest.lib.common.rest_client [req-c671a2db-f8fa-40c4-a574-660c76626e96 req-c671a2db-f8fa-40c4-a574-660c76626e96 ] Request (ServersAdminTestJSON:setUpClass): 200 GET http://10.180.1.21/compute/v2.1/servers/adac9926-91ef-4617-9b5a-dd879bd346ba 0.488s
2025-04-15 15:00:38.002 68589 INFO tempest.lib.common.rest_client [req-abeaa2df-6054-4597-bcad-fcfd50284b6b req-abeaa2df-6054-4597-bcad-fcfd50284b6b ] Request (AttachInterfacesUnderV243Test:test_add_remove_fixed_ip): 200 GET http://10.180.1.21/compute/v2.1/servers/bb1f4c7e-2141-4178-b7b6-412cf177ea3d 0.495s
2025-04-15 15:00:38.051 68623 INFO tempest.lib.common.rest_client [req-e585ddeb-05d5-417f-ba74-ad2dc7631573 req-e585ddeb-05d5-417f-ba74-ad2dc7631573 ] Request (SecurityGroupsTestJSON:test_list_security_groups_by_server): 200 GET http://10.180.1.21/compute/v2.1/servers/c0f48447-3dd2-4d4a-9a74-78e4e11b7c08 0.521s
2025-04-15 15:00:38.064 68583 INFO tempest.lib.common.rest_client [req-53c59894-e219-4b8b-b3c1-ef160f87e863 req-53c59894-e219-4b8b-b3c1-ef160f87e863 ] Request (ServerDiskConfigTestJSON:test_rebuild_server_with_auto_disk_config): 200 GET http://10.180.1.21/compute/v2.1/servers/b623d9dc-8303-420e-84c3-7c117b8ce43d 0.600s
2025-04-15 15:00:38.093 68579 INFO tempest.lib.common.rest_client [req-d90beb96-8830-4897-8dfb-53df65436914 req-d90beb96-8830-4897-8dfb-53df65436914 ] Request (InstanceActionsNegativeTestJSON:setUpClass): 200 GET http://10.180.1.21/compute/v2.1/servers/9bad85d3-f74e-4e86-b44b-0d16eb2de83a 0.497s
2025-04-15 15:00:38.140 68563 INFO tempest.lib.common.rest_client [req-7b4010b4-d1ef-416f-be3e-5d11764afd7d req-7b4010b4-d1ef-416f-be3e-5d11764afd7d ] Request (ServersWithSpecificFlavorTestJSON:test_verify_created_server_ephemeral_disk): 200 GET http://10.180.1.21/compute/v2.1/servers/d256047b-7d11-46bb-bb92-78bdf39ce175 0.490s
2025-04-15 15:00:38.161 68605 INFO tempest.lib.common.rest_client [req-55cb3209-8013-4388-b594-5abbe35e3ce5 req-55cb3209-8013-4388-b594-5abbe35e3ce5 ] Request (DeleteServersAdminTestJSON:test_admin_delete_servers_of_others): 200 GET http://10.180.1.21/compute/v2.1/servers/22296a35-4d1f-43c3-8e76-9ec42eaee2be 0.545s
2025-04-15 15:00:38.184 68617 INFO tempest.lib.common.rest_client [req-2cd93467-c305-46c8-8aa6-cfec19b78b64 req-2cd93467-c305-46c8-8aa6-cfec19b78b64 ] Request (ServerMetadataTestJSON:setUpClass): 200 GET http://10.180.1.21/compute/v2.1/servers/0fd13da3-70cf-4850-9083-d7fb92560d40 0.510s
2025-04-15 15:00:38.209 68567 INFO tempest.lib.common.rest_client [req-af7a581a-5f8c-42d8-8b02-c505d37b10fc req-af7a581a-5f8c-42d8-8b02-c505d37b10fc ] Request (InstanceActionsV221TestJSON:test_get_list_deleted_instance_actions): 200 GET http://10.180.1.21/compute/v2.1/servers/52c9e6ce-6206-4561-a559-de4fe04300c4 0.503s
2025-04-15 15:00:38.227 68575 INFO tempest.lib.common.rest_client [req-9dfa3f83-36e9-4152-95b1-cde4561b7ccc req-9dfa3f83-36e9-4152-95b1-cde4561b7ccc ] Request (InstanceActionsTestJSON:setUpClass): 200 GET http://10.180.1.21/compute/v2.1/servers/6a2ab17e-5ed8-4aaf-82b9-99c72ae33987 0.426s
2025-04-15 15:00:38.315 68588 INFO tempest.lib.common.rest_client [req-29b2b696-7d63-4779-9905-68a6e7be6b59 req-29b2b696-7d63-4779-9905-68a6e7be6b59 ] Request (ServerDiagnosticsNegativeTest:test_get_server_diagnostics_by_non_admin): 200 GET http://10.180.1.21/compute/v2.1/servers/2847862f-e086-4716-b735-415361d7dfcb 0.396s
2025-04-15 15:00:38.334 68597 INFO tempest.lib.common.rest_client [req-90eca92d-afc6-44cb-b549-d616eceaf7f3 req-90eca92d-afc6-44cb-b549-d616eceaf7f3 ] Request (VolumesAssistedSnapshotsTest:test_volume_assisted_snapshot_create_delete): 200 GET http://10.180.1.21/compute/v2.1/servers/1f8c33b9-b35d-4033-922b-9df7082062f7 0.397s
2025-04-15 15:00:38.384 68569 INFO tempest.lib.common.rest_client [req-386ad6e4-d117-4477-9dc2-652eb4bb3bdc req-386ad6e4-d117-4477-9dc2-652eb4bb3bdc ] Request (FloatingIPsAssociationNegativeTestJSON:setUpClass): 200 GET http://10.180.1.21/compute/v2.1/servers/b6a67fbe-c6cd-43dd-a7ff-f0057e9cb05f 0.121s
2025-04-15 15:00:38.410 68593 INFO tempest.lib.common.rest_client [req-c2fd6bf3-0d95-4f44-858d-a2c5723e6557 req-c2fd6bf3-0d95-4f44-858d-a2c5723e6557 ] Request (ServerExternalEventsTest:test_create_server_external_events): 200 GET http://10.180.1.21/compute/v2.1/servers/fb1356c9-d2da-4cac-ab18-aeefb1cf9ace 0.197s
2025-04-15 15:00:38.459 68577 INFO tempest.lib.common.rest_client [req-524d7fbf-4bd7-46e2-bfbd-cb2d73a1b979 req-524d7fbf-4bd7-46e2-bfbd-cb2d73a1b979 ] Request (VolumesAdminNegativeTest:test_update_attached_volume_with_nonexistent_volume_in_body): 200 GET http://10.180.1.21/compute/v2.1/servers/c1b534f6-1a1a-4f01-a107-8d7913c86282 0.152s
2025-04-15 15:00:38.480 68619 INFO tempest.lib.common.rest_client [req-8a807790-dd90-4e2e-8143-d1f39224ea9b req-8a807790-dd90-4e2e-8143-d1f39224ea9b ] Request (AttachInterfacesV270Test:test_create_get_list_interfaces): 200 GET http://10.180.1.21/compute/v2.1/servers/4f58fc1a-7a4e-49ce-be07-74277decfcd0 0.204s
2025-04-15 15:00:38.529 68573 INFO tempest.lib.common.rest_client [req-17579219-ee7c-42ed-acdd-ac9f1c1eea95 req-17579219-ee7c-42ed-acdd-ac9f1c1eea95 ] Request (ListImageFiltersTestJSON:setUpClass): 200 GET http://10.180.1.21/compute/v2.1/servers/2d3aedad-ecc5-4f6d-8548-4b018ea7d4b5 0.113s
2025-04-15 15:00:38.556 68615 INFO tempest.lib.common.rest_client [req-20c32d12-9e0b-4039-930e-8ecf4c6d317a req-20c32d12-9e0b-4039-930e-8ecf4c6d317a ] Request (MigrationsAdminTest:test_list_migrations_in_flavor_resize_situation): 200 GET http://10.180.1.21/compute/v2.1/servers/a5e0c9dd-2706-436a-ba7b-987514a74a4c 0.187s
2025-04-15 15:00:38.649 68621 INFO tempest.lib.common.rest_client [req-41d4fcf6-4883-4ec2-b28f-7bc6f396feee req-41d4fcf6-4883-4ec2-b28f-7bc6f396feee ] Request (ServerDiagnosticsTest:test_get_server_diagnostics): 200 GET http://10.180.1.21/compute/v2.1/servers/fcbcb969-a0de-46d4-ad8f-78fe42aecd85 0.105s
2025-04-15 15:00:38.654 68607 INFO tempest.lib.common.rest_client [req-4f9f8576-d435-4c09-b662-8b531ab62fac req-4f9f8576-d435-4c09-b662-8b531ab62fac ] Request (ServersTestJSON:setUpClass): 200 GET http://10.180.1.21/compute/v2.1/servers/750a1ae8-e267-4742-a73f-ca756c0ac173 0.055s
2025-04-15 15:00:38.712 68571 INFO tempest.lib.common.rest_client [req-f1ef8598-905d-4d69-ae36-4761e5c139bc req-f1ef8598-905d-4d69-ae36-4761e5c139bc ] Request (ImagesTestJSON:test_create_image_from_suspended_server): 200 GET http://10.180.1.21/compute/v2.1/servers/23f56c6b-891e-4948-89c8-cdc95de7ca8d 0.045s
2025-04-15 15:00:38.777 68625 INFO tempest.lib.common.rest_client [req-4dbed8a2-1473-4594-a192-8051feac1749 req-4dbed8a2-1473-4594-a192-8051feac1749 ] Request (ImagesNegativeTestJSON:test_create_image_from_deleted_server): 200 GET http://10.180.1.21/compute/v2.1/servers/b83a653f-8e9d-47fa-8d16-459312f49fbe 0.046s
2025-04-15 15:00:38.913 68565 INFO tempest.lib.common.rest_client [req-fc9513d4-f601-4680-9385-0242bdef42b7 req-fc9513d4-f601-4680-9385-0242bdef42b7 ] Request (ServersTestBootFromVolume:setUpClass): 200 GET http://10.180.1.21/compute/v2.1/servers/f2b2dbc2-5206-4463-aeb6-a0db5f1d5381 0.056s
2025-04-15 15:00:38.968 68613 INFO tempest.lib.common.rest_client [req-f8457d9a-b803-4837-850d-c97a56b58fba req-f8457d9a-b803-4837-850d-c97a56b58fba ] Request (ServerShowV257Test:test_rebuild_server): 200 GET http://10.180.1.21/compute/v2.1/servers/e98b599a-db66-439f-b1ab-83df8dd262de 0.068s
2025-04-15 15:00:39.004 68585 INFO tempest.lib.common.rest_client [req-8157d470-04ef-4bcf-b220-674554687918 req-8157d470-04ef-4bcf-b220-674554687918 ] Request (ServerAddressesTestJSON:setUpClass): 200 GET http://10.180.1.21/compute/v2.1/servers/703f3211-dc8a-432f-a9d7-2ec75c38f64a 0.160s
2025-04-15 15:00:39.011 68609 INFO tempest.lib.common.rest_client [req-1070a4a4-a159-4f37-9975-daf878ba182b req-1070a4a4-a159-4f37-9975-daf878ba182b ] Request (ServerActionsTestJSON:setUpClass): 200 GET http://10.180.1.21/compute/v2.1/servers/e23f88f5-81a2-4ba1-8ee2-ea8499f2b8a0 0.105s
2025-04-15 15:00:39.053 68581 INFO tempest.lib.common.rest_client [req-98c252ff-9367-41d5-8ddf-3101e56a9751 req-98c252ff-9367-41d5-8ddf-3101e56a9751 ] Request (ServerDiagnosticsV248Test:test_get_server_diagnostics): 200 GET http://10.180.1.21/compute/v2.1/servers/50ea7862-64f5-4868-adae-d3644c820c0f 0.099s
