2025-04-15 13:29:46.421 70034 INFO tempest.lib.common.rest_client [req-0881f2a2-1005-4f0d-a19f-863f60b60d87 req-0881f2a2-1005-4f0d-a19f-863f60b60d87 ] Request (InstanceActionsV221TestJSON:test_get_list_deleted_instance_actions): 200 GET http://10.180.1.21/compute/v2.1/servers/42c8099a-cb13-4afd-94f7-4fc7506b36d7 0.129s
2025-04-15 13:29:46.425 70048 INFO tempest.lib.common.rest_client [req-37845e76-8a05-4075-9379-6983d52e09b8 req-37845e76-8a05-4075-9379-6983d52e09b8 ] Request (MigrationsAdminTest:test_list_migrations_in_flavor_resize_situation): 200 GET http://10.180.1.21/compute/v2.1/servers/dfe7d605-4dab-4aea-bc6f-02021cf09d17 0.191s
2025-04-15 13:29:46.478 70030 INFO tempest.lib.common.rest_client [req-0561c834-0d7b-4945-95d2-535f14b79a2a req-0561c834-0d7b-4945-95d2-535f14b79a2a ] Request (ServerRescueNegativeTestJSON:setUpClass): 200 GET http://10.180.1.21/compute/v2.1/servers/92464135-7fa4-4345-9abb-27410703114d 0.135s
2025-04-15 13:29:46.508 70026 INFO tempest.lib.common.rest_client [req-8ae25ee6-d69f-49d3-a553-8d6b5981bc9e req-8ae25ee6-d69f-49d3-a553-8d6b5981bc9e ] Request (ListImageFiltersTestJSON:setUpClass): 200 GET http://10.180.1.21/compute/v2.1/servers/61e28d39-30ab-4eb3-865d-930044e6f430 0.134s
2025-04-15 13:29:46.516 70026 INFO tempest.common.waiters [-] State transition "BUILD/spawning" ==> "ACTIVE/None" after 79 second wait
2025-04-15 13:29:46.547 70024 INFO tempest.lib.common.rest_client [req-0e3edf20-4004-4492-b575-e8515b034eff req-0e3edf20-4004-4492-b575-e8515b034eff ] Request (DeleteServersAdminTestJSON:test_delete_server_while_in_error_state): 200 GET http://10.180.1.21/compute/v2.1/servers/4a38a997-f044-4e0d-9fd9-36b700e96d37 0.145s
2025-04-15 13:29:46.578 70038 INFO tempest.lib.common.rest_client [req-c12c19d8-1883-4ad2-8160-a66b60e366da req-c12c19d8-1883-4ad2-8160-a66b60e366da ] Request (ServerRescueTestJSONUnderV235:setUpClass): 200 GET http://10.180.1.21/compute/v2.1/servers/6f17b191-573f-4eb6-86aa-8ced02ce14a0 0.145s
2025-04-15 13:29:46.594 70054 INFO tempest.lib.common.rest_client [req-0d2b324d-ad6f-46b7-ae8e-70f9bd109f17 req-0d2b324d-ad6f-46b7-ae8e-70f9bd109f17 ] Request (ServerActionsV293TestJSON:setUpClass): 200 GET http://10.180.1.21/volume/v3/volumes/77da2c01-9b7b-4309-a817-854d0ae2a193 0.029s
2025-04-15 13:29:46.603 70014 INFO tempest.lib.common.rest_client [req-82354e94-d3cf-4e7e-9387-708f30e5cf3a req-82354e94-d3cf-4e7e-9387-708f30e5cf3a ] Request (ServerDiskConfigTestJSON:test_rebuild_server_with_manual_disk_config): 200 GET http://10.180.1.21/compute/v2.1/servers/3855bfe0-e66d-4871-b221-c1ceada2d3cc 0.156s
2025-04-15 13:29:46.603 70054 INFO tempest.common.waiters [-] volume 77da2c01-9b7b-4309-a817-854d0ae2a193 reached available after waiting for 19.603357 seconds
2025-04-15 13:29:46.634 69994 INFO tempest.lib.common.rest_client [req-68bf8c08-d779-4e47-88c0-ec9a233361b4 req-68bf8c08-d779-4e47-88c0-ec9a233361b4 ] Request (ServerMetadataNegativeTestJSON:tearDownClass): 200 GET http://10.180.1.21/compute/v2.1/servers/d2899bb9-9219-4084-b344-d71606d9aabc 0.152s
2025-04-15 13:29:46.682 70004 INFO tempest.lib.common.rest_client [req-b8ad7837-87d5-441a-a97e-bc22abdb13e6 req-b8ad7837-87d5-441a-a97e-bc22abdb13e6 ] Request (ImagesTestJSON:test_create_image_from_suspended_server): 200 GET http://10.180.1.21/compute/v2.1/servers/fad4385f-c21f-4236-b028-464df7b50b70 0.150s
2025-04-15 13:29:46.687 70044 INFO tempest.lib.common.rest_client [req-a89dc632-0171-4f8c-86ce-1d25d3c7d6c2 req-a89dc632-0171-4f8c-86ce-1d25d3c7d6c2 ] Request (ServersNegativeTestMultiTenantJSON:setUpClass): 200 PUT http://10.180.1.21:9696/networking/v2.0/routers/9ce3a1ec-7720-42f9-bed3-bae17da280f0/add_router_interface 1.173s
2025-04-15 13:29:46.687 70044 INFO tempest.lib.common.dynamic_creds [-] Created isolated network resources for: credentials: Credentials: {'domain_id': 'default', 'domain_name': 'Default', 'username': 'tempest-ServersNegativeTestMultiTenantJSON-594120313-project-member', 'project_domain_id': 'default', 'project_domain_name': 'Default', 'project_id': '80fbcb68e34444e6860bdc0f6059d7c9', 'project_name': 'tempest-ServersNegativeTestMultiTenantJSON-594120313', 'tenant_id': '80fbcb68e34444e6860bdc0f6059d7c9', 'tenant_name': 'tempest-ServersNegativeTestMultiTenantJSON-594120313', 'user_domain_id': 'default', 'user_domain_name': 'Default', 'user_id': '00505466ee4449adb877badd72d32d6d', 'system': None}, Network: {'id': '27bec967-b8a7-467e-88a4-6dfb1c00288f', 'name': 'tempest-ServersNegativeTestMultiTenantJSON-1704091340-network', 'tenant_id': '80fbcb68e34444e6860bdc0f6059d7c9', 'admin_state_up': True, 'mtu': 8950, 'status': 'ACTIVE', 'subnets': [], 'shared': False, 'project_id': '80fbcb68e34444e6860bdc0f6059d7c9', 'port_security_enabled': True, 'router:external': False, 'provider:network_type': 'vlan', 'provider:physical_network': 'default', 'provider:segmentation_id': 777, 'availability_zone_hints': [], 'availability_zones': [], 'ipv4_address_scope': None, 'ipv6_address_scope': None, 'description': '', 'tags': [], 'created_at': '2025-04-15T13:29:44Z', 'updated_at': '2025-04-15T13:29:44Z', 'revision_number': 1}, Subnet: {'id': '90d862c6-2ead-4c2e-80ee-0b2c2613a42a', 'name': 'tempest-ServersNegativeTestMultiTenantJSON-1704091340-subnet', 'tenant_id': '80fbcb68e34444e6860bdc0f6059d7c9', 'network_id': '27bec967-b8a7-467e-88a4-6dfb1c00288f', 'ip_version': 4, 'subnetpool_id': None, 'enable_dhcp': True, 'ipv6_ra_mode': None, 'ipv6_address_mode': None, 'gateway_ip': '192.168.128.1', 'cidr': '192.168.128.0/28', 'allocation_pools': [{'start': '192.168.128.2', 'end': '192.168.128.14'}], 'host_routes': [], 'dns_nameservers': [], 'description': '', 'router:external': False, 'service_types': [], 'tags': [], 'created_at': '2025-04-15T13:29:44Z', 'updated_at': '2025-04-15T13:29:44Z', 'revision_number': 0, 'project_id': '80fbcb68e34444e6860bdc0f6059d7c9'}, Router: {'id': '9ce3a1ec-7720-42f9-bed3-bae17da280f0', 'name': 'tempest-ServersNegativeTestMultiTenantJSON-1704091340-router', 'tenant_id': '80fbcb68e34444e6860bdc0f6059d7c9', 'admin_state_up': True, 'status': 'ACTIVE', 'external_gateway_info': {'network_id': 'b9584ef7-50db-4e85-9869-2ceaaf2fb32a', 'external_fixed_ips': [{'subnet_id': '6d089c9f-e6ea-41e5-bd94-9a3f440b4e45', 'ip_address': '10.180.180.208'}], 'enable_snat': True}, 'description': '', 'availability_zones': [], 'distributed': False, 'ha': False, 'availability_zone_hints': [], 'routes': [], 'flavor_id': None, 'tags': [], 'created_at': '2025-04-15T13:29:44Z', 'updated_at': '2025-04-15T13:29:45Z', 'revision_number': 2, 'project_id': '80fbcb68e34444e6860bdc0f6059d7c9'}
2025-04-15 13:29:46.708 70026 INFO tempest.lib.common.rest_client [req-b77626d6-404a-4b88-9100-1ba353878e18 req-b77626d6-404a-4b88-9100-1ba353878e18 ] Request (ListImageFiltersTestJSON:setUpClass): 200 GET http://10.180.1.21/compute/v2.1/servers/1101ac2e-5ae9-4dd0-a980-2646049a1bdf 0.192s
2025-04-15 13:29:46.760 70016 INFO tempest.lib.common.rest_client [req-4409194a-e522-4a01-9c67-d6e17b451b94 req-4409194a-e522-4a01-9c67-d6e17b451b94 ] Request (ImagesOneServerNegativeTestJSON:_run_cleanups): 200 GET http://10.180.1.21/compute/v2.1/servers/84e21492-c7a1-4d7c-8c55-5466494c2757 0.172s
2025-04-15 13:29:46.778 70044 INFO tempest.lib.common.rest_client [req-caa04a91-1b2b-4811-84cd-7b1187f7b6a2 req-caa04a91-1b2b-4811-84cd-7b1187f7b6a2 ] Request (ServersNegativeTestMultiTenantJSON:setUpClass): 201 POST http://10.180.1.21/identity/v3/auth/tokens 0.087s
2025-04-15 13:29:46.779 70002 INFO tempest.lib.common.rest_client [req-855b371e-8a91-4c43-9b3e-8359a4be7909 req-855b371e-8a91-4c43-9b3e-8359a4be7909 ] Request (InstanceActionsTestJSON:setUpClass): 200 GET http://10.180.1.21/compute/v2.1/servers/731ff5a1-2f73-40be-9661-378bd367810c 0.199s
2025-04-15 13:29:46.801 70040 INFO tempest.lib.common.rest_client [req-86828d1d-aaa9-45c8-9974-1c6f3eb5219d req-86828d1d-aaa9-45c8-9974-1c6f3eb5219d ] Request (ServersAdminNegativeTestJSON:tearDownClass): 404 GET http://10.180.1.21/compute/v2.1/servers/52336a80-7d44-4da9-95cd-b810f96a0f71 0.159s
2025-04-15 13:29:46.814 70044 INFO tempest.lib.common.rest_client [req-254212f8-2334-40e3-91b4-b5f35ff04236 req-254212f8-2334-40e3-91b4-b5f35ff04236 ] Request (ServersNegativeTestMultiTenantJSON:setUpClass): 201 POST http://10.180.1.21/identity/v3/projects 0.035s
2025-04-15 13:29:46.858 70032 INFO tempest.lib.common.rest_client [req-3aaa52b0-1d6b-47c6-9598-d7cf18f1c4e1 req-3aaa52b0-1d6b-47c6-9598-d7cf18f1c4e1 ] Request (ServersTestManualDisk:setUpClass): 200 GET http://10.180.1.21/compute/v2.1/servers/5f93bea5-1ec6-48c3-98c6-a4aa1751cc8b 0.210s
2025-04-15 13:29:46.873 70044 INFO tempest.lib.common.rest_client [req-fb6238bb-1b64-4be4-bb93-060188aea387 req-fb6238bb-1b64-4be4-bb93-060188aea387 ] Request (ServersNegativeTestMultiTenantJSON:setUpClass): 201 POST http://10.180.1.21/identity/v3/users 0.058s
2025-04-15 13:29:46.897 70040 INFO tempest.lib.common.rest_client [req-8e3a8038-75a5-4773-8b9e-9f107a64a0e3 req-8e3a8038-75a5-4773-8b9e-9f107a64a0e3 ] Request (ServersAdminNegativeTestJSON:tearDownClass): 204 DELETE http://10.180.1.21/identity/v3/users/b53ba349032843db8eee6145c9a14592 0.096s
2025-04-15 13:29:46.915 70022 INFO tempest.lib.common.rest_client [req-e4c6bf9f-a4f2-45fd-857b-d354b1cc96b4 req-e4c6bf9f-a4f2-45fd-857b-d354b1cc96b4 ] Request (SecurityGroupsTestJSON:test_list_security_groups_by_server): 200 GET http://10.180.1.21/compute/v2.1/servers/53c02b37-2f88-4705-86db-ec2cc3163e4e 0.229s
2025-04-15 13:29:46.924 70044 INFO tempest.lib.common.rest_client [req-7ee9ed73-3239-4303-84c3-1651aec657ff req-7ee9ed73-3239-4303-84c3-1651aec657ff ] Request (ServersNegativeTestMultiTenantJSON:setUpClass): 200 GET http://10.180.1.21/identity/v3/roles 0.051s
2025-04-15 13:29:46.950 70046 INFO tempest.lib.common.rest_client [req-99466b2a-940d-455b-8e59-bbc22ea334c2 req-99466b2a-940d-455b-8e59-bbc22ea334c2 ] Request (AttachVolumeNegativeTest:test_attach_attached_volume_to_different_server): 200 GET http://10.180.1.21/volume/v3/volumes/3d1aa2bf-b488-427d-8540-212ba678b216 0.042s
2025-04-15 13:29:46.954 70044 INFO tempest.lib.common.rest_client [req-871329d0-88b9-41d1-90f1-38256e8b303e req-871329d0-88b9-41d1-90f1-38256e8b303e ] Request (ServersNegativeTestMultiTenantJSON:setUpClass): 204 PUT http://10.180.1.21/identity/v3/projects/0772308718e44e7ba9c184042b8be075/users/93825970380e4187a2274156b20e7681/roles/afcb054be7c54672919ef525958934af 0.030s
2025-04-15 13:29:46.954 70044 INFO tempest.lib.common.dynamic_creds [-] Dynamic test user 93825970380e4187a2274156b20e7681 is created with scope project and roles: ['member']
2025-04-15 13:29:46.955 70044 INFO tempest.lib.common.dynamic_creds [-] Acquired dynamic creds: credentials: Credentials: {'domain_id': 'default', 'domain_name': 'Default', 'username': 'tempest-ServersNegativeTestMultiTenantJSON-1085344399-project-member', 'project_domain_id': 'default', 'project_domain_name': 'Default', 'project_id': '0772308718e44e7ba9c184042b8be075', 'project_name': 'tempest-ServersNegativeTestMultiTenantJSON-1085344399', 'tenant_id': '0772308718e44e7ba9c184042b8be075', 'tenant_name': 'tempest-ServersNegativeTestMultiTenantJSON-1085344399', 'user_domain_id': 'default', 'user_domain_name': 'Default', 'user_id': '93825970380e4187a2274156b20e7681', 'system': None}, Network: None, Subnet: None, Router: None
2025-04-15 13:29:46.958 70046 INFO tempest.common.waiters [-] volume 3d1aa2bf-b488-427d-8540-212ba678b216 reached available after waiting for 1.958919 seconds
2025-04-15 13:29:46.988 70040 INFO tempest.lib.common.rest_client [req-3f15ac2e-e004-4807-a6b9-45536c0f48cf req-3f15ac2e-e004-4807-a6b9-45536c0f48cf ] Request (ServersAdminNegativeTestJSON:tearDownClass): 204 DELETE http://10.180.1.21/identity/v3/users/7278421ff7524e8f947ebe0b8f8c615a 0.091s
2025-04-15 13:29:46.988 70040 INFO tempest.lib.common.dynamic_creds [-] Deleting project and security group for project: 6d7885bc58014c1ca635a281e7b69585
2025-04-15 13:29:47.072 70040 INFO tempest.lib.common.rest_client [req-8f2e692e-7021-4a3a-9d46-4666696311d1 req-8f2e692e-7021-4a3a-9d46-4666696311d1 ] Request (ServersAdminNegativeTestJSON:tearDownClass): 201 POST http://10.180.1.21/identity/v3/auth/tokens 0.083s
2025-04-15 13:29:47.201 70040 INFO tempest.lib.common.rest_client [req-70149942-a28c-4300-a136-2fc298af5cb5 req-70149942-a28c-4300-a136-2fc298af5cb5 ] Request (ServersAdminNegativeTestJSON:tearDownClass): 200 GET http://10.180.1.21:9696/networking/v2.0/security-groups?tenant_id=6d7885bc58014c1ca635a281e7b69585&name=default 0.129s
2025-04-15 13:29:47.287 70044 INFO tempest.lib.common.rest_client [req-fc86a2b5-fa3e-4654-8f67-ba0df3276f4b req-fc86a2b5-fa3e-4654-8f67-ba0df3276f4b ] Request (ServersNegativeTestMultiTenantJSON:setUpClass): 201 POST http://10.180.1.21:9696/networking/v2.0/networks 0.332s
2025-04-15 13:29:47.339 70054 INFO tempest.lib.common.rest_client [req-31638b58-ff50-4f4b-a0fc-445038a5d13a req-31638b58-ff50-4f4b-a0fc-445038a5d13a ] Request (ServerActionsV293TestJSON:setUpClass): 202 POST http://10.180.1.21/compute/v2.1/servers 0.735s
2025-04-15 13:29:47.378 70040 INFO tempest.lib.common.rest_client [req-d8377ffc-7706-4829-9a56-875a862f4a6b req-d8377ffc-7706-4829-9a56-875a862f4a6b ] Request (ServersAdminNegativeTestJSON:tearDownClass): 204 DELETE http://10.180.1.21:9696/networking/v2.0/security-groups/0ef7d495-885e-4919-a4b5-d4b7dce28f1d 0.176s
2025-04-15 13:29:47.451 70056 INFO tempest.lib.common.rest_client [req-73300fdb-b0ef-4b43-8a3c-157fc4335efb req-73300fdb-b0ef-4b43-8a3c-157fc4335efb ] Request (ServersListShow296Test:test_list_show_update_rebuild_server_296): 200 GET http://10.180.1.21/compute/v2.1/servers/5b5ef5ac-82da-4e8b-aabf-966539bbf495 0.694s
2025-04-15 13:29:47.476 70026 INFO tempest.lib.common.rest_client [req-5dcdb7fd-fe5e-42ad-996a-b02a5bd1b9ee req-5dcdb7fd-fe5e-42ad-996a-b02a5bd1b9ee ] Request (ListImageFiltersTestJSON:setUpClass): 202 POST http://10.180.1.21/compute/v2.1/servers/1101ac2e-5ae9-4dd0-a980-2646049a1bdf/action 0.759s
2025-04-15 13:29:47.497 70044 INFO tempest.lib.common.rest_client [req-1903cfc4-4df5-4b35-b534-536da2bf8ee7 req-1903cfc4-4df5-4b35-b534-536da2bf8ee7 ] Request (ServersNegativeTestMultiTenantJSON:setUpClass): 201 POST http://10.180.1.21:9696/networking/v2.0/subnets 0.209s
2025-04-15 13:29:47.511 70040 INFO tempest.lib.common.rest_client [req-a59df491-1223-4f05-8e4c-8ed3e7bc1d5e req-a59df491-1223-4f05-8e4c-8ed3e7bc1d5e ] Request (ServersAdminNegativeTestJSON:tearDownClass): 204 DELETE http://10.180.1.21/identity/v3/projects/6d7885bc58014c1ca635a281e7b69585 0.132s
2025-04-15 13:29:47.511 70040 INFO tempest.lib.common.dynamic_creds [-] Deleting project and security group for project: 4168ba76036443829db454737cad2e94
2025-04-15 13:29:47.529 70028 INFO tempest.lib.common.rest_client [req-d1c9454d-ce3e-42d5-b584-b8159fe5383c req-d1c9454d-ce3e-42d5-b584-b8159fe5383c ] Request (ListServerFiltersTestJSON:tearDownClass): 200 GET http://10.180.1.21/compute/v2.1/servers/61b8929a-8f0f-4288-bc41-45748ffb53db 0.717s
2025-04-15 13:29:47.570 70018 INFO tempest.lib.common.rest_client [req-fc753098-7e4e-4a7b-8fe3-c51fc90a215f req-fc753098-7e4e-4a7b-8fe3-c51fc90a215f ] Request (FloatingIPsAssociationTestJSON:setUpClass): 200 GET http://10.180.1.21/compute/v2.1/servers/536fc9a3-f6fc-4526-8c56-11df0000cdcb 0.676s
2025-04-15 13:29:47.589 70040 INFO tempest.lib.common.rest_client [req-783395cf-3359-4bd3-81a1-fa7a0dfb2338 req-783395cf-3359-4bd3-81a1-fa7a0dfb2338 ] Request (ServersAdminNegativeTestJSON:tearDownClass): 200 GET http://10.180.1.21:9696/networking/v2.0/security-groups?tenant_id=4168ba76036443829db454737cad2e94&name=default 0.078s
2025-04-15 13:29:47.659 70000 INFO tempest.lib.common.rest_client [req-26a4538b-8135-4f2e-8711-f49a2cf7f5d5 req-26a4538b-8135-4f2e-8711-f49a2cf7f5d5 ] Request (ServersAdminTestJSON:test_inject_network_info): 200 GET http://10.180.1.21/compute/v2.1/servers/34795b29-b345-41fd-b3e1-3898e3d86fcc 0.493s
2025-04-15 13:29:47.748 70050 INFO tempest.lib.common.rest_client [req-3044ebce-3b1d-4a5a-92f5-fc3dad9e30b1 req-3044ebce-3b1d-4a5a-92f5-fc3dad9e30b1 ] Request (ServerMetadataTestJSON:tearDownClass): 200 GET http://10.180.1.21/compute/v2.1/servers/0484fec0-872b-45c3-92cf-5d855e5d3d03 0.482s
2025-04-15 13:29:47.807 70040 INFO tempest.lib.common.rest_client [req-94602d5f-5c17-4054-97ce-e449b07cf01f req-94602d5f-5c17-4054-97ce-e449b07cf01f ] Request (ServersAdminNegativeTestJSON:tearDownClass): 204 DELETE http://10.180.1.21:9696/networking/v2.0/security-groups/54ad92de-c6aa-4da1-a2f6-0d8f9db3ca3a 0.218s
2025-04-15 13:29:47.841 70021 INFO tempest.lib.common.rest_client [req-8f29add6-8ccf-4564-83a2-4ac2d575a409 req-8f29add6-8ccf-4564-83a2-4ac2d575a409 ] Request (ServerExternalEventsTest:tearDownClass): 200 GET http://10.180.1.21/compute/v2.1/servers/d71a8019-3763-44f8-9ad7-78ab81353b60 0.537s
2025-04-15 13:29:47.909 70054 INFO tempest.lib.common.rest_client [req-4a575ed1-c8e6-4f3a-835f-4ea5aa3e367a req-4a575ed1-c8e6-4f3a-835f-4ea5aa3e367a ] Request (ServerActionsV293TestJSON:setUpClass): 200 GET http://10.180.1.21/compute/v2.1/servers/b52a425a-6d61-483a-b1df-3ca54ffadb21 0.569s
2025-04-15 13:29:47.941 70040 INFO tempest.lib.common.rest_client [req-e0d3e40d-9e55-4037-9795-dc8a74ade010 req-e0d3e40d-9e55-4037-9795-dc8a74ade010 ] Request (ServersAdminNegativeTestJSON:tearDownClass): 204 DELETE http://10.180.1.21/identity/v3/projects/4168ba76036443829db454737cad2e94 0.133s
2025-04-15 13:29:48.007 70008 INFO tempest.lib.common.rest_client [req-980b087d-f077-4d5d-84bc-bc8e3437019b req-980b087d-f077-4d5d-84bc-bc8e3437019b ] Request (ServerAddressesTestJSON:tearDownClass): 200 GET http://10.180.1.21/compute/v2.1/servers/07b4b9aa-0c58-4a91-bc5b-74cf551cce13 0.623s
2025-04-15 13:29:48.021 70040 INFO tempest.lib.common.rest_client [req-3f32c8c9-a889-4fc4-839f-7cf427da34c4 req-3f32c8c9-a889-4fc4-839f-7cf427da34c4 ] Request (ImagesMetadataTestJSON:setUpClass): 201 POST http://10.180.1.21/identity/v3/auth/tokens 0.078s
2025-04-15 13:29:48.054 70040 INFO tempest.lib.common.rest_client [req-e5732b3e-8b9b-4ed1-9089-9a6755eda404 req-e5732b3e-8b9b-4ed1-9089-9a6755eda404 ] Request (ImagesMetadataTestJSON:setUpClass): 201 POST http://10.180.1.21/identity/v3/auth/tokens 0.028s
2025-04-15 13:29:48.086 70040 INFO tempest.lib.common.rest_client [req-c5c7a548-f517-45fc-9c47-66c2de80c1ee req-c5c7a548-f517-45fc-9c47-66c2de80c1ee ] Request (ImagesMetadataTestJSON:setUpClass): 200 GET http://10.180.1.21/identity/v3/domains?name=Default 0.031s
2025-04-15 13:29:48.133 70040 INFO tempest.lib.common.rest_client [req-a5d7eb9c-e3ac-43d1-919d-98018969a079 req-a5d7eb9c-e3ac-43d1-919d-98018969a079 ] Request (ImagesMetadataTestJSON:setUpClass): 201 POST http://10.180.1.21/identity/v3/projects 0.047s
2025-04-15 13:29:48.175 70048 INFO tempest.lib.common.rest_client [req-be9b9133-abb8-4c38-9ae1-0adda017c96c req-be9b9133-abb8-4c38-9ae1-0adda017c96c ] Request (MigrationsAdminTest:test_list_migrations_in_flavor_resize_situation): 200 GET http://10.180.1.21/compute/v2.1/servers/dfe7d605-4dab-4aea-bc6f-02021cf09d17 0.734s
2025-04-15 13:29:48.210 70040 INFO tempest.lib.common.rest_client [req-85237cff-6c58-4048-a1a2-8d7f926abb5b req-85237cff-6c58-4048-a1a2-8d7f926abb5b ] Request (ImagesMetadataTestJSON:setUpClass): 201 POST http://10.180.1.21/identity/v3/users 0.076s
2025-04-15 13:29:48.242 70040 INFO tempest.lib.common.rest_client [req-cfa16817-31f4-479d-8588-1793afffa241 req-cfa16817-31f4-479d-8588-1793afffa241 ] Request (ImagesMetadataTestJSON:setUpClass): 200 GET http://10.180.1.21/identity/v3/roles 0.031s
2025-04-15 13:29:48.268 70034 INFO tempest.lib.common.rest_client [req-5b2b78b0-e421-4bf0-890f-88379e3c7d27 req-5b2b78b0-e421-4bf0-890f-88379e3c7d27 ] Request (InstanceActionsV221TestJSON:test_get_list_deleted_instance_actions): 200 GET http://10.180.1.21/compute/v2.1/servers/42c8099a-cb13-4afd-94f7-4fc7506b36d7 0.825s
2025-04-15 13:29:48.268 70040 INFO tempest.lib.common.rest_client [req-f3c7b248-1e86-424b-bf8c-e7f1f0d5ac3a req-f3c7b248-1e86-424b-bf8c-e7f1f0d5ac3a ] Request (ImagesMetadataTestJSON:setUpClass): 204 PUT http://10.180.1.21/identity/v3/projects/1279a670fc8745289defc4914cfd8095/users/a804685ba0a74915a0436be8cfc0100d/roles/afcb054be7c54672919ef525958934af 0.026s
2025-04-15 13:29:48.268 70040 INFO tempest.lib.common.dynamic_creds [-] Dynamic test user a804685ba0a74915a0436be8cfc0100d is created with scope project and roles: ['member']
2025-04-15 13:29:48.268 70040 INFO tempest.lib.common.dynamic_creds [-] Acquired dynamic creds: credentials: Credentials: {'domain_id': 'default', 'domain_name': 'Default', 'username': 'tempest-ImagesMetadataTestJSON-1313415228-project-member', 'project_domain_id': 'default', 'project_domain_name': 'Default', 'project_id': '1279a670fc8745289defc4914cfd8095', 'project_name': 'tempest-ImagesMetadataTestJSON-1313415228', 'tenant_id': '1279a670fc8745289defc4914cfd8095', 'tenant_name': 'tempest-ImagesMetadataTestJSON-1313415228', 'user_domain_id': 'default', 'user_domain_name': 'Default', 'user_id': 'a804685ba0a74915a0436be8cfc0100d', 'system': None}, Network: None, Subnet: None, Router: None
2025-04-15 13:29:48.269 70040 INFO tempest.lib.common.dynamic_creds [-] Created isolated network resources for: credentials: Credentials: {'domain_id': 'default', 'domain_name': 'Default', 'username': 'tempest-ImagesMetadataTestJSON-1313415228-project-member', 'project_domain_id': 'default', 'project_domain_name': 'Default', 'project_id': '1279a670fc8745289defc4914cfd8095', 'project_name': 'tempest-ImagesMetadataTestJSON-1313415228', 'tenant_id': '1279a670fc8745289defc4914cfd8095', 'tenant_name': 'tempest-ImagesMetadataTestJSON-1313415228', 'user_domain_id': 'default', 'user_domain_name': 'Default', 'user_id': 'a804685ba0a74915a0436be8cfc0100d', 'system': None}, Network: None, Subnet: None, Router: None
2025-04-15 13:29:48.303 70026 INFO tempest.lib.common.rest_client [req-bea82de2-5db6-4a83-b609-9b4b45d4ab37 req-bea82de2-5db6-4a83-b609-9b4b45d4ab37 ] Request (ListImageFiltersTestJSON:setUpClass): 200 GET http://10.180.1.21/compute/v2.1/images/a9ff2256-373f-4425-a3f4-ce0f2d9da07a 0.824s
2025-04-15 13:29:48.344 70040 INFO tempest.lib.common.rest_client [req-8e4b748e-6e73-49b9-a450-83692674a009 req-8e4b748e-6e73-49b9-a450-83692674a009 ] Request (ImagesMetadataTestJSON:setUpClass): 201 POST http://10.180.1.21/identity/v3/auth/tokens 0.072s
2025-04-15 13:29:48.361 70030 INFO tempest.lib.common.rest_client [req-f8ec888d-659d-4c71-9f8b-b7aa6b6fcda6 req-f8ec888d-659d-4c71-9f8b-b7aa6b6fcda6 ] Request (ServerRescueNegativeTestJSON:setUpClass): 200 GET http://10.180.1.21/compute/v2.1/servers/92464135-7fa4-4345-9abb-27410703114d 0.866s
2025-04-15 13:29:48.369 70030 INFO tempest.common.waiters [-] State transition "BUILD/scheduling" ==> "BUILD/None" after 36 second wait
2025-04-15 13:29:48.426 70024 INFO tempest.lib.common.rest_client [req-c6cc570a-f90a-4e34-a4f6-1317ce2278a3 req-c6cc570a-f90a-4e34-a4f6-1317ce2278a3 ] Request (DeleteServersAdminTestJSON:test_delete_server_while_in_error_state): 200 GET http://10.180.1.21/compute/v2.1/servers/4a38a997-f044-4e0d-9fd9-36b700e96d37 0.865s
2025-04-15 13:29:48.490 70038 INFO tempest.lib.common.rest_client [req-853e4f9d-6ec2-44fd-9c1a-9bc25de90c8a req-853e4f9d-6ec2-44fd-9c1a-9bc25de90c8a ] Request (ServerRescueTestJSONUnderV235:setUpClass): 200 GET http://10.180.1.21/compute/v2.1/servers/6f17b191-573f-4eb6-86aa-8ced02ce14a0 0.900s
2025-04-15 13:29:48.538 70044 INFO tempest.lib.common.rest_client [req-c6eb3f95-4b81-42a4-bc04-97312d57ecbb req-c6eb3f95-4b81-42a4-bc04-97312d57ecbb ] Request (ServersNegativeTestMultiTenantJSON:setUpClass): 201 POST http://10.180.1.21:9696/networking/v2.0/routers 1.040s
2025-04-15 13:29:48.541 70014 INFO tempest.lib.common.rest_client [req-bd6eb4b1-26f8-49ca-848b-33e73dcaf83c req-bd6eb4b1-26f8-49ca-848b-33e73dcaf83c ] Request (ServerDiskConfigTestJSON:test_rebuild_server_with_manual_disk_config): 200 GET http://10.180.1.21/compute/v2.1/servers/3855bfe0-e66d-4871-b221-c1ceada2d3cc 0.930s
2025-04-15 13:29:48.608 69994 INFO tempest.lib.common.rest_client [req-79117381-e149-4381-ae70-502b1b08382e req-79117381-e149-4381-ae70-502b1b08382e ] Request (ServerMetadataNegativeTestJSON:tearDownClass): 200 GET http://10.180.1.21/compute/v2.1/servers/d2899bb9-9219-4084-b344-d71606d9aabc 0.966s
2025-04-15 13:29:48.668 70004 INFO tempest.lib.common.rest_client [req-a2db8134-ed94-4a29-b871-68fb4af6774c req-a2db8134-ed94-4a29-b871-68fb4af6774c ] Request (ImagesTestJSON:test_create_image_from_suspended_server): 200 GET http://10.180.1.21/compute/v2.1/servers/fad4385f-c21f-4236-b028-464df7b50b70 0.971s
2025-04-15 13:29:48.734 70016 INFO tempest.lib.common.rest_client [req-d7745a26-0021-41b4-9198-8164cb529072 req-d7745a26-0021-41b4-9198-8164cb529072 ] Request (ImagesOneServerNegativeTestJSON:_run_cleanups): 200 GET http://10.180.1.21/compute/v2.1/servers/84e21492-c7a1-4d7c-8c55-5466494c2757 0.966s
2025-04-15 13:29:48.768 70040 INFO tempest.lib.common.rest_client [req-4a3a3445-7bc5-4673-86bd-4b79a4ba943e req-4a3a3445-7bc5-4673-86bd-4b79a4ba943e ] Request (ImagesMetadataTestJSON:setUpClass): 201 POST http://10.180.1.21/image/v2/images 0.423s
2025-04-15 13:29:48.881 70002 INFO tempest.lib.common.rest_client [req-c0056a4c-d2d0-460e-b5dd-055ab63373ba req-c0056a4c-d2d0-460e-b5dd-055ab63373ba ] Request (InstanceActionsTestJSON:setUpClass): 200 GET http://10.180.1.21/compute/v2.1/servers/731ff5a1-2f73-40be-9661-378bd367810c 1.094s
2025-04-15 13:29:48.953 70032 INFO tempest.lib.common.rest_client [req-458e7ded-3703-4c7a-ad75-8422e09943ea req-458e7ded-3703-4c7a-ad75-8422e09943ea ] Request (ServersTestManualDisk:setUpClass): 200 GET http://10.180.1.21/compute/v2.1/servers/5f93bea5-1ec6-48c3-98c6-a4aa1751cc8b 1.084s
2025-04-15 13:29:49.007 70022 INFO tempest.lib.common.rest_client [req-72b6555f-6332-434c-8065-e99725c0b3c5 req-72b6555f-6332-434c-8065-e99725c0b3c5 ] Request (SecurityGroupsTestJSON:test_list_security_groups_by_server): 200 GET http://10.180.1.21/compute/v2.1/servers/53c02b37-2f88-4705-86db-ec2cc3163e4e 1.083s
2025-04-15 13:29:49.123 70056 INFO tempest.lib.common.rest_client [req-45d2a970-3f04-431f-9df4-686448afde46 req-45d2a970-3f04-431f-9df4-686448afde46 ] Request (ServersListShow296Test:test_list_show_update_rebuild_server_296): 200 GET http://10.180.1.21/compute/v2.1/servers/5b5ef5ac-82da-4e8b-aabf-966539bbf495 0.657s
2025-04-15 13:29:49.206 70028 INFO tempest.lib.common.rest_client [req-cdca250d-d63e-410f-8b53-4251bfe3f1e5 req-cdca250d-d63e-410f-8b53-4251bfe3f1e5 ] Request (ListServerFiltersTestJSON:tearDownClass): 200 GET http://10.180.1.21/compute/v2.1/servers/61b8929a-8f0f-4288-bc41-45748ffb53db 0.660s
2025-04-15 13:29:49.233 70046 INFO tempest.lib.common.rest_client [req-b5edb515-53b5-46fc-9bb1-55ed2175d057 req-b5edb515-53b5-46fc-9bb1-55ed2175d057 ] Request (AttachVolumeNegativeTest:test_attach_attached_volume_to_different_server): 200 POST http://10.180.1.21/compute/v2.1/servers/5df02f54-5283-4379-a5f0-8e1123c0ab92/os-volume_attachments 2.274s
2025-04-15 13:29:49.270 70018 INFO tempest.lib.common.rest_client [req-7e292be9-9ad7-43b4-8d00-bcf55983120e req-7e292be9-9ad7-43b4-8d00-bcf55983120e ] Request (FloatingIPsAssociationTestJSON:setUpClass): 200 GET http://10.180.1.21/compute/v2.1/servers/536fc9a3-f6fc-4526-8c56-11df0000cdcb 0.690s
2025-04-15 13:29:49.277 70018 INFO tempest.common.waiters [-] State transition "BUILD/None" ==> "BUILD/networking" after 79 second wait
2025-04-15 13:29:49.279 70046 INFO tempest.lib.common.rest_client [req-97157363-bae8-4cda-939c-a1d14ac0c19b req-97157363-bae8-4cda-939c-a1d14ac0c19b ] Request (AttachVolumeNegativeTest:test_attach_attached_volume_to_different_server): 200 GET http://10.180.1.21/volume/v3/volumes/3d1aa2bf-b488-427d-8540-212ba678b216 0.044s
2025-04-15 13:29:49.321 70000 INFO tempest.lib.common.rest_client [req-303ec6dc-52cd-45ef-8273-8201d656c6f3 req-303ec6dc-52cd-45ef-8273-8201d656c6f3 ] Request (ServersAdminTestJSON:test_inject_network_info): 200 GET http://10.180.1.21/compute/v2.1/servers/34795b29-b345-41fd-b3e1-3898e3d86fcc 0.652s
2025-04-15 13:29:49.355 70050 INFO tempest.lib.common.rest_client [req-0679ff5b-5e7a-4851-97c1-1b02ccdc106c req-0679ff5b-5e7a-4851-97c1-1b02ccdc106c ] Request (ServerMetadataTestJSON:tearDownClass): 200 GET http://10.180.1.21/compute/v2.1/servers/0484fec0-872b-45c3-92cf-5d855e5d3d03 0.593s
2025-04-15 13:29:49.377 70021 INFO tempest.lib.common.rest_client [req-4e291fd3-b7ff-480c-bfe4-7e2d3a4bbed5 req-4e291fd3-b7ff-480c-bfe4-7e2d3a4bbed5 ] Request (ServerExternalEventsTest:tearDownClass): 200 GET http://10.180.1.21/compute/v2.1/servers/d71a8019-3763-44f8-9ad7-78ab81353b60 0.521s
2025-04-15 13:29:49.418 70054 INFO tempest.lib.common.rest_client [req-9c861e39-00bc-4c8f-9e10-aea454728a74 req-9c861e39-00bc-4c8f-9e10-aea454728a74 ] Request (ServerActionsV293TestJSON:setUpClass): 200 GET http://10.180.1.21/compute/v2.1/servers/b52a425a-6d61-483a-b1df-3ca54ffadb21 0.492s
2025-04-15 13:29:49.442 70008 INFO tempest.lib.common.rest_client [req-12331df6-3708-4f83-901b-790a01123294 req-12331df6-3708-4f83-901b-790a01123294 ] Request (ServerAddressesTestJSON:tearDownClass): 200 GET http://10.180.1.21/compute/v2.1/servers/07b4b9aa-0c58-4a91-bc5b-74cf551cce13 0.423s
2025-04-15 13:29:49.476 70040 INFO tempest.lib.common.rest_client [req-7d4814bd-308d-4b1b-b94f-9ddce7d2137e req-7d4814bd-308d-4b1b-b94f-9ddce7d2137e ] Request (ImagesMetadataTestJSON:setUpClass): 204 PUT http://10.180.1.21/image/v2/images/0c986c0b-e391-49d5-b96d-eb8dc9439b9c/file 0.708s
2025-04-15 13:29:49.512 70034 INFO tempest.lib.common.rest_client [req-7ef43ebe-68eb-4193-be0b-fa7a9971b74e req-7ef43ebe-68eb-4193-be0b-fa7a9971b74e ] Request (InstanceActionsV221TestJSON:test_get_list_deleted_instance_actions): 200 GET http://10.180.1.21/compute/v2.1/servers/42c8099a-cb13-4afd-94f7-4fc7506b36d7 0.232s
2025-04-15 13:29:49.553 70026 INFO tempest.lib.common.rest_client [req-ec97219b-cf73-47d1-80e8-6be017ba8e3f req-ec97219b-cf73-47d1-80e8-6be017ba8e3f ] Request (ListImageFiltersTestJSON:setUpClass): 200 GET http://10.180.1.21/compute/v2.1/images/a9ff2256-373f-4425-a3f4-ce0f2d9da07a 0.247s
2025-04-15 13:29:49.625 70030 INFO tempest.lib.common.rest_client [req-4e6338f6-e03f-447c-bf22-0edda79440ec req-4e6338f6-e03f-447c-bf22-0edda79440ec ] Request (ServerRescueNegativeTestJSON:setUpClass): 200 GET http://10.180.1.21/compute/v2.1/servers/92464135-7fa4-4345-9abb-27410703114d 0.255s
2025-04-15 13:29:49.655 70048 INFO tempest.lib.common.rest_client [req-0bd737f0-37f7-46c7-9e86-0fb26673085e req-0bd737f0-37f7-46c7-9e86-0fb26673085e ] Request (MigrationsAdminTest:test_list_migrations_in_flavor_resize_situation): 200 GET http://10.180.1.21/compute/v2.1/servers/dfe7d605-4dab-4aea-bc6f-02021cf09d17 0.468s
2025-04-15 13:29:49.695 70024 INFO tempest.lib.common.rest_client [req-03474f4f-46e7-44b7-a85e-becae734a290 req-03474f4f-46e7-44b7-a85e-becae734a290 ] Request (DeleteServersAdminTestJSON:test_delete_server_while_in_error_state): 200 GET http://10.180.1.21/compute/v2.1/servers/4a38a997-f044-4e0d-9fd9-36b700e96d37 0.261s
2025-04-15 13:29:49.703 70040 INFO tempest.lib.common.rest_client [req-1a3ce224-76bb-4d31-a25f-4cf6ee4f51aa req-1a3ce224-76bb-4d31-a25f-4cf6ee4f51aa ] Request (ImagesMetadataTestJSON:setUpClass): 200 GET http://10.180.1.21/compute/v2.1/images/0c986c0b-e391-49d5-b96d-eb8dc9439b9c 0.226s
2025-04-15 13:29:49.773 70038 INFO tempest.lib.common.rest_client [req-dc699ad0-74dd-4b1f-b00b-c7b4f2791754 req-dc699ad0-74dd-4b1f-b00b-c7b4f2791754 ] Request (ServerRescueTestJSONUnderV235:setUpClass): 200 GET http://10.180.1.21/compute/v2.1/servers/6f17b191-573f-4eb6-86aa-8ced02ce14a0 0.274s
2025-04-15 13:29:49.786 70014 INFO tempest.lib.common.rest_client [req-0db181ac-bda7-4e83-86f7-a22cc0a71375 req-0db181ac-bda7-4e83-86f7-a22cc0a71375 ] Request (ServerDiskConfigTestJSON:test_rebuild_server_with_manual_disk_config): 200 GET http://10.180.1.21/compute/v2.1/servers/3855bfe0-e66d-4871-b221-c1ceada2d3cc 0.229s
2025-04-15 13:29:49.861 69994 INFO tempest.lib.common.rest_client [req-d8d5b0eb-d3c4-454e-978a-552b85a9cf5e req-d8d5b0eb-d3c4-454e-978a-552b85a9cf5e ] Request (ServerMetadataNegativeTestJSON:tearDownClass): 200 GET http://10.180.1.21/compute/v2.1/servers/d2899bb9-9219-4084-b344-d71606d9aabc 0.242s
2025-04-15 13:29:50.054 70044 INFO tempest.lib.common.rest_client [req-bc46cb5a-f69a-4c20-9724-5f258acad5b2 req-bc46cb5a-f69a-4c20-9724-5f258acad5b2 ] Request (ServersNegativeTestMultiTenantJSON:setUpClass): 200 PUT http://10.180.1.21:9696/networking/v2.0/routers/a2d65b3a-4f43-45b2-86c0-7bcbe37cd503/add_router_interface 1.516s
2025-04-15 13:29:50.055 70044 INFO tempest.lib.common.dynamic_creds [-] Created isolated network resources for: credentials: Credentials: {'domain_id': 'default', 'domain_name': 'Default', 'username': 'tempest-ServersNegativeTestMultiTenantJSON-1085344399-project-member', 'project_domain_id': 'default', 'project_domain_name': 'Default', 'project_id': '0772308718e44e7ba9c184042b8be075', 'project_name': 'tempest-ServersNegativeTestMultiTenantJSON-1085344399', 'tenant_id': '0772308718e44e7ba9c184042b8be075', 'tenant_name': 'tempest-ServersNegativeTestMultiTenantJSON-1085344399', 'user_domain_id': 'default', 'user_domain_name': 'Default', 'user_id': '93825970380e4187a2274156b20e7681', 'system': None}, Network: {'id': '5c7a8423-50a9-4cc0-9818-bd80aa25fd91', 'name': 'tempest-ServersNegativeTestMultiTenantJSON-1137385037-network', 'tenant_id': '0772308718e44e7ba9c184042b8be075', 'admin_state_up': True, 'mtu': 8950, 'status': 'ACTIVE', 'subnets': [], 'shared': False, 'project_id': '0772308718e44e7ba9c184042b8be075', 'port_security_enabled': True, 'router:external': False, 'provider:network_type': 'vlan', 'provider:physical_network': 'default', 'provider:segmentation_id': 409, 'availability_zone_hints': [], 'availability_zones': [], 'ipv4_address_scope': None, 'ipv6_address_scope': None, 'description': '', 'tags': [], 'created_at': '2025-04-15T13:29:47Z', 'updated_at': '2025-04-15T13:29:47Z', 'revision_number': 1}, Subnet: {'id': '1d54082b-ec89-4265-819b-5e341bd029f3', 'name': 'tempest-ServersNegativeTestMultiTenantJSON-1137385037-subnet', 'tenant_id': '0772308718e44e7ba9c184042b8be075', 'network_id': '5c7a8423-50a9-4cc0-9818-bd80aa25fd91', 'ip_version': 4, 'subnetpool_id': None, 'enable_dhcp': True, 'ipv6_ra_mode': None, 'ipv6_address_mode': None, 'gateway_ip': '192.168.128.1', 'cidr': '192.168.128.0/28', 'allocation_pools': [{'start': '192.168.128.2', 'end': '192.168.128.14'}], 'host_routes': [], 'dns_nameservers': [], 'description': '', 'router:external': False, 'service_types': [], 'tags': [], 'created_at': '2025-04-15T13:29:47Z', 'updated_at': '2025-04-15T13:29:47Z', 'revision_number': 0, 'project_id': '0772308718e44e7ba9c184042b8be075'}, Router: {'id': 'a2d65b3a-4f43-45b2-86c0-7bcbe37cd503', 'name': 'tempest-ServersNegativeTestMultiTenantJSON-1137385037-router', 'tenant_id': '0772308718e44e7ba9c184042b8be075', 'admin_state_up': True, 'status': 'ACTIVE', 'external_gateway_info': {'network_id': 'b9584ef7-50db-4e85-9869-2ceaaf2fb32a', 'external_fixed_ips': [{'subnet_id': '6d089c9f-e6ea-41e5-bd94-9a3f440b4e45', 'ip_address': '10.180.180.227'}], 'enable_snat': True}, 'description': '', 'availability_zones': [], 'distributed': False, 'ha': False, 'availability_zone_hints': [], 'routes': [], 'flavor_id': None, 'tags': [], 'created_at': '2025-04-15T13:29:47Z', 'updated_at': '2025-04-15T13:29:48Z', 'revision_number': 2, 'project_id': '0772308718e44e7ba9c184042b8be075'}
2025-04-15 13:29:50.073 70004 INFO tempest.lib.common.rest_client [req-dfbc98cb-500b-466a-a456-029e70ae6308 req-dfbc98cb-500b-466a-a456-029e70ae6308 ] Request (ImagesTestJSON:test_create_image_from_suspended_server): 200 GET http://10.180.1.21/compute/v2.1/servers/fad4385f-c21f-4236-b028-464df7b50b70 0.391s
2025-04-15 13:29:50.145 70040 INFO tempest.lib.common.rest_client [req-bc00b566-edeb-4a72-9ecb-90b89bfedc63 req-bc00b566-edeb-4a72-9ecb-90b89bfedc63 ] Request (ImagesMetadataTestJSON:setUp): 200 PUT http://10.180.1.21/compute/v2.1/images/0c986c0b-e391-49d5-b96d-eb8dc9439b9c/metadata 0.437s
2025-04-15 13:29:50.148 70016 INFO tempest.lib.common.rest_client [req-9c68ddd6-d028-4449-af90-339bda5eca91 req-9c68ddd6-d028-4449-af90-339bda5eca91 ] Request (ImagesOneServerNegativeTestJSON:_run_cleanups): 200 GET http://10.180.1.21/compute/v2.1/servers/84e21492-c7a1-4d7c-8c55-5466494c2757 0.398s
2025-04-15 13:29:50.180 70044 INFO tempest.lib.common.rest_client [req-ffcdc3ba-bebe-4098-8f02-a355da228246 req-ffcdc3ba-bebe-4098-8f02-a355da228246 ] Request (ServersNegativeTestMultiTenantJSON:setUpClass): 201 POST http://10.180.1.21/identity/v3/auth/tokens 0.122s
2025-04-15 13:29:50.212 70032 INFO tempest.lib.common.rest_client [req-d913736d-3b42-4e30-8c6f-80b1943822f5 req-d913736d-3b42-4e30-8c6f-80b1943822f5 ] Request (ServersTestManualDisk:setUpClass): 200 GET http://10.180.1.21/compute/v2.1/servers/5f93bea5-1ec6-48c3-98c6-a4aa1751cc8b 0.249s
2025-04-15 13:29:50.254 70044 INFO tempest.lib.common.rest_client [req-d0dc01f2-6708-40d3-8b60-e0c109c49b3f req-d0dc01f2-6708-40d3-8b60-e0c109c49b3f ] Request (ServersNegativeTestMultiTenantJSON:setUpClass): 201 POST http://10.180.1.21/identity/v3/auth/tokens 0.069s
2025-04-15 13:29:50.254 70044 INFO tempest.lib.common.fixed_network [-] (ServersNegativeTestMultiTenantJSON:setUpClass) Found network {'id': '27bec967-b8a7-467e-88a4-6dfb1c00288f', 'name': 'tempest-ServersNegativeTestMultiTenantJSON-1704091340-network', 'tenant_id': '80fbcb68e34444e6860bdc0f6059d7c9', 'admin_state_up': True, 'mtu': 8950, 'status': 'ACTIVE', 'subnets': [], 'shared': False, 'project_id': '80fbcb68e34444e6860bdc0f6059d7c9', 'port_security_enabled': True, 'router:external': False, 'provider:network_type': 'vlan', 'provider:physical_network': 'default', 'provider:segmentation_id': 777, 'availability_zone_hints': [], 'availability_zones': [], 'ipv4_address_scope': None, 'ipv6_address_scope': None, 'description': '', 'tags': [], 'created_at': '2025-04-15T13:29:44Z', 'updated_at': '2025-04-15T13:29:44Z', 'revision_number': 1} available for tenant
2025-04-15 13:29:50.266 70022 INFO tempest.lib.common.rest_client [req-7bb39d7c-145c-4c17-b8f9-dda69bf1acf0 req-7bb39d7c-145c-4c17-b8f9-dda69bf1acf0 ] Request (SecurityGroupsTestJSON:test_list_security_groups_by_server): 200 GET http://10.180.1.21/compute/v2.1/servers/53c02b37-2f88-4705-86db-ec2cc3163e4e 0.249s
2025-04-15 13:29:50.276 70002 INFO tempest.lib.common.rest_client [req-6821e191-11ce-4ba6-82bc-249d65db7653 req-6821e191-11ce-4ba6-82bc-249d65db7653 ] Request (InstanceActionsTestJSON:setUpClass): 200 GET http://10.180.1.21/compute/v2.1/servers/731ff5a1-2f73-40be-9661-378bd367810c 0.381s
2025-04-15 13:29:50.325 70046 INFO tempest.lib.common.rest_client [req-9803a1d0-130c-41e4-b32b-3b4b91914f49 req-9803a1d0-130c-41e4-b32b-3b4b91914f49 ] Request (AttachVolumeNegativeTest:test_attach_attached_volume_to_different_server): 200 GET http://10.180.1.21/volume/v3/volumes/3d1aa2bf-b488-427d-8540-212ba678b216 0.036s
2025-04-15 13:29:50.331 70056 INFO tempest.lib.common.rest_client [req-c45796ed-d18c-4433-8f0f-864517fbe555 req-c45796ed-d18c-4433-8f0f-864517fbe555 ] Request (ServersListShow296Test:test_list_show_update_rebuild_server_296): 200 GET http://10.180.1.21/compute/v2.1/servers/5b5ef5ac-82da-4e8b-aabf-966539bbf495 0.196s
2025-04-15 13:29:50.391 70028 INFO tempest.lib.common.rest_client [req-8dc5e93e-ae4a-4a7a-b370-ec494663a031 req-8dc5e93e-ae4a-4a7a-b370-ec494663a031 ] Request (ListServerFiltersTestJSON:tearDownClass): 200 GET http://10.180.1.21/compute/v2.1/servers/61b8929a-8f0f-4288-bc41-45748ffb53db 0.173s
2025-04-15 13:29:50.432 70040 INFO tempest.lib.common.rest_client [req-ea1c2ebf-a8b3-4492-a419-d82e42d05c8f req-ea1c2ebf-a8b3-4492-a419-d82e42d05c8f ] Request (ImagesMetadataTestJSON:test_delete_image_metadata_item): 204 DELETE http://10.180.1.21/compute/v2.1/images/0c986c0b-e391-49d5-b96d-eb8dc9439b9c/metadata/os_version 0.286s
2025-04-15 13:29:50.523 70018 INFO tempest.lib.common.rest_client [req-fb0cf6c0-5ac6-44c9-9811-a30dc11ae14f req-fb0cf6c0-5ac6-44c9-9811-a30dc11ae14f ] Request (FloatingIPsAssociationTestJSON:setUpClass): 200 GET http://10.180.1.21/compute/v2.1/servers/536fc9a3-f6fc-4526-8c56-11df0000cdcb 0.245s
2025-04-15 13:29:50.531 70018 INFO tempest.common.waiters [-] State transition "BUILD/networking" ==> "BUILD/spawning" after 80 second wait
2025-04-15 13:29:50.582 70000 INFO tempest.lib.common.rest_client [req-2c4081f4-161c-4fe2-9d0b-632570b3aa65 req-2c4081f4-161c-4fe2-9d0b-632570b3aa65 ] Request (ServersAdminTestJSON:test_inject_network_info): 200 GET http://10.180.1.21/compute/v2.1/servers/34795b29-b345-41fd-b3e1-3898e3d86fcc 0.250s
2025-04-15 13:29:50.654 70050 INFO tempest.lib.common.rest_client [req-ac20a85c-b08d-469f-a31f-24b211d2a41d req-ac20a85c-b08d-469f-a31f-24b211d2a41d ] Request (ServerMetadataTestJSON:tearDownClass): 200 GET http://10.180.1.21/compute/v2.1/servers/0484fec0-872b-45c3-92cf-5d855e5d3d03 0.290s
2025-04-15 13:29:50.727 70021 INFO tempest.lib.common.rest_client [req-7ec374f6-5e0c-4442-b7e7-14fb8ba68100 req-7ec374f6-5e0c-4442-b7e7-14fb8ba68100 ] Request (ServerExternalEventsTest:tearDownClass): 200 GET http://10.180.1.21/compute/v2.1/servers/d71a8019-3763-44f8-9ad7-78ab81353b60 0.339s
2025-04-15 13:29:50.765 70040 INFO tempest.lib.common.rest_client [req-d14a3065-6e28-4e3b-89ac-1a269717d99b req-d14a3065-6e28-4e3b-89ac-1a269717d99b ] Request (ImagesMetadataTestJSON:test_delete_image_metadata_item): 200 GET http://10.180.1.21/compute/v2.1/images/0c986c0b-e391-49d5-b96d-eb8dc9439b9c/metadata 0.332s
2025-04-15 13:29:50.832 70044 INFO tempest.lib.common.rest_client [req-3ea4b701-6850-4dcc-a49c-aa02ef1b3ce1 req-3ea4b701-6850-4dcc-a49c-aa02ef1b3ce1 ] Request (ServersNegativeTestMultiTenantJSON:setUpClass): 202 POST http://10.180.1.21/compute/v2.1/servers 0.577s
2025-04-15 13:29:50.846 70054 INFO tempest.lib.common.rest_client [req-8f6afd04-74f8-41a4-97d9-6b500754c4ae req-8f6afd04-74f8-41a4-97d9-6b500754c4ae ] Request (ServerActionsV293TestJSON:setUpClass): 200 GET http://10.180.1.21/compute/v2.1/servers/b52a425a-6d61-483a-b1df-3ca54ffadb21 0.409s
2025-04-15 13:29:50.900 70008 INFO tempest.lib.common.rest_client [req-8494a938-464c-4a9a-9685-bc61386486b3 req-8494a938-464c-4a9a-9685-bc61386486b3 ] Request (ServerAddressesTestJSON:tearDownClass): 200 GET http://10.180.1.21/compute/v2.1/servers/07b4b9aa-0c58-4a91-bc5b-74cf551cce13 0.448s
2025-04-15 13:29:50.906 70034 INFO tempest.lib.common.rest_client [req-eb7981a1-7bcb-4e35-b12e-cc247e42326d req-eb7981a1-7bcb-4e35-b12e-cc247e42326d ] Request (InstanceActionsV221TestJSON:test_get_list_deleted_instance_actions): 200 GET http://10.180.1.21/compute/v2.1/servers/42c8099a-cb13-4afd-94f7-4fc7506b36d7 0.374s
2025-04-15 13:29:50.933 70026 INFO tempest.lib.common.rest_client [req-6fa1ab74-907e-4732-b20a-530aa4bbd52a req-6fa1ab74-907e-4732-b20a-530aa4bbd52a ] Request (ListImageFiltersTestJSON:setUpClass): 200 GET http://10.180.1.21/compute/v2.1/images/a9ff2256-373f-4425-a3f4-ce0f2d9da07a 0.375s
2025-04-15 13:29:50.958 70030 INFO tempest.lib.common.rest_client [req-5812ba7b-2004-4fa1-b300-e1e4a9ac712d req-5812ba7b-2004-4fa1-b300-e1e4a9ac712d ] Request (ServerRescueNegativeTestJSON:setUpClass): 200 GET http://10.180.1.21/compute/v2.1/servers/92464135-7fa4-4345-9abb-27410703114d 0.323s
2025-04-15 13:29:51.037 70024 INFO tempest.lib.common.rest_client [req-1a2aaed2-700d-4cce-a568-0af5f3576123 req-1a2aaed2-700d-4cce-a568-0af5f3576123 ] Request (DeleteServersAdminTestJSON:test_delete_server_while_in_error_state): 200 GET http://10.180.1.21/compute/v2.1/servers/4a38a997-f044-4e0d-9fd9-36b700e96d37 0.326s
2025-04-15 13:29:51.055 70048 INFO tempest.lib.common.rest_client [req-4346af82-ac05-4195-a957-ed0e0d806bea req-4346af82-ac05-4195-a957-ed0e0d806bea ] Request (MigrationsAdminTest:test_list_migrations_in_flavor_resize_situation): 200 GET http://10.180.1.21/compute/v2.1/servers/dfe7d605-4dab-4aea-bc6f-02021cf09d17 0.388s
2025-04-15 13:29:51.120 70038 INFO tempest.lib.common.rest_client [req-e15532ab-f793-41d2-9cef-c5f19dd248b6 req-e15532ab-f793-41d2-9cef-c5f19dd248b6 ] Request (ServerRescueTestJSONUnderV235:setUpClass): 200 GET http://10.180.1.21/compute/v2.1/servers/6f17b191-573f-4eb6-86aa-8ced02ce14a0 0.336s
2025-04-15 13:29:51.177 70014 INFO tempest.lib.common.rest_client [req-cdfed30e-f8a4-4c7e-994e-bdf6b82ea60a req-cdfed30e-f8a4-4c7e-994e-bdf6b82ea60a ] Request (ServerDiskConfigTestJSON:test_rebuild_server_with_manual_disk_config): 200 GET http://10.180.1.21/compute/v2.1/servers/3855bfe0-e66d-4871-b221-c1ceada2d3cc 0.380s
2025-04-15 13:29:51.218 70044 INFO tempest.lib.common.rest_client [req-7020bb2d-5e75-4bbb-8eed-9d132ca0856b req-7020bb2d-5e75-4bbb-8eed-9d132ca0856b ] Request (ServersNegativeTestMultiTenantJSON:setUpClass): 200 GET http://10.180.1.21/compute/v2.1/servers/94b1e5b5-4207-44df-8d05-a3edb1af5f67 0.384s
2025-04-15 13:29:51.257 70040 INFO tempest.lib.common.rest_client [req-d3ae0ab1-f662-42a5-9dc6-a414adb50472 req-d3ae0ab1-f662-42a5-9dc6-a414adb50472 ] Request (ImagesMetadataTestJSON:setUp): 200 PUT http://10.180.1.21/compute/v2.1/images/0c986c0b-e391-49d5-b96d-eb8dc9439b9c/metadata 0.490s
2025-04-15 13:29:51.267 69996 WARNING tempest.lib.common.ssh [-] Failed to establish authenticated ssh connection to cirros@10.180.180.233 ([Errno None] Unable to connect to port 22 on 10.180.180.233). Number attempts: 10. Retry after 11 seconds.: paramiko.ssh_exception.NoValidConnectionsError: [Errno None] Unable to connect to port 22 on 10.180.180.233
2025-04-15 13:29:51.277 69994 INFO tempest.lib.common.rest_client [req-18d9e89b-494b-4568-9d2f-234295b580e4 req-18d9e89b-494b-4568-9d2f-234295b580e4 ] Request (ServerMetadataNegativeTestJSON:tearDownClass): 200 GET http://10.180.1.21/compute/v2.1/servers/d2899bb9-9219-4084-b344-d71606d9aabc 0.408s
2025-04-15 13:29:51.324 70004 INFO tempest.lib.common.rest_client [req-d4d427bc-26d3-4ace-b852-20a0750acfa9 req-d4d427bc-26d3-4ace-b852-20a0750acfa9 ] Request (ImagesTestJSON:test_create_image_from_suspended_server): 200 GET http://10.180.1.21/compute/v2.1/servers/fad4385f-c21f-4236-b028-464df7b50b70 0.241s
2025-04-15 13:29:51.326 70016 INFO tempest.lib.common.rest_client [req-70c32a6a-0726-4614-8bb3-88f35fb1094f req-70c32a6a-0726-4614-8bb3-88f35fb1094f ] Request (ImagesOneServerNegativeTestJSON:_run_cleanups): 200 GET http://10.180.1.21/compute/v2.1/servers/84e21492-c7a1-4d7c-8c55-5466494c2757 0.165s
2025-04-15 13:29:51.379 70046 INFO tempest.lib.common.rest_client [req-0fb6206c-6c84-48bf-bb48-ec68ae89ce59 req-0fb6206c-6c84-48bf-bb48-ec68ae89ce59 ] Request (AttachVolumeNegativeTest:test_attach_attached_volume_to_different_server): 200 GET http://10.180.1.21/volume/v3/volumes/3d1aa2bf-b488-427d-8540-212ba678b216 0.046s
2025-04-15 13:29:51.393 70040 INFO tempest.lib.common.rest_client [req-b087ad1f-5d91-41c7-acc6-5414a97b8319 req-b087ad1f-5d91-41c7-acc6-5414a97b8319 ] Request (ImagesMetadataTestJSON:test_get_image_metadata_item): 200 GET http://10.180.1.21/compute/v2.1/images/0c986c0b-e391-49d5-b96d-eb8dc9439b9c/metadata/os_distro 0.135s
2025-04-15 13:29:51.395 70032 INFO tempest.lib.common.rest_client [req-dae5971e-13cc-45bd-a80e-20740ea6057f req-dae5971e-13cc-45bd-a80e-20740ea6057f ] Request (ServersTestManualDisk:setUpClass): 200 GET http://10.180.1.21/compute/v2.1/servers/5f93bea5-1ec6-48c3-98c6-a4aa1751cc8b 0.175s
2025-04-15 13:29:51.453 70022 INFO tempest.lib.common.rest_client [req-f6515760-7180-4f79-8e0e-ec1e1f12c5fc req-f6515760-7180-4f79-8e0e-ec1e1f12c5fc ] Request (SecurityGroupsTestJSON:test_list_security_groups_by_server): 200 GET http://10.180.1.21/compute/v2.1/servers/53c02b37-2f88-4705-86db-ec2cc3163e4e 0.175s
2025-04-15 13:29:51.515 70002 INFO tempest.lib.common.rest_client [req-8eb33b6c-8f78-4090-b285-83d4aadfe76d req-8eb33b6c-8f78-4090-b285-83d4aadfe76d ] Request (InstanceActionsTestJSON:setUpClass): 200 GET http://10.180.1.21/compute/v2.1/servers/731ff5a1-2f73-40be-9661-378bd367810c 0.226s
2025-04-15 13:29:51.521 70056 INFO tempest.lib.common.rest_client [req-e43a2a3b-b9f5-4838-8aa8-5d194e33411f req-e43a2a3b-b9f5-4838-8aa8-5d194e33411f ] Request (ServersListShow296Test:test_list_show_update_rebuild_server_296): 200 GET http://10.180.1.21/compute/v2.1/servers/5b5ef5ac-82da-4e8b-aabf-966539bbf495 0.175s
2025-04-15 13:29:51.532 70056 INFO tempest.common.waiters [-] State transition "REBUILD/rebuild_spawning" ==> "ACTIVE/None" after 10 second wait
2025-04-15 13:29:51.583 70028 INFO tempest.lib.common.rest_client [req-1910fe69-be53-4d4c-895d-1991f1a273c8 req-1910fe69-be53-4d4c-895d-1991f1a273c8 ] Request (ListServerFiltersTestJSON:tearDownClass): 200 GET http://10.180.1.21/compute/v2.1/servers/61b8929a-8f0f-4288-bc41-45748ffb53db 0.184s
2025-04-15 13:29:51.653 70040 INFO tempest.lib.common.rest_client [req-a5068665-5b87-4a9f-bb74-1078ec826eea req-a5068665-5b87-4a9f-bb74-1078ec826eea ] Request (ImagesMetadataTestJSON:setUp): 200 PUT http://10.180.1.21/compute/v2.1/images/0c986c0b-e391-49d5-b96d-eb8dc9439b9c/metadata 0.259s
2025-04-15 13:29:51.675 70018 INFO tempest.lib.common.rest_client [req-43ecf7c2-0b23-46f9-965e-fbdff93dba9d req-43ecf7c2-0b23-46f9-965e-fbdff93dba9d ] Request (FloatingIPsAssociationTestJSON:setUpClass): 200 GET http://10.180.1.21/compute/v2.1/servers/536fc9a3-f6fc-4526-8c56-11df0000cdcb 0.143s
2025-04-15 13:29:51.731 70000 INFO tempest.lib.common.rest_client [req-2aaf8ef3-77a0-44ce-b366-bb6de216e2ca req-2aaf8ef3-77a0-44ce-b366-bb6de216e2ca ] Request (ServersAdminTestJSON:test_inject_network_info): 200 GET http://10.180.1.21/compute/v2.1/servers/34795b29-b345-41fd-b3e1-3898e3d86fcc 0.140s
2025-04-15 13:29:51.748 70056 INFO tempest.lib.common.rest_client [req-219f588d-8ba2-4b40-84e2-07737a098174 req-219f588d-8ba2-4b40-84e2-07737a098174 ] Request (ServersListShow296Test:tearDownClass): 204 DELETE http://10.180.1.21/compute/v2.1/servers/5b5ef5ac-82da-4e8b-aabf-966539bbf495 0.208s
