2025-04-15 13:29:56.326 70021 INFO tempest.lib.common.dynamic_creds [-] Created isolated network resources for: credentials: Credentials: {'domain_id': 'default', 'domain_name': 'Default', 'username': 'tempest-ServicesAdminNegativeTestJSON-2056711579-project-admin', 'project_domain_id': 'default', 'project_domain_name': 'Default', 'project_id': 'e8b0be9dcd9446e8967e128836145bd0', 'project_name': 'tempest-ServicesAdminNegativeTestJSON-2056711579', 'tenant_id': 'e8b0be9dcd9446e8967e128836145bd0', 'tenant_name': 'tempest-ServicesAdminNegativeTestJSON-2056711579', 'user_domain_id': 'default', 'user_domain_name': 'Default', 'user_id': '4d6f89e27d0745c1b7c33761db6d47bc', 'system': None}, Network: None, Subnet: None, Router: None
2025-04-15 13:29:56.356 70002 INFO tempest.lib.common.rest_client [req-73059496-b082-4d78-a931-bfeb0c2f9551 req-73059496-b082-4d78-a931-bfeb0c2f9551 ] Request (InstanceActionsTestJSON:test_list_instance_actions): 202 POST http://10.180.1.21/compute/v2.1/servers/731ff5a1-2f73-40be-9661-378bd367810c/action 0.132s
2025-04-15 13:29:56.371 70008 INFO tempest.lib.common.rest_client [req-e613d558-8721-4c18-b495-e55a38469898 req-e613d558-8721-4c18-b495-e55a38469898 ] Request (ServerAddressesTestJSON:tearDownClass): 200 GET http://10.180.1.21/compute/v2.1/servers/07b4b9aa-0c58-4a91-bc5b-74cf551cce13 0.106s
2025-04-15 13:29:56.411 70021 INFO tempest.lib.common.rest_client [req-ded89c75-1599-4e55-a4ae-dff361fa79e8 req-ded89c75-1599-4e55-a4ae-dff361fa79e8 ] Request (ServicesAdminNegativeTestJSON:setUpClass): 201 POST http://10.180.1.21/identity/v3/auth/tokens 0.081s
2025-04-15 13:29:56.417 70026 INFO tempest.lib.common.rest_client [req-65b7e7ef-dbae-4534-9585-e8125af960e4 req-65b7e7ef-dbae-4534-9585-e8125af960e4 ] Request (ListImageFiltersTestJSON:setUpClass): 200 GET http://10.180.1.21/compute/v2.1/images/a9ff2256-373f-4425-a3f4-ce0f2d9da07a 0.115s
2025-04-15 13:29:56.422 70054 INFO tempest.lib.common.rest_client [req-f5ea7a59-78c2-48a9-a385-95fe0ed90cd5 req-f5ea7a59-78c2-48a9-a385-95fe0ed90cd5 ] Request (ServerActionsV293TestJSON:setUpClass): 200 GET http://10.180.1.21/compute/v2.1/servers/b52a425a-6d61-483a-b1df-3ca54ffadb21 0.151s
2025-04-15 13:29:56.557 70002 INFO tempest.lib.common.rest_client [req-04bc07a2-68a0-465f-af95-af711a74cbda req-04bc07a2-68a0-465f-af95-af711a74cbda ] Request (InstanceActionsTestJSON:test_list_instance_actions): 200 GET http://10.180.1.21/compute/v2.1/servers/731ff5a1-2f73-40be-9661-378bd367810c 0.200s
2025-04-15 13:29:56.616 70030 INFO tempest.lib.common.rest_client [req-a317a848-323d-4829-91b6-540f4e6da074 req-a317a848-323d-4829-91b6-540f4e6da074 ] Request (ServerRescueNegativeTestJSON:setUpClass): 200 GET http://10.180.1.21/compute/v2.1/servers/92464135-7fa4-4345-9abb-27410703114d 0.234s
2025-04-15 13:29:56.651 70046 INFO tempest.lib.common.rest_client [req-4b5d88c3-ee29-4d69-aa2b-3ae1a5d694e4 req-4b5d88c3-ee29-4d69-aa2b-3ae1a5d694e4 ] Request (AttachVolumeNegativeTest:test_attach_attached_volume_to_different_server): 200 GET http://10.180.1.21/volume/v3/volumes/3d1aa2bf-b488-427d-8540-212ba678b216 0.033s
2025-04-15 13:29:56.707 70034 INFO tempest.lib.common.rest_client [req-c9328890-02a4-4a96-a630-79219d1f2962 req-c9328890-02a4-4a96-a630-79219d1f2962 ] Request (InstanceActionsV221TestJSON:test_get_list_deleted_instance_actions): 200 GET http://10.180.1.21/compute/v2.1/servers/42c8099a-cb13-4afd-94f7-4fc7506b36d7 0.375s
2025-04-15 13:29:56.721 70021 INFO tempest.lib.common.rest_client [req-2a56b504-febb-4d78-b4da-02ef3de20684 req-2a56b504-febb-4d78-b4da-02ef3de20684 ] Request (ServicesAdminNegativeTestJSON:test_get_service_by_invalid_params): 200 GET http://10.180.1.21/compute/v2.1/os-services 0.309s
2025-04-15 13:29:56.784 70024 INFO tempest.lib.common.rest_client [req-fac4f213-d8c7-4673-87ef-8b102f7c4bda req-fac4f213-d8c7-4673-87ef-8b102f7c4bda ] Request (DeleteServersAdminTestJSON:test_delete_server_while_in_error_state): 200 GET http://10.180.1.21/compute/v2.1/servers/4a38a997-f044-4e0d-9fd9-36b700e96d37 0.359s
2025-04-15 13:29:56.784 70038 INFO tempest.lib.common.rest_client [req-fd1d73c4-1a25-4cee-8fb7-6f6bffa5971d req-fd1d73c4-1a25-4cee-8fb7-6f6bffa5971d ] Request (ServerRescueTestJSONUnderV235:setUpClass): 200 GET http://10.180.1.21/compute/v2.1/servers/6f17b191-573f-4eb6-86aa-8ced02ce14a0 0.179s
2025-04-15 13:29:56.830 69998 WARNING tempest.lib.common.ssh [-] Failed to establish authenticated ssh connection to cirros@10.180.180.250 ([Errno None] Unable to connect to port 22 on 10.180.180.250). Number attempts: 10. Retry after 11 seconds.: paramiko.ssh_exception.NoValidConnectionsError: [Errno None] Unable to connect to port 22 on 10.180.180.250
2025-04-15 13:29:56.846 70014 INFO tempest.lib.common.rest_client [req-325babb2-2c01-459f-8c16-9c3c23869d57 req-325babb2-2c01-459f-8c16-9c3c23869d57 ] Request (ServerDiskConfigTestJSON:test_rebuild_server_with_manual_disk_config): 200 GET http://10.180.1.21/compute/v2.1/servers/3855bfe0-e66d-4871-b221-c1ceada2d3cc 0.186s
2025-04-15 13:29:56.910 70044 INFO tempest.lib.common.rest_client [req-f4be0f06-a08b-41a6-9193-31d5ea3693e2 req-f4be0f06-a08b-41a6-9193-31d5ea3693e2 ] Request (ServersNegativeTestMultiTenantJSON:setUpClass): 200 GET http://10.180.1.21/compute/v2.1/servers/94b1e5b5-4207-44df-8d05-a3edb1af5f67 0.189s
2025-04-15 13:29:56.931 70048 INFO tempest.lib.common.rest_client [req-893683fb-1a12-4372-8b09-76f5d33d787f req-893683fb-1a12-4372-8b09-76f5d33d787f ] Request (MigrationsAdminTest:test_list_migrations_in_flavor_resize_situation): 200 GET http://10.180.1.21/compute/v2.1/servers/dfe7d605-4dab-4aea-bc6f-02021cf09d17 0.260s
2025-04-15 13:29:56.936 70021 INFO tempest.lib.common.rest_client [req-9b499533-7cb3-455e-9768-bde1068d9ebf req-9b499533-7cb3-455e-9768-bde1068d9ebf ] Request (ServicesAdminNegativeTestJSON:test_get_service_by_invalid_params): 200 GET http://10.180.1.21/compute/v2.1/os-services?xxx=nova-compute 0.212s
2025-04-15 13:29:56.992 70016 INFO tempest.lib.common.rest_client [req-99c9f411-579f-4e17-a4f6-420c1488fa57 req-99c9f411-579f-4e17-a4f6-420c1488fa57 ] Request (ImagesOneServerNegativeTestJSON:_run_cleanups): 200 GET http://10.180.1.21/compute/v2.1/servers/84e21492-c7a1-4d7c-8c55-5466494c2757 0.186s
2025-04-15 13:29:56.994 69994 INFO tempest.lib.common.rest_client [req-2143b025-e164-400d-9c92-b353fec0e08e req-2143b025-e164-400d-9c92-b353fec0e08e ] Request (ServerMetadataNegativeTestJSON:tearDownClass): 200 GET http://10.180.1.21/compute/v2.1/servers/d2899bb9-9219-4084-b344-d71606d9aabc 0.231s
2025-04-15 13:29:57.054 70004 INFO tempest.lib.common.rest_client [req-710f7653-bded-4370-9d26-060a33ba4722 req-710f7653-bded-4370-9d26-060a33ba4722 ] Request (ImagesTestJSON:test_create_image_from_suspended_server): 200 GET http://10.180.1.21/compute/v2.1/servers/fad4385f-c21f-4236-b028-464df7b50b70 0.222s
2025-04-15 13:29:57.054 70022 INFO tempest.lib.common.rest_client [req-79998136-3563-4e1c-bc27-452bd117f398 req-79998136-3563-4e1c-bc27-452bd117f398 ] Request (SecurityGroupsTestJSON:test_list_security_groups_by_server): 200 GET http://10.180.1.21/compute/v2.1/servers/53c02b37-2f88-4705-86db-ec2cc3163e4e 0.171s
2025-04-15 13:29:57.069 70022 INFO tempest.common.waiters [-] State transition "BUILD/None" ==> "BUILD/networking" after 84 second wait
2025-04-15 13:29:57.083 70021 INFO tempest.lib.common.rest_client [req-7d4f9bda-7f80-4fee-86ce-0244c58bac7c req-7d4f9bda-7f80-4fee-86ce-0244c58bac7c ] Request (ServicesAdminNegativeTestJSON:test_get_service_by_invalid_service_and_valid_host): 200 GET http://10.180.1.21/compute/v2.1/os-services 0.142s
2025-04-15 13:29:57.130 70032 INFO tempest.lib.common.rest_client [req-c0359a92-7ebf-4aad-8872-460a5b2cf969 req-c0359a92-7ebf-4aad-8872-460a5b2cf969 ] Request (ServersTestManualDisk:setUpClass): 200 GET http://10.180.1.21/compute/v2.1/servers/5f93bea5-1ec6-48c3-98c6-a4aa1751cc8b 0.236s
2025-04-15 13:29:57.151 70052 WARNING tempest.lib.common.ssh [-] Failed to establish authenticated ssh connection to cirros@10.180.180.211 ([Errno None] Unable to connect to port 22 on 10.180.180.211). Number attempts: 12. Retry after 13 seconds.: paramiko.ssh_exception.NoValidConnectionsError: [Errno None] Unable to connect to port 22 on 10.180.180.211
2025-04-15 13:29:57.161 70028 INFO tempest.lib.common.rest_client [req-8d02f53a-f659-47da-a729-4e4460f3eb7b req-8d02f53a-f659-47da-a729-4e4460f3eb7b ] Request (ListServerFiltersTestJSON:tearDownClass): 200 GET http://10.180.1.21/compute/v2.1/servers/61b8929a-8f0f-4288-bc41-45748ffb53db 0.147s
2025-04-15 13:29:57.185 70021 INFO tempest.lib.common.rest_client [req-9d1a3bc1-c767-4aa1-a3b9-30300f5dd5fc req-9d1a3bc1-c767-4aa1-a3b9-30300f5dd5fc ] Request (ServicesAdminNegativeTestJSON:test_get_service_by_invalid_service_and_valid_host): 200 GET http://10.180.1.21/compute/v2.1/os-services?host=devstack&binary=xxx 0.098s
2025-04-15 13:29:57.194 70000 INFO tempest.lib.common.rest_client [req-760591f2-45c7-4ebf-a26a-a8b44ae22fe4 req-760591f2-45c7-4ebf-a26a-a8b44ae22fe4 ] Request (ServersAdminTestJSON:test_inject_network_info): 200 GET http://10.180.1.21/compute/v2.1/servers/34795b29-b345-41fd-b3e1-3898e3d86fcc 0.114s
2025-04-15 13:29:57.214 70021 INFO tempest.lib.common.rest_client [req-53cd1560-f359-433f-822d-57445fffebd7 req-53cd1560-f359-433f-822d-57445fffebd7 ] Request (ServicesAdminNegativeTestJSON:test_get_service_with_valid_service_and_invalid_host): 200 GET http://10.180.1.21/compute/v2.1/os-services 0.023s
2025-04-15 13:29:57.244 70021 INFO tempest.lib.common.rest_client [req-511ad119-8775-402a-a93f-33fa0fff3485 req-511ad119-8775-402a-a93f-33fa0fff3485 ] Request (ServicesAdminNegativeTestJSON:test_get_service_with_valid_service_and_invalid_host): 200 GET http://10.180.1.21/compute/v2.1/os-services?host=xxx&binary=nova-scheduler 0.028s
2025-04-15 13:29:57.253 70050 INFO tempest.lib.common.rest_client [req-1cb61f40-b128-4d50-aefb-3c5e0d32ba60 req-1cb61f40-b128-4d50-aefb-3c5e0d32ba60 ] Request (ServerMetadataTestJSON:tearDownClass): 200 GET http://10.180.1.21/compute/v2.1/servers/0484fec0-872b-45c3-92cf-5d855e5d3d03 0.097s
2025-04-15 13:29:57.336 70021 INFO tempest.lib.common.rest_client [req-3e268ed5-e3bc-4a6e-ac19-d5e9fd7e2688 req-3e268ed5-e3bc-4a6e-ac19-d5e9fd7e2688 ] Request (ServicesAdminNegativeTestJSON:test_list_services_with_non_admin_user): 403 GET http://10.180.1.21/compute/v2.1/os-services 0.089s
2025-04-15 13:29:57.389 70006 INFO tempest.lib.common.rest_client [req-2c04fdc4-da3a-41b3-946a-cd88dbfb6d33 req-2c04fdc4-da3a-41b3-946a-cd88dbfb6d33 ] Request (ServersV294TestFqdnHostnames:tearDownClass): 204 DELETE http://10.180.1.21/compute/v2.1/servers/06b16f93-afb2-4c94-92b6-1afeffaf2f85 0.113s
2025-04-15 13:29:57.466 70056 INFO tempest.lib.common.rest_client [req-e3616aa5-cb54-4272-8257-ebf68daf06a3 req-e3616aa5-cb54-4272-8257-ebf68daf06a3 ] Request (ServersListShow296Test:tearDownClass): 200 GET http://10.180.1.21/compute/v2.1/servers/5b5ef5ac-82da-4e8b-aabf-966539bbf495 0.151s
2025-04-15 13:29:57.480 70021 INFO tempest.lib.common.rest_client [req-b5737617-2010-4ea0-835f-1aa4d6d0b8ab req-b5737617-2010-4ea0-835f-1aa4d6d0b8ab ] Request (ServicesAdminNegativeTestJSON:tearDownClass): 204 DELETE http://10.180.1.21/identity/v3/users/04c30317015044909503f4405c606c34 0.141s
2025-04-15 13:29:57.516 70018 INFO tempest.lib.common.rest_client [req-802817f2-fdba-404b-9cb4-5d9408a48c96 req-802817f2-fdba-404b-9cb4-5d9408a48c96 ] Request (FloatingIPsAssociationTestJSON:setUpClass): 200 GET http://10.180.1.21/compute/v2.1/servers/536fc9a3-f6fc-4526-8c56-11df0000cdcb 0.220s
2025-04-15 13:29:57.530 70008 INFO tempest.lib.common.rest_client [req-eb90e077-1413-46b1-8512-b21772dffe01 req-eb90e077-1413-46b1-8512-b21772dffe01 ] Request (ServerAddressesTestJSON:tearDownClass): 200 GET http://10.180.1.21/compute/v2.1/servers/07b4b9aa-0c58-4a91-bc5b-74cf551cce13 0.146s
2025-04-15 13:29:57.572 70026 INFO tempest.lib.common.rest_client [req-6a1aad92-ce85-484c-b85c-3e090b3c5193 req-6a1aad92-ce85-484c-b85c-3e090b3c5193 ] Request (ListImageFiltersTestJSON:setUpClass): 200 GET http://10.180.1.21/compute/v2.1/images/a9ff2256-373f-4425-a3f4-ce0f2d9da07a 0.150s
2025-04-15 13:29:57.586 70021 INFO tempest.lib.common.rest_client [req-274374b7-bf0e-4544-a3ac-22e063f2b6c6 req-274374b7-bf0e-4544-a3ac-22e063f2b6c6 ] Request (ServicesAdminNegativeTestJSON:tearDownClass): 204 DELETE http://10.180.1.21/identity/v3/users/4d6f89e27d0745c1b7c33761db6d47bc 0.105s
2025-04-15 13:29:57.586 70021 INFO tempest.lib.common.dynamic_creds [-] Deleting project and security group for project: e8b0be9dcd9446e8967e128836145bd0
2025-04-15 13:29:57.632 70054 INFO tempest.lib.common.rest_client [req-bab7b352-892f-487d-8b84-11e156745853 req-bab7b352-892f-487d-8b84-11e156745853 ] Request (ServerActionsV293TestJSON:setUpClass): 200 GET http://10.180.1.21/compute/v2.1/servers/b52a425a-6d61-483a-b1df-3ca54ffadb21 0.200s
2025-04-15 13:29:57.647 70021 INFO tempest.lib.common.rest_client [req-ce6ee67f-3d5c-473e-9e24-433fb91d1bad req-ce6ee67f-3d5c-473e-9e24-433fb91d1bad ] Request (ServicesAdminNegativeTestJSON:tearDownClass): 201 POST http://10.180.1.21/identity/v3/auth/tokens 0.061s
2025-04-15 13:29:57.704 70046 INFO tempest.lib.common.rest_client [req-28c05667-3beb-4cf9-a965-6889641f6ab5 req-28c05667-3beb-4cf9-a965-6889641f6ab5 ] Request (AttachVolumeNegativeTest:test_attach_attached_volume_to_different_server): 200 GET http://10.180.1.21/volume/v3/volumes/3d1aa2bf-b488-427d-8540-212ba678b216 0.045s
2025-04-15 13:29:57.717 70046 INFO tempest.common.waiters [-] Attachment 70a5a1a6-efdb-4aa8-9763-f5d191ea94e7 created for volume 3d1aa2bf-b488-427d-8540-212ba678b216 to server 5df02f54-5283-4379-a5f0-8e1123c0ab92 after waiting for 8.717383 seconds
2025-04-15 13:29:57.752 70046 INFO tempest.lib.common.rest_client [req-c334511e-d070-4d36-a146-c77d4607fbf4 req-c334511e-d070-4d36-a146-c77d4607fbf4 ] Request (AttachVolumeNegativeTest:test_attach_attached_volume_to_different_server): 200 GET http://10.180.1.21/volume/v3/volumes/3d1aa2bf-b488-427d-8540-212ba678b216 0.035s
2025-04-15 13:29:57.761 70046 INFO tempest.common.waiters [-] volume 3d1aa2bf-b488-427d-8540-212ba678b216 reached in-use after waiting for 0.761803 seconds
2025-04-15 13:29:57.763 70002 INFO tempest.lib.common.rest_client [req-f4df3c8f-8c17-4c2a-8c4b-1ef4ba322c64 req-f4df3c8f-8c17-4c2a-8c4b-1ef4ba322c64 ] Request (InstanceActionsTestJSON:test_list_instance_actions): 200 GET http://10.180.1.21/compute/v2.1/servers/731ff5a1-2f73-40be-9661-378bd367810c 0.198s
2025-04-15 13:29:57.808 70006 INFO tempest.lib.common.rest_client [req-22425f91-c0d2-41cc-9755-5e116e5cb1ba req-22425f91-c0d2-41cc-9755-5e116e5cb1ba ] Request (ServersV294TestFqdnHostnames:tearDownClass): 200 GET http://10.180.1.21/compute/v2.1/servers/06b16f93-afb2-4c94-92b6-1afeffaf2f85 0.418s
2025-04-15 13:29:57.830 70040 INFO tempest.lib.common.rest_client [req-a7e152b8-4620-4bce-a9eb-f79fe8d02ef9 req-a7e152b8-4620-4bce-a9eb-f79fe8d02ef9 ] Request (ServerActionsTestOtherA:setUpClass): 200 PUT http://10.180.1.21:9696/networking/v2.0/routers/5cb7c22e-9b75-45db-b0a2-acc7bef573b3/add_router_interface 1.584s
2025-04-15 13:29:57.830 70040 INFO tempest.lib.common.dynamic_creds [-] Created isolated network resources for: credentials: Credentials: {'domain_id': 'default', 'domain_name': 'Default', 'username': 'tempest-ServerActionsTestOtherA-994953943-project-member', 'project_domain_id': 'default', 'project_domain_name': 'Default', 'project_id': '015f87514254484fb4d300753833434c', 'project_name': 'tempest-ServerActionsTestOtherA-994953943', 'tenant_id': '015f87514254484fb4d300753833434c', 'tenant_name': 'tempest-ServerActionsTestOtherA-994953943', 'user_domain_id': 'default', 'user_domain_name': 'Default', 'user_id': 'dae1c2e7cfd741cf83bc894c9a7a0b03', 'system': None}, Network: {'id': '28957e44-15f3-4d1f-ad09-88979a6e072b', 'name': 'tempest-ServerActionsTestOtherA-1538676805-network', 'tenant_id': '015f87514254484fb4d300753833434c', 'admin_state_up': True, 'mtu': 8950, 'status': 'ACTIVE', 'subnets': [], 'shared': False, 'project_id': '015f87514254484fb4d300753833434c', 'port_security_enabled': True, 'router:external': False, 'provider:network_type': 'vlan', 'provider:physical_network': 'default', 'provider:segmentation_id': 582, 'availability_zone_hints': [], 'availability_zones': [], 'ipv4_address_scope': None, 'ipv6_address_scope': None, 'description': '', 'tags': [], 'created_at': '2025-04-15T13:29:55Z', 'updated_at': '2025-04-15T13:29:55Z', 'revision_number': 1}, Subnet: {'id': 'd069e0b3-6375-4690-a95d-187652c3210b', 'name': 'tempest-ServerActionsTestOtherA-1538676805-subnet', 'tenant_id': '015f87514254484fb4d300753833434c', 'network_id': '28957e44-15f3-4d1f-ad09-88979a6e072b', 'ip_version': 4, 'subnetpool_id': None, 'enable_dhcp': True, 'ipv6_ra_mode': None, 'ipv6_address_mode': None, 'gateway_ip': '192.168.128.1', 'cidr': '192.168.128.0/28', 'allocation_pools': [{'start': '192.168.128.2', 'end': '192.168.128.14'}], 'host_routes': [], 'dns_nameservers': [], 'description': '', 'router:external': False, 'service_types': [], 'tags': [], 'created_at': '2025-04-15T13:29:55Z', 'updated_at': '2025-04-15T13:29:55Z', 'revision_number': 0, 'project_id': '015f87514254484fb4d300753833434c'}, Router: {'id': '5cb7c22e-9b75-45db-b0a2-acc7bef573b3', 'name': 'tempest-ServerActionsTestOtherA-1538676805-router', 'tenant_id': '015f87514254484fb4d300753833434c', 'admin_state_up': True, 'status': 'ACTIVE', 'external_gateway_info': {'network_id': 'b9584ef7-50db-4e85-9869-2ceaaf2fb32a', 'external_fixed_ips': [{'subnet_id': '6d089c9f-e6ea-41e5-bd94-9a3f440b4e45', 'ip_address': '10.180.180.170'}], 'enable_snat': True}, 'description': '', 'availability_zones': [], 'distributed': False, 'ha': False, 'availability_zone_hints': [], 'routes': [], 'flavor_id': None, 'tags': [], 'created_at': '2025-04-15T13:29:55Z', 'updated_at': '2025-04-15T13:29:55Z', 'revision_number': 2, 'project_id': '015f87514254484fb4d300753833434c'}
2025-04-15 13:29:57.836 70030 INFO tempest.lib.common.rest_client [req-372a9d9e-cf38-48c3-85b3-a18b9f3c73d7 req-372a9d9e-cf38-48c3-85b3-a18b9f3c73d7 ] Request (ServerRescueNegativeTestJSON:setUpClass): 200 GET http://10.180.1.21/compute/v2.1/servers/92464135-7fa4-4345-9abb-27410703114d 0.206s
2025-04-15 13:29:57.850 70021 INFO tempest.lib.common.rest_client [req-4c0a4cbe-7d8b-4fbe-a2ba-7b22ebc3402b req-4c0a4cbe-7d8b-4fbe-a2ba-7b22ebc3402b ] Request (ServicesAdminNegativeTestJSON:tearDownClass): 200 GET http://10.180.1.21:9696/networking/v2.0/security-groups?tenant_id=e8b0be9dcd9446e8967e128836145bd0&name=default 0.203s
2025-04-15 13:29:57.868 70046 INFO tempest.lib.common.rest_client [req-048dcf0c-2d11-4eba-a957-b7152d100ad6 req-048dcf0c-2d11-4eba-a957-b7152d100ad6 ] Request (ValidationResourcesFixture:setUp): 200 POST http://10.180.1.21/compute/v2.1/os-keypairs 0.106s
2025-04-15 13:29:57.905 70034 INFO tempest.lib.common.rest_client [req-6b82952c-009e-4804-bb5a-0acaf43bbc5d req-6b82952c-009e-4804-bb5a-0acaf43bbc5d ] Request (InstanceActionsV221TestJSON:test_get_list_deleted_instance_actions): 200 GET http://10.180.1.21/compute/v2.1/servers/42c8099a-cb13-4afd-94f7-4fc7506b36d7 0.188s
2025-04-15 13:29:57.950 70040 INFO tempest.lib.common.rest_client [req-498ce03c-2515-44bf-b2d1-fba966525dd7 req-498ce03c-2515-44bf-b2d1-fba966525dd7 ] Request (ServerActionsTestOtherA:setUpClass): 201 POST http://10.180.1.21/identity/v3/auth/tokens 0.116s
2025-04-15 13:29:57.957 70024 INFO tempest.lib.common.rest_client [req-1206f1cb-a89d-4779-817e-84fa98724ba8 req-1206f1cb-a89d-4779-817e-84fa98724ba8 ] Request (DeleteServersAdminTestJSON:test_delete_server_while_in_error_state): 200 GET http://10.180.1.21/compute/v2.1/servers/4a38a997-f044-4e0d-9fd9-36b700e96d37 0.166s
2025-04-15 13:29:57.979 70038 INFO tempest.lib.common.rest_client [req-637b5a7e-d4fb-4b26-a1e9-5b8e370640b8 req-637b5a7e-d4fb-4b26-a1e9-5b8e370640b8 ] Request (ServerRescueTestJSONUnderV235:setUpClass): 200 GET http://10.180.1.21/compute/v2.1/servers/6f17b191-573f-4eb6-86aa-8ced02ce14a0 0.185s
2025-04-15 13:29:58.013 70021 INFO tempest.lib.common.rest_client [req-e447b70a-e6b4-45c5-81de-07851272ca84 req-e447b70a-e6b4-45c5-81de-07851272ca84 ] Request (ServicesAdminNegativeTestJSON:tearDownClass): 204 DELETE http://10.180.1.21:9696/networking/v2.0/security-groups/c96ccdd2-e209-41f0-91bd-80026c872d03 0.162s
2025-04-15 13:29:58.029 70014 INFO tempest.lib.common.rest_client [req-c45e1fc2-86f0-40ca-95df-7c9c44980c0e req-c45e1fc2-86f0-40ca-95df-7c9c44980c0e ] Request (ServerDiskConfigTestJSON:test_rebuild_server_with_manual_disk_config): 200 GET http://10.180.1.21/compute/v2.1/servers/3855bfe0-e66d-4871-b221-c1ceada2d3cc 0.174s
2025-04-15 13:29:58.040 70014 INFO tempest.common.waiters [-] State transition "BUILD/scheduling" ==> "BUILD/None" after 21 second wait
2025-04-15 13:29:58.045 70044 INFO tempest.lib.common.rest_client [req-d4547b5d-a73a-4c19-ad35-71fc8319c502 req-d4547b5d-a73a-4c19-ad35-71fc8319c502 ] Request (ServersNegativeTestMultiTenantJSON:setUpClass): 200 GET http://10.180.1.21/compute/v2.1/servers/94b1e5b5-4207-44df-8d05-a3edb1af5f67 0.124s
2025-04-15 13:29:58.066 70046 INFO tempest.lib.common.rest_client [req-0934c71f-00c3-4f75-8372-4431b058a28f req-0934c71f-00c3-4f75-8372-4431b058a28f ] Request (ValidationResourcesFixture:setUp): 201 POST http://10.180.1.21:9696/networking/v2.0/security-groups 0.196s
2025-04-15 13:29:58.100 70021 INFO tempest.lib.common.rest_client [req-722f4780-3732-4c3f-9068-c2f30249beb1 req-722f4780-3732-4c3f-9068-c2f30249beb1 ] Request (ServicesAdminNegativeTestJSON:tearDownClass): 204 DELETE http://10.180.1.21/identity/v3/projects/e8b0be9dcd9446e8967e128836145bd0 0.087s
2025-04-15 13:29:58.101 70021 INFO tempest.lib.common.dynamic_creds [-] Deleting project and security group for project: 7ed551e6c9e74a83a110075056b20f08
2025-04-15 13:29:58.180 70048 INFO tempest.lib.common.rest_client [req-dacd9d7a-f3f7-44da-b05b-3ad35eca15e2 req-dacd9d7a-f3f7-44da-b05b-3ad35eca15e2 ] Request (MigrationsAdminTest:test_list_migrations_in_flavor_resize_situation): 200 GET http://10.180.1.21/compute/v2.1/servers/dfe7d605-4dab-4aea-bc6f-02021cf09d17 0.237s
2025-04-15 13:29:58.233 70040 INFO tempest.lib.common.rest_client [req-3a1b9252-b014-409b-97ec-f67e70359abc req-3a1b9252-b014-409b-97ec-f67e70359abc ] Request (ServerActionsTestOtherA:setUpClass): 200 POST http://10.180.1.21/compute/v2.1/os-keypairs 0.280s
2025-04-15 13:29:58.245 70016 INFO tempest.lib.common.rest_client [req-02167859-9a40-4ed9-9705-c1c559a1ba8a req-02167859-9a40-4ed9-9705-c1c559a1ba8a ] Request (ImagesOneServerNegativeTestJSON:_run_cleanups): 200 GET http://10.180.1.21/compute/v2.1/servers/84e21492-c7a1-4d7c-8c55-5466494c2757 0.243s
2025-04-15 13:29:58.251 70046 INFO tempest.lib.common.rest_client [req-94f1ab38-9f45-48b6-9ebe-3ed7a3a91199 req-94f1ab38-9f45-48b6-9ebe-3ed7a3a91199 ] Request (ValidationResourcesFixture:setUp): 201 POST http://10.180.1.21:9696/networking/v2.0/security-group-rules 0.181s
2025-04-15 13:29:58.311 70004 INFO tempest.lib.common.rest_client [req-a67ed29d-84e1-4fa7-8986-d196255e8c35 req-a67ed29d-84e1-4fa7-8986-d196255e8c35 ] Request (ImagesTestJSON:test_create_image_from_suspended_server): 200 GET http://10.180.1.21/compute/v2.1/servers/fad4385f-c21f-4236-b028-464df7b50b70 0.249s
2025-04-15 13:29:58.320 69994 INFO tempest.lib.common.rest_client [req-9047765a-ba67-4719-986b-cb0f1e62e23d req-9047765a-ba67-4719-986b-cb0f1e62e23d ] Request (ServerMetadataNegativeTestJSON:tearDownClass): 200 GET http://10.180.1.21/compute/v2.1/servers/d2899bb9-9219-4084-b344-d71606d9aabc 0.315s
2025-04-15 13:29:58.327 70021 INFO tempest.lib.common.rest_client [req-718053c3-4eef-45a5-a820-ec9f54d33940 req-718053c3-4eef-45a5-a820-ec9f54d33940 ] Request (ServicesAdminNegativeTestJSON:tearDownClass): 200 GET http://10.180.1.21:9696/networking/v2.0/security-groups?tenant_id=7ed551e6c9e74a83a110075056b20f08&name=default 0.226s
2025-04-15 13:29:58.387 70032 INFO tempest.lib.common.rest_client [req-da34d0ab-a0d0-441b-906c-c9b2888d1b30 req-da34d0ab-a0d0-441b-906c-c9b2888d1b30 ] Request (ServersTestManualDisk:setUpClass): 200 GET http://10.180.1.21/compute/v2.1/servers/5f93bea5-1ec6-48c3-98c6-a4aa1751cc8b 0.246s
2025-04-15 13:29:58.395 70046 INFO tempest.lib.common.rest_client [req-6b228ce5-d647-4a00-86f4-aabe7dda1c13 req-6b228ce5-d647-4a00-86f4-aabe7dda1c13 ] Request (ValidationResourcesFixture:setUp): 201 POST http://10.180.1.21:9696/networking/v2.0/security-group-rules 0.144s
2025-04-15 13:29:58.453 70040 INFO tempest.lib.common.rest_client [req-42452622-968b-4433-9931-3d3f6c36c7ae req-42452622-968b-4433-9931-3d3f6c36c7ae ] Request (ServerActionsTestOtherA:setUpClass): 201 POST http://10.180.1.21:9696/networking/v2.0/security-groups 0.217s
2025-04-15 13:29:58.457 70028 INFO tempest.lib.common.rest_client [req-b5e3cd50-0080-413a-8759-d155bd9b428d req-b5e3cd50-0080-413a-8759-d155bd9b428d ] Request (ListServerFiltersTestJSON:tearDownClass): 200 GET http://10.180.1.21/compute/v2.1/servers/61b8929a-8f0f-4288-bc41-45748ffb53db 0.286s
2025-04-15 13:29:58.476 70022 INFO tempest.lib.common.rest_client [req-afaae7af-e44f-422d-89fa-c6e3f8b4afdb req-afaae7af-e44f-422d-89fa-c6e3f8b4afdb ] Request (SecurityGroupsTestJSON:test_list_security_groups_by_server): 200 GET http://10.180.1.21/compute/v2.1/servers/53c02b37-2f88-4705-86db-ec2cc3163e4e 0.407s
2025-04-15 13:29:58.488 70021 INFO tempest.lib.common.rest_client [req-f7f3fd29-2e77-4c3a-abe1-a26dc3de0b02 req-f7f3fd29-2e77-4c3a-abe1-a26dc3de0b02 ] Request (ServicesAdminNegativeTestJSON:tearDownClass): 204 DELETE http://10.180.1.21:9696/networking/v2.0/security-groups/efe64b8f-4165-4d81-8600-4d1f86159ce3 0.160s
2025-04-15 13:29:58.490 70022 INFO tempest.common.waiters [-] State transition "BUILD/networking" ==> "BUILD/spawning" after 85 second wait
2025-04-15 13:29:58.526 70000 INFO tempest.lib.common.rest_client [req-71f47e85-cad8-4104-a0c0-1a3bc3d460c4 req-71f47e85-cad8-4104-a0c0-1a3bc3d460c4 ] Request (ServersAdminTestJSON:test_inject_network_info): 200 GET http://10.180.1.21/compute/v2.1/servers/34795b29-b345-41fd-b3e1-3898e3d86fcc 0.321s
2025-04-15 13:29:58.550 70050 INFO tempest.lib.common.rest_client [req-8e93dce8-21b5-4832-ad9e-c48c103779a1 req-8e93dce8-21b5-4832-ad9e-c48c103779a1 ] Request (ServerMetadataTestJSON:tearDownClass): 200 GET http://10.180.1.21/compute/v2.1/servers/0484fec0-872b-45c3-92cf-5d855e5d3d03 0.285s
2025-04-15 13:29:58.577 70040 INFO tempest.lib.common.rest_client [req-da49d51c-5be0-4c6e-a7cb-00fe894a3802 req-da49d51c-5be0-4c6e-a7cb-00fe894a3802 ] Request (ServerActionsTestOtherA:setUpClass): 201 POST http://10.180.1.21:9696/networking/v2.0/security-group-rules 0.124s
2025-04-15 13:29:58.632 70021 INFO tempest.lib.common.rest_client [req-46e3dc7b-a0ec-4d2d-a224-e6119939e5bc req-46e3dc7b-a0ec-4d2d-a224-e6119939e5bc ] Request (ServicesAdminNegativeTestJSON:tearDownClass): 204 DELETE http://10.180.1.21/identity/v3/projects/7ed551e6c9e74a83a110075056b20f08 0.143s
2025-04-15 13:29:58.643 70056 INFO tempest.lib.common.rest_client [req-8e6b996f-fe38-4113-bacc-48c09dd391af req-8e6b996f-fe38-4113-bacc-48c09dd391af ] Request (ServersListShow296Test:tearDownClass): 200 GET http://10.180.1.21/compute/v2.1/servers/5b5ef5ac-82da-4e8b-aabf-966539bbf495 0.163s
2025-04-15 13:29:58.688 70018 INFO tempest.lib.common.rest_client [req-01444178-a2ff-41f4-ba9c-49abe520c1bb req-01444178-a2ff-41f4-ba9c-49abe520c1bb ] Request (FloatingIPsAssociationTestJSON:setUpClass): 200 GET http://10.180.1.21/compute/v2.1/servers/536fc9a3-f6fc-4526-8c56-11df0000cdcb 0.155s
2025-04-15 13:29:58.691 70040 INFO tempest.lib.common.rest_client [req-18e19914-0514-4bdc-9130-81f6b70d96e0 req-18e19914-0514-4bdc-9130-81f6b70d96e0 ] Request (ServerActionsTestOtherA:setUpClass): 201 POST http://10.180.1.21:9696/networking/v2.0/security-group-rules 0.113s
2025-04-15 13:29:58.723 70021 INFO tempest.lib.common.rest_client [req-a9a41267-6c18-490d-bfe3-2f874fd9d1f5 req-a9a41267-6c18-490d-bfe3-2f874fd9d1f5 ] Request (ServerActionsTestOtherB:setUpClass): 201 POST http://10.180.1.21/identity/v3/auth/tokens 0.089s
2025-04-15 13:29:58.727 70008 INFO tempest.lib.common.rest_client [req-ba64dfdc-7a5a-43c7-a6ee-a9a688f6507e req-ba64dfdc-7a5a-43c7-a6ee-a9a688f6507e ] Request (ServerAddressesTestJSON:tearDownClass): 200 GET http://10.180.1.21/compute/v2.1/servers/07b4b9aa-0c58-4a91-bc5b-74cf551cce13 0.187s
2025-04-15 13:29:58.732 70026 INFO tempest.lib.common.rest_client [req-645acfb4-8994-4385-86d8-e4a6fbe16b5f req-645acfb4-8994-4385-86d8-e4a6fbe16b5f ] Request (ListImageFiltersTestJSON:setUpClass): 200 GET http://10.180.1.21/compute/v2.1/images/a9ff2256-373f-4425-a3f4-ce0f2d9da07a 0.152s
2025-04-15 13:29:58.760 70036 WARNING tempest.lib.common.ssh [-] Failed to establish authenticated ssh connection to cirros@10.180.180.253 ([Errno None] Unable to connect to port 22 on 10.180.180.253). Number attempts: 2. Retry after 3 seconds.: paramiko.ssh_exception.NoValidConnectionsError: [Errno None] Unable to connect to port 22 on 10.180.180.253
2025-04-15 13:29:58.768 70021 INFO tempest.lib.common.rest_client [req-5f157972-8eb7-4a5f-85aa-f45d6aac8a41 req-5f157972-8eb7-4a5f-85aa-f45d6aac8a41 ] Request (ServerActionsTestOtherB:setUpClass): 201 POST http://10.180.1.21/identity/v3/auth/tokens 0.038s
2025-04-15 13:29:58.808 70021 INFO tempest.lib.common.rest_client [req-6eb4f39b-20e8-46de-aa24-7ba6dd8bc7b0 req-6eb4f39b-20e8-46de-aa24-7ba6dd8bc7b0 ] Request (ServerActionsTestOtherB:setUpClass): 200 GET http://10.180.1.21/identity/v3/domains?name=Default 0.039s
2025-04-15 13:29:58.816 70054 INFO tempest.lib.common.rest_client [req-be9a3cc2-bb85-48ea-b826-dd9f6293edb5 req-be9a3cc2-bb85-48ea-b826-dd9f6293edb5 ] Request (ServerActionsV293TestJSON:setUpClass): 200 GET http://10.180.1.21/compute/v2.1/servers/b52a425a-6d61-483a-b1df-3ca54ffadb21 0.168s
2025-04-15 13:29:58.853 70021 INFO tempest.lib.common.rest_client [req-64d74269-ba82-4711-8a4d-491003c37a86 req-64d74269-ba82-4711-8a4d-491003c37a86 ] Request (ServerActionsTestOtherB:setUpClass): 201 POST http://10.180.1.21/identity/v3/projects 0.044s
2025-04-15 13:29:58.935 70002 INFO tempest.lib.common.rest_client [req-2b38c0cc-1cb3-432d-a6db-36df3af30800 req-2b38c0cc-1cb3-432d-a6db-36df3af30800 ] Request (InstanceActionsTestJSON:test_list_instance_actions): 200 GET http://10.180.1.21/compute/v2.1/servers/731ff5a1-2f73-40be-9661-378bd367810c 0.161s
2025-04-15 13:29:58.945 70021 INFO tempest.lib.common.rest_client [req-5f1b1360-1adf-4ce9-8894-dc6e0903375f req-5f1b1360-1adf-4ce9-8894-dc6e0903375f ] Request (ServerActionsTestOtherB:setUpClass): 201 POST http://10.180.1.21/identity/v3/users 0.088s
2025-04-15 13:29:58.973 70021 INFO tempest.lib.common.rest_client [req-c70d9e8c-619f-4b73-adad-9b681dd19a4e req-c70d9e8c-619f-4b73-adad-9b681dd19a4e ] Request (ServerActionsTestOtherB:setUpClass): 200 GET http://10.180.1.21/identity/v3/roles 0.028s
2025-04-15 13:29:58.993 70006 INFO tempest.lib.common.rest_client [req-2abe6aef-4c76-417a-be37-f56611368782 req-2abe6aef-4c76-417a-be37-f56611368782 ] Request (ServersV294TestFqdnHostnames:tearDownClass): 200 GET http://10.180.1.21/compute/v2.1/servers/06b16f93-afb2-4c94-92b6-1afeffaf2f85 0.170s
2025-04-15 13:29:59.001 70046 INFO tempest.lib.common.rest_client [req-94d068f6-4329-44cb-91db-ed7e382af19e req-94d068f6-4329-44cb-91db-ed7e382af19e ] Request (ValidationResourcesFixture:setUp): 201 POST http://10.180.1.21:9696/networking/v2.0/floatingips 0.605s
2025-04-15 13:29:59.006 70030 INFO tempest.lib.common.rest_client [req-a2cf7759-f862-4f93-8522-ba62ec857c0a req-a2cf7759-f862-4f93-8522-ba62ec857c0a ] Request (ServerRescueNegativeTestJSON:setUpClass): 200 GET http://10.180.1.21/compute/v2.1/servers/92464135-7fa4-4345-9abb-27410703114d 0.160s
2025-04-15 13:29:59.017 70021 INFO tempest.lib.common.rest_client [req-19e7085b-8d99-44de-b681-08c3a74211b1 req-19e7085b-8d99-44de-b681-08c3a74211b1 ] Request (ServerActionsTestOtherB:setUpClass): 204 PUT http://10.180.1.21/identity/v3/projects/6058478746f143e997e0896ab4bfd5b3/users/6e4de071f8414d399533f1bffb1ac29b/roles/afcb054be7c54672919ef525958934af 0.043s
2025-04-15 13:29:59.018 70021 INFO tempest.lib.common.dynamic_creds [-] Dynamic test user 6e4de071f8414d399533f1bffb1ac29b is created with scope project and roles: ['member']
2025-04-15 13:29:59.018 70021 INFO tempest.lib.common.dynamic_creds [-] Acquired dynamic creds: credentials: Credentials: {'domain_id': 'default', 'domain_name': 'Default', 'username': 'tempest-ServerActionsTestOtherB-1761002494-project-member', 'project_domain_id': 'default', 'project_domain_name': 'Default', 'project_id': '6058478746f143e997e0896ab4bfd5b3', 'project_name': 'tempest-ServerActionsTestOtherB-1761002494', 'tenant_id': '6058478746f143e997e0896ab4bfd5b3', 'tenant_name': 'tempest-ServerActionsTestOtherB-1761002494', 'user_domain_id': 'default', 'user_domain_name': 'Default', 'user_id': '6e4de071f8414d399533f1bffb1ac29b', 'system': None}, Network: None, Subnet: None, Router: None
2025-04-15 13:29:59.062 70034 INFO tempest.lib.common.rest_client [req-0b8d0487-89d9-498e-af28-34c9c94f4620 req-0b8d0487-89d9-498e-af28-34c9c94f4620 ] Request (InstanceActionsV221TestJSON:test_get_list_deleted_instance_actions): 200 GET http://10.180.1.21/compute/v2.1/servers/42c8099a-cb13-4afd-94f7-4fc7506b36d7 0.140s
2025-04-15 13:29:59.072 70046 INFO tempest.lib.common.rest_client [req-db83493c-cc8b-420a-9cc2-fdfe18bfca1f req-db83493c-cc8b-420a-9cc2-fdfe18bfca1f ] Request (AttachVolumeNegativeTest:test_attach_attached_volume_to_different_server): 201 POST http://10.180.1.21/identity/v3/auth/tokens 0.066s
2025-04-15 13:29:59.073 70046 INFO tempest.lib.common.fixed_network [-] (AttachVolumeNegativeTest:test_attach_attached_volume_to_different_server) Found network {'id': 'db33b436-f307-418b-aed9-facbf5a6078f', 'name': 'tempest-AttachVolumeNegativeTest-164659561-network', 'tenant_id': '171b3a4d12ba4ae3a98b94ee941802ad', 'admin_state_up': True, 'mtu': 8950, 'status': 'ACTIVE', 'subnets': [], 'shared': False, 'project_id': '171b3a4d12ba4ae3a98b94ee941802ad', 'port_security_enabled': True, 'router:external': False, 'provider:network_type': 'vlan', 'provider:physical_network': 'default', 'provider:segmentation_id': 937, 'availability_zone_hints': [], 'availability_zones': [], 'ipv4_address_scope': None, 'ipv6_address_scope': None, 'description': '', 'tags': [], 'created_at': '2025-04-15T13:27:56Z', 'updated_at': '2025-04-15T13:27:56Z', 'revision_number': 1} available for tenant
2025-04-15 13:29:59.081 70024 INFO tempest.lib.common.rest_client [req-318ad7a4-3c32-4196-8bf5-0bbe02509b53 req-318ad7a4-3c32-4196-8bf5-0bbe02509b53 ] Request (DeleteServersAdminTestJSON:test_delete_server_while_in_error_state): 200 GET http://10.180.1.21/compute/v2.1/servers/4a38a997-f044-4e0d-9fd9-36b700e96d37 0.114s
2025-04-15 13:29:59.093 70021 INFO tempest.lib.common.rest_client [req-575f78de-855d-4836-93c8-05c8fe1ab19f req-575f78de-855d-4836-93c8-05c8fe1ab19f ] Request (ServerActionsTestOtherB:setUpClass): 201 POST http://10.180.1.21/identity/v3/auth/tokens 0.074s
2025-04-15 13:29:59.122 70038 INFO tempest.lib.common.rest_client [req-5c4da86f-023c-405a-81a0-eaeaa61b828a req-5c4da86f-023c-405a-81a0-eaeaa61b828a ] Request (ServerRescueTestJSONUnderV235:setUpClass): 200 GET http://10.180.1.21/compute/v2.1/servers/6f17b191-573f-4eb6-86aa-8ced02ce14a0 0.134s
2025-04-15 13:29:59.147 70014 INFO tempest.lib.common.rest_client [req-cd53c539-f2c4-407d-b90c-503052b3bbe3 req-cd53c539-f2c4-407d-b90c-503052b3bbe3 ] Request (ServerDiskConfigTestJSON:test_rebuild_server_with_manual_disk_config): 200 GET http://10.180.1.21/compute/v2.1/servers/3855bfe0-e66d-4871-b221-c1ceada2d3cc 0.106s
2025-04-15 13:29:59.178 70044 INFO tempest.lib.common.rest_client [req-e56e1f2a-c2f3-4787-ad43-28de30e03fb6 req-e56e1f2a-c2f3-4787-ad43-28de30e03fb6 ] Request (ServersNegativeTestMultiTenantJSON:setUpClass): 200 GET http://10.180.1.21/compute/v2.1/servers/94b1e5b5-4207-44df-8d05-a3edb1af5f67 0.122s
2025-04-15 13:29:59.303 70040 INFO tempest.lib.common.rest_client [req-20cea4a9-5226-44eb-bc92-69729c0b2875 req-20cea4a9-5226-44eb-bc92-69729c0b2875 ] Request (ServerActionsTestOtherA:setUpClass): 201 POST http://10.180.1.21:9696/networking/v2.0/floatingips 0.611s
2025-04-15 13:29:59.346 70048 INFO tempest.lib.common.rest_client [req-1bcb122a-acc6-4c47-bea5-62c7f1d7fdea req-1bcb122a-acc6-4c47-bea5-62c7f1d7fdea ] Request (MigrationsAdminTest:test_list_migrations_in_flavor_resize_situation): 200 GET http://10.180.1.21/compute/v2.1/servers/dfe7d605-4dab-4aea-bc6f-02021cf09d17 0.158s
2025-04-15 13:29:59.386 70040 INFO tempest.lib.common.rest_client [req-b5f2d3c6-ed7c-4fde-9087-28bbb4cb3452 req-b5f2d3c6-ed7c-4fde-9087-28bbb4cb3452 ] Request (ServerActionsTestOtherA:setUpClass): 201 POST http://10.180.1.21/identity/v3/auth/tokens 0.077s
2025-04-15 13:29:59.386 70040 INFO tempest.lib.common.fixed_network [-] (ServerActionsTestOtherA:setUpClass) Found network {'id': '28957e44-15f3-4d1f-ad09-88979a6e072b', 'name': 'tempest-ServerActionsTestOtherA-1538676805-network', 'tenant_id': '015f87514254484fb4d300753833434c', 'admin_state_up': True, 'mtu': 8950, 'status': 'ACTIVE', 'subnets': [], 'shared': False, 'project_id': '015f87514254484fb4d300753833434c', 'port_security_enabled': True, 'router:external': False, 'provider:network_type': 'vlan', 'provider:physical_network': 'default', 'provider:segmentation_id': 582, 'availability_zone_hints': [], 'availability_zones': [], 'ipv4_address_scope': None, 'ipv6_address_scope': None, 'description': '', 'tags': [], 'created_at': '2025-04-15T13:29:55Z', 'updated_at': '2025-04-15T13:29:55Z', 'revision_number': 1} available for tenant
2025-04-15 13:29:59.402 70016 INFO tempest.lib.common.rest_client [req-db2c9a93-aa2c-40dd-b25d-80b36e537292 req-db2c9a93-aa2c-40dd-b25d-80b36e537292 ] Request (ImagesOneServerNegativeTestJSON:_run_cleanups): 200 GET http://10.180.1.21/compute/v2.1/servers/84e21492-c7a1-4d7c-8c55-5466494c2757 0.148s
2025-04-15 13:29:59.463 70021 INFO tempest.lib.common.rest_client [req-b37d3310-e0e9-49fa-a060-7a6fb3d37339 req-b37d3310-e0e9-49fa-a060-7a6fb3d37339 ] Request (ServerActionsTestOtherB:setUpClass): 201 POST http://10.180.1.21:9696/networking/v2.0/networks 0.369s
2025-04-15 13:29:59.466 70004 INFO tempest.lib.common.rest_client [req-0c44c0b6-671c-4f0f-b17e-ababd91bd027 req-0c44c0b6-671c-4f0f-b17e-ababd91bd027 ] Request (ImagesTestJSON:test_create_image_from_suspended_server): 200 GET http://10.180.1.21/compute/v2.1/servers/fad4385f-c21f-4236-b028-464df7b50b70 0.146s
2025-04-15 13:29:59.530 69994 INFO tempest.lib.common.rest_client [req-a8ac93fc-a78e-4d96-9b47-6602773b3194 req-a8ac93fc-a78e-4d96-9b47-6602773b3194 ] Request (ServerMetadataNegativeTestJSON:tearDownClass): 200 GET http://10.180.1.21/compute/v2.1/servers/d2899bb9-9219-4084-b344-d71606d9aabc 0.203s
2025-04-15 13:29:59.653 70046 INFO tempest.lib.common.rest_client [req-a2f97a5d-126b-49ec-983b-f12c87fc2152 req-a2f97a5d-126b-49ec-983b-f12c87fc2152 ] Request (AttachVolumeNegativeTest:test_attach_attached_volume_to_different_server): 202 POST http://10.180.1.21/compute/v2.1/servers 0.579s
2025-04-15 13:29:59.723 70032 INFO tempest.lib.common.rest_client [req-bda7ae6c-903d-4db0-af8b-7b00da034655 req-bda7ae6c-903d-4db0-af8b-7b00da034655 ] Request (ServersTestManualDisk:setUpClass): 200 GET http://10.180.1.21/compute/v2.1/servers/5f93bea5-1ec6-48c3-98c6-a4aa1751cc8b 0.327s
2025-04-15 13:29:59.744 70021 INFO tempest.lib.common.rest_client [req-9e3440c9-42be-47b8-887d-a5ebff64dca8 req-9e3440c9-42be-47b8-887d-a5ebff64dca8 ] Request (ServerActionsTestOtherB:setUpClass): 201 POST http://10.180.1.21:9696/networking/v2.0/subnets 0.281s
2025-04-15 13:29:59.758 70028 INFO tempest.lib.common.rest_client [req-e2cdbbc7-7b24-4e70-ba1b-bd11b97dbbeb req-e2cdbbc7-7b24-4e70-ba1b-bd11b97dbbeb ] Request (ListServerFiltersTestJSON:tearDownClass): 404 GET http://10.180.1.21/compute/v2.1/servers/61b8929a-8f0f-4288-bc41-45748ffb53db 0.290s
2025-04-15 13:30:00.033 70040 INFO tempest.lib.common.rest_client [req-ead7c937-cddb-4d4c-b520-0c7ef356ecdd req-ead7c937-cddb-4d4c-b520-0c7ef356ecdd ] Request (ServerActionsTestOtherA:setUpClass): 202 POST http://10.180.1.21/compute/v2.1/servers 0.646s
2025-04-15 13:30:00.115 70000 INFO tempest.lib.common.rest_client [req-0db11fe5-6a40-47b5-8144-76330c868610 req-0db11fe5-6a40-47b5-8144-76330c868610 ] Request (ServersAdminTestJSON:test_inject_network_info): 200 GET http://10.180.1.21/compute/v2.1/servers/34795b29-b345-41fd-b3e1-3898e3d86fcc 0.574s
2025-04-15 13:30:00.180 70050 INFO tempest.lib.common.rest_client [req-6b63247d-8497-4a0f-ac7c-5a955cbc6e5c req-6b63247d-8497-4a0f-ac7c-5a955cbc6e5c ] Request (ServerMetadataTestJSON:tearDownClass): 200 GET http://10.180.1.21/compute/v2.1/servers/0484fec0-872b-45c3-92cf-5d855e5d3d03 0.621s
2025-04-15 13:30:00.223 70046 INFO tempest.lib.common.rest_client [req-f04877f8-3031-4297-bd65-9e0a7c017bea req-f04877f8-3031-4297-bd65-9e0a7c017bea ] Request (AttachVolumeNegativeTest:test_attach_attached_volume_to_different_server): 200 GET http://10.180.1.21/compute/v2.1/servers/1df2376f-a0b9-499c-af20-67453c380ea4 0.568s
2025-04-15 13:30:00.230 70022 INFO tempest.lib.common.rest_client [req-8e2972f4-9318-4d3c-96a6-a6fe62cb1010 req-8e2972f4-9318-4d3c-96a6-a6fe62cb1010 ] Request (SecurityGroupsTestJSON:test_list_security_groups_by_server): 200 GET http://10.180.1.21/compute/v2.1/servers/53c02b37-2f88-4705-86db-ec2cc3163e4e 0.738s
2025-04-15 13:30:00.301 70056 INFO tempest.lib.common.rest_client [req-e7770fb3-ddc8-4225-b24e-5fc3051ce2a1 req-e7770fb3-ddc8-4225-b24e-5fc3051ce2a1 ] Request (ServersListShow296Test:tearDownClass): 200 GET http://10.180.1.21/compute/v2.1/servers/5b5ef5ac-82da-4e8b-aabf-966539bbf495 0.642s
2025-04-15 13:30:00.355 70008 INFO tempest.lib.common.rest_client [req-7f2a616b-6c43-4521-b9c6-5e4f7363456f req-7f2a616b-6c43-4521-b9c6-5e4f7363456f ] Request (ServerAddressesTestJSON:tearDownClass): 200 GET http://10.180.1.21/compute/v2.1/servers/07b4b9aa-0c58-4a91-bc5b-74cf551cce13 0.617s
2025-04-15 13:30:00.391 70026 INFO tempest.lib.common.rest_client [req-01d497b0-39af-4629-835d-9d359574456c req-01d497b0-39af-4629-835d-9d359574456c ] Request (ListImageFiltersTestJSON:setUpClass): 200 GET http://10.180.1.21/compute/v2.1/images/a9ff2256-373f-4425-a3f4-ce0f2d9da07a 0.652s
2025-04-15 13:30:00.438 70018 INFO tempest.lib.common.rest_client [req-482a5d64-42fa-4426-81a7-8b3e2069c606 req-482a5d64-42fa-4426-81a7-8b3e2069c606 ] Request (FloatingIPsAssociationTestJSON:setUpClass): 200 GET http://10.180.1.21/compute/v2.1/servers/536fc9a3-f6fc-4526-8c56-11df0000cdcb 0.736s
2025-04-15 13:30:00.451 70018 INFO tempest.common.waiters [-] State transition "BUILD/spawning" ==> "ACTIVE/None" after 90 second wait
2025-04-15 13:30:00.469 70028 INFO tempest.lib.common.rest_client [req-73848bd9-14c3-43a5-992a-ede253dacafd req-73848bd9-14c3-43a5-992a-ede253dacafd ] Request (ListServerFiltersTestJSON:tearDownClass): 204 DELETE http://10.180.1.21/compute/v2.1/servers/65c5ad62-ebc5-4897-bd9b-cff481bc925b 0.710s
2025-04-15 13:30:00.507 70054 INFO tempest.lib.common.rest_client [req-436ed144-4210-4dc3-820f-068374ca0948 req-436ed144-4210-4dc3-820f-068374ca0948 ] Request (ServerActionsV293TestJSON:setUpClass): 200 GET http://10.180.1.21/compute/v2.1/servers/b52a425a-6d61-483a-b1df-3ca54ffadb21 0.672s
2025-04-15 13:30:00.578 70002 INFO tempest.lib.common.rest_client [req-16b705b0-f77b-4c27-85a3-ee0c7e541cfc req-16b705b0-f77b-4c27-85a3-ee0c7e541cfc ] Request (InstanceActionsTestJSON:test_list_instance_actions): 200 GET http://10.180.1.21/compute/v2.1/servers/731ff5a1-2f73-40be-9661-378bd367810c 0.631s
2025-04-15 13:30:00.578 70006 INFO tempest.lib.common.rest_client [req-2cb046fb-38fe-42e1-8dfe-4f4d34d65236 req-2cb046fb-38fe-42e1-8dfe-4f4d34d65236 ] Request (ServersV294TestFqdnHostnames:tearDownClass): 200 GET http://10.180.1.21/compute/v2.1/servers/06b16f93-afb2-4c94-92b6-1afeffaf2f85 0.570s
2025-04-15 13:30:00.587 70002 INFO tempest.common.waiters [-] State transition "HARD_REBOOT/rebooting_hard" ==> "HARD_REBOOT/reboot_started_hard" after 4 second wait
2025-04-15 13:30:00.622 70040 INFO tempest.lib.common.rest_client [req-dde8e5a7-77c9-48fc-a252-64c805d9434e req-dde8e5a7-77c9-48fc-a252-64c805d9434e ] Request (ServerActionsTestOtherA:setUpClass): 200 GET http://10.180.1.21/compute/v2.1/servers/56912308-ed10-4ce7-8a34-134235478994 0.587s
2025-04-15 13:30:00.649 70030 INFO tempest.lib.common.rest_client [req-19f75147-bdaa-475c-9cc1-38eb64b233a8 req-19f75147-bdaa-475c-9cc1-38eb64b233a8 ] Request (ServerRescueNegativeTestJSON:setUpClass): 200 GET http://10.180.1.21/compute/v2.1/servers/92464135-7fa4-4345-9abb-27410703114d 0.635s
2025-04-15 13:30:00.678 70034 INFO tempest.lib.common.rest_client [req-d17c23fe-7c1c-4c41-be01-ba36cb81f256 req-d17c23fe-7c1c-4c41-be01-ba36cb81f256 ] Request (InstanceActionsV221TestJSON:test_get_list_deleted_instance_actions): 200 GET http://10.180.1.21/compute/v2.1/servers/42c8099a-cb13-4afd-94f7-4fc7506b36d7 0.597s
2025-04-15 13:30:00.720 70024 INFO tempest.lib.common.rest_client [req-627bc7e3-6b2b-456d-9673-1acfd944a06a req-627bc7e3-6b2b-456d-9673-1acfd944a06a ] Request (DeleteServersAdminTestJSON:test_delete_server_while_in_error_state): 200 GET http://10.180.1.21/compute/v2.1/servers/4a38a997-f044-4e0d-9fd9-36b700e96d37 0.631s
2025-04-15 13:30:00.733 70038 INFO tempest.lib.common.rest_client [req-3c82b961-53fb-4f0c-b93e-0dc0b7a89cae req-3c82b961-53fb-4f0c-b93e-0dc0b7a89cae ] Request (ServerRescueTestJSONUnderV235:setUpClass): 200 GET http://10.180.1.21/compute/v2.1/servers/6f17b191-573f-4eb6-86aa-8ced02ce14a0 0.602s
2025-04-15 13:30:00.795 70044 INFO tempest.lib.common.rest_client [req-1bc5d46f-fad4-4dc9-af3a-402459c1f3ea req-1bc5d46f-fad4-4dc9-af3a-402459c1f3ea ] Request (ServersNegativeTestMultiTenantJSON:setUpClass): 200 GET http://10.180.1.21/compute/v2.1/servers/94b1e5b5-4207-44df-8d05-a3edb1af5f67 0.605s
2025-04-15 13:30:00.801 70014 INFO tempest.lib.common.rest_client [req-b7a371ef-58bf-4ad1-9c6b-a41097b25686 req-b7a371ef-58bf-4ad1-9c6b-a41097b25686 ] Request (ServerDiskConfigTestJSON:test_rebuild_server_with_manual_disk_config): 200 GET http://10.180.1.21/compute/v2.1/servers/3855bfe0-e66d-4871-b221-c1ceada2d3cc 0.643s
2025-04-15 13:30:00.876 70016 INFO tempest.lib.common.rest_client [req-e6be2e04-f708-44dc-b074-19794eea89ca req-e6be2e04-f708-44dc-b074-19794eea89ca ] Request (ImagesOneServerNegativeTestJSON:_run_cleanups): 200 GET http://10.180.1.21/compute/v2.1/servers/84e21492-c7a1-4d7c-8c55-5466494c2757 0.465s
2025-04-15 13:30:00.885 70016 INFO tempest.common.waiters [-] State transition "BUILD/scheduling" ==> "BUILD/None" after 21 second wait
2025-04-15 13:30:00.917 70048 INFO tempest.lib.common.rest_client [req-c0bcebd9-cf23-40c2-9479-f65a1b04986e req-c0bcebd9-cf23-40c2-9479-f65a1b04986e ] Request (MigrationsAdminTest:test_list_migrations_in_flavor_resize_situation): 200 GET http://10.180.1.21/compute/v2.1/servers/dfe7d605-4dab-4aea-bc6f-02021cf09d17 0.563s
2025-04-15 13:30:01.059 70028 INFO tempest.lib.common.rest_client [req-74391dd3-476f-40dd-b4ea-8fe4a7e785f0 req-74391dd3-476f-40dd-b4ea-8fe4a7e785f0 ] Request (ListServerFiltersTestJSON:tearDownClass): 200 GET http://10.180.1.21/compute/v2.1/servers/65c5ad62-ebc5-4897-bd9b-cff481bc925b 0.588s
2025-04-15 13:30:01.111 70004 INFO tempest.lib.common.rest_client [req-f31c9592-5f7b-4019-870e-e5cec0e47e13 req-f31c9592-5f7b-4019-870e-e5cec0e47e13 ] Request (ImagesTestJSON:test_create_image_from_suspended_server): 200 GET http://10.180.1.21/compute/v2.1/servers/fad4385f-c21f-4236-b028-464df7b50b70 0.631s
2025-04-15 13:30:01.179 69994 INFO tempest.lib.common.rest_client [req-19b76dde-c94c-4489-86bc-793a71ea0b1f req-19b76dde-c94c-4489-86bc-793a71ea0b1f ] Request (ServerMetadataNegativeTestJSON:tearDownClass): 200 GET http://10.180.1.21/compute/v2.1/servers/d2899bb9-9219-4084-b344-d71606d9aabc 0.637s
2025-04-15 13:30:01.231 70032 INFO tempest.lib.common.rest_client [req-28ea9a45-34a2-4bb9-94ba-1afdbb27bff0 req-28ea9a45-34a2-4bb9-94ba-1afdbb27bff0 ] Request (ServersTestManualDisk:setUpClass): 200 GET http://10.180.1.21/compute/v2.1/servers/5f93bea5-1ec6-48c3-98c6-a4aa1751cc8b 0.499s
2025-04-15 13:30:01.309 70000 INFO tempest.lib.common.rest_client [req-4bc8338d-046f-41fc-837e-d507c959cadb req-4bc8338d-046f-41fc-837e-d507c959cadb ] Request (ServersAdminTestJSON:test_inject_network_info): 200 GET http://10.180.1.21/compute/v2.1/servers/34795b29-b345-41fd-b3e1-3898e3d86fcc 0.183s
2025-04-15 13:30:01.334 70050 INFO tempest.lib.common.rest_client [req-b78fa27d-1ef8-4869-96d0-40af162be8ee req-b78fa27d-1ef8-4869-96d0-40af162be8ee ] Request (ServerMetadataTestJSON:tearDownClass): 404 GET http://10.180.1.21/compute/v2.1/servers/0484fec0-872b-45c3-92cf-5d855e5d3d03 0.144s
2025-04-15 13:30:01.373 70021 INFO tempest.lib.common.rest_client [req-1f3e2c33-4f1a-4f3e-aa0b-c27f0d7c6b77 req-1f3e2c33-4f1a-4f3e-aa0b-c27f0d7c6b77 ] Request (ServerActionsTestOtherB:setUpClass): 201 POST http://10.180.1.21:9696/networking/v2.0/routers 1.628s
2025-04-15 13:30:01.399 70046 INFO tempest.lib.common.rest_client [req-e09e309b-0200-4e66-b114-8d9c2eaefb16 req-e09e309b-0200-4e66-b114-8d9c2eaefb16 ] Request (AttachVolumeNegativeTest:test_attach_attached_volume_to_different_server): 200 GET http://10.180.1.21/compute/v2.1/servers/1df2376f-a0b9-499c-af20-67453c380ea4 0.161s
2025-04-15 13:30:01.523 70022 INFO tempest.lib.common.rest_client [req-41e5e9e9-d526-441e-80dd-a096afaca49a req-41e5e9e9-d526-441e-80dd-a096afaca49a ] Request (SecurityGroupsTestJSON:test_list_security_groups_by_server): 200 GET http://10.180.1.21/compute/v2.1/servers/53c02b37-2f88-4705-86db-ec2cc3163e4e 0.284s
2025-04-15 13:30:01.616 70056 INFO tempest.lib.common.rest_client [req-4352e4fc-fae5-46c6-9c1e-2e993ca5272f req-4352e4fc-fae5-46c6-9c1e-2e993ca5272f ] Request (ServersListShow296Test:tearDownClass): 200 GET http://10.180.1.21/compute/v2.1/servers/5b5ef5ac-82da-4e8b-aabf-966539bbf495 0.303s
