2025-04-15 13:28:41.021 70040 INFO tempest.lib.common.rest_client [req-a2f3a699-c4a5-4c3b-b388-8033ff40a92f req-a2f3a699-c4a5-4c3b-b388-8033ff40a92f ] Request (ServersAdminNegativeTestJSON:tearDownClass): 200 GET http://10.180.1.21/compute/v2.1/servers/565d2ed6-2738-458b-92c5-529598079afd 0.080s
2025-04-15 13:28:41.035 70021 INFO tempest.lib.common.rest_client [req-1b5b2373-1544-460b-a057-54bd776b7155 req-1b5b2373-1544-460b-a057-54bd776b7155 ] Request (ServerExternalEventsTest:test_create_server_external_events): 200 GET http://10.180.1.21/compute/v2.1/servers/d71a8019-3763-44f8-9ad7-78ab81353b60 0.077s
2025-04-15 13:28:41.055 70034 INFO tempest.lib.common.rest_client [req-669f14a3-c1ce-4ad7-be73-9d19b2abdaeb req-669f14a3-c1ce-4ad7-be73-9d19b2abdaeb ] Request (ServicesAdminNegativeV253TestJSON:test_get_service_with_valid_service_and_invalid_host): 200 GET http://10.180.1.21/compute/v2.1/os-services 0.067s
2025-04-15 13:28:41.077 70034 INFO tempest.lib.common.rest_client [req-e0c774bc-8d5c-4668-ae9c-3016156e059c req-e0c774bc-8d5c-4668-ae9c-3016156e059c ] Request (ServicesAdminNegativeV253TestJSON:test_get_service_with_valid_service_and_invalid_host): 200 GET http://10.180.1.21/compute/v2.1/os-services?host=xxx&binary=nova-scheduler 0.020s
2025-04-15 13:28:41.093 70002 INFO tempest.lib.common.rest_client [req-793e5cd8-eb3c-41f1-b13d-995588f5c4b1 req-793e5cd8-eb3c-41f1-b13d-995588f5c4b1 ] Request (InstanceActionsTestJSON:setUpClass): 200 GET http://10.180.1.21/compute/v2.1/servers/731ff5a1-2f73-40be-9661-378bd367810c 0.107s
2025-04-15 13:28:41.102 70032 INFO tempest.lib.common.rest_client [req-cdb86f2d-6604-46b2-8ade-f9b5f767b1c7 req-cdb86f2d-6604-46b2-8ade-f9b5f767b1c7 ] Request (ServersTestManualDisk:setUpClass): 201 POST http://10.180.1.21:9696/networking/v2.0/security-group-rules 0.166s
2025-04-15 13:28:41.145 70014 INFO tempest.lib.common.rest_client [req-43ba31f1-ca13-4584-8138-059b8917db98 req-43ba31f1-ca13-4584-8138-059b8917db98 ] Request (ServerDiskConfigTestJSON:test_rebuild_server_with_auto_disk_config): 200 GET http://10.180.1.21/compute/v2.1/servers/48b0a9c2-c3ba-4558-a82a-82480f53f472 0.060s
2025-04-15 13:28:41.156 70034 INFO tempest.lib.common.rest_client [req-1ac95d61-0104-4717-a6a7-f37b3a87832b req-1ac95d61-0104-4717-a6a7-f37b3a87832b ] Request (ServicesAdminNegativeV253TestJSON:test_list_services_with_non_admin_user): 403 GET http://10.180.1.21/compute/v2.1/os-services 0.070s
2025-04-15 13:28:41.216 70032 INFO tempest.lib.common.rest_client [req-2b355ba9-e526-4606-aaf5-ebeadde75225 req-2b355ba9-e526-4606-aaf5-ebeadde75225 ] Request (ServersTestManualDisk:setUpClass): 201 POST http://10.180.1.21:9696/networking/v2.0/security-group-rules 0.113s
2025-04-15 13:28:41.268 70056 INFO tempest.lib.common.rest_client [req-abeb4963-47dd-47aa-8872-5e4a78532275 req-abeb4963-47dd-47aa-8872-5e4a78532275 ] Request (ServersListShow296Test:test_list_show_update_rebuild_server_296): 200 GET http://10.180.1.21/compute/v2.1/servers/5b5ef5ac-82da-4e8b-aabf-966539bbf495 0.083s
2025-04-15 13:28:41.276 70034 INFO tempest.lib.common.rest_client [req-ea80ac7a-3b8e-4962-b324-5a7948fce8bb req-ea80ac7a-3b8e-4962-b324-5a7948fce8bb ] Request (ServicesAdminNegativeV253TestJSON:tearDownClass): 204 DELETE http://10.180.1.21/identity/v3/users/f4852bd898034718ba9ef223d3e471a1 0.119s
2025-04-15 13:28:41.287 70054 INFO tempest.lib.common.rest_client [req-9d428844-127d-49f2-8f5c-0c22bef52b9f req-9d428844-127d-49f2-8f5c-0c22bef52b9f ] Request (TenantUsagesTestJSON:setUpClass): 200 GET http://10.180.1.21/compute/v2.1/servers/067561be-d2a7-4bba-9053-1091353849db 0.112s
2025-04-15 13:28:41.340 70030 INFO tempest.lib.common.rest_client [req-5d470f00-f87b-4e0e-aa5b-b0724b3baa3d req-5d470f00-f87b-4e0e-aa5b-b0724b3baa3d ] Request (ServerDiagnosticsNegativeTest:tearDownClass): 200 GET http://10.180.1.21/compute/v2.1/servers/9b30fa05-5ba9-405e-9cdf-e62e5bccea3c 0.081s
2025-04-15 13:28:41.380 70046 INFO tempest.lib.common.rest_client [req-1a09dc73-a156-4fbb-8d21-10830b864e5a req-1a09dc73-a156-4fbb-8d21-10830b864e5a ] Request (AttachVolumeNegativeTest:test_attach_attached_volume_to_different_server): 200 GET http://10.180.1.21/compute/v2.1/servers/5df02f54-5283-4379-a5f0-8e1123c0ab92 0.062s
2025-04-15 13:28:41.397 70034 INFO tempest.lib.common.rest_client [req-ad5122a6-5713-4978-8118-6d73df6a081e req-ad5122a6-5713-4978-8118-6d73df6a081e ] Request (ServicesAdminNegativeV253TestJSON:tearDownClass): 204 DELETE http://10.180.1.21/identity/v3/users/2d8476b60c644874943f5a158808699b 0.120s
2025-04-15 13:28:41.397 70034 INFO tempest.lib.common.dynamic_creds [-] Deleting project and security group for project: 026cd676fab74a0797c43714aaa1b994
2025-04-15 13:28:41.432 70024 INFO tempest.lib.common.rest_client [req-e45681fa-710b-4d8a-b5b3-c6b8cc8b73ca req-e45681fa-710b-4d8a-b5b3-c6b8cc8b73ca ] Request (DeleteServersAdminTestJSON:test_delete_server_while_in_error_state): 200 GET http://10.180.1.21/compute/v2.1/servers/4a38a997-f044-4e0d-9fd9-36b700e96d37 0.068s
2025-04-15 13:28:41.444 70048 INFO tempest.lib.common.rest_client [req-2ab4ddf2-3db7-43ac-bcd1-7b99f7308461 req-2ab4ddf2-3db7-43ac-bcd1-7b99f7308461 ] Request (MigrationsAdminTest:test_list_migrations_in_flavor_resize_situation): 200 GET http://10.180.1.21/compute/v2.1/servers/dfe7d605-4dab-4aea-bc6f-02021cf09d17 0.099s
2025-04-15 13:28:41.464 70034 INFO tempest.lib.common.rest_client [req-62779c96-c623-45ce-b558-a5b5f78bbcb8 req-62779c96-c623-45ce-b558-a5b5f78bbcb8 ] Request (ServicesAdminNegativeV253TestJSON:tearDownClass): 201 POST http://10.180.1.21/identity/v3/auth/tokens 0.066s
2025-04-15 13:28:41.503 69994 INFO tempest.lib.common.rest_client [req-c9d41bfa-8cd0-46a3-8633-9593157595b2 req-c9d41bfa-8cd0-46a3-8633-9593157595b2 ] Request (ServerMetadataNegativeTestJSON:setUpClass): 200 GET http://10.180.1.21/compute/v2.1/servers/d2899bb9-9219-4084-b344-d71606d9aabc 0.104s
2025-04-15 13:28:41.508 70050 INFO tempest.lib.common.rest_client [req-c099e8a9-201c-4695-bff4-d8dcab980ea3 req-c099e8a9-201c-4695-bff4-d8dcab980ea3 ] Request (ServerMetadataTestJSON:setUpClass): 200 GET http://10.180.1.21/compute/v2.1/servers/0484fec0-872b-45c3-92cf-5d855e5d3d03 0.073s
2025-04-15 13:28:41.563 70008 INFO tempest.lib.common.rest_client [req-108dfdaf-b8d7-4fe7-b54d-579705c9c365 req-108dfdaf-b8d7-4fe7-b54d-579705c9c365 ] Request (ServerAddressesTestJSON:setUpClass): 200 GET http://10.180.1.21/compute/v2.1/servers/07b4b9aa-0c58-4a91-bc5b-74cf551cce13 0.091s
2025-04-15 13:28:41.576 70018 INFO tempest.lib.common.rest_client [req-27e7fefb-bb07-4864-be94-a0f786b03396 req-27e7fefb-bb07-4864-be94-a0f786b03396 ] Request (FloatingIPsAssociationTestJSON:setUpClass): 200 GET http://10.180.1.21/compute/v2.1/servers/536fc9a3-f6fc-4526-8c56-11df0000cdcb 0.090s
2025-04-15 13:28:41.624 70026 INFO tempest.lib.common.rest_client [req-fb9386e9-4bbc-4bbd-88d0-261ff04b49ca req-fb9386e9-4bbc-4bbd-88d0-261ff04b49ca ] Request (ListImageFiltersTestJSON:setUpClass): 200 GET http://10.180.1.21/compute/v2.1/servers/61e28d39-30ab-4eb3-865d-930044e6f430 0.096s
2025-04-15 13:28:41.639 70004 INFO tempest.lib.common.rest_client [req-0b29258d-dd0e-47c3-908b-f17ad3ba3506 req-0b29258d-dd0e-47c3-908b-f17ad3ba3506 ] Request (ImagesTestJSON:test_create_image_from_suspended_server): 200 GET http://10.180.1.21/compute/v2.1/servers/fad4385f-c21f-4236-b028-464df7b50b70 0.103s
2025-04-15 13:28:41.665 70034 INFO tempest.lib.common.rest_client [req-388d522b-c0e7-4db8-b84c-be75865af046 req-388d522b-c0e7-4db8-b84c-be75865af046 ] Request (ServicesAdminNegativeV253TestJSON:tearDownClass): 200 GET http://10.180.1.21:9696/networking/v2.0/security-groups?tenant_id=026cd676fab74a0797c43714aaa1b994&name=default 0.201s
2025-04-15 13:28:41.723 70022 INFO tempest.lib.common.rest_client [req-6b066ba1-2680-445f-8f46-dc9534c00f14 req-6b066ba1-2680-445f-8f46-dc9534c00f14 ] Request (SecurityGroupsTestJSON:test_list_security_groups_by_server): 200 GET http://10.180.1.21/compute/v2.1/servers/53c02b37-2f88-4705-86db-ec2cc3163e4e 0.132s
2025-04-15 13:28:41.762 70032 INFO tempest.lib.common.rest_client [req-1f206951-df2d-4f42-9452-e9c04220a300 req-1f206951-df2d-4f42-9452-e9c04220a300 ] Request (ServersTestManualDisk:setUpClass): 201 POST http://10.180.1.21:9696/networking/v2.0/floatingips 0.546s
2025-04-15 13:28:41.791 70000 INFO tempest.lib.common.rest_client [req-65eb468b-a531-4ee0-b32c-62185defc0c8 req-65eb468b-a531-4ee0-b32c-62185defc0c8 ] Request (ServersAdminTestJSON:test_create_server_with_scheduling_hint): 200 GET http://10.180.1.21/compute/v2.1/servers/a881c0a3-386d-4fd1-924a-d7cac9036741 0.152s
2025-04-15 13:28:41.793 70034 INFO tempest.lib.common.rest_client [req-b925d11e-0f9f-4bcb-878c-1f0b45d4277c req-b925d11e-0f9f-4bcb-878c-1f0b45d4277c ] Request (ServicesAdminNegativeV253TestJSON:tearDownClass): 204 DELETE http://10.180.1.21:9696/networking/v2.0/security-groups/72a4ab9c-94d8-4f25-8c7e-019336ce956c 0.127s
2025-04-15 13:28:41.798 70016 INFO tempest.lib.common.rest_client [req-ad302969-9665-4dd9-ace3-b1630c71d2a5 req-ad302969-9665-4dd9-ace3-b1630c71d2a5 ] Request (ImagesOneServerNegativeTestJSON:setUpClass): 200 GET http://10.180.1.21/compute/v2.1/servers/a18adc08-5acc-4a2e-978a-93b40e9676d2 0.219s
2025-04-15 13:28:41.806 70016 INFO tempest.common.waiters [-] State transition "BUILD/networking" ==> "BUILD/spawning" after 36 second wait
2025-04-15 13:28:41.870 70028 INFO tempest.lib.common.rest_client [req-d811d07f-064f-4b5b-9552-3bab1f6a3c03 req-d811d07f-064f-4b5b-9552-3bab1f6a3c03 ] Request (ListServerFiltersTestJSON:setUpClass): 200 GET http://10.180.1.21/compute/v2.1/servers/61b8929a-8f0f-4288-bc41-45748ffb53db 0.155s
2025-04-15 13:28:41.884 70032 INFO tempest.lib.common.rest_client [req-b2569fcb-7fc5-483d-bed0-a9165bbd2d47 req-b2569fcb-7fc5-483d-bed0-a9165bbd2d47 ] Request (ServersTestManualDisk:setUpClass): 201 POST http://10.180.1.21/identity/v3/auth/tokens 0.116s
2025-04-15 13:28:41.885 70032 INFO tempest.lib.common.fixed_network [-] (ServersTestManualDisk:setUpClass) Found network {'id': '871ca671-dc86-492d-9a95-a779e6600bd1', 'name': 'tempest-ServersTestManualDisk-449603502-network', 'tenant_id': 'e5a1928a837e482d9098936fbfd6b456', 'admin_state_up': True, 'mtu': 8950, 'status': 'ACTIVE', 'subnets': [], 'shared': False, 'project_id': 'e5a1928a837e482d9098936fbfd6b456', 'port_security_enabled': True, 'router:external': False, 'provider:network_type': 'vlan', 'provider:physical_network': 'default', 'provider:segmentation_id': 683, 'availability_zone_hints': [], 'availability_zones': [], 'ipv4_address_scope': None, 'ipv6_address_scope': None, 'description': '', 'tags': [], 'created_at': '2025-04-15T13:28:38Z', 'updated_at': '2025-04-15T13:28:38Z', 'revision_number': 1} available for tenant
2025-04-15 13:28:41.891 70034 INFO tempest.lib.common.rest_client [req-3c208ee7-6b1b-48df-ab10-2babce3a1348 req-3c208ee7-6b1b-48df-ab10-2babce3a1348 ] Request (ServicesAdminNegativeV253TestJSON:tearDownClass): 204 DELETE http://10.180.1.21/identity/v3/projects/026cd676fab74a0797c43714aaa1b994 0.098s
2025-04-15 13:28:41.891 70034 INFO tempest.lib.common.dynamic_creds [-] Deleting project and security group for project: 53477fd871a749ea88c7436376470274
2025-04-15 13:28:41.891 70038 INFO tempest.lib.common.rest_client [req-5e4f683c-2514-47c5-b4d5-3d2407cf717e req-5e4f683c-2514-47c5-b4d5-3d2407cf717e ] Request (ServersAdmin275Test:tearDownClass): 200 GET http://10.180.1.21/compute/v2.1/servers/e2be96b0-8e10-4ea6-8dcb-cb26dcdcc4a6 0.237s
2025-04-15 13:28:41.934 70044 INFO tempest.lib.common.rest_client [req-ae26426a-f7ee-4c43-af7c-f77531857196 req-ae26426a-f7ee-4c43-af7c-f77531857196 ] Request (AttachInterfacesV270Test:test_create_get_list_interfaces): 200 GET http://10.180.1.21/compute/v2.1/servers/9ecfecab-e6e3-41f8-a0ef-7af3c2e15e21 0.146s
2025-04-15 13:28:41.998 70034 INFO tempest.lib.common.rest_client [req-2f36de0b-b493-4eef-83ac-bd7b456fb05d req-2f36de0b-b493-4eef-83ac-bd7b456fb05d ] Request (ServicesAdminNegativeV253TestJSON:tearDownClass): 200 GET http://10.180.1.21:9696/networking/v2.0/security-groups?tenant_id=53477fd871a749ea88c7436376470274&name=default 0.107s
2025-04-15 13:28:42.074 70034 INFO tempest.lib.common.rest_client [req-51db9863-2e61-418d-90a3-22723b35ea48 req-51db9863-2e61-418d-90a3-22723b35ea48 ] Request (ServicesAdminNegativeV253TestJSON:tearDownClass): 204 DELETE http://10.180.1.21:9696/networking/v2.0/security-groups/cac5426d-3654-4fc7-8416-017674d19bc8 0.075s
2025-04-15 13:28:42.090 70040 INFO tempest.lib.common.rest_client [req-25bb5891-9a33-4348-8472-d24cbb82e90e req-25bb5891-9a33-4348-8472-d24cbb82e90e ] Request (ServersAdminNegativeTestJSON:tearDownClass): 200 GET http://10.180.1.21/compute/v2.1/servers/565d2ed6-2738-458b-92c5-529598079afd 0.061s
2025-04-15 13:28:42.137 70021 INFO tempest.lib.common.rest_client [req-b881bbf9-cc8c-46e5-8911-5833ef836260 req-b881bbf9-cc8c-46e5-8911-5833ef836260 ] Request (ServerExternalEventsTest:test_create_server_external_events): 200 GET http://10.180.1.21/compute/v2.1/servers/d71a8019-3763-44f8-9ad7-78ab81353b60 0.092s
2025-04-15 13:28:42.185 70002 INFO tempest.lib.common.rest_client [req-3e50c2a8-d2ea-4267-9441-46098a1283f2 req-3e50c2a8-d2ea-4267-9441-46098a1283f2 ] Request (InstanceActionsTestJSON:setUpClass): 200 GET http://10.180.1.21/compute/v2.1/servers/731ff5a1-2f73-40be-9661-378bd367810c 0.074s
2025-04-15 13:28:42.199 70034 INFO tempest.lib.common.rest_client [req-9505b5cb-fa24-4bc3-a3b2-37580cafc7fa req-9505b5cb-fa24-4bc3-a3b2-37580cafc7fa ] Request (ServicesAdminNegativeV253TestJSON:tearDownClass): 204 DELETE http://10.180.1.21/identity/v3/projects/53477fd871a749ea88c7436376470274 0.124s
2025-04-15 13:28:42.235 70014 INFO tempest.lib.common.rest_client [req-f7ddd397-25b6-4d03-9015-b82fc668ab98 req-f7ddd397-25b6-4d03-9015-b82fc668ab98 ] Request (ServerDiskConfigTestJSON:test_rebuild_server_with_auto_disk_config): 200 GET http://10.180.1.21/compute/v2.1/servers/48b0a9c2-c3ba-4558-a82a-82480f53f472 0.079s
2025-04-15 13:28:42.254 70034 INFO tempest.lib.common.rest_client [req-5d2c4fa8-b058-4b0b-9d17-4e7fba8c8302 req-5d2c4fa8-b058-4b0b-9d17-4e7fba8c8302 ] Request (InstanceActionsV221TestJSON:setUpClass): 201 POST http://10.180.1.21/identity/v3/auth/tokens 0.053s
2025-04-15 13:28:42.273 70032 INFO tempest.lib.common.rest_client [req-0ce09065-d994-46cb-9c67-a3a67c343fb7 req-0ce09065-d994-46cb-9c67-a3a67c343fb7 ] Request (ServersTestManualDisk:setUpClass): 202 POST http://10.180.1.21/compute/v2.1/servers 0.387s
2025-04-15 13:28:42.282 70034 INFO tempest.lib.common.rest_client [req-fa3edb0b-1c7a-4ac1-b95a-82be20fd1036 req-fa3edb0b-1c7a-4ac1-b95a-82be20fd1036 ] Request (InstanceActionsV221TestJSON:setUpClass): 201 POST http://10.180.1.21/identity/v3/auth/tokens 0.025s
2025-04-15 13:28:42.304 70034 INFO tempest.lib.common.rest_client [req-42c29b1a-75a9-4530-a11f-8f4a96d9d566 req-42c29b1a-75a9-4530-a11f-8f4a96d9d566 ] Request (InstanceActionsV221TestJSON:setUpClass): 200 GET http://10.180.1.21/identity/v3/domains?name=Default 0.022s
2025-04-15 13:28:42.313 70032 INFO tempest.lib.common.rest_client [req-958678ef-407d-4161-8874-d4a261fd437b req-958678ef-407d-4161-8874-d4a261fd437b ] Request (ServersTestManualDisk:setUpClass): 200 GET http://10.180.1.21/compute/v2.1/servers/5f93bea5-1ec6-48c3-98c6-a4aa1751cc8b 0.039s
2025-04-15 13:28:42.330 70034 INFO tempest.lib.common.rest_client [req-25464366-46b1-40c8-979e-7ea5436a4cd9 req-25464366-46b1-40c8-979e-7ea5436a4cd9 ] Request (InstanceActionsV221TestJSON:setUpClass): 201 POST http://10.180.1.21/identity/v3/projects 0.025s
2025-04-15 13:28:42.344 70056 INFO tempest.lib.common.rest_client [req-95ea17cf-9596-41cd-a29d-621c6dcc3de1 req-95ea17cf-9596-41cd-a29d-621c6dcc3de1 ] Request (ServersListShow296Test:test_list_show_update_rebuild_server_296): 200 GET http://10.180.1.21/compute/v2.1/servers/5b5ef5ac-82da-4e8b-aabf-966539bbf495 0.057s
2025-04-15 13:28:42.384 70034 INFO tempest.lib.common.rest_client [req-c7180d1f-385f-4bfb-a523-b62eb39e9056 req-c7180d1f-385f-4bfb-a523-b62eb39e9056 ] Request (InstanceActionsV221TestJSON:setUpClass): 201 POST http://10.180.1.21/identity/v3/users 0.053s
2025-04-15 13:28:42.398 70054 INFO tempest.lib.common.rest_client [req-c612b587-209a-4a6f-9c3e-a51c413306d5 req-c612b587-209a-4a6f-9c3e-a51c413306d5 ] Request (TenantUsagesTestJSON:setUpClass): 200 GET http://10.180.1.21/compute/v2.1/servers/067561be-d2a7-4bba-9053-1091353849db 0.103s
2025-04-15 13:28:42.410 70030 INFO tempest.lib.common.rest_client [req-ddbb8cf0-ce06-4726-8177-2868f8ffd1e4 req-ddbb8cf0-ce06-4726-8177-2868f8ffd1e4 ] Request (ServerDiagnosticsNegativeTest:tearDownClass): 200 GET http://10.180.1.21/compute/v2.1/servers/9b30fa05-5ba9-405e-9cdf-e62e5bccea3c 0.060s
2025-04-15 13:28:42.413 70034 INFO tempest.lib.common.rest_client [req-4b98b262-f2ba-417c-8eaa-611fb0f19c91 req-4b98b262-f2ba-417c-8eaa-611fb0f19c91 ] Request (InstanceActionsV221TestJSON:setUpClass): 200 GET http://10.180.1.21/identity/v3/roles 0.029s
2025-04-15 13:28:42.436 70034 INFO tempest.lib.common.rest_client [req-93b59365-73fa-4a86-82fd-749cfbcce2e7 req-93b59365-73fa-4a86-82fd-749cfbcce2e7 ] Request (InstanceActionsV221TestJSON:setUpClass): 204 PUT http://10.180.1.21/identity/v3/projects/edccfd1a729446f5a3a3bfd337fcd474/users/e60c82a4ff764d58a4649dd79ff158b4/roles/afcb054be7c54672919ef525958934af 0.022s
2025-04-15 13:28:42.436 70034 INFO tempest.lib.common.dynamic_creds [-] Dynamic test user e60c82a4ff764d58a4649dd79ff158b4 is created with scope project and roles: ['member']
2025-04-15 13:28:42.436 70034 INFO tempest.lib.common.dynamic_creds [-] Acquired dynamic creds: credentials: Credentials: {'domain_id': 'default', 'domain_name': 'Default', 'username': 'tempest-InstanceActionsV221TestJSON-1124604539-project-member', 'project_domain_id': 'default', 'project_domain_name': 'Default', 'project_id': 'edccfd1a729446f5a3a3bfd337fcd474', 'project_name': 'tempest-InstanceActionsV221TestJSON-1124604539', 'tenant_id': 'edccfd1a729446f5a3a3bfd337fcd474', 'tenant_name': 'tempest-InstanceActionsV221TestJSON-1124604539', 'user_domain_id': 'default', 'user_domain_name': 'Default', 'user_id': 'e60c82a4ff764d58a4649dd79ff158b4', 'system': None}, Network: None, Subnet: None, Router: None
2025-04-15 13:28:42.488 70034 INFO tempest.lib.common.rest_client [req-d1ad548e-a54a-4c9c-b506-c538093ad086 req-d1ad548e-a54a-4c9c-b506-c538093ad086 ] Request (InstanceActionsV221TestJSON:setUpClass): 201 POST http://10.180.1.21/identity/v3/auth/tokens 0.051s
2025-04-15 13:28:42.503 70024 INFO tempest.lib.common.rest_client [req-9817afb9-1c22-4d6f-9495-37cbcce97e00 req-9817afb9-1c22-4d6f-9495-37cbcce97e00 ] Request (DeleteServersAdminTestJSON:test_delete_server_while_in_error_state): 200 GET http://10.180.1.21/compute/v2.1/servers/4a38a997-f044-4e0d-9fd9-36b700e96d37 0.057s
2025-04-15 13:28:42.668 70046 INFO tempest.lib.common.rest_client [req-d71379df-fb24-4ef9-91ce-7e4883e43de2 req-d71379df-fb24-4ef9-91ce-7e4883e43de2 ] Request (AttachVolumeNegativeTest:test_attach_attached_volume_to_different_server): 200 GET http://10.180.1.21/compute/v2.1/servers/5df02f54-5283-4379-a5f0-8e1123c0ab92 0.275s
2025-04-15 13:28:42.669 70048 INFO tempest.lib.common.rest_client [req-ef8089e8-2de5-4e08-bacd-260527ccc8a7 req-ef8089e8-2de5-4e08-bacd-260527ccc8a7 ] Request (MigrationsAdminTest:test_list_migrations_in_flavor_resize_situation): 200 GET http://10.180.1.21/compute/v2.1/servers/dfe7d605-4dab-4aea-bc6f-02021cf09d17 0.217s
2025-04-15 13:28:42.719 69998 WARNING tempest.lib.common.ssh [-] Failed to establish authenticated ssh connection to cirros@10.180.180.250 ([Errno None] Unable to connect to port 22 on 10.180.180.250). Number attempts: 3. Retry after 4 seconds.: paramiko.ssh_exception.NoValidConnectionsError: [Errno None] Unable to connect to port 22 on 10.180.180.250
2025-04-15 13:28:42.728 70050 INFO tempest.lib.common.rest_client [req-b76fccf5-ac3a-4dba-8e5c-f42d4829a65f req-b76fccf5-ac3a-4dba-8e5c-f42d4829a65f ] Request (ServerMetadataTestJSON:setUpClass): 200 GET http://10.180.1.21/compute/v2.1/servers/0484fec0-872b-45c3-92cf-5d855e5d3d03 0.207s
2025-04-15 13:28:42.742 69994 INFO tempest.lib.common.rest_client [req-adfaa761-cb67-4aad-a2e2-2d8027702667 req-adfaa761-cb67-4aad-a2e2-2d8027702667 ] Request (ServerMetadataNegativeTestJSON:setUpClass): 200 GET http://10.180.1.21/compute/v2.1/servers/d2899bb9-9219-4084-b344-d71606d9aabc 0.226s
2025-04-15 13:28:42.806 70008 INFO tempest.lib.common.rest_client [req-0bf720e5-d5fe-43e6-b68a-7a0a42b95ecc req-0bf720e5-d5fe-43e6-b68a-7a0a42b95ecc ] Request (ServerAddressesTestJSON:setUpClass): 200 GET http://10.180.1.21/compute/v2.1/servers/07b4b9aa-0c58-4a91-bc5b-74cf551cce13 0.235s
2025-04-15 13:28:42.820 70018 INFO tempest.lib.common.rest_client [req-2fd566c1-7d26-4308-b920-ee4c76ac207f req-2fd566c1-7d26-4308-b920-ee4c76ac207f ] Request (FloatingIPsAssociationTestJSON:setUpClass): 200 GET http://10.180.1.21/compute/v2.1/servers/536fc9a3-f6fc-4526-8c56-11df0000cdcb 0.234s
2025-04-15 13:28:42.860 70026 INFO tempest.lib.common.rest_client [req-a7e9c2fb-6086-4005-b8e2-92d5751ab7f4 req-a7e9c2fb-6086-4005-b8e2-92d5751ab7f4 ] Request (ListImageFiltersTestJSON:setUpClass): 200 GET http://10.180.1.21/compute/v2.1/servers/61e28d39-30ab-4eb3-865d-930044e6f430 0.225s
2025-04-15 13:28:42.877 70034 INFO tempest.lib.common.rest_client [req-04f2bd7c-c4b9-49c9-ab78-5c4c1ec9c420 req-04f2bd7c-c4b9-49c9-ab78-5c4c1ec9c420 ] Request (InstanceActionsV221TestJSON:setUpClass): 201 POST http://10.180.1.21:9696/networking/v2.0/networks 0.389s
2025-04-15 13:28:42.888 70004 INFO tempest.lib.common.rest_client [req-a042c0a5-7982-4e3f-9543-0a7729a7e73f req-a042c0a5-7982-4e3f-9543-0a7729a7e73f ] Request (ImagesTestJSON:test_create_image_from_suspended_server): 200 GET http://10.180.1.21/compute/v2.1/servers/fad4385f-c21f-4236-b028-464df7b50b70 0.235s
2025-04-15 13:28:42.915 70022 INFO tempest.lib.common.rest_client [req-c6712f56-ec43-4bcf-8c0e-5bc4ac17de13 req-c6712f56-ec43-4bcf-8c0e-5bc4ac17de13 ] Request (SecurityGroupsTestJSON:test_list_security_groups_by_server): 200 GET http://10.180.1.21/compute/v2.1/servers/53c02b37-2f88-4705-86db-ec2cc3163e4e 0.180s
2025-04-15 13:28:42.940 70000 INFO tempest.lib.common.rest_client [req-4fcdca17-587b-434f-a51d-1e9fe9b82f21 req-4fcdca17-587b-434f-a51d-1e9fe9b82f21 ] Request (ServersAdminTestJSON:test_create_server_with_scheduling_hint): 200 GET http://10.180.1.21/compute/v2.1/servers/a881c0a3-386d-4fd1-924a-d7cac9036741 0.137s
2025-04-15 13:28:42.981 70028 INFO tempest.lib.common.rest_client [req-a76b7318-2f62-4d2c-9333-a86fa331b177 req-a76b7318-2f62-4d2c-9333-a86fa331b177 ] Request (ListServerFiltersTestJSON:setUpClass): 200 GET http://10.180.1.21/compute/v2.1/servers/61b8929a-8f0f-4288-bc41-45748ffb53db 0.097s
2025-04-15 13:28:43.031 70016 INFO tempest.lib.common.rest_client [req-89f4647b-181d-4127-9d8a-e17e11a390d0 req-89f4647b-181d-4127-9d8a-e17e11a390d0 ] Request (ImagesOneServerNegativeTestJSON:setUpClass): 200 GET http://10.180.1.21/compute/v2.1/servers/a18adc08-5acc-4a2e-978a-93b40e9676d2 0.224s
2025-04-15 13:28:43.046 70038 INFO tempest.lib.common.rest_client [req-03e8f121-aebb-4e85-ad9a-485aa27c7a5d req-03e8f121-aebb-4e85-ad9a-485aa27c7a5d ] Request (ServersAdmin275Test:tearDownClass): 200 GET http://10.180.1.21/compute/v2.1/servers/e2be96b0-8e10-4ea6-8dcb-cb26dcdcc4a6 0.140s
2025-04-15 13:28:43.089 70044 INFO tempest.lib.common.rest_client [req-619b9a4c-a861-4ca7-8eb3-3179e337fcc3 req-619b9a4c-a861-4ca7-8eb3-3179e337fcc3 ] Request (AttachInterfacesV270Test:test_create_get_list_interfaces): 200 GET http://10.180.1.21/compute/v2.1/servers/9ecfecab-e6e3-41f8-a0ef-7af3c2e15e21 0.140s
2025-04-15 13:28:43.099 70034 INFO tempest.lib.common.rest_client [req-bab5627e-e5bf-48fb-b12c-1d9a0a557d79 req-bab5627e-e5bf-48fb-b12c-1d9a0a557d79 ] Request (InstanceActionsV221TestJSON:setUpClass): 201 POST http://10.180.1.21:9696/networking/v2.0/subnets 0.221s
2025-04-15 13:28:43.164 70040 INFO tempest.lib.common.rest_client [req-f53c4644-16f9-48fe-8a30-973ac4aae7cb req-f53c4644-16f9-48fe-8a30-973ac4aae7cb ] Request (ServersAdminNegativeTestJSON:tearDownClass): 200 GET http://10.180.1.21/compute/v2.1/servers/565d2ed6-2738-458b-92c5-529598079afd 0.061s
2025-04-15 13:28:43.208 70021 INFO tempest.lib.common.rest_client [req-f34a0bf6-2f78-4ab2-aa16-8f4ad26af88f req-f34a0bf6-2f78-4ab2-aa16-8f4ad26af88f ] Request (ServerExternalEventsTest:test_create_server_external_events): 200 GET http://10.180.1.21/compute/v2.1/servers/d71a8019-3763-44f8-9ad7-78ab81353b60 0.059s
2025-04-15 13:28:43.248 70002 INFO tempest.lib.common.rest_client [req-1d601b63-a45d-4021-a749-d24d5b2206c2 req-1d601b63-a45d-4021-a749-d24d5b2206c2 ] Request (InstanceActionsTestJSON:setUpClass): 200 GET http://10.180.1.21/compute/v2.1/servers/731ff5a1-2f73-40be-9661-378bd367810c 0.052s
2025-04-15 13:28:43.312 70014 INFO tempest.lib.common.rest_client [req-3a81d6e1-e099-460e-a3f1-21623e679ffa req-3a81d6e1-e099-460e-a3f1-21623e679ffa ] Request (ServerDiskConfigTestJSON:test_rebuild_server_with_auto_disk_config): 200 GET http://10.180.1.21/compute/v2.1/servers/48b0a9c2-c3ba-4558-a82a-82480f53f472 0.069s
2025-04-15 13:28:43.373 70032 INFO tempest.lib.common.rest_client [req-b6ebe946-2dc4-407a-9fcc-1203a90e3a62 req-b6ebe946-2dc4-407a-9fcc-1203a90e3a62 ] Request (ServersTestManualDisk:setUpClass): 200 GET http://10.180.1.21/compute/v2.1/servers/5f93bea5-1ec6-48c3-98c6-a4aa1751cc8b 0.051s
2025-04-15 13:28:43.428 70056 INFO tempest.lib.common.rest_client [req-534ecfd7-c9b2-46c7-b4aa-43ee7886cd21 req-534ecfd7-c9b2-46c7-b4aa-43ee7886cd21 ] Request (ServersListShow296Test:test_list_show_update_rebuild_server_296): 200 GET http://10.180.1.21/compute/v2.1/servers/5b5ef5ac-82da-4e8b-aabf-966539bbf495 0.073s
2025-04-15 13:28:43.495 70030 INFO tempest.lib.common.rest_client [req-6cef160d-1fd3-417f-a320-bbf5770b6db6 req-6cef160d-1fd3-417f-a320-bbf5770b6db6 ] Request (ServerDiagnosticsNegativeTest:tearDownClass): 200 GET http://10.180.1.21/compute/v2.1/servers/9b30fa05-5ba9-405e-9cdf-e62e5bccea3c 0.075s
2025-04-15 13:28:43.496 70054 INFO tempest.lib.common.rest_client [req-7e9b89ec-e6e9-4671-a972-6d2b6ce2802d req-7e9b89ec-e6e9-4671-a972-6d2b6ce2802d ] Request (TenantUsagesTestJSON:setUpClass): 200 GET http://10.180.1.21/compute/v2.1/servers/067561be-d2a7-4bba-9053-1091353849db 0.086s
2025-04-15 13:28:43.577 70024 INFO tempest.lib.common.rest_client [req-f1c0ffdd-954b-4238-8871-f4cf941d9fd9 req-f1c0ffdd-954b-4238-8871-f4cf941d9fd9 ] Request (DeleteServersAdminTestJSON:test_delete_server_while_in_error_state): 200 GET http://10.180.1.21/compute/v2.1/servers/4a38a997-f044-4e0d-9fd9-36b700e96d37 0.062s
2025-04-15 13:28:43.743 70046 INFO tempest.lib.common.rest_client [req-8e58f393-ea46-4204-8273-6b9c819f7622 req-8e58f393-ea46-4204-8273-6b9c819f7622 ] Request (AttachVolumeNegativeTest:test_attach_attached_volume_to_different_server): 200 GET http://10.180.1.21/compute/v2.1/servers/5df02f54-5283-4379-a5f0-8e1123c0ab92 0.067s
2025-04-15 13:28:43.797 70050 INFO tempest.lib.common.rest_client [req-c5b43ab2-ff35-4887-ab2f-a13783809e05 req-c5b43ab2-ff35-4887-ab2f-a13783809e05 ] Request (ServerMetadataTestJSON:setUpClass): 200 GET http://10.180.1.21/compute/v2.1/servers/0484fec0-872b-45c3-92cf-5d855e5d3d03 0.057s
2025-04-15 13:28:43.858 69994 INFO tempest.lib.common.rest_client [req-e4543769-9142-4faa-baf2-3f301f6d8295 req-e4543769-9142-4faa-baf2-3f301f6d8295 ] Request (ServerMetadataNegativeTestJSON:setUpClass): 200 GET http://10.180.1.21/compute/v2.1/servers/d2899bb9-9219-4084-b344-d71606d9aabc 0.109s
2025-04-15 13:28:43.917 70008 INFO tempest.lib.common.rest_client [req-920a8db3-4ef8-4f9a-847a-e8c6a20c6766 req-920a8db3-4ef8-4f9a-847a-e8c6a20c6766 ] Request (ServerAddressesTestJSON:setUpClass): 200 GET http://10.180.1.21/compute/v2.1/servers/07b4b9aa-0c58-4a91-bc5b-74cf551cce13 0.102s
2025-04-15 13:28:43.975 70018 INFO tempest.lib.common.rest_client [req-3d1b256a-cdfc-4dd3-ad71-11cd72b5c156 req-3d1b256a-cdfc-4dd3-ad71-11cd72b5c156 ] Request (FloatingIPsAssociationTestJSON:setUpClass): 200 GET http://10.180.1.21/compute/v2.1/servers/536fc9a3-f6fc-4526-8c56-11df0000cdcb 0.141s
2025-04-15 13:28:44.027 70026 INFO tempest.lib.common.rest_client [req-27352b5e-443c-4911-879c-754a23372da0 req-27352b5e-443c-4911-879c-754a23372da0 ] Request (ListImageFiltersTestJSON:setUpClass): 200 GET http://10.180.1.21/compute/v2.1/servers/61e28d39-30ab-4eb3-865d-930044e6f430 0.158s
2025-04-15 13:28:44.084 70048 INFO tempest.lib.common.rest_client [req-6afc6556-bfea-412f-b87a-05aadc698822 req-6afc6556-bfea-412f-b87a-05aadc698822 ] Request (MigrationsAdminTest:test_list_migrations_in_flavor_resize_situation): 200 GET http://10.180.1.21/compute/v2.1/servers/dfe7d605-4dab-4aea-bc6f-02021cf09d17 0.398s
2025-04-15 13:28:44.084 70004 INFO tempest.lib.common.rest_client [req-7f77d87a-0aa7-4b53-82f4-bb241fff0c8a req-7f77d87a-0aa7-4b53-82f4-bb241fff0c8a ] Request (ImagesTestJSON:test_create_image_from_suspended_server): 200 GET http://10.180.1.21/compute/v2.1/servers/fad4385f-c21f-4236-b028-464df7b50b70 0.189s
2025-04-15 13:28:44.133 70022 INFO tempest.lib.common.rest_client [req-60309667-8ca1-449c-88cf-e01109ba9015 req-60309667-8ca1-449c-88cf-e01109ba9015 ] Request (SecurityGroupsTestJSON:test_list_security_groups_by_server): 200 GET http://10.180.1.21/compute/v2.1/servers/53c02b37-2f88-4705-86db-ec2cc3163e4e 0.210s
2025-04-15 13:28:44.150 70000 INFO tempest.lib.common.rest_client [req-1fdd0a3f-116b-4e77-b04e-54222a86724e req-1fdd0a3f-116b-4e77-b04e-54222a86724e ] Request (ServersAdminTestJSON:test_create_server_with_scheduling_hint): 200 GET http://10.180.1.21/compute/v2.1/servers/a881c0a3-386d-4fd1-924a-d7cac9036741 0.202s
2025-04-15 13:28:44.183 70028 INFO tempest.lib.common.rest_client [req-15eacfa6-4871-4c09-8c56-e29cc7cb1999 req-15eacfa6-4871-4c09-8c56-e29cc7cb1999 ] Request (ListServerFiltersTestJSON:setUpClass): 200 GET http://10.180.1.21/compute/v2.1/servers/61b8929a-8f0f-4288-bc41-45748ffb53db 0.193s
2025-04-15 13:28:44.190 70006 WARNING tempest.lib.common.ssh [-] Failed to establish authenticated ssh connection to cirros@10.180.180.133 ([Errno None] Unable to connect to port 22 on 10.180.180.133). Number attempts: 4. Retry after 5 seconds.: paramiko.ssh_exception.NoValidConnectionsError: [Errno None] Unable to connect to port 22 on 10.180.180.133
2025-04-15 13:28:44.190 70012 WARNING tempest.lib.common.ssh [-] Failed to establish authenticated ssh connection to cirros@10.180.180.137 ([Errno None] Unable to connect to port 22 on 10.180.180.137). Number attempts: 4. Retry after 5 seconds.: paramiko.ssh_exception.NoValidConnectionsError: [Errno None] Unable to connect to port 22 on 10.180.180.137
2025-04-15 13:28:44.255 70038 INFO tempest.lib.common.rest_client [req-cb896be9-101b-4ecd-8f89-59b180f507f4 req-cb896be9-101b-4ecd-8f89-59b180f507f4 ] Request (ServersAdmin275Test:tearDownClass): 200 GET http://10.180.1.21/compute/v2.1/servers/e2be96b0-8e10-4ea6-8dcb-cb26dcdcc4a6 0.198s
2025-04-15 13:28:44.287 70016 INFO tempest.lib.common.rest_client [req-233f1dff-7efb-4487-b0ec-a9604454bdfa req-233f1dff-7efb-4487-b0ec-a9604454bdfa ] Request (ImagesOneServerNegativeTestJSON:setUpClass): 200 GET http://10.180.1.21/compute/v2.1/servers/a18adc08-5acc-4a2e-978a-93b40e9676d2 0.246s
2025-04-15 13:28:44.309 70044 INFO tempest.lib.common.rest_client [req-9a61736a-0b40-4589-8a10-12f89975555f req-9a61736a-0b40-4589-8a10-12f89975555f ] Request (AttachInterfacesV270Test:test_create_get_list_interfaces): 200 GET http://10.180.1.21/compute/v2.1/servers/9ecfecab-e6e3-41f8-a0ef-7af3c2e15e21 0.209s
2025-04-15 13:28:44.356 70021 INFO tempest.lib.common.rest_client [req-b77d3e06-e1bd-4fe7-9f28-1cb126b7d74e req-b77d3e06-e1bd-4fe7-9f28-1cb126b7d74e ] Request (ServerExternalEventsTest:test_create_server_external_events): 200 GET http://10.180.1.21/compute/v2.1/servers/d71a8019-3763-44f8-9ad7-78ab81353b60 0.140s
2025-04-15 13:28:44.360 70040 INFO tempest.lib.common.rest_client [req-304b1962-ac46-48b2-bc49-7f1003cf2cf4 req-304b1962-ac46-48b2-bc49-7f1003cf2cf4 ] Request (ServersAdminNegativeTestJSON:tearDownClass): 200 GET http://10.180.1.21/compute/v2.1/servers/565d2ed6-2738-458b-92c5-529598079afd 0.189s
2025-04-15 13:28:44.406 70002 INFO tempest.lib.common.rest_client [req-0c49d521-a30b-4df4-bcc7-949f78828239 req-0c49d521-a30b-4df4-bcc7-949f78828239 ] Request (InstanceActionsTestJSON:setUpClass): 200 GET http://10.180.1.21/compute/v2.1/servers/731ff5a1-2f73-40be-9661-378bd367810c 0.147s
2025-04-15 13:28:44.418 70034 INFO tempest.lib.common.rest_client [req-339159ef-9c9b-4f77-b15d-0825711205c9 req-339159ef-9c9b-4f77-b15d-0825711205c9 ] Request (InstanceActionsV221TestJSON:setUpClass): 201 POST http://10.180.1.21:9696/networking/v2.0/routers 1.318s
2025-04-15 13:28:44.423 70014 INFO tempest.lib.common.rest_client [req-3f825639-bbd2-4478-bfef-2a4d3d3ddf6b req-3f825639-bbd2-4478-bfef-2a4d3d3ddf6b ] Request (ServerDiskConfigTestJSON:test_rebuild_server_with_auto_disk_config): 200 GET http://10.180.1.21/compute/v2.1/servers/48b0a9c2-c3ba-4558-a82a-82480f53f472 0.102s
2025-04-15 13:28:44.430 70014 INFO tempest.common.waiters [-] State transition "BUILD/scheduling" ==> "BUILD/None" after 24 second wait
2025-04-15 13:28:44.466 70032 INFO tempest.lib.common.rest_client [req-76f3a43d-225a-41ad-ba9f-40892f934b6d req-76f3a43d-225a-41ad-ba9f-40892f934b6d ] Request (ServersTestManualDisk:setUpClass): 200 GET http://10.180.1.21/compute/v2.1/servers/5f93bea5-1ec6-48c3-98c6-a4aa1751cc8b 0.084s
2025-04-15 13:28:44.522 70056 INFO tempest.lib.common.rest_client [req-ac02e0f3-e09a-464e-bb54-9f7c2413615b req-ac02e0f3-e09a-464e-bb54-9f7c2413615b ] Request (ServersListShow296Test:test_list_show_update_rebuild_server_296): 200 GET http://10.180.1.21/compute/v2.1/servers/5b5ef5ac-82da-4e8b-aabf-966539bbf495 0.079s
2025-04-15 13:28:44.577 70030 INFO tempest.lib.common.rest_client [req-30056e12-bba0-4d90-bc1c-ed69eeefdea9 req-30056e12-bba0-4d90-bc1c-ed69eeefdea9 ] Request (ServerDiagnosticsNegativeTest:tearDownClass): 200 GET http://10.180.1.21/compute/v2.1/servers/9b30fa05-5ba9-405e-9cdf-e62e5bccea3c 0.075s
2025-04-15 13:28:44.653 70024 INFO tempest.lib.common.rest_client [req-139f3540-bc67-44ad-b2db-6f42b2aaf726 req-139f3540-bc67-44ad-b2db-6f42b2aaf726 ] Request (DeleteServersAdminTestJSON:test_delete_server_while_in_error_state): 200 GET http://10.180.1.21/compute/v2.1/servers/4a38a997-f044-4e0d-9fd9-36b700e96d37 0.065s
2025-04-15 13:28:44.730 70054 INFO tempest.lib.common.rest_client [req-4c044ad5-92c0-4068-ac11-416373b74919 req-4c044ad5-92c0-4068-ac11-416373b74919 ] Request (TenantUsagesTestJSON:setUpClass): 200 GET http://10.180.1.21/compute/v2.1/servers/067561be-d2a7-4bba-9053-1091353849db 0.224s
2025-04-15 13:28:44.766 69996 WARNING tempest.lib.common.ssh [-] Failed to establish authenticated ssh connection to cirros@10.180.180.233 ([Errno None] Unable to connect to port 22 on 10.180.180.233). Number attempts: 4. Retry after 5 seconds.: paramiko.ssh_exception.NoValidConnectionsError: [Errno None] Unable to connect to port 22 on 10.180.180.233
2025-04-15 13:28:44.832 70046 INFO tempest.lib.common.rest_client [req-0f21817d-edea-45db-ae5e-b9a84bf11ea0 req-0f21817d-edea-45db-ae5e-b9a84bf11ea0 ] Request (AttachVolumeNegativeTest:test_attach_attached_volume_to_different_server): 200 GET http://10.180.1.21/compute/v2.1/servers/5df02f54-5283-4379-a5f0-8e1123c0ab92 0.080s
2025-04-15 13:28:44.870 70050 INFO tempest.lib.common.rest_client [req-dd37ad9f-10ad-4d19-8516-2ba62e8279bb req-dd37ad9f-10ad-4d19-8516-2ba62e8279bb ] Request (ServerMetadataTestJSON:setUpClass): 200 GET http://10.180.1.21/compute/v2.1/servers/0484fec0-872b-45c3-92cf-5d855e5d3d03 0.060s
2025-04-15 13:28:44.922 69994 INFO tempest.lib.common.rest_client [req-d661cf7d-7eb6-403a-90a4-2e507425d73b req-d661cf7d-7eb6-403a-90a4-2e507425d73b ] Request (ServerMetadataNegativeTestJSON:setUpClass): 200 GET http://10.180.1.21/compute/v2.1/servers/d2899bb9-9219-4084-b344-d71606d9aabc 0.054s
2025-04-15 13:28:44.998 70008 INFO tempest.lib.common.rest_client [req-70f6fd3a-1986-46de-af74-48631b08ec0c req-70f6fd3a-1986-46de-af74-48631b08ec0c ] Request (ServerAddressesTestJSON:setUpClass): 200 GET http://10.180.1.21/compute/v2.1/servers/07b4b9aa-0c58-4a91-bc5b-74cf551cce13 0.072s
2025-04-15 13:28:45.042 70018 INFO tempest.lib.common.rest_client [req-d819c89e-fab7-4b5e-9c31-4be5f8016a77 req-d819c89e-fab7-4b5e-9c31-4be5f8016a77 ] Request (FloatingIPsAssociationTestJSON:setUpClass): 200 GET http://10.180.1.21/compute/v2.1/servers/536fc9a3-f6fc-4526-8c56-11df0000cdcb 0.057s
2025-04-15 13:28:45.102 70026 INFO tempest.lib.common.rest_client [req-dbc27a73-4947-4f51-aa67-13d49b4a3c9d req-dbc27a73-4947-4f51-aa67-13d49b4a3c9d ] Request (ListImageFiltersTestJSON:setUpClass): 200 GET http://10.180.1.21/compute/v2.1/servers/61e28d39-30ab-4eb3-865d-930044e6f430 0.060s
2025-04-15 13:28:45.156 70004 INFO tempest.lib.common.rest_client [req-8cbcd556-ac4d-4b56-b944-0ece0fea905e req-8cbcd556-ac4d-4b56-b944-0ece0fea905e ] Request (ImagesTestJSON:test_create_image_from_suspended_server): 200 GET http://10.180.1.21/compute/v2.1/servers/fad4385f-c21f-4236-b028-464df7b50b70 0.062s
2025-04-15 13:28:45.213 70022 INFO tempest.lib.common.rest_client [req-0b9a0c6d-7580-4f2f-8041-d990761e4489 req-0b9a0c6d-7580-4f2f-8041-d990761e4489 ] Request (SecurityGroupsTestJSON:test_list_security_groups_by_server): 200 GET http://10.180.1.21/compute/v2.1/servers/53c02b37-2f88-4705-86db-ec2cc3163e4e 0.070s
2025-04-15 13:28:45.226 70048 INFO tempest.lib.common.rest_client [req-c07729b9-c40f-43ef-8e16-b6c0f79267fc req-c07729b9-c40f-43ef-8e16-b6c0f79267fc ] Request (MigrationsAdminTest:test_list_migrations_in_flavor_resize_situation): 200 GET http://10.180.1.21/compute/v2.1/servers/dfe7d605-4dab-4aea-bc6f-02021cf09d17 0.133s
2025-04-15 13:28:45.268 70000 INFO tempest.lib.common.rest_client [req-e6b44cb7-25a5-49fd-989c-6f1f9de33731 req-e6b44cb7-25a5-49fd-989c-6f1f9de33731 ] Request (ServersAdminTestJSON:test_create_server_with_scheduling_hint): 200 GET http://10.180.1.21/compute/v2.1/servers/a881c0a3-386d-4fd1-924a-d7cac9036741 0.103s
2025-04-15 13:28:45.276 70028 INFO tempest.lib.common.rest_client [req-f8843b64-49e0-464b-b514-cf2b2ff5770f req-f8843b64-49e0-464b-b514-cf2b2ff5770f ] Request (ListServerFiltersTestJSON:setUpClass): 200 GET http://10.180.1.21/compute/v2.1/servers/61b8929a-8f0f-4288-bc41-45748ffb53db 0.082s
2025-04-15 13:28:45.288 70038 INFO tempest.lib.common.rest_client [req-f216c23b-299f-4ed5-8132-b92fcd18bdeb req-f216c23b-299f-4ed5-8132-b92fcd18bdeb ] Request (ServersAdmin275Test:tearDownClass): 404 GET http://10.180.1.21/compute/v2.1/servers/e2be96b0-8e10-4ea6-8dcb-cb26dcdcc4a6 0.022s
2025-04-15 13:28:45.374 70038 INFO tempest.lib.common.rest_client [req-7efaecf5-f2ad-4e21-9276-989ec6f236f1 req-7efaecf5-f2ad-4e21-9276-989ec6f236f1 ] Request (ServersAdmin275Test:tearDownClass): 204 DELETE http://10.180.1.21/identity/v3/users/a1956919af594f1983619764bab202b2 0.086s
2025-04-15 13:28:45.398 70044 INFO tempest.lib.common.rest_client [req-a37bb0af-1423-401a-8f4a-82993f5ea618 req-a37bb0af-1423-401a-8f4a-82993f5ea618 ] Request (AttachInterfacesV270Test:test_create_get_list_interfaces): 200 GET http://10.180.1.21/compute/v2.1/servers/9ecfecab-e6e3-41f8-a0ef-7af3c2e15e21 0.070s
2025-04-15 13:28:45.415 70034 INFO tempest.lib.common.rest_client [req-951f5b17-d2aa-45b1-a4c4-8fb76624b22a req-951f5b17-d2aa-45b1-a4c4-8fb76624b22a ] Request (InstanceActionsV221TestJSON:setUpClass): 200 PUT http://10.180.1.21:9696/networking/v2.0/routers/63be7f02-5c49-4200-9ae5-41b0bc1aadcf/add_router_interface 0.996s
2025-04-15 13:28:45.416 70034 INFO tempest.lib.common.dynamic_creds [-] Created isolated network resources for: credentials: Credentials: {'domain_id': 'default', 'domain_name': 'Default', 'username': 'tempest-InstanceActionsV221TestJSON-1124604539-project-member', 'project_domain_id': 'default', 'project_domain_name': 'Default', 'project_id': 'edccfd1a729446f5a3a3bfd337fcd474', 'project_name': 'tempest-InstanceActionsV221TestJSON-1124604539', 'tenant_id': 'edccfd1a729446f5a3a3bfd337fcd474', 'tenant_name': 'tempest-InstanceActionsV221TestJSON-1124604539', 'user_domain_id': 'default', 'user_domain_name': 'Default', 'user_id': 'e60c82a4ff764d58a4649dd79ff158b4', 'system': None}, Network: {'id': '09819083-5a7b-442d-b1b4-f10f360804b0', 'name': 'tempest-InstanceActionsV221TestJSON-2134953053-network', 'tenant_id': 'edccfd1a729446f5a3a3bfd337fcd474', 'admin_state_up': True, 'mtu': 8950, 'status': 'ACTIVE', 'subnets': [], 'shared': False, 'project_id': 'edccfd1a729446f5a3a3bfd337fcd474', 'port_security_enabled': True, 'router:external': False, 'provider:network_type': 'vlan', 'provider:physical_network': 'default', 'provider:segmentation_id': 857, 'availability_zone_hints': [], 'availability_zones': [], 'ipv4_address_scope': None, 'ipv6_address_scope': None, 'description': '', 'tags': [], 'created_at': '2025-04-15T13:28:42Z', 'updated_at': '2025-04-15T13:28:42Z', 'revision_number': 1}, Subnet: {'id': '80c9df8b-cc28-4cf1-9bcd-3d58e2a92fa2', 'name': 'tempest-InstanceActionsV221TestJSON-2134953053-subnet', 'tenant_id': 'edccfd1a729446f5a3a3bfd337fcd474', 'network_id': '09819083-5a7b-442d-b1b4-f10f360804b0', 'ip_version': 4, 'subnetpool_id': None, 'enable_dhcp': True, 'ipv6_ra_mode': None, 'ipv6_address_mode': None, 'gateway_ip': '192.168.128.1', 'cidr': '192.168.128.0/28', 'allocation_pools': [{'start': '192.168.128.2', 'end': '192.168.128.14'}], 'host_routes': [], 'dns_nameservers': [], 'description': '', 'router:external': False, 'service_types': [], 'tags': [], 'created_at': '2025-04-15T13:28:42Z', 'updated_at': '2025-04-15T13:28:42Z', 'revision_number': 0, 'project_id': 'edccfd1a729446f5a3a3bfd337fcd474'}, Router: {'id': '63be7f02-5c49-4200-9ae5-41b0bc1aadcf', 'name': 'tempest-InstanceActionsV221TestJSON-2134953053-router', 'tenant_id': 'edccfd1a729446f5a3a3bfd337fcd474', 'admin_state_up': True, 'status': 'ACTIVE', 'external_gateway_info': {'network_id': 'b9584ef7-50db-4e85-9869-2ceaaf2fb32a', 'external_fixed_ips': [{'subnet_id': '6d089c9f-e6ea-41e5-bd94-9a3f440b4e45', 'ip_address': '10.180.180.235'}], 'enable_snat': True}, 'description': '', 'availability_zones': [], 'distributed': False, 'ha': False, 'availability_zone_hints': [], 'routes': [], 'flavor_id': None, 'tags': [], 'created_at': '2025-04-15T13:28:43Z', 'updated_at': '2025-04-15T13:28:43Z', 'revision_number': 2, 'project_id': 'edccfd1a729446f5a3a3bfd337fcd474'}
2025-04-15 13:28:45.426 70016 INFO tempest.lib.common.rest_client [req-93b4b5e9-0059-489c-9f1b-e404660e9a9d req-93b4b5e9-0059-489c-9f1b-e404660e9a9d ] Request (ImagesOneServerNegativeTestJSON:setUpClass): 200 GET http://10.180.1.21/compute/v2.1/servers/a18adc08-5acc-4a2e-978a-93b40e9676d2 0.130s
2025-04-15 13:28:45.451 70021 INFO tempest.lib.common.rest_client [req-b8bc4414-271b-4379-a5a7-c69cf27ebc37 req-b8bc4414-271b-4379-a5a7-c69cf27ebc37 ] Request (ServerExternalEventsTest:test_create_server_external_events): 200 GET http://10.180.1.21/compute/v2.1/servers/d71a8019-3763-44f8-9ad7-78ab81353b60 0.087s
2025-04-15 13:28:45.469 70038 INFO tempest.lib.common.rest_client [req-98b5ac5d-6922-42ca-88bd-c4697fb7f0ea req-98b5ac5d-6922-42ca-88bd-c4697fb7f0ea ] Request (ServersAdmin275Test:tearDownClass): 204 DELETE http://10.180.1.21/identity/v3/users/dd351a71bff547318d38b4d9e18d17c7 0.094s
2025-04-15 13:28:45.470 70038 INFO tempest.lib.common.dynamic_creds [-] Deleting project and security group for project: b2f2c3059f2d4a56b16cb163eff1ac7d
2025-04-15 13:28:45.507 70034 INFO tempest.lib.common.rest_client [req-bc6b1ebe-d9a8-42dd-bf01-6b1d460924a2 req-bc6b1ebe-d9a8-42dd-bf01-6b1d460924a2 ] Request (InstanceActionsV221TestJSON:setUpClass): 201 POST http://10.180.1.21/identity/v3/auth/tokens 0.088s
2025-04-15 13:28:45.507 70002 INFO tempest.lib.common.rest_client [req-7a6ccf88-682f-4329-a168-ee1dbe538175 req-7a6ccf88-682f-4329-a168-ee1dbe538175 ] Request (InstanceActionsTestJSON:setUpClass): 200 GET http://10.180.1.21/compute/v2.1/servers/731ff5a1-2f73-40be-9661-378bd367810c 0.089s
2025-04-15 13:28:45.509 70040 INFO tempest.lib.common.rest_client [req-31fcde9c-c1b9-454f-a14e-12408a765a87 req-31fcde9c-c1b9-454f-a14e-12408a765a87 ] Request (ServersAdminNegativeTestJSON:tearDownClass): 200 GET http://10.180.1.21/compute/v2.1/servers/565d2ed6-2738-458b-92c5-529598079afd 0.141s
2025-04-15 13:28:45.560 70032 INFO tempest.lib.common.rest_client [req-12631206-e211-4757-93c9-64fd5819ddfe req-12631206-e211-4757-93c9-64fd5819ddfe ] Request (ServersTestManualDisk:setUpClass): 200 GET http://10.180.1.21/compute/v2.1/servers/5f93bea5-1ec6-48c3-98c6-a4aa1751cc8b 0.085s
2025-04-15 13:28:45.568 70038 INFO tempest.lib.common.rest_client [req-1b4822ff-674f-4fc0-9bf8-4248178b467b req-1b4822ff-674f-4fc0-9bf8-4248178b467b ] Request (ServersAdmin275Test:tearDownClass): 201 POST http://10.180.1.21/identity/v3/auth/tokens 0.097s
2025-04-15 13:28:45.578 70034 INFO tempest.lib.common.rest_client [req-d794da70-6fdb-4db9-8a80-a407986d4cc8 req-d794da70-6fdb-4db9-8a80-a407986d4cc8 ] Request (InstanceActionsV221TestJSON:test_get_list_deleted_instance_actions): 201 POST http://10.180.1.21/identity/v3/auth/tokens 0.065s
2025-04-15 13:28:45.579 70034 INFO tempest.lib.common.fixed_network [-] (InstanceActionsV221TestJSON:test_get_list_deleted_instance_actions) Found network {'id': '09819083-5a7b-442d-b1b4-f10f360804b0', 'name': 'tempest-InstanceActionsV221TestJSON-2134953053-network', 'tenant_id': 'edccfd1a729446f5a3a3bfd337fcd474', 'admin_state_up': True, 'mtu': 8950, 'status': 'ACTIVE', 'subnets': [], 'shared': False, 'project_id': 'edccfd1a729446f5a3a3bfd337fcd474', 'port_security_enabled': True, 'router:external': False, 'provider:network_type': 'vlan', 'provider:physical_network': 'default', 'provider:segmentation_id': 857, 'availability_zone_hints': [], 'availability_zones': [], 'ipv4_address_scope': None, 'ipv6_address_scope': None, 'description': '', 'tags': [], 'created_at': '2025-04-15T13:28:42Z', 'updated_at': '2025-04-15T13:28:42Z', 'revision_number': 1} available for tenant
2025-04-15 13:28:45.579 70014 INFO tempest.lib.common.rest_client [req-250ef1a3-756e-4cce-96c0-3907b0a4295a req-250ef1a3-756e-4cce-96c0-3907b0a4295a ] Request (ServerDiskConfigTestJSON:test_rebuild_server_with_auto_disk_config): 200 GET http://10.180.1.21/compute/v2.1/servers/48b0a9c2-c3ba-4558-a82a-82480f53f472 0.147s
2025-04-15 13:28:45.632 70056 INFO tempest.lib.common.rest_client [req-918dc142-7fc5-4506-9834-7628bd1c98c0 req-918dc142-7fc5-4506-9834-7628bd1c98c0 ] Request (ServersListShow296Test:test_list_show_update_rebuild_server_296): 200 GET http://10.180.1.21/compute/v2.1/servers/5b5ef5ac-82da-4e8b-aabf-966539bbf495 0.097s
2025-04-15 13:28:45.690 70030 INFO tempest.lib.common.rest_client [req-fa2821cc-aeb2-4086-875b-6a50e914d5ea req-fa2821cc-aeb2-4086-875b-6a50e914d5ea ] Request (ServerDiagnosticsNegativeTest:tearDownClass): 200 GET http://10.180.1.21/compute/v2.1/servers/9b30fa05-5ba9-405e-9cdf-e62e5bccea3c 0.101s
2025-04-15 13:28:45.760 70024 INFO tempest.lib.common.rest_client [req-21b0a09b-1f96-4943-8f14-d7e96ca13842 req-21b0a09b-1f96-4943-8f14-d7e96ca13842 ] Request (DeleteServersAdminTestJSON:test_delete_server_while_in_error_state): 200 GET http://10.180.1.21/compute/v2.1/servers/4a38a997-f044-4e0d-9fd9-36b700e96d37 0.098s
2025-04-15 13:28:45.811 70038 INFO tempest.lib.common.rest_client [req-ab705eab-14eb-4f5a-a5c4-3fe0fcdf7549 req-ab705eab-14eb-4f5a-a5c4-3fe0fcdf7549 ] Request (ServersAdmin275Test:tearDownClass): 200 GET http://10.180.1.21:9696/networking/v2.0/security-groups?tenant_id=b2f2c3059f2d4a56b16cb163eff1ac7d&name=default 0.243s
2025-04-15 13:28:45.879 70054 INFO tempest.lib.common.rest_client [req-41137d1e-5e8e-4780-a381-199c206ac388 req-41137d1e-5e8e-4780-a381-199c206ac388 ] Request (TenantUsagesTestJSON:setUpClass): 200 GET http://10.180.1.21/compute/v2.1/servers/067561be-d2a7-4bba-9053-1091353849db 0.141s
2025-04-15 13:28:45.890 70054 INFO tempest.common.waiters [-] State transition "BUILD/spawning" ==> "ACTIVE/None" after 43 second wait
2025-04-15 13:28:45.939 70046 INFO tempest.lib.common.rest_client [req-a5f6d872-6add-4371-ad51-baf96e431bca req-a5f6d872-6add-4371-ad51-baf96e431bca ] Request (AttachVolumeNegativeTest:test_attach_attached_volume_to_different_server): 200 GET http://10.180.1.21/compute/v2.1/servers/5df02f54-5283-4379-a5f0-8e1123c0ab92 0.098s
2025-04-15 13:28:45.945 70038 INFO tempest.lib.common.rest_client [req-762deee1-d505-4485-a977-b3d83a148999 req-762deee1-d505-4485-a977-b3d83a148999 ] Request (ServersAdmin275Test:tearDownClass): 204 DELETE http://10.180.1.21:9696/networking/v2.0/security-groups/0cb91081-4b99-4ddb-9e87-1574d2219c2f 0.133s
2025-04-15 13:28:45.993 70050 INFO tempest.lib.common.rest_client [req-50056222-41e5-4c6b-81ff-3a3be489fc8d req-50056222-41e5-4c6b-81ff-3a3be489fc8d ] Request (ServerMetadataTestJSON:setUpClass): 200 GET http://10.180.1.21/compute/v2.1/servers/0484fec0-872b-45c3-92cf-5d855e5d3d03 0.113s
2025-04-15 13:28:46.025 70038 INFO tempest.lib.common.rest_client [req-83758218-82d7-4146-9073-c9ad5036c0b1 req-83758218-82d7-4146-9073-c9ad5036c0b1 ] Request (ServersAdmin275Test:tearDownClass): 204 DELETE http://10.180.1.21/identity/v3/projects/b2f2c3059f2d4a56b16cb163eff1ac7d 0.080s
2025-04-15 13:28:46.025 70038 INFO tempest.lib.common.dynamic_creds [-] Deleting project and security group for project: 61eb9ee438534c52a79e4aefc702dde5
2025-04-15 13:28:46.142 70034 INFO tempest.lib.common.rest_client [req-27956fda-17f6-4d5a-b644-d43e2488d871 req-27956fda-17f6-4d5a-b644-d43e2488d871 ] Request (InstanceActionsV221TestJSON:test_get_list_deleted_instance_actions): 202 POST http://10.180.1.21/compute/v2.1/servers 0.562s
