2025-04-15 13:27:47.148 70008 INFO tempest.lib.common.rest_client [req-f9d9371e-64f0-435b-b76b-0aaec8b23dc9 req-f9d9371e-64f0-435b-b76b-0aaec8b23dc9 ] Request (InstanceActionsNegativeTestJSON:test_list_instance_actions_non_existent_server): 404 GET http://10.180.1.21/compute/v2.1/servers/6c0532dd-a0ac-4fcf-85a1-20b0588f5828/os-instance-actions 0.829s
2025-04-15 13:27:47.169 70016 INFO tempest.lib.common.rest_client [req-905acc3a-8a79-45ce-8fbc-9723add0f679 req-905acc3a-8a79-45ce-8fbc-9723add0f679 ] Request (HostsAdminTestJSON:test_list_hosts_with_zone): 200 GET http://10.180.1.21/compute/v2.1/os-hosts 0.831s
2025-04-15 13:27:47.228 70028 INFO tempest.lib.common.rest_client [req-286221a8-0895-418e-aaaf-b47523d9d784 req-286221a8-0895-418e-aaaf-b47523d9d784 ] Request (KeyPairsV210TestJSON:test_admin_manage_keypairs_for_other_users): 201 POST http://10.180.1.21/compute/v2.1/os-keypairs 0.883s
2025-04-15 13:27:47.280 70030 INFO tempest.lib.common.rest_client [req-4f25bd9a-4fd6-4de0-bde5-838483b146bf req-4f25bd9a-4fd6-4de0-bde5-838483b146bf ] Request (SecurityGroupsTestAdminJSON:tearDownClass): 204 DELETE http://10.180.1.21/identity/v3/users/32fb1b2a36a84efe8cc531883bdb7854 0.160s
2025-04-15 13:27:47.339 70038 INFO tempest.lib.common.rest_client [req-ae7e297b-f99d-4181-a6b2-8b89471e2292 req-ae7e297b-f99d-4181-a6b2-8b89471e2292 ] Request (ServersAdmin275Test:test_rebuild_update_server_275): 200 GET http://10.180.1.21/compute/v2.1/servers/e2be96b0-8e10-4ea6-8dcb-cb26dcdcc4a6 0.938s
2025-04-15 13:27:47.359 70038 INFO tempest.common.waiters [-] State transition "REBUILD/rebuilding" ==> "REBUILD/rebuild_block_device_mapping" after 2 second wait
2025-04-15 13:27:47.364 70056 INFO tempest.lib.common.rest_client [req-a9e2784e-70c8-4ee8-84f1-49b0e0f9211f req-a9e2784e-70c8-4ee8-84f1-49b0e0f9211f ] Request (QuotaClassesAdminTestJSON:test_update_default_quotas): 200 GET http://10.180.1.21/compute/v2.1/os-quota-class-sets/default 0.827s
2025-04-15 13:27:47.402 70030 INFO tempest.lib.common.rest_client [req-68f126e3-6b86-4299-a076-77a008621239 req-68f126e3-6b86-4299-a076-77a008621239 ] Request (SecurityGroupsTestAdminJSON:tearDownClass): 204 DELETE http://10.180.1.21/identity/v3/users/ff1a83ecdc8f499f90987cf17b1b6ef6 0.122s
2025-04-15 13:27:47.402 70030 INFO tempest.lib.common.dynamic_creds [-] Deleting project and security group for project: 83c6a86e06bf4b67a28d7ab25fa542d8
2025-04-15 13:27:47.474 70030 INFO tempest.lib.common.rest_client [req-836735d9-3134-4c2c-98d7-63050596acdf req-836735d9-3134-4c2c-98d7-63050596acdf ] Request (SecurityGroupsTestAdminJSON:tearDownClass): 201 POST http://10.180.1.21/identity/v3/auth/tokens 0.072s
2025-04-15 13:27:47.527 69998 INFO tempest.lib.common.rest_client [req-2f0b3740-f2b5-47d2-a30f-1ba59c3981c7 req-2f0b3740-f2b5-47d2-a30f-1ba59c3981c7 ] Request (ValidationResourcesFixture:setUp): 201 POST http://10.180.1.21:9696/networking/v2.0/floatingips 0.824s
2025-04-15 13:27:47.582 70030 INFO tempest.lib.common.rest_client [req-baf798b2-1d13-42a0-8f57-f6f3319d0729 req-baf798b2-1d13-42a0-8f57-f6f3319d0729 ] Request (SecurityGroupsTestAdminJSON:tearDownClass): 200 GET http://10.180.1.21:9696/networking/v2.0/security-groups?tenant_id=83c6a86e06bf4b67a28d7ab25fa542d8&name=default 0.107s
2025-04-15 13:27:47.592 70012 INFO tempest.lib.common.rest_client [req-a26fbee7-e6a8-4576-8e75-b907983cec6a req-a26fbee7-e6a8-4576-8e75-b907983cec6a ] Request (VolumesAdminNegativeTest:test_update_attached_volume_with_nonexistent_volume_in_body): 202 POST http://10.180.1.21/compute/v2.1/servers 1.253s
2025-04-15 13:27:47.623 70014 INFO tempest.lib.common.rest_client [req-4b73b804-5d7d-4f74-a9a6-37421e9642b5 req-4b73b804-5d7d-4f74-a9a6-37421e9642b5 ] Request (QuotasAdminNegativeTest:test_create_server_when_cpu_quota_is_full): 200 PUT http://10.180.1.21/compute/v2.1/os-quota-sets/ede089afb7b64623b46d936581b71711 1.011s
2025-04-15 13:27:47.642 70046 INFO tempest.lib.common.rest_client [req-49718c24-5ada-41a4-80d9-e5c727f8e3fd req-49718c24-5ada-41a4-80d9-e5c727f8e3fd ] Request (FloatingIPsTestJSON:_run_cleanups): 404 DELETE http://10.180.1.21/compute/v2.1/os-floating-ips/a4ef9fa8-a383-42a7-8fd3-a536fc88396b 0.960s
2025-04-15 13:27:47.655 69998 INFO tempest.lib.common.rest_client [req-7f783505-caf3-477a-be06-14e72b2a9158 req-7f783505-caf3-477a-be06-14e72b2a9158 ] Request (ServersWithSpecificFlavorTestJSON:test_verify_created_server_ephemeral_disk): 201 POST http://10.180.1.21/identity/v3/auth/tokens 0.125s
2025-04-15 13:27:47.655 69998 INFO tempest.lib.common.fixed_network [-] (ServersWithSpecificFlavorTestJSON:test_verify_created_server_ephemeral_disk) Found network {'id': '74346e83-8af6-4d46-92c7-ceb80e41f890', 'name': 'tempest-ServersWithSpecificFlavorTestJSON-1637163645-network', 'tenant_id': 'ad8386f4f0334d6eb376f5ac4af2a102', 'admin_state_up': True, 'mtu': 8950, 'status': 'ACTIVE', 'subnets': [], 'shared': False, 'project_id': 'ad8386f4f0334d6eb376f5ac4af2a102', 'port_security_enabled': True, 'router:external': False, 'provider:network_type': 'vlan', 'provider:physical_network': 'default', 'provider:segmentation_id': 208, 'availability_zone_hints': [], 'availability_zones': [], 'ipv4_address_scope': None, 'ipv6_address_scope': None, 'description': '', 'tags': [], 'created_at': '2025-04-15T13:27:17Z', 'updated_at': '2025-04-15T13:27:17Z', 'revision_number': 1} available for tenant
2025-04-15 13:27:47.669 70042 INFO tempest.lib.common.rest_client [req-d6e5d2af-89ef-4d91-8e08-7be891fe0aba req-d6e5d2af-89ef-4d91-8e08-7be891fe0aba ] Request (ServerGroup264TestJSON:test_create_get_server_group): 200 GET http://10.180.1.21/compute/v2.1/os-server-groups 0.866s
2025-04-15 13:27:47.714 70014 INFO tempest.lib.common.rest_client [req-da6cf600-b85a-49de-8d01-40aff0052343 req-da6cf600-b85a-49de-8d01-40aff0052343 ] Request (QuotasAdminNegativeTest:test_create_server_when_cpu_quota_is_full): 201 POST http://10.180.1.21/identity/v3/auth/tokens 0.080s
2025-04-15 13:27:47.715 70014 INFO tempest.lib.common.fixed_network [-] (QuotasAdminNegativeTest:test_create_server_when_cpu_quota_is_full) Found network None available for tenant
2025-04-15 13:27:47.741 70030 INFO tempest.lib.common.rest_client [req-dce6c60d-8e44-4d74-a7d8-b646f740dfb9 req-dce6c60d-8e44-4d74-a7d8-b646f740dfb9 ] Request (SecurityGroupsTestAdminJSON:tearDownClass): 204 DELETE http://10.180.1.21:9696/networking/v2.0/security-groups/fbede96c-e2e1-4826-83f1-c021476d366b 0.158s
2025-04-15 13:27:47.805 70024 INFO tempest.lib.common.rest_client [req-e53c898f-8687-4d6a-8b26-dc452318b1e4 req-e53c898f-8687-4d6a-8b26-dc452318b1e4 ] Request (DeleteServersAdminTestJSON:test_admin_delete_servers_of_others): 200 GET http://10.180.1.21/compute/v2.1/servers/ef962b36-635f-491c-9182-6d2ec8b6ea58 1.001s
2025-04-15 13:27:47.842 70002 INFO tempest.lib.common.rest_client [req-c5bd2c3f-4a30-4421-971f-eb836baefa22 req-c5bd2c3f-4a30-4421-971f-eb836baefa22 ] Request (FlavorsAccessTestJSON:_run_cleanups): 200 GET http://10.180.1.21/compute/v2.1/flavors/detail 0.988s
2025-04-15 13:27:47.862 70022 INFO tempest.lib.common.rest_client [req-0f2b7b9d-7113-42c5-97fb-d2e15500d397 req-0f2b7b9d-7113-42c5-97fb-d2e15500d397 ] Request (SecurityGroupRulesTestJSON:test_security_group_rules_create_with_optional_group_id): 200 POST http://10.180.1.21/compute/v2.1/os-security-groups 1.028s
2025-04-15 13:27:47.863 70030 INFO tempest.lib.common.rest_client [req-a62216b2-a493-41f2-9929-e43f6cf94484 req-a62216b2-a493-41f2-9929-e43f6cf94484 ] Request (SecurityGroupsTestAdminJSON:tearDownClass): 204 DELETE http://10.180.1.21/identity/v3/projects/83c6a86e06bf4b67a28d7ab25fa542d8 0.121s
2025-04-15 13:27:47.864 70030 INFO tempest.lib.common.dynamic_creds [-] Deleting project and security group for project: 9c89cc7d077f4a09acac3f0462e0f57d
2025-04-15 13:27:47.884 70048 INFO tempest.lib.common.rest_client [req-a136f523-5592-4bb6-aa1b-c52fd494f530 req-a136f523-5592-4bb6-aa1b-c52fd494f530 ] Request (FlavorsExtraSpecsTestJSON:tearDownClass): 202 DELETE http://10.180.1.21/compute/v2.1/flavors/2002893534 1.016s
2025-04-15 13:27:47.892 70050 INFO tempest.lib.common.rest_client [req-8656687b-0837-499f-b728-88e73e3e64ca req-8656687b-0837-499f-b728-88e73e3e64ca ] Request (HostsAdminNegativeTestJSON:test_update_host_with_non_admin_user): 403 PUT http://10.180.1.21/compute/v2.1/os-hosts/devstack 1.020s
2025-04-15 13:27:47.899 70026 INFO tempest.lib.common.rest_client [req-6b02738a-b9b2-400f-921b-5fd53dfae030 req-6b02738a-b9b2-400f-921b-5fd53dfae030 ] Request (FlavorsExtraSpecsNegativeTestJSON:test_flavor_update_mismatch_key): 400 PUT http://10.180.1.21/compute/v2.1/flavors/722107986/os-extra_specs/hw:numa_nodes 1.015s
2025-04-15 13:27:47.920 70004 INFO tempest.lib.common.rest_client [req-d27cb6c9-6bec-4d06-a935-e85a29f2a0f0 req-d27cb6c9-6bec-4d06-a935-e85a29f2a0f0 ] Request (ImagesTestJSON:test_create_image_from_stopped_server): 200 GET http://10.180.1.21/compute/v2.1/servers/62fa0b0e-ea00-43db-ab56-6690a625af50 1.065s
2025-04-15 13:27:47.924 70021 INFO tempest.lib.common.rest_client [req-d0e68bec-bc19-43bb-bb0c-70967de0da4c req-d0e68bec-bc19-43bb-bb0c-70967de0da4c ] Request (FlavorsAccessNegativeTestJSON:_run_cleanups): 200 GET http://10.180.1.21/compute/v2.1/flavors/detail 1.024s
2025-04-15 13:27:47.927 70018 INFO tempest.lib.common.rest_client [req-de088565-2344-41bb-9eb7-d17a4304edf5 req-de088565-2344-41bb-9eb7-d17a4304edf5 ] Request (AggregatesAdminNegativeTestJSON:test_aggregate_create_aggregate_name_length_exceeds_255): 400 POST http://10.180.1.21/compute/v2.1/os-aggregates 1.004s
2025-04-15 13:27:47.976 70002 INFO tempest.lib.common.rest_client [req-fc3d6f29-af19-49ab-a233-b5c9126b4e2f req-fc3d6f29-af19-49ab-a233-b5c9126b4e2f ] Request (FlavorsAccessTestJSON:tearDownClass): 204 DELETE http://10.180.1.21/identity/v3/users/0c7890cebaf3471ab6da12f3ad45d250 0.123s
2025-04-15 13:27:48.060 70044 INFO tempest.lib.common.rest_client [req-98049f2b-d6c1-4728-9587-3ecccee853ad req-98049f2b-d6c1-4728-9587-3ecccee853ad ] Request (SecurityGroupsNegativeTestJSON:test_delete_the_default_security_group): 400 DELETE http://10.180.1.21/compute/v2.1/os-security-groups/8f117aaa-c727-4ebb-a74e-831a280e80ce 0.990s
2025-04-15 13:27:48.068 70030 INFO tempest.lib.common.rest_client [req-4948a858-df5b-4a1b-a619-ff78a6d505cd req-4948a858-df5b-4a1b-a619-ff78a6d505cd ] Request (SecurityGroupsTestAdminJSON:tearDownClass): 200 GET http://10.180.1.21:9696/networking/v2.0/security-groups?tenant_id=9c89cc7d077f4a09acac3f0462e0f57d&name=default 0.203s
2025-04-15 13:27:48.110 70032 INFO tempest.lib.common.rest_client [req-4cc3e9a6-5fe4-417a-8578-3b0cf3bbf29b req-4cc3e9a6-5fe4-417a-8578-3b0cf3bbf29b ] Request (ServerDiagnosticsV248Test:test_get_server_diagnostics): 200 GET http://10.180.1.21/compute/v2.1/servers/d75472ff-5fce-4d5b-b46d-1bcac9e5309f 1.072s
2025-04-15 13:27:48.111 70002 INFO tempest.lib.common.rest_client [req-ee7b93e3-01e9-4ea5-a113-c0ddaf1c29a7 req-ee7b93e3-01e9-4ea5-a113-c0ddaf1c29a7 ] Request (FlavorsAccessTestJSON:tearDownClass): 204 DELETE http://10.180.1.21/identity/v3/users/ce812fc9c281455b82702db2becf3267 0.135s
2025-04-15 13:27:48.111 70002 INFO tempest.lib.common.dynamic_creds [-] Deleting project and security group for project: 4e7e157fa4bf40208cb79a145d2a579c
2025-04-15 13:27:48.117 69994 INFO tempest.lib.common.rest_client [req-b8ec2986-9563-4188-88ee-fe9d2277044d req-b8ec2986-9563-4188-88ee-fe9d2277044d ] Request (HypervisorAdminNegativeTestJSON:test_show_hypervisor_with_non_admin_user): 403 GET http://10.180.1.21/compute/v2.1/os-hypervisors/1 0.975s
2025-04-15 13:27:48.186 70002 INFO tempest.lib.common.rest_client [req-3e6175db-fc5b-4499-8145-1bb5921e44aa req-3e6175db-fc5b-4499-8145-1bb5921e44aa ] Request (FlavorsAccessTestJSON:tearDownClass): 201 POST http://10.180.1.21/identity/v3/auth/tokens 0.074s
2025-04-15 13:27:48.276 70008 INFO tempest.lib.common.rest_client [req-c56f9e2e-1ecc-447e-bf83-e829ce852c5c req-c56f9e2e-1ecc-447e-bf83-e829ce852c5c ] Request (InstanceActionsNegativeTestJSON:tearDownClass): 204 DELETE http://10.180.1.21/compute/v2.1/servers/d53fbbf6-c496-47a6-b4c1-3b466630b30b 1.127s
2025-04-15 13:27:48.302 70016 INFO tempest.lib.common.rest_client [req-096bebb4-a4b8-4f1b-9877-db7971fec717 req-096bebb4-a4b8-4f1b-9877-db7971fec717 ] Request (HostsAdminTestJSON:test_list_hosts_with_zone): 200 GET http://10.180.1.21/compute/v2.1/os-hosts?zone=internal 1.132s
2025-04-15 13:27:48.375 70000 INFO tempest.lib.common.rest_client [req-0a3ae3c5-68ea-4661-83cc-afc14cea2236 req-0a3ae3c5-68ea-4661-83cc-afc14cea2236 ] Request (ServersAdminTestJSON:setUpClass): 200 GET http://10.180.1.21/compute/v2.1/servers/a97560ec-5ca3-4e30-88f2-1e767ebcdeb9 1.181s
2025-04-15 13:27:48.386 70000 INFO tempest.common.waiters [-] State transition "BUILD/None" ==> "BUILD/networking" after 11 second wait
2025-04-15 13:27:48.472 70002 INFO tempest.lib.common.rest_client [req-b3a55283-cab4-4f05-8cbf-1ac028cb606c req-b3a55283-cab4-4f05-8cbf-1ac028cb606c ] Request (FlavorsAccessTestJSON:tearDownClass): 200 GET http://10.180.1.21:9696/networking/v2.0/security-groups?tenant_id=4e7e157fa4bf40208cb79a145d2a579c&name=default 0.285s
2025-04-15 13:27:48.489 70040 INFO tempest.lib.common.rest_client [req-f7fb3e57-9709-40ad-b782-c652e126d182 req-f7fb3e57-9709-40ad-b782-c652e126d182 ] Request (ServersAdminNegativeTestJSON:setUpClass): 200 GET http://10.180.1.21/compute/v2.1/servers/52336a80-7d44-4da9-95cd-b810f96a0f71 1.358s
2025-04-15 13:27:48.510 70028 INFO tempest.lib.common.rest_client [req-31169541-2b97-4ec5-a526-1c35a99dc691 req-31169541-2b97-4ec5-a526-1c35a99dc691 ] Request (KeyPairsV210TestJSON:test_admin_manage_keypairs_for_other_users): 200 GET http://10.180.1.21/compute/v2.1/os-keypairs?user_id=a5a3f89a519146f4bdce785c47fa388f 1.280s
2025-04-15 13:27:48.522 70030 INFO tempest.lib.common.rest_client [req-2907f09d-aa6d-4b18-bd1a-20f4a8851878 req-2907f09d-aa6d-4b18-bd1a-20f4a8851878 ] Request (SecurityGroupsTestAdminJSON:tearDownClass): 204 DELETE http://10.180.1.21:9696/networking/v2.0/security-groups/eed6a6be-371e-4dab-8ac4-115b62065a73 0.454s
2025-04-15 13:27:48.581 70006 INFO tempest.lib.common.rest_client [req-9db1a4e8-6e3c-47d4-9ff0-df3c4856cdc7 req-9db1a4e8-6e3c-47d4-9ff0-df3c4856cdc7 ] Request (ServersV294TestFqdnHostnames:setUpClass): 200 GET http://10.180.1.21/compute/v2.1/servers/06b16f93-afb2-4c94-92b6-1afeffaf2f85 1.316s
2025-04-15 13:27:48.612 70030 INFO tempest.lib.common.rest_client [req-3cb5d80a-52e6-4566-9cbb-ab7b383089bc req-3cb5d80a-52e6-4566-9cbb-ab7b383089bc ] Request (SecurityGroupsTestAdminJSON:tearDownClass): 204 DELETE http://10.180.1.21/identity/v3/projects/9c89cc7d077f4a09acac3f0462e0f57d 0.085s
2025-04-15 13:27:48.634 70052 INFO tempest.lib.common.rest_client [req-9f7d8c0e-f9cc-4c89-b494-4bef7527a125 req-9f7d8c0e-f9cc-4c89-b494-4bef7527a125 ] Request (ServersTestFqdnHostnames:test_create_server_with_fqdn_name): 200 GET http://10.180.1.21/compute/v2.1/servers/74028c39-0858-48ca-aee8-18b66c99b242 1.415s
2025-04-15 13:27:48.662 70002 INFO tempest.lib.common.rest_client [req-bb01b1f7-5aac-4a86-96b0-c78a1e7d0bc9 req-bb01b1f7-5aac-4a86-96b0-c78a1e7d0bc9 ] Request (FlavorsAccessTestJSON:tearDownClass): 204 DELETE http://10.180.1.21:9696/networking/v2.0/security-groups/fe7aecfa-2a0d-412d-b7d7-4e8467851f24 0.189s
2025-04-15 13:27:48.721 70030 INFO tempest.lib.common.rest_client [req-1d1e669a-eac2-4d23-93e7-c9d43711f4b8 req-1d1e669a-eac2-4d23-93e7-c9d43711f4b8 ] Request (ServerDiagnosticsNegativeTest:setUpClass): 201 POST http://10.180.1.21/identity/v3/auth/tokens 0.106s
2025-04-15 13:27:48.729 70012 INFO tempest.lib.common.rest_client [req-61b3d0ff-d70b-461e-9f2b-a7ee113afeb7 req-61b3d0ff-d70b-461e-9f2b-a7ee113afeb7 ] Request (VolumesAdminNegativeTest:test_update_attached_volume_with_nonexistent_volume_in_body): 200 GET http://10.180.1.21/compute/v2.1/servers/c3073008-f9d2-4bf4-ac0d-bff7d6627d3d 1.136s
2025-04-15 13:27:48.731 70056 INFO tempest.lib.common.rest_client [req-f0160794-9d3c-4df2-8d2b-f3bd329a3b5c req-f0160794-9d3c-4df2-8d2b-f3bd329a3b5c ] Request (QuotaClassesAdminTestJSON:_run_cleanups): 200 PUT http://10.180.1.21/compute/v2.1/os-quota-class-sets/default 1.363s
2025-04-15 13:27:48.759 70030 INFO tempest.lib.common.rest_client [req-b85aec59-b5e1-4f4f-964f-a663fa255eec req-b85aec59-b5e1-4f4f-964f-a663fa255eec ] Request (ServerDiagnosticsNegativeTest:setUpClass): 201 POST http://10.180.1.21/identity/v3/auth/tokens 0.035s
2025-04-15 13:27:48.820 70002 INFO tempest.lib.common.rest_client [req-9e3da207-e01b-4349-9059-9c2296487988 req-9e3da207-e01b-4349-9059-9c2296487988 ] Request (FlavorsAccessTestJSON:tearDownClass): 204 DELETE http://10.180.1.21/identity/v3/projects/4e7e157fa4bf40208cb79a145d2a579c 0.158s
2025-04-15 13:27:48.820 70002 INFO tempest.lib.common.dynamic_creds [-] Deleting project and security group for project: ffcd7776324f46688b583c43e8a869d6
2025-04-15 13:27:48.848 70030 INFO tempest.lib.common.rest_client [req-f3ba6bab-2549-4c69-b6f7-87489b5c1515 req-f3ba6bab-2549-4c69-b6f7-87489b5c1515 ] Request (ServerDiagnosticsNegativeTest:setUpClass): 200 GET http://10.180.1.21/identity/v3/domains?name=Default 0.088s
2025-04-15 13:27:48.879 70056 INFO tempest.lib.common.rest_client [req-6148ead2-fe9d-4aaf-a940-00c50ff6d94f req-6148ead2-fe9d-4aaf-a940-00c50ff6d94f ] Request (QuotaClassesAdminTestJSON:tearDownClass): 204 DELETE http://10.180.1.21/identity/v3/users/0f7f72d30b514e5cb2663f53c5ac9fd1 0.142s
2025-04-15 13:27:48.925 70030 INFO tempest.lib.common.rest_client [req-905d63f6-90b2-49ad-a306-ed3081c8d067 req-905d63f6-90b2-49ad-a306-ed3081c8d067 ] Request (ServerDiagnosticsNegativeTest:setUpClass): 201 POST http://10.180.1.21/identity/v3/projects 0.077s
2025-04-15 13:27:48.933 70010 INFO tempest.lib.common.rest_client [req-ce2296ef-bb64-4302-9ed8-47c2209ea5c0 req-ce2296ef-bb64-4302-9ed8-47c2209ea5c0 ] Request (ImagesNegativeTestJSON:test_create_image_from_deleted_server): 200 GET http://10.180.1.21/compute/v2.1/servers/e016fdbe-7de5-4e2a-bbff-ab08a79f9503 1.338s
2025-04-15 13:27:48.994 70002 INFO tempest.lib.common.rest_client [req-9a8bd4c5-c1c2-4484-8b67-3c2978aa53fd req-9a8bd4c5-c1c2-4484-8b67-3c2978aa53fd ] Request (FlavorsAccessTestJSON:tearDownClass): 200 GET http://10.180.1.21:9696/networking/v2.0/security-groups?tenant_id=ffcd7776324f46688b583c43e8a869d6&name=default 0.173s
2025-04-15 13:27:49.000 70030 INFO tempest.lib.common.rest_client [req-eeb76a2c-66b9-4f49-8e57-1ce1a24c51cd req-eeb76a2c-66b9-4f49-8e57-1ce1a24c51cd ] Request (ServerDiagnosticsNegativeTest:setUpClass): 201 POST http://10.180.1.21/identity/v3/users 0.074s
2025-04-15 13:27:49.007 70036 INFO tempest.lib.common.rest_client [req-176cc45d-4e0c-415f-a097-5afc2a16765f req-176cc45d-4e0c-415f-a097-5afc2a16765f ] Request (ServerActionsTestJSON:setUpClass): 200 GET http://10.180.1.21/compute/v2.1/servers/fe2fdbe6-1251-4f8c-82f1-f0b3467b78d7 1.340s
2025-04-15 13:27:49.018 70056 INFO tempest.lib.common.rest_client [req-d3cdc3e8-5ed6-485c-9f3c-53dfaf993190 req-d3cdc3e8-5ed6-485c-9f3c-53dfaf993190 ] Request (QuotaClassesAdminTestJSON:tearDownClass): 204 DELETE http://10.180.1.21/identity/v3/users/96c900ff74b940838c2bc5776f619d3d 0.139s
2025-04-15 13:27:49.019 70056 INFO tempest.lib.common.dynamic_creds [-] Deleting project and security group for project: de2839f2898c40a88548e040a846300e
2025-04-15 13:27:49.030 70042 INFO tempest.lib.common.rest_client [req-772655d9-5af1-405c-9e17-5ff788a14b1c req-772655d9-5af1-405c-9e17-5ff788a14b1c ] Request (ServerGroup264TestJSON:test_create_get_server_group): 200 GET http://10.180.1.21/compute/v2.1/os-server-groups/c971507f-6f83-40fd-b6c7-8db5e337b689 1.356s
2025-04-15 13:27:49.067 70030 INFO tempest.lib.common.rest_client [req-6d47b4b9-85d3-42a4-b1eb-5f5a895ddb3e req-6d47b4b9-85d3-42a4-b1eb-5f5a895ddb3e ] Request (ServerDiagnosticsNegativeTest:setUpClass): 200 GET http://10.180.1.21/identity/v3/roles 0.066s
2025-04-15 13:27:49.072 70002 INFO tempest.lib.common.rest_client [req-f5a0e921-40f4-42fa-aca2-5ecbb16d5f92 req-f5a0e921-40f4-42fa-aca2-5ecbb16d5f92 ] Request (FlavorsAccessTestJSON:tearDownClass): 204 DELETE http://10.180.1.21:9696/networking/v2.0/security-groups/c7caddcc-b668-4700-9ab6-5ace6adf8d99 0.078s
2025-04-15 13:27:49.084 70056 INFO tempest.lib.common.rest_client [req-751901a9-c1ee-43bd-9ca7-8ef2c10bc5d2 req-751901a9-c1ee-43bd-9ca7-8ef2c10bc5d2 ] Request (QuotaClassesAdminTestJSON:tearDownClass): 201 POST http://10.180.1.21/identity/v3/auth/tokens 0.065s
2025-04-15 13:27:49.111 70030 INFO tempest.lib.common.rest_client [req-70162e3c-3408-48b8-a5a1-033eb61d1173 req-70162e3c-3408-48b8-a5a1-033eb61d1173 ] Request (ServerDiagnosticsNegativeTest:setUpClass): 204 PUT http://10.180.1.21/identity/v3/projects/dbab17aa212d489090bb1553c10497a3/users/9761c55e31d74459a6dd8bbe324c8e55/roles/afcb054be7c54672919ef525958934af 0.044s
2025-04-15 13:27:49.111 70030 INFO tempest.lib.common.dynamic_creds [-] Dynamic test user 9761c55e31d74459a6dd8bbe324c8e55 is created with scope project and roles: ['member']
2025-04-15 13:27:49.112 70030 INFO tempest.lib.common.dynamic_creds [-] Acquired dynamic creds: credentials: Credentials: {'domain_id': 'default', 'domain_name': 'Default', 'username': 'tempest-ServerDiagnosticsNegativeTest-1045932798-project-member', 'project_domain_id': 'default', 'project_domain_name': 'Default', 'project_id': 'dbab17aa212d489090bb1553c10497a3', 'project_name': 'tempest-ServerDiagnosticsNegativeTest-1045932798', 'tenant_id': 'dbab17aa212d489090bb1553c10497a3', 'tenant_name': 'tempest-ServerDiagnosticsNegativeTest-1045932798', 'user_domain_id': 'default', 'user_domain_name': 'Default', 'user_id': '9761c55e31d74459a6dd8bbe324c8e55', 'system': None}, Network: None, Subnet: None, Router: None
2025-04-15 13:27:49.114 70030 INFO tempest.lib.common.dynamic_creds [-] Created isolated network resources for: credentials: Credentials: {'domain_id': 'default', 'domain_name': 'Default', 'username': 'tempest-ServerDiagnosticsNegativeTest-1045932798-project-member', 'project_domain_id': 'default', 'project_domain_name': 'Default', 'project_id': 'dbab17aa212d489090bb1553c10497a3', 'project_name': 'tempest-ServerDiagnosticsNegativeTest-1045932798', 'tenant_id': 'dbab17aa212d489090bb1553c10497a3', 'tenant_name': 'tempest-ServerDiagnosticsNegativeTest-1045932798', 'user_domain_id': 'default', 'user_domain_name': 'Default', 'user_id': '9761c55e31d74459a6dd8bbe324c8e55', 'system': None}, Network: None, Subnet: None, Router: None
2025-04-15 13:27:49.201 70002 INFO tempest.lib.common.rest_client [req-bee52348-8ce1-4007-be59-08e03a14f8e8 req-bee52348-8ce1-4007-be59-08e03a14f8e8 ] Request (FlavorsAccessTestJSON:tearDownClass): 204 DELETE http://10.180.1.21/identity/v3/projects/ffcd7776324f46688b583c43e8a869d6 0.128s
2025-04-15 13:27:49.202 70002 INFO tempest.test [-] raised in LiveMigrationTest.setUpClass. Invoking tearDownClass.
2025-04-15 13:27:49.270 70030 INFO tempest.lib.common.rest_client [req-86ea6fc1-4c54-4be6-b168-7b350b221e54 req-86ea6fc1-4c54-4be6-b168-7b350b221e54 ] Request (ServerDiagnosticsNegativeTest:setUpClass): 201 POST http://10.180.1.21/identity/v3/auth/tokens 0.149s
2025-04-15 13:27:49.302 70002 INFO tempest.lib.common.rest_client [req-97464457-6d76-4251-a4b4-8d23560b64a4 req-97464457-6d76-4251-a4b4-8d23560b64a4 ] Request (FloatingIPDetailsTestJSON:setUpClass): 201 POST http://10.180.1.21/identity/v3/auth/tokens 0.097s
2025-04-15 13:27:49.325 70030 INFO tempest.lib.common.rest_client [req-ce0b9438-cc39-4709-afa3-ac2fda28b527 req-ce0b9438-cc39-4709-afa3-ac2fda28b527 ] Request (ServerDiagnosticsNegativeTest:setUpClass): 201 POST http://10.180.1.21/identity/v3/projects 0.055s
2025-04-15 13:27:49.387 70046 INFO tempest.lib.common.rest_client [req-6e4d6618-cdf0-49ab-81c6-3733cd12c4b1 req-6e4d6618-cdf0-49ab-81c6-3733cd12c4b1 ] Request (FloatingIPsTestJSON:tearDownClass): 200 PUT http://10.180.1.21:9696/networking/v2.0/routers/89a7d185-e2ab-4a5d-a59a-978a7034ca64/remove_router_interface 1.742s
2025-04-15 13:27:49.387 70002 INFO tempest.lib.common.rest_client [req-432b7067-cb39-4c61-9d46-0bd41cbc6822 req-432b7067-cb39-4c61-9d46-0bd41cbc6822 ] Request (FloatingIPDetailsTestJSON:setUpClass): 201 POST http://10.180.1.21/identity/v3/auth/tokens 0.082s
2025-04-15 13:27:49.395 70030 INFO tempest.lib.common.rest_client [req-7ff5e790-5269-4350-ad0b-b0c6886f7d72 req-7ff5e790-5269-4350-ad0b-b0c6886f7d72 ] Request (ServerDiagnosticsNegativeTest:setUpClass): 201 POST http://10.180.1.21/identity/v3/users 0.069s
2025-04-15 13:27:49.419 70030 INFO tempest.lib.common.rest_client [req-cb08409b-91fe-4358-9d4c-40bef945ecd8 req-cb08409b-91fe-4358-9d4c-40bef945ecd8 ] Request (ServerDiagnosticsNegativeTest:setUpClass): 200 GET http://10.180.1.21/identity/v3/roles 0.024s
2025-04-15 13:27:49.422 70002 INFO tempest.lib.common.rest_client [req-580cfd17-56f7-4fdf-a258-308e62a16238 req-580cfd17-56f7-4fdf-a258-308e62a16238 ] Request (FloatingIPDetailsTestJSON:setUpClass): 200 GET http://10.180.1.21/identity/v3/domains?name=Default 0.035s
2025-04-15 13:27:49.425 70014 INFO tempest.lib.common.rest_client [req-7c82f421-13c6-466c-bbdc-a982c1edafc0 req-7c82f421-13c6-466c-bbdc-a982c1edafc0 ] Request (QuotasAdminNegativeTest:test_create_server_when_cpu_quota_is_full): 403 POST http://10.180.1.21/compute/v2.1/servers 1.708s
2025-04-15 13:27:49.453 69998 INFO tempest.lib.common.rest_client [req-514ad4f7-2e00-46a9-bccb-16f8ad47e2ab req-514ad4f7-2e00-46a9-bccb-16f8ad47e2ab ] Request (ServersWithSpecificFlavorTestJSON:test_verify_created_server_ephemeral_disk): 202 POST http://10.180.1.21/compute/v2.1/servers 1.797s
2025-04-15 13:27:49.464 70030 INFO tempest.lib.common.rest_client [req-a6b8f3a9-57fe-4d6b-a6b6-1be246bdb404 req-a6b8f3a9-57fe-4d6b-a6b6-1be246bdb404 ] Request (ServerDiagnosticsNegativeTest:setUpClass): 204 PUT http://10.180.1.21/identity/v3/projects/4e566e40f1474d63923ffa77ad807151/users/3489d82cfa5349818e6b0657169a3dae/roles/a3e7ec526dc6461f81abd818cce52bb0 0.044s
2025-04-15 13:27:49.471 70002 INFO tempest.lib.common.rest_client [req-484b07cf-e7a3-40f9-8193-eb13799e2bad req-484b07cf-e7a3-40f9-8193-eb13799e2bad ] Request (FloatingIPDetailsTestJSON:setUpClass): 201 POST http://10.180.1.21/identity/v3/projects 0.048s
2025-04-15 13:27:49.483 70048 INFO tempest.lib.common.rest_client [req-5db9bb0a-6923-4d55-a6cd-23400a05b3b2 req-5db9bb0a-6923-4d55-a6cd-23400a05b3b2 ] Request (FlavorsExtraSpecsTestJSON:tearDownClass): 200 GET http://10.180.1.21/compute/v2.1/flavors/detail 1.598s
2025-04-15 13:27:49.493 70050 INFO tempest.lib.common.rest_client [req-e80a6f77-32a1-4d2c-8803-254ec6ddadce req-e80a6f77-32a1-4d2c-8803-254ec6ddadce ] Request (HostsAdminNegativeTestJSON:test_update_host_without_param): 400 PUT http://10.180.1.21/compute/v2.1/os-hosts/devstack 1.600s
2025-04-15 13:27:49.502 70026 INFO tempest.lib.common.rest_client [req-5cf5b351-c6e3-44ea-aa68-c5c0ff633636 req-5cf5b351-c6e3-44ea-aa68-c5c0ff633636 ] Request (FlavorsExtraSpecsNegativeTestJSON:test_flavor_update_more_key): 400 PUT http://10.180.1.21/compute/v2.1/flavors/722107986/os-extra_specs/hw:numa_nodes 1.600s
2025-04-15 13:27:49.507 70018 INFO tempest.lib.common.rest_client [req-acbeb4e7-8d4f-4211-8fd6-af8b2f684525 req-acbeb4e7-8d4f-4211-8fd6-af8b2f684525 ] Request (AggregatesAdminNegativeTestJSON:test_aggregate_create_aggregate_name_length_less_than_1): 400 POST http://10.180.1.21/compute/v2.1/os-aggregates 1.579s
2025-04-15 13:27:49.531 70021 INFO tempest.lib.common.rest_client [req-7fd89716-9b67-4134-94ab-e0bd08043f71 req-7fd89716-9b67-4134-94ab-e0bd08043f71 ] Request (FlavorsAccessNegativeTestJSON:test_flavor_non_admin_remove): 200 POST http://10.180.1.21/compute/v2.1/flavors 1.598s
2025-04-15 13:27:49.600 70030 INFO tempest.lib.common.rest_client [req-a7350600-6eea-4ff2-83be-931166214cae req-a7350600-6eea-4ff2-83be-931166214cae ] Request (ServerDiagnosticsNegativeTest:setUpClass): 200 GET http://10.180.1.21/identity/v3/roles 0.135s
2025-04-15 13:27:49.608 70002 INFO tempest.lib.common.rest_client [req-5c3d5907-c900-4fc0-a211-c215a098b821 req-5c3d5907-c900-4fc0-a211-c215a098b821 ] Request (FloatingIPDetailsTestJSON:setUpClass): 201 POST http://10.180.1.21/identity/v3/users 0.136s
2025-04-15 13:27:49.636 70056 INFO tempest.lib.common.rest_client [req-1b95ca04-2b61-4509-be07-215ac3dd8277 req-1b95ca04-2b61-4509-be07-215ac3dd8277 ] Request (QuotaClassesAdminTestJSON:tearDownClass): 200 GET http://10.180.1.21:9696/networking/v2.0/security-groups?tenant_id=de2839f2898c40a88548e040a846300e&name=default 0.552s
2025-04-15 13:27:49.636 70030 INFO tempest.lib.common.rest_client [req-5c14f7b6-041a-4a46-a095-ad912e2ad8dd req-5c14f7b6-041a-4a46-a095-ad912e2ad8dd ] Request (ServerDiagnosticsNegativeTest:setUpClass): 204 PUT http://10.180.1.21/identity/v3/projects/4e566e40f1474d63923ffa77ad807151/users/3489d82cfa5349818e6b0657169a3dae/roles/a3e7ec526dc6461f81abd818cce52bb0 0.036s
2025-04-15 13:27:49.637 70030 INFO tempest.lib.common.dynamic_creds [-] Dynamic test user 3489d82cfa5349818e6b0657169a3dae is created with scope project and roles: ['admin']
2025-04-15 13:27:49.637 70030 INFO tempest.lib.common.dynamic_creds [-] Acquired dynamic creds: credentials: Credentials: {'domain_id': 'default', 'domain_name': 'Default', 'username': 'tempest-ServerDiagnosticsNegativeTest-1839822623-project-admin', 'project_domain_id': 'default', 'project_domain_name': 'Default', 'project_id': '4e566e40f1474d63923ffa77ad807151', 'project_name': 'tempest-ServerDiagnosticsNegativeTest-1839822623', 'tenant_id': '4e566e40f1474d63923ffa77ad807151', 'tenant_name': 'tempest-ServerDiagnosticsNegativeTest-1839822623', 'user_domain_id': 'default', 'user_domain_name': 'Default', 'user_id': '3489d82cfa5349818e6b0657169a3dae', 'system': None}, Network: None, Subnet: None, Router: None
2025-04-15 13:27:49.637 70030 INFO tempest.lib.common.dynamic_creds [-] Created isolated network resources for: credentials: Credentials: {'domain_id': 'default', 'domain_name': 'Default', 'username': 'tempest-ServerDiagnosticsNegativeTest-1839822623-project-admin', 'project_domain_id': 'default', 'project_domain_name': 'Default', 'project_id': '4e566e40f1474d63923ffa77ad807151', 'project_name': 'tempest-ServerDiagnosticsNegativeTest-1839822623', 'tenant_id': '4e566e40f1474d63923ffa77ad807151', 'tenant_name': 'tempest-ServerDiagnosticsNegativeTest-1839822623', 'user_domain_id': 'default', 'user_domain_name': 'Default', 'user_id': '3489d82cfa5349818e6b0657169a3dae', 'system': None}, Network: None, Subnet: None, Router: None
2025-04-15 13:27:49.646 69996 INFO tempest.lib.common.rest_client [req-3eeda915-86c9-47bd-9338-6c3a4de670b5 req-3eeda915-86c9-47bd-9338-6c3a4de670b5 ] Request (VolumesAssistedSnapshotsTest:test_volume_assisted_snapshot_create_delete): 200 GET http://10.180.1.21/compute/v2.1/servers/bd00baad-1cf3-4eb3-bb3a-5763f87364ca 1.661s
2025-04-15 13:27:49.677 70022 INFO tempest.lib.common.rest_client [req-c165c7e6-2781-4c37-aceb-5d8b28d7be07 req-c165c7e6-2781-4c37-aceb-5d8b28d7be07 ] Request (SecurityGroupRulesTestJSON:test_security_group_rules_create_with_optional_group_id): 200 POST http://10.180.1.21/compute/v2.1/os-security-groups 1.809s
2025-04-15 13:27:49.681 69994 INFO tempest.lib.common.rest_client [req-5305b081-1aab-4437-8522-b8b5341e2b3e req-5305b081-1aab-4437-8522-b8b5341e2b3e ] Request (HypervisorAdminNegativeTestJSON:test_show_nonexistent_hypervisor): 404 GET http://10.180.1.21/compute/v2.1/os-hypervisors/37d54e64-99f8-463e-8825-a28d65ef9dfa 1.562s
2025-04-15 13:27:49.692 70044 INFO tempest.lib.common.rest_client [req-89197b20-9275-4f43-ac08-f17496600a3c req-89197b20-9275-4f43-ac08-f17496600a3c ] Request (SecurityGroupsNegativeTestJSON:test_security_group_get_nonexistent_group): 404 GET http://10.180.1.21/compute/v2.1/os-security-groups/a861b2dd-2ecf-4776-b6bf-31e9a4edd36b 1.628s
2025-04-15 13:27:49.701 70048 INFO tempest.lib.common.rest_client [req-23e6518f-11ff-48af-af61-de0767caebba req-23e6518f-11ff-48af-af61-de0767caebba ] Request (FlavorsExtraSpecsTestJSON:tearDownClass): 204 DELETE http://10.180.1.21/identity/v3/users/b188dcf6e9c94a5b97d0d292f3a57c41 0.203s
2025-04-15 13:27:49.810 70030 INFO tempest.lib.common.rest_client [req-3d482e96-c084-4827-8153-f58de6aaeefc req-3d482e96-c084-4827-8153-f58de6aaeefc ] Request (ServerDiagnosticsNegativeTest:setUpClass): 201 POST http://10.180.1.21/identity/v3/auth/tokens 0.166s
2025-04-15 13:27:49.822 70002 INFO tempest.lib.common.rest_client [req-e6533bec-9d3b-4532-ae58-aec1768b76c4 req-e6533bec-9d3b-4532-ae58-aec1768b76c4 ] Request (FloatingIPDetailsTestJSON:setUpClass): 200 GET http://10.180.1.21/identity/v3/roles 0.213s
2025-04-15 13:27:49.826 70034 INFO tempest.lib.common.rest_client [req-25415a35-0ae5-4e6b-a866-70672fa2f8de req-25415a35-0ae5-4e6b-a866-70672fa2f8de ] Request (ServerDiagnosticsTest:test_get_server_diagnostics): 200 GET http://10.180.1.21/compute/v2.1/servers/6c894749-c374-4b27-87c7-bc4368920511 1.675s
2025-04-15 13:27:49.863 70016 INFO tempest.lib.common.rest_client [req-589c9920-a42e-4860-aa6c-c90e9b18d02c req-589c9920-a42e-4860-aa6c-c90e9b18d02c ] Request (HostsAdminTestJSON:test_show_host_detail): 200 GET http://10.180.1.21/compute/v2.1/os-hosts 1.557s
2025-04-15 13:27:49.903 69994 INFO tempest.lib.common.rest_client [req-5f05957c-cbae-4103-90b1-1ed3c9ca5276 req-5f05957c-cbae-4103-90b1-1ed3c9ca5276 ] Request (HypervisorAdminNegativeTestJSON:tearDownClass): 204 DELETE http://10.180.1.21/identity/v3/users/4d1254179416478fab94602134602104 0.220s
2025-04-15 13:27:49.926 70048 INFO tempest.lib.common.rest_client [req-ccb1493a-de91-4c85-827e-55907f60203a req-ccb1493a-de91-4c85-827e-55907f60203a ] Request (FlavorsExtraSpecsTestJSON:tearDownClass): 204 DELETE http://10.180.1.21/identity/v3/users/a4b4a98753bf4dd3bd2aa8632d1515ba 0.225s
2025-04-15 13:27:49.926 70048 INFO tempest.lib.common.dynamic_creds [-] Deleting project and security group for project: f07bb0dcae6c43a7b7c7e1419f033e12
2025-04-15 13:27:49.952 70056 INFO tempest.lib.common.rest_client [req-8e3d5314-4ff5-479e-91bd-0b8f8f048a0d req-8e3d5314-4ff5-479e-91bd-0b8f8f048a0d ] Request (QuotaClassesAdminTestJSON:tearDownClass): 204 DELETE http://10.180.1.21:9696/networking/v2.0/security-groups/2855ab70-4d6e-443d-8bbe-733fd018a8a7 0.315s
2025-04-15 13:27:49.957 70038 INFO tempest.lib.common.rest_client [req-4c2a3b29-cb71-49b6-be22-6b4f3dbea0a0 req-4c2a3b29-cb71-49b6-be22-6b4f3dbea0a0 ] Request (ServersAdmin275Test:test_rebuild_update_server_275): 200 GET http://10.180.1.21/compute/v2.1/servers/e2be96b0-8e10-4ea6-8dcb-cb26dcdcc4a6 1.597s
2025-04-15 13:27:49.970 70030 INFO tempest.lib.common.rest_client [req-05fe7451-0a83-46d2-b145-644b88a5b537 req-05fe7451-0a83-46d2-b145-644b88a5b537 ] Request (ServerDiagnosticsNegativeTest:test_get_server_diagnostics_by_non_admin): 201 POST http://10.180.1.21/identity/v3/auth/tokens 0.155s
2025-04-15 13:27:49.970 70030 INFO tempest.lib.common.fixed_network [-] (ServerDiagnosticsNegativeTest:test_get_server_diagnostics_by_non_admin) Found network None available for tenant
2025-04-15 13:27:49.972 70038 INFO tempest.common.waiters [-] State transition "REBUILD/rebuild_block_device_mapping" ==> "REBUILD/rebuild_spawning" after 4 second wait
2025-04-15 13:27:49.981 70028 INFO tempest.lib.common.rest_client [req-91b905b5-54e6-4677-a6b4-0ca1a0789434 req-91b905b5-54e6-4677-a6b4-0ca1a0789434 ] Request (KeyPairsV210TestJSON:_run_cleanups): 204 DELETE http://10.180.1.21/compute/v2.1/os-keypairs/tempest-KeyPairsV210TestJSON-keypair-1489740243 1.467s
2025-04-15 13:27:50.020 70008 INFO tempest.lib.common.rest_client [req-0ab472af-9bbc-4e8f-90c4-42d02a21ceb1 req-0ab472af-9bbc-4e8f-90c4-42d02a21ceb1 ] Request (InstanceActionsNegativeTestJSON:tearDownClass): 200 GET http://10.180.1.21/compute/v2.1/servers/d53fbbf6-c496-47a6-b4c1-3b466630b30b 1.743s
2025-04-15 13:27:50.028 70002 INFO tempest.lib.common.rest_client [req-5de4acd0-d7ef-4d50-a60b-dac9bbdc8e79 req-5de4acd0-d7ef-4d50-a60b-dac9bbdc8e79 ] Request (FloatingIPDetailsTestJSON:setUpClass): 204 PUT http://10.180.1.21/identity/v3/projects/3cddbc2e3e68417da7969f22efa057fb/users/92a7b4aeb5d446119d51cb7c4c2ac310/roles/afcb054be7c54672919ef525958934af 0.206s
2025-04-15 13:27:50.028 70002 INFO tempest.lib.common.dynamic_creds [-] Dynamic test user 92a7b4aeb5d446119d51cb7c4c2ac310 is created with scope project and roles: ['member']
2025-04-15 13:27:50.029 70002 INFO tempest.lib.common.dynamic_creds [-] Acquired dynamic creds: credentials: Credentials: {'domain_id': 'default', 'domain_name': 'Default', 'username': 'tempest-FloatingIPDetailsTestJSON-1167512400-project-member', 'project_domain_id': 'default', 'project_domain_name': 'Default', 'project_id': '3cddbc2e3e68417da7969f22efa057fb', 'project_name': 'tempest-FloatingIPDetailsTestJSON-1167512400', 'tenant_id': '3cddbc2e3e68417da7969f22efa057fb', 'tenant_name': 'tempest-FloatingIPDetailsTestJSON-1167512400', 'user_domain_id': 'default', 'user_domain_name': 'Default', 'user_id': '92a7b4aeb5d446119d51cb7c4c2ac310', 'system': None}, Network: None, Subnet: None, Router: None
2025-04-15 13:27:50.108 70048 INFO tempest.lib.common.rest_client [req-a14baeaf-dad3-4af7-b99b-b2209c5ff149 req-a14baeaf-dad3-4af7-b99b-b2209c5ff149 ] Request (FlavorsExtraSpecsTestJSON:tearDownClass): 201 POST http://10.180.1.21/identity/v3/auth/tokens 0.181s
2025-04-15 13:27:50.152 70024 INFO tempest.lib.common.rest_client [req-ae0d437c-334c-4b34-9d1c-326ef27e1c22 req-ae0d437c-334c-4b34-9d1c-326ef27e1c22 ] Request (DeleteServersAdminTestJSON:test_admin_delete_servers_of_others): 200 GET http://10.180.1.21/compute/v2.1/servers/ef962b36-635f-491c-9182-6d2ec8b6ea58 1.334s
2025-04-15 13:27:50.179 70056 INFO tempest.lib.common.rest_client [req-e115f395-15e2-4b2e-92fd-fec331c67779 req-e115f395-15e2-4b2e-92fd-fec331c67779 ] Request (QuotaClassesAdminTestJSON:tearDownClass): 204 DELETE http://10.180.1.21/identity/v3/projects/de2839f2898c40a88548e040a846300e 0.227s
2025-04-15 13:27:50.180 70056 INFO tempest.lib.common.dynamic_creds [-] Deleting project and security group for project: f2266aea81834479948431b83932a3f6
2025-04-15 13:27:50.221 70046 INFO tempest.lib.common.rest_client [req-74c6ec54-396f-4c75-90ab-b8a37197c5bc req-74c6ec54-396f-4c75-90ab-b8a37197c5bc ] Request (FloatingIPsTestJSON:tearDownClass): 204 DELETE http://10.180.1.21:9696/networking/v2.0/routers/89a7d185-e2ab-4a5d-a59a-978a7034ca64 0.834s
2025-04-15 13:27:50.222 69994 INFO tempest.lib.common.rest_client [req-ec2e9aaf-b629-47e9-b41d-e1a419c21da2 req-ec2e9aaf-b629-47e9-b41d-e1a419c21da2 ] Request (HypervisorAdminNegativeTestJSON:tearDownClass): 204 DELETE http://10.180.1.21/identity/v3/users/da00a86b50d94426a6f66249092b6a72 0.318s
2025-04-15 13:27:50.222 69994 INFO tempest.lib.common.dynamic_creds [-] Deleting project and security group for project: 1cd79fd72bc149b2aa7289a6bf7cca1d
2025-04-15 13:27:50.228 70004 INFO tempest.lib.common.rest_client [req-e6e7033f-687c-4cb7-b149-53ccc97c9d15 req-e6e7033f-687c-4cb7-b149-53ccc97c9d15 ] Request (ImagesTestJSON:test_create_image_from_stopped_server): 200 GET http://10.180.1.21/compute/v2.1/servers/62fa0b0e-ea00-43db-ab56-6690a625af50 1.298s
2025-04-15 13:27:50.255 70042 INFO tempest.lib.common.rest_client [req-0dbf97dd-28b9-4b04-bf26-3a6beb65c3c1 req-0dbf97dd-28b9-4b04-bf26-3a6beb65c3c1 ] Request (ServerGroup264TestJSON:_run_cleanups): 204 DELETE http://10.180.1.21/compute/v2.1/os-server-groups/c971507f-6f83-40fd-b6c7-8db5e337b689 1.223s
2025-04-15 13:27:50.300 70002 INFO tempest.lib.common.rest_client [req-2790c6b3-0e55-4716-b949-80a36f860897 req-2790c6b3-0e55-4716-b949-80a36f860897 ] Request (FloatingIPDetailsTestJSON:setUpClass): 201 POST http://10.180.1.21/identity/v3/auth/tokens 0.271s
2025-04-15 13:27:50.338 70054 INFO tempest.lib.common.rest_client [req-bc4a9ac9-d728-4215-811a-b1bac0d41dca req-bc4a9ac9-d728-4215-811a-b1bac0d41dca ] Request (QuotaClassesAdmin257Test:test_update_default_quotas): 200 GET http://10.180.1.21/compute/v2.1/os-quota-class-sets/default 1.505s
2025-04-15 13:27:50.349 69994 INFO tempest.lib.common.rest_client [req-770580c2-d866-40ca-8672-835764ed1c55 req-770580c2-d866-40ca-8672-835764ed1c55 ] Request (HypervisorAdminNegativeTestJSON:tearDownClass): 201 POST http://10.180.1.21/identity/v3/auth/tokens 0.127s
2025-04-15 13:27:50.360 70032 INFO tempest.lib.common.rest_client [req-0a5d1dee-e87b-42e7-a81b-b356c8cab5eb req-0a5d1dee-e87b-42e7-a81b-b356c8cab5eb ] Request (ServerDiagnosticsV248Test:test_get_server_diagnostics): 200 GET http://10.180.1.21/compute/v2.1/servers/d75472ff-5fce-4d5b-b46d-1bcac9e5309f 1.239s
2025-04-15 13:27:50.376 70032 INFO tempest.common.waiters [-] State transition "BUILD/spawning" ==> "ACTIVE/None" after 23 second wait
2025-04-15 13:27:50.415 70056 INFO tempest.lib.common.rest_client [req-f1efe632-f724-49f0-9f76-b73904947c6e req-f1efe632-f724-49f0-9f76-b73904947c6e ] Request (QuotaClassesAdminTestJSON:tearDownClass): 200 GET http://10.180.1.21:9696/networking/v2.0/security-groups?tenant_id=f2266aea81834479948431b83932a3f6&name=default 0.235s
2025-04-15 13:27:50.463 70046 INFO tempest.lib.common.rest_client [req-809ba046-2abb-44ed-a2c7-88545c9315a0 req-809ba046-2abb-44ed-a2c7-88545c9315a0 ] Request (FloatingIPsTestJSON:tearDownClass): 204 DELETE http://10.180.1.21:9696/networking/v2.0/subnets/8ed2f337-3b37-49f1-82ec-f0bb443d53e0 0.241s
2025-04-15 13:27:50.506 70014 INFO tempest.lib.common.rest_client [req-9967fa93-563d-4b52-b331-473e8c258ea7 req-9967fa93-563d-4b52-b331-473e8c258ea7 ] Request (QuotasAdminNegativeTest:_run_cleanups): 200 PUT http://10.180.1.21/compute/v2.1/os-quota-sets/ede089afb7b64623b46d936581b71711 1.080s
2025-04-15 13:27:50.529 70000 INFO tempest.lib.common.rest_client [req-b7d8818f-9787-42aa-a024-1ed08eabd239 req-b7d8818f-9787-42aa-a024-1ed08eabd239 ] Request (ServersAdminTestJSON:setUpClass): 200 GET http://10.180.1.21/compute/v2.1/servers/a97560ec-5ca3-4e30-88f2-1e767ebcdeb9 1.141s
2025-04-15 13:27:50.537 70050 INFO tempest.lib.common.rest_client [req-b10fe756-7786-433b-80f2-5136b2b587d6 req-b10fe756-7786-433b-80f2-5136b2b587d6 ] Request (HostsAdminNegativeTestJSON:test_update_nonexistent_host): 404 PUT http://10.180.1.21/compute/v2.1/os-hosts/nonexistent_hostname 1.043s
2025-04-15 13:27:50.538 70000 INFO tempest.common.waiters [-] State transition "BUILD/networking" ==> "BUILD/spawning" after 13 second wait
2025-04-15 13:27:50.613 69998 INFO tempest.lib.common.rest_client [req-7fec3d64-23ea-4ded-86b0-4a3f789b7872 req-7fec3d64-23ea-4ded-86b0-4a3f789b7872 ] Request (ServersWithSpecificFlavorTestJSON:test_verify_created_server_ephemeral_disk): 200 GET http://10.180.1.21/compute/v2.1/servers/52564a19-8877-410c-8f7e-d553c9382eeb 1.159s
2025-04-15 13:27:50.643 70026 INFO tempest.lib.common.rest_client [req-ca9c7d90-2fee-4590-8d48-e92a74cc57c0 req-ca9c7d90-2fee-4590-8d48-e92a74cc57c0 ] Request (FlavorsExtraSpecsNegativeTestJSON:tearDownClass): 202 DELETE http://10.180.1.21/compute/v2.1/flavors/722107986 1.140s
2025-04-15 13:27:50.646 70050 INFO tempest.lib.common.rest_client [req-12759c53-72d3-402e-a96d-79dd5b72abb4 req-12759c53-72d3-402e-a96d-79dd5b72abb4 ] Request (HostsAdminNegativeTestJSON:tearDownClass): 204 DELETE http://10.180.1.21/identity/v3/users/f9901aaf77f94c44a44e4bc2fdbf3db6 0.107s
2025-04-15 13:27:50.652 70018 INFO tempest.lib.common.rest_client [req-5834424d-57c7-47f0-a6d8-893d7bc88a5f req-5834424d-57c7-47f0-a6d8-893d7bc88a5f ] Request (AggregatesAdminNegativeTestJSON:test_aggregate_create_as_user): 403 POST http://10.180.1.21/compute/v2.1/os-aggregates 1.143s
2025-04-15 13:27:50.657 69994 INFO tempest.lib.common.rest_client [req-bc3fd7d9-9635-42f3-9bec-d0931764f960 req-bc3fd7d9-9635-42f3-9bec-d0931764f960 ] Request (HypervisorAdminNegativeTestJSON:tearDownClass): 200 GET http://10.180.1.21:9696/networking/v2.0/security-groups?tenant_id=1cd79fd72bc149b2aa7289a6bf7cca1d&name=default 0.307s
2025-04-15 13:27:50.712 70056 INFO tempest.lib.common.rest_client [req-89896aec-0d16-4856-9491-ceddc4111777 req-89896aec-0d16-4856-9491-ceddc4111777 ] Request (QuotaClassesAdminTestJSON:tearDownClass): 204 DELETE http://10.180.1.21:9696/networking/v2.0/security-groups/84ee6be9-ffcf-47d1-9613-0853e5f2a41b 0.296s
2025-04-15 13:27:50.791 70048 INFO tempest.lib.common.rest_client [req-9ebd4c9d-59f8-432b-be3a-d09c7c9d62ad req-9ebd4c9d-59f8-432b-be3a-d09c7c9d62ad ] Request (FlavorsExtraSpecsTestJSON:tearDownClass): 200 GET http://10.180.1.21:9696/networking/v2.0/security-groups?tenant_id=f07bb0dcae6c43a7b7c7e1419f033e12&name=default 0.682s
2025-04-15 13:27:50.815 70050 INFO tempest.lib.common.rest_client [req-e8e26c8a-dac8-49b0-b303-ca3a28803c4a req-e8e26c8a-dac8-49b0-b303-ca3a28803c4a ] Request (HostsAdminNegativeTestJSON:tearDownClass): 204 DELETE http://10.180.1.21/identity/v3/users/ca4a097e25534471b5ddb5e4590a1fd7 0.169s
2025-04-15 13:27:50.816 70050 INFO tempest.lib.common.dynamic_creds [-] Deleting project and security group for project: a73f8187d8e0402290d176eeaa7fac84
2025-04-15 13:27:50.847 70040 INFO tempest.lib.common.rest_client [req-838791fd-8cf8-444b-ba43-a986014caa71 req-838791fd-8cf8-444b-ba43-a986014caa71 ] Request (ServersAdminNegativeTestJSON:setUpClass): 200 GET http://10.180.1.21/compute/v2.1/servers/52336a80-7d44-4da9-95cd-b810f96a0f71 1.347s
2025-04-15 13:27:50.881 70050 INFO tempest.lib.common.rest_client [req-adf1718d-0ddc-4ebb-be9f-9e1c0e973b26 req-adf1718d-0ddc-4ebb-be9f-9e1c0e973b26 ] Request (HostsAdminNegativeTestJSON:tearDownClass): 201 POST http://10.180.1.21/identity/v3/auth/tokens 0.065s
2025-04-15 13:27:50.893 70056 INFO tempest.lib.common.rest_client [req-dc813e57-5442-4cf9-83c6-f4a1e6f1cf6e req-dc813e57-5442-4cf9-83c6-f4a1e6f1cf6e ] Request (QuotaClassesAdminTestJSON:tearDownClass): 204 DELETE http://10.180.1.21/identity/v3/projects/f2266aea81834479948431b83932a3f6 0.180s
2025-04-15 13:27:50.969 70006 INFO tempest.lib.common.rest_client [req-d375fd69-623d-4e4c-be50-510f2a440ed8 req-d375fd69-623d-4e4c-be50-510f2a440ed8 ] Request (ServersV294TestFqdnHostnames:setUpClass): 200 GET http://10.180.1.21/compute/v2.1/servers/06b16f93-afb2-4c94-92b6-1afeffaf2f85 1.371s
2025-04-15 13:27:50.991 70002 INFO tempest.lib.common.rest_client [req-062046e2-c739-4805-9755-e5267a2805ad req-062046e2-c739-4805-9755-e5267a2805ad ] Request (FloatingIPDetailsTestJSON:setUpClass): 201 POST http://10.180.1.21:9696/networking/v2.0/networks 0.689s
2025-04-15 13:27:50.999 69994 INFO tempest.lib.common.rest_client [req-5f2601a3-36fe-4225-9da0-9c7308060516 req-5f2601a3-36fe-4225-9da0-9c7308060516 ] Request (HypervisorAdminNegativeTestJSON:tearDownClass): 204 DELETE http://10.180.1.21:9696/networking/v2.0/security-groups/b74a8fee-a07c-46a0-808b-800bb1e949d0 0.342s
2025-04-15 13:27:51.034 70056 INFO tempest.lib.common.rest_client [req-1d724e92-b684-4ce9-8fd0-e14ab062d862 req-1d724e92-b684-4ce9-8fd0-e14ab062d862 ] Request (KeyPairsV22TestJSON:setUpClass): 201 POST http://10.180.1.21/identity/v3/auth/tokens 0.137s
2025-04-15 13:27:51.046 70048 INFO tempest.lib.common.rest_client [req-8b123564-e777-44f7-976b-0ed0ac7422c8 req-8b123564-e777-44f7-976b-0ed0ac7422c8 ] Request (FlavorsExtraSpecsTestJSON:tearDownClass): 204 DELETE http://10.180.1.21:9696/networking/v2.0/security-groups/b1bdc7a1-c347-4d87-ae68-53d52f4f05c5 0.254s
2025-04-15 13:27:51.057 70021 INFO tempest.lib.common.rest_client [req-0ffc213c-eb27-4be6-9178-d571fb9cbecb req-0ffc213c-eb27-4be6-9178-d571fb9cbecb ] Request (FlavorsAccessNegativeTestJSON:test_flavor_non_admin_remove): 200 POST http://10.180.1.21/compute/v2.1/flavors/1410494745/action 1.518s
2025-04-15 13:27:51.058 70046 INFO tempest.lib.common.rest_client [req-03bbc59c-b842-407f-b1d6-58a46bc81ddd req-03bbc59c-b842-407f-b1d6-58a46bc81ddd ] Request (FloatingIPsTestJSON:tearDownClass): 204 DELETE http://10.180.1.21:9696/networking/v2.0/networks/8b4b9ecb-c595-45ce-95b3-8b97664fe4a6 0.594s
2025-04-15 13:27:51.071 70056 INFO tempest.lib.common.rest_client [req-5d7de858-3bf7-4b76-a5bf-51a21fb67b1f req-5d7de858-3bf7-4b76-a5bf-51a21fb67b1f ] Request (KeyPairsV22TestJSON:setUpClass): 201 POST http://10.180.1.21/identity/v3/auth/tokens 0.035s
2025-04-15 13:27:51.118 69994 INFO tempest.lib.common.rest_client [req-976f1d5a-7dcf-47db-b559-5bcd51e6d087 req-976f1d5a-7dcf-47db-b559-5bcd51e6d087 ] Request (HypervisorAdminNegativeTestJSON:tearDownClass): 204 DELETE http://10.180.1.21/identity/v3/projects/1cd79fd72bc149b2aa7289a6bf7cca1d 0.118s
2025-04-15 13:27:51.118 69994 INFO tempest.lib.common.dynamic_creds [-] Deleting project and security group for project: dfbd575b1e124b698c099e5c9b71a04c
2025-04-15 13:27:51.156 70048 INFO tempest.lib.common.rest_client [req-83846db3-f65a-45d7-bb3a-342e0a0facb6 req-83846db3-f65a-45d7-bb3a-342e0a0facb6 ] Request (FlavorsExtraSpecsTestJSON:tearDownClass): 204 DELETE http://10.180.1.21/identity/v3/projects/f07bb0dcae6c43a7b7c7e1419f033e12 0.110s
2025-04-15 13:27:51.156 70048 INFO tempest.lib.common.dynamic_creds [-] Deleting project and security group for project: 1d5a4aefc70a43d8be2c835e86b5e502
2025-04-15 13:27:51.189 70052 INFO tempest.lib.common.rest_client [req-71f7b179-8c54-4970-896d-66ee7fdcd847 req-71f7b179-8c54-4970-896d-66ee7fdcd847 ] Request (ServersTestFqdnHostnames:test_create_server_with_fqdn_name): 200 GET http://10.180.1.21/compute/v2.1/servers/74028c39-0858-48ca-aee8-18b66c99b242 1.543s
2025-04-15 13:27:51.236 70044 INFO tempest.lib.common.rest_client [req-86dd271a-9d13-4741-bd2b-cbbfb04f1db9 req-86dd271a-9d13-4741-bd2b-cbbfb04f1db9 ] Request (SecurityGroupsNegativeTestJSON:test_update_non_existent_security_group): 404 PUT http://10.180.1.21/compute/v2.1/os-security-groups/34929e06-8bfb-4ac1-9239-551e0db5a444 1.542s
2025-04-15 13:27:51.247 70056 INFO tempest.lib.common.rest_client [req-887e0308-0b09-49a8-9cbf-f2cf962a8e80 req-887e0308-0b09-49a8-9cbf-f2cf962a8e80 ] Request (KeyPairsV22TestJSON:setUpClass): 200 GET http://10.180.1.21/identity/v3/domains?name=Default 0.174s
