2025-04-15 13:27:54.078 70052 INFO tempest.lib.common.rest_client [req-e8fd9ed9-cde5-4507-8560-14eed9497cfc req-e8fd9ed9-cde5-4507-8560-14eed9497cfc ] Request (ServersTestFqdnHostnames:test_create_server_with_fqdn_name): 200 GET http://10.180.1.21/compute/v2.1/servers/74028c39-0858-48ca-aee8-18b66c99b242 1.877s
2025-04-15 13:27:54.086 70052 INFO tempest.common.waiters [-] State transition "BUILD/spawning" ==> "ACTIVE/None" after 24 second wait
2025-04-15 13:27:54.105 70016 INFO tempest.lib.common.rest_client [req-ca818bf2-dcf0-4a6b-908d-841935569a90 req-ca818bf2-dcf0-4a6b-908d-841935569a90 ] Request (ImagesOneServerNegativeTestJSON:setUpClass): 204 PUT http://10.180.1.21/identity/v3/projects/ff2edec4edc84828a0a2bac487dbd26d/users/28ba5695bb644e00a51210d34246857b/roles/afcb054be7c54672919ef525958934af 0.205s
2025-04-15 13:27:54.105 70016 INFO tempest.lib.common.dynamic_creds [-] Dynamic test user 28ba5695bb644e00a51210d34246857b is created with scope project and roles: ['member']
2025-04-15 13:27:54.105 70016 INFO tempest.lib.common.dynamic_creds [-] Acquired dynamic creds: credentials: Credentials: {'domain_id': 'default', 'domain_name': 'Default', 'username': 'tempest-ImagesOneServerNegativeTestJSON-1345201779-project-member', 'project_domain_id': 'default', 'project_domain_name': 'Default', 'project_id': 'ff2edec4edc84828a0a2bac487dbd26d', 'project_name': 'tempest-ImagesOneServerNegativeTestJSON-1345201779', 'tenant_id': 'ff2edec4edc84828a0a2bac487dbd26d', 'tenant_name': 'tempest-ImagesOneServerNegativeTestJSON-1345201779', 'user_domain_id': 'default', 'user_domain_name': 'Default', 'user_id': '28ba5695bb644e00a51210d34246857b', 'system': None}, Network: None, Subnet: None, Router: None
2025-04-15 13:27:54.132 69994 INFO tempest.lib.common.rest_client [req-b0c6b6c5-226f-4e82-9bf9-99d068ad9d50 req-b0c6b6c5-226f-4e82-9bf9-99d068ad9d50 ] Request (QuotasAdminTestJSON:setUpClass): 201 POST http://10.180.1.21/identity/v3/auth/tokens 0.206s
2025-04-15 13:27:54.133 69994 WARNING tempest.lib.common.rest_client [-] Deprecated: "tenant_id" property is deprecated for removal, use "project_id" instead
2025-04-15 13:27:54.134 70030 INFO tempest.lib.common.rest_client [req-aeca7341-1476-44b5-8f28-3b832f02ceb2 req-aeca7341-1476-44b5-8f28-3b832f02ceb2 ] Request (ServerDiagnosticsNegativeTest:test_get_server_diagnostics_by_non_admin): 200 GET http://10.180.1.21/compute/v2.1/servers/9b30fa05-5ba9-405e-9cdf-e62e5bccea3c 1.719s
2025-04-15 13:27:54.149 70018 INFO tempest.lib.common.rest_client [req-c350f31f-b7b0-4e82-8ab8-8b564b9fab13 req-c350f31f-b7b0-4e82-8ab8-8b564b9fab13 ] Request (AggregatesAdminNegativeTestJSON:test_aggregate_create_with_existent_aggregate_name): 409 POST http://10.180.1.21/compute/v2.1/os-aggregates 1.352s
2025-04-15 13:27:54.168 70050 INFO tempest.lib.common.rest_client [req-9457c489-3f7e-4c38-872c-fc286a835ac8 req-9457c489-3f7e-4c38-872c-fc286a835ac8 ] Request (HypervisorAdminV253TestBase:setUpClass): 201 POST http://10.180.1.21/identity/v3/projects 0.236s
2025-04-15 13:27:54.257 70026 INFO tempest.lib.common.rest_client [req-59aa67af-0971-4e76-a698-84420d5232f9 req-59aa67af-0971-4e76-a698-84420d5232f9 ] Request (FlavorsExtraSpecsNegativeTestJSON:tearDownClass): 204 DELETE http://10.180.1.21/identity/v3/projects/c4a200ea91174e04a09a429ec20a2e1c 0.305s
2025-04-15 13:27:54.257 70026 INFO tempest.lib.common.dynamic_creds [-] Deleting project and security group for project: 9d19d289931b49ea8632f828d9a34ef1
2025-04-15 13:27:54.260 70028 INFO tempest.lib.common.rest_client [req-678fffda-b992-4af6-9663-b769c7b52bca req-678fffda-b992-4af6-9663-b769c7b52bca ] Request (KeyPairsV210TestJSON:tearDownClass): 204 DELETE http://10.180.1.21/identity/v3/users/a5a3f89a519146f4bdce785c47fa388f 0.320s
2025-04-15 13:27:54.322 70048 INFO tempest.lib.common.rest_client [req-a4e9f851-3892-4214-9649-73004824a11c req-a4e9f851-3892-4214-9649-73004824a11c ] Request (MigrationsAdminTest:setUpClass): 201 POST http://10.180.1.21/identity/v3/auth/tokens 0.331s
2025-04-15 13:27:54.364 70026 INFO tempest.lib.common.rest_client [req-7f921526-1b09-4d82-92fe-0230cc6d6fad req-7f921526-1b09-4d82-92fe-0230cc6d6fad ] Request (FlavorsExtraSpecsNegativeTestJSON:tearDownClass): 200 GET http://10.180.1.21:9696/networking/v2.0/security-groups?tenant_id=9d19d289931b49ea8632f828d9a34ef1&name=default 0.106s
2025-04-15 13:27:54.366 70002 INFO tempest.lib.common.rest_client [req-66518a3a-67e3-461d-8611-7c5503e6248e req-66518a3a-67e3-461d-8611-7c5503e6248e ] Request (FloatingIPDetailsTestJSON:setUpClass): 201 POST http://10.180.1.21:9696/networking/v2.0/routers 2.411s
2025-04-15 13:27:54.367 70046 INFO tempest.lib.common.rest_client [req-1acac412-c303-419b-b90d-af0c360a3153 req-1acac412-c303-419b-b90d-af0c360a3153 ] Request (ServerShowV263Test:tearDownClass): 204 DELETE http://10.180.1.21/identity/v3/users/6fe6d560a71747a6b74cadf8886b9cbd 0.328s
2025-04-15 13:27:54.367 70046 INFO tempest.lib.common.dynamic_creds [-] Deleting project and security group for project: 1aef88af3aaf4108bb747eafc309dab8
2025-04-15 13:27:54.380 70016 INFO tempest.lib.common.rest_client [req-5387436c-c036-4e5d-8208-fbf955ae05bb req-5387436c-c036-4e5d-8208-fbf955ae05bb ] Request (ImagesOneServerNegativeTestJSON:setUpClass): 201 POST http://10.180.1.21/identity/v3/auth/tokens 0.274s
2025-04-15 13:27:54.431 70050 INFO tempest.lib.common.rest_client [req-77b07aa0-d63e-452f-9af6-0fad2ccfc989 req-77b07aa0-d63e-452f-9af6-0fad2ccfc989 ] Request (HypervisorAdminV253TestBase:setUpClass): 201 POST http://10.180.1.21/identity/v3/users 0.263s
2025-04-15 13:27:54.452 70028 INFO tempest.lib.common.rest_client [req-79876fa5-7459-484b-91c0-072e688b3ece req-79876fa5-7459-484b-91c0-072e688b3ece ] Request (KeyPairsV210TestJSON:tearDownClass): 204 DELETE http://10.180.1.21/identity/v3/users/1997b67171a04d84b98488ddd96bfdee 0.192s
2025-04-15 13:27:54.453 70028 INFO tempest.lib.common.dynamic_creds [-] Deleting project and security group for project: 3bc840df33bb423eb2bb2ecf16f468cb
2025-04-15 13:27:54.507 70026 INFO tempest.lib.common.rest_client [req-d92d95c7-106f-4235-b3f3-4943e1b83436 req-d92d95c7-106f-4235-b3f3-4943e1b83436 ] Request (FlavorsExtraSpecsNegativeTestJSON:tearDownClass): 204 DELETE http://10.180.1.21:9696/networking/v2.0/security-groups/d2f8b102-00f7-4a74-91a6-dafb21b198aa 0.143s
2025-04-15 13:27:54.506 70046 INFO tempest.lib.common.rest_client [req-75f9f6ca-3b46-4bfe-b94b-fab89931c807 req-75f9f6ca-3b46-4bfe-b94b-fab89931c807 ] Request (ServerShowV263Test:tearDownClass): 201 POST http://10.180.1.21/identity/v3/auth/tokens 0.139s
2025-04-15 13:27:54.553 70010 INFO tempest.lib.common.rest_client [req-b235f985-54de-4de8-9852-778dc1c54227 req-b235f985-54de-4de8-9852-778dc1c54227 ] Request (ImagesNegativeTestJSON:test_create_image_from_deleted_server): 200 GET http://10.180.1.21/compute/v2.1/servers/e016fdbe-7de5-4e2a-bbff-ab08a79f9503 1.537s
2025-04-15 13:27:54.562 70010 INFO tempest.common.waiters [-] State transition "BUILD/spawning" ==> "ACTIVE/None" after 26 second wait
2025-04-15 13:27:54.573 70044 INFO tempest.lib.common.rest_client [req-a1686a42-d5d7-4a34-a664-ea2ad8fcf4ec req-a1686a42-d5d7-4a34-a664-ea2ad8fcf4ec ] Request (SecurityGroupsNegativeTestJSON:tearDownClass): 204 DELETE http://10.180.1.21:9696/networking/v2.0/routers/f64b8d9b-3219-4afe-9aa1-dbdf43563fdc 1.606s
2025-04-15 13:27:54.588 70050 INFO tempest.lib.common.rest_client [req-5c20c970-b5a6-46ca-adee-13939f477540 req-5c20c970-b5a6-46ca-adee-13939f477540 ] Request (HypervisorAdminV253TestBase:setUpClass): 200 GET http://10.180.1.21/identity/v3/roles 0.155s
2025-04-15 13:27:54.605 70028 INFO tempest.lib.common.rest_client [req-6cf3b353-7d69-4e93-8575-fa461ad19834 req-6cf3b353-7d69-4e93-8575-fa461ad19834 ] Request (KeyPairsV210TestJSON:tearDownClass): 201 POST http://10.180.1.21/identity/v3/auth/tokens 0.152s
2025-04-15 13:27:54.617 70014 INFO tempest.lib.common.rest_client [req-d71c606d-746f-4779-bee0-f67ae0fbe6f2 req-d71c606d-746f-4779-bee0-f67ae0fbe6f2 ] Request (QuotasAdminNegativeTest:test_create_server_when_instances_quota_is_full): 200 PUT http://10.180.1.21/compute/v2.1/os-quota-sets/ede089afb7b64623b46d936581b71711 1.888s
2025-04-15 13:27:54.680 70026 INFO tempest.lib.common.rest_client [req-8b73940a-7cbb-48f7-a08d-09df52e87f50 req-8b73940a-7cbb-48f7-a08d-09df52e87f50 ] Request (FlavorsExtraSpecsNegativeTestJSON:tearDownClass): 204 DELETE http://10.180.1.21/identity/v3/projects/9d19d289931b49ea8632f828d9a34ef1 0.172s
2025-04-15 13:27:54.725 70050 INFO tempest.lib.common.rest_client [req-53467698-cca2-4d6f-9b61-c34776007d74 req-53467698-cca2-4d6f-9b61-c34776007d74 ] Request (HypervisorAdminV253TestBase:setUpClass): 204 PUT http://10.180.1.21/identity/v3/projects/81468d4618374d0ea34c8d0815552564/users/e419244b763c4a40bb0cc99830a71707/roles/a3e7ec526dc6461f81abd818cce52bb0 0.136s
2025-04-15 13:27:54.782 70014 INFO tempest.lib.common.rest_client [req-fbbdd3c0-2028-45b0-8ce1-3bd8505302af req-fbbdd3c0-2028-45b0-8ce1-3bd8505302af ] Request (QuotasAdminNegativeTest:test_create_server_when_instances_quota_is_full): 201 POST http://10.180.1.21/identity/v3/auth/tokens 0.157s
2025-04-15 13:27:54.783 70014 INFO tempest.lib.common.fixed_network [-] (QuotasAdminNegativeTest:test_create_server_when_instances_quota_is_full) Found network None available for tenant
2025-04-15 13:27:54.836 70026 INFO tempest.lib.common.rest_client [req-162f1b25-ffd6-4157-a0c1-0a8b4dfe02e8 req-162f1b25-ffd6-4157-a0c1-0a8b4dfe02e8 ] Request (FloatingIPsNegativeTestJSON:setUpClass): 201 POST http://10.180.1.21/identity/v3/auth/tokens 0.153s
2025-04-15 13:27:54.860 70050 INFO tempest.lib.common.rest_client [req-403be8c8-7c4a-4302-b15b-e226a1977605 req-403be8c8-7c4a-4302-b15b-e226a1977605 ] Request (HypervisorAdminV253TestBase:setUpClass): 200 GET http://10.180.1.21/identity/v3/roles 0.134s
2025-04-15 13:27:54.872 70044 INFO tempest.lib.common.rest_client [req-7c4fa6c3-863d-4925-b02d-3a0394f153d0 req-7c4fa6c3-863d-4925-b02d-3a0394f153d0 ] Request (SecurityGroupsNegativeTestJSON:tearDownClass): 204 DELETE http://10.180.1.21:9696/networking/v2.0/subnets/76bffe2f-8f8b-427b-8b85-7c8b0348572e 0.295s
2025-04-15 13:27:54.889 70050 INFO tempest.lib.common.rest_client [req-88c6201e-dab9-47c7-a4f6-637e53688d88 req-88c6201e-dab9-47c7-a4f6-637e53688d88 ] Request (HypervisorAdminV253TestBase:setUpClass): 204 PUT http://10.180.1.21/identity/v3/projects/81468d4618374d0ea34c8d0815552564/users/e419244b763c4a40bb0cc99830a71707/roles/a3e7ec526dc6461f81abd818cce52bb0 0.028s
2025-04-15 13:27:54.889 70050 INFO tempest.lib.common.dynamic_creds [-] Dynamic test user e419244b763c4a40bb0cc99830a71707 is created with scope project and roles: ['admin']
2025-04-15 13:27:54.890 70050 INFO tempest.lib.common.dynamic_creds [-] Acquired dynamic creds: credentials: Credentials: {'domain_id': 'default', 'domain_name': 'Default', 'username': 'tempest-HypervisorAdminV253TestBase-360738975-project-admin', 'project_domain_id': 'default', 'project_domain_name': 'Default', 'project_id': '81468d4618374d0ea34c8d0815552564', 'project_name': 'tempest-HypervisorAdminV253TestBase-360738975', 'tenant_id': '81468d4618374d0ea34c8d0815552564', 'tenant_name': 'tempest-HypervisorAdminV253TestBase-360738975', 'user_domain_id': 'default', 'user_domain_name': 'Default', 'user_id': 'e419244b763c4a40bb0cc99830a71707', 'system': None}, Network: None, Subnet: None, Router: None
2025-04-15 13:27:54.890 70050 INFO tempest.lib.common.dynamic_creds [-] Created isolated network resources for: credentials: Credentials: {'domain_id': 'default', 'domain_name': 'Default', 'username': 'tempest-HypervisorAdminV253TestBase-360738975-project-admin', 'project_domain_id': 'default', 'project_domain_name': 'Default', 'project_id': '81468d4618374d0ea34c8d0815552564', 'project_name': 'tempest-HypervisorAdminV253TestBase-360738975', 'tenant_id': '81468d4618374d0ea34c8d0815552564', 'tenant_name': 'tempest-HypervisorAdminV253TestBase-360738975', 'user_domain_id': 'default', 'user_domain_name': 'Default', 'user_id': 'e419244b763c4a40bb0cc99830a71707', 'system': None}, Network: None, Subnet: None, Router: None
2025-04-15 13:27:54.892 70021 INFO tempest.lib.common.rest_client [req-97027804-e099-4af3-b810-3590f32ff409 req-97027804-e099-4af3-b810-3590f32ff409 ] Request (FlavorsAccessNegativeTestJSON:_run_cleanups): 200 POST http://10.180.1.21/compute/v2.1/flavors/1410494745/action 1.783s
2025-04-15 13:27:54.945 70046 INFO tempest.lib.common.rest_client [req-34726a23-2e58-4af1-9bac-dbef8cf5eab8 req-34726a23-2e58-4af1-9bac-dbef8cf5eab8 ] Request (ServerShowV263Test:tearDownClass): 200 GET http://10.180.1.21:9696/networking/v2.0/security-groups?tenant_id=1aef88af3aaf4108bb747eafc309dab8&name=default 0.435s
2025-04-15 13:27:54.952 70026 INFO tempest.lib.common.rest_client [req-9c9d4f4e-b03d-4c83-b42a-819a961d441e req-9c9d4f4e-b03d-4c83-b42a-819a961d441e ] Request (FloatingIPsNegativeTestJSON:setUpClass): 201 POST http://10.180.1.21/identity/v3/auth/tokens 0.112s
2025-04-15 13:27:54.955 70036 INFO tempest.lib.common.rest_client [req-bbdf324c-9172-473f-b4fd-dcbfced70055 req-bbdf324c-9172-473f-b4fd-dcbfced70055 ] Request (ServerActionsTestJSON:setUpClass): 200 GET http://10.180.1.21/compute/v2.1/servers/fe2fdbe6-1251-4f8c-82f1-f0b3467b78d7 1.818s
2025-04-15 13:27:54.963 70036 INFO tempest.common.waiters [-] State transition "BUILD/None" ==> "BUILD/spawning" after 13 second wait
2025-04-15 13:27:54.970 70056 INFO tempest.lib.common.rest_client [req-4ff4a1c8-0380-47c5-8437-4b692e82d107 req-4ff4a1c8-0380-47c5-8437-4b692e82d107 ] Request (KeyPairsV22TestJSON:test_get_keypair_detail): 200 GET http://10.180.1.21/compute/v2.1/os-keypairs/tempest-keypair-516312206 1.293s
2025-04-15 13:27:54.973 70050 INFO tempest.lib.common.rest_client [req-be83a3df-4807-4496-9f0e-a1e4fa2f3db8 req-be83a3df-4807-4496-9f0e-a1e4fa2f3db8 ] Request (HypervisorAdminV253TestBase:setUpClass): 201 POST http://10.180.1.21/identity/v3/auth/tokens 0.080s
2025-04-15 13:27:54.996 70026 INFO tempest.lib.common.rest_client [req-bec34247-2688-453f-a3b5-9b479220325c req-bec34247-2688-453f-a3b5-9b479220325c ] Request (FloatingIPsNegativeTestJSON:setUpClass): 200 GET http://10.180.1.21/identity/v3/domains?name=Default 0.044s
2025-04-15 13:27:55.002 70042 INFO tempest.lib.common.rest_client [req-100487ce-1e22-472a-aada-a36f8ba81016 req-100487ce-1e22-472a-aada-a36f8ba81016 ] Request (ServerGroup264TestJSON:tearDownClass): 200 PUT http://10.180.1.21:9696/networking/v2.0/routers/5ad85122-b7d8-485b-aef9-223cd360711a/remove_router_interface 2.852s
2025-04-15 13:27:55.074 70026 INFO tempest.lib.common.rest_client [req-7b977fe3-9c08-485d-8e5f-ad33d10e9790 req-7b977fe3-9c08-485d-8e5f-ad33d10e9790 ] Request (FloatingIPsNegativeTestJSON:setUpClass): 201 POST http://10.180.1.21/identity/v3/projects 0.077s
2025-04-15 13:27:55.075 70040 INFO tempest.lib.common.rest_client [req-3ee7dd6d-f4d2-45d2-a3f1-0214d9cfc39f req-3ee7dd6d-f4d2-45d2-a3f1-0214d9cfc39f ] Request (ServersAdminNegativeTestJSON:test_migrate_non_existent_server): 404 POST http://10.180.1.21/compute/v2.1/servers/fbba691a-3e67-43cb-8e9c-c294e6884074/action 1.256s
2025-04-15 13:27:55.159 70040 INFO tempest.lib.common.rest_client [req-9063b4ec-5038-43b5-b181-cbf1b1294b41 req-9063b4ec-5038-43b5-b181-cbf1b1294b41 ] Request (ServersAdminNegativeTestJSON:test_migrate_server_invalid_state): 201 POST http://10.180.1.21/identity/v3/auth/tokens 0.074s
2025-04-15 13:27:55.160 70040 INFO tempest.lib.common.fixed_network [-] (ServersAdminNegativeTestJSON:test_migrate_server_invalid_state) Found network None available for tenant
2025-04-15 13:27:55.166 70026 INFO tempest.lib.common.rest_client [req-87dbf5c6-1c7b-4087-9ac7-25d02f2d001d req-87dbf5c6-1c7b-4087-9ac7-25d02f2d001d ] Request (FloatingIPsNegativeTestJSON:setUpClass): 201 POST http://10.180.1.21/identity/v3/users 0.092s
2025-04-15 13:27:55.179 70028 INFO tempest.lib.common.rest_client [req-b83dc86f-76e6-423a-95b0-33c13f47ef2f req-b83dc86f-76e6-423a-95b0-33c13f47ef2f ] Request (KeyPairsV210TestJSON:tearDownClass): 200 GET http://10.180.1.21:9696/networking/v2.0/security-groups?tenant_id=3bc840df33bb423eb2bb2ecf16f468cb&name=default 0.574s
2025-04-15 13:27:55.182 69996 INFO tempest.lib.common.rest_client [req-fa4c7f47-7b8b-4ceb-be56-d3632bb70b54 req-fa4c7f47-7b8b-4ceb-be56-d3632bb70b54 ] Request (VolumesAssistedSnapshotsTest:test_volume_assisted_snapshot_create_delete): 200 GET http://10.180.1.21/compute/v2.1/servers/bd00baad-1cf3-4eb3-bb3a-5763f87364ca 1.270s
2025-04-15 13:27:55.191 70026 INFO tempest.lib.common.rest_client [req-d763876b-44e2-4dea-a119-431f635acee3 req-d763876b-44e2-4dea-a119-431f635acee3 ] Request (FloatingIPsNegativeTestJSON:setUpClass): 200 GET http://10.180.1.21/identity/v3/roles 0.025s
2025-04-15 13:27:55.215 70024 INFO tempest.lib.common.rest_client [req-d4f51725-e513-4777-8839-3fc519b77cef req-d4f51725-e513-4777-8839-3fc519b77cef ] Request (DeleteServersAdminTestJSON:test_admin_delete_servers_of_others): 204 DELETE http://10.180.1.21/compute/v2.1/servers/ef962b36-635f-491c-9182-6d2ec8b6ea58 1.968s
2025-04-15 13:27:55.228 70026 INFO tempest.lib.common.rest_client [req-0f75e9dd-dfda-4c78-b4f6-09a4a016c4fa req-0f75e9dd-dfda-4c78-b4f6-09a4a016c4fa ] Request (FloatingIPsNegativeTestJSON:setUpClass): 204 PUT http://10.180.1.21/identity/v3/projects/bed287d5b4e14839b8dc7549006330cd/users/a7e8413cae324231ab115a275e02f200/roles/afcb054be7c54672919ef525958934af 0.036s
2025-04-15 13:27:55.228 70026 INFO tempest.lib.common.dynamic_creds [-] Dynamic test user a7e8413cae324231ab115a275e02f200 is created with scope project and roles: ['member']
2025-04-15 13:27:55.229 70026 INFO tempest.lib.common.dynamic_creds [-] Acquired dynamic creds: credentials: Credentials: {'domain_id': 'default', 'domain_name': 'Default', 'username': 'tempest-FloatingIPsNegativeTestJSON-773449212-project-member', 'project_domain_id': 'default', 'project_domain_name': 'Default', 'project_id': 'bed287d5b4e14839b8dc7549006330cd', 'project_name': 'tempest-FloatingIPsNegativeTestJSON-773449212', 'tenant_id': 'bed287d5b4e14839b8dc7549006330cd', 'tenant_name': 'tempest-FloatingIPsNegativeTestJSON-773449212', 'user_domain_id': 'default', 'user_domain_name': 'Default', 'user_id': 'a7e8413cae324231ab115a275e02f200', 'system': None}, Network: None, Subnet: None, Router: None
2025-04-15 13:27:55.234 70046 INFO tempest.lib.common.rest_client [req-4d0bbfa9-07ff-4631-8146-dca61f4c08e6 req-4d0bbfa9-07ff-4631-8146-dca61f4c08e6 ] Request (ServerShowV263Test:tearDownClass): 204 DELETE http://10.180.1.21:9696/networking/v2.0/security-groups/706438fc-ec6a-44ba-8c0e-2e85cac48628 0.287s
2025-04-15 13:27:55.262 70054 INFO tempest.lib.common.rest_client [req-a0445270-3758-41e0-a82b-7465130ccda4 req-a0445270-3758-41e0-a82b-7465130ccda4 ] Request (QuotaClassesAdmin257Test:_run_cleanups): 200 PUT http://10.180.1.21/compute/v2.1/os-quota-class-sets/default 1.303s
2025-04-15 13:27:55.294 70026 INFO tempest.lib.common.rest_client [req-5334bbd1-9633-4812-b039-ebf89a8dadeb req-5334bbd1-9633-4812-b039-ebf89a8dadeb ] Request (FloatingIPsNegativeTestJSON:setUpClass): 201 POST http://10.180.1.21/identity/v3/auth/tokens 0.065s
2025-04-15 13:27:55.348 70046 INFO tempest.lib.common.rest_client [req-b8cf5267-da23-44c3-9b00-069ec197d20e req-b8cf5267-da23-44c3-9b00-069ec197d20e ] Request (ServerShowV263Test:tearDownClass): 204 DELETE http://10.180.1.21/identity/v3/projects/1aef88af3aaf4108bb747eafc309dab8 0.114s
2025-04-15 13:27:55.356 70054 INFO tempest.lib.common.rest_client [req-a30e4cae-f7f3-47e5-b8c4-f240bd59090f req-a30e4cae-f7f3-47e5-b8c4-f240bd59090f ] Request (QuotaClassesAdmin257Test:tearDownClass): 204 DELETE http://10.180.1.21/identity/v3/users/d3b7be9586194282a7bc4764209297ab 0.088s
2025-04-15 13:27:55.359 70038 INFO tempest.lib.common.rest_client [req-2d5e397e-190f-4668-b06b-a860c9c90e4e req-2d5e397e-190f-4668-b06b-a860c9c90e4e ] Request (ServersAdmin275Test:test_rebuild_update_server_275): 200 GET http://10.180.1.21/compute/v2.1/servers/e2be96b0-8e10-4ea6-8dcb-cb26dcdcc4a6 1.319s
2025-04-15 13:27:55.398 70044 INFO tempest.lib.common.rest_client [req-cec799c9-017b-45ff-a3e2-847c6c23de62 req-cec799c9-017b-45ff-a3e2-847c6c23de62 ] Request (SecurityGroupsNegativeTestJSON:tearDownClass): 204 DELETE http://10.180.1.21:9696/networking/v2.0/networks/2fe22971-db2e-4b44-a263-26a75027f596 0.525s
2025-04-15 13:27:55.435 69994 INFO tempest.lib.common.rest_client [req-e899b200-e76f-4fbf-aaf5-8e16b56004f3 req-e899b200-e76f-4fbf-aaf5-8e16b56004f3 ] Request (QuotasAdminTestJSON:test_delete_quota): 200 GET http://10.180.1.21/identity/v3/domains?name=Default 0.142s
2025-04-15 13:27:55.465 70046 INFO tempest.lib.common.rest_client [req-949a05c9-88ca-4e1e-b2e9-b0d910479de8 req-949a05c9-88ca-4e1e-b2e9-b0d910479de8 ] Request (AttachVolumeNegativeTest:setUpClass): 201 POST http://10.180.1.21/identity/v3/auth/tokens 0.116s
2025-04-15 13:27:55.509 70028 INFO tempest.lib.common.rest_client [req-039b3806-3210-4611-b719-8ae23bf9c6ae req-039b3806-3210-4611-b719-8ae23bf9c6ae ] Request (KeyPairsV210TestJSON:tearDownClass): 204 DELETE http://10.180.1.21:9696/networking/v2.0/security-groups/9bb51d37-3b4b-45b1-a0bd-6a3923686638 0.329s
2025-04-15 13:27:55.512 70016 INFO tempest.lib.common.rest_client [req-8615d30d-c399-4039-82e3-2919e5aefc93 req-8615d30d-c399-4039-82e3-2919e5aefc93 ] Request (ImagesOneServerNegativeTestJSON:setUpClass): 201 POST http://10.180.1.21:9696/networking/v2.0/networks 1.132s
2025-04-15 13:27:55.524 70044 INFO tempest.lib.common.rest_client [req-2046147d-49b5-48b5-8ec9-f347d484b9e3 req-2046147d-49b5-48b5-8ec9-f347d484b9e3 ] Request (SecurityGroupsNegativeTestJSON:tearDownClass): 204 DELETE http://10.180.1.21/identity/v3/users/27671fc24ad44bf2ab9b2e64f7d3d264 0.125s
2025-04-15 13:27:55.524 70044 INFO tempest.lib.common.dynamic_creds [-] Deleting project and security group for project: d41976419e56436f92d42e05abb7feba
2025-04-15 13:27:55.527 70054 INFO tempest.lib.common.rest_client [req-9cf7aa93-2a10-4450-a687-1462627a5628 req-9cf7aa93-2a10-4450-a687-1462627a5628 ] Request (QuotaClassesAdmin257Test:tearDownClass): 204 DELETE http://10.180.1.21/identity/v3/users/552f872a91b647e4b6e86809e0cac7ac 0.170s
2025-04-15 13:27:55.527 70054 INFO tempest.lib.common.dynamic_creds [-] Deleting project and security group for project: eabf60f41549487f8751984d23a8f31d
2025-04-15 13:27:55.593 70046 INFO tempest.lib.common.rest_client [req-7d98122c-001a-4440-9bb2-98e42b299bab req-7d98122c-001a-4440-9bb2-98e42b299bab ] Request (AttachVolumeNegativeTest:setUpClass): 201 POST http://10.180.1.21/identity/v3/auth/tokens 0.123s
2025-04-15 13:27:55.611 70022 INFO tempest.lib.common.rest_client [req-0192c851-004f-4cad-9b0e-7bb50b5467bb req-0192c851-004f-4cad-9b0e-7bb50b5467bb ] Request (SecurityGroupRulesTestJSON:test_security_group_rules_delete_when_peer_group_deleted): 200 POST http://10.180.1.21/compute/v2.1/os-security-groups 1.668s
2025-04-15 13:27:55.638 70052 INFO tempest.lib.common.rest_client [req-85fae932-c767-4b53-971d-dedfb10e6208 req-85fae932-c767-4b53-971d-dedfb10e6208 ] Request (ServersTestFqdnHostnames:test_create_server_with_fqdn_name): 200 GET http://10.180.1.21/compute/v2.1/servers/74028c39-0858-48ca-aee8-18b66c99b242/os-interface 1.551s
2025-04-15 13:27:55.642 70044 INFO tempest.lib.common.rest_client [req-fb983dc5-f787-4b9d-814e-3e9f4c71d5d3 req-fb983dc5-f787-4b9d-814e-3e9f4c71d5d3 ] Request (SecurityGroupsNegativeTestJSON:tearDownClass): 200 GET http://10.180.1.21:9696/networking/v2.0/security-groups?tenant_id=d41976419e56436f92d42e05abb7feba&name=default 0.117s
2025-04-15 13:27:55.642 69994 INFO tempest.lib.common.rest_client [req-5f86dc82-5894-4e96-ae20-693632364587 req-5f86dc82-5894-4e96-ae20-693632364587 ] Request (QuotasAdminTestJSON:test_delete_quota): 201 POST http://10.180.1.21/identity/v3/projects 0.206s
2025-04-15 13:27:55.694 70018 INFO tempest.lib.common.rest_client [req-5a214f3c-8a26-4189-8f3c-44e5358d090d req-5a214f3c-8a26-4189-8f3c-44e5358d090d ] Request (AggregatesAdminNegativeTestJSON:_run_cleanups): 200 DELETE http://10.180.1.21/compute/v2.1/os-aggregates/4 1.544s
2025-04-15 13:27:55.727 70008 INFO tempest.lib.common.rest_client [req-47239392-7fa4-4785-b2c8-a9777070b66a req-47239392-7fa4-4785-b2c8-a9777070b66a ] Request (InstanceActionsNegativeTestJSON:tearDownClass): 200 GET http://10.180.1.21/compute/v2.1/servers/d53fbbf6-c496-47a6-b4c1-3b466630b30b 1.617s
2025-04-15 13:27:55.740 70028 INFO tempest.lib.common.rest_client [req-d02cc969-4fca-46ac-b1c5-0e3fb7f6152f req-d02cc969-4fca-46ac-b1c5-0e3fb7f6152f ] Request (KeyPairsV210TestJSON:tearDownClass): 204 DELETE http://10.180.1.21/identity/v3/projects/3bc840df33bb423eb2bb2ecf16f468cb 0.230s
2025-04-15 13:27:55.740 70028 INFO tempest.lib.common.dynamic_creds [-] Deleting project and security group for project: e53cfcb431a94c6889c707f81b2240fe
2025-04-15 13:27:55.755 70054 INFO tempest.lib.common.rest_client [req-07609edf-ab6e-4ca1-9ecd-336a3899eb8b req-07609edf-ab6e-4ca1-9ecd-336a3899eb8b ] Request (QuotaClassesAdmin257Test:tearDownClass): 201 POST http://10.180.1.21/identity/v3/auth/tokens 0.227s
2025-04-15 13:27:55.820 69994 INFO tempest.lib.common.rest_client [req-03ee7005-ab84-4c6d-a266-cb24d130deb1 req-03ee7005-ab84-4c6d-a266-cb24d130deb1 ] Request (QuotasAdminTestJSON:test_delete_quota): 200 GET http://10.180.1.21/identity/v3/domains?name=Default 0.177s
2025-04-15 13:27:55.828 70046 INFO tempest.lib.common.rest_client [req-1f56b6b9-5d04-42a5-a04f-7ec9a2fca928 req-1f56b6b9-5d04-42a5-a04f-7ec9a2fca928 ] Request (AttachVolumeNegativeTest:setUpClass): 200 GET http://10.180.1.21/identity/v3/domains?name=Default 0.234s
2025-04-15 13:27:55.847 70004 INFO tempest.lib.common.rest_client [req-fe327102-347b-41a1-99fb-045ccff2ad83 req-fe327102-347b-41a1-99fb-045ccff2ad83 ] Request (ImagesTestJSON:test_create_image_from_stopped_server): 200 GET http://10.180.1.21/compute/v2.1/servers/62fa0b0e-ea00-43db-ab56-6690a625af50 1.537s
2025-04-15 13:27:55.920 70046 INFO tempest.lib.common.rest_client [req-454e7665-4da4-4b24-8d5c-f52781c87090 req-454e7665-4da4-4b24-8d5c-f52781c87090 ] Request (AttachVolumeNegativeTest:setUpClass): 201 POST http://10.180.1.21/identity/v3/projects 0.091s
2025-04-15 13:27:55.931 70048 INFO tempest.lib.common.rest_client [req-2feeac64-f522-4b52-a6bb-f4fabe16c451 req-2feeac64-f522-4b52-a6bb-f4fabe16c451 ] Request (MigrationsAdminTest:test_list_migrations): 200 GET http://10.180.1.21/compute/v2.1/os-migrations 1.607s
2025-04-15 13:27:55.963 70044 INFO tempest.lib.common.rest_client [req-c55fddc1-0d49-48ec-8d40-42d13b3c204a req-c55fddc1-0d49-48ec-8d40-42d13b3c204a ] Request (SecurityGroupsNegativeTestJSON:tearDownClass): 204 DELETE http://10.180.1.21:9696/networking/v2.0/security-groups/8f117aaa-c727-4ebb-a74e-831a280e80ce 0.320s
2025-04-15 13:27:55.987 70046 INFO tempest.lib.common.rest_client [req-80e127ca-8c73-47ae-b2ce-c0dccff92495 req-80e127ca-8c73-47ae-b2ce-c0dccff92495 ] Request (AttachVolumeNegativeTest:setUpClass): 201 POST http://10.180.1.21/identity/v3/users 0.067s
2025-04-15 13:27:56.016 70048 INFO tempest.lib.common.rest_client [req-8284f248-16f6-49ef-9b5a-89f71e95d589 req-8284f248-16f6-49ef-9b5a-89f71e95d589 ] Request (MigrationsAdminTest:test_list_migrations_in_flavor_resize_situation): 201 POST http://10.180.1.21/identity/v3/auth/tokens 0.075s
2025-04-15 13:27:56.017 70048 INFO tempest.lib.common.fixed_network [-] (MigrationsAdminTest:test_list_migrations_in_flavor_resize_situation) Found network None available for tenant
2025-04-15 13:27:56.040 70046 INFO tempest.lib.common.rest_client [req-a0ec9e23-43e8-424c-bb88-b42878edc5bf req-a0ec9e23-43e8-424c-bb88-b42878edc5bf ] Request (AttachVolumeNegativeTest:setUpClass): 200 GET http://10.180.1.21/identity/v3/roles 0.052s
2025-04-15 13:27:56.054 70044 INFO tempest.lib.common.rest_client [req-a19dd63f-9f39-4f09-9b44-9d8f5153a9b7 req-a19dd63f-9f39-4f09-9b44-9d8f5153a9b7 ] Request (SecurityGroupsNegativeTestJSON:tearDownClass): 204 DELETE http://10.180.1.21/identity/v3/projects/d41976419e56436f92d42e05abb7feba 0.091s
2025-04-15 13:27:56.091 70044 INFO tempest.lib.common.rest_client [req-8e40c9e8-013f-4b26-b3e4-94fc56c8db8f req-8e40c9e8-013f-4b26-b3e4-94fc56c8db8f ] Request (AttachInterfacesV270Test:setUpClass): 201 POST http://10.180.1.21/identity/v3/auth/tokens 0.035s
2025-04-15 13:27:56.105 70046 INFO tempest.lib.common.rest_client [req-fd816cb0-e2ff-4bae-9813-ccbb0347677a req-fd816cb0-e2ff-4bae-9813-ccbb0347677a ] Request (AttachVolumeNegativeTest:setUpClass): 204 PUT http://10.180.1.21/identity/v3/projects/171b3a4d12ba4ae3a98b94ee941802ad/users/2e555c37d711422ba406d8822d3cdf7d/roles/afcb054be7c54672919ef525958934af 0.064s
2025-04-15 13:27:56.105 70046 INFO tempest.lib.common.dynamic_creds [-] Dynamic test user 2e555c37d711422ba406d8822d3cdf7d is created with scope project and roles: ['member']
2025-04-15 13:27:56.106 70046 INFO tempest.lib.common.dynamic_creds [-] Acquired dynamic creds: credentials: Credentials: {'domain_id': 'default', 'domain_name': 'Default', 'username': 'tempest-AttachVolumeNegativeTest-1752314791-project-member', 'project_domain_id': 'default', 'project_domain_name': 'Default', 'project_id': '171b3a4d12ba4ae3a98b94ee941802ad', 'project_name': 'tempest-AttachVolumeNegativeTest-1752314791', 'tenant_id': '171b3a4d12ba4ae3a98b94ee941802ad', 'tenant_name': 'tempest-AttachVolumeNegativeTest-1752314791', 'user_domain_id': 'default', 'user_domain_name': 'Default', 'user_id': '2e555c37d711422ba406d8822d3cdf7d', 'system': None}, Network: None, Subnet: None, Router: None
2025-04-15 13:27:56.152 70044 INFO tempest.lib.common.rest_client [req-c1ec8ad5-c4be-45eb-91a6-4b3e0bf3a77b req-c1ec8ad5-c4be-45eb-91a6-4b3e0bf3a77b ] Request (AttachInterfacesV270Test:setUpClass): 201 POST http://10.180.1.21/identity/v3/auth/tokens 0.058s
2025-04-15 13:27:56.177 70046 INFO tempest.lib.common.rest_client [req-461b9668-afef-4432-9894-b766d6e06a89 req-461b9668-afef-4432-9894-b766d6e06a89 ] Request (AttachVolumeNegativeTest:setUpClass): 201 POST http://10.180.1.21/identity/v3/auth/tokens 0.071s
2025-04-15 13:27:56.182 70044 INFO tempest.lib.common.rest_client [req-b6fb129b-1887-4593-905f-b97d120ef5cb req-b6fb129b-1887-4593-905f-b97d120ef5cb ] Request (AttachInterfacesV270Test:setUpClass): 200 GET http://10.180.1.21/identity/v3/domains?name=Default 0.029s
2025-04-15 13:27:56.235 70044 INFO tempest.lib.common.rest_client [req-fac6b77d-d176-4420-b28c-ddb6917b0e3d req-fac6b77d-d176-4420-b28c-ddb6917b0e3d ] Request (AttachInterfacesV270Test:setUpClass): 201 POST http://10.180.1.21/identity/v3/projects 0.053s
2025-04-15 13:27:56.240 70028 INFO tempest.lib.common.rest_client [req-a373defc-e03a-4d4e-96b8-1855cf43fb2a req-a373defc-e03a-4d4e-96b8-1855cf43fb2a ] Request (KeyPairsV210TestJSON:tearDownClass): 200 GET http://10.180.1.21:9696/networking/v2.0/security-groups?tenant_id=e53cfcb431a94c6889c707f81b2240fe&name=default 0.500s
2025-04-15 13:27:56.289 70042 INFO tempest.lib.common.rest_client [req-9251ed70-47d3-47d3-94b1-e761bd1c0e16 req-9251ed70-47d3-47d3-94b1-e761bd1c0e16 ] Request (ServerGroup264TestJSON:tearDownClass): 204 DELETE http://10.180.1.21:9696/networking/v2.0/routers/5ad85122-b7d8-485b-aef9-223cd360711a 1.285s
2025-04-15 13:27:56.294 70026 INFO tempest.lib.common.rest_client [req-70a99122-db73-4730-872b-2c6ec947e0c2 req-70a99122-db73-4730-872b-2c6ec947e0c2 ] Request (FloatingIPsNegativeTestJSON:setUpClass): 201 POST http://10.180.1.21:9696/networking/v2.0/networks 0.998s
2025-04-15 13:27:56.325 70000 INFO tempest.lib.common.rest_client [req-ea3e42ea-5f14-4add-8233-ee95931df66b req-ea3e42ea-5f14-4add-8233-ee95931df66b ] Request (ServersAdminTestJSON:setUpClass): 200 GET http://10.180.1.21/compute/v2.1/servers/a97560ec-5ca3-4e30-88f2-1e767ebcdeb9 1.909s
2025-04-15 13:27:56.334 70054 INFO tempest.lib.common.rest_client [req-82a63758-9405-45ea-9148-c1a7584f159a req-82a63758-9405-45ea-9148-c1a7584f159a ] Request (QuotaClassesAdmin257Test:tearDownClass): 200 GET http://10.180.1.21:9696/networking/v2.0/security-groups?tenant_id=eabf60f41549487f8751984d23a8f31d&name=default 0.578s
2025-04-15 13:27:56.370 70034 INFO tempest.lib.common.rest_client [req-4c4b1345-8ce2-4818-9e75-9a68c2ebc7ef req-4c4b1345-8ce2-4818-9e75-9a68c2ebc7ef ] Request (ServerDiagnosticsTest:test_get_server_diagnostics): 200 GET http://10.180.1.21/compute/v2.1/servers/6c894749-c374-4b27-87c7-bc4368920511 1.950s
2025-04-15 13:27:56.377 70044 INFO tempest.lib.common.rest_client [req-99999d69-5ea9-4aab-98b7-1d44f2ae528a req-99999d69-5ea9-4aab-98b7-1d44f2ae528a ] Request (AttachInterfacesV270Test:setUpClass): 201 POST http://10.180.1.21/identity/v3/users 0.141s
2025-04-15 13:27:56.402 70044 INFO tempest.lib.common.rest_client [req-232b4964-ee4c-49b1-8bc0-731a66efa4f1 req-232b4964-ee4c-49b1-8bc0-731a66efa4f1 ] Request (AttachInterfacesV270Test:setUpClass): 200 GET http://10.180.1.21/identity/v3/roles 0.023s
2025-04-15 13:27:56.439 70044 INFO tempest.lib.common.rest_client [req-0bc41258-45ce-41c2-96cf-c6a88c3688c0 req-0bc41258-45ce-41c2-96cf-c6a88c3688c0 ] Request (AttachInterfacesV270Test:setUpClass): 204 PUT http://10.180.1.21/identity/v3/projects/1117f69187004e2498b038018393b415/users/da07abc3aa594d9b8738d6139df7daa3/roles/afcb054be7c54672919ef525958934af 0.035s
2025-04-15 13:27:56.439 70044 INFO tempest.lib.common.dynamic_creds [-] Dynamic test user da07abc3aa594d9b8738d6139df7daa3 is created with scope project and roles: ['member']
2025-04-15 13:27:56.440 70044 INFO tempest.lib.common.dynamic_creds [-] Acquired dynamic creds: credentials: Credentials: {'domain_id': 'default', 'domain_name': 'Default', 'username': 'tempest-AttachInterfacesV270Test-1842914865-project-member', 'project_domain_id': 'default', 'project_domain_name': 'Default', 'project_id': '1117f69187004e2498b038018393b415', 'project_name': 'tempest-AttachInterfacesV270Test-1842914865', 'tenant_id': '1117f69187004e2498b038018393b415', 'tenant_name': 'tempest-AttachInterfacesV270Test-1842914865', 'user_domain_id': 'default', 'user_domain_name': 'Default', 'user_id': 'da07abc3aa594d9b8738d6139df7daa3', 'system': None}, Network: None, Subnet: None, Router: None
2025-04-15 13:27:56.506 69998 INFO tempest.lib.common.rest_client [req-69d1646c-35a9-45ef-b12a-ceb8b2d40f10 req-69d1646c-35a9-45ef-b12a-ceb8b2d40f10 ] Request (ServersWithSpecificFlavorTestJSON:test_verify_created_server_ephemeral_disk): 200 GET http://10.180.1.21/compute/v2.1/servers/52564a19-8877-410c-8f7e-d553c9382eeb 1.951s
2025-04-15 13:27:56.522 70016 INFO tempest.lib.common.rest_client [req-ac07239e-d203-471d-81a2-f01601dac09b req-ac07239e-d203-471d-81a2-f01601dac09b ] Request (ImagesOneServerNegativeTestJSON:setUpClass): 201 POST http://10.180.1.21:9696/networking/v2.0/subnets 1.004s
2025-04-15 13:27:56.528 70010 INFO tempest.lib.common.rest_client [req-bfc5c880-fe35-49ac-9a0e-99b471823b98 req-bfc5c880-fe35-49ac-9a0e-99b471823b98 ] Request (ImagesNegativeTestJSON:test_create_image_from_deleted_server): 204 DELETE http://10.180.1.21/compute/v2.1/servers/e016fdbe-7de5-4e2a-bbff-ab08a79f9503 1.966s
2025-04-15 13:27:56.549 70044 INFO tempest.lib.common.rest_client [req-f0f59ff5-6223-4466-b1f3-84cff7f339a4 req-f0f59ff5-6223-4466-b1f3-84cff7f339a4 ] Request (AttachInterfacesV270Test:setUpClass): 201 POST http://10.180.1.21/identity/v3/auth/tokens 0.109s
2025-04-15 13:27:56.557 70021 INFO tempest.lib.common.rest_client [req-6e6d1b45-d499-4aad-b9cf-9c58400c3b2f req-6e6d1b45-d499-4aad-b9cf-9c58400c3b2f ] Request (FlavorsAccessNegativeTestJSON:_run_cleanups): 202 DELETE http://10.180.1.21/compute/v2.1/flavors/1410494745 1.663s
2025-04-15 13:27:56.588 70042 INFO tempest.lib.common.rest_client [req-4dfd69f3-222e-4328-be0b-5d307020a012 req-4dfd69f3-222e-4328-be0b-5d307020a012 ] Request (ServerGroup264TestJSON:tearDownClass): 204 DELETE http://10.180.1.21:9696/networking/v2.0/subnets/23016f5c-31f5-4585-b277-c0d189ed4e9b 0.299s
2025-04-15 13:27:56.595 70028 INFO tempest.lib.common.rest_client [req-8f272172-2856-4cc1-a77d-aeb8756644eb req-8f272172-2856-4cc1-a77d-aeb8756644eb ] Request (KeyPairsV210TestJSON:tearDownClass): 204 DELETE http://10.180.1.21:9696/networking/v2.0/security-groups/5fe0b900-6857-4737-bc20-f22f6499cc31 0.354s
2025-04-15 13:27:56.602 70054 INFO tempest.lib.common.rest_client [req-935dd21a-83ae-4f52-ab2d-6aaef92b65be req-935dd21a-83ae-4f52-ab2d-6aaef92b65be ] Request (QuotaClassesAdmin257Test:tearDownClass): 204 DELETE http://10.180.1.21:9696/networking/v2.0/security-groups/d4128c81-6b5d-40d9-9e8d-00cbbdec9312 0.264s
2025-04-15 13:27:56.673 70006 INFO tempest.lib.common.rest_client [req-aed85d2d-20fa-4c98-9fd3-bf022882bbaa req-aed85d2d-20fa-4c98-9fd3-bf022882bbaa ] Request (ServersV294TestFqdnHostnames:setUpClass): 200 GET http://10.180.1.21/compute/v2.1/servers/06b16f93-afb2-4c94-92b6-1afeffaf2f85 1.739s
2025-04-15 13:27:56.707 70054 INFO tempest.lib.common.rest_client [req-2e452dbd-7abc-4f46-a000-eb27ba253e13 req-2e452dbd-7abc-4f46-a000-eb27ba253e13 ] Request (QuotaClassesAdmin257Test:tearDownClass): 204 DELETE http://10.180.1.21/identity/v3/projects/eabf60f41549487f8751984d23a8f31d 0.104s
2025-04-15 13:27:56.708 70054 INFO tempest.lib.common.dynamic_creds [-] Deleting project and security group for project: aa74cff796274a27af2355a021450f56
2025-04-15 13:27:56.708 70028 INFO tempest.lib.common.rest_client [req-5819068b-65a4-4c10-9d2b-4c92fec06882 req-5819068b-65a4-4c10-9d2b-4c92fec06882 ] Request (KeyPairsV210TestJSON:tearDownClass): 204 DELETE http://10.180.1.21/identity/v3/projects/e53cfcb431a94c6889c707f81b2240fe 0.112s
2025-04-15 13:27:56.709 70028 INFO tempest.test [-] raised in ServersOnMultiNodesTest.setUpClass. Invoking tearDownClass.
2025-04-15 13:27:56.730 70056 INFO tempest.lib.common.rest_client [req-a96a941f-87fb-414f-9b0b-d682522ba42e req-a96a941f-87fb-414f-9b0b-d682522ba42e ] Request (KeyPairsV22TestJSON:_run_cleanups): 204 DELETE http://10.180.1.21/compute/v2.1/os-keypairs/tempest-keypair-516312206 1.758s
2025-04-15 13:27:56.795 70028 INFO tempest.lib.common.rest_client [req-774e9462-7b3c-4b64-bd85-67deda2afb35 req-774e9462-7b3c-4b64-bd85-67deda2afb35 ] Request (ListServerFiltersTestJSON:setUpClass): 201 POST http://10.180.1.21/identity/v3/auth/tokens 0.083s
2025-04-15 13:27:56.830 70028 INFO tempest.lib.common.rest_client [req-7d47363b-fc6b-4d7c-af69-5a07c065ec9e req-7d47363b-fc6b-4d7c-af69-5a07c065ec9e ] Request (ListServerFiltersTestJSON:setUpClass): 201 POST http://10.180.1.21/identity/v3/auth/tokens 0.031s
2025-04-15 13:27:56.862 70028 INFO tempest.lib.common.rest_client [req-080d46f4-7a2f-4b12-80e1-a56e5448c13e req-080d46f4-7a2f-4b12-80e1-a56e5448c13e ] Request (ListServerFiltersTestJSON:setUpClass): 200 GET http://10.180.1.21/identity/v3/domains?name=Default 0.031s
2025-04-15 13:27:56.896 70028 INFO tempest.lib.common.rest_client [req-cb379b88-d59e-479e-bb26-481dcd1652ea req-cb379b88-d59e-479e-bb26-481dcd1652ea ] Request (ListServerFiltersTestJSON:setUpClass): 201 POST http://10.180.1.21/identity/v3/projects 0.034s
2025-04-15 13:27:56.963 70050 INFO tempest.lib.common.rest_client [req-3abccf50-a32b-45d7-aa8c-659ccc6efa99 req-3abccf50-a32b-45d7-aa8c-659ccc6efa99 ] Request (HypervisorAdminV253TestBase:test_list_show_detail_hypervisors): 200 GET http://10.180.1.21/compute/v2.1/os-hypervisors/detail?with_servers=True 1.987s
2025-04-15 13:27:56.973 70028 INFO tempest.lib.common.rest_client [req-b00c0f78-770f-4986-8ed9-072ca6831136 req-b00c0f78-770f-4986-8ed9-072ca6831136 ] Request (ListServerFiltersTestJSON:setUpClass): 201 POST http://10.180.1.21/identity/v3/users 0.075s
2025-04-15 13:27:56.993 70002 INFO tempest.lib.common.rest_client [req-3fb66a21-c409-43fd-a04a-a5da6b2203db req-3fb66a21-c409-43fd-a04a-a5da6b2203db ] Request (FloatingIPDetailsTestJSON:setUpClass): 200 PUT http://10.180.1.21:9696/networking/v2.0/routers/03f8ff91-140e-4434-bd10-ce198fc5200e/add_router_interface 2.626s
2025-04-15 13:27:56.997 70002 INFO tempest.lib.common.dynamic_creds [-] Created isolated network resources for: credentials: Credentials: {'domain_id': 'default', 'domain_name': 'Default', 'username': 'tempest-FloatingIPDetailsTestJSON-1167512400-project-member', 'project_domain_id': 'default', 'project_domain_name': 'Default', 'project_id': '3cddbc2e3e68417da7969f22efa057fb', 'project_name': 'tempest-FloatingIPDetailsTestJSON-1167512400', 'tenant_id': '3cddbc2e3e68417da7969f22efa057fb', 'tenant_name': 'tempest-FloatingIPDetailsTestJSON-1167512400', 'user_domain_id': 'default', 'user_domain_name': 'Default', 'user_id': '92a7b4aeb5d446119d51cb7c4c2ac310', 'system': None}, Network: {'id': 'f8c2df17-01d8-4bba-9d60-2893e0378ded', 'name': 'tempest-FloatingIPDetailsTestJSON-325899561-network', 'tenant_id': '3cddbc2e3e68417da7969f22efa057fb', 'admin_state_up': True, 'mtu': 8950, 'status': 'ACTIVE', 'subnets': [], 'shared': False, 'project_id': '3cddbc2e3e68417da7969f22efa057fb', 'port_security_enabled': True, 'router:external': False, 'provider:network_type': 'vlan', 'provider:physical_network': 'default', 'provider:segmentation_id': 212, 'availability_zone_hints': [], 'availability_zones': [], 'ipv4_address_scope': None, 'ipv6_address_scope': None, 'description': '', 'tags': [], 'created_at': '2025-04-15T13:27:50Z', 'updated_at': '2025-04-15T13:27:50Z', 'revision_number': 1}, Subnet: {'id': 'ec510fff-7d3b-41d6-9796-16b354b893df', 'name': 'tempest-FloatingIPDetailsTestJSON-325899561-subnet', 'tenant_id': '3cddbc2e3e68417da7969f22efa057fb', 'network_id': 'f8c2df17-01d8-4bba-9d60-2893e0378ded', 'ip_version': 4, 'subnetpool_id': None, 'enable_dhcp': True, 'ipv6_ra_mode': None, 'ipv6_address_mode': None, 'gateway_ip': '192.168.128.1', 'cidr': '192.168.128.0/28', 'allocation_pools': [{'start': '192.168.128.2', 'end': '192.168.128.14'}], 'host_routes': [], 'dns_nameservers': [], 'description': '', 'router:external': False, 'service_types': [], 'tags': [], 'created_at': '2025-04-15T13:27:51Z', 'updated_at': '2025-04-15T13:27:51Z', 'revision_number': 0, 'project_id': '3cddbc2e3e68417da7969f22efa057fb'}, Router: {'id': '03f8ff91-140e-4434-bd10-ce198fc5200e', 'name': 'tempest-FloatingIPDetailsTestJSON-325899561-router', 'tenant_id': '3cddbc2e3e68417da7969f22efa057fb', 'admin_state_up': True, 'status': 'ACTIVE', 'external_gateway_info': {'network_id': 'b9584ef7-50db-4e85-9869-2ceaaf2fb32a', 'external_fixed_ips': [{'subnet_id': '6d089c9f-e6ea-41e5-bd94-9a3f440b4e45', 'ip_address': '10.180.180.212'}], 'enable_snat': True}, 'description': '', 'availability_zones': [], 'distributed': False, 'ha': False, 'availability_zone_hints': [], 'routes': [], 'flavor_id': None, 'tags': [], 'created_at': '2025-04-15T13:27:51Z', 'updated_at': '2025-04-15T13:27:52Z', 'revision_number': 2, 'project_id': '3cddbc2e3e68417da7969f22efa057fb'}
2025-04-15 13:27:57.000 70046 INFO tempest.lib.common.rest_client [req-66b86c21-779b-4526-907f-fb5916f170b5 req-66b86c21-779b-4526-907f-fb5916f170b5 ] Request (AttachVolumeNegativeTest:setUpClass): 201 POST http://10.180.1.21:9696/networking/v2.0/networks 0.823s
2025-04-15 13:27:57.004 70054 INFO tempest.lib.common.rest_client [req-cec0b4fe-0e49-4443-b00c-8eb3d3068c10 req-cec0b4fe-0e49-4443-b00c-8eb3d3068c10 ] Request (QuotaClassesAdmin257Test:tearDownClass): 200 GET http://10.180.1.21:9696/networking/v2.0/security-groups?tenant_id=aa74cff796274a27af2355a021450f56&name=default 0.296s
2025-04-15 13:27:57.015 70028 INFO tempest.lib.common.rest_client [req-fa90ffb2-8faa-48f9-ae83-ee15a9c6f02c req-fa90ffb2-8faa-48f9-ae83-ee15a9c6f02c ] Request (ListServerFiltersTestJSON:setUpClass): 200 GET http://10.180.1.21/identity/v3/roles 0.042s
2025-04-15 13:27:57.049 70042 INFO tempest.lib.common.rest_client [req-6a13312a-4465-43af-8349-b2da5b0057a0 req-6a13312a-4465-43af-8349-b2da5b0057a0 ] Request (ServerGroup264TestJSON:tearDownClass): 204 DELETE http://10.180.1.21:9696/networking/v2.0/networks/63fa5d26-fe77-43c4-88ca-9dbf6781cb24 0.460s
2025-04-15 13:27:57.055 70012 INFO tempest.lib.common.rest_client [req-dd84e28a-0763-4f56-83e9-20122edbd149 req-dd84e28a-0763-4f56-83e9-20122edbd149 ] Request (VolumesAdminNegativeTest:test_update_attached_volume_with_nonexistent_volume_in_body): 200 GET http://10.180.1.21/compute/v2.1/servers/c3073008-f9d2-4bf4-ac0d-bff7d6627d3d 2.006s
2025-04-15 13:27:57.057 70028 INFO tempest.lib.common.rest_client [req-7f3a0b1a-7e28-4190-b24a-ca379670462a req-7f3a0b1a-7e28-4190-b24a-ca379670462a ] Request (ListServerFiltersTestJSON:setUpClass): 204 PUT http://10.180.1.21/identity/v3/projects/91f61b491722400d8034dd55be0ef1ec/users/d60536d4c64b42ee80e2fe42d19340d9/roles/afcb054be7c54672919ef525958934af 0.041s
2025-04-15 13:27:57.058 70028 INFO tempest.lib.common.dynamic_creds [-] Dynamic test user d60536d4c64b42ee80e2fe42d19340d9 is created with scope project and roles: ['member']
2025-04-15 13:27:57.058 70028 INFO tempest.lib.common.dynamic_creds [-] Acquired dynamic creds: credentials: Credentials: {'domain_id': 'default', 'domain_name': 'Default', 'username': 'tempest-ListServerFiltersTestJSON-339696549-project-member', 'project_domain_id': 'default', 'project_domain_name': 'Default', 'project_id': '91f61b491722400d8034dd55be0ef1ec', 'project_name': 'tempest-ListServerFiltersTestJSON-339696549', 'tenant_id': '91f61b491722400d8034dd55be0ef1ec', 'tenant_name': 'tempest-ListServerFiltersTestJSON-339696549', 'user_domain_id': 'default', 'user_domain_name': 'Default', 'user_id': 'd60536d4c64b42ee80e2fe42d19340d9', 'system': None}, Network: None, Subnet: None, Router: None
2025-04-15 13:27:57.110 70002 INFO tempest.lib.common.rest_client [req-bd8c02da-9af5-4b82-8e13-494a548458e9 req-bd8c02da-9af5-4b82-8e13-494a548458e9 ] Request (FloatingIPDetailsTestJSON:setUpClass): 201 POST http://10.180.1.21/identity/v3/auth/tokens 0.108s
2025-04-15 13:27:57.166 70014 INFO tempest.lib.common.rest_client [req-bbcea963-148a-42be-9685-ce7185492a00 req-bbcea963-148a-42be-9685-ce7185492a00 ] Request (QuotasAdminNegativeTest:test_create_server_when_instances_quota_is_full): 403 POST http://10.180.1.21/compute/v2.1/servers 2.382s
2025-04-15 13:27:57.175 70054 INFO tempest.lib.common.rest_client [req-0a37be29-835f-4ab4-9e9b-ba70f7681c3a req-0a37be29-835f-4ab4-9e9b-ba70f7681c3a ] Request (QuotaClassesAdmin257Test:tearDownClass): 204 DELETE http://10.180.1.21:9696/networking/v2.0/security-groups/1e514341-13db-4e48-8e2b-de0a2be97e2c 0.170s
2025-04-15 13:27:57.188 70028 INFO tempest.lib.common.rest_client [req-5bf4cccd-01b3-46f2-a4a5-d4a66c55f919 req-5bf4cccd-01b3-46f2-a4a5-d4a66c55f919 ] Request (ListServerFiltersTestJSON:setUpClass): 201 POST http://10.180.1.21/identity/v3/auth/tokens 0.130s
2025-04-15 13:27:57.220 70042 INFO tempest.lib.common.rest_client [req-2a09ff16-7d6c-42f0-bf96-cc100f8cdab9 req-2a09ff16-7d6c-42f0-bf96-cc100f8cdab9 ] Request (ServerGroup264TestJSON:tearDownClass): 204 DELETE http://10.180.1.21/identity/v3/users/3bbbf9be4131436a90efcb3f06a6582b 0.171s
2025-04-15 13:27:57.220 70042 INFO tempest.lib.common.dynamic_creds [-] Deleting project and security group for project: 5e34be0c9e6c499e908b636b735963a6
2025-04-15 13:27:57.249 70030 INFO tempest.lib.common.rest_client [req-786ea20d-61e2-49ee-807f-a8ab2c5b9392 req-786ea20d-61e2-49ee-807f-a8ab2c5b9392 ] Request (ServerDiagnosticsNegativeTest:test_get_server_diagnostics_by_non_admin): 200 GET http://10.180.1.21/compute/v2.1/servers/9b30fa05-5ba9-405e-9cdf-e62e5bccea3c 2.107s
2025-04-15 13:27:57.254 70042 INFO tempest.lib.common.rest_client [req-a92afc74-84f1-4d6b-a1b6-862e23c2bd5e req-a92afc74-84f1-4d6b-a1b6-862e23c2bd5e ] Request (ServerGroup264TestJSON:tearDownClass): 200 GET http://10.180.1.21:9696/networking/v2.0/security-groups?tenant_id=5e34be0c9e6c499e908b636b735963a6&name=default 0.033s
2025-04-15 13:27:57.263 70030 INFO tempest.common.waiters [-] State transition "BUILD/scheduling" ==> "BUILD/None" after 3 second wait
2025-04-15 13:27:57.282 70054 INFO tempest.lib.common.rest_client [req-9f97d323-4848-490c-9e7f-103dce809a6d req-9f97d323-4848-490c-9e7f-103dce809a6d ] Request (QuotaClassesAdmin257Test:tearDownClass): 204 DELETE http://10.180.1.21/identity/v3/projects/aa74cff796274a27af2355a021450f56 0.106s
2025-04-15 13:27:57.323 70046 INFO tempest.lib.common.rest_client [req-2a7693b6-a5ac-437c-ad35-8ee3d47fa3c9 req-2a7693b6-a5ac-437c-ad35-8ee3d47fa3c9 ] Request (AttachVolumeNegativeTest:setUpClass): 201 POST http://10.180.1.21:9696/networking/v2.0/subnets 0.320s
2025-04-15 13:27:57.349 70054 INFO tempest.lib.common.rest_client [req-88515cb5-94e8-4e6c-b692-67ae81fa014a req-88515cb5-94e8-4e6c-b692-67ae81fa014a ] Request (TenantUsagesTestJSON:setUpClass): 201 POST http://10.180.1.21/identity/v3/auth/tokens 0.066s
2025-04-15 13:27:57.382 70054 INFO tempest.lib.common.rest_client [req-a777d3f5-fc1e-40c9-a107-417860a5051d req-a777d3f5-fc1e-40c9-a107-417860a5051d ] Request (TenantUsagesTestJSON:setUpClass): 201 POST http://10.180.1.21/identity/v3/auth/tokens 0.030s
2025-04-15 13:27:57.406 70054 INFO tempest.lib.common.rest_client [req-e21c07be-06e0-45b3-adc3-80a8c2fe9513 req-e21c07be-06e0-45b3-adc3-80a8c2fe9513 ] Request (TenantUsagesTestJSON:setUpClass): 200 GET http://10.180.1.21/identity/v3/domains?name=Default 0.024s
2025-04-15 13:27:57.439 70054 INFO tempest.lib.common.rest_client [req-f2b927c9-77fe-4241-a7da-81caf150aba5 req-f2b927c9-77fe-4241-a7da-81caf150aba5 ] Request (TenantUsagesTestJSON:setUpClass): 201 POST http://10.180.1.21/identity/v3/projects 0.032s
2025-04-15 13:27:57.500 70024 INFO tempest.lib.common.rest_client [req-1d475b67-b4ec-4f6d-8dfc-783471f4ea8b req-1d475b67-b4ec-4f6d-8dfc-783471f4ea8b ] Request (DeleteServersAdminTestJSON:test_admin_delete_servers_of_others): 200 GET http://10.180.1.21/compute/v2.1/servers/ef962b36-635f-491c-9182-6d2ec8b6ea58 2.285s
2025-04-15 13:27:57.511 70054 INFO tempest.lib.common.rest_client [req-70ddf910-f6f6-4eb7-8650-3993b8cc15f0 req-70ddf910-f6f6-4eb7-8650-3993b8cc15f0 ] Request (TenantUsagesTestJSON:setUpClass): 201 POST http://10.180.1.21/identity/v3/users 0.071s
