2025-04-15 13:28:57.269 70044 INFO tempest.lib.common.rest_client [req-975b871b-bbeb-4005-910e-25abcd5a86ae req-975b871b-bbeb-4005-910e-25abcd5a86ae ] Request (AttachInterfacesV270Test:test_create_get_list_interfaces): 200 GET http://10.180.1.21/compute/v2.1/servers/9ecfecab-e6e3-41f8-a0ef-7af3c2e15e21 0.163s
2025-04-15 13:28:57.301 70038 INFO tempest.lib.common.rest_client [req-e52cf16a-c92f-43e1-91b6-681d7d2b91f5 req-e52cf16a-c92f-43e1-91b6-681d7d2b91f5 ] Request (ServerRescueTestJSONUnderV235:setUpClass): 200 GET http://10.180.1.21/compute/v2.1/servers/6f17b191-573f-4eb6-86aa-8ced02ce14a0 0.093s
2025-04-15 13:28:57.326 70014 INFO tempest.lib.common.rest_client [req-7c268475-74db-4c17-b418-8570528f9757 req-7c268475-74db-4c17-b418-8570528f9757 ] Request (ServerDiskConfigTestJSON:test_rebuild_server_with_auto_disk_config): 200 GET http://10.180.1.21/compute/v2.1/servers/48b0a9c2-c3ba-4558-a82a-82480f53f472 0.088s
2025-04-15 13:28:57.356 70032 INFO tempest.lib.common.rest_client [req-8864ac2b-a9db-41d4-a360-4a3faf357a0e req-8864ac2b-a9db-41d4-a360-4a3faf357a0e ] Request (ServersTestManualDisk:setUpClass): 200 GET http://10.180.1.21/compute/v2.1/servers/5f93bea5-1ec6-48c3-98c6-a4aa1751cc8b 0.056s
2025-04-15 13:28:57.416 70024 INFO tempest.lib.common.rest_client [req-3ad496e1-869c-456b-9e49-d01aeb46250e req-3ad496e1-869c-456b-9e49-d01aeb46250e ] Request (DeleteServersAdminTestJSON:test_delete_server_while_in_error_state): 200 GET http://10.180.1.21/compute/v2.1/servers/4a38a997-f044-4e0d-9fd9-36b700e96d37 0.068s
2025-04-15 13:28:57.493 70048 INFO tempest.lib.common.rest_client [req-517d1999-b954-4624-b587-b22cef296212 req-517d1999-b954-4624-b587-b22cef296212 ] Request (MigrationsAdminTest:test_list_migrations_in_flavor_resize_situation): 200 GET http://10.180.1.21/compute/v2.1/servers/dfe7d605-4dab-4aea-bc6f-02021cf09d17 0.088s
2025-04-15 13:28:57.537 70056 INFO tempest.lib.common.rest_client [req-798915e7-72a9-4b3e-b121-4665e3da8020 req-798915e7-72a9-4b3e-b121-4665e3da8020 ] Request (ServersListShow296Test:test_list_show_update_rebuild_server_296): 200 GET http://10.180.1.21/compute/v2.1/servers/5b5ef5ac-82da-4e8b-aabf-966539bbf495 0.063s
2025-04-15 13:28:57.573 70054 INFO tempest.lib.common.rest_client [req-1da1f760-824d-45d3-b183-875d9efe9a3c req-1da1f760-824d-45d3-b183-875d9efe9a3c ] Request (TenantUsagesTestJSON:tearDownClass): 200 GET http://10.180.1.21/compute/v2.1/servers/067561be-d2a7-4bba-9053-1091353849db 0.081s
2025-04-15 13:28:57.599 70030 INFO tempest.lib.common.rest_client [req-3f0fc875-1f2d-4a8a-8db7-2765d8dc3c10 req-3f0fc875-1f2d-4a8a-8db7-2765d8dc3c10 ] Request (ServerDiagnosticsNegativeTest:tearDownClass): 200 GET http://10.180.1.21/compute/v2.1/servers/9b30fa05-5ba9-405e-9cdf-e62e5bccea3c 0.066s
2025-04-15 13:28:57.657 70050 INFO tempest.lib.common.rest_client [req-53895547-712b-4f78-b773-ce9b15628e0f req-53895547-712b-4f78-b773-ce9b15628e0f ] Request (ServerMetadataTestJSON:setUpClass): 200 GET http://10.180.1.21/compute/v2.1/servers/0484fec0-872b-45c3-92cf-5d855e5d3d03 0.070s
2025-04-15 13:28:57.716 69994 INFO tempest.lib.common.rest_client [req-1fdd6f6d-fe66-4ad5-9dbb-b1a039b74ae0 req-1fdd6f6d-fe66-4ad5-9dbb-b1a039b74ae0 ] Request (ServerMetadataNegativeTestJSON:setUpClass): 200 GET http://10.180.1.21/compute/v2.1/servers/d2899bb9-9219-4084-b344-d71606d9aabc 0.098s
2025-04-15 13:28:57.767 70018 INFO tempest.lib.common.rest_client [req-92bd76e0-db7d-427f-b936-98149fec6295 req-92bd76e0-db7d-427f-b936-98149fec6295 ] Request (FloatingIPsAssociationTestJSON:setUpClass): 200 GET http://10.180.1.21/compute/v2.1/servers/536fc9a3-f6fc-4526-8c56-11df0000cdcb 0.128s
2025-04-15 13:28:57.786 70046 INFO tempest.lib.common.rest_client [req-a046787a-c977-4729-9f18-36b91b72fca2 req-a046787a-c977-4729-9f18-36b91b72fca2 ] Request (AttachVolumeNegativeTest:test_attach_attached_volume_to_different_server): 200 GET http://10.180.1.21/compute/v2.1/servers/5df02f54-5283-4379-a5f0-8e1123c0ab92 0.225s
2025-04-15 13:28:57.794 70046 INFO tempest.common.waiters [-] State transition "BUILD/networking" ==> "BUILD/spawning" after 48 second wait
2025-04-15 13:28:57.837 70008 INFO tempest.lib.common.rest_client [req-63bef3be-233a-43ff-93d5-26015ba0f30f req-63bef3be-233a-43ff-93d5-26015ba0f30f ] Request (ServerAddressesTestJSON:setUpClass): 200 GET http://10.180.1.21/compute/v2.1/servers/07b4b9aa-0c58-4a91-bc5b-74cf551cce13 0.163s
2025-04-15 13:28:57.856 70026 INFO tempest.lib.common.rest_client [req-1157b9be-c1a0-4d50-979b-f825c180ca69 req-1157b9be-c1a0-4d50-979b-f825c180ca69 ] Request (ListImageFiltersTestJSON:setUpClass): 200 GET http://10.180.1.21/compute/v2.1/servers/61e28d39-30ab-4eb3-865d-930044e6f430 0.147s
2025-04-15 13:28:57.898 70034 INFO tempest.lib.common.rest_client [req-281fe7f0-3a9a-4af4-8e03-b6ee7ba6f4a8 req-281fe7f0-3a9a-4af4-8e03-b6ee7ba6f4a8 ] Request (InstanceActionsV221TestJSON:test_get_list_deleted_instance_actions): 200 GET http://10.180.1.21/compute/v2.1/servers/42c8099a-cb13-4afd-94f7-4fc7506b36d7 0.158s
2025-04-15 13:28:57.925 70004 INFO tempest.lib.common.rest_client [req-f66320f8-bcb4-4368-8ee6-654624fe264a req-f66320f8-bcb4-4368-8ee6-654624fe264a ] Request (ImagesTestJSON:test_create_image_from_suspended_server): 200 GET http://10.180.1.21/compute/v2.1/servers/fad4385f-c21f-4236-b028-464df7b50b70 0.143s
2025-04-15 13:28:57.951 70022 INFO tempest.lib.common.rest_client [req-bdedfaf3-e628-4a52-9039-75ecbe034673 req-bdedfaf3-e628-4a52-9039-75ecbe034673 ] Request (SecurityGroupsTestJSON:test_list_security_groups_by_server): 200 GET http://10.180.1.21/compute/v2.1/servers/53c02b37-2f88-4705-86db-ec2cc3163e4e 0.152s
2025-04-15 13:28:58.067 70000 INFO tempest.lib.common.rest_client [req-475736ad-cad5-439a-b467-9360b7bd2628 req-475736ad-cad5-439a-b467-9360b7bd2628 ] Request (ServersAdminTestJSON:test_create_server_with_scheduling_hint): 200 GET http://10.180.1.21/compute/v2.1/servers/a881c0a3-386d-4fd1-924a-d7cac9036741 0.107s
2025-04-15 13:28:58.118 70016 INFO tempest.lib.common.rest_client [req-657d2656-b940-4e87-8024-30b75cfda9eb req-657d2656-b940-4e87-8024-30b75cfda9eb ] Request (ImagesOneServerNegativeTestJSON:tearDown): 200 GET http://10.180.1.21/compute/v2.1/servers/a18adc08-5acc-4a2e-978a-93b40e9676d2 0.100s
2025-04-15 13:28:58.127 70016 INFO tempest.common.waiters [-] State transition "ACTIVE/image_pending_upload" ==> "ACTIVE/image_uploading" after 4 second wait
2025-04-15 13:28:58.156 70021 INFO tempest.lib.common.rest_client [req-8fdc18d2-dac3-4b42-91ce-19094ceaa7ed req-8fdc18d2-dac3-4b42-91ce-19094ceaa7ed ] Request (ServerExternalEventsTest:test_create_server_external_events): 200 GET http://10.180.1.21/compute/v2.1/servers/d71a8019-3763-44f8-9ad7-78ab81353b60 0.059s
2025-04-15 13:28:58.215 70028 INFO tempest.lib.common.rest_client [req-4de58081-2630-4f71-a971-1e88d38d6396 req-4de58081-2630-4f71-a971-1e88d38d6396 ] Request (ListServerFiltersTestJSON:setUpClass): 200 GET http://10.180.1.21/compute/v2.1/servers/61b8929a-8f0f-4288-bc41-45748ffb53db 0.089s
2025-04-15 13:28:58.244 70002 INFO tempest.lib.common.rest_client [req-19dbefba-dd93-4731-9b82-251d7336e909 req-19dbefba-dd93-4731-9b82-251d7336e909 ] Request (InstanceActionsTestJSON:setUpClass): 200 GET http://10.180.1.21/compute/v2.1/servers/731ff5a1-2f73-40be-9661-378bd367810c 0.050s
2025-04-15 13:28:58.315 70040 INFO tempest.lib.common.rest_client [req-1bf130ac-1dc3-4b92-85a4-e2a6be8735fe req-1bf130ac-1dc3-4b92-85a4-e2a6be8735fe ] Request (ServersAdminNegativeTestJSON:tearDownClass): 200 GET http://10.180.1.21/compute/v2.1/servers/565d2ed6-2738-458b-92c5-529598079afd 0.061s
2025-04-15 13:28:58.369 70038 INFO tempest.lib.common.rest_client [req-79fe2c79-a703-4a32-ad71-865a20e08173 req-79fe2c79-a703-4a32-ad71-865a20e08173 ] Request (ServerRescueTestJSONUnderV235:setUpClass): 200 GET http://10.180.1.21/compute/v2.1/servers/6f17b191-573f-4eb6-86aa-8ced02ce14a0 0.055s
2025-04-15 13:28:58.379 70044 INFO tempest.lib.common.rest_client [req-ab9314a3-c90a-44d8-b4ae-66554ea45a6b req-ab9314a3-c90a-44d8-b4ae-66554ea45a6b ] Request (AttachInterfacesV270Test:test_create_get_list_interfaces): 200 GET http://10.180.1.21/compute/v2.1/servers/9ecfecab-e6e3-41f8-a0ef-7af3c2e15e21 0.098s
2025-04-15 13:28:58.420 70014 INFO tempest.lib.common.rest_client [req-7e904083-d141-40ea-aebc-ac64c38e47d0 req-7e904083-d141-40ea-aebc-ac64c38e47d0 ] Request (ServerDiskConfigTestJSON:test_rebuild_server_with_auto_disk_config): 200 GET http://10.180.1.21/compute/v2.1/servers/48b0a9c2-c3ba-4558-a82a-82480f53f472 0.086s
2025-04-15 13:28:58.433 70032 INFO tempest.lib.common.rest_client [req-83f9657c-b1da-4497-899f-00a46a650f69 req-83f9657c-b1da-4497-899f-00a46a650f69 ] Request (ServersTestManualDisk:setUpClass): 200 GET http://10.180.1.21/compute/v2.1/servers/5f93bea5-1ec6-48c3-98c6-a4aa1751cc8b 0.069s
2025-04-15 13:28:58.472 70024 INFO tempest.lib.common.rest_client [req-e529ea4c-31ff-4df7-b56d-d67a4dbc04fe req-e529ea4c-31ff-4df7-b56d-d67a4dbc04fe ] Request (DeleteServersAdminTestJSON:test_delete_server_while_in_error_state): 200 GET http://10.180.1.21/compute/v2.1/servers/4a38a997-f044-4e0d-9fd9-36b700e96d37 0.047s
2025-04-15 13:28:58.604 70048 INFO tempest.lib.common.rest_client [req-a16ac531-1cc3-4cd5-a9c3-d58f7b32cc41 req-a16ac531-1cc3-4cd5-a9c3-d58f7b32cc41 ] Request (MigrationsAdminTest:test_list_migrations_in_flavor_resize_situation): 200 GET http://10.180.1.21/compute/v2.1/servers/dfe7d605-4dab-4aea-bc6f-02021cf09d17 0.104s
2025-04-15 13:28:58.671 70054 INFO tempest.lib.common.rest_client [req-1bd77c28-b651-4c7f-b322-9559d17ebb43 req-1bd77c28-b651-4c7f-b322-9559d17ebb43 ] Request (TenantUsagesTestJSON:tearDownClass): 200 GET http://10.180.1.21/compute/v2.1/servers/067561be-d2a7-4bba-9053-1091353849db 0.089s
2025-04-15 13:28:58.734 70030 INFO tempest.lib.common.rest_client [req-2d320863-3633-4d25-8564-56e678bb80e4 req-2d320863-3633-4d25-8564-56e678bb80e4 ] Request (ServerDiagnosticsNegativeTest:tearDownClass): 200 GET http://10.180.1.21/compute/v2.1/servers/9b30fa05-5ba9-405e-9cdf-e62e5bccea3c 0.126s
2025-04-15 13:28:58.769 70056 INFO tempest.lib.common.rest_client [req-76de9b84-7f4a-44bf-8b0c-d193d2aeeb66 req-76de9b84-7f4a-44bf-8b0c-d193d2aeeb66 ] Request (ServersListShow296Test:test_list_show_update_rebuild_server_296): 200 GET http://10.180.1.21/compute/v2.1/servers/5b5ef5ac-82da-4e8b-aabf-966539bbf495 0.221s
2025-04-15 13:28:58.777 70050 INFO tempest.lib.common.rest_client [req-6fff71ee-cd72-410b-8c95-45f68f558b93 req-6fff71ee-cd72-410b-8c95-45f68f558b93 ] Request (ServerMetadataTestJSON:setUpClass): 200 GET http://10.180.1.21/compute/v2.1/servers/0484fec0-872b-45c3-92cf-5d855e5d3d03 0.111s
2025-04-15 13:28:58.818 69994 INFO tempest.lib.common.rest_client [req-88893b92-4d00-4c6f-9fa5-c039f7858fe3 req-88893b92-4d00-4c6f-9fa5-c039f7858fe3 ] Request (ServerMetadataNegativeTestJSON:setUpClass): 200 GET http://10.180.1.21/compute/v2.1/servers/d2899bb9-9219-4084-b344-d71606d9aabc 0.089s
2025-04-15 13:28:58.828 70018 INFO tempest.lib.common.rest_client [req-d19fc02d-2b00-40c3-8e9b-314478f3a1a2 req-d19fc02d-2b00-40c3-8e9b-314478f3a1a2 ] Request (FloatingIPsAssociationTestJSON:setUpClass): 200 GET http://10.180.1.21/compute/v2.1/servers/536fc9a3-f6fc-4526-8c56-11df0000cdcb 0.051s
2025-04-15 13:28:58.903 70008 INFO tempest.lib.common.rest_client [req-f8872858-2b56-4ead-b84b-e0009956fda2 req-f8872858-2b56-4ead-b84b-e0009956fda2 ] Request (ServerAddressesTestJSON:setUpClass): 200 GET http://10.180.1.21/compute/v2.1/servers/07b4b9aa-0c58-4a91-bc5b-74cf551cce13 0.050s
2025-04-15 13:28:58.905 70046 INFO tempest.lib.common.rest_client [req-407a50c1-5d57-4cce-a5d9-07ac2a135ba6 req-407a50c1-5d57-4cce-a5d9-07ac2a135ba6 ] Request (AttachVolumeNegativeTest:test_attach_attached_volume_to_different_server): 200 GET http://10.180.1.21/compute/v2.1/servers/5df02f54-5283-4379-a5f0-8e1123c0ab92 0.109s
2025-04-15 13:28:58.910 69998 WARNING tempest.lib.common.ssh [-] Failed to establish authenticated ssh connection to cirros@10.180.180.250 ([Errno None] Unable to connect to port 22 on 10.180.180.250). Number attempts: 5. Retry after 6 seconds.: paramiko.ssh_exception.NoValidConnectionsError: [Errno None] Unable to connect to port 22 on 10.180.180.250
2025-04-15 13:28:58.957 70026 INFO tempest.lib.common.rest_client [req-7f75619c-a8a4-4db0-bc62-7bf36b4404f6 req-7f75619c-a8a4-4db0-bc62-7bf36b4404f6 ] Request (ListImageFiltersTestJSON:setUpClass): 200 GET http://10.180.1.21/compute/v2.1/servers/61e28d39-30ab-4eb3-865d-930044e6f430 0.089s
2025-04-15 13:28:58.965 70034 INFO tempest.lib.common.rest_client [req-2f2e736e-0834-44b6-8484-42eebbb41d0d req-2f2e736e-0834-44b6-8484-42eebbb41d0d ] Request (InstanceActionsV221TestJSON:test_get_list_deleted_instance_actions): 200 GET http://10.180.1.21/compute/v2.1/servers/42c8099a-cb13-4afd-94f7-4fc7506b36d7 0.055s
2025-04-15 13:28:59.003 70004 INFO tempest.lib.common.rest_client [req-eefe59d1-1a03-4142-8480-50eb77f12015 req-eefe59d1-1a03-4142-8480-50eb77f12015 ] Request (ImagesTestJSON:test_create_image_from_suspended_server): 200 GET http://10.180.1.21/compute/v2.1/servers/fad4385f-c21f-4236-b028-464df7b50b70 0.069s
2025-04-15 13:28:59.009 70022 INFO tempest.lib.common.rest_client [req-4c659f93-4122-4f03-bcb6-1bac307c006c req-4c659f93-4122-4f03-bcb6-1bac307c006c ] Request (SecurityGroupsTestJSON:test_list_security_groups_by_server): 200 GET http://10.180.1.21/compute/v2.1/servers/53c02b37-2f88-4705-86db-ec2cc3163e4e 0.050s
2025-04-15 13:28:59.189 70000 INFO tempest.lib.common.rest_client [req-9bac18d1-ce00-46aa-9059-97775872bccf req-9bac18d1-ce00-46aa-9059-97775872bccf ] Request (ServersAdminTestJSON:test_create_server_with_scheduling_hint): 200 GET http://10.180.1.21/compute/v2.1/servers/a881c0a3-386d-4fd1-924a-d7cac9036741 0.112s
2025-04-15 13:28:59.237 70021 INFO tempest.lib.common.rest_client [req-6c49de43-db64-4e85-8e42-b40ce06c8006 req-6c49de43-db64-4e85-8e42-b40ce06c8006 ] Request (ServerExternalEventsTest:test_create_server_external_events): 200 GET http://10.180.1.21/compute/v2.1/servers/d71a8019-3763-44f8-9ad7-78ab81353b60 0.073s
2025-04-15 13:28:59.244 70021 INFO tempest.common.waiters [-] State transition "BUILD/None" ==> "BUILD/networking" after 46 second wait
2025-04-15 13:28:59.251 70016 INFO tempest.lib.common.rest_client [req-f5080aed-41f8-451a-a6af-f2dd9c5072e0 req-f5080aed-41f8-451a-a6af-f2dd9c5072e0 ] Request (ImagesOneServerNegativeTestJSON:tearDown): 200 GET http://10.180.1.21/compute/v2.1/servers/a18adc08-5acc-4a2e-978a-93b40e9676d2 0.123s
2025-04-15 13:28:59.308 70002 INFO tempest.lib.common.rest_client [req-1cebe33a-0caa-46e5-b136-899c05b77553 req-1cebe33a-0caa-46e5-b136-899c05b77553 ] Request (InstanceActionsTestJSON:setUpClass): 200 GET http://10.180.1.21/compute/v2.1/servers/731ff5a1-2f73-40be-9661-378bd367810c 0.055s
2025-04-15 13:28:59.328 70028 INFO tempest.lib.common.rest_client [req-e4430ee7-4106-4392-945e-10d1a6cc4990 req-e4430ee7-4106-4392-945e-10d1a6cc4990 ] Request (ListServerFiltersTestJSON:setUpClass): 200 GET http://10.180.1.21/compute/v2.1/servers/61b8929a-8f0f-4288-bc41-45748ffb53db 0.101s
2025-04-15 13:28:59.407 70040 INFO tempest.lib.common.rest_client [req-af68c547-a33e-4c47-b980-0c93e66e288e req-af68c547-a33e-4c47-b980-0c93e66e288e ] Request (ServersAdminNegativeTestJSON:tearDownClass): 200 GET http://10.180.1.21/compute/v2.1/servers/565d2ed6-2738-458b-92c5-529598079afd 0.084s
2025-04-15 13:28:59.455 70038 INFO tempest.lib.common.rest_client [req-f78716f3-37f4-4994-a61a-fd3a85062d0c req-f78716f3-37f4-4994-a61a-fd3a85062d0c ] Request (ServerRescueTestJSONUnderV235:setUpClass): 200 GET http://10.180.1.21/compute/v2.1/servers/6f17b191-573f-4eb6-86aa-8ced02ce14a0 0.078s
2025-04-15 13:28:59.507 70014 INFO tempest.lib.common.rest_client [req-d586428f-c286-4b19-8b7e-8b5faa5e7639 req-d586428f-c286-4b19-8b7e-8b5faa5e7639 ] Request (ServerDiskConfigTestJSON:test_rebuild_server_with_auto_disk_config): 200 GET http://10.180.1.21/compute/v2.1/servers/48b0a9c2-c3ba-4558-a82a-82480f53f472 0.078s
2025-04-15 13:28:59.560 70044 INFO tempest.lib.common.rest_client [req-e9bd8a34-c5b0-4cc9-a5b3-95e4a9a29490 req-e9bd8a34-c5b0-4cc9-a5b3-95e4a9a29490 ] Request (AttachInterfacesV270Test:test_create_get_list_interfaces): 200 GET http://10.180.1.21/compute/v2.1/servers/9ecfecab-e6e3-41f8-a0ef-7af3c2e15e21 0.169s
2025-04-15 13:28:59.563 70032 INFO tempest.lib.common.rest_client [req-c4375289-8024-48a1-9743-b72f02f264e7 req-c4375289-8024-48a1-9743-b72f02f264e7 ] Request (ServersTestManualDisk:setUpClass): 200 GET http://10.180.1.21/compute/v2.1/servers/5f93bea5-1ec6-48c3-98c6-a4aa1751cc8b 0.121s
2025-04-15 13:28:59.570 70044 INFO tempest.common.waiters [-] State transition "BUILD/spawning" ==> "ACTIVE/None" after 52 second wait
2025-04-15 13:28:59.618 70024 INFO tempest.lib.common.rest_client [req-79e6416a-5ea6-4284-9476-5e1fc0ed267b req-79e6416a-5ea6-4284-9476-5e1fc0ed267b ] Request (DeleteServersAdminTestJSON:test_delete_server_while_in_error_state): 200 GET http://10.180.1.21/compute/v2.1/servers/4a38a997-f044-4e0d-9fd9-36b700e96d37 0.140s
2025-04-15 13:28:59.776 70048 INFO tempest.lib.common.rest_client [req-b92dd7f9-abf3-461a-897c-9ab77884c91d req-b92dd7f9-abf3-461a-897c-9ab77884c91d ] Request (MigrationsAdminTest:test_list_migrations_in_flavor_resize_situation): 200 GET http://10.180.1.21/compute/v2.1/servers/dfe7d605-4dab-4aea-bc6f-02021cf09d17 0.163s
2025-04-15 13:28:59.848 70054 INFO tempest.lib.common.rest_client [req-ba4d0c6c-80b9-4e3b-8bc5-ae5af24862ea req-ba4d0c6c-80b9-4e3b-8bc5-ae5af24862ea ] Request (TenantUsagesTestJSON:tearDownClass): 200 GET http://10.180.1.21/compute/v2.1/servers/067561be-d2a7-4bba-9053-1091353849db 0.168s
2025-04-15 13:28:59.923 70030 INFO tempest.lib.common.rest_client [req-b2571b63-0a98-4d19-b5dc-7b059adc022c req-b2571b63-0a98-4d19-b5dc-7b059adc022c ] Request (ServerDiagnosticsNegativeTest:tearDownClass): 200 GET http://10.180.1.21/compute/v2.1/servers/9b30fa05-5ba9-405e-9cdf-e62e5bccea3c 0.178s
2025-04-15 13:28:59.993 70056 INFO tempest.lib.common.rest_client [req-69f59186-c41d-4484-ba64-7efef5a856e4 req-69f59186-c41d-4484-ba64-7efef5a856e4 ] Request (ServersListShow296Test:test_list_show_update_rebuild_server_296): 200 GET http://10.180.1.21/compute/v2.1/servers/5b5ef5ac-82da-4e8b-aabf-966539bbf495 0.209s
2025-04-15 13:29:00.048 70050 INFO tempest.lib.common.rest_client [req-2efc6be3-75c6-44c7-a858-05c706b02017 req-2efc6be3-75c6-44c7-a858-05c706b02017 ] Request (ServerMetadataTestJSON:setUpClass): 200 GET http://10.180.1.21/compute/v2.1/servers/0484fec0-872b-45c3-92cf-5d855e5d3d03 0.262s
2025-04-15 13:29:00.099 69994 INFO tempest.lib.common.rest_client [req-b207be84-18e3-4ebd-b4f5-01e2f9bccf25 req-b207be84-18e3-4ebd-b4f5-01e2f9bccf25 ] Request (ServerMetadataNegativeTestJSON:setUpClass): 200 GET http://10.180.1.21/compute/v2.1/servers/d2899bb9-9219-4084-b344-d71606d9aabc 0.269s
2025-04-15 13:29:00.155 70018 INFO tempest.lib.common.rest_client [req-b7235ee4-6b85-4264-a71c-a44219cf108e req-b7235ee4-6b85-4264-a71c-a44219cf108e ] Request (FloatingIPsAssociationTestJSON:setUpClass): 200 GET http://10.180.1.21/compute/v2.1/servers/536fc9a3-f6fc-4526-8c56-11df0000cdcb 0.318s
2025-04-15 13:29:00.207 70008 INFO tempest.lib.common.rest_client [req-ebac4ff6-c4e6-48c8-8250-56870e011297 req-ebac4ff6-c4e6-48c8-8250-56870e011297 ] Request (ServerAddressesTestJSON:setUpClass): 200 GET http://10.180.1.21/compute/v2.1/servers/07b4b9aa-0c58-4a91-bc5b-74cf551cce13 0.295s
2025-04-15 13:29:00.294 70046 INFO tempest.lib.common.rest_client [req-0df302cc-1cc0-459f-8c30-5108eb83cb1e req-0df302cc-1cc0-459f-8c30-5108eb83cb1e ] Request (AttachVolumeNegativeTest:test_attach_attached_volume_to_different_server): 200 GET http://10.180.1.21/compute/v2.1/servers/5df02f54-5283-4379-a5f0-8e1123c0ab92 0.379s
2025-04-15 13:29:00.343 70026 INFO tempest.lib.common.rest_client [req-7f51ebe8-fc6e-4a2c-8480-986d9c0f633e req-7f51ebe8-fc6e-4a2c-8480-986d9c0f633e ] Request (ListImageFiltersTestJSON:setUpClass): 200 GET http://10.180.1.21/compute/v2.1/servers/61e28d39-30ab-4eb3-865d-930044e6f430 0.377s
2025-04-15 13:29:00.393 70034 INFO tempest.lib.common.rest_client [req-b6467c01-2c57-43bd-bd5c-0be5efe1159e req-b6467c01-2c57-43bd-bd5c-0be5efe1159e ] Request (InstanceActionsV221TestJSON:test_get_list_deleted_instance_actions): 200 GET http://10.180.1.21/compute/v2.1/servers/42c8099a-cb13-4afd-94f7-4fc7506b36d7 0.418s
2025-04-15 13:29:00.445 70004 INFO tempest.lib.common.rest_client [req-a652b876-976d-4947-a323-5c39194bcc2d req-a652b876-976d-4947-a323-5c39194bcc2d ] Request (ImagesTestJSON:test_create_image_from_suspended_server): 200 GET http://10.180.1.21/compute/v2.1/servers/fad4385f-c21f-4236-b028-464df7b50b70 0.435s
2025-04-15 13:29:00.497 70022 INFO tempest.lib.common.rest_client [req-d95d42d4-a079-4880-8d0f-1294509b8098 req-d95d42d4-a079-4880-8d0f-1294509b8098 ] Request (SecurityGroupsTestJSON:test_list_security_groups_by_server): 200 GET http://10.180.1.21/compute/v2.1/servers/53c02b37-2f88-4705-86db-ec2cc3163e4e 0.479s
2025-04-15 13:29:00.627 70000 INFO tempest.lib.common.rest_client [req-5d955093-4bed-4885-8ed1-412cab968fd0 req-5d955093-4bed-4885-8ed1-412cab968fd0 ] Request (ServersAdminTestJSON:test_create_server_with_scheduling_hint): 200 GET http://10.180.1.21/compute/v2.1/servers/a881c0a3-386d-4fd1-924a-d7cac9036741 0.429s
2025-04-15 13:29:00.740 70021 INFO tempest.lib.common.rest_client [req-95f299dc-8d6b-45c2-b401-a710d56b2db8 req-95f299dc-8d6b-45c2-b401-a710d56b2db8 ] Request (ServerExternalEventsTest:test_create_server_external_events): 200 GET http://10.180.1.21/compute/v2.1/servers/d71a8019-3763-44f8-9ad7-78ab81353b60 0.495s
2025-04-15 13:29:00.747 70021 INFO tempest.common.waiters [-] State transition "BUILD/networking" ==> "BUILD/spawning" after 47 second wait
2025-04-15 13:29:00.766 70052 WARNING tempest.lib.common.ssh [-] Failed to establish authenticated ssh connection to cirros@10.180.180.211 ([Errno None] Unable to connect to port 22 on 10.180.180.211). Number attempts: 8. Retry after 9 seconds.: paramiko.ssh_exception.NoValidConnectionsError: [Errno None] Unable to connect to port 22 on 10.180.180.211
2025-04-15 13:29:00.837 70016 INFO tempest.lib.common.rest_client [req-3b782ab4-68db-4eaf-851c-78a11cfcffe1 req-3b782ab4-68db-4eaf-851c-78a11cfcffe1 ] Request (ImagesOneServerNegativeTestJSON:tearDown): 200 GET http://10.180.1.21/compute/v2.1/servers/a18adc08-5acc-4a2e-978a-93b40e9676d2 0.576s
2025-04-15 13:29:00.891 70002 INFO tempest.lib.common.rest_client [req-633f4c6f-0a6a-4953-8bd1-7a87adb43614 req-633f4c6f-0a6a-4953-8bd1-7a87adb43614 ] Request (InstanceActionsTestJSON:setUpClass): 200 GET http://10.180.1.21/compute/v2.1/servers/731ff5a1-2f73-40be-9661-378bd367810c 0.574s
2025-04-15 13:29:01.018 70028 INFO tempest.lib.common.rest_client [req-840b9784-3442-405f-9a4d-eed2d8013cf3 req-840b9784-3442-405f-9a4d-eed2d8013cf3 ] Request (ListServerFiltersTestJSON:setUpClass): 200 GET http://10.180.1.21/compute/v2.1/servers/61b8929a-8f0f-4288-bc41-45748ffb53db 0.678s
2025-04-15 13:29:01.076 70040 INFO tempest.lib.common.rest_client [req-66959ebf-bc85-4522-b400-11c685891d56 req-66959ebf-bc85-4522-b400-11c685891d56 ] Request (ServersAdminNegativeTestJSON:tearDownClass): 200 GET http://10.180.1.21/compute/v2.1/servers/565d2ed6-2738-458b-92c5-529598079afd 0.657s
2025-04-15 13:29:01.127 70038 INFO tempest.lib.common.rest_client [req-b3ff696b-3862-48df-8e22-4a6a680b6ae1 req-b3ff696b-3862-48df-8e22-4a6a680b6ae1 ] Request (ServerRescueTestJSONUnderV235:setUpClass): 200 GET http://10.180.1.21/compute/v2.1/servers/6f17b191-573f-4eb6-86aa-8ced02ce14a0 0.660s
2025-04-15 13:29:01.214 70014 INFO tempest.lib.common.rest_client [req-96685dbc-2465-4c89-bda7-02e839ac479f req-96685dbc-2465-4c89-bda7-02e839ac479f ] Request (ServerDiskConfigTestJSON:test_rebuild_server_with_auto_disk_config): 200 GET http://10.180.1.21/compute/v2.1/servers/48b0a9c2-c3ba-4558-a82a-82480f53f472 0.692s
2025-04-15 13:29:01.281 70032 INFO tempest.lib.common.rest_client [req-5e7a2283-3d3c-4c76-9ff5-b49ab8ba0482 req-5e7a2283-3d3c-4c76-9ff5-b49ab8ba0482 ] Request (ServersTestManualDisk:setUpClass): 200 GET http://10.180.1.21/compute/v2.1/servers/5f93bea5-1ec6-48c3-98c6-a4aa1751cc8b 0.709s
2025-04-15 13:29:01.334 70024 INFO tempest.lib.common.rest_client [req-f73c2a4e-e0e2-4c5f-a8f8-47c99733633c req-f73c2a4e-e0e2-4c5f-a8f8-47c99733633c ] Request (DeleteServersAdminTestJSON:test_delete_server_while_in_error_state): 200 GET http://10.180.1.21/compute/v2.1/servers/4a38a997-f044-4e0d-9fd9-36b700e96d37 0.706s
2025-04-15 13:29:01.458 70048 INFO tempest.lib.common.rest_client [req-540290fe-cc96-412a-a6c0-f0bb98b61cea req-540290fe-cc96-412a-a6c0-f0bb98b61cea ] Request (MigrationsAdminTest:test_list_migrations_in_flavor_resize_situation): 200 GET http://10.180.1.21/compute/v2.1/servers/dfe7d605-4dab-4aea-bc6f-02021cf09d17 0.673s
2025-04-15 13:29:01.523 70054 INFO tempest.lib.common.rest_client [req-e1976104-339d-40eb-b0f4-aff46fa3c4de req-e1976104-339d-40eb-b0f4-aff46fa3c4de ] Request (TenantUsagesTestJSON:tearDownClass): 200 GET http://10.180.1.21/compute/v2.1/servers/067561be-d2a7-4bba-9053-1091353849db 0.666s
2025-04-15 13:29:01.551 70030 INFO tempest.lib.common.rest_client [req-6467b1fb-322e-4fe5-95eb-79b14f933d05 req-6467b1fb-322e-4fe5-95eb-79b14f933d05 ] Request (ServerDiagnosticsNegativeTest:tearDownClass): 404 GET http://10.180.1.21/compute/v2.1/servers/9b30fa05-5ba9-405e-9cdf-e62e5bccea3c 0.619s
2025-04-15 13:29:01.608 70056 INFO tempest.lib.common.rest_client [req-3f335b44-179b-4281-a895-89aff347c752 req-3f335b44-179b-4281-a895-89aff347c752 ] Request (ServersListShow296Test:test_list_show_update_rebuild_server_296): 200 GET http://10.180.1.21/compute/v2.1/servers/5b5ef5ac-82da-4e8b-aabf-966539bbf495 0.602s
2025-04-15 13:29:01.656 70050 INFO tempest.lib.common.rest_client [req-24a75beb-7362-4648-9dc4-f53afd563eab req-24a75beb-7362-4648-9dc4-f53afd563eab ] Request (ServerMetadataTestJSON:setUpClass): 200 GET http://10.180.1.21/compute/v2.1/servers/0484fec0-872b-45c3-92cf-5d855e5d3d03 0.600s
2025-04-15 13:29:01.714 69994 INFO tempest.lib.common.rest_client [req-d95caae1-210d-4dc7-9397-ed2b50acfc19 req-d95caae1-210d-4dc7-9397-ed2b50acfc19 ] Request (ServerMetadataNegativeTestJSON:setUpClass): 200 GET http://10.180.1.21/compute/v2.1/servers/d2899bb9-9219-4084-b344-d71606d9aabc 0.607s
2025-04-15 13:29:01.764 70030 INFO tempest.lib.common.rest_client [req-3fb4de9c-9744-463b-a94a-b6cb67cbf27d req-3fb4de9c-9744-463b-a94a-b6cb67cbf27d ] Request (ServerDiagnosticsNegativeTest:tearDownClass): 204 DELETE http://10.180.1.21/identity/v3/users/9761c55e31d74459a6dd8bbe324c8e55 0.212s
2025-04-15 13:29:01.771 70018 INFO tempest.lib.common.rest_client [req-493fcc64-0b77-4d2a-b2c1-ac5175f55b97 req-493fcc64-0b77-4d2a-b2c1-ac5175f55b97 ] Request (FloatingIPsAssociationTestJSON:setUpClass): 200 GET http://10.180.1.21/compute/v2.1/servers/536fc9a3-f6fc-4526-8c56-11df0000cdcb 0.607s
2025-04-15 13:29:01.839 70008 INFO tempest.lib.common.rest_client [req-cc4f881f-291c-4281-9388-cac0b4219b87 req-cc4f881f-291c-4281-9388-cac0b4219b87 ] Request (ServerAddressesTestJSON:setUpClass): 200 GET http://10.180.1.21/compute/v2.1/servers/07b4b9aa-0c58-4a91-bc5b-74cf551cce13 0.625s
2025-04-15 13:29:01.890 70030 INFO tempest.lib.common.rest_client [req-cad36baa-6bbf-4176-a1f2-c9d3d41181e0 req-cad36baa-6bbf-4176-a1f2-c9d3d41181e0 ] Request (ServerDiagnosticsNegativeTest:tearDownClass): 204 DELETE http://10.180.1.21/identity/v3/users/3489d82cfa5349818e6b0657169a3dae 0.126s
2025-04-15 13:29:01.891 70030 INFO tempest.lib.common.dynamic_creds [-] Deleting project and security group for project: dbab17aa212d489090bb1553c10497a3
2025-04-15 13:29:01.955 70030 INFO tempest.lib.common.rest_client [req-b5d436f9-97a1-4252-98e3-f9c3a46e781c req-b5d436f9-97a1-4252-98e3-f9c3a46e781c ] Request (ServerDiagnosticsNegativeTest:tearDownClass): 201 POST http://10.180.1.21/identity/v3/auth/tokens 0.064s
2025-04-15 13:29:01.983 70046 INFO tempest.lib.common.rest_client [req-01c263e7-c874-42ce-b583-e07c285d07e5 req-01c263e7-c874-42ce-b583-e07c285d07e5 ] Request (AttachVolumeNegativeTest:test_attach_attached_volume_to_different_server): 200 GET http://10.180.1.21/compute/v2.1/servers/5df02f54-5283-4379-a5f0-8e1123c0ab92 0.681s
2025-04-15 13:29:02.029 70026 INFO tempest.lib.common.rest_client [req-ae5ab81e-429b-4532-8213-cfe003c0101c req-ae5ab81e-429b-4532-8213-cfe003c0101c ] Request (ListImageFiltersTestJSON:setUpClass): 200 GET http://10.180.1.21/compute/v2.1/servers/61e28d39-30ab-4eb3-865d-930044e6f430 0.678s
2025-04-15 13:29:02.044 70030 INFO tempest.lib.common.rest_client [req-a26e907a-d6a6-4720-b382-3be0f1dd6996 req-a26e907a-d6a6-4720-b382-3be0f1dd6996 ] Request (ServerDiagnosticsNegativeTest:tearDownClass): 200 GET http://10.180.1.21:9696/networking/v2.0/security-groups?tenant_id=dbab17aa212d489090bb1553c10497a3&name=default 0.088s
2025-04-15 13:29:02.077 70034 INFO tempest.lib.common.rest_client [req-a333c4a5-af5b-4c65-b7bc-e3e3fda69a3c req-a333c4a5-af5b-4c65-b7bc-e3e3fda69a3c ] Request (InstanceActionsV221TestJSON:test_get_list_deleted_instance_actions): 200 GET http://10.180.1.21/compute/v2.1/servers/42c8099a-cb13-4afd-94f7-4fc7506b36d7 0.675s
2025-04-15 13:29:02.125 70004 INFO tempest.lib.common.rest_client [req-d6a53a63-9422-40f1-8ecc-cfac0f972991 req-d6a53a63-9422-40f1-8ecc-cfac0f972991 ] Request (ImagesTestJSON:test_create_image_from_suspended_server): 200 GET http://10.180.1.21/compute/v2.1/servers/fad4385f-c21f-4236-b028-464df7b50b70 0.669s
2025-04-15 13:29:02.126 70030 INFO tempest.lib.common.rest_client [req-3de4d93a-13d1-4ca1-aff7-2cd5b5a74fcd req-3de4d93a-13d1-4ca1-aff7-2cd5b5a74fcd ] Request (ServerDiagnosticsNegativeTest:tearDownClass): 204 DELETE http://10.180.1.21:9696/networking/v2.0/security-groups/fe6c791e-540b-438d-996c-efae6d653bbe 0.081s
2025-04-15 13:29:02.174 70022 INFO tempest.lib.common.rest_client [req-77ecbd38-a012-4b35-9952-9c7e55b1706d req-77ecbd38-a012-4b35-9952-9c7e55b1706d ] Request (SecurityGroupsTestJSON:test_list_security_groups_by_server): 200 GET http://10.180.1.21/compute/v2.1/servers/53c02b37-2f88-4705-86db-ec2cc3163e4e 0.668s
2025-04-15 13:29:02.178 70030 INFO tempest.lib.common.rest_client [req-904c3c9d-2aed-4119-817c-328cbc2eedfb req-904c3c9d-2aed-4119-817c-328cbc2eedfb ] Request (ServerDiagnosticsNegativeTest:tearDownClass): 204 DELETE http://10.180.1.21/identity/v3/projects/dbab17aa212d489090bb1553c10497a3 0.052s
2025-04-15 13:29:02.179 70030 INFO tempest.lib.common.dynamic_creds [-] Deleting project and security group for project: 4e566e40f1474d63923ffa77ad807151
2025-04-15 13:29:02.262 70000 INFO tempest.lib.common.rest_client [req-3a42d5c3-ac0e-446f-9eae-25566884d008 req-3a42d5c3-ac0e-446f-9eae-25566884d008 ] Request (ServersAdminTestJSON:test_create_server_with_scheduling_hint): 200 GET http://10.180.1.21/compute/v2.1/servers/a881c0a3-386d-4fd1-924a-d7cac9036741 0.627s
2025-04-15 13:29:02.271 70030 INFO tempest.lib.common.rest_client [req-846b9fd2-12f7-475f-949c-d2b3152bbee9 req-846b9fd2-12f7-475f-949c-d2b3152bbee9 ] Request (ServerDiagnosticsNegativeTest:tearDownClass): 200 GET http://10.180.1.21:9696/networking/v2.0/security-groups?tenant_id=4e566e40f1474d63923ffa77ad807151&name=default 0.092s
2025-04-15 13:29:02.366 70012 WARNING tempest.lib.common.ssh [-] Failed to establish authenticated ssh connection to cirros@10.180.180.137 ([Errno None] Unable to connect to port 22 on 10.180.180.137). Number attempts: 6. Retry after 7 seconds.: paramiko.ssh_exception.NoValidConnectionsError: [Errno None] Unable to connect to port 22 on 10.180.180.137
2025-04-15 13:29:02.366 70006 WARNING tempest.lib.common.ssh [-] Failed to establish authenticated ssh connection to cirros@10.180.180.133 ([Errno None] Unable to connect to port 22 on 10.180.180.133). Number attempts: 6. Retry after 7 seconds.: paramiko.ssh_exception.NoValidConnectionsError: [Errno None] Unable to connect to port 22 on 10.180.180.133
2025-04-15 13:29:02.375 70021 INFO tempest.lib.common.rest_client [req-7dca3489-9672-466a-8204-124ec53cfe5c req-7dca3489-9672-466a-8204-124ec53cfe5c ] Request (ServerExternalEventsTest:test_create_server_external_events): 200 GET http://10.180.1.21/compute/v2.1/servers/d71a8019-3763-44f8-9ad7-78ab81353b60 0.626s
2025-04-15 13:29:02.387 70030 INFO tempest.lib.common.rest_client [req-56b535db-af82-430a-b7ad-edff6a6db737 req-56b535db-af82-430a-b7ad-edff6a6db737 ] Request (ServerDiagnosticsNegativeTest:tearDownClass): 204 DELETE http://10.180.1.21:9696/networking/v2.0/security-groups/f55a0192-52c1-40c2-acee-7c5fa86e2d37 0.116s
2025-04-15 13:29:02.475 70030 INFO tempest.lib.common.rest_client [req-aa14fa5c-3e88-4739-b442-04fc0dec14a3 req-aa14fa5c-3e88-4739-b442-04fc0dec14a3 ] Request (ServerDiagnosticsNegativeTest:tearDownClass): 204 DELETE http://10.180.1.21/identity/v3/projects/4e566e40f1474d63923ffa77ad807151 0.087s
2025-04-15 13:29:02.476 70030 INFO tempest.test [-] raised in UpdateMultiattachVolumeNegativeTest.setUpClass. Invoking tearDownClass.
2025-04-15 13:29:02.492 70016 INFO tempest.lib.common.rest_client [req-acdbbc5a-589f-46b5-8f73-bbb53db3a30a req-acdbbc5a-589f-46b5-8f73-bbb53db3a30a ] Request (ImagesOneServerNegativeTestJSON:tearDown): 200 GET http://10.180.1.21/compute/v2.1/servers/a18adc08-5acc-4a2e-978a-93b40e9676d2 0.646s
2025-04-15 13:29:02.503 70016 INFO tempest.common.waiters [-] State transition "ACTIVE/image_uploading" ==> "ACTIVE/None" after 8 second wait
2025-04-15 13:29:02.532 70030 INFO tempest.lib.common.rest_client [req-3d2f3dcb-a508-4f4f-9be0-48f6cc91d579 req-3d2f3dcb-a508-4f4f-9be0-48f6cc91d579 ] Request (KeyPairsV2TestJSON:setUpClass): 201 POST http://10.180.1.21/identity/v3/auth/tokens 0.054s
2025-04-15 13:29:02.538 70002 INFO tempest.lib.common.rest_client [req-1b220a2d-5309-410c-9e3b-8f93c408e90d req-1b220a2d-5309-410c-9e3b-8f93c408e90d ] Request (InstanceActionsTestJSON:setUpClass): 200 GET http://10.180.1.21/compute/v2.1/servers/731ff5a1-2f73-40be-9661-378bd367810c 0.639s
2025-04-15 13:29:02.561 70030 INFO tempest.lib.common.rest_client [req-564973ca-d204-4fe7-8732-dae360dd4de4 req-564973ca-d204-4fe7-8732-dae360dd4de4 ] Request (KeyPairsV2TestJSON:setUpClass): 201 POST http://10.180.1.21/identity/v3/auth/tokens 0.026s
2025-04-15 13:29:02.584 70030 INFO tempest.lib.common.rest_client [req-4ba686fe-56e2-44ab-9f53-4dc0c48dae2b req-4ba686fe-56e2-44ab-9f53-4dc0c48dae2b ] Request (KeyPairsV2TestJSON:setUpClass): 200 GET http://10.180.1.21/identity/v3/domains?name=Default 0.023s
2025-04-15 13:29:02.612 70030 INFO tempest.lib.common.rest_client [req-1154fa55-fcc8-460d-8e8a-7d8f122f6ead req-1154fa55-fcc8-460d-8e8a-7d8f122f6ead ] Request (KeyPairsV2TestJSON:setUpClass): 201 POST http://10.180.1.21/identity/v3/projects 0.027s
2025-04-15 13:29:02.621 70028 INFO tempest.lib.common.rest_client [req-8f38d0e7-e542-4fc7-bfd9-b776aef7c6c1 req-8f38d0e7-e542-4fc7-bfd9-b776aef7c6c1 ] Request (ListServerFiltersTestJSON:setUpClass): 200 GET http://10.180.1.21/compute/v2.1/servers/61b8929a-8f0f-4288-bc41-45748ffb53db 0.595s
2025-04-15 13:29:02.629 70028 INFO tempest.common.waiters [-] State transition "BUILD/spawning" ==> "ACTIVE/None" after 54 second wait
2025-04-15 13:29:02.665 70030 INFO tempest.lib.common.rest_client [req-0297eae3-8ae2-4380-8a2d-cf68dc69b5cc req-0297eae3-8ae2-4380-8a2d-cf68dc69b5cc ] Request (KeyPairsV2TestJSON:setUpClass): 201 POST http://10.180.1.21/identity/v3/users 0.052s
2025-04-15 13:29:02.678 70040 INFO tempest.lib.common.rest_client [req-783a62c2-2dba-4d8d-a531-888a2ef0d768 req-783a62c2-2dba-4d8d-a531-888a2ef0d768 ] Request (ServersAdminNegativeTestJSON:tearDownClass): 200 GET http://10.180.1.21/compute/v2.1/servers/565d2ed6-2738-458b-92c5-529598079afd 0.593s
2025-04-15 13:29:02.687 70030 INFO tempest.lib.common.rest_client [req-dd11799d-f202-4997-8cfd-38ffc099ca30 req-dd11799d-f202-4997-8cfd-38ffc099ca30 ] Request (KeyPairsV2TestJSON:setUpClass): 200 GET http://10.180.1.21/identity/v3/roles 0.022s
2025-04-15 13:29:02.717 70030 INFO tempest.lib.common.rest_client [req-9279f6b6-21d6-42c5-af29-c4f1bc37f293 req-9279f6b6-21d6-42c5-af29-c4f1bc37f293 ] Request (KeyPairsV2TestJSON:setUpClass): 204 PUT http://10.180.1.21/identity/v3/projects/86b34a8eaa0142c384c1bc8b06934448/users/2454c604e1b24d768f88382e44a36009/roles/afcb054be7c54672919ef525958934af 0.029s
2025-04-15 13:29:02.717 70030 INFO tempest.lib.common.dynamic_creds [-] Dynamic test user 2454c604e1b24d768f88382e44a36009 is created with scope project and roles: ['member']
2025-04-15 13:29:02.717 70030 INFO tempest.lib.common.dynamic_creds [-] Acquired dynamic creds: credentials: Credentials: {'domain_id': 'default', 'domain_name': 'Default', 'username': 'tempest-KeyPairsV2TestJSON-1639699058-project-member', 'project_domain_id': 'default', 'project_domain_name': 'Default', 'project_id': '86b34a8eaa0142c384c1bc8b06934448', 'project_name': 'tempest-KeyPairsV2TestJSON-1639699058', 'tenant_id': '86b34a8eaa0142c384c1bc8b06934448', 'tenant_name': 'tempest-KeyPairsV2TestJSON-1639699058', 'user_domain_id': 'default', 'user_domain_name': 'Default', 'user_id': '2454c604e1b24d768f88382e44a36009', 'system': None}, Network: None, Subnet: None, Router: None
2025-04-15 13:29:02.717 70030 INFO tempest.lib.common.dynamic_creds [-] Created isolated network resources for: credentials: Credentials: {'domain_id': 'default', 'domain_name': 'Default', 'username': 'tempest-KeyPairsV2TestJSON-1639699058-project-member', 'project_domain_id': 'default', 'project_domain_name': 'Default', 'project_id': '86b34a8eaa0142c384c1bc8b06934448', 'project_name': 'tempest-KeyPairsV2TestJSON-1639699058', 'tenant_id': '86b34a8eaa0142c384c1bc8b06934448', 'tenant_name': 'tempest-KeyPairsV2TestJSON-1639699058', 'user_domain_id': 'default', 'user_domain_name': 'Default', 'user_id': '2454c604e1b24d768f88382e44a36009', 'system': None}, Network: None, Subnet: None, Router: None
2025-04-15 13:29:02.730 70038 INFO tempest.lib.common.rest_client [req-298b114e-4b06-4f2f-87e3-f949d6b00b31 req-298b114e-4b06-4f2f-87e3-f949d6b00b31 ] Request (ServerRescueTestJSONUnderV235:setUpClass): 200 GET http://10.180.1.21/compute/v2.1/servers/6f17b191-573f-4eb6-86aa-8ced02ce14a0 0.596s
2025-04-15 13:29:02.774 70014 INFO tempest.lib.common.rest_client [req-284459e3-b5ab-432f-80bf-0a28dc577017 req-284459e3-b5ab-432f-80bf-0a28dc577017 ] Request (ServerDiskConfigTestJSON:test_rebuild_server_with_auto_disk_config): 200 GET http://10.180.1.21/compute/v2.1/servers/48b0a9c2-c3ba-4558-a82a-82480f53f472 0.547s
2025-04-15 13:29:02.779 70030 INFO tempest.lib.common.rest_client [req-ae3eb4d9-8f51-47d1-9ea1-c51bc1ac3385 req-ae3eb4d9-8f51-47d1-9ea1-c51bc1ac3385 ] Request (KeyPairsV2TestJSON:setUpClass): 201 POST http://10.180.1.21/identity/v3/auth/tokens 0.059s
2025-04-15 13:29:02.818 70032 INFO tempest.lib.common.rest_client [req-d3d4d9ff-76bb-4d02-931a-9c0c8febdd45 req-d3d4d9ff-76bb-4d02-931a-9c0c8febdd45 ] Request (ServersTestManualDisk:setUpClass): 200 GET http://10.180.1.21/compute/v2.1/servers/5f93bea5-1ec6-48c3-98c6-a4aa1751cc8b 0.530s
2025-04-15 13:29:02.863 70024 INFO tempest.lib.common.rest_client [req-dae6b757-e79e-4f55-9390-c6a3e673ecbe req-dae6b757-e79e-4f55-9390-c6a3e673ecbe ] Request (DeleteServersAdminTestJSON:test_delete_server_while_in_error_state): 200 GET http://10.180.1.21/compute/v2.1/servers/4a38a997-f044-4e0d-9fd9-36b700e96d37 0.515s
2025-04-15 13:29:02.942 69996 WARNING tempest.lib.common.ssh [-] Failed to establish authenticated ssh connection to cirros@10.180.180.233 ([Errno None] Unable to connect to port 22 on 10.180.180.233). Number attempts: 6. Retry after 7 seconds.: paramiko.ssh_exception.NoValidConnectionsError: [Errno None] Unable to connect to port 22 on 10.180.180.233
2025-04-15 13:29:02.956 70048 INFO tempest.lib.common.rest_client [req-c5f69920-b42c-431c-a2f9-1fdc2badc946 req-c5f69920-b42c-431c-a2f9-1fdc2badc946 ] Request (MigrationsAdminTest:test_list_migrations_in_flavor_resize_situation): 200 GET http://10.180.1.21/compute/v2.1/servers/dfe7d605-4dab-4aea-bc6f-02021cf09d17 0.488s
2025-04-15 13:29:03.026 70016 INFO tempest.lib.common.rest_client [req-ef8887e3-311c-496b-9d65-374ca6e37a80 req-ef8887e3-311c-496b-9d65-374ca6e37a80 ] Request (ImagesOneServerNegativeTestJSON:_run_cleanups): 204 DELETE http://10.180.1.21/compute/v2.1/servers/a18adc08-5acc-4a2e-978a-93b40e9676d2 0.522s
2025-04-15 13:29:03.084 70054 INFO tempest.lib.common.rest_client [req-d0e46b46-a0f1-4694-b6cc-852055b28658 req-d0e46b46-a0f1-4694-b6cc-852055b28658 ] Request (TenantUsagesTestJSON:tearDownClass): 200 GET http://10.180.1.21/compute/v2.1/servers/067561be-d2a7-4bba-9053-1091353849db 0.546s
2025-04-15 13:29:03.116 70044 INFO tempest.lib.common.rest_client [req-cb2321d7-e07d-4727-bfbb-dad8187cc71d req-cb2321d7-e07d-4727-bfbb-dad8187cc71d ] Request (AttachInterfacesV270Test:test_create_get_list_interfaces): 400 POST http://10.180.1.21/compute/v2.1/servers/9ecfecab-e6e3-41f8-a0ef-7af3c2e15e21/os-interface 3.546s
2025-04-15 13:29:03.148 70056 INFO tempest.lib.common.rest_client [req-024e4d5f-40b1-44b2-b351-5c4717ec78e3 req-024e4d5f-40b1-44b2-b351-5c4717ec78e3 ] Request (ServersListShow296Test:test_list_show_update_rebuild_server_296): 200 GET http://10.180.1.21/compute/v2.1/servers/5b5ef5ac-82da-4e8b-aabf-966539bbf495 0.528s
2025-04-15 13:29:03.195 70050 INFO tempest.lib.common.rest_client [req-99c61a9f-a74c-4f63-8f38-1898504b234d req-99c61a9f-a74c-4f63-8f38-1898504b234d ] Request (ServerMetadataTestJSON:setUpClass): 200 GET http://10.180.1.21/compute/v2.1/servers/0484fec0-872b-45c3-92cf-5d855e5d3d03 0.525s
2025-04-15 13:29:03.238 70028 INFO tempest.lib.common.rest_client [req-a6c4200c-9542-4f25-b12d-e737c34b6352 req-a6c4200c-9542-4f25-b12d-e737c34b6352 ] Request (ListServerFiltersTestJSON:setUpClass): 200 GET http://10.180.1.21/compute/v2.1/servers/b2022c4d-b86c-4429-af76-d9c7e2121739 0.609s
2025-04-15 13:29:03.245 69994 INFO tempest.lib.common.rest_client [req-e346f225-b5a5-4314-aeb6-84e71b5027e1 req-e346f225-b5a5-4314-aeb6-84e71b5027e1 ] Request (ServerMetadataNegativeTestJSON:setUpClass): 200 GET http://10.180.1.21/compute/v2.1/servers/d2899bb9-9219-4084-b344-d71606d9aabc 0.519s
2025-04-15 13:29:03.288 70018 INFO tempest.lib.common.rest_client [req-b1b7b2e1-909d-4801-a7ec-886757482c11 req-b1b7b2e1-909d-4801-a7ec-886757482c11 ] Request (FloatingIPsAssociationTestJSON:setUpClass): 200 GET http://10.180.1.21/compute/v2.1/servers/536fc9a3-f6fc-4526-8c56-11df0000cdcb 0.509s
2025-04-15 13:29:03.344 70008 INFO tempest.lib.common.rest_client [req-5c6b4f6b-a348-4662-be61-64738e192641 req-5c6b4f6b-a348-4662-be61-64738e192641 ] Request (ServerAddressesTestJSON:setUpClass): 200 GET http://10.180.1.21/compute/v2.1/servers/07b4b9aa-0c58-4a91-bc5b-74cf551cce13 0.493s
2025-04-15 13:29:03.353 70030 INFO tempest.lib.common.rest_client [req-0499a45e-a343-4670-9cca-28026ce7b990 req-0499a45e-a343-4670-9cca-28026ce7b990 ] Request (KeyPairsV2TestJSON:test_get_keypair_detail): 200 POST http://10.180.1.21/compute/v2.1/os-keypairs 0.572s
2025-04-15 13:29:03.436 70016 INFO tempest.lib.common.rest_client [req-1c3f66fa-a604-4661-85c2-d7fcdb0baff9 req-1c3f66fa-a604-4661-85c2-d7fcdb0baff9 ] Request (ImagesOneServerNegativeTestJSON:_run_cleanups): 200 GET http://10.180.1.21/compute/v2.1/servers/a18adc08-5acc-4a2e-978a-93b40e9676d2 0.410s
2025-04-15 13:29:03.464 70046 INFO tempest.lib.common.rest_client [req-cf8c8496-351a-41cf-8079-a93546cbc1ac req-cf8c8496-351a-41cf-8079-a93546cbc1ac ] Request (AttachVolumeNegativeTest:test_attach_attached_volume_to_different_server): 200 GET http://10.180.1.21/compute/v2.1/servers/5df02f54-5283-4379-a5f0-8e1123c0ab92 0.473s
2025-04-15 13:29:03.490 70026 INFO tempest.lib.common.rest_client [req-91c8fed2-1c87-4783-ba0e-18fd5ef192fa req-91c8fed2-1c87-4783-ba0e-18fd5ef192fa ] Request (ListImageFiltersTestJSON:setUpClass): 200 GET http://10.180.1.21/compute/v2.1/servers/61e28d39-30ab-4eb3-865d-930044e6f430 0.452s
2025-04-15 13:29:03.517 70034 INFO tempest.lib.common.rest_client [req-1f094b7d-636a-4cb0-ab9e-4b4905c6d3e3 req-1f094b7d-636a-4cb0-ab9e-4b4905c6d3e3 ] Request (InstanceActionsV221TestJSON:test_get_list_deleted_instance_actions): 200 GET http://10.180.1.21/compute/v2.1/servers/42c8099a-cb13-4afd-94f7-4fc7506b36d7 0.430s
2025-04-15 13:29:03.570 70004 INFO tempest.lib.common.rest_client [req-73b0a0b0-05c4-4c30-9d84-b641626a20cc req-73b0a0b0-05c4-4c30-9d84-b641626a20cc ] Request (ImagesTestJSON:test_create_image_from_suspended_server): 200 GET http://10.180.1.21/compute/v2.1/servers/fad4385f-c21f-4236-b028-464df7b50b70 0.437s
2025-04-15 13:29:03.582 70044 INFO tempest.lib.common.rest_client [req-62aa75c8-4301-4474-83d3-f52a728c6cfd req-62aa75c8-4301-4474-83d3-f52a728c6cfd ] Request (AttachInterfacesV270Test:tearDownClass): 204 DELETE http://10.180.1.21/compute/v2.1/servers/9ecfecab-e6e3-41f8-a0ef-7af3c2e15e21 0.462s
2025-04-15 13:29:03.634 70022 INFO tempest.lib.common.rest_client [req-e2889437-be8c-4c7e-a081-bd434ee37673 req-e2889437-be8c-4c7e-a081-bd434ee37673 ] Request (SecurityGroupsTestJSON:test_list_security_groups_by_server): 200 GET http://10.180.1.21/compute/v2.1/servers/53c02b37-2f88-4705-86db-ec2cc3163e4e 0.451s
2025-04-15 13:29:03.693 70028 INFO tempest.lib.common.rest_client [req-aca9ff30-c0a9-4ddb-8f0a-f6e7f77c650f req-aca9ff30-c0a9-4ddb-8f0a-f6e7f77c650f ] Request (ListServerFiltersTestJSON:setUpClass): 200 GET http://10.180.1.21/compute/v2.1/servers/65c5ad62-ebc5-4897-bd9b-cff481bc925b 0.448s
2025-04-15 13:29:03.705 70030 INFO tempest.lib.common.rest_client [req-7d9f8679-e30b-4a68-a070-568eae1deea9 req-7d9f8679-e30b-4a68-a070-568eae1deea9 ] Request (KeyPairsV2TestJSON:test_get_keypair_detail): 200 GET http://10.180.1.21/compute/v2.1/os-keypairs/tempest-keypair-918995403 0.350s
2025-04-15 13:29:03.735 70000 INFO tempest.lib.common.rest_client [req-4186630f-1852-44e3-83d4-605c64d2ce63 req-4186630f-1852-44e3-83d4-605c64d2ce63 ] Request (ServersAdminTestJSON:test_create_server_with_scheduling_hint): 200 GET http://10.180.1.21/compute/v2.1/servers/a881c0a3-386d-4fd1-924a-d7cac9036741 0.464s
2025-04-15 13:29:03.788 70002 INFO tempest.lib.common.rest_client [req-55103b7f-a210-4ea2-92a3-bf212575ae9e req-55103b7f-a210-4ea2-92a3-bf212575ae9e ] Request (InstanceActionsTestJSON:setUpClass): 200 GET http://10.180.1.21/compute/v2.1/servers/731ff5a1-2f73-40be-9661-378bd367810c 0.241s
2025-04-15 13:29:03.853 70021 INFO tempest.lib.common.rest_client [req-870da85c-35d0-4e66-b6be-371dad35263c req-870da85c-35d0-4e66-b6be-371dad35263c ] Request (ServerExternalEventsTest:test_create_server_external_events): 200 GET http://10.180.1.21/compute/v2.1/servers/d71a8019-3763-44f8-9ad7-78ab81353b60 0.466s
2025-04-15 13:29:03.919 70040 INFO tempest.lib.common.rest_client [req-f322d55a-2b1f-4707-87e6-e80d1ee7d1de req-f322d55a-2b1f-4707-87e6-e80d1ee7d1de ] Request (ServersAdminNegativeTestJSON:tearDownClass): 200 GET http://10.180.1.21/compute/v2.1/servers/565d2ed6-2738-458b-92c5-529598079afd 0.233s
2025-04-15 13:29:03.925 70044 INFO tempest.lib.common.rest_client [req-14b481f1-345e-493e-880c-68ce75d0b226 req-14b481f1-345e-493e-880c-68ce75d0b226 ] Request (AttachInterfacesV270Test:tearDownClass): 200 GET http://10.180.1.21/compute/v2.1/servers/9ecfecab-e6e3-41f8-a0ef-7af3c2e15e21 0.343s
2025-04-15 13:29:03.943 70030 INFO tempest.lib.common.rest_client [req-62a61619-c3c0-495a-a8f6-54c7c7c22a20 req-62a61619-c3c0-495a-a8f6-54c7c7c22a20 ] Request (KeyPairsV2TestJSON:_run_cleanups): 202 DELETE http://10.180.1.21/compute/v2.1/os-keypairs/tempest-keypair-918995403 0.235s
2025-04-15 13:29:04.002 70038 INFO tempest.lib.common.rest_client [req-28bf4c5d-cca6-4bb0-838e-6545a8417d99 req-28bf4c5d-cca6-4bb0-838e-6545a8417d99 ] Request (ServerRescueTestJSONUnderV235:setUpClass): 200 GET http://10.180.1.21/compute/v2.1/servers/6f17b191-573f-4eb6-86aa-8ced02ce14a0 0.264s
2025-04-15 13:29:04.063 70014 INFO tempest.lib.common.rest_client [req-d409f79a-803c-4774-b5b2-94541ee4ff4e req-d409f79a-803c-4774-b5b2-94541ee4ff4e ] Request (ServerDiskConfigTestJSON:test_rebuild_server_with_auto_disk_config): 200 GET http://10.180.1.21/compute/v2.1/servers/48b0a9c2-c3ba-4558-a82a-82480f53f472 0.281s
2025-04-15 13:29:04.127 70032 INFO tempest.lib.common.rest_client [req-5833f004-e10f-48a5-a5c4-ffa55921b061 req-5833f004-e10f-48a5-a5c4-ffa55921b061 ] Request (ServersTestManualDisk:setUpClass): 200 GET http://10.180.1.21/compute/v2.1/servers/5f93bea5-1ec6-48c3-98c6-a4aa1751cc8b 0.301s
2025-04-15 13:29:04.185 70028 INFO tempest.lib.common.rest_client [req-6c8a43d3-42ef-4af3-99b8-9d5c75eef8d7 req-6c8a43d3-42ef-4af3-99b8-9d5c75eef8d7 ] Request (ListServerFiltersTestJSON:test_list_servers_detailed_filter_by_flavor): 200 GET http://10.180.1.21/compute/v2.1/servers/detail?flavor=84 0.484s
2025-04-15 13:29:04.187 70024 INFO tempest.lib.common.rest_client [req-90ca7db8-0b27-441d-9c86-bb634c454080 req-90ca7db8-0b27-441d-9c86-bb634c454080 ] Request (DeleteServersAdminTestJSON:test_delete_server_while_in_error_state): 200 GET http://10.180.1.21/compute/v2.1/servers/4a38a997-f044-4e0d-9fd9-36b700e96d37 0.317s
2025-04-15 13:29:04.237 70030 INFO tempest.lib.common.rest_client [req-f74c6b2c-6473-459e-8f46-bc6bd8acf500 req-f74c6b2c-6473-459e-8f46-bc6bd8acf500 ] Request (KeyPairsV2TestJSON:test_keypair_create_delete): 200 POST http://10.180.1.21/compute/v2.1/os-keypairs 0.290s
2025-04-15 13:29:04.290 70048 INFO tempest.lib.common.rest_client [req-21ca30b6-1827-4478-8e9a-e552713f4f2f req-21ca30b6-1827-4478-8e9a-e552713f4f2f ] Request (MigrationsAdminTest:test_list_migrations_in_flavor_resize_situation): 200 GET http://10.180.1.21/compute/v2.1/servers/dfe7d605-4dab-4aea-bc6f-02021cf09d17 0.326s
2025-04-15 13:29:04.304 70054 INFO tempest.lib.common.rest_client [req-f8e58725-5a21-48de-871a-0c11f3842edc req-f8e58725-5a21-48de-871a-0c11f3842edc ] Request (TenantUsagesTestJSON:tearDownClass): 200 GET http://10.180.1.21/compute/v2.1/servers/067561be-d2a7-4bba-9053-1091353849db 0.212s
