2025-04-26 01:37:21.396 70141 INFO tempest.lib.common.rest_client [req-99ecf7a9-5250-411e-aee0-230d8be5b924 req-99ecf7a9-5250-411e-aee0-230d8be5b924 ] Request (ServersAdminTestJSON:setUpClass): 202 POST http://10.180.1.21/compute/v2.1/servers 2.146s
2025-04-26 01:37:21.436 70133 INFO tempest.lib.common.rest_client [req-16d1c46d-36d8-4a92-91b5-a29a5cc54bda req-16d1c46d-36d8-4a92-91b5-a29a5cc54bda ] Request (ListImageFiltersTestJSON:setUpClass): 200 GET http://10.180.1.21/compute/v2.1/images/d9bc3ed4-05cc-48eb-a089-3d98181f58c5 1.683s
2025-04-26 01:37:21.463 70131 INFO tempest.lib.common.rest_client [req-bc4b4493-466c-478c-8761-04fd36dc1759 req-bc4b4493-466c-478c-8761-04fd36dc1759 ] Request (FlavorsAccessTestJSON:test_flavor_access_add_remove): 200 POST http://10.180.1.21/compute/v2.1/flavors/378457873/action 1.975s
2025-04-26 01:37:21.486 70149 INFO tempest.lib.common.rest_client [req-d4ca0f3e-4163-449a-8ca8-463a097e1c92 req-d4ca0f3e-4163-449a-8ca8-463a097e1c92 ] Request (HypervisorAdminV253TestBase:tearDownClass): 204 DELETE http://10.180.1.21/identity/v3/projects/d310ac1e24ad4d37b1f019a3b3c17063 0.164s
2025-04-26 01:37:21.486 70149 INFO tempest.lib.common.dynamic_creds [-] Deleting project and security group for project: b89f699c7c774ece86a74008a6feb9f1
2025-04-26 01:37:21.512 70153 INFO tempest.lib.common.rest_client [req-47ecee8b-9e25-43ba-9894-dd9ee60659bb req-47ecee8b-9e25-43ba-9894-dd9ee60659bb ] Request (InstanceUsageAuditLogNegativeTestJSON:tearDownClass): 204 DELETE http://10.180.1.21/identity/v3/projects/e8f4a55a9fe0446a82281906c6af497a 0.186s
2025-04-26 01:37:21.562 70141 INFO tempest.lib.common.rest_client [req-ae4d8f21-8434-4e5e-9bd8-77668c14edb9 req-ae4d8f21-8434-4e5e-9bd8-77668c14edb9 ] Request (ServersAdminTestJSON:setUpClass): 201 POST http://10.180.1.21/identity/v3/auth/tokens 0.159s
2025-04-26 01:37:21.563 70141 INFO tempest.lib.common.fixed_network [-] (ServersAdminTestJSON:setUpClass) Found network {'id': '6076e2a6-1c36-4314-8c64-0cede1fc25b2', 'name': 'tempest-ServersAdminTestJSON-2073857224-network', 'tenant_id': '6710a824fd054f5b9c6decafad675dea', 'admin_state_up': True, 'mtu': 8950, 'status': 'ACTIVE', 'subnets': [], 'shared': False, 'project_id': '6710a824fd054f5b9c6decafad675dea', 'port_security_enabled': True, 'router:external': False, 'provider:network_type': 'vlan', 'provider:physical_network': 'default', 'provider:segmentation_id': 561, 'availability_zone_hints': [], 'availability_zones': [], 'ipv4_address_scope': None, 'ipv6_address_scope': None, 'description': '', 'tags': [], 'created_at': '2025-04-26T01:37:09Z', 'updated_at': '2025-04-26T01:37:09Z', 'revision_number': 1} available for tenant
2025-04-26 01:37:21.568 70115 INFO tempest.lib.common.rest_client [req-84f54677-ba7f-4c3c-ba87-7d77bc70948c req-84f54677-ba7f-4c3c-ba87-7d77bc70948c ] Request (ImagesNegativeTestJSON:setUpClass): 201 POST http://10.180.1.21/identity/v3/auth/tokens 0.206s
2025-04-26 01:37:21.588 70153 INFO tempest.lib.common.rest_client [req-148f089d-8947-4401-95c6-20ccd192d71b req-148f089d-8947-4401-95c6-20ccd192d71b ] Request (ImagesTestJSON:setUpClass): 201 POST http://10.180.1.21/identity/v3/auth/tokens 0.075s
2025-04-26 01:37:21.613 70115 INFO tempest.lib.common.rest_client [req-e09cf405-0e40-468b-82f4-13b40af1ee27 req-e09cf405-0e40-468b-82f4-13b40af1ee27 ] Request (ImagesNegativeTestJSON:setUpClass): 201 POST http://10.180.1.21/identity/v3/auth/tokens 0.043s
2025-04-26 01:37:21.631 70123 INFO tempest.lib.common.rest_client [req-e434be0d-c5e9-4f00-8a60-58ac081c444f req-e434be0d-c5e9-4f00-8a60-58ac081c444f ] Request (ImagesMetadataTestJSON:test_delete_image_metadata_item): 204 DELETE http://10.180.1.21/compute/v2.1/images/57ea3258-4068-4479-9813-0c374701fe1e/metadata/os_version 1.841s
2025-04-26 01:37:21.636 70153 INFO tempest.lib.common.rest_client [req-408a314f-fd84-40aa-bb9c-51d16e91803a req-408a314f-fd84-40aa-bb9c-51d16e91803a ] Request (ImagesTestJSON:setUpClass): 201 POST http://10.180.1.21/identity/v3/auth/tokens 0.045s
2025-04-26 01:37:21.637 70149 INFO tempest.lib.common.rest_client [req-555077f0-9ad6-49ff-8626-5a807d4cbf2a req-555077f0-9ad6-49ff-8626-5a807d4cbf2a ] Request (HypervisorAdminV253TestBase:tearDownClass): 200 GET http://10.180.1.21:9696/networking/v2.0/security-groups?tenant_id=b89f699c7c774ece86a74008a6feb9f1&name=default 0.150s
2025-04-26 01:37:21.646 70145 INFO tempest.lib.common.rest_client [req-267312bb-5682-4b82-a22b-9b80f60e9089 req-267312bb-5682-4b82-a22b-9b80f60e9089 ] Request (HostsAdminNegativeTestJSON:test_reboot_nonexistent_host): 404 GET http://10.180.1.21/compute/v2.1/os-hosts/nonexistent_hostname/reboot 1.737s
2025-04-26 01:37:21.657 70115 INFO tempest.lib.common.rest_client [req-004b3906-3698-42d9-ab25-7d0fd6436ec7 req-004b3906-3698-42d9-ab25-7d0fd6436ec7 ] Request (ImagesNegativeTestJSON:setUpClass): 200 GET http://10.180.1.21/identity/v3/domains?name=Default 0.043s
2025-04-26 01:37:21.679 70153 INFO tempest.lib.common.rest_client [req-d2484ca8-7798-48a3-a557-71c2d08ee5dd req-d2484ca8-7798-48a3-a557-71c2d08ee5dd ] Request (ImagesTestJSON:setUpClass): 200 GET http://10.180.1.21/identity/v3/domains?name=Default 0.042s
2025-04-26 01:37:21.691 70143 INFO tempest.lib.common.rest_client [req-861a9a30-6480-4404-af08-9a1c8b3ab9e1 req-861a9a30-6480-4404-af08-9a1c8b3ab9e1 ] Request (ListServerFiltersTestJSON:setUpClass): 201 POST http://10.180.1.21:9696/networking/v2.0/subnets 0.305s
2025-04-26 01:37:21.692 70143 INFO tempest.lib.common.dynamic_creds [-] Created isolated network resources for: credentials: Credentials: {'domain_id': 'default', 'domain_name': 'Default', 'username': 'tempest-ListServerFiltersTestJSON-475682025-project-member', 'project_domain_id': 'default', 'project_domain_name': 'Default', 'project_id': '3ca636e3104b468f82c55bd11cf46747', 'project_name': 'tempest-ListServerFiltersTestJSON-475682025', 'tenant_id': '3ca636e3104b468f82c55bd11cf46747', 'tenant_name': 'tempest-ListServerFiltersTestJSON-475682025', 'user_domain_id': 'default', 'user_domain_name': 'Default', 'user_id': '45c4a8b9f8d64bdd8dded12eb7971a38', 'system': None}, Network: {'id': '4088f928-ae51-4b79-a7c0-07e079ed8e59', 'name': 'tempest-ListServerFiltersTestJSON-952969194-network', 'tenant_id': '3ca636e3104b468f82c55bd11cf46747', 'admin_state_up': True, 'mtu': 8950, 'status': 'ACTIVE', 'subnets': [], 'shared': False, 'project_id': '3ca636e3104b468f82c55bd11cf46747', 'port_security_enabled': True, 'router:external': False, 'provider:network_type': 'vlan', 'provider:physical_network': 'default', 'provider:segmentation_id': 466, 'availability_zone_hints': [], 'availability_zones': [], 'ipv4_address_scope': None, 'ipv6_address_scope': None, 'description': '', 'tags': [], 'created_at': '2025-04-26T01:37:21Z', 'updated_at': '2025-04-26T01:37:21Z', 'revision_number': 1}, Subnet: {'id': 'd621f93b-8ef9-440c-a240-893f3e622589', 'name': 'tempest-ListServerFiltersTestJSON-952969194-subnet', 'tenant_id': '3ca636e3104b468f82c55bd11cf46747', 'network_id': '4088f928-ae51-4b79-a7c0-07e079ed8e59', 'ip_version': 4, 'subnetpool_id': None, 'enable_dhcp': True, 'ipv6_ra_mode': None, 'ipv6_address_mode': None, 'gateway_ip': '192.168.128.1', 'cidr': '192.168.128.0/28', 'allocation_pools': [{'start': '192.168.128.2', 'end': '192.168.128.14'}], 'host_routes': [], 'dns_nameservers': [], 'description': '', 'router:external': False, 'service_types': [], 'tags': [], 'created_at': '2025-04-26T01:37:21Z', 'updated_at': '2025-04-26T01:37:21Z', 'revision_number': 0, 'project_id': '3ca636e3104b468f82c55bd11cf46747'}, Router: None
2025-04-26 01:37:21.695 70115 INFO tempest.lib.common.rest_client [req-c5b2e269-c462-4f3b-831f-5de1416d4c95 req-c5b2e269-c462-4f3b-831f-5de1416d4c95 ] Request (ImagesNegativeTestJSON:setUpClass): 201 POST http://10.180.1.21/identity/v3/projects 0.038s
2025-04-26 01:37:21.715 70111 INFO tempest.lib.common.rest_client [req-c9829b23-0f41-4301-a53d-a46c83494e94 req-c9829b23-0f41-4301-a53d-a46c83494e94 ] Request (QuotasAdminNegativeTest:_run_cleanups): 200 PUT http://10.180.1.21/compute/v2.1/os-quota-sets/31f400c728864032adc9a6387af68ee9 1.845s
2025-04-26 01:37:21.716 70153 INFO tempest.lib.common.rest_client [req-454b54ad-f5d0-4ad4-befa-5248b3dbf6b7 req-454b54ad-f5d0-4ad4-befa-5248b3dbf6b7 ] Request (ImagesTestJSON:setUpClass): 201 POST http://10.180.1.21/identity/v3/projects 0.036s
2025-04-26 01:37:21.728 70103 INFO tempest.lib.common.rest_client [req-8118a70e-9c17-46c9-8d82-ec251cf8c87a req-8118a70e-9c17-46c9-8d82-ec251cf8c87a ] Request (DeleteServersAdminTestJSON:test_admin_delete_servers_of_others): 200 GET http://10.180.1.21/compute/v2.1/servers/93c56a3e-9744-47b3-b691-b6f28d16351f 1.801s
2025-04-26 01:37:21.735 70103 INFO tempest.common.waiters [-] State transition "BUILD/None" ==> "BUILD/networking" after 3 second wait
2025-04-26 01:37:21.739 70149 INFO tempest.lib.common.rest_client [req-1abf5faf-8f68-45bb-9aa6-aefd69b749ea req-1abf5faf-8f68-45bb-9aa6-aefd69b749ea ] Request (HypervisorAdminV253TestBase:tearDownClass): 204 DELETE http://10.180.1.21:9696/networking/v2.0/security-groups/4258afff-a30b-4efd-a73d-4727a4f78c73 0.102s
2025-04-26 01:37:21.740 70113 INFO tempest.lib.common.rest_client [req-d7f8e212-8481-487a-97b0-85f81bf878df req-d7f8e212-8481-487a-97b0-85f81bf878df ] Request (FlavorsExtraSpecsTestJSON:test_flavor_non_admin_get_specific_key): 200 POST http://10.180.1.21/compute/v2.1/flavors/418849986/os-extra_specs 1.614s
2025-04-26 01:37:21.769 70159 INFO tempest.lib.common.rest_client [req-89925ed6-da7b-4953-9e4e-dbc300f21d92 req-89925ed6-da7b-4953-9e4e-dbc300f21d92 ] Request (FlavorsExtraSpecsNegativeTestJSON:test_flavor_non_admin_unset_keys): 200 POST http://10.180.1.21/compute/v2.1/flavors/664160077/os-extra_specs 1.601s
2025-04-26 01:37:21.779 70143 INFO tempest.lib.common.rest_client [req-59d03542-c4cd-4b66-83d0-5c48f9a92a26 req-59d03542-c4cd-4b66-83d0-5c48f9a92a26 ] Request (ListServerFiltersTestJSON:setUpClass): 201 POST http://10.180.1.21/identity/v3/auth/tokens 0.081s
2025-04-26 01:37:21.787 70161 INFO tempest.lib.common.rest_client [req-b3ec201d-2988-4b46-8e7e-a5c08aab4a8b req-b3ec201d-2988-4b46-8e7e-a5c08aab4a8b ] Request (FlavorsAdminTestJSON:test_list_non_public_flavor): 200 POST http://10.180.1.21/compute/v2.1/flavors 1.609s
2025-04-26 01:37:21.789 70115 INFO tempest.lib.common.rest_client [req-97d83566-32e9-43c5-a71a-c2d4c02fc952 req-97d83566-32e9-43c5-a71a-c2d4c02fc952 ] Request (ImagesNegativeTestJSON:setUpClass): 201 POST http://10.180.1.21/identity/v3/users 0.093s
2025-04-26 01:37:21.805 70135 INFO tempest.lib.common.rest_client [req-9bbe7bef-9bdb-419a-a02a-964488caad59 req-9bbe7bef-9bdb-419a-a02a-964488caad59 ] Request (FlavorsV255TestJSON:_run_cleanups): 202 DELETE http://10.180.1.21/compute/v2.1/flavors/636399570 1.544s
2025-04-26 01:37:21.808 70153 INFO tempest.lib.common.rest_client [req-c1b5261a-7d5f-4bcd-9f5f-f18e274506ee req-c1b5261a-7d5f-4bcd-9f5f-f18e274506ee ] Request (ImagesTestJSON:setUpClass): 201 POST http://10.180.1.21/identity/v3/users 0.092s
2025-04-26 01:37:21.845 70149 INFO tempest.lib.common.rest_client [req-cd2a27ea-8a9c-4fcb-a255-9034b8017864 req-cd2a27ea-8a9c-4fcb-a255-9034b8017864 ] Request (HypervisorAdminV253TestBase:tearDownClass): 204 DELETE http://10.180.1.21/identity/v3/projects/b89f699c7c774ece86a74008a6feb9f1 0.105s
2025-04-26 01:37:21.857 70143 INFO tempest.lib.common.rest_client [req-60174436-8a2f-4812-925a-156c186e13f1 req-60174436-8a2f-4812-925a-156c186e13f1 ] Request (ListServerFiltersTestJSON:setUpClass): 201 POST http://10.180.1.21/identity/v3/auth/tokens 0.075s
2025-04-26 01:37:21.858 70143 INFO tempest.lib.common.fixed_network [-] (ListServerFiltersTestJSON:setUpClass) Found network {'id': '4088f928-ae51-4b79-a7c0-07e079ed8e59', 'name': 'tempest-ListServerFiltersTestJSON-952969194-network', 'tenant_id': '3ca636e3104b468f82c55bd11cf46747', 'admin_state_up': True, 'mtu': 8950, 'status': 'ACTIVE', 'subnets': [], 'shared': False, 'project_id': '3ca636e3104b468f82c55bd11cf46747', 'port_security_enabled': True, 'router:external': False, 'provider:network_type': 'vlan', 'provider:physical_network': 'default', 'provider:segmentation_id': 466, 'availability_zone_hints': [], 'availability_zones': [], 'ipv4_address_scope': None, 'ipv6_address_scope': None, 'description': '', 'tags': [], 'created_at': '2025-04-26T01:37:21Z', 'updated_at': '2025-04-26T01:37:21Z', 'revision_number': 1} available for tenant
2025-04-26 01:37:21.904 70115 INFO tempest.lib.common.rest_client [req-7b2f7a04-0923-42c9-8bab-cdfaee6407ba req-7b2f7a04-0923-42c9-8bab-cdfaee6407ba ] Request (ImagesNegativeTestJSON:setUpClass): 200 GET http://10.180.1.21/identity/v3/roles 0.115s
2025-04-26 01:37:21.930 70153 INFO tempest.lib.common.rest_client [req-990a4775-7152-4b8f-a420-47a43d7b10bd req-990a4775-7152-4b8f-a420-47a43d7b10bd ] Request (ImagesTestJSON:setUpClass): 200 GET http://10.180.1.21/identity/v3/roles 0.121s
2025-04-26 01:37:21.969 70109 INFO tempest.lib.common.rest_client [req-8102e0fc-f332-4cc1-9532-01992ebcd8d0 req-8102e0fc-f332-4cc1-9532-01992ebcd8d0 ] Request (ServersWithSpecificFlavorTestJSON:test_verify_created_server_ephemeral_disk): 200 POST http://10.180.1.21/compute/v2.1/flavors 1.661s
2025-04-26 01:37:21.981 70143 INFO tempest.lib.common.rest_client [req-de1084f9-7d6c-40a7-914d-84167c3f820a req-de1084f9-7d6c-40a7-914d-84167c3f820a ] Request (ListServerFiltersTestJSON:setUpClass): 201 POST http://10.180.1.21/identity/v3/auth/tokens 0.118s
2025-04-26 01:37:21.981 70143 INFO tempest.lib.common.fixed_network [-] (ListServerFiltersTestJSON:setUpClass) Found network {'id': '4088f928-ae51-4b79-a7c0-07e079ed8e59', 'name': 'tempest-ListServerFiltersTestJSON-952969194-network', 'tenant_id': '3ca636e3104b468f82c55bd11cf46747', 'admin_state_up': True, 'mtu': 8950, 'status': 'ACTIVE', 'subnets': [], 'shared': False, 'project_id': '3ca636e3104b468f82c55bd11cf46747', 'port_security_enabled': True, 'router:external': False, 'provider:network_type': 'vlan', 'provider:physical_network': 'default', 'provider:segmentation_id': 466, 'availability_zone_hints': [], 'availability_zones': [], 'ipv4_address_scope': None, 'ipv6_address_scope': None, 'description': '', 'tags': [], 'created_at': '2025-04-26T01:37:21Z', 'updated_at': '2025-04-26T01:37:21Z', 'revision_number': 1} available for tenant
2025-04-26 01:37:21.983 70149 INFO tempest.lib.common.rest_client [req-f8dd30a6-1f78-49c0-aa74-d4953aaa2b41 req-f8dd30a6-1f78-49c0-aa74-d4953aaa2b41 ] Request (FloatingIPsNegativeTestJSON:setUpClass): 201 POST http://10.180.1.21/identity/v3/auth/tokens 0.136s
2025-04-26 01:37:22.013 70115 INFO tempest.lib.common.rest_client [req-97e62f06-7036-483a-b9c5-e4abc32e29fa req-97e62f06-7036-483a-b9c5-e4abc32e29fa ] Request (ImagesNegativeTestJSON:setUpClass): 204 PUT http://10.180.1.21/identity/v3/projects/b0e1b857d04e44469d6c99b19243675d/users/a9112439d1d5495f9d8da01c01375797/roles/49f76a1e090548ae8eac741065ea54b8 0.108s
2025-04-26 01:37:22.013 70115 INFO tempest.lib.common.dynamic_creds [-] Dynamic test user a9112439d1d5495f9d8da01c01375797 is created with scope project and roles: ['member']
2025-04-26 01:37:22.014 70115 INFO tempest.lib.common.dynamic_creds [-] Acquired dynamic creds: credentials: Credentials: {'domain_id': 'default', 'domain_name': 'Default', 'username': 'tempest-ImagesNegativeTestJSON-1415695133-project-member', 'project_domain_id': 'default', 'project_domain_name': 'Default', 'project_id': 'b0e1b857d04e44469d6c99b19243675d', 'project_name': 'tempest-ImagesNegativeTestJSON-1415695133', 'tenant_id': 'b0e1b857d04e44469d6c99b19243675d', 'tenant_name': 'tempest-ImagesNegativeTestJSON-1415695133', 'user_domain_id': 'default', 'user_domain_name': 'Default', 'user_id': 'a9112439d1d5495f9d8da01c01375797', 'system': None}, Network: None, Subnet: None, Router: None
2025-04-26 01:37:22.019 70153 INFO tempest.lib.common.rest_client [req-c652b887-b7ac-4783-8c91-77f3cf496320 req-c652b887-b7ac-4783-8c91-77f3cf496320 ] Request (ImagesTestJSON:setUpClass): 204 PUT http://10.180.1.21/identity/v3/projects/b918e7ca5a294d469c60a7616be6c4da/users/cf58061cefbe42d8a651db726657f390/roles/49f76a1e090548ae8eac741065ea54b8 0.089s
2025-04-26 01:37:22.019 70153 INFO tempest.lib.common.dynamic_creds [-] Dynamic test user cf58061cefbe42d8a651db726657f390 is created with scope project and roles: ['member']
2025-04-26 01:37:22.019 70153 INFO tempest.lib.common.dynamic_creds [-] Acquired dynamic creds: credentials: Credentials: {'domain_id': 'default', 'domain_name': 'Default', 'username': 'tempest-ImagesTestJSON-42450789-project-member', 'project_domain_id': 'default', 'project_domain_name': 'Default', 'project_id': 'b918e7ca5a294d469c60a7616be6c4da', 'project_name': 'tempest-ImagesTestJSON-42450789', 'tenant_id': 'b918e7ca5a294d469c60a7616be6c4da', 'tenant_name': 'tempest-ImagesTestJSON-42450789', 'user_domain_id': 'default', 'user_domain_name': 'Default', 'user_id': 'cf58061cefbe42d8a651db726657f390', 'system': None}, Network: None, Subnet: None, Router: None
2025-04-26 01:37:22.086 70149 INFO tempest.lib.common.rest_client [req-9208c260-1fa6-406c-a977-b7bc51a7d18d req-9208c260-1fa6-406c-a977-b7bc51a7d18d ] Request (FloatingIPsNegativeTestJSON:setUpClass): 201 POST http://10.180.1.21/identity/v3/auth/tokens 0.101s
2025-04-26 01:37:22.124 70115 INFO tempest.lib.common.rest_client [req-15231bd9-d76c-4d8a-bd46-ca977f2c975c req-15231bd9-d76c-4d8a-bd46-ca977f2c975c ] Request (ImagesNegativeTestJSON:setUpClass): 201 POST http://10.180.1.21/identity/v3/auth/tokens 0.110s
2025-04-26 01:37:22.152 70153 INFO tempest.lib.common.rest_client [req-39796b4b-d399-4ab3-9a2e-f5916dc8e48e req-39796b4b-d399-4ab3-9a2e-f5916dc8e48e ] Request (ImagesTestJSON:setUpClass): 201 POST http://10.180.1.21/identity/v3/auth/tokens 0.132s
2025-04-26 01:37:22.182 70149 INFO tempest.lib.common.rest_client [req-5d32c044-878d-4766-8585-bd74696fa374 req-5d32c044-878d-4766-8585-bd74696fa374 ] Request (FloatingIPsNegativeTestJSON:setUpClass): 200 GET http://10.180.1.21/identity/v3/domains?name=Default 0.096s
2025-04-26 01:37:22.228 70149 INFO tempest.lib.common.rest_client [req-c4cd941f-d991-43f4-b4fa-17d5454a09c3 req-c4cd941f-d991-43f4-b4fa-17d5454a09c3 ] Request (FloatingIPsNegativeTestJSON:setUpClass): 201 POST http://10.180.1.21/identity/v3/projects 0.046s
2025-04-26 01:37:22.324 70149 INFO tempest.lib.common.rest_client [req-d8856086-7d36-4fb3-a9ee-0485413c6182 req-d8856086-7d36-4fb3-a9ee-0485413c6182 ] Request (FloatingIPsNegativeTestJSON:setUpClass): 201 POST http://10.180.1.21/identity/v3/users 0.095s
2025-04-26 01:37:22.360 70149 INFO tempest.lib.common.rest_client [req-55d77665-0cc7-4b0c-b4ab-34978f2cc6ed req-55d77665-0cc7-4b0c-b4ab-34978f2cc6ed ] Request (FloatingIPsNegativeTestJSON:setUpClass): 200 GET http://10.180.1.21/identity/v3/roles 0.036s
2025-04-26 01:37:22.391 70149 INFO tempest.lib.common.rest_client [req-c0eeae4d-810b-43f0-9def-6a5fdde48fd4 req-c0eeae4d-810b-43f0-9def-6a5fdde48fd4 ] Request (FloatingIPsNegativeTestJSON:setUpClass): 204 PUT http://10.180.1.21/identity/v3/projects/ef5cff01d0144f58aaf8829584b0f89e/users/7d715eae414142f5b38d325a0fd418f1/roles/49f76a1e090548ae8eac741065ea54b8 0.030s
2025-04-26 01:37:22.391 70149 INFO tempest.lib.common.dynamic_creds [-] Dynamic test user 7d715eae414142f5b38d325a0fd418f1 is created with scope project and roles: ['member']
2025-04-26 01:37:22.392 70149 INFO tempest.lib.common.dynamic_creds [-] Acquired dynamic creds: credentials: Credentials: {'domain_id': 'default', 'domain_name': 'Default', 'username': 'tempest-FloatingIPsNegativeTestJSON-627507129-project-member', 'project_domain_id': 'default', 'project_domain_name': 'Default', 'project_id': 'ef5cff01d0144f58aaf8829584b0f89e', 'project_name': 'tempest-FloatingIPsNegativeTestJSON-627507129', 'tenant_id': 'ef5cff01d0144f58aaf8829584b0f89e', 'tenant_name': 'tempest-FloatingIPsNegativeTestJSON-627507129', 'user_domain_id': 'default', 'user_domain_name': 'Default', 'user_id': '7d715eae414142f5b38d325a0fd418f1', 'system': None}, Network: None, Subnet: None, Router: None
2025-04-26 01:37:22.457 70149 INFO tempest.lib.common.rest_client [req-34f75e93-05b3-43e6-b106-5b09a1860119 req-34f75e93-05b3-43e6-b106-5b09a1860119 ] Request (FloatingIPsNegativeTestJSON:setUpClass): 201 POST http://10.180.1.21/identity/v3/auth/tokens 0.065s
2025-04-26 01:37:22.597 70157 INFO tempest.lib.common.rest_client [req-ced45db7-84df-44a5-b47a-7e64e6c50277 req-ced45db7-84df-44a5-b47a-7e64e6c50277 ] Request (FloatingIPsTestJSON:_run_cleanups): 202 DELETE http://10.180.1.21/compute/v2.1/os-floating-ips/edeba02a-6538-461d-80fb-bd91947f15a4 2.463s
2025-04-26 01:37:22.610 70117 INFO tempest.lib.common.rest_client [req-bb59c739-4a3b-4975-ab22-6d851ac57d28 req-bb59c739-4a3b-4975-ab22-6d851ac57d28 ] Request (KeyPairsV210TestJSON:test_admin_manage_keypairs_for_other_users): 200 GET http://10.180.1.21/compute/v2.1/os-keypairs?user_id=aadd905d8f104498a06ea44044770045 2.125s
2025-04-26 01:37:22.624 70155 INFO tempest.lib.common.rest_client [req-19e6c4fc-38ce-453a-ae5e-c3c9a1e27fa6 req-19e6c4fc-38ce-453a-ae5e-c3c9a1e27fa6 ] Request (HypervisorAdminNegativeUnderV252Test:test_search_nonexistent_hypervisor): 404 GET http://10.180.1.21/compute/v2.1/os-hypervisors/nonexistent_hypervisor_name/search 2.114s
2025-04-26 01:37:22.639 70107 INFO tempest.lib.common.rest_client [req-c44cf9d4-6bcc-48a9-9a5b-36f3e84e3082 req-c44cf9d4-6bcc-48a9-9a5b-36f3e84e3082 ] Request (VolumesAssistedSnapshotsTest:setUpClass): 200 PUT http://10.180.1.21:9696/networking/v2.0/routers/11d171c6-ab42-48fc-b6be-019047fc7292/add_router_interface 1.993s
2025-04-26 01:37:22.639 70107 INFO tempest.lib.common.dynamic_creds [-] Created isolated network resources for: credentials: Credentials: {'domain_id': 'default', 'domain_name': 'Default', 'username': 'tempest-VolumesAssistedSnapshotsTest-1678406762-project', 'project_domain_id': 'default', 'project_domain_name': 'Default', 'project_id': 'b57fdc49e985479dbd62e589a1869713', 'project_name': 'tempest-VolumesAssistedSnapshotsTest-1678406762', 'tenant_id': 'b57fdc49e985479dbd62e589a1869713', 'tenant_name': 'tempest-VolumesAssistedSnapshotsTest-1678406762', 'user_domain_id': 'default', 'user_domain_name': 'Default', 'user_id': 'fcfe81d9cdbf4a8eb3c62d4fac1b4f5b', 'system': None}, Network: {'id': 'baf8f0a3-c2c0-49ad-901b-b80c10060007', 'name': 'tempest-VolumesAssistedSnapshotsTest-143455556-network', 'tenant_id': 'b57fdc49e985479dbd62e589a1869713', 'admin_state_up': True, 'mtu': 8950, 'status': 'ACTIVE', 'subnets': [], 'shared': False, 'project_id': 'b57fdc49e985479dbd62e589a1869713', 'port_security_enabled': True, 'router:external': False, 'provider:network_type': 'vlan', 'provider:physical_network': 'default', 'provider:segmentation_id': 106, 'availability_zone_hints': [], 'availability_zones': [], 'ipv4_address_scope': None, 'ipv6_address_scope': None, 'description': '', 'tags': [], 'created_at': '2025-04-26T01:37:19Z', 'updated_at': '2025-04-26T01:37:19Z', 'revision_number': 1}, Subnet: {'id': '23416277-0657-448d-b311-693c986c0cb4', 'name': 'tempest-VolumesAssistedSnapshotsTest-143455556-subnet', 'tenant_id': 'b57fdc49e985479dbd62e589a1869713', 'network_id': 'baf8f0a3-c2c0-49ad-901b-b80c10060007', 'ip_version': 4, 'subnetpool_id': None, 'enable_dhcp': True, 'ipv6_ra_mode': None, 'ipv6_address_mode': None, 'gateway_ip': '192.168.128.1', 'cidr': '192.168.128.0/28', 'allocation_pools': [{'start': '192.168.128.2', 'end': '192.168.128.14'}], 'host_routes': [], 'dns_nameservers': [], 'description': '', 'router:external': False, 'service_types': [], 'tags': [], 'created_at': '2025-04-26T01:37:19Z', 'updated_at': '2025-04-26T01:37:19Z', 'revision_number': 0, 'project_id': 'b57fdc49e985479dbd62e589a1869713'}, Router: {'id': '11d171c6-ab42-48fc-b6be-019047fc7292', 'name': 'tempest-VolumesAssistedSnapshotsTest-143455556-router', 'tenant_id': 'b57fdc49e985479dbd62e589a1869713', 'admin_state_up': True, 'status': 'ACTIVE', 'external_gateway_info': {'network_id': '1747e262-0db9-4752-83d1-b32806d4b89e', 'external_fixed_ips': [{'subnet_id': 'ef442d94-c18b-438e-878e-c084a471e322', 'ip_address': '10.180.180.229'}], 'enable_snat': True}, 'description': '', 'availability_zones': [], 'distributed': False, 'ha': False, 'availability_zone_hints': [], 'routes': [], 'flavor_id': None, 'tags': [], 'created_at': '2025-04-26T01:37:19Z', 'updated_at': '2025-04-26T01:37:20Z', 'revision_number': 2, 'project_id': 'b57fdc49e985479dbd62e589a1869713'}
2025-04-26 01:37:22.690 70137 INFO tempest.lib.common.rest_client [req-51627bf8-2dee-4f12-88ee-b443affee0ac req-51627bf8-2dee-4f12-88ee-b443affee0ac ] Request (MigrationsAdminTest:test_list_migrations_in_flavor_resize_situation): 200 GET http://10.180.1.21/compute/v2.1/servers/f6840f44-6cb0-4890-b6e3-8357d10d5fba 1.807s
2025-04-26 01:37:22.703 70115 INFO tempest.lib.common.rest_client [req-1c194e6e-d551-4adb-a457-ab748223508c req-1c194e6e-d551-4adb-a457-ab748223508c ] Request (ImagesNegativeTestJSON:setUpClass): 201 POST http://10.180.1.21:9696/networking/v2.0/networks 0.579s
2025-04-26 01:37:22.751 70107 INFO tempest.lib.common.rest_client [req-c2215493-1fdb-466f-bb9b-178a546c707f req-c2215493-1fdb-466f-bb9b-178a546c707f ] Request (VolumesAssistedSnapshotsTest:setUpClass): 201 POST http://10.180.1.21/identity/v3/auth/tokens 0.108s
2025-04-26 01:37:22.766 70153 INFO tempest.lib.common.rest_client [req-d6e7b886-7ae3-4af5-a34a-ef70eb8f8738 req-d6e7b886-7ae3-4af5-a34a-ef70eb8f8738 ] Request (ImagesTestJSON:setUpClass): 201 POST http://10.180.1.21:9696/networking/v2.0/networks 0.613s
2025-04-26 01:37:22.789 70163 INFO tempest.lib.common.rest_client [req-84bf3b03-4b40-4033-85d5-b99f6d8caaa5 req-84bf3b03-4b40-4033-85d5-b99f6d8caaa5 ] Request (AttachInterfacesV270Test:test_create_get_list_interfaces): 200 GET http://10.180.1.21/compute/v2.1/servers/92e9cf6d-d940-4980-bbf4-13e63ee0d3b2 1.875s
2025-04-26 01:37:22.867 70127 INFO tempest.lib.common.rest_client [req-a128e5a7-123c-4a30-baef-db9270b694dd req-a128e5a7-123c-4a30-baef-db9270b694dd ] Request (ServerExternalEventsTest:test_create_server_external_events): 200 GET http://10.180.1.21/compute/v2.1/servers/c0dff9f2-1840-4a36-99be-88f6f5c050b4 1.882s
2025-04-26 01:37:22.924 70115 INFO tempest.lib.common.rest_client [req-e72498da-db62-44b3-8cac-4a304dc78abd req-e72498da-db62-44b3-8cac-4a304dc78abd ] Request (ImagesNegativeTestJSON:setUpClass): 201 POST http://10.180.1.21:9696/networking/v2.0/subnets 0.220s
2025-04-26 01:37:22.996 70125 INFO tempest.lib.common.rest_client [req-fb3bf568-c799-470c-9240-2edb5f67341d req-fb3bf568-c799-470c-9240-2edb5f67341d ] Request (FlavorsAccessNegativeTestJSON:_run_cleanups): 200 POST http://10.180.1.21/compute/v2.1/flavors/469040465/action 1.990s
2025-04-26 01:37:23.091 70129 INFO tempest.lib.common.rest_client [req-9cf59037-4c12-4c6d-9e2b-64deb261d75f req-9cf59037-4c12-4c6d-9e2b-64deb261d75f ] Request (QuotasAdminTestV257:test_get_updated_quotas): 200 GET http://10.180.1.21/compute/v2.1/os-quota-sets/50babd0f7ffd47149131bd6e1848a0f7?user_id=df97dea6300d48a99bb639f1a2f63086 1.887s
2025-04-26 01:37:23.168 70107 INFO tempest.lib.common.rest_client [req-0e46c7af-e3d4-478f-8fef-47a99673c30d req-0e46c7af-e3d4-478f-8fef-47a99673c30d ] Request (VolumesAssistedSnapshotsTest:test_volume_assisted_snapshot_create_delete): 202 POST http://10.180.1.21/volume/v3/volumes 0.415s
2025-04-26 01:37:23.195 70149 INFO tempest.lib.common.rest_client [req-fca5c25e-2b46-48b3-9b7f-6334e477cd38 req-fca5c25e-2b46-48b3-9b7f-6334e477cd38 ] Request (FloatingIPsNegativeTestJSON:setUpClass): 201 POST http://10.180.1.21:9696/networking/v2.0/networks 0.738s
2025-04-26 01:37:23.226 70129 INFO tempest.lib.common.rest_client [req-20027aa1-491e-45c1-9e7f-8eb1975c058d req-20027aa1-491e-45c1-9e7f-8eb1975c058d ] Request (QuotasAdminTestV257:_run_cleanups): 204 DELETE http://10.180.1.21/identity/v3/users/df97dea6300d48a99bb639f1a2f63086 0.132s
2025-04-26 01:37:23.227 70107 INFO tempest.lib.common.rest_client [req-e26b42ec-44a4-4c34-bc2e-28ddc75539de req-e26b42ec-44a4-4c34-bc2e-28ddc75539de ] Request (VolumesAssistedSnapshotsTest:test_volume_assisted_snapshot_create_delete): 200 GET http://10.180.1.21/volume/v3/volumes/8640b0cd-68ae-4355-b372-6e8c58abfe8b 0.052s
2025-04-26 01:37:23.318 70129 INFO tempest.lib.common.rest_client [req-2d3c23b9-7b7c-402a-b228-e401ad2e75bc req-2d3c23b9-7b7c-402a-b228-e401ad2e75bc ] Request (QuotasAdminTestV257:_run_cleanups): 204 DELETE http://10.180.1.21/identity/v3/projects/50babd0f7ffd47149131bd6e1848a0f7 0.091s
2025-04-26 01:37:23.416 70129 INFO tempest.lib.common.rest_client [req-e6905b54-5d26-40db-be8c-597355d36c24 req-e6905b54-5d26-40db-be8c-597355d36c24 ] Request (QuotasAdminTestV257:tearDownClass): 204 DELETE http://10.180.1.21/identity/v3/users/f7f6b2fe70704433889f1ee2f3b19f06 0.097s
2025-04-26 01:37:23.449 70119 INFO tempest.lib.common.rest_client [req-a5094891-dd75-41c5-8da0-a77f9cb77f8c req-a5094891-dd75-41c5-8da0-a77f9cb77f8c ] Request (AggregatesAdminNegativeTestJSON:_run_cleanups): 200 POST http://10.180.1.21/compute/v2.1/os-aggregates/1/action 2.181s
2025-04-26 01:37:23.472 70105 INFO tempest.lib.common.rest_client [req-95e7785d-a5f3-47be-96fb-1aefd710207b req-95e7785d-a5f3-47be-96fb-1aefd710207b ] Request (ServicesAdminNegativeTestJSON:test_get_service_with_valid_service_and_invalid_host): 200 GET http://10.180.1.21/compute/v2.1/os-services?host=xxx&binary=nova-scheduler 2.176s
2025-04-26 01:37:23.494 70153 INFO tempest.lib.common.rest_client [req-135e478a-7464-4a6f-b386-a2803035d510 req-135e478a-7464-4a6f-b386-a2803035d510 ] Request (ImagesTestJSON:setUpClass): 201 POST http://10.180.1.21:9696/networking/v2.0/subnets 0.727s
2025-04-26 01:37:23.495 70149 INFO tempest.lib.common.rest_client [req-3edfc6aa-d643-4690-823c-847c4e3ba6e0 req-3edfc6aa-d643-4690-823c-847c4e3ba6e0 ] Request (FloatingIPsNegativeTestJSON:setUpClass): 201 POST http://10.180.1.21:9696/networking/v2.0/subnets 0.299s
2025-04-26 01:37:23.504 70133 INFO tempest.lib.common.rest_client [req-b38beaa3-a4c7-40ac-8dee-247a6b18c2e6 req-b38beaa3-a4c7-40ac-8dee-247a6b18c2e6 ] Request (ListImageFiltersTestJSON:setUpClass): 200 GET http://10.180.1.21/compute/v2.1/images/d9bc3ed4-05cc-48eb-a089-3d98181f58c5 2.060s
2025-04-26 01:37:23.533 70129 INFO tempest.lib.common.rest_client [req-d5890ad5-1438-49cb-a488-850800c2a1ff req-d5890ad5-1438-49cb-a488-850800c2a1ff ] Request (QuotasAdminTestV257:tearDownClass): 204 DELETE http://10.180.1.21/identity/v3/users/feb014fb2adc462a80c42c0d253ded58 0.117s
2025-04-26 01:37:23.534 70129 INFO tempest.lib.common.dynamic_creds [-] Deleting project and security group for project: 3028667a787047e6b42c3a34c54189de
2025-04-26 01:37:23.534 70131 INFO tempest.lib.common.rest_client [req-eecff1cc-865d-4f04-bcb8-7a3be1aa5417 req-eecff1cc-865d-4f04-bcb8-7a3be1aa5417 ] Request (FlavorsAccessTestJSON:test_flavor_access_add_remove): 200 GET http://10.180.1.21/compute/v2.1/flavors/detail 2.070s
2025-04-26 01:37:23.591 70129 INFO tempest.lib.common.rest_client [req-ffcd3e06-8c1b-4f12-8903-6ae18f401ae4 req-ffcd3e06-8c1b-4f12-8903-6ae18f401ae4 ] Request (QuotasAdminTestV257:tearDownClass): 201 POST http://10.180.1.21/identity/v3/auth/tokens 0.057s
2025-04-26 01:37:23.767 70121 INFO tempest.lib.common.rest_client [req-280c8515-de01-4315-a79b-4a6c93e710d1 req-280c8515-de01-4315-a79b-4a6c93e710d1 ] Request (SecurityGroupsTestAdminJSON:test_list_security_groups_list_all_tenants_filter): 200 GET http://10.180.1.21/compute/v2.1/os-security-groups?all_tenants=true 3.351s
2025-04-26 01:37:23.804 70123 INFO tempest.lib.common.rest_client [req-c3061867-590c-417f-93fa-9640842336da req-c3061867-590c-417f-93fa-9640842336da ] Request (ImagesMetadataTestJSON:test_delete_image_metadata_item): 200 GET http://10.180.1.21/compute/v2.1/images/57ea3258-4068-4479-9813-0c374701fe1e/metadata 2.172s
2025-04-26 01:37:23.811 70145 INFO tempest.lib.common.rest_client [req-84a322dc-c3e6-4f33-963a-b14926b1db5b req-84a322dc-c3e6-4f33-963a-b14926b1db5b ] Request (HostsAdminNegativeTestJSON:test_show_host_detail_with_non_admin_user): 403 GET http://10.180.1.21/compute/v2.1/os-hosts/devstack 2.164s
2025-04-26 01:37:23.848 70129 INFO tempest.lib.common.rest_client [req-cbd26f98-3495-4e4b-aae5-27d942a6c47a req-cbd26f98-3495-4e4b-aae5-27d942a6c47a ] Request (QuotasAdminTestV257:tearDownClass): 200 GET http://10.180.1.21:9696/networking/v2.0/security-groups?tenant_id=3028667a787047e6b42c3a34c54189de&name=default 0.256s
2025-04-26 01:37:23.862 70133 INFO tempest.lib.common.rest_client [req-cb70d1b7-dea5-4644-b5f8-45311065a170 req-cb70d1b7-dea5-4644-b5f8-45311065a170 ] Request (ListImageFiltersTestJSON:setUpClass): 201 POST http://10.180.1.21/image/v2/images 0.354s
2025-04-26 01:37:23.900 70111 INFO tempest.lib.common.rest_client [req-68dc5553-9286-4fe4-981b-407ab9f66c38 req-68dc5553-9286-4fe4-981b-407ab9f66c38 ] Request (QuotasAdminNegativeTest:test_create_server_when_instances_quota_is_full): 200 GET http://10.180.1.21/compute/v2.1/os-quota-sets/31f400c728864032adc9a6387af68ee9 2.170s
2025-04-26 01:37:23.911 70113 INFO tempest.lib.common.rest_client [req-2607a363-fa80-4589-a413-0e2192d753a2 req-2607a363-fa80-4589-a413-0e2192d753a2 ] Request (FlavorsExtraSpecsTestJSON:test_flavor_non_admin_get_specific_key): 200 GET http://10.180.1.21/compute/v2.1/flavors/418849986/os-extra_specs/hw:numa_nodes 2.170s
2025-04-26 01:37:23.916 70159 INFO tempest.lib.common.rest_client [req-782649d0-f151-46a7-b2a2-d6bf478258a2 req-782649d0-f151-46a7-b2a2-d6bf478258a2 ] Request (FlavorsExtraSpecsNegativeTestJSON:test_flavor_non_admin_unset_keys): 403 DELETE http://10.180.1.21/compute/v2.1/flavors/664160077/os-extra_specs/hw:numa_nodes 2.145s
2025-04-26 01:37:23.943 70161 INFO tempest.lib.common.rest_client [req-ef77818c-f580-4937-b97b-1c0ccadd947d req-ef77818c-f580-4937-b97b-1c0ccadd947d ] Request (FlavorsAdminTestJSON:test_list_non_public_flavor): 200 GET http://10.180.1.21/compute/v2.1/flavors/detail 2.153s
2025-04-26 01:37:23.968 70135 INFO tempest.lib.common.rest_client [req-6218ca10-b666-4e1c-8c47-a7fbb274116f req-6218ca10-b666-4e1c-8c47-a7fbb274116f ] Request (FlavorsV255TestJSON:_run_cleanups): 200 GET http://10.180.1.21/compute/v2.1/flavors/detail 2.163s
2025-04-26 01:37:23.984 70109 INFO tempest.lib.common.rest_client [req-09666066-2276-4d5d-a22f-1e336c60d954 req-09666066-2276-4d5d-a22f-1e336c60d954 ] Request (ServersWithSpecificFlavorTestJSON:test_verify_created_server_ephemeral_disk): 200 GET http://10.180.1.21/compute/v2.1/flavors/42/os-extra_specs 2.009s
2025-04-26 01:37:23.994 70129 INFO tempest.lib.common.rest_client [req-955f49be-cfd7-49c6-bf41-a164076942cf req-955f49be-cfd7-49c6-bf41-a164076942cf ] Request (QuotasAdminTestV257:tearDownClass): 204 DELETE http://10.180.1.21:9696/networking/v2.0/security-groups/b4d0fc69-4ada-4c6b-8c41-9b33a9ad56db 0.144s
2025-04-26 01:37:24.067 70135 INFO tempest.lib.common.rest_client [req-9a2afbcd-a442-4db6-8957-265f0ee976da req-9a2afbcd-a442-4db6-8957-265f0ee976da ] Request (FlavorsV255TestJSON:tearDownClass): 204 DELETE http://10.180.1.21/identity/v3/users/be4921c6f6584ea8ba6fb9fc3b57095d 0.088s
2025-04-26 01:37:24.174 70129 INFO tempest.lib.common.rest_client [req-29464a87-4997-4ac8-9c3e-30d72680d258 req-29464a87-4997-4ac8-9c3e-30d72680d258 ] Request (QuotasAdminTestV257:tearDownClass): 204 DELETE http://10.180.1.21/identity/v3/projects/3028667a787047e6b42c3a34c54189de 0.180s
2025-04-26 01:37:24.174 70129 INFO tempest.lib.common.dynamic_creds [-] Deleting project and security group for project: 29130ce5d9cb414b99c39c96bfc09c72
2025-04-26 01:37:24.181 70135 INFO tempest.lib.common.rest_client [req-1417b9e9-9604-4078-be3d-c2b60ce50e86 req-1417b9e9-9604-4078-be3d-c2b60ce50e86 ] Request (FlavorsV255TestJSON:tearDownClass): 204 DELETE http://10.180.1.21/identity/v3/users/64df5eeff76b4339b0c09478aa4fcc7a 0.113s
2025-04-26 01:37:24.181 70135 INFO tempest.lib.common.dynamic_creds [-] Deleting project and security group for project: 92ca4b1f61334d75b9851705e0f94b5a
2025-04-26 01:37:24.218 70115 INFO tempest.lib.common.rest_client [req-b6be9878-c7a1-4228-a21c-465615de62b8 req-b6be9878-c7a1-4228-a21c-465615de62b8 ] Request (ImagesNegativeTestJSON:setUpClass): 201 POST http://10.180.1.21:9696/networking/v2.0/routers 1.293s
2025-04-26 01:37:24.241 70135 INFO tempest.lib.common.rest_client [req-91278024-b886-42d2-b8d2-233cb72c44c7 req-91278024-b886-42d2-b8d2-233cb72c44c7 ] Request (FlavorsV255TestJSON:tearDownClass): 201 POST http://10.180.1.21/identity/v3/auth/tokens 0.060s
2025-04-26 01:37:24.253 70141 INFO tempest.lib.common.rest_client [req-6a43ceb8-8112-4e56-9dc7-91a5a1290cbe req-6a43ceb8-8112-4e56-9dc7-91a5a1290cbe ] Request (ServersAdminTestJSON:setUpClass): 202 POST http://10.180.1.21/compute/v2.1/servers 2.689s
2025-04-26 01:37:24.278 70107 INFO tempest.lib.common.rest_client [req-f185c8a3-b441-47b0-bb8e-5862e49b72ba req-f185c8a3-b441-47b0-bb8e-5862e49b72ba ] Request (VolumesAssistedSnapshotsTest:test_volume_assisted_snapshot_create_delete): 200 GET http://10.180.1.21/volume/v3/volumes/8640b0cd-68ae-4355-b372-6e8c58abfe8b 0.039s
2025-04-26 01:37:24.286 70107 INFO tempest.common.waiters [-] volume 8640b0cd-68ae-4355-b372-6e8c58abfe8b reached available after waiting for 1.286416 seconds
2025-04-26 01:37:24.507 70135 INFO tempest.lib.common.rest_client [req-59f69dc0-92d8-4c4a-a8c6-39ba41d8df6c req-59f69dc0-92d8-4c4a-a8c6-39ba41d8df6c ] Request (FlavorsV255TestJSON:tearDownClass): 200 GET http://10.180.1.21:9696/networking/v2.0/security-groups?tenant_id=92ca4b1f61334d75b9851705e0f94b5a&name=default 0.266s
2025-04-26 01:37:24.532 70129 INFO tempest.lib.common.rest_client [req-179c589a-d9e2-45b1-8b01-77f31cf22221 req-179c589a-d9e2-45b1-8b01-77f31cf22221 ] Request (QuotasAdminTestV257:tearDownClass): 200 GET http://10.180.1.21:9696/networking/v2.0/security-groups?tenant_id=29130ce5d9cb414b99c39c96bfc09c72&name=default 0.358s
2025-04-26 01:37:24.583 70143 INFO tempest.lib.common.rest_client [req-4f947a41-02dc-4410-8d04-19f4aa13c465 req-4f947a41-02dc-4410-8d04-19f4aa13c465 ] Request (ListServerFiltersTestJSON:setUpClass): 202 POST http://10.180.1.21/compute/v2.1/servers 2.602s
2025-04-26 01:37:24.612 70117 INFO tempest.lib.common.rest_client [req-1a668666-1fcb-4e88-884b-94625fd9f264 req-1a668666-1fcb-4e88-884b-94625fd9f264 ] Request (KeyPairsV210TestJSON:_run_cleanups): 204 DELETE http://10.180.1.21/compute/v2.1/os-keypairs/tempest-KeyPairsV210TestJSON-keypair-831331137 2.001s
2025-04-26 01:37:24.634 70155 INFO tempest.lib.common.rest_client [req-a8ea93de-72c5-42ba-a011-23ae1a92b5ea req-a8ea93de-72c5-42ba-a011-23ae1a92b5ea ] Request (HypervisorAdminNegativeUnderV252Test:test_show_servers_with_non_admin_user): 200 GET http://10.180.1.21/compute/v2.1/os-hypervisors 2.009s
2025-04-26 01:37:24.673 70143 INFO tempest.lib.common.rest_client [req-b1e76ff5-b3b3-4bee-925b-861d8144fe07 req-b1e76ff5-b3b3-4bee-925b-861d8144fe07 ] Request (ListServerFiltersTestJSON:setUpClass): 201 POST http://10.180.1.21/identity/v3/auth/tokens 0.083s
2025-04-26 01:37:24.673 70135 INFO tempest.lib.common.rest_client [req-ec8e1a6f-41cd-4ce6-ac70-9b40ade3d4b1 req-ec8e1a6f-41cd-4ce6-ac70-9b40ade3d4b1 ] Request (FlavorsV255TestJSON:tearDownClass): 204 DELETE http://10.180.1.21:9696/networking/v2.0/security-groups/51538cf9-03d5-460e-a321-1f2cc81be162 0.165s
2025-04-26 01:37:24.673 70143 INFO tempest.lib.common.fixed_network [-] (ListServerFiltersTestJSON:setUpClass) Found network {'id': '4088f928-ae51-4b79-a7c0-07e079ed8e59', 'name': 'tempest-ListServerFiltersTestJSON-952969194-network', 'tenant_id': '3ca636e3104b468f82c55bd11cf46747', 'admin_state_up': True, 'mtu': 8950, 'status': 'ACTIVE', 'subnets': [], 'shared': False, 'project_id': '3ca636e3104b468f82c55bd11cf46747', 'port_security_enabled': True, 'router:external': False, 'provider:network_type': 'vlan', 'provider:physical_network': 'default', 'provider:segmentation_id': 466, 'availability_zone_hints': [], 'availability_zones': [], 'ipv4_address_scope': None, 'ipv6_address_scope': None, 'description': '', 'tags': [], 'created_at': '2025-04-26T01:37:21Z', 'updated_at': '2025-04-26T01:37:21Z', 'revision_number': 1} available for tenant
2025-04-26 01:37:24.686 70129 INFO tempest.lib.common.rest_client [req-60f53eb3-14c0-484a-9e26-8ecd639dd653 req-60f53eb3-14c0-484a-9e26-8ecd639dd653 ] Request (QuotasAdminTestV257:tearDownClass): 204 DELETE http://10.180.1.21:9696/networking/v2.0/security-groups/d25d6f03-a88b-4bb9-bd3c-9c59bb047e16 0.153s
2025-04-26 01:37:24.750 70135 INFO tempest.lib.common.rest_client [req-1f86fc6f-4917-4b17-b4c7-16d880b9bba6 req-1f86fc6f-4917-4b17-b4c7-16d880b9bba6 ] Request (FlavorsV255TestJSON:tearDownClass): 204 DELETE http://10.180.1.21/identity/v3/projects/92ca4b1f61334d75b9851705e0f94b5a 0.077s
2025-04-26 01:37:24.751 70129 INFO tempest.lib.common.rest_client [req-350dde33-f614-4c14-810d-8651747bf5f0 req-350dde33-f614-4c14-810d-8651747bf5f0 ] Request (QuotasAdminTestV257:tearDownClass): 204 DELETE http://10.180.1.21/identity/v3/projects/29130ce5d9cb414b99c39c96bfc09c72 0.065s
2025-04-26 01:37:24.751 70135 INFO tempest.lib.common.dynamic_creds [-] Deleting project and security group for project: 8005b07299034a59bbabdd7d0bfdb586
2025-04-26 01:37:24.819 70129 INFO tempest.lib.common.rest_client [req-f4ea0daa-356e-46cc-9ef9-531bc536869d req-f4ea0daa-356e-46cc-9ef9-531bc536869d ] Request (QuotasSecurityGroupAdminNegativeTest:setUpClass): 201 POST http://10.180.1.21/identity/v3/auth/tokens 0.066s
2025-04-26 01:37:24.829 70103 INFO tempest.lib.common.rest_client [req-6cbc56b4-aa6c-4658-af74-a79179ca1562 req-6cbc56b4-aa6c-4658-af74-a79179ca1562 ] Request (DeleteServersAdminTestJSON:test_admin_delete_servers_of_others): 200 GET http://10.180.1.21/compute/v2.1/servers/93c56a3e-9744-47b3-b691-b6f28d16351f 2.091s
2025-04-26 01:37:24.842 70103 INFO tempest.common.waiters [-] State transition "BUILD/networking" ==> "BUILD/spawning" after 6 second wait
2025-04-26 01:37:24.856 70125 INFO tempest.lib.common.rest_client [req-72662f8b-0f60-4854-a26a-ee5bb6fbd30e req-72662f8b-0f60-4854-a26a-ee5bb6fbd30e ] Request (FlavorsAccessNegativeTestJSON:_run_cleanups): 202 DELETE http://10.180.1.21/compute/v2.1/flavors/469040465 1.859s
2025-04-26 01:37:24.857 70129 INFO tempest.lib.common.rest_client [req-fc196454-c718-45b3-bd82-d7fa6fc5219a req-fc196454-c718-45b3-bd82-d7fa6fc5219a ] Request (QuotasSecurityGroupAdminNegativeTest:setUpClass): 201 POST http://10.180.1.21/identity/v3/auth/tokens 0.036s
2025-04-26 01:37:24.902 70129 INFO tempest.lib.common.rest_client [req-9ae409ad-2d99-45ea-aa74-56a2b3abb9f9 req-9ae409ad-2d99-45ea-aa74-56a2b3abb9f9 ] Request (QuotasSecurityGroupAdminNegativeTest:setUpClass): 200 GET http://10.180.1.21/identity/v3/domains?name=Default 0.044s
2025-04-26 01:37:24.993 70165 INFO tempest.lib.common.rest_client [req-5723be5b-b6b7-41e4-bd2c-20221d28dd3d req-5723be5b-b6b7-41e4-bd2c-20221d28dd3d ] Request (QuotaClassesAdminTestJSON:test_update_default_quotas): 200 GET http://10.180.1.21/compute/v2.1/os-quota-class-sets/default 1.671s
2025-04-26 01:37:25.017 70119 INFO tempest.lib.common.rest_client [req-f0edba0f-3b57-4255-86b7-c47cdb9ded08 req-f0edba0f-3b57-4255-86b7-c47cdb9ded08 ] Request (AggregatesAdminNegativeTestJSON:_run_cleanups): 200 DELETE http://10.180.1.21/compute/v2.1/os-aggregates/1 1.565s
2025-04-26 01:37:25.030 70129 INFO tempest.lib.common.rest_client [req-cb4c2d9a-01f5-4328-8fc4-e8336a8f36e7 req-cb4c2d9a-01f5-4328-8fc4-e8336a8f36e7 ] Request (QuotasSecurityGroupAdminNegativeTest:setUpClass): 201 POST http://10.180.1.21/identity/v3/projects 0.127s
2025-04-26 01:37:25.136 70105 INFO tempest.lib.common.rest_client [req-1d3ca479-9bf5-49b3-8cca-9420b76866f7 req-1d3ca479-9bf5-49b3-8cca-9420b76866f7 ] Request (ServicesAdminNegativeTestJSON:test_list_services_with_non_admin_user): 403 GET http://10.180.1.21/compute/v2.1/os-services 1.661s
2025-04-26 01:37:25.145 70135 INFO tempest.lib.common.rest_client [req-b5404a89-2627-4577-b297-0c04cbea8d9c req-b5404a89-2627-4577-b297-0c04cbea8d9c ] Request (FlavorsV255TestJSON:tearDownClass): 200 GET http://10.180.1.21:9696/networking/v2.0/security-groups?tenant_id=8005b07299034a59bbabdd7d0bfdb586&name=default 0.394s
2025-04-26 01:37:25.151 70129 INFO tempest.lib.common.rest_client [req-b0fd11fa-0417-4a34-b4ef-9edb3f780b6a req-b0fd11fa-0417-4a34-b4ef-9edb3f780b6a ] Request (QuotasSecurityGroupAdminNegativeTest:setUpClass): 201 POST http://10.180.1.21/identity/v3/users 0.121s
2025-04-26 01:37:25.159 70131 INFO tempest.lib.common.rest_client [req-210a1bd1-59d0-47ad-9e26-8b5e21167b5d req-210a1bd1-59d0-47ad-9e26-8b5e21167b5d ] Request (FlavorsAccessTestJSON:_run_cleanups): 202 DELETE http://10.180.1.21/compute/v2.1/flavors/378457873 1.619s
2025-04-26 01:37:25.209 70129 INFO tempest.lib.common.rest_client [req-e46c8383-1d03-4337-9408-161836a7c491 req-e46c8383-1d03-4337-9408-161836a7c491 ] Request (QuotasSecurityGroupAdminNegativeTest:setUpClass): 200 GET http://10.180.1.21/identity/v3/roles 0.057s
2025-04-26 01:37:25.249 70137 INFO tempest.lib.common.rest_client [req-d3cc1311-91a2-4d0f-872b-a72a9fa6e9ce req-d3cc1311-91a2-4d0f-872b-a72a9fa6e9ce ] Request (MigrationsAdminTest:test_list_migrations_in_flavor_resize_situation): 200 GET http://10.180.1.21/compute/v2.1/servers/f6840f44-6cb0-4890-b6e3-8357d10d5fba 1.551s
2025-04-26 01:37:25.255 70105 INFO tempest.lib.common.rest_client [req-645b37af-509c-470b-8907-72c432352de9 req-645b37af-509c-470b-8907-72c432352de9 ] Request (ServicesAdminNegativeTestJSON:tearDownClass): 204 DELETE http://10.180.1.21/identity/v3/users/3ee561dae2fd4b49af4e9e7accacf8cc 0.117s
2025-04-26 01:37:25.344 70129 INFO tempest.lib.common.rest_client [req-47a43711-9800-4f52-b5eb-bcfddb5499ab req-47a43711-9800-4f52-b5eb-bcfddb5499ab ] Request (QuotasSecurityGroupAdminNegativeTest:setUpClass): 204 PUT http://10.180.1.21/identity/v3/projects/05357570fd494fe895ff20228a4828e7/users/8540fd426bcb43029b3354eb10683c01/roles/49f76a1e090548ae8eac741065ea54b8 0.135s
2025-04-26 01:37:25.344 70129 INFO tempest.lib.common.dynamic_creds [-] Dynamic test user 8540fd426bcb43029b3354eb10683c01 is created with scope project and roles: ['member']
2025-04-26 01:37:25.345 70129 INFO tempest.lib.common.dynamic_creds [-] Acquired dynamic creds: credentials: Credentials: {'domain_id': 'default', 'domain_name': 'Default', 'username': 'tempest-QuotasSecurityGroupAdminNegativeTest-634135343-project-member', 'project_domain_id': 'default', 'project_domain_name': 'Default', 'project_id': '05357570fd494fe895ff20228a4828e7', 'project_name': 'tempest-QuotasSecurityGroupAdminNegativeTest-634135343', 'tenant_id': '05357570fd494fe895ff20228a4828e7', 'tenant_name': 'tempest-QuotasSecurityGroupAdminNegativeTest-634135343', 'user_domain_id': 'default', 'user_domain_name': 'Default', 'user_id': '8540fd426bcb43029b3354eb10683c01', 'system': None}, Network: None, Subnet: None, Router: None
2025-04-26 01:37:25.345 70129 INFO tempest.lib.common.dynamic_creds [-] Created isolated network resources for: credentials: Credentials: {'domain_id': 'default', 'domain_name': 'Default', 'username': 'tempest-QuotasSecurityGroupAdminNegativeTest-634135343-project-member', 'project_domain_id': 'default', 'project_domain_name': 'Default', 'project_id': '05357570fd494fe895ff20228a4828e7', 'project_name': 'tempest-QuotasSecurityGroupAdminNegativeTest-634135343', 'tenant_id': '05357570fd494fe895ff20228a4828e7', 'tenant_name': 'tempest-QuotasSecurityGroupAdminNegativeTest-634135343', 'user_domain_id': 'default', 'user_domain_name': 'Default', 'user_id': '8540fd426bcb43029b3354eb10683c01', 'system': None}, Network: None, Subnet: None, Router: None
2025-04-26 01:37:25.369 70105 INFO tempest.lib.common.rest_client [req-2f453ded-2e98-4528-84d7-2111db251433 req-2f453ded-2e98-4528-84d7-2111db251433 ] Request (ServicesAdminNegativeTestJSON:tearDownClass): 204 DELETE http://10.180.1.21/identity/v3/users/4d8e33a5897449dc8c7686af499ba78b 0.110s
2025-04-26 01:37:25.370 70105 INFO tempest.lib.common.dynamic_creds [-] Deleting project and security group for project: 77bc462898064a6f9104629a977dfb24
2025-04-26 01:37:25.391 70135 INFO tempest.lib.common.rest_client [req-a4bc0277-d242-489d-b7d2-fb6a4c771c99 req-a4bc0277-d242-489d-b7d2-fb6a4c771c99 ] Request (FlavorsV255TestJSON:tearDownClass): 204 DELETE http://10.180.1.21:9696/networking/v2.0/security-groups/8cfabccb-eb34-4b6c-8582-56e8ac7f6031 0.244s
2025-04-26 01:37:25.450 70129 INFO tempest.lib.common.rest_client [req-800de6e5-7b11-49aa-ab8c-7f4ea1a4a166 req-800de6e5-7b11-49aa-ab8c-7f4ea1a4a166 ] Request (QuotasSecurityGroupAdminNegativeTest:setUpClass): 201 POST http://10.180.1.21/identity/v3/auth/tokens 0.101s
2025-04-26 01:37:25.477 70121 INFO tempest.lib.common.rest_client [req-a5d96d75-48ac-4772-9a1c-7d11026afdb1 req-a5d96d75-48ac-4772-9a1c-7d11026afdb1 ] Request (SecurityGroupsTestAdminJSON:test_list_security_groups_list_all_tenants_filter): 200 GET http://10.180.1.21/compute/v2.1/os-security-groups?all_tenants=true 1.698s
2025-04-26 01:37:25.479 70105 INFO tempest.lib.common.rest_client [req-48c458a6-a175-4bbd-9770-1ee4492a2e56 req-48c458a6-a175-4bbd-9770-1ee4492a2e56 ] Request (ServicesAdminNegativeTestJSON:tearDownClass): 201 POST http://10.180.1.21/identity/v3/auth/tokens 0.109s
2025-04-26 01:37:25.547 70135 INFO tempest.lib.common.rest_client [req-52517dea-e12c-4695-a847-45d286966acf req-52517dea-e12c-4695-a847-45d286966acf ] Request (FlavorsV255TestJSON:tearDownClass): 204 DELETE http://10.180.1.21/identity/v3/projects/8005b07299034a59bbabdd7d0bfdb586 0.156s
2025-04-26 01:37:25.591 70163 INFO tempest.lib.common.rest_client [req-d60d601a-9653-4f7e-a3f7-7c7e8f17729f req-d60d601a-9653-4f7e-a3f7-7c7e8f17729f ] Request (AttachInterfacesV270Test:test_create_get_list_interfaces): 200 GET http://10.180.1.21/compute/v2.1/servers/92e9cf6d-d940-4980-bbf4-13e63ee0d3b2 1.783s
