2025-04-26 01:38:20.136 70121 INFO tempest.lib.common.rest_client [req-bf60f7d6-2f35-44f2-aa1e-427895893335 req-bf60f7d6-2f35-44f2-aa1e-427895893335 ] Request (ServersV294TestFqdnHostnames:setUpClass): 200 GET http://10.180.1.21/compute/v2.1/servers/9488a636-552a-4019-85bb-98281df807a6 0.739s
2025-04-26 01:38:20.147 70119 INFO tempest.lib.common.rest_client [req-c3b9f0b4-b5ae-435e-8247-3e5d96c55009 req-c3b9f0b4-b5ae-435e-8247-3e5d96c55009 ] Request (FloatingIPsAssociationTestJSON:setUpClass): 201 POST http://10.180.1.21:9696/networking/v2.0/routers 1.830s
2025-04-26 01:38:20.148 70125 INFO tempest.lib.common.rest_client [req-42b84d23-13c4-4558-a3dc-610a6ab79ea0 req-42b84d23-13c4-4558-a3dc-610a6ab79ea0 ] Request (ServersTestBootFromVolume:setUpClass): 200 GET http://10.180.1.21/volume/v3/volumes/d7e63b8c-548e-4b69-8230-b37b99efeb96 0.081s
2025-04-26 01:38:20.203 70163 INFO tempest.lib.common.rest_client [req-e371443d-c12d-4b5e-87a3-e05cb5e2c1a8 req-e371443d-c12d-4b5e-87a3-e05cb5e2c1a8 ] Request (AttachInterfacesV270Test:tearDownClass): 200 GET http://10.180.1.21/compute/v2.1/servers/92e9cf6d-d940-4980-bbf4-13e63ee0d3b2 0.803s
2025-04-26 01:38:20.247 70127 INFO tempest.lib.common.rest_client [req-eddb70cf-109d-4e6a-a66c-ee86395a372b req-eddb70cf-109d-4e6a-a66c-ee86395a372b ] Request (ServerExternalEventsTest:tearDownClass): 204 DELETE http://10.180.1.21:9696/networking/v2.0/security-groups/6b66052a-9944-4f8d-a945-65f2c7d47529 0.250s
2025-04-26 01:38:20.315 70145 INFO tempest.lib.common.rest_client [req-4bb12555-4bf3-42f6-948f-d6f531b93a5d req-4bb12555-4bf3-42f6-948f-d6f531b93a5d ] Request (ServersTestFqdnHostnames:test_create_server_with_fqdn_name): 200 GET http://10.180.1.21/compute/v2.1/servers/b4e74b8a-cc84-47b6-9093-cbd2b2e59740 0.806s
2025-04-26 01:38:20.357 70127 INFO tempest.lib.common.rest_client [req-257737e4-0e5c-44ad-adee-8c656b268381 req-257737e4-0e5c-44ad-adee-8c656b268381 ] Request (ServerExternalEventsTest:tearDownClass): 204 DELETE http://10.180.1.21/identity/v3/projects/db8df544841e4657b64100472fbb3b90 0.109s
2025-04-26 01:38:20.357 70127 INFO tempest.lib.common.dynamic_creds [-] Deleting project and security group for project: 0162a79dd7774273bbd2c14cc120f240
2025-04-26 01:38:20.410 70131 INFO tempest.lib.common.rest_client [req-1d7c954a-bc50-4b81-aca2-a3ff204cdd9e req-1d7c954a-bc50-4b81-aca2-a3ff204cdd9e ] Request (ServerDiagnosticsV248Test:test_get_server_diagnostics): 200 GET http://10.180.1.21/compute/v2.1/servers/29578513-5d13-4e49-9d34-12f0cf3c8e01 0.820s
2025-04-26 01:38:20.537 70103 INFO tempest.lib.common.rest_client [req-31170333-1d29-4cf6-bb63-8aee3da52dbe req-31170333-1d29-4cf6-bb63-8aee3da52dbe ] Request (DeleteServersAdminTestJSON:test_delete_server_while_in_error_state): 200 GET http://10.180.1.21/compute/v2.1/servers/a6536297-e66b-438c-95c2-8050cfa89684 1.089s
2025-04-26 01:38:20.590 70127 INFO tempest.lib.common.rest_client [req-67550eb7-c606-433a-a645-8353a90a30ff req-67550eb7-c606-433a-a645-8353a90a30ff ] Request (ServerExternalEventsTest:tearDownClass): 200 GET http://10.180.1.21:9696/networking/v2.0/security-groups?tenant_id=0162a79dd7774273bbd2c14cc120f240&name=default 0.233s
2025-04-26 01:38:20.621 70117 INFO tempest.lib.common.rest_client [req-0867a016-77d9-4e14-ae6f-e1783d348efa req-0867a016-77d9-4e14-ae6f-e1783d348efa ] Request (ServerDiagnosticsNegativeTest:tearDownClass): 200 GET http://10.180.1.21/compute/v2.1/servers/3392f89e-b4f5-4a1d-bfde-81386244da0e 0.952s
2025-04-26 01:38:20.630 70109 INFO tempest.lib.common.rest_client [req-bc2fa074-b7cc-45f0-ba51-d7b7e8838a61 req-bc2fa074-b7cc-45f0-ba51-d7b7e8838a61 ] Request (ServersWithSpecificFlavorTestJSON:test_verify_created_server_ephemeral_disk): 200 GET http://10.180.1.21/compute/v2.1/servers/9cc47515-b43f-4b1b-aae0-ccf5a96a2758 0.974s
2025-04-26 01:38:20.641 70109 INFO tempest.lib.common.ssh [-] Creating ssh connection to '10.180.180.204:22' as 'cirros' with public key authentication
2025-04-26 01:38:20.704 70159 INFO tempest.lib.common.rest_client [req-d018253d-92a9-48c1-8e90-e958f0cab041 req-d018253d-92a9-48c1-8e90-e958f0cab041 ] Request (ServersAdminNegativeTestJSON:setUpClass): 200 GET http://10.180.1.21/compute/v2.1/servers/aba3f593-3ed0-4505-aedc-d5dc230aa8a6 0.960s
2025-04-26 01:38:20.724 70111 INFO tempest.lib.common.rest_client [req-6db70b07-6a86-47f6-b866-08b4691dc029 req-6db70b07-6a86-47f6-b866-08b4691dc029 ] Request (MultipleCreateTestJSON:test_multiple_create): 200 GET http://10.180.1.21/compute/v2.1/servers/7e3c80bd-c77c-44d1-b9d0-5b9ab45d050f 0.731s
2025-04-26 01:38:20.779 70147 INFO tempest.lib.common.rest_client [req-1b37e30b-58f5-4978-9a58-8b328df12a11 req-1b37e30b-58f5-4978-9a58-8b328df12a11 ] Request (ServerActionsTestOtherA:setUpClass): 200 GET http://10.180.1.21/compute/v2.1/servers/eb175817-6559-4954-9979-6125c80f623a 0.752s
2025-04-26 01:38:20.783 70127 INFO tempest.lib.common.rest_client [req-4cee5dc2-b613-49d8-90c6-9a3fcca75bdd req-4cee5dc2-b613-49d8-90c6-9a3fcca75bdd ] Request (ServerExternalEventsTest:tearDownClass): 204 DELETE http://10.180.1.21:9696/networking/v2.0/security-groups/19628f62-9dc6-4374-bbd5-45e20ec6d5fe 0.192s
2025-04-26 01:38:20.809 70157 INFO tempest.lib.common.rest_client [req-ebcf17d0-9406-4d63-b6c7-9d26d62688ca req-ebcf17d0-9406-4d63-b6c7-9d26d62688ca ] Request (ServersTestMultiNic:test_verify_duplicate_network_nics): 200 GET http://10.180.1.21/compute/v2.1/servers/4832e4ba-81a4-4ca1-a06d-b77eb7f8e33f 0.625s
2025-04-26 01:38:20.856 70153 INFO tempest.lib.common.rest_client [req-1bb74648-9849-4b0b-a4d7-0beac382fc63 req-1bb74648-9849-4b0b-a4d7-0beac382fc63 ] Request (ImagesTestJSON:test_create_image_from_stopped_server): 200 GET http://10.180.1.21/compute/v2.1/images/5f15128a-57a0-4699-9949-b5003d2d59e6 0.504s
2025-04-26 01:38:20.859 70135 INFO tempest.lib.common.rest_client [req-ccf32577-43f5-456f-943c-90e7d85754f2 req-ccf32577-43f5-456f-943c-90e7d85754f2 ] Request (ServerMetadataTestJSON:setUpClass): 200 GET http://10.180.1.21/compute/v2.1/servers/95df77e7-8eb8-4d41-a9b9-6267a761c824 0.595s
2025-04-26 01:38:20.910 70127 INFO tempest.lib.common.rest_client [req-fa8e0121-a8ec-4a1b-8c0c-051432410537 req-fa8e0121-a8ec-4a1b-8c0c-051432410537 ] Request (ServerExternalEventsTest:tearDownClass): 204 DELETE http://10.180.1.21/identity/v3/projects/0162a79dd7774273bbd2c14cc120f240 0.127s
2025-04-26 01:38:20.911 70127 INFO tempest.lib.common.dynamic_creds [-] Deleting project and security group for project: 9b7a97c1982d4097a5fcf0551f18524a
2025-04-26 01:38:20.934 70139 INFO tempest.lib.common.rest_client [req-a09bf252-ca0c-4645-ae50-21b3db762a89 req-a09bf252-ca0c-4645-ae50-21b3db762a89 ] Request (InstanceActionsV221TestJSON:test_get_list_deleted_instance_actions): 200 GET http://10.180.1.21/compute/v2.1/servers/cc0af723-ef88-4d6f-b59a-63770c6b08f7 0.518s
2025-04-26 01:38:20.937 70155 INFO tempest.lib.common.rest_client [req-6d3cc05f-0130-4e53-b052-c876de25ac7b req-6d3cc05f-0130-4e53-b052-c876de25ac7b ] Request (ServerDiagnosticsTest:tearDownClass): 200 GET http://10.180.1.21/compute/v2.1/servers/3389c5e6-23b8-457f-9a79-47acd61a69ce 0.431s
2025-04-26 01:38:20.962 70127 INFO tempest.lib.common.rest_client [req-a5755a77-f33f-4a1c-8478-8186e3869642 req-a5755a77-f33f-4a1c-8478-8186e3869642 ] Request (ServerExternalEventsTest:tearDownClass): 200 GET http://10.180.1.21:9696/networking/v2.0/security-groups?tenant_id=9b7a97c1982d4097a5fcf0551f18524a&name=default 0.050s
2025-04-26 01:38:21.006 70151 INFO tempest.lib.common.rest_client [req-12d052aa-b951-4839-ae4a-12bbc1e9ac7d req-12d052aa-b951-4839-ae4a-12bbc1e9ac7d ] Request (FloatingIPsAssociationNegativeTestJSON:setUpClass): 200 GET http://10.180.1.21/compute/v2.1/servers/22842910-a375-46d2-8961-ae303c680a70 0.437s
2025-04-26 01:38:21.070 70143 INFO tempest.lib.common.rest_client [req-b7df93fb-f33d-455c-8478-3ed430353c15 req-b7df93fb-f33d-455c-8478-3ed430353c15 ] Request (ListServerFiltersTestJSON:test_list_servers_filter_by_shutoff_status): 200 GET http://10.180.1.21/compute/v2.1/servers/0d5aaa90-407e-4962-8b22-c0d71d4edce6 0.561s
2025-04-26 01:38:21.077 70143 INFO tempest.common.waiters [-] State transition "SHUTOFF/powering-on" ==> "ACTIVE/None" after 5 second wait
2025-04-26 01:38:21.087 70115 INFO tempest.lib.common.rest_client [req-88510e18-515b-48a8-b461-25a092e6317c req-88510e18-515b-48a8-b461-25a092e6317c ] Request (ImagesNegativeTestJSON:test_create_image_from_deleted_server): 200 GET http://10.180.1.21/compute/v2.1/servers/cb792760-6b35-4299-9fca-6412fa62312c 0.511s
2025-04-26 01:38:21.117 70127 INFO tempest.lib.common.rest_client [req-2a418ac0-f804-41a9-bd29-adaec5cba004 req-2a418ac0-f804-41a9-bd29-adaec5cba004 ] Request (ServerExternalEventsTest:tearDownClass): 204 DELETE http://10.180.1.21:9696/networking/v2.0/security-groups/34d3f208-bbb4-4415-9934-a2683e967524 0.154s
2025-04-26 01:38:21.144 70165 INFO tempest.lib.common.rest_client [req-d380535a-5b0a-4885-8e48-30373753acaa req-d380535a-5b0a-4885-8e48-30373753acaa ] Request (ServerRescueNegativeTestJSON:setUpClass): 200 GET http://10.180.1.21/compute/v2.1/servers/28ecb8dd-843f-436d-b7f3-3aa209ff7a20 0.517s
2025-04-26 01:38:21.168 70105 INFO tempest.lib.common.rest_client [req-476be943-fa6c-41ef-adbc-f0c8446e5c21 req-476be943-fa6c-41ef-adbc-f0c8446e5c21 ] Request (InstanceActionsTestJSON:setUpClass): 200 GET http://10.180.1.21/compute/v2.1/servers/a3f4dadf-a9bc-4155-82b7-fb0c24656663 0.476s
2025-04-26 01:38:21.211 70125 INFO tempest.lib.common.rest_client [req-cce7dec2-f3e9-48cb-a077-eb5f2f2f582c req-cce7dec2-f3e9-48cb-a077-eb5f2f2f582c ] Request (ServersTestBootFromVolume:setUpClass): 200 GET http://10.180.1.21/volume/v3/volumes/d7e63b8c-548e-4b69-8230-b37b99efeb96 0.049s
2025-04-26 01:38:21.286 70127 INFO tempest.lib.common.rest_client [req-7aee68d5-29ab-4e71-af5a-3ef7bf6b4450 req-7aee68d5-29ab-4e71-af5a-3ef7bf6b4450 ] Request (ServerExternalEventsTest:tearDownClass): 204 DELETE http://10.180.1.21/identity/v3/projects/9b7a97c1982d4097a5fcf0551f18524a 0.168s
2025-04-26 01:38:21.292 70123 INFO tempest.lib.common.rest_client [req-005daaf3-26a8-4295-9998-6a6a1e420c36 req-005daaf3-26a8-4295-9998-6a6a1e420c36 ] Request (ServerActionsTestJSON:setUpClass): 200 GET http://10.180.1.21/compute/v2.1/servers/09356081-f58b-4a4e-b794-ca91c9dd66d5 0.505s
2025-04-26 01:38:21.359 70107 WARNING tempest.lib.common.ssh [-] Failed to establish authenticated ssh connection to cirros@10.180.180.249 ([Errno None] Unable to connect to port 22 on 10.180.180.249). Number attempts: 3. Retry after 4 seconds.: paramiko.ssh_exception.NoValidConnectionsError: [Errno None] Unable to connect to port 22 on 10.180.180.249
2025-04-26 01:38:21.388 70127 INFO tempest.lib.common.rest_client [req-db2c45c5-bf56-4691-9f68-000f999d697f req-db2c45c5-bf56-4691-9f68-000f999d697f ] Request (VolumesAdminNegativeTest:setUpClass): 201 POST http://10.180.1.21/identity/v3/auth/tokens 0.101s
2025-04-26 01:38:21.401 70161 INFO tempest.lib.common.rest_client [req-3ff04ff2-8f3a-461e-8c66-e7ffe8a2aed1 req-3ff04ff2-8f3a-461e-8c66-e7ffe8a2aed1 ] Request (ServersTestJSON:setUpClass): 200 GET http://10.180.1.21/compute/v2.1/servers/62e679e6-579b-411a-bbed-3bf35d8829a0 0.590s
2025-04-26 01:38:21.406 70137 INFO tempest.lib.common.rest_client [req-0c3c918e-9353-462d-8735-5c1626cfc1eb req-0c3c918e-9353-462d-8735-5c1626cfc1eb ] Request (MigrationsAdminTest:test_list_migrations_in_flavor_resize_situation): 200 GET http://10.180.1.21/compute/v2.1/servers/f6840f44-6cb0-4890-b6e3-8357d10d5fba 0.671s
2025-04-26 01:38:21.455 70127 INFO tempest.lib.common.rest_client [req-15a0dc58-656e-4e28-aa14-8192a5da539c req-15a0dc58-656e-4e28-aa14-8192a5da539c ] Request (VolumesAdminNegativeTest:setUpClass): 201 POST http://10.180.1.21/identity/v3/auth/tokens 0.064s
2025-04-26 01:38:21.490 70127 INFO tempest.lib.common.rest_client [req-9788ea9b-5572-443d-beea-7bee34601c5a req-9788ea9b-5572-443d-beea-7bee34601c5a ] Request (VolumesAdminNegativeTest:setUpClass): 200 GET http://10.180.1.21/identity/v3/domains?name=Default 0.034s
2025-04-26 01:38:21.496 70113 INFO tempest.lib.common.rest_client [req-2937edae-739e-494d-9246-61cc8c290e6c req-2937edae-739e-494d-9246-61cc8c290e6c ] Request (ServersAdmin275Test:test_rebuild_update_server_275): 200 GET http://10.180.1.21/compute/v2.1/servers/1d637c07-261f-4bac-b2a7-31da1cc9d1e4 0.602s
2025-04-26 01:38:21.529 70127 INFO tempest.lib.common.rest_client [req-e241b409-2772-4d4e-989d-e08859443c6f req-e241b409-2772-4d4e-989d-e08859443c6f ] Request (VolumesAdminNegativeTest:setUpClass): 201 POST http://10.180.1.21/identity/v3/projects 0.038s
2025-04-26 01:38:21.538 70133 INFO tempest.lib.common.rest_client [req-8650be80-5da9-449c-bbf9-b86dd80f61d6 req-8650be80-5da9-449c-bbf9-b86dd80f61d6 ] Request (ListImageFiltersTestJSON:setUpClass): 200 GET http://10.180.1.21/compute/v2.1/servers/b6644a4c-b212-4aee-9621-343c5ece84e0 0.595s
2025-04-26 01:38:21.553 70143 INFO tempest.lib.common.rest_client [req-4da9945c-20da-49b2-a2c2-9ddf2022c184 req-4da9945c-20da-49b2-a2c2-9ddf2022c184 ] Request (ListServerFiltersTestJSON:test_list_servers_filter_by_zero_limit): 200 GET http://10.180.1.21/compute/v2.1/servers?limit=0 0.474s
2025-04-26 01:38:21.578 70149 INFO tempest.lib.common.rest_client [req-bc00da18-04b6-4cec-87c3-20a4a49dfcb6 req-bc00da18-04b6-4cec-87c3-20a4a49dfcb6 ] Request (ServersTestJSON:test_create_server_specify_multibyte_character_name): 200 GET http://10.180.1.21/compute/v2.1/servers/0c05d8e0-b9df-41c3-89eb-4b0ac6f9fdf5 0.526s
2025-04-26 01:38:21.600 70127 INFO tempest.lib.common.rest_client [req-5155e7b6-9516-4c6f-83f9-9b654f504434 req-5155e7b6-9516-4c6f-83f9-9b654f504434 ] Request (VolumesAdminNegativeTest:setUpClass): 201 POST http://10.180.1.21/identity/v3/users 0.070s
2025-04-26 01:38:21.613 70141 INFO tempest.lib.common.rest_client [req-a184ceed-558e-4d2d-8a6a-f33c52e44ab8 req-a184ceed-558e-4d2d-8a6a-f33c52e44ab8 ] Request (ServersAdminTestJSON:test_create_server_with_scheduling_hint): 200 GET http://10.180.1.21/compute/v2.1/servers/2c17c19e-ea4e-4654-95f0-8daaf19907f4 0.517s
2025-04-26 01:38:21.632 70127 INFO tempest.lib.common.rest_client [req-0b7ae4db-3b29-4a46-947f-5b8c0691e421 req-0b7ae4db-3b29-4a46-947f-5b8c0691e421 ] Request (VolumesAdminNegativeTest:setUpClass): 200 GET http://10.180.1.21/identity/v3/roles 0.032s
2025-04-26 01:38:21.634 70163 INFO tempest.lib.common.rest_client [req-fd2deea4-fcd1-46c4-9b0a-e8bacbd67343 req-fd2deea4-fcd1-46c4-9b0a-e8bacbd67343 ] Request (AttachInterfacesV270Test:tearDownClass): 404 GET http://10.180.1.21/compute/v2.1/servers/92e9cf6d-d940-4980-bbf4-13e63ee0d3b2 0.399s
2025-04-26 01:38:21.650 70121 INFO tempest.lib.common.rest_client [req-708bc5cf-0544-4067-be04-8f73e718a317 req-708bc5cf-0544-4067-be04-8f73e718a317 ] Request (ServersV294TestFqdnHostnames:setUpClass): 200 GET http://10.180.1.21/compute/v2.1/servers/9488a636-552a-4019-85bb-98281df807a6 0.485s
2025-04-26 01:38:21.666 70127 INFO tempest.lib.common.rest_client [req-0c1a0c41-3a12-436c-bb39-1dd5dafdd84c req-0c1a0c41-3a12-436c-bb39-1dd5dafdd84c ] Request (VolumesAdminNegativeTest:setUpClass): 204 PUT http://10.180.1.21/identity/v3/projects/22a15a5059a14984a580478491250a2a/users/799d2b184a7e4d5f8cc8b9f480feefe2/roles/49f76a1e090548ae8eac741065ea54b8 0.033s
2025-04-26 01:38:21.666 70127 INFO tempest.lib.common.dynamic_creds [-] Dynamic test user 799d2b184a7e4d5f8cc8b9f480feefe2 is created with scope project and roles: ['member']
2025-04-26 01:38:21.666 70127 INFO tempest.lib.common.dynamic_creds [-] Acquired dynamic creds: credentials: Credentials: {'domain_id': 'default', 'domain_name': 'Default', 'username': 'tempest-VolumesAdminNegativeTest-1280332786-project-member', 'project_domain_id': 'default', 'project_domain_name': 'Default', 'project_id': '22a15a5059a14984a580478491250a2a', 'project_name': 'tempest-VolumesAdminNegativeTest-1280332786', 'tenant_id': '22a15a5059a14984a580478491250a2a', 'tenant_name': 'tempest-VolumesAdminNegativeTest-1280332786', 'user_domain_id': 'default', 'user_domain_name': 'Default', 'user_id': '799d2b184a7e4d5f8cc8b9f480feefe2', 'system': None}, Network: None, Subnet: None, Router: None
2025-04-26 01:38:21.735 70127 INFO tempest.lib.common.rest_client [req-7fde79fc-61c4-4578-9876-c42041d9cc3e req-7fde79fc-61c4-4578-9876-c42041d9cc3e ] Request (VolumesAdminNegativeTest:setUpClass): 201 POST http://10.180.1.21/identity/v3/auth/tokens 0.069s
2025-04-26 01:38:21.740 70145 INFO tempest.lib.common.rest_client [req-80e941c0-7b37-47cd-af19-280631f16fd5 req-80e941c0-7b37-47cd-af19-280631f16fd5 ] Request (ServersTestFqdnHostnames:test_create_server_with_fqdn_name): 200 GET http://10.180.1.21/compute/v2.1/servers/b4e74b8a-cc84-47b6-9093-cbd2b2e59740 0.408s
2025-04-26 01:38:21.767 70131 INFO tempest.lib.common.rest_client [req-828eb143-8f31-4c29-938a-b5a134511f06 req-828eb143-8f31-4c29-938a-b5a134511f06 ] Request (ServerDiagnosticsV248Test:test_get_server_diagnostics): 200 GET http://10.180.1.21/compute/v2.1/servers/29578513-5d13-4e49-9d34-12f0cf3c8e01 0.338s
2025-04-26 01:38:21.842 70103 INFO tempest.lib.common.rest_client [req-ed03557e-ea6e-43e9-9eda-d04c4fbe74cd req-ed03557e-ea6e-43e9-9eda-d04c4fbe74cd ] Request (DeleteServersAdminTestJSON:test_delete_server_while_in_error_state): 200 GET http://10.180.1.21/compute/v2.1/servers/a6536297-e66b-438c-95c2-8050cfa89684 0.296s
2025-04-26 01:38:21.931 70143 INFO tempest.lib.common.rest_client [req-1065355f-7e7a-4863-8955-d61a827bd68e req-1065355f-7e7a-4863-8955-d61a827bd68e ] Request (ListServerFiltersTestJSON:test_list_servers_filtered_by_ip): 200 GET http://10.180.1.21/compute/v2.1/servers/0d5aaa90-407e-4962-8b22-c0d71d4edce6 0.374s
2025-04-26 01:38:21.946 70117 INFO tempest.lib.common.rest_client [req-08556e0f-29ef-42cd-bd58-6cd49a99eba4 req-08556e0f-29ef-42cd-bd58-6cd49a99eba4 ] Request (ServerDiagnosticsNegativeTest:tearDownClass): 200 GET http://10.180.1.21/compute/v2.1/servers/3392f89e-b4f5-4a1d-bfde-81386244da0e 0.311s
2025-04-26 01:38:22.010 70159 INFO tempest.lib.common.rest_client [req-b6eb5383-5a33-41f5-a37c-d4ef033eddf0 req-b6eb5383-5a33-41f5-a37c-d4ef033eddf0 ] Request (ServersAdminNegativeTestJSON:setUpClass): 200 GET http://10.180.1.21/compute/v2.1/servers/aba3f593-3ed0-4505-aedc-d5dc230aa8a6 0.295s
2025-04-26 01:38:22.036 70111 INFO tempest.lib.common.rest_client [req-4c5765ee-adf5-4f01-984b-0a73d6997195 req-4c5765ee-adf5-4f01-984b-0a73d6997195 ] Request (MultipleCreateTestJSON:test_multiple_create): 200 GET http://10.180.1.21/compute/v2.1/servers/7e3c80bd-c77c-44d1-b9d0-5b9ab45d050f 0.295s
2025-04-26 01:38:22.095 70157 INFO tempest.lib.common.rest_client [req-2ecccdef-47c7-41e6-a14d-24596f02dc02 req-2ecccdef-47c7-41e6-a14d-24596f02dc02 ] Request (ServersTestMultiNic:test_verify_duplicate_network_nics): 200 GET http://10.180.1.21/compute/v2.1/servers/4832e4ba-81a4-4ca1-a06d-b77eb7f8e33f 0.277s
2025-04-26 01:38:22.096 70147 INFO tempest.lib.common.rest_client [req-717f594d-dee6-4009-9d65-0031d38ee1b7 req-717f594d-dee6-4009-9d65-0031d38ee1b7 ] Request (ServerActionsTestOtherA:setUpClass): 200 GET http://10.180.1.21/compute/v2.1/servers/eb175817-6559-4954-9979-6125c80f623a 0.296s
2025-04-26 01:38:22.138 70153 INFO tempest.lib.common.rest_client [req-0345d64b-9b2e-4173-8969-0c7a3f1966d3 req-0345d64b-9b2e-4173-8969-0c7a3f1966d3 ] Request (ImagesTestJSON:test_create_image_from_stopped_server): 200 GET http://10.180.1.21/compute/v2.1/images/5f15128a-57a0-4699-9949-b5003d2d59e6 0.275s
2025-04-26 01:38:22.160 70135 INFO tempest.lib.common.rest_client [req-f0e1c56d-8d65-41c7-9034-30ea53dc875e req-f0e1c56d-8d65-41c7-9034-30ea53dc875e ] Request (ServerMetadataTestJSON:setUpClass): 200 GET http://10.180.1.21/compute/v2.1/servers/95df77e7-8eb8-4d41-a9b9-6267a761c824 0.291s
2025-04-26 01:38:22.162 70119 INFO tempest.lib.common.rest_client [req-4dd458c9-d39b-4e79-87d7-5921415c0aaf req-4dd458c9-d39b-4e79-87d7-5921415c0aaf ] Request (FloatingIPsAssociationTestJSON:setUpClass): 200 PUT http://10.180.1.21:9696/networking/v2.0/routers/1f21cd5a-1464-4803-9390-6b19e9a53453/add_router_interface 2.013s
2025-04-26 01:38:22.163 70119 INFO tempest.lib.common.dynamic_creds [-] Created isolated network resources for: credentials: Credentials: {'domain_id': 'default', 'domain_name': 'Default', 'username': 'tempest-FloatingIPsAssociationTestJSON-955441248-project-member', 'project_domain_id': 'default', 'project_domain_name': 'Default', 'project_id': '4449a7b353d84776b499b5186f4ac6a5', 'project_name': 'tempest-FloatingIPsAssociationTestJSON-955441248', 'tenant_id': '4449a7b353d84776b499b5186f4ac6a5', 'tenant_name': 'tempest-FloatingIPsAssociationTestJSON-955441248', 'user_domain_id': 'default', 'user_domain_name': 'Default', 'user_id': 'f0e355732efd427db71fe954e32a1bb8', 'system': None}, Network: {'id': '283b99e8-25cd-4eb6-b838-021836c63a69', 'name': 'tempest-FloatingIPsAssociationTestJSON-1746724116-network', 'tenant_id': '4449a7b353d84776b499b5186f4ac6a5', 'admin_state_up': True, 'mtu': 8950, 'status': 'ACTIVE', 'subnets': [], 'shared': False, 'project_id': '4449a7b353d84776b499b5186f4ac6a5', 'port_security_enabled': True, 'router:external': False, 'provider:network_type': 'vlan', 'provider:physical_network': 'default', 'provider:segmentation_id': 474, 'availability_zone_hints': [], 'availability_zones': [], 'ipv4_address_scope': None, 'ipv6_address_scope': None, 'description': '', 'tags': [], 'created_at': '2025-04-26T01:38:17Z', 'updated_at': '2025-04-26T01:38:17Z', 'revision_number': 1}, Subnet: {'id': 'd0a17b06-2f75-4f74-bb24-a8188b8b9b8f', 'name': 'tempest-FloatingIPsAssociationTestJSON-1746724116-subnet', 'tenant_id': '4449a7b353d84776b499b5186f4ac6a5', 'network_id': '283b99e8-25cd-4eb6-b838-021836c63a69', 'ip_version': 4, 'subnetpool_id': None, 'enable_dhcp': True, 'ipv6_ra_mode': None, 'ipv6_address_mode': None, 'gateway_ip': '192.168.128.1', 'cidr': '192.168.128.0/28', 'allocation_pools': [{'start': '192.168.128.2', 'end': '192.168.128.14'}], 'host_routes': [], 'dns_nameservers': [], 'description': '', 'router:external': False, 'service_types': [], 'tags': [], 'created_at': '2025-04-26T01:38:18Z', 'updated_at': '2025-04-26T01:38:18Z', 'revision_number': 0, 'project_id': '4449a7b353d84776b499b5186f4ac6a5'}, Router: {'id': '1f21cd5a-1464-4803-9390-6b19e9a53453', 'name': 'tempest-FloatingIPsAssociationTestJSON-1746724116-router', 'tenant_id': '4449a7b353d84776b499b5186f4ac6a5', 'admin_state_up': True, 'status': 'ACTIVE', 'external_gateway_info': {'network_id': '1747e262-0db9-4752-83d1-b32806d4b89e', 'external_fixed_ips': [{'subnet_id': 'ef442d94-c18b-438e-878e-c084a471e322', 'ip_address': '10.180.180.135'}], 'enable_snat': True}, 'description': '', 'availability_zones': [], 'distributed': False, 'ha': False, 'availability_zone_hints': [], 'routes': [], 'flavor_id': None, 'tags': [], 'created_at': '2025-04-26T01:38:18Z', 'updated_at': '2025-04-26T01:38:19Z', 'revision_number': 2, 'project_id': '4449a7b353d84776b499b5186f4ac6a5'}
2025-04-26 01:38:22.248 70155 INFO tempest.lib.common.rest_client [req-f40769a0-6ba0-4ba3-8df3-40d42d4f5e17 req-f40769a0-6ba0-4ba3-8df3-40d42d4f5e17 ] Request (ServerDiagnosticsTest:tearDownClass): 200 GET http://10.180.1.21/compute/v2.1/servers/3389c5e6-23b8-457f-9a79-47acd61a69ce 0.301s
2025-04-26 01:38:22.259 70125 INFO tempest.lib.common.rest_client [req-b3e3efdd-f23a-48d1-87b6-859644015b06 req-b3e3efdd-f23a-48d1-87b6-859644015b06 ] Request (ServersTestBootFromVolume:setUpClass): 200 GET http://10.180.1.21/volume/v3/volumes/d7e63b8c-548e-4b69-8230-b37b99efeb96 0.035s
2025-04-26 01:38:22.274 70119 INFO tempest.lib.common.rest_client [req-75f2ae79-2329-4708-9484-edaa92a7472b req-75f2ae79-2329-4708-9484-edaa92a7472b ] Request (FloatingIPsAssociationTestJSON:setUpClass): 201 POST http://10.180.1.21/identity/v3/auth/tokens 0.106s
2025-04-26 01:38:22.300 70127 INFO tempest.lib.common.rest_client [req-8a4c1ac5-82ce-47f0-9a12-397493c5326b req-8a4c1ac5-82ce-47f0-9a12-397493c5326b ] Request (VolumesAdminNegativeTest:setUpClass): 201 POST http://10.180.1.21:9696/networking/v2.0/networks 0.565s
2025-04-26 01:38:22.312 70119 INFO tempest.lib.common.rest_client [req-37947049-afb6-4741-925f-b01edfd17ca3 req-37947049-afb6-4741-925f-b01edfd17ca3 ] Request (FloatingIPsAssociationTestJSON:setUpClass): 201 POST http://10.180.1.21/identity/v3/auth/tokens 0.035s
2025-04-26 01:38:22.313 70119 INFO tempest.lib.common.fixed_network [-] (FloatingIPsAssociationTestJSON:setUpClass) Found network {'id': '283b99e8-25cd-4eb6-b838-021836c63a69', 'name': 'tempest-FloatingIPsAssociationTestJSON-1746724116-network', 'tenant_id': '4449a7b353d84776b499b5186f4ac6a5', 'admin_state_up': True, 'mtu': 8950, 'status': 'ACTIVE', 'subnets': [], 'shared': False, 'project_id': '4449a7b353d84776b499b5186f4ac6a5', 'port_security_enabled': True, 'router:external': False, 'provider:network_type': 'vlan', 'provider:physical_network': 'default', 'provider:segmentation_id': 474, 'availability_zone_hints': [], 'availability_zones': [], 'ipv4_address_scope': None, 'ipv6_address_scope': None, 'description': '', 'tags': [], 'created_at': '2025-04-26T01:38:17Z', 'updated_at': '2025-04-26T01:38:17Z', 'revision_number': 1} available for tenant
2025-04-26 01:38:22.321 70139 INFO tempest.lib.common.rest_client [req-b35de91e-804b-4eda-9545-92f7f144dd95 req-b35de91e-804b-4eda-9545-92f7f144dd95 ] Request (InstanceActionsV221TestJSON:test_get_list_deleted_instance_actions): 200 GET http://10.180.1.21/compute/v2.1/servers/cc0af723-ef88-4d6f-b59a-63770c6b08f7 0.371s
2025-04-26 01:38:22.394 70151 INFO tempest.lib.common.rest_client [req-2f13e27a-20f0-4b63-9484-74fb0067c91e req-2f13e27a-20f0-4b63-9484-74fb0067c91e ] Request (FloatingIPsAssociationNegativeTestJSON:setUpClass): 200 GET http://10.180.1.21/compute/v2.1/servers/22842910-a375-46d2-8961-ae303c680a70 0.378s
2025-04-26 01:38:22.408 70143 INFO tempest.lib.common.rest_client [req-1bc14698-5d0f-482b-b556-99a3c8902e17 req-1bc14698-5d0f-482b-b556-99a3c8902e17 ] Request (ListServerFiltersTestJSON:test_list_servers_filtered_by_ip): 200 GET http://10.180.1.21/compute/v2.1/servers/bc3543d3-facd-494b-9838-a0cd02467ec8 0.457s
2025-04-26 01:38:22.467 70115 INFO tempest.lib.common.rest_client [req-8b789d3e-9a52-485a-9df3-4ea8bbf358bf req-8b789d3e-9a52-485a-9df3-4ea8bbf358bf ] Request (ImagesNegativeTestJSON:test_create_image_from_deleted_server): 200 GET http://10.180.1.21/compute/v2.1/servers/cb792760-6b35-4299-9fca-6412fa62312c 0.367s
2025-04-26 01:38:22.471 70165 INFO tempest.lib.common.rest_client [req-a5282a3b-ba55-4b3e-8d6b-a320554fc290 req-a5282a3b-ba55-4b3e-8d6b-a320554fc290 ] Request (ServerRescueNegativeTestJSON:setUpClass): 200 GET http://10.180.1.21/compute/v2.1/servers/28ecb8dd-843f-436d-b7f3-3aa209ff7a20 0.317s
2025-04-26 01:38:22.535 70123 INFO tempest.lib.common.rest_client [req-46f14775-1f1e-412e-be38-5d135d7e77dc req-46f14775-1f1e-412e-be38-5d135d7e77dc ] Request (ServerActionsTestJSON:setUpClass): 200 GET http://10.180.1.21/compute/v2.1/servers/09356081-f58b-4a4e-b794-ca91c9dd66d5 0.231s
2025-04-26 01:38:22.539 70105 INFO tempest.lib.common.rest_client [req-63b2fe91-8e96-4e78-af44-1a2b3efa2457 req-63b2fe91-8e96-4e78-af44-1a2b3efa2457 ] Request (InstanceActionsTestJSON:setUpClass): 200 GET http://10.180.1.21/compute/v2.1/servers/a3f4dadf-a9bc-4155-82b7-fb0c24656663 0.355s
2025-04-26 01:38:22.611 70161 INFO tempest.lib.common.rest_client [req-3595c1e2-ceb7-4dc8-b3ba-d8b85f6e6dca req-3595c1e2-ceb7-4dc8-b3ba-d8b85f6e6dca ] Request (ServersTestJSON:setUpClass): 200 GET http://10.180.1.21/compute/v2.1/servers/62e679e6-579b-411a-bbed-3bf35d8829a0 0.197s
2025-04-26 01:38:22.653 70127 INFO tempest.lib.common.rest_client [req-0b8bd53e-6fb8-4d0c-87de-4a47de6e00d2 req-0b8bd53e-6fb8-4d0c-87de-4a47de6e00d2 ] Request (VolumesAdminNegativeTest:setUpClass): 201 POST http://10.180.1.21:9696/networking/v2.0/subnets 0.352s
2025-04-26 01:38:22.758 70143 INFO tempest.lib.common.rest_client [req-8bc3e2b0-4d62-4d2e-991b-6c39b7d8d84e req-8bc3e2b0-4d62-4d2e-991b-6c39b7d8d84e ] Request (ListServerFiltersTestJSON:test_list_servers_filtered_by_ip): 200 GET http://10.180.1.21/compute/v2.1/servers/a2cf6ae0-bdf8-4039-81eb-f1c8e4f3a80b 0.342s
2025-04-26 01:38:22.794 70163 INFO tempest.lib.common.rest_client [req-d5a67997-d195-4b3f-b5a0-e9995cda42bf req-d5a67997-d195-4b3f-b5a0-e9995cda42bf ] Request (AttachInterfacesV270Test:tearDownClass): 200 PUT http://10.180.1.21:9696/networking/v2.0/routers/3e424c1e-25ba-40b6-bcce-9cbce676c356/remove_router_interface 1.159s
2025-04-26 01:38:22.903 70137 INFO tempest.lib.common.rest_client [req-6e7736fa-c2a6-464a-8a6e-017f171ae028 req-6e7736fa-c2a6-464a-8a6e-017f171ae028 ] Request (MigrationsAdminTest:test_list_migrations_in_flavor_resize_situation): 200 GET http://10.180.1.21/compute/v2.1/servers/f6840f44-6cb0-4890-b6e3-8357d10d5fba 0.481s
2025-04-26 01:38:22.917 70137 INFO tempest.common.waiters [-] State transition "RESIZE/resize_finish" ==> "VERIFY_RESIZE/None" after 34 second wait
2025-04-26 01:38:22.971 70113 INFO tempest.lib.common.rest_client [req-15b6672f-fe66-4636-bf61-e3eb8dc0ad2a req-15b6672f-fe66-4636-bf61-e3eb8dc0ad2a ] Request (ServersAdmin275Test:test_rebuild_update_server_275): 200 GET http://10.180.1.21/compute/v2.1/servers/1d637c07-261f-4bac-b2a7-31da1cc9d1e4 0.461s
2025-04-26 01:38:23.104 70133 INFO tempest.lib.common.rest_client [req-5671b354-52cf-4854-b687-698e407711ab req-5671b354-52cf-4854-b687-698e407711ab ] Request (ListImageFiltersTestJSON:setUpClass): 200 GET http://10.180.1.21/compute/v2.1/servers/b6644a4c-b212-4aee-9621-343c5ece84e0 0.555s
2025-04-26 01:38:23.115 70119 INFO tempest.lib.common.rest_client [req-4c07a940-27bd-4c8b-92d3-7a0d754665c7 req-4c07a940-27bd-4c8b-92d3-7a0d754665c7 ] Request (FloatingIPsAssociationTestJSON:setUpClass): 202 POST http://10.180.1.21/compute/v2.1/servers 0.801s
2025-04-26 01:38:23.177 70149 INFO tempest.lib.common.rest_client [req-c7b3a56c-874a-41db-9348-11b386275bef req-c7b3a56c-874a-41db-9348-11b386275bef ] Request (ServersTestJSON:test_create_server_specify_multibyte_character_name): 200 GET http://10.180.1.21/compute/v2.1/servers/0c05d8e0-b9df-41c3-89eb-4b0ac6f9fdf5 0.585s
2025-04-26 01:38:23.177 70141 INFO tempest.lib.common.rest_client [req-854ac84e-2fb5-4357-97c8-df5d40698b14 req-854ac84e-2fb5-4357-97c8-df5d40698b14 ] Request (ServersAdminTestJSON:test_create_server_with_scheduling_hint): 200 GET http://10.180.1.21/compute/v2.1/servers/2c17c19e-ea4e-4654-95f0-8daaf19907f4 0.554s
2025-04-26 01:38:23.244 70145 INFO tempest.lib.common.rest_client [req-6941fb96-646d-403f-99a3-e607c7912359 req-6941fb96-646d-403f-99a3-e607c7912359 ] Request (ServersTestFqdnHostnames:test_create_server_with_fqdn_name): 200 GET http://10.180.1.21/compute/v2.1/servers/b4e74b8a-cc84-47b6-9093-cbd2b2e59740 0.485s
2025-04-26 01:38:23.256 70121 INFO tempest.lib.common.rest_client [req-4df44e66-1ac0-4645-8f0f-52a6cd988b45 req-4df44e66-1ac0-4645-8f0f-52a6cd988b45 ] Request (ServersV294TestFqdnHostnames:setUpClass): 200 GET http://10.180.1.21/compute/v2.1/servers/9488a636-552a-4019-85bb-98281df807a6 0.584s
2025-04-26 01:38:23.310 70125 INFO tempest.lib.common.rest_client [req-0ebb8a2f-df81-4b4d-83f3-5ef8366f0534 req-0ebb8a2f-df81-4b4d-83f3-5ef8366f0534 ] Request (ServersTestBootFromVolume:setUpClass): 200 GET http://10.180.1.21/volume/v3/volumes/d7e63b8c-548e-4b69-8230-b37b99efeb96 0.042s
2025-04-26 01:38:23.334 70163 INFO tempest.lib.common.rest_client [req-acab485d-7e9d-4666-b2ce-9db3aa5f7ce9 req-acab485d-7e9d-4666-b2ce-9db3aa5f7ce9 ] Request (AttachInterfacesV270Test:tearDownClass): 204 DELETE http://10.180.1.21:9696/networking/v2.0/routers/3e424c1e-25ba-40b6-bcce-9cbce676c356 0.540s
2025-04-26 01:38:23.337 70131 INFO tempest.lib.common.rest_client [req-a850e6e2-13da-41c3-bd5c-ff995c212ca6 req-a850e6e2-13da-41c3-bd5c-ff995c212ca6 ] Request (ServerDiagnosticsV248Test:test_get_server_diagnostics): 200 GET http://10.180.1.21/compute/v2.1/servers/29578513-5d13-4e49-9d34-12f0cf3c8e01 0.553s
2025-04-26 01:38:23.409 70103 INFO tempest.lib.common.rest_client [req-dd3cfa94-be9e-44bc-a047-cbf19cf167d1 req-dd3cfa94-be9e-44bc-a047-cbf19cf167d1 ] Request (DeleteServersAdminTestJSON:test_delete_server_while_in_error_state): 200 GET http://10.180.1.21/compute/v2.1/servers/a6536297-e66b-438c-95c2-8050cfa89684 0.556s
2025-04-26 01:38:23.473 70143 INFO tempest.lib.common.rest_client [req-b6d0ca83-02c2-474f-bd7b-8663e770d206 req-b6d0ca83-02c2-474f-bd7b-8663e770d206 ] Request (ListServerFiltersTestJSON:test_list_servers_filtered_by_ip): 200 GET http://10.180.1.21/compute/v2.1/servers?ip=192.168.128.14 0.706s
2025-04-26 01:38:23.492 70163 INFO tempest.lib.common.rest_client [req-505f269f-61ea-42d6-b44e-e3320bfaa209 req-505f269f-61ea-42d6-b44e-e3320bfaa209 ] Request (AttachInterfacesV270Test:tearDownClass): 204 DELETE http://10.180.1.21:9696/networking/v2.0/subnets/ff8805b5-cf8e-41e8-b64d-840189577d44 0.157s
2025-04-26 01:38:23.498 70137 INFO tempest.lib.common.rest_client [req-20e736d0-9687-4486-8603-93fb4950e9f1 req-20e736d0-9687-4486-8603-93fb4950e9f1 ] Request (MigrationsAdminTest:test_list_migrations_in_flavor_resize_situation): 204 POST http://10.180.1.21/compute/v2.1/servers/f6840f44-6cb0-4890-b6e3-8357d10d5fba/action 0.581s
2025-04-26 01:38:23.569 70159 INFO tempest.lib.common.rest_client [req-d717b9ed-fd17-4b98-bb1d-b2c97b9f25a1 req-d717b9ed-fd17-4b98-bb1d-b2c97b9f25a1 ] Request (ServersAdminNegativeTestJSON:setUpClass): 200 GET http://10.180.1.21/compute/v2.1/servers/aba3f593-3ed0-4505-aedc-d5dc230aa8a6 0.550s
2025-04-26 01:38:23.582 70117 INFO tempest.lib.common.rest_client [req-11b5d134-8336-4f84-80d3-bb21d3b7e916 req-11b5d134-8336-4f84-80d3-bb21d3b7e916 ] Request (ServerDiagnosticsNegativeTest:tearDownClass): 200 GET http://10.180.1.21/compute/v2.1/servers/3392f89e-b4f5-4a1d-bfde-81386244da0e 0.620s
2025-04-26 01:38:23.607 70127 INFO tempest.lib.common.rest_client [req-ce482dc3-8dd0-49b0-a966-a60d34ad3605 req-ce482dc3-8dd0-49b0-a966-a60d34ad3605 ] Request (VolumesAdminNegativeTest:setUpClass): 201 POST http://10.180.1.21:9696/networking/v2.0/routers 0.954s
2025-04-26 01:38:23.646 70111 INFO tempest.lib.common.rest_client [req-68994053-bd77-485f-9b7b-545f5b8414b2 req-68994053-bd77-485f-9b7b-545f5b8414b2 ] Request (MultipleCreateTestJSON:test_multiple_create): 200 GET http://10.180.1.21/compute/v2.1/servers/7e3c80bd-c77c-44d1-b9d0-5b9ab45d050f 0.600s
2025-04-26 01:38:23.707 70157 INFO tempest.lib.common.rest_client [req-2e93209e-7e31-4b86-90db-8c66884470c0 req-2e93209e-7e31-4b86-90db-8c66884470c0 ] Request (ServersTestMultiNic:test_verify_duplicate_network_nics): 200 GET http://10.180.1.21/compute/v2.1/servers/4832e4ba-81a4-4ca1-a06d-b77eb7f8e33f 0.604s
2025-04-26 01:38:23.722 70147 INFO tempest.lib.common.rest_client [req-f6f33c62-1aa9-4f1b-aed7-844a8ee46e73 req-f6f33c62-1aa9-4f1b-aed7-844a8ee46e73 ] Request (ServerActionsTestOtherA:setUpClass): 200 GET http://10.180.1.21/compute/v2.1/servers/eb175817-6559-4954-9979-6125c80f623a 0.613s
2025-04-26 01:38:23.734 70109 WARNING tempest.lib.common.ssh [-] Failed to establish authenticated ssh connection to cirros@10.180.180.204 ([Errno None] Unable to connect to port 22 on 10.180.180.204). Number attempts: 1. Retry after 2 seconds.: paramiko.ssh_exception.NoValidConnectionsError: [Errno None] Unable to connect to port 22 on 10.180.180.204
2025-04-26 01:38:23.763 70153 INFO tempest.lib.common.rest_client [req-e5e330ac-607b-4d53-8cee-731fdc381197 req-e5e330ac-607b-4d53-8cee-731fdc381197 ] Request (ImagesTestJSON:test_create_image_from_stopped_server): 200 GET http://10.180.1.21/compute/v2.1/images/5f15128a-57a0-4699-9949-b5003d2d59e6 0.620s
2025-04-26 01:38:23.769 70119 INFO tempest.lib.common.rest_client [req-14d745be-09b6-498a-9a9a-60c68b6b1e90 req-14d745be-09b6-498a-9a9a-60c68b6b1e90 ] Request (FloatingIPsAssociationTestJSON:setUpClass): 200 GET http://10.180.1.21/compute/v2.1/servers/5abe83e9-9bd7-4642-b3c1-c89bd4e150cd 0.653s
2025-04-26 01:38:23.836 70135 INFO tempest.lib.common.rest_client [req-7d9be6ca-4a2f-4407-b53a-db9520bd151e req-7d9be6ca-4a2f-4407-b53a-db9520bd151e ] Request (ServerMetadataTestJSON:setUpClass): 200 GET http://10.180.1.21/compute/v2.1/servers/95df77e7-8eb8-4d41-a9b9-6267a761c824 0.667s
2025-04-26 01:38:23.837 70163 INFO tempest.lib.common.rest_client [req-7b8ead5a-2262-4a5f-80ba-a3412275e1d9 req-7b8ead5a-2262-4a5f-80ba-a3412275e1d9 ] Request (AttachInterfacesV270Test:tearDownClass): 204 DELETE http://10.180.1.21:9696/networking/v2.0/networks/4b87160b-a58d-4838-9e91-17b78eda6a23 0.345s
2025-04-26 01:38:23.856 70155 INFO tempest.lib.common.rest_client [req-3ac4ba09-95e1-4a65-a2d1-a9a189cd3f8a req-3ac4ba09-95e1-4a65-a2d1-a9a189cd3f8a ] Request (ServerDiagnosticsTest:tearDownClass): 200 GET http://10.180.1.21/compute/v2.1/servers/3389c5e6-23b8-457f-9a79-47acd61a69ce 0.598s
2025-04-26 01:38:23.892 70139 INFO tempest.lib.common.rest_client [req-ca3c5df9-b8bd-4a86-919b-99d4a3478f59 req-ca3c5df9-b8bd-4a86-919b-99d4a3478f59 ] Request (InstanceActionsV221TestJSON:test_get_list_deleted_instance_actions): 200 GET http://10.180.1.21/compute/v2.1/servers/cc0af723-ef88-4d6f-b59a-63770c6b08f7 0.560s
2025-04-26 01:38:23.929 70151 INFO tempest.lib.common.rest_client [req-a483db71-d51a-4be5-bc33-c00abb769445 req-a483db71-d51a-4be5-bc33-c00abb769445 ] Request (FloatingIPsAssociationNegativeTestJSON:setUpClass): 200 GET http://10.180.1.21/compute/v2.1/servers/22842910-a375-46d2-8961-ae303c680a70 0.527s
2025-04-26 01:38:23.983 70163 INFO tempest.lib.common.rest_client [req-321ba9e2-eba5-490f-b205-42f76a7b6def req-321ba9e2-eba5-490f-b205-42f76a7b6def ] Request (AttachInterfacesV270Test:tearDownClass): 204 DELETE http://10.180.1.21/identity/v3/users/9fa96ccf0fa349e3bd03c2e7dde94043 0.145s
2025-04-26 01:38:23.983 70163 INFO tempest.lib.common.dynamic_creds [-] Deleting project and security group for project: adfc93304e634a1aad62c4165acc38fb
2025-04-26 01:38:23.994 70115 INFO tempest.lib.common.rest_client [req-500ea79c-70b5-452e-91df-bf85214d8b1f req-500ea79c-70b5-452e-91df-bf85214d8b1f ] Request (ImagesNegativeTestJSON:test_create_image_from_deleted_server): 200 GET http://10.180.1.21/compute/v2.1/servers/cb792760-6b35-4299-9fca-6412fa62312c 0.518s
2025-04-26 01:38:24.043 70163 INFO tempest.lib.common.rest_client [req-4f103945-98f3-42c7-9cb9-9e3805d0a781 req-4f103945-98f3-42c7-9cb9-9e3805d0a781 ] Request (AttachInterfacesV270Test:tearDownClass): 200 GET http://10.180.1.21:9696/networking/v2.0/security-groups?tenant_id=adfc93304e634a1aad62c4165acc38fb&name=default 0.058s
2025-04-26 01:38:24.087 70165 INFO tempest.lib.common.rest_client [req-0e251da3-6ef7-4efb-a812-e86fb0de8778 req-0e251da3-6ef7-4efb-a812-e86fb0de8778 ] Request (ServerRescueNegativeTestJSON:setUpClass): 200 GET http://10.180.1.21/compute/v2.1/servers/28ecb8dd-843f-436d-b7f3-3aa209ff7a20 0.601s
2025-04-26 01:38:24.123 70143 INFO tempest.lib.common.rest_client [req-0b2af832-0df3-462a-bc27-f20da266f7aa req-0b2af832-0df3-462a-bc27-f20da266f7aa ] Request (ListServerFiltersTestJSON:test_list_servers_filtered_by_ip_regex): 200 GET http://10.180.1.21/compute/v2.1/servers/0d5aaa90-407e-4962-8b22-c0d71d4edce6 0.646s
2025-04-26 01:38:24.195 70163 INFO tempest.lib.common.rest_client [req-94bcd39b-c482-4a86-9373-f25d371c8eb3 req-94bcd39b-c482-4a86-9373-f25d371c8eb3 ] Request (AttachInterfacesV270Test:tearDownClass): 204 DELETE http://10.180.1.21:9696/networking/v2.0/security-groups/bd70cffe-95a5-47b4-9c07-a7316a03b88a 0.151s
2025-04-26 01:38:24.234 70123 INFO tempest.lib.common.rest_client [req-e84346e3-a04f-45fc-848c-a9e8ee15c4fa req-e84346e3-a04f-45fc-848c-a9e8ee15c4fa ] Request (ServerActionsTestJSON:setUpClass): 200 GET http://10.180.1.21/compute/v2.1/servers/09356081-f58b-4a4e-b794-ca91c9dd66d5 0.689s
2025-04-26 01:38:24.313 70105 INFO tempest.lib.common.rest_client [req-7efae5df-465c-453d-8563-bb0ef708c008 req-7efae5df-465c-453d-8563-bb0ef708c008 ] Request (InstanceActionsTestJSON:setUpClass): 200 GET http://10.180.1.21/compute/v2.1/servers/a3f4dadf-a9bc-4155-82b7-fb0c24656663 0.762s
2025-04-26 01:38:24.380 70161 INFO tempest.lib.common.rest_client [req-fd931974-7b5d-416a-a0fc-0da903b960ab req-fd931974-7b5d-416a-a0fc-0da903b960ab ] Request (ServersTestJSON:setUpClass): 200 GET http://10.180.1.21/compute/v2.1/servers/62e679e6-579b-411a-bbed-3bf35d8829a0 0.758s
2025-04-26 01:38:24.438 70137 INFO tempest.lib.common.rest_client [req-b3ec97e2-7f33-40d1-949c-85567e12c98b req-b3ec97e2-7f33-40d1-949c-85567e12c98b ] Request (MigrationsAdminTest:test_list_migrations_in_flavor_resize_situation): 200 GET http://10.180.1.21/compute/v2.1/servers/f6840f44-6cb0-4890-b6e3-8357d10d5fba 0.939s
2025-04-26 01:38:24.446 70113 INFO tempest.lib.common.rest_client [req-83276a5c-f54e-44eb-bcfd-99b564550510 req-83276a5c-f54e-44eb-bcfd-99b564550510 ] Request (ServersAdmin275Test:test_rebuild_update_server_275): 200 GET http://10.180.1.21/compute/v2.1/servers/1d637c07-261f-4bac-b2a7-31da1cc9d1e4 0.457s
2025-04-26 01:38:24.465 70163 INFO tempest.lib.common.rest_client [req-df8e9f50-6fff-4c69-8f05-010bcd6ffa4e req-df8e9f50-6fff-4c69-8f05-010bcd6ffa4e ] Request (AttachInterfacesV270Test:tearDownClass): 204 DELETE http://10.180.1.21/identity/v3/projects/adfc93304e634a1aad62c4165acc38fb 0.266s
2025-04-26 01:38:24.508 70125 INFO tempest.lib.common.rest_client [req-f2fb2318-ec11-42a4-b646-aa65d4836146 req-f2fb2318-ec11-42a4-b646-aa65d4836146 ] Request (ServersTestBootFromVolume:setUpClass): 200 GET http://10.180.1.21/volume/v3/volumes/d7e63b8c-548e-4b69-8230-b37b99efeb96 0.191s
2025-04-26 01:38:24.541 70163 INFO tempest.lib.common.rest_client [req-f8eb3af2-e53e-463e-994e-8ee24f29e514 req-f8eb3af2-e53e-463e-994e-8ee24f29e514 ] Request (ServerDiskConfigTestJSON:setUpClass): 201 POST http://10.180.1.21/identity/v3/auth/tokens 0.074s
2025-04-26 01:38:24.547 70133 INFO tempest.lib.common.rest_client [req-e279720b-150f-43ad-9872-7d2f387ae6b0 req-e279720b-150f-43ad-9872-7d2f387ae6b0 ] Request (ListImageFiltersTestJSON:setUpClass): 200 GET http://10.180.1.21/compute/v2.1/servers/b6644a4c-b212-4aee-9621-343c5ece84e0 0.422s
2025-04-26 01:38:24.579 70163 INFO tempest.lib.common.rest_client [req-f2a7357e-938c-4504-b16a-df6c78250713 req-f2a7357e-938c-4504-b16a-df6c78250713 ] Request (ServerDiskConfigTestJSON:setUpClass): 201 POST http://10.180.1.21/identity/v3/auth/tokens 0.034s
2025-04-26 01:38:24.599 70141 INFO tempest.lib.common.rest_client [req-714503f9-d7ff-40cb-9751-6e9a235c4622 req-714503f9-d7ff-40cb-9751-6e9a235c4622 ] Request (ServersAdminTestJSON:test_create_server_with_scheduling_hint): 200 GET http://10.180.1.21/compute/v2.1/servers/2c17c19e-ea4e-4654-95f0-8daaf19907f4 0.411s
2025-04-26 01:38:24.615 70163 INFO tempest.lib.common.rest_client [req-1fe4dabf-3ede-4bc4-8c29-8cce903e98a2 req-1fe4dabf-3ede-4bc4-8c29-8cce903e98a2 ] Request (ServerDiskConfigTestJSON:setUpClass): 200 GET http://10.180.1.21/identity/v3/domains?name=Default 0.035s
2025-04-26 01:38:24.652 70149 INFO tempest.lib.common.rest_client [req-01ce036a-4750-4d95-a011-c6c95f0771a6 req-01ce036a-4750-4d95-a011-c6c95f0771a6 ] Request (ServersTestJSON:test_create_server_specify_multibyte_character_name): 200 GET http://10.180.1.21/compute/v2.1/servers/0c05d8e0-b9df-41c3-89eb-4b0ac6f9fdf5 0.459s
2025-04-26 01:38:24.655 70163 INFO tempest.lib.common.rest_client [req-47b68410-da1e-40ca-88d3-2d3618011204 req-47b68410-da1e-40ca-88d3-2d3618011204 ] Request (ServerDiskConfigTestJSON:setUpClass): 201 POST http://10.180.1.21/identity/v3/projects 0.040s
2025-04-26 01:38:24.704 70145 INFO tempest.lib.common.rest_client [req-601d59d1-9908-4e37-be22-99b1b60b4e34 req-601d59d1-9908-4e37-be22-99b1b60b4e34 ] Request (ServersTestFqdnHostnames:test_create_server_with_fqdn_name): 200 GET http://10.180.1.21/compute/v2.1/servers/b4e74b8a-cc84-47b6-9093-cbd2b2e59740 0.445s
2025-04-26 01:38:24.719 70163 INFO tempest.lib.common.rest_client [req-005410f1-81dc-4e10-a3ec-573f9a01228e req-005410f1-81dc-4e10-a3ec-573f9a01228e ] Request (ServerDiskConfigTestJSON:setUpClass): 201 POST http://10.180.1.21/identity/v3/users 0.064s
2025-04-26 01:38:24.744 70163 INFO tempest.lib.common.rest_client [req-75c32716-a182-4380-9280-03780a828cbe req-75c32716-a182-4380-9280-03780a828cbe ] Request (ServerDiskConfigTestJSON:setUpClass): 200 GET http://10.180.1.21/identity/v3/roles 0.024s
2025-04-26 01:38:24.768 70121 INFO tempest.lib.common.rest_client [req-898b324f-98ef-4554-ae6b-48adbbf61d74 req-898b324f-98ef-4554-ae6b-48adbbf61d74 ] Request (ServersV294TestFqdnHostnames:setUpClass): 200 GET http://10.180.1.21/compute/v2.1/servers/9488a636-552a-4019-85bb-98281df807a6 0.498s
2025-04-26 01:38:24.777 70163 INFO tempest.lib.common.rest_client [req-b7f384b4-2384-4b23-8d39-9f0404c428f7 req-b7f384b4-2384-4b23-8d39-9f0404c428f7 ] Request (ServerDiskConfigTestJSON:setUpClass): 204 PUT http://10.180.1.21/identity/v3/projects/30dea9fd8b5f4a4f917e4782f1ff01e7/users/b108c206426c484887e172c61a8d4dd7/roles/49f76a1e090548ae8eac741065ea54b8 0.032s
2025-04-26 01:38:24.777 70163 INFO tempest.lib.common.dynamic_creds [-] Dynamic test user b108c206426c484887e172c61a8d4dd7 is created with scope project and roles: ['member']
2025-04-26 01:38:24.777 70163 INFO tempest.lib.common.dynamic_creds [-] Acquired dynamic creds: credentials: Credentials: {'domain_id': 'default', 'domain_name': 'Default', 'username': 'tempest-ServerDiskConfigTestJSON-1947163457-project-member', 'project_domain_id': 'default', 'project_domain_name': 'Default', 'project_id': '30dea9fd8b5f4a4f917e4782f1ff01e7', 'project_name': 'tempest-ServerDiskConfigTestJSON-1947163457', 'tenant_id': '30dea9fd8b5f4a4f917e4782f1ff01e7', 'tenant_name': 'tempest-ServerDiskConfigTestJSON-1947163457', 'user_domain_id': 'default', 'user_domain_name': 'Default', 'user_id': 'b108c206426c484887e172c61a8d4dd7', 'system': None}, Network: None, Subnet: None, Router: None
2025-04-26 01:38:24.821 70131 INFO tempest.lib.common.rest_client [req-2fbc6967-7e1d-4d05-8096-0fc2b4796a74 req-2fbc6967-7e1d-4d05-8096-0fc2b4796a74 ] Request (ServerDiagnosticsV248Test:test_get_server_diagnostics): 200 GET http://10.180.1.21/compute/v2.1/servers/29578513-5d13-4e49-9d34-12f0cf3c8e01 0.471s
2025-04-26 01:38:24.837 70163 INFO tempest.lib.common.rest_client [req-3e8a7929-f6b1-4ef9-a78a-d3e23f1ee597 req-3e8a7929-f6b1-4ef9-a78a-d3e23f1ee597 ] Request (ServerDiskConfigTestJSON:setUpClass): 201 POST http://10.180.1.21/identity/v3/auth/tokens 0.060s
2025-04-26 01:38:24.874 70103 INFO tempest.lib.common.rest_client [req-b35c54ce-f9b9-4e9c-8933-7eee90fd0142 req-b35c54ce-f9b9-4e9c-8933-7eee90fd0142 ] Request (DeleteServersAdminTestJSON:test_delete_server_while_in_error_state): 200 GET http://10.180.1.21/compute/v2.1/servers/a6536297-e66b-438c-95c2-8050cfa89684 0.454s
2025-04-26 01:38:24.918 70143 INFO tempest.lib.common.rest_client [req-cd768a42-968f-4e9f-a6b8-5bacf7705a78 req-cd768a42-968f-4e9f-a6b8-5bacf7705a78 ] Request (ListServerFiltersTestJSON:test_list_servers_filtered_by_ip_regex): 200 GET http://10.180.1.21/compute/v2.1/servers/bc3543d3-facd-494b-9838-a0cd02467ec8 0.783s
2025-04-26 01:38:24.931 70159 INFO tempest.lib.common.rest_client [req-bf2148c0-d445-4831-917e-91a84c61ccf7 req-bf2148c0-d445-4831-917e-91a84c61ccf7 ] Request (ServersAdminNegativeTestJSON:setUpClass): 200 GET http://10.180.1.21/compute/v2.1/servers/aba3f593-3ed0-4505-aedc-d5dc230aa8a6 0.352s
2025-04-26 01:38:24.978 70117 INFO tempest.lib.common.rest_client [req-9676271f-f5c5-4cb6-bf48-2efa21c79458 req-9676271f-f5c5-4cb6-bf48-2efa21c79458 ] Request (ServerDiagnosticsNegativeTest:tearDownClass): 200 GET http://10.180.1.21/compute/v2.1/servers/3392f89e-b4f5-4a1d-bfde-81386244da0e 0.383s
2025-04-26 01:38:24.992 70111 INFO tempest.lib.common.rest_client [req-e5603928-13ef-4241-a95c-2cc30be8d690 req-e5603928-13ef-4241-a95c-2cc30be8d690 ] Request (MultipleCreateTestJSON:test_multiple_create): 200 GET http://10.180.1.21/compute/v2.1/servers/7e3c80bd-c77c-44d1-b9d0-5b9ab45d050f 0.336s
2025-04-26 01:38:25.040 70157 INFO tempest.lib.common.rest_client [req-72d8295c-8bcd-40d9-80d1-39e592c0e50c req-72d8295c-8bcd-40d9-80d1-39e592c0e50c ] Request (ServersTestMultiNic:test_verify_duplicate_network_nics): 200 GET http://10.180.1.21/compute/v2.1/servers/4832e4ba-81a4-4ca1-a06d-b77eb7f8e33f 0.319s
2025-04-26 01:38:25.054 70147 INFO tempest.lib.common.rest_client [req-67a6cd7e-bc97-40b3-9093-2d3882445629 req-67a6cd7e-bc97-40b3-9093-2d3882445629 ] Request (ServerActionsTestOtherA:setUpClass): 200 GET http://10.180.1.21/compute/v2.1/servers/eb175817-6559-4954-9979-6125c80f623a 0.321s
2025-04-26 01:38:25.081 70153 INFO tempest.lib.common.rest_client [req-14e0deaf-d621-49af-9dd6-539019276f30 req-14e0deaf-d621-49af-9dd6-539019276f30 ] Request (ImagesTestJSON:test_create_image_from_stopped_server): 200 GET http://10.180.1.21/compute/v2.1/images/5f15128a-57a0-4699-9949-b5003d2d59e6 0.311s
2025-04-26 01:38:25.106 70119 INFO tempest.lib.common.rest_client [req-7a9ae130-e4ef-46c8-8827-7bf298141ba8 req-7a9ae130-e4ef-46c8-8827-7bf298141ba8 ] Request (FloatingIPsAssociationTestJSON:setUpClass): 200 GET http://10.180.1.21/compute/v2.1/servers/5abe83e9-9bd7-4642-b3c1-c89bd4e150cd 0.321s
2025-04-26 01:38:25.110 70127 INFO tempest.lib.common.rest_client [req-3b57716c-c82f-41d9-bceb-e2260c5de8e9 req-3b57716c-c82f-41d9-bceb-e2260c5de8e9 ] Request (VolumesAdminNegativeTest:setUpClass): 200 PUT http://10.180.1.21:9696/networking/v2.0/routers/82ddf969-6828-4ebc-a5b6-aa9fb597e81e/add_router_interface 1.502s
