2025-04-26 01:37:55.115 70123 INFO tempest.lib.common.rest_client [req-0ecd13a9-30a1-4fa4-8aec-cce6288a991b req-0ecd13a9-30a1-4fa4-8aec-cce6288a991b ] Request (ListImageFiltersNegativeTestJSON:tearDownClass): 201 POST http://10.180.1.21/identity/v3/auth/tokens 0.088s
2025-04-26 01:37:55.239 70141 INFO tempest.lib.common.rest_client [req-c0c595f3-ddf3-4a4e-a871-eb7bcd58bf0c req-c0c595f3-ddf3-4a4e-a871-eb7bcd58bf0c ] Request (ServersAdminTestJSON:test_create_server_with_scheduling_hint): 202 POST http://10.180.1.21/compute/v2.1/servers 3.589s
2025-04-26 01:37:55.311 70147 INFO tempest.lib.common.rest_client [req-0764904a-cc67-4a12-a011-08c90b24f4c7 req-0764904a-cc67-4a12-a011-08c90b24f4c7 ] Request (ServerActionsTestOtherA:setUpClass): 200 GET http://10.180.1.21/compute/v2.1/servers/eb175817-6559-4954-9979-6125c80f623a 2.509s
2025-04-26 01:37:55.320 70151 INFO tempest.lib.common.rest_client [req-e47c0b4b-ce96-485a-996b-ff68d06fbdf8 req-e47c0b4b-ce96-485a-996b-ff68d06fbdf8 ] Request (FloatingIPsAssociationNegativeTestJSON:setUpClass): 200 PUT http://10.180.1.21:9696/networking/v2.0/routers/ae19318b-585f-4a4e-8442-ae9d87bf34a5/add_router_interface 1.622s
2025-04-26 01:37:55.320 70151 INFO tempest.lib.common.dynamic_creds [-] Created isolated network resources for: credentials: Credentials: {'domain_id': 'default', 'domain_name': 'Default', 'username': 'tempest-FloatingIPsAssociationNegativeTestJSON-1621898975-project-member', 'project_domain_id': 'default', 'project_domain_name': 'Default', 'project_id': '135899c3b7a340ba819872befeaa924b', 'project_name': 'tempest-FloatingIPsAssociationNegativeTestJSON-1621898975', 'tenant_id': '135899c3b7a340ba819872befeaa924b', 'tenant_name': 'tempest-FloatingIPsAssociationNegativeTestJSON-1621898975', 'user_domain_id': 'default', 'user_domain_name': 'Default', 'user_id': 'a97aa6425801402b8cc1cde81c6c20c0', 'system': None}, Network: {'id': '742fe3a1-97df-4e89-a4b0-71e81f663424', 'name': 'tempest-FloatingIPsAssociationNegativeTestJSON-937420878-network', 'tenant_id': '135899c3b7a340ba819872befeaa924b', 'admin_state_up': True, 'mtu': 8950, 'status': 'ACTIVE', 'subnets': [], 'shared': False, 'project_id': '135899c3b7a340ba819872befeaa924b', 'port_security_enabled': True, 'router:external': False, 'provider:network_type': 'vlan', 'provider:physical_network': 'default', 'provider:segmentation_id': 173, 'availability_zone_hints': [], 'availability_zones': [], 'ipv4_address_scope': None, 'ipv6_address_scope': None, 'description': '', 'tags': [], 'created_at': '2025-04-26T01:37:51Z', 'updated_at': '2025-04-26T01:37:51Z', 'revision_number': 1}, Subnet: {'id': 'e56f5a14-4ffe-4d29-accf-901067a066c5', 'name': 'tempest-FloatingIPsAssociationNegativeTestJSON-937420878-subnet', 'tenant_id': '135899c3b7a340ba819872befeaa924b', 'network_id': '742fe3a1-97df-4e89-a4b0-71e81f663424', 'ip_version': 4, 'subnetpool_id': None, 'enable_dhcp': True, 'ipv6_ra_mode': None, 'ipv6_address_mode': None, 'gateway_ip': '192.168.128.1', 'cidr': '192.168.128.0/28', 'allocation_pools': [{'start': '192.168.128.2', 'end': '192.168.128.14'}], 'host_routes': [], 'dns_nameservers': [], 'description': '', 'router:external': False, 'service_types': [], 'tags': [], 'created_at': '2025-04-26T01:37:51Z', 'updated_at': '2025-04-26T01:37:51Z', 'revision_number': 0, 'project_id': '135899c3b7a340ba819872befeaa924b'}, Router: {'id': 'ae19318b-585f-4a4e-8442-ae9d87bf34a5', 'name': 'tempest-FloatingIPsAssociationNegativeTestJSON-937420878-router', 'tenant_id': '135899c3b7a340ba819872befeaa924b', 'admin_state_up': True, 'status': 'ACTIVE', 'external_gateway_info': {'network_id': '1747e262-0db9-4752-83d1-b32806d4b89e', 'external_fixed_ips': [{'subnet_id': 'ef442d94-c18b-438e-878e-c084a471e322', 'ip_address': '10.180.180.238'}], 'enable_snat': True}, 'description': '', 'availability_zones': [], 'distributed': False, 'ha': False, 'availability_zone_hints': [], 'routes': [], 'flavor_id': None, 'tags': [], 'created_at': '2025-04-26T01:37:52Z', 'updated_at': '2025-04-26T01:37:53Z', 'revision_number': 2, 'project_id': '135899c3b7a340ba819872befeaa924b'}
2025-04-26 01:37:55.384 70139 INFO tempest.lib.common.rest_client [req-a495a021-c40b-4ce7-b245-43c120d71178 req-a495a021-c40b-4ce7-b245-43c120d71178 ] Request (InstanceActionsV221TestJSON:test_get_list_deleted_instance_actions): 200 GET http://10.180.1.21/compute/v2.1/servers/cc0af723-ef88-4d6f-b59a-63770c6b08f7 2.228s
2025-04-26 01:37:55.412 70125 INFO tempest.lib.common.rest_client [req-97c178a1-6496-4ae7-bea9-1f7f7daf78a2 req-97c178a1-6496-4ae7-bea9-1f7f7daf78a2 ] Request (FlavorsAccessNegativeTestJSON:_run_cleanups): 200 GET http://10.180.1.21/compute/v2.1/flavors/detail 2.059s
2025-04-26 01:37:55.414 70123 INFO tempest.lib.common.rest_client [req-e161cc07-7fd7-4199-a908-2cf2562f7f65 req-e161cc07-7fd7-4199-a908-2cf2562f7f65 ] Request (ListImageFiltersNegativeTestJSON:tearDownClass): 200 GET http://10.180.1.21:9696/networking/v2.0/security-groups?tenant_id=dfda99c70b4d4ac99377135000c0b6d8&name=default 0.298s
2025-04-26 01:37:55.427 70151 INFO tempest.lib.common.rest_client [req-f144a9fc-a1b4-43bb-91af-cfea43d05374 req-f144a9fc-a1b4-43bb-91af-cfea43d05374 ] Request (FloatingIPsAssociationNegativeTestJSON:setUpClass): 201 POST http://10.180.1.21/identity/v3/auth/tokens 0.098s
2025-04-26 01:37:55.457 70151 INFO tempest.lib.common.rest_client [req-a96f24cf-c3aa-4856-bfa5-07119441c33f req-a96f24cf-c3aa-4856-bfa5-07119441c33f ] Request (FloatingIPsAssociationNegativeTestJSON:setUpClass): 201 POST http://10.180.1.21/identity/v3/auth/tokens 0.025s
2025-04-26 01:37:55.458 70151 INFO tempest.lib.common.fixed_network [-] (FloatingIPsAssociationNegativeTestJSON:setUpClass) Found network {'id': '742fe3a1-97df-4e89-a4b0-71e81f663424', 'name': 'tempest-FloatingIPsAssociationNegativeTestJSON-937420878-network', 'tenant_id': '135899c3b7a340ba819872befeaa924b', 'admin_state_up': True, 'mtu': 8950, 'status': 'ACTIVE', 'subnets': [], 'shared': False, 'project_id': '135899c3b7a340ba819872befeaa924b', 'port_security_enabled': True, 'router:external': False, 'provider:network_type': 'vlan', 'provider:physical_network': 'default', 'provider:segmentation_id': 173, 'availability_zone_hints': [], 'availability_zones': [], 'ipv4_address_scope': None, 'ipv6_address_scope': None, 'description': '', 'tags': [], 'created_at': '2025-04-26T01:37:51Z', 'updated_at': '2025-04-26T01:37:51Z', 'revision_number': 1} available for tenant
2025-04-26 01:37:55.460 70119 INFO tempest.lib.common.rest_client [req-7a7f9a43-d360-4bb1-80ed-169a9407aae7 req-7a7f9a43-d360-4bb1-80ed-169a9407aae7 ] Request (AggregatesAdminNegativeTestJSON:_run_cleanups): 200 DELETE http://10.180.1.21/compute/v2.1/os-aggregates/5 1.981s
2025-04-26 01:37:55.535 70123 INFO tempest.lib.common.rest_client [req-bc698b34-fd69-4542-83b4-aee3f8759024 req-bc698b34-fd69-4542-83b4-aee3f8759024 ] Request (ListImageFiltersNegativeTestJSON:tearDownClass): 204 DELETE http://10.180.1.21:9696/networking/v2.0/security-groups/8c147b3f-f894-4258-8817-d6f77b1c376e 0.120s
2025-04-26 01:37:55.553 70137 INFO tempest.lib.common.rest_client [req-870bbe4d-5f0b-4ddc-b7db-ee410d927d32 req-870bbe4d-5f0b-4ddc-b7db-ee410d927d32 ] Request (MigrationsAdminTest:test_list_migrations_in_flavor_resize_situation): 200 GET http://10.180.1.21/compute/v2.1/servers/f6840f44-6cb0-4890-b6e3-8357d10d5fba 2.899s
2025-04-26 01:37:55.593 70111 INFO tempest.lib.common.rest_client [req-3c82aeae-0959-435a-bfb6-8d361ceaf0ce req-3c82aeae-0959-435a-bfb6-8d361ceaf0ce ] Request (ImagesMetadataNegativeTestJSON:test_set_nonexistent_image_metadata_item): 404 PUT http://10.180.1.21/compute/v2.1/images/65c73672-14d2-425c-962d-f4d6c7356522/metadata/os_distro 2.081s
2025-04-26 01:37:55.646 70123 INFO tempest.lib.common.rest_client [req-51b2d52e-148f-48aa-a26e-23362feb8b1a req-51b2d52e-148f-48aa-a26e-23362feb8b1a ] Request (ListImageFiltersNegativeTestJSON:tearDownClass): 204 DELETE http://10.180.1.21/identity/v3/projects/dfda99c70b4d4ac99377135000c0b6d8 0.110s
2025-04-26 01:37:55.718 70123 INFO tempest.lib.common.rest_client [req-253e16d4-5f90-4ab9-b5c0-4cfce78f3584 req-253e16d4-5f90-4ab9-b5c0-4cfce78f3584 ] Request (ServerActionsTestJSON:setUpClass): 201 POST http://10.180.1.21/identity/v3/auth/tokens 0.070s
2025-04-26 01:37:55.757 70123 INFO tempest.lib.common.rest_client [req-eb906b0a-1032-49ca-b5b9-3ca2f25f3c45 req-eb906b0a-1032-49ca-b5b9-3ca2f25f3c45 ] Request (ServerActionsTestJSON:setUpClass): 201 POST http://10.180.1.21/identity/v3/auth/tokens 0.035s
2025-04-26 01:37:55.788 70123 INFO tempest.lib.common.rest_client [req-7ce9608f-7add-4549-96de-4e832682bbdd req-7ce9608f-7add-4549-96de-4e832682bbdd ] Request (ServerActionsTestJSON:setUpClass): 200 GET http://10.180.1.21/identity/v3/domains?name=Default 0.029s
2025-04-26 01:37:55.821 70123 INFO tempest.lib.common.rest_client [req-ec418f7c-4a5f-4894-a133-3a9bcd1da20d req-ec418f7c-4a5f-4894-a133-3a9bcd1da20d ] Request (ServerActionsTestJSON:setUpClass): 201 POST http://10.180.1.21/identity/v3/projects 0.033s
2025-04-26 01:37:55.844 70115 INFO tempest.lib.common.rest_client [req-2375de0a-36cc-4d71-91de-33a8581b7416 req-2375de0a-36cc-4d71-91de-33a8581b7416 ] Request (ImagesNegativeTestJSON:test_create_image_from_deleted_server): 200 GET http://10.180.1.21/compute/v2.1/servers/cb792760-6b35-4299-9fca-6412fa62312c 1.812s
2025-04-26 01:37:55.897 70123 INFO tempest.lib.common.rest_client [req-8e0bd882-8beb-4201-b02b-9ed4f04e7047 req-8e0bd882-8beb-4201-b02b-9ed4f04e7047 ] Request (ServerActionsTestJSON:setUpClass): 201 POST http://10.180.1.21/identity/v3/users 0.075s
2025-04-26 01:37:55.922 70123 INFO tempest.lib.common.rest_client [req-ba781972-b6ff-4cb6-a4e5-9f03a878dd91 req-ba781972-b6ff-4cb6-a4e5-9f03a878dd91 ] Request (ServerActionsTestJSON:setUpClass): 200 GET http://10.180.1.21/identity/v3/roles 0.025s
2025-04-26 01:37:55.956 70123 INFO tempest.lib.common.rest_client [req-2246c415-47de-4a07-9715-99113ff32a35 req-2246c415-47de-4a07-9715-99113ff32a35 ] Request (ServerActionsTestJSON:setUpClass): 204 PUT http://10.180.1.21/identity/v3/projects/cef6ea896fac46799e1a22b77777515e/users/f3bbae67aafd4543afb7ac9117e9e072/roles/49f76a1e090548ae8eac741065ea54b8 0.033s
2025-04-26 01:37:55.956 70123 INFO tempest.lib.common.dynamic_creds [-] Dynamic test user f3bbae67aafd4543afb7ac9117e9e072 is created with scope project and roles: ['member']
2025-04-26 01:37:55.956 70123 INFO tempest.lib.common.dynamic_creds [-] Acquired dynamic creds: credentials: Credentials: {'domain_id': 'default', 'domain_name': 'Default', 'username': 'tempest-ServerActionsTestJSON-2034218311-project-member', 'project_domain_id': 'default', 'project_domain_name': 'Default', 'project_id': 'cef6ea896fac46799e1a22b77777515e', 'project_name': 'tempest-ServerActionsTestJSON-2034218311', 'tenant_id': 'cef6ea896fac46799e1a22b77777515e', 'tenant_name': 'tempest-ServerActionsTestJSON-2034218311', 'user_domain_id': 'default', 'user_domain_name': 'Default', 'user_id': 'f3bbae67aafd4543afb7ac9117e9e072', 'system': None}, Network: None, Subnet: None, Router: None
2025-04-26 01:37:56.016 70123 INFO tempest.lib.common.rest_client [req-72c8f688-9032-4ad6-b7d6-a7fd7db03b9f req-72c8f688-9032-4ad6-b7d6-a7fd7db03b9f ] Request (ServerActionsTestJSON:setUpClass): 201 POST http://10.180.1.21/identity/v3/auth/tokens 0.060s
2025-04-26 01:37:56.132 70131 INFO tempest.lib.common.rest_client [req-88ecfca3-3c29-4be6-91a0-1b34fe773583 req-88ecfca3-3c29-4be6-91a0-1b34fe773583 ] Request (ServerDiagnosticsV248Test:test_get_server_diagnostics): 202 POST http://10.180.1.21/compute/v2.1/servers 2.088s
2025-04-26 01:37:56.168 70145 INFO tempest.lib.common.rest_client [req-7d4e61cf-178e-4d1c-a84c-ae75219973f8 req-7d4e61cf-178e-4d1c-a84c-ae75219973f8 ] Request (ServersTestFqdnHostnames:setUpClass): 201 POST http://10.180.1.21:9696/networking/v2.0/routers 1.759s
2025-04-26 01:37:56.223 70157 INFO tempest.lib.common.rest_client [req-e5bfd7a0-11c6-4da4-888f-48934663fdb8 req-e5bfd7a0-11c6-4da4-888f-48934663fdb8 ] Request (ServersTestMultiNic:test_verify_duplicate_network_nics): 200 GET http://10.180.1.21/compute/v2.1/servers/4832e4ba-81a4-4ca1-a06d-b77eb7f8e33f 2.136s
2025-04-26 01:37:56.340 70127 INFO tempest.lib.common.rest_client [req-74eddd3b-3d08-42a3-865c-f25018fab4f6 req-74eddd3b-3d08-42a3-865c-f25018fab4f6 ] Request (ServerExternalEventsTest:tearDownClass): 200 GET http://10.180.1.21/compute/v2.1/servers/c0dff9f2-1840-4a36-99be-88f6f5c050b4 2.200s
2025-04-26 01:37:56.380 70135 INFO tempest.lib.common.rest_client [req-5e4792bf-eab9-4275-aa5d-3dfed2fe594f req-5e4792bf-eab9-4275-aa5d-3dfed2fe594f ] Request (ServerMetadataTestJSON:setUpClass): 202 POST http://10.180.1.21/compute/v2.1/servers 2.890s
2025-04-26 01:37:56.439 70109 INFO tempest.lib.common.rest_client [req-aec1e86c-0ea2-4c6d-8d2a-afc2686ca99e req-aec1e86c-0ea2-4c6d-8d2a-afc2686ca99e ] Request (ServersWithSpecificFlavorTestJSON:test_verify_created_server_ephemeral_disk): 200 GET http://10.180.1.21/compute/v2.1/servers/9cc47515-b43f-4b1b-aae0-ccf5a96a2758 2.190s
2025-04-26 01:37:56.452 70133 INFO tempest.lib.common.rest_client [req-9db31e94-f2cf-42bd-b945-a316cf79a7d8 req-9db31e94-f2cf-42bd-b945-a316cf79a7d8 ] Request (ListImageFiltersTestJSON:setUpClass): 200 GET http://10.180.1.21/compute/v2.1/servers/b6644a4c-b212-4aee-9621-343c5ece84e0 2.117s
2025-04-26 01:37:56.545 70129 INFO tempest.lib.common.rest_client [req-0abf3777-12df-4969-8aa5-da91a325b472 req-0abf3777-12df-4969-8aa5-da91a325b472 ] Request (FloatingIPDetailsTestJSON:test_list_floating_ips): 200 GET http://10.180.1.21/compute/v2.1/os-floating-ips 2.124s
2025-04-26 01:37:56.645 70153 INFO tempest.lib.common.rest_client [req-acdf68fa-710f-49d6-a81e-2c643876c4ba req-acdf68fa-710f-49d6-a81e-2c643876c4ba ] Request (ImagesTestJSON:test_create_image_from_stopped_server): 200 GET http://10.180.1.21/compute/v2.1/servers/80c4939f-e928-4027-8789-15aebefa725a 2.159s
2025-04-26 01:37:56.658 70153 INFO tempest.common.waiters [-] State transition "BUILD/None" ==> "BUILD/spawning" after 23 second wait
2025-04-26 01:37:56.659 70107 INFO tempest.lib.common.rest_client [req-0fabb38c-b414-4e04-bff5-9899d089306b req-0fabb38c-b414-4e04-bff5-9899d089306b ] Request (VolumesAssistedSnapshotsTest:test_volume_assisted_snapshot_create_delete): 200 GET http://10.180.1.21/compute/v2.1/servers/32d380c2-6ed7-423f-b555-584965ef0110 2.267s
2025-04-26 01:37:56.669 70107 INFO tempest.common.waiters [-] State transition "BUILD/block_device_mapping" ==> "BUILD/spawning" after 24 second wait
2025-04-26 01:37:56.685 70165 INFO tempest.lib.common.rest_client [req-21ffae05-5e97-4477-8fd0-79800c38c1d7 req-21ffae05-5e97-4477-8fd0-79800c38c1d7 ] Request (ServerRescueNegativeTestJSON:setUpClass): 201 POST http://10.180.1.21:9696/networking/v2.0/routers 1.793s
2025-04-26 01:37:56.708 70103 INFO tempest.lib.common.rest_client [req-9f694390-73ac-4b21-85dc-36b20b9c6344 req-9f694390-73ac-4b21-85dc-36b20b9c6344 ] Request (DeleteServersAdminTestJSON:test_admin_delete_servers_of_others): 200 GET http://10.180.1.21/compute/v2.1/servers/93c56a3e-9744-47b3-b691-b6f28d16351f 2.212s
2025-04-26 01:37:56.731 70113 INFO tempest.lib.common.rest_client [req-57d6ae0e-6483-4059-b521-1ff7bb1a060c req-57d6ae0e-6483-4059-b521-1ff7bb1a060c ] Request (FlavorsV261TestJSON:test_crud_flavor): 200 GET http://10.180.1.21/compute/v2.1/flavors 2.197s
2025-04-26 01:37:56.736 70161 INFO tempest.lib.common.rest_client [req-b0f46988-407f-40dc-a8de-725a398fb46c req-b0f46988-407f-40dc-a8de-725a398fb46c ] Request (ServersTestJSON:setUpClass): 200 GET http://10.180.1.21/compute/v2.1/servers/62e679e6-579b-411a-bbed-3bf35d8829a0 2.228s
2025-04-26 01:37:56.751 70121 INFO tempest.lib.common.rest_client [req-6257c30e-1aaf-4262-96f4-b93083813626 req-6257c30e-1aaf-4262-96f4-b93083813626 ] Request (KeyPairsNegativeTestJSON:test_keypair_delete_nonexistent_key): 404 DELETE http://10.180.1.21/compute/v2.1/os-keypairs/tempest-keypair-non-existent-1726422376 2.193s
2025-04-26 01:37:56.798 70123 INFO tempest.lib.common.rest_client [req-7c2f25db-da4c-4143-8e6a-2be89ca4dc72 req-7c2f25db-da4c-4143-8e6a-2be89ca4dc72 ] Request (ServerActionsTestJSON:setUpClass): 201 POST http://10.180.1.21:9696/networking/v2.0/networks 0.781s
2025-04-26 01:37:56.827 70105 INFO tempest.lib.common.rest_client [req-6382edeb-caf1-414a-ac80-4bfbe8dccea6 req-6382edeb-caf1-414a-ac80-4bfbe8dccea6 ] Request (InstanceActionsTestJSON:setUpClass): 200 GET http://10.180.1.21/compute/v2.1/servers/a3f4dadf-a9bc-4155-82b7-fb0c24656663 2.273s
2025-04-26 01:37:56.835 70105 INFO tempest.common.waiters [-] State transition "BUILD/scheduling" ==> "BUILD/None" after 3 second wait
2025-04-26 01:37:56.853 70121 INFO tempest.lib.common.rest_client [req-0306ada3-4a3f-42e9-ac00-3848b7a1bff1 req-0306ada3-4a3f-42e9-ac00-3848b7a1bff1 ] Request (KeyPairsNegativeTestJSON:tearDownClass): 204 DELETE http://10.180.1.21/identity/v3/users/d0fdb0421e954442bedf371b1aafa7e9 0.100s
2025-04-26 01:37:56.853 70121 INFO tempest.lib.common.dynamic_creds [-] Deleting project and security group for project: 0dbae19779e1434fbace2f2f74f3385b
2025-04-26 01:37:56.867 70163 INFO tempest.lib.common.rest_client [req-19b4ad49-1467-4c84-8593-fdbff7ef2199 req-19b4ad49-1467-4c84-8593-fdbff7ef2199 ] Request (AttachInterfacesV270Test:tearDownClass): 200 GET http://10.180.1.21/compute/v2.1/servers/92e9cf6d-d940-4980-bbf4-13e63ee0d3b2 2.235s
2025-04-26 01:37:56.885 70141 INFO tempest.lib.common.rest_client [req-1c3562dd-4edc-4331-8e1c-02effbfb5102 req-1c3562dd-4edc-4331-8e1c-02effbfb5102 ] Request (ServersAdminTestJSON:test_create_server_with_scheduling_hint): 200 GET http://10.180.1.21/compute/v2.1/servers/2c17c19e-ea4e-4654-95f0-8daaf19907f4 1.643s
2025-04-26 01:37:56.887 70125 INFO tempest.lib.common.rest_client [req-d8111808-c322-413b-b579-6fca5e6308fa req-d8111808-c322-413b-b579-6fca5e6308fa ] Request (FlavorsAccessNegativeTestJSON:test_remove_flavor_access_not_found): 200 POST http://10.180.1.21/compute/v2.1/flavors 1.464s
2025-04-26 01:37:56.901 70119 INFO tempest.lib.common.rest_client [req-e23ffb44-cd8a-4c63-8dbd-896fb118e9c8 req-e23ffb44-cd8a-4c63-8dbd-896fb118e9c8 ] Request (AggregatesAdminNegativeTestJSON:test_aggregate_delete_with_invalid_id): 404 DELETE http://10.180.1.21/compute/v2.1/os-aggregates/-1 1.439s
2025-04-26 01:37:56.927 70121 INFO tempest.lib.common.rest_client [req-c4d30a25-c672-4097-b813-4bc3b0516889 req-c4d30a25-c672-4097-b813-4bc3b0516889 ] Request (KeyPairsNegativeTestJSON:tearDownClass): 201 POST http://10.180.1.21/identity/v3/auth/tokens 0.074s
2025-04-26 01:37:57.171 70121 INFO tempest.lib.common.rest_client [req-6ba17581-2d1a-4103-aaf8-d4610ffc6535 req-6ba17581-2d1a-4103-aaf8-d4610ffc6535 ] Request (KeyPairsNegativeTestJSON:tearDownClass): 200 GET http://10.180.1.21:9696/networking/v2.0/security-groups?tenant_id=0dbae19779e1434fbace2f2f74f3385b&name=default 0.243s
2025-04-26 01:37:57.185 70149 INFO tempest.lib.common.rest_client [req-b0110131-8155-46b2-ab7d-1077e2e4165d req-b0110131-8155-46b2-ab7d-1077e2e4165d ] Request (ServersTestJSON:test_create_server_specify_multibyte_character_name): 200 GET http://10.180.1.21/compute/v2.1/servers/0c05d8e0-b9df-41c3-89eb-4b0ac6f9fdf5 1.676s
2025-04-26 01:37:57.210 70111 INFO tempest.lib.common.rest_client [req-152139c6-f17f-436c-b9e3-6db886febf79 req-152139c6-f17f-436c-b9e3-6db886febf79 ] Request (ImagesMetadataNegativeTestJSON:test_update_nonexistent_image_metadata): 404 POST http://10.180.1.21/compute/v2.1/images/7311c693-6ba3-48ca-9b6b-0a15a2d36ff9/metadata 1.616s
2025-04-26 01:37:57.330 70111 INFO tempest.lib.common.rest_client [req-44455724-95df-442e-b6e2-8774d2920656 req-44455724-95df-442e-b6e2-8774d2920656 ] Request (ImagesMetadataNegativeTestJSON:tearDownClass): 204 DELETE http://10.180.1.21/identity/v3/users/238cc6454a0c4c6e8171cb1712fdce89 0.118s
2025-04-26 01:37:57.330 70111 INFO tempest.lib.common.dynamic_creds [-] Deleting project and security group for project: a377783454dd4eeaa35107c044e89e82
2025-04-26 01:37:57.333 70121 INFO tempest.lib.common.rest_client [req-a5abffde-ec7e-419c-945b-206d6e591109 req-a5abffde-ec7e-419c-945b-206d6e591109 ] Request (KeyPairsNegativeTestJSON:tearDownClass): 204 DELETE http://10.180.1.21:9696/networking/v2.0/security-groups/697133c1-841f-415b-bcc5-246a85a49d93 0.162s
2025-04-26 01:37:57.404 70151 INFO tempest.lib.common.rest_client [req-bf2f867f-c586-4957-9412-3e3b6b4a0632 req-bf2f867f-c586-4957-9412-3e3b6b4a0632 ] Request (FloatingIPsAssociationNegativeTestJSON:setUpClass): 202 POST http://10.180.1.21/compute/v2.1/servers 1.945s
2025-04-26 01:37:57.405 70111 INFO tempest.lib.common.rest_client [req-e0c90165-c763-4561-912a-4618dab35521 req-e0c90165-c763-4561-912a-4618dab35521 ] Request (ImagesMetadataNegativeTestJSON:tearDownClass): 201 POST http://10.180.1.21/identity/v3/auth/tokens 0.075s
2025-04-26 01:37:57.422 70143 INFO tempest.lib.common.rest_client [req-28e6e796-0a0e-4c50-af86-252d2962b41a req-28e6e796-0a0e-4c50-af86-252d2962b41a ] Request (ListServerFiltersTestJSON:setUpClass): 200 GET http://10.180.1.21/compute/v2.1/servers/a2cf6ae0-bdf8-4039-81eb-f1c8e4f3a80b 1.642s
2025-04-26 01:37:57.434 70143 INFO tempest.common.waiters [-] State transition "BUILD/spawning" ==> "ACTIVE/None" after 27 second wait
2025-04-26 01:37:57.449 70121 INFO tempest.lib.common.rest_client [req-8baa53b7-8543-448d-a368-d0452a1f1b26 req-8baa53b7-8543-448d-a368-d0452a1f1b26 ] Request (KeyPairsNegativeTestJSON:tearDownClass): 204 DELETE http://10.180.1.21/identity/v3/projects/0dbae19779e1434fbace2f2f74f3385b 0.114s
2025-04-26 01:37:57.504 70155 INFO tempest.lib.common.rest_client [req-16931a1d-ad17-4190-83c5-328f07c90c40 req-16931a1d-ad17-4190-83c5-328f07c90c40 ] Request (ServerDiagnosticsTest:test_get_server_diagnostics): 200 GET http://10.180.1.21/compute/v2.1/servers/3389c5e6-23b8-457f-9a79-47acd61a69ce 1.612s
2025-04-26 01:37:57.514 70121 INFO tempest.lib.common.rest_client [req-834dd221-a82f-4077-90bb-95c824358a95 req-834dd221-a82f-4077-90bb-95c824358a95 ] Request (AZV2TestJSON:setUpClass): 201 POST http://10.180.1.21/identity/v3/auth/tokens 0.064s
2025-04-26 01:37:57.515 70155 INFO tempest.common.waiters [-] State transition "BUILD/None" ==> "BUILD/networking" after 23 second wait
2025-04-26 01:37:57.523 70123 INFO tempest.lib.common.rest_client [req-6839cbb3-af72-4a4d-affc-c45c2f371501 req-6839cbb3-af72-4a4d-affc-c45c2f371501 ] Request (ServerActionsTestJSON:setUpClass): 201 POST http://10.180.1.21:9696/networking/v2.0/subnets 0.724s
2025-04-26 01:37:57.528 70117 INFO tempest.lib.common.rest_client [req-cacf61e8-e0b4-4152-8bf6-c14f58621d59 req-cacf61e8-e0b4-4152-8bf6-c14f58621d59 ] Request (ServerDiagnosticsNegativeTest:test_get_server_diagnostics_by_non_admin): 200 GET http://10.180.1.21/compute/v2.1/servers/3392f89e-b4f5-4a1d-bfde-81386244da0e 1.556s
2025-04-26 01:37:57.581 70121 INFO tempest.lib.common.rest_client [req-126fa969-7fc7-43a0-96bd-6484b9c18184 req-126fa969-7fc7-43a0-96bd-6484b9c18184 ] Request (AZV2TestJSON:setUpClass): 201 POST http://10.180.1.21/identity/v3/auth/tokens 0.063s
2025-04-26 01:37:57.612 70121 INFO tempest.lib.common.rest_client [req-cb4f92ba-14a9-4012-ba85-778cc1ac3fe0 req-cb4f92ba-14a9-4012-ba85-778cc1ac3fe0 ] Request (AZV2TestJSON:setUpClass): 200 GET http://10.180.1.21/identity/v3/domains?name=Default 0.031s
2025-04-26 01:37:57.629 70159 INFO tempest.lib.common.rest_client [req-63328ae3-9e6c-4713-923e-46cb7c93bef2 req-63328ae3-9e6c-4713-923e-46cb7c93bef2 ] Request (ServersAdminNegativeTestJSON:setUpClass): 200 GET http://10.180.1.21/compute/v2.1/servers/aba3f593-3ed0-4505-aedc-d5dc230aa8a6 1.575s
2025-04-26 01:37:57.646 70121 INFO tempest.lib.common.rest_client [req-542a7042-e1c5-4c5a-8c65-fa902a01a107 req-542a7042-e1c5-4c5a-8c65-fa902a01a107 ] Request (AZV2TestJSON:setUpClass): 201 POST http://10.180.1.21/identity/v3/projects 0.033s
2025-04-26 01:37:57.677 70131 INFO tempest.lib.common.rest_client [req-7f9a80c1-1ac3-494e-84cf-6eef83d2670b req-7f9a80c1-1ac3-494e-84cf-6eef83d2670b ] Request (ServerDiagnosticsV248Test:test_get_server_diagnostics): 200 GET http://10.180.1.21/compute/v2.1/servers/29578513-5d13-4e49-9d34-12f0cf3c8e01 1.539s
2025-04-26 01:37:57.711 70147 INFO tempest.lib.common.rest_client [req-6a37f416-b6e1-48ee-b799-98a4016ef373 req-6a37f416-b6e1-48ee-b799-98a4016ef373 ] Request (ServerActionsTestOtherA:setUpClass): 200 GET http://10.180.1.21/compute/v2.1/servers/eb175817-6559-4954-9979-6125c80f623a 1.385s
2025-04-26 01:37:57.731 70121 INFO tempest.lib.common.rest_client [req-25fb8f98-16aa-48e3-b1a4-dedef994f503 req-25fb8f98-16aa-48e3-b1a4-dedef994f503 ] Request (AZV2TestJSON:setUpClass): 201 POST http://10.180.1.21/identity/v3/users 0.084s
2025-04-26 01:37:57.760 70121 INFO tempest.lib.common.rest_client [req-7737fbed-b5e5-49b5-9c12-58baa38ef621 req-7737fbed-b5e5-49b5-9c12-58baa38ef621 ] Request (AZV2TestJSON:setUpClass): 200 GET http://10.180.1.21/identity/v3/roles 0.028s
2025-04-26 01:37:57.791 70139 INFO tempest.lib.common.rest_client [req-289f5c7d-70f8-491d-ae8d-963161542b14 req-289f5c7d-70f8-491d-ae8d-963161542b14 ] Request (InstanceActionsV221TestJSON:test_get_list_deleted_instance_actions): 200 GET http://10.180.1.21/compute/v2.1/servers/cc0af723-ef88-4d6f-b59a-63770c6b08f7 1.392s
2025-04-26 01:37:57.798 70135 INFO tempest.lib.common.rest_client [req-ef95adc8-4c2b-4c45-9528-cb5730a7f95d req-ef95adc8-4c2b-4c45-9528-cb5730a7f95d ] Request (ServerMetadataTestJSON:setUpClass): 200 GET http://10.180.1.21/compute/v2.1/servers/95df77e7-8eb8-4d41-a9b9-6267a761c824 1.415s
2025-04-26 01:37:57.802 70121 INFO tempest.lib.common.rest_client [req-575882db-c192-4649-bf92-22ed75a7f52d req-575882db-c192-4649-bf92-22ed75a7f52d ] Request (AZV2TestJSON:setUpClass): 204 PUT http://10.180.1.21/identity/v3/projects/43dffa3327c24e22a1809c60ebf9362d/users/04bca2e8f6534365a81c4b0dcd3df8a5/roles/49f76a1e090548ae8eac741065ea54b8 0.042s
2025-04-26 01:37:57.802 70121 INFO tempest.lib.common.dynamic_creds [-] Dynamic test user 04bca2e8f6534365a81c4b0dcd3df8a5 is created with scope project and roles: ['member']
2025-04-26 01:37:57.803 70121 INFO tempest.lib.common.dynamic_creds [-] Acquired dynamic creds: credentials: Credentials: {'domain_id': 'default', 'domain_name': 'Default', 'username': 'tempest-AZV2TestJSON-1041529924-project-member', 'project_domain_id': 'default', 'project_domain_name': 'Default', 'project_id': '43dffa3327c24e22a1809c60ebf9362d', 'project_name': 'tempest-AZV2TestJSON-1041529924', 'tenant_id': '43dffa3327c24e22a1809c60ebf9362d', 'tenant_name': 'tempest-AZV2TestJSON-1041529924', 'user_domain_id': 'default', 'user_domain_name': 'Default', 'user_id': '04bca2e8f6534365a81c4b0dcd3df8a5', 'system': None}, Network: None, Subnet: None, Router: None
2025-04-26 01:37:57.803 70121 INFO tempest.lib.common.dynamic_creds [-] Created isolated network resources for: credentials: Credentials: {'domain_id': 'default', 'domain_name': 'Default', 'username': 'tempest-AZV2TestJSON-1041529924-project-member', 'project_domain_id': 'default', 'project_domain_name': 'Default', 'project_id': '43dffa3327c24e22a1809c60ebf9362d', 'project_name': 'tempest-AZV2TestJSON-1041529924', 'tenant_id': '43dffa3327c24e22a1809c60ebf9362d', 'tenant_name': 'tempest-AZV2TestJSON-1041529924', 'user_domain_id': 'default', 'user_domain_name': 'Default', 'user_id': '04bca2e8f6534365a81c4b0dcd3df8a5', 'system': None}, Network: None, Subnet: None, Router: None
2025-04-26 01:37:57.909 70121 INFO tempest.lib.common.rest_client [req-d09bbe69-11c8-484b-acd3-3a88d08042e1 req-d09bbe69-11c8-484b-acd3-3a88d08042e1 ] Request (AZV2TestJSON:setUpClass): 201 POST http://10.180.1.21/identity/v3/auth/tokens 0.100s
2025-04-26 01:37:57.961 70111 INFO tempest.lib.common.rest_client [req-0e85206b-a941-4bb4-8b23-dab83ee134b8 req-0e85206b-a941-4bb4-8b23-dab83ee134b8 ] Request (ImagesMetadataNegativeTestJSON:tearDownClass): 200 GET http://10.180.1.21:9696/networking/v2.0/security-groups?tenant_id=a377783454dd4eeaa35107c044e89e82&name=default 0.555s
2025-04-26 01:37:58.059 70137 INFO tempest.lib.common.rest_client [req-132ac814-5557-4417-b6b6-676702fba319 req-132ac814-5557-4417-b6b6-676702fba319 ] Request (MigrationsAdminTest:test_list_migrations_in_flavor_resize_situation): 200 GET http://10.180.1.21/compute/v2.1/servers/f6840f44-6cb0-4890-b6e3-8357d10d5fba 1.488s
2025-04-26 01:37:58.098 70113 INFO tempest.lib.common.rest_client [req-0660a8be-d376-4453-895f-987de49fe382 req-0660a8be-d376-4453-895f-987de49fe382 ] Request (FlavorsV261TestJSON:_run_cleanups): 202 DELETE http://10.180.1.21/compute/v2.1/flavors/729936759 1.363s
2025-04-26 01:37:58.485 70111 INFO tempest.lib.common.rest_client [req-feb19132-3780-4f36-a9ce-2ec97bb37276 req-feb19132-3780-4f36-a9ce-2ec97bb37276 ] Request (ImagesMetadataNegativeTestJSON:tearDownClass): 204 DELETE http://10.180.1.21:9696/networking/v2.0/security-groups/88b03aa0-59e8-474d-9446-ce6d9396fe40 0.523s
2025-04-26 01:37:58.535 70115 INFO tempest.lib.common.rest_client [req-a6b1705d-921b-4878-b766-5ea1050e18a1 req-a6b1705d-921b-4878-b766-5ea1050e18a1 ] Request (ImagesNegativeTestJSON:test_create_image_from_deleted_server): 200 GET http://10.180.1.21/compute/v2.1/servers/cb792760-6b35-4299-9fca-6412fa62312c 1.678s
2025-04-26 01:37:58.544 70115 INFO tempest.common.waiters [-] State transition "BUILD/spawning" ==> "ACTIVE/None" after 26 second wait
2025-04-26 01:37:58.547 70129 INFO tempest.lib.common.rest_client [req-b75a675f-e1a1-4537-9075-6c7fb84dead4 req-b75a675f-e1a1-4537-9075-6c7fb84dead4 ] Request (FloatingIPDetailsTestJSON:tearDownClass): 202 DELETE http://10.180.1.21/compute/v2.1/os-floating-ips/541a28ef-0091-4a00-b707-6f87aff87658 1.994s
2025-04-26 01:37:58.575 70119 INFO tempest.lib.common.rest_client [req-580e56fa-01cc-419f-bb67-a8821eec935a req-580e56fa-01cc-419f-bb67-a8821eec935a ] Request (AggregatesAdminNegativeTestJSON:test_aggregate_get_details_as_user): 200 POST http://10.180.1.21/compute/v2.1/os-aggregates 1.673s
2025-04-26 01:37:58.668 70111 INFO tempest.lib.common.rest_client [req-55549675-a46c-4dea-99c1-9f126443fc9f req-55549675-a46c-4dea-99c1-9f126443fc9f ] Request (ImagesMetadataNegativeTestJSON:tearDownClass): 204 DELETE http://10.180.1.21/identity/v3/projects/a377783454dd4eeaa35107c044e89e82 0.182s
2025-04-26 01:37:58.694 70157 INFO tempest.lib.common.rest_client [req-34f39700-67f8-44e4-8215-76514592406e req-34f39700-67f8-44e4-8215-76514592406e ] Request (ServersTestMultiNic:test_verify_duplicate_network_nics): 200 GET http://10.180.1.21/compute/v2.1/servers/4832e4ba-81a4-4ca1-a06d-b77eb7f8e33f 1.458s
2025-04-26 01:37:58.731 70125 INFO tempest.lib.common.rest_client [req-bd2760ef-c736-4bda-8e6e-6461ae31ae94 req-bd2760ef-c736-4bda-8e6e-6461ae31ae94 ] Request (FlavorsAccessNegativeTestJSON:test_remove_flavor_access_not_found): 404 POST http://10.180.1.21/compute/v2.1/flavors/905474466/action 1.841s
2025-04-26 01:37:58.743 70111 INFO tempest.lib.common.rest_client [req-8a105b91-0754-4c9b-950f-331b9e4fd63d req-8a105b91-0754-4c9b-950f-331b9e4fd63d ] Request (SecurityGroupsNegativeTestJSON:setUpClass): 201 POST http://10.180.1.21/identity/v3/auth/tokens 0.073s
2025-04-26 01:37:58.782 70127 INFO tempest.lib.common.rest_client [req-7d578bde-c52b-438a-814e-e95f36458861 req-7d578bde-c52b-438a-814e-e95f36458861 ] Request (ServerExternalEventsTest:tearDownClass): 200 GET http://10.180.1.21/compute/v2.1/servers/c0dff9f2-1840-4a36-99be-88f6f5c050b4 1.432s
2025-04-26 01:37:58.786 70111 INFO tempest.lib.common.rest_client [req-0450b2b6-e5a5-4982-87fe-77cafbade6c4 req-0450b2b6-e5a5-4982-87fe-77cafbade6c4 ] Request (SecurityGroupsNegativeTestJSON:setUpClass): 201 POST http://10.180.1.21/identity/v3/auth/tokens 0.040s
2025-04-26 01:37:58.816 70151 INFO tempest.lib.common.rest_client [req-caf30609-ff56-42fd-af60-ee981fccbd43 req-caf30609-ff56-42fd-af60-ee981fccbd43 ] Request (FloatingIPsAssociationNegativeTestJSON:setUpClass): 200 GET http://10.180.1.21/compute/v2.1/servers/22842910-a375-46d2-8961-ae303c680a70 1.409s
2025-04-26 01:37:58.825 70111 INFO tempest.lib.common.rest_client [req-d7e10503-0119-4e02-bc3f-9ab789c1f5da req-d7e10503-0119-4e02-bc3f-9ab789c1f5da ] Request (SecurityGroupsNegativeTestJSON:setUpClass): 200 GET http://10.180.1.21/identity/v3/domains?name=Default 0.038s
2025-04-26 01:37:58.857 70111 INFO tempest.lib.common.rest_client [req-45705392-bbca-4825-bbd3-186b91e19108 req-45705392-bbca-4825-bbd3-186b91e19108 ] Request (SecurityGroupsNegativeTestJSON:setUpClass): 201 POST http://10.180.1.21/identity/v3/projects 0.031s
2025-04-26 01:37:58.902 70109 INFO tempest.lib.common.rest_client [req-ee097a77-45f2-4dc2-9fd4-2cec0dba136a req-ee097a77-45f2-4dc2-9fd4-2cec0dba136a ] Request (ServersWithSpecificFlavorTestJSON:test_verify_created_server_ephemeral_disk): 200 GET http://10.180.1.21/compute/v2.1/servers/9cc47515-b43f-4b1b-aae0-ccf5a96a2758 1.450s
2025-04-26 01:37:58.925 70111 INFO tempest.lib.common.rest_client [req-bceac7d0-d84b-430a-83e1-305fa1279687 req-bceac7d0-d84b-430a-83e1-305fa1279687 ] Request (SecurityGroupsNegativeTestJSON:setUpClass): 201 POST http://10.180.1.21/identity/v3/users 0.067s
2025-04-26 01:37:58.949 70111 INFO tempest.lib.common.rest_client [req-dea0240e-650f-4471-921a-0fcea006b759 req-dea0240e-650f-4471-921a-0fcea006b759 ] Request (SecurityGroupsNegativeTestJSON:setUpClass): 200 GET http://10.180.1.21/identity/v3/roles 0.023s
2025-04-26 01:37:58.960 70143 INFO tempest.lib.common.rest_client [req-73dd6821-3193-4638-8bc8-7b0346c2710e req-73dd6821-3193-4638-8bc8-7b0346c2710e ] Request (ListServerFiltersTestJSON:setUpClass): 200 GET http://10.180.1.21/compute/v2.1/servers/0d5aaa90-407e-4962-8b22-c0d71d4edce6 1.525s
2025-04-26 01:37:58.983 70111 INFO tempest.lib.common.rest_client [req-b8ea8a53-3596-4472-a795-62882b66de9a req-b8ea8a53-3596-4472-a795-62882b66de9a ] Request (SecurityGroupsNegativeTestJSON:setUpClass): 204 PUT http://10.180.1.21/identity/v3/projects/c9fb61d1a3fa4e35ac39033e4554ac9d/users/34228fd507864ce5a9264ae73b326076/roles/49f76a1e090548ae8eac741065ea54b8 0.033s
2025-04-26 01:37:58.984 70111 INFO tempest.lib.common.dynamic_creds [-] Dynamic test user 34228fd507864ce5a9264ae73b326076 is created with scope project and roles: ['member']
2025-04-26 01:37:58.984 70111 INFO tempest.lib.common.dynamic_creds [-] Acquired dynamic creds: credentials: Credentials: {'domain_id': 'default', 'domain_name': 'Default', 'username': 'tempest-SecurityGroupsNegativeTestJSON-78721902-project-member', 'project_domain_id': 'default', 'project_domain_name': 'Default', 'project_id': 'c9fb61d1a3fa4e35ac39033e4554ac9d', 'project_name': 'tempest-SecurityGroupsNegativeTestJSON-78721902', 'tenant_id': 'c9fb61d1a3fa4e35ac39033e4554ac9d', 'tenant_name': 'tempest-SecurityGroupsNegativeTestJSON-78721902', 'user_domain_id': 'default', 'user_domain_name': 'Default', 'user_id': '34228fd507864ce5a9264ae73b326076', 'system': None}, Network: None, Subnet: None, Router: None
2025-04-26 01:37:58.991 70133 INFO tempest.lib.common.rest_client [req-d4b96354-73ac-427a-a06e-de50d1745a33 req-d4b96354-73ac-427a-a06e-de50d1745a33 ] Request (ListImageFiltersTestJSON:setUpClass): 200 GET http://10.180.1.21/compute/v2.1/servers/b6644a4c-b212-4aee-9621-343c5ece84e0 1.530s
2025-04-26 01:37:59.050 70111 INFO tempest.lib.common.rest_client [req-b307cf2a-503b-4c22-a9ad-0f515c89a58d req-b307cf2a-503b-4c22-a9ad-0f515c89a58d ] Request (SecurityGroupsNegativeTestJSON:setUpClass): 201 POST http://10.180.1.21/identity/v3/auth/tokens 0.066s
2025-04-26 01:37:59.077 70145 INFO tempest.lib.common.rest_client [req-5bd8d3aa-c106-426d-b722-363ea86da6f0 req-5bd8d3aa-c106-426d-b722-363ea86da6f0 ] Request (ServersTestFqdnHostnames:setUpClass): 200 PUT http://10.180.1.21:9696/networking/v2.0/routers/8cab6469-41ca-44d4-95d1-eedf608914da/add_router_interface 2.908s
2025-04-26 01:37:59.077 70145 INFO tempest.lib.common.dynamic_creds [-] Created isolated network resources for: credentials: Credentials: {'domain_id': 'default', 'domain_name': 'Default', 'username': 'tempest-ServersTestFqdnHostnames-746215206-project-member', 'project_domain_id': 'default', 'project_domain_name': 'Default', 'project_id': 'ccaca9f996724ac88e06e041a9a7cfcd', 'project_name': 'tempest-ServersTestFqdnHostnames-746215206', 'tenant_id': 'ccaca9f996724ac88e06e041a9a7cfcd', 'tenant_name': 'tempest-ServersTestFqdnHostnames-746215206', 'user_domain_id': 'default', 'user_domain_name': 'Default', 'user_id': '13e9605dfaf64188accc15a0c2454281', 'system': None}, Network: {'id': 'c891d0a2-1f0a-49f7-9bd4-e80395b55561', 'name': 'tempest-ServersTestFqdnHostnames-1752150368-network', 'tenant_id': 'ccaca9f996724ac88e06e041a9a7cfcd', 'admin_state_up': True, 'mtu': 8950, 'status': 'ACTIVE', 'subnets': [], 'shared': False, 'project_id': 'ccaca9f996724ac88e06e041a9a7cfcd', 'port_security_enabled': True, 'router:external': False, 'provider:network_type': 'vlan', 'provider:physical_network': 'default', 'provider:segmentation_id': 209, 'availability_zone_hints': [], 'availability_zones': [], 'ipv4_address_scope': None, 'ipv6_address_scope': None, 'description': '', 'tags': [], 'created_at': '2025-04-26T01:37:53Z', 'updated_at': '2025-04-26T01:37:53Z', 'revision_number': 1}, Subnet: {'id': 'd56f3227-ec91-407b-8535-241aa724a3d2', 'name': 'tempest-ServersTestFqdnHostnames-1752150368-subnet', 'tenant_id': 'ccaca9f996724ac88e06e041a9a7cfcd', 'network_id': 'c891d0a2-1f0a-49f7-9bd4-e80395b55561', 'ip_version': 4, 'subnetpool_id': None, 'enable_dhcp': True, 'ipv6_ra_mode': None, 'ipv6_address_mode': None, 'gateway_ip': '192.168.128.1', 'cidr': '192.168.128.0/28', 'allocation_pools': [{'start': '192.168.128.2', 'end': '192.168.128.14'}], 'host_routes': [], 'dns_nameservers': [], 'description': '', 'router:external': False, 'service_types': [], 'tags': [], 'created_at': '2025-04-26T01:37:54Z', 'updated_at': '2025-04-26T01:37:54Z', 'revision_number': 0, 'project_id': 'ccaca9f996724ac88e06e041a9a7cfcd'}, Router: {'id': '8cab6469-41ca-44d4-95d1-eedf608914da', 'name': 'tempest-ServersTestFqdnHostnames-1752150368-router', 'tenant_id': 'ccaca9f996724ac88e06e041a9a7cfcd', 'admin_state_up': True, 'status': 'ACTIVE', 'external_gateway_info': {'network_id': '1747e262-0db9-4752-83d1-b32806d4b89e', 'external_fixed_ips': [{'subnet_id': 'ef442d94-c18b-438e-878e-c084a471e322', 'ip_address': '10.180.180.144'}], 'enable_snat': True}, 'description': '', 'availability_zones': [], 'distributed': False, 'ha': False, 'availability_zone_hints': [], 'routes': [], 'flavor_id': None, 'tags': [], 'created_at': '2025-04-26T01:37:54Z', 'updated_at': '2025-04-26T01:37:55Z', 'revision_number': 2, 'project_id': 'ccaca9f996724ac88e06e041a9a7cfcd'}
2025-04-26 01:37:59.113 70153 INFO tempest.lib.common.rest_client [req-3583707e-9952-4f7f-8e58-d6db2929c356 req-3583707e-9952-4f7f-8e58-d6db2929c356 ] Request (ImagesTestJSON:test_create_image_from_stopped_server): 200 GET http://10.180.1.21/compute/v2.1/servers/80c4939f-e928-4027-8789-15aebefa725a 1.453s
2025-04-26 01:37:59.174 70145 INFO tempest.lib.common.rest_client [req-3e87ee57-36e7-4c1b-a266-b254e53b57a2 req-3e87ee57-36e7-4c1b-a266-b254e53b57a2 ] Request (ServersTestFqdnHostnames:setUpClass): 201 POST http://10.180.1.21/identity/v3/auth/tokens 0.093s
2025-04-26 01:37:59.225 70103 INFO tempest.lib.common.rest_client [req-022a6df2-ded4-4156-a3b9-d361cc288cd4 req-022a6df2-ded4-4156-a3b9-d361cc288cd4 ] Request (DeleteServersAdminTestJSON:test_admin_delete_servers_of_others): 200 GET http://10.180.1.21/compute/v2.1/servers/93c56a3e-9744-47b3-b691-b6f28d16351f 1.507s
2025-04-26 01:37:59.257 70107 INFO tempest.lib.common.rest_client [req-c47626d4-ba4b-4546-8b94-44dc21874400 req-c47626d4-ba4b-4546-8b94-44dc21874400 ] Request (VolumesAssistedSnapshotsTest:test_volume_assisted_snapshot_create_delete): 200 GET http://10.180.1.21/compute/v2.1/servers/32d380c2-6ed7-423f-b555-584965ef0110 1.585s
2025-04-26 01:37:59.303 70161 INFO tempest.lib.common.rest_client [req-d18b7a73-fa9a-4073-a2db-4594822b4b68 req-d18b7a73-fa9a-4073-a2db-4594822b4b68 ] Request (ServersTestJSON:setUpClass): 200 GET http://10.180.1.21/compute/v2.1/servers/62e679e6-579b-411a-bbed-3bf35d8829a0 1.551s
2025-04-26 01:37:59.341 70105 INFO tempest.lib.common.rest_client [req-5bd2c944-76f6-43a5-aa4d-2c2cd094f05b req-5bd2c944-76f6-43a5-aa4d-2c2cd094f05b ] Request (InstanceActionsTestJSON:setUpClass): 200 GET http://10.180.1.21/compute/v2.1/servers/a3f4dadf-a9bc-4155-82b7-fb0c24656663 1.500s
2025-04-26 01:37:59.384 70163 INFO tempest.lib.common.rest_client [req-2f6cb29b-c7b5-4bda-861f-3488ee945ee2 req-2f6cb29b-c7b5-4bda-861f-3488ee945ee2 ] Request (AttachInterfacesV270Test:tearDownClass): 200 GET http://10.180.1.21/compute/v2.1/servers/92e9cf6d-d940-4980-bbf4-13e63ee0d3b2 1.504s
2025-04-26 01:37:59.478 70111 INFO tempest.lib.common.rest_client [req-e27bbdcf-dd91-4c46-b434-08c148fc4675 req-e27bbdcf-dd91-4c46-b434-08c148fc4675 ] Request (SecurityGroupsNegativeTestJSON:setUpClass): 201 POST http://10.180.1.21:9696/networking/v2.0/networks 0.428s
2025-04-26 01:37:59.532 70121 INFO tempest.lib.common.rest_client [req-aa787775-b3e6-42d9-abdf-54c5911307c1 req-aa787775-b3e6-42d9-abdf-54c5911307c1 ] Request (AZV2TestJSON:test_get_availability_zone_list_with_non_admin_user): 200 GET http://10.180.1.21/compute/v2.1/os-availability-zone 1.622s
2025-04-26 01:37:59.568 70113 INFO tempest.lib.common.rest_client [req-62ed87bb-e199-4761-9f51-01244016dbd4 req-62ed87bb-e199-4761-9f51-01244016dbd4 ] Request (FlavorsV261TestJSON:_run_cleanups): 200 GET http://10.180.1.21/compute/v2.1/flavors/detail 1.469s
2025-04-26 01:37:59.590 70141 INFO tempest.lib.common.rest_client [req-355bc13c-c615-4727-9e63-ed261a24751e req-355bc13c-c615-4727-9e63-ed261a24751e ] Request (ServersAdminTestJSON:test_create_server_with_scheduling_hint): 200 GET http://10.180.1.21/compute/v2.1/servers/2c17c19e-ea4e-4654-95f0-8daaf19907f4 1.692s
2025-04-26 01:37:59.608 70165 INFO tempest.lib.common.rest_client [req-40ce3d07-4681-4c6c-a880-5b8505e3e7d6 req-40ce3d07-4681-4c6c-a880-5b8505e3e7d6 ] Request (ServerRescueNegativeTestJSON:setUpClass): 200 PUT http://10.180.1.21:9696/networking/v2.0/routers/030b9944-a978-4deb-a82c-862ea2d086b6/add_router_interface 2.922s
2025-04-26 01:37:59.609 70165 INFO tempest.lib.common.dynamic_creds [-] Created isolated network resources for: credentials: Credentials: {'domain_id': 'default', 'domain_name': 'Default', 'username': 'tempest-ServerRescueNegativeTestJSON-1534204294-project-member', 'project_domain_id': 'default', 'project_domain_name': 'Default', 'project_id': '244bddd5823244c295d16fbe94710f2a', 'project_name': 'tempest-ServerRescueNegativeTestJSON-1534204294', 'tenant_id': '244bddd5823244c295d16fbe94710f2a', 'tenant_name': 'tempest-ServerRescueNegativeTestJSON-1534204294', 'user_domain_id': 'default', 'user_domain_name': 'Default', 'user_id': '2a057a5b4d624520bdd67e4b0197a713', 'system': None}, Network: {'id': '32add36a-4590-4263-a8d8-17e232d00e05', 'name': 'tempest-ServerRescueNegativeTestJSON-443661047-network', 'tenant_id': '244bddd5823244c295d16fbe94710f2a', 'admin_state_up': True, 'mtu': 8950, 'status': 'ACTIVE', 'subnets': [], 'shared': False, 'project_id': '244bddd5823244c295d16fbe94710f2a', 'port_security_enabled': True, 'router:external': False, 'provider:network_type': 'vlan', 'provider:physical_network': 'default', 'provider:segmentation_id': 196, 'availability_zone_hints': [], 'availability_zones': [], 'ipv4_address_scope': None, 'ipv6_address_scope': None, 'description': '', 'tags': [], 'created_at': '2025-04-26T01:37:54Z', 'updated_at': '2025-04-26T01:37:54Z', 'revision_number': 1}, Subnet: {'id': 'f3ab7261-4bf2-4658-849d-835098789c47', 'name': 'tempest-ServerRescueNegativeTestJSON-443661047-subnet', 'tenant_id': '244bddd5823244c295d16fbe94710f2a', 'network_id': '32add36a-4590-4263-a8d8-17e232d00e05', 'ip_version': 4, 'subnetpool_id': None, 'enable_dhcp': True, 'ipv6_ra_mode': None, 'ipv6_address_mode': None, 'gateway_ip': '192.168.128.1', 'cidr': '192.168.128.0/28', 'allocation_pools': [{'start': '192.168.128.2', 'end': '192.168.128.14'}], 'host_routes': [], 'dns_nameservers': [], 'description': '', 'router:external': False, 'service_types': [], 'tags': [], 'created_at': '2025-04-26T01:37:54Z', 'updated_at': '2025-04-26T01:37:54Z', 'revision_number': 0, 'project_id': '244bddd5823244c295d16fbe94710f2a'}, Router: {'id': '030b9944-a978-4deb-a82c-862ea2d086b6', 'name': 'tempest-ServerRescueNegativeTestJSON-443661047-router', 'tenant_id': '244bddd5823244c295d16fbe94710f2a', 'admin_state_up': True, 'status': 'ACTIVE', 'external_gateway_info': {'network_id': '1747e262-0db9-4752-83d1-b32806d4b89e', 'external_fixed_ips': [{'subnet_id': 'ef442d94-c18b-438e-878e-c084a471e322', 'ip_address': '10.180.180.180'}], 'enable_snat': True}, 'description': '', 'availability_zones': [], 'distributed': False, 'ha': False, 'availability_zone_hints': [], 'routes': [], 'flavor_id': None, 'tags': [], 'created_at': '2025-04-26T01:37:54Z', 'updated_at': '2025-04-26T01:37:55Z', 'revision_number': 2, 'project_id': '244bddd5823244c295d16fbe94710f2a'}
2025-04-26 01:37:59.639 70149 INFO tempest.lib.common.rest_client [req-1160023c-6c8a-464f-bd5e-2d28c494f1f2 req-1160023c-6c8a-464f-bd5e-2d28c494f1f2 ] Request (ServersTestJSON:test_create_server_specify_multibyte_character_name): 200 GET http://10.180.1.21/compute/v2.1/servers/0c05d8e0-b9df-41c3-89eb-4b0ac6f9fdf5 1.446s
2025-04-26 01:37:59.647 70121 INFO tempest.lib.common.rest_client [req-2f506ed1-d697-4a09-a366-2ad0374e5cf9 req-2f506ed1-d697-4a09-a366-2ad0374e5cf9 ] Request (AZV2TestJSON:tearDownClass): 204 DELETE http://10.180.1.21/identity/v3/users/04bca2e8f6534365a81c4b0dcd3df8a5 0.112s
2025-04-26 01:37:59.647 70121 INFO tempest.lib.common.dynamic_creds [-] Deleting project and security group for project: 43dffa3327c24e22a1809c60ebf9362d
2025-04-26 01:37:59.647 70149 INFO tempest.common.waiters [-] State transition "BUILD/scheduling" ==> "BUILD/None" after 5 second wait
2025-04-26 01:37:59.680 70111 INFO tempest.lib.common.rest_client [req-ea5e6055-0ced-4af6-b7b1-eb6c7b76ab09 req-ea5e6055-0ced-4af6-b7b1-eb6c7b76ab09 ] Request (SecurityGroupsNegativeTestJSON:setUpClass): 201 POST http://10.180.1.21:9696/networking/v2.0/subnets 0.202s
2025-04-26 01:37:59.686 70113 INFO tempest.lib.common.rest_client [req-25de0e75-431d-497e-aab9-52963a9ca103 req-25de0e75-431d-497e-aab9-52963a9ca103 ] Request (FlavorsV261TestJSON:tearDownClass): 204 DELETE http://10.180.1.21/identity/v3/users/ff6d991389f74da2882202e89375bd46 0.108s
2025-04-26 01:37:59.703 70117 INFO tempest.lib.common.rest_client [req-a506b1ac-5777-4060-9167-456312cf9a06 req-a506b1ac-5777-4060-9167-456312cf9a06 ] Request (ServerDiagnosticsNegativeTest:test_get_server_diagnostics_by_non_admin): 200 GET http://10.180.1.21/compute/v2.1/servers/3392f89e-b4f5-4a1d-bfde-81386244da0e 1.158s
2025-04-26 01:37:59.740 70165 INFO tempest.lib.common.rest_client [req-ce0032d5-2c29-4ce3-a92f-31055e4ba5c6 req-ce0032d5-2c29-4ce3-a92f-31055e4ba5c6 ] Request (ServerRescueNegativeTestJSON:setUpClass): 201 POST http://10.180.1.21/identity/v3/auth/tokens 0.128s
2025-04-26 01:37:59.746 70121 INFO tempest.lib.common.rest_client [req-4762796a-d4f7-4518-8924-70547cde0084 req-4762796a-d4f7-4518-8924-70547cde0084 ] Request (AZV2TestJSON:tearDownClass): 201 POST http://10.180.1.21/identity/v3/auth/tokens 0.098s
2025-04-26 01:37:59.802 70155 INFO tempest.lib.common.rest_client [req-6e371ec4-02c8-4ae7-b235-0ef6a1811c08 req-6e371ec4-02c8-4ae7-b235-0ef6a1811c08 ] Request (ServerDiagnosticsTest:test_get_server_diagnostics): 200 GET http://10.180.1.21/compute/v2.1/servers/3389c5e6-23b8-457f-9a79-47acd61a69ce 1.286s
2025-04-26 01:37:59.803 70165 INFO tempest.lib.common.rest_client [req-03e651ff-9ee2-4fdb-969c-344058cf5b6c req-03e651ff-9ee2-4fdb-969c-344058cf5b6c ] Request (ServerRescueNegativeTestJSON:setUpClass): 201 POST http://10.180.1.21/identity/v3/auth/tokens 0.059s
2025-04-26 01:37:59.804 70165 INFO tempest.lib.common.fixed_network [-] (ServerRescueNegativeTestJSON:setUpClass) Found network {'id': '32add36a-4590-4263-a8d8-17e232d00e05', 'name': 'tempest-ServerRescueNegativeTestJSON-443661047-network', 'tenant_id': '244bddd5823244c295d16fbe94710f2a', 'admin_state_up': True, 'mtu': 8950, 'status': 'ACTIVE', 'subnets': [], 'shared': False, 'project_id': '244bddd5823244c295d16fbe94710f2a', 'port_security_enabled': True, 'router:external': False, 'provider:network_type': 'vlan', 'provider:physical_network': 'default', 'provider:segmentation_id': 196, 'availability_zone_hints': [], 'availability_zones': [], 'ipv4_address_scope': None, 'ipv6_address_scope': None, 'description': '', 'tags': [], 'created_at': '2025-04-26T01:37:54Z', 'updated_at': '2025-04-26T01:37:54Z', 'revision_number': 1} available for tenant
2025-04-26 01:37:59.808 70115 INFO tempest.lib.common.rest_client [req-4027139e-b1c7-4bb2-80d8-8655b5953131 req-4027139e-b1c7-4bb2-80d8-8655b5953131 ] Request (ImagesNegativeTestJSON:test_create_image_from_deleted_server): 204 DELETE http://10.180.1.21/compute/v2.1/servers/cb792760-6b35-4299-9fca-6412fa62312c 1.263s
2025-04-26 01:37:59.814 70155 INFO tempest.common.waiters [-] State transition "BUILD/networking" ==> "BUILD/spawning" after 25 second wait
2025-04-26 01:37:59.820 70119 INFO tempest.lib.common.rest_client [req-c8e5a110-66bc-48a4-bf80-3c5e3b38db01 req-c8e5a110-66bc-48a4-bf80-3c5e3b38db01 ] Request (AggregatesAdminNegativeTestJSON:test_aggregate_get_details_as_user): 403 GET http://10.180.1.21/compute/v2.1/os-aggregates/6 1.238s
2025-04-26 01:37:59.838 70113 INFO tempest.lib.common.rest_client [req-1f3b5926-071c-470f-8169-409f0cc79ff3 req-1f3b5926-071c-470f-8169-409f0cc79ff3 ] Request (FlavorsV261TestJSON:tearDownClass): 204 DELETE http://10.180.1.21/identity/v3/users/a2ed643d48fd4fa7856d08048fd758f0 0.151s
2025-04-26 01:37:59.838 70113 INFO tempest.lib.common.dynamic_creds [-] Deleting project and security group for project: 3c2cdfbe540e44109b2b269aed9b14f1
