2025-04-26 01:37:16.821 70133 INFO tempest.lib.common.dynamic_creds [-] Acquired dynamic creds: credentials: Credentials: {'domain_id': 'default', 'domain_name': 'Default', 'username': 'tempest-ListImageFiltersTestJSON-2080667869-project-member', 'project_domain_id': 'default', 'project_domain_name': 'Default', 'project_id': 'd4299685477c4feca8f0b198fded7a28', 'project_name': 'tempest-ListImageFiltersTestJSON-2080667869', 'tenant_id': 'd4299685477c4feca8f0b198fded7a28', 'tenant_name': 'tempest-ListImageFiltersTestJSON-2080667869', 'user_domain_id': 'default', 'user_domain_name': 'Default', 'user_id': '7a74ddf6ef0747ca8f59d1e6f90d47ad', 'system': None}, Network: None, Subnet: None, Router: None
2025-04-26 01:37:16.821 70133 INFO tempest.lib.common.dynamic_creds [-] Created isolated network resources for: credentials: Credentials: {'domain_id': 'default', 'domain_name': 'Default', 'username': 'tempest-ListImageFiltersTestJSON-2080667869-project-member', 'project_domain_id': 'default', 'project_domain_name': 'Default', 'project_id': 'd4299685477c4feca8f0b198fded7a28', 'project_name': 'tempest-ListImageFiltersTestJSON-2080667869', 'tenant_id': 'd4299685477c4feca8f0b198fded7a28', 'tenant_name': 'tempest-ListImageFiltersTestJSON-2080667869', 'user_domain_id': 'default', 'user_domain_name': 'Default', 'user_id': '7a74ddf6ef0747ca8f59d1e6f90d47ad', 'system': None}, Network: None, Subnet: None, Router: None
2025-04-26 01:37:16.870 70109 INFO tempest.lib.common.rest_client [req-816608dd-5c6a-4db8-b431-181e22181e55 req-816608dd-5c6a-4db8-b431-181e22181e55 ] Request (ServersWithSpecificFlavorTestJSON:setUpClass): 201 POST http://10.180.1.21:9696/networking/v2.0/routers 0.806s
2025-04-26 01:37:16.891 70133 INFO tempest.lib.common.rest_client [req-c3b05a67-85d4-4b5a-930e-42ee8595609b req-c3b05a67-85d4-4b5a-930e-42ee8595609b ] Request (ListImageFiltersTestJSON:setUpClass): 201 POST http://10.180.1.21/identity/v3/auth/tokens 0.066s
2025-04-26 01:37:17.011 70129 INFO tempest.lib.common.rest_client [req-eb52b2ac-f54d-41f8-85bc-94177778c4ff req-eb52b2ac-f54d-41f8-85bc-94177778c4ff ] Request (QuotasAdminTestV257:test_get_updated_quotas): 200 PUT http://10.180.1.21/compute/v2.1/os-quota-sets/50babd0f7ffd47149131bd6e1848a0f7 2.814s
2025-04-26 01:37:17.075 70117 INFO tempest.lib.common.rest_client [req-c40965f6-7cc1-45a1-8c2f-bf1d2ec169a6 req-c40965f6-7cc1-45a1-8c2f-bf1d2ec169a6 ] Request (KeyPairsV210TestJSON:test_admin_manage_keypairs_for_other_users): 201 POST http://10.180.1.21/compute/v2.1/os-keypairs 2.696s
2025-04-26 01:37:17.082 70107 INFO tempest.lib.common.rest_client [req-11e63a15-8b1e-4f14-84bb-3f448c919cc7 req-11e63a15-8b1e-4f14-84bb-3f448c919cc7 ] Request (VolumesAssistedSnapshotsTest:setUpClass): 201 POST http://10.180.1.21:9696/networking/v2.0/routers 1.088s
2025-04-26 01:37:17.190 70103 INFO tempest.lib.common.rest_client [req-e006f71a-0c5c-45c5-81e3-3a66bb007e54 req-e006f71a-0c5c-45c5-81e3-3a66bb007e54 ] Request (DeleteServersAdminTestJSON:test_admin_delete_servers_of_others): 202 POST http://10.180.1.21/compute/v2.1/servers 3.292s
2025-04-26 01:37:17.224 70119 INFO tempest.lib.common.rest_client [req-d361a177-63db-4698-a56a-e4e327df4f5d req-d361a177-63db-4698-a56a-e4e327df4f5d ] Request (AggregatesAdminNegativeTestJSON:test_aggregate_add_existent_host): 200 POST http://10.180.1.21/compute/v2.1/os-aggregates 2.493s
2025-04-26 01:37:17.319 70125 INFO tempest.lib.common.rest_client [req-6602849c-7f3b-435d-8767-3e9631156fd7 req-6602849c-7f3b-435d-8767-3e9631156fd7 ] Request (FlavorsAccessNegativeTestJSON:test_add_flavor_access_duplicate): 200 POST http://10.180.1.21/compute/v2.1/flavors 2.496s
2025-04-26 01:37:17.429 70133 INFO tempest.lib.common.rest_client [req-c45449aa-8f1b-444b-a64e-41ed2ce839e9 req-c45449aa-8f1b-444b-a64e-41ed2ce839e9 ] Request (ListImageFiltersTestJSON:setUpClass): 201 POST http://10.180.1.21/image/v2/images 0.536s
2025-04-26 01:37:17.452 70131 INFO tempest.lib.common.rest_client [req-8c00e109-4e86-4f3f-b0a8-ee0229ede02e req-8c00e109-4e86-4f3f-b0a8-ee0229ede02e ] Request (FlavorsAccessTestJSON:test_flavor_access_add_remove): 200 POST http://10.180.1.21/compute/v2.1/flavors/378457873/action 2.423s
2025-04-26 01:37:17.468 70105 INFO tempest.lib.common.rest_client [req-b84b99fe-bd77-47f7-a394-e2df07ae0a05 req-b84b99fe-bd77-47f7-a394-e2df07ae0a05 ] Request (ServicesAdminNegativeTestJSON:test_get_service_by_invalid_service_and_valid_host): 200 GET http://10.180.1.21/compute/v2.1/os-services 2.410s
2025-04-26 01:37:17.511 70123 INFO tempest.lib.common.rest_client [req-28fda351-6ecb-4318-b944-0b262cf79215 req-28fda351-6ecb-4318-b944-0b262cf79215 ] Request (ImagesMetadataTestJSON:setUpClass): 200 GET http://10.180.1.21/compute/v2.1/images/57ea3258-4068-4479-9813-0c374701fe1e 2.225s
2025-04-26 01:37:17.622 70141 INFO tempest.lib.common.rest_client [req-791f7596-79ba-4eac-b36a-a5b1d2862b43 req-791f7596-79ba-4eac-b36a-a5b1d2862b43 ] Request (ServersAdminTestJSON:setUpClass): 201 POST http://10.180.1.21:9696/networking/v2.0/routers 1.229s
2025-04-26 01:37:17.647 70111 INFO tempest.lib.common.rest_client [req-c0ce3ed6-9737-440b-894a-580d291b6910 req-c0ce3ed6-9737-440b-894a-580d291b6910 ] Request (QuotasAdminNegativeTest:test_create_server_when_cpu_quota_is_full): 200 PUT http://10.180.1.21/compute/v2.1/os-quota-sets/31f400c728864032adc9a6387af68ee9 1.955s
2025-04-26 01:37:17.721 70111 INFO tempest.lib.common.rest_client [req-3a46658a-9db4-4b76-a9d1-ba492f87c7a8 req-3a46658a-9db4-4b76-a9d1-ba492f87c7a8 ] Request (QuotasAdminNegativeTest:test_create_server_when_cpu_quota_is_full): 201 POST http://10.180.1.21/identity/v3/auth/tokens 0.063s
2025-04-26 01:37:17.721 70111 INFO tempest.lib.common.fixed_network [-] (QuotasAdminNegativeTest:test_create_server_when_cpu_quota_is_full) Found network None available for tenant
2025-04-26 01:37:17.898 70163 INFO tempest.lib.common.rest_client [req-26b4efd7-05ef-478f-abb0-95425cc24524 req-26b4efd7-05ef-478f-abb0-95425cc24524 ] Request (AttachInterfacesV270Test:test_create_get_list_interfaces): 202 POST http://10.180.1.21/compute/v2.1/servers 3.387s
2025-04-26 01:37:17.949 70127 INFO tempest.lib.common.rest_client [req-b540d93c-d9b6-44bf-a68e-fa0191f5a4d8 req-b540d93c-d9b6-44bf-a68e-fa0191f5a4d8 ] Request (ServerExternalEventsTest:test_create_server_external_events): 202 POST http://10.180.1.21/compute/v2.1/servers 2.175s
2025-04-26 01:37:17.976 70145 INFO tempest.lib.common.rest_client [req-2dc51831-5f58-4a59-846d-4e4b4a313277 req-2dc51831-5f58-4a59-846d-4e4b4a313277 ] Request (HostsAdminNegativeTestJSON:test_list_hosts_with_non_admin_user): 403 GET http://10.180.1.21/compute/v2.1/os-hosts 2.127s
2025-04-26 01:37:18.120 70109 INFO tempest.lib.common.rest_client [req-9664eb38-9602-4fbf-82f9-282859d139da req-9664eb38-9602-4fbf-82f9-282859d139da ] Request (ServersWithSpecificFlavorTestJSON:setUpClass): 200 PUT http://10.180.1.21:9696/networking/v2.0/routers/9c7ef846-6a45-42ea-b98d-ca91a0a84489/add_router_interface 1.249s
2025-04-26 01:37:18.120 70109 INFO tempest.lib.common.dynamic_creds [-] Created isolated network resources for: credentials: Credentials: {'domain_id': 'default', 'domain_name': 'Default', 'username': 'tempest-ServersWithSpecificFlavorTestJSON-1427428484-project-admin', 'project_domain_id': 'default', 'project_domain_name': 'Default', 'project_id': '808b3a7877704bc6b587b466de6cf69f', 'project_name': 'tempest-ServersWithSpecificFlavorTestJSON-1427428484', 'tenant_id': '808b3a7877704bc6b587b466de6cf69f', 'tenant_name': 'tempest-ServersWithSpecificFlavorTestJSON-1427428484', 'user_domain_id': 'default', 'user_domain_name': 'Default', 'user_id': '1727c75d62c0499b94ba17fd7f7dbcdc', 'system': None}, Network: {'id': 'c8c0163b-2d1d-4efb-ad62-70440762c2b0', 'name': 'tempest-ServersWithSpecificFlavorTestJSON-1639737397-network', 'tenant_id': '808b3a7877704bc6b587b466de6cf69f', 'admin_state_up': True, 'mtu': 8950, 'status': 'ACTIVE', 'subnets': [], 'shared': False, 'project_id': '808b3a7877704bc6b587b466de6cf69f', 'port_security_enabled': True, 'router:external': False, 'provider:network_type': 'vlan', 'provider:physical_network': 'default', 'provider:segmentation_id': 78, 'availability_zone_hints': [], 'availability_zones': [], 'ipv4_address_scope': None, 'ipv6_address_scope': None, 'description': '', 'tags': [], 'created_at': '2025-04-26T01:37:15Z', 'updated_at': '2025-04-26T01:37:15Z', 'revision_number': 1}, Subnet: {'id': '1a4e7dbc-3fef-4cb2-a4f3-9db7e4b4d534', 'name': 'tempest-ServersWithSpecificFlavorTestJSON-1639737397-subnet', 'tenant_id': '808b3a7877704bc6b587b466de6cf69f', 'network_id': 'c8c0163b-2d1d-4efb-ad62-70440762c2b0', 'ip_version': 4, 'subnetpool_id': None, 'enable_dhcp': True, 'ipv6_ra_mode': None, 'ipv6_address_mode': None, 'gateway_ip': '192.168.128.1', 'cidr': '192.168.128.0/28', 'allocation_pools': [{'start': '192.168.128.2', 'end': '192.168.128.14'}], 'host_routes': [], 'dns_nameservers': [], 'description': '', 'router:external': False, 'service_types': [], 'tags': [], 'created_at': '2025-04-26T01:37:15Z', 'updated_at': '2025-04-26T01:37:15Z', 'revision_number': 0, 'project_id': '808b3a7877704bc6b587b466de6cf69f'}, Router: {'id': '9c7ef846-6a45-42ea-b98d-ca91a0a84489', 'name': 'tempest-ServersWithSpecificFlavorTestJSON-1639737397-router', 'tenant_id': '808b3a7877704bc6b587b466de6cf69f', 'admin_state_up': True, 'status': 'ACTIVE', 'external_gateway_info': {'network_id': '1747e262-0db9-4752-83d1-b32806d4b89e', 'external_fixed_ips': [{'subnet_id': 'ef442d94-c18b-438e-878e-c084a471e322', 'ip_address': '10.180.180.138'}], 'enable_snat': True}, 'description': '', 'availability_zones': [], 'distributed': False, 'ha': False, 'availability_zone_hints': [], 'routes': [], 'flavor_id': None, 'tags': [], 'created_at': '2025-04-26T01:37:16Z', 'updated_at': '2025-04-26T01:37:16Z', 'revision_number': 2, 'project_id': '808b3a7877704bc6b587b466de6cf69f'}
2025-04-26 01:37:18.130 70115 INFO tempest.lib.common.rest_client [req-a74965af-589c-4b62-8955-35966f133afa req-a74965af-589c-4b62-8955-35966f133afa ] Request (HypervisorAdminV228Test:test_get_list_hypervisor_details): 200 GET http://10.180.1.21/compute/v2.1/os-hypervisors 2.113s
2025-04-26 01:37:18.171 70113 INFO tempest.lib.common.rest_client [req-4a36ffd0-f8df-4d5e-b1a1-5b4136829f08 req-4a36ffd0-f8df-4d5e-b1a1-5b4136829f08 ] Request (FlavorsExtraSpecsTestJSON:test_flavor_non_admin_get_all_keys): 200 POST http://10.180.1.21/compute/v2.1/flavors/418849986/os-extra_specs 2.094s
2025-04-26 01:37:18.248 70157 INFO tempest.lib.common.rest_client [req-c1d3bc49-18d2-4b88-b5d6-5d54b6589ee2 req-c1d3bc49-18d2-4b88-b5d6-5d54b6589ee2 ] Request (FloatingIPsTestJSON:test_allocate_floating_ip): 200 GET http://10.180.1.21/compute/v2.1/os-floating-ips/edeba02a-6538-461d-80fb-bd91947f15a4 2.392s
2025-04-26 01:37:18.265 70109 INFO tempest.lib.common.rest_client [req-4a372920-51d6-485a-9922-65c30df95ff9 req-4a372920-51d6-485a-9922-65c30df95ff9 ] Request (ServersWithSpecificFlavorTestJSON:setUpClass): 201 POST http://10.180.1.21/identity/v3/auth/tokens 0.142s
2025-04-26 01:37:18.273 70161 INFO tempest.lib.common.rest_client [req-a36cf10a-45d7-488f-8092-cf8044f13a81 req-a36cf10a-45d7-488f-8092-cf8044f13a81 ] Request (FlavorsAdminTestJSON:_run_cleanups): 202 DELETE http://10.180.1.21/compute/v2.1/flavors/574522566 2.142s
2025-04-26 01:37:18.280 70159 INFO tempest.lib.common.rest_client [req-5a64b9b2-a2c5-4f51-9801-ff4bd33b6eab req-5a64b9b2-a2c5-4f51-9801-ff4bd33b6eab ] Request (FlavorsExtraSpecsNegativeTestJSON:test_flavor_get_nonexistent_key): 404 GET http://10.180.1.21/compute/v2.1/flavors/664160077/os-extra_specs/hw:cpu_thread_policy 2.179s
2025-04-26 01:37:18.348 70153 INFO tempest.lib.common.rest_client [req-c4d24b6b-8222-4d50-9d3b-52d1afd5f2f1 req-c4d24b6b-8222-4d50-9d3b-52d1afd5f2f1 ] Request (InstanceUsageAuditLogNegativeTestJSON:test_instance_usage_audit_logs_with_nonadmin_user): 403 GET http://10.180.1.21/compute/v2.1/os-instance_usage_audit_log 2.077s
2025-04-26 01:37:18.378 70149 INFO tempest.lib.common.rest_client [req-d65ca3e9-0d15-4162-9523-92a5be806809 req-d65ca3e9-0d15-4162-9523-92a5be806809 ] Request (HypervisorAdminV253TestBase:test_list_show_detail_hypervisors): 200 GET http://10.180.1.21/compute/v2.1/os-hypervisors?with_servers=True 1.868s
2025-04-26 01:37:18.399 70135 INFO tempest.lib.common.rest_client [req-cae086fe-2df0-44c7-96d3-67dd505d9ecc req-cae086fe-2df0-44c7-96d3-67dd505d9ecc ] Request (FlavorsV255TestJSON:test_crud_flavor): 200 GET http://10.180.1.21/compute/v2.1/flavors/detail 1.850s
2025-04-26 01:37:18.404 70107 INFO tempest.lib.common.rest_client [req-56603c94-f272-4b23-9157-6f18874c636b req-56603c94-f272-4b23-9157-6f18874c636b ] Request (VolumesAssistedSnapshotsTest:setUpClass): 200 PUT http://10.180.1.21:9696/networking/v2.0/routers/d133124a-8c64-441e-848c-4ec357a6f1c9/add_router_interface 1.321s
2025-04-26 01:37:18.404 70107 INFO tempest.lib.common.dynamic_creds [-] Created isolated network resources for: credentials: Credentials: {'domain_id': 'default', 'domain_name': 'Default', 'username': 'tempest-VolumesAssistedSnapshotsTest-1349072092-project-admin', 'project_domain_id': 'default', 'project_domain_name': 'Default', 'project_id': 'a7391285784b43b3a56432fe27c82cf2', 'project_name': 'tempest-VolumesAssistedSnapshotsTest-1349072092', 'tenant_id': 'a7391285784b43b3a56432fe27c82cf2', 'tenant_name': 'tempest-VolumesAssistedSnapshotsTest-1349072092', 'user_domain_id': 'default', 'user_domain_name': 'Default', 'user_id': 'bc98ad66e90e4677b25fb69df397a46d', 'system': None}, Network: {'id': '0f3da49a-bf54-4ef2-820d-b1978803d3ef', 'name': 'tempest-VolumesAssistedSnapshotsTest-2053062027-network', 'tenant_id': 'a7391285784b43b3a56432fe27c82cf2', 'admin_state_up': True, 'mtu': 8950, 'status': 'ACTIVE', 'subnets': [], 'shared': False, 'project_id': 'a7391285784b43b3a56432fe27c82cf2', 'port_security_enabled': True, 'router:external': False, 'provider:network_type': 'vlan', 'provider:physical_network': 'default', 'provider:segmentation_id': 548, 'availability_zone_hints': [], 'availability_zones': [], 'ipv4_address_scope': None, 'ipv6_address_scope': None, 'description': '', 'tags': [], 'created_at': '2025-04-26T01:37:15Z', 'updated_at': '2025-04-26T01:37:15Z', 'revision_number': 1}, Subnet: {'id': '228c880b-a6a0-459e-bcb7-7c477b4965ba', 'name': 'tempest-VolumesAssistedSnapshotsTest-2053062027-subnet', 'tenant_id': 'a7391285784b43b3a56432fe27c82cf2', 'network_id': '0f3da49a-bf54-4ef2-820d-b1978803d3ef', 'ip_version': 4, 'subnetpool_id': None, 'enable_dhcp': True, 'ipv6_ra_mode': None, 'ipv6_address_mode': None, 'gateway_ip': '192.168.128.1', 'cidr': '192.168.128.0/28', 'allocation_pools': [{'start': '192.168.128.2', 'end': '192.168.128.14'}], 'host_routes': [], 'dns_nameservers': [], 'description': '', 'router:external': False, 'service_types': [], 'tags': [], 'created_at': '2025-04-26T01:37:15Z', 'updated_at': '2025-04-26T01:37:15Z', 'revision_number': 0, 'project_id': 'a7391285784b43b3a56432fe27c82cf2'}, Router: {'id': 'd133124a-8c64-441e-848c-4ec357a6f1c9', 'name': 'tempest-VolumesAssistedSnapshotsTest-2053062027-router', 'tenant_id': 'a7391285784b43b3a56432fe27c82cf2', 'admin_state_up': True, 'status': 'ACTIVE', 'external_gateway_info': {'network_id': '1747e262-0db9-4752-83d1-b32806d4b89e', 'external_fixed_ips': [{'subnet_id': 'ef442d94-c18b-438e-878e-c084a471e322', 'ip_address': '10.180.180.224'}], 'enable_snat': True}, 'description': '', 'availability_zones': [], 'distributed': False, 'ha': False, 'availability_zone_hints': [], 'routes': [], 'flavor_id': None, 'tags': [], 'created_at': '2025-04-26T01:37:16Z', 'updated_at': '2025-04-26T01:37:16Z', 'revision_number': 2, 'project_id': 'a7391285784b43b3a56432fe27c82cf2'}
2025-04-26 01:37:18.418 70143 INFO tempest.lib.common.rest_client [req-c8b25edb-b03f-442c-aa04-41bf9285e7f6 req-c8b25edb-b03f-442c-aa04-41bf9285e7f6 ] Request (InstanceUsageAuditLogTestJSON:test_list_instance_usage_audit_logs): 200 GET http://10.180.1.21/compute/v2.1/os-instance_usage_audit_log 1.808s
2025-04-26 01:37:18.514 70155 INFO tempest.lib.common.rest_client [req-e09c946b-3b53-4d3d-b2f4-cba36df043c6 req-e09c946b-3b53-4d3d-b2f4-cba36df043c6 ] Request (HypervisorAdminNegativeUnderV252Test:test_search_hypervisor_with_non_admin_user): 200 GET http://10.180.1.21/compute/v2.1/os-hypervisors 1.869s
2025-04-26 01:37:18.520 70107 INFO tempest.lib.common.rest_client [req-e5ef9188-aee8-41f8-a860-45e3630a60f6 req-e5ef9188-aee8-41f8-a860-45e3630a60f6 ] Request (VolumesAssistedSnapshotsTest:setUpClass): 201 POST http://10.180.1.21/identity/v3/auth/tokens 0.113s
2025-04-26 01:37:18.627 70143 INFO tempest.lib.common.rest_client [req-a78b336c-bde1-4c6b-abfe-227d0bd21c1a req-a78b336c-bde1-4c6b-abfe-227d0bd21c1a ] Request (InstanceUsageAuditLogTestJSON:tearDownClass): 204 DELETE http://10.180.1.21/identity/v3/users/d7a52649a77a44bc9029071b6c33eda9 0.204s
2025-04-26 01:37:18.649 70121 INFO tempest.lib.common.rest_client [req-ef7f1005-cca7-4fc3-9d3d-840602b016b5 req-ef7f1005-cca7-4fc3-9d3d-840602b016b5 ] Request (SecurityGroupsTestAdminJSON:test_list_security_groups_list_all_tenants_filter): 200 POST http://10.180.1.21/compute/v2.1/os-security-groups 2.238s
2025-04-26 01:37:18.676 70147 INFO tempest.lib.common.rest_client [req-703ef4a1-da2e-4c6c-a091-b81fcb9ded85 req-703ef4a1-da2e-4c6c-a091-b81fcb9ded85 ] Request (HostsAdminTestJSON:test_list_hosts_with_a_blank_zone): 200 GET http://10.180.1.21/compute/v2.1/os-hosts?zone= 1.862s
2025-04-26 01:37:18.712 70107 INFO tempest.lib.common.rest_client [req-85f94d1b-38d9-40e9-97da-d94a1a85a5ed req-85f94d1b-38d9-40e9-97da-d94a1a85a5ed ] Request (VolumesAssistedSnapshotsTest:setUpClass): 201 POST http://10.180.1.21/identity/v3/projects 0.191s
2025-04-26 01:37:18.776 70137 INFO tempest.lib.common.rest_client [req-e164a2b5-b521-4ab9-b9c4-8768b111f26b req-e164a2b5-b521-4ab9-b9c4-8768b111f26b ] Request (MigrationsAdminTest:test_list_migrations): 200 GET http://10.180.1.21/compute/v2.1/os-migrations 2.067s
2025-04-26 01:37:18.790 70117 INFO tempest.lib.common.rest_client [req-5f3caa44-0701-4973-8d41-81b5e3c5b9e4 req-5f3caa44-0701-4973-8d41-81b5e3c5b9e4 ] Request (KeyPairsV210TestJSON:test_admin_manage_keypairs_for_other_users): 200 GET http://10.180.1.21/compute/v2.1/os-keypairs/tempest-keypair-373454993?user_id=aadd905d8f104498a06ea44044770045 1.709s
2025-04-26 01:37:18.845 70107 INFO tempest.lib.common.rest_client [req-62737b8f-0c2c-448e-904e-444aba26b6fd req-62737b8f-0c2c-448e-904e-444aba26b6fd ] Request (VolumesAssistedSnapshotsTest:setUpClass): 201 POST http://10.180.1.21/identity/v3/users 0.131s
2025-04-26 01:37:18.868 70143 INFO tempest.lib.common.rest_client [req-7aaac0fc-8f3e-4955-94f5-eae14e86cf11 req-7aaac0fc-8f3e-4955-94f5-eae14e86cf11 ] Request (InstanceUsageAuditLogTestJSON:tearDownClass): 204 DELETE http://10.180.1.21/identity/v3/users/8f70b97a80be40da8591ddac4c1c2301 0.240s
2025-04-26 01:37:18.869 70143 INFO tempest.lib.common.dynamic_creds [-] Deleting project and security group for project: 453d48da0ef1492c8f1b3176de3e1aa8
2025-04-26 01:37:18.896 70141 INFO tempest.lib.common.rest_client [req-067f176a-6c59-4b32-8181-04b88f098379 req-067f176a-6c59-4b32-8181-04b88f098379 ] Request (ServersAdminTestJSON:setUpClass): 200 PUT http://10.180.1.21:9696/networking/v2.0/routers/3c5500e1-e450-4384-b04f-d52b89aa4320/add_router_interface 1.273s
2025-04-26 01:37:18.896 70141 INFO tempest.lib.common.dynamic_creds [-] Created isolated network resources for: credentials: Credentials: {'domain_id': 'default', 'domain_name': 'Default', 'username': 'tempest-ServersAdminTestJSON-1094773014-project-admin', 'project_domain_id': 'default', 'project_domain_name': 'Default', 'project_id': '80a0bde485124813b4e7d19e49efb3dc', 'project_name': 'tempest-ServersAdminTestJSON-1094773014', 'tenant_id': '80a0bde485124813b4e7d19e49efb3dc', 'tenant_name': 'tempest-ServersAdminTestJSON-1094773014', 'user_domain_id': 'default', 'user_domain_name': 'Default', 'user_id': '5735fae3fd39431abd95e5b3db203b27', 'system': None}, Network: {'id': '1fa0e229-f218-4a39-af97-bb61875dc434', 'name': 'tempest-ServersAdminTestJSON-1240347336-network', 'tenant_id': '80a0bde485124813b4e7d19e49efb3dc', 'admin_state_up': True, 'mtu': 8950, 'status': 'ACTIVE', 'subnets': [], 'shared': False, 'project_id': '80a0bde485124813b4e7d19e49efb3dc', 'port_security_enabled': True, 'router:external': False, 'provider:network_type': 'vlan', 'provider:physical_network': 'default', 'provider:segmentation_id': 657, 'availability_zone_hints': [], 'availability_zones': [], 'ipv4_address_scope': None, 'ipv6_address_scope': None, 'description': '', 'tags': [], 'created_at': '2025-04-26T01:37:15Z', 'updated_at': '2025-04-26T01:37:15Z', 'revision_number': 1}, Subnet: {'id': '3325610e-fa85-49c1-8a62-961349d7a7c0', 'name': 'tempest-ServersAdminTestJSON-1240347336-subnet', 'tenant_id': '80a0bde485124813b4e7d19e49efb3dc', 'network_id': '1fa0e229-f218-4a39-af97-bb61875dc434', 'ip_version': 4, 'subnetpool_id': None, 'enable_dhcp': True, 'ipv6_ra_mode': None, 'ipv6_address_mode': None, 'gateway_ip': '192.168.128.1', 'cidr': '192.168.128.0/28', 'allocation_pools': [{'start': '192.168.128.2', 'end': '192.168.128.14'}], 'host_routes': [], 'dns_nameservers': [], 'description': '', 'router:external': False, 'service_types': [], 'tags': [], 'created_at': '2025-04-26T01:37:16Z', 'updated_at': '2025-04-26T01:37:16Z', 'revision_number': 0, 'project_id': '80a0bde485124813b4e7d19e49efb3dc'}, Router: {'id': '3c5500e1-e450-4384-b04f-d52b89aa4320', 'name': 'tempest-ServersAdminTestJSON-1240347336-router', 'tenant_id': '80a0bde485124813b4e7d19e49efb3dc', 'admin_state_up': True, 'status': 'ACTIVE', 'external_gateway_info': {'network_id': '1747e262-0db9-4752-83d1-b32806d4b89e', 'external_fixed_ips': [{'subnet_id': 'ef442d94-c18b-438e-878e-c084a471e322', 'ip_address': '10.180.180.159'}], 'enable_snat': True}, 'description': '', 'availability_zones': [], 'distributed': False, 'ha': False, 'availability_zone_hints': [], 'routes': [], 'flavor_id': None, 'tags': [], 'created_at': '2025-04-26T01:37:16Z', 'updated_at': '2025-04-26T01:37:17Z', 'revision_number': 2, 'project_id': '80a0bde485124813b4e7d19e49efb3dc'}
2025-04-26 01:37:18.916 70103 INFO tempest.lib.common.rest_client [req-629cfa55-b82b-4f19-9db8-9d57fb91c4ba req-629cfa55-b82b-4f19-9db8-9d57fb91c4ba ] Request (DeleteServersAdminTestJSON:test_admin_delete_servers_of_others): 200 GET http://10.180.1.21/compute/v2.1/servers/93c56a3e-9744-47b3-b691-b6f28d16351f 1.723s
2025-04-26 01:37:18.919 70137 INFO tempest.lib.common.rest_client [req-e5b8ddf4-c56f-4a90-babb-db47ba5001a9 req-e5b8ddf4-c56f-4a90-babb-db47ba5001a9 ] Request (MigrationsAdminTest:test_list_migrations_in_flavor_resize_situation): 201 POST http://10.180.1.21/identity/v3/auth/tokens 0.133s
2025-04-26 01:37:18.920 70137 INFO tempest.lib.common.fixed_network [-] (MigrationsAdminTest:test_list_migrations_in_flavor_resize_situation) Found network None available for tenant
2025-04-26 01:37:18.971 70107 INFO tempest.lib.common.rest_client [req-8cda7308-eec9-4364-aff4-00a76f2d0e26 req-8cda7308-eec9-4364-aff4-00a76f2d0e26 ] Request (VolumesAssistedSnapshotsTest:setUpClass): 200 GET http://10.180.1.21/identity/v3/roles 0.126s
2025-04-26 01:37:18.998 70143 INFO tempest.lib.common.rest_client [req-fea20ad6-5a72-46c0-9a60-d8b05126613d req-fea20ad6-5a72-46c0-9a60-d8b05126613d ] Request (InstanceUsageAuditLogTestJSON:tearDownClass): 201 POST http://10.180.1.21/identity/v3/auth/tokens 0.129s
2025-04-26 01:37:19.032 70129 INFO tempest.lib.common.rest_client [req-e54cb759-603f-4bf0-9729-da73b97ac2b9 req-e54cb759-603f-4bf0-9729-da73b97ac2b9 ] Request (QuotasAdminTestV257:test_get_updated_quotas): 200 GET http://10.180.1.21/compute/v2.1/os-quota-sets/50babd0f7ffd47149131bd6e1848a0f7/detail 2.018s
2025-04-26 01:37:19.071 70141 INFO tempest.lib.common.rest_client [req-fc2171f5-aa08-4491-b71e-527fe0c80db9 req-fc2171f5-aa08-4491-b71e-527fe0c80db9 ] Request (ServersAdminTestJSON:setUpClass): 201 POST http://10.180.1.21/identity/v3/auth/tokens 0.173s
2025-04-26 01:37:19.126 70107 INFO tempest.lib.common.rest_client [req-81e75628-3f0a-4e03-ab70-d2281149ec50 req-81e75628-3f0a-4e03-ab70-d2281149ec50 ] Request (VolumesAssistedSnapshotsTest:setUpClass): 204 PUT http://10.180.1.21/identity/v3/projects/b57fdc49e985479dbd62e589a1869713/users/fcfe81d9cdbf4a8eb3c62d4fac1b4f5b/roles/f84f92cce7b342b29bfe810d4f6c965e 0.154s
2025-04-26 01:37:19.171 70129 INFO tempest.lib.common.rest_client [req-9bc727ae-70b2-450c-bb61-8aca34ddd675 req-9bc727ae-70b2-450c-bb61-8aca34ddd675 ] Request (QuotasAdminTestV257:test_get_updated_quotas): 200 GET http://10.180.1.21/identity/v3/domains?name=Default 0.132s
2025-04-26 01:37:19.249 70141 INFO tempest.lib.common.rest_client [req-c8a0f097-2dbb-47f0-bc71-473afa8923e7 req-c8a0f097-2dbb-47f0-bc71-473afa8923e7 ] Request (ServersAdminTestJSON:setUpClass): 201 POST http://10.180.1.21/identity/v3/auth/tokens 0.174s
2025-04-26 01:37:19.249 70141 INFO tempest.lib.common.fixed_network [-] (ServersAdminTestJSON:setUpClass) Found network {'id': '6076e2a6-1c36-4314-8c64-0cede1fc25b2', 'name': 'tempest-ServersAdminTestJSON-2073857224-network', 'tenant_id': '6710a824fd054f5b9c6decafad675dea', 'admin_state_up': True, 'mtu': 8950, 'status': 'ACTIVE', 'subnets': [], 'shared': False, 'project_id': '6710a824fd054f5b9c6decafad675dea', 'port_security_enabled': True, 'router:external': False, 'provider:network_type': 'vlan', 'provider:physical_network': 'default', 'provider:segmentation_id': 561, 'availability_zone_hints': [], 'availability_zones': [], 'ipv4_address_scope': None, 'ipv6_address_scope': None, 'description': '', 'tags': [], 'created_at': '2025-04-26T01:37:09Z', 'updated_at': '2025-04-26T01:37:09Z', 'revision_number': 1} available for tenant
2025-04-26 01:37:19.260 70107 INFO tempest.lib.common.rest_client [req-a0ff0d9b-4426-45f4-991e-e1327ab8cae3 req-a0ff0d9b-4426-45f4-991e-e1327ab8cae3 ] Request (VolumesAssistedSnapshotsTest:setUpClass): 200 GET http://10.180.1.21/identity/v3/roles 0.133s
2025-04-26 01:37:19.284 70129 INFO tempest.lib.common.rest_client [req-e0a370d4-4280-442b-b5d0-9eded6471298 req-e0a370d4-4280-442b-b5d0-9eded6471298 ] Request (QuotasAdminTestV257:test_get_updated_quotas): 201 POST http://10.180.1.21/identity/v3/users 0.112s
2025-04-26 01:37:19.302 70143 INFO tempest.lib.common.rest_client [req-eeb653c3-4b89-4136-964f-d82bcfefbf19 req-eeb653c3-4b89-4136-964f-d82bcfefbf19 ] Request (InstanceUsageAuditLogTestJSON:tearDownClass): 200 GET http://10.180.1.21:9696/networking/v2.0/security-groups?tenant_id=453d48da0ef1492c8f1b3176de3e1aa8&name=default 0.304s
2025-04-26 01:37:19.352 70107 INFO tempest.lib.common.rest_client [req-51df1e5f-c60e-44fc-a0f1-36723dc7370e req-51df1e5f-c60e-44fc-a0f1-36723dc7370e ] Request (VolumesAssistedSnapshotsTest:setUpClass): 204 PUT http://10.180.1.21/identity/v3/projects/b57fdc49e985479dbd62e589a1869713/users/fcfe81d9cdbf4a8eb3c62d4fac1b4f5b/roles/c2458199fa3040539491aa07a7e656f2 0.092s
2025-04-26 01:37:19.353 70107 INFO tempest.lib.common.dynamic_creds [-] Dynamic test user fcfe81d9cdbf4a8eb3c62d4fac1b4f5b is created with scope project and roles: ['service', 'admin']
2025-04-26 01:37:19.353 70107 INFO tempest.lib.common.dynamic_creds [-] Acquired dynamic creds: credentials: Credentials: {'domain_id': 'default', 'domain_name': 'Default', 'username': 'tempest-VolumesAssistedSnapshotsTest-1678406762-project', 'project_domain_id': 'default', 'project_domain_name': 'Default', 'project_id': 'b57fdc49e985479dbd62e589a1869713', 'project_name': 'tempest-VolumesAssistedSnapshotsTest-1678406762', 'tenant_id': 'b57fdc49e985479dbd62e589a1869713', 'tenant_name': 'tempest-VolumesAssistedSnapshotsTest-1678406762', 'user_domain_id': 'default', 'user_domain_name': 'Default', 'user_id': 'fcfe81d9cdbf4a8eb3c62d4fac1b4f5b', 'system': None}, Network: None, Subnet: None, Router: None
2025-04-26 01:37:19.354 70125 INFO tempest.lib.common.rest_client [req-9d5551fb-adbd-41ef-a038-ba58fdc19489 req-9d5551fb-adbd-41ef-a038-ba58fdc19489 ] Request (FlavorsAccessNegativeTestJSON:test_add_flavor_access_duplicate): 200 POST http://10.180.1.21/compute/v2.1/flavors/469040465/action 2.033s
2025-04-26 01:37:19.365 70129 INFO tempest.lib.common.rest_client [req-1bcea099-d8cd-4c94-99de-3249f51e211b req-1bcea099-d8cd-4c94-99de-3249f51e211b ] Request (QuotasAdminTestV257:test_get_updated_quotas): 200 GET http://10.180.1.21/identity/v3/domains?name=Default 0.080s
2025-04-26 01:37:19.386 70143 INFO tempest.lib.common.rest_client [req-ccd41dc9-4d54-4d89-84ed-9b3035410cfd req-ccd41dc9-4d54-4d89-84ed-9b3035410cfd ] Request (InstanceUsageAuditLogTestJSON:tearDownClass): 204 DELETE http://10.180.1.21:9696/networking/v2.0/security-groups/fe97d635-b4d9-4cd9-8b8a-e63c7360e1c2 0.083s
2025-04-26 01:37:19.415 70119 INFO tempest.lib.common.rest_client [req-32ae1e7e-1e1d-49cb-8862-caf81dcb18e2 req-32ae1e7e-1e1d-49cb-8862-caf81dcb18e2 ] Request (AggregatesAdminNegativeTestJSON:test_aggregate_add_existent_host): 200 POST http://10.180.1.21/compute/v2.1/os-aggregates/1/action 2.188s
2025-04-26 01:37:19.440 70105 INFO tempest.lib.common.rest_client [req-3bb6ca4e-c1d7-46dd-962c-4d8b59798723 req-3bb6ca4e-c1d7-46dd-962c-4d8b59798723 ] Request (ServicesAdminNegativeTestJSON:test_get_service_by_invalid_service_and_valid_host): 200 GET http://10.180.1.21/compute/v2.1/os-services?host=devstack&binary=xxx 1.970s
2025-04-26 01:37:19.481 70131 INFO tempest.lib.common.rest_client [req-f4ee9383-7ec0-4f41-91c8-af80a86eeb7b req-f4ee9383-7ec0-4f41-91c8-af80a86eeb7b ] Request (FlavorsAccessTestJSON:test_flavor_access_add_remove): 200 GET http://10.180.1.21/compute/v2.1/flavors/detail 2.028s
2025-04-26 01:37:19.502 70143 INFO tempest.lib.common.rest_client [req-7e2dfd08-7205-4851-9510-7e1ab9d27e59 req-7e2dfd08-7205-4851-9510-7e1ab9d27e59 ] Request (InstanceUsageAuditLogTestJSON:tearDownClass): 204 DELETE http://10.180.1.21/identity/v3/projects/453d48da0ef1492c8f1b3176de3e1aa8 0.116s
2025-04-26 01:37:19.502 70143 INFO tempest.lib.common.dynamic_creds [-] Deleting project and security group for project: aeac6d9368c2405fa27c683b82b01bfb
2025-04-26 01:37:19.531 70107 INFO tempest.lib.common.rest_client [req-d0f8ad4f-11cc-458a-9f76-8765172c6359 req-d0f8ad4f-11cc-458a-9f76-8765172c6359 ] Request (VolumesAssistedSnapshotsTest:setUpClass): 201 POST http://10.180.1.21:9696/networking/v2.0/networks 0.178s
2025-04-26 01:37:19.616 70143 INFO tempest.lib.common.rest_client [req-b314ef92-e6e5-4d91-98b3-1d20b97f0bdb req-b314ef92-e6e5-4d91-98b3-1d20b97f0bdb ] Request (InstanceUsageAuditLogTestJSON:tearDownClass): 200 GET http://10.180.1.21:9696/networking/v2.0/security-groups?tenant_id=aeac6d9368c2405fa27c683b82b01bfb&name=default 0.113s
2025-04-26 01:37:19.696 70107 INFO tempest.lib.common.rest_client [req-2ee57b75-cf07-4840-856c-d12baa0393e7 req-2ee57b75-cf07-4840-856c-d12baa0393e7 ] Request (VolumesAssistedSnapshotsTest:setUpClass): 201 POST http://10.180.1.21:9696/networking/v2.0/subnets 0.165s
2025-04-26 01:37:19.750 70143 INFO tempest.lib.common.rest_client [req-7e3fd8f9-802e-4554-8296-a9fb2d12818a req-7e3fd8f9-802e-4554-8296-a9fb2d12818a ] Request (InstanceUsageAuditLogTestJSON:tearDownClass): 204 DELETE http://10.180.1.21:9696/networking/v2.0/security-groups/2d22262b-65b7-402a-ae93-94744a7cfdc7 0.133s
2025-04-26 01:37:19.753 70133 INFO tempest.lib.common.rest_client [req-226fb3b4-b949-48db-8a01-17b5f3433bcc req-226fb3b4-b949-48db-8a01-17b5f3433bcc ] Request (ListImageFiltersTestJSON:setUpClass): 204 PUT http://10.180.1.21/image/v2/images/d9bc3ed4-05cc-48eb-a089-3d98181f58c5/file 1.323s
2025-04-26 01:37:19.789 70123 INFO tempest.lib.common.rest_client [req-7d650dbf-5dc9-4c28-8920-fc489d7d8ad0 req-7d650dbf-5dc9-4c28-8920-fc489d7d8ad0 ] Request (ImagesMetadataTestJSON:setUp): 200 PUT http://10.180.1.21/compute/v2.1/images/57ea3258-4068-4479-9813-0c374701fe1e/metadata 2.272s
2025-04-26 01:37:19.864 70143 INFO tempest.lib.common.rest_client [req-a3555dd5-2cdd-4a62-bac9-014302d027eb req-a3555dd5-2cdd-4a62-bac9-014302d027eb ] Request (InstanceUsageAuditLogTestJSON:tearDownClass): 204 DELETE http://10.180.1.21/identity/v3/projects/aeac6d9368c2405fa27c683b82b01bfb 0.114s
2025-04-26 01:37:19.870 70111 INFO tempest.lib.common.rest_client [req-057651f0-94e5-4aa6-b9fd-6276898e81c3 req-057651f0-94e5-4aa6-b9fd-6276898e81c3 ] Request (QuotasAdminNegativeTest:test_create_server_when_cpu_quota_is_full): 403 POST http://10.180.1.21/compute/v2.1/servers 2.147s
2025-04-26 01:37:19.898 70163 INFO tempest.lib.common.rest_client [req-0631c615-6b12-468d-8d1a-c10def51663d req-0631c615-6b12-468d-8d1a-c10def51663d ] Request (AttachInterfacesV270Test:test_create_get_list_interfaces): 200 GET http://10.180.1.21/compute/v2.1/servers/92e9cf6d-d940-4980-bbf4-13e63ee0d3b2 1.998s
2025-04-26 01:37:19.903 70145 INFO tempest.lib.common.rest_client [req-fa3e0ecb-dd5f-42e3-96be-030e17287801 req-fa3e0ecb-dd5f-42e3-96be-030e17287801 ] Request (HostsAdminNegativeTestJSON:test_reboot_host_with_non_admin_user): 403 GET http://10.180.1.21/compute/v2.1/os-hosts/devstack/reboot 1.919s
2025-04-26 01:37:19.930 70115 INFO tempest.lib.common.rest_client [req-80b7a5c2-dbb5-46a8-bb1d-63518ec9fc1b req-80b7a5c2-dbb5-46a8-bb1d-63518ec9fc1b ] Request (HypervisorAdminV228Test:test_get_list_hypervisor_details): 200 GET http://10.180.1.21/compute/v2.1/os-hypervisors/1 1.798s
2025-04-26 01:37:19.941 70143 INFO tempest.lib.common.rest_client [req-102f16a8-294b-4fc8-b5f2-2629784f1950 req-102f16a8-294b-4fc8-b5f2-2629784f1950 ] Request (ListServerFiltersTestJSON:setUpClass): 201 POST http://10.180.1.21/identity/v3/auth/tokens 0.075s
2025-04-26 01:37:19.974 70127 INFO tempest.lib.common.rest_client [req-c440f822-b4be-462c-bd8e-5bbf802b0da4 req-c440f822-b4be-462c-bd8e-5bbf802b0da4 ] Request (ServerExternalEventsTest:test_create_server_external_events): 200 GET http://10.180.1.21/compute/v2.1/servers/c0dff9f2-1840-4a36-99be-88f6f5c050b4 2.022s
2025-04-26 01:37:20.004 70115 INFO tempest.lib.common.rest_client [req-f170d5c6-341d-484e-8156-7b6dc2032c69 req-f170d5c6-341d-484e-8156-7b6dc2032c69 ] Request (HypervisorAdminV228Test:tearDownClass): 204 DELETE http://10.180.1.21/identity/v3/users/e28e5a0e8a19489fb6f0255b687e0e76 0.066s
2025-04-26 01:37:20.071 70143 INFO tempest.lib.common.rest_client [req-487a1987-5789-4847-a18a-e0b9946deeaf req-487a1987-5789-4847-a18a-e0b9946deeaf ] Request (ListServerFiltersTestJSON:setUpClass): 201 POST http://10.180.1.21/identity/v3/auth/tokens 0.128s
2025-04-26 01:37:20.118 70113 INFO tempest.lib.common.rest_client [req-70c89351-17b4-4df5-84c1-2ebe8e952489 req-70c89351-17b4-4df5-84c1-2ebe8e952489 ] Request (FlavorsExtraSpecsTestJSON:test_flavor_non_admin_get_all_keys): 200 GET http://10.180.1.21/compute/v2.1/flavors/418849986/os-extra_specs 1.945s
2025-04-26 01:37:20.131 70157 INFO tempest.lib.common.rest_client [req-69f7c001-d839-42d9-ac80-995c9a9098ed req-69f7c001-d839-42d9-ac80-995c9a9098ed ] Request (FloatingIPsTestJSON:test_allocate_floating_ip): 200 GET http://10.180.1.21/compute/v2.1/os-floating-ips 1.880s
2025-04-26 01:37:20.154 70143 INFO tempest.lib.common.rest_client [req-79413c53-d6de-4bdc-bfb1-a54086aef589 req-79413c53-d6de-4bdc-bfb1-a54086aef589 ] Request (ListServerFiltersTestJSON:setUpClass): 200 GET http://10.180.1.21/identity/v3/domains?name=Default 0.082s
2025-04-26 01:37:20.160 70161 INFO tempest.lib.common.rest_client [req-da33f120-9d80-49bf-88df-4a264df38a15 req-da33f120-9d80-49bf-88df-4a264df38a15 ] Request (FlavorsAdminTestJSON:_run_cleanups): 200 GET http://10.180.1.21/compute/v2.1/flavors/detail 1.885s
2025-04-26 01:37:20.167 70159 INFO tempest.lib.common.rest_client [req-2c2add70-6b59-4cb1-8fdd-5d626bcfc3a7 req-2c2add70-6b59-4cb1-8fdd-5d626bcfc3a7 ] Request (FlavorsExtraSpecsNegativeTestJSON:test_flavor_non_admin_set_keys): 403 POST http://10.180.1.21/compute/v2.1/flavors/664160077/os-extra_specs 1.880s
2025-04-26 01:37:20.176 70153 INFO tempest.lib.common.rest_client [req-45859a02-c4e8-4c9e-a4ec-7fa922be3c39 req-45859a02-c4e8-4c9e-a4ec-7fa922be3c39 ] Request (InstanceUsageAuditLogNegativeTestJSON:test_instance_usage_audit_logs_with_nonadmin_user): 403 GET http://10.180.1.21/compute/v2.1/os-instance_usage_audit_log/2025-04-26%2001%3A37%3A18 1.827s
2025-04-26 01:37:20.225 70115 INFO tempest.lib.common.rest_client [req-e4e6d522-41c5-469e-b423-ea1454c3d5c5 req-e4e6d522-41c5-469e-b423-ea1454c3d5c5 ] Request (HypervisorAdminV228Test:tearDownClass): 204 DELETE http://10.180.1.21/identity/v3/users/2e411af974b643a6ab6a363cb2791b62 0.221s
2025-04-26 01:37:20.225 70115 INFO tempest.lib.common.dynamic_creds [-] Deleting project and security group for project: 9dbad24c0b2844c4b2d69d4f3cd1f257
2025-04-26 01:37:20.241 70149 INFO tempest.lib.common.rest_client [req-6ac0be1e-2d12-4a61-9cdf-4c1bd4dbac75 req-6ac0be1e-2d12-4a61-9cdf-4c1bd4dbac75 ] Request (HypervisorAdminV253TestBase:test_list_show_detail_hypervisors): 200 GET http://10.180.1.21/compute/v2.1/os-hypervisors/0c2d32c9-4f2b-4fd3-b895-4e6470002a7a 1.861s
2025-04-26 01:37:20.256 70135 INFO tempest.lib.common.rest_client [req-3e6f4931-94a0-4d92-94ee-9ceedc596311 req-3e6f4931-94a0-4d92-94ee-9ceedc596311 ] Request (FlavorsV255TestJSON:test_crud_flavor): 200 GET http://10.180.1.21/compute/v2.1/flavors 1.851s
2025-04-26 01:37:20.284 70143 INFO tempest.lib.common.rest_client [req-af412beb-c587-4fab-ae28-9c7b04a9be61 req-af412beb-c587-4fab-ae28-9c7b04a9be61 ] Request (ListServerFiltersTestJSON:setUpClass): 201 POST http://10.180.1.21/identity/v3/projects 0.130s
2025-04-26 01:37:20.304 70109 INFO tempest.lib.common.rest_client [req-1f02406e-0c31-4d52-81aa-8d957233c8d5 req-1f02406e-0c31-4d52-81aa-8d957233c8d5 ] Request (ServersWithSpecificFlavorTestJSON:test_verify_created_server_ephemeral_disk): 200 GET http://10.180.1.21/compute/v2.1/flavors/42 2.038s
2025-04-26 01:37:20.336 70115 INFO tempest.lib.common.rest_client [req-5cfbc8a7-e822-494c-b230-8722768eb461 req-5cfbc8a7-e822-494c-b230-8722768eb461 ] Request (HypervisorAdminV228Test:tearDownClass): 201 POST http://10.180.1.21/identity/v3/auth/tokens 0.110s
2025-04-26 01:37:20.369 70153 INFO tempest.lib.common.rest_client [req-73b95898-8873-48ba-b4ed-0b6b77bb9fc6 req-73b95898-8873-48ba-b4ed-0b6b77bb9fc6 ] Request (InstanceUsageAuditLogNegativeTestJSON:tearDownClass): 204 DELETE http://10.180.1.21/identity/v3/users/53f61d99e6a54dae978359a7c6d2c94d 0.190s
2025-04-26 01:37:20.388 70149 INFO tempest.lib.common.rest_client [req-afaed801-a6f0-4714-bae7-e93a866c3c40 req-afaed801-a6f0-4714-bae7-e93a866c3c40 ] Request (HypervisorAdminV253TestBase:tearDownClass): 204 DELETE http://10.180.1.21/identity/v3/users/a8619200901d4e1085e3ca87021c890c 0.136s
2025-04-26 01:37:20.413 70121 INFO tempest.lib.common.rest_client [req-e1b80015-bcc1-45fe-badd-ef750b92639f req-e1b80015-bcc1-45fe-badd-ef750b92639f ] Request (SecurityGroupsTestAdminJSON:test_list_security_groups_list_all_tenants_filter): 200 POST http://10.180.1.21/compute/v2.1/os-security-groups 1.761s
2025-04-26 01:37:20.443 70147 INFO tempest.lib.common.rest_client [req-015f5988-43a4-49ef-aca0-b26739c254f9 req-015f5988-43a4-49ef-aca0-b26739c254f9 ] Request (HostsAdminTestJSON:test_list_hosts_with_nonexistent_zone): 200 GET http://10.180.1.21/compute/v2.1/os-hosts?zone=xxx 1.765s
2025-04-26 01:37:20.446 70143 INFO tempest.lib.common.rest_client [req-711e2376-7033-4bf1-a542-ea3253995008 req-711e2376-7033-4bf1-a542-ea3253995008 ] Request (ListServerFiltersTestJSON:setUpClass): 201 POST http://10.180.1.21/identity/v3/users 0.161s
2025-04-26 01:37:20.483 70117 INFO tempest.lib.common.rest_client [req-1d4d3231-48cf-4117-bf38-e9a607b1516a req-1d4d3231-48cf-4117-bf38-e9a607b1516a ] Request (KeyPairsV210TestJSON:test_admin_manage_keypairs_for_other_users): 201 POST http://10.180.1.21/compute/v2.1/os-keypairs 1.689s
2025-04-26 01:37:20.508 70155 INFO tempest.lib.common.rest_client [req-4232fc9d-77cd-4945-894c-ffc5fb3a764a req-4232fc9d-77cd-4945-894c-ffc5fb3a764a ] Request (HypervisorAdminNegativeUnderV252Test:test_search_hypervisor_with_non_admin_user): 403 GET http://10.180.1.21/compute/v2.1/os-hypervisors/domain-c8.fc996f14-c53b-4953-92e3-bdfa48f5cc28/search 1.993s
2025-04-26 01:37:20.552 70153 INFO tempest.lib.common.rest_client [req-0710e535-ef94-4df0-86c9-6a3a2f3b3097 req-0710e535-ef94-4df0-86c9-6a3a2f3b3097 ] Request (InstanceUsageAuditLogNegativeTestJSON:tearDownClass): 204 DELETE http://10.180.1.21/identity/v3/users/351b149aea3741538d416dffcb30313c 0.183s
2025-04-26 01:37:20.553 70153 INFO tempest.lib.common.dynamic_creds [-] Deleting project and security group for project: c2a4bca453e047c3be1f362d465f7952
2025-04-26 01:37:20.562 70149 INFO tempest.lib.common.rest_client [req-f88f4f46-4b84-4903-8188-c7dc546d303e req-f88f4f46-4b84-4903-8188-c7dc546d303e ] Request (HypervisorAdminV253TestBase:tearDownClass): 204 DELETE http://10.180.1.21/identity/v3/users/44d327058c2e478db4f37a133a16b26b 0.173s
2025-04-26 01:37:20.562 70149 INFO tempest.lib.common.dynamic_creds [-] Deleting project and security group for project: d310ac1e24ad4d37b1f019a3b3c17063
2025-04-26 01:37:20.588 70115 INFO tempest.lib.common.rest_client [req-5883900d-8992-49a5-a05c-c19acd579da6 req-5883900d-8992-49a5-a05c-c19acd579da6 ] Request (HypervisorAdminV228Test:tearDownClass): 200 GET http://10.180.1.21:9696/networking/v2.0/security-groups?tenant_id=9dbad24c0b2844c4b2d69d4f3cd1f257&name=default 0.251s
2025-04-26 01:37:20.629 70143 INFO tempest.lib.common.rest_client [req-636bb3c0-4832-4301-91c5-e10fe87b9fb0 req-636bb3c0-4832-4301-91c5-e10fe87b9fb0 ] Request (ListServerFiltersTestJSON:setUpClass): 200 GET http://10.180.1.21/identity/v3/roles 0.182s
2025-04-26 01:37:20.646 70107 INFO tempest.lib.common.rest_client [req-69c3d0d3-c1bb-44c3-9a8c-77db0188dc4a req-69c3d0d3-c1bb-44c3-9a8c-77db0188dc4a ] Request (VolumesAssistedSnapshotsTest:setUpClass): 201 POST http://10.180.1.21:9696/networking/v2.0/routers 0.949s
2025-04-26 01:37:20.671 70115 INFO tempest.lib.common.rest_client [req-0bee978c-ecc7-49eb-8d21-1dc1edb9b568 req-0bee978c-ecc7-49eb-8d21-1dc1edb9b568 ] Request (HypervisorAdminV228Test:tearDownClass): 204 DELETE http://10.180.1.21:9696/networking/v2.0/security-groups/c1d2544d-6647-4ad4-961a-5fb55dde37cc 0.083s
2025-04-26 01:37:20.676 70153 INFO tempest.lib.common.rest_client [req-30e333ab-6663-474e-beb0-48b3666d9e4a req-30e333ab-6663-474e-beb0-48b3666d9e4a ] Request (InstanceUsageAuditLogNegativeTestJSON:tearDownClass): 201 POST http://10.180.1.21/identity/v3/auth/tokens 0.122s
2025-04-26 01:37:20.699 70149 INFO tempest.lib.common.rest_client [req-96c12ed8-bf5a-41a8-8616-16f6ee4b4d1f req-96c12ed8-bf5a-41a8-8616-16f6ee4b4d1f ] Request (HypervisorAdminV253TestBase:tearDownClass): 201 POST http://10.180.1.21/identity/v3/auth/tokens 0.137s
2025-04-26 01:37:20.741 70143 INFO tempest.lib.common.rest_client [req-836b8629-7dbb-4e3d-91bc-cf3d3b4e8e59 req-836b8629-7dbb-4e3d-91bc-cf3d3b4e8e59 ] Request (ListServerFiltersTestJSON:setUpClass): 204 PUT http://10.180.1.21/identity/v3/projects/3ca636e3104b468f82c55bd11cf46747/users/45c4a8b9f8d64bdd8dded12eb7971a38/roles/49f76a1e090548ae8eac741065ea54b8 0.112s
2025-04-26 01:37:20.742 70143 INFO tempest.lib.common.dynamic_creds [-] Dynamic test user 45c4a8b9f8d64bdd8dded12eb7971a38 is created with scope project and roles: ['member']
2025-04-26 01:37:20.742 70143 INFO tempest.lib.common.dynamic_creds [-] Acquired dynamic creds: credentials: Credentials: {'domain_id': 'default', 'domain_name': 'Default', 'username': 'tempest-ListServerFiltersTestJSON-475682025-project-member', 'project_domain_id': 'default', 'project_domain_name': 'Default', 'project_id': '3ca636e3104b468f82c55bd11cf46747', 'project_name': 'tempest-ListServerFiltersTestJSON-475682025', 'tenant_id': '3ca636e3104b468f82c55bd11cf46747', 'tenant_name': 'tempest-ListServerFiltersTestJSON-475682025', 'user_domain_id': 'default', 'user_domain_name': 'Default', 'user_id': '45c4a8b9f8d64bdd8dded12eb7971a38', 'system': None}, Network: None, Subnet: None, Router: None
2025-04-26 01:37:20.759 70115 INFO tempest.lib.common.rest_client [req-f1f3c752-2812-4a36-bdc1-5c34d5dff12a req-f1f3c752-2812-4a36-bdc1-5c34d5dff12a ] Request (HypervisorAdminV228Test:tearDownClass): 204 DELETE http://10.180.1.21/identity/v3/projects/9dbad24c0b2844c4b2d69d4f3cd1f257 0.088s
2025-04-26 01:37:20.760 70115 INFO tempest.lib.common.dynamic_creds [-] Deleting project and security group for project: d0ae0f498a5e431c80a691bbc5063bef
2025-04-26 01:37:20.840 70143 INFO tempest.lib.common.rest_client [req-e4b07a46-714a-441a-9546-9504eab8a0f1 req-e4b07a46-714a-441a-9546-9504eab8a0f1 ] Request (ListServerFiltersTestJSON:setUpClass): 201 POST http://10.180.1.21/identity/v3/auth/tokens 0.098s
2025-04-26 01:37:20.881 70137 INFO tempest.lib.common.rest_client [req-4c00f8af-6611-4202-96a6-6009c676bdde req-4c00f8af-6611-4202-96a6-6009c676bdde ] Request (MigrationsAdminTest:test_list_migrations_in_flavor_resize_situation): 202 POST http://10.180.1.21/compute/v2.1/servers 1.961s
2025-04-26 01:37:20.903 70153 INFO tempest.lib.common.rest_client [req-b1762599-b394-4e93-a0d6-50289f4ee9dc req-b1762599-b394-4e93-a0d6-50289f4ee9dc ] Request (InstanceUsageAuditLogNegativeTestJSON:tearDownClass): 200 GET http://10.180.1.21:9696/networking/v2.0/security-groups?tenant_id=c2a4bca453e047c3be1f362d465f7952&name=default 0.227s
2025-04-26 01:37:20.977 70153 INFO tempest.lib.common.rest_client [req-7264366c-e231-4e70-98e6-e20f8420621e req-7264366c-e231-4e70-98e6-e20f8420621e ] Request (InstanceUsageAuditLogNegativeTestJSON:tearDownClass): 204 DELETE http://10.180.1.21:9696/networking/v2.0/security-groups/f7128b30-e557-4d1b-9ca1-36e40b9ad001 0.073s
2025-04-26 01:37:21.005 70125 INFO tempest.lib.common.rest_client [req-6d72fd18-58cf-4910-9a48-c43f5c703ead req-6d72fd18-58cf-4910-9a48-c43f5c703ead ] Request (FlavorsAccessNegativeTestJSON:test_add_flavor_access_duplicate): 409 POST http://10.180.1.21/compute/v2.1/flavors/469040465/action 1.649s
2025-04-26 01:37:21.054 70153 INFO tempest.lib.common.rest_client [req-ef691ec3-2ed4-42e4-bb61-a9a77d4994e6 req-ef691ec3-2ed4-42e4-bb61-a9a77d4994e6 ] Request (InstanceUsageAuditLogNegativeTestJSON:tearDownClass): 204 DELETE http://10.180.1.21/identity/v3/projects/c2a4bca453e047c3be1f362d465f7952 0.076s
2025-04-26 01:37:21.055 70153 INFO tempest.lib.common.dynamic_creds [-] Deleting project and security group for project: e8f4a55a9fe0446a82281906c6af497a
2025-04-26 01:37:21.075 70115 INFO tempest.lib.common.rest_client [req-cf6d7e4b-4418-45f9-affc-2357432d0eca req-cf6d7e4b-4418-45f9-affc-2357432d0eca ] Request (HypervisorAdminV228Test:tearDownClass): 200 GET http://10.180.1.21:9696/networking/v2.0/security-groups?tenant_id=d0ae0f498a5e431c80a691bbc5063bef&name=default 0.314s
2025-04-26 01:37:21.176 70149 INFO tempest.lib.common.rest_client [req-b6d629fc-bbd1-4d62-aa3e-8024121e30b8 req-b6d629fc-bbd1-4d62-aa3e-8024121e30b8 ] Request (HypervisorAdminV253TestBase:tearDownClass): 200 GET http://10.180.1.21:9696/networking/v2.0/security-groups?tenant_id=d310ac1e24ad4d37b1f019a3b3c17063&name=default 0.476s
2025-04-26 01:37:21.202 70129 INFO tempest.lib.common.rest_client [req-7883b700-4138-4961-89bf-8b2988305035 req-7883b700-4138-4961-89bf-8b2988305035 ] Request (QuotasAdminTestV257:test_get_updated_quotas): 200 PUT http://10.180.1.21/compute/v2.1/os-quota-sets/50babd0f7ffd47149131bd6e1848a0f7?user_id=df97dea6300d48a99bb639f1a2f63086 1.834s
2025-04-26 01:37:21.210 70153 INFO tempest.lib.common.rest_client [req-39dc33da-c6f5-4320-bfd1-f240f67d1968 req-39dc33da-c6f5-4320-bfd1-f240f67d1968 ] Request (InstanceUsageAuditLogNegativeTestJSON:tearDownClass): 200 GET http://10.180.1.21:9696/networking/v2.0/security-groups?tenant_id=e8f4a55a9fe0446a82281906c6af497a&name=default 0.155s
2025-04-26 01:37:21.222 70115 INFO tempest.lib.common.rest_client [req-c5f1481d-e377-4eff-8815-aa31117f3964 req-c5f1481d-e377-4eff-8815-aa31117f3964 ] Request (HypervisorAdminV228Test:tearDownClass): 204 DELETE http://10.180.1.21:9696/networking/v2.0/security-groups/4fdb2033-5d1e-481e-8b50-608f4002b14e 0.147s
2025-04-26 01:37:21.268 70119 INFO tempest.lib.common.rest_client [req-742f916f-741e-406f-9a72-b90f43c78cb2 req-742f916f-741e-406f-9a72-b90f43c78cb2 ] Request (AggregatesAdminNegativeTestJSON:test_aggregate_add_existent_host): 409 POST http://10.180.1.21/compute/v2.1/os-aggregates/1/action 1.849s
2025-04-26 01:37:21.294 70105 INFO tempest.lib.common.rest_client [req-b0e27f58-d4cd-43fd-97f8-865c9d56e4a3 req-b0e27f58-d4cd-43fd-97f8-865c9d56e4a3 ] Request (ServicesAdminNegativeTestJSON:test_get_service_with_valid_service_and_invalid_host): 200 GET http://10.180.1.21/compute/v2.1/os-services 1.850s
2025-04-26 01:37:21.321 70149 INFO tempest.lib.common.rest_client [req-3b9c4d56-11d1-4e7d-a597-b29efd0d0b34 req-3b9c4d56-11d1-4e7d-a597-b29efd0d0b34 ] Request (HypervisorAdminV253TestBase:tearDownClass): 204 DELETE http://10.180.1.21:9696/networking/v2.0/security-groups/df52180e-bd70-472e-998c-82f82c5baff6 0.145s
2025-04-26 01:37:21.325 70153 INFO tempest.lib.common.rest_client [req-a9342928-dcd4-40f2-b022-c40ebc15e351 req-a9342928-dcd4-40f2-b022-c40ebc15e351 ] Request (InstanceUsageAuditLogNegativeTestJSON:tearDownClass): 204 DELETE http://10.180.1.21:9696/networking/v2.0/security-groups/2bcd09c2-c196-43f2-a18b-198a41252b16 0.114s
2025-04-26 01:37:21.360 70115 INFO tempest.lib.common.rest_client [req-6b3147f3-cd8d-41db-b34a-acb8a1c2a755 req-6b3147f3-cd8d-41db-b34a-acb8a1c2a755 ] Request (HypervisorAdminV228Test:tearDownClass): 204 DELETE http://10.180.1.21/identity/v3/projects/d0ae0f498a5e431c80a691bbc5063bef 0.137s
2025-04-26 01:37:21.385 70143 INFO tempest.lib.common.rest_client [req-6bdec26a-d6e1-47f7-aec1-95e84e7453c5 req-6bdec26a-d6e1-47f7-aec1-95e84e7453c5 ] Request (ListServerFiltersTestJSON:setUpClass): 201 POST http://10.180.1.21:9696/networking/v2.0/networks 0.544s
