2025-04-26 01:38:57.603 70161 INFO tempest.lib.common.rest_client [req-238d6cc1-0d1e-4098-a4a9-f671fe5eac1e req-238d6cc1-0d1e-4098-a4a9-f671fe5eac1e ] Request (ServersTestJSON:setUpClass): 200 GET http://10.180.1.21/compute/v2.1/servers/62e679e6-579b-411a-bbed-3bf35d8829a0 0.099s
2025-04-26 01:38:57.659 70113 INFO tempest.lib.common.rest_client [req-39893f2f-9096-4dfc-89ab-2682b1c4d10c req-39893f2f-9096-4dfc-89ab-2682b1c4d10c ] Request (ServersAdmin275Test:test_rebuild_update_server_275): 200 GET http://10.180.1.21/compute/v2.1/servers/1d637c07-261f-4bac-b2a7-31da1cc9d1e4 0.084s
2025-04-26 01:38:57.663 70141 INFO tempest.lib.common.rest_client [req-13ce5283-f53d-4652-b2fe-d06c7771dd5e req-13ce5283-f53d-4652-b2fe-d06c7771dd5e ] Request (ServersAdminTestJSON:test_create_server_with_scheduling_hint): 200 GET http://10.180.1.21/compute/v2.1/servers/2c17c19e-ea4e-4654-95f0-8daaf19907f4 0.153s
2025-04-26 01:38:57.708 70145 INFO tempest.lib.common.rest_client [req-589e2194-ad8b-4a0a-83cf-07b7159daae2 req-589e2194-ad8b-4a0a-83cf-07b7159daae2 ] Request (ServersTestFqdnHostnames:test_create_server_with_fqdn_name): 200 GET http://10.180.1.21/compute/v2.1/servers/b4e74b8a-cc84-47b6-9093-cbd2b2e59740 0.079s
2025-04-26 01:38:57.710 70107 WARNING tempest.lib.common.ssh [-] Failed to establish authenticated ssh connection to cirros@10.180.180.249 ([Errno None] Unable to connect to port 22 on 10.180.180.249). Number attempts: 7. Retry after 8 seconds.: paramiko.ssh_exception.NoValidConnectionsError: [Errno None] Unable to connect to port 22 on 10.180.180.249
2025-04-26 01:38:57.743 70149 INFO tempest.lib.common.rest_client [req-586060ae-40d0-4977-96e7-bc1911e56ead req-586060ae-40d0-4977-96e7-bc1911e56ead ] Request (ServersTestJSON:test_create_server_with_ipv6_addr_only): 200 GET http://10.180.1.21/compute/v2.1/servers/b5455fa5-e7e9-46cf-80ad-6b672699afe9 0.059s
2025-04-26 01:38:57.792 70125 INFO tempest.lib.common.rest_client [req-3835b687-b248-47b0-8ed3-73b86419d5e9 req-3835b687-b248-47b0-8ed3-73b86419d5e9 ] Request (ServersTestBootFromVolume:setUpClass): 200 GET http://10.180.1.21/compute/v2.1/servers/bee91322-be72-4998-aeb4-b8d6bf4a905d 0.053s
2025-04-26 01:38:57.840 70147 WARNING tempest.lib.common.ssh [-] Failed to establish authenticated ssh connection to cirros@10.180.180.184 ([Errno None] Unable to connect to port 22 on 10.180.180.184). Number attempts: 1. Retry after 2 seconds.: paramiko.ssh_exception.NoValidConnectionsError: [Errno None] Unable to connect to port 22 on 10.180.180.184
2025-04-26 01:38:57.842 70153 INFO tempest.lib.common.rest_client [req-f745366f-d612-4abd-b396-98d3ccb82d9e req-f745366f-d612-4abd-b396-98d3ccb82d9e ] Request (ImagesTestJSON:test_create_image_from_suspended_server): 200 GET http://10.180.1.21/compute/v2.1/servers/2d145c5b-42c9-42d9-9ee1-55845b6ff494 0.056s
2025-04-26 01:38:57.937 70131 INFO tempest.lib.common.rest_client [req-8aabf27f-8c3a-4798-a9ae-5206be83c07c req-8aabf27f-8c3a-4798-a9ae-5206be83c07c ] Request (ServerDiagnosticsV248Test:test_get_server_diagnostics): 200 GET http://10.180.1.21/compute/v2.1/servers/29578513-5d13-4e49-9d34-12f0cf3c8e01 0.056s
2025-04-26 01:38:57.985 70103 INFO tempest.lib.common.rest_client [req-fe6a38b6-ad8e-4a8a-9166-f4153ec7cd6b req-fe6a38b6-ad8e-4a8a-9166-f4153ec7cd6b ] Request (DeleteServersAdminTestJSON:test_delete_server_while_in_error_state): 200 GET http://10.180.1.21/compute/v2.1/servers/a6536297-e66b-438c-95c2-8050cfa89684 0.054s
2025-04-26 01:38:57.992 70105 INFO tempest.lib.common.rest_client [req-0c27813e-0179-45da-a570-c00fab9cafcf req-0c27813e-0179-45da-a570-c00fab9cafcf ] Request (InstanceActionsTestJSON:tearDownClass): 200 GET http://10.180.1.21/compute/v2.1/servers/a3f4dadf-a9bc-4155-82b7-fb0c24656663 0.061s
2025-04-26 01:38:58.040 70155 INFO tempest.lib.common.rest_client [req-da996006-3a49-412b-a11e-0a4722e9fee7 req-da996006-3a49-412b-a11e-0a4722e9fee7 ] Request (ServerGroupTestJSON:test_create_server_with_scheduler_hint_group): 200 GET http://10.180.1.21/compute/v2.1/servers/bb09486a-1cae-4489-a385-3c0c30f19866 0.074s
2025-04-26 01:38:58.044 70111 INFO tempest.lib.common.rest_client [req-78a90ce1-f953-4aa6-96db-9253cedb5927 req-78a90ce1-f953-4aa6-96db-9253cedb5927 ] Request (MultipleCreateTestJSON:test_multiple_create): 200 GET http://10.180.1.21/compute/v2.1/servers/7e3c80bd-c77c-44d1-b9d0-5b9ab45d050f 0.064s
2025-04-26 01:38:58.093 70127 INFO tempest.lib.common.rest_client [req-b12ba4bb-db17-4d6a-ad84-bd2e09639438 req-b12ba4bb-db17-4d6a-ad84-bd2e09639438 ] Request (VolumesAdminNegativeTest:test_update_attached_volume_with_nonexistent_volume_in_body): 200 GET http://10.180.1.21/compute/v2.1/servers/ca4a89a9-ae07-44ce-931a-5dbf779646b0 0.066s
2025-04-26 01:38:58.098 70121 INFO tempest.lib.common.rest_client [req-4d16685f-24bd-44ba-97e0-f7564327644a req-4d16685f-24bd-44ba-97e0-f7564327644a ] Request (ServersV294TestFqdnHostnames:setUpClass): 200 GET http://10.180.1.21/compute/v2.1/servers/9488a636-552a-4019-85bb-98281df807a6 0.078s
2025-04-26 01:38:58.127 70133 INFO tempest.lib.common.rest_client [req-0c170487-f004-4cb9-8594-0cab722a46f7 req-0c170487-f004-4cb9-8594-0cab722a46f7 ] Request (ListImageFiltersTestJSON:setUpClass): 200 GET http://10.180.1.21/compute/v2.1/images/5af2b2c5-0c66-4d6a-aea5-c5b0a3183b5d 0.077s
2025-04-26 01:38:58.154 70135 INFO tempest.lib.common.rest_client [req-8cbe0e9b-e61f-4ed5-961e-8c7862291c66 req-8cbe0e9b-e61f-4ed5-961e-8c7862291c66 ] Request (ServerMetadataTestJSON:setUpClass): 200 GET http://10.180.1.21/compute/v2.1/servers/95df77e7-8eb8-4d41-a9b9-6267a761c824 0.089s
2025-04-26 01:38:58.213 70119 INFO tempest.lib.common.rest_client [req-a9089712-9136-48f9-a061-c73c0845853c req-a9089712-9136-48f9-a061-c73c0845853c ] Request (FloatingIPsAssociationTestJSON:setUpClass): 200 GET http://10.180.1.21/compute/v2.1/servers/5abe83e9-9bd7-4642-b3c1-c89bd4e150cd 0.113s
2025-04-26 01:38:58.224 70159 INFO tempest.lib.common.rest_client [req-97b8a144-b030-4762-bb2f-bc6427ab4804 req-97b8a144-b030-4762-bb2f-bc6427ab4804 ] Request (ServersAdminNegativeTestJSON:test_migrate_server_invalid_state): 200 GET http://10.180.1.21/compute/v2.1/servers/9b7f9a9f-094d-49b1-8be8-f0e0b36b035b 0.100s
2025-04-26 01:38:58.266 70163 INFO tempest.lib.common.rest_client [req-965e6454-bbd2-49e0-ad43-b1878230a8b1 req-965e6454-bbd2-49e0-ad43-b1878230a8b1 ] Request (ServerDiskConfigTestJSON:test_rebuild_server_with_auto_disk_config): 200 GET http://10.180.1.21/compute/v2.1/servers/6a4e21e3-3c2d-4f50-9b7e-8ba2dc2e5333 0.116s
2025-04-26 01:38:58.272 70117 INFO tempest.lib.common.rest_client [req-2340192a-b8c1-40d2-8cd1-e982e8e74b22 req-2340192a-b8c1-40d2-8cd1-e982e8e74b22 ] Request (ImagesOneServerNegativeTestJSON:setUpClass): 200 GET http://10.180.1.21/compute/v2.1/servers/9e341751-78ca-4aff-ba61-33023725d897 0.090s
2025-04-26 01:38:58.316 70151 INFO tempest.lib.common.rest_client [req-3be2ee54-419c-4822-817b-242de8232734 req-3be2ee54-419c-4822-817b-242de8232734 ] Request (FloatingIPsAssociationNegativeTestJSON:setUpClass): 200 GET http://10.180.1.21/compute/v2.1/servers/22842910-a375-46d2-8961-ae303c680a70 0.104s
2025-04-26 01:38:58.334 70143 INFO tempest.lib.common.rest_client [req-c7194053-5627-400c-bfeb-b350b2e57c3c req-c7194053-5627-400c-bfeb-b350b2e57c3c ] Request (ListServerFiltersTestJSON:tearDownClass): 200 GET http://10.180.1.21/compute/v2.1/servers/a2cf6ae0-bdf8-4039-81eb-f1c8e4f3a80b 0.071s
2025-04-26 01:38:58.368 70123 INFO tempest.lib.common.rest_client [req-8d521930-0d5c-451d-8022-c4540d9afe08 req-8d521930-0d5c-451d-8022-c4540d9afe08 ] Request (ServerActionsTestJSON:setUpClass): 200 GET http://10.180.1.21/compute/v2.1/servers/09356081-f58b-4a4e-b794-ca91c9dd66d5 0.082s
2025-04-26 01:38:58.399 70165 INFO tempest.lib.common.rest_client [req-0b42994a-4a4a-453f-8f4b-86d1ee3b7cf2 req-0b42994a-4a4a-453f-8f4b-86d1ee3b7cf2 ] Request (ServerRescueNegativeTestJSON:setUpClass): 200 GET http://10.180.1.21/compute/v2.1/servers/28ecb8dd-843f-436d-b7f3-3aa209ff7a20 0.049s
2025-04-26 01:38:58.424 70139 INFO tempest.lib.common.rest_client [req-b251d6d4-c3de-4f74-92fd-97344c90111a req-b251d6d4-c3de-4f74-92fd-97344c90111a ] Request (InstanceActionsV221TestJSON:test_get_list_deleted_instance_actions): 200 GET http://10.180.1.21/compute/v2.1/servers/cc0af723-ef88-4d6f-b59a-63770c6b08f7 0.073s
2025-04-26 01:38:58.629 70137 INFO tempest.lib.common.rest_client [req-88cd4d24-32f4-455b-ad69-15779fd431c4 req-88cd4d24-32f4-455b-ad69-15779fd431c4 ] Request (MigrationsAdminTest:test_list_migrations_in_flavor_resize_situation): 200 GET http://10.180.1.21/compute/v2.1/servers/f6840f44-6cb0-4890-b6e3-8357d10d5fba 0.130s
2025-04-26 01:38:58.640 70137 INFO tempest.common.waiters [-] State transition "VERIFY_RESIZE/None" ==> "ACTIVE/None" after 34 second wait
2025-04-26 01:38:58.751 70157 INFO tempest.lib.common.rest_client [req-cbe0792d-3737-4e3c-9ea0-7761b153a6fc req-cbe0792d-3737-4e3c-9ea0-7761b153a6fc ] Request (ServersTestMultiNic:test_verify_duplicate_network_nics): 200 GET http://10.180.1.21/compute/v2.1/servers/4832e4ba-81a4-4ca1-a06d-b77eb7f8e33f 0.176s
2025-04-26 01:38:58.755 70161 INFO tempest.lib.common.rest_client [req-e9fe5056-a9a5-455f-8ea0-00aa3f91ad71 req-e9fe5056-a9a5-455f-8ea0-00aa3f91ad71 ] Request (ServersTestJSON:setUpClass): 200 GET http://10.180.1.21/compute/v2.1/servers/62e679e6-579b-411a-bbed-3bf35d8829a0 0.145s
2025-04-26 01:38:58.768 70161 INFO tempest.common.waiters [-] State transition "BUILD/spawning" ==> "ACTIVE/None" after 62 second wait
2025-04-26 01:38:58.843 70137 INFO tempest.lib.common.rest_client [req-730a3c89-9a86-482f-ab62-3fb935bcbd2d req-730a3c89-9a86-482f-ab62-3fb935bcbd2d ] Request (MigrationsAdminTest:test_list_migrations_in_flavor_resize_situation): 200 GET http://10.180.1.21/compute/v2.1/servers/f6840f44-6cb0-4890-b6e3-8357d10d5fba 0.202s
2025-04-26 01:38:58.967 70141 INFO tempest.lib.common.rest_client [req-3a42b7a2-3259-4c33-90f5-f7c3439b0fc2 req-3a42b7a2-3259-4c33-90f5-f7c3439b0fc2 ] Request (ServersAdminTestJSON:test_create_server_with_scheduling_hint): 200 GET http://10.180.1.21/compute/v2.1/servers/2c17c19e-ea4e-4654-95f0-8daaf19907f4 0.294s
2025-04-26 01:38:59.025 70145 INFO tempest.lib.common.rest_client [req-24345eb3-cae5-4a28-9507-3f850cf7e5ea req-24345eb3-cae5-4a28-9507-3f850cf7e5ea ] Request (ServersTestFqdnHostnames:test_create_server_with_fqdn_name): 200 GET http://10.180.1.21/compute/v2.1/servers/b4e74b8a-cc84-47b6-9093-cbd2b2e59740 0.308s
2025-04-26 01:38:59.047 70113 INFO tempest.lib.common.rest_client [req-f4ca51d6-59bc-4554-9ea4-d907f2bff364 req-f4ca51d6-59bc-4554-9ea4-d907f2bff364 ] Request (ServersAdmin275Test:test_rebuild_update_server_275): 200 GET http://10.180.1.21/compute/v2.1/servers/1d637c07-261f-4bac-b2a7-31da1cc9d1e4 0.376s
2025-04-26 01:38:59.074 70149 INFO tempest.lib.common.rest_client [req-a1612127-743b-4417-8bdf-81d1bf845700 req-a1612127-743b-4417-8bdf-81d1bf845700 ] Request (ServersTestJSON:test_create_server_with_ipv6_addr_only): 200 GET http://10.180.1.21/compute/v2.1/servers/b5455fa5-e7e9-46cf-80ad-6b672699afe9 0.322s
2025-04-26 01:38:59.105 70161 INFO tempest.lib.common.rest_client [req-410ec9a9-61ec-463d-9ec3-c2b696c8bf46 req-410ec9a9-61ec-463d-9ec3-c2b696c8bf46 ] Request (ServersTestJSON:setUpClass): 200 GET http://10.180.1.21/compute/v2.1/servers/62e679e6-579b-411a-bbed-3bf35d8829a0/os-interface 0.337s
2025-04-26 01:38:59.121 70125 INFO tempest.lib.common.rest_client [req-a5597b5e-77b6-4b79-8ced-b5e52e9d8f53 req-a5597b5e-77b6-4b79-8ced-b5e52e9d8f53 ] Request (ServersTestBootFromVolume:setUpClass): 200 GET http://10.180.1.21/compute/v2.1/servers/bee91322-be72-4998-aeb4-b8d6bf4a905d 0.320s
2025-04-26 01:38:59.142 70137 INFO tempest.lib.common.rest_client [req-2877237f-3a63-4d02-898c-1167a121ebea req-2877237f-3a63-4d02-898c-1167a121ebea ] Request (MigrationsAdminTest:test_list_migrations_in_flavor_resize_situation): 200 POST http://10.180.1.21/compute/v2.1/os-keypairs 0.291s
2025-04-26 01:38:59.182 70109 WARNING tempest.lib.common.ssh [-] Failed to establish authenticated ssh connection to cirros@10.180.180.204 ([Errno None] Unable to connect to port 22 on 10.180.180.204). Number attempts: 6. Retry after 7 seconds.: paramiko.ssh_exception.NoValidConnectionsError: [Errno None] Unable to connect to port 22 on 10.180.180.204
2025-04-26 01:38:59.185 70153 INFO tempest.lib.common.rest_client [req-dda9fdf3-9f74-47de-abc1-f90b809dac99 req-dda9fdf3-9f74-47de-abc1-f90b809dac99 ] Request (ImagesTestJSON:test_create_image_from_suspended_server): 200 GET http://10.180.1.21/compute/v2.1/servers/2d145c5b-42c9-42d9-9ee1-55845b6ff494 0.332s
2025-04-26 01:38:59.209 70131 INFO tempest.lib.common.rest_client [req-ecf50f0d-22a9-4734-a036-fc2e4b7f16cf req-ecf50f0d-22a9-4734-a036-fc2e4b7f16cf ] Request (ServerDiagnosticsV248Test:test_get_server_diagnostics): 200 GET http://10.180.1.21/compute/v2.1/servers/29578513-5d13-4e49-9d34-12f0cf3c8e01 0.262s
2025-04-26 01:38:59.264 70103 INFO tempest.lib.common.rest_client [req-6562a7ff-9df8-479f-b1e6-bde03bfef9ee req-6562a7ff-9df8-479f-b1e6-bde03bfef9ee ] Request (DeleteServersAdminTestJSON:test_delete_server_while_in_error_state): 200 GET http://10.180.1.21/compute/v2.1/servers/a6536297-e66b-438c-95c2-8050cfa89684 0.269s
2025-04-26 01:38:59.282 70105 INFO tempest.lib.common.rest_client [req-7a093711-f885-49b7-a4de-d43f5d684b8a req-7a093711-f885-49b7-a4de-d43f5d684b8a ] Request (InstanceActionsTestJSON:tearDownClass): 200 GET http://10.180.1.21/compute/v2.1/servers/a3f4dadf-a9bc-4155-82b7-fb0c24656663 0.280s
2025-04-26 01:38:59.321 70155 INFO tempest.lib.common.rest_client [req-b9135201-a96c-4c30-8473-5d0d01c51575 req-b9135201-a96c-4c30-8473-5d0d01c51575 ] Request (ServerGroupTestJSON:test_create_server_with_scheduler_hint_group): 200 GET http://10.180.1.21/compute/v2.1/servers/bb09486a-1cae-4489-a385-3c0c30f19866 0.273s
2025-04-26 01:38:59.327 70137 INFO tempest.lib.common.rest_client [req-bc74906b-1db1-4b0d-9989-e5e6e1d3dc8e req-bc74906b-1db1-4b0d-9989-e5e6e1d3dc8e ] Request (MigrationsAdminTest:test_list_migrations_in_flavor_resize_situation): 201 POST http://10.180.1.21:9696/networking/v2.0/security-groups 0.182s
2025-04-26 01:38:59.346 70111 INFO tempest.lib.common.rest_client [req-87563075-8015-4bd1-bdc6-26e745f3300e req-87563075-8015-4bd1-bdc6-26e745f3300e ] Request (MultipleCreateTestJSON:test_multiple_create): 200 GET http://10.180.1.21/compute/v2.1/servers/7e3c80bd-c77c-44d1-b9d0-5b9ab45d050f 0.292s
2025-04-26 01:38:59.375 70127 INFO tempest.lib.common.rest_client [req-e85dedac-1ea0-49fc-8f62-54e3698eb48f req-e85dedac-1ea0-49fc-8f62-54e3698eb48f ] Request (VolumesAdminNegativeTest:test_update_attached_volume_with_nonexistent_volume_in_body): 200 GET http://10.180.1.21/compute/v2.1/servers/ca4a89a9-ae07-44ce-931a-5dbf779646b0 0.274s
2025-04-26 01:38:59.404 70121 INFO tempest.lib.common.rest_client [req-efa70da0-bc30-4e2b-ad87-23ba1413bdbb req-efa70da0-bc30-4e2b-ad87-23ba1413bdbb ] Request (ServersV294TestFqdnHostnames:setUpClass): 200 GET http://10.180.1.21/compute/v2.1/servers/9488a636-552a-4019-85bb-98281df807a6 0.293s
2025-04-26 01:38:59.415 70133 INFO tempest.lib.common.rest_client [req-af7a928c-898a-422e-ac86-665a05695c29 req-af7a928c-898a-422e-ac86-665a05695c29 ] Request (ListImageFiltersTestJSON:setUpClass): 200 GET http://10.180.1.21/compute/v2.1/images/5af2b2c5-0c66-4d6a-aea5-c5b0a3183b5d 0.285s
2025-04-26 01:38:59.431 70137 INFO tempest.lib.common.rest_client [req-bb6e71e3-601a-4f47-95f7-5ad791238033 req-bb6e71e3-601a-4f47-95f7-5ad791238033 ] Request (MigrationsAdminTest:test_list_migrations_in_flavor_resize_situation): 201 POST http://10.180.1.21:9696/networking/v2.0/security-group-rules 0.104s
2025-04-26 01:38:59.467 70119 INFO tempest.lib.common.rest_client [req-584859fe-cb44-4e8d-b5d1-8898dc302c9c req-584859fe-cb44-4e8d-b5d1-8898dc302c9c ] Request (FloatingIPsAssociationTestJSON:setUpClass): 200 GET http://10.180.1.21/compute/v2.1/servers/5abe83e9-9bd7-4642-b3c1-c89bd4e150cd 0.245s
2025-04-26 01:38:59.467 70135 INFO tempest.lib.common.rest_client [req-730c97cc-b333-4623-9902-ed1744b3f4fd req-730c97cc-b333-4623-9902-ed1744b3f4fd ] Request (ServerMetadataTestJSON:setUpClass): 200 GET http://10.180.1.21/compute/v2.1/servers/95df77e7-8eb8-4d41-a9b9-6267a761c824 0.304s
2025-04-26 01:38:59.527 70163 INFO tempest.lib.common.rest_client [req-ac2b4472-4ff6-45b4-91d7-71368de0d63a req-ac2b4472-4ff6-45b4-91d7-71368de0d63a ] Request (ServerDiskConfigTestJSON:test_rebuild_server_with_auto_disk_config): 200 GET http://10.180.1.21/compute/v2.1/servers/6a4e21e3-3c2d-4f50-9b7e-8ba2dc2e5333 0.251s
2025-04-26 01:38:59.531 70159 INFO tempest.lib.common.rest_client [req-2b17d100-3406-45b6-82c2-82a82237f90f req-2b17d100-3406-45b6-82c2-82a82237f90f ] Request (ServersAdminNegativeTestJSON:test_migrate_server_invalid_state): 200 GET http://10.180.1.21/compute/v2.1/servers/9b7f9a9f-094d-49b1-8be8-f0e0b36b035b 0.298s
2025-04-26 01:38:59.549 70137 INFO tempest.lib.common.rest_client [req-b585db86-f096-4e8e-bfa4-2c63af584a48 req-b585db86-f096-4e8e-bfa4-2c63af584a48 ] Request (MigrationsAdminTest:test_list_migrations_in_flavor_resize_situation): 201 POST http://10.180.1.21:9696/networking/v2.0/security-group-rules 0.117s
2025-04-26 01:38:59.593 70117 INFO tempest.lib.common.rest_client [req-6832839c-330e-4399-9599-025029747644 req-6832839c-330e-4399-9599-025029747644 ] Request (ImagesOneServerNegativeTestJSON:setUpClass): 200 GET http://10.180.1.21/compute/v2.1/servers/9e341751-78ca-4aff-ba61-33023725d897 0.312s
2025-04-26 01:38:59.596 70151 INFO tempest.lib.common.rest_client [req-88d23e02-9c3f-4b64-a0bd-95526b498bab req-88d23e02-9c3f-4b64-a0bd-95526b498bab ] Request (FloatingIPsAssociationNegativeTestJSON:setUpClass): 200 GET http://10.180.1.21/compute/v2.1/servers/22842910-a375-46d2-8961-ae303c680a70 0.271s
2025-04-26 01:38:59.662 70143 INFO tempest.lib.common.rest_client [req-f2be69cd-ae2d-446c-a369-a84d367ec493 req-f2be69cd-ae2d-446c-a369-a84d367ec493 ] Request (ListServerFiltersTestJSON:tearDownClass): 200 GET http://10.180.1.21/compute/v2.1/servers/a2cf6ae0-bdf8-4039-81eb-f1c8e4f3a80b 0.320s
2025-04-26 01:38:59.662 70123 INFO tempest.lib.common.rest_client [req-a5831762-0093-4224-9591-f28e452b06ce req-a5831762-0093-4224-9591-f28e452b06ce ] Request (ServerActionsTestJSON:setUpClass): 200 GET http://10.180.1.21/compute/v2.1/servers/09356081-f58b-4a4e-b794-ca91c9dd66d5 0.287s
2025-04-26 01:38:59.721 70161 INFO tempest.lib.common.rest_client [req-78b26b59-3a6a-4cf9-a857-28216fc83ca3 req-78b26b59-3a6a-4cf9-a857-28216fc83ca3 ] Request (ServersTestJSON:setUpClass): 200 PUT http://10.180.1.21:9696/networking/v2.0/floatingips/dcaa0a81-371a-47c5-8f99-8e600ae5bad3 0.613s
2025-04-26 01:38:59.729 70165 INFO tempest.lib.common.rest_client [req-07d298cb-e12d-4ab0-9d32-cceb655c868e req-07d298cb-e12d-4ab0-9d32-cceb655c868e ] Request (ServerRescueNegativeTestJSON:setUpClass): 200 GET http://10.180.1.21/compute/v2.1/servers/28ecb8dd-843f-436d-b7f3-3aa209ff7a20 0.320s
2025-04-26 01:38:59.733 70139 INFO tempest.lib.common.rest_client [req-e86875d8-0164-4d23-9e1a-98522599c54c req-e86875d8-0164-4d23-9e1a-98522599c54c ] Request (InstanceActionsV221TestJSON:test_get_list_deleted_instance_actions): 200 GET http://10.180.1.21/compute/v2.1/servers/cc0af723-ef88-4d6f-b59a-63770c6b08f7 0.298s
2025-04-26 01:38:59.825 70161 INFO tempest.lib.common.rest_client [req-d3671f38-28d0-4013-87d2-0b1f6cef8481 req-d3671f38-28d0-4013-87d2-0b1f6cef8481 ] Request (ServersTestJSON:setUpClass): 200 GET http://10.180.1.21/compute/v2.1/servers/62e679e6-579b-411a-bbed-3bf35d8829a0 0.104s
2025-04-26 01:38:59.833 70161 INFO tempest.lib.common.ssh [-] Creating ssh connection to '10.180.180.136:22' as 'cirros' with public key authentication
2025-04-26 01:38:59.899 70157 INFO tempest.lib.common.rest_client [req-a1cce766-dcb4-4a73-81bf-eace8255dba8 req-a1cce766-dcb4-4a73-81bf-eace8255dba8 ] Request (ServersTestMultiNic:test_verify_duplicate_network_nics): 200 GET http://10.180.1.21/compute/v2.1/servers/4832e4ba-81a4-4ca1-a06d-b77eb7f8e33f 0.141s
2025-04-26 01:39:00.005 70137 INFO tempest.lib.common.rest_client [req-3c0d1a2c-861c-46a3-b00c-4abea91adec5 req-3c0d1a2c-861c-46a3-b00c-4abea91adec5 ] Request (MigrationsAdminTest:test_list_migrations_in_flavor_resize_situation): 201 POST http://10.180.1.21:9696/networking/v2.0/floatingips 0.455s
2025-04-26 01:39:00.025 70137 INFO tempest.lib.common.rest_client [req-27c56578-0382-4d99-ba86-1688cc4c4cec req-27c56578-0382-4d99-ba86-1688cc4c4cec ] Request (MigrationsAdminTest:test_list_migrations_in_flavor_resize_situation): 200 GET http://10.180.1.21/compute/v2.1/os-migrations 0.019s
2025-04-26 01:39:00.047 70137 INFO tempest.lib.common.rest_client [req-f5d0b4ee-c2e9-4032-81ad-4cdcffebaf92 req-f5d0b4ee-c2e9-4032-81ad-4cdcffebaf92 ] Request (MigrationsAdminTest:test_resize_server_revert_deleted_flavor): 200 GET http://10.180.1.21/compute/v2.1/flavors/42 0.018s
2025-04-26 01:39:00.100 70141 INFO tempest.lib.common.rest_client [req-8ee00ce9-fa3e-4167-9442-5b5cb7590833 req-8ee00ce9-fa3e-4167-9442-5b5cb7590833 ] Request (ServersAdminTestJSON:test_create_server_with_scheduling_hint): 200 GET http://10.180.1.21/compute/v2.1/servers/2c17c19e-ea4e-4654-95f0-8daaf19907f4 0.122s
2025-04-26 01:39:00.101 70145 INFO tempest.lib.common.rest_client [req-7740e27d-7c02-44de-89ef-d7453df93979 req-7740e27d-7c02-44de-89ef-d7453df93979 ] Request (ServersTestFqdnHostnames:test_create_server_with_fqdn_name): 200 GET http://10.180.1.21/compute/v2.1/servers/b4e74b8a-cc84-47b6-9093-cbd2b2e59740 0.067s
2025-04-26 01:39:00.108 70145 INFO tempest.common.waiters [-] State transition "BUILD/scheduling" ==> "BUILD/None" after 52 second wait
2025-04-26 01:39:00.120 70137 INFO tempest.lib.common.rest_client [req-6a398958-d056-4af7-bf79-a898bddbf786 req-6a398958-d056-4af7-bf79-a898bddbf786 ] Request (MigrationsAdminTest:test_resize_server_revert_deleted_flavor): 200 POST http://10.180.1.21/compute/v2.1/flavors 0.071s
2025-04-26 01:39:00.173 70149 INFO tempest.lib.common.rest_client [req-c5cfec73-7089-4a53-8a0d-5a86a0a88ef0 req-c5cfec73-7089-4a53-8a0d-5a86a0a88ef0 ] Request (ServersTestJSON:test_create_server_with_ipv6_addr_only): 200 GET http://10.180.1.21/compute/v2.1/servers/b5455fa5-e7e9-46cf-80ad-6b672699afe9 0.090s
2025-04-26 01:39:00.188 70137 INFO tempest.lib.common.rest_client [req-9ba1727c-43dd-4c36-872c-6b081b3763ec req-9ba1727c-43dd-4c36-872c-6b081b3763ec ] Request (MigrationsAdminTest:test_resize_server_revert_deleted_flavor): 200 GET http://10.180.1.21/compute/v2.1/flavors/42/os-extra_specs 0.065s
2025-04-26 01:39:00.262 70125 INFO tempest.lib.common.rest_client [req-30093c2d-0745-4dd6-9b45-d2cfc050db9e req-30093c2d-0745-4dd6-9b45-d2cfc050db9e ] Request (ServersTestBootFromVolume:setUpClass): 200 GET http://10.180.1.21/compute/v2.1/servers/bee91322-be72-4998-aeb4-b8d6bf4a905d 0.132s
2025-04-26 01:39:00.283 70137 INFO tempest.lib.common.rest_client [req-a30e9fb0-f613-4f80-be42-66615be2f4c6 req-a30e9fb0-f613-4f80-be42-66615be2f4c6 ] Request (MigrationsAdminTest:test_resize_server_revert_deleted_flavor): 200 POST http://10.180.1.21/compute/v2.1/flavors/c43a08b0-b607-4623-aa5a-f0f86c5c04e5/os-extra_specs 0.094s
2025-04-26 01:39:00.349 70153 INFO tempest.lib.common.rest_client [req-b16fe919-2a2b-42a2-aa00-150d96ab2d88 req-b16fe919-2a2b-42a2-aa00-150d96ab2d88 ] Request (ImagesTestJSON:test_create_image_from_suspended_server): 200 GET http://10.180.1.21/compute/v2.1/servers/2d145c5b-42c9-42d9-9ee1-55845b6ff494 0.155s
2025-04-26 01:39:00.379 70137 INFO tempest.lib.common.rest_client [req-3e420f0d-6289-43cc-a388-0ac06a137874 req-3e420f0d-6289-43cc-a388-0ac06a137874 ] Request (MigrationsAdminTest:test_resize_server_revert_deleted_flavor): 201 POST http://10.180.1.21/identity/v3/auth/tokens 0.092s
2025-04-26 01:39:00.379 70137 INFO tempest.lib.common.fixed_network [-] (MigrationsAdminTest:test_resize_server_revert_deleted_flavor) Found network None available for tenant
2025-04-26 01:39:00.410 70113 INFO tempest.lib.common.rest_client [req-a5ef5a37-e645-4ade-be2d-59e1496aaca7 req-a5ef5a37-e645-4ade-be2d-59e1496aaca7 ] Request (ServersAdmin275Test:test_rebuild_update_server_275): 200 GET http://10.180.1.21/compute/v2.1/servers/1d637c07-261f-4bac-b2a7-31da1cc9d1e4 0.352s
2025-04-26 01:39:00.417 70131 INFO tempest.lib.common.rest_client [req-d9f527c6-7577-4507-8b66-bae965c82064 req-d9f527c6-7577-4507-8b66-bae965c82064 ] Request (ServerDiagnosticsV248Test:test_get_server_diagnostics): 200 GET http://10.180.1.21/compute/v2.1/servers/29578513-5d13-4e49-9d34-12f0cf3c8e01 0.196s
2025-04-26 01:39:00.485 70105 INFO tempest.lib.common.rest_client [req-0b575a17-1c12-4efc-8ab3-61c231cb5078 req-0b575a17-1c12-4efc-8ab3-61c231cb5078 ] Request (InstanceActionsTestJSON:tearDownClass): 200 GET http://10.180.1.21/compute/v2.1/servers/a3f4dadf-a9bc-4155-82b7-fb0c24656663 0.193s
2025-04-26 01:39:00.493 70103 INFO tempest.lib.common.rest_client [req-f3374249-70f5-4aab-a13b-198d70c586cb req-f3374249-70f5-4aab-a13b-198d70c586cb ] Request (DeleteServersAdminTestJSON:test_delete_server_while_in_error_state): 200 GET http://10.180.1.21/compute/v2.1/servers/a6536297-e66b-438c-95c2-8050cfa89684 0.218s
2025-04-26 01:39:00.550 70111 INFO tempest.lib.common.rest_client [req-d1d1ad15-3b29-488f-929c-18de67f22a7c req-d1d1ad15-3b29-488f-929c-18de67f22a7c ] Request (MultipleCreateTestJSON:test_multiple_create): 200 GET http://10.180.1.21/compute/v2.1/servers/7e3c80bd-c77c-44d1-b9d0-5b9ab45d050f 0.195s
2025-04-26 01:39:00.553 70155 INFO tempest.lib.common.rest_client [req-98ae291a-b426-4bda-bb7c-01bc004248b6 req-98ae291a-b426-4bda-bb7c-01bc004248b6 ] Request (ServerGroupTestJSON:test_create_server_with_scheduler_hint_group): 200 GET http://10.180.1.21/compute/v2.1/servers/bb09486a-1cae-4489-a385-3c0c30f19866 0.215s
2025-04-26 01:39:00.601 70127 INFO tempest.lib.common.rest_client [req-bb6ce89c-ea23-4120-9659-64139c5702d2 req-bb6ce89c-ea23-4120-9659-64139c5702d2 ] Request (VolumesAdminNegativeTest:test_update_attached_volume_with_nonexistent_volume_in_body): 200 GET http://10.180.1.21/compute/v2.1/servers/ca4a89a9-ae07-44ce-931a-5dbf779646b0 0.217s
2025-04-26 01:39:00.657 70121 INFO tempest.lib.common.rest_client [req-7ac2b3f9-b81f-4d77-8b25-46afdec9b03d req-7ac2b3f9-b81f-4d77-8b25-46afdec9b03d ] Request (ServersV294TestFqdnHostnames:setUpClass): 200 GET http://10.180.1.21/compute/v2.1/servers/9488a636-552a-4019-85bb-98281df807a6 0.240s
2025-04-26 01:39:00.685 70133 INFO tempest.lib.common.rest_client [req-64704ca0-f69b-42cb-af39-bbb137aadc78 req-64704ca0-f69b-42cb-af39-bbb137aadc78 ] Request (ListImageFiltersTestJSON:setUpClass): 200 GET http://10.180.1.21/compute/v2.1/images/5af2b2c5-0c66-4d6a-aea5-c5b0a3183b5d 0.258s
2025-04-26 01:39:00.732 70119 INFO tempest.lib.common.rest_client [req-5da21d08-a570-48ce-96c4-500db76991b6 req-5da21d08-a570-48ce-96c4-500db76991b6 ] Request (FloatingIPsAssociationTestJSON:setUpClass): 200 GET http://10.180.1.21/compute/v2.1/servers/5abe83e9-9bd7-4642-b3c1-c89bd4e150cd 0.256s
2025-04-26 01:39:00.779 70135 INFO tempest.lib.common.rest_client [req-3a94033b-ebd2-47f3-8179-84f2ce6da6e5 req-3a94033b-ebd2-47f3-8179-84f2ce6da6e5 ] Request (ServerMetadataTestJSON:setUpClass): 200 GET http://10.180.1.21/compute/v2.1/servers/95df77e7-8eb8-4d41-a9b9-6267a761c824 0.296s
2025-04-26 01:39:00.787 70137 INFO tempest.lib.common.rest_client [req-01299132-70ad-42eb-b027-2c2c00d80579 req-01299132-70ad-42eb-b027-2c2c00d80579 ] Request (MigrationsAdminTest:test_resize_server_revert_deleted_flavor): 202 POST http://10.180.1.21/compute/v2.1/servers 0.407s
2025-04-26 01:39:00.825 70163 INFO tempest.lib.common.rest_client [req-4b84ce54-72fc-4347-9751-98e3abfd77b1 req-4b84ce54-72fc-4347-9751-98e3abfd77b1 ] Request (ServerDiskConfigTestJSON:test_rebuild_server_with_auto_disk_config): 200 GET http://10.180.1.21/compute/v2.1/servers/6a4e21e3-3c2d-4f50-9b7e-8ba2dc2e5333 0.288s
2025-04-26 01:39:00.834 70159 INFO tempest.lib.common.rest_client [req-690aa781-d450-4b42-8b4e-9d6eacb0ec5d req-690aa781-d450-4b42-8b4e-9d6eacb0ec5d ] Request (ServersAdminNegativeTestJSON:test_migrate_server_invalid_state): 200 GET http://10.180.1.21/compute/v2.1/servers/9b7f9a9f-094d-49b1-8be8-f0e0b36b035b 0.294s
2025-04-26 01:39:00.875 70117 INFO tempest.lib.common.rest_client [req-ec897d7b-6756-48d7-b280-f56713d64891 req-ec897d7b-6756-48d7-b280-f56713d64891 ] Request (ImagesOneServerNegativeTestJSON:setUpClass): 200 GET http://10.180.1.21/compute/v2.1/servers/9e341751-78ca-4aff-ba61-33023725d897 0.272s
2025-04-26 01:39:00.883 70151 INFO tempest.lib.common.rest_client [req-1f8fdb8f-5ba5-4659-b521-e02d5c7ed0be req-1f8fdb8f-5ba5-4659-b521-e02d5c7ed0be ] Request (FloatingIPsAssociationNegativeTestJSON:setUpClass): 200 GET http://10.180.1.21/compute/v2.1/servers/22842910-a375-46d2-8961-ae303c680a70 0.278s
2025-04-26 01:39:00.911 70147 WARNING tempest.lib.common.ssh [-] Failed to establish authenticated ssh connection to cirros@10.180.180.184 ([Errno None] Unable to connect to port 22 on 10.180.180.184). Number attempts: 2. Retry after 3 seconds.: paramiko.ssh_exception.NoValidConnectionsError: [Errno None] Unable to connect to port 22 on 10.180.180.184
2025-04-26 01:39:00.926 70143 INFO tempest.lib.common.rest_client [req-e7150e51-7460-4617-8259-85a1e46893a6 req-e7150e51-7460-4617-8259-85a1e46893a6 ] Request (ListServerFiltersTestJSON:tearDownClass): 200 GET http://10.180.1.21/compute/v2.1/servers/a2cf6ae0-bdf8-4039-81eb-f1c8e4f3a80b 0.258s
2025-04-26 01:39:00.927 70123 INFO tempest.lib.common.rest_client [req-22befe28-9710-4cf8-bb65-95f5e5703350 req-22befe28-9710-4cf8-bb65-95f5e5703350 ] Request (ServerActionsTestJSON:setUpClass): 200 GET http://10.180.1.21/compute/v2.1/servers/09356081-f58b-4a4e-b794-ca91c9dd66d5 0.254s
2025-04-26 01:39:00.974 70165 INFO tempest.lib.common.rest_client [req-e475b215-3d3b-4753-9ed5-01f21722fa50 req-e475b215-3d3b-4753-9ed5-01f21722fa50 ] Request (ServerRescueNegativeTestJSON:setUpClass): 200 GET http://10.180.1.21/compute/v2.1/servers/28ecb8dd-843f-436d-b7f3-3aa209ff7a20 0.236s
2025-04-26 01:39:00.981 70139 INFO tempest.lib.common.rest_client [req-07c6eaab-ac10-4e89-8098-70944cfee3d5 req-07c6eaab-ac10-4e89-8098-70944cfee3d5 ] Request (InstanceActionsV221TestJSON:test_get_list_deleted_instance_actions): 200 GET http://10.180.1.21/compute/v2.1/servers/cc0af723-ef88-4d6f-b59a-63770c6b08f7 0.235s
2025-04-26 01:39:01.013 70137 INFO tempest.lib.common.rest_client [req-264c7434-0456-43ab-91fe-910cc7b9adb5 req-264c7434-0456-43ab-91fe-910cc7b9adb5 ] Request (MigrationsAdminTest:test_resize_server_revert_deleted_flavor): 200 GET http://10.180.1.21/compute/v2.1/servers/2acd5461-f252-4c95-b0fa-37e9a87939cf 0.224s
2025-04-26 01:39:01.084 70157 INFO tempest.lib.common.rest_client [req-d4b7deab-0f9b-484a-a415-f3937342b760 req-d4b7deab-0f9b-484a-a415-f3937342b760 ] Request (ServersTestMultiNic:test_verify_duplicate_network_nics): 200 GET http://10.180.1.21/compute/v2.1/servers/4832e4ba-81a4-4ca1-a06d-b77eb7f8e33f 0.176s
2025-04-26 01:39:01.172 70145 INFO tempest.lib.common.rest_client [req-cb9637d9-04e3-4879-b022-b1da358b17d2 req-cb9637d9-04e3-4879-b022-b1da358b17d2 ] Request (ServersTestFqdnHostnames:test_create_server_with_fqdn_name): 200 GET http://10.180.1.21/compute/v2.1/servers/b4e74b8a-cc84-47b6-9093-cbd2b2e59740 0.062s
2025-04-26 01:39:01.207 70141 INFO tempest.lib.common.rest_client [req-e6d6e55c-6e91-4a6a-b67a-9d3ebcd6ece9 req-e6d6e55c-6e91-4a6a-b67a-9d3ebcd6ece9 ] Request (ServersAdminTestJSON:test_create_server_with_scheduling_hint): 200 GET http://10.180.1.21/compute/v2.1/servers/2c17c19e-ea4e-4654-95f0-8daaf19907f4 0.097s
2025-04-26 01:39:01.234 70149 INFO tempest.lib.common.rest_client [req-fe1747dd-22ff-45a3-ad84-9c3c447dbf57 req-fe1747dd-22ff-45a3-ad84-9c3c447dbf57 ] Request (ServersTestJSON:test_create_server_with_ipv6_addr_only): 200 GET http://10.180.1.21/compute/v2.1/servers/b5455fa5-e7e9-46cf-80ad-6b672699afe9 0.052s
2025-04-26 01:39:01.328 70125 INFO tempest.lib.common.rest_client [req-d05b785e-8ea0-4797-ba94-e5dafd5c49a1 req-d05b785e-8ea0-4797-ba94-e5dafd5c49a1 ] Request (ServersTestBootFromVolume:setUpClass): 200 GET http://10.180.1.21/compute/v2.1/servers/bee91322-be72-4998-aeb4-b8d6bf4a905d 0.054s
2025-04-26 01:39:01.425 70153 INFO tempest.lib.common.rest_client [req-7a851f6d-9f26-481a-b656-b7e6ce7a3d1c req-7a851f6d-9f26-481a-b656-b7e6ce7a3d1c ] Request (ImagesTestJSON:test_create_image_from_suspended_server): 200 GET http://10.180.1.21/compute/v2.1/servers/2d145c5b-42c9-42d9-9ee1-55845b6ff494 0.064s
2025-04-26 01:39:01.488 70113 INFO tempest.lib.common.rest_client [req-deaa93ec-c692-4020-bd76-1f2752a734db req-deaa93ec-c692-4020-bd76-1f2752a734db ] Request (ServersAdmin275Test:test_rebuild_update_server_275): 200 GET http://10.180.1.21/compute/v2.1/servers/1d637c07-261f-4bac-b2a7-31da1cc9d1e4 0.067s
2025-04-26 01:39:01.491 70131 INFO tempest.lib.common.rest_client [req-a80475a6-8918-4e72-9a83-c0085be5f441 req-a80475a6-8918-4e72-9a83-c0085be5f441 ] Request (ServerDiagnosticsV248Test:test_get_server_diagnostics): 200 GET http://10.180.1.21/compute/v2.1/servers/29578513-5d13-4e49-9d34-12f0cf3c8e01 0.062s
2025-04-26 01:39:01.556 70103 INFO tempest.lib.common.rest_client [req-3c662b76-f2f9-41ac-b19f-1e865e1db1f2 req-3c662b76-f2f9-41ac-b19f-1e865e1db1f2 ] Request (DeleteServersAdminTestJSON:test_delete_server_while_in_error_state): 200 GET http://10.180.1.21/compute/v2.1/servers/a6536297-e66b-438c-95c2-8050cfa89684 0.053s
2025-04-26 01:39:01.577 70105 INFO tempest.lib.common.rest_client [req-e6c1e40d-354b-4105-91ab-3401fab47e40 req-e6c1e40d-354b-4105-91ab-3401fab47e40 ] Request (InstanceActionsTestJSON:tearDownClass): 200 GET http://10.180.1.21/compute/v2.1/servers/a3f4dadf-a9bc-4155-82b7-fb0c24656663 0.078s
2025-04-26 01:39:01.623 70111 INFO tempest.lib.common.rest_client [req-aa1be100-4ae2-4698-9e59-8c2d108d19de req-aa1be100-4ae2-4698-9e59-8c2d108d19de ] Request (MultipleCreateTestJSON:test_multiple_create): 200 GET http://10.180.1.21/compute/v2.1/servers/7e3c80bd-c77c-44d1-b9d0-5b9ab45d050f 0.063s
2025-04-26 01:39:01.647 70155 INFO tempest.lib.common.rest_client [req-16c8cd55-dc9e-4d83-8e23-d9902b5bcc56 req-16c8cd55-dc9e-4d83-8e23-d9902b5bcc56 ] Request (ServerGroupTestJSON:test_create_server_with_scheduler_hint_group): 200 GET http://10.180.1.21/compute/v2.1/servers/bb09486a-1cae-4489-a385-3c0c30f19866 0.082s
2025-04-26 01:39:01.688 70127 INFO tempest.lib.common.rest_client [req-96b673d6-05d3-4f57-b52f-ffb0788728d3 req-96b673d6-05d3-4f57-b52f-ffb0788728d3 ] Request (VolumesAdminNegativeTest:test_update_attached_volume_with_nonexistent_volume_in_body): 200 GET http://10.180.1.21/compute/v2.1/servers/ca4a89a9-ae07-44ce-931a-5dbf779646b0 0.079s
2025-04-26 01:39:01.734 70133 INFO tempest.lib.common.rest_client [req-9e12e7db-2691-4814-b017-8d59f902f9b9 req-9e12e7db-2691-4814-b017-8d59f902f9b9 ] Request (ListImageFiltersTestJSON:setUpClass): 200 GET http://10.180.1.21/compute/v2.1/images/5af2b2c5-0c66-4d6a-aea5-c5b0a3183b5d 0.044s
2025-04-26 01:39:01.746 70121 INFO tempest.lib.common.rest_client [req-7906a32f-7a65-4a0a-84af-3268fed5d6fa req-7906a32f-7a65-4a0a-84af-3268fed5d6fa ] Request (ServersV294TestFqdnHostnames:setUpClass): 200 GET http://10.180.1.21/compute/v2.1/servers/9488a636-552a-4019-85bb-98281df807a6 0.075s
2025-04-26 01:39:01.793 70119 INFO tempest.lib.common.rest_client [req-a5413f5c-279c-4278-87f0-414850bc6141 req-a5413f5c-279c-4278-87f0-414850bc6141 ] Request (FloatingIPsAssociationTestJSON:setUpClass): 200 GET http://10.180.1.21/compute/v2.1/servers/5abe83e9-9bd7-4642-b3c1-c89bd4e150cd 0.052s
2025-04-26 01:39:01.903 70163 INFO tempest.lib.common.rest_client [req-abefd9f3-5a2b-40e4-9e02-ae6396946c8d req-abefd9f3-5a2b-40e4-9e02-ae6396946c8d ] Request (ServerDiskConfigTestJSON:test_rebuild_server_with_auto_disk_config): 200 GET http://10.180.1.21/compute/v2.1/servers/6a4e21e3-3c2d-4f50-9b7e-8ba2dc2e5333 0.069s
2025-04-26 01:39:01.920 70135 INFO tempest.lib.common.rest_client [req-d9224f04-6373-4b70-b24c-57074ccafa93 req-d9224f04-6373-4b70-b24c-57074ccafa93 ] Request (ServerMetadataTestJSON:setUpClass): 200 GET http://10.180.1.21/compute/v2.1/servers/95df77e7-8eb8-4d41-a9b9-6267a761c824 0.132s
2025-04-26 01:39:01.929 70135 INFO tempest.common.waiters [-] State transition "BUILD/None" ==> "BUILD/networking" after 64 second wait
2025-04-26 01:39:01.965 70159 INFO tempest.lib.common.rest_client [req-a1c09b87-22ae-499b-b969-99a7c53d5c4f req-a1c09b87-22ae-499b-b969-99a7c53d5c4f ] Request (ServersAdminNegativeTestJSON:test_migrate_server_invalid_state): 200 GET http://10.180.1.21/compute/v2.1/servers/9b7f9a9f-094d-49b1-8be8-f0e0b36b035b 0.123s
2025-04-26 01:39:01.993 70117 INFO tempest.lib.common.rest_client [req-dd1a9f17-6f65-4735-9cf8-736e37806623 req-dd1a9f17-6f65-4735-9cf8-736e37806623 ] Request (ImagesOneServerNegativeTestJSON:setUpClass): 200 GET http://10.180.1.21/compute/v2.1/servers/9e341751-78ca-4aff-ba61-33023725d897 0.109s
2025-04-26 01:39:02.022 70151 INFO tempest.lib.common.rest_client [req-c5bb101a-3370-4f9d-bc38-a6ac82176185 req-c5bb101a-3370-4f9d-bc38-a6ac82176185 ] Request (FloatingIPsAssociationNegativeTestJSON:setUpClass): 200 GET http://10.180.1.21/compute/v2.1/servers/22842910-a375-46d2-8961-ae303c680a70 0.127s
2025-04-26 01:39:02.079 70143 INFO tempest.lib.common.rest_client [req-5c494ced-e410-4892-9fb4-457d7790cf9e req-5c494ced-e410-4892-9fb4-457d7790cf9e ] Request (ListServerFiltersTestJSON:tearDownClass): 200 GET http://10.180.1.21/compute/v2.1/servers/a2cf6ae0-bdf8-4039-81eb-f1c8e4f3a80b 0.144s
2025-04-26 01:39:02.079 70123 INFO tempest.lib.common.rest_client [req-41120be4-b473-48a5-ac8c-622d8fc87cbd req-41120be4-b473-48a5-ac8c-622d8fc87cbd ] Request (ServerActionsTestJSON:setUpClass): 200 GET http://10.180.1.21/compute/v2.1/servers/09356081-f58b-4a4e-b794-ca91c9dd66d5 0.142s
2025-04-26 01:39:02.130 70165 INFO tempest.lib.common.rest_client [req-7362edc5-b0f8-497e-98da-42edf62df487 req-7362edc5-b0f8-497e-98da-42edf62df487 ] Request (ServerRescueNegativeTestJSON:setUpClass): 200 GET http://10.180.1.21/compute/v2.1/servers/28ecb8dd-843f-436d-b7f3-3aa209ff7a20 0.148s
2025-04-26 01:39:02.143 70139 INFO tempest.lib.common.rest_client [req-6dcaa00f-87ee-4ee1-ad8e-25e2c8a29c6c req-6dcaa00f-87ee-4ee1-ad8e-25e2c8a29c6c ] Request (InstanceActionsV221TestJSON:test_get_list_deleted_instance_actions): 200 GET http://10.180.1.21/compute/v2.1/servers/cc0af723-ef88-4d6f-b59a-63770c6b08f7 0.153s
2025-04-26 01:39:02.199 70137 INFO tempest.lib.common.rest_client [req-feb4a1f9-6fd4-4060-b546-fd4a9f64d0c9 req-feb4a1f9-6fd4-4060-b546-fd4a9f64d0c9 ] Request (MigrationsAdminTest:test_resize_server_revert_deleted_flavor): 200 GET http://10.180.1.21/compute/v2.1/servers/2acd5461-f252-4c95-b0fa-37e9a87939cf 0.177s
2025-04-26 01:39:02.249 70145 INFO tempest.lib.common.rest_client [req-9e76c7fe-53da-4476-b604-d36900897e81 req-9e76c7fe-53da-4476-b604-d36900897e81 ] Request (ServersTestFqdnHostnames:test_create_server_with_fqdn_name): 200 GET http://10.180.1.21/compute/v2.1/servers/b4e74b8a-cc84-47b6-9093-cbd2b2e59740 0.068s
2025-04-26 01:39:02.266 70157 INFO tempest.lib.common.rest_client [req-896d4f9e-77a7-4fb7-b80d-e0b1521e34bb req-896d4f9e-77a7-4fb7-b80d-e0b1521e34bb ] Request (ServersTestMultiNic:test_verify_duplicate_network_nics): 200 GET http://10.180.1.21/compute/v2.1/servers/4832e4ba-81a4-4ca1-a06d-b77eb7f8e33f 0.174s
2025-04-26 01:39:02.274 70157 INFO tempest.common.waiters [-] State transition "BUILD/spawning" ==> "ACTIVE/None" after 66 second wait
2025-04-26 01:39:02.311 70149 INFO tempest.lib.common.rest_client [req-3f06f531-2095-480a-920e-dae17d4d5166 req-3f06f531-2095-480a-920e-dae17d4d5166 ] Request (ServersTestJSON:test_create_server_with_ipv6_addr_only): 200 GET http://10.180.1.21/compute/v2.1/servers/b5455fa5-e7e9-46cf-80ad-6b672699afe9 0.068s
2025-04-26 01:39:02.331 70141 INFO tempest.lib.common.rest_client [req-306deafb-365f-4fe8-9dc8-f2dc5711ecd8 req-306deafb-365f-4fe8-9dc8-f2dc5711ecd8 ] Request (ServersAdminTestJSON:test_create_server_with_scheduling_hint): 200 GET http://10.180.1.21/compute/v2.1/servers/2c17c19e-ea4e-4654-95f0-8daaf19907f4 0.115s
2025-04-26 01:39:02.334 70157 INFO tempest.lib.common.rest_client [req-62244908-b747-4833-a04d-6c53b6000f3a req-62244908-b747-4833-a04d-6c53b6000f3a ] Request (ServersTestMultiNic:test_verify_duplicate_network_nics): 200 GET http://10.180.1.21/compute/v2.1/servers/4832e4ba-81a4-4ca1-a06d-b77eb7f8e33f/ips 0.059s
2025-04-26 01:39:02.383 70125 INFO tempest.lib.common.rest_client [req-fa655a55-20ff-4782-b224-4c47931b544a req-fa655a55-20ff-4782-b224-4c47931b544a ] Request (ServersTestBootFromVolume:setUpClass): 200 GET http://10.180.1.21/compute/v2.1/servers/bee91322-be72-4998-aeb4-b8d6bf4a905d 0.046s
2025-04-26 01:39:02.404 70157 INFO tempest.lib.common.rest_client [req-804c545f-4793-4b09-a61f-dbe7c2631c1d req-804c545f-4793-4b09-a61f-dbe7c2631c1d ] Request (ServersTestMultiNic:_run_cleanups): 204 DELETE http://10.180.1.21/compute/v2.1/servers/4832e4ba-81a4-4ca1-a06d-b77eb7f8e33f 0.068s
2025-04-26 01:39:02.480 70153 INFO tempest.lib.common.rest_client [req-a16484d1-2901-42ad-b128-bbd84c4a3dc0 req-a16484d1-2901-42ad-b128-bbd84c4a3dc0 ] Request (ImagesTestJSON:test_create_image_from_suspended_server): 200 GET http://10.180.1.21/compute/v2.1/servers/2d145c5b-42c9-42d9-9ee1-55845b6ff494 0.047s
2025-04-26 01:39:02.497 70157 INFO tempest.lib.common.rest_client [req-b802ac25-fd95-4530-b5fc-08318934c069 req-b802ac25-fd95-4530-b5fc-08318934c069 ] Request (ServersTestMultiNic:_run_cleanups): 200 GET http://10.180.1.21/compute/v2.1/servers/4832e4ba-81a4-4ca1-a06d-b77eb7f8e33f 0.092s
2025-04-26 01:39:02.551 70131 INFO tempest.lib.common.rest_client [req-df3bd6b7-d91e-4680-94dc-3182e3361b7b req-df3bd6b7-d91e-4680-94dc-3182e3361b7b ] Request (ServerDiagnosticsV248Test:test_get_server_diagnostics): 200 GET http://10.180.1.21/compute/v2.1/servers/29578513-5d13-4e49-9d34-12f0cf3c8e01 0.051s
2025-04-26 01:39:02.552 70113 INFO tempest.lib.common.rest_client [req-c0001d66-2256-4e8e-89ea-33062e2ba103 req-c0001d66-2256-4e8e-89ea-33062e2ba103 ] Request (ServersAdmin275Test:test_rebuild_update_server_275): 200 GET http://10.180.1.21/compute/v2.1/servers/1d637c07-261f-4bac-b2a7-31da1cc9d1e4 0.052s
2025-04-26 01:39:02.613 70103 INFO tempest.lib.common.rest_client [req-606eed42-8ba6-4578-945e-a271ce8a978e req-606eed42-8ba6-4578-945e-a271ce8a978e ] Request (DeleteServersAdminTestJSON:test_delete_server_while_in_error_state): 200 GET http://10.180.1.21/compute/v2.1/servers/a6536297-e66b-438c-95c2-8050cfa89684 0.050s
2025-04-26 01:39:02.646 70105 INFO tempest.lib.common.rest_client [req-0cf6aaea-4ed1-456e-8046-be4bd26e0fa6 req-0cf6aaea-4ed1-456e-8046-be4bd26e0fa6 ] Request (InstanceActionsTestJSON:tearDownClass): 200 GET http://10.180.1.21/compute/v2.1/servers/a3f4dadf-a9bc-4155-82b7-fb0c24656663 0.059s
2025-04-26 01:39:02.683 70111 INFO tempest.lib.common.rest_client [req-5b684441-4746-4138-bb4e-54707499806a req-5b684441-4746-4138-bb4e-54707499806a ] Request (MultipleCreateTestJSON:test_multiple_create): 200 GET http://10.180.1.21/compute/v2.1/servers/7e3c80bd-c77c-44d1-b9d0-5b9ab45d050f 0.051s
2025-04-26 01:39:02.713 70155 INFO tempest.lib.common.rest_client [req-4c7b3218-4460-4cdf-a56d-a213b6dd88c2 req-4c7b3218-4460-4cdf-a56d-a213b6dd88c2 ] Request (ServerGroupTestJSON:test_create_server_with_scheduler_hint_group): 200 GET http://10.180.1.21/compute/v2.1/servers/bb09486a-1cae-4489-a385-3c0c30f19866 0.053s
2025-04-26 01:39:02.751 70127 INFO tempest.lib.common.rest_client [req-6641cfc4-134a-4eed-bb54-7d7e27589bcd req-6641cfc4-134a-4eed-bb54-7d7e27589bcd ] Request (VolumesAdminNegativeTest:test_update_attached_volume_with_nonexistent_volume_in_body): 200 GET http://10.180.1.21/compute/v2.1/servers/ca4a89a9-ae07-44ce-931a-5dbf779646b0 0.049s
2025-04-26 01:39:02.774 70133 INFO tempest.lib.common.rest_client [req-0bf26807-f350-4edb-8120-26f056664df5 req-0bf26807-f350-4edb-8120-26f056664df5 ] Request (ListImageFiltersTestJSON:setUpClass): 200 GET http://10.180.1.21/compute/v2.1/images/5af2b2c5-0c66-4d6a-aea5-c5b0a3183b5d 0.037s
2025-04-26 01:39:02.812 70121 INFO tempest.lib.common.rest_client [req-5e81e8a4-6647-4194-92cb-d8f00fd2c82f req-5e81e8a4-6647-4194-92cb-d8f00fd2c82f ] Request (ServersV294TestFqdnHostnames:setUpClass): 200 GET http://10.180.1.21/compute/v2.1/servers/9488a636-552a-4019-85bb-98281df807a6 0.055s
2025-04-26 01:39:02.853 70119 INFO tempest.lib.common.rest_client [req-59252034-55f6-4c85-a506-79e4abcd9287 req-59252034-55f6-4c85-a506-79e4abcd9287 ] Request (FloatingIPsAssociationTestJSON:setUpClass): 200 GET http://10.180.1.21/compute/v2.1/servers/5abe83e9-9bd7-4642-b3c1-c89bd4e150cd 0.049s
2025-04-26 01:39:02.962 70163 INFO tempest.lib.common.rest_client [req-f313afcf-8d02-4bfc-b003-0607008c3d9e req-f313afcf-8d02-4bfc-b003-0607008c3d9e ] Request (ServerDiskConfigTestJSON:test_rebuild_server_with_auto_disk_config): 200 GET http://10.180.1.21/compute/v2.1/servers/6a4e21e3-3c2d-4f50-9b7e-8ba2dc2e5333 0.050s
2025-04-26 01:39:03.020 70159 INFO tempest.lib.common.rest_client [req-6210ad6b-c4db-4632-8156-ecf381a4fca9 req-6210ad6b-c4db-4632-8156-ecf381a4fca9 ] Request (ServersAdminNegativeTestJSON:test_migrate_server_invalid_state): 200 GET http://10.180.1.21/compute/v2.1/servers/9b7f9a9f-094d-49b1-8be8-f0e0b36b035b 0.045s
2025-04-26 01:39:03.027 70135 INFO tempest.lib.common.rest_client [req-b54af2e0-5b16-4857-be65-1a1fdc787d07 req-b54af2e0-5b16-4857-be65-1a1fdc787d07 ] Request (ServerMetadataTestJSON:setUpClass): 200 GET http://10.180.1.21/compute/v2.1/servers/95df77e7-8eb8-4d41-a9b9-6267a761c824 0.096s
2025-04-26 01:39:03.034 70135 INFO tempest.common.waiters [-] State transition "BUILD/networking" ==> "BUILD/spawning" after 66 second wait
2025-04-26 01:39:03.065 70117 INFO tempest.lib.common.rest_client [req-819015e1-c6f4-4065-bee8-46c237fd9fb6 req-819015e1-c6f4-4065-bee8-46c237fd9fb6 ] Request (ImagesOneServerNegativeTestJSON:setUpClass): 200 GET http://10.180.1.21/compute/v2.1/servers/9e341751-78ca-4aff-ba61-33023725d897 0.062s
2025-04-26 01:39:03.088 70151 INFO tempest.lib.common.rest_client [req-9352f17c-6806-4875-9f1b-c2ed1e01d7b3 req-9352f17c-6806-4875-9f1b-c2ed1e01d7b3 ] Request (FloatingIPsAssociationNegativeTestJSON:setUpClass): 200 GET http://10.180.1.21/compute/v2.1/servers/22842910-a375-46d2-8961-ae303c680a70 0.053s
2025-04-26 01:39:03.137 70123 INFO tempest.lib.common.rest_client [req-b1ae56b6-72f5-4459-809b-ff16d2ac1038 req-b1ae56b6-72f5-4459-809b-ff16d2ac1038 ] Request (ServerActionsTestJSON:setUpClass): 200 GET http://10.180.1.21/compute/v2.1/servers/09356081-f58b-4a4e-b794-ca91c9dd66d5 0.049s
2025-04-26 01:39:03.153 70143 INFO tempest.lib.common.rest_client [req-e85c289e-8ad5-469a-b542-95561f01505a req-e85c289e-8ad5-469a-b542-95561f01505a ] Request (ListServerFiltersTestJSON:tearDownClass): 200 GET http://10.180.1.21/compute/v2.1/servers/a2cf6ae0-bdf8-4039-81eb-f1c8e4f3a80b 0.063s
2025-04-26 01:39:03.197 70165 INFO tempest.lib.common.rest_client [req-2a3c06d0-bf0d-40ff-828e-f7351ae67683 req-2a3c06d0-bf0d-40ff-828e-f7351ae67683 ] Request (ServerRescueNegativeTestJSON:setUpClass): 200 GET http://10.180.1.21/compute/v2.1/servers/28ecb8dd-843f-436d-b7f3-3aa209ff7a20 0.058s
2025-04-26 01:39:03.232 70139 INFO tempest.lib.common.rest_client [req-fdbea6ed-0ba2-47b8-9ae9-c77a36e8ef7d req-fdbea6ed-0ba2-47b8-9ae9-c77a36e8ef7d ] Request (InstanceActionsV221TestJSON:test_get_list_deleted_instance_actions): 200 GET http://10.180.1.21/compute/v2.1/servers/cc0af723-ef88-4d6f-b59a-63770c6b08f7 0.073s
2025-04-26 01:39:03.266 70137 INFO tempest.lib.common.rest_client [req-03c09dd4-5162-4cbb-bc40-84c9bf946f78 req-03c09dd4-5162-4cbb-bc40-84c9bf946f78 ] Request (MigrationsAdminTest:test_resize_server_revert_deleted_flavor): 200 GET http://10.180.1.21/compute/v2.1/servers/2acd5461-f252-4c95-b0fa-37e9a87939cf 0.057s
2025-04-26 01:39:03.317 70145 INFO tempest.lib.common.rest_client [req-52a0d4d3-ec33-4bc1-89b0-48bda675c240 req-52a0d4d3-ec33-4bc1-89b0-48bda675c240 ] Request (ServersTestFqdnHostnames:test_create_server_with_fqdn_name): 200 GET http://10.180.1.21/compute/v2.1/servers/b4e74b8a-cc84-47b6-9093-cbd2b2e59740 0.059s
2025-04-26 01:39:03.371 70149 INFO tempest.lib.common.rest_client [req-e906791f-e87a-4b63-96da-2605ccbb0e26 req-e906791f-e87a-4b63-96da-2605ccbb0e26 ] Request (ServersTestJSON:test_create_server_with_ipv6_addr_only): 200 GET http://10.180.1.21/compute/v2.1/servers/b5455fa5-e7e9-46cf-80ad-6b672699afe9 0.052s
2025-04-26 01:39:03.450 70125 INFO tempest.lib.common.rest_client [req-463278c0-51e4-4c07-a404-24d83bb3b0d1 req-463278c0-51e4-4c07-a404-24d83bb3b0d1 ] Request (ServersTestBootFromVolume:setUpClass): 200 GET http://10.180.1.21/compute/v2.1/servers/bee91322-be72-4998-aeb4-b8d6bf4a905d 0.059s
2025-04-26 01:39:03.461 70141 INFO tempest.lib.common.rest_client [req-3a50b5ec-75ea-4133-a506-052b5ffdf159 req-3a50b5ec-75ea-4133-a506-052b5ffdf159 ] Request (ServersAdminTestJSON:test_create_server_with_scheduling_hint): 200 GET http://10.180.1.21/compute/v2.1/servers/2c17c19e-ea4e-4654-95f0-8daaf19907f4 0.122s
2025-04-26 01:39:03.538 70153 INFO tempest.lib.common.rest_client [req-93c89405-ae11-4f33-827d-c6707ae6b094 req-93c89405-ae11-4f33-827d-c6707ae6b094 ] Request (ImagesTestJSON:test_create_image_from_suspended_server): 200 GET http://10.180.1.21/compute/v2.1/servers/2d145c5b-42c9-42d9-9ee1-55845b6ff494 0.050s
2025-04-26 01:39:03.615 70157 INFO tempest.lib.common.rest_client [req-18b0a301-a258-410b-9d24-2910c0f11cf4 req-18b0a301-a258-410b-9d24-2910c0f11cf4 ] Request (ServersTestMultiNic:_run_cleanups): 200 GET http://10.180.1.21/compute/v2.1/servers/4832e4ba-81a4-4ca1-a06d-b77eb7f8e33f 0.110s
2025-04-26 01:39:03.631 70131 INFO tempest.lib.common.rest_client [req-a9c0ea4b-3a6d-4ab0-9cb4-5bbd090b0e14 req-a9c0ea4b-3a6d-4ab0-9cb4-5bbd090b0e14 ] Request (ServerDiagnosticsV248Test:test_get_server_diagnostics): 200 GET http://10.180.1.21/compute/v2.1/servers/29578513-5d13-4e49-9d34-12f0cf3c8e01 0.070s
