2025-04-15 14:01:01.342 70046 INFO tempest.lib.common.rest_client [req-23a46e8a-4942-44a9-812f-9a220581c575 req-23a46e8a-4942-44a9-812f-9a220581c575 ] Request (ServersTestMultiNic:test_verify_duplicate_network_nics): 200 GET http://10.180.1.21/compute/v2.1/servers/3e84be0b-2078-47ef-b88e-adb5e320b800 0.101s
2025-04-15 14:01:01.417 70032 INFO tempest.lib.common.rest_client [req-35e037cd-0f32-4186-a5a3-51cad8a1e955 req-35e037cd-0f32-4186-a5a3-51cad8a1e955 ] Request (ServersAdmin275Test:tearDownClass): 200 GET http://10.180.1.21/compute/v2.1/servers/2c7890f4-59f6-464b-9c0c-a482f76b7099 0.083s
2025-04-15 14:01:01.478 70018 INFO tempest.lib.common.rest_client [req-72176bac-591e-4e67-8eaf-fb6a6ea6c823 req-72176bac-591e-4e67-8eaf-fb6a6ea6c823 ] Request (ServerAddressesTestJSON:setUpClass): 200 GET http://10.180.1.21/compute/v2.1/servers/c3d915d6-b146-43e1-946d-289fbb5e6496 0.185s
2025-04-15 14:01:01.480 70020 INFO tempest.lib.common.rest_client [req-830b0981-3fcd-46c9-a65f-7b84bf3c2674 req-830b0981-3fcd-46c9-a65f-7b84bf3c2674 ] Request (ImagesTestJSON:test_create_server_from_snapshot): 200 GET http://10.180.1.21/compute/v2.1/servers/6b82c582-3bb0-4b3a-a0fe-3e589eaa6929 0.123s
2025-04-15 14:01:01.486 70018 INFO tempest.common.waiters [-] State transition "BUILD/spawning" ==> "ACTIVE/None" after 98 second wait
2025-04-15 14:01:01.533 70042 INFO tempest.lib.common.rest_client [req-8fb446f6-708b-45fb-9418-8ea106645ae2 req-8fb446f6-708b-45fb-9418-8ea106645ae2 ] Request (ServersTestFqdnHostnames:test_create_server_with_fqdn_name): 200 GET http://10.180.1.21/compute/v2.1/servers/eb310089-7765-4d14-b010-9f6da48f5546 0.141s
2025-04-15 14:01:01.538 70010 INFO tempest.lib.common.rest_client [req-008128bb-0412-426a-bb44-4d935d2e8aba req-008128bb-0412-426a-bb44-4d935d2e8aba ] Request (ListImageFiltersTestJSON:tearDownClass): 200 GET http://10.180.1.21/compute/v2.1/servers/5bb50dd1-adc2-4bdd-94a2-29ca8b14e503 0.109s
2025-04-15 14:01:01.562 70018 INFO tempest.lib.common.rest_client [req-2461d227-ab9c-4360-be42-9f05b727e644 req-2461d227-ab9c-4360-be42-9f05b727e644 ] Request (ServerAddressesTestJSON:test_list_server_addresses): 200 GET http://10.180.1.21/compute/v2.1/servers/c3d915d6-b146-43e1-946d-289fbb5e6496/ips 0.074s
2025-04-15 14:01:01.602 70056 INFO tempest.lib.common.rest_client [req-e156c229-3a7b-437d-ad37-db532d0624fe req-e156c229-3a7b-437d-ad37-db532d0624fe ] Request (AttachVolumeShelveTestJSON:test_attach_volume_shelved_or_offload_server): 200 GET http://10.180.1.21/compute/v2.1/servers/a716f045-1598-433c-ae67-32c7107544a5 0.153s
2025-04-15 14:01:01.618 70024 INFO tempest.lib.common.rest_client [req-e2f66749-af7d-46f7-9068-a0d0acc05bc7 req-e2f66749-af7d-46f7-9068-a0d0acc05bc7 ] Request (ServersAdminTestJSON:test_inject_network_info): 200 GET http://10.180.1.21/compute/v2.1/servers/a41ea9fe-c192-49f1-aea0-0df98dcb68f7 0.114s
2025-04-15 14:01:01.647 70018 INFO tempest.lib.common.rest_client [req-71fa47e7-518b-48b7-8eed-4216c49c9d4d req-71fa47e7-518b-48b7-8eed-4216c49c9d4d ] Request (ServerAddressesTestJSON:test_list_server_addresses_by_network): 200 GET http://10.180.1.21/compute/v2.1/servers/c3d915d6-b146-43e1-946d-289fbb5e6496/ips 0.082s
2025-04-15 14:01:01.664 70052 INFO tempest.lib.common.rest_client [req-5a7a8cf5-c0e6-4578-a4ec-a0fe50c2a22e req-5a7a8cf5-c0e6-4578-a4ec-a0fe50c2a22e ] Request (DeleteServersTestJSON:test_delete_server_while_in_attached_volume): 200 GET http://10.180.1.21/compute/v2.1/servers/e78561b7-3b5a-42ea-8e56-c4d7a26112d4 0.159s
2025-04-15 14:01:01.705 70008 INFO tempest.lib.common.rest_client [req-648c03ef-b806-4eb7-a374-4b436829f3fd req-648c03ef-b806-4eb7-a374-4b436829f3fd ] Request (ListServersNegativeTestJSON:setUpClass): 200 GET http://10.180.1.21/compute/v2.1/servers/a6f67f42-3ec9-45f9-82e6-356f1b17cd65 0.127s
2025-04-15 14:01:01.754 70026 INFO tempest.lib.common.rest_client [req-6e3c94f8-db9d-4df6-a9a8-3e8b2842e924 req-6e3c94f8-db9d-4df6-a9a8-3e8b2842e924 ] Request (MultipleCreateTestJSON:test_multiple_create_with_reservation_return): 200 GET http://10.180.1.21/compute/v2.1/servers/f8adf648-ad9e-4b65-91fd-d56c4614fdef 0.111s
2025-04-15 14:01:01.779 70014 INFO tempest.lib.common.rest_client [req-01790947-c843-4bbb-9336-414130601339 req-01790947-c843-4bbb-9336-414130601339 ] Request (ServerRescueTestJSON:setUpClass): 200 GET http://10.180.1.21/compute/v2.1/servers/7e7b61a0-f7dd-42fa-9b40-3e2e31c3d4f7 0.170s
2025-04-15 14:01:01.783 70018 INFO tempest.lib.common.rest_client [req-d292d247-2d92-41e4-9d0c-e4be64efbf0a req-d292d247-2d92-41e4-9d0c-e4be64efbf0a ] Request (ServerAddressesTestJSON:test_list_server_addresses_by_network): 200 GET http://10.180.1.21/compute/v2.1/servers/c3d915d6-b146-43e1-946d-289fbb5e6496/ips/tempest-ServerAddressesTestJSON-637968420-network 0.133s
2025-04-15 14:01:01.839 70012 INFO tempest.lib.common.rest_client [req-b9d1e179-f62f-44c6-bf3e-cb21c44947ca req-b9d1e179-f62f-44c6-bf3e-cb21c44947ca ] Request (InstanceActionsTestJSON:setUpClass): 200 GET http://10.180.1.21/compute/v2.1/servers/50e6a7d1-12b7-43ce-89cf-6a7f283eb663 0.170s
2025-04-15 14:01:01.839 70004 INFO tempest.lib.common.rest_client [req-fa3b205a-ae04-4f95-8aa2-4ef09da2c683 req-fa3b205a-ae04-4f95-8aa2-4ef09da2c683 ] Request (MigrationsAdminTest:test_resize_server_revert_deleted_flavor): 200 GET http://10.180.1.21/compute/v2.1/servers/93d5ebed-9f08-4ce8-91c7-cbb7142a2e5b 0.132s
2025-04-15 14:01:01.877 69996 INFO tempest.lib.common.rest_client [req-12b3082d-32d1-4749-9de0-0a5511745e1c req-12b3082d-32d1-4749-9de0-0a5511745e1c ] Request (FloatingIPsNegativeTestJSON:tearDownClass): 200 PUT http://10.180.1.21:9696/networking/v2.0/routers/8bb77f8a-7dfc-43db-9eed-d6cb4dabd723/remove_router_interface 0.967s
2025-04-15 14:01:01.924 70018 INFO tempest.lib.common.rest_client [req-a4058a74-1d2b-4ddd-a05f-ac64dbb0293f req-a4058a74-1d2b-4ddd-a05f-ac64dbb0293f ] Request (ServerAddressesTestJSON:tearDownClass): 204 DELETE http://10.180.1.21/compute/v2.1/servers/c3d915d6-b146-43e1-946d-289fbb5e6496 0.134s
2025-04-15 14:01:01.928 70022 INFO tempest.lib.common.rest_client [req-a9053051-77f3-4a78-95b7-92270ab7dba3 req-a9053051-77f3-4a78-95b7-92270ab7dba3 ] Request (AttachInterfacesTestJSON:_run_cleanups): 200 GET http://10.180.1.21/compute/v2.1/servers/ad258087-2025-4e22-9f0c-d2776440d59c 0.181s
2025-04-15 14:01:01.983 70058 INFO tempest.lib.common.rest_client [req-0a7020a1-872b-4fbd-9470-95e74ae36bbc req-0a7020a1-872b-4fbd-9470-95e74ae36bbc ] Request (SecurityGroupsTestJSON:test_server_security_groups): 200 GET http://10.180.1.21/compute/v2.1/servers/478c8253-7572-450d-a56e-a7867bbea23b 0.180s
2025-04-15 14:01:01.990 70028 INFO tempest.lib.common.rest_client [req-9845e1cf-6440-4f2b-b4b6-557c7fa45ef2 req-9845e1cf-6440-4f2b-b4b6-557c7fa45ef2 ] Request (ImagesOneServerNegativeTestJSON:_run_cleanups): 200 GET http://10.180.1.21/compute/v2.1/servers/f8b219a2-0872-490b-b80b-c7be4a60a0ed 0.123s
2025-04-15 14:01:02.053 70050 INFO tempest.lib.common.rest_client [req-5eaea267-501e-48ef-bbb0-df9f9ac9bee7 req-5eaea267-501e-48ef-bbb0-df9f9ac9bee7 ] Request (ServerDiagnosticsV248Test:tearDownClass): 200 GET http://10.180.1.21/compute/v2.1/servers/8eb77299-d73b-45a5-b02b-5200bc38b6c6 0.111s
2025-04-15 14:01:02.074 70018 INFO tempest.lib.common.rest_client [req-992bb40d-be5a-4898-99ef-fa9a6169e1dc req-992bb40d-be5a-4898-99ef-fa9a6169e1dc ] Request (ServerAddressesTestJSON:tearDownClass): 200 GET http://10.180.1.21/compute/v2.1/servers/c3d915d6-b146-43e1-946d-289fbb5e6496 0.149s
2025-04-15 14:01:02.107 70000 INFO tempest.lib.common.rest_client [req-73bb9d66-abeb-4246-99f9-ae92b55476f8 req-73bb9d66-abeb-4246-99f9-ae92b55476f8 ] Request (ServerActionsTestOtherA:test_rebuild_server_in_stop_state): 200 GET http://10.180.1.21/compute/v2.1/servers/6226200a-6897-46b8-a886-0ad13a72a3f7 0.130s
2025-04-15 14:01:02.185 70044 INFO tempest.lib.common.rest_client [req-ada89444-73a4-49c6-9aec-e41b43cc386f req-ada89444-73a4-49c6-9aec-e41b43cc386f ] Request (ServersListShow2100Test:test_list_show_rebuild_update_server_2100): 200 GET http://10.180.1.21/compute/v2.1/servers/589b4e68-0f68-4d15-9679-b21aa1a0ccf9 0.114s
2025-04-15 14:01:02.232 70016 INFO tempest.lib.common.rest_client [req-e2877da3-4015-4bba-b518-6f5eb8c02ea9 req-e2877da3-4015-4bba-b518-6f5eb8c02ea9 ] Request (ServerTagsTestJSON:setUpClass): 200 GET http://10.180.1.21/compute/v2.1/servers/8edf5952-6a1e-47ce-a5e8-42652290418b 0.184s
2025-04-15 14:01:02.254 70006 INFO tempest.lib.common.rest_client [req-ac977ffd-4adf-4838-8c87-e74486d72030 req-ac977ffd-4adf-4838-8c87-e74486d72030 ] Request (AttachInterfacesUnderV243Test:_run_cleanups): 200 GET http://10.180.1.21/compute/v2.1/servers/b0e3f4d4-06eb-4fbb-96c9-2868b6c53648 0.144s
2025-04-15 14:01:02.338 69996 INFO tempest.lib.common.rest_client [req-d773c41f-b0a8-4605-a5f1-49e708bf1f93 req-d773c41f-b0a8-4605-a5f1-49e708bf1f93 ] Request (FloatingIPsNegativeTestJSON:tearDownClass): 204 DELETE http://10.180.1.21:9696/networking/v2.0/routers/8bb77f8a-7dfc-43db-9eed-d6cb4dabd723 0.460s
2025-04-15 14:01:02.421 70031 INFO tempest.lib.common.rest_client [req-e939f327-43f4-47c6-87e3-32d272e0eda3 req-e939f327-43f4-47c6-87e3-32d272e0eda3 ] Request (ImagesOneServerTestJSON:setUpClass): 200 GET http://10.180.1.21/compute/v2.1/servers/9d8fbc04-27aa-49c1-902b-bfc2a2454aaa 0.128s
2025-04-15 14:01:02.446 70040 INFO tempest.lib.common.rest_client [req-ca00105f-9763-4905-be23-f93f54a96e6c req-ca00105f-9763-4905-be23-f93f54a96e6c ] Request (ServerDiskConfigTestJSON:test_rebuild_server_with_manual_disk_config): 200 GET http://10.180.1.21/compute/v2.1/servers/29985cf3-76f7-48d6-b2a6-7338931186f6 0.135s
2025-04-15 14:01:02.469 69996 INFO tempest.lib.common.rest_client [req-bf01e823-642f-44bf-911d-e2105d0e4e9c req-bf01e823-642f-44bf-911d-e2105d0e4e9c ] Request (FloatingIPsNegativeTestJSON:tearDownClass): 204 DELETE http://10.180.1.21:9696/networking/v2.0/subnets/1b9b3e2b-b1ac-4e30-b1fb-3725f06e7d25 0.131s
2025-04-15 14:01:02.479 70046 INFO tempest.lib.common.rest_client [req-03286554-b43f-448b-9862-14b1e0e730b1 req-03286554-b43f-448b-9862-14b1e0e730b1 ] Request (ServersTestMultiNic:test_verify_duplicate_network_nics): 200 GET http://10.180.1.21/compute/v2.1/servers/3e84be0b-2078-47ef-b88e-adb5e320b800 0.126s
2025-04-15 14:01:02.506 70032 INFO tempest.lib.common.rest_client [req-ca6e4dfc-6728-45fe-a417-e136f7516de2 req-ca6e4dfc-6728-45fe-a417-e136f7516de2 ] Request (ServersAdmin275Test:tearDownClass): 200 GET http://10.180.1.21/compute/v2.1/servers/2c7890f4-59f6-464b-9c0c-a482f76b7099 0.074s
2025-04-15 14:01:02.595 69996 INFO tempest.lib.common.rest_client [req-5ce2678f-a9d8-43c2-ac4e-c04dc09315df req-5ce2678f-a9d8-43c2-ac4e-c04dc09315df ] Request (FloatingIPsNegativeTestJSON:tearDownClass): 204 DELETE http://10.180.1.21:9696/networking/v2.0/networks/2814a067-0a5b-4757-9328-e9ac37e1c5a5 0.125s
2025-04-15 14:01:02.603 70042 INFO tempest.lib.common.rest_client [req-37a91e0e-346b-42a1-a521-6e276bbfb74c req-37a91e0e-346b-42a1-a521-6e276bbfb74c ] Request (ServersTestFqdnHostnames:test_create_server_with_fqdn_name): 200 GET http://10.180.1.21/compute/v2.1/servers/eb310089-7765-4d14-b010-9f6da48f5546 0.058s
2025-04-15 14:01:02.666 70010 INFO tempest.lib.common.rest_client [req-e5b9b92b-07ca-49d3-96fe-d51b9a4f47fd req-e5b9b92b-07ca-49d3-96fe-d51b9a4f47fd ] Request (ListImageFiltersTestJSON:tearDownClass): 200 GET http://10.180.1.21/compute/v2.1/servers/5bb50dd1-adc2-4bdd-94a2-29ca8b14e503 0.115s
2025-04-15 14:01:02.698 69996 INFO tempest.lib.common.rest_client [req-35499df6-f130-4754-b99c-21c67f160d74 req-35499df6-f130-4754-b99c-21c67f160d74 ] Request (FloatingIPsNegativeTestJSON:tearDownClass): 204 DELETE http://10.180.1.21/identity/v3/users/22d0aa0505a94041973403450d2d9f4c 0.103s
2025-04-15 14:01:02.698 69996 INFO tempest.lib.common.dynamic_creds [-] Deleting project and security group for project: d8f21ed922b9449e8e09b04aab3588b0
2025-04-15 14:01:02.723 70056 INFO tempest.lib.common.rest_client [req-e221e3e4-f6db-4da2-a65e-59039605996d req-e221e3e4-f6db-4da2-a65e-59039605996d ] Request (AttachVolumeShelveTestJSON:test_attach_volume_shelved_or_offload_server): 200 GET http://10.180.1.21/compute/v2.1/servers/a716f045-1598-433c-ae67-32c7107544a5 0.109s
2025-04-15 14:01:02.737 69996 INFO tempest.lib.common.rest_client [req-2562c09a-e9c3-40c5-81f8-110d150c38ac req-2562c09a-e9c3-40c5-81f8-110d150c38ac ] Request (FloatingIPsNegativeTestJSON:tearDownClass): 200 GET http://10.180.1.21:9696/networking/v2.0/security-groups?tenant_id=d8f21ed922b9449e8e09b04aab3588b0&name=default 0.038s
2025-04-15 14:01:02.779 70020 INFO tempest.lib.common.rest_client [req-0f1bfb36-711b-4921-a167-31a82ff5d368 req-0f1bfb36-711b-4921-a167-31a82ff5d368 ] Request (ImagesTestJSON:test_create_server_from_snapshot): 200 GET http://10.180.1.21/compute/v2.1/servers/6b82c582-3bb0-4b3a-a0fe-3e589eaa6929 0.291s
2025-04-15 14:01:02.787 70024 INFO tempest.lib.common.rest_client [req-8913a72e-f4e2-40c7-9cda-72f0ef804e33 req-8913a72e-f4e2-40c7-9cda-72f0ef804e33 ] Request (ServersAdminTestJSON:test_inject_network_info): 200 GET http://10.180.1.21/compute/v2.1/servers/a41ea9fe-c192-49f1-aea0-0df98dcb68f7 0.159s
2025-04-15 14:01:02.796 70024 INFO tempest.common.waiters [-] State transition "BUILD/None" ==> "BUILD/networking" after 89 second wait
2025-04-15 14:01:02.839 69996 INFO tempest.lib.common.rest_client [req-4f143b67-694a-4f39-b7b3-28a367d8a02c req-4f143b67-694a-4f39-b7b3-28a367d8a02c ] Request (FloatingIPsNegativeTestJSON:tearDownClass): 204 DELETE http://10.180.1.21:9696/networking/v2.0/security-groups/6fee3b5d-1f83-4eba-a679-1f26dd2b54ae 0.102s
2025-04-15 14:01:02.865 70052 INFO tempest.lib.common.rest_client [req-0b7a16a8-a46f-4c02-818b-0473d37c81f8 req-0b7a16a8-a46f-4c02-818b-0473d37c81f8 ] Request (DeleteServersTestJSON:test_delete_server_while_in_attached_volume): 200 GET http://10.180.1.21/compute/v2.1/servers/e78561b7-3b5a-42ea-8e56-c4d7a26112d4 0.190s
2025-04-15 14:01:02.878 70008 INFO tempest.lib.common.rest_client [req-2ae09ca7-4891-43f7-a624-4becc29fc618 req-2ae09ca7-4891-43f7-a624-4becc29fc618 ] Request (ListServersNegativeTestJSON:setUpClass): 200 GET http://10.180.1.21/compute/v2.1/servers/a6f67f42-3ec9-45f9-82e6-356f1b17cd65 0.165s
2025-04-15 14:01:02.959 70026 INFO tempest.lib.common.rest_client [req-56b54276-ea80-4089-b439-e4df8a5db96c req-56b54276-ea80-4089-b439-e4df8a5db96c ] Request (MultipleCreateTestJSON:test_multiple_create_with_reservation_return): 200 GET http://10.180.1.21/compute/v2.1/servers/f8adf648-ad9e-4b65-91fd-d56c4614fdef 0.195s
2025-04-15 14:01:03.012 69996 INFO tempest.lib.common.rest_client [req-a4e16d0e-543c-41cd-a854-4183155075ea req-a4e16d0e-543c-41cd-a854-4183155075ea ] Request (FloatingIPsNegativeTestJSON:tearDownClass): 204 DELETE http://10.180.1.21/identity/v3/projects/d8f21ed922b9449e8e09b04aab3588b0 0.172s
2025-04-15 14:01:03.016 70014 INFO tempest.lib.common.rest_client [req-d8f8e699-007b-4bad-8fdf-67a199615802 req-d8f8e699-007b-4bad-8fdf-67a199615802 ] Request (ServerRescueTestJSON:setUpClass): 200 GET http://10.180.1.21/compute/v2.1/servers/7e7b61a0-f7dd-42fa-9b40-3e2e31c3d4f7 0.222s
2025-04-15 14:01:03.042 70004 INFO tempest.lib.common.rest_client [req-c1cb22e2-e943-4f8a-892f-c93ff8be7a99 req-c1cb22e2-e943-4f8a-892f-c93ff8be7a99 ] Request (MigrationsAdminTest:test_resize_server_revert_deleted_flavor): 200 GET http://10.180.1.21/compute/v2.1/servers/93d5ebed-9f08-4ce8-91c7-cbb7142a2e5b 0.195s
2025-04-15 14:01:03.083 69996 INFO tempest.lib.common.rest_client [req-a113ad82-a610-4ccb-a57c-55be6235e009 req-a113ad82-a610-4ccb-a57c-55be6235e009 ] Request (ServersV294TestFqdnHostnames:setUpClass): 201 POST http://10.180.1.21/identity/v3/auth/tokens 0.069s
2025-04-15 14:01:03.085 70012 INFO tempest.lib.common.rest_client [req-a352bdef-5bab-482d-9125-6b3be7dd9f6a req-a352bdef-5bab-482d-9125-6b3be7dd9f6a ] Request (InstanceActionsTestJSON:setUpClass): 200 GET http://10.180.1.21/compute/v2.1/servers/50e6a7d1-12b7-43ce-89cf-6a7f283eb663 0.236s
2025-04-15 14:01:03.124 69996 INFO tempest.lib.common.rest_client [req-59c57bdd-9105-481e-9fcd-44707fccd5b3 req-59c57bdd-9105-481e-9fcd-44707fccd5b3 ] Request (ServersV294TestFqdnHostnames:setUpClass): 201 POST http://10.180.1.21/identity/v3/auth/tokens 0.037s
2025-04-15 14:01:03.141 70022 INFO tempest.lib.common.rest_client [req-6f7f976b-9554-40ef-b5a0-a6e126ee1709 req-6f7f976b-9554-40ef-b5a0-a6e126ee1709 ] Request (AttachInterfacesTestJSON:_run_cleanups): 200 GET http://10.180.1.21/compute/v2.1/servers/ad258087-2025-4e22-9f0c-d2776440d59c 0.200s
2025-04-15 14:01:03.145 70058 INFO tempest.lib.common.rest_client [req-35ffe257-cb04-487a-9ccc-47872680bc8d req-35ffe257-cb04-487a-9ccc-47872680bc8d ] Request (SecurityGroupsTestJSON:test_server_security_groups): 200 GET http://10.180.1.21/compute/v2.1/servers/478c8253-7572-450d-a56e-a7867bbea23b 0.151s
2025-04-15 14:01:03.151 69996 INFO tempest.lib.common.rest_client [req-30248498-155f-48b4-bfbe-6ba529f6e92c req-30248498-155f-48b4-bfbe-6ba529f6e92c ] Request (ServersV294TestFqdnHostnames:setUpClass): 200 GET http://10.180.1.21/identity/v3/domains?name=Default 0.026s
2025-04-15 14:01:03.191 69996 INFO tempest.lib.common.rest_client [req-415277e7-923b-41f3-abf3-424f095fcaa3 req-415277e7-923b-41f3-abf3-424f095fcaa3 ] Request (ServersV294TestFqdnHostnames:setUpClass): 201 POST http://10.180.1.21/identity/v3/projects 0.039s
2025-04-15 14:01:03.214 70050 INFO tempest.lib.common.rest_client [req-5e5e7b73-3082-45f0-a6bb-26e8445a1038 req-5e5e7b73-3082-45f0-a6bb-26e8445a1038 ] Request (ServerDiagnosticsV248Test:tearDownClass): 200 GET http://10.180.1.21/compute/v2.1/servers/8eb77299-d73b-45a5-b02b-5200bc38b6c6 0.150s
2025-04-15 14:01:03.216 70028 INFO tempest.lib.common.rest_client [req-a45b39ed-d7df-446e-aeb3-4bd2ee6945d6 req-a45b39ed-d7df-446e-aeb3-4bd2ee6945d6 ] Request (ImagesOneServerNegativeTestJSON:_run_cleanups): 200 GET http://10.180.1.21/compute/v2.1/servers/f8b219a2-0872-490b-b80b-c7be4a60a0ed 0.215s
2025-04-15 14:01:03.223 70028 INFO tempest.common.waiters [-] State transition "BUILD/scheduling" ==> "BUILD/None" after 64 second wait
2025-04-15 14:01:03.268 69996 INFO tempest.lib.common.rest_client [req-fb801f15-c137-4aa7-bdd9-50aba0ca9ac7 req-fb801f15-c137-4aa7-bdd9-50aba0ca9ac7 ] Request (ServersV294TestFqdnHostnames:setUpClass): 201 POST http://10.180.1.21/identity/v3/users 0.077s
2025-04-15 14:01:03.280 70000 INFO tempest.lib.common.rest_client [req-ed2f3c14-27ba-4ded-aecc-0cbc17fe5dcd req-ed2f3c14-27ba-4ded-aecc-0cbc17fe5dcd ] Request (ServerActionsTestOtherA:test_rebuild_server_in_stop_state): 200 GET http://10.180.1.21/compute/v2.1/servers/6226200a-6897-46b8-a886-0ad13a72a3f7 0.160s
2025-04-15 14:01:03.299 69996 INFO tempest.lib.common.rest_client [req-3ba37645-543d-4d40-bdd6-eb96d6a658c3 req-3ba37645-543d-4d40-bdd6-eb96d6a658c3 ] Request (ServersV294TestFqdnHostnames:setUpClass): 200 GET http://10.180.1.21/identity/v3/roles 0.030s
2025-04-15 14:01:03.325 70018 INFO tempest.lib.common.rest_client [req-aaec9bc9-8a92-4dc0-b061-591186ab55f2 req-aaec9bc9-8a92-4dc0-b061-591186ab55f2 ] Request (ServerAddressesTestJSON:tearDownClass): 200 GET http://10.180.1.21/compute/v2.1/servers/c3d915d6-b146-43e1-946d-289fbb5e6496 0.240s
2025-04-15 14:01:03.333 69996 INFO tempest.lib.common.rest_client [req-3c57363f-a32c-4214-bd8c-44cdbd81cc3a req-3c57363f-a32c-4214-bd8c-44cdbd81cc3a ] Request (ServersV294TestFqdnHostnames:setUpClass): 204 PUT http://10.180.1.21/identity/v3/projects/fc5a9703887f4612bab7edf86ab78a2c/users/6c79884371a4486fa27f682306d05185/roles/0f44c9ff837f43259ec203b3b1347fd8 0.033s
2025-04-15 14:01:03.334 69996 INFO tempest.lib.common.dynamic_creds [-] Dynamic test user 6c79884371a4486fa27f682306d05185 is created with scope project and roles: ['member']
2025-04-15 14:01:03.335 69996 INFO tempest.lib.common.dynamic_creds [-] Acquired dynamic creds: credentials: Credentials: {'domain_id': 'default', 'domain_name': 'Default', 'username': 'tempest-ServersV294TestFqdnHostnames-1221927406-project-member', 'project_domain_id': 'default', 'project_domain_name': 'Default', 'project_id': 'fc5a9703887f4612bab7edf86ab78a2c', 'project_name': 'tempest-ServersV294TestFqdnHostnames-1221927406', 'tenant_id': 'fc5a9703887f4612bab7edf86ab78a2c', 'tenant_name': 'tempest-ServersV294TestFqdnHostnames-1221927406', 'user_domain_id': 'default', 'user_domain_name': 'Default', 'user_id': '6c79884371a4486fa27f682306d05185', 'system': None}, Network: None, Subnet: None, Router: None
2025-04-15 14:01:03.357 70044 INFO tempest.lib.common.rest_client [req-9d554d21-f299-4e14-99fe-216caa2496c8 req-9d554d21-f299-4e14-99fe-216caa2496c8 ] Request (ServersListShow2100Test:test_list_show_rebuild_update_server_2100): 200 GET http://10.180.1.21/compute/v2.1/servers/589b4e68-0f68-4d15-9679-b21aa1a0ccf9 0.154s
2025-04-15 14:01:03.407 69996 INFO tempest.lib.common.rest_client [req-5523e8d8-0ce0-4ab1-afc9-4855a2b31166 req-5523e8d8-0ce0-4ab1-afc9-4855a2b31166 ] Request (ServersV294TestFqdnHostnames:setUpClass): 201 POST http://10.180.1.21/identity/v3/auth/tokens 0.071s
2025-04-15 14:01:03.425 70006 INFO tempest.lib.common.rest_client [req-68039c36-0eb2-463c-abf2-85317c517955 req-68039c36-0eb2-463c-abf2-85317c517955 ] Request (AttachInterfacesUnderV243Test:_run_cleanups): 200 GET http://10.180.1.21/compute/v2.1/servers/b0e3f4d4-06eb-4fbb-96c9-2868b6c53648 0.158s
2025-04-15 14:01:03.438 70016 INFO tempest.lib.common.rest_client [req-7f31c6bd-6d4f-4515-b4b2-4b9980efc3e6 req-7f31c6bd-6d4f-4515-b4b2-4b9980efc3e6 ] Request (ServerTagsTestJSON:setUpClass): 200 GET http://10.180.1.21/compute/v2.1/servers/8edf5952-6a1e-47ce-a5e8-42652290418b 0.196s
2025-04-15 14:01:03.555 70031 INFO tempest.lib.common.rest_client [req-b505dfc1-601e-4734-aeb8-ac533c576a4c req-b505dfc1-601e-4734-aeb8-ac533c576a4c ] Request (ImagesOneServerTestJSON:setUpClass): 200 GET http://10.180.1.21/compute/v2.1/servers/9d8fbc04-27aa-49c1-902b-bfc2a2454aaa 0.126s
2025-04-15 14:01:03.575 70040 INFO tempest.lib.common.rest_client [req-8abdb27c-8c0c-44af-b4d5-39c534204845 req-8abdb27c-8c0c-44af-b4d5-39c534204845 ] Request (ServerDiskConfigTestJSON:test_rebuild_server_with_manual_disk_config): 200 GET http://10.180.1.21/compute/v2.1/servers/29985cf3-76f7-48d6-b2a6-7338931186f6 0.119s
2025-04-15 14:01:03.607 70046 INFO tempest.lib.common.rest_client [req-6f4f9e94-c224-43bd-8568-7226bad11b3d req-6f4f9e94-c224-43bd-8568-7226bad11b3d ] Request (ServersTestMultiNic:test_verify_duplicate_network_nics): 200 GET http://10.180.1.21/compute/v2.1/servers/3e84be0b-2078-47ef-b88e-adb5e320b800 0.120s
2025-04-15 14:01:03.644 70032 INFO tempest.lib.common.rest_client [req-3e3b7302-2416-4206-a645-76415201177b req-3e3b7302-2416-4206-a645-76415201177b ] Request (ServersAdmin275Test:tearDownClass): 200 GET http://10.180.1.21/compute/v2.1/servers/2c7890f4-59f6-464b-9c0c-a482f76b7099 0.126s
2025-04-15 14:01:03.667 70042 INFO tempest.lib.common.rest_client [req-fd867bb7-69ff-4def-8310-121e0cd8f075 req-fd867bb7-69ff-4def-8310-121e0cd8f075 ] Request (ServersTestFqdnHostnames:test_create_server_with_fqdn_name): 200 GET http://10.180.1.21/compute/v2.1/servers/eb310089-7765-4d14-b010-9f6da48f5546 0.056s
2025-04-15 14:01:03.714 69996 INFO tempest.lib.common.rest_client [req-cd4a35cb-33e2-44f6-ac6a-54e39afbed61 req-cd4a35cb-33e2-44f6-ac6a-54e39afbed61 ] Request (ServersV294TestFqdnHostnames:setUpClass): 201 POST http://10.180.1.21:9696/networking/v2.0/networks 0.307s
2025-04-15 14:01:03.744 70010 INFO tempest.lib.common.rest_client [req-381ad145-ff4d-4208-b58f-be1deb387239 req-381ad145-ff4d-4208-b58f-be1deb387239 ] Request (ListImageFiltersTestJSON:tearDownClass): 200 GET http://10.180.1.21/compute/v2.1/servers/5bb50dd1-adc2-4bdd-94a2-29ca8b14e503 0.069s
2025-04-15 14:01:03.802 70056 INFO tempest.lib.common.rest_client [req-67c9489d-c582-4d55-8d2a-7d5986ffa675 req-67c9489d-c582-4d55-8d2a-7d5986ffa675 ] Request (AttachVolumeShelveTestJSON:test_attach_volume_shelved_or_offload_server): 200 GET http://10.180.1.21/compute/v2.1/servers/a716f045-1598-433c-ae67-32c7107544a5 0.066s
2025-04-15 14:01:03.854 70020 INFO tempest.lib.common.rest_client [req-b0288ccb-e9d0-4689-860a-636c8521337f req-b0288ccb-e9d0-4689-860a-636c8521337f ] Request (ImagesTestJSON:test_create_server_from_snapshot): 200 GET http://10.180.1.21/compute/v2.1/servers/6b82c582-3bb0-4b3a-a0fe-3e589eaa6929 0.063s
2025-04-15 14:01:03.925 70024 INFO tempest.lib.common.rest_client [req-0d62c8c7-96c9-4b35-b181-191756ac12af req-0d62c8c7-96c9-4b35-b181-191756ac12af ] Request (ServersAdminTestJSON:test_inject_network_info): 200 GET http://10.180.1.21/compute/v2.1/servers/a41ea9fe-c192-49f1-aea0-0df98dcb68f7 0.128s
2025-04-15 14:01:03.932 70024 INFO tempest.common.waiters [-] State transition "BUILD/networking" ==> "BUILD/spawning" after 90 second wait
2025-04-15 14:01:03.939 70052 INFO tempest.lib.common.rest_client [req-f87ec7b1-362d-4907-9db7-082a38159b1e req-f87ec7b1-362d-4907-9db7-082a38159b1e ] Request (DeleteServersTestJSON:test_delete_server_while_in_attached_volume): 200 GET http://10.180.1.21/compute/v2.1/servers/e78561b7-3b5a-42ea-8e56-c4d7a26112d4 0.056s
2025-04-15 14:01:03.948 69996 INFO tempest.lib.common.rest_client [req-9bb4602c-8cb8-4361-93e4-fa081d13a3ab req-9bb4602c-8cb8-4361-93e4-fa081d13a3ab ] Request (ServersV294TestFqdnHostnames:setUpClass): 201 POST http://10.180.1.21:9696/networking/v2.0/subnets 0.234s
2025-04-15 14:01:03.988 70008 INFO tempest.lib.common.rest_client [req-d70c251d-75bc-4925-9205-67dffc4e5643 req-d70c251d-75bc-4925-9205-67dffc4e5643 ] Request (ListServersNegativeTestJSON:setUpClass): 200 GET http://10.180.1.21/compute/v2.1/servers/a6f67f42-3ec9-45f9-82e6-356f1b17cd65 0.094s
2025-04-15 14:01:04.022 70026 INFO tempest.lib.common.rest_client [req-02518b89-932a-4f7d-afe0-1954e2e3d204 req-02518b89-932a-4f7d-afe0-1954e2e3d204 ] Request (MultipleCreateTestJSON:test_multiple_create_with_reservation_return): 200 GET http://10.180.1.21/compute/v2.1/servers/f8adf648-ad9e-4b65-91fd-d56c4614fdef 0.050s
2025-04-15 14:01:04.105 70004 INFO tempest.lib.common.rest_client [req-bdf0483f-7da3-489a-93ea-45b04f342070 req-bdf0483f-7da3-489a-93ea-45b04f342070 ] Request (MigrationsAdminTest:test_resize_server_revert_deleted_flavor): 200 GET http://10.180.1.21/compute/v2.1/servers/93d5ebed-9f08-4ce8-91c7-cbb7142a2e5b 0.048s
2025-04-15 14:01:04.154 70012 INFO tempest.lib.common.rest_client [req-7bf24cbc-aefc-4e7d-ac28-8cc0eec54094 req-7bf24cbc-aefc-4e7d-ac28-8cc0eec54094 ] Request (InstanceActionsTestJSON:setUpClass): 200 GET http://10.180.1.21/compute/v2.1/servers/50e6a7d1-12b7-43ce-89cf-6a7f283eb663 0.058s
2025-04-15 14:01:04.289 70014 INFO tempest.lib.common.rest_client [req-ec62c8fd-40c2-4fe4-b15b-35c1cc7bbc98 req-ec62c8fd-40c2-4fe4-b15b-35c1cc7bbc98 ] Request (ServerRescueTestJSON:setUpClass): 200 GET http://10.180.1.21/compute/v2.1/servers/7e7b61a0-f7dd-42fa-9b40-3e2e31c3d4f7 0.264s
2025-04-15 14:01:04.362 70058 INFO tempest.lib.common.rest_client [req-f04441e7-5bcf-4128-955c-556921e0ac32 req-f04441e7-5bcf-4128-955c-556921e0ac32 ] Request (SecurityGroupsTestJSON:test_server_security_groups): 200 GET http://10.180.1.21/compute/v2.1/servers/478c8253-7572-450d-a56e-a7867bbea23b 0.203s
2025-04-15 14:01:04.425 70028 INFO tempest.lib.common.rest_client [req-a6faa436-c420-43b8-b2fb-d952c4558e74 req-a6faa436-c420-43b8-b2fb-d952c4558e74 ] Request (ImagesOneServerNegativeTestJSON:_run_cleanups): 200 GET http://10.180.1.21/compute/v2.1/servers/f8b219a2-0872-490b-b80b-c7be4a60a0ed 0.201s
2025-04-15 14:01:04.452 70022 INFO tempest.lib.common.rest_client [req-9e109564-4cd2-4efd-98c4-397dcbf47fec req-9e109564-4cd2-4efd-98c4-397dcbf47fec ] Request (AttachInterfacesTestJSON:_run_cleanups): 200 GET http://10.180.1.21/compute/v2.1/servers/ad258087-2025-4e22-9f0c-d2776440d59c 0.299s
2025-04-15 14:01:04.491 70050 INFO tempest.lib.common.rest_client [req-1bfefb66-a8da-407e-b567-908833ee0e26 req-1bfefb66-a8da-407e-b567-908833ee0e26 ] Request (ServerDiagnosticsV248Test:tearDownClass): 200 GET http://10.180.1.21/compute/v2.1/servers/8eb77299-d73b-45a5-b02b-5200bc38b6c6 0.261s
2025-04-15 14:01:04.502 70000 INFO tempest.lib.common.rest_client [req-78be8bd0-a61a-4a3f-8839-132cfc4b9c4e req-78be8bd0-a61a-4a3f-8839-132cfc4b9c4e ] Request (ServerActionsTestOtherA:test_rebuild_server_in_stop_state): 200 GET http://10.180.1.21/compute/v2.1/servers/6226200a-6897-46b8-a886-0ad13a72a3f7 0.212s
2025-04-15 14:01:04.563 70044 INFO tempest.lib.common.rest_client [req-b8c4ea35-50ec-4145-801f-868602995f92 req-b8c4ea35-50ec-4145-801f-868602995f92 ] Request (ServersListShow2100Test:test_list_show_rebuild_update_server_2100): 200 GET http://10.180.1.21/compute/v2.1/servers/589b4e68-0f68-4d15-9679-b21aa1a0ccf9 0.185s
2025-04-15 14:01:04.618 70006 INFO tempest.lib.common.rest_client [req-ea770d7d-d496-46e0-9e43-bc303a0006ab req-ea770d7d-d496-46e0-9e43-bc303a0006ab ] Request (AttachInterfacesUnderV243Test:_run_cleanups): 200 GET http://10.180.1.21/compute/v2.1/servers/b0e3f4d4-06eb-4fbb-96c9-2868b6c53648 0.184s
2025-04-15 14:01:04.736 70016 INFO tempest.lib.common.rest_client [req-96583a81-3cd5-4ece-bbb8-b42a4a96b8ab req-96583a81-3cd5-4ece-bbb8-b42a4a96b8ab ] Request (ServerTagsTestJSON:setUpClass): 200 GET http://10.180.1.21/compute/v2.1/servers/8edf5952-6a1e-47ce-a5e8-42652290418b 0.289s
2025-04-15 14:01:04.768 70036 WARNING tempest.lib.common.ssh [-] Failed to establish authenticated ssh connection to cirros@10.180.180.204 ([Errno None] Unable to connect to port 22 on 10.180.180.204). Number attempts: 13. Retry after 14 seconds.: paramiko.ssh_exception.NoValidConnectionsError: [Errno None] Unable to connect to port 22 on 10.180.180.204
2025-04-15 14:01:04.776 70018 INFO tempest.lib.common.rest_client [req-a67ac8a3-7695-445e-803f-80823bfd650d req-a67ac8a3-7695-445e-803f-80823bfd650d ] Request (ServerAddressesTestJSON:tearDownClass): 200 GET http://10.180.1.21/compute/v2.1/servers/c3d915d6-b146-43e1-946d-289fbb5e6496 0.438s
2025-04-15 14:01:04.881 70031 INFO tempest.lib.common.rest_client [req-408de5d8-6208-463d-8b3b-949aedabdbac req-408de5d8-6208-463d-8b3b-949aedabdbac ] Request (ImagesOneServerTestJSON:setUpClass): 200 GET http://10.180.1.21/compute/v2.1/servers/9d8fbc04-27aa-49c1-902b-bfc2a2454aaa 0.318s
2025-04-15 14:01:04.952 70046 INFO tempest.lib.common.rest_client [req-50f1aad1-6536-4e17-ba54-6763f07839c4 req-50f1aad1-6536-4e17-ba54-6763f07839c4 ] Request (ServersTestMultiNic:test_verify_duplicate_network_nics): 200 GET http://10.180.1.21/compute/v2.1/servers/3e84be0b-2078-47ef-b88e-adb5e320b800 0.338s
2025-04-15 14:01:05.030 70032 INFO tempest.lib.common.rest_client [req-54689e35-189c-4a8f-bda9-75cb583d2af4 req-54689e35-189c-4a8f-bda9-75cb583d2af4 ] Request (ServersAdmin275Test:tearDownClass): 200 GET http://10.180.1.21/compute/v2.1/servers/2c7890f4-59f6-464b-9c0c-a482f76b7099 0.373s
2025-04-15 14:01:05.086 70042 INFO tempest.lib.common.rest_client [req-3c3359e4-fbd8-4196-a22b-6729a4fc33c1 req-3c3359e4-fbd8-4196-a22b-6729a4fc33c1 ] Request (ServersTestFqdnHostnames:test_create_server_with_fqdn_name): 200 GET http://10.180.1.21/compute/v2.1/servers/eb310089-7765-4d14-b010-9f6da48f5546 0.411s
2025-04-15 14:01:05.099 70040 INFO tempest.lib.common.rest_client [req-7ec6a649-0208-4d6c-b595-4da3075df1bb req-7ec6a649-0208-4d6c-b595-4da3075df1bb ] Request (ServerDiskConfigTestJSON:test_rebuild_server_with_manual_disk_config): 200 GET http://10.180.1.21/compute/v2.1/servers/29985cf3-76f7-48d6-b2a6-7338931186f6 0.514s
2025-04-15 14:01:05.108 70040 INFO tempest.common.waiters [-] State transition "BUILD/spawning" ==> "ACTIVE/None" after 100 second wait
2025-04-15 14:01:05.156 70010 INFO tempest.lib.common.rest_client [req-a61b2506-7277-4f59-b0d6-6f95222733d9 req-a61b2506-7277-4f59-b0d6-6f95222733d9 ] Request (ListImageFiltersTestJSON:tearDownClass): 200 GET http://10.180.1.21/compute/v2.1/servers/5bb50dd1-adc2-4bdd-94a2-29ca8b14e503 0.404s
2025-04-15 14:01:05.172 70056 INFO tempest.lib.common.rest_client [req-6a5cbeba-9b07-4bf3-8cd5-8a71684ad62e req-6a5cbeba-9b07-4bf3-8cd5-8a71684ad62e ] Request (AttachVolumeShelveTestJSON:test_attach_volume_shelved_or_offload_server): 200 GET http://10.180.1.21/compute/v2.1/servers/a716f045-1598-433c-ae67-32c7107544a5 0.361s
2025-04-15 14:01:05.215 70020 INFO tempest.lib.common.rest_client [req-ef0c53e3-f302-441f-b099-3312677e862d req-ef0c53e3-f302-441f-b099-3312677e862d ] Request (ImagesTestJSON:test_create_server_from_snapshot): 200 GET http://10.180.1.21/compute/v2.1/servers/6b82c582-3bb0-4b3a-a0fe-3e589eaa6929 0.349s
2025-04-15 14:01:05.276 70052 INFO tempest.lib.common.rest_client [req-cb49ad20-b9c8-4aff-b9cd-8db0a9485d09 req-cb49ad20-b9c8-4aff-b9cd-8db0a9485d09 ] Request (DeleteServersTestJSON:test_delete_server_while_in_attached_volume): 200 GET http://10.180.1.21/compute/v2.1/servers/e78561b7-3b5a-42ea-8e56-c4d7a26112d4 0.328s
2025-04-15 14:01:05.332 70024 INFO tempest.lib.common.rest_client [req-0bdb9b76-aa13-4529-aacb-670b17d6658d req-0bdb9b76-aa13-4529-aacb-670b17d6658d ] Request (ServersAdminTestJSON:test_inject_network_info): 200 GET http://10.180.1.21/compute/v2.1/servers/a41ea9fe-c192-49f1-aea0-0df98dcb68f7 0.399s
2025-04-15 14:01:05.367 70008 INFO tempest.lib.common.rest_client [req-ad340c8e-500f-4ede-82c6-b723f4723f30 req-ad340c8e-500f-4ede-82c6-b723f4723f30 ] Request (ListServersNegativeTestJSON:setUpClass): 200 GET http://10.180.1.21/compute/v2.1/servers/a6f67f42-3ec9-45f9-82e6-356f1b17cd65 0.371s
2025-04-15 14:01:05.428 70026 INFO tempest.lib.common.rest_client [req-56896930-2e70-4115-b855-e65d496bd075 req-56896930-2e70-4115-b855-e65d496bd075 ] Request (MultipleCreateTestJSON:test_multiple_create_with_reservation_return): 200 GET http://10.180.1.21/compute/v2.1/servers/f8adf648-ad9e-4b65-91fd-d56c4614fdef 0.394s
2025-04-15 14:01:05.472 69996 INFO tempest.lib.common.rest_client [req-400fcc51-aaf0-4127-8290-1fd9fe7d4728 req-400fcc51-aaf0-4127-8290-1fd9fe7d4728 ] Request (ServersV294TestFqdnHostnames:setUpClass): 201 POST http://10.180.1.21:9696/networking/v2.0/routers 1.522s
2025-04-15 14:01:05.497 70004 INFO tempest.lib.common.rest_client [req-f8a0a026-95aa-4030-826b-26c3edccddcb req-f8a0a026-95aa-4030-826b-26c3edccddcb ] Request (MigrationsAdminTest:test_resize_server_revert_deleted_flavor): 200 GET http://10.180.1.21/compute/v2.1/servers/93d5ebed-9f08-4ce8-91c7-cbb7142a2e5b 0.383s
2025-04-15 14:01:05.566 70012 INFO tempest.lib.common.rest_client [req-bf1cc4ef-f513-4549-bf5e-6b4cfdbca03f req-bf1cc4ef-f513-4549-bf5e-6b4cfdbca03f ] Request (InstanceActionsTestJSON:setUpClass): 200 GET http://10.180.1.21/compute/v2.1/servers/50e6a7d1-12b7-43ce-89cf-6a7f283eb663 0.402s
2025-04-15 14:01:05.688 70014 INFO tempest.lib.common.rest_client [req-c411a81b-24d2-4fe1-b106-bb2290267981 req-c411a81b-24d2-4fe1-b106-bb2290267981 ] Request (ServerRescueTestJSON:setUpClass): 200 GET http://10.180.1.21/compute/v2.1/servers/7e7b61a0-f7dd-42fa-9b40-3e2e31c3d4f7 0.386s
2025-04-15 14:01:05.759 70058 INFO tempest.lib.common.rest_client [req-5cecbb4f-10ed-4824-87de-fb64d3191a3c req-5cecbb4f-10ed-4824-87de-fb64d3191a3c ] Request (SecurityGroupsTestJSON:test_server_security_groups): 200 GET http://10.180.1.21/compute/v2.1/servers/478c8253-7572-450d-a56e-a7867bbea23b 0.383s
2025-04-15 14:01:05.767 70058 INFO tempest.common.waiters [-] State transition "BUILD/None" ==> "BUILD/networking" after 89 second wait
2025-04-15 14:01:05.829 70028 INFO tempest.lib.common.rest_client [req-1c5cc54b-7e80-4000-8756-3e836e74f59c req-1c5cc54b-7e80-4000-8756-3e836e74f59c ] Request (ImagesOneServerNegativeTestJSON:_run_cleanups): 200 GET http://10.180.1.21/compute/v2.1/servers/f8b219a2-0872-490b-b80b-c7be4a60a0ed 0.394s
2025-04-15 14:01:05.904 70022 INFO tempest.lib.common.rest_client [req-675157a0-ae12-45fc-ad65-f0f05078fd98 req-675157a0-ae12-45fc-ad65-f0f05078fd98 ] Request (AttachInterfacesTestJSON:_run_cleanups): 200 GET http://10.180.1.21/compute/v2.1/servers/ad258087-2025-4e22-9f0c-d2776440d59c 0.438s
2025-04-15 14:01:05.926 70040 INFO tempest.lib.common.rest_client [req-439fb28c-b409-4519-9bea-56e81ef2d9d7 req-439fb28c-b409-4519-9bea-56e81ef2d9d7 ] Request (ServerDiskConfigTestJSON:test_rebuild_server_with_manual_disk_config): 200 GET http://10.180.1.21/compute/v2.1/servers/29985cf3-76f7-48d6-b2a6-7338931186f6 0.818s
2025-04-15 14:01:05.971 70050 INFO tempest.lib.common.rest_client [req-2355b1cc-29ef-40cc-8d0a-86694df1b4a4 req-2355b1cc-29ef-40cc-8d0a-86694df1b4a4 ] Request (ServerDiagnosticsV248Test:tearDownClass): 200 GET http://10.180.1.21/compute/v2.1/servers/8eb77299-d73b-45a5-b02b-5200bc38b6c6 0.469s
2025-04-15 14:01:06.002 70000 INFO tempest.lib.common.rest_client [req-4269c3ea-39ee-443d-87d8-8feec00aa926 req-4269c3ea-39ee-443d-87d8-8feec00aa926 ] Request (ServerActionsTestOtherA:test_rebuild_server_in_stop_state): 200 GET http://10.180.1.21/compute/v2.1/servers/6226200a-6897-46b8-a886-0ad13a72a3f7 0.491s
2025-04-15 14:01:06.010 70000 INFO tempest.common.waiters [-] State transition "BUILD/scheduling" ==> "BUILD/None" after 44 second wait
2025-04-15 14:01:06.042 70044 INFO tempest.lib.common.rest_client [req-1000c1f5-3a03-43f6-bcdb-983b1853dae0 req-1000c1f5-3a03-43f6-bcdb-983b1853dae0 ] Request (ServersListShow2100Test:test_list_show_rebuild_update_server_2100): 200 GET http://10.180.1.21/compute/v2.1/servers/589b4e68-0f68-4d15-9679-b21aa1a0ccf9 0.461s
2025-04-15 14:01:06.082 70006 INFO tempest.lib.common.rest_client [req-d79c600d-481f-4ed4-a05e-a7d3c02503d2 req-d79c600d-481f-4ed4-a05e-a7d3c02503d2 ] Request (AttachInterfacesUnderV243Test:_run_cleanups): 200 GET http://10.180.1.21/compute/v2.1/servers/b0e3f4d4-06eb-4fbb-96c9-2868b6c53648 0.456s
2025-04-15 14:01:06.145 70016 INFO tempest.lib.common.rest_client [req-31f679a2-266e-4cc4-bb2c-545bbdb162d7 req-31f679a2-266e-4cc4-bb2c-545bbdb162d7 ] Request (ServerTagsTestJSON:setUpClass): 200 GET http://10.180.1.21/compute/v2.1/servers/8edf5952-6a1e-47ce-a5e8-42652290418b 0.395s
2025-04-15 14:01:06.149 70018 INFO tempest.lib.common.rest_client [req-86b4ea45-1bb8-4069-854d-6f9d82bfe145 req-86b4ea45-1bb8-4069-854d-6f9d82bfe145 ] Request (ServerAddressesTestJSON:tearDownClass): 200 GET http://10.180.1.21/compute/v2.1/servers/c3d915d6-b146-43e1-946d-289fbb5e6496 0.362s
2025-04-15 14:01:06.161 70016 INFO tempest.common.waiters [-] State transition "BUILD/spawning" ==> "ACTIVE/None" after 97 second wait
2025-04-15 14:01:06.220 70040 INFO tempest.lib.common.rest_client [req-ecae3bd7-2d31-497d-9a91-2a0e6af2bf6b req-ecae3bd7-2d31-497d-9a91-2a0e6af2bf6b ] Request (ServerDiskConfigTestJSON:test_rebuild_server_with_manual_disk_config): 200 PUT http://10.180.1.21/compute/v2.1/servers/29985cf3-76f7-48d6-b2a6-7338931186f6 0.284s
2025-04-15 14:01:06.279 70046 INFO tempest.lib.common.rest_client [req-1fa04978-1371-4006-b2ca-b94420f2102c req-1fa04978-1371-4006-b2ca-b94420f2102c ] Request (ServersTestMultiNic:test_verify_duplicate_network_nics): 200 GET http://10.180.1.21/compute/v2.1/servers/3e84be0b-2078-47ef-b88e-adb5e320b800 0.316s
2025-04-15 14:01:06.287 70031 INFO tempest.lib.common.rest_client [req-90b34d31-b37c-459b-8eb1-bdb8453d7a30 req-90b34d31-b37c-459b-8eb1-bdb8453d7a30 ] Request (ImagesOneServerTestJSON:setUpClass): 200 GET http://10.180.1.21/compute/v2.1/servers/9d8fbc04-27aa-49c1-902b-bfc2a2454aaa 0.389s
2025-04-15 14:01:06.338 70042 INFO tempest.lib.common.rest_client [req-f2792737-ff9f-4509-b1a7-d612b95e1ce1 req-f2792737-ff9f-4509-b1a7-d612b95e1ce1 ] Request (ServersTestFqdnHostnames:test_create_server_with_fqdn_name): 200 GET http://10.180.1.21/compute/v2.1/servers/eb310089-7765-4d14-b010-9f6da48f5546 0.243s
2025-04-15 14:01:06.356 70032 INFO tempest.lib.common.rest_client [req-9f5ba9d0-c746-491a-824a-f447ad0d835e req-9f5ba9d0-c746-491a-824a-f447ad0d835e ] Request (ServersAdmin275Test:tearDownClass): 200 GET http://10.180.1.21/compute/v2.1/servers/2c7890f4-59f6-464b-9c0c-a482f76b7099 0.315s
2025-04-15 14:01:06.414 70016 INFO tempest.lib.common.rest_client [req-f30e571f-08e3-4cae-ac44-254858129dff req-f30e571f-08e3-4cae-ac44-254858129dff ] Request (ServerTagsTestJSON:test_check_tag_existence): 201 PUT http://10.180.1.21/compute/v2.1/servers/8edf5952-6a1e-47ce-a5e8-42652290418b/tags/tempest-tag-1574531218 0.252s
2025-04-15 14:01:06.429 70010 INFO tempest.lib.common.rest_client [req-02ff4b10-ccac-467b-803b-f70d73b6c04f req-02ff4b10-ccac-467b-803b-f70d73b6c04f ] Request (ListImageFiltersTestJSON:tearDownClass): 200 GET http://10.180.1.21/compute/v2.1/servers/5bb50dd1-adc2-4bdd-94a2-29ca8b14e503 0.256s
2025-04-15 14:01:06.477 70056 INFO tempest.lib.common.rest_client [req-fe78b581-427c-4fc4-a533-21a9d0165301 req-fe78b581-427c-4fc4-a533-21a9d0165301 ] Request (AttachVolumeShelveTestJSON:test_attach_volume_shelved_or_offload_server): 200 GET http://10.180.1.21/compute/v2.1/servers/a716f045-1598-433c-ae67-32c7107544a5 0.289s
2025-04-15 14:01:06.528 70020 INFO tempest.lib.common.rest_client [req-260ff357-3323-4238-b413-830b273eb8fd req-260ff357-3323-4238-b413-830b273eb8fd ] Request (ImagesTestJSON:test_create_server_from_snapshot): 200 GET http://10.180.1.21/compute/v2.1/servers/6b82c582-3bb0-4b3a-a0fe-3e589eaa6929 0.301s
2025-04-15 14:01:06.593 70052 INFO tempest.lib.common.rest_client [req-59bbbeb2-2536-40cc-8703-e7d0f6d039a9 req-59bbbeb2-2536-40cc-8703-e7d0f6d039a9 ] Request (DeleteServersTestJSON:test_delete_server_while_in_attached_volume): 200 GET http://10.180.1.21/compute/v2.1/servers/e78561b7-3b5a-42ea-8e56-c4d7a26112d4 0.307s
2025-04-15 14:01:06.610 70040 INFO tempest.lib.common.rest_client [req-924c4343-b95b-4dd3-be60-f56541bb254d req-924c4343-b95b-4dd3-be60-f56541bb254d ] Request (ServerDiskConfigTestJSON:test_rebuild_server_with_manual_disk_config): 200 GET http://10.180.1.21/compute/v2.1/servers/29985cf3-76f7-48d6-b2a6-7338931186f6 0.381s
2025-04-15 14:01:06.684 70008 INFO tempest.lib.common.rest_client [req-bcde0fae-2b1b-4a9a-954f-3032f31f2e6c req-bcde0fae-2b1b-4a9a-954f-3032f31f2e6c ] Request (ListServersNegativeTestJSON:setUpClass): 200 GET http://10.180.1.21/compute/v2.1/servers/a6f67f42-3ec9-45f9-82e6-356f1b17cd65 0.306s
2025-04-15 14:01:06.706 70016 INFO tempest.lib.common.rest_client [req-2d9bb512-6eb6-494e-b857-9f7bcdc99e5e req-2d9bb512-6eb6-494e-b857-9f7bcdc99e5e ] Request (ServerTagsTestJSON:test_check_tag_existence): 204 GET http://10.180.1.21/compute/v2.1/servers/8edf5952-6a1e-47ce-a5e8-42652290418b/tags/tempest-tag-1574531218 0.291s
2025-04-15 14:01:06.718 70024 INFO tempest.lib.common.rest_client [req-91d66545-c019-49e6-9c61-b68f31896f24 req-91d66545-c019-49e6-9c61-b68f31896f24 ] Request (ServersAdminTestJSON:test_inject_network_info): 200 GET http://10.180.1.21/compute/v2.1/servers/a41ea9fe-c192-49f1-aea0-0df98dcb68f7 0.374s
2025-04-15 14:01:06.768 70026 INFO tempest.lib.common.rest_client [req-996ac05a-3241-4fd0-bef7-9624f412b0d6 req-996ac05a-3241-4fd0-bef7-9624f412b0d6 ] Request (MultipleCreateTestJSON:test_multiple_create_with_reservation_return): 200 GET http://10.180.1.21/compute/v2.1/servers/f8adf648-ad9e-4b65-91fd-d56c4614fdef 0.330s
2025-04-15 14:01:06.773 70004 INFO tempest.lib.common.rest_client [req-9c7e5808-04f6-4439-bd9a-d537ab50c37e req-9c7e5808-04f6-4439-bd9a-d537ab50c37e ] Request (MigrationsAdminTest:test_resize_server_revert_deleted_flavor): 200 GET http://10.180.1.21/compute/v2.1/servers/93d5ebed-9f08-4ce8-91c7-cbb7142a2e5b 0.268s
2025-04-15 14:01:06.851 70012 INFO tempest.lib.common.rest_client [req-edc43393-2e6b-4e0e-b20a-0972b93fe63f req-edc43393-2e6b-4e0e-b20a-0972b93fe63f ] Request (InstanceActionsTestJSON:setUpClass): 200 GET http://10.180.1.21/compute/v2.1/servers/50e6a7d1-12b7-43ce-89cf-6a7f283eb663 0.273s
2025-04-15 14:01:06.862 70012 INFO tempest.common.waiters [-] State transition "BUILD/scheduling" ==> "BUILD/None" after 42 second wait
2025-04-15 14:01:06.913 70040 INFO tempest.lib.common.rest_client [req-f691fed6-a09e-487b-a676-daba5678b31b req-f691fed6-a09e-487b-a676-daba5678b31b ] Request (ServerDiskConfigTestJSON:test_rebuild_server_with_manual_disk_config): 200 GET http://10.180.1.21/compute/v2.1/servers/29985cf3-76f7-48d6-b2a6-7338931186f6 0.296s
2025-04-15 14:01:06.969 70016 INFO tempest.lib.common.rest_client [req-b43e0725-1ec9-43d0-b7f8-2cd9bf9a6dc9 req-b43e0725-1ec9-43d0-b7f8-2cd9bf9a6dc9 ] Request (ServerTagsTestJSON:_run_cleanups): 204 DELETE http://10.180.1.21/compute/v2.1/servers/8edf5952-6a1e-47ce-a5e8-42652290418b/tags 0.263s
2025-04-15 14:01:07.022 70014 INFO tempest.lib.common.rest_client [req-f65bf8f3-a10e-4ef0-9a95-643042c2cd76 req-f65bf8f3-a10e-4ef0-9a95-643042c2cd76 ] Request (ServerRescueTestJSON:setUpClass): 200 GET http://10.180.1.21/compute/v2.1/servers/7e7b61a0-f7dd-42fa-9b40-3e2e31c3d4f7 0.324s
2025-04-15 14:01:07.089 70028 INFO tempest.lib.common.rest_client [req-3155e463-5ec8-4dbd-92f1-5274c22aa170 req-3155e463-5ec8-4dbd-92f1-5274c22aa170 ] Request (ImagesOneServerNegativeTestJSON:_run_cleanups): 200 GET http://10.180.1.21/compute/v2.1/servers/f8b219a2-0872-490b-b80b-c7be4a60a0ed 0.244s
2025-04-15 14:01:07.095 70058 INFO tempest.lib.common.rest_client [req-61367a00-51d6-4172-8a31-105874c203c0 req-61367a00-51d6-4172-8a31-105874c203c0 ] Request (SecurityGroupsTestJSON:test_server_security_groups): 200 GET http://10.180.1.21/compute/v2.1/servers/478c8253-7572-450d-a56e-a7867bbea23b 0.327s
2025-04-15 14:01:07.105 70058 INFO tempest.common.waiters [-] State transition "BUILD/networking" ==> "BUILD/spawning" after 91 second wait
2025-04-15 14:01:07.167 70022 INFO tempest.lib.common.rest_client [req-c0f1902a-1138-4961-bb3a-bfe9115650ec req-c0f1902a-1138-4961-bb3a-bfe9115650ec ] Request (AttachInterfacesTestJSON:_run_cleanups): 200 GET http://10.180.1.21/compute/v2.1/servers/ad258087-2025-4e22-9f0c-d2776440d59c 0.255s
2025-04-15 14:01:07.183 70016 INFO tempest.lib.common.rest_client [req-f508e12e-cb3e-47c9-9128-fb6a2b9ebe7f req-f508e12e-cb3e-47c9-9128-fb6a2b9ebe7f ] Request (ServerTagsTestJSON:test_create_delete_tag): 200 GET http://10.180.1.21/compute/v2.1/servers/8edf5952-6a1e-47ce-a5e8-42652290418b/tags 0.213s
2025-04-15 14:01:07.199 69996 INFO tempest.lib.common.rest_client [req-2e4afd2e-ffb4-4e09-94ac-93bbc92314ee req-2e4afd2e-ffb4-4e09-94ac-93bbc92314ee ] Request (ServersV294TestFqdnHostnames:setUpClass): 200 PUT http://10.180.1.21:9696/networking/v2.0/routers/3b0d7c20-379a-4e27-96e6-6db681deb389/add_router_interface 1.726s
2025-04-15 14:01:07.199 69996 INFO tempest.lib.common.dynamic_creds [-] Created isolated network resources for: credentials: Credentials: {'domain_id': 'default', 'domain_name': 'Default', 'username': 'tempest-ServersV294TestFqdnHostnames-1221927406-project-member', 'project_domain_id': 'default', 'project_domain_name': 'Default', 'project_id': 'fc5a9703887f4612bab7edf86ab78a2c', 'project_name': 'tempest-ServersV294TestFqdnHostnames-1221927406', 'tenant_id': 'fc5a9703887f4612bab7edf86ab78a2c', 'tenant_name': 'tempest-ServersV294TestFqdnHostnames-1221927406', 'user_domain_id': 'default', 'user_domain_name': 'Default', 'user_id': '6c79884371a4486fa27f682306d05185', 'system': None}, Network: {'id': 'e36d1bd4-e371-4573-bed7-076869140aae', 'name': 'tempest-ServersV294TestFqdnHostnames-1984312204-network', 'tenant_id': 'fc5a9703887f4612bab7edf86ab78a2c', 'admin_state_up': True, 'mtu': 8950, 'status': 'ACTIVE', 'subnets': [], 'shared': False, 'project_id': 'fc5a9703887f4612bab7edf86ab78a2c', 'port_security_enabled': True, 'router:external': False, 'provider:network_type': 'vlan', 'provider:physical_network': 'default', 'provider:segmentation_id': 127, 'availability_zone_hints': [], 'availability_zones': [], 'ipv4_address_scope': None, 'ipv6_address_scope': None, 'description': '', 'tags': [], 'created_at': '2025-04-15T14:01:03Z', 'updated_at': '2025-04-15T14:01:03Z', 'revision_number': 1}, Subnet: {'id': '97cb358e-2310-44a4-be05-cd368a6c96a7', 'name': 'tempest-ServersV294TestFqdnHostnames-1984312204-subnet', 'tenant_id': 'fc5a9703887f4612bab7edf86ab78a2c', 'network_id': 'e36d1bd4-e371-4573-bed7-076869140aae', 'ip_version': 4, 'subnetpool_id': None, 'enable_dhcp': True, 'ipv6_ra_mode': None, 'ipv6_address_mode': None, 'gateway_ip': '192.168.128.1', 'cidr': '192.168.128.0/28', 'allocation_pools': [{'start': '192.168.128.2', 'end': '192.168.128.14'}], 'host_routes': [], 'dns_nameservers': [], 'description': '', 'router:external': False, 'service_types': [], 'tags': [], 'created_at': '2025-04-15T14:01:03Z', 'updated_at': '2025-04-15T14:01:03Z', 'revision_number': 0, 'project_id': 'fc5a9703887f4612bab7edf86ab78a2c'}, Router: {'id': '3b0d7c20-379a-4e27-96e6-6db681deb389', 'name': 'tempest-ServersV294TestFqdnHostnames-1984312204-router', 'tenant_id': 'fc5a9703887f4612bab7edf86ab78a2c', 'admin_state_up': True, 'status': 'ACTIVE', 'external_gateway_info': {'network_id': 'c1de1f27-1467-480d-b98a-8c7f7f3fac6c', 'external_fixed_ips': [{'subnet_id': 'ece10c31-e5e6-4019-be05-375700e18935', 'ip_address': '10.180.180.197'}], 'enable_snat': True}, 'description': '', 'availability_zones': [], 'distributed': False, 'ha': False, 'availability_zone_hints': [], 'routes': [], 'flavor_id': None, 'tags': [], 'created_at': '2025-04-15T14:01:03Z', 'updated_at': '2025-04-15T14:01:04Z', 'revision_number': 2, 'project_id': 'fc5a9703887f4612bab7edf86ab78a2c'}
2025-04-15 14:01:07.251 70050 INFO tempest.lib.common.rest_client [req-a487dc8c-533c-488d-905a-88658166f370 req-a487dc8c-533c-488d-905a-88658166f370 ] Request (ServerDiagnosticsV248Test:tearDownClass): 200 GET http://10.180.1.21/compute/v2.1/servers/8eb77299-d73b-45a5-b02b-5200bc38b6c6 0.267s
2025-04-15 14:01:07.270 70040 INFO tempest.lib.common.rest_client [req-f43fabb0-7379-4b9c-be07-87ee6b0c4354 req-f43fabb0-7379-4b9c-be07-87ee6b0c4354 ] Request (ServerDiskConfigTestJSON:test_rebuild_server_with_manual_disk_config): 202 POST http://10.180.1.21/compute/v2.1/servers/29985cf3-76f7-48d6-b2a6-7338931186f6/action 0.350s
