2025-04-15 13:59:34.487 70024 INFO tempest.lib.common.rest_client [req-21d40dc8-6a96-4f03-9f96-9f8ce0f32999 req-21d40dc8-6a96-4f03-9f96-9f8ce0f32999 ] Request (ServersAdminTestJSON:test_inject_network_info): 200 GET http://10.180.1.21/compute/v2.1/servers/a41ea9fe-c192-49f1-aea0-0df98dcb68f7 0.236s
2025-04-15 13:59:34.510 70058 INFO tempest.lib.common.rest_client [req-d291d615-d65c-4412-8854-e50a8f465ad5 req-d291d615-d65c-4412-8854-e50a8f465ad5 ] Request (SecurityGroupsTestJSON:test_security_groups_create_list_delete): 404 GET http://10.180.1.21/compute/v2.1/os-security-groups/c7515e7b-17e0-4b25-b863-812bcd74d9d6 0.258s
2025-04-15 13:59:34.521 69996 INFO tempest.lib.common.rest_client [req-e4a711c7-d65e-4b1e-a02c-d6135b80fe87 req-e4a711c7-d65e-4b1e-a02c-d6135b80fe87 ] Request (ServersAdminNegativeTestJSON:test_reset_state_server_nonexistent_server): 404 POST http://10.180.1.21/compute/v2.1/servers/999/action 0.199s
2025-04-15 13:59:34.536 70004 INFO tempest.lib.common.rest_client [req-b1202230-0280-4a84-8c52-2eac3a9ddf4d req-b1202230-0280-4a84-8c52-2eac3a9ddf4d ] Request (MigrationsAdminTest:test_list_migrations_in_flavor_resize_situation): 200 GET http://10.180.1.21/compute/v2.1/servers/01ca7a98-3897-4e1a-8ec3-f70f476afd7d 0.289s
2025-04-15 13:59:34.585 70028 INFO tempest.lib.common.rest_client [req-96859b1e-ef1d-4be7-a5c7-152965f11ce2 req-96859b1e-ef1d-4be7-a5c7-152965f11ce2 ] Request (ImagesOneServerNegativeTestJSON:_run_cleanups): 200 GET http://10.180.1.21/compute/v2.1/servers/a1d751ce-da7c-44dc-ae14-c752a6ee23ed 0.256s
2025-04-15 13:59:34.611 70044 INFO tempest.lib.common.rest_client [req-4ad1acc5-5f79-42aa-ac47-e1f8bc0c6cf0 req-4ad1acc5-5f79-42aa-ac47-e1f8bc0c6cf0 ] Request (KeyPairsV22TestJSON:test_keypairs_create_list_delete): 201 POST http://10.180.1.21/compute/v2.1/os-keypairs 0.244s
2025-04-15 13:59:34.651 70006 INFO tempest.lib.common.rest_client [req-b0b3ffcd-90d5-46f3-856a-8a82cdf0ac06 req-b0b3ffcd-90d5-46f3-856a-8a82cdf0ac06 ] Request (AttachInterfacesUnderV243Test:test_add_remove_fixed_ip): 200 GET http://10.180.1.21/compute/v2.1/servers/b0e3f4d4-06eb-4fbb-96c9-2868b6c53648 0.286s
2025-04-15 13:59:34.659 70054 INFO tempest.lib.common.rest_client [req-5f937278-eebc-4b30-a1b7-3f0f56cc43df req-5f937278-eebc-4b30-a1b7-3f0f56cc43df ] Request (ImagesNegativeTestJSON:test_create_image_from_deleted_server): 200 GET http://10.180.1.21/compute/v2.1/servers/928ab915-fe86-4081-af20-f2f71b06c0f9 0.257s
2025-04-15 13:59:34.702 70022 INFO tempest.lib.common.rest_client [req-db019c3b-607c-46a8-b1d3-7c3999fc2752 req-db019c3b-607c-46a8-b1d3-7c3999fc2752 ] Request (AttachInterfacesTestJSON:test_create_list_show_delete_interfaces_by_fixed_ip): 200 GET http://10.180.1.21/compute/v2.1/servers/ad258087-2025-4e22-9f0c-d2776440d59c 0.279s
2025-04-15 13:59:34.703 70020 INFO tempest.lib.common.rest_client [req-aa79d8e1-6399-47a4-bfc4-2a144235f6fe req-aa79d8e1-6399-47a4-bfc4-2a144235f6fe ] Request (ImagesTestJSON:test_create_image_from_suspended_server): 200 GET http://10.180.1.21/compute/v2.1/servers/2fa64533-4b34-4ba4-a3f9-5ef3c2f4e986 0.232s
2025-04-15 13:59:34.754 70008 INFO tempest.lib.common.rest_client [req-934c5397-d1ee-47dd-93f4-55cc26432d3c req-934c5397-d1ee-47dd-93f4-55cc26432d3c ] Request (ListServersNegativeTestJSON:setUpClass): 200 GET http://10.180.1.21/compute/v2.1/servers/1edc3775-9f29-4274-9838-22c752c290f4 0.240s
2025-04-15 13:59:34.804 70058 INFO tempest.lib.common.rest_client [req-302b822e-730a-4a25-bf49-452429cb3bf1 req-302b822e-730a-4a25-bf49-452429cb3bf1 ] Request (SecurityGroupsTestJSON:test_security_groups_create_list_delete): 202 DELETE http://10.180.1.21/compute/v2.1/os-security-groups/a8cec448-9229-4f3c-8a51-ff793fbcffc7 0.293s
2025-04-15 13:59:34.855 69996 INFO tempest.lib.common.rest_client [req-6876a713-b761-48b1-bcdd-16a3c10d5861 req-6876a713-b761-48b1-bcdd-16a3c10d5861 ] Request (ServersAdminNegativeTestJSON:test_resize_server_using_overlimit_ram): 200 GET http://10.180.1.21/compute/v2.1/os-quota-sets/db076694b5bb4f0ab434a298302a46cd 0.332s
2025-04-15 13:59:34.855 70002 INFO tempest.lib.common.rest_client [req-035d2099-3c63-4083-9d7d-8e51e2abf6e7 req-035d2099-3c63-4083-9d7d-8e51e2abf6e7 ] Request (InstanceActionsNegativeTestJSON:setUpClass): 200 GET http://10.180.1.21/compute/v2.1/servers/b6752a8d-7e8b-4df0-9ef9-50dbfc944f84 0.291s
2025-04-15 13:59:34.865 70044 INFO tempest.lib.common.rest_client [req-547fe389-275a-44bb-a434-327417388f85 req-547fe389-275a-44bb-a434-327417388f85 ] Request (KeyPairsV22TestJSON:test_keypairs_create_list_delete): 200 GET http://10.180.1.21/compute/v2.1/os-keypairs 0.252s
2025-04-15 13:59:34.933 70014 INFO tempest.lib.common.rest_client [req-6257fc9b-9430-402f-ab59-4e3a3a7a28e1 req-6257fc9b-9430-402f-ab59-4e3a3a7a28e1 ] Request (ServerRescueTestJSON:setUpClass): 200 GET http://10.180.1.21/compute/v2.1/servers/7e7b61a0-f7dd-42fa-9b40-3e2e31c3d4f7 0.135s
2025-04-15 13:59:34.950 70058 INFO tempest.lib.common.rest_client [req-10d4e4ce-1efd-45d4-ac04-bede58e16c79 req-10d4e4ce-1efd-45d4-ac04-bede58e16c79 ] Request (SecurityGroupsTestJSON:test_security_groups_create_list_delete): 404 GET http://10.180.1.21/compute/v2.1/os-security-groups/a8cec448-9229-4f3c-8a51-ff793fbcffc7 0.146s
2025-04-15 13:59:34.961 70012 INFO tempest.lib.common.rest_client [req-61f7a0ee-c60a-4fad-a7a6-5ee712303577 req-61f7a0ee-c60a-4fad-a7a6-5ee712303577 ] Request (DeleteServersAdminTestJSON:test_delete_server_while_in_error_state): 200 GET http://10.180.1.21/compute/v2.1/servers/67d7422a-2bfc-4c6d-a1c5-e9c88420cccb 0.313s
2025-04-15 13:59:34.999 70050 INFO tempest.lib.common.rest_client [req-bbae220e-cbd0-454a-beaa-f9af27662152 req-bbae220e-cbd0-454a-beaa-f9af27662152 ] Request (ServerDiagnosticsV248Test:test_get_server_diagnostics): 200 GET http://10.180.1.21/compute/v2.1/servers/8eb77299-d73b-45a5-b02b-5200bc38b6c6 0.158s
2025-04-15 13:59:35.005 70040 INFO tempest.lib.common.rest_client [req-c4e99f55-b429-4382-b873-da1e2933c758 req-c4e99f55-b429-4382-b873-da1e2933c758 ] Request (ServerDiskConfigTestJSON:test_rebuild_server_with_manual_disk_config): 200 GET http://10.180.1.21/compute/v2.1/servers/29985cf3-76f7-48d6-b2a6-7338931186f6 0.157s
2025-04-15 13:59:35.016 69996 INFO tempest.lib.common.rest_client [req-e72f2d52-2765-4159-9e7e-e80dfa62c43d req-e72f2d52-2765-4159-9e7e-e80dfa62c43d ] Request (ServersAdminNegativeTestJSON:test_resize_server_using_overlimit_ram): 200 POST http://10.180.1.21/compute/v2.1/flavors 0.159s
2025-04-15 13:59:35.020 70044 INFO tempest.lib.common.rest_client [req-716f96ea-0789-4db6-b725-5b889438a51e req-716f96ea-0789-4db6-b725-5b889438a51e ] Request (KeyPairsV22TestJSON:_run_cleanups): 204 DELETE http://10.180.1.21/compute/v2.1/os-keypairs/tempest-KeyPairsV22TestJSON-keypair-2067962865 0.152s
2025-04-15 13:59:35.075 70056 INFO tempest.lib.common.rest_client [req-a6fcd624-dfc5-409c-97e4-c210272a5f8b req-a6fcd624-dfc5-409c-97e4-c210272a5f8b ] Request (FloatingIPsAssociationNegativeTestJSON:tearDownClass): 200 GET http://10.180.1.21/compute/v2.1/servers/95e0c925-8147-426d-9383-67c516a9d3ee 0.180s
2025-04-15 13:59:35.104 70058 INFO tempest.lib.common.rest_client [req-8ff1adbb-e6dd-4853-90b7-c566df86c036 req-8ff1adbb-e6dd-4853-90b7-c566df86c036 ] Request (SecurityGroupsTestJSON:test_security_groups_create_list_delete): 200 GET http://10.180.1.21/compute/v2.1/os-security-groups 0.153s
2025-04-15 13:59:35.125 70018 INFO tempest.lib.common.rest_client [req-3775d94a-794f-4cc7-9718-791524c7f0bb req-3775d94a-794f-4cc7-9718-791524c7f0bb ] Request (ServerAddressesTestJSON:setUpClass): 200 GET http://10.180.1.21/compute/v2.1/servers/c3d915d6-b146-43e1-946d-289fbb5e6496 0.141s
2025-04-15 13:59:35.140 70044 INFO tempest.lib.common.rest_client [req-8d651723-2e2e-4a9a-8c32-39bbf54c5a32 req-8d651723-2e2e-4a9a-8c32-39bbf54c5a32 ] Request (KeyPairsV22TestJSON:_run_cleanups): 204 DELETE http://10.180.1.21/compute/v2.1/os-keypairs/tempest-KeyPairsV22TestJSON-keypair-1397249703 0.119s
2025-04-15 13:59:35.192 70026 INFO tempest.lib.common.rest_client [req-f008b24b-1792-4e40-9a4e-5cdc69e441ca req-f008b24b-1792-4e40-9a4e-5cdc69e441ca ] Request (MultipleCreateTestJSON:test_multiple_create): 200 GET http://10.180.1.21/compute/v2.1/servers/92838e96-a467-4e54-8d7b-e5c956d60338 0.154s
2025-04-15 13:59:35.219 69996 INFO tempest.lib.common.rest_client [req-330fccfb-2958-4a92-bdd9-4fb402dc9ac3 req-330fccfb-2958-4a92-bdd9-4fb402dc9ac3 ] Request (ServersAdminNegativeTestJSON:test_resize_server_using_overlimit_ram): 403 POST http://10.180.1.21/compute/v2.1/servers/de579152-a4f4-474e-9dd7-12a419ffd905/action 0.200s
2025-04-15 13:59:35.246 70052 INFO tempest.lib.common.rest_client [req-e668bc97-ceb6-4fb1-8809-a857d0ed5b87 req-e668bc97-ceb6-4fb1-8809-a857d0ed5b87 ] Request (DeleteServersTestJSON:test_delete_active_server): 200 GET http://10.180.1.21/compute/v2.1/servers/f82d27cb-16ae-4dcc-b535-278b6ecf62a7 0.183s
2025-04-15 13:59:35.294 70016 INFO tempest.lib.common.rest_client [req-90c53299-c674-475e-bb27-53fde67a04d1 req-90c53299-c674-475e-bb27-53fde67a04d1 ] Request (ServerTagsTestJSON:setUpClass): 200 GET http://10.180.1.21/compute/v2.1/servers/8edf5952-6a1e-47ce-a5e8-42652290418b 0.177s
2025-04-15 13:59:35.316 70058 INFO tempest.lib.common.rest_client [req-35641dae-cd70-4c21-9b95-2981c3b8eb83 req-35641dae-cd70-4c21-9b95-2981c3b8eb83 ] Request (SecurityGroupsTestJSON:test_server_security_groups): 200 POST http://10.180.1.21/compute/v2.1/os-security-groups 0.208s
2025-04-15 13:59:35.331 70044 INFO tempest.lib.common.rest_client [req-74aa7dac-396f-4fa5-856f-a650a69bb814 req-74aa7dac-396f-4fa5-856f-a650a69bb814 ] Request (KeyPairsV22TestJSON:_run_cleanups): 204 DELETE http://10.180.1.21/compute/v2.1/os-keypairs/tempest-KeyPairsV22TestJSON-keypair-24526754 0.190s
2025-04-15 13:59:35.342 69998 INFO tempest.lib.common.rest_client [req-caaccfc2-b251-41f7-8eac-e373b7f2d49d req-caaccfc2-b251-41f7-8eac-e373b7f2d49d ] Request (ServersTestJSON:setUpClass): 200 GET http://10.180.1.21/compute/v2.1/servers/e653fc20-13d7-466a-bb91-1ae2cd58d469 0.218s
2025-04-15 13:59:35.356 69996 INFO tempest.lib.common.rest_client [req-b283d2a5-b6db-425e-a454-2ef1e3524984 req-b283d2a5-b6db-425e-a454-2ef1e3524984 ] Request (ServersAdminNegativeTestJSON:_run_cleanups): 202 DELETE http://10.180.1.21/compute/v2.1/flavors/830016534 0.137s
2025-04-15 13:59:35.383 70042 INFO tempest.lib.common.rest_client [req-c6300dba-f35d-4bf6-ba67-d1bdcea1edef req-c6300dba-f35d-4bf6-ba67-d1bdcea1edef ] Request (ServerDiagnosticsNegativeTest:test_get_server_diagnostics_by_non_admin): 200 GET http://10.180.1.21/compute/v2.1/servers/08cd5ef2-6f22-4ac0-ab03-0aa1efca3fef 0.198s
2025-04-15 13:59:35.436 70031 INFO tempest.lib.common.rest_client [req-e2797084-8552-4840-9c1c-dc5af21a7ba2 req-e2797084-8552-4840-9c1c-dc5af21a7ba2 ] Request (ImagesOneServerTestJSON:setUpClass): 200 GET http://10.180.1.21/compute/v2.1/servers/9d8fbc04-27aa-49c1-902b-bfc2a2454aaa 0.110s
2025-04-15 13:59:35.455 70058 INFO tempest.lib.common.rest_client [req-be8e55e9-a487-4c1d-bb69-c2899593d46c req-be8e55e9-a487-4c1d-bb69-c2899593d46c ] Request (SecurityGroupsTestJSON:test_server_security_groups): 200 POST http://10.180.1.21/compute/v2.1/os-security-groups 0.136s
2025-04-15 13:59:35.465 70044 INFO tempest.lib.common.rest_client [req-fc93dba9-b599-4d68-ba91-2da834cea691 req-fc93dba9-b599-4d68-ba91-2da834cea691 ] Request (KeyPairsV22TestJSON:test_keypairsv22_create_list_show): 201 POST http://10.180.1.21/compute/v2.1/os-keypairs 0.132s
2025-04-15 13:59:35.487 69996 INFO tempest.lib.common.rest_client [req-d6d255ad-dc09-46a3-8dc4-d793335e8464 req-d6d255ad-dc09-46a3-8dc4-d793335e8464 ] Request (ServersAdminNegativeTestJSON:_run_cleanups): 200 GET http://10.180.1.21/compute/v2.1/flavors/detail 0.130s
2025-04-15 13:59:35.521 70058 INFO tempest.lib.common.rest_client [req-68f7a3fa-1238-4b1a-ad04-b56eb05f7ed3 req-68f7a3fa-1238-4b1a-ad04-b56eb05f7ed3 ] Request (SecurityGroupsTestJSON:test_server_security_groups): 201 POST http://10.180.1.21/identity/v3/auth/tokens 0.060s
2025-04-15 13:59:35.522 70058 INFO tempest.lib.common.fixed_network [-] (SecurityGroupsTestJSON:test_server_security_groups) Found network {'id': '545e91f8-d4b5-42b4-9dfd-72825d57cd19', 'name': 'tempest-SecurityGroupsTestJSON-2022791039-network', 'tenant_id': 'c3786844d01740a0bf3a4f8e4a775aa7', 'admin_state_up': True, 'mtu': 8950, 'status': 'ACTIVE', 'subnets': [], 'shared': False, 'project_id': 'c3786844d01740a0bf3a4f8e4a775aa7', 'port_security_enabled': True, 'router:external': False, 'provider:network_type': 'vlan', 'provider:physical_network': 'default', 'provider:segmentation_id': 891, 'availability_zone_hints': [], 'availability_zones': [], 'ipv4_address_scope': None, 'ipv6_address_scope': None, 'description': '', 'tags': [], 'created_at': '2025-04-15T13:58:19Z', 'updated_at': '2025-04-15T13:58:19Z', 'revision_number': 1} available for tenant
2025-04-15 13:59:35.525 70010 INFO tempest.lib.common.rest_client [req-b33be898-f2cf-4a0b-a5ac-2dfaf04b706d req-b33be898-f2cf-4a0b-a5ac-2dfaf04b706d ] Request (ListImageFiltersTestJSON:setUpClass): 200 GET http://10.180.1.21/compute/v2.1/images/386b2a68-4621-4442-b826-2539234394c0 0.151s
2025-04-15 13:59:35.550 70048 INFO tempest.lib.common.rest_client [req-2c1261af-84f4-4bea-9953-5fafb68afa02 req-2c1261af-84f4-4bea-9953-5fafb68afa02 ] Request (ServersTestBootFromVolume:setUpClass): 200 GET http://10.180.1.21/compute/v2.1/servers/97cc7695-2be2-47d5-bf0e-700ded8c7033 0.212s
2025-04-15 13:59:35.560 70044 INFO tempest.lib.common.rest_client [req-ac7f7e4b-1b59-4ded-8bc3-d492d8ddd53b req-ac7f7e4b-1b59-4ded-8bc3-d492d8ddd53b ] Request (KeyPairsV22TestJSON:test_keypairsv22_create_list_show): 200 GET http://10.180.1.21/compute/v2.1/os-keypairs/tempest-keypair-48027409 0.094s
2025-04-15 13:59:35.586 70032 INFO tempest.lib.common.rest_client [req-53d5b671-ad47-4efc-8db4-517b2a36a9d7 req-53d5b671-ad47-4efc-8db4-517b2a36a9d7 ] Request (ServersAdmin275Test:test_rebuild_update_server_275): 200 GET http://10.180.1.21/compute/v2.1/servers/2c7890f4-59f6-464b-9c0c-a482f76b7099 0.144s
2025-04-15 13:59:35.620 70024 INFO tempest.lib.common.rest_client [req-f4659073-f682-4dbb-b148-15a1385a7cc3 req-f4659073-f682-4dbb-b148-15a1385a7cc3 ] Request (ServersAdminTestJSON:test_inject_network_info): 200 GET http://10.180.1.21/compute/v2.1/servers/a41ea9fe-c192-49f1-aea0-0df98dcb68f7 0.125s
2025-04-15 13:59:35.628 69996 INFO tempest.lib.common.rest_client [req-05144f0e-6a14-4839-8ee8-1569d9389d5f req-05144f0e-6a14-4839-8ee8-1569d9389d5f ] Request (ServersAdminNegativeTestJSON:test_resize_server_using_overlimit_vcpus): 200 GET http://10.180.1.21/compute/v2.1/os-quota-sets/db076694b5bb4f0ab434a298302a46cd 0.133s
2025-04-15 13:59:35.771 70004 INFO tempest.lib.common.rest_client [req-60edf880-9804-41cc-a75a-110c759ab6c1 req-60edf880-9804-41cc-a75a-110c759ab6c1 ] Request (MigrationsAdminTest:test_list_migrations_in_flavor_resize_situation): 200 GET http://10.180.1.21/compute/v2.1/servers/01ca7a98-3897-4e1a-8ec3-f70f476afd7d 0.227s
2025-04-15 13:59:35.786 70044 INFO tempest.lib.common.rest_client [req-9244f502-6c19-4950-8c23-0642e3bfd2fa req-9244f502-6c19-4950-8c23-0642e3bfd2fa ] Request (KeyPairsV22TestJSON:test_keypairsv22_create_list_show): 200 GET http://10.180.1.21/compute/v2.1/os-keypairs 0.223s
2025-04-15 13:59:35.852 70028 INFO tempest.lib.common.rest_client [req-03893b78-cfcf-4db2-82a6-1f8eda1465f5 req-03893b78-cfcf-4db2-82a6-1f8eda1465f5 ] Request (ImagesOneServerNegativeTestJSON:_run_cleanups): 200 GET http://10.180.1.21/compute/v2.1/servers/a1d751ce-da7c-44dc-ae14-c752a6ee23ed 0.256s
2025-04-15 13:59:35.873 69996 INFO tempest.lib.common.rest_client [req-8354ffa8-8d4b-4296-89af-e056e1832ff5 req-8354ffa8-8d4b-4296-89af-e056e1832ff5 ] Request (ServersAdminNegativeTestJSON:test_resize_server_using_overlimit_vcpus): 200 POST http://10.180.1.21/compute/v2.1/flavors 0.242s
2025-04-15 13:59:35.937 70058 INFO tempest.lib.common.rest_client [req-b4871469-d61e-4e97-a98f-2cae84dc8ee6 req-b4871469-d61e-4e97-a98f-2cae84dc8ee6 ] Request (SecurityGroupsTestJSON:test_server_security_groups): 202 POST http://10.180.1.21/compute/v2.1/servers 0.415s
2025-04-15 13:59:35.971 70006 INFO tempest.lib.common.rest_client [req-bf551d6b-565a-47d3-89e5-b18ff8a6614f req-bf551d6b-565a-47d3-89e5-b18ff8a6614f ] Request (AttachInterfacesUnderV243Test:test_add_remove_fixed_ip): 200 GET http://10.180.1.21/compute/v2.1/servers/b0e3f4d4-06eb-4fbb-96c9-2868b6c53648 0.311s
2025-04-15 13:59:35.983 70054 INFO tempest.lib.common.rest_client [req-d5768284-b6a3-4b75-b541-2a6384ef7ebb req-d5768284-b6a3-4b75-b541-2a6384ef7ebb ] Request (ImagesNegativeTestJSON:test_create_image_from_deleted_server): 200 GET http://10.180.1.21/compute/v2.1/servers/928ab915-fe86-4081-af20-f2f71b06c0f9 0.316s
2025-04-15 13:59:36.024 70020 INFO tempest.lib.common.rest_client [req-06718269-2f1b-4368-bcea-a5fc3581bc52 req-06718269-2f1b-4368-bcea-a5fc3581bc52 ] Request (ImagesTestJSON:test_create_image_from_suspended_server): 200 GET http://10.180.1.21/compute/v2.1/servers/2fa64533-4b34-4ba4-a3f9-5ef3c2f4e986 0.314s
2025-04-15 13:59:36.037 70022 INFO tempest.lib.common.rest_client [req-7fc0a445-b7ec-45ca-9c6e-bb565ca14bec req-7fc0a445-b7ec-45ca-9c6e-bb565ca14bec ] Request (AttachInterfacesTestJSON:test_create_list_show_delete_interfaces_by_fixed_ip): 200 GET http://10.180.1.21/compute/v2.1/servers/ad258087-2025-4e22-9f0c-d2776440d59c 0.327s
2025-04-15 13:59:36.046 70022 INFO tempest.common.waiters [-] State transition "BUILD/None" ==> "BUILD/networking" after 42 second wait
2025-04-15 13:59:36.059 70044 INFO tempest.lib.common.rest_client [req-dc306547-7bfb-4b22-a041-579b4432be46 req-dc306547-7bfb-4b22-a041-579b4432be46 ] Request (KeyPairsV22TestJSON:_run_cleanups): 204 DELETE http://10.180.1.21/compute/v2.1/os-keypairs/tempest-keypair-48027409 0.268s
2025-04-15 13:59:36.079 70008 INFO tempest.lib.common.rest_client [req-04e14039-5cd0-4ef6-99ee-cb2fa1aa0d00 req-04e14039-5cd0-4ef6-99ee-cb2fa1aa0d00 ] Request (ListServersNegativeTestJSON:setUpClass): 200 GET http://10.180.1.21/compute/v2.1/servers/1edc3775-9f29-4274-9838-22c752c290f4 0.318s
2025-04-15 13:59:36.104 70002 INFO tempest.lib.common.rest_client [req-fb8b419f-afdf-44a6-b352-4d89b2c3f411 req-fb8b419f-afdf-44a6-b352-4d89b2c3f411 ] Request (InstanceActionsNegativeTestJSON:setUpClass): 200 GET http://10.180.1.21/compute/v2.1/servers/b6752a8d-7e8b-4df0-9ef9-50dbfc944f84 0.241s
2025-04-15 13:59:36.141 70058 INFO tempest.lib.common.rest_client [req-2bc4f317-d8f3-44ba-906c-6353fb3138f6 req-2bc4f317-d8f3-44ba-906c-6353fb3138f6 ] Request (SecurityGroupsTestJSON:test_server_security_groups): 200 GET http://10.180.1.21/compute/v2.1/servers/478c8253-7572-450d-a56e-a7867bbea23b 0.202s
2025-04-15 13:59:36.155 69996 INFO tempest.lib.common.rest_client [req-8e66ab79-36af-4432-92c5-8a8793ed8f86 req-8e66ab79-36af-4432-92c5-8a8793ed8f86 ] Request (ServersAdminNegativeTestJSON:test_resize_server_using_overlimit_vcpus): 403 POST http://10.180.1.21/compute/v2.1/servers/de579152-a4f4-474e-9dd7-12a419ffd905/action 0.279s
2025-04-15 13:59:36.197 70014 INFO tempest.lib.common.rest_client [req-f1f8bcae-b090-4616-bee8-26e6d11a51a0 req-f1f8bcae-b090-4616-bee8-26e6d11a51a0 ] Request (ServerRescueTestJSON:setUpClass): 200 GET http://10.180.1.21/compute/v2.1/servers/7e7b61a0-f7dd-42fa-9b40-3e2e31c3d4f7 0.255s
2025-04-15 13:59:36.246 70012 INFO tempest.lib.common.rest_client [req-ee15f08d-d22b-4a0f-b0ed-2a3f25ca5fe9 req-ee15f08d-d22b-4a0f-b0ed-2a3f25ca5fe9 ] Request (DeleteServersAdminTestJSON:test_delete_server_while_in_error_state): 200 GET http://10.180.1.21/compute/v2.1/servers/67d7422a-2bfc-4c6d-a1c5-e9c88420cccb 0.277s
2025-04-15 13:59:36.251 70050 INFO tempest.lib.common.rest_client [req-8820c082-b927-4a89-bf5f-016ccea3a61a req-8820c082-b927-4a89-bf5f-016ccea3a61a ] Request (ServerDiagnosticsV248Test:test_get_server_diagnostics): 200 GET http://10.180.1.21/compute/v2.1/servers/8eb77299-d73b-45a5-b02b-5200bc38b6c6 0.243s
2025-04-15 13:59:36.253 70012 INFO tempest.common.waiters [-] State transition "BUILD/spawning" ==> "ACTIVE/None" after 50 second wait
2025-04-15 13:59:36.295 70040 INFO tempest.lib.common.rest_client [req-50773aef-1eb0-4e7a-b121-e03e16b844c0 req-50773aef-1eb0-4e7a-b121-e03e16b844c0 ] Request (ServerDiskConfigTestJSON:test_rebuild_server_with_manual_disk_config): 200 GET http://10.180.1.21/compute/v2.1/servers/29985cf3-76f7-48d6-b2a6-7338931186f6 0.282s
2025-04-15 13:59:36.349 70056 INFO tempest.lib.common.rest_client [req-c909d783-d836-4eff-a6d6-e29db2136d8d req-c909d783-d836-4eff-a6d6-e29db2136d8d ] Request (FloatingIPsAssociationNegativeTestJSON:tearDownClass): 200 GET http://10.180.1.21/compute/v2.1/servers/95e0c925-8147-426d-9383-67c516a9d3ee 0.262s
2025-04-15 13:59:36.400 70018 INFO tempest.lib.common.rest_client [req-0d4bc2e8-37d0-429a-96fd-16a5b48a0773 req-0d4bc2e8-37d0-429a-96fd-16a5b48a0773 ] Request (ServerAddressesTestJSON:setUpClass): 200 GET http://10.180.1.21/compute/v2.1/servers/c3d915d6-b146-43e1-946d-289fbb5e6496 0.267s
2025-04-15 13:59:36.415 69996 INFO tempest.lib.common.rest_client [req-f7d74f8e-b893-4377-bddb-5ef87b872506 req-f7d74f8e-b893-4377-bddb-5ef87b872506 ] Request (ServersAdminNegativeTestJSON:_run_cleanups): 202 DELETE http://10.180.1.21/compute/v2.1/flavors/2034327296 0.260s
2025-04-15 13:59:36.424 70044 INFO tempest.lib.common.rest_client [req-ed0ce97e-087d-40e9-8450-eb2f8be7d682 req-ed0ce97e-087d-40e9-8450-eb2f8be7d682 ] Request (KeyPairsV22TestJSON:test_keypairsv22_create_list_show_with_type): 201 POST http://10.180.1.21/compute/v2.1/os-keypairs 0.363s
2025-04-15 13:59:36.469 70026 INFO tempest.lib.common.rest_client [req-18d64450-ff26-4c7e-a419-e99ff55c423e req-18d64450-ff26-4c7e-a419-e99ff55c423e ] Request (MultipleCreateTestJSON:test_multiple_create): 200 GET http://10.180.1.21/compute/v2.1/servers/92838e96-a467-4e54-8d7b-e5c956d60338 0.269s
2025-04-15 13:59:36.508 70012 INFO tempest.lib.common.rest_client [req-76bae8fd-f825-405c-922d-667c9b707f3b req-76bae8fd-f825-405c-922d-667c9b707f3b ] Request (DeleteServersAdminTestJSON:test_delete_server_while_in_error_state): 202 POST http://10.180.1.21/compute/v2.1/servers/67d7422a-2bfc-4c6d-a1c5-e9c88420cccb/action 0.254s
2025-04-15 13:59:36.533 70052 INFO tempest.lib.common.rest_client [req-5918b716-fc7e-4966-80a5-033663f33c31 req-5918b716-fc7e-4966-80a5-033663f33c31 ] Request (DeleteServersTestJSON:test_delete_active_server): 200 GET http://10.180.1.21/compute/v2.1/servers/f82d27cb-16ae-4dcc-b535-278b6ecf62a7 0.279s
2025-04-15 13:59:36.577 70016 INFO tempest.lib.common.rest_client [req-0552ee43-ce73-48b2-b30d-4c1135113576 req-0552ee43-ce73-48b2-b30d-4c1135113576 ] Request (ServerTagsTestJSON:setUpClass): 200 GET http://10.180.1.21/compute/v2.1/servers/8edf5952-6a1e-47ce-a5e8-42652290418b 0.271s
2025-04-15 13:59:36.599 69998 INFO tempest.lib.common.rest_client [req-9fac85d1-b18d-40d9-869c-fe19f3d8618e req-9fac85d1-b18d-40d9-869c-fe19f3d8618e ] Request (ServersTestJSON:setUpClass): 200 GET http://10.180.1.21/compute/v2.1/servers/e653fc20-13d7-466a-bb91-1ae2cd58d469 0.249s
2025-04-15 13:59:36.622 69996 INFO tempest.lib.common.rest_client [req-bb1043e0-77b5-458e-a125-2411f1812829 req-bb1043e0-77b5-458e-a125-2411f1812829 ] Request (ServersAdminNegativeTestJSON:_run_cleanups): 200 GET http://10.180.1.21/compute/v2.1/flavors/detail 0.206s
2025-04-15 13:59:36.633 70042 INFO tempest.lib.common.rest_client [req-654ecf01-cdba-4e95-811a-0928771954f3 req-654ecf01-cdba-4e95-811a-0928771954f3 ] Request (ServerDiagnosticsNegativeTest:test_get_server_diagnostics_by_non_admin): 200 GET http://10.180.1.21/compute/v2.1/servers/08cd5ef2-6f22-4ac0-ab03-0aa1efca3fef 0.242s
2025-04-15 13:59:36.633 70044 INFO tempest.lib.common.rest_client [req-ac8c83d6-d0c7-4b04-a123-df12cc60f997 req-ac8c83d6-d0c7-4b04-a123-df12cc60f997 ] Request (KeyPairsV22TestJSON:test_keypairsv22_create_list_show_with_type): 200 GET http://10.180.1.21/compute/v2.1/os-keypairs/tempest-keypair-114704964 0.208s
2025-04-15 13:59:36.695 70031 INFO tempest.lib.common.rest_client [req-f50b8ec1-025d-4e68-a252-c37aead07938 req-f50b8ec1-025d-4e68-a252-c37aead07938 ] Request (ImagesOneServerTestJSON:setUpClass): 200 GET http://10.180.1.21/compute/v2.1/servers/9d8fbc04-27aa-49c1-902b-bfc2a2454aaa 0.252s
2025-04-15 13:59:36.753 70010 INFO tempest.lib.common.rest_client [req-9ebf30ef-07f3-483c-b8ef-3aa00a1cbbb9 req-9ebf30ef-07f3-483c-b8ef-3aa00a1cbbb9 ] Request (ListImageFiltersTestJSON:setUpClass): 200 GET http://10.180.1.21/compute/v2.1/images/386b2a68-4621-4442-b826-2539234394c0 0.224s
2025-04-15 13:59:36.811 70012 INFO tempest.lib.common.rest_client [req-42996f0b-8c3b-4dd9-8d7b-553128d0c16f req-42996f0b-8c3b-4dd9-8d7b-553128d0c16f ] Request (DeleteServersAdminTestJSON:test_delete_server_while_in_error_state): 200 GET http://10.180.1.21/compute/v2.1/servers/67d7422a-2bfc-4c6d-a1c5-e9c88420cccb 0.303s
2025-04-15 13:59:36.882 70032 INFO tempest.lib.common.rest_client [req-f8a7391b-2d53-4264-8fcf-a09e1df00c52 req-f8a7391b-2d53-4264-8fcf-a09e1df00c52 ] Request (ServersAdmin275Test:test_rebuild_update_server_275): 200 GET http://10.180.1.21/compute/v2.1/servers/2c7890f4-59f6-464b-9c0c-a482f76b7099 0.286s
2025-04-15 13:59:36.926 70048 INFO tempest.lib.common.rest_client [req-43b35bc2-4e4d-48b6-8eca-e642ac0e49b0 req-43b35bc2-4e4d-48b6-8eca-e642ac0e49b0 ] Request (ServersTestBootFromVolume:setUpClass): 200 GET http://10.180.1.21/compute/v2.1/servers/97cc7695-2be2-47d5-bf0e-700ded8c7033 0.365s
2025-04-15 13:59:36.949 70024 INFO tempest.lib.common.rest_client [req-389709d0-ae6c-4f07-9e03-11a2ef47ed2a req-389709d0-ae6c-4f07-9e03-11a2ef47ed2a ] Request (ServersAdminTestJSON:test_inject_network_info): 200 GET http://10.180.1.21/compute/v2.1/servers/a41ea9fe-c192-49f1-aea0-0df98dcb68f7 0.321s
2025-04-15 13:59:36.961 70044 INFO tempest.lib.common.rest_client [req-0fe1ea7a-2f5a-4716-891b-f71b407a2abf req-0fe1ea7a-2f5a-4716-891b-f71b407a2abf ] Request (KeyPairsV22TestJSON:test_keypairsv22_create_list_show_with_type): 200 GET http://10.180.1.21/compute/v2.1/os-keypairs 0.325s
2025-04-15 13:59:36.967 69996 INFO tempest.lib.common.rest_client [req-2a4bd8c7-4777-4343-b4b1-ad8369be40af req-2a4bd8c7-4777-4343-b4b1-ad8369be40af ] Request (ServersAdminNegativeTestJSON:test_restore_server_invalid_state): 409 POST http://10.180.1.21/compute/v2.1/servers/de579152-a4f4-474e-9dd7-12a419ffd905/action 0.339s
2025-04-15 13:59:37.067 70012 INFO tempest.lib.common.rest_client [req-849f1b11-5490-4023-a8ec-a2b3808a50af req-849f1b11-5490-4023-a8ec-a2b3808a50af ] Request (DeleteServersAdminTestJSON:test_delete_server_while_in_error_state): 204 DELETE http://10.180.1.21/compute/v2.1/servers/67d7422a-2bfc-4c6d-a1c5-e9c88420cccb 0.246s
2025-04-15 13:59:37.079 70004 INFO tempest.lib.common.rest_client [req-1cd033a0-b251-44c6-8777-322d0a72c748 req-1cd033a0-b251-44c6-8777-322d0a72c748 ] Request (MigrationsAdminTest:test_list_migrations_in_flavor_resize_situation): 200 GET http://10.180.1.21/compute/v2.1/servers/01ca7a98-3897-4e1a-8ec3-f70f476afd7d 0.300s
2025-04-15 13:59:37.097 70044 INFO tempest.lib.common.rest_client [req-968a1b95-8732-4689-979e-bde5c2946d5b req-968a1b95-8732-4689-979e-bde5c2946d5b ] Request (KeyPairsV22TestJSON:_run_cleanups): 204 DELETE http://10.180.1.21/compute/v2.1/os-keypairs/tempest-keypair-114704964 0.134s
2025-04-15 13:59:37.141 70028 INFO tempest.lib.common.rest_client [req-6dfd19f4-2f02-4ff5-b0dd-f2804b16c1cc req-6dfd19f4-2f02-4ff5-b0dd-f2804b16c1cc ] Request (ImagesOneServerNegativeTestJSON:_run_cleanups): 200 GET http://10.180.1.21/compute/v2.1/servers/a1d751ce-da7c-44dc-ae14-c752a6ee23ed 0.282s
2025-04-15 13:59:37.179 69996 INFO tempest.lib.common.rest_client [req-5f623fb7-d758-4d56-8987-a5452e7b46bc req-5f623fb7-d758-4d56-8987-a5452e7b46bc ] Request (ServersAdminNegativeTestJSON:tearDownClass): 204 DELETE http://10.180.1.21/compute/v2.1/servers/4e5ca74f-b105-4a93-8c73-3949b6177ef3 0.209s
2025-04-15 13:59:37.232 70044 INFO tempest.lib.common.rest_client [req-a0bf19d8-f091-472f-b844-992b9812ebb5 req-a0bf19d8-f091-472f-b844-992b9812ebb5 ] Request (KeyPairsV22TestJSON:tearDownClass): 204 DELETE http://10.180.1.21/identity/v3/users/f321427edd6d4a78837585b248f7a58e 0.132s
2025-04-15 13:59:37.233 70044 INFO tempest.lib.common.dynamic_creds [-] Deleting project and security group for project: b7073b53e0d64a15b63351acd6c4ab79
2025-04-15 13:59:37.244 70054 INFO tempest.lib.common.rest_client [req-50b658ad-51ee-46bc-9567-641af93f1367 req-50b658ad-51ee-46bc-9567-641af93f1367 ] Request (ImagesNegativeTestJSON:test_create_image_from_deleted_server): 200 GET http://10.180.1.21/compute/v2.1/servers/928ab915-fe86-4081-af20-f2f71b06c0f9 0.253s
2025-04-15 13:59:37.267 70006 INFO tempest.lib.common.rest_client [req-dee3d4ec-70b4-4344-9f8b-4e02d0049c46 req-dee3d4ec-70b4-4344-9f8b-4e02d0049c46 ] Request (AttachInterfacesUnderV243Test:test_add_remove_fixed_ip): 200 GET http://10.180.1.21/compute/v2.1/servers/b0e3f4d4-06eb-4fbb-96c9-2868b6c53648 0.287s
2025-04-15 13:59:37.300 70020 INFO tempest.lib.common.rest_client [req-770c5f06-c4bb-4ba0-b225-ea8e612d13a0 req-770c5f06-c4bb-4ba0-b225-ea8e612d13a0 ] Request (ImagesTestJSON:test_create_image_from_suspended_server): 200 GET http://10.180.1.21/compute/v2.1/servers/2fa64533-4b34-4ba4-a3f9-5ef3c2f4e986 0.267s
2025-04-15 13:59:37.319 70044 INFO tempest.lib.common.rest_client [req-d77c9f76-7cec-4e1a-99d0-c7e0905c26af req-d77c9f76-7cec-4e1a-99d0-c7e0905c26af ] Request (KeyPairsV22TestJSON:tearDownClass): 201 POST http://10.180.1.21/identity/v3/auth/tokens 0.086s
2025-04-15 13:59:37.373 70022 INFO tempest.lib.common.rest_client [req-66af58f5-693f-41ba-81f4-dbc14118a4db req-66af58f5-693f-41ba-81f4-dbc14118a4db ] Request (AttachInterfacesTestJSON:test_create_list_show_delete_interfaces_by_fixed_ip): 200 GET http://10.180.1.21/compute/v2.1/servers/ad258087-2025-4e22-9f0c-d2776440d59c 0.326s
2025-04-15 13:59:37.381 70022 INFO tempest.common.waiters [-] State transition "BUILD/networking" ==> "BUILD/block_device_mapping" after 43 second wait
2025-04-15 13:59:37.426 70008 INFO tempest.lib.common.rest_client [req-464cad39-5da7-4582-b504-0d4084aa9550 req-464cad39-5da7-4582-b504-0d4084aa9550 ] Request (ListServersNegativeTestJSON:setUpClass): 200 GET http://10.180.1.21/compute/v2.1/servers/1edc3775-9f29-4274-9838-22c752c290f4 0.339s
2025-04-15 13:59:37.440 70012 INFO tempest.lib.common.rest_client [req-e24f2875-ec4e-4410-a67e-0d40842d095e req-e24f2875-ec4e-4410-a67e-0d40842d095e ] Request (DeleteServersAdminTestJSON:test_delete_server_while_in_error_state): 200 GET http://10.180.1.21/compute/v2.1/servers/67d7422a-2bfc-4c6d-a1c5-e9c88420cccb 0.371s
2025-04-15 13:59:37.476 70002 INFO tempest.lib.common.rest_client [req-b6b9aec7-9384-4802-ad10-b935eb5bfc4e req-b6b9aec7-9384-4802-ad10-b935eb5bfc4e ] Request (InstanceActionsNegativeTestJSON:setUpClass): 200 GET http://10.180.1.21/compute/v2.1/servers/b6752a8d-7e8b-4df0-9ef9-50dbfc944f84 0.364s
2025-04-15 13:59:37.504 70058 INFO tempest.lib.common.rest_client [req-7e966ce8-2d08-46cc-9bfc-606f9b3c1a28 req-7e966ce8-2d08-46cc-9bfc-606f9b3c1a28 ] Request (SecurityGroupsTestJSON:test_server_security_groups): 200 GET http://10.180.1.21/compute/v2.1/servers/478c8253-7572-450d-a56e-a7867bbea23b 0.355s
2025-04-15 13:59:37.530 70044 INFO tempest.lib.common.rest_client [req-e5b86680-e88f-4567-b674-fa54871fa716 req-e5b86680-e88f-4567-b674-fa54871fa716 ] Request (KeyPairsV22TestJSON:tearDownClass): 200 GET http://10.180.1.21:9696/networking/v2.0/security-groups?tenant_id=b7073b53e0d64a15b63351acd6c4ab79&name=default 0.211s
2025-04-15 13:59:37.568 70014 INFO tempest.lib.common.rest_client [req-1fd759c6-d650-4715-9c1a-2c3f945c12c2 req-1fd759c6-d650-4715-9c1a-2c3f945c12c2 ] Request (ServerRescueTestJSON:setUpClass): 200 GET http://10.180.1.21/compute/v2.1/servers/7e7b61a0-f7dd-42fa-9b40-3e2e31c3d4f7 0.363s
2025-04-15 13:59:37.578 69996 INFO tempest.lib.common.rest_client [req-6db32108-d881-4839-a6ea-164d24734696 req-6db32108-d881-4839-a6ea-164d24734696 ] Request (ServersAdminNegativeTestJSON:tearDownClass): 200 GET http://10.180.1.21/compute/v2.1/servers/4e5ca74f-b105-4a93-8c73-3949b6177ef3 0.398s
2025-04-15 13:59:37.640 70050 INFO tempest.lib.common.rest_client [req-392806fd-d8c0-42d8-ae0b-56a1455e8a65 req-392806fd-d8c0-42d8-ae0b-56a1455e8a65 ] Request (ServerDiagnosticsV248Test:test_get_server_diagnostics): 200 GET http://10.180.1.21/compute/v2.1/servers/8eb77299-d73b-45a5-b02b-5200bc38b6c6 0.379s
2025-04-15 13:59:37.641 70040 INFO tempest.lib.common.rest_client [req-d9f0c98d-577c-45af-8675-01487cf32aca req-d9f0c98d-577c-45af-8675-01487cf32aca ] Request (ServerDiskConfigTestJSON:test_rebuild_server_with_manual_disk_config): 200 GET http://10.180.1.21/compute/v2.1/servers/29985cf3-76f7-48d6-b2a6-7338931186f6 0.336s
2025-04-15 13:59:37.658 70044 INFO tempest.lib.common.rest_client [req-f743b14e-2f00-4824-9908-aef907c6195f req-f743b14e-2f00-4824-9908-aef907c6195f ] Request (KeyPairsV22TestJSON:tearDownClass): 204 DELETE http://10.180.1.21:9696/networking/v2.0/security-groups/c1484d29-e739-48e9-a1e1-ee9049462b45 0.127s
2025-04-15 13:59:37.698 70018 INFO tempest.lib.common.rest_client [req-17ff1ce0-e5bc-4d7b-b4b2-1c826476d53e req-17ff1ce0-e5bc-4d7b-b4b2-1c826476d53e ] Request (ServerAddressesTestJSON:setUpClass): 200 GET http://10.180.1.21/compute/v2.1/servers/c3d915d6-b146-43e1-946d-289fbb5e6496 0.290s
2025-04-15 13:59:37.706 70056 INFO tempest.lib.common.rest_client [req-f0c66477-3738-4229-ac87-6006c536e147 req-f0c66477-3738-4229-ac87-6006c536e147 ] Request (FloatingIPsAssociationNegativeTestJSON:tearDownClass): 200 GET http://10.180.1.21/compute/v2.1/servers/95e0c925-8147-426d-9383-67c516a9d3ee 0.348s
2025-04-15 13:59:37.763 70044 INFO tempest.lib.common.rest_client [req-6a4ce726-2079-41cf-a682-003fbfa1cb78 req-6a4ce726-2079-41cf-a682-003fbfa1cb78 ] Request (KeyPairsV22TestJSON:tearDownClass): 204 DELETE http://10.180.1.21/identity/v3/projects/b7073b53e0d64a15b63351acd6c4ab79 0.104s
2025-04-15 13:59:37.766 70026 INFO tempest.lib.common.rest_client [req-a1bda686-1749-4846-b33b-fefb0edafca3 req-a1bda686-1749-4846-b33b-fefb0edafca3 ] Request (MultipleCreateTestJSON:test_multiple_create): 200 GET http://10.180.1.21/compute/v2.1/servers/92838e96-a467-4e54-8d7b-e5c956d60338 0.289s
2025-04-15 13:59:37.785 70052 INFO tempest.lib.common.rest_client [req-813f2188-917d-40a5-8013-03a8ee0ab20e req-813f2188-917d-40a5-8013-03a8ee0ab20e ] Request (DeleteServersTestJSON:test_delete_active_server): 200 GET http://10.180.1.21/compute/v2.1/servers/f82d27cb-16ae-4dcc-b535-278b6ecf62a7 0.245s
2025-04-15 13:59:37.829 70046 WARNING tempest.lib.common.ssh [-] Failed to establish authenticated ssh connection to cirros@10.180.180.251 ([Errno None] Unable to connect to port 22 on 10.180.180.251). Number attempts: 6. Retry after 7 seconds.: paramiko.ssh_exception.NoValidConnectionsError: [Errno None] Unable to connect to port 22 on 10.180.180.251
2025-04-15 13:59:37.844 70016 INFO tempest.lib.common.rest_client [req-ebe55b88-ac42-4492-8aec-e1d892d6b478 req-ebe55b88-ac42-4492-8aec-e1d892d6b478 ] Request (ServerTagsTestJSON:setUpClass): 200 GET http://10.180.1.21/compute/v2.1/servers/8edf5952-6a1e-47ce-a5e8-42652290418b 0.255s
2025-04-15 13:59:37.846 69998 INFO tempest.lib.common.rest_client [req-110d47ab-1484-463f-b19b-825375969f49 req-110d47ab-1484-463f-b19b-825375969f49 ] Request (ServersTestJSON:setUpClass): 200 GET http://10.180.1.21/compute/v2.1/servers/e653fc20-13d7-466a-bb91-1ae2cd58d469 0.238s
2025-04-15 13:59:37.882 70044 INFO tempest.lib.common.rest_client [req-c6139186-7f7a-431b-8509-4488d8b555db req-c6139186-7f7a-431b-8509-4488d8b555db ] Request (ServersListShow2100Test:setUpClass): 201 POST http://10.180.1.21/identity/v3/auth/tokens 0.117s
2025-04-15 13:59:37.903 70031 INFO tempest.lib.common.rest_client [req-0d7e5a3a-fa17-4e1e-aee1-d9c6d7529fdb req-0d7e5a3a-fa17-4e1e-aee1-d9c6d7529fdb ] Request (ImagesOneServerTestJSON:setUpClass): 200 GET http://10.180.1.21/compute/v2.1/servers/9d8fbc04-27aa-49c1-902b-bfc2a2454aaa 0.200s
2025-04-15 13:59:37.909 70042 INFO tempest.lib.common.rest_client [req-52881009-6df7-49f5-b346-501bc947d57e req-52881009-6df7-49f5-b346-501bc947d57e ] Request (ServerDiagnosticsNegativeTest:test_get_server_diagnostics_by_non_admin): 200 GET http://10.180.1.21/compute/v2.1/servers/08cd5ef2-6f22-4ac0-ab03-0aa1efca3fef 0.263s
2025-04-15 13:59:37.921 70044 INFO tempest.lib.common.rest_client [req-079e5ee3-0c9c-488a-902a-bbaad8e5a381 req-079e5ee3-0c9c-488a-902a-bbaad8e5a381 ] Request (ServersListShow2100Test:setUpClass): 201 POST http://10.180.1.21/identity/v3/auth/tokens 0.035s
2025-04-15 13:59:37.946 70010 INFO tempest.lib.common.rest_client [req-f78ec894-874d-44ea-a0fb-57105565e93c req-f78ec894-874d-44ea-a0fb-57105565e93c ] Request (ListImageFiltersTestJSON:setUpClass): 200 GET http://10.180.1.21/compute/v2.1/images/386b2a68-4621-4442-b826-2539234394c0 0.188s
2025-04-15 13:59:37.959 70044 INFO tempest.lib.common.rest_client [req-67bd16ac-7425-4cd2-a1bb-df548d6d885f req-67bd16ac-7425-4cd2-a1bb-df548d6d885f ] Request (ServersListShow2100Test:setUpClass): 200 GET http://10.180.1.21/identity/v3/domains?name=Default 0.038s
2025-04-15 13:59:37.978 70032 INFO tempest.lib.common.rest_client [req-21ac1bcd-c2a0-4dca-8d59-3b41b9d0f3a4 req-21ac1bcd-c2a0-4dca-8d59-3b41b9d0f3a4 ] Request (ServersAdmin275Test:test_rebuild_update_server_275): 200 GET http://10.180.1.21/compute/v2.1/servers/2c7890f4-59f6-464b-9c0c-a482f76b7099 0.084s
2025-04-15 13:59:37.994 70044 INFO tempest.lib.common.rest_client [req-3dedea8b-2a7e-49ca-b475-05381b80a355 req-3dedea8b-2a7e-49ca-b475-05381b80a355 ] Request (ServersListShow2100Test:setUpClass): 201 POST http://10.180.1.21/identity/v3/projects 0.034s
2025-04-15 13:59:38.035 70024 INFO tempest.lib.common.rest_client [req-d0110c03-a672-4a03-9d7f-8bd801a3976d req-d0110c03-a672-4a03-9d7f-8bd801a3976d ] Request (ServersAdminTestJSON:test_inject_network_info): 200 GET http://10.180.1.21/compute/v2.1/servers/a41ea9fe-c192-49f1-aea0-0df98dcb68f7 0.078s
2025-04-15 13:59:38.065 70044 INFO tempest.lib.common.rest_client [req-d95f6ba1-60f7-44ba-985d-4c056a947071 req-d95f6ba1-60f7-44ba-985d-4c056a947071 ] Request (ServersListShow2100Test:setUpClass): 201 POST http://10.180.1.21/identity/v3/users 0.071s
2025-04-15 13:59:38.076 70048 INFO tempest.lib.common.rest_client [req-682a277a-dae2-4b80-bfda-d0b95e59fc4e req-682a277a-dae2-4b80-bfda-d0b95e59fc4e ] Request (ServersTestBootFromVolume:setUpClass): 200 GET http://10.180.1.21/compute/v2.1/servers/97cc7695-2be2-47d5-bf0e-700ded8c7033 0.138s
2025-04-15 13:59:38.090 70044 INFO tempest.lib.common.rest_client [req-cc12025f-13a7-4723-a455-b9d91cab41a6 req-cc12025f-13a7-4723-a455-b9d91cab41a6 ] Request (ServersListShow2100Test:setUpClass): 200 GET http://10.180.1.21/identity/v3/roles 0.024s
2025-04-15 13:59:38.131 70044 INFO tempest.lib.common.rest_client [req-241edb1b-1203-41df-b1cb-80592062cc76 req-241edb1b-1203-41df-b1cb-80592062cc76 ] Request (ServersListShow2100Test:setUpClass): 204 PUT http://10.180.1.21/identity/v3/projects/edc3e9ff865247dcacc3b3c54d97058b/users/a2fa2c99aac34086bf946e4a2d171618/roles/0f44c9ff837f43259ec203b3b1347fd8 0.040s
2025-04-15 13:59:38.131 70044 INFO tempest.lib.common.dynamic_creds [-] Dynamic test user a2fa2c99aac34086bf946e4a2d171618 is created with scope project and roles: ['member']
2025-04-15 13:59:38.131 70044 INFO tempest.lib.common.dynamic_creds [-] Acquired dynamic creds: credentials: Credentials: {'domain_id': 'default', 'domain_name': 'Default', 'username': 'tempest-ServersListShow2100Test-1236727846-project-member', 'project_domain_id': 'default', 'project_domain_name': 'Default', 'project_id': 'edc3e9ff865247dcacc3b3c54d97058b', 'project_name': 'tempest-ServersListShow2100Test-1236727846', 'tenant_id': 'edc3e9ff865247dcacc3b3c54d97058b', 'tenant_name': 'tempest-ServersListShow2100Test-1236727846', 'user_domain_id': 'default', 'user_domain_name': 'Default', 'user_id': 'a2fa2c99aac34086bf946e4a2d171618', 'system': None}, Network: None, Subnet: None, Router: None
2025-04-15 13:59:38.131 70044 INFO tempest.lib.common.dynamic_creds [-] Created isolated network resources for: credentials: Credentials: {'domain_id': 'default', 'domain_name': 'Default', 'username': 'tempest-ServersListShow2100Test-1236727846-project-member', 'project_domain_id': 'default', 'project_domain_name': 'Default', 'project_id': 'edc3e9ff865247dcacc3b3c54d97058b', 'project_name': 'tempest-ServersListShow2100Test-1236727846', 'tenant_id': 'edc3e9ff865247dcacc3b3c54d97058b', 'tenant_name': 'tempest-ServersListShow2100Test-1236727846', 'user_domain_id': 'default', 'user_domain_name': 'Default', 'user_id': 'a2fa2c99aac34086bf946e4a2d171618', 'system': None}, Network: None, Subnet: None, Router: None
2025-04-15 13:59:38.199 70004 INFO tempest.lib.common.rest_client [req-7f165080-5ebb-4bcb-aec7-075e0c44df28 req-7f165080-5ebb-4bcb-aec7-075e0c44df28 ] Request (MigrationsAdminTest:test_list_migrations_in_flavor_resize_situation): 200 GET http://10.180.1.21/compute/v2.1/servers/01ca7a98-3897-4e1a-8ec3-f70f476afd7d 0.110s
2025-04-15 13:59:38.213 70044 INFO tempest.lib.common.rest_client [req-874a82f0-e1b9-44f3-b41d-daecd40e9d64 req-874a82f0-e1b9-44f3-b41d-daecd40e9d64 ] Request (ServersListShow2100Test:setUpClass): 201 POST http://10.180.1.21/identity/v3/auth/tokens 0.078s
2025-04-15 13:59:38.223 70028 INFO tempest.lib.common.rest_client [req-b00ec0dd-1a5f-4cf3-ae3b-a41df9397f78 req-b00ec0dd-1a5f-4cf3-ae3b-a41df9397f78 ] Request (ImagesOneServerNegativeTestJSON:_run_cleanups): 200 GET http://10.180.1.21/compute/v2.1/servers/a1d751ce-da7c-44dc-ae14-c752a6ee23ed 0.072s
2025-04-15 13:59:38.248 70044 INFO tempest.lib.common.rest_client [req-3d9a6e05-50ac-4ae2-a32d-0da60ad27a3c req-3d9a6e05-50ac-4ae2-a32d-0da60ad27a3c ] Request (ServersListShow2100Test:test_list_show_rebuild_update_server_2100): 201 POST http://10.180.1.21/identity/v3/auth/tokens 0.030s
2025-04-15 13:59:38.248 70044 INFO tempest.lib.common.fixed_network [-] (ServersListShow2100Test:test_list_show_rebuild_update_server_2100) Found network None available for tenant
2025-04-15 13:59:38.316 70054 INFO tempest.lib.common.rest_client [req-cae937d4-0e11-4c3e-a2fd-11462942618b req-cae937d4-0e11-4c3e-a2fd-11462942618b ] Request (ImagesNegativeTestJSON:test_create_image_from_deleted_server): 200 GET http://10.180.1.21/compute/v2.1/servers/928ab915-fe86-4081-af20-f2f71b06c0f9 0.061s
2025-04-15 13:59:38.444 70044 INFO tempest.lib.common.rest_client [req-216ae02f-ab99-4b53-ac0e-70dab8d63a47 req-216ae02f-ab99-4b53-ac0e-70dab8d63a47 ] Request (ServersListShow2100Test:test_list_show_rebuild_update_server_2100): 202 POST http://10.180.1.21/compute/v2.1/servers 0.195s
2025-04-15 13:59:38.452 70006 INFO tempest.lib.common.rest_client [req-01739d69-ee7d-4944-8608-c84ec66404e3 req-01739d69-ee7d-4944-8608-c84ec66404e3 ] Request (AttachInterfacesUnderV243Test:test_add_remove_fixed_ip): 200 GET http://10.180.1.21/compute/v2.1/servers/b0e3f4d4-06eb-4fbb-96c9-2868b6c53648 0.177s
2025-04-15 13:59:38.509 70020 INFO tempest.lib.common.rest_client [req-fe6575d5-6d14-4da5-a1ef-582412d31c9a req-fe6575d5-6d14-4da5-a1ef-582412d31c9a ] Request (ImagesTestJSON:test_create_image_from_suspended_server): 200 GET http://10.180.1.21/compute/v2.1/servers/2fa64533-4b34-4ba4-a3f9-5ef3c2f4e986 0.199s
2025-04-15 13:59:38.607 70022 INFO tempest.lib.common.rest_client [req-9c817093-046d-4804-ae81-dab1a1fa0bd2 req-9c817093-046d-4804-ae81-dab1a1fa0bd2 ] Request (AttachInterfacesTestJSON:test_create_list_show_delete_interfaces_by_fixed_ip): 200 GET http://10.180.1.21/compute/v2.1/servers/ad258087-2025-4e22-9f0c-d2776440d59c 0.224s
2025-04-15 13:59:38.616 70022 INFO tempest.common.waiters [-] State transition "BUILD/block_device_mapping" ==> "BUILD/spawning" after 44 second wait
2025-04-15 13:59:38.616 70008 INFO tempest.lib.common.rest_client [req-72246a8b-8963-45fd-80cf-ed8bb51a3b24 req-72246a8b-8963-45fd-80cf-ed8bb51a3b24 ] Request (ListServersNegativeTestJSON:setUpClass): 200 GET http://10.180.1.21/compute/v2.1/servers/1edc3775-9f29-4274-9838-22c752c290f4 0.182s
2025-04-15 13:59:38.669 70044 INFO tempest.lib.common.rest_client [req-8bb361fe-2ac5-401e-863a-c4c99cb300c3 req-8bb361fe-2ac5-401e-863a-c4c99cb300c3 ] Request (ServersListShow2100Test:test_list_show_rebuild_update_server_2100): 200 GET http://10.180.1.21/compute/v2.1/servers/589b4e68-0f68-4d15-9679-b21aa1a0ccf9 0.223s
2025-04-15 13:59:38.721 70002 INFO tempest.lib.common.rest_client [req-9478f59e-cddb-40e3-a04a-6746d5d3f844 req-9478f59e-cddb-40e3-a04a-6746d5d3f844 ] Request (InstanceActionsNegativeTestJSON:setUpClass): 200 GET http://10.180.1.21/compute/v2.1/servers/b6752a8d-7e8b-4df0-9ef9-50dbfc944f84 0.237s
2025-04-15 13:59:38.731 70012 INFO tempest.lib.common.rest_client [req-21d51e43-906c-4709-a0fb-99909d470051 req-21d51e43-906c-4709-a0fb-99909d470051 ] Request (DeleteServersAdminTestJSON:test_delete_server_while_in_error_state): 200 GET http://10.180.1.21/compute/v2.1/servers/67d7422a-2bfc-4c6d-a1c5-e9c88420cccb 0.282s
2025-04-15 13:59:38.781 70058 INFO tempest.lib.common.rest_client [req-36d5e10a-4774-497c-b65b-cff5a4739f3c req-36d5e10a-4774-497c-b65b-cff5a4739f3c ] Request (SecurityGroupsTestJSON:test_server_security_groups): 200 GET http://10.180.1.21/compute/v2.1/servers/478c8253-7572-450d-a56e-a7867bbea23b 0.266s
2025-04-15 13:59:38.794 70014 INFO tempest.lib.common.rest_client [req-027bae35-4930-4157-98f7-96a7d4f89392 req-027bae35-4930-4157-98f7-96a7d4f89392 ] Request (ServerRescueTestJSON:setUpClass): 200 GET http://10.180.1.21/compute/v2.1/servers/7e7b61a0-f7dd-42fa-9b40-3e2e31c3d4f7 0.208s
2025-04-15 13:59:38.852 70040 INFO tempest.lib.common.rest_client [req-43332ff5-e7b8-4570-8343-cd3aacc709cd req-43332ff5-e7b8-4570-8343-cd3aacc709cd ] Request (ServerDiskConfigTestJSON:test_rebuild_server_with_manual_disk_config): 200 GET http://10.180.1.21/compute/v2.1/servers/29985cf3-76f7-48d6-b2a6-7338931186f6 0.201s
2025-04-15 13:59:38.907 69996 INFO tempest.lib.common.rest_client [req-f71fce8e-5b2c-40be-83e2-9e40bbc15d97 req-f71fce8e-5b2c-40be-83e2-9e40bbc15d97 ] Request (ServersAdminNegativeTestJSON:tearDownClass): 200 GET http://10.180.1.21/compute/v2.1/servers/4e5ca74f-b105-4a93-8c73-3949b6177ef3 0.319s
2025-04-15 13:59:38.908 70050 INFO tempest.lib.common.rest_client [req-d3e61f16-2f0d-44d9-a5f2-efdbfc0ab2fc req-d3e61f16-2f0d-44d9-a5f2-efdbfc0ab2fc ] Request (ServerDiagnosticsV248Test:test_get_server_diagnostics): 200 GET http://10.180.1.21/compute/v2.1/servers/8eb77299-d73b-45a5-b02b-5200bc38b6c6 0.255s
2025-04-15 13:59:38.928 70056 INFO tempest.lib.common.rest_client [req-99ecadd4-56b5-4656-b99e-8fb879a10fb3 req-99ecadd4-56b5-4656-b99e-8fb879a10fb3 ] Request (FloatingIPsAssociationNegativeTestJSON:tearDownClass): 404 GET http://10.180.1.21/compute/v2.1/servers/95e0c925-8147-426d-9383-67c516a9d3ee 0.212s
2025-04-15 13:59:38.957 70018 INFO tempest.lib.common.rest_client [req-0c1c7af5-c07a-4299-93a1-d31348543753 req-0c1c7af5-c07a-4299-93a1-d31348543753 ] Request (ServerAddressesTestJSON:setUpClass): 200 GET http://10.180.1.21/compute/v2.1/servers/c3d915d6-b146-43e1-946d-289fbb5e6496 0.243s
2025-04-15 13:59:38.991 70026 INFO tempest.lib.common.rest_client [req-81da0a36-9c31-4ab2-8071-2f37d49713a3 req-81da0a36-9c31-4ab2-8071-2f37d49713a3 ] Request (MultipleCreateTestJSON:test_multiple_create): 200 GET http://10.180.1.21/compute/v2.1/servers/92838e96-a467-4e54-8d7b-e5c956d60338 0.211s
2025-04-15 13:59:39.023 70052 INFO tempest.lib.common.rest_client [req-8f0755e7-1964-4c80-aa34-66c04e3f560a req-8f0755e7-1964-4c80-aa34-66c04e3f560a ] Request (DeleteServersTestJSON:test_delete_active_server): 200 GET http://10.180.1.21/compute/v2.1/servers/f82d27cb-16ae-4dcc-b535-278b6ecf62a7 0.229s
2025-04-15 13:59:39.067 70016 INFO tempest.lib.common.rest_client [req-b3f2146a-da7e-487f-b94d-2977ce75df95 req-b3f2146a-da7e-487f-b94d-2977ce75df95 ] Request (ServerTagsTestJSON:setUpClass): 200 GET http://10.180.1.21/compute/v2.1/servers/8edf5952-6a1e-47ce-a5e8-42652290418b 0.209s
2025-04-15 13:59:39.077 69998 INFO tempest.lib.common.rest_client [req-d753f7de-c61f-40d3-95fd-83f9e2da97b4 req-d753f7de-c61f-40d3-95fd-83f9e2da97b4 ] Request (ServersTestJSON:setUpClass): 200 GET http://10.180.1.21/compute/v2.1/servers/e653fc20-13d7-466a-bb91-1ae2cd58d469 0.218s
2025-04-15 13:59:39.124 70042 INFO tempest.lib.common.rest_client [req-175c18ba-92f4-4188-b8b1-cd12042f5a79 req-175c18ba-92f4-4188-b8b1-cd12042f5a79 ] Request (ServerDiagnosticsNegativeTest:test_get_server_diagnostics_by_non_admin): 200 GET http://10.180.1.21/compute/v2.1/servers/08cd5ef2-6f22-4ac0-ab03-0aa1efca3fef 0.203s
2025-04-15 13:59:39.126 70031 INFO tempest.lib.common.rest_client [req-79b068a3-5f7b-4496-a427-4ecf10b909e7 req-79b068a3-5f7b-4496-a427-4ecf10b909e7 ] Request (ImagesOneServerTestJSON:setUpClass): 200 GET http://10.180.1.21/compute/v2.1/servers/9d8fbc04-27aa-49c1-902b-bfc2a2454aaa 0.213s
2025-04-15 13:59:39.157 70010 INFO tempest.lib.common.rest_client [req-f517dd1f-5109-4ca2-920d-1bc9b615c336 req-f517dd1f-5109-4ca2-920d-1bc9b615c336 ] Request (ListImageFiltersTestJSON:setUpClass): 200 GET http://10.180.1.21/compute/v2.1/images/386b2a68-4621-4442-b826-2539234394c0 0.206s
2025-04-15 13:59:39.184 70032 INFO tempest.lib.common.rest_client [req-f50cf392-472c-47e0-88d7-d19759c10ef0 req-f50cf392-472c-47e0-88d7-d19759c10ef0 ] Request (ServersAdmin275Test:test_rebuild_update_server_275): 200 GET http://10.180.1.21/compute/v2.1/servers/2c7890f4-59f6-464b-9c0c-a482f76b7099 0.194s
2025-04-15 13:59:39.207 70024 INFO tempest.lib.common.rest_client [req-1214a01a-7d1a-4b55-af75-8b45c85dc8fc req-1214a01a-7d1a-4b55-af75-8b45c85dc8fc ] Request (ServersAdminTestJSON:test_inject_network_info): 200 GET http://10.180.1.21/compute/v2.1/servers/a41ea9fe-c192-49f1-aea0-0df98dcb68f7 0.158s
