2025-04-15 13:58:18.269 70018 INFO tempest.lib.common.rest_client [req-363ddef4-4300-42e1-8a55-ebbc7c8918ef req-363ddef4-4300-42e1-8a55-ebbc7c8918ef ] Request (FlavorsV261TestJSON:test_crud_flavor): 200 GET http://10.180.1.21/compute/v2.1/flavors/161720570 1.703s
2025-04-15 13:58:18.272 70008 INFO tempest.lib.common.rest_client [req-2fa7a38d-384f-4581-a14b-6c8c37bad4ca req-2fa7a38d-384f-4581-a14b-6c8c37bad4ca ] Request (KeyPairsV210TestJSON:tearDownClass): 200 GET http://10.180.1.21:9696/networking/v2.0/security-groups?tenant_id=23c4ab68d5da43c0b1851e262c414d67&name=default 0.496s
2025-04-15 13:58:18.295 70052 INFO tempest.lib.common.rest_client [req-8dbbd0dc-60ca-41fb-9585-4c84723643df req-8dbbd0dc-60ca-41fb-9585-4c84723643df ] Request (ListImageFiltersNegativeTestJSON:setUpClass): 200 GET http://10.180.1.21/identity/v3/domains?name=Default 0.148s
2025-04-15 13:58:18.316 70058 INFO tempest.lib.common.rest_client [req-43976a78-58f5-45bc-b174-f956cc9eae0d req-43976a78-58f5-45bc-b174-f956cc9eae0d ] Request (SecurityGroupsTestJSON:setUpClass): 201 POST http://10.180.1.21/identity/v3/users 0.079s
2025-04-15 13:58:18.350 70052 INFO tempest.lib.common.rest_client [req-ece7afed-b184-4368-b1ae-95d05da5c8a8 req-ece7afed-b184-4368-b1ae-95d05da5c8a8 ] Request (ListImageFiltersNegativeTestJSON:setUpClass): 201 POST http://10.180.1.21/identity/v3/projects 0.054s
2025-04-15 13:58:18.389 70010 INFO tempest.lib.common.rest_client [req-b4ed1496-b44c-4703-875c-4155bd31a08c req-b4ed1496-b44c-4703-875c-4155bd31a08c ] Request (ListImageFiltersTestJSON:setUpClass): 201 POST http://10.180.1.21/image/v2/images 0.689s
2025-04-15 13:58:18.427 70052 INFO tempest.lib.common.rest_client [req-bf5a737a-7cd1-46e7-8129-3f9994759880 req-bf5a737a-7cd1-46e7-8129-3f9994759880 ] Request (ListImageFiltersNegativeTestJSON:setUpClass): 201 POST http://10.180.1.21/identity/v3/users 0.077s
2025-04-15 13:58:18.453 70052 INFO tempest.lib.common.rest_client [req-b66a5a3c-2474-44b0-ab78-798dd6fad2cf req-b66a5a3c-2474-44b0-ab78-798dd6fad2cf ] Request (ListImageFiltersNegativeTestJSON:setUpClass): 200 GET http://10.180.1.21/identity/v3/roles 0.025s
2025-04-15 13:58:18.458 70058 INFO tempest.lib.common.rest_client [req-75a44bb6-530d-4128-bcb5-6526cc7867ae req-75a44bb6-530d-4128-bcb5-6526cc7867ae ] Request (SecurityGroupsTestJSON:setUpClass): 200 GET http://10.180.1.21/identity/v3/roles 0.140s
2025-04-15 13:58:18.468 70022 INFO tempest.lib.common.rest_client [req-56166aa5-0e9f-47ed-8407-20b3038fa4e0 req-56166aa5-0e9f-47ed-8407-20b3038fa4e0 ] Request (SecurityGroupsTestAdminJSON:test_list_security_groups_list_all_tenants_filter): 200 POST http://10.180.1.21/compute/v2.1/os-security-groups 1.984s
2025-04-15 13:58:18.478 70000 INFO tempest.lib.common.rest_client [req-70095c0c-2c8e-444f-b0e3-45802b0225d4 req-70095c0c-2c8e-444f-b0e3-45802b0225d4 ] Request (QuotasAdminNegativeTest:test_update_quota_normal_user): 403 PUT http://10.180.1.21/compute/v2.1/os-quota-sets/e26bb018314f41dda16ef878ef6240ea 1.524s
2025-04-15 13:58:18.493 70052 INFO tempest.lib.common.rest_client [req-11da1683-4b01-45db-8a3f-bb75aa7ec7fd req-11da1683-4b01-45db-8a3f-bb75aa7ec7fd ] Request (ListImageFiltersNegativeTestJSON:setUpClass): 204 PUT http://10.180.1.21/identity/v3/projects/de1a4a591fe941128d1981b667501c21/users/9b410f55a0e044e8ba24a1b51b8fc09c/roles/0f44c9ff837f43259ec203b3b1347fd8 0.039s
2025-04-15 13:58:18.493 70052 INFO tempest.lib.common.dynamic_creds [-] Dynamic test user 9b410f55a0e044e8ba24a1b51b8fc09c is created with scope project and roles: ['member']
2025-04-15 13:58:18.493 70052 INFO tempest.lib.common.dynamic_creds [-] Acquired dynamic creds: credentials: Credentials: {'domain_id': 'default', 'domain_name': 'Default', 'username': 'tempest-ListImageFiltersNegativeTestJSON-269608533-project-member', 'project_domain_id': 'default', 'project_domain_name': 'Default', 'project_id': 'de1a4a591fe941128d1981b667501c21', 'project_name': 'tempest-ListImageFiltersNegativeTestJSON-269608533', 'tenant_id': 'de1a4a591fe941128d1981b667501c21', 'tenant_name': 'tempest-ListImageFiltersNegativeTestJSON-269608533', 'user_domain_id': 'default', 'user_domain_name': 'Default', 'user_id': '9b410f55a0e044e8ba24a1b51b8fc09c', 'system': None}, Network: None, Subnet: None, Router: None
2025-04-15 13:58:18.493 70052 INFO tempest.lib.common.dynamic_creds [-] Created isolated network resources for: credentials: Credentials: {'domain_id': 'default', 'domain_name': 'Default', 'username': 'tempest-ListImageFiltersNegativeTestJSON-269608533-project-member', 'project_domain_id': 'default', 'project_domain_name': 'Default', 'project_id': 'de1a4a591fe941128d1981b667501c21', 'project_name': 'tempest-ListImageFiltersNegativeTestJSON-269608533', 'tenant_id': 'de1a4a591fe941128d1981b667501c21', 'tenant_name': 'tempest-ListImageFiltersNegativeTestJSON-269608533', 'user_domain_id': 'default', 'user_domain_name': 'Default', 'user_id': '9b410f55a0e044e8ba24a1b51b8fc09c', 'system': None}, Network: None, Subnet: None, Router: None
2025-04-15 13:58:18.507 70012 INFO tempest.lib.common.rest_client [req-66b4cfa5-3b24-4d9a-9b36-e8496bea9c42 req-66b4cfa5-3b24-4d9a-9b36-e8496bea9c42 ] Request (DeleteServersAdminTestJSON:test_admin_delete_servers_of_others): 200 GET http://10.180.1.21/compute/v2.1/servers/8772fb61-210d-406e-958c-75462154ad40 1.703s
2025-04-15 13:58:18.508 70006 INFO tempest.lib.common.rest_client [req-8d31e9bb-a29e-4764-8dad-870cb477cab7 req-8d31e9bb-a29e-4764-8dad-870cb477cab7 ] Request (FlavorsAccessTestJSON:test_flavor_access_list_with_private_flavor): 200 POST http://10.180.1.21/compute/v2.1/flavors 1.519s
2025-04-15 13:58:18.521 70058 INFO tempest.lib.common.rest_client [req-5e73ff1a-60c4-4a21-b8fd-6da0713a4a41 req-5e73ff1a-60c4-4a21-b8fd-6da0713a4a41 ] Request (SecurityGroupsTestJSON:setUpClass): 204 PUT http://10.180.1.21/identity/v3/projects/c3786844d01740a0bf3a4f8e4a775aa7/users/76a5435fb5344ba0b5f7044310684353/roles/0f44c9ff837f43259ec203b3b1347fd8 0.062s
2025-04-15 13:58:18.521 70058 INFO tempest.lib.common.dynamic_creds [-] Dynamic test user 76a5435fb5344ba0b5f7044310684353 is created with scope project and roles: ['member']
2025-04-15 13:58:18.521 70058 INFO tempest.lib.common.dynamic_creds [-] Acquired dynamic creds: credentials: Credentials: {'domain_id': 'default', 'domain_name': 'Default', 'username': 'tempest-SecurityGroupsTestJSON-2045630421-project-member', 'project_domain_id': 'default', 'project_domain_name': 'Default', 'project_id': 'c3786844d01740a0bf3a4f8e4a775aa7', 'project_name': 'tempest-SecurityGroupsTestJSON-2045630421', 'tenant_id': 'c3786844d01740a0bf3a4f8e4a775aa7', 'tenant_name': 'tempest-SecurityGroupsTestJSON-2045630421', 'user_domain_id': 'default', 'user_domain_name': 'Default', 'user_id': '76a5435fb5344ba0b5f7044310684353', 'system': None}, Network: None, Subnet: None, Router: None
2025-04-15 13:58:18.545 70054 INFO tempest.lib.common.rest_client [req-5bd2872b-8a60-4b55-b8b7-52c0080a7b68 req-5bd2872b-8a60-4b55-b8b7-52c0080a7b68 ] Request (HostsAdminTestJSON:test_list_hosts_with_zone): 200 GET http://10.180.1.21/compute/v2.1/os-hosts?zone=internal 1.514s
2025-04-15 13:58:18.564 69998 INFO tempest.lib.common.rest_client [req-e72bedfc-13ff-4f7f-b750-52448d89f9d9 req-e72bedfc-13ff-4f7f-b750-52448d89f9d9 ] Request (FlavorsExtraSpecsTestJSON:test_flavor_set_get_update_show_unset_keys): 200 GET http://10.180.1.21/compute/v2.1/flavors/1421452840/os-extra_specs 1.513s
2025-04-15 13:58:18.601 70008 INFO tempest.lib.common.rest_client [req-3dafa15f-cee1-4549-9a71-c8ae5b613fbb req-3dafa15f-cee1-4549-9a71-c8ae5b613fbb ] Request (KeyPairsV210TestJSON:tearDownClass): 204 DELETE http://10.180.1.21:9696/networking/v2.0/security-groups/4fc79f82-0897-4b68-a0b4-af12445454d1 0.329s
2025-04-15 13:58:18.636 70052 INFO tempest.lib.common.rest_client [req-545a1a4a-5d9e-459a-a39b-9b7d9123907a req-545a1a4a-5d9e-459a-a39b-9b7d9123907a ] Request (ListImageFiltersNegativeTestJSON:setUpClass): 201 POST http://10.180.1.21/identity/v3/auth/tokens 0.137s
2025-04-15 13:58:18.697 70000 INFO tempest.lib.common.rest_client [req-8ad90373-0d51-4c24-9101-46fa084699d8 req-8ad90373-0d51-4c24-9101-46fa084699d8 ] Request (QuotasAdminNegativeTest:tearDownClass): 204 DELETE http://10.180.1.21/identity/v3/users/fc66c34d9416421db3cfe336925ae43f 0.216s
2025-04-15 13:58:18.726 70040 INFO tempest.lib.common.rest_client [req-49d30557-db74-489a-8f4d-0da551623de8 req-49d30557-db74-489a-8f4d-0da551623de8 ] Request (ServerDiskConfigTestJSON:setUpClass): 201 POST http://10.180.1.21:9696/networking/v2.0/networks 0.817s
2025-04-15 13:58:18.769 70058 INFO tempest.lib.common.rest_client [req-cda7547a-3967-4ffb-9810-752017ba1e51 req-cda7547a-3967-4ffb-9810-752017ba1e51 ] Request (SecurityGroupsTestJSON:setUpClass): 201 POST http://10.180.1.21/identity/v3/auth/tokens 0.248s
2025-04-15 13:58:18.801 70050 INFO tempest.lib.common.rest_client [req-b5c55009-1572-4ebd-a5a5-c4d977a615dc req-b5c55009-1572-4ebd-a5a5-c4d977a615dc ] Request (AggregatesAdminNegativeTestJSON:test_aggregate_add_host_as_user): 403 POST http://10.180.1.21/compute/v2.1/os-aggregates/2/action 1.794s
2025-04-15 13:58:18.873 70008 INFO tempest.lib.common.rest_client [req-9080494f-cf28-4130-a9dc-73ca73166ebf req-9080494f-cf28-4130-a9dc-73ca73166ebf ] Request (KeyPairsV210TestJSON:tearDownClass): 204 DELETE http://10.180.1.21/identity/v3/projects/23c4ab68d5da43c0b1851e262c414d67 0.271s
2025-04-15 13:58:18.874 70008 INFO tempest.lib.common.dynamic_creds [-] Deleting project and security group for project: 21af423e73c941a6b588286e943ac198
2025-04-15 13:58:18.959 70000 INFO tempest.lib.common.rest_client [req-24ece67f-7805-4c2a-9ad7-19d6329e9c3a req-24ece67f-7805-4c2a-9ad7-19d6329e9c3a ] Request (QuotasAdminNegativeTest:tearDownClass): 204 DELETE http://10.180.1.21/identity/v3/users/34e4686a5c374d2f9498e33b217be65d 0.261s
2025-04-15 13:58:18.959 70000 INFO tempest.lib.common.dynamic_creds [-] Deleting project and security group for project: e26bb018314f41dda16ef878ef6240ea
2025-04-15 13:58:19.013 70016 INFO tempest.lib.common.rest_client [req-46813415-48de-440c-824c-e80ffd0a16b1 req-46813415-48de-440c-824c-e80ffd0a16b1 ] Request (FloatingIPDetailsTestJSON:setUpClass): 201 POST http://10.180.1.21:9696/networking/v2.0/networks 0.911s
2025-04-15 13:58:19.015 70000 INFO tempest.lib.common.rest_client [req-7f076719-1559-4601-8a3a-2eb6ea929509 req-7f076719-1559-4601-8a3a-2eb6ea929509 ] Request (QuotasAdminNegativeTest:tearDownClass): 201 POST http://10.180.1.21/identity/v3/auth/tokens 0.056s
2025-04-15 13:58:19.133 70004 INFO tempest.lib.common.rest_client [req-69a29655-8971-4676-a17c-dd09b21859a5 req-69a29655-8971-4676-a17c-dd09b21859a5 ] Request (MigrationsAdminTest:test_list_migrations_in_flavor_resize_situation): 200 GET http://10.180.1.21/compute/v2.1/servers/01ca7a98-3897-4e1a-8ec3-f70f476afd7d 1.899s
2025-04-15 13:58:19.167 70034 INFO tempest.lib.common.rest_client [req-4001f57b-3672-43dc-828c-611c163c1fbc req-4001f57b-3672-43dc-828c-611c163c1fbc ] Request (ServersWithSpecificFlavorTestJSON:test_verify_created_server_ephemeral_disk): 200 POST http://10.180.1.21/compute/v2.1/flavors/1232430550/os-extra_specs 1.887s
2025-04-15 13:58:19.186 70026 INFO tempest.lib.common.rest_client [req-09df7bff-467c-4462-b4f5-96a71947a5da req-09df7bff-467c-4462-b4f5-96a71947a5da ] Request (FlavorsAccessNegativeTestJSON:test_flavor_access_list_with_public_flavor): 404 GET http://10.180.1.21/compute/v2.1/flavors/493641226/os-flavor-access 1.872s
2025-04-15 13:58:19.207 70044 INFO tempest.lib.common.rest_client [req-d101b95d-9c68-4bd9-a586-185755f29835 req-d101b95d-9c68-4bd9-a586-185755f29835 ] Request (FlavorsAdminTestJSON:_run_cleanups): 202 DELETE http://10.180.1.21/compute/v2.1/flavors/434782987 1.877s
2025-04-15 13:58:19.225 70014 INFO tempest.lib.common.rest_client [req-23970cfa-a7e0-41a4-a129-6784f3cef0ad req-23970cfa-a7e0-41a4-a129-6784f3cef0ad ] Request (ServerAddressesNegativeTestJSON:setUpClass): 200 GET http://10.180.1.21/compute/v2.1/servers/4402874e-3efc-45ef-ae36-6a85d7456aeb 2.089s
2025-04-15 13:58:19.375 70024 INFO tempest.lib.common.rest_client [req-14a9fba3-f340-447b-af8d-1373898c74a9 req-14a9fba3-f340-447b-af8d-1373898c74a9 ] Request (ServersAdminTestJSON:setUpClass): 200 GET http://10.180.1.21/compute/v2.1/servers/c8963c57-76ff-4cce-9279-c1f6744bbdaf 1.937s
2025-04-15 13:58:19.400 70032 INFO tempest.lib.common.rest_client [req-d2a7013f-1f69-4665-9c69-dcae570fb2a0 req-d2a7013f-1f69-4665-9c69-dcae570fb2a0 ] Request (HypervisorAdminNegativeUnderV252Test:test_search_nonexistent_hypervisor): 404 GET http://10.180.1.21/compute/v2.1/os-hypervisors/nonexistent_hypervisor_name/search 1.846s
2025-04-15 13:58:19.468 70031 INFO tempest.lib.common.rest_client [req-3dd95e92-ccdf-45f0-944e-3629d87f87b1 req-3dd95e92-ccdf-45f0-944e-3629d87f87b1 ] Request (ServerExternalEventsTest:test_create_server_external_events): 200 GET http://10.180.1.21/compute/v2.1/servers/6fc3ac89-027b-4995-8742-25bc78032170 2.097s
2025-04-15 13:58:19.471 70000 INFO tempest.lib.common.rest_client [req-09aff119-73dc-49b0-8f04-f22b5e00c2dd req-09aff119-73dc-49b0-8f04-f22b5e00c2dd ] Request (QuotasAdminNegativeTest:tearDownClass): 200 GET http://10.180.1.21:9696/networking/v2.0/security-groups?tenant_id=e26bb018314f41dda16ef878ef6240ea&name=default 0.455s
2025-04-15 13:58:19.478 70031 INFO tempest.common.waiters [-] State transition "BUILD/networking" ==> "BUILD/spawning" after 13 second wait
2025-04-15 13:58:19.588 70020 INFO tempest.lib.common.rest_client [req-4cf2d573-8ab9-48ce-96f2-87825200d386 req-4cf2d573-8ab9-48ce-96f2-87825200d386 ] Request (ImagesTestJSON:test_create_image_from_stopped_server): 200 GET http://10.180.1.21/compute/v2.1/servers/82bae88b-c9ce-4c89-93ea-7caba0c93035 1.826s
2025-04-15 13:58:19.669 70002 INFO tempest.lib.common.rest_client [req-9480c42f-c2c1-4d2d-a5df-19599ee26826 req-9480c42f-c2c1-4d2d-a5df-19599ee26826 ] Request (FloatingIPsTestJSON:test_delete_floating_ip): 404 GET http://10.180.1.21/compute/v2.1/os-floating-ips/a309fafe-5f95-4723-a47a-3dc40eaa2484 1.809s
2025-04-15 13:58:19.777 70046 INFO tempest.lib.common.rest_client [req-f4c8fcad-a5c4-4861-b017-e9a8be45080a req-f4c8fcad-a5c4-4861-b017-e9a8be45080a ] Request (ServersTestManualDisk:setUpClass): 200 PUT http://10.180.1.21:9696/networking/v2.0/routers/32b9cce5-d23c-4b9c-a1b1-91adbcada558/add_router_interface 5.299s
2025-04-15 13:58:19.777 70046 INFO tempest.lib.common.dynamic_creds [-] Created isolated network resources for: credentials: Credentials: {'domain_id': 'default', 'domain_name': 'Default', 'username': 'tempest-ServersTestManualDisk-1881844263-project-member', 'project_domain_id': 'default', 'project_domain_name': 'Default', 'project_id': 'a127feeeb4bb41abbeccdad9dfe43b7a', 'project_name': 'tempest-ServersTestManualDisk-1881844263', 'tenant_id': 'a127feeeb4bb41abbeccdad9dfe43b7a', 'tenant_name': 'tempest-ServersTestManualDisk-1881844263', 'user_domain_id': 'default', 'user_domain_name': 'Default', 'user_id': 'c9573d0b040e4c228653cdb876dedf07', 'system': None}, Network: {'id': 'b9237400-414e-46c5-ba04-2b759ec93277', 'name': 'tempest-ServersTestManualDisk-1849443020-network', 'tenant_id': 'a127feeeb4bb41abbeccdad9dfe43b7a', 'admin_state_up': True, 'mtu': 8950, 'status': 'ACTIVE', 'subnets': [], 'shared': False, 'project_id': 'a127feeeb4bb41abbeccdad9dfe43b7a', 'port_security_enabled': True, 'router:external': False, 'provider:network_type': 'vlan', 'provider:physical_network': 'default', 'provider:segmentation_id': 115, 'availability_zone_hints': [], 'availability_zones': [], 'ipv4_address_scope': None, 'ipv6_address_scope': None, 'description': '', 'tags': [], 'created_at': '2025-04-15T13:58:11Z', 'updated_at': '2025-04-15T13:58:11Z', 'revision_number': 1}, Subnet: {'id': '03bc2668-47cd-4e05-8c59-74ecc0b5c941', 'name': 'tempest-ServersTestManualDisk-1849443020-subnet', 'tenant_id': 'a127feeeb4bb41abbeccdad9dfe43b7a', 'network_id': 'b9237400-414e-46c5-ba04-2b759ec93277', 'ip_version': 4, 'subnetpool_id': None, 'enable_dhcp': True, 'ipv6_ra_mode': None, 'ipv6_address_mode': None, 'gateway_ip': '192.168.128.1', 'cidr': '192.168.128.0/28', 'allocation_pools': [{'start': '192.168.128.2', 'end': '192.168.128.14'}], 'host_routes': [], 'dns_nameservers': [], 'description': '', 'router:external': False, 'service_types': [], 'tags': [], 'created_at': '2025-04-15T13:58:11Z', 'updated_at': '2025-04-15T13:58:11Z', 'revision_number': 0, 'project_id': 'a127feeeb4bb41abbeccdad9dfe43b7a'}, Router: {'id': '32b9cce5-d23c-4b9c-a1b1-91adbcada558', 'name': 'tempest-ServersTestManualDisk-1849443020-router', 'tenant_id': 'a127feeeb4bb41abbeccdad9dfe43b7a', 'admin_state_up': True, 'status': 'ACTIVE', 'external_gateway_info': {'network_id': 'c1de1f27-1467-480d-b98a-8c7f7f3fac6c', 'external_fixed_ips': [{'subnet_id': 'ece10c31-e5e6-4019-be05-375700e18935', 'ip_address': '10.180.180.143'}], 'enable_snat': True}, 'description': '', 'availability_zones': [], 'distributed': False, 'ha': False, 'availability_zone_hints': [], 'routes': [], 'flavor_id': None, 'tags': [], 'created_at': '2025-04-15T13:58:12Z', 'updated_at': '2025-04-15T13:58:13Z', 'revision_number': 2, 'project_id': 'a127feeeb4bb41abbeccdad9dfe43b7a'}
2025-04-15 13:58:19.802 70000 INFO tempest.lib.common.rest_client [req-1af952f2-2ff8-43b6-8ed6-e2faef51645c req-1af952f2-2ff8-43b6-8ed6-e2faef51645c ] Request (QuotasAdminNegativeTest:tearDownClass): 204 DELETE http://10.180.1.21:9696/networking/v2.0/security-groups/5a242c60-3e1b-45df-ab73-c19591d2267e 0.331s
2025-04-15 13:58:19.844 70042 INFO tempest.lib.common.rest_client [req-ce864651-d1dd-4d89-b40a-4c666bb35411 req-ce864651-d1dd-4d89-b40a-4c666bb35411 ] Request (ServerDiagnosticsTest:test_get_server_diagnostics): 200 GET http://10.180.1.21/compute/v2.1/servers/e8f89955-747c-4c62-bd15-79ed0c24b4b7 1.585s
2025-04-15 13:58:19.893 70018 INFO tempest.lib.common.rest_client [req-a6bfe15d-9e5e-45bc-8b68-0924fa403086 req-a6bfe15d-9e5e-45bc-8b68-0924fa403086 ] Request (FlavorsV261TestJSON:test_crud_flavor): 200 PUT http://10.180.1.21/compute/v2.1/flavors/161720570 1.620s
2025-04-15 13:58:19.903 70046 INFO tempest.lib.common.rest_client [req-fcbfdbc2-1ec9-48ec-a643-daa5ac47461b req-fcbfdbc2-1ec9-48ec-a643-daa5ac47461b ] Request (ServersTestManualDisk:setUpClass): 201 POST http://10.180.1.21/identity/v3/auth/tokens 0.120s
2025-04-15 13:58:19.923 70008 INFO tempest.lib.common.rest_client [req-69c930a6-a172-45d7-af40-2d7033f210e3 req-69c930a6-a172-45d7-af40-2d7033f210e3 ] Request (KeyPairsV210TestJSON:tearDownClass): 200 GET http://10.180.1.21:9696/networking/v2.0/security-groups?tenant_id=21af423e73c941a6b588286e943ac198&name=default 1.049s
2025-04-15 13:58:19.931 70000 INFO tempest.lib.common.rest_client [req-04ad9eef-f4e6-4b71-85a3-ff044d6ac25b req-04ad9eef-f4e6-4b71-85a3-ff044d6ac25b ] Request (QuotasAdminNegativeTest:tearDownClass): 204 DELETE http://10.180.1.21/identity/v3/projects/e26bb018314f41dda16ef878ef6240ea 0.129s
2025-04-15 13:58:19.932 70000 INFO tempest.lib.common.dynamic_creds [-] Deleting project and security group for project: 5460babda4074cef8c29a354c7ddb0e0
2025-04-15 13:58:20.072 70036 INFO tempest.lib.common.rest_client [req-2ecc0af6-addd-4d85-b2e7-c83ff2c01eb3 req-2ecc0af6-addd-4d85-b2e7-c83ff2c01eb3 ] Request (VolumesAssistedSnapshotsTest:test_volume_assisted_snapshot_create_delete): 201 POST http://10.180.1.21:9696/networking/v2.0/floatingips 2.374s
2025-04-15 13:58:20.136 70036 INFO tempest.lib.common.rest_client [req-788bee7e-7f06-48d3-9b03-1bb145ad832a req-788bee7e-7f06-48d3-9b03-1bb145ad832a ] Request (VolumesAssistedSnapshotsTest:test_volume_assisted_snapshot_create_delete): 201 POST http://10.180.1.21/identity/v3/auth/tokens 0.059s
2025-04-15 13:58:20.137 70036 INFO tempest.lib.common.fixed_network [-] (VolumesAssistedSnapshotsTest:test_volume_assisted_snapshot_create_delete) Found network {'id': 'bb204e39-3079-4884-a311-f42e82f78458', 'name': 'tempest-VolumesAssistedSnapshotsTest-1178968601-network', 'tenant_id': '256f9ee0be524150944508017f36dd04', 'admin_state_up': True, 'mtu': 8950, 'status': 'ACTIVE', 'subnets': [], 'shared': False, 'project_id': '256f9ee0be524150944508017f36dd04', 'port_security_enabled': True, 'router:external': False, 'provider:network_type': 'vlan', 'provider:physical_network': 'default', 'provider:segmentation_id': 387, 'availability_zone_hints': [], 'availability_zones': [], 'ipv4_address_scope': None, 'ipv6_address_scope': None, 'description': '', 'tags': [], 'created_at': '2025-04-15T13:57:57Z', 'updated_at': '2025-04-15T13:57:57Z', 'revision_number': 1} available for tenant
2025-04-15 13:58:20.185 70040 INFO tempest.lib.common.rest_client [req-867d63fc-7ce2-46d3-bb2e-341d21981c15 req-867d63fc-7ce2-46d3-bb2e-341d21981c15 ] Request (ServerDiskConfigTestJSON:setUpClass): 201 POST http://10.180.1.21:9696/networking/v2.0/subnets 1.458s
2025-04-15 13:58:20.192 70010 INFO tempest.lib.common.rest_client [req-0c8a8af3-618f-4323-9960-92d4eae6b04c req-0c8a8af3-618f-4323-9960-92d4eae6b04c ] Request (ListImageFiltersTestJSON:setUpClass): 204 PUT http://10.180.1.21/image/v2/images/43f22b59-5405-4bd6-88f6-2e9d136bccc7/file 0.801s
2025-04-15 13:58:20.253 70058 INFO tempest.lib.common.rest_client [req-5617cac3-18c4-45cd-b13f-8c4f62251c08 req-5617cac3-18c4-45cd-b13f-8c4f62251c08 ] Request (SecurityGroupsTestJSON:setUpClass): 201 POST http://10.180.1.21:9696/networking/v2.0/networks 1.483s
2025-04-15 13:58:20.259 70008 INFO tempest.lib.common.rest_client [req-24b54099-67c0-4eff-b8d2-cccce72c3cbf req-24b54099-67c0-4eff-b8d2-cccce72c3cbf ] Request (KeyPairsV210TestJSON:tearDownClass): 204 DELETE http://10.180.1.21:9696/networking/v2.0/security-groups/76eb7c4f-cb1d-426d-8f50-8c785e711788 0.335s
2025-04-15 13:58:20.334 70000 INFO tempest.lib.common.rest_client [req-692ccb8a-7de6-4b34-ba8d-e3bf0b617e19 req-692ccb8a-7de6-4b34-ba8d-e3bf0b617e19 ] Request (QuotasAdminNegativeTest:tearDownClass): 200 GET http://10.180.1.21:9696/networking/v2.0/security-groups?tenant_id=5460babda4074cef8c29a354c7ddb0e0&name=default 0.402s
2025-04-15 13:58:20.360 70008 INFO tempest.lib.common.rest_client [req-eaa85f7e-3ca5-46aa-a4a0-90905623643a req-eaa85f7e-3ca5-46aa-a4a0-90905623643a ] Request (KeyPairsV210TestJSON:tearDownClass): 204 DELETE http://10.180.1.21/identity/v3/projects/21af423e73c941a6b588286e943ac198 0.100s
2025-04-15 13:58:20.373 70016 INFO tempest.lib.common.rest_client [req-3cc645bd-8417-42e2-a03f-a9b010cb702b req-3cc645bd-8417-42e2-a03f-a9b010cb702b ] Request (FloatingIPDetailsTestJSON:setUpClass): 201 POST http://10.180.1.21:9696/networking/v2.0/subnets 1.360s
2025-04-15 13:58:20.452 70008 INFO tempest.lib.common.rest_client [req-5bb0141d-80ab-4809-b722-b39711a49216 req-5bb0141d-80ab-4809-b722-b39711a49216 ] Request (QuotasAdminTestJSON:setUpClass): 201 POST http://10.180.1.21/identity/v3/auth/tokens 0.091s
2025-04-15 13:58:20.459 70028 INFO tempest.lib.common.rest_client [req-78490d37-8d35-4c56-a6fd-f5f5c38c6e59 req-78490d37-8d35-4c56-a6fd-f5f5c38c6e59 ] Request (ImagesOneServerNegativeTestJSON:setUpClass): 200 PUT http://10.180.1.21:9696/networking/v2.0/routers/8e667a65-7747-462a-9cd1-cf5063a8df4a/add_router_interface 2.744s
2025-04-15 13:58:20.460 70028 INFO tempest.lib.common.dynamic_creds [-] Created isolated network resources for: credentials: Credentials: {'domain_id': 'default', 'domain_name': 'Default', 'username': 'tempest-ImagesOneServerNegativeTestJSON-2047724104-project-member', 'project_domain_id': 'default', 'project_domain_name': 'Default', 'project_id': '3bfeaff4d41947278fc2650c2cd51d85', 'project_name': 'tempest-ImagesOneServerNegativeTestJSON-2047724104', 'tenant_id': '3bfeaff4d41947278fc2650c2cd51d85', 'tenant_name': 'tempest-ImagesOneServerNegativeTestJSON-2047724104', 'user_domain_id': 'default', 'user_domain_name': 'Default', 'user_id': '47baa31eb7924d42b5d55b33b9757012', 'system': None}, Network: {'id': '055ff75c-ba3d-47d3-91e7-52a9f28f508e', 'name': 'tempest-ImagesOneServerNegativeTestJSON-246349025-network', 'tenant_id': '3bfeaff4d41947278fc2650c2cd51d85', 'admin_state_up': True, 'mtu': 8950, 'status': 'ACTIVE', 'subnets': [], 'shared': False, 'project_id': '3bfeaff4d41947278fc2650c2cd51d85', 'port_security_enabled': True, 'router:external': False, 'provider:network_type': 'vlan', 'provider:physical_network': 'default', 'provider:segmentation_id': 585, 'availability_zone_hints': [], 'availability_zones': [], 'ipv4_address_scope': None, 'ipv6_address_scope': None, 'description': '', 'tags': [], 'created_at': '2025-04-15T13:58:13Z', 'updated_at': '2025-04-15T13:58:13Z', 'revision_number': 1}, Subnet: {'id': '2fea3f2a-2d9d-4c92-8add-48917b1806e2', 'name': 'tempest-ImagesOneServerNegativeTestJSON-246349025-subnet', 'tenant_id': '3bfeaff4d41947278fc2650c2cd51d85', 'network_id': '055ff75c-ba3d-47d3-91e7-52a9f28f508e', 'ip_version': 4, 'subnetpool_id': None, 'enable_dhcp': True, 'ipv6_ra_mode': None, 'ipv6_address_mode': None, 'gateway_ip': '192.168.128.1', 'cidr': '192.168.128.0/28', 'allocation_pools': [{'start': '192.168.128.2', 'end': '192.168.128.14'}], 'host_routes': [], 'dns_nameservers': [], 'description': '', 'router:external': False, 'service_types': [], 'tags': [], 'created_at': '2025-04-15T13:58:14Z', 'updated_at': '2025-04-15T13:58:14Z', 'revision_number': 0, 'project_id': '3bfeaff4d41947278fc2650c2cd51d85'}, Router: {'id': '8e667a65-7747-462a-9cd1-cf5063a8df4a', 'name': 'tempest-ImagesOneServerNegativeTestJSON-246349025-router', 'tenant_id': '3bfeaff4d41947278fc2650c2cd51d85', 'admin_state_up': True, 'status': 'ACTIVE', 'external_gateway_info': {'network_id': 'c1de1f27-1467-480d-b98a-8c7f7f3fac6c', 'external_fixed_ips': [{'subnet_id': 'ece10c31-e5e6-4019-be05-375700e18935', 'ip_address': '10.180.180.226'}], 'enable_snat': True}, 'description': '', 'availability_zones': [], 'distributed': False, 'ha': False, 'availability_zone_hints': [], 'routes': [], 'flavor_id': None, 'tags': [], 'created_at': '2025-04-15T13:58:15Z', 'updated_at': '2025-04-15T13:58:16Z', 'revision_number': 2, 'project_id': '3bfeaff4d41947278fc2650c2cd51d85'}
2025-04-15 13:58:20.487 70008 INFO tempest.lib.common.rest_client [req-98c597e4-75a9-42c7-90db-6608ce9649ee req-98c597e4-75a9-42c7-90db-6608ce9649ee ] Request (QuotasAdminTestJSON:setUpClass): 201 POST http://10.180.1.21/identity/v3/auth/tokens 0.030s
2025-04-15 13:58:20.518 70008 INFO tempest.lib.common.rest_client [req-39ba0c04-7fb7-4326-b126-00153fd3cad6 req-39ba0c04-7fb7-4326-b126-00153fd3cad6 ] Request (QuotasAdminTestJSON:setUpClass): 200 GET http://10.180.1.21/identity/v3/domains?name=Default 0.031s
2025-04-15 13:58:20.558 70008 INFO tempest.lib.common.rest_client [req-be1e2ba3-4521-4dd6-b56f-721667eb9077 req-be1e2ba3-4521-4dd6-b56f-721667eb9077 ] Request (QuotasAdminTestJSON:setUpClass): 201 POST http://10.180.1.21/identity/v3/projects 0.039s
2025-04-15 13:58:20.563 70028 INFO tempest.lib.common.rest_client [req-b7489895-ee75-4667-b7cb-2b9823f5a335 req-b7489895-ee75-4667-b7cb-2b9823f5a335 ] Request (ImagesOneServerNegativeTestJSON:setUpClass): 201 POST http://10.180.1.21/identity/v3/auth/tokens 0.099s
2025-04-15 13:58:20.635 70028 INFO tempest.lib.common.rest_client [req-02677f2f-430f-4ca7-b095-75cb88e08715 req-02677f2f-430f-4ca7-b095-75cb88e08715 ] Request (ImagesOneServerNegativeTestJSON:setUpClass): 201 POST http://10.180.1.21/identity/v3/auth/tokens 0.068s
2025-04-15 13:58:20.636 70028 INFO tempest.lib.common.fixed_network [-] (ImagesOneServerNegativeTestJSON:setUpClass) Found network {'id': '055ff75c-ba3d-47d3-91e7-52a9f28f508e', 'name': 'tempest-ImagesOneServerNegativeTestJSON-246349025-network', 'tenant_id': '3bfeaff4d41947278fc2650c2cd51d85', 'admin_state_up': True, 'mtu': 8950, 'status': 'ACTIVE', 'subnets': [], 'shared': False, 'project_id': '3bfeaff4d41947278fc2650c2cd51d85', 'port_security_enabled': True, 'router:external': False, 'provider:network_type': 'vlan', 'provider:physical_network': 'default', 'provider:segmentation_id': 585, 'availability_zone_hints': [], 'availability_zones': [], 'ipv4_address_scope': None, 'ipv6_address_scope': None, 'description': '', 'tags': [], 'created_at': '2025-04-15T13:58:13Z', 'updated_at': '2025-04-15T13:58:13Z', 'revision_number': 1} available for tenant
2025-04-15 13:58:20.648 70008 INFO tempest.lib.common.rest_client [req-88f6c3bc-1239-46d7-aa97-e969478cdb67 req-88f6c3bc-1239-46d7-aa97-e969478cdb67 ] Request (QuotasAdminTestJSON:setUpClass): 201 POST http://10.180.1.21/identity/v3/users 0.088s
2025-04-15 13:58:20.679 70008 INFO tempest.lib.common.rest_client [req-6e3c31c6-003e-4b55-a83a-9bcf3dbb6947 req-6e3c31c6-003e-4b55-a83a-9bcf3dbb6947 ] Request (QuotasAdminTestJSON:setUpClass): 200 GET http://10.180.1.21/identity/v3/roles 0.031s
2025-04-15 13:58:20.712 70008 INFO tempest.lib.common.rest_client [req-2b5c8fdf-6689-4991-bd99-db35204cd357 req-2b5c8fdf-6689-4991-bd99-db35204cd357 ] Request (QuotasAdminTestJSON:setUpClass): 204 PUT http://10.180.1.21/identity/v3/projects/3ddc39aa848b477e86975598d92a791b/users/ec414d2385e64cfa86e094e3a86d0113/roles/0f44c9ff837f43259ec203b3b1347fd8 0.032s
2025-04-15 13:58:20.712 70008 INFO tempest.lib.common.dynamic_creds [-] Dynamic test user ec414d2385e64cfa86e094e3a86d0113 is created with scope project and roles: ['member']
2025-04-15 13:58:20.712 70008 INFO tempest.lib.common.dynamic_creds [-] Acquired dynamic creds: credentials: Credentials: {'domain_id': 'default', 'domain_name': 'Default', 'username': 'tempest-QuotasAdminTestJSON-1597909749-project-member', 'project_domain_id': 'default', 'project_domain_name': 'Default', 'project_id': '3ddc39aa848b477e86975598d92a791b', 'project_name': 'tempest-QuotasAdminTestJSON-1597909749', 'tenant_id': '3ddc39aa848b477e86975598d92a791b', 'tenant_name': 'tempest-QuotasAdminTestJSON-1597909749', 'user_domain_id': 'default', 'user_domain_name': 'Default', 'user_id': 'ec414d2385e64cfa86e094e3a86d0113', 'system': None}, Network: None, Subnet: None, Router: None
2025-04-15 13:58:20.712 70008 INFO tempest.lib.common.dynamic_creds [-] Created isolated network resources for: credentials: Credentials: {'domain_id': 'default', 'domain_name': 'Default', 'username': 'tempest-QuotasAdminTestJSON-1597909749-project-member', 'project_domain_id': 'default', 'project_domain_name': 'Default', 'project_id': '3ddc39aa848b477e86975598d92a791b', 'project_name': 'tempest-QuotasAdminTestJSON-1597909749', 'tenant_id': '3ddc39aa848b477e86975598d92a791b', 'tenant_name': 'tempest-QuotasAdminTestJSON-1597909749', 'user_domain_id': 'default', 'user_domain_name': 'Default', 'user_id': 'ec414d2385e64cfa86e094e3a86d0113', 'system': None}, Network: None, Subnet: None, Router: None
2025-04-15 13:58:20.720 70000 INFO tempest.lib.common.rest_client [req-d1e057c6-1fba-4c00-9ace-e6aef42cf9a7 req-d1e057c6-1fba-4c00-9ace-e6aef42cf9a7 ] Request (QuotasAdminNegativeTest:tearDownClass): 204 DELETE http://10.180.1.21:9696/networking/v2.0/security-groups/bb70ae8b-1a1f-4fc2-8b07-543e3a4c677d 0.386s
2025-04-15 13:58:20.775 70056 INFO tempest.lib.common.rest_client [req-8ba0663a-81f9-4f08-a288-0bfa5ce11a1c req-8ba0663a-81f9-4f08-a288-0bfa5ce11a1c ] Request (FloatingIPsAssociationNegativeTestJSON:setUpClass): 202 POST http://10.180.1.21/compute/v2.1/servers 3.165s
2025-04-15 13:58:20.799 70006 INFO tempest.lib.common.rest_client [req-4d3675d4-1f2a-4aac-ba9e-6c47e0727429 req-4d3675d4-1f2a-4aac-ba9e-6c47e0727429 ] Request (FlavorsAccessTestJSON:test_flavor_access_list_with_private_flavor): 200 GET http://10.180.1.21/compute/v2.1/flavors/167911789/os-flavor-access 2.288s
2025-04-15 13:58:20.836 70054 INFO tempest.lib.common.rest_client [req-72085f8f-8965-475a-99c2-45374240b451 req-72085f8f-8965-475a-99c2-45374240b451 ] Request (HostsAdminTestJSON:test_show_host_detail): 200 GET http://10.180.1.21/compute/v2.1/os-hosts 2.286s
2025-04-15 13:58:20.860 69998 INFO tempest.lib.common.rest_client [req-89f625b3-e28a-4eeb-b326-003b76e1bf00 req-89f625b3-e28a-4eeb-b326-003b76e1bf00 ] Request (FlavorsExtraSpecsTestJSON:test_flavor_set_get_update_show_unset_keys): 200 DELETE http://10.180.1.21/compute/v2.1/flavors/1421452840/os-extra_specs/hw:numa_nodes 2.295s
2025-04-15 13:58:20.866 70008 INFO tempest.lib.common.rest_client [req-caa21fa1-bb23-43ea-8ca9-02dc674a0160 req-caa21fa1-bb23-43ea-8ca9-02dc674a0160 ] Request (QuotasAdminTestJSON:setUpClass): 201 POST http://10.180.1.21/identity/v3/auth/tokens 0.149s
2025-04-15 13:58:20.883 70000 INFO tempest.lib.common.rest_client [req-909a4614-5b93-400d-a37e-57401b9b2f68 req-909a4614-5b93-400d-a37e-57401b9b2f68 ] Request (QuotasAdminNegativeTest:tearDownClass): 204 DELETE http://10.180.1.21/identity/v3/projects/5460babda4074cef8c29a354c7ddb0e0 0.162s
2025-04-15 13:58:20.884 70000 INFO tempest.test [-] raised in UpdateMultiattachVolumeNegativeTest.setUpClass. Invoking tearDownClass.
2025-04-15 13:58:20.886 70000 INFO tempest.test [-] raised in NoVNCConsoleTestJSON.setUpClass. Invoking tearDownClass.
2025-04-15 13:58:20.935 70022 INFO tempest.lib.common.rest_client [req-02350434-29bd-4558-93f1-f029b6f729c5 req-02350434-29bd-4558-93f1-f029b6f729c5 ] Request (SecurityGroupsTestAdminJSON:test_list_security_groups_list_all_tenants_filter): 200 POST http://10.180.1.21/compute/v2.1/os-security-groups 2.463s
2025-04-15 13:58:20.943 70058 INFO tempest.lib.common.rest_client [req-e65bbe49-e7cf-4cc4-aea7-b803a12f1e70 req-e65bbe49-e7cf-4cc4-aea7-b803a12f1e70 ] Request (SecurityGroupsTestJSON:setUpClass): 201 POST http://10.180.1.21:9696/networking/v2.0/subnets 0.689s
2025-04-15 13:58:20.966 70008 INFO tempest.lib.common.rest_client [req-162567a9-c6ed-4824-b1e3-0098a4579053 req-162567a9-c6ed-4824-b1e3-0098a4579053 ] Request (QuotasAdminTestJSON:setUpClass): 201 POST http://10.180.1.21/identity/v3/projects 0.098s
2025-04-15 13:58:21.038 70000 INFO tempest.lib.common.rest_client [req-607d91ee-4061-4ac9-a5a5-bb2ff89a9493 req-607d91ee-4061-4ac9-a5a5-bb2ff89a9493 ] Request (ServerActionsTestOtherA:setUpClass): 201 POST http://10.180.1.21/identity/v3/auth/tokens 0.150s
2025-04-15 13:58:21.040 70052 INFO tempest.lib.common.rest_client [req-b149fc52-3973-46a5-9b76-d3bed0eef380 req-b149fc52-3973-46a5-9b76-d3bed0eef380 ] Request (ListImageFiltersNegativeTestJSON:test_get_nonexistent_image): 404 GET http://10.180.1.21/compute/v2.1/images/41e7c113-df64-4284-b8ea-da51a55ac9a7 2.402s
2025-04-15 13:58:21.065 70050 INFO tempest.lib.common.rest_client [req-9416e391-d05c-4305-a3c7-d30fd47bbc57 req-9416e391-d05c-4305-a3c7-d30fd47bbc57 ] Request (AggregatesAdminNegativeTestJSON:_run_cleanups): 200 DELETE http://10.180.1.21/compute/v2.1/os-aggregates/2 2.263s
2025-04-15 13:58:21.083 70008 INFO tempest.lib.common.rest_client [req-74352bcf-cdc9-4432-aec7-b601857c45ec req-74352bcf-cdc9-4432-aec7-b601857c45ec ] Request (QuotasAdminTestJSON:setUpClass): 201 POST http://10.180.1.21/identity/v3/users 0.117s
2025-04-15 13:58:21.139 70052 INFO tempest.lib.common.rest_client [req-f38fece7-53f3-433d-9446-2f5baa771721 req-f38fece7-53f3-433d-9446-2f5baa771721 ] Request (ListImageFiltersNegativeTestJSON:tearDownClass): 204 DELETE http://10.180.1.21/identity/v3/users/9b410f55a0e044e8ba24a1b51b8fc09c 0.098s
2025-04-15 13:58:21.139 70052 INFO tempest.lib.common.dynamic_creds [-] Deleting project and security group for project: de1a4a591fe941128d1981b667501c21
2025-04-15 13:58:21.142 70000 INFO tempest.lib.common.rest_client [req-e5282e1c-80ae-44a5-ae2e-28639138d261 req-e5282e1c-80ae-44a5-ae2e-28639138d261 ] Request (ServerActionsTestOtherA:setUpClass): 201 POST http://10.180.1.21/identity/v3/auth/tokens 0.099s
2025-04-15 13:58:21.200 70008 INFO tempest.lib.common.rest_client [req-856bdb40-5fe4-44ad-8ddb-d9cdc31cc75d req-856bdb40-5fe4-44ad-8ddb-d9cdc31cc75d ] Request (QuotasAdminTestJSON:setUpClass): 200 GET http://10.180.1.21/identity/v3/roles 0.115s
2025-04-15 13:58:21.203 69996 INFO tempest.lib.common.rest_client [req-407db1d9-e9ad-4a6e-95a4-4aaf493ca61b req-407db1d9-e9ad-4a6e-95a4-4aaf493ca61b ] Request (ServersAdminNegativeTestJSON:setUpClass): 200 GET http://10.180.1.21/compute/v2.1/servers/de579152-a4f4-474e-9dd7-12a419ffd905 2.534s
2025-04-15 13:58:21.209 70052 INFO tempest.lib.common.rest_client [req-0157d31c-2cd7-4edd-9de5-f91e9c7c41fc req-0157d31c-2cd7-4edd-9de5-f91e9c7c41fc ] Request (ListImageFiltersNegativeTestJSON:tearDownClass): 201 POST http://10.180.1.21/identity/v3/auth/tokens 0.069s
2025-04-15 13:58:21.226 70000 INFO tempest.lib.common.rest_client [req-9963c514-601c-4dd9-bf36-5077787aa530 req-9963c514-601c-4dd9-bf36-5077787aa530 ] Request (ServerActionsTestOtherA:setUpClass): 200 GET http://10.180.1.21/identity/v3/domains?name=Default 0.083s
2025-04-15 13:58:21.235 70008 INFO tempest.lib.common.rest_client [req-10032e22-c6dc-494d-9ddb-3fbca34d0cd5 req-10032e22-c6dc-494d-9ddb-3fbca34d0cd5 ] Request (QuotasAdminTestJSON:setUpClass): 204 PUT http://10.180.1.21/identity/v3/projects/1ab6b112fb144c099666db75b0b280f7/users/b80b3624370b446c88dbd1b05d2e2d53/roles/70505ad8b96b4acaa4037f33ef86735a 0.034s
2025-04-15 13:58:21.260 70034 INFO tempest.lib.common.rest_client [req-d23ecb45-da23-4dd0-b9da-272aba66b01d req-d23ecb45-da23-4dd0-b9da-272aba66b01d ] Request (ValidationResourcesFixture:setUp): 200 POST http://10.180.1.21/compute/v2.1/os-keypairs 2.091s
2025-04-15 13:58:21.291 70026 INFO tempest.lib.common.rest_client [req-98efb3a0-9ec7-4227-ae1b-3bc6ddc51a57 req-98efb3a0-9ec7-4227-ae1b-3bc6ddc51a57 ] Request (FlavorsAccessNegativeTestJSON:_run_cleanups): 202 DELETE http://10.180.1.21/compute/v2.1/flavors/493641226 2.104s
2025-04-15 13:58:21.295 70000 INFO tempest.lib.common.rest_client [req-e69b32d1-3e48-43ed-8743-1c978cb9cfe6 req-e69b32d1-3e48-43ed-8743-1c978cb9cfe6 ] Request (ServerActionsTestOtherA:setUpClass): 201 POST http://10.180.1.21/identity/v3/projects 0.068s
2025-04-15 13:58:21.329 70044 INFO tempest.lib.common.rest_client [req-8fde7ee9-79da-42ae-8dc8-4b76ae4f9dcb req-8fde7ee9-79da-42ae-8dc8-4b76ae4f9dcb ] Request (FlavorsAdminTestJSON:_run_cleanups): 200 GET http://10.180.1.21/compute/v2.1/flavors/detail 2.122s
2025-04-15 13:58:21.362 70032 INFO tempest.lib.common.rest_client [req-4d8767f6-25e5-4205-b684-f558b7d05617 req-4d8767f6-25e5-4205-b684-f558b7d05617 ] Request (HypervisorAdminNegativeUnderV252Test:test_show_servers_with_non_admin_user): 200 GET http://10.180.1.21/compute/v2.1/os-hypervisors 1.961s
2025-04-15 13:58:21.369 70008 INFO tempest.lib.common.rest_client [req-1f5125a3-3f3d-4e46-9823-e462ad02e7c0 req-1f5125a3-3f3d-4e46-9823-e462ad02e7c0 ] Request (QuotasAdminTestJSON:setUpClass): 200 GET http://10.180.1.21/identity/v3/roles 0.133s
2025-04-15 13:58:21.379 70000 INFO tempest.lib.common.rest_client [req-9467bc88-88c7-4994-877c-27dacab20049 req-9467bc88-88c7-4994-877c-27dacab20049 ] Request (ServerActionsTestOtherA:setUpClass): 201 POST http://10.180.1.21/identity/v3/users 0.083s
2025-04-15 13:58:21.384 70038 INFO tempest.lib.common.rest_client [req-fa9715b5-7fe9-4678-b2c2-b89d062682d0 req-fa9715b5-7fe9-4678-b2c2-b89d062682d0 ] Request (ServerPasswordTestJSON:setUpClass): 200 GET http://10.180.1.21/compute/v2.1/servers/7a41a7dc-5015-4c36-97b9-d4048f61f5f0 2.244s
2025-04-15 13:58:21.396 70038 INFO tempest.common.waiters [-] State transition "BUILD/spawning" ==> "ACTIVE/None" after 20 second wait
2025-04-15 13:58:21.400 70008 INFO tempest.lib.common.rest_client [req-024739eb-78b7-4465-bd47-d0c915eb50a1 req-024739eb-78b7-4465-bd47-d0c915eb50a1 ] Request (QuotasAdminTestJSON:setUpClass): 204 PUT http://10.180.1.21/identity/v3/projects/1ab6b112fb144c099666db75b0b280f7/users/b80b3624370b446c88dbd1b05d2e2d53/roles/70505ad8b96b4acaa4037f33ef86735a 0.030s
2025-04-15 13:58:21.400 70008 INFO tempest.lib.common.dynamic_creds [-] Dynamic test user b80b3624370b446c88dbd1b05d2e2d53 is created with scope project and roles: ['admin']
2025-04-15 13:58:21.401 70008 INFO tempest.lib.common.dynamic_creds [-] Acquired dynamic creds: credentials: Credentials: {'domain_id': 'default', 'domain_name': 'Default', 'username': 'tempest-QuotasAdminTestJSON-1316710267-project-admin', 'project_domain_id': 'default', 'project_domain_name': 'Default', 'project_id': '1ab6b112fb144c099666db75b0b280f7', 'project_name': 'tempest-QuotasAdminTestJSON-1316710267', 'tenant_id': '1ab6b112fb144c099666db75b0b280f7', 'tenant_name': 'tempest-QuotasAdminTestJSON-1316710267', 'user_domain_id': 'default', 'user_domain_name': 'Default', 'user_id': 'b80b3624370b446c88dbd1b05d2e2d53', 'system': None}, Network: None, Subnet: None, Router: None
2025-04-15 13:58:21.401 70008 INFO tempest.lib.common.dynamic_creds [-] Created isolated network resources for: credentials: Credentials: {'domain_id': 'default', 'domain_name': 'Default', 'username': 'tempest-QuotasAdminTestJSON-1316710267-project-admin', 'project_domain_id': 'default', 'project_domain_name': 'Default', 'project_id': '1ab6b112fb144c099666db75b0b280f7', 'project_name': 'tempest-QuotasAdminTestJSON-1316710267', 'tenant_id': '1ab6b112fb144c099666db75b0b280f7', 'tenant_name': 'tempest-QuotasAdminTestJSON-1316710267', 'user_domain_id': 'default', 'user_domain_name': 'Default', 'user_id': 'b80b3624370b446c88dbd1b05d2e2d53', 'system': None}, Network: None, Subnet: None, Router: None
2025-04-15 13:58:21.406 70000 INFO tempest.lib.common.rest_client [req-9b30ffe3-0261-4e09-bb47-41dd2dfaacc8 req-9b30ffe3-0261-4e09-bb47-41dd2dfaacc8 ] Request (ServerActionsTestOtherA:setUpClass): 200 GET http://10.180.1.21/identity/v3/roles 0.027s
2025-04-15 13:58:21.464 70002 INFO tempest.lib.common.rest_client [req-d171e837-7b78-4089-8514-5d22b6a161b3 req-d171e837-7b78-4089-8514-5d22b6a161b3 ] Request (FloatingIPsTestJSON:_run_cleanups): 404 DELETE http://10.180.1.21/compute/v2.1/os-floating-ips/a309fafe-5f95-4723-a47a-3dc40eaa2484 1.794s
2025-04-15 13:58:21.499 70018 INFO tempest.lib.common.rest_client [req-3e8036b6-aa14-4890-aa8c-dd96037b33c8 req-3e8036b6-aa14-4890-aa8c-dd96037b33c8 ] Request (FlavorsV261TestJSON:test_crud_flavor): 200 GET http://10.180.1.21/compute/v2.1/flavors/detail 1.602s
2025-04-15 13:58:21.509 70008 INFO tempest.lib.common.rest_client [req-d9992263-513d-4f49-8fbd-ba85ff2bfeb5 req-d9992263-513d-4f49-8fbd-ba85ff2bfeb5 ] Request (QuotasAdminTestJSON:setUpClass): 201 POST http://10.180.1.21/identity/v3/auth/tokens 0.105s
2025-04-15 13:58:21.509 70008 WARNING tempest.lib.common.rest_client [-] Deprecated: "tenant_id" property is deprecated for removal, use "project_id" instead
2025-04-15 13:58:21.516 70000 INFO tempest.lib.common.rest_client [req-9c181d65-e460-4e2b-8d93-a333d5d7eec5 req-9c181d65-e460-4e2b-8d93-a333d5d7eec5 ] Request (ServerActionsTestOtherA:setUpClass): 204 PUT http://10.180.1.21/identity/v3/projects/90782c0e049045e3894d193a9360292b/users/49b6cc80edc5417286533eed5bf0e627/roles/0f44c9ff837f43259ec203b3b1347fd8 0.109s
2025-04-15 13:58:21.516 70000 INFO tempest.lib.common.dynamic_creds [-] Dynamic test user 49b6cc80edc5417286533eed5bf0e627 is created with scope project and roles: ['member']
2025-04-15 13:58:21.517 70000 INFO tempest.lib.common.dynamic_creds [-] Acquired dynamic creds: credentials: Credentials: {'domain_id': 'default', 'domain_name': 'Default', 'username': 'tempest-ServerActionsTestOtherA-1214162017-project-member', 'project_domain_id': 'default', 'project_domain_name': 'Default', 'project_id': '90782c0e049045e3894d193a9360292b', 'project_name': 'tempest-ServerActionsTestOtherA-1214162017', 'tenant_id': '90782c0e049045e3894d193a9360292b', 'tenant_name': 'tempest-ServerActionsTestOtherA-1214162017', 'user_domain_id': 'default', 'user_domain_name': 'Default', 'user_id': '49b6cc80edc5417286533eed5bf0e627', 'system': None}, Network: None, Subnet: None, Router: None
2025-04-15 13:58:21.580 70008 INFO tempest.lib.common.rest_client [req-e46b2819-66aa-48e3-af21-a52eeb6a4174 req-e46b2819-66aa-48e3-af21-a52eeb6a4174 ] Request (QuotasAdminTestJSON:test_delete_quota): 200 GET http://10.180.1.21/identity/v3/domains?name=Default 0.069s
2025-04-15 13:58:21.649 70048 INFO tempest.lib.common.rest_client [req-76e11edf-2a41-457f-92a3-7f45e3ac2b56 req-76e11edf-2a41-457f-92a3-7f45e3ac2b56 ] Request (ServersTestBootFromVolume:setUpClass): 200 PUT http://10.180.1.21:9696/networking/v2.0/routers/00715601-41bd-4540-bf82-f9e1c5b51e67/add_router_interface 4.377s
2025-04-15 13:58:21.649 70048 INFO tempest.lib.common.dynamic_creds [-] Created isolated network resources for: credentials: Credentials: {'domain_id': 'default', 'domain_name': 'Default', 'username': 'tempest-ServersTestBootFromVolume-131676752-project-member', 'project_domain_id': 'default', 'project_domain_name': 'Default', 'project_id': 'fac35902066c40079e79dd4c9524e2d3', 'project_name': 'tempest-ServersTestBootFromVolume-131676752', 'tenant_id': 'fac35902066c40079e79dd4c9524e2d3', 'tenant_name': 'tempest-ServersTestBootFromVolume-131676752', 'user_domain_id': 'default', 'user_domain_name': 'Default', 'user_id': '9db19027e79544bbbb1f3d0892efa14f', 'system': None}, Network: {'id': 'e61974d5-a03e-47ae-863f-ce2099e95213', 'name': 'tempest-ServersTestBootFromVolume-714325665-network', 'tenant_id': 'fac35902066c40079e79dd4c9524e2d3', 'admin_state_up': True, 'mtu': 8950, 'status': 'ACTIVE', 'subnets': [], 'shared': False, 'project_id': 'fac35902066c40079e79dd4c9524e2d3', 'port_security_enabled': True, 'router:external': False, 'provider:network_type': 'vlan', 'provider:physical_network': 'default', 'provider:segmentation_id': 806, 'availability_zone_hints': [], 'availability_zones': [], 'ipv4_address_scope': None, 'ipv6_address_scope': None, 'description': '', 'tags': [], 'created_at': '2025-04-15T13:58:13Z', 'updated_at': '2025-04-15T13:58:13Z', 'revision_number': 1}, Subnet: {'id': '36aecfa8-1e4a-4c44-89e4-8630bc1e2385', 'name': 'tempest-ServersTestBootFromVolume-714325665-subnet', 'tenant_id': 'fac35902066c40079e79dd4c9524e2d3', 'network_id': 'e61974d5-a03e-47ae-863f-ce2099e95213', 'ip_version': 4, 'subnetpool_id': None, 'enable_dhcp': True, 'ipv6_ra_mode': None, 'ipv6_address_mode': None, 'gateway_ip': '192.168.128.1', 'cidr': '192.168.128.0/28', 'allocation_pools': [{'start': '192.168.128.2', 'end': '192.168.128.14'}], 'host_routes': [], 'dns_nameservers': [], 'description': '', 'router:external': False, 'service_types': [], 'tags': [], 'created_at': '2025-04-15T13:58:14Z', 'updated_at': '2025-04-15T13:58:14Z', 'revision_number': 0, 'project_id': 'fac35902066c40079e79dd4c9524e2d3'}, Router: {'id': '00715601-41bd-4540-bf82-f9e1c5b51e67', 'name': 'tempest-ServersTestBootFromVolume-714325665-router', 'tenant_id': 'fac35902066c40079e79dd4c9524e2d3', 'admin_state_up': True, 'status': 'ACTIVE', 'external_gateway_info': {'network_id': 'c1de1f27-1467-480d-b98a-8c7f7f3fac6c', 'external_fixed_ips': [{'subnet_id': 'ece10c31-e5e6-4019-be05-375700e18935', 'ip_address': '10.180.180.166'}], 'enable_snat': True}, 'description': '', 'availability_zones': [], 'distributed': False, 'ha': False, 'availability_zone_hints': [], 'routes': [], 'flavor_id': None, 'tags': [], 'created_at': '2025-04-15T13:58:14Z', 'updated_at': '2025-04-15T13:58:16Z', 'revision_number': 2, 'project_id': 'fac35902066c40079e79dd4c9524e2d3'}
2025-04-15 13:58:21.691 70000 INFO tempest.lib.common.rest_client [req-4d6b84af-8fc5-4881-bb22-7406d98ed74b req-4d6b84af-8fc5-4881-bb22-7406d98ed74b ] Request (ServerActionsTestOtherA:setUpClass): 201 POST http://10.180.1.21/identity/v3/auth/tokens 0.174s
2025-04-15 13:58:21.712 70008 INFO tempest.lib.common.rest_client [req-935d0ecc-e9ed-4c93-b5c9-acce932245f1 req-935d0ecc-e9ed-4c93-b5c9-acce932245f1 ] Request (QuotasAdminTestJSON:test_delete_quota): 201 POST http://10.180.1.21/identity/v3/projects 0.131s
2025-04-15 13:58:21.721 70046 INFO tempest.lib.common.rest_client [req-65028655-abfa-4d9d-8224-e78f1c86b87a req-65028655-abfa-4d9d-8224-e78f1c86b87a ] Request (ServersTestManualDisk:setUpClass): 200 POST http://10.180.1.21/compute/v2.1/os-keypairs 1.816s
2025-04-15 13:58:21.788 70048 INFO tempest.lib.common.rest_client [req-94fa94b3-e444-47f3-8eba-0a85461777bd req-94fa94b3-e444-47f3-8eba-0a85461777bd ] Request (ServersTestBootFromVolume:setUpClass): 201 POST http://10.180.1.21/identity/v3/auth/tokens 0.131s
2025-04-15 13:58:21.790 70008 INFO tempest.lib.common.rest_client [req-731ced5e-dcb5-4126-8471-4e2e5a107feb req-731ced5e-dcb5-4126-8471-4e2e5a107feb ] Request (QuotasAdminTestJSON:test_delete_quota): 200 GET http://10.180.1.21/identity/v3/domains?name=Default 0.077s
2025-04-15 13:58:21.889 70034 INFO tempest.lib.common.rest_client [req-3787ed6a-4080-4d39-b80f-a2a4435e659b req-3787ed6a-4080-4d39-b80f-a2a4435e659b ] Request (ValidationResourcesFixture:setUp): 201 POST http://10.180.1.21:9696/networking/v2.0/security-groups 0.626s
2025-04-15 13:58:21.905 70052 INFO tempest.lib.common.rest_client [req-6d2ee6d9-99cb-4e49-8f0a-3e71da105edd req-6d2ee6d9-99cb-4e49-8f0a-3e71da105edd ] Request (ListImageFiltersNegativeTestJSON:tearDownClass): 200 GET http://10.180.1.21:9696/networking/v2.0/security-groups?tenant_id=de1a4a591fe941128d1981b667501c21&name=default 0.696s
2025-04-15 13:58:22.070 70012 INFO tempest.lib.common.rest_client [req-027b95a2-cd18-4839-8724-b598157e4f5d req-027b95a2-cd18-4839-8724-b598157e4f5d ] Request (DeleteServersAdminTestJSON:test_admin_delete_servers_of_others): 200 GET http://10.180.1.21/compute/v2.1/servers/8772fb61-210d-406e-958c-75462154ad40 2.547s
2025-04-15 13:58:22.331 70052 INFO tempest.lib.common.rest_client [req-3eb74e11-d0ca-445f-b143-7ae90ba97339 req-3eb74e11-d0ca-445f-b143-7ae90ba97339 ] Request (ListImageFiltersNegativeTestJSON:tearDownClass): 204 DELETE http://10.180.1.21:9696/networking/v2.0/security-groups/f9ec9a88-a10e-4916-9ebb-82c115baef8b 0.425s
2025-04-15 13:58:22.356 70004 INFO tempest.lib.common.rest_client [req-b446c4dd-275e-4cce-b7da-fc69b872e609 req-b446c4dd-275e-4cce-b7da-fc69b872e609 ] Request (MigrationsAdminTest:test_list_migrations_in_flavor_resize_situation): 200 GET http://10.180.1.21/compute/v2.1/servers/01ca7a98-3897-4e1a-8ec3-f70f476afd7d 2.215s
