2025-04-15 13:58:12.598 70018 INFO tempest.lib.common.rest_client [req-3dd3ed03-04ea-4181-8ada-4584849a9cf4 req-3dd3ed03-04ea-4181-8ada-4584849a9cf4 ] Request (FlavorsV261TestJSON:setUpClass): 201 POST http://10.180.1.21/identity/v3/users 0.150s
2025-04-15 13:58:12.630 70048 INFO tempest.lib.common.rest_client [req-b2a84858-54b4-49e7-8f34-3e8ffa8c9616 req-b2a84858-54b4-49e7-8f34-3e8ffa8c9616 ] Request (ServersTestBootFromVolume:setUpClass): 201 POST http://10.180.1.21/identity/v3/projects 0.073s
2025-04-15 13:58:12.697 70036 INFO tempest.lib.common.rest_client [req-8db3fb3e-c61e-4e9e-923c-e73b597dc7a7 req-8db3fb3e-c61e-4e9e-923c-e73b597dc7a7 ] Request (VolumesAssistedSnapshotsTest:test_volume_assisted_snapshot_create_delete): 200 GET http://10.180.1.21/volume/v3/volumes/0d87526a-4955-45f0-9c13-3715de1d49db 0.112s
2025-04-15 13:58:12.709 70018 INFO tempest.lib.common.rest_client [req-0f8c1854-c945-4e98-bd6a-0343cf6521f0 req-0f8c1854-c945-4e98-bd6a-0343cf6521f0 ] Request (FlavorsV261TestJSON:setUpClass): 200 GET http://10.180.1.21/identity/v3/roles 0.110s
2025-04-15 13:58:12.754 70048 INFO tempest.lib.common.rest_client [req-d7710e08-cc92-44f6-9383-ff43c93aaeb4 req-d7710e08-cc92-44f6-9383-ff43c93aaeb4 ] Request (ServersTestBootFromVolume:setUpClass): 201 POST http://10.180.1.21/identity/v3/users 0.124s
2025-04-15 13:58:12.800 70018 INFO tempest.lib.common.rest_client [req-9ac64c45-51ec-4060-affc-8c74e68a8a49 req-9ac64c45-51ec-4060-affc-8c74e68a8a49 ] Request (FlavorsV261TestJSON:setUpClass): 204 PUT http://10.180.1.21/identity/v3/projects/335237420b11432b88c69a0ce8ec0198/users/ad75a167e1eb487396e96019a60f22f1/roles/0f44c9ff837f43259ec203b3b1347fd8 0.091s
2025-04-15 13:58:12.800 70018 INFO tempest.lib.common.dynamic_creds [-] Dynamic test user ad75a167e1eb487396e96019a60f22f1 is created with scope project and roles: ['member']
2025-04-15 13:58:12.800 70018 INFO tempest.lib.common.dynamic_creds [-] Acquired dynamic creds: credentials: Credentials: {'domain_id': 'default', 'domain_name': 'Default', 'username': 'tempest-FlavorsV261TestJSON-1873671922-project-member', 'project_domain_id': 'default', 'project_domain_name': 'Default', 'project_id': '335237420b11432b88c69a0ce8ec0198', 'project_name': 'tempest-FlavorsV261TestJSON-1873671922', 'tenant_id': '335237420b11432b88c69a0ce8ec0198', 'tenant_name': 'tempest-FlavorsV261TestJSON-1873671922', 'user_domain_id': 'default', 'user_domain_name': 'Default', 'user_id': 'ad75a167e1eb487396e96019a60f22f1', 'system': None}, Network: None, Subnet: None, Router: None
2025-04-15 13:58:12.801 70018 INFO tempest.lib.common.dynamic_creds [-] Created isolated network resources for: credentials: Credentials: {'domain_id': 'default', 'domain_name': 'Default', 'username': 'tempest-FlavorsV261TestJSON-1873671922-project-member', 'project_domain_id': 'default', 'project_domain_name': 'Default', 'project_id': '335237420b11432b88c69a0ce8ec0198', 'project_name': 'tempest-FlavorsV261TestJSON-1873671922', 'tenant_id': '335237420b11432b88c69a0ce8ec0198', 'tenant_name': 'tempest-FlavorsV261TestJSON-1873671922', 'user_domain_id': 'default', 'user_domain_name': 'Default', 'user_id': 'ad75a167e1eb487396e96019a60f22f1', 'system': None}, Network: None, Subnet: None, Router: None
2025-04-15 13:58:12.876 70048 INFO tempest.lib.common.rest_client [req-a7909796-f9dc-487d-8a33-518f6612fbb2 req-a7909796-f9dc-487d-8a33-518f6612fbb2 ] Request (ServersTestBootFromVolume:setUpClass): 200 GET http://10.180.1.21/identity/v3/roles 0.121s
2025-04-15 13:58:12.911 70018 INFO tempest.lib.common.rest_client [req-776072df-e1c0-42b5-a986-f742511cc873 req-776072df-e1c0-42b5-a986-f742511cc873 ] Request (FlavorsV261TestJSON:setUpClass): 201 POST http://10.180.1.21/identity/v3/auth/tokens 0.106s
2025-04-15 13:58:12.940 70048 INFO tempest.lib.common.rest_client [req-e4b21e2b-f536-4e34-ac77-6458b760c939 req-e4b21e2b-f536-4e34-ac77-6458b760c939 ] Request (ServersTestBootFromVolume:setUpClass): 204 PUT http://10.180.1.21/identity/v3/projects/fac35902066c40079e79dd4c9524e2d3/users/9db19027e79544bbbb1f3d0892efa14f/roles/0f44c9ff837f43259ec203b3b1347fd8 0.063s
2025-04-15 13:58:12.940 70048 INFO tempest.lib.common.dynamic_creds [-] Dynamic test user 9db19027e79544bbbb1f3d0892efa14f is created with scope project and roles: ['member']
2025-04-15 13:58:12.940 70048 INFO tempest.lib.common.dynamic_creds [-] Acquired dynamic creds: credentials: Credentials: {'domain_id': 'default', 'domain_name': 'Default', 'username': 'tempest-ServersTestBootFromVolume-131676752-project-member', 'project_domain_id': 'default', 'project_domain_name': 'Default', 'project_id': 'fac35902066c40079e79dd4c9524e2d3', 'project_name': 'tempest-ServersTestBootFromVolume-131676752', 'tenant_id': 'fac35902066c40079e79dd4c9524e2d3', 'tenant_name': 'tempest-ServersTestBootFromVolume-131676752', 'user_domain_id': 'default', 'user_domain_name': 'Default', 'user_id': '9db19027e79544bbbb1f3d0892efa14f', 'system': None}, Network: None, Subnet: None, Router: None
2025-04-15 13:58:12.956 70018 INFO tempest.lib.common.rest_client [req-e58d2932-1f5f-4ad8-bec3-8af5e8d118e2 req-e58d2932-1f5f-4ad8-bec3-8af5e8d118e2 ] Request (FlavorsV261TestJSON:setUpClass): 201 POST http://10.180.1.21/identity/v3/projects 0.044s
2025-04-15 13:58:13.008 70048 INFO tempest.lib.common.rest_client [req-eca23749-964d-4d56-b8a4-d3631ae5a14f req-eca23749-964d-4d56-b8a4-d3631ae5a14f ] Request (ServersTestBootFromVolume:setUpClass): 201 POST http://10.180.1.21/identity/v3/auth/tokens 0.067s
2025-04-15 13:58:13.011 70010 INFO tempest.lib.common.rest_client [req-23e0fabd-f8e1-4101-8ba7-2260e15e459b req-23e0fabd-f8e1-4101-8ba7-2260e15e459b ] Request (ListImageFiltersTestJSON:setUpClass): 204 PUT http://10.180.1.21/image/v2/images/ae2eba4f-47df-43ab-a8ba-a673af5bc961/file 1.643s
2025-04-15 13:58:13.019 70018 INFO tempest.lib.common.rest_client [req-a8217474-9d1c-4eb9-9063-dc7b59ae14db req-a8217474-9d1c-4eb9-9063-dc7b59ae14db ] Request (FlavorsV261TestJSON:setUpClass): 201 POST http://10.180.1.21/identity/v3/users 0.063s
2025-04-15 13:58:13.044 70018 INFO tempest.lib.common.rest_client [req-c797ce62-ca3b-4a7a-af6b-424793ba5041 req-c797ce62-ca3b-4a7a-af6b-424793ba5041 ] Request (FlavorsV261TestJSON:setUpClass): 200 GET http://10.180.1.21/identity/v3/roles 0.024s
2025-04-15 13:58:13.073 70018 INFO tempest.lib.common.rest_client [req-5fcde08c-3fdb-4daf-939b-85ed8d3321fe req-5fcde08c-3fdb-4daf-939b-85ed8d3321fe ] Request (FlavorsV261TestJSON:setUpClass): 204 PUT http://10.180.1.21/identity/v3/projects/d33fd86728c14473b6a713099bba47f0/users/43dd1b24999b4720b1a8cb919b37eb11/roles/70505ad8b96b4acaa4037f33ef86735a 0.028s
2025-04-15 13:58:13.129 70018 INFO tempest.lib.common.rest_client [req-b7649628-d0e9-4672-8639-03b27b42a537 req-b7649628-d0e9-4672-8639-03b27b42a537 ] Request (FlavorsV261TestJSON:setUpClass): 200 GET http://10.180.1.21/identity/v3/roles 0.055s
2025-04-15 13:58:13.151 70018 INFO tempest.lib.common.rest_client [req-65a1b92c-ed00-4caa-81fd-6e1c83ebc3c2 req-65a1b92c-ed00-4caa-81fd-6e1c83ebc3c2 ] Request (FlavorsV261TestJSON:setUpClass): 204 PUT http://10.180.1.21/identity/v3/projects/d33fd86728c14473b6a713099bba47f0/users/43dd1b24999b4720b1a8cb919b37eb11/roles/70505ad8b96b4acaa4037f33ef86735a 0.022s
2025-04-15 13:58:13.152 70018 INFO tempest.lib.common.dynamic_creds [-] Dynamic test user 43dd1b24999b4720b1a8cb919b37eb11 is created with scope project and roles: ['admin']
2025-04-15 13:58:13.152 70018 INFO tempest.lib.common.dynamic_creds [-] Acquired dynamic creds: credentials: Credentials: {'domain_id': 'default', 'domain_name': 'Default', 'username': 'tempest-FlavorsV261TestJSON-622809730-project-admin', 'project_domain_id': 'default', 'project_domain_name': 'Default', 'project_id': 'd33fd86728c14473b6a713099bba47f0', 'project_name': 'tempest-FlavorsV261TestJSON-622809730', 'tenant_id': 'd33fd86728c14473b6a713099bba47f0', 'tenant_name': 'tempest-FlavorsV261TestJSON-622809730', 'user_domain_id': 'default', 'user_domain_name': 'Default', 'user_id': '43dd1b24999b4720b1a8cb919b37eb11', 'system': None}, Network: None, Subnet: None, Router: None
2025-04-15 13:58:13.152 70018 INFO tempest.lib.common.dynamic_creds [-] Created isolated network resources for: credentials: Credentials: {'domain_id': 'default', 'domain_name': 'Default', 'username': 'tempest-FlavorsV261TestJSON-622809730-project-admin', 'project_domain_id': 'default', 'project_domain_name': 'Default', 'project_id': 'd33fd86728c14473b6a713099bba47f0', 'project_name': 'tempest-FlavorsV261TestJSON-622809730', 'tenant_id': 'd33fd86728c14473b6a713099bba47f0', 'tenant_name': 'tempest-FlavorsV261TestJSON-622809730', 'user_domain_id': 'default', 'user_domain_name': 'Default', 'user_id': '43dd1b24999b4720b1a8cb919b37eb11', 'system': None}, Network: None, Subnet: None, Router: None
2025-04-15 13:58:13.231 70018 INFO tempest.lib.common.rest_client [req-21a5bdb8-5463-46b7-9d0e-53385e50c2a0 req-21a5bdb8-5463-46b7-9d0e-53385e50c2a0 ] Request (FlavorsV261TestJSON:setUpClass): 201 POST http://10.180.1.21/identity/v3/auth/tokens 0.077s
2025-04-15 13:58:13.413 70020 INFO tempest.lib.common.rest_client [req-34c2f5d2-81a0-4936-a8dc-b9188e9858e2 req-34c2f5d2-81a0-4936-a8dc-b9188e9858e2 ] Request (ImagesTestJSON:test_create_image_from_stopped_server): 202 POST http://10.180.1.21/compute/v2.1/servers 2.340s
2025-04-15 13:58:13.747 70036 INFO tempest.lib.common.rest_client [req-a50ec1c0-a1d9-44c9-9442-b96454a37dff req-a50ec1c0-a1d9-44c9-9442-b96454a37dff ] Request (VolumesAssistedSnapshotsTest:test_volume_assisted_snapshot_create_delete): 200 GET http://10.180.1.21/volume/v3/volumes/0d87526a-4955-45f0-9c13-3715de1d49db 0.037s
2025-04-15 13:58:13.758 70036 INFO tempest.common.waiters [-] volume 0d87526a-4955-45f0-9c13-3715de1d49db reached available after waiting for 1.758762 seconds
2025-04-15 13:58:13.854 70028 INFO tempest.lib.common.rest_client [req-2d8bb3b1-abc4-4b6c-b9a4-d8b06a285cb3 req-2d8bb3b1-abc4-4b6c-b9a4-d8b06a285cb3 ] Request (ImagesOneServerNegativeTestJSON:setUpClass): 201 POST http://10.180.1.21:9696/networking/v2.0/networks 1.260s
2025-04-15 13:58:13.957 70048 INFO tempest.lib.common.rest_client [req-30899d30-b061-46a8-8013-a76de477c171 req-30899d30-b061-46a8-8013-a76de477c171 ] Request (ServersTestBootFromVolume:setUpClass): 201 POST http://10.180.1.21:9696/networking/v2.0/networks 0.948s
2025-04-15 13:58:14.006 70000 INFO tempest.lib.common.rest_client [req-2b264762-874e-40af-88c8-6bbf4d42f50e req-2b264762-874e-40af-88c8-6bbf4d42f50e ] Request (QuotasAdminNegativeTest:test_create_server_when_memory_quota_is_full): 403 POST http://10.180.1.21/compute/v2.1/servers 2.621s
2025-04-15 13:58:14.033 70006 INFO tempest.lib.common.rest_client [req-b0f168a3-f3f8-4b9e-aff5-a62932ec7450 req-b0f168a3-f3f8-4b9e-aff5-a62932ec7450 ] Request (FlavorsAccessTestJSON:_run_cleanups): 202 DELETE http://10.180.1.21/compute/v2.1/flavors/1721462167 2.457s
2025-04-15 13:58:14.066 70050 INFO tempest.lib.common.rest_client [req-77c978c5-b5c0-4f9d-b2ae-63fa729a41c1 req-77c978c5-b5c0-4f9d-b2ae-63fa729a41c1 ] Request (AggregatesAdminNegativeTestJSON:_run_cleanups): 200 DELETE http://10.180.1.21/compute/v2.1/os-aggregates/1 2.293s
2025-04-15 13:58:14.081 69998 INFO tempest.lib.common.rest_client [req-72817603-dbab-43af-b7d7-f972a864b2e8 req-72817603-dbab-43af-b7d7-f972a864b2e8 ] Request (FlavorsExtraSpecsTestJSON:test_flavor_set_get_update_show_unset_keys): 200 GET http://10.180.1.21/compute/v2.1/flavors/1421452840/os-extra_specs 2.281s
2025-04-15 13:58:14.126 70002 INFO tempest.lib.common.rest_client [req-01b29c97-d57f-4037-b1a3-e2859b23a56c req-01b29c97-d57f-4037-b1a3-e2859b23a56c ] Request (FloatingIPsTestJSON:test_delete_floating_ip): 200 POST http://10.180.1.21/compute/v2.1/os-floating-ips 3.154s
2025-04-15 13:58:14.155 70040 INFO tempest.lib.common.rest_client [req-c9039ca9-c5ca-41f5-a471-2ea320117088 req-c9039ca9-c5ca-41f5-a471-2ea320117088 ] Request (FloatingIPDetailsNegativeTestJSON:tearDownClass): 200 PUT http://10.180.1.21:9696/networking/v2.0/routers/d8e17c3f-fa08-4c33-8954-b8ee095012e2/remove_router_interface 2.256s
2025-04-15 13:58:14.160 70008 INFO tempest.lib.common.rest_client [req-08e8de8a-3423-4cc8-b99b-fd07828829bb req-08e8de8a-3423-4cc8-b99b-fd07828829bb ] Request (KeyPairsV210TestJSON:_run_cleanups): 204 DELETE http://10.180.1.21/compute/v2.1/os-keypairs/tempest-keypair-1331321556?user_id=88ad68044b7d47daa94e87e9bacae55c 2.306s
2025-04-15 13:58:14.231 70052 INFO tempest.lib.common.rest_client [req-77319681-849a-40ec-8973-08f392266864 req-77319681-849a-40ec-8973-08f392266864 ] Request (ServicesAdminNegativeTestJSON:test_list_services_with_non_admin_user): 403 GET http://10.180.1.21/compute/v2.1/os-services 2.401s
2025-04-15 13:58:14.248 70016 INFO tempest.lib.common.rest_client [req-ce60f20b-2daa-4dbf-97c2-aab3ad08d324 req-ce60f20b-2daa-4dbf-97c2-aab3ad08d324 ] Request (QuotaClassesAdminTestJSON:_run_cleanups): 200 PUT http://10.180.1.21/compute/v2.1/os-quota-class-sets/default 2.368s
2025-04-15 13:58:14.253 70034 INFO tempest.lib.common.rest_client [req-f739c462-f5d0-41b0-a4a4-ec915aa1b7ab req-f739c462-f5d0-41b0-a4a4-ec915aa1b7ab ] Request (ServersWithSpecificFlavorTestJSON:test_verify_created_server_ephemeral_disk): 200 POST http://10.180.1.21/compute/v2.1/flavors 2.340s
2025-04-15 13:58:14.271 70026 INFO tempest.lib.common.rest_client [req-7e046f3a-b8cc-4f4b-8220-92d30fed9c29 req-7e046f3a-b8cc-4f4b-8220-92d30fed9c29 ] Request (FlavorsAccessNegativeTestJSON:_run_cleanups): 200 GET http://10.180.1.21/compute/v2.1/flavors/detail 2.345s
2025-04-15 13:58:14.300 70058 INFO tempest.lib.common.rest_client [req-f73d2d02-af67-4581-b20b-e10869057229 req-f73d2d02-af67-4581-b20b-e10869057229 ] Request (FlavorsV255TestJSON:_run_cleanups): 200 GET http://10.180.1.21/compute/v2.1/flavors/detail 2.292s
2025-04-15 13:58:14.323 70044 INFO tempest.lib.common.rest_client [req-a29ac748-8d24-4369-afc6-cef07eb32ac3 req-a29ac748-8d24-4369-afc6-cef07eb32ac3 ] Request (FlavorsAdminTestJSON:_run_cleanups): 200 GET http://10.180.1.21/compute/v2.1/flavors/detail 2.301s
2025-04-15 13:58:14.477 70046 INFO tempest.lib.common.rest_client [req-05369d40-af9a-4cda-ba90-8541ba8d3683 req-05369d40-af9a-4cda-ba90-8541ba8d3683 ] Request (ServersTestManualDisk:setUpClass): 201 POST http://10.180.1.21:9696/networking/v2.0/routers 2.401s
2025-04-15 13:58:14.498 70052 INFO tempest.lib.common.rest_client [req-bdafae1e-9102-4800-9cf5-c039e86dc804 req-bdafae1e-9102-4800-9cf5-c039e86dc804 ] Request (ServicesAdminNegativeTestJSON:tearDownClass): 204 DELETE http://10.180.1.21/identity/v3/users/0b301a4d103d4823aa385b3324efd55c 0.265s
2025-04-15 13:58:14.504 70016 INFO tempest.lib.common.rest_client [req-b7bc3593-267e-4ae3-a5b7-c4ec34bc3751 req-b7bc3593-267e-4ae3-a5b7-c4ec34bc3751 ] Request (QuotaClassesAdminTestJSON:tearDownClass): 204 DELETE http://10.180.1.21/identity/v3/users/357833eb767d41baab785e09e0e4d2d8 0.245s
2025-04-15 13:58:14.530 70048 INFO tempest.lib.common.rest_client [req-52e20424-a885-4654-99d7-c18f16393e17 req-52e20424-a885-4654-99d7-c18f16393e17 ] Request (ServersTestBootFromVolume:setUpClass): 201 POST http://10.180.1.21:9696/networking/v2.0/subnets 0.573s
2025-04-15 13:58:14.725 70058 INFO tempest.lib.common.rest_client [req-e53b781e-9974-46e3-b378-3154226fa1fd req-e53b781e-9974-46e3-b378-3154226fa1fd ] Request (FlavorsV255TestJSON:tearDownClass): 204 DELETE http://10.180.1.21/identity/v3/users/c10162a93f0143febf2f7619d746e164 0.407s
2025-04-15 13:58:14.755 70032 INFO tempest.lib.common.rest_client [req-90d04323-f695-41bf-9045-b006fa8c5845 req-90d04323-f695-41bf-9045-b006fa8c5845 ] Request (HypervisorAdminNegativeUnderV252Test:test_search_hypervisor_with_non_admin_user): 200 GET http://10.180.1.21/compute/v2.1/os-hypervisors 2.689s
2025-04-15 13:58:14.890 70052 INFO tempest.lib.common.rest_client [req-e9eabe1f-4f65-483a-abf3-06110abcdc04 req-e9eabe1f-4f65-483a-abf3-06110abcdc04 ] Request (ServicesAdminNegativeTestJSON:tearDownClass): 204 DELETE http://10.180.1.21/identity/v3/users/548222a3e51b4d889a2020319630e908 0.392s
2025-04-15 13:58:14.890 70052 INFO tempest.lib.common.dynamic_creds [-] Deleting project and security group for project: 304e98e2084244499e75a65337fcb61e
2025-04-15 13:58:14.998 70016 INFO tempest.lib.common.rest_client [req-d440effd-381b-4875-9def-c2b814de6d18 req-d440effd-381b-4875-9def-c2b814de6d18 ] Request (QuotaClassesAdminTestJSON:tearDownClass): 204 DELETE http://10.180.1.21/identity/v3/users/0272fda61bfe406bb26583d9eb719084 0.493s
2025-04-15 13:58:14.998 70016 INFO tempest.lib.common.dynamic_creds [-] Deleting project and security group for project: 5719d3590f604426aedca606007e780f
2025-04-15 13:58:15.006 70058 INFO tempest.lib.common.rest_client [req-8d432fb4-7afc-4003-97f0-67b3b15379c1 req-8d432fb4-7afc-4003-97f0-67b3b15379c1 ] Request (FlavorsV255TestJSON:tearDownClass): 204 DELETE http://10.180.1.21/identity/v3/users/da251fcdc8f5489aa6defb7c1f4b2a46 0.280s
2025-04-15 13:58:15.006 70058 INFO tempest.lib.common.dynamic_creds [-] Deleting project and security group for project: abed1807d215487ead8580428f7adbcc
2025-04-15 13:58:15.010 70028 INFO tempest.lib.common.rest_client [req-d78920a3-4750-4dee-b0e7-3e413587605d req-d78920a3-4750-4dee-b0e7-3e413587605d ] Request (ImagesOneServerNegativeTestJSON:setUpClass): 201 POST http://10.180.1.21:9696/networking/v2.0/subnets 1.155s
2025-04-15 13:58:15.056 70052 INFO tempest.lib.common.rest_client [req-f35d471d-9c19-4d7d-9cfc-11061cbea1db req-f35d471d-9c19-4d7d-9cfc-11061cbea1db ] Request (ServicesAdminNegativeTestJSON:tearDownClass): 201 POST http://10.180.1.21/identity/v3/auth/tokens 0.166s
2025-04-15 13:58:15.062 70016 INFO tempest.lib.common.rest_client [req-be5f39d0-a0b5-4e73-824a-333c008df50e req-be5f39d0-a0b5-4e73-824a-333c008df50e ] Request (QuotaClassesAdminTestJSON:tearDownClass): 201 POST http://10.180.1.21/identity/v3/auth/tokens 0.064s
2025-04-15 13:58:15.081 70058 INFO tempest.lib.common.rest_client [req-011e9cff-a010-4478-9ff3-ab82db5f962e req-011e9cff-a010-4478-9ff3-ab82db5f962e ] Request (FlavorsV255TestJSON:tearDownClass): 201 POST http://10.180.1.21/identity/v3/auth/tokens 0.074s
2025-04-15 13:58:15.238 70040 INFO tempest.lib.common.rest_client [req-386b67ca-c11a-430e-9bdb-7dc8ff414ef4 req-386b67ca-c11a-430e-9bdb-7dc8ff414ef4 ] Request (FloatingIPDetailsNegativeTestJSON:tearDownClass): 204 DELETE http://10.180.1.21:9696/networking/v2.0/routers/d8e17c3f-fa08-4c33-8954-b8ee095012e2 1.083s
2025-04-15 13:58:15.375 70038 INFO tempest.lib.common.rest_client [req-6f46821e-93ec-4a5a-9b38-4b28bfa71a49 req-6f46821e-93ec-4a5a-9b38-4b28bfa71a49 ] Request (ServerPasswordTestJSON:setUpClass): 200 GET http://10.180.1.21/compute/v2.1/servers/7a41a7dc-5015-4c36-97b9-d4048f61f5f0 3.188s
2025-04-15 13:58:15.383 69996 INFO tempest.lib.common.rest_client [req-de67eeb6-ee4c-4d0d-9c24-5fbded9d3b3b req-de67eeb6-ee4c-4d0d-9c24-5fbded9d3b3b ] Request (ServersAdminNegativeTestJSON:setUpClass): 202 POST http://10.180.1.21/compute/v2.1/servers 3.251s
2025-04-15 13:58:15.525 70040 INFO tempest.lib.common.rest_client [req-902b4b76-5e56-413a-9e32-720b8dea81b7 req-902b4b76-5e56-413a-9e32-720b8dea81b7 ] Request (FloatingIPDetailsNegativeTestJSON:tearDownClass): 204 DELETE http://10.180.1.21:9696/networking/v2.0/subnets/a7fe2808-0545-46d8-928a-f77d539ad754 0.287s
2025-04-15 13:58:15.619 70016 INFO tempest.lib.common.rest_client [req-8244b838-6317-4ab0-b241-a9ce084334d2 req-8244b838-6317-4ab0-b241-a9ce084334d2 ] Request (QuotaClassesAdminTestJSON:tearDownClass): 200 GET http://10.180.1.21:9696/networking/v2.0/security-groups?tenant_id=5719d3590f604426aedca606007e780f&name=default 0.556s
2025-04-15 13:58:15.720 70052 INFO tempest.lib.common.rest_client [req-4f2212c7-c17a-4ffc-8edd-8daa3ad8d57a req-4f2212c7-c17a-4ffc-8edd-8daa3ad8d57a ] Request (ServicesAdminNegativeTestJSON:tearDownClass): 200 GET http://10.180.1.21:9696/networking/v2.0/security-groups?tenant_id=304e98e2084244499e75a65337fcb61e&name=default 0.664s
2025-04-15 13:58:15.794 70012 INFO tempest.lib.common.rest_client [req-732048b3-19e0-4944-a396-9865d2ba0ce1 req-732048b3-19e0-4944-a396-9865d2ba0ce1 ] Request (DeleteServersAdminTestJSON:test_admin_delete_servers_of_others): 200 GET http://10.180.1.21/compute/v2.1/servers/8772fb61-210d-406e-958c-75462154ad40 3.255s
2025-04-15 13:58:15.801 70058 INFO tempest.lib.common.rest_client [req-2f0c2fc1-a1dd-443e-a08d-638e6041d1fe req-2f0c2fc1-a1dd-443e-a08d-638e6041d1fe ] Request (FlavorsV255TestJSON:tearDownClass): 200 GET http://10.180.1.21:9696/networking/v2.0/security-groups?tenant_id=abed1807d215487ead8580428f7adbcc&name=default 0.720s
2025-04-15 13:58:16.123 70014 INFO tempest.lib.common.rest_client [req-afd6ecb9-2a84-4048-bd79-b12276e33b09 req-afd6ecb9-2a84-4048-bd79-b12276e33b09 ] Request (ServerAddressesNegativeTestJSON:setUpClass): 200 GET http://10.180.1.21/compute/v2.1/servers/4402874e-3efc-45ef-ae36-6a85d7456aeb 3.136s
2025-04-15 13:58:16.127 70016 INFO tempest.lib.common.rest_client [req-fbcaaa36-b629-4552-9305-0d97eb5a5ca7 req-fbcaaa36-b629-4552-9305-0d97eb5a5ca7 ] Request (QuotaClassesAdminTestJSON:tearDownClass): 204 DELETE http://10.180.1.21:9696/networking/v2.0/security-groups/91708715-bf89-42fd-9c94-0a25678a2f80 0.507s
2025-04-15 13:58:16.135 70014 INFO tempest.common.waiters [-] State transition "BUILD/networking" ==> "BUILD/spawning" after 10 second wait
2025-04-15 13:58:16.156 70052 INFO tempest.lib.common.rest_client [req-910d0da5-e4c1-4bc6-91b7-f8b54778d06c req-910d0da5-e4c1-4bc6-91b7-f8b54778d06c ] Request (ServicesAdminNegativeTestJSON:tearDownClass): 204 DELETE http://10.180.1.21:9696/networking/v2.0/security-groups/5f548a7d-fc15-427b-a4b3-3856dc12b4a0 0.435s
2025-04-15 13:58:16.159 70040 INFO tempest.lib.common.rest_client [req-fb7f7bc7-4ebb-4b85-968f-ddb5e5820914 req-fb7f7bc7-4ebb-4b85-968f-ddb5e5820914 ] Request (FloatingIPDetailsNegativeTestJSON:tearDownClass): 204 DELETE http://10.180.1.21:9696/networking/v2.0/networks/467374fa-e99d-42cb-9d62-aee2f74f7d66 0.633s
2025-04-15 13:58:16.220 70004 INFO tempest.lib.common.rest_client [req-92f4b2db-3a82-4991-9c71-d90f3252e22d req-92f4b2db-3a82-4991-9c71-d90f3252e22d ] Request (MigrationsAdminTest:test_list_migrations_in_flavor_resize_situation): 200 GET http://10.180.1.21/compute/v2.1/servers/01ca7a98-3897-4e1a-8ec3-f70f476afd7d 3.213s
2025-04-15 13:58:16.233 70004 INFO tempest.common.waiters [-] State transition "BUILD/None" ==> "BUILD/spawning" after 10 second wait
2025-04-15 13:58:16.242 70016 INFO tempest.lib.common.rest_client [req-cdb425b7-ab99-43d1-933f-70d0399fc8ca req-cdb425b7-ab99-43d1-933f-70d0399fc8ca ] Request (QuotaClassesAdminTestJSON:tearDownClass): 204 DELETE http://10.180.1.21/identity/v3/projects/5719d3590f604426aedca606007e780f 0.114s
2025-04-15 13:58:16.242 70016 INFO tempest.lib.common.dynamic_creds [-] Deleting project and security group for project: affcaac88fea4d41817373ecc562e226
2025-04-15 13:58:16.253 70058 INFO tempest.lib.common.rest_client [req-b4e01790-97f4-4271-b45a-86c0b1f822ac req-b4e01790-97f4-4271-b45a-86c0b1f822ac ] Request (FlavorsV255TestJSON:tearDownClass): 204 DELETE http://10.180.1.21:9696/networking/v2.0/security-groups/e901b46b-e5f8-489c-8164-a74455639c30 0.451s
2025-04-15 13:58:16.268 70010 INFO tempest.lib.common.rest_client [req-78793f46-08b5-4606-98e4-7ac905610eda req-78793f46-08b5-4606-98e4-7ac905610eda ] Request (ListImageFiltersTestJSON:setUpClass): 200 GET http://10.180.1.21/compute/v2.1/images/ae2eba4f-47df-43ab-a8ba-a673af5bc961 3.257s
2025-04-15 13:58:16.315 70052 INFO tempest.lib.common.rest_client [req-352f5031-12d2-4346-a9b5-191e870b7084 req-352f5031-12d2-4346-a9b5-191e870b7084 ] Request (ServicesAdminNegativeTestJSON:tearDownClass): 204 DELETE http://10.180.1.21/identity/v3/projects/304e98e2084244499e75a65337fcb61e 0.158s
2025-04-15 13:58:16.315 70052 INFO tempest.lib.common.dynamic_creds [-] Deleting project and security group for project: 33abf553702b4a30991bb7400c83a3c9
2025-04-15 13:58:16.315 70040 INFO tempest.lib.common.rest_client [req-1fd11042-810d-4dfc-8ed1-ddd2a73c215c req-1fd11042-810d-4dfc-8ed1-ddd2a73c215c ] Request (FloatingIPDetailsNegativeTestJSON:tearDownClass): 204 DELETE http://10.180.1.21/identity/v3/users/9a57647034ad4b5fa30263682bf27a14 0.155s
2025-04-15 13:58:16.315 70040 INFO tempest.lib.common.dynamic_creds [-] Deleting project and security group for project: ddfcfb31dbbd4f9f8f7bd6d76cc541c0
2025-04-15 13:58:16.360 70031 INFO tempest.lib.common.rest_client [req-cb8a8ed2-d453-418a-9c04-7bbe885dd605 req-cb8a8ed2-d453-418a-9c04-7bbe885dd605 ] Request (ServerExternalEventsTest:test_create_server_external_events): 200 GET http://10.180.1.21/compute/v2.1/servers/6fc3ac89-027b-4995-8742-25bc78032170 3.291s
2025-04-15 13:58:16.370 70031 INFO tempest.common.waiters [-] State transition "BUILD/None" ==> "BUILD/networking" after 10 second wait
2025-04-15 13:58:16.428 70024 INFO tempest.lib.common.rest_client [req-afca03b8-b144-40c7-abad-851ae6edf2d9 req-afca03b8-b144-40c7-abad-851ae6edf2d9 ] Request (ServersAdminTestJSON:setUpClass): 200 GET http://10.180.1.21/compute/v2.1/servers/c8963c57-76ff-4cce-9279-c1f6744bbdaf 3.341s
2025-04-15 13:58:16.437 70040 INFO tempest.lib.common.rest_client [req-8185b25c-5d26-4299-a085-542cd9b03350 req-8185b25c-5d26-4299-a085-542cd9b03350 ] Request (FloatingIPDetailsNegativeTestJSON:tearDownClass): 200 GET http://10.180.1.21:9696/networking/v2.0/security-groups?tenant_id=ddfcfb31dbbd4f9f8f7bd6d76cc541c0&name=default 0.121s
2025-04-15 13:58:16.452 70058 INFO tempest.lib.common.rest_client [req-610fc328-8474-4e3e-9f6f-dc4cf0f9ab2f req-610fc328-8474-4e3e-9f6f-dc4cf0f9ab2f ] Request (FlavorsV255TestJSON:tearDownClass): 204 DELETE http://10.180.1.21/identity/v3/projects/abed1807d215487ead8580428f7adbcc 0.199s
2025-04-15 13:58:16.453 70058 INFO tempest.lib.common.dynamic_creds [-] Deleting project and security group for project: cddbf99bf1664f5281f81fc1849a1a9b
2025-04-15 13:58:16.479 70022 INFO tempest.lib.common.rest_client [req-ef535255-9ee7-4f85-9cb1-46a8bc7930b2 req-ef535255-9ee7-4f85-9cb1-46a8bc7930b2 ] Request (SecurityGroupsTestAdminJSON:test_list_security_groups_list_all_tenants_filter): 200 POST http://10.180.1.21/compute/v2.1/os-security-groups 4.280s
2025-04-15 13:58:16.563 70018 INFO tempest.lib.common.rest_client [req-c713547b-0e1b-4d2b-807e-0ce7091b66d1 req-c713547b-0e1b-4d2b-807e-0ce7091b66d1 ] Request (FlavorsV261TestJSON:test_crud_flavor): 200 POST http://10.180.1.21/compute/v2.1/flavors 3.330s
2025-04-15 13:58:16.747 70020 INFO tempest.lib.common.rest_client [req-14a77df3-6e4b-4e2b-969d-a6d6e6fa26b0 req-14a77df3-6e4b-4e2b-969d-a6d6e6fa26b0 ] Request (ImagesTestJSON:test_create_image_from_stopped_server): 200 GET http://10.180.1.21/compute/v2.1/servers/82bae88b-c9ce-4c89-93ea-7caba0c93035 3.331s
2025-04-15 13:58:16.807 70016 INFO tempest.lib.common.rest_client [req-8689f682-738e-4a76-af47-c594b5ad0eee req-8689f682-738e-4a76-af47-c594b5ad0eee ] Request (QuotaClassesAdminTestJSON:tearDownClass): 200 GET http://10.180.1.21:9696/networking/v2.0/security-groups?tenant_id=affcaac88fea4d41817373ecc562e226&name=default 0.564s
2025-04-15 13:58:16.850 70036 INFO tempest.lib.common.rest_client [req-5093f7a0-3038-4d69-8e1b-c4f02f59cf8a req-5093f7a0-3038-4d69-8e1b-c4f02f59cf8a ] Request (VolumesAssistedSnapshotsTest:test_volume_assisted_snapshot_create_delete): 200 POST http://10.180.1.21/compute/v2.1/os-keypairs 3.090s
2025-04-15 13:58:16.889 70040 INFO tempest.lib.common.rest_client [req-a1e9a6ac-2905-47fa-a608-04db35b58820 req-a1e9a6ac-2905-47fa-a608-04db35b58820 ] Request (FloatingIPDetailsNegativeTestJSON:tearDownClass): 204 DELETE http://10.180.1.21:9696/networking/v2.0/security-groups/64232c6a-6f40-49b5-8648-9af392204014 0.452s
2025-04-15 13:58:16.950 70000 INFO tempest.lib.common.rest_client [req-d7b28f3a-323c-46e6-9b2b-ecc0c318d43d req-d7b28f3a-323c-46e6-9b2b-ecc0c318d43d ] Request (QuotasAdminNegativeTest:_run_cleanups): 200 PUT http://10.180.1.21/compute/v2.1/os-quota-sets/e26bb018314f41dda16ef878ef6240ea 2.943s
2025-04-15 13:58:16.979 70006 INFO tempest.lib.common.rest_client [req-2b20f770-ca6b-43e1-9200-6a19c2a16e82 req-2b20f770-ca6b-43e1-9200-6a19c2a16e82 ] Request (FlavorsAccessTestJSON:_run_cleanups): 200 GET http://10.180.1.21/compute/v2.1/flavors/detail 2.945s
2025-04-15 13:58:16.992 70040 INFO tempest.lib.common.rest_client [req-56df277a-4b16-4e57-bccf-b47f4c0a592f req-56df277a-4b16-4e57-bccf-b47f4c0a592f ] Request (FloatingIPDetailsNegativeTestJSON:tearDownClass): 204 DELETE http://10.180.1.21/identity/v3/projects/ddfcfb31dbbd4f9f8f7bd6d76cc541c0 0.102s
2025-04-15 13:58:17.005 70050 INFO tempest.lib.common.rest_client [req-ee1f08ef-a114-4441-b258-a15e44400ade req-ee1f08ef-a114-4441-b258-a15e44400ade ] Request (AggregatesAdminNegativeTestJSON:test_aggregate_add_host_as_user): 200 POST http://10.180.1.21/compute/v2.1/os-aggregates 2.932s
2025-04-15 13:58:17.027 70054 INFO tempest.lib.common.rest_client [req-db6bc45f-7e9e-4ef3-8726-35c1b2f03fbe req-db6bc45f-7e9e-4ef3-8726-35c1b2f03fbe ] Request (HostsAdminTestJSON:test_list_hosts_with_zone): 200 GET http://10.180.1.21/compute/v2.1/os-hosts 2.949s
2025-04-15 13:58:17.050 69998 INFO tempest.lib.common.rest_client [req-b7fa261f-8567-4fa4-8bea-a60d5b71996a req-b7fa261f-8567-4fa4-8bea-a60d5b71996a ] Request (FlavorsExtraSpecsTestJSON:test_flavor_set_get_update_show_unset_keys): 200 PUT http://10.180.1.21/compute/v2.1/flavors/1421452840/os-extra_specs/hw:numa_nodes 2.968s
2025-04-15 13:58:17.058 70016 INFO tempest.lib.common.rest_client [req-3df0bf62-fd3d-4d10-b0aa-fdcfbfeeee00 req-3df0bf62-fd3d-4d10-b0aa-fdcfbfeeee00 ] Request (QuotaClassesAdminTestJSON:tearDownClass): 204 DELETE http://10.180.1.21:9696/networking/v2.0/security-groups/8fda1746-42aa-4583-9d68-2802f8b92bff 0.250s
2025-04-15 13:58:17.082 70040 INFO tempest.lib.common.rest_client [req-28bc0a99-1a12-4dd5-a462-702f84a4ae75 req-28bc0a99-1a12-4dd5-a462-702f84a4ae75 ] Request (ServerDiskConfigTestJSON:setUpClass): 201 POST http://10.180.1.21/identity/v3/auth/tokens 0.087s
2025-04-15 13:58:17.117 70040 INFO tempest.lib.common.rest_client [req-fca03fcb-f184-459d-a43f-80ef72cb9729 req-fca03fcb-f184-459d-a43f-80ef72cb9729 ] Request (ServerDiskConfigTestJSON:setUpClass): 201 POST http://10.180.1.21/identity/v3/auth/tokens 0.033s
2025-04-15 13:58:17.152 70040 INFO tempest.lib.common.rest_client [req-673b580b-c8f4-4b0a-b626-89d2ac2bfe2a req-673b580b-c8f4-4b0a-b626-89d2ac2bfe2a ] Request (ServerDiskConfigTestJSON:setUpClass): 200 GET http://10.180.1.21/identity/v3/domains?name=Default 0.034s
2025-04-15 13:58:17.161 70016 INFO tempest.lib.common.rest_client [req-6dbcf361-1a02-4e82-8492-71d134f42c7c req-6dbcf361-1a02-4e82-8492-71d134f42c7c ] Request (QuotaClassesAdminTestJSON:tearDownClass): 204 DELETE http://10.180.1.21/identity/v3/projects/affcaac88fea4d41817373ecc562e226 0.103s
2025-04-15 13:58:17.162 70016 INFO tempest.test [-] raised in UnshelveToHostMultiNodesTest.setUpClass. Invoking tearDownClass.
2025-04-15 13:58:17.175 70036 INFO tempest.lib.common.rest_client [req-a108039b-179f-44a9-acb8-ee4a764845ea req-a108039b-179f-44a9-acb8-ee4a764845ea ] Request (VolumesAssistedSnapshotsTest:test_volume_assisted_snapshot_create_delete): 201 POST http://10.180.1.21:9696/networking/v2.0/security-groups 0.323s
2025-04-15 13:58:17.191 70016 INFO tempest.lib.common.rest_client [req-0caae13f-4b08-4093-95c1-0a3e163a7e66 req-0caae13f-4b08-4093-95c1-0a3e163a7e66 ] Request (FloatingIPDetailsTestJSON:setUpClass): 201 POST http://10.180.1.21/identity/v3/auth/tokens 0.027s
2025-04-15 13:58:17.192 70052 INFO tempest.lib.common.rest_client [req-052bc1f3-89be-45b0-bcf6-8449641fd7ab req-052bc1f3-89be-45b0-bcf6-8449641fd7ab ] Request (ServicesAdminNegativeTestJSON:tearDownClass): 200 GET http://10.180.1.21:9696/networking/v2.0/security-groups?tenant_id=33abf553702b4a30991bb7400c83a3c9&name=default 0.876s
2025-04-15 13:58:17.209 70040 INFO tempest.lib.common.rest_client [req-7e33fd57-9cdd-407d-82bc-5cf9b9d97606 req-7e33fd57-9cdd-407d-82bc-5cf9b9d97606 ] Request (ServerDiskConfigTestJSON:setUpClass): 201 POST http://10.180.1.21/identity/v3/projects 0.057s
2025-04-15 13:58:17.250 70042 INFO tempest.lib.common.rest_client [req-93ec24ef-ffd7-4072-9eea-da8edf56555d req-93ec24ef-ffd7-4072-9eea-da8edf56555d ] Request (ServerDiagnosticsTest:test_get_server_diagnostics): 200 GET http://10.180.1.21/compute/v2.1/servers/e8f89955-747c-4c62-bd15-79ed0c24b4b7 4.000s
2025-04-15 13:58:17.262 70016 INFO tempest.lib.common.rest_client [req-43b7961d-6fe4-405f-8f11-5bf39696d8be req-43b7961d-6fe4-405f-8f11-5bf39696d8be ] Request (FloatingIPDetailsTestJSON:setUpClass): 201 POST http://10.180.1.21/identity/v3/auth/tokens 0.068s
2025-04-15 13:58:17.264 70008 INFO tempest.lib.common.rest_client [req-45fd7ef0-5089-4a37-8eb5-fce8abed53d5 req-45fd7ef0-5089-4a37-8eb5-fce8abed53d5 ] Request (KeyPairsV210TestJSON:_run_cleanups): 204 DELETE http://10.180.1.21/compute/v2.1/os-keypairs/tempest-keypair-395581451?user_id=88ad68044b7d47daa94e87e9bacae55c 3.104s
2025-04-15 13:58:17.267 70058 INFO tempest.lib.common.rest_client [req-88876c52-953b-4acf-850e-7ee625a338d8 req-88876c52-953b-4acf-850e-7ee625a338d8 ] Request (FlavorsV255TestJSON:tearDownClass): 200 GET http://10.180.1.21:9696/networking/v2.0/security-groups?tenant_id=cddbf99bf1664f5281f81fc1849a1a9b&name=default 0.813s
2025-04-15 13:58:17.271 70048 INFO tempest.lib.common.rest_client [req-7fec3d8c-910b-4df7-84bb-9991b1bf2bac req-7fec3d8c-910b-4df7-84bb-9991b1bf2bac ] Request (ServersTestBootFromVolume:setUpClass): 201 POST http://10.180.1.21:9696/networking/v2.0/routers 2.740s
2025-04-15 13:58:17.278 70034 INFO tempest.lib.common.rest_client [req-abd46f87-44e3-4a85-9498-18d9fdcaff24 req-abd46f87-44e3-4a85-9498-18d9fdcaff24 ] Request (ServersWithSpecificFlavorTestJSON:test_verify_created_server_ephemeral_disk): 200 GET http://10.180.1.21/compute/v2.1/flavors/42/os-extra_specs 3.022s
2025-04-15 13:58:17.290 70056 INFO tempest.lib.common.rest_client [req-d8f5d7f3-d83a-4ffe-8683-71ff2d78f5b0 req-d8f5d7f3-d83a-4ffe-8683-71ff2d78f5b0 ] Request (FloatingIPsAssociationNegativeTestJSON:setUpClass): 200 PUT http://10.180.1.21:9696/networking/v2.0/routers/485e7aba-47b3-45f0-9f31-94fa41f0e219/add_router_interface 4.699s
2025-04-15 13:58:17.291 70056 INFO tempest.lib.common.dynamic_creds [-] Created isolated network resources for: credentials: Credentials: {'domain_id': 'default', 'domain_name': 'Default', 'username': 'tempest-FloatingIPsAssociationNegativeTestJSON-212679171-project-member', 'project_domain_id': 'default', 'project_domain_name': 'Default', 'project_id': '0108c3b7c2894a91a1ec698d5ede332e', 'project_name': 'tempest-FloatingIPsAssociationNegativeTestJSON-212679171', 'tenant_id': '0108c3b7c2894a91a1ec698d5ede332e', 'tenant_name': 'tempest-FloatingIPsAssociationNegativeTestJSON-212679171', 'user_domain_id': 'default', 'user_domain_name': 'Default', 'user_id': '37569979cb9043c3a225fe75090f6875', 'system': None}, Network: {'id': 'e7fe01a6-345d-4968-a2af-756907e2551f', 'name': 'tempest-FloatingIPsAssociationNegativeTestJSON-791020899-network', 'tenant_id': '0108c3b7c2894a91a1ec698d5ede332e', 'admin_state_up': True, 'mtu': 8950, 'status': 'ACTIVE', 'subnets': [], 'shared': False, 'project_id': '0108c3b7c2894a91a1ec698d5ede332e', 'port_security_enabled': True, 'router:external': False, 'provider:network_type': 'vlan', 'provider:physical_network': 'default', 'provider:segmentation_id': 836, 'availability_zone_hints': [], 'availability_zones': [], 'ipv4_address_scope': None, 'ipv6_address_scope': None, 'description': '', 'tags': [], 'created_at': '2025-04-15T13:58:09Z', 'updated_at': '2025-04-15T13:58:10Z', 'revision_number': 1}, Subnet: {'id': '3bad3f2f-6a90-437d-be1f-56d8be62ac1b', 'name': 'tempest-FloatingIPsAssociationNegativeTestJSON-791020899-subnet', 'tenant_id': '0108c3b7c2894a91a1ec698d5ede332e', 'network_id': 'e7fe01a6-345d-4968-a2af-756907e2551f', 'ip_version': 4, 'subnetpool_id': None, 'enable_dhcp': True, 'ipv6_ra_mode': None, 'ipv6_address_mode': None, 'gateway_ip': '192.168.128.1', 'cidr': '192.168.128.0/28', 'allocation_pools': [{'start': '192.168.128.2', 'end': '192.168.128.14'}], 'host_routes': [], 'dns_nameservers': [], 'description': '', 'router:external': False, 'service_types': [], 'tags': [], 'created_at': '2025-04-15T13:58:10Z', 'updated_at': '2025-04-15T13:58:10Z', 'revision_number': 0, 'project_id': '0108c3b7c2894a91a1ec698d5ede332e'}, Router: {'id': '485e7aba-47b3-45f0-9f31-94fa41f0e219', 'name': 'tempest-FloatingIPsAssociationNegativeTestJSON-791020899-router', 'tenant_id': '0108c3b7c2894a91a1ec698d5ede332e', 'admin_state_up': True, 'status': 'ACTIVE', 'external_gateway_info': {'network_id': 'c1de1f27-1467-480d-b98a-8c7f7f3fac6c', 'external_fixed_ips': [{'subnet_id': 'ece10c31-e5e6-4019-be05-375700e18935', 'ip_address': '10.180.180.210'}], 'enable_snat': True}, 'description': '', 'availability_zones': [], 'distributed': False, 'ha': False, 'availability_zone_hints': [], 'routes': [], 'flavor_id': None, 'tags': [], 'created_at': '2025-04-15T13:58:11Z', 'updated_at': '2025-04-15T13:58:11Z', 'revision_number': 2, 'project_id': '0108c3b7c2894a91a1ec698d5ede332e'}
2025-04-15 13:58:17.297 70016 INFO tempest.lib.common.rest_client [req-f9bcbc8b-d033-4812-bf6e-698723cb629c req-f9bcbc8b-d033-4812-bf6e-698723cb629c ] Request (FloatingIPDetailsTestJSON:setUpClass): 200 GET http://10.180.1.21/identity/v3/domains?name=Default 0.035s
2025-04-15 13:58:17.307 70026 INFO tempest.lib.common.rest_client [req-a2be3e0f-8db6-498e-8397-68df9162d8d6 req-a2be3e0f-8db6-498e-8397-68df9162d8d6 ] Request (FlavorsAccessNegativeTestJSON:test_flavor_access_list_with_public_flavor): 200 POST http://10.180.1.21/compute/v2.1/flavors 3.019s
2025-04-15 13:58:17.318 70040 INFO tempest.lib.common.rest_client [req-001d3b01-8360-4df0-a525-f9088cb9dcf8 req-001d3b01-8360-4df0-a525-f9088cb9dcf8 ] Request (ServerDiskConfigTestJSON:setUpClass): 201 POST http://10.180.1.21/identity/v3/users 0.109s
2025-04-15 13:58:17.326 70044 INFO tempest.lib.common.rest_client [req-b4c0cb6e-1f30-40bf-8d65-36cadc426025 req-b4c0cb6e-1f30-40bf-8d65-36cadc426025 ] Request (FlavorsAdminTestJSON:test_create_flavor_with_int_id): 200 POST http://10.180.1.21/compute/v2.1/flavors 2.993s
2025-04-15 13:58:17.390 70008 INFO tempest.lib.common.rest_client [req-453adbad-8cc7-469e-9b77-387307a25726 req-453adbad-8cc7-469e-9b77-387307a25726 ] Request (KeyPairsV210TestJSON:tearDownClass): 204 DELETE http://10.180.1.21/identity/v3/users/88ad68044b7d47daa94e87e9bacae55c 0.119s
2025-04-15 13:58:17.405 70056 INFO tempest.lib.common.rest_client [req-2485d701-745b-400f-8687-92d785f1f5c0 req-2485d701-745b-400f-8687-92d785f1f5c0 ] Request (FloatingIPsAssociationNegativeTestJSON:setUpClass): 201 POST http://10.180.1.21/identity/v3/auth/tokens 0.109s
2025-04-15 13:58:17.452 70016 INFO tempest.lib.common.rest_client [req-b0c71ea0-ec19-469b-b4ba-0ba59b7d74a9 req-b0c71ea0-ec19-469b-b4ba-0ba59b7d74a9 ] Request (FloatingIPDetailsTestJSON:setUpClass): 201 POST http://10.180.1.21/identity/v3/projects 0.154s
2025-04-15 13:58:17.466 70040 INFO tempest.lib.common.rest_client [req-78409f10-ddf8-45b3-8da9-aa12081fa97f req-78409f10-ddf8-45b3-8da9-aa12081fa97f ] Request (ServerDiskConfigTestJSON:setUpClass): 200 GET http://10.180.1.21/identity/v3/roles 0.145s
2025-04-15 13:58:17.491 70036 INFO tempest.lib.common.rest_client [req-dd360b62-07ab-42f4-8cbc-a87a4791e078 req-dd360b62-07ab-42f4-8cbc-a87a4791e078 ] Request (VolumesAssistedSnapshotsTest:test_volume_assisted_snapshot_create_delete): 201 POST http://10.180.1.21:9696/networking/v2.0/security-group-rules 0.315s
2025-04-15 13:58:17.541 70058 INFO tempest.lib.common.rest_client [req-d35a69ff-b5ab-4217-a3f7-3968113409c2 req-d35a69ff-b5ab-4217-a3f7-3968113409c2 ] Request (FlavorsV255TestJSON:tearDownClass): 204 DELETE http://10.180.1.21:9696/networking/v2.0/security-groups/4145ec83-2f1a-4118-be93-7d88842c0649 0.272s
2025-04-15 13:58:17.552 70032 INFO tempest.lib.common.rest_client [req-1f8f2db2-b709-4aaf-853c-953d4d228f14 req-1f8f2db2-b709-4aaf-853c-953d4d228f14 ] Request (HypervisorAdminNegativeUnderV252Test:test_search_hypervisor_with_non_admin_user): 403 GET http://10.180.1.21/compute/v2.1/os-hypervisors/domain-c8.fc996f14-c53b-4953-92e3-bdfa48f5cc28/search 2.795s
2025-04-15 13:58:17.570 70008 INFO tempest.lib.common.rest_client [req-98650ddd-23c6-441d-9735-c0f954cf59e5 req-98650ddd-23c6-441d-9735-c0f954cf59e5 ] Request (KeyPairsV210TestJSON:tearDownClass): 204 DELETE http://10.180.1.21/identity/v3/users/f4544a7f8dc74185b712cfb42ba4a554 0.180s
2025-04-15 13:58:17.571 70008 INFO tempest.lib.common.dynamic_creds [-] Deleting project and security group for project: 23c4ab68d5da43c0b1851e262c414d67
2025-04-15 13:58:17.608 70056 INFO tempest.lib.common.rest_client [req-84b63ff4-5809-4127-b10d-0e7ce149921e req-84b63ff4-5809-4127-b10d-0e7ce149921e ] Request (FloatingIPsAssociationNegativeTestJSON:setUpClass): 201 POST http://10.180.1.21/identity/v3/auth/tokens 0.200s
2025-04-15 13:58:17.609 70056 INFO tempest.lib.common.fixed_network [-] (FloatingIPsAssociationNegativeTestJSON:setUpClass) Found network {'id': 'e7fe01a6-345d-4968-a2af-756907e2551f', 'name': 'tempest-FloatingIPsAssociationNegativeTestJSON-791020899-network', 'tenant_id': '0108c3b7c2894a91a1ec698d5ede332e', 'admin_state_up': True, 'mtu': 8950, 'status': 'ACTIVE', 'subnets': [], 'shared': False, 'project_id': '0108c3b7c2894a91a1ec698d5ede332e', 'port_security_enabled': True, 'router:external': False, 'provider:network_type': 'vlan', 'provider:physical_network': 'default', 'provider:segmentation_id': 836, 'availability_zone_hints': [], 'availability_zones': [], 'ipv4_address_scope': None, 'ipv6_address_scope': None, 'description': '', 'tags': [], 'created_at': '2025-04-15T13:58:09Z', 'updated_at': '2025-04-15T13:58:10Z', 'revision_number': 1} available for tenant
2025-04-15 13:58:17.609 70052 INFO tempest.lib.common.rest_client [req-1c5fffe7-3560-469d-a2e1-33c03c691683 req-1c5fffe7-3560-469d-a2e1-33c03c691683 ] Request (ServicesAdminNegativeTestJSON:tearDownClass): 204 DELETE http://10.180.1.21:9696/networking/v2.0/security-groups/9ceddac5-caea-4cc3-bc45-c2129961a12c 0.416s
2025-04-15 13:58:17.649 69996 INFO tempest.lib.common.rest_client [req-1404bb40-5f1a-465a-a390-5f330a3cac69 req-1404bb40-5f1a-465a-a390-5f330a3cac69 ] Request (ServersAdminNegativeTestJSON:setUpClass): 200 GET http://10.180.1.21/compute/v2.1/servers/de579152-a4f4-474e-9dd7-12a419ffd905 2.263s
2025-04-15 13:58:17.663 70016 INFO tempest.lib.common.rest_client [req-50097308-be2c-498a-86a4-86780397046b req-50097308-be2c-498a-86a4-86780397046b ] Request (FloatingIPDetailsTestJSON:setUpClass): 201 POST http://10.180.1.21/identity/v3/users 0.210s
2025-04-15 13:58:17.693 70010 INFO tempest.lib.common.rest_client [req-b29ba6ed-6f06-413d-8ca4-19270307c0d4 req-b29ba6ed-6f06-413d-8ca4-19270307c0d4 ] Request (ListImageFiltersTestJSON:setUpClass): 200 GET http://10.180.1.21/compute/v2.1/images/ae2eba4f-47df-43ab-a8ba-a673af5bc961 1.421s
2025-04-15 13:58:17.697 70036 INFO tempest.lib.common.rest_client [req-4c848e9a-2adc-4fcf-ad30-ca3dacf22aab req-4c848e9a-2adc-4fcf-ad30-ca3dacf22aab ] Request (VolumesAssistedSnapshotsTest:test_volume_assisted_snapshot_create_delete): 201 POST http://10.180.1.21:9696/networking/v2.0/security-group-rules 0.206s
2025-04-15 13:58:17.708 70040 INFO tempest.lib.common.rest_client [req-10b750d3-ecdf-45dc-a195-5ca6b0eab24e req-10b750d3-ecdf-45dc-a195-5ca6b0eab24e ] Request (ServerDiskConfigTestJSON:setUpClass): 204 PUT http://10.180.1.21/identity/v3/projects/6dd80e6107e04c368942f31ae8fe1158/users/4c99be667cc54944adf54c93f976c8d6/roles/0f44c9ff837f43259ec203b3b1347fd8 0.242s
2025-04-15 13:58:17.708 70040 INFO tempest.lib.common.dynamic_creds [-] Dynamic test user 4c99be667cc54944adf54c93f976c8d6 is created with scope project and roles: ['member']
2025-04-15 13:58:17.709 70040 INFO tempest.lib.common.dynamic_creds [-] Acquired dynamic creds: credentials: Credentials: {'domain_id': 'default', 'domain_name': 'Default', 'username': 'tempest-ServerDiskConfigTestJSON-1314159818-project-member', 'project_domain_id': 'default', 'project_domain_name': 'Default', 'project_id': '6dd80e6107e04c368942f31ae8fe1158', 'project_name': 'tempest-ServerDiskConfigTestJSON-1314159818', 'tenant_id': '6dd80e6107e04c368942f31ae8fe1158', 'tenant_name': 'tempest-ServerDiskConfigTestJSON-1314159818', 'user_domain_id': 'default', 'user_domain_name': 'Default', 'user_id': '4c99be667cc54944adf54c93f976c8d6', 'system': None}, Network: None, Subnet: None, Router: None
2025-04-15 13:58:17.713 70028 INFO tempest.lib.common.rest_client [req-c52e1df1-25ae-4b18-b6ab-51cbefb2992a req-c52e1df1-25ae-4b18-b6ab-51cbefb2992a ] Request (ImagesOneServerNegativeTestJSON:setUpClass): 201 POST http://10.180.1.21:9696/networking/v2.0/routers 2.702s
2025-04-15 13:58:17.768 70058 INFO tempest.lib.common.rest_client [req-ed4f80e6-e490-48cd-8f6c-4fd404342869 req-ed4f80e6-e490-48cd-8f6c-4fd404342869 ] Request (FlavorsV255TestJSON:tearDownClass): 204 DELETE http://10.180.1.21/identity/v3/projects/cddbf99bf1664f5281f81fc1849a1a9b 0.226s
2025-04-15 13:58:17.776 70008 INFO tempest.lib.common.rest_client [req-d40d650f-61c4-4bfd-b094-1a7b7cd5fce9 req-d40d650f-61c4-4bfd-b094-1a7b7cd5fce9 ] Request (KeyPairsV210TestJSON:tearDownClass): 201 POST http://10.180.1.21/identity/v3/auth/tokens 0.205s
2025-04-15 13:58:17.803 70016 INFO tempest.lib.common.rest_client [req-6063b517-f0c6-429e-86e4-545b807cd29d req-6063b517-f0c6-429e-86e4-545b807cd29d ] Request (FloatingIPDetailsTestJSON:setUpClass): 200 GET http://10.180.1.21/identity/v3/roles 0.140s
2025-04-15 13:58:17.842 70052 INFO tempest.lib.common.rest_client [req-91f78ea6-75b8-44d9-bbc1-86c7603cb187 req-91f78ea6-75b8-44d9-bbc1-86c7603cb187 ] Request (ServicesAdminNegativeTestJSON:tearDownClass): 204 DELETE http://10.180.1.21/identity/v3/projects/33abf553702b4a30991bb7400c83a3c9 0.233s
2025-04-15 13:58:17.860 70002 INFO tempest.lib.common.rest_client [req-7978ad0f-f7be-4d50-a9c9-e5a50274bc84 req-7978ad0f-f7be-4d50-a9c9-e5a50274bc84 ] Request (FloatingIPsTestJSON:test_delete_floating_ip): 202 DELETE http://10.180.1.21/compute/v2.1/os-floating-ips/a309fafe-5f95-4723-a47a-3dc40eaa2484 3.726s
2025-04-15 13:58:17.908 70040 INFO tempest.lib.common.rest_client [req-fbed32c0-5d96-4a5f-87a6-a07d4788737d req-fbed32c0-5d96-4a5f-87a6-a07d4788737d ] Request (ServerDiskConfigTestJSON:setUpClass): 201 POST http://10.180.1.21/identity/v3/auth/tokens 0.199s
2025-04-15 13:58:17.931 70058 INFO tempest.lib.common.rest_client [req-0d13df1c-4127-4c00-9f23-adf63a55a6c7 req-0d13df1c-4127-4c00-9f23-adf63a55a6c7 ] Request (SecurityGroupsTestJSON:setUpClass): 201 POST http://10.180.1.21/identity/v3/auth/tokens 0.161s
2025-04-15 13:58:18.004 70016 INFO tempest.lib.common.rest_client [req-3c7467ec-a214-4964-bb65-d9a7c6ada184 req-3c7467ec-a214-4964-bb65-d9a7c6ada184 ] Request (FloatingIPDetailsTestJSON:setUpClass): 204 PUT http://10.180.1.21/identity/v3/projects/bd64af7eb09c4606a5434e4f08cd615f/users/ed489b3488354bb6a6befe6e28a3c6eb/roles/0f44c9ff837f43259ec203b3b1347fd8 0.200s
2025-04-15 13:58:18.005 70016 INFO tempest.lib.common.dynamic_creds [-] Dynamic test user ed489b3488354bb6a6befe6e28a3c6eb is created with scope project and roles: ['member']
2025-04-15 13:58:18.006 70016 INFO tempest.lib.common.dynamic_creds [-] Acquired dynamic creds: credentials: Credentials: {'domain_id': 'default', 'domain_name': 'Default', 'username': 'tempest-FloatingIPDetailsTestJSON-894523093-project-member', 'project_domain_id': 'default', 'project_domain_name': 'Default', 'project_id': 'bd64af7eb09c4606a5434e4f08cd615f', 'project_name': 'tempest-FloatingIPDetailsTestJSON-894523093', 'tenant_id': 'bd64af7eb09c4606a5434e4f08cd615f', 'tenant_name': 'tempest-FloatingIPDetailsTestJSON-894523093', 'user_domain_id': 'default', 'user_domain_name': 'Default', 'user_id': 'ed489b3488354bb6a6befe6e28a3c6eb', 'system': None}, Network: None, Subnet: None, Router: None
2025-04-15 13:58:18.047 70052 INFO tempest.lib.common.rest_client [req-28194f41-3fbf-4bcf-9e2c-1a661d8b936b req-28194f41-3fbf-4bcf-9e2c-1a661d8b936b ] Request (ListImageFiltersNegativeTestJSON:setUpClass): 201 POST http://10.180.1.21/identity/v3/auth/tokens 0.201s
2025-04-15 13:58:18.073 70058 INFO tempest.lib.common.rest_client [req-9a24dfad-62f0-4130-9ee9-c0e2f86cde0e req-9a24dfad-62f0-4130-9ee9-c0e2f86cde0e ] Request (SecurityGroupsTestJSON:setUpClass): 201 POST http://10.180.1.21/identity/v3/auth/tokens 0.138s
2025-04-15 13:58:18.101 70016 INFO tempest.lib.common.rest_client [req-880ef44b-d347-4eb0-a53f-0b33ea716951 req-880ef44b-d347-4eb0-a53f-0b33ea716951 ] Request (FloatingIPDetailsTestJSON:setUpClass): 201 POST http://10.180.1.21/identity/v3/auth/tokens 0.094s
2025-04-15 13:58:18.129 70038 INFO tempest.lib.common.rest_client [req-8c55f919-529e-46cb-8b36-89bdf1932c42 req-8c55f919-529e-46cb-8b36-89bdf1932c42 ] Request (ServerPasswordTestJSON:setUpClass): 200 GET http://10.180.1.21/compute/v2.1/servers/7a41a7dc-5015-4c36-97b9-d4048f61f5f0 1.742s
2025-04-15 13:58:18.143 70058 INFO tempest.lib.common.rest_client [req-9227a943-329f-4db0-8446-305b9e9b4318 req-9227a943-329f-4db0-8446-305b9e9b4318 ] Request (SecurityGroupsTestJSON:setUpClass): 200 GET http://10.180.1.21/identity/v3/domains?name=Default 0.070s
2025-04-15 13:58:18.146 70052 INFO tempest.lib.common.rest_client [req-99b99b71-78a1-4a4e-b4aa-93487414db01 req-99b99b71-78a1-4a4e-b4aa-93487414db01 ] Request (ListImageFiltersNegativeTestJSON:setUpClass): 201 POST http://10.180.1.21/identity/v3/auth/tokens 0.097s
2025-04-15 13:58:18.236 70058 INFO tempest.lib.common.rest_client [req-783721f7-8e42-44d5-9123-0715961faba0 req-783721f7-8e42-44d5-9123-0715961faba0 ] Request (SecurityGroupsTestJSON:setUpClass): 201 POST http://10.180.1.21/identity/v3/projects 0.092s
