2025-04-15 13:57:51.084 70054 WARNING oslo_config.cfg [-] Deprecated: Option "os_glance_reserved" from group "image-feature-enabled" is deprecated for removal (os_glance namespace is always reserved since Wallaby). Its value may be silently ignored in the future.
2025-04-15 13:57:51.097 70046 INFO tempest.lib.common.rest_client [req-2e8f88be-1e7a-41db-b742-ce025d220119 req-2e8f88be-1e7a-41db-b742-ce025d220119 ] Request (QuotaClassesAdmin257Test:setUpClass): 201 POST http://10.180.1.21/identity/v3/auth/tokens 0.138s
2025-04-15 13:57:51.107 70042 INFO tempest.lib.common.rest_client [req-589f7982-b40e-4220-a4ff-c4e77a5f6299 req-589f7982-b40e-4220-a4ff-c4e77a5f6299 ] Request (ServerDiagnosticsTest:setUpClass): 201 POST http://10.180.1.21/identity/v3/auth/tokens 0.121s
2025-04-15 13:57:51.131 70040 INFO tempest.lib.common.rest_client [req-ce5d4501-c040-42bb-bd62-2090eae54e5a req-ce5d4501-c040-42bb-bd62-2090eae54e5a ] Request (AZAdminV2TestJSON:setUpClass): 201 POST http://10.180.1.21/identity/v3/auth/tokens 0.106s
2025-04-15 13:57:51.129 70056 INFO tempest [-] Using tempest config file /opt/stack/testrun/etc/tempest.conf
2025-04-15 13:57:51.137 70056 WARNING oslo_config.cfg [-] Deprecated: Option "auth_version" from group "identity" is deprecated for removal (Identity v2 API was removed and v3 is the only available identity API version now). Its value may be silently ignored in the future.
2025-04-15 13:57:51.137 70056 WARNING oslo_config.cfg [-] Deprecated: Option "access_rules" from group "identity-feature-enabled" is deprecated for removal (Access rules for application credentials is a default feature since Train). Its value may be silently ignored in the future.
2025-04-15 13:57:51.140 70050 INFO tempest [-] Using tempest config file /opt/stack/testrun/etc/tempest.conf
2025-04-15 13:57:51.141 70056 WARNING oslo_config.cfg [-] Deprecated: Option "import_image" from group "image-feature-enabled" is deprecated for removal (Issue with image import in WSGI mode was fixed in Victoria, and this feature works in any deployment architecture now.). Its value may be silently ignored in the future.
2025-04-15 13:57:51.141 70056 WARNING oslo_config.cfg [-] Deprecated: Option "os_glance_reserved" from group "image-feature-enabled" is deprecated for removal (os_glance namespace is always reserved since Wallaby). Its value may be silently ignored in the future.
2025-04-15 13:57:51.154 70024 INFO tempest.lib.common.rest_client [req-90bdfe1c-b599-4d1f-818a-ff23d46c270f req-90bdfe1c-b599-4d1f-818a-ff23d46c270f ] Request (ServersAdminTestJSON:setUpClass): 201 POST http://10.180.1.21/identity/v3/auth/tokens 0.113s
2025-04-15 13:57:51.156 70050 WARNING oslo_config.cfg [-] Deprecated: Option "auth_version" from group "identity" is deprecated for removal (Identity v2 API was removed and v3 is the only available identity API version now). Its value may be silently ignored in the future.
2025-04-15 13:57:51.157 70050 WARNING oslo_config.cfg [-] Deprecated: Option "access_rules" from group "identity-feature-enabled" is deprecated for removal (Access rules for application credentials is a default feature since Train). Its value may be silently ignored in the future.
2025-04-15 13:57:51.158 70050 WARNING oslo_config.cfg [-] Deprecated: Option "import_image" from group "image-feature-enabled" is deprecated for removal (Issue with image import in WSGI mode was fixed in Victoria, and this feature works in any deployment architecture now.). Its value may be silently ignored in the future.
2025-04-15 13:57:51.158 70050 WARNING oslo_config.cfg [-] Deprecated: Option "os_glance_reserved" from group "image-feature-enabled" is deprecated for removal (os_glance namespace is always reserved since Wallaby). Its value may be silently ignored in the future.
2025-04-15 13:57:51.169 70031 INFO tempest.test [-] raised in LiveMigrationNegativeTest.setUpClass. Invoking tearDownClass.
2025-04-15 13:57:51.195 70004 INFO tempest.lib.common.rest_client [req-5fc6e599-2585-4fb0-b0c6-ec8d415e86bb req-5fc6e599-2585-4fb0-b0c6-ec8d415e86bb ] Request (MigrationsAdminTest:setUpClass): 201 POST http://10.180.1.21/identity/v3/auth/tokens 0.266s
2025-04-15 13:57:51.210 70010 INFO tempest.lib.common.rest_client [req-d6ab662e-8cb2-4a44-a186-ec58f6291045 req-d6ab662e-8cb2-4a44-a186-ec58f6291045 ] Request (InstanceUsageAuditLogTestJSON:setUpClass): 200 GET http://10.180.1.21/identity/v3/domains?name=Default 0.134s
2025-04-15 13:57:51.218 70000 INFO tempest.lib.common.rest_client [req-a9be3bdc-27fc-4527-85fc-190b57cd570a req-a9be3bdc-27fc-4527-85fc-190b57cd570a ] Request (QuotasAdminNegativeTest:setUpClass): 201 POST http://10.180.1.21/identity/v3/auth/tokens 0.165s
2025-04-15 13:57:51.219 70000 WARNING tempest.lib.common.rest_client [-] Deprecated: "tenant_id" property is deprecated for removal, use "project_id" instead
2025-04-15 13:57:51.232 70046 INFO tempest.lib.common.rest_client [req-a55d60ae-c57a-4261-9a3f-192d869a0bd5 req-a55d60ae-c57a-4261-9a3f-192d869a0bd5 ] Request (QuotaClassesAdmin257Test:setUpClass): 200 GET http://10.180.1.21/identity/v3/domains?name=Default 0.134s
2025-04-15 13:57:51.254 70042 INFO tempest.lib.common.rest_client [req-89418b53-42a0-4116-b29c-3c8ae61a7daf req-89418b53-42a0-4116-b29c-3c8ae61a7daf ] Request (ServerDiagnosticsTest:setUpClass): 201 POST http://10.180.1.21/identity/v3/auth/tokens 0.126s
2025-04-15 13:57:51.267 70040 INFO tempest.lib.common.rest_client [req-62266338-3759-4711-9f9e-e2f885783b9e req-62266338-3759-4711-9f9e-e2f885783b9e ] Request (AZAdminV2TestJSON:setUpClass): 201 POST http://10.180.1.21/identity/v3/auth/tokens 0.133s
2025-04-15 13:57:51.269 70024 INFO tempest.lib.common.rest_client [req-d7a78169-f0c5-4a27-baf2-9ea52733a07e req-d7a78169-f0c5-4a27-baf2-9ea52733a07e ] Request (ServersAdminTestJSON:setUpClass): 200 GET http://10.180.1.21/identity/v3/domains?name=Default 0.112s
2025-04-15 13:57:51.271 70038 INFO tempest.lib.common.rest_client [req-c0471a6a-62e8-4165-af45-1e9f6da119c1 req-c0471a6a-62e8-4165-af45-1e9f6da119c1 ] Request (ServerPasswordTestJSON:setUpClass): 201 POST http://10.180.1.21:9696/networking/v2.0/networks 0.383s
2025-04-15 13:57:51.289 70031 INFO tempest.lib.common.rest_client [req-e4727629-3bb6-4abc-8de1-91ff1b16ab96 req-e4727629-3bb6-4abc-8de1-91ff1b16ab96 ] Request (ServerExternalEventsTest:setUpClass): 201 POST http://10.180.1.21/identity/v3/auth/tokens 0.114s
2025-04-15 13:57:51.310 70004 INFO tempest.lib.common.rest_client [req-864dc260-b235-41d5-b2ae-c851a2af819f req-864dc260-b235-41d5-b2ae-c851a2af819f ] Request (MigrationsAdminTest:setUpClass): 201 POST http://10.180.1.21/identity/v3/auth/tokens 0.112s
2025-04-15 13:57:51.321 69998 INFO tempest.lib.common.rest_client [req-2dfd7ee6-9560-46ad-9710-741e65f25f08 req-2dfd7ee6-9560-46ad-9710-741e65f25f08 ] Request (FlavorsExtraSpecsTestJSON:setUpClass): 201 POST http://10.180.1.21/identity/v3/auth/tokens 0.143s
2025-04-15 13:57:51.344 70010 INFO tempest.lib.common.rest_client [req-f302bfd3-7982-4ea0-8689-bef6fb2d53ee req-f302bfd3-7982-4ea0-8689-bef6fb2d53ee ] Request (InstanceUsageAuditLogTestJSON:setUpClass): 201 POST http://10.180.1.21/identity/v3/projects 0.099s
2025-04-15 13:57:51.388 70042 INFO tempest.lib.common.rest_client [req-d04180cf-16a0-4712-8f76-f0374089346a req-d04180cf-16a0-4712-8f76-f0374089346a ] Request (ServerDiagnosticsTest:setUpClass): 200 GET http://10.180.1.21/identity/v3/domains?name=Default 0.134s
2025-04-15 13:57:51.396 70040 INFO tempest.lib.common.rest_client [req-0f137345-fbeb-4d7f-9b63-ca99c3cdd406 req-0f137345-fbeb-4d7f-9b63-ca99c3cdd406 ] Request (AZAdminV2TestJSON:setUpClass): 200 GET http://10.180.1.21/identity/v3/domains?name=Default 0.112s
2025-04-15 13:57:51.406 70046 INFO tempest.lib.common.rest_client [req-c85b377f-feb1-4914-85a6-68fa89934427 req-c85b377f-feb1-4914-85a6-68fa89934427 ] Request (QuotaClassesAdmin257Test:setUpClass): 201 POST http://10.180.1.21/identity/v3/projects 0.158s
2025-04-15 13:57:51.460 70038 INFO tempest.lib.common.rest_client [req-46a76f2b-d69b-47ea-93b6-b44df36dcfea req-46a76f2b-d69b-47ea-93b6-b44df36dcfea ] Request (ServerPasswordTestJSON:setUpClass): 201 POST http://10.180.1.21:9696/networking/v2.0/subnets 0.188s
2025-04-15 13:57:51.481 70024 INFO tempest.lib.common.rest_client [req-9c1d24a7-7b45-482d-9f26-8713a8009612 req-9c1d24a7-7b45-482d-9f26-8713a8009612 ] Request (ServersAdminTestJSON:setUpClass): 201 POST http://10.180.1.21/identity/v3/projects 0.210s
2025-04-15 13:57:51.520 70004 INFO tempest.lib.common.rest_client [req-dbd49264-d534-46ee-860b-df20e7311029 req-dbd49264-d534-46ee-860b-df20e7311029 ] Request (MigrationsAdminTest:setUpClass): 200 GET http://10.180.1.21/identity/v3/domains?name=Default 0.209s
2025-04-15 13:57:51.559 69998 INFO tempest.lib.common.rest_client [req-6a42c2b9-f6d0-41fc-9a03-ac604d395c65 req-6a42c2b9-f6d0-41fc-9a03-ac604d395c65 ] Request (FlavorsExtraSpecsTestJSON:setUpClass): 201 POST http://10.180.1.21/identity/v3/auth/tokens 0.235s
2025-04-15 13:57:51.578 70032 INFO tempest.lib.common.rest_client [req-96d621f7-9f3e-47c1-872c-a81e3d7de12e req-96d621f7-9f3e-47c1-872c-a81e3d7de12e ] Request (HypervisorAdminV253TestBase:setUpClass): 201 POST http://10.180.1.21/identity/v3/auth/tokens 0.271s
2025-04-15 13:57:51.585 70031 INFO tempest.lib.common.rest_client [req-7376128d-e56c-4655-ad6d-38b11b26b336 req-7376128d-e56c-4655-ad6d-38b11b26b336 ] Request (ServerExternalEventsTest:setUpClass): 201 POST http://10.180.1.21/identity/v3/auth/tokens 0.294s
2025-04-15 13:57:51.609 70010 INFO tempest.lib.common.rest_client [req-e97e0976-7526-495d-aae4-e95a823da451 req-e97e0976-7526-495d-aae4-e95a823da451 ] Request (InstanceUsageAuditLogTestJSON:setUpClass): 201 POST http://10.180.1.21/identity/v3/users 0.265s
2025-04-15 13:57:51.612 70012 INFO tempest.lib.common.rest_client [req-97254188-f64d-48aa-87a7-1fb0d1363bf8 req-97254188-f64d-48aa-87a7-1fb0d1363bf8 ] Request (DeleteServersAdminTestJSON:setUpClass): 201 POST http://10.180.1.21/identity/v3/auth/tokens 0.251s
2025-04-15 13:57:51.634 70046 INFO tempest.lib.common.rest_client [req-3a707071-6f71-4ea7-ad1a-1efdfa0273f9 req-3a707071-6f71-4ea7-ad1a-1efdfa0273f9 ] Request (QuotaClassesAdmin257Test:setUpClass): 201 POST http://10.180.1.21/identity/v3/users 0.226s
2025-04-15 13:57:51.634 70020 INFO tempest.lib.common.rest_client [req-7a311155-3a95-447d-9d47-31604c47d470 req-7a311155-3a95-447d-9d47-31604c47d470 ] Request (AZAdminNegativeTestJSON:setUpClass): 201 POST http://10.180.1.21/identity/v3/auth/tokens 0.265s
2025-04-15 13:57:51.655 70042 INFO tempest.lib.common.rest_client [req-6e9b3b8f-147e-4360-82d6-b80824bb4c96 req-6e9b3b8f-147e-4360-82d6-b80824bb4c96 ] Request (ServerDiagnosticsTest:setUpClass): 201 POST http://10.180.1.21/identity/v3/projects 0.253s
2025-04-15 13:57:51.660 70040 INFO tempest.lib.common.rest_client [req-ba5786ac-6ee6-410c-b119-5690ef20ff09 req-ba5786ac-6ee6-410c-b119-5690ef20ff09 ] Request (AZAdminV2TestJSON:setUpClass): 201 POST http://10.180.1.21/identity/v3/projects 0.226s
2025-04-15 13:57:51.678 70002 INFO tempest.test [-] raised in TestMultiAttachVolumeSwap.setUpClass. Invoking tearDownClass.
2025-04-15 13:57:51.705 70028 INFO tempest.lib.common.rest_client [req-7a263631-74ed-4e71-9ab0-b7182e99a53d req-7a263631-74ed-4e71-9ab0-b7182e99a53d ] Request (HypervisorAdminUnderV252Test:setUpClass): 201 POST http://10.180.1.21/identity/v3/auth/tokens 0.280s
2025-04-15 13:57:51.724 70024 INFO tempest.lib.common.rest_client [req-0dfec031-4736-495d-8949-6b2f6610ff81 req-0dfec031-4736-495d-8949-6b2f6610ff81 ] Request (ServersAdminTestJSON:setUpClass): 201 POST http://10.180.1.21/identity/v3/users 0.242s
2025-04-15 13:57:51.721 70008 INFO tempest.lib.common.rest_client [req-17bec5b2-896e-46ca-8746-f2233cf02ba0 req-17bec5b2-896e-46ca-8746-f2233cf02ba0 ] Request (KeyPairsV210TestJSON:setUpClass): 201 POST http://10.180.1.21/identity/v3/auth/tokens 0.249s
2025-04-15 13:57:51.744 70034 INFO tempest.lib.common.rest_client [req-f0943e55-1d1d-40fb-8e18-10dfc77b2caf req-f0943e55-1d1d-40fb-8e18-10dfc77b2caf ] Request (ServersWithSpecificFlavorTestJSON:setUpClass): 201 POST http://10.180.1.21/identity/v3/auth/tokens 0.263s
2025-04-15 13:57:51.747 70052 INFO tempest.lib.common.rest_client [req-e278afc4-91cc-4401-90ce-cfce67368fb3 req-e278afc4-91cc-4401-90ce-cfce67368fb3 ] Request (ServicesAdminNegativeTestJSON:setUpClass): 201 POST http://10.180.1.21/identity/v3/auth/tokens 0.230s
2025-04-15 13:57:51.770 70014 INFO tempest.lib.common.rest_client [req-94c52ee7-aaac-4961-9b01-e2cdd8dc7dbe req-94c52ee7-aaac-4961-9b01-e2cdd8dc7dbe ] Request (ServerAddressesNegativeTestJSON:setUpClass): 201 POST http://10.180.1.21/identity/v3/auth/tokens 0.224s
2025-04-15 13:57:51.770 70004 INFO tempest.lib.common.rest_client [req-e6664f98-c83f-4d3f-8e04-5cf1ff63d00d req-e6664f98-c83f-4d3f-8e04-5cf1ff63d00d ] Request (MigrationsAdminTest:setUpClass): 201 POST http://10.180.1.21/identity/v3/projects 0.248s
2025-04-15 13:57:51.822 69996 INFO tempest.lib.common.rest_client [req-584b6c73-20de-4f4f-91a0-45cefe260eae req-584b6c73-20de-4f4f-91a0-45cefe260eae ] Request (InstanceUsageAuditLogNegativeTestJSON:setUpClass): 201 POST http://10.180.1.21/identity/v3/auth/tokens 0.269s
2025-04-15 13:57:51.822 69998 INFO tempest.lib.common.rest_client [req-84df8a46-1ee9-4df4-9ea1-5763b3593ea4 req-84df8a46-1ee9-4df4-9ea1-5763b3593ea4 ] Request (FlavorsExtraSpecsTestJSON:setUpClass): 200 GET http://10.180.1.21/identity/v3/domains?name=Default 0.259s
2025-04-15 13:57:51.839 70031 INFO tempest.lib.common.rest_client [req-a82cb644-6cf2-445a-af0e-3ed3a4a854b6 req-a82cb644-6cf2-445a-af0e-3ed3a4a854b6 ] Request (ServerExternalEventsTest:setUpClass): 200 GET http://10.180.1.21/identity/v3/domains?name=Default 0.253s
2025-04-15 13:57:51.862 70032 INFO tempest.lib.common.rest_client [req-935185c4-6515-484f-bd94-5f74c503cbd4 req-935185c4-6515-484f-bd94-5f74c503cbd4 ] Request (HypervisorAdminV253TestBase:setUpClass): 201 POST http://10.180.1.21/identity/v3/auth/tokens 0.269s
2025-04-15 13:57:51.877 70010 INFO tempest.lib.common.rest_client [req-1aee43fc-b87a-44fd-8a40-44f162b5acbf req-1aee43fc-b87a-44fd-8a40-44f162b5acbf ] Request (InstanceUsageAuditLogTestJSON:setUpClass): 200 GET http://10.180.1.21/identity/v3/roles 0.268s
2025-04-15 13:57:51.897 70012 INFO tempest.lib.common.rest_client [req-7e053eee-e549-4578-abf2-933d4bb73de1 req-7e053eee-e549-4578-abf2-933d4bb73de1 ] Request (DeleteServersAdminTestJSON:setUpClass): 201 POST http://10.180.1.21/identity/v3/auth/tokens 0.282s
2025-04-15 13:57:51.907 70000 INFO tempest.lib.common.rest_client [req-1417ce87-ba66-4fde-9bf4-e3b4c90e48eb req-1417ce87-ba66-4fde-9bf4-e3b4c90e48eb ] Request (QuotasAdminNegativeTest:test_create_server_when_cpu_quota_is_full): 200 GET http://10.180.1.21/compute/v2.1/os-quota-sets/e26bb018314f41dda16ef878ef6240ea 0.671s
2025-04-15 13:57:51.908 70046 INFO tempest.lib.common.rest_client [req-79526a1c-0615-4e17-a3f4-0ec96beead68 req-79526a1c-0615-4e17-a3f4-0ec96beead68 ] Request (QuotaClassesAdmin257Test:setUpClass): 200 GET http://10.180.1.21/identity/v3/roles 0.273s
2025-04-15 13:57:51.923 70022 INFO tempest.lib.common.rest_client [req-02953285-4f62-49e4-b1c4-6576f7c7734b req-02953285-4f62-49e4-b1c4-6576f7c7734b ] Request (NetworksTest:setUpClass): 201 POST http://10.180.1.21/identity/v3/auth/tokens 0.280s
2025-04-15 13:57:51.930 70020 INFO tempest.lib.common.rest_client [req-f087f002-abdd-4c7e-bb3e-0c7f24667460 req-f087f002-abdd-4c7e-bb3e-0c7f24667460 ] Request (AZAdminNegativeTestJSON:setUpClass): 201 POST http://10.180.1.21/identity/v3/auth/tokens 0.281s
2025-04-15 13:57:51.946 70018 INFO tempest.lib.common.rest_client [req-a591950e-586b-4075-8c17-e43fa37edeab req-a591950e-586b-4075-8c17-e43fa37edeab ] Request (FlavorMetadataValidation:setUpClass): 201 POST http://10.180.1.21/identity/v3/auth/tokens 0.297s
2025-04-15 13:57:51.951 70042 INFO tempest.lib.common.rest_client [req-922b9925-d2dd-4bda-a87b-a237f0b3814b req-922b9925-d2dd-4bda-a87b-a237f0b3814b ] Request (ServerDiagnosticsTest:setUpClass): 201 POST http://10.180.1.21/identity/v3/users 0.295s
2025-04-15 13:57:51.967 70040 INFO tempest.lib.common.rest_client [req-b7f677a6-5b4f-40a0-8a6c-fad8e97fe3ea req-b7f677a6-5b4f-40a0-8a6c-fad8e97fe3ea ] Request (AZAdminV2TestJSON:setUpClass): 201 POST http://10.180.1.21/identity/v3/users 0.306s
2025-04-15 13:57:51.972 70048 INFO tempest.lib.common.rest_client [req-778af94a-b045-4686-804d-8bcc69512896 req-778af94a-b045-4686-804d-8bcc69512896 ] Request (ServicesAdminTestJSON:setUpClass): 201 POST http://10.180.1.21/identity/v3/auth/tokens 0.290s
2025-04-15 13:57:51.992 70002 INFO tempest.lib.common.rest_client [req-1dbaaa28-e2da-4757-a568-351377f9ab61 req-1dbaaa28-e2da-4757-a568-351377f9ab61 ] Request (FloatingIPsTestJSON:setUpClass): 201 POST http://10.180.1.21/identity/v3/auth/tokens 0.308s
2025-04-15 13:57:51.997 70036 INFO tempest.lib.common.rest_client [req-1a37724c-5f72-4d1e-8557-ddc405776d40 req-1a37724c-5f72-4d1e-8557-ddc405776d40 ] Request (VolumesAssistedSnapshotsTest:setUpClass): 201 POST http://10.180.1.21/identity/v3/auth/tokens 0.307s
2025-04-15 13:57:52.015 70006 INFO tempest.lib.common.rest_client [req-f9944bd5-4cdf-4060-8b1b-71614d0f4605 req-f9944bd5-4cdf-4060-8b1b-71614d0f4605 ] Request (FlavorsAccessTestJSON:setUpClass): 201 POST http://10.180.1.21/identity/v3/auth/tokens 0.309s
2025-04-15 13:57:52.017 70028 INFO tempest.lib.common.rest_client [req-84d55cb8-3f8f-4d96-851f-a4035e29baf5 req-84d55cb8-3f8f-4d96-851f-a4035e29baf5 ] Request (HypervisorAdminUnderV252Test:setUpClass): 201 POST http://10.180.1.21/identity/v3/auth/tokens 0.306s
2025-04-15 13:57:52.030 70024 INFO tempest.lib.common.rest_client [req-e2d426db-c6d6-4e89-81aa-8b3212ec459d req-e2d426db-c6d6-4e89-81aa-8b3212ec459d ] Request (ServersAdminTestJSON:setUpClass): 200 GET http://10.180.1.21/identity/v3/roles 0.305s
2025-04-15 13:57:52.038 70008 INFO tempest.lib.common.rest_client [req-9acf6a36-3d5a-495a-b659-b514ad0e6c1a req-9acf6a36-3d5a-495a-b659-b514ad0e6c1a ] Request (KeyPairsV210TestJSON:setUpClass): 201 POST http://10.180.1.21/identity/v3/auth/tokens 0.304s
2025-04-15 13:57:52.050 70056 INFO tempest.lib.common.rest_client [req-c630972c-2def-43b1-baa2-0742aa0f3fc2 req-c630972c-2def-43b1-baa2-0742aa0f3fc2 ] Request (HypervisorAdminV228Test:setUpClass): 201 POST http://10.180.1.21/identity/v3/auth/tokens 0.300s
2025-04-15 13:57:52.058 70052 INFO tempest.lib.common.rest_client [req-5eea0f8f-5907-411a-ac08-4cbcf725b42c req-5eea0f8f-5907-411a-ac08-4cbcf725b42c ] Request (ServicesAdminNegativeTestJSON:setUpClass): 201 POST http://10.180.1.21/identity/v3/auth/tokens 0.308s
2025-04-15 13:57:52.071 70034 INFO tempest.lib.common.rest_client [req-38ea39cf-2c53-4b08-8425-3d42976d729b req-38ea39cf-2c53-4b08-8425-3d42976d729b ] Request (ServersWithSpecificFlavorTestJSON:setUpClass): 201 POST http://10.180.1.21/identity/v3/auth/tokens 0.316s
2025-04-15 13:57:52.079 70016 INFO tempest.lib.common.rest_client [req-c0c3ea90-64b3-4314-9284-cf8667a56366 req-c0c3ea90-64b3-4314-9284-cf8667a56366 ] Request (QuotaClassesAdminTestJSON:setUpClass): 201 POST http://10.180.1.21/identity/v3/auth/tokens 0.321s
2025-04-15 13:57:52.093 70004 INFO tempest.lib.common.rest_client [req-ae3f0f85-788b-466b-9d75-ed62772dbb82 req-ae3f0f85-788b-466b-9d75-ed62772dbb82 ] Request (MigrationsAdminTest:setUpClass): 201 POST http://10.180.1.21/identity/v3/users 0.321s
2025-04-15 13:57:52.102 70058 INFO tempest.lib.common.rest_client [req-f7f02d19-608b-4293-912b-7727bade2124 req-f7f02d19-608b-4293-912b-7727bade2124 ] Request (FlavorsV255TestJSON:setUpClass): 201 POST http://10.180.1.21/identity/v3/auth/tokens 0.334s
2025-04-15 13:57:52.116 70014 INFO tempest.lib.common.rest_client [req-edade704-d1e8-43f5-bfee-442814d4a428 req-edade704-d1e8-43f5-bfee-442814d4a428 ] Request (ServerAddressesNegativeTestJSON:setUpClass): 201 POST http://10.180.1.21/identity/v3/auth/tokens 0.342s
2025-04-15 13:57:52.127 70026 INFO tempest.lib.common.rest_client [req-fe05b5c0-3c48-463c-99ff-e362cc021d5f req-fe05b5c0-3c48-463c-99ff-e362cc021d5f ] Request (FlavorsAccessNegativeTestJSON:setUpClass): 201 POST http://10.180.1.21/identity/v3/auth/tokens 0.351s
2025-04-15 13:57:52.138 69998 INFO tempest.lib.common.rest_client [req-a8a3d285-b41e-468e-893b-62cbb358250e req-a8a3d285-b41e-468e-893b-62cbb358250e ] Request (FlavorsExtraSpecsTestJSON:setUpClass): 201 POST http://10.180.1.21/identity/v3/projects 0.314s
2025-04-15 13:57:52.162 70038 INFO tempest.lib.common.rest_client [req-02b0d6f7-11f8-418a-9e51-67014f172ca8 req-02b0d6f7-11f8-418a-9e51-67014f172ca8 ] Request (ServerPasswordTestJSON:setUpClass): 201 POST http://10.180.1.21:9696/networking/v2.0/routers 0.701s
2025-04-15 13:57:52.177 70044 INFO tempest.lib.common.rest_client [req-d6aecad0-733d-462b-ac0a-26a981443d6b req-d6aecad0-733d-462b-ac0a-26a981443d6b ] Request (FlavorsAdminTestJSON:setUpClass): 201 POST http://10.180.1.21/identity/v3/auth/tokens 0.352s
2025-04-15 13:57:52.187 69996 INFO tempest.lib.common.rest_client [req-0ccca9b9-7676-4691-889f-2bcb5ec22d8b req-0ccca9b9-7676-4691-889f-2bcb5ec22d8b ] Request (InstanceUsageAuditLogNegativeTestJSON:setUpClass): 201 POST http://10.180.1.21/identity/v3/auth/tokens 0.359s
2025-04-15 13:57:52.208 70031 INFO tempest.lib.common.rest_client [req-dbefa78f-2b3a-48a4-9885-c7c0d0b34f84 req-dbefa78f-2b3a-48a4-9885-c7c0d0b34f84 ] Request (ServerExternalEventsTest:setUpClass): 201 POST http://10.180.1.21/identity/v3/projects 0.367s
2025-04-15 13:57:52.211 70050 INFO tempest.lib.common.rest_client [req-c61cb5cf-9fb1-4d30-ab8e-145a1fb2d0f1 req-c61cb5cf-9fb1-4d30-ab8e-145a1fb2d0f1 ] Request (AggregatesAdminNegativeTestJSON:setUpClass): 201 POST http://10.180.1.21/identity/v3/auth/tokens 0.353s
2025-04-15 13:57:52.256 70010 INFO tempest.lib.common.rest_client [req-5f8d460b-f6eb-4642-87fc-f0d76f010454 req-5f8d460b-f6eb-4642-87fc-f0d76f010454 ] Request (InstanceUsageAuditLogTestJSON:setUpClass): 204 PUT http://10.180.1.21/identity/v3/projects/b44e1c1d57da466fbf4dbc4d80d8d6d8/users/27e3d663bf8f425badf171c81689f1d6/roles/0f44c9ff837f43259ec203b3b1347fd8 0.378s
2025-04-15 13:57:52.256 70010 INFO tempest.lib.common.dynamic_creds [-] Dynamic test user 27e3d663bf8f425badf171c81689f1d6 is created with scope project and roles: ['member']
2025-04-15 13:57:52.256 70010 INFO tempest.lib.common.dynamic_creds [-] Acquired dynamic creds: credentials: Credentials: {'domain_id': 'default', 'domain_name': 'Default', 'username': 'tempest-InstanceUsageAuditLogTestJSON-1346907537-project-member', 'project_domain_id': 'default', 'project_domain_name': 'Default', 'project_id': 'b44e1c1d57da466fbf4dbc4d80d8d6d8', 'project_name': 'tempest-InstanceUsageAuditLogTestJSON-1346907537', 'tenant_id': 'b44e1c1d57da466fbf4dbc4d80d8d6d8', 'tenant_name': 'tempest-InstanceUsageAuditLogTestJSON-1346907537', 'user_domain_id': 'default', 'user_domain_name': 'Default', 'user_id': '27e3d663bf8f425badf171c81689f1d6', 'system': None}, Network: None, Subnet: None, Router: None
2025-04-15 13:57:52.256 70010 INFO tempest.lib.common.dynamic_creds [-] Created isolated network resources for: credentials: Credentials: {'domain_id': 'default', 'domain_name': 'Default', 'username': 'tempest-InstanceUsageAuditLogTestJSON-1346907537-project-member', 'project_domain_id': 'default', 'project_domain_name': 'Default', 'project_id': 'b44e1c1d57da466fbf4dbc4d80d8d6d8', 'project_name': 'tempest-InstanceUsageAuditLogTestJSON-1346907537', 'tenant_id': 'b44e1c1d57da466fbf4dbc4d80d8d6d8', 'tenant_name': 'tempest-InstanceUsageAuditLogTestJSON-1346907537', 'user_domain_id': 'default', 'user_domain_name': 'Default', 'user_id': '27e3d663bf8f425badf171c81689f1d6', 'system': None}, Network: None, Subnet: None, Router: None
2025-04-15 13:57:52.259 70032 INFO tempest.lib.common.rest_client [req-79ac93d4-c90b-427d-be70-86f136a6b8fc req-79ac93d4-c90b-427d-be70-86f136a6b8fc ] Request (HypervisorAdminV253TestBase:setUpClass): 200 GET http://10.180.1.21/identity/v3/domains?name=Default 0.397s
2025-04-15 13:57:52.299 70012 INFO tempest.lib.common.rest_client [req-f96b175f-269e-4ae7-b68b-d503b87c6d08 req-f96b175f-269e-4ae7-b68b-d503b87c6d08 ] Request (DeleteServersAdminTestJSON:setUpClass): 200 GET http://10.180.1.21/identity/v3/domains?name=Default 0.401s
2025-04-15 13:57:52.308 70054 INFO tempest.lib.common.rest_client [req-5946deda-a183-458e-9d06-22e93a3e23a4 req-5946deda-a183-458e-9d06-22e93a3e23a4 ] Request (HostsAdminTestJSON:setUpClass): 201 POST http://10.180.1.21/identity/v3/auth/tokens 0.403s
2025-04-15 13:57:52.323 70046 INFO tempest.lib.common.rest_client [req-fb151cee-c11d-41d3-b027-f55ba6d9e419 req-fb151cee-c11d-41d3-b027-f55ba6d9e419 ] Request (QuotaClassesAdmin257Test:setUpClass): 204 PUT http://10.180.1.21/identity/v3/projects/0264f2942130416d9fe016746e335ba1/users/5ef8af07286b469d80e12f264fee81fb/roles/0f44c9ff837f43259ec203b3b1347fd8 0.414s
2025-04-15 13:57:52.323 70046 INFO tempest.lib.common.dynamic_creds [-] Dynamic test user 5ef8af07286b469d80e12f264fee81fb is created with scope project and roles: ['member']
2025-04-15 13:57:52.323 70046 INFO tempest.lib.common.dynamic_creds [-] Acquired dynamic creds: credentials: Credentials: {'domain_id': 'default', 'domain_name': 'Default', 'username': 'tempest-QuotaClassesAdmin257Test-2098681359-project-member', 'project_domain_id': 'default', 'project_domain_name': 'Default', 'project_id': '0264f2942130416d9fe016746e335ba1', 'project_name': 'tempest-QuotaClassesAdmin257Test-2098681359', 'tenant_id': '0264f2942130416d9fe016746e335ba1', 'tenant_name': 'tempest-QuotaClassesAdmin257Test-2098681359', 'user_domain_id': 'default', 'user_domain_name': 'Default', 'user_id': '5ef8af07286b469d80e12f264fee81fb', 'system': None}, Network: None, Subnet: None, Router: None
2025-04-15 13:57:52.324 70046 INFO tempest.lib.common.dynamic_creds [-] Created isolated network resources for: credentials: Credentials: {'domain_id': 'default', 'domain_name': 'Default', 'username': 'tempest-QuotaClassesAdmin257Test-2098681359-project-member', 'project_domain_id': 'default', 'project_domain_name': 'Default', 'project_id': '0264f2942130416d9fe016746e335ba1', 'project_name': 'tempest-QuotaClassesAdmin257Test-2098681359', 'tenant_id': '0264f2942130416d9fe016746e335ba1', 'tenant_name': 'tempest-QuotaClassesAdmin257Test-2098681359', 'user_domain_id': 'default', 'user_domain_name': 'Default', 'user_id': '5ef8af07286b469d80e12f264fee81fb', 'system': None}, Network: None, Subnet: None, Router: None
2025-04-15 13:57:52.359 70022 INFO tempest.lib.common.rest_client [req-9d8267f5-6647-4b4a-9fa8-48dbc73b20cf req-9d8267f5-6647-4b4a-9fa8-48dbc73b20cf ] Request (NetworksTest:setUpClass): 201 POST http://10.180.1.21/identity/v3/auth/tokens 0.433s
2025-04-15 13:57:52.377 70020 INFO tempest.lib.common.rest_client [req-b3736517-09ee-412e-8a9d-21fc5f1173e7 req-b3736517-09ee-412e-8a9d-21fc5f1173e7 ] Request (AZAdminNegativeTestJSON:setUpClass): 200 GET http://10.180.1.21/identity/v3/domains?name=Default 0.446s
2025-04-15 13:57:52.381 70018 INFO tempest.lib.common.rest_client [req-c467358e-e682-49c4-8234-7a1446d6dbc4 req-c467358e-e682-49c4-8234-7a1446d6dbc4 ] Request (FlavorMetadataValidation:setUpClass): 201 POST http://10.180.1.21/identity/v3/auth/tokens 0.433s
2025-04-15 13:57:52.396 70040 INFO tempest.lib.common.rest_client [req-f8452d60-d38e-4e7a-8ecc-e0e3707f1154 req-f8452d60-d38e-4e7a-8ecc-e0e3707f1154 ] Request (AZAdminV2TestJSON:setUpClass): 200 GET http://10.180.1.21/identity/v3/roles 0.428s
2025-04-15 13:57:52.396 70042 INFO tempest.lib.common.rest_client [req-ac6477b3-a7cf-463b-b8a5-f2ee7e59c26f req-ac6477b3-a7cf-463b-b8a5-f2ee7e59c26f ] Request (ServerDiagnosticsTest:setUpClass): 200 GET http://10.180.1.21/identity/v3/roles 0.444s
2025-04-15 13:57:52.416 70048 INFO tempest.lib.common.rest_client [req-c86b6d9d-0535-4bfa-9992-c6835a82f416 req-c86b6d9d-0535-4bfa-9992-c6835a82f416 ] Request (ServicesAdminTestJSON:setUpClass): 201 POST http://10.180.1.21/identity/v3/auth/tokens 0.441s
2025-04-15 13:57:52.420 70002 INFO tempest.lib.common.rest_client [req-b1c3c3cb-944f-499f-81f3-ead7e8d5733e req-b1c3c3cb-944f-499f-81f3-ead7e8d5733e ] Request (FloatingIPsTestJSON:setUpClass): 201 POST http://10.180.1.21/identity/v3/auth/tokens 0.426s
2025-04-15 13:57:52.437 70036 INFO tempest.lib.common.rest_client [req-abf61aef-bcf7-4364-8981-5440685eb8d3 req-abf61aef-bcf7-4364-8981-5440685eb8d3 ] Request (VolumesAssistedSnapshotsTest:setUpClass): 201 POST http://10.180.1.21/identity/v3/auth/tokens 0.437s
2025-04-15 13:57:52.443 70006 INFO tempest.lib.common.rest_client [req-a7d9035e-7113-419f-8b5f-8cb0a6b4fd5e req-a7d9035e-7113-419f-8b5f-8cb0a6b4fd5e ] Request (FlavorsAccessTestJSON:setUpClass): 201 POST http://10.180.1.21/identity/v3/auth/tokens 0.426s
2025-04-15 13:57:52.456 70028 INFO tempest.lib.common.rest_client [req-b58f7d32-998e-4f15-9080-64825ae5c0e1 req-b58f7d32-998e-4f15-9080-64825ae5c0e1 ] Request (HypervisorAdminUnderV252Test:setUpClass): 200 GET http://10.180.1.21/identity/v3/domains?name=Default 0.438s
2025-04-15 13:57:52.467 70024 INFO tempest.lib.common.rest_client [req-f0a7a5a8-983e-49bb-883e-ac467113f121 req-f0a7a5a8-983e-49bb-883e-ac467113f121 ] Request (ServersAdminTestJSON:setUpClass): 204 PUT http://10.180.1.21/identity/v3/projects/e19b3028a0a1419086e189082ce755b8/users/55f3d834bba2496889627f29dfdcf6a1/roles/0f44c9ff837f43259ec203b3b1347fd8 0.437s
2025-04-15 13:57:52.467 70024 INFO tempest.lib.common.dynamic_creds [-] Dynamic test user 55f3d834bba2496889627f29dfdcf6a1 is created with scope project and roles: ['member']
2025-04-15 13:57:52.468 70024 INFO tempest.lib.common.dynamic_creds [-] Acquired dynamic creds: credentials: Credentials: {'domain_id': 'default', 'domain_name': 'Default', 'username': 'tempest-ServersAdminTestJSON-1395298346-project-member', 'project_domain_id': 'default', 'project_domain_name': 'Default', 'project_id': 'e19b3028a0a1419086e189082ce755b8', 'project_name': 'tempest-ServersAdminTestJSON-1395298346', 'tenant_id': 'e19b3028a0a1419086e189082ce755b8', 'tenant_name': 'tempest-ServersAdminTestJSON-1395298346', 'user_domain_id': 'default', 'user_domain_name': 'Default', 'user_id': '55f3d834bba2496889627f29dfdcf6a1', 'system': None}, Network: None, Subnet: None, Router: None
2025-04-15 13:57:52.512 70008 INFO tempest.lib.common.rest_client [req-ee4019c3-b202-4192-ade4-fe3d5caee13f req-ee4019c3-b202-4192-ade4-fe3d5caee13f ] Request (KeyPairsV210TestJSON:setUpClass): 200 GET http://10.180.1.21/identity/v3/domains?name=Default 0.474s
2025-04-15 13:57:52.525 70056 INFO tempest.lib.common.rest_client [req-e622e8b5-57dd-41e7-9bea-d59b72d63559 req-e622e8b5-57dd-41e7-9bea-d59b72d63559 ] Request (HypervisorAdminV228Test:setUpClass): 201 POST http://10.180.1.21/identity/v3/auth/tokens 0.473s
2025-04-15 13:57:52.538 70052 INFO tempest.lib.common.rest_client [req-c19f4e0d-45e4-4d3b-8f0f-25e83439c4dd req-c19f4e0d-45e4-4d3b-8f0f-25e83439c4dd ] Request (ServicesAdminNegativeTestJSON:setUpClass): 200 GET http://10.180.1.21/identity/v3/domains?name=Default 0.479s
2025-04-15 13:57:52.543 70034 INFO tempest.lib.common.rest_client [req-485ea992-2589-4c1c-bd89-c8d967ceadaf req-485ea992-2589-4c1c-bd89-c8d967ceadaf ] Request (ServersWithSpecificFlavorTestJSON:setUpClass): 200 GET http://10.180.1.21/identity/v3/domains?name=Default 0.471s
2025-04-15 13:57:52.574 70016 INFO tempest.lib.common.rest_client [req-26932799-e1f8-4134-b249-e5d3b5816bce req-26932799-e1f8-4134-b249-e5d3b5816bce ] Request (QuotaClassesAdminTestJSON:setUpClass): 201 POST http://10.180.1.21/identity/v3/auth/tokens 0.492s
2025-04-15 13:57:52.577 70004 INFO tempest.lib.common.rest_client [req-08b4fcef-50f1-4e8c-9044-dccdb586dcca req-08b4fcef-50f1-4e8c-9044-dccdb586dcca ] Request (MigrationsAdminTest:setUpClass): 200 GET http://10.180.1.21/identity/v3/roles 0.484s
2025-04-15 13:57:52.598 70058 INFO tempest.lib.common.rest_client [req-589d4911-2f86-4e95-98e2-7d2e26b3de8d req-589d4911-2f86-4e95-98e2-7d2e26b3de8d ] Request (FlavorsV255TestJSON:setUpClass): 201 POST http://10.180.1.21/identity/v3/auth/tokens 0.489s
2025-04-15 13:57:52.600 70014 INFO tempest.lib.common.rest_client [req-45e0f5af-ee7d-407a-8ea1-a84b892f2f43 req-45e0f5af-ee7d-407a-8ea1-a84b892f2f43 ] Request (ServerAddressesNegativeTestJSON:setUpClass): 200 GET http://10.180.1.21/identity/v3/domains?name=Default 0.483s
2025-04-15 13:57:52.627 69998 INFO tempest.lib.common.rest_client [req-569a0b69-8bd3-42e0-8633-f292f4a3eaa8 req-569a0b69-8bd3-42e0-8633-f292f4a3eaa8 ] Request (FlavorsExtraSpecsTestJSON:setUpClass): 201 POST http://10.180.1.21/identity/v3/users 0.488s
2025-04-15 13:57:52.630 70026 INFO tempest.lib.common.rest_client [req-c5575928-ec0b-4131-b710-d15fe173bfa1 req-c5575928-ec0b-4131-b710-d15fe173bfa1 ] Request (FlavorsAccessNegativeTestJSON:setUpClass): 201 POST http://10.180.1.21/identity/v3/auth/tokens 0.499s
2025-04-15 13:57:52.649 69996 INFO tempest.lib.common.rest_client [req-147c02c8-63c4-452f-9bc3-e104293d6568 req-147c02c8-63c4-452f-9bc3-e104293d6568 ] Request (InstanceUsageAuditLogNegativeTestJSON:setUpClass): 200 GET http://10.180.1.21/identity/v3/domains?name=Default 0.461s
2025-04-15 13:57:52.652 70044 INFO tempest.lib.common.rest_client [req-488c55e4-be6b-466f-9b0d-14e7a915597b req-488c55e4-be6b-466f-9b0d-14e7a915597b ] Request (FlavorsAdminTestJSON:setUpClass): 201 POST http://10.180.1.21/identity/v3/auth/tokens 0.472s
2025-04-15 13:57:52.672 70050 INFO tempest.lib.common.rest_client [req-3b911c98-2417-4000-9eb1-108f42c277af req-3b911c98-2417-4000-9eb1-108f42c277af ] Request (AggregatesAdminNegativeTestJSON:setUpClass): 201 POST http://10.180.1.21/identity/v3/auth/tokens 0.458s
2025-04-15 13:57:52.672 70031 INFO tempest.lib.common.rest_client [req-8148a9a9-8bf5-4866-8b8e-b18b715c367c req-8148a9a9-8bf5-4866-8b8e-b18b715c367c ] Request (ServerExternalEventsTest:setUpClass): 201 POST http://10.180.1.21/identity/v3/users 0.463s
2025-04-15 13:57:52.694 70012 INFO tempest.lib.common.rest_client [req-2a3749f6-cc19-41e4-ad46-eb60d403d4d0 req-2a3749f6-cc19-41e4-ad46-eb60d403d4d0 ] Request (DeleteServersAdminTestJSON:setUpClass): 201 POST http://10.180.1.21/identity/v3/projects 0.392s
2025-04-15 13:57:52.699 70032 INFO tempest.lib.common.rest_client [req-75942055-8a9a-4053-b5cc-b33874e928e1 req-75942055-8a9a-4053-b5cc-b33874e928e1 ] Request (HypervisorAdminV253TestBase:setUpClass): 201 POST http://10.180.1.21/identity/v3/projects 0.437s
2025-04-15 13:57:52.757 70010 INFO tempest.lib.common.rest_client [req-96a8b324-0f1b-4305-9748-5ed5f8ef847e req-96a8b324-0f1b-4305-9748-5ed5f8ef847e ] Request (InstanceUsageAuditLogTestJSON:setUpClass): 201 POST http://10.180.1.21/identity/v3/auth/tokens 0.450s
2025-04-15 13:57:52.812 70054 INFO tempest.lib.common.rest_client [req-2ca6ca84-7260-41f2-b0f4-26f21ac97155 req-2ca6ca84-7260-41f2-b0f4-26f21ac97155 ] Request (HostsAdminTestJSON:setUpClass): 201 POST http://10.180.1.21/identity/v3/auth/tokens 0.502s
2025-04-15 13:57:52.836 70000 INFO tempest.lib.common.rest_client [req-aba332d0-cbf7-43d7-b73b-13a71d55699d req-aba332d0-cbf7-43d7-b73b-13a71d55699d ] Request (QuotasAdminNegativeTest:test_create_server_when_cpu_quota_is_full): 200 PUT http://10.180.1.21/compute/v2.1/os-quota-sets/e26bb018314f41dda16ef878ef6240ea 0.925s
2025-04-15 13:57:52.842 70022 INFO tempest.lib.common.rest_client [req-767c42f7-507f-45c6-acd5-8fbdf3e41167 req-767c42f7-507f-45c6-acd5-8fbdf3e41167 ] Request (NetworksTest:setUpClass): 200 GET http://10.180.1.21/identity/v3/domains?name=Default 0.482s
2025-04-15 13:57:52.868 70020 INFO tempest.lib.common.rest_client [req-55070eb3-92ee-41c9-9643-c2cc35cca5c9 req-55070eb3-92ee-41c9-9643-c2cc35cca5c9 ] Request (AZAdminNegativeTestJSON:setUpClass): 201 POST http://10.180.1.21/identity/v3/projects 0.488s
2025-04-15 13:57:52.871 70046 INFO tempest.lib.common.rest_client [req-6fe24aa8-c3bf-4eb4-ba9f-62fa6969db4b req-6fe24aa8-c3bf-4eb4-ba9f-62fa6969db4b ] Request (QuotaClassesAdmin257Test:setUpClass): 201 POST http://10.180.1.21/identity/v3/auth/tokens 0.493s
2025-04-15 13:57:52.924 70018 INFO tempest.lib.common.rest_client [req-0ad587eb-5cf1-4c24-bd17-bb3610a4ee66 req-0ad587eb-5cf1-4c24-bd17-bb3610a4ee66 ] Request (FlavorMetadataValidation:setUpClass): 200 GET http://10.180.1.21/identity/v3/domains?name=Default 0.542s
2025-04-15 13:57:52.925 70040 INFO tempest.lib.common.rest_client [req-9da1d73b-93c7-4c2a-a7eb-e626eb012e91 req-9da1d73b-93c7-4c2a-a7eb-e626eb012e91 ] Request (AZAdminV2TestJSON:setUpClass): 204 PUT http://10.180.1.21/identity/v3/projects/e2902d64ef94427f85849436e7d3630f/users/24dc37bff5894fa9a4d3be51b123af43/roles/0f44c9ff837f43259ec203b3b1347fd8 0.529s
2025-04-15 13:57:52.925 70040 INFO tempest.lib.common.dynamic_creds [-] Dynamic test user 24dc37bff5894fa9a4d3be51b123af43 is created with scope project and roles: ['member']
2025-04-15 13:57:52.925 70040 INFO tempest.lib.common.dynamic_creds [-] Acquired dynamic creds: credentials: Credentials: {'domain_id': 'default', 'domain_name': 'Default', 'username': 'tempest-AZAdminV2TestJSON-1300687348-project-member', 'project_domain_id': 'default', 'project_domain_name': 'Default', 'project_id': 'e2902d64ef94427f85849436e7d3630f', 'project_name': 'tempest-AZAdminV2TestJSON-1300687348', 'tenant_id': 'e2902d64ef94427f85849436e7d3630f', 'tenant_name': 'tempest-AZAdminV2TestJSON-1300687348', 'user_domain_id': 'default', 'user_domain_name': 'Default', 'user_id': '24dc37bff5894fa9a4d3be51b123af43', 'system': None}, Network: None, Subnet: None, Router: None
2025-04-15 13:57:52.925 70040 INFO tempest.lib.common.dynamic_creds [-] Created isolated network resources for: credentials: Credentials: {'domain_id': 'default', 'domain_name': 'Default', 'username': 'tempest-AZAdminV2TestJSON-1300687348-project-member', 'project_domain_id': 'default', 'project_domain_name': 'Default', 'project_id': 'e2902d64ef94427f85849436e7d3630f', 'project_name': 'tempest-AZAdminV2TestJSON-1300687348', 'tenant_id': 'e2902d64ef94427f85849436e7d3630f', 'tenant_name': 'tempest-AZAdminV2TestJSON-1300687348', 'user_domain_id': 'default', 'user_domain_name': 'Default', 'user_id': '24dc37bff5894fa9a4d3be51b123af43', 'system': None}, Network: None, Subnet: None, Router: None
2025-04-15 13:57:52.947 70038 INFO tempest.lib.common.rest_client [req-7cab9046-facd-4eaf-b9b2-d4e8d9d73ed1 req-7cab9046-facd-4eaf-b9b2-d4e8d9d73ed1 ] Request (ServerPasswordTestJSON:setUpClass): 200 PUT http://10.180.1.21:9696/networking/v2.0/routers/7cd69713-38f2-4750-b93b-1cf922b7df38/add_router_interface 0.785s
2025-04-15 13:57:52.947 70038 INFO tempest.lib.common.dynamic_creds [-] Created isolated network resources for: credentials: Credentials: {'domain_id': 'default', 'domain_name': 'Default', 'username': 'tempest-ServerPasswordTestJSON-1084898880-project-member', 'project_domain_id': 'default', 'project_domain_name': 'Default', 'project_id': 'ba2f3b3c67c14f069b74a7a9e6eeda78', 'project_name': 'tempest-ServerPasswordTestJSON-1084898880', 'tenant_id': 'ba2f3b3c67c14f069b74a7a9e6eeda78', 'tenant_name': 'tempest-ServerPasswordTestJSON-1084898880', 'user_domain_id': 'default', 'user_domain_name': 'Default', 'user_id': 'dac45f369d7747c79cd7200d6ef98ebd', 'system': None}, Network: {'id': '516b32c2-a814-48af-ad26-4e8b53a122cb', 'name': 'tempest-ServerPasswordTestJSON-250399623-network', 'tenant_id': 'ba2f3b3c67c14f069b74a7a9e6eeda78', 'admin_state_up': True, 'mtu': 8950, 'status': 'ACTIVE', 'subnets': [], 'shared': False, 'project_id': 'ba2f3b3c67c14f069b74a7a9e6eeda78', 'port_security_enabled': True, 'router:external': False, 'provider:network_type': 'vlan', 'provider:physical_network': 'default', 'provider:segmentation_id': 405, 'availability_zone_hints': [], 'availability_zones': [], 'ipv4_address_scope': None, 'ipv6_address_scope': None, 'description': '', 'tags': [], 'created_at': '2025-04-15T13:57:51Z', 'updated_at': '2025-04-15T13:57:51Z', 'revision_number': 1}, Subnet: {'id': '1a2a92f9-7c43-4147-b7a8-f0bc7f6a9a7f', 'name': 'tempest-ServerPasswordTestJSON-250399623-subnet', 'tenant_id': 'ba2f3b3c67c14f069b74a7a9e6eeda78', 'network_id': '516b32c2-a814-48af-ad26-4e8b53a122cb', 'ip_version': 4, 'subnetpool_id': None, 'enable_dhcp': True, 'ipv6_ra_mode': None, 'ipv6_address_mode': None, 'gateway_ip': '192.168.128.1', 'cidr': '192.168.128.0/28', 'allocation_pools': [{'start': '192.168.128.2', 'end': '192.168.128.14'}], 'host_routes': [], 'dns_nameservers': [], 'description': '', 'router:external': False, 'service_types': [], 'tags': [], 'created_at': '2025-04-15T13:57:51Z', 'updated_at': '2025-04-15T13:57:51Z', 'revision_number': 0, 'project_id': 'ba2f3b3c67c14f069b74a7a9e6eeda78'}, Router: {'id': '7cd69713-38f2-4750-b93b-1cf922b7df38', 'name': 'tempest-ServerPasswordTestJSON-250399623-router', 'tenant_id': 'ba2f3b3c67c14f069b74a7a9e6eeda78', 'admin_state_up': True, 'status': 'ACTIVE', 'external_gateway_info': {'network_id': 'c1de1f27-1467-480d-b98a-8c7f7f3fac6c', 'external_fixed_ips': [{'subnet_id': 'ece10c31-e5e6-4019-be05-375700e18935', 'ip_address': '10.180.180.154'}], 'enable_snat': True}, 'description': '', 'availability_zones': [], 'distributed': False, 'ha': False, 'availability_zone_hints': [], 'routes': [], 'flavor_id': None, 'tags': [], 'created_at': '2025-04-15T13:57:51Z', 'updated_at': '2025-04-15T13:57:51Z', 'revision_number': 2, 'project_id': 'ba2f3b3c67c14f069b74a7a9e6eeda78'}
2025-04-15 13:57:52.975 70042 INFO tempest.lib.common.rest_client [req-4188ec93-d73c-4cf5-8502-ed6e89cbe840 req-4188ec93-d73c-4cf5-8502-ed6e89cbe840 ] Request (ServerDiagnosticsTest:setUpClass): 204 PUT http://10.180.1.21/identity/v3/projects/87ecb6299be04ab2ad8f82eb8caa0c37/users/9bd656e731b34536a676ab7860cc7cc0/roles/0f44c9ff837f43259ec203b3b1347fd8 0.578s
2025-04-15 13:57:52.975 70042 INFO tempest.lib.common.dynamic_creds [-] Dynamic test user 9bd656e731b34536a676ab7860cc7cc0 is created with scope project and roles: ['member']
2025-04-15 13:57:52.976 70042 INFO tempest.lib.common.dynamic_creds [-] Acquired dynamic creds: credentials: Credentials: {'domain_id': 'default', 'domain_name': 'Default', 'username': 'tempest-ServerDiagnosticsTest-1626362626-project-member', 'project_domain_id': 'default', 'project_domain_name': 'Default', 'project_id': '87ecb6299be04ab2ad8f82eb8caa0c37', 'project_name': 'tempest-ServerDiagnosticsTest-1626362626', 'tenant_id': '87ecb6299be04ab2ad8f82eb8caa0c37', 'tenant_name': 'tempest-ServerDiagnosticsTest-1626362626', 'user_domain_id': 'default', 'user_domain_name': 'Default', 'user_id': '9bd656e731b34536a676ab7860cc7cc0', 'system': None}, Network: None, Subnet: None, Router: None
2025-04-15 13:57:52.976 70042 INFO tempest.lib.common.dynamic_creds [-] Created isolated network resources for: credentials: Credentials: {'domain_id': 'default', 'domain_name': 'Default', 'username': 'tempest-ServerDiagnosticsTest-1626362626-project-member', 'project_domain_id': 'default', 'project_domain_name': 'Default', 'project_id': '87ecb6299be04ab2ad8f82eb8caa0c37', 'project_name': 'tempest-ServerDiagnosticsTest-1626362626', 'tenant_id': '87ecb6299be04ab2ad8f82eb8caa0c37', 'tenant_name': 'tempest-ServerDiagnosticsTest-1626362626', 'user_domain_id': 'default', 'user_domain_name': 'Default', 'user_id': '9bd656e731b34536a676ab7860cc7cc0', 'system': None}, Network: None, Subnet: None, Router: None
2025-04-15 13:57:52.977 70048 INFO tempest.lib.common.rest_client [req-513226ad-0cba-4aee-a9d5-ae23410277ba req-513226ad-0cba-4aee-a9d5-ae23410277ba ] Request (ServicesAdminTestJSON:setUpClass): 200 GET http://10.180.1.21/identity/v3/domains?name=Default 0.560s
2025-04-15 13:57:53.021 70002 INFO tempest.lib.common.rest_client [req-bf2fefc9-1096-4cc6-b142-3deca8796b7e req-bf2fefc9-1096-4cc6-b142-3deca8796b7e ] Request (FloatingIPsTestJSON:setUpClass): 200 GET http://10.180.1.21/identity/v3/domains?name=Default 0.600s
2025-04-15 13:57:53.023 70036 INFO tempest.lib.common.rest_client [req-0e7ce27f-4ca3-4dc3-b3f9-e1638ea04c08 req-0e7ce27f-4ca3-4dc3-b3f9-e1638ea04c08 ] Request (VolumesAssistedSnapshotsTest:setUpClass): 200 GET http://10.180.1.21/identity/v3/domains?name=Default 0.585s
2025-04-15 13:57:53.040 70006 INFO tempest.lib.common.rest_client [req-2070e89b-0b26-426d-96a4-0189ea73ecde req-2070e89b-0b26-426d-96a4-0189ea73ecde ] Request (FlavorsAccessTestJSON:setUpClass): 200 GET http://10.180.1.21/identity/v3/domains?name=Default 0.596s
2025-04-15 13:57:53.046 70028 INFO tempest.lib.common.rest_client [req-9042958f-a861-49dd-80ec-d3721a8c8ee9 req-9042958f-a861-49dd-80ec-d3721a8c8ee9 ] Request (HypervisorAdminUnderV252Test:setUpClass): 201 POST http://10.180.1.21/identity/v3/projects 0.587s
2025-04-15 13:57:53.085 70024 INFO tempest.lib.common.rest_client [req-671bcc54-aea2-4493-8937-0ebacafb87fc req-671bcc54-aea2-4493-8937-0ebacafb87fc ] Request (ServersAdminTestJSON:setUpClass): 201 POST http://10.180.1.21/identity/v3/auth/tokens 0.617s
2025-04-15 13:57:53.090 70008 INFO tempest.lib.common.rest_client [req-b1f7eddb-0e7f-457b-a23d-b9956b316177 req-b1f7eddb-0e7f-457b-a23d-b9956b316177 ] Request (KeyPairsV210TestJSON:setUpClass): 201 POST http://10.180.1.21/identity/v3/projects 0.574s
2025-04-15 13:57:53.126 70056 INFO tempest.lib.common.rest_client [req-3ad52a75-d973-4395-b6a5-e81602d4ed8f req-3ad52a75-d973-4395-b6a5-e81602d4ed8f ] Request (HypervisorAdminV228Test:setUpClass): 200 GET http://10.180.1.21/identity/v3/domains?name=Default 0.600s
2025-04-15 13:57:53.136 70052 INFO tempest.lib.common.rest_client [req-2835725a-70cb-4ced-813c-9c879dc800d0 req-2835725a-70cb-4ced-813c-9c879dc800d0 ] Request (ServicesAdminNegativeTestJSON:setUpClass): 201 POST http://10.180.1.21/identity/v3/projects 0.595s
2025-04-15 13:57:53.147 70034 INFO tempest.lib.common.rest_client [req-cf6851ca-fd85-45cc-b30e-bb25efc75489 req-cf6851ca-fd85-45cc-b30e-bb25efc75489 ] Request (ServersWithSpecificFlavorTestJSON:setUpClass): 201 POST http://10.180.1.21/identity/v3/projects 0.601s
2025-04-15 13:57:53.194 70004 INFO tempest.lib.common.rest_client [req-70a8c545-0e33-4f91-96a5-172f08e68300 req-70a8c545-0e33-4f91-96a5-172f08e68300 ] Request (MigrationsAdminTest:setUpClass): 204 PUT http://10.180.1.21/identity/v3/projects/5d889e50a0ad4c7fa467d082216b5005/users/3cc65e96500447ae9028d0e4e4e3938f/roles/0f44c9ff837f43259ec203b3b1347fd8 0.616s
2025-04-15 13:57:53.195 70004 INFO tempest.lib.common.dynamic_creds [-] Dynamic test user 3cc65e96500447ae9028d0e4e4e3938f is created with scope project and roles: ['member']
2025-04-15 13:57:53.195 70004 INFO tempest.lib.common.dynamic_creds [-] Acquired dynamic creds: credentials: Credentials: {'domain_id': 'default', 'domain_name': 'Default', 'username': 'tempest-MigrationsAdminTest-1453469956-project-member', 'project_domain_id': 'default', 'project_domain_name': 'Default', 'project_id': '5d889e50a0ad4c7fa467d082216b5005', 'project_name': 'tempest-MigrationsAdminTest-1453469956', 'tenant_id': '5d889e50a0ad4c7fa467d082216b5005', 'tenant_name': 'tempest-MigrationsAdminTest-1453469956', 'user_domain_id': 'default', 'user_domain_name': 'Default', 'user_id': '3cc65e96500447ae9028d0e4e4e3938f', 'system': None}, Network: None, Subnet: None, Router: None
2025-04-15 13:57:53.195 70004 INFO tempest.lib.common.dynamic_creds [-] Created isolated network resources for: credentials: Credentials: {'domain_id': 'default', 'domain_name': 'Default', 'username': 'tempest-MigrationsAdminTest-1453469956-project-member', 'project_domain_id': 'default', 'project_domain_name': 'Default', 'project_id': '5d889e50a0ad4c7fa467d082216b5005', 'project_name': 'tempest-MigrationsAdminTest-1453469956', 'tenant_id': '5d889e50a0ad4c7fa467d082216b5005', 'tenant_name': 'tempest-MigrationsAdminTest-1453469956', 'user_domain_id': 'default', 'user_domain_name': 'Default', 'user_id': '3cc65e96500447ae9028d0e4e4e3938f', 'system': None}, Network: None, Subnet: None, Router: None
2025-04-15 13:57:53.207 70016 INFO tempest.lib.common.rest_client [req-0ced7aa0-346b-42f3-8640-20501d6aba80 req-0ced7aa0-346b-42f3-8640-20501d6aba80 ] Request (QuotaClassesAdminTestJSON:setUpClass): 200 GET http://10.180.1.21/identity/v3/domains?name=Default 0.632s
2025-04-15 13:57:53.248 70058 INFO tempest.lib.common.rest_client [req-11d026f4-be45-438e-9da5-224bb255bfcc req-11d026f4-be45-438e-9da5-224bb255bfcc ] Request (FlavorsV255TestJSON:setUpClass): 200 GET http://10.180.1.21/identity/v3/domains?name=Default 0.650s
2025-04-15 13:57:53.260 70014 INFO tempest.lib.common.rest_client [req-8c326675-8e4f-4d83-8832-c412c25b796e req-8c326675-8e4f-4d83-8832-c412c25b796e ] Request (ServerAddressesNegativeTestJSON:setUpClass): 201 POST http://10.180.1.21/identity/v3/projects 0.657s
2025-04-15 13:57:53.267 69998 INFO tempest.lib.common.rest_client [req-cf4d2ac1-e0a9-48e7-ade5-79d4eeddeaa3 req-cf4d2ac1-e0a9-48e7-ade5-79d4eeddeaa3 ] Request (FlavorsExtraSpecsTestJSON:setUpClass): 200 GET http://10.180.1.21/identity/v3/roles 0.639s
2025-04-15 13:57:53.306 70026 INFO tempest.lib.common.rest_client [req-e6595443-464d-4e89-aba2-d6035cf5fd7a req-e6595443-464d-4e89-aba2-d6035cf5fd7a ] Request (FlavorsAccessNegativeTestJSON:setUpClass): 200 GET http://10.180.1.21/identity/v3/domains?name=Default 0.676s
2025-04-15 13:57:53.322 69996 INFO tempest.lib.common.rest_client [req-75dc3bab-3851-4931-b65f-e7f5df1cf58c req-75dc3bab-3851-4931-b65f-e7f5df1cf58c ] Request (InstanceUsageAuditLogNegativeTestJSON:setUpClass): 201 POST http://10.180.1.21/identity/v3/projects 0.669s
2025-04-15 13:57:53.328 70044 INFO tempest.lib.common.rest_client [req-92df95d8-ab82-4370-a37c-2299d7dcaecd req-92df95d8-ab82-4370-a37c-2299d7dcaecd ] Request (FlavorsAdminTestJSON:setUpClass): 200 GET http://10.180.1.21/identity/v3/domains?name=Default 0.675s
2025-04-15 13:57:53.365 70031 INFO tempest.lib.common.rest_client [req-5ee0a720-292e-4432-8328-5b4d47290b35 req-5ee0a720-292e-4432-8328-5b4d47290b35 ] Request (ServerExternalEventsTest:setUpClass): 200 GET http://10.180.1.21/identity/v3/roles 0.692s
