2025-04-15 16:13:34.255 70768 INFO tempest.common.waiters [-] State transition "ACTIVE/deleting" ==> "DELETED/None" after 4 second wait
2025-04-15 16:13:34.316 70730 INFO tempest.lib.common.rest_client [req-6d35c48c-b24b-406c-95e0-c23e3cc04268 req-6d35c48c-b24b-406c-95e0-c23e3cc04268 ] Request (ServersTestMultiNic:test_verify_duplicate_network_nics): 200 GET http://10.180.1.21/compute/v2.1/servers/cfc4e624-db92-423c-969c-64d433595497 0.374s
2025-04-15 16:13:34.346 70732 INFO tempest.lib.common.rest_client [req-dd046917-8ec4-492e-96d6-dfe615b8123c req-dd046917-8ec4-492e-96d6-dfe615b8123c ] Request (FloatingIPsAssociationNegativeTestJSON:_run_cleanups): 202 DELETE http://10.180.1.21/compute/v2.1/os-floating-ips/36aa315b-1f0b-4b14-85e2-9f44801c1e0f 1.463s
2025-04-15 16:13:34.380 70766 INFO tempest.lib.common.rest_client [req-12b62201-533c-4c03-9520-6c960d2e027a req-12b62201-533c-4c03-9520-6c960d2e027a ] Request (AttachInterfacesTestJSON:setUpClass): 201 POST http://10.180.1.21:9696/networking/v2.0/routers 1.239s
2025-04-15 16:13:34.422 70758 INFO tempest.lib.common.rest_client [req-adee0244-4297-447b-9bcf-787fca90583a req-adee0244-4297-447b-9bcf-787fca90583a ] Request (ServersV294TestFqdnHostnames:setUpClass): 200 GET http://10.180.1.21/compute/v2.1/servers/4644c5df-2060-436f-a226-c31c0d750847 0.460s
2025-04-15 16:13:34.446 70734 INFO tempest.lib.common.rest_client [req-8472af97-c6aa-4849-a24c-37c41a74aae7 req-8472af97-c6aa-4849-a24c-37c41a74aae7 ] Request (ServerDiagnosticsNegativeTest:test_get_server_diagnostics_by_non_admin): 200 GET http://10.180.1.21/compute/v2.1/servers/ce148295-2ef2-4356-8e62-ae032a71d36b 0.441s
2025-04-15 16:13:34.449 70776 INFO tempest.lib.common.rest_client [req-f2bf7287-db6f-4abb-861e-35e3cf805958 req-f2bf7287-db6f-4abb-861e-35e3cf805958 ] Request (SecurityGroupsNegativeTestJSON:tearDownClass): 204 DELETE http://10.180.1.21:9696/networking/v2.0/subnets/ed601b3c-4730-471c-8784-35baff7d8667 0.275s
2025-04-15 16:13:34.458 70734 INFO tempest.common.waiters [-] State transition "BUILD/None" ==> "BUILD/networking" after 41 second wait
2025-04-15 16:13:34.492 70750 INFO tempest.lib.common.rest_client [req-4d24fee9-9455-4193-a4df-9e031248165d req-4d24fee9-9455-4193-a4df-9e031248165d ] Request (FloatingIPsAssociationTestJSON:test_associate_already_associated_floating_ip): 200 GET http://10.180.1.21/compute/v2.1/servers/80c143e6-56dd-4a92-bb8d-d4c2a3456ec9 0.464s
2025-04-15 16:13:34.531 70746 INFO tempest.lib.common.rest_client [req-c8692a07-9420-4476-9e87-707f43f432e3 req-c8692a07-9420-4476-9e87-707f43f432e3 ] Request (ServerTagsTestJSON:setUpClass): 200 GET http://10.180.1.21/compute/v2.1/servers/e520b86c-a70c-48a3-bb69-8212a40050cb 0.461s
2025-04-15 16:13:34.824 70738 INFO tempest.lib.common.rest_client [req-33409bd4-a8bc-4ad9-a54f-a9518f58f244 req-33409bd4-a8bc-4ad9-a54f-a9518f58f244 ] Request (ServersListShow296Test:test_list_show_update_rebuild_server_296): 200 GET http://10.180.1.21/compute/v2.1/servers/4761bd86-261a-4525-a2bf-df74065c403d 0.703s
2025-04-15 16:13:34.852 70718 INFO tempest.lib.common.rest_client [req-2859db49-8cd6-4258-bc98-1e1e38370756 req-2859db49-8cd6-4258-bc98-1e1e38370756 ] Request (ServerExternalEventsTest:test_create_server_external_events): 200 GET http://10.180.1.21/compute/v2.1/servers/738b60d6-4018-42f1-ada4-f3774e4c3d98 0.726s
2025-04-15 16:13:34.896 70736 INFO tempest.lib.common.rest_client [req-36b797bc-b303-4874-95ab-4a1998623cc7 req-36b797bc-b303-4874-95ab-4a1998623cc7 ] Request (ServerRescueTestJSONUnderV235:setUpClass): 200 GET http://10.180.1.21/compute/v2.1/servers/bb51f520-2d79-411b-989a-829094314e11 0.714s
2025-04-15 16:13:34.910 70754 WARNING tempest.lib.common.ssh [-] Failed to establish authenticated ssh connection to cirros@10.180.180.132 ([Errno None] Unable to connect to port 22 on 10.180.180.132). Number attempts: 3. Retry after 4 seconds.: paramiko.ssh_exception.NoValidConnectionsError: [Errno None] Unable to connect to port 22 on 10.180.180.132
2025-04-15 16:13:34.939 70762 INFO tempest.lib.common.rest_client [req-4db3bc2c-7ad2-4af0-8c08-6ba2cac1f3c1 req-4db3bc2c-7ad2-4af0-8c08-6ba2cac1f3c1 ] Request (ServersListShow298Test:test_list_show_update_rebuild_server_298): 200 GET http://10.180.1.21/compute/v2.1/servers/0dcaf2c4-acfe-407e-8416-4164f5f62562 0.747s
2025-04-15 16:13:34.960 70744 INFO tempest.lib.common.rest_client [req-2495d48e-a8db-42fc-afc5-9a8a70089448 req-2495d48e-a8db-42fc-afc5-9a8a70089448 ] Request (ServersAdminTestJSON:test_create_server_with_scheduling_hint): 200 GET http://10.180.1.21/compute/v2.1/servers/6c788574-439c-4c94-819c-84f842795a9d 0.729s
2025-04-15 16:13:34.971 70744 INFO tempest.common.waiters [-] State transition "BUILD/scheduling" ==> "BUILD/None" after 27 second wait
2025-04-15 16:13:35.027 70726 INFO tempest.lib.common.rest_client [req-75adcff6-65ce-4966-9116-3ac201345d23 req-75adcff6-65ce-4966-9116-3ac201345d23 ] Request (ServerDiskConfigTestJSON:test_rebuild_server_with_manual_disk_config): 200 GET http://10.180.1.21/compute/v2.1/servers/e8a2f85b-9de5-4c62-b5dc-f27b0084cee0 0.750s
2025-04-15 16:13:35.033 70720 INFO tempest.lib.common.rest_client [req-5b845584-86c2-42e8-a9e2-3a1a1619c22c req-5b845584-86c2-42e8-a9e2-3a1a1619c22c ] Request (MultipleCreateTestJSON:test_multiple_create): 200 GET http://10.180.1.21/compute/v2.1/servers/9f30832c-d957-4c99-a1f3-fe022e2c73b9 0.722s
2025-04-15 16:13:35.040 70732 INFO tempest.lib.common.rest_client [req-fe79d5e1-035a-4e54-b9d5-8a5a0d926bad req-fe79d5e1-035a-4e54-b9d5-8a5a0d926bad ] Request (FloatingIPsAssociationNegativeTestJSON:test_associate_ip_to_server_without_passing_floating_ip): 400 POST http://10.180.1.21/compute/v2.1/servers/8febcfdf-6403-4b67-b5b7-c640dd9da041/action 0.692s
2025-04-15 16:13:35.108 70740 INFO tempest.lib.common.rest_client [req-d949f34e-5e93-468c-83b2-68c541361f0b req-d949f34e-5e93-468c-83b2-68c541361f0b ] Request (ImagesTestJSON:test_create_image_from_stopped_server): 200 GET http://10.180.1.21/compute/v2.1/servers/3bdd81ec-cf04-414c-b080-b756355338ea 0.757s
2025-04-15 16:13:35.111 70776 INFO tempest.lib.common.rest_client [req-a09976de-4f17-45d8-a746-5880eea88551 req-a09976de-4f17-45d8-a746-5880eea88551 ] Request (SecurityGroupsNegativeTestJSON:tearDownClass): 204 DELETE http://10.180.1.21:9696/networking/v2.0/networks/7699de97-abf9-4bd7-b321-8c9a9234eed5 0.660s
2025-04-15 16:13:35.116 70724 INFO tempest.lib.common.rest_client [req-1ecda25d-01e1-40cb-ac41-5b4afc3d350e req-1ecda25d-01e1-40cb-ac41-5b4afc3d350e ] Request (ServersAdminNegativeTestJSON:setUpClass): 200 GET http://10.180.1.21/compute/v2.1/servers/6e0de7b8-ef2d-4449-8e08-e188d9f210ad 0.660s
2025-04-15 16:13:35.189 70748 INFO tempest.lib.common.rest_client [req-be24fd86-314d-4d49-adf8-dc00fec5add5 req-be24fd86-314d-4d49-adf8-dc00fec5add5 ] Request (DeleteServersAdminTestJSON:test_delete_server_while_in_error_state): 200 GET http://10.180.1.21/compute/v2.1/servers/94ca8146-bef3-47a0-a41f-51e3b2d773b9 0.670s
2025-04-15 16:13:35.211 70770 INFO tempest.lib.common.rest_client [req-4ae02a83-f7c6-4a4f-9686-ab66ba8d47b7 req-4ae02a83-f7c6-4a4f-9686-ab66ba8d47b7 ] Request (ServerMetadataTestJSON:tearDownClass): 200 GET http://10.180.1.21/compute/v2.1/servers/2fffbfbc-2b85-4ee8-89e2-ef8cc63a81d7 0.662s
2025-04-15 16:13:35.228 70722 INFO tempest.lib.common.rest_client [req-67ac0ec2-71c6-4ef6-92c0-75e3630bca8c req-67ac0ec2-71c6-4ef6-92c0-75e3630bca8c ] Request (ServersWithSpecificFlavorTestJSON:test_verify_created_server_ephemeral_disk): 200 PUT http://10.180.1.21:9696/networking/v2.0/floatingips/7a85f569-ac51-42e3-ae53-a93a60910e8a 1.352s
2025-04-15 16:13:35.233 70776 INFO tempest.lib.common.rest_client [req-d825a0a1-f864-49d8-9978-e6ddfbd61130 req-d825a0a1-f864-49d8-9978-e6ddfbd61130 ] Request (SecurityGroupsNegativeTestJSON:tearDownClass): 204 DELETE http://10.180.1.21/identity/v3/users/803d0114e88140dd8a4469f72f5aad4a 0.120s
2025-04-15 16:13:35.233 70776 INFO tempest.lib.common.dynamic_creds [-] Deleting project and security group for project: 42db0669665549079db9213ea5d0fb91
2025-04-15 16:13:35.280 70742 INFO tempest.lib.common.rest_client [req-121c3411-0845-4d1d-9276-bf6e62171a06 req-121c3411-0845-4d1d-9276-bf6e62171a06 ] Request (ImagesOneServerNegativeTestJSON:_run_cleanups): 200 GET http://10.180.1.21/compute/v2.1/servers/a7c8cf9d-671e-4489-8a64-218be96335d1 0.679s
2025-04-15 16:13:35.288 70774 INFO tempest.lib.common.rest_client [req-92be9c35-b5ac-4a64-8f3b-2dba99570518 req-92be9c35-b5ac-4a64-8f3b-2dba99570518 ] Request (MigrationsAdminTest:test_list_migrations_in_flavor_resize_situation): 200 GET http://10.180.1.21/compute/v2.1/servers/4d9ff1a2-da45-4efd-af8c-d47907ce0768 0.620s
2025-04-15 16:13:35.298 70776 INFO tempest.lib.common.rest_client [req-33a55fee-f522-4654-9bde-a3f795f0ad2f req-33a55fee-f522-4654-9bde-a3f795f0ad2f ] Request (SecurityGroupsNegativeTestJSON:tearDownClass): 200 GET http://10.180.1.21:9696/networking/v2.0/security-groups?tenant_id=42db0669665549079db9213ea5d0fb91&name=default 0.065s
2025-04-15 16:13:35.354 70780 INFO tempest.lib.common.rest_client [req-5b88b823-5a29-468a-8bee-74980e9fc610 req-5b88b823-5a29-468a-8bee-74980e9fc610 ] Request (ServerShowV247Test:test_update_rebuild_list_server): 200 GET http://10.180.1.21/compute/v2.1/servers/1802046c-3dcf-4b7a-b062-5f9c177a11d6 0.382s
2025-04-15 16:13:35.450 70732 INFO tempest.lib.common.rest_client [req-0d85974f-0a23-4b1b-af15-60d6b5eedbc3 req-0d85974f-0a23-4b1b-af15-60d6b5eedbc3 ] Request (FloatingIPsAssociationNegativeTestJSON:test_associate_nonexistent_floating_ip): 404 POST http://10.180.1.21/compute/v2.1/servers/8febcfdf-6403-4b67-b5b7-c640dd9da041/action 0.409s
2025-04-15 16:13:35.587 70728 INFO tempest.lib.common.rest_client [req-a087676f-4624-4ab9-aa9a-a17809b464dd req-a087676f-4624-4ab9-aa9a-a17809b464dd ] Request (AttachInterfacesUnderV243Test:test_add_remove_fixed_ip): 200 GET http://10.180.1.21/compute/v2.1/servers/b73008e5-583e-495c-8776-ca9bca435a9c 0.803s
2025-04-15 16:13:35.633 70776 INFO tempest.lib.common.rest_client [req-6251bf11-0e9b-4d4e-bd72-b7f0e6143c67 req-6251bf11-0e9b-4d4e-bd72-b7f0e6143c67 ] Request (SecurityGroupsNegativeTestJSON:tearDownClass): 204 DELETE http://10.180.1.21:9696/networking/v2.0/security-groups/6c161052-e804-42ae-bcef-965d882b4c40 0.334s
2025-04-15 16:13:35.685 70756 INFO tempest.lib.common.rest_client [req-009e13bf-7ebd-419c-8c7a-046c48b57e39 req-009e13bf-7ebd-419c-8c7a-046c48b57e39 ] Request (ListImageFiltersTestJSON:setUpClass): 200 GET http://10.180.1.21/compute/v2.1/servers/86972721-627d-4108-ae2f-6d7519de74c0 0.520s
2025-04-15 16:13:35.765 70776 INFO tempest.lib.common.rest_client [req-0e9281b1-7ca5-4e1a-8d8a-1cbe09cc3183 req-0e9281b1-7ca5-4e1a-8d8a-1cbe09cc3183 ] Request (SecurityGroupsNegativeTestJSON:tearDownClass): 204 DELETE http://10.180.1.21/identity/v3/projects/42db0669665549079db9213ea5d0fb91 0.131s
2025-04-15 16:13:35.853 70776 INFO tempest.lib.common.rest_client [req-0e980a06-6321-4be7-bd16-63c843dd0cbd req-0e980a06-6321-4be7-bd16-63c843dd0cbd ] Request (ServersAaction247Test:setUpClass): 201 POST http://10.180.1.21/identity/v3/auth/tokens 0.087s
2025-04-15 16:13:35.854 70768 INFO tempest.lib.common.rest_client [req-0412f844-3ace-42fe-bb0f-0a56e6d0bb7e req-0412f844-3ace-42fe-bb0f-0a56e6d0bb7e ] Request (ServerShowV257Test:tearDownClass): 200 GET http://10.180.1.21/compute/v2.1/servers/deaff90c-019f-423c-97ec-801542720a30 0.597s
2025-04-15 16:13:35.877 70722 INFO tempest.lib.common.rest_client [req-2a947616-d512-407a-87b8-1eccf7d45daa req-2a947616-d512-407a-87b8-1eccf7d45daa ] Request (ServersWithSpecificFlavorTestJSON:test_verify_created_server_ephemeral_disk): 200 GET http://10.180.1.21/compute/v2.1/servers/61606b64-febb-4672-81fe-e921ef3c0631 0.648s
2025-04-15 16:13:35.887 70722 INFO tempest.lib.common.ssh [-] Creating ssh connection to '10.180.180.242:22' as 'cirros' with public key authentication
2025-04-15 16:13:35.896 70776 INFO tempest.lib.common.rest_client [req-0ac44150-3c8d-4af2-9a0e-b8c72ec5488a req-0ac44150-3c8d-4af2-9a0e-b8c72ec5488a ] Request (ServersAaction247Test:setUpClass): 201 POST http://10.180.1.21/identity/v3/auth/tokens 0.040s
2025-04-15 16:13:35.921 70730 INFO tempest.lib.common.rest_client [req-34a068b3-b8a9-4908-a191-96ce62e8d92e req-34a068b3-b8a9-4908-a191-96ce62e8d92e ] Request (ServersTestMultiNic:test_verify_duplicate_network_nics): 200 GET http://10.180.1.21/compute/v2.1/servers/cfc4e624-db92-423c-969c-64d433595497 0.596s
2025-04-15 16:13:35.939 70776 INFO tempest.lib.common.rest_client [req-70fc3e79-e195-43ad-bfd3-20d7a1572547 req-70fc3e79-e195-43ad-bfd3-20d7a1572547 ] Request (ServersAaction247Test:setUpClass): 200 GET http://10.180.1.21/identity/v3/domains?name=Default 0.043s
2025-04-15 16:13:35.967 70732 INFO tempest.lib.common.rest_client [req-308e236e-0a2f-4f2a-a209-ca424e233026 req-308e236e-0a2f-4f2a-a209-ca424e233026 ] Request (FloatingIPsAssociationNegativeTestJSON:test_dissociate_nonexistent_floating_ip): 404 POST http://10.180.1.21/compute/v2.1/servers/8febcfdf-6403-4b67-b5b7-c640dd9da041/action 0.511s
2025-04-15 16:13:35.968 70758 INFO tempest.lib.common.rest_client [req-681a986a-939f-4182-bda6-6fb82b9bbd64 req-681a986a-939f-4182-bda6-6fb82b9bbd64 ] Request (ServersV294TestFqdnHostnames:setUpClass): 200 GET http://10.180.1.21/compute/v2.1/servers/4644c5df-2060-436f-a226-c31c0d750847 0.522s
2025-04-15 16:13:35.975 70776 INFO tempest.lib.common.rest_client [req-9691f965-5c56-4c66-b594-1d98d6e2e46d req-9691f965-5c56-4c66-b594-1d98d6e2e46d ] Request (ServersAaction247Test:setUpClass): 201 POST http://10.180.1.21/identity/v3/projects 0.034s
2025-04-15 16:13:36.055 70750 INFO tempest.lib.common.rest_client [req-4673528a-c21d-4dd2-9976-29bbf2d4dc0d req-4673528a-c21d-4dd2-9976-29bbf2d4dc0d ] Request (FloatingIPsAssociationTestJSON:test_associate_already_associated_floating_ip): 200 GET http://10.180.1.21/compute/v2.1/servers/80c143e6-56dd-4a92-bb8d-d4c2a3456ec9 0.551s
2025-04-15 16:13:36.066 70750 INFO tempest.common.waiters [-] State transition "BUILD/scheduling" ==> "BUILD/None" after 25 second wait
2025-04-15 16:13:36.100 70776 INFO tempest.lib.common.rest_client [req-41cb9665-5fbf-4d5a-9726-e771276f5c02 req-41cb9665-5fbf-4d5a-9726-e771276f5c02 ] Request (ServersAaction247Test:setUpClass): 201 POST http://10.180.1.21/identity/v3/users 0.124s
2025-04-15 16:13:36.133 70776 INFO tempest.lib.common.rest_client [req-c6fb4cd4-eb42-4f36-a8f9-4326faaa02b0 req-c6fb4cd4-eb42-4f36-a8f9-4326faaa02b0 ] Request (ServersAaction247Test:setUpClass): 200 GET http://10.180.1.21/identity/v3/roles 0.032s
2025-04-15 16:13:36.135 70746 INFO tempest.lib.common.rest_client [req-4af1400c-adb4-4f1c-bbd9-81dabbbed974 req-4af1400c-adb4-4f1c-bbd9-81dabbbed974 ] Request (ServerTagsTestJSON:setUpClass): 200 GET http://10.180.1.21/compute/v2.1/servers/e520b86c-a70c-48a3-bb69-8212a40050cb 0.594s
2025-04-15 16:13:36.139 70734 INFO tempest.lib.common.rest_client [req-4fe568fa-af9f-46fd-bf13-93e63d1640ac req-4fe568fa-af9f-46fd-bf13-93e63d1640ac ] Request (ServerDiagnosticsNegativeTest:test_get_server_diagnostics_by_non_admin): 200 GET http://10.180.1.21/compute/v2.1/servers/ce148295-2ef2-4356-8e62-ae032a71d36b 0.677s
2025-04-15 16:13:36.150 70734 INFO tempest.common.waiters [-] State transition "BUILD/networking" ==> "BUILD/spawning" after 43 second wait
2025-04-15 16:13:36.167 70778 INFO tempest.lib.common.rest_client [req-2b2d8811-53a7-43dc-a345-a33ce769985e req-2b2d8811-53a7-43dc-a345-a33ce769985e ] Request (ServerRescueTestJSON:setUpClass): 200 PUT http://10.180.1.21:9696/networking/v2.0/routers/12e96afb-fbec-424e-9e77-d16e55d3d41e/add_router_interface 2.617s
2025-04-15 16:13:36.167 70778 INFO tempest.lib.common.dynamic_creds [-] Created isolated network resources for: credentials: Credentials: {'domain_id': 'default', 'domain_name': 'Default', 'username': 'tempest-ServerRescueTestJSON-1751629010-project-member', 'project_domain_id': 'default', 'project_domain_name': 'Default', 'project_id': '639084799454415db0b88e4fde5abcea', 'project_name': 'tempest-ServerRescueTestJSON-1751629010', 'tenant_id': '639084799454415db0b88e4fde5abcea', 'tenant_name': 'tempest-ServerRescueTestJSON-1751629010', 'user_domain_id': 'default', 'user_domain_name': 'Default', 'user_id': '96ca4a9c85c746278ab72b7db20fab72', 'system': None}, Network: {'id': '6044fd6a-4a43-4671-92cf-78b8fd0e2f21', 'name': 'tempest-ServerRescueTestJSON-214818267-network', 'tenant_id': '639084799454415db0b88e4fde5abcea', 'admin_state_up': True, 'mtu': 8950, 'status': 'ACTIVE', 'subnets': [], 'shared': False, 'project_id': '639084799454415db0b88e4fde5abcea', 'port_security_enabled': True, 'router:external': False, 'provider:network_type': 'vlan', 'provider:physical_network': 'default', 'provider:segmentation_id': 584, 'availability_zone_hints': [], 'availability_zones': [], 'ipv4_address_scope': None, 'ipv6_address_scope': None, 'description': '', 'tags': [], 'created_at': '2025-04-15T16:13:30Z', 'updated_at': '2025-04-15T16:13:30Z', 'revision_number': 1}, Subnet: {'id': '34ecc14b-cbe2-442e-a5c9-c915b36388c3', 'name': 'tempest-ServerRescueTestJSON-214818267-subnet', 'tenant_id': '639084799454415db0b88e4fde5abcea', 'network_id': '6044fd6a-4a43-4671-92cf-78b8fd0e2f21', 'ip_version': 4, 'subnetpool_id': None, 'enable_dhcp': False, 'ipv6_ra_mode': None, 'ipv6_address_mode': None, 'gateway_ip': '192.168.128.1', 'cidr': '192.168.128.0/28', 'allocation_pools': [{'start': '192.168.128.2', 'end': '192.168.128.14'}], 'host_routes': [], 'dns_nameservers': [], 'description': '', 'router:external': False, 'service_types': [], 'tags': [], 'created_at': '2025-04-15T16:13:31Z', 'updated_at': '2025-04-15T16:13:31Z', 'revision_number': 0, 'project_id': '639084799454415db0b88e4fde5abcea'}, Router: {'id': '12e96afb-fbec-424e-9e77-d16e55d3d41e', 'name': 'tempest-ServerRescueTestJSON-214818267-router', 'tenant_id': '639084799454415db0b88e4fde5abcea', 'admin_state_up': True, 'status': 'ACTIVE', 'external_gateway_info': {'network_id': 'd4279135-0dc6-46c7-88df-515e09815ce4', 'external_fixed_ips': [{'subnet_id': 'f4db5cbe-9e11-4a6f-9298-420bdf7ba21d', 'ip_address': '10.180.180.167'}], 'enable_snat': True}, 'description': '', 'availability_zones': [], 'distributed': False, 'ha': False, 'availability_zone_hints': [], 'routes': [], 'flavor_id': None, 'tags': [], 'created_at': '2025-04-15T16:13:31Z', 'updated_at': '2025-04-15T16:13:32Z', 'revision_number': 2, 'project_id': '639084799454415db0b88e4fde5abcea'}
2025-04-15 16:13:36.194 70776 INFO tempest.lib.common.rest_client [req-3f45f8d8-964a-4776-8363-f312274c50c5 req-3f45f8d8-964a-4776-8363-f312274c50c5 ] Request (ServersAaction247Test:setUpClass): 204 PUT http://10.180.1.21/identity/v3/projects/66938eda029f481b88c3e2ab4f5e4302/users/83aafd839cf74fcdb25d4490434b0542/roles/dc38c88375db4847b11756910c63b16e 0.060s
2025-04-15 16:13:36.194 70776 INFO tempest.lib.common.dynamic_creds [-] Dynamic test user 83aafd839cf74fcdb25d4490434b0542 is created with scope project and roles: ['member']
2025-04-15 16:13:36.194 70776 INFO tempest.lib.common.dynamic_creds [-] Acquired dynamic creds: credentials: Credentials: {'domain_id': 'default', 'domain_name': 'Default', 'username': 'tempest-ServersAaction247Test-1011739563-project-member', 'project_domain_id': 'default', 'project_domain_name': 'Default', 'project_id': '66938eda029f481b88c3e2ab4f5e4302', 'project_name': 'tempest-ServersAaction247Test-1011739563', 'tenant_id': '66938eda029f481b88c3e2ab4f5e4302', 'tenant_name': 'tempest-ServersAaction247Test-1011739563', 'user_domain_id': 'default', 'user_domain_name': 'Default', 'user_id': '83aafd839cf74fcdb25d4490434b0542', 'system': None}, Network: None, Subnet: None, Router: None
2025-04-15 16:13:36.194 70776 INFO tempest.lib.common.dynamic_creds [-] Created isolated network resources for: credentials: Credentials: {'domain_id': 'default', 'domain_name': 'Default', 'username': 'tempest-ServersAaction247Test-1011739563-project-member', 'project_domain_id': 'default', 'project_domain_name': 'Default', 'project_id': '66938eda029f481b88c3e2ab4f5e4302', 'project_name': 'tempest-ServersAaction247Test-1011739563', 'tenant_id': '66938eda029f481b88c3e2ab4f5e4302', 'tenant_name': 'tempest-ServersAaction247Test-1011739563', 'user_domain_id': 'default', 'user_domain_name': 'Default', 'user_id': '83aafd839cf74fcdb25d4490434b0542', 'system': None}, Network: None, Subnet: None, Router: None
2025-04-15 16:13:36.229 70718 INFO tempest.lib.common.rest_client [req-27b7719f-0ec0-496d-ba8a-e2999d2c0d93 req-27b7719f-0ec0-496d-ba8a-e2999d2c0d93 ] Request (ServerExternalEventsTest:test_create_server_external_events): 200 GET http://10.180.1.21/compute/v2.1/servers/738b60d6-4018-42f1-ada4-f3774e4c3d98 0.366s
2025-04-15 16:13:36.231 70738 INFO tempest.lib.common.rest_client [req-76befa51-f5ef-48a2-bebc-b02f32f512ed req-76befa51-f5ef-48a2-bebc-b02f32f512ed ] Request (ServersListShow296Test:test_list_show_update_rebuild_server_296): 200 GET http://10.180.1.21/compute/v2.1/servers/4761bd86-261a-4525-a2bf-df74065c403d 0.392s
2025-04-15 16:13:36.265 70778 INFO tempest.lib.common.rest_client [req-991ada4a-c3a0-4a0a-ad64-28ec4ae767ec req-991ada4a-c3a0-4a0a-ad64-28ec4ae767ec ] Request (ServerRescueTestJSON:setUpClass): 201 POST http://10.180.1.21/identity/v3/auth/tokens 0.093s
2025-04-15 16:13:36.291 70776 INFO tempest.lib.common.rest_client [req-4ee1440a-c544-4208-8eba-46011e10fc84 req-4ee1440a-c544-4208-8eba-46011e10fc84 ] Request (ServersAaction247Test:setUpClass): 201 POST http://10.180.1.21/identity/v3/auth/tokens 0.091s
2025-04-15 16:13:36.304 70778 INFO tempest.lib.common.rest_client [req-f214d3f4-271c-40fe-bf25-8c11b84aae2a req-f214d3f4-271c-40fe-bf25-8c11b84aae2a ] Request (ServerRescueTestJSON:setUpClass): 201 POST http://10.180.1.21/identity/v3/auth/tokens 0.035s
2025-04-15 16:13:36.305 70778 INFO tempest.lib.common.fixed_network [-] (ServerRescueTestJSON:setUpClass) Found network {'id': '6044fd6a-4a43-4671-92cf-78b8fd0e2f21', 'name': 'tempest-ServerRescueTestJSON-214818267-network', 'tenant_id': '639084799454415db0b88e4fde5abcea', 'admin_state_up': True, 'mtu': 8950, 'status': 'ACTIVE', 'subnets': [], 'shared': False, 'project_id': '639084799454415db0b88e4fde5abcea', 'port_security_enabled': True, 'router:external': False, 'provider:network_type': 'vlan', 'provider:physical_network': 'default', 'provider:segmentation_id': 584, 'availability_zone_hints': [], 'availability_zones': [], 'ipv4_address_scope': None, 'ipv6_address_scope': None, 'description': '', 'tags': [], 'created_at': '2025-04-15T16:13:30Z', 'updated_at': '2025-04-15T16:13:30Z', 'revision_number': 1} available for tenant
2025-04-15 16:13:36.308 70736 INFO tempest.lib.common.rest_client [req-6111b4cd-ff24-4f53-91cf-cb24310eccac req-6111b4cd-ff24-4f53-91cf-cb24310eccac ] Request (ServerRescueTestJSONUnderV235:setUpClass): 200 GET http://10.180.1.21/compute/v2.1/servers/bb51f520-2d79-411b-989a-829094314e11 0.403s
2025-04-15 16:13:36.327 70776 INFO tempest.lib.common.rest_client [req-6d26af7e-6a95-48ad-9cd4-bcbee19210b3 req-6d26af7e-6a95-48ad-9cd4-bcbee19210b3 ] Request (ServersAaction247Test:test_create_backup): 201 POST http://10.180.1.21/identity/v3/auth/tokens 0.031s
2025-04-15 16:13:36.328 70776 INFO tempest.lib.common.fixed_network [-] (ServersAaction247Test:test_create_backup) Found network None available for tenant
2025-04-15 16:13:36.341 70762 INFO tempest.lib.common.rest_client [req-bd41e191-2f29-4fdb-8d03-b8c8dc99ffca req-bd41e191-2f29-4fdb-8d03-b8c8dc99ffca ] Request (ServersListShow298Test:test_list_show_update_rebuild_server_298): 200 GET http://10.180.1.21/compute/v2.1/servers/0dcaf2c4-acfe-407e-8416-4164f5f62562 0.384s
2025-04-15 16:13:36.367 70766 INFO tempest.lib.common.rest_client [req-7a3226bc-a686-4ab4-b823-21a260b0a3e9 req-7a3226bc-a686-4ab4-b823-21a260b0a3e9 ] Request (AttachInterfacesTestJSON:setUpClass): 200 PUT http://10.180.1.21:9696/networking/v2.0/routers/49742d5f-5407-40ca-94b7-a221aa5aa78f/add_router_interface 1.986s
2025-04-15 16:13:36.367 70766 INFO tempest.lib.common.dynamic_creds [-] Created isolated network resources for: credentials: Credentials: {'domain_id': 'default', 'domain_name': 'Default', 'username': 'tempest-AttachInterfacesTestJSON-2091086674-project-member', 'project_domain_id': 'default', 'project_domain_name': 'Default', 'project_id': '7a133a7276464e628849ffaa016597bd', 'project_name': 'tempest-AttachInterfacesTestJSON-2091086674', 'tenant_id': '7a133a7276464e628849ffaa016597bd', 'tenant_name': 'tempest-AttachInterfacesTestJSON-2091086674', 'user_domain_id': 'default', 'user_domain_name': 'Default', 'user_id': '5745fd9f8e2d4576ad44c31b35cc8024', 'system': None}, Network: {'id': '31f6f749-f4c7-4b9c-80b1-dde5df2664ef', 'name': 'tempest-AttachInterfacesTestJSON-724749608-network', 'tenant_id': '7a133a7276464e628849ffaa016597bd', 'admin_state_up': True, 'mtu': 8950, 'status': 'ACTIVE', 'subnets': [], 'shared': False, 'project_id': '7a133a7276464e628849ffaa016597bd', 'port_security_enabled': True, 'router:external': False, 'provider:network_type': 'vlan', 'provider:physical_network': 'default', 'provider:segmentation_id': 938, 'availability_zone_hints': [], 'availability_zones': [], 'ipv4_address_scope': None, 'ipv6_address_scope': None, 'description': '', 'tags': [], 'created_at': '2025-04-15T16:13:32Z', 'updated_at': '2025-04-15T16:13:32Z', 'revision_number': 1}, Subnet: {'id': 'c9dbfcd9-7ef1-496d-899d-848d012e3503', 'name': 'tempest-AttachInterfacesTestJSON-724749608-subnet', 'tenant_id': '7a133a7276464e628849ffaa016597bd', 'network_id': '31f6f749-f4c7-4b9c-80b1-dde5df2664ef', 'ip_version': 4, 'subnetpool_id': None, 'enable_dhcp': True, 'ipv6_ra_mode': None, 'ipv6_address_mode': None, 'gateway_ip': '192.168.128.1', 'cidr': '192.168.128.0/28', 'allocation_pools': [{'start': '192.168.128.2', 'end': '192.168.128.14'}], 'host_routes': [], 'dns_nameservers': [], 'description': '', 'router:external': False, 'service_types': [], 'tags': [], 'created_at': '2025-04-15T16:13:32Z', 'updated_at': '2025-04-15T16:13:32Z', 'revision_number': 0, 'project_id': '7a133a7276464e628849ffaa016597bd'}, Router: {'id': '49742d5f-5407-40ca-94b7-a221aa5aa78f', 'name': 'tempest-AttachInterfacesTestJSON-724749608-router', 'tenant_id': '7a133a7276464e628849ffaa016597bd', 'admin_state_up': True, 'status': 'ACTIVE', 'external_gateway_info': {'network_id': 'd4279135-0dc6-46c7-88df-515e09815ce4', 'external_fixed_ips': [{'subnet_id': 'f4db5cbe-9e11-4a6f-9298-420bdf7ba21d', 'ip_address': '10.180.180.234'}], 'enable_snat': True}, 'description': '', 'availability_zones': [], 'distributed': False, 'ha': False, 'availability_zone_hints': [], 'routes': [], 'flavor_id': None, 'tags': [], 'created_at': '2025-04-15T16:13:33Z', 'updated_at': '2025-04-15T16:13:33Z', 'revision_number': 2, 'project_id': '7a133a7276464e628849ffaa016597bd'}
2025-04-15 16:13:36.400 70744 INFO tempest.lib.common.rest_client [req-f03b4622-3c6a-4e0b-9088-8870ac1b0303 req-f03b4622-3c6a-4e0b-9088-8870ac1b0303 ] Request (ServersAdminTestJSON:test_create_server_with_scheduling_hint): 200 GET http://10.180.1.21/compute/v2.1/servers/6c788574-439c-4c94-819c-84f842795a9d 0.424s
2025-04-15 16:13:36.403 70732 INFO tempest.lib.common.rest_client [req-32af1f82-fecb-492b-b1f4-41cad25ced5d req-32af1f82-fecb-492b-b1f4-41cad25ced5d ] Request (FloatingIPsAssociationNegativeTestJSON:tearDownClass): 204 DELETE http://10.180.1.21/compute/v2.1/servers/8febcfdf-6403-4b67-b5b7-c640dd9da041 0.434s
2025-04-15 16:13:36.464 70766 INFO tempest.lib.common.rest_client [req-ab14eb63-e3d1-4642-84d6-63ac4c48d04b req-ab14eb63-e3d1-4642-84d6-63ac4c48d04b ] Request (AttachInterfacesTestJSON:setUpClass): 201 POST http://10.180.1.21/identity/v3/auth/tokens 0.093s
2025-04-15 16:13:36.467 70720 INFO tempest.lib.common.rest_client [req-b17aefb8-01ee-4f4a-be06-b8dff5ef070e req-b17aefb8-01ee-4f4a-be06-b8dff5ef070e ] Request (MultipleCreateTestJSON:test_multiple_create): 200 GET http://10.180.1.21/compute/v2.1/servers/9f30832c-d957-4c99-a1f3-fe022e2c73b9 0.420s
2025-04-15 16:13:36.473 70726 INFO tempest.lib.common.rest_client [req-7f1c1fee-16ce-48ec-a581-0699fbfc8431 req-7f1c1fee-16ce-48ec-a581-0699fbfc8431 ] Request (ServerDiskConfigTestJSON:test_rebuild_server_with_manual_disk_config): 200 GET http://10.180.1.21/compute/v2.1/servers/e8a2f85b-9de5-4c62-b5dc-f27b0084cee0 0.432s
2025-04-15 16:13:36.526 70740 INFO tempest.lib.common.rest_client [req-8ac24d09-4048-4615-b548-ffa2a2ac504d req-8ac24d09-4048-4615-b548-ffa2a2ac504d ] Request (ImagesTestJSON:test_create_image_from_stopped_server): 200 GET http://10.180.1.21/compute/v2.1/servers/3bdd81ec-cf04-414c-b080-b756355338ea 0.401s
2025-04-15 16:13:36.531 70724 INFO tempest.lib.common.rest_client [req-169611e0-e7f1-437a-81f2-f133cc099d7e req-169611e0-e7f1-437a-81f2-f133cc099d7e ] Request (ServersAdminNegativeTestJSON:setUpClass): 200 GET http://10.180.1.21/compute/v2.1/servers/6e0de7b8-ef2d-4449-8e08-e188d9f210ad 0.402s
2025-04-15 16:13:36.554 70770 INFO tempest.lib.common.rest_client [req-770c2f0b-165d-40e9-be2c-75dedb9a2221 req-770c2f0b-165d-40e9-be2c-75dedb9a2221 ] Request (ServerMetadataTestJSON:tearDownClass): 404 GET http://10.180.1.21/compute/v2.1/servers/2fffbfbc-2b85-4ee8-89e2-ef8cc63a81d7 0.326s
2025-04-15 16:13:36.598 70748 INFO tempest.lib.common.rest_client [req-ff5c1d22-0c74-4143-a1a5-95b0afed788b req-ff5c1d22-0c74-4143-a1a5-95b0afed788b ] Request (DeleteServersAdminTestJSON:test_delete_server_while_in_error_state): 200 GET http://10.180.1.21/compute/v2.1/servers/94ca8146-bef3-47a0-a41f-51e3b2d773b9 0.395s
2025-04-15 16:13:36.616 70742 INFO tempest.lib.common.rest_client [req-7c611673-39c1-42f7-ad2f-391d65630e07 req-7c611673-39c1-42f7-ad2f-391d65630e07 ] Request (ImagesOneServerNegativeTestJSON:_run_cleanups): 200 GET http://10.180.1.21/compute/v2.1/servers/a7c8cf9d-671e-4489-8a64-218be96335d1 0.324s
2025-04-15 16:13:36.659 70774 INFO tempest.lib.common.rest_client [req-868b8df5-e4a0-4713-87a4-60e24f3faf5e req-868b8df5-e4a0-4713-87a4-60e24f3faf5e ] Request (MigrationsAdminTest:test_list_migrations_in_flavor_resize_situation): 200 GET http://10.180.1.21/compute/v2.1/servers/4d9ff1a2-da45-4efd-af8c-d47907ce0768 0.360s
2025-04-15 16:13:36.838 70776 INFO tempest.lib.common.rest_client [req-707d9812-1ee7-45a6-b97d-3e8505bc6b1e req-707d9812-1ee7-45a6-b97d-3e8505bc6b1e ] Request (ServersAaction247Test:test_create_backup): 202 POST http://10.180.1.21/compute/v2.1/servers 0.510s
2025-04-15 16:13:36.917 70780 INFO tempest.lib.common.rest_client [req-de4448ce-2a89-496f-af02-e8031b0eef8f req-de4448ce-2a89-496f-af02-e8031b0eef8f ] Request (ServerShowV247Test:test_update_rebuild_list_server): 200 GET http://10.180.1.21/compute/v2.1/servers/1802046c-3dcf-4b7a-b062-5f9c177a11d6 0.548s
2025-04-15 16:13:37.000 70778 INFO tempest.lib.common.rest_client [req-cee8d329-3edc-42c6-afb1-1e32f89294cb req-cee8d329-3edc-42c6-afb1-1e32f89294cb ] Request (ServerRescueTestJSON:setUpClass): 202 POST http://10.180.1.21/compute/v2.1/servers 0.695s
2025-04-15 16:13:37.072 70766 INFO tempest.lib.common.rest_client [req-150f062d-b8e5-445f-be59-25694b3f6e17 req-150f062d-b8e5-445f-be59-25694b3f6e17 ] Request (ValidationResourcesFixture:setUp): 200 POST http://10.180.1.21/compute/v2.1/os-keypairs 0.603s
2025-04-15 16:13:37.176 70732 INFO tempest.lib.common.rest_client [req-adb05745-3f04-44f0-9952-929fbc029f8e req-adb05745-3f04-44f0-9952-929fbc029f8e ] Request (FloatingIPsAssociationNegativeTestJSON:tearDownClass): 200 GET http://10.180.1.21/compute/v2.1/servers/8febcfdf-6403-4b67-b5b7-c640dd9da041 0.773s
2025-04-15 16:13:37.258 70728 INFO tempest.lib.common.rest_client [req-c87fb291-4e32-4582-9aef-57188948b628 req-c87fb291-4e32-4582-9aef-57188948b628 ] Request (AttachInterfacesUnderV243Test:test_add_remove_fixed_ip): 200 GET http://10.180.1.21/compute/v2.1/servers/b73008e5-583e-495c-8776-ca9bca435a9c 0.660s
2025-04-15 16:13:37.278 70766 INFO tempest.lib.common.rest_client [req-23308db8-b500-495d-813b-fb3821452849 req-23308db8-b500-495d-813b-fb3821452849 ] Request (ValidationResourcesFixture:setUp): 201 POST http://10.180.1.21:9696/networking/v2.0/security-groups 0.204s
2025-04-15 16:13:37.318 70756 INFO tempest.lib.common.rest_client [req-55f97d95-9e60-4708-9cca-e95f9dbe557c req-55f97d95-9e60-4708-9cca-e95f9dbe557c ] Request (ListImageFiltersTestJSON:setUpClass): 200 GET http://10.180.1.21/compute/v2.1/servers/86972721-627d-4108-ae2f-6d7519de74c0 0.621s
2025-04-15 16:13:37.319 70776 INFO tempest.lib.common.rest_client [req-92085779-23a2-4988-be5c-f7395ba2bfff req-92085779-23a2-4988-be5c-f7395ba2bfff ] Request (ServersAaction247Test:test_create_backup): 200 GET http://10.180.1.21/compute/v2.1/servers/00b4d7e3-e976-4885-ae92-0d62e3fb0d0d 0.479s
2025-04-15 16:13:37.389 70730 INFO tempest.lib.common.rest_client [req-b9f06094-de2e-4d6a-a83a-41c2797673af req-b9f06094-de2e-4d6a-a83a-41c2797673af ] Request (ServersTestMultiNic:test_verify_duplicate_network_nics): 200 GET http://10.180.1.21/compute/v2.1/servers/cfc4e624-db92-423c-969c-64d433595497 0.456s
2025-04-15 16:13:37.395 70766 INFO tempest.lib.common.rest_client [req-7e91fd2f-94c0-4c86-9668-8f9385ed0a90 req-7e91fd2f-94c0-4c86-9668-8f9385ed0a90 ] Request (ValidationResourcesFixture:setUp): 201 POST http://10.180.1.21:9696/networking/v2.0/security-group-rules 0.116s
2025-04-15 16:13:37.417 70768 INFO tempest.lib.common.rest_client [req-681de84d-567d-4993-9ffa-31bfd4fce523 req-681de84d-567d-4993-9ffa-31bfd4fce523 ] Request (ServerShowV257Test:tearDownClass): 200 GET http://10.180.1.21/compute/v2.1/servers/deaff90c-019f-423c-97ec-801542720a30 0.550s
2025-04-15 16:13:37.465 70778 INFO tempest.lib.common.rest_client [req-b9c65975-eb30-4b18-9deb-233de3e48d82 req-b9c65975-eb30-4b18-9deb-233de3e48d82 ] Request (ServerRescueTestJSON:setUpClass): 200 GET http://10.180.1.21/compute/v2.1/servers/b54a1d0e-b5a0-4a1f-91a5-c5cef210e891 0.463s
2025-04-15 16:13:37.472 70758 INFO tempest.lib.common.rest_client [req-1d7834a6-68ae-4d2d-8700-acc79374155a req-1d7834a6-68ae-4d2d-8700-acc79374155a ] Request (ServersV294TestFqdnHostnames:setUpClass): 200 GET http://10.180.1.21/compute/v2.1/servers/4644c5df-2060-436f-a226-c31c0d750847 0.482s
2025-04-15 16:13:37.516 70766 INFO tempest.lib.common.rest_client [req-35dcf0ed-9b42-49d0-a784-74fd26b01735 req-35dcf0ed-9b42-49d0-a784-74fd26b01735 ] Request (ValidationResourcesFixture:setUp): 201 POST http://10.180.1.21:9696/networking/v2.0/security-group-rules 0.120s
2025-04-15 16:13:37.532 70750 INFO tempest.lib.common.rest_client [req-d26b7fe5-4836-4250-8624-b1bbe5f90511 req-d26b7fe5-4836-4250-8624-b1bbe5f90511 ] Request (FloatingIPsAssociationTestJSON:test_associate_already_associated_floating_ip): 200 GET http://10.180.1.21/compute/v2.1/servers/80c143e6-56dd-4a92-bb8d-d4c2a3456ec9 0.462s
2025-04-15 16:13:37.609 70734 INFO tempest.lib.common.rest_client [req-16595dae-eaec-4ad7-92f3-79534bf599e2 req-16595dae-eaec-4ad7-92f3-79534bf599e2 ] Request (ServerDiagnosticsNegativeTest:test_get_server_diagnostics_by_non_admin): 200 GET http://10.180.1.21/compute/v2.1/servers/ce148295-2ef2-4356-8e62-ae032a71d36b 0.456s
2025-04-15 16:13:37.621 70746 INFO tempest.lib.common.rest_client [req-1bdba908-53b9-4ddc-9c36-6de64e8cc293 req-1bdba908-53b9-4ddc-9c36-6de64e8cc293 ] Request (ServerTagsTestJSON:setUpClass): 200 GET http://10.180.1.21/compute/v2.1/servers/e520b86c-a70c-48a3-bb69-8212a40050cb 0.464s
2025-04-15 16:13:37.693 70718 INFO tempest.lib.common.rest_client [req-17658510-6993-4a31-bc24-731f175c547b req-17658510-6993-4a31-bc24-731f175c547b ] Request (ServerExternalEventsTest:test_create_server_external_events): 200 GET http://10.180.1.21/compute/v2.1/servers/738b60d6-4018-42f1-ada4-f3774e4c3d98 0.451s
2025-04-15 16:13:37.699 70770 INFO tempest.lib.common.rest_client [req-e96d0e37-39c8-40f7-89fb-c17313339847 req-e96d0e37-39c8-40f7-89fb-c17313339847 ] Request (ServerMetadataTestJSON:tearDownClass): 200 PUT http://10.180.1.21:9696/networking/v2.0/routers/f4653e36-ba03-4dad-b187-692de2b6efe0/remove_router_interface 1.144s
2025-04-15 16:13:37.729 70738 INFO tempest.lib.common.rest_client [req-b563617a-ad86-44ce-b075-da19663b44f2 req-b563617a-ad86-44ce-b075-da19663b44f2 ] Request (ServersListShow296Test:test_list_show_update_rebuild_server_296): 200 GET http://10.180.1.21/compute/v2.1/servers/4761bd86-261a-4525-a2bf-df74065c403d 0.478s
2025-04-15 16:13:37.766 70736 INFO tempest.lib.common.rest_client [req-303f7a93-45aa-4eae-b690-0a195a8d0483 req-303f7a93-45aa-4eae-b690-0a195a8d0483 ] Request (ServerRescueTestJSONUnderV235:setUpClass): 200 GET http://10.180.1.21/compute/v2.1/servers/bb51f520-2d79-411b-989a-829094314e11 0.443s
2025-04-15 16:13:37.834 70762 INFO tempest.lib.common.rest_client [req-e6f4f700-84f0-4554-84b3-e74fd711c140 req-e6f4f700-84f0-4554-84b3-e74fd711c140 ] Request (ServersListShow298Test:test_list_show_update_rebuild_server_298): 200 GET http://10.180.1.21/compute/v2.1/servers/0dcaf2c4-acfe-407e-8416-4164f5f62562 0.479s
2025-04-15 16:13:37.852 70744 INFO tempest.lib.common.rest_client [req-31a31c3d-91d6-4dac-ba58-93835984966f req-31a31c3d-91d6-4dac-ba58-93835984966f ] Request (ServersAdminTestJSON:test_create_server_with_scheduling_hint): 200 GET http://10.180.1.21/compute/v2.1/servers/6c788574-439c-4c94-819c-84f842795a9d 0.439s
2025-04-15 16:13:37.911 70720 INFO tempest.lib.common.rest_client [req-e0e6f66c-1aba-4f40-99f1-8b5024f71760 req-e0e6f66c-1aba-4f40-99f1-8b5024f71760 ] Request (MultipleCreateTestJSON:test_multiple_create): 200 GET http://10.180.1.21/compute/v2.1/servers/9f30832c-d957-4c99-a1f3-fe022e2c73b9 0.431s
2025-04-15 16:13:37.923 70726 INFO tempest.lib.common.rest_client [req-20829700-b12b-407b-a0bd-545617570655 req-20829700-b12b-407b-a0bd-545617570655 ] Request (ServerDiskConfigTestJSON:test_rebuild_server_with_manual_disk_config): 200 GET http://10.180.1.21/compute/v2.1/servers/e8a2f85b-9de5-4c62-b5dc-f27b0084cee0 0.436s
2025-04-15 16:13:37.989 70740 INFO tempest.lib.common.rest_client [req-b54f404b-2f78-4aa0-9f5d-2482946f2b86 req-b54f404b-2f78-4aa0-9f5d-2482946f2b86 ] Request (ImagesTestJSON:test_create_image_from_stopped_server): 200 GET http://10.180.1.21/compute/v2.1/servers/3bdd81ec-cf04-414c-b080-b756355338ea 0.453s
2025-04-15 16:13:37.997 70724 INFO tempest.lib.common.rest_client [req-e7ae94e6-ee9d-448f-8ba8-359fd36860d4 req-e7ae94e6-ee9d-448f-8ba8-359fd36860d4 ] Request (ServersAdminNegativeTestJSON:setUpClass): 200 GET http://10.180.1.21/compute/v2.1/servers/6e0de7b8-ef2d-4449-8e08-e188d9f210ad 0.458s
2025-04-15 16:13:38.064 70748 INFO tempest.lib.common.rest_client [req-037c213f-61a3-4470-9781-edc50c1b13f3 req-037c213f-61a3-4470-9781-edc50c1b13f3 ] Request (DeleteServersAdminTestJSON:test_delete_server_while_in_error_state): 200 GET http://10.180.1.21/compute/v2.1/servers/94ca8146-bef3-47a0-a41f-51e3b2d773b9 0.454s
2025-04-15 16:13:38.071 70752 INFO paramiko.transport [-] Connected (version 2.0, client dropbear_2020.81)
2025-04-15 16:13:38.090 70742 INFO tempest.lib.common.rest_client [req-16ba0ebd-8f59-4704-a725-277ef3030c1e req-16ba0ebd-8f59-4704-a725-277ef3030c1e ] Request (ImagesOneServerNegativeTestJSON:_run_cleanups): 200 GET http://10.180.1.21/compute/v2.1/servers/a7c8cf9d-671e-4489-8a64-218be96335d1 0.464s
2025-04-15 16:13:38.113 70766 INFO tempest.lib.common.rest_client [req-a318a898-936a-4d4c-b10f-a16e89e71b61 req-a318a898-936a-4d4c-b10f-a16e89e71b61 ] Request (ValidationResourcesFixture:setUp): 201 POST http://10.180.1.21:9696/networking/v2.0/floatingips 0.597s
2025-04-15 16:13:38.141 70752 INFO paramiko.transport [-] Authentication (publickey) successful!
2025-04-15 16:13:38.141 70752 INFO tempest.lib.common.ssh [-] ssh connection to cirros@10.180.180.253 successfully created
2025-04-15 16:13:38.145 70774 INFO tempest.lib.common.rest_client [req-eb7fba4c-9ca2-42e7-9d2a-4dcd6603bcf8 req-eb7fba4c-9ca2-42e7-9d2a-4dcd6603bcf8 ] Request (MigrationsAdminTest:test_list_migrations_in_flavor_resize_situation): 200 GET http://10.180.1.21/compute/v2.1/servers/4d9ff1a2-da45-4efd-af8c-d47907ce0768 0.478s
2025-04-15 16:13:38.167 70766 INFO tempest.lib.common.rest_client [req-e303d5a0-1c00-4ff0-9ac2-9eadc7b1d488 req-e303d5a0-1c00-4ff0-9ac2-9eadc7b1d488 ] Request (AttachInterfacesTestJSON:test_create_list_show_delete_interfaces_by_fixed_ip): 201 POST http://10.180.1.21/identity/v3/auth/tokens 0.048s
2025-04-15 16:13:38.168 70766 INFO tempest.lib.common.fixed_network [-] (AttachInterfacesTestJSON:test_create_list_show_delete_interfaces_by_fixed_ip) Found network {'id': '31f6f749-f4c7-4b9c-80b1-dde5df2664ef', 'name': 'tempest-AttachInterfacesTestJSON-724749608-network', 'tenant_id': '7a133a7276464e628849ffaa016597bd', 'admin_state_up': True, 'mtu': 8950, 'status': 'ACTIVE', 'subnets': [], 'shared': False, 'project_id': '7a133a7276464e628849ffaa016597bd', 'port_security_enabled': True, 'router:external': False, 'provider:network_type': 'vlan', 'provider:physical_network': 'default', 'provider:segmentation_id': 938, 'availability_zone_hints': [], 'availability_zones': [], 'ipv4_address_scope': None, 'ipv6_address_scope': None, 'description': '', 'tags': [], 'created_at': '2025-04-15T16:13:32Z', 'updated_at': '2025-04-15T16:13:32Z', 'revision_number': 1} available for tenant
2025-04-15 16:13:38.197 70780 INFO tempest.lib.common.rest_client [req-b24c2517-fe42-42be-abef-eb0e468e1259 req-b24c2517-fe42-42be-abef-eb0e468e1259 ] Request (ServerShowV247Test:test_update_rebuild_list_server): 200 GET http://10.180.1.21/compute/v2.1/servers/1802046c-3dcf-4b7a-b062-5f9c177a11d6 0.269s
2025-04-15 16:13:38.556 70766 INFO tempest.lib.common.rest_client [req-c8ef649d-8b1f-416a-b816-740d7e12a8ec req-c8ef649d-8b1f-416a-b816-740d7e12a8ec ] Request (AttachInterfacesTestJSON:test_create_list_show_delete_interfaces_by_fixed_ip): 202 POST http://10.180.1.21/compute/v2.1/servers 0.387s
2025-04-15 16:13:38.583 70770 INFO tempest.lib.common.rest_client [req-494deca5-47cd-4d0b-999e-a7262738cbc7 req-494deca5-47cd-4d0b-999e-a7262738cbc7 ] Request (ServerMetadataTestJSON:tearDownClass): 204 DELETE http://10.180.1.21:9696/networking/v2.0/routers/f4653e36-ba03-4dad-b187-692de2b6efe0 0.883s
2025-04-15 16:13:38.626 70752 INFO tempest.lib.common.rest_client [req-1b556218-07e4-4f25-b86d-5829c58f15a7 req-1b556218-07e4-4f25-b86d-5829c58f15a7 ] Request (ServerActionsTestOtherB:setUp): 200 GET http://10.180.1.21/compute/v2.1/servers/c4e17778-5b44-4a5c-934c-f06f1722e50c 0.483s
2025-04-15 16:13:38.638 70760 WARNING tempest.lib.common.ssh [-] Failed to establish authenticated ssh connection to cirros@10.180.180.187 ([Errno None] Unable to connect to port 22 on 10.180.180.187). Number attempts: 5. Retry after 6 seconds.: paramiko.ssh_exception.NoValidConnectionsError: [Errno None] Unable to connect to port 22 on 10.180.180.187
2025-04-15 16:13:38.748 70732 INFO tempest.lib.common.rest_client [req-769f8b58-2d44-45ad-84e8-fa81edce62d4 req-769f8b58-2d44-45ad-84e8-fa81edce62d4 ] Request (FloatingIPsAssociationNegativeTestJSON:tearDownClass): 200 GET http://10.180.1.21/compute/v2.1/servers/8febcfdf-6403-4b67-b5b7-c640dd9da041 0.557s
2025-04-15 16:13:38.771 70770 INFO tempest.lib.common.rest_client [req-7bc70d2a-d36b-47cc-8804-f08c190c6cf7 req-7bc70d2a-d36b-47cc-8804-f08c190c6cf7 ] Request (ServerMetadataTestJSON:tearDownClass): 204 DELETE http://10.180.1.21:9696/networking/v2.0/subnets/e715085f-40ea-47b6-8701-a8e56dc70e36 0.187s
2025-04-15 16:13:38.818 70728 INFO tempest.lib.common.rest_client [req-74ca65f5-8a68-4d39-b963-d0379c65a6da req-74ca65f5-8a68-4d39-b963-d0379c65a6da ] Request (AttachInterfacesUnderV243Test:test_add_remove_fixed_ip): 200 GET http://10.180.1.21/compute/v2.1/servers/b73008e5-583e-495c-8776-ca9bca435a9c 0.552s
2025-04-15 16:13:38.871 70756 INFO tempest.lib.common.rest_client [req-1c6cdf26-4ac4-4952-9023-3031ea581a96 req-1c6cdf26-4ac4-4952-9023-3031ea581a96 ] Request (ListImageFiltersTestJSON:setUpClass): 200 GET http://10.180.1.21/compute/v2.1/servers/86972721-627d-4108-ae2f-6d7519de74c0 0.543s
2025-04-15 16:13:38.879 70776 INFO tempest.lib.common.rest_client [req-48fc35d7-3ea7-49cc-b83b-6e08b8399fba req-48fc35d7-3ea7-49cc-b83b-6e08b8399fba ] Request (ServersAaction247Test:test_create_backup): 200 GET http://10.180.1.21/compute/v2.1/servers/00b4d7e3-e976-4885-ae92-0d62e3fb0d0d 0.550s
2025-04-15 16:13:38.920 70730 INFO tempest.lib.common.rest_client [req-5501fb6f-caa3-49a4-89bf-e062b65d4591 req-5501fb6f-caa3-49a4-89bf-e062b65d4591 ] Request (ServersTestMultiNic:test_verify_duplicate_network_nics): 200 GET http://10.180.1.21/compute/v2.1/servers/cfc4e624-db92-423c-969c-64d433595497 0.516s
2025-04-15 16:13:38.944 70768 INFO tempest.lib.common.rest_client [req-156b1ad2-c96e-417d-ac07-42b3e0e2b5b0 req-156b1ad2-c96e-417d-ac07-42b3e0e2b5b0 ] Request (ServerShowV257Test:tearDownClass): 200 GET http://10.180.1.21/compute/v2.1/servers/deaff90c-019f-423c-97ec-801542720a30 0.515s
2025-04-15 16:13:38.977 70778 INFO tempest.lib.common.rest_client [req-486d348a-9e0f-4d8c-8ff4-be15fa125b3a req-486d348a-9e0f-4d8c-8ff4-be15fa125b3a ] Request (ServerRescueTestJSON:setUpClass): 200 GET http://10.180.1.21/compute/v2.1/servers/b54a1d0e-b5a0-4a1f-91a5-c5cef210e891 0.499s
2025-04-15 16:13:39.007 70758 INFO tempest.lib.common.rest_client [req-981a2eb7-05a2-413a-89b3-206aa3e8c805 req-981a2eb7-05a2-413a-89b3-206aa3e8c805 ] Request (ServersV294TestFqdnHostnames:setUpClass): 200 GET http://10.180.1.21/compute/v2.1/servers/4644c5df-2060-436f-a226-c31c0d750847 0.522s
2025-04-15 16:13:39.040 70750 INFO tempest.lib.common.rest_client [req-c261ea6c-9aeb-413b-bede-e6e5590a3921 req-c261ea6c-9aeb-413b-bede-e6e5590a3921 ] Request (FloatingIPsAssociationTestJSON:test_associate_already_associated_floating_ip): 200 GET http://10.180.1.21/compute/v2.1/servers/80c143e6-56dd-4a92-bb8d-d4c2a3456ec9 0.498s
2025-04-15 16:13:39.074 70766 INFO tempest.lib.common.rest_client [req-d3c4099c-5c98-44ee-99de-5c170e100f80 req-d3c4099c-5c98-44ee-99de-5c170e100f80 ] Request (AttachInterfacesTestJSON:test_create_list_show_delete_interfaces_by_fixed_ip): 200 GET http://10.180.1.21/compute/v2.1/servers/8bc5386e-1109-460a-bb30-98f7289b249c 0.515s
2025-04-15 16:13:39.121 70770 INFO tempest.lib.common.rest_client [req-a25f2f9e-4d4e-4ed9-a542-7283fe03fb16 req-a25f2f9e-4d4e-4ed9-a542-7283fe03fb16 ] Request (ServerMetadataTestJSON:tearDownClass): 204 DELETE http://10.180.1.21:9696/networking/v2.0/networks/fd9bd927-27db-441e-8457-5c28812666d7 0.349s
2025-04-15 16:13:39.173 70746 INFO tempest.lib.common.rest_client [req-f5cbc62c-e1ea-468b-906f-46968485dba6 req-f5cbc62c-e1ea-468b-906f-46968485dba6 ] Request (ServerTagsTestJSON:setUpClass): 200 GET http://10.180.1.21/compute/v2.1/servers/e520b86c-a70c-48a3-bb69-8212a40050cb 0.537s
2025-04-15 16:13:39.172 70734 INFO tempest.lib.common.rest_client [req-eda98011-838c-4502-a4bc-490d4a99b0b6 req-eda98011-838c-4502-a4bc-490d4a99b0b6 ] Request (ServerDiagnosticsNegativeTest:test_get_server_diagnostics_by_non_admin): 200 GET http://10.180.1.21/compute/v2.1/servers/ce148295-2ef2-4356-8e62-ae032a71d36b 0.552s
2025-04-15 16:13:39.245 70718 INFO tempest.lib.common.rest_client [req-99b19ca7-a27d-45ac-af4e-b06a4fdd1e5e req-99b19ca7-a27d-45ac-af4e-b06a4fdd1e5e ] Request (ServerExternalEventsTest:test_create_server_external_events): 200 GET http://10.180.1.21/compute/v2.1/servers/738b60d6-4018-42f1-ada4-f3774e4c3d98 0.539s
2025-04-15 16:13:39.258 70770 INFO tempest.lib.common.rest_client [req-e4c163f3-a53e-44e2-b2e3-8ef69941e6ef req-e4c163f3-a53e-44e2-b2e3-8ef69941e6ef ] Request (ServerMetadataTestJSON:tearDownClass): 204 DELETE http://10.180.1.21/identity/v3/users/07ab2e565dd04fc9886261232c8ed265 0.137s
2025-04-15 16:13:39.258 70770 INFO tempest.lib.common.dynamic_creds [-] Deleting project and security group for project: e005e503e83c476a8a17fca37c1d5698
2025-04-15 16:13:39.283 70770 INFO tempest.lib.common.rest_client [req-8d611f2c-8dce-4548-8eb7-f138b7b2a29e req-8d611f2c-8dce-4548-8eb7-f138b7b2a29e ] Request (ServerMetadataTestJSON:tearDownClass): 200 GET http://10.180.1.21:9696/networking/v2.0/security-groups?tenant_id=e005e503e83c476a8a17fca37c1d5698&name=default 0.024s
2025-04-15 16:13:39.332 70738 INFO tempest.lib.common.rest_client [req-d3c2de66-0561-4506-a509-3e3c2827be3b req-d3c2de66-0561-4506-a509-3e3c2827be3b ] Request (ServersListShow296Test:test_list_show_update_rebuild_server_296): 200 GET http://10.180.1.21/compute/v2.1/servers/4761bd86-261a-4525-a2bf-df74065c403d 0.589s
2025-04-15 16:13:39.365 70770 INFO tempest.lib.common.rest_client [req-623a3066-6edf-4e0c-8d91-424f4196c215 req-623a3066-6edf-4e0c-8d91-424f4196c215 ] Request (ServerMetadataTestJSON:tearDownClass): 204 DELETE http://10.180.1.21:9696/networking/v2.0/security-groups/338941da-6f1f-45e1-9fa7-b15d7d0440cc 0.082s
2025-04-15 16:13:39.401 70736 INFO tempest.lib.common.rest_client [req-6d56a898-016d-4d65-812c-311738eb92de req-6d56a898-016d-4d65-812c-311738eb92de ] Request (ServerRescueTestJSONUnderV235:setUpClass): 200 GET http://10.180.1.21/compute/v2.1/servers/bb51f520-2d79-411b-989a-829094314e11 0.623s
2025-04-15 16:13:39.483 70762 INFO tempest.lib.common.rest_client [req-9eb12e16-113b-45fe-a9dd-cd4fd348583a req-9eb12e16-113b-45fe-a9dd-cd4fd348583a ] Request (ServersListShow298Test:test_list_show_update_rebuild_server_298): 200 GET http://10.180.1.21/compute/v2.1/servers/0dcaf2c4-acfe-407e-8416-4164f5f62562 0.632s
2025-04-15 16:13:39.504 70770 INFO tempest.lib.common.rest_client [req-a018ee3e-2824-45bb-9b6e-573510bb272a req-a018ee3e-2824-45bb-9b6e-573510bb272a ] Request (ServerMetadataTestJSON:tearDownClass): 204 DELETE http://10.180.1.21/identity/v3/projects/e005e503e83c476a8a17fca37c1d5698 0.138s
2025-04-15 16:13:39.559 70744 INFO tempest.lib.common.rest_client [req-b8899c5b-299c-4404-9315-d7ea2bace0d3 req-b8899c5b-299c-4404-9315-d7ea2bace0d3 ] Request (ServersAdminTestJSON:test_create_server_with_scheduling_hint): 200 GET http://10.180.1.21/compute/v2.1/servers/6c788574-439c-4c94-819c-84f842795a9d 0.698s
