2025-04-15 16:13:18.706 70718 INFO tempest.lib.common.rest_client [req-f9b28392-d919-4a41-8e28-2ea30dc24613 req-f9b28392-d919-4a41-8e28-2ea30dc24613 ] Request (ServerExternalEventsTest:setUpClass): 201 POST http://10.180.1.21/identity/v3/auth/tokens 0.135s
2025-04-15 16:13:18.723 70758 INFO tempest.lib.common.rest_client [req-2d39c94d-5f70-4f2d-a12f-7474d17c3241 req-2d39c94d-5f70-4f2d-a12f-7474d17c3241 ] Request (ServicesAdminTestJSON:tearDownClass): 204 DELETE http://10.180.1.21/identity/v3/projects/335b1977c869497cad5d1c4d85142400 0.119s
2025-04-15 16:13:18.759 70724 INFO tempest.lib.common.rest_client [req-0bb36588-8a38-4431-8c8e-c35124dbd26f req-0bb36588-8a38-4431-8c8e-c35124dbd26f ] Request (ServersAdminNegativeTestJSON:setUpClass): 201 POST http://10.180.1.21/identity/v3/auth/tokens 0.113s
2025-04-15 16:13:18.759 70724 INFO tempest.lib.common.fixed_network [-] (ServersAdminNegativeTestJSON:setUpClass) Found network None available for tenant
2025-04-15 16:13:18.774 70740 INFO tempest.lib.common.rest_client [req-6398caca-40fe-42e5-b5d9-1d8f2aa69d64 req-6398caca-40fe-42e5-b5d9-1d8f2aa69d64 ] Request (FlavorsV261TestJSON:setUpClass): 201 POST http://10.180.1.21/identity/v3/auth/tokens 0.124s
2025-04-15 16:13:18.782 70718 INFO tempest.lib.common.rest_client [req-70f4505a-7e28-420f-a328-94da1bed820c req-70f4505a-7e28-420f-a328-94da1bed820c ] Request (ServerExternalEventsTest:setUpClass): 201 POST http://10.180.1.21/identity/v3/auth/tokens 0.074s
2025-04-15 16:13:18.794 70758 INFO tempest.lib.common.rest_client [req-c49c2100-cba2-42b4-9c61-8c971e53ce44 req-c49c2100-cba2-42b4-9c61-8c971e53ce44 ] Request (ServersV294TestFqdnHostnames:setUpClass): 201 POST http://10.180.1.21/identity/v3/auth/tokens 0.068s
2025-04-15 16:13:18.806 70740 INFO tempest.lib.common.rest_client [req-7a8d72c8-ae48-4d65-a3a3-60958f3333b0 req-7a8d72c8-ae48-4d65-a3a3-60958f3333b0 ] Request (FlavorsV261TestJSON:setUpClass): 201 POST http://10.180.1.21/identity/v3/auth/tokens 0.029s
2025-04-15 16:13:18.813 70718 INFO tempest.lib.common.rest_client [req-8ed48881-8da7-414c-9702-ebb0fd240441 req-8ed48881-8da7-414c-9702-ebb0fd240441 ] Request (ServerExternalEventsTest:setUpClass): 200 GET http://10.180.1.21/identity/v3/domains?name=Default 0.031s
2025-04-15 16:13:18.830 70758 INFO tempest.lib.common.rest_client [req-e1a04eb5-58a1-4a0e-a7ca-822fb666d325 req-e1a04eb5-58a1-4a0e-a7ca-822fb666d325 ] Request (ServersV294TestFqdnHostnames:setUpClass): 201 POST http://10.180.1.21/identity/v3/auth/tokens 0.030s
2025-04-15 16:13:18.835 70740 INFO tempest.lib.common.rest_client [req-8e7db956-316f-444c-9492-bfeb52028a74 req-8e7db956-316f-444c-9492-bfeb52028a74 ] Request (FlavorsV261TestJSON:setUpClass): 200 GET http://10.180.1.21/identity/v3/domains?name=Default 0.028s
2025-04-15 16:13:18.839 70742 INFO tempest.lib.common.rest_client [req-17dce179-727d-462f-a567-d3cf55363751 req-17dce179-727d-462f-a567-d3cf55363751 ] Request (ImagesOneServerNegativeTestJSON:_run_cleanups): 200 GET http://10.180.1.21/compute/v2.1/servers/a7c8cf9d-671e-4489-8a64-218be96335d1 0.513s
2025-04-15 16:13:18.857 70758 INFO tempest.lib.common.rest_client [req-ca7fb45b-46b1-48e0-bf97-01417c36c24f req-ca7fb45b-46b1-48e0-bf97-01417c36c24f ] Request (ServersV294TestFqdnHostnames:setUpClass): 200 GET http://10.180.1.21/identity/v3/domains?name=Default 0.027s
2025-04-15 16:13:18.860 70718 INFO tempest.lib.common.rest_client [req-2d50416a-9ce9-4f74-bcce-61a83aa1a4bb req-2d50416a-9ce9-4f74-bcce-61a83aa1a4bb ] Request (ServerExternalEventsTest:setUpClass): 201 POST http://10.180.1.21/identity/v3/projects 0.046s
2025-04-15 16:13:18.883 70766 INFO tempest.lib.common.rest_client [req-4bcd1185-a913-40b5-9303-c3274e899778 req-4bcd1185-a913-40b5-9303-c3274e899778 ] Request (ImagesMetadataTestJSON:setUp): 200 PUT http://10.180.1.21/compute/v2.1/images/d1237f06-f29e-4913-9571-0ac3b55f5efa/metadata 0.522s
2025-04-15 16:13:18.904 70776 INFO tempest.lib.common.rest_client [req-721cd071-815a-44b6-a466-95298ac2897b req-721cd071-815a-44b6-a466-95298ac2897b ] Request (ImagesNegativeTestJSON:tearDownClass): 204 DELETE http://10.180.1.21:9696/networking/v2.0/routers/4ae168a4-ddd0-45ff-bfba-ddf7cb1fb88e 1.504s
2025-04-15 16:13:18.925 70740 INFO tempest.lib.common.rest_client [req-19f1df28-0402-4bff-9473-756424101d43 req-19f1df28-0402-4bff-9473-756424101d43 ] Request (FlavorsV261TestJSON:setUpClass): 201 POST http://10.180.1.21/identity/v3/projects 0.090s
2025-04-15 16:13:18.934 70718 INFO tempest.lib.common.rest_client [req-6c6768c0-55bf-46e5-9661-da3231721f3d req-6c6768c0-55bf-46e5-9661-da3231721f3d ] Request (ServerExternalEventsTest:setUpClass): 201 POST http://10.180.1.21/identity/v3/users 0.073s
2025-04-15 16:13:18.940 70728 INFO tempest.lib.common.rest_client [req-fa1c6774-0cdb-4bd0-b640-959c0c8abdf9 req-fa1c6774-0cdb-4bd0-b640-959c0c8abdf9 ] Request (AttachInterfacesUnderV243Test:test_add_remove_fixed_ip): 200 GET http://10.180.1.21/compute/v2.1/servers/b73008e5-583e-495c-8776-ca9bca435a9c 0.532s
2025-04-15 16:13:18.953 70780 INFO tempest.lib.common.rest_client [req-640a8c76-d901-4215-9d34-6360eff13f6a req-640a8c76-d901-4215-9d34-6360eff13f6a ] Request (ServerShowV247Test:test_update_rebuild_list_server): 200 GET http://10.180.1.21/compute/v2.1/servers/1802046c-3dcf-4b7a-b062-5f9c177a11d6 0.500s
2025-04-15 16:13:19.008 70758 INFO tempest.lib.common.rest_client [req-a6e05d5d-6fdb-4cb8-8669-7d892f1e6366 req-a6e05d5d-6fdb-4cb8-8669-7d892f1e6366 ] Request (ServersV294TestFqdnHostnames:setUpClass): 201 POST http://10.180.1.21/identity/v3/projects 0.147s
2025-04-15 16:13:19.014 70740 INFO tempest.lib.common.rest_client [req-3eff17a6-561a-4ae4-8808-734e5256e8e1 req-3eff17a6-561a-4ae4-8808-734e5256e8e1 ] Request (FlavorsV261TestJSON:setUpClass): 201 POST http://10.180.1.21/identity/v3/users 0.088s
2025-04-15 16:13:19.016 70774 INFO tempest.lib.common.rest_client [req-c554b42a-fa1e-4164-b0b6-a42eb8e6eaeb req-c554b42a-fa1e-4164-b0b6-a42eb8e6eaeb ] Request (MigrationsAdminTest:test_list_migrations_in_flavor_resize_situation): 200 GET http://10.180.1.21/compute/v2.1/servers/4d9ff1a2-da45-4efd-af8c-d47907ce0768 0.484s
2025-04-15 16:13:19.042 70768 INFO tempest.lib.common.rest_client [req-c6142f36-58e5-411c-a4d1-f197515d0a68 req-c6142f36-58e5-411c-a4d1-f197515d0a68 ] Request (ServerShowV257Test:test_rebuild_server): 200 GET http://10.180.1.21/compute/v2.1/servers/deaff90c-019f-423c-97ec-801542720a30 0.524s
2025-04-15 16:13:19.063 70718 INFO tempest.lib.common.rest_client [req-2bc42edc-e28f-40ce-8ca1-09ab6a0b1f2b req-2bc42edc-e28f-40ce-8ca1-09ab6a0b1f2b ] Request (ServerExternalEventsTest:setUpClass): 200 GET http://10.180.1.21/identity/v3/roles 0.129s
2025-04-15 16:13:19.078 70762 INFO tempest.lib.common.rest_client [req-1ebc6c78-7f6d-4dec-b246-abfe24656b32 req-1ebc6c78-7f6d-4dec-b246-abfe24656b32 ] Request (ServerAddressesNegativeTestJSON:tearDownClass): 404 GET http://10.180.1.21/compute/v2.1/servers/55ea9666-0dba-4440-9e5c-afeb9d2b7a98 0.372s
2025-04-15 16:13:19.082 70740 INFO tempest.lib.common.rest_client [req-7dca4588-11c9-4b66-9866-de450aa26a85 req-7dca4588-11c9-4b66-9866-de450aa26a85 ] Request (FlavorsV261TestJSON:setUpClass): 200 GET http://10.180.1.21/identity/v3/roles 0.068s
2025-04-15 16:13:19.089 70758 INFO tempest.lib.common.rest_client [req-4758f779-4519-430f-8b0a-79b4fadc1b11 req-4758f779-4519-430f-8b0a-79b4fadc1b11 ] Request (ServersV294TestFqdnHostnames:setUpClass): 201 POST http://10.180.1.21/identity/v3/users 0.081s
2025-04-15 16:13:19.104 70718 INFO tempest.lib.common.rest_client [req-b7e132b9-2ff9-4e57-9539-07b2edc1f4f4 req-b7e132b9-2ff9-4e57-9539-07b2edc1f4f4 ] Request (ServerExternalEventsTest:setUpClass): 204 PUT http://10.180.1.21/identity/v3/projects/eb7c8118910d4898b970454c5f813877/users/7dcffe264f1e4016b4abb6c0693dcea3/roles/dc38c88375db4847b11756910c63b16e 0.040s
2025-04-15 16:13:19.104 70718 INFO tempest.lib.common.dynamic_creds [-] Dynamic test user 7dcffe264f1e4016b4abb6c0693dcea3 is created with scope project and roles: ['member']
2025-04-15 16:13:19.104 70718 INFO tempest.lib.common.dynamic_creds [-] Acquired dynamic creds: credentials: Credentials: {'domain_id': 'default', 'domain_name': 'Default', 'username': 'tempest-ServerExternalEventsTest-600001946-project-member', 'project_domain_id': 'default', 'project_domain_name': 'Default', 'project_id': 'eb7c8118910d4898b970454c5f813877', 'project_name': 'tempest-ServerExternalEventsTest-600001946', 'tenant_id': 'eb7c8118910d4898b970454c5f813877', 'tenant_name': 'tempest-ServerExternalEventsTest-600001946', 'user_domain_id': 'default', 'user_domain_name': 'Default', 'user_id': '7dcffe264f1e4016b4abb6c0693dcea3', 'system': None}, Network: None, Subnet: None, Router: None
2025-04-15 16:13:19.104 70718 INFO tempest.lib.common.dynamic_creds [-] Created isolated network resources for: credentials: Credentials: {'domain_id': 'default', 'domain_name': 'Default', 'username': 'tempest-ServerExternalEventsTest-600001946-project-member', 'project_domain_id': 'default', 'project_domain_name': 'Default', 'project_id': 'eb7c8118910d4898b970454c5f813877', 'project_name': 'tempest-ServerExternalEventsTest-600001946', 'tenant_id': 'eb7c8118910d4898b970454c5f813877', 'tenant_name': 'tempest-ServerExternalEventsTest-600001946', 'user_domain_id': 'default', 'user_domain_name': 'Default', 'user_id': '7dcffe264f1e4016b4abb6c0693dcea3', 'system': None}, Network: None, Subnet: None, Router: None
2025-04-15 16:13:19.106 70776 INFO tempest.lib.common.rest_client [req-e60876b6-c45e-462f-bffc-809cbc8b48da req-e60876b6-c45e-462f-bffc-809cbc8b48da ] Request (ImagesNegativeTestJSON:tearDownClass): 204 DELETE http://10.180.1.21:9696/networking/v2.0/subnets/61190f46-bdf3-43c5-83e5-0fddc8f41c72 0.201s
2025-04-15 16:13:19.107 70756 INFO tempest.lib.common.rest_client [req-ba31724b-2bf5-465a-84a5-b02fa78a0eae req-ba31724b-2bf5-465a-84a5-b02fa78a0eae ] Request (ListImageFiltersTestJSON:setUpClass): 200 GET http://10.180.1.21/compute/v2.1/servers/86972721-627d-4108-ae2f-6d7519de74c0 0.500s
2025-04-15 16:13:19.157 70740 INFO tempest.lib.common.rest_client [req-d38422e3-f568-493c-a428-d85b5fe5e49f req-d38422e3-f568-493c-a428-d85b5fe5e49f ] Request (FlavorsV261TestJSON:setUpClass): 204 PUT http://10.180.1.21/identity/v3/projects/2cd14552f9e64610b80f5ee3d38dabd9/users/c953439b73194652b177d1c8bf964c0c/roles/dc38c88375db4847b11756910c63b16e 0.075s
2025-04-15 16:13:19.157 70740 INFO tempest.lib.common.dynamic_creds [-] Dynamic test user c953439b73194652b177d1c8bf964c0c is created with scope project and roles: ['member']
2025-04-15 16:13:19.158 70740 INFO tempest.lib.common.dynamic_creds [-] Acquired dynamic creds: credentials: Credentials: {'domain_id': 'default', 'domain_name': 'Default', 'username': 'tempest-FlavorsV261TestJSON-1880441684-project-member', 'project_domain_id': 'default', 'project_domain_name': 'Default', 'project_id': '2cd14552f9e64610b80f5ee3d38dabd9', 'project_name': 'tempest-FlavorsV261TestJSON-1880441684', 'tenant_id': '2cd14552f9e64610b80f5ee3d38dabd9', 'tenant_name': 'tempest-FlavorsV261TestJSON-1880441684', 'user_domain_id': 'default', 'user_domain_name': 'Default', 'user_id': 'c953439b73194652b177d1c8bf964c0c', 'system': None}, Network: None, Subnet: None, Router: None
2025-04-15 16:13:19.158 70740 INFO tempest.lib.common.dynamic_creds [-] Created isolated network resources for: credentials: Credentials: {'domain_id': 'default', 'domain_name': 'Default', 'username': 'tempest-FlavorsV261TestJSON-1880441684-project-member', 'project_domain_id': 'default', 'project_domain_name': 'Default', 'project_id': '2cd14552f9e64610b80f5ee3d38dabd9', 'project_name': 'tempest-FlavorsV261TestJSON-1880441684', 'tenant_id': '2cd14552f9e64610b80f5ee3d38dabd9', 'tenant_name': 'tempest-FlavorsV261TestJSON-1880441684', 'user_domain_id': 'default', 'user_domain_name': 'Default', 'user_id': 'c953439b73194652b177d1c8bf964c0c', 'system': None}, Network: None, Subnet: None, Router: None
2025-04-15 16:13:19.175 70730 INFO tempest.lib.common.rest_client [req-4f91040a-f2c1-45dc-a4c9-ee847f235bf3 req-4f91040a-f2c1-45dc-a4c9-ee847f235bf3 ] Request (ServersTestMultiNic:test_verify_duplicate_network_nics): 200 GET http://10.180.1.21/compute/v2.1/servers/cfc4e624-db92-423c-969c-64d433595497 0.383s
2025-04-15 16:13:19.204 70720 INFO tempest.lib.common.rest_client [req-0e08a148-e425-4411-aa9c-af7ef3a8fc9f req-0e08a148-e425-4411-aa9c-af7ef3a8fc9f ] Request (MultipleCreateTestJSON:setUpClass): 201 POST http://10.180.1.21:9696/networking/v2.0/routers 2.147s
2025-04-15 16:13:19.221 70758 INFO tempest.lib.common.rest_client [req-b0d44c66-898f-41b0-a309-dd42ad633064 req-b0d44c66-898f-41b0-a309-dd42ad633064 ] Request (ServersV294TestFqdnHostnames:setUpClass): 200 GET http://10.180.1.21/identity/v3/roles 0.131s
2025-04-15 16:13:19.280 70718 INFO tempest.lib.common.rest_client [req-6cb95fbf-4309-4c96-bdb5-9710ed31f74f req-6cb95fbf-4309-4c96-bdb5-9710ed31f74f ] Request (ServerExternalEventsTest:setUpClass): 201 POST http://10.180.1.21/identity/v3/auth/tokens 0.171s
2025-04-15 16:13:19.297 70740 INFO tempest.lib.common.rest_client [req-cdbfd8c6-a582-496f-836e-601d107e1a17 req-cdbfd8c6-a582-496f-836e-601d107e1a17 ] Request (FlavorsV261TestJSON:setUpClass): 201 POST http://10.180.1.21/identity/v3/auth/tokens 0.135s
2025-04-15 16:13:19.302 70758 INFO tempest.lib.common.rest_client [req-48fe2abb-7a91-4b66-95c6-4b3c9b9378d5 req-48fe2abb-7a91-4b66-95c6-4b3c9b9378d5 ] Request (ServersV294TestFqdnHostnames:setUpClass): 204 PUT http://10.180.1.21/identity/v3/projects/df3b9c0071bd4675bb11cbd570ac6406/users/30739f23f1f541d9ba23ee054afa805b/roles/dc38c88375db4847b11756910c63b16e 0.080s
2025-04-15 16:13:19.302 70758 INFO tempest.lib.common.dynamic_creds [-] Dynamic test user 30739f23f1f541d9ba23ee054afa805b is created with scope project and roles: ['member']
2025-04-15 16:13:19.303 70758 INFO tempest.lib.common.dynamic_creds [-] Acquired dynamic creds: credentials: Credentials: {'domain_id': 'default', 'domain_name': 'Default', 'username': 'tempest-ServersV294TestFqdnHostnames-1461588630-project-member', 'project_domain_id': 'default', 'project_domain_name': 'Default', 'project_id': 'df3b9c0071bd4675bb11cbd570ac6406', 'project_name': 'tempest-ServersV294TestFqdnHostnames-1461588630', 'tenant_id': 'df3b9c0071bd4675bb11cbd570ac6406', 'tenant_name': 'tempest-ServersV294TestFqdnHostnames-1461588630', 'user_domain_id': 'default', 'user_domain_name': 'Default', 'user_id': '30739f23f1f541d9ba23ee054afa805b', 'system': None}, Network: None, Subnet: None, Router: None
2025-04-15 16:13:19.362 70718 INFO tempest.lib.common.rest_client [req-99764a78-0b74-4856-b0cc-abcde9e587d2 req-99764a78-0b74-4856-b0cc-abcde9e587d2 ] Request (ServerExternalEventsTest:setUpClass): 201 POST http://10.180.1.21/identity/v3/projects 0.081s
2025-04-15 16:13:19.372 70740 INFO tempest.lib.common.rest_client [req-a1b9cc4a-3eb9-4962-be87-e24e70fea8b5 req-a1b9cc4a-3eb9-4962-be87-e24e70fea8b5 ] Request (FlavorsV261TestJSON:setUpClass): 201 POST http://10.180.1.21/identity/v3/projects 0.074s
2025-04-15 16:13:19.376 70766 INFO tempest.lib.common.rest_client [req-315265a3-d8ce-4a43-9405-e9fcf1a29858 req-315265a3-d8ce-4a43-9405-e9fcf1a29858 ] Request (ImagesMetadataTestJSON:test_delete_image_metadata_item): 204 DELETE http://10.180.1.21/compute/v2.1/images/d1237f06-f29e-4913-9571-0ac3b55f5efa/metadata/os_version 0.491s
2025-04-15 16:13:19.430 70758 INFO tempest.lib.common.rest_client [req-22045913-aeda-4625-a52f-512f2cd87495 req-22045913-aeda-4625-a52f-512f2cd87495 ] Request (ServersV294TestFqdnHostnames:setUpClass): 201 POST http://10.180.1.21/identity/v3/auth/tokens 0.127s
2025-04-15 16:13:19.476 70718 INFO tempest.lib.common.rest_client [req-5d007ea0-da16-486a-8419-d73bd7cdda3b req-5d007ea0-da16-486a-8419-d73bd7cdda3b ] Request (ServerExternalEventsTest:setUpClass): 201 POST http://10.180.1.21/identity/v3/users 0.112s
2025-04-15 16:13:19.490 70740 INFO tempest.lib.common.rest_client [req-abafb3d8-46b0-419e-8b44-b3e33e4bc4de req-abafb3d8-46b0-419e-8b44-b3e33e4bc4de ] Request (FlavorsV261TestJSON:setUpClass): 201 POST http://10.180.1.21/identity/v3/users 0.118s
2025-04-15 16:13:19.508 70738 INFO tempest.lib.common.rest_client [req-1d1e5bb8-f558-4ad1-9117-76864e55909b req-1d1e5bb8-f558-4ad1-9117-76864e55909b ] Request (ServersListShow296Test:test_list_show_update_rebuild_server_296): 200 GET http://10.180.1.21/compute/v2.1/servers/4761bd86-261a-4525-a2bf-df74065c403d 0.590s
2025-04-15 16:13:19.520 70718 INFO tempest.lib.common.rest_client [req-5dbd2880-ef5a-431f-b8d4-d5f9ea8e8c37 req-5dbd2880-ef5a-431f-b8d4-d5f9ea8e8c37 ] Request (ServerExternalEventsTest:setUpClass): 200 GET http://10.180.1.21/identity/v3/roles 0.044s
2025-04-15 16:13:19.545 70740 INFO tempest.lib.common.rest_client [req-669ecdb2-4364-43af-92bd-cfec2b7681a2 req-669ecdb2-4364-43af-92bd-cfec2b7681a2 ] Request (FlavorsV261TestJSON:setUpClass): 200 GET http://10.180.1.21/identity/v3/roles 0.054s
2025-04-15 16:13:19.579 70718 INFO tempest.lib.common.rest_client [req-7ac1fa36-3769-4dec-90ff-3f61ecd4d5b5 req-7ac1fa36-3769-4dec-90ff-3f61ecd4d5b5 ] Request (ServerExternalEventsTest:setUpClass): 204 PUT http://10.180.1.21/identity/v3/projects/fc59a938e41d45eda31f9e4149958d59/users/af05c9c189794103986486695911d8e5/roles/396941bf50954687972b12084e97631a 0.058s
2025-04-15 16:13:19.590 70740 INFO tempest.lib.common.rest_client [req-f5047afa-f95b-4d69-a3d7-778cca9ef867 req-f5047afa-f95b-4d69-a3d7-778cca9ef867 ] Request (FlavorsV261TestJSON:setUpClass): 204 PUT http://10.180.1.21/identity/v3/projects/202c60362c9846a5862923c04e7ea277/users/c5513997ff924e9582c721ed70627b4c/roles/396941bf50954687972b12084e97631a 0.044s
2025-04-15 16:13:19.629 70724 INFO tempest.lib.common.rest_client [req-3405d453-ae69-459c-86a0-b3642a359c37 req-3405d453-ae69-459c-86a0-b3642a359c37 ] Request (ServersAdminNegativeTestJSON:setUpClass): 202 POST http://10.180.1.21/compute/v2.1/servers 0.869s
2025-04-15 16:13:19.649 70740 INFO tempest.lib.common.rest_client [req-62be3011-c0a9-40c4-8a99-12dab3e010cf req-62be3011-c0a9-40c4-8a99-12dab3e010cf ] Request (FlavorsV261TestJSON:setUpClass): 200 GET http://10.180.1.21/identity/v3/roles 0.059s
2025-04-15 16:13:19.666 70718 INFO tempest.lib.common.rest_client [req-08549ad8-19a2-4918-8503-13e23d0f9358 req-08549ad8-19a2-4918-8503-13e23d0f9358 ] Request (ServerExternalEventsTest:setUpClass): 200 GET http://10.180.1.21/identity/v3/roles 0.086s
2025-04-15 16:13:19.672 70740 INFO tempest.lib.common.rest_client [req-809d80fc-6754-4db9-b0f2-5195939ce4a5 req-809d80fc-6754-4db9-b0f2-5195939ce4a5 ] Request (FlavorsV261TestJSON:setUpClass): 204 PUT http://10.180.1.21/identity/v3/projects/202c60362c9846a5862923c04e7ea277/users/c5513997ff924e9582c721ed70627b4c/roles/396941bf50954687972b12084e97631a 0.023s
2025-04-15 16:13:19.672 70740 INFO tempest.lib.common.dynamic_creds [-] Dynamic test user c5513997ff924e9582c721ed70627b4c is created with scope project and roles: ['admin']
2025-04-15 16:13:19.673 70740 INFO tempest.lib.common.dynamic_creds [-] Acquired dynamic creds: credentials: Credentials: {'domain_id': 'default', 'domain_name': 'Default', 'username': 'tempest-FlavorsV261TestJSON-1790389690-project-admin', 'project_domain_id': 'default', 'project_domain_name': 'Default', 'project_id': '202c60362c9846a5862923c04e7ea277', 'project_name': 'tempest-FlavorsV261TestJSON-1790389690', 'tenant_id': '202c60362c9846a5862923c04e7ea277', 'tenant_name': 'tempest-FlavorsV261TestJSON-1790389690', 'user_domain_id': 'default', 'user_domain_name': 'Default', 'user_id': 'c5513997ff924e9582c721ed70627b4c', 'system': None}, Network: None, Subnet: None, Router: None
2025-04-15 16:13:19.673 70740 INFO tempest.lib.common.dynamic_creds [-] Created isolated network resources for: credentials: Credentials: {'domain_id': 'default', 'domain_name': 'Default', 'username': 'tempest-FlavorsV261TestJSON-1790389690-project-admin', 'project_domain_id': 'default', 'project_domain_name': 'Default', 'project_id': '202c60362c9846a5862923c04e7ea277', 'project_name': 'tempest-FlavorsV261TestJSON-1790389690', 'tenant_id': '202c60362c9846a5862923c04e7ea277', 'tenant_name': 'tempest-FlavorsV261TestJSON-1790389690', 'user_domain_id': 'default', 'user_domain_name': 'Default', 'user_id': 'c5513997ff924e9582c721ed70627b4c', 'system': None}, Network: None, Subnet: None, Router: None
2025-04-15 16:13:19.717 70718 INFO tempest.lib.common.rest_client [req-497c4227-d1de-458c-b27e-c07c97a1d7db req-497c4227-d1de-458c-b27e-c07c97a1d7db ] Request (ServerExternalEventsTest:setUpClass): 204 PUT http://10.180.1.21/identity/v3/projects/fc59a938e41d45eda31f9e4149958d59/users/af05c9c189794103986486695911d8e5/roles/396941bf50954687972b12084e97631a 0.050s
2025-04-15 16:13:19.717 70718 INFO tempest.lib.common.dynamic_creds [-] Dynamic test user af05c9c189794103986486695911d8e5 is created with scope project and roles: ['admin']
2025-04-15 16:13:19.717 70718 INFO tempest.lib.common.dynamic_creds [-] Acquired dynamic creds: credentials: Credentials: {'domain_id': 'default', 'domain_name': 'Default', 'username': 'tempest-ServerExternalEventsTest-196251720-project-admin', 'project_domain_id': 'default', 'project_domain_name': 'Default', 'project_id': 'fc59a938e41d45eda31f9e4149958d59', 'project_name': 'tempest-ServerExternalEventsTest-196251720', 'tenant_id': 'fc59a938e41d45eda31f9e4149958d59', 'tenant_name': 'tempest-ServerExternalEventsTest-196251720', 'user_domain_id': 'default', 'user_domain_name': 'Default', 'user_id': 'af05c9c189794103986486695911d8e5', 'system': None}, Network: None, Subnet: None, Router: None
2025-04-15 16:13:19.717 70718 INFO tempest.lib.common.dynamic_creds [-] Created isolated network resources for: credentials: Credentials: {'domain_id': 'default', 'domain_name': 'Default', 'username': 'tempest-ServerExternalEventsTest-196251720-project-admin', 'project_domain_id': 'default', 'project_domain_name': 'Default', 'project_id': 'fc59a938e41d45eda31f9e4149958d59', 'project_name': 'tempest-ServerExternalEventsTest-196251720', 'tenant_id': 'fc59a938e41d45eda31f9e4149958d59', 'tenant_name': 'tempest-ServerExternalEventsTest-196251720', 'user_domain_id': 'default', 'user_domain_name': 'Default', 'user_id': 'af05c9c189794103986486695911d8e5', 'system': None}, Network: None, Subnet: None, Router: None
2025-04-15 16:13:19.740 70734 INFO tempest.lib.common.rest_client [req-c1b3c69c-3298-4e72-b627-6976de124ba3 req-c1b3c69c-3298-4e72-b627-6976de124ba3 ] Request (ServerDiagnosticsNegativeTest:test_get_server_diagnostics_by_non_admin): 200 GET http://10.180.1.21/compute/v2.1/servers/ce148295-2ef2-4356-8e62-ae032a71d36b 0.702s
2025-04-15 16:13:19.780 70740 INFO tempest.lib.common.rest_client [req-cb30a470-c00d-4557-a6ae-849a686286eb req-cb30a470-c00d-4557-a6ae-849a686286eb ] Request (FlavorsV261TestJSON:setUpClass): 201 POST http://10.180.1.21/identity/v3/auth/tokens 0.104s
2025-04-15 16:13:19.790 70718 INFO tempest.lib.common.rest_client [req-33dcbf04-2a00-4a57-bbba-aaadb452f11b req-33dcbf04-2a00-4a57-bbba-aaadb452f11b ] Request (ServerExternalEventsTest:setUpClass): 201 POST http://10.180.1.21/identity/v3/auth/tokens 0.069s
2025-04-15 16:13:19.815 70750 INFO tempest.lib.common.rest_client [req-31c6cac2-126b-41b3-b539-1c5cb932d1e9 req-31c6cac2-126b-41b3-b539-1c5cb932d1e9 ] Request (FloatingIPsAssociationTestJSON:test_associate_already_associated_floating_ip): 200 GET http://10.180.1.21/compute/v2.1/servers/80c143e6-56dd-4a92-bb8d-d4c2a3456ec9 0.703s
2025-04-15 16:13:19.861 70726 INFO tempest.lib.common.rest_client [req-bb36e93d-4fea-4255-8ce2-97564470bfc7 req-bb36e93d-4fea-4255-8ce2-97564470bfc7 ] Request (ServerDiskConfigTestJSON:test_rebuild_server_with_auto_disk_config): 200 GET http://10.180.1.21/compute/v2.1/servers/487ce04c-cec0-42aa-bfa1-3b72b2dcc0c2 0.914s
2025-04-15 16:13:19.884 70718 INFO tempest.lib.common.rest_client [req-99d63cad-8c20-409d-9856-bb4448854c7e req-99d63cad-8c20-409d-9856-bb4448854c7e ] Request (ServerExternalEventsTest:setUpClass): 201 POST http://10.180.1.21/identity/v3/projects 0.093s
2025-04-15 16:13:19.930 70776 INFO tempest.lib.common.rest_client [req-3aefaee9-be72-42c9-a86f-a4caa3d0004c req-3aefaee9-be72-42c9-a86f-a4caa3d0004c ] Request (ImagesNegativeTestJSON:tearDownClass): 204 DELETE http://10.180.1.21:9696/networking/v2.0/networks/ea5651b8-0ffc-4161-a3c6-910e61216f05 0.823s
2025-04-15 16:13:19.955 70778 INFO tempest.lib.common.rest_client [req-32f62068-1258-4000-a433-0885a032f772 req-32f62068-1258-4000-a433-0885a032f772 ] Request (InstanceActionsTestJSON:tearDownClass): 200 GET http://10.180.1.21/compute/v2.1/servers/460e787f-23bb-4bb8-8bc4-11545b9891ea 0.732s
2025-04-15 16:13:19.975 70746 INFO tempest.lib.common.rest_client [req-b892904e-c2cc-41a1-a1c4-3e6bc8dfe126 req-b892904e-c2cc-41a1-a1c4-3e6bc8dfe126 ] Request (ServerTagsTestJSON:setUpClass): 200 GET http://10.180.1.21/compute/v2.1/servers/e520b86c-a70c-48a3-bb69-8212a40050cb 0.742s
2025-04-15 16:13:19.975 70718 INFO tempest.lib.common.rest_client [req-e67c0480-601a-4365-a55b-de188bfe036e req-e67c0480-601a-4365-a55b-de188bfe036e ] Request (ServerExternalEventsTest:setUpClass): 201 POST http://10.180.1.21/identity/v3/users 0.090s
2025-04-15 16:13:20.003 70718 INFO tempest.lib.common.rest_client [req-0432eff1-a7da-4849-b978-951c6f6224ca req-0432eff1-a7da-4849-b978-951c6f6224ca ] Request (ServerExternalEventsTest:setUpClass): 200 GET http://10.180.1.21/identity/v3/roles 0.026s
2025-04-15 16:13:20.048 70718 INFO tempest.lib.common.rest_client [req-8ab217f2-f7c4-4887-a28e-43c93508a7f7 req-8ab217f2-f7c4-4887-a28e-43c93508a7f7 ] Request (ServerExternalEventsTest:setUpClass): 204 PUT http://10.180.1.21/identity/v3/projects/2a23da7e15274d4ea73d1bce7de0d7d2/users/b7b2c147b0b546efbdadb9de7a7903dd/roles/fe7150c041e643e9aa8de8bb3283cb14 0.044s
2025-04-15 16:13:20.085 70736 INFO tempest.lib.common.rest_client [req-86ebee2e-5183-49c4-9e1c-468a744c46fb req-86ebee2e-5183-49c4-9e1c-468a744c46fb ] Request (ServerRescueTestJSONUnderV235:setUpClass): 200 GET http://10.180.1.21/compute/v2.1/servers/bb51f520-2d79-411b-989a-829094314e11 0.775s
2025-04-15 16:13:20.095 70744 INFO tempest.lib.common.rest_client [req-6215eaf7-2c85-4ccd-9df5-264c37c03138 req-6215eaf7-2c85-4ccd-9df5-264c37c03138 ] Request (ServersAdminTestJSON:test_create_server_with_scheduling_hint): 200 GET http://10.180.1.21/compute/v2.1/servers/6c788574-439c-4c94-819c-84f842795a9d 0.804s
2025-04-15 16:13:20.101 70754 INFO tempest.lib.common.rest_client [req-0b137772-ecc1-41fa-8d32-ae998e45a3ff req-0b137772-ecc1-41fa-8d32-ae998e45a3ff ] Request (VolumesAssistedSnapshotsTest:test_volume_assisted_snapshot_create_delete): 200 PUT http://10.180.1.21:9696/networking/v2.0/floatingips/8ff2346e-e154-4f07-9b60-11594732c52b 1.581s
2025-04-15 16:13:20.102 70754 INFO tempest.lib.common.ssh [-] Creating ssh connection to '10.180.180.132:22' as 'cirros' with public key authentication
2025-04-15 16:13:20.129 70766 INFO tempest.lib.common.rest_client [req-4cb8e182-a248-4204-91c7-7249107c0d00 req-4cb8e182-a248-4204-91c7-7249107c0d00 ] Request (ImagesMetadataTestJSON:test_delete_image_metadata_item): 200 GET http://10.180.1.21/compute/v2.1/images/d1237f06-f29e-4913-9571-0ac3b55f5efa/metadata 0.753s
2025-04-15 16:13:20.135 70718 INFO tempest.lib.common.rest_client [req-0542e5fc-4747-4771-bf1a-9a53cc120369 req-0542e5fc-4747-4771-bf1a-9a53cc120369 ] Request (ServerExternalEventsTest:setUpClass): 200 GET http://10.180.1.21/identity/v3/roles 0.086s
2025-04-15 16:13:20.147 70758 INFO tempest.lib.common.rest_client [req-85780f10-599e-4847-a75d-4816e1b7fe62 req-85780f10-599e-4847-a75d-4816e1b7fe62 ] Request (ServersV294TestFqdnHostnames:setUpClass): 201 POST http://10.180.1.21:9696/networking/v2.0/networks 0.716s
2025-04-15 16:13:20.159 70722 INFO tempest.lib.common.rest_client [req-909965c2-1665-4d12-be62-302602d608d5 req-909965c2-1665-4d12-be62-302602d608d5 ] Request (ServersWithSpecificFlavorTestJSON:test_verify_created_server_ephemeral_disk): 200 GET http://10.180.1.21/compute/v2.1/servers/61606b64-febb-4672-81fe-e921ef3c0631 0.772s
2025-04-15 16:13:20.159 70776 INFO tempest.lib.common.rest_client [req-d28dbe1f-4372-460f-8fc9-cb3201213c10 req-d28dbe1f-4372-460f-8fc9-cb3201213c10 ] Request (ImagesNegativeTestJSON:tearDownClass): 204 DELETE http://10.180.1.21/identity/v3/users/3e815976bed64b9ba194c2c487ac13a1 0.228s
2025-04-15 16:13:20.159 70776 INFO tempest.lib.common.dynamic_creds [-] Deleting project and security group for project: 0c879c0e3bea41d9a99d7a749c92bcd5
2025-04-15 16:13:20.196 70718 INFO tempest.lib.common.rest_client [req-3674c94a-719e-448d-8be7-e844739dda37 req-3674c94a-719e-448d-8be7-e844739dda37 ] Request (ServerExternalEventsTest:setUpClass): 204 PUT http://10.180.1.21/identity/v3/projects/2a23da7e15274d4ea73d1bce7de0d7d2/users/b7b2c147b0b546efbdadb9de7a7903dd/roles/396941bf50954687972b12084e97631a 0.060s
2025-04-15 16:13:20.196 70718 INFO tempest.lib.common.dynamic_creds [-] Dynamic test user b7b2c147b0b546efbdadb9de7a7903dd is created with scope project and roles: ['service', 'admin']
2025-04-15 16:13:20.196 70718 INFO tempest.lib.common.dynamic_creds [-] Acquired dynamic creds: credentials: Credentials: {'domain_id': 'default', 'domain_name': 'Default', 'username': 'tempest-ServerExternalEventsTest-610057494-project', 'project_domain_id': 'default', 'project_domain_name': 'Default', 'project_id': '2a23da7e15274d4ea73d1bce7de0d7d2', 'project_name': 'tempest-ServerExternalEventsTest-610057494', 'tenant_id': '2a23da7e15274d4ea73d1bce7de0d7d2', 'tenant_name': 'tempest-ServerExternalEventsTest-610057494', 'user_domain_id': 'default', 'user_domain_name': 'Default', 'user_id': 'b7b2c147b0b546efbdadb9de7a7903dd', 'system': None}, Network: None, Subnet: None, Router: None
2025-04-15 16:13:20.196 70718 INFO tempest.lib.common.dynamic_creds [-] Created isolated network resources for: credentials: Credentials: {'domain_id': 'default', 'domain_name': 'Default', 'username': 'tempest-ServerExternalEventsTest-610057494-project', 'project_domain_id': 'default', 'project_domain_name': 'Default', 'project_id': '2a23da7e15274d4ea73d1bce7de0d7d2', 'project_name': 'tempest-ServerExternalEventsTest-610057494', 'tenant_id': '2a23da7e15274d4ea73d1bce7de0d7d2', 'tenant_name': 'tempest-ServerExternalEventsTest-610057494', 'user_domain_id': 'default', 'user_domain_name': 'Default', 'user_id': 'b7b2c147b0b546efbdadb9de7a7903dd', 'system': None}, Network: None, Subnet: None, Router: None
2025-04-15 16:13:20.222 70776 INFO tempest.lib.common.rest_client [req-8d30c430-7c6c-4cd0-b300-837f57bbab0a req-8d30c430-7c6c-4cd0-b300-837f57bbab0a ] Request (ImagesNegativeTestJSON:tearDownClass): 200 GET http://10.180.1.21:9696/networking/v2.0/security-groups?tenant_id=0c879c0e3bea41d9a99d7a749c92bcd5&name=default 0.062s
2025-04-15 16:13:20.259 70770 INFO tempest.lib.common.rest_client [req-6f3e8776-f402-49ef-8952-87a0dab9e67d req-6f3e8776-f402-49ef-8952-87a0dab9e67d ] Request (ServerMetadataTestJSON:tearDownClass): 200 GET http://10.180.1.21/compute/v2.1/servers/2fffbfbc-2b85-4ee8-89e2-ef8cc63a81d7 0.665s
2025-04-15 16:13:20.292 70718 INFO tempest.lib.common.rest_client [req-accd7804-ea77-47fb-874f-9331f25fe8c3 req-accd7804-ea77-47fb-874f-9331f25fe8c3 ] Request (ServerExternalEventsTest:setUpClass): 201 POST http://10.180.1.21/identity/v3/auth/tokens 0.093s
2025-04-15 16:13:20.302 70732 INFO tempest.lib.common.rest_client [req-7b59f52a-7d6d-4ae2-9cf2-2123a9941876 req-7b59f52a-7d6d-4ae2-9cf2-2123a9941876 ] Request (FloatingIPsAssociationNegativeTestJSON:setUpClass): 200 GET http://10.180.1.21/compute/v2.1/servers/8febcfdf-6403-4b67-b5b7-c640dd9da041 0.789s
2025-04-15 16:13:20.313 70724 INFO tempest.lib.common.rest_client [req-3ace0a7b-b15a-42fe-b5c9-acfe4ca7c123 req-3ace0a7b-b15a-42fe-b5c9-acfe4ca7c123 ] Request (ServersAdminNegativeTestJSON:setUpClass): 200 GET http://10.180.1.21/compute/v2.1/servers/6e0de7b8-ef2d-4449-8e08-e188d9f210ad 0.682s
2025-04-15 16:13:20.376 70718 INFO tempest.lib.common.rest_client [req-9b4cf51a-2913-49d7-bcf2-f0f483582d74 req-9b4cf51a-2913-49d7-bcf2-f0f483582d74 ] Request (ServerExternalEventsTest:test_create_server_external_events): 201 POST http://10.180.1.21/identity/v3/auth/tokens 0.080s
2025-04-15 16:13:20.377 70718 INFO tempest.lib.common.fixed_network [-] (ServerExternalEventsTest:test_create_server_external_events) Found network None available for tenant
2025-04-15 16:13:20.383 70748 INFO tempest.lib.common.rest_client [req-054b2a7b-a503-4a95-ba41-4cb9a4de226a req-054b2a7b-a503-4a95-ba41-4cb9a4de226a ] Request (DeleteServersAdminTestJSON:test_delete_server_while_in_error_state): 200 GET http://10.180.1.21/compute/v2.1/servers/94ca8146-bef3-47a0-a41f-51e3b2d773b9 0.730s
2025-04-15 16:13:20.385 70758 INFO tempest.lib.common.rest_client [req-1d02630f-3a21-4a70-813f-39aed10ccc14 req-1d02630f-3a21-4a70-813f-39aed10ccc14 ] Request (ServersV294TestFqdnHostnames:setUpClass): 201 POST http://10.180.1.21:9696/networking/v2.0/subnets 0.237s
2025-04-15 16:13:20.459 70740 INFO tempest.lib.common.rest_client [req-c31ebc9b-75ec-4c45-aece-e178f3a3df52 req-c31ebc9b-75ec-4c45-aece-e178f3a3df52 ] Request (FlavorsV261TestJSON:test_crud_flavor): 200 POST http://10.180.1.21/compute/v2.1/flavors 0.677s
2025-04-15 16:13:20.499 70742 INFO tempest.lib.common.rest_client [req-fef2999a-014c-459e-a30b-5a52fa835a08 req-fef2999a-014c-459e-a30b-5a52fa835a08 ] Request (ImagesOneServerNegativeTestJSON:_run_cleanups): 200 GET http://10.180.1.21/compute/v2.1/servers/a7c8cf9d-671e-4489-8a64-218be96335d1 0.649s
2025-04-15 16:13:20.529 70728 INFO tempest.lib.common.rest_client [req-f1532d39-09cb-4762-8ff8-b53dacb8f0c3 req-f1532d39-09cb-4762-8ff8-b53dacb8f0c3 ] Request (AttachInterfacesUnderV243Test:test_add_remove_fixed_ip): 200 GET http://10.180.1.21/compute/v2.1/servers/b73008e5-583e-495c-8776-ca9bca435a9c 0.576s
2025-04-15 16:13:20.546 70776 INFO tempest.lib.common.rest_client [req-1f0ee7b9-d633-424c-a64d-51867c6c437e req-1f0ee7b9-d633-424c-a64d-51867c6c437e ] Request (ImagesNegativeTestJSON:tearDownClass): 204 DELETE http://10.180.1.21:9696/networking/v2.0/security-groups/8275bfa3-57cd-494e-a643-64ca4397ebba 0.323s
2025-04-15 16:13:20.592 70780 INFO tempest.lib.common.rest_client [req-7764e57d-8f88-49bd-a0f9-c853d522d7ed req-7764e57d-8f88-49bd-a0f9-c853d522d7ed ] Request (ServerShowV247Test:test_update_rebuild_list_server): 200 GET http://10.180.1.21/compute/v2.1/servers/1802046c-3dcf-4b7a-b062-5f9c177a11d6 0.618s
2025-04-15 16:13:20.605 70774 INFO tempest.lib.common.rest_client [req-8893a7c3-9696-482c-b89c-6ddd3a470bf8 req-8893a7c3-9696-482c-b89c-6ddd3a470bf8 ] Request (MigrationsAdminTest:test_list_migrations_in_flavor_resize_situation): 200 GET http://10.180.1.21/compute/v2.1/servers/4d9ff1a2-da45-4efd-af8c-d47907ce0768 0.582s
2025-04-15 16:13:20.677 70756 INFO tempest.lib.common.rest_client [req-9a063472-58ce-4572-b308-183dfc0fa82f req-9a063472-58ce-4572-b308-183dfc0fa82f ] Request (ListImageFiltersTestJSON:setUpClass): 200 GET http://10.180.1.21/compute/v2.1/servers/86972721-627d-4108-ae2f-6d7519de74c0 0.559s
2025-04-15 16:13:20.679 70776 INFO tempest.lib.common.rest_client [req-b35eb4de-8ac3-4b31-9136-1655920a9a04 req-b35eb4de-8ac3-4b31-9136-1655920a9a04 ] Request (ImagesNegativeTestJSON:tearDownClass): 204 DELETE http://10.180.1.21/identity/v3/projects/0c879c0e3bea41d9a99d7a749c92bcd5 0.132s
2025-04-15 16:13:20.683 70768 INFO tempest.lib.common.rest_client [req-a126c5d9-c2d4-4a1d-b5c2-4a1e9aca7355 req-a126c5d9-c2d4-4a1d-b5c2-4a1e9aca7355 ] Request (ServerShowV257Test:test_rebuild_server): 200 GET http://10.180.1.21/compute/v2.1/servers/deaff90c-019f-423c-97ec-801542720a30 0.629s
2025-04-15 16:13:20.694 70768 INFO tempest.common.waiters [-] State transition "REBUILD/rebuilding" ==> "REBUILD/rebuild_spawning" after 3 second wait
2025-04-15 16:13:20.743 70776 INFO tempest.lib.common.rest_client [req-aee2d573-5004-4ad6-bb31-da694ff862e5 req-aee2d573-5004-4ad6-bb31-da694ff862e5 ] Request (SecurityGroupsNegativeTestJSON:setUpClass): 201 POST http://10.180.1.21/identity/v3/auth/tokens 0.063s
2025-04-15 16:13:20.750 70730 INFO tempest.lib.common.rest_client [req-dc7d7dc9-63ab-438c-a71d-d8a1341f921e req-dc7d7dc9-63ab-438c-a71d-d8a1341f921e ] Request (ServersTestMultiNic:test_verify_duplicate_network_nics): 200 GET http://10.180.1.21/compute/v2.1/servers/cfc4e624-db92-423c-969c-64d433595497 0.564s
2025-04-15 16:13:20.769 70762 INFO tempest.lib.common.rest_client [req-3ea65c86-596d-4288-af6e-0b2c9fe0c36c req-3ea65c86-596d-4288-af6e-0b2c9fe0c36c ] Request (ServerAddressesNegativeTestJSON:tearDownClass): 200 PUT http://10.180.1.21:9696/networking/v2.0/routers/7864cfe1-5199-461e-bd24-bbcdcf0562c4/remove_router_interface 1.691s
2025-04-15 16:13:20.786 70776 INFO tempest.lib.common.rest_client [req-bea88bfd-fab9-4702-bd0d-f7065fb00573 req-bea88bfd-fab9-4702-bd0d-f7065fb00573 ] Request (SecurityGroupsNegativeTestJSON:setUpClass): 201 POST http://10.180.1.21/identity/v3/auth/tokens 0.038s
2025-04-15 16:13:20.813 70776 INFO tempest.lib.common.rest_client [req-db3f5c79-5855-438a-a2e6-363e9af04572 req-db3f5c79-5855-438a-a2e6-363e9af04572 ] Request (SecurityGroupsNegativeTestJSON:setUpClass): 200 GET http://10.180.1.21/identity/v3/domains?name=Default 0.027s
2025-04-15 16:13:20.844 70776 INFO tempest.lib.common.rest_client [req-3f37b991-78e8-4fad-9c04-2763060310a0 req-3f37b991-78e8-4fad-9c04-2763060310a0 ] Request (SecurityGroupsNegativeTestJSON:setUpClass): 201 POST http://10.180.1.21/identity/v3/projects 0.030s
2025-04-15 16:13:20.887 70720 INFO tempest.lib.common.rest_client [req-9c653f08-1c5f-4543-8833-c7f9dcff8520 req-9c653f08-1c5f-4543-8833-c7f9dcff8520 ] Request (MultipleCreateTestJSON:setUpClass): 200 PUT http://10.180.1.21:9696/networking/v2.0/routers/49ad3de9-4513-4b5f-9d99-8aaeaf6bca70/add_router_interface 1.682s
2025-04-15 16:13:20.887 70720 INFO tempest.lib.common.dynamic_creds [-] Created isolated network resources for: credentials: Credentials: {'domain_id': 'default', 'domain_name': 'Default', 'username': 'tempest-MultipleCreateTestJSON-1322513917-project-member', 'project_domain_id': 'default', 'project_domain_name': 'Default', 'project_id': 'bb7752c84f104f83ae5f2857bd511cc9', 'project_name': 'tempest-MultipleCreateTestJSON-1322513917', 'tenant_id': 'bb7752c84f104f83ae5f2857bd511cc9', 'tenant_name': 'tempest-MultipleCreateTestJSON-1322513917', 'user_domain_id': 'default', 'user_domain_name': 'Default', 'user_id': '9fc35b361eaa451a99075d4b68aee4fc', 'system': None}, Network: {'id': '9afd4842-b34f-46a9-9519-37c981b8d760', 'name': 'tempest-MultipleCreateTestJSON-1460884220-network', 'tenant_id': 'bb7752c84f104f83ae5f2857bd511cc9', 'admin_state_up': True, 'mtu': 8950, 'status': 'ACTIVE', 'subnets': [], 'shared': False, 'project_id': 'bb7752c84f104f83ae5f2857bd511cc9', 'port_security_enabled': True, 'router:external': False, 'provider:network_type': 'vlan', 'provider:physical_network': 'default', 'provider:segmentation_id': 407, 'availability_zone_hints': [], 'availability_zones': [], 'ipv4_address_scope': None, 'ipv6_address_scope': None, 'description': '', 'tags': [], 'created_at': '2025-04-15T16:13:16Z', 'updated_at': '2025-04-15T16:13:16Z', 'revision_number': 1}, Subnet: {'id': 'b3c79753-e280-4a07-9dc5-e2822451f1b6', 'name': 'tempest-MultipleCreateTestJSON-1460884220-subnet', 'tenant_id': 'bb7752c84f104f83ae5f2857bd511cc9', 'network_id': '9afd4842-b34f-46a9-9519-37c981b8d760', 'ip_version': 4, 'subnetpool_id': None, 'enable_dhcp': True, 'ipv6_ra_mode': None, 'ipv6_address_mode': None, 'gateway_ip': '192.168.128.1', 'cidr': '192.168.128.0/28', 'allocation_pools': [{'start': '192.168.128.2', 'end': '192.168.128.14'}], 'host_routes': [], 'dns_nameservers': [], 'description': '', 'router:external': False, 'service_types': [], 'tags': [], 'created_at': '2025-04-15T16:13:16Z', 'updated_at': '2025-04-15T16:13:16Z', 'revision_number': 0, 'project_id': 'bb7752c84f104f83ae5f2857bd511cc9'}, Router: {'id': '49ad3de9-4513-4b5f-9d99-8aaeaf6bca70', 'name': 'tempest-MultipleCreateTestJSON-1460884220-router', 'tenant_id': 'bb7752c84f104f83ae5f2857bd511cc9', 'admin_state_up': True, 'status': 'ACTIVE', 'external_gateway_info': {'network_id': 'd4279135-0dc6-46c7-88df-515e09815ce4', 'external_fixed_ips': [{'subnet_id': 'f4db5cbe-9e11-4a6f-9298-420bdf7ba21d', 'ip_address': '10.180.180.134'}], 'enable_snat': True}, 'description': '', 'availability_zones': [], 'distributed': False, 'ha': False, 'availability_zone_hints': [], 'routes': [], 'flavor_id': None, 'tags': [], 'created_at': '2025-04-15T16:13:17Z', 'updated_at': '2025-04-15T16:13:17Z', 'revision_number': 2, 'project_id': 'bb7752c84f104f83ae5f2857bd511cc9'}
2025-04-15 16:13:20.898 70766 INFO tempest.lib.common.rest_client [req-d53be4f7-7788-4068-8545-709bfafddf68 req-d53be4f7-7788-4068-8545-709bfafddf68 ] Request (ImagesMetadataTestJSON:setUp): 200 PUT http://10.180.1.21/compute/v2.1/images/d1237f06-f29e-4913-9571-0ac3b55f5efa/metadata 0.766s
2025-04-15 16:13:20.923 70776 INFO tempest.lib.common.rest_client [req-79a14ca0-5e0b-4711-b6a9-b486946a3398 req-79a14ca0-5e0b-4711-b6a9-b486946a3398 ] Request (SecurityGroupsNegativeTestJSON:setUpClass): 201 POST http://10.180.1.21/identity/v3/users 0.078s
2025-04-15 16:13:20.958 70720 INFO tempest.lib.common.rest_client [req-3cdaa923-8100-4da8-b124-5b7b74ac709d req-3cdaa923-8100-4da8-b124-5b7b74ac709d ] Request (MultipleCreateTestJSON:setUpClass): 201 POST http://10.180.1.21/identity/v3/auth/tokens 0.066s
2025-04-15 16:13:20.978 70776 INFO tempest.lib.common.rest_client [req-070fdf52-4705-421d-9c72-8e755eafee1e req-070fdf52-4705-421d-9c72-8e755eafee1e ] Request (SecurityGroupsNegativeTestJSON:setUpClass): 200 GET http://10.180.1.21/identity/v3/roles 0.055s
2025-04-15 16:13:21.002 70720 INFO tempest.lib.common.rest_client [req-67d76ff4-d26f-4465-bad9-a6ecf51ed509 req-67d76ff4-d26f-4465-bad9-a6ecf51ed509 ] Request (MultipleCreateTestJSON:test_multiple_create): 201 POST http://10.180.1.21/identity/v3/auth/tokens 0.035s
2025-04-15 16:13:21.002 70720 INFO tempest.lib.common.fixed_network [-] (MultipleCreateTestJSON:test_multiple_create) Found network {'id': '9afd4842-b34f-46a9-9519-37c981b8d760', 'name': 'tempest-MultipleCreateTestJSON-1460884220-network', 'tenant_id': 'bb7752c84f104f83ae5f2857bd511cc9', 'admin_state_up': True, 'mtu': 8950, 'status': 'ACTIVE', 'subnets': [], 'shared': False, 'project_id': 'bb7752c84f104f83ae5f2857bd511cc9', 'port_security_enabled': True, 'router:external': False, 'provider:network_type': 'vlan', 'provider:physical_network': 'default', 'provider:segmentation_id': 407, 'availability_zone_hints': [], 'availability_zones': [], 'ipv4_address_scope': None, 'ipv6_address_scope': None, 'description': '', 'tags': [], 'created_at': '2025-04-15T16:13:16Z', 'updated_at': '2025-04-15T16:13:16Z', 'revision_number': 1} available for tenant
2025-04-15 16:13:21.032 70776 INFO tempest.lib.common.rest_client [req-90b62607-9e16-4e72-9e84-f00f2654349e req-90b62607-9e16-4e72-9e84-f00f2654349e ] Request (SecurityGroupsNegativeTestJSON:setUpClass): 204 PUT http://10.180.1.21/identity/v3/projects/42db0669665549079db9213ea5d0fb91/users/803d0114e88140dd8a4469f72f5aad4a/roles/dc38c88375db4847b11756910c63b16e 0.053s
2025-04-15 16:13:21.032 70776 INFO tempest.lib.common.dynamic_creds [-] Dynamic test user 803d0114e88140dd8a4469f72f5aad4a is created with scope project and roles: ['member']
2025-04-15 16:13:21.032 70776 INFO tempest.lib.common.dynamic_creds [-] Acquired dynamic creds: credentials: Credentials: {'domain_id': 'default', 'domain_name': 'Default', 'username': 'tempest-SecurityGroupsNegativeTestJSON-1976347759-project-member', 'project_domain_id': 'default', 'project_domain_name': 'Default', 'project_id': '42db0669665549079db9213ea5d0fb91', 'project_name': 'tempest-SecurityGroupsNegativeTestJSON-1976347759', 'tenant_id': '42db0669665549079db9213ea5d0fb91', 'tenant_name': 'tempest-SecurityGroupsNegativeTestJSON-1976347759', 'user_domain_id': 'default', 'user_domain_name': 'Default', 'user_id': '803d0114e88140dd8a4469f72f5aad4a', 'system': None}, Network: None, Subnet: None, Router: None
2025-04-15 16:13:21.035 70740 INFO tempest.lib.common.rest_client [req-34ea5973-3bac-42f5-8737-b4ea603a29fb req-34ea5973-3bac-42f5-8737-b4ea603a29fb ] Request (FlavorsV261TestJSON:test_crud_flavor): 200 GET http://10.180.1.21/compute/v2.1/flavors/711571519 0.573s
2025-04-15 16:13:21.089 70718 INFO tempest.lib.common.rest_client [req-50220a94-ca94-4e95-8f8c-7912693220ab req-50220a94-ca94-4e95-8f8c-7912693220ab ] Request (ServerExternalEventsTest:test_create_server_external_events): 202 POST http://10.180.1.21/compute/v2.1/servers 0.711s
2025-04-15 16:13:21.116 70776 INFO tempest.lib.common.rest_client [req-cf0b4f0f-955e-4036-adfc-749ea4336d8e req-cf0b4f0f-955e-4036-adfc-749ea4336d8e ] Request (SecurityGroupsNegativeTestJSON:setUpClass): 201 POST http://10.180.1.21/identity/v3/auth/tokens 0.083s
2025-04-15 16:13:21.166 70734 INFO tempest.lib.common.rest_client [req-442adf1a-f96e-41ca-99dd-03dda4d9675e req-442adf1a-f96e-41ca-99dd-03dda4d9675e ] Request (ServerDiagnosticsNegativeTest:test_get_server_diagnostics_by_non_admin): 200 GET http://10.180.1.21/compute/v2.1/servers/ce148295-2ef2-4356-8e62-ae032a71d36b 0.413s
2025-04-15 16:13:21.170 70738 INFO tempest.lib.common.rest_client [req-3edecd50-0ef4-4ca2-8a26-9aaf41a7e32d req-3edecd50-0ef4-4ca2-8a26-9aaf41a7e32d ] Request (ServersListShow296Test:test_list_show_update_rebuild_server_296): 200 GET http://10.180.1.21/compute/v2.1/servers/4761bd86-261a-4525-a2bf-df74065c403d 0.649s
2025-04-15 16:13:21.225 70750 INFO tempest.lib.common.rest_client [req-876ad515-8c58-4f6c-bf41-6f463adf0567 req-876ad515-8c58-4f6c-bf41-6f463adf0567 ] Request (FloatingIPsAssociationTestJSON:test_associate_already_associated_floating_ip): 200 GET http://10.180.1.21/compute/v2.1/servers/80c143e6-56dd-4a92-bb8d-d4c2a3456ec9 0.399s
2025-04-15 16:13:21.263 70766 INFO tempest.lib.common.rest_client [req-2be2f3d7-60ad-4696-ab1e-ead5d8635987 req-2be2f3d7-60ad-4696-ab1e-ead5d8635987 ] Request (ImagesMetadataTestJSON:test_get_image_metadata_item): 200 GET http://10.180.1.21/compute/v2.1/images/d1237f06-f29e-4913-9571-0ac3b55f5efa/metadata/os_distro 0.364s
2025-04-15 16:13:21.365 70778 INFO tempest.lib.common.rest_client [req-9186a856-1cac-4b71-8856-d9c1ff59161e req-9186a856-1cac-4b71-8856-d9c1ff59161e ] Request (InstanceActionsTestJSON:tearDownClass): 200 GET http://10.180.1.21/compute/v2.1/servers/460e787f-23bb-4bb8-8bc4-11545b9891ea 0.388s
2025-04-15 16:13:21.441 70746 INFO tempest.lib.common.rest_client [req-24518a7b-af67-45ec-91bc-d2a340882dfd req-24518a7b-af67-45ec-91bc-d2a340882dfd ] Request (ServerTagsTestJSON:setUpClass): 200 GET http://10.180.1.21/compute/v2.1/servers/e520b86c-a70c-48a3-bb69-8212a40050cb 0.444s
2025-04-15 16:13:21.610 70726 INFO tempest.lib.common.rest_client [req-0203b913-0399-4552-be1f-2d39ffe338e9 req-0203b913-0399-4552-be1f-2d39ffe338e9 ] Request (ServerDiskConfigTestJSON:test_rebuild_server_with_auto_disk_config): 200 GET http://10.180.1.21/compute/v2.1/servers/487ce04c-cec0-42aa-bfa1-3b72b2dcc0c2 0.736s
2025-04-15 16:13:21.646 70740 INFO tempest.lib.common.rest_client [req-ad209a72-a7fe-4292-8d7f-16dfe7febfb1 req-ad209a72-a7fe-4292-8d7f-16dfe7febfb1 ] Request (FlavorsV261TestJSON:test_crud_flavor): 200 PUT http://10.180.1.21/compute/v2.1/flavors/711571519 0.608s
2025-04-15 16:13:21.700 70718 INFO tempest.lib.common.rest_client [req-bce6a096-1601-4dcc-a222-3a8479b6f00c req-bce6a096-1601-4dcc-a222-3a8479b6f00c ] Request (ServerExternalEventsTest:test_create_server_external_events): 200 GET http://10.180.1.21/compute/v2.1/servers/738b60d6-4018-42f1-ada4-f3774e4c3d98 0.609s
2025-04-15 16:13:21.771 70736 INFO tempest.lib.common.rest_client [req-7a3141b9-dd73-412e-811e-55307708be7e req-7a3141b9-dd73-412e-811e-55307708be7e ] Request (ServerRescueTestJSONUnderV235:setUpClass): 200 GET http://10.180.1.21/compute/v2.1/servers/bb51f520-2d79-411b-989a-829094314e11 0.674s
2025-04-15 16:13:21.826 70776 INFO tempest.lib.common.rest_client [req-5185d737-1402-459a-9d23-490ddd914259 req-5185d737-1402-459a-9d23-490ddd914259 ] Request (SecurityGroupsNegativeTestJSON:setUpClass): 201 POST http://10.180.1.21:9696/networking/v2.0/networks 0.709s
2025-04-15 16:13:21.837 70762 INFO tempest.lib.common.rest_client [req-bad8982c-86cc-4a55-8e7b-a9b7105977bc req-bad8982c-86cc-4a55-8e7b-a9b7105977bc ] Request (ServerAddressesNegativeTestJSON:tearDownClass): 204 DELETE http://10.180.1.21:9696/networking/v2.0/routers/7864cfe1-5199-461e-bd24-bbcdcf0562c4 1.067s
2025-04-15 16:13:21.852 70744 INFO tempest.lib.common.rest_client [req-a1e24953-316b-49e1-bbd6-966069859d8b req-a1e24953-316b-49e1-bbd6-966069859d8b ] Request (ServersAdminTestJSON:test_create_server_with_scheduling_hint): 200 GET http://10.180.1.21/compute/v2.1/servers/6c788574-439c-4c94-819c-84f842795a9d 0.747s
2025-04-15 16:13:21.922 70722 INFO tempest.lib.common.rest_client [req-47925e69-11ed-4d0d-a7b9-f62f2b0a2383 req-47925e69-11ed-4d0d-a7b9-f62f2b0a2383 ] Request (ServersWithSpecificFlavorTestJSON:test_verify_created_server_ephemeral_disk): 200 GET http://10.180.1.21/compute/v2.1/servers/61606b64-febb-4672-81fe-e921ef3c0631 0.753s
2025-04-15 16:13:21.929 70722 INFO tempest.common.waiters [-] State transition "BUILD/None" ==> "BUILD/block_device_mapping" after 32 second wait
2025-04-15 16:13:21.948 70758 INFO tempest.lib.common.rest_client [req-dc046945-7e46-4539-8843-1831abeb3245 req-dc046945-7e46-4539-8843-1831abeb3245 ] Request (ServersV294TestFqdnHostnames:setUpClass): 201 POST http://10.180.1.21:9696/networking/v2.0/routers 1.562s
2025-04-15 16:13:22.048 70760 WARNING tempest.lib.common.ssh [-] Failed to establish authenticated ssh connection to cirros@10.180.180.187 ([Errno None] Unable to connect to port 22 on 10.180.180.187). Number attempts: 1. Retry after 2 seconds.: paramiko.ssh_exception.NoValidConnectionsError: [Errno None] Unable to connect to port 22 on 10.180.180.187
