2025-04-15 16:13:15.473 70740 INFO tempest.lib.common.rest_client [req-bddd00d0-7c99-442f-bb72-8721c60567a8 req-bddd00d0-7c99-442f-bb72-8721c60567a8 ] Request (FlavorsAdminTestJSON:test_list_public_flavor_with_other_user): 200 POST http://10.180.1.21/compute/v2.1/flavors 0.580s
2025-04-15 16:13:15.493 70720 INFO tempest.lib.common.rest_client [req-1f2940bd-5b7f-413f-8a19-1560d1c3a747 req-1f2940bd-5b7f-413f-8a19-1560d1c3a747 ] Request (MultipleCreateTestJSON:setUpClass): 201 POST http://10.180.1.21/identity/v3/users 0.117s
2025-04-15 16:13:15.515 70742 INFO tempest.lib.common.rest_client [req-ef98d146-b6cf-4843-8f36-fcb0957d4e8c req-ef98d146-b6cf-4843-8f36-fcb0957d4e8c ] Request (ImagesOneServerNegativeTestJSON:_run_cleanups): 200 GET http://10.180.1.21/compute/v2.1/servers/a7c8cf9d-671e-4489-8a64-218be96335d1 0.647s
2025-04-15 16:13:15.534 70748 INFO tempest.lib.common.rest_client [req-ee5731c5-3409-4333-a4fb-013f629a0425 req-ee5731c5-3409-4333-a4fb-013f629a0425 ] Request (DeleteServersAdminTestJSON:test_delete_server_while_in_error_state): 200 GET http://10.180.1.21/compute/v2.1/servers/94ca8146-bef3-47a0-a41f-51e3b2d773b9 0.604s
2025-04-15 16:13:15.534 70758 INFO tempest.lib.common.rest_client [req-4c18521e-074b-4dd6-890d-a247e2e546b0 req-4c18521e-074b-4dd6-890d-a247e2e546b0 ] Request (ServicesAdminTestJSON:test_get_service_by_host_name): 200 GET http://10.180.1.21/compute/v2.1/os-services?host=devstack 0.559s
2025-04-15 16:13:15.538 70738 INFO tempest.lib.common.rest_client [req-c08ca0c0-0372-4405-ae9a-6870d6bd100c req-c08ca0c0-0372-4405-ae9a-6870d6bd100c ] Request (SecurityGroupRulesTestJSON:tearDownClass): 204 DELETE http://10.180.1.21/identity/v3/projects/e2befe5db0c44407af34c501d22a972f 0.107s
2025-04-15 16:13:15.555 70766 INFO tempest.lib.common.rest_client [req-308f83e2-70dd-488a-bcdd-6df340f91904 req-308f83e2-70dd-488a-bcdd-6df340f91904 ] Request (ImagesMetadataTestJSON:setUpClass): 201 POST http://10.180.1.21/identity/v3/auth/tokens 0.110s
2025-04-15 16:13:15.578 70720 INFO tempest.lib.common.rest_client [req-aa491246-40fa-4ba3-a9cd-2404208fe9be req-aa491246-40fa-4ba3-a9cd-2404208fe9be ] Request (MultipleCreateTestJSON:setUpClass): 200 GET http://10.180.1.21/identity/v3/roles 0.085s
2025-04-15 16:13:15.582 70728 INFO tempest.lib.common.rest_client [req-76e6dfee-afd8-417e-86d7-bcb1b07622aa req-76e6dfee-afd8-417e-86d7-bcb1b07622aa ] Request (AttachInterfacesUnderV243Test:test_add_remove_fixed_ip): 200 GET http://10.180.1.21/compute/v2.1/servers/b73008e5-583e-495c-8776-ca9bca435a9c 0.572s
2025-04-15 16:13:15.615 70760 INFO tempest.lib.common.rest_client [req-a90c48fb-ec3e-4be7-8494-2e44e172deb5 req-a90c48fb-ec3e-4be7-8494-2e44e172deb5 ] Request (ServersTestFqdnHostnames:test_create_server_with_fqdn_name): 200 GET http://10.180.1.21/compute/v2.1/servers/2115e329-0396-4c39-b45b-7113142ca90b/os-interface 0.591s
2025-04-15 16:13:15.632 70724 INFO tempest.lib.common.rest_client [req-81f7fc72-0eb6-44c3-9efa-5757a3ca0279 req-81f7fc72-0eb6-44c3-9efa-5757a3ca0279 ] Request (QuotasAdminTestJSON:tearDownClass): 204 DELETE http://10.180.1.21/identity/v3/users/f7dbfc066f4442df9bade85f32d5c812 0.180s
2025-04-15 16:13:15.642 70776 INFO tempest.lib.common.rest_client [req-b8915d8c-9acf-43de-ab0a-1921f1cbe685 req-b8915d8c-9acf-43de-ab0a-1921f1cbe685 ] Request (ImagesNegativeTestJSON:tearDownClass): 404 DELETE http://10.180.1.21/compute/v2.1/servers/2fd962a1-021d-4a52-aeb0-049f87e3722d 0.438s
2025-04-15 16:13:15.645 70780 INFO tempest.lib.common.rest_client [req-6edc5675-2255-4151-94e1-d648731dd798 req-6edc5675-2255-4151-94e1-d648731dd798 ] Request (ServerShowV247Test:test_update_rebuild_list_server): 200 GET http://10.180.1.21/compute/v2.1/servers/1802046c-3dcf-4b7a-b062-5f9c177a11d6 0.523s
2025-04-15 16:13:15.656 70738 INFO tempest.lib.common.rest_client [req-be2ba127-c0c9-402d-b226-fadb3662440a req-be2ba127-c0c9-402d-b226-fadb3662440a ] Request (ServersListShow296Test:setUpClass): 201 POST http://10.180.1.21/identity/v3/auth/tokens 0.116s
2025-04-15 16:13:15.686 70766 INFO tempest.lib.common.rest_client [req-fc0ed057-4ae4-48e4-ba55-90dc30bf6f56 req-fc0ed057-4ae4-48e4-ba55-90dc30bf6f56 ] Request (ImagesMetadataTestJSON:setUpClass): 201 POST http://10.180.1.21/identity/v3/auth/tokens 0.129s
2025-04-15 16:13:15.703 70774 INFO tempest.lib.common.rest_client [req-5eda1446-f436-4983-82e9-2a1ba285516a req-5eda1446-f436-4983-82e9-2a1ba285516a ] Request (MigrationsAdminTest:test_list_migrations_in_flavor_resize_situation): 200 GET http://10.180.1.21/compute/v2.1/servers/4d9ff1a2-da45-4efd-af8c-d47907ce0768 0.489s
2025-04-15 16:13:15.715 70720 INFO tempest.lib.common.rest_client [req-6f951cab-1fa6-4bca-a91a-1148bb5c6c4a req-6f951cab-1fa6-4bca-a91a-1148bb5c6c4a ] Request (MultipleCreateTestJSON:setUpClass): 204 PUT http://10.180.1.21/identity/v3/projects/bb7752c84f104f83ae5f2857bd511cc9/users/9fc35b361eaa451a99075d4b68aee4fc/roles/dc38c88375db4847b11756910c63b16e 0.136s
2025-04-15 16:13:15.715 70720 INFO tempest.lib.common.dynamic_creds [-] Dynamic test user 9fc35b361eaa451a99075d4b68aee4fc is created with scope project and roles: ['member']
2025-04-15 16:13:15.715 70720 INFO tempest.lib.common.dynamic_creds [-] Acquired dynamic creds: credentials: Credentials: {'domain_id': 'default', 'domain_name': 'Default', 'username': 'tempest-MultipleCreateTestJSON-1322513917-project-member', 'project_domain_id': 'default', 'project_domain_name': 'Default', 'project_id': 'bb7752c84f104f83ae5f2857bd511cc9', 'project_name': 'tempest-MultipleCreateTestJSON-1322513917', 'tenant_id': 'bb7752c84f104f83ae5f2857bd511cc9', 'tenant_name': 'tempest-MultipleCreateTestJSON-1322513917', 'user_domain_id': 'default', 'user_domain_name': 'Default', 'user_id': '9fc35b361eaa451a99075d4b68aee4fc', 'system': None}, Network: None, Subnet: None, Router: None
2025-04-15 16:13:15.750 70724 INFO tempest.lib.common.rest_client [req-49ecad26-1809-4012-952b-b3099723a489 req-49ecad26-1809-4012-952b-b3099723a489 ] Request (QuotasAdminTestJSON:tearDownClass): 204 DELETE http://10.180.1.21/identity/v3/users/f536fc181d094408a456bbfb655b20e5 0.117s
2025-04-15 16:13:15.750 70724 INFO tempest.lib.common.dynamic_creds [-] Deleting project and security group for project: c45ade2ebb4c42278c9d05283faf2262
2025-04-15 16:13:15.762 70726 INFO tempest.lib.common.rest_client [req-83343a72-9ceb-4228-8214-fd557d47a835 req-83343a72-9ceb-4228-8214-fd557d47a835 ] Request (ServerDiskConfigTestJSON:test_rebuild_server_with_auto_disk_config): 200 GET http://10.180.1.21/compute/v2.1/servers/487ce04c-cec0-42aa-bfa1-3b72b2dcc0c2 0.544s
2025-04-15 16:13:15.773 70756 INFO tempest.lib.common.rest_client [req-37445ffd-f2bf-4fbf-83a1-255351da3e2f req-37445ffd-f2bf-4fbf-83a1-255351da3e2f ] Request (ListImageFiltersTestJSON:setUpClass): 200 GET http://10.180.1.21/compute/v2.1/servers/86972721-627d-4108-ae2f-6d7519de74c0 0.475s
2025-04-15 16:13:15.780 70738 INFO tempest.lib.common.rest_client [req-5559856b-4e9e-4291-a91e-7eeac12e5cd3 req-5559856b-4e9e-4291-a91e-7eeac12e5cd3 ] Request (ServersListShow296Test:setUpClass): 201 POST http://10.180.1.21/identity/v3/auth/tokens 0.123s
2025-04-15 16:13:15.807 70766 INFO tempest.lib.common.rest_client [req-6b3f5623-0fe9-4cf7-854f-b3e8191599b6 req-6b3f5623-0fe9-4cf7-854f-b3e8191599b6 ] Request (ImagesMetadataTestJSON:setUpClass): 200 GET http://10.180.1.21/identity/v3/domains?name=Default 0.120s
2025-04-15 16:13:15.812 70720 INFO tempest.lib.common.rest_client [req-11da8203-714b-48a3-bd86-a47a3124a910 req-11da8203-714b-48a3-bd86-a47a3124a910 ] Request (MultipleCreateTestJSON:setUpClass): 201 POST http://10.180.1.21/identity/v3/auth/tokens 0.096s
2025-04-15 16:13:15.814 70740 INFO tempest.lib.common.rest_client [req-84427201-6411-4d40-ba6d-1d41d6222449 req-84427201-6411-4d40-ba6d-1d41d6222449 ] Request (FlavorsAdminTestJSON:test_list_public_flavor_with_other_user): 200 GET http://10.180.1.21/compute/v2.1/flavors/detail 0.338s
2025-04-15 16:13:15.832 70724 INFO tempest.lib.common.rest_client [req-7b53d55e-874b-4508-89f2-55086ae25c61 req-7b53d55e-874b-4508-89f2-55086ae25c61 ] Request (QuotasAdminTestJSON:tearDownClass): 201 POST http://10.180.1.21/identity/v3/auth/tokens 0.082s
2025-04-15 16:13:15.842 70738 INFO tempest.lib.common.rest_client [req-12362c6c-2ecb-4259-a83e-cb8b9888fd16 req-12362c6c-2ecb-4259-a83e-cb8b9888fd16 ] Request (ServersListShow296Test:setUpClass): 200 GET http://10.180.1.21/identity/v3/domains?name=Default 0.061s
2025-04-15 16:13:15.856 70766 INFO tempest.lib.common.rest_client [req-b81a3cac-8d50-49ab-8f41-b8d2f6f143f5 req-b81a3cac-8d50-49ab-8f41-b8d2f6f143f5 ] Request (ImagesMetadataTestJSON:setUpClass): 201 POST http://10.180.1.21/identity/v3/projects 0.048s
2025-04-15 16:13:15.872 70768 INFO tempest.lib.common.rest_client [req-41aa6f59-369f-412c-8362-6c15aec78fb9 req-41aa6f59-369f-412c-8362-6c15aec78fb9 ] Request (ServerShowV257Test:test_rebuild_server): 200 GET http://10.180.1.21/compute/v2.1/servers/deaff90c-019f-423c-97ec-801542720a30 0.354s
2025-04-15 16:13:15.880 70768 INFO tempest.common.waiters [-] State transition "BUILD/spawning" ==> "ACTIVE/None" after 30 second wait
2025-04-15 16:13:15.889 70758 INFO tempest.lib.common.rest_client [req-fe3d8bce-7eb6-4da3-92a0-cb54cbd7c4c2 req-fe3d8bce-7eb6-4da3-92a0-cb54cbd7c4c2 ] Request (ServicesAdminTestJSON:test_get_service_by_service_binary_name): 200 GET http://10.180.1.21/compute/v2.1/os-services?binary=nova-compute 0.351s
2025-04-15 16:13:15.916 70738 INFO tempest.lib.common.rest_client [req-0a4b01dd-6552-4d86-968a-09a1436b1216 req-0a4b01dd-6552-4d86-968a-09a1436b1216 ] Request (ServersListShow296Test:setUpClass): 201 POST http://10.180.1.21/identity/v3/projects 0.073s
2025-04-15 16:13:15.952 70762 INFO tempest.lib.common.rest_client [req-b63019a5-a035-4706-8245-443b1ef613d4 req-b63019a5-a035-4706-8245-443b1ef613d4 ] Request (ServerAddressesNegativeTestJSON:tearDownClass): 200 GET http://10.180.1.21/compute/v2.1/servers/55ea9666-0dba-4440-9e5c-afeb9d2b7a98 0.330s
2025-04-15 16:13:15.974 70776 INFO tempest.lib.common.rest_client [req-81f307ce-210e-4822-8d7a-2e073b6c23aa req-81f307ce-210e-4822-8d7a-2e073b6c23aa ] Request (ImagesNegativeTestJSON:tearDownClass): 404 GET http://10.180.1.21/compute/v2.1/servers/2fd962a1-021d-4a52-aeb0-049f87e3722d 0.332s
2025-04-15 16:13:15.977 70766 INFO tempest.lib.common.rest_client [req-75132286-de8e-427a-9e19-018f4ed9b81f req-75132286-de8e-427a-9e19-018f4ed9b81f ] Request (ImagesMetadataTestJSON:setUpClass): 201 POST http://10.180.1.21/identity/v3/users 0.121s
2025-04-15 16:13:16.002 70738 INFO tempest.lib.common.rest_client [req-0d7b27eb-4fd0-4647-b5bf-d3de6ba94eb6 req-0d7b27eb-4fd0-4647-b5bf-d3de6ba94eb6 ] Request (ServersListShow296Test:setUpClass): 201 POST http://10.180.1.21/identity/v3/users 0.085s
2025-04-15 16:13:16.014 70766 INFO tempest.lib.common.rest_client [req-08673535-4133-4531-a5cd-2b1f621f3e63 req-08673535-4133-4531-a5cd-2b1f621f3e63 ] Request (ImagesMetadataTestJSON:setUpClass): 200 GET http://10.180.1.21/identity/v3/roles 0.036s
2025-04-15 16:13:16.022 70738 INFO tempest.lib.common.rest_client [req-56e70c84-c0d5-46fc-b06f-138307a3977b req-56e70c84-c0d5-46fc-b06f-138307a3977b ] Request (ServersListShow296Test:setUpClass): 200 GET http://10.180.1.21/identity/v3/roles 0.020s
2025-04-15 16:13:16.039 70766 INFO tempest.lib.common.rest_client [req-25a4dbba-a865-414e-86c0-c71fe87e472d req-25a4dbba-a865-414e-86c0-c71fe87e472d ] Request (ImagesMetadataTestJSON:setUpClass): 204 PUT http://10.180.1.21/identity/v3/projects/adbfeb10f2334ff98671aa10b936ca02/users/f6e260dd2013498f96385fee68c53e46/roles/dc38c88375db4847b11756910c63b16e 0.024s
2025-04-15 16:13:16.039 70766 INFO tempest.lib.common.dynamic_creds [-] Dynamic test user f6e260dd2013498f96385fee68c53e46 is created with scope project and roles: ['member']
2025-04-15 16:13:16.039 70766 INFO tempest.lib.common.dynamic_creds [-] Acquired dynamic creds: credentials: Credentials: {'domain_id': 'default', 'domain_name': 'Default', 'username': 'tempest-ImagesMetadataTestJSON-821840398-project-member', 'project_domain_id': 'default', 'project_domain_name': 'Default', 'project_id': 'adbfeb10f2334ff98671aa10b936ca02', 'project_name': 'tempest-ImagesMetadataTestJSON-821840398', 'tenant_id': 'adbfeb10f2334ff98671aa10b936ca02', 'tenant_name': 'tempest-ImagesMetadataTestJSON-821840398', 'user_domain_id': 'default', 'user_domain_name': 'Default', 'user_id': 'f6e260dd2013498f96385fee68c53e46', 'system': None}, Network: None, Subnet: None, Router: None
2025-04-15 16:13:16.039 70766 INFO tempest.lib.common.dynamic_creds [-] Created isolated network resources for: credentials: Credentials: {'domain_id': 'default', 'domain_name': 'Default', 'username': 'tempest-ImagesMetadataTestJSON-821840398-project-member', 'project_domain_id': 'default', 'project_domain_name': 'Default', 'project_id': 'adbfeb10f2334ff98671aa10b936ca02', 'project_name': 'tempest-ImagesMetadataTestJSON-821840398', 'tenant_id': 'adbfeb10f2334ff98671aa10b936ca02', 'tenant_name': 'tempest-ImagesMetadataTestJSON-821840398', 'user_domain_id': 'default', 'user_domain_name': 'Default', 'user_id': 'f6e260dd2013498f96385fee68c53e46', 'system': None}, Network: None, Subnet: None, Router: None
2025-04-15 16:13:16.046 70730 INFO tempest.lib.common.rest_client [req-e422ec98-dc17-4e9d-8a6d-c04ecf7e224a req-e422ec98-dc17-4e9d-8a6d-c04ecf7e224a ] Request (ServersTestMultiNic:test_verify_duplicate_network_nics): 200 GET http://10.180.1.21/compute/v2.1/servers/cfc4e624-db92-423c-969c-64d433595497 0.335s
2025-04-15 16:13:16.049 70738 INFO tempest.lib.common.rest_client [req-2898b837-95e3-449b-ba50-70a4400134bb req-2898b837-95e3-449b-ba50-70a4400134bb ] Request (ServersListShow296Test:setUpClass): 204 PUT http://10.180.1.21/identity/v3/projects/79d10450760a42ab930b9b015327ea76/users/63c6a380ecfa4102a355c6f6268dc121/roles/dc38c88375db4847b11756910c63b16e 0.026s
2025-04-15 16:13:16.049 70738 INFO tempest.lib.common.dynamic_creds [-] Dynamic test user 63c6a380ecfa4102a355c6f6268dc121 is created with scope project and roles: ['member']
2025-04-15 16:13:16.049 70738 INFO tempest.lib.common.dynamic_creds [-] Acquired dynamic creds: credentials: Credentials: {'domain_id': 'default', 'domain_name': 'Default', 'username': 'tempest-ServersListShow296Test-213507292-project-member', 'project_domain_id': 'default', 'project_domain_name': 'Default', 'project_id': '79d10450760a42ab930b9b015327ea76', 'project_name': 'tempest-ServersListShow296Test-213507292', 'tenant_id': '79d10450760a42ab930b9b015327ea76', 'tenant_name': 'tempest-ServersListShow296Test-213507292', 'user_domain_id': 'default', 'user_domain_name': 'Default', 'user_id': '63c6a380ecfa4102a355c6f6268dc121', 'system': None}, Network: None, Subnet: None, Router: None
2025-04-15 16:13:16.049 70738 INFO tempest.lib.common.dynamic_creds [-] Created isolated network resources for: credentials: Credentials: {'domain_id': 'default', 'domain_name': 'Default', 'username': 'tempest-ServersListShow296Test-213507292-project-member', 'project_domain_id': 'default', 'project_domain_name': 'Default', 'project_id': '79d10450760a42ab930b9b015327ea76', 'project_name': 'tempest-ServersListShow296Test-213507292', 'tenant_id': '79d10450760a42ab930b9b015327ea76', 'tenant_name': 'tempest-ServersListShow296Test-213507292', 'user_domain_id': 'default', 'user_domain_name': 'Default', 'user_id': '63c6a380ecfa4102a355c6f6268dc121', 'system': None}, Network: None, Subnet: None, Router: None
2025-04-15 16:13:16.102 70766 INFO tempest.lib.common.rest_client [req-00ae8893-d16e-4563-99fd-708258e10ec3 req-00ae8893-d16e-4563-99fd-708258e10ec3 ] Request (ImagesMetadataTestJSON:setUpClass): 201 POST http://10.180.1.21/identity/v3/auth/tokens 0.060s
2025-04-15 16:13:16.114 70738 INFO tempest.lib.common.rest_client [req-b5b52a3e-4361-4502-a3a0-b8e1ceb2cac8 req-b5b52a3e-4361-4502-a3a0-b8e1ceb2cac8 ] Request (ServersListShow296Test:setUpClass): 201 POST http://10.180.1.21/identity/v3/auth/tokens 0.061s
2025-04-15 16:13:16.146 70738 INFO tempest.lib.common.rest_client [req-4c211a2d-eb3f-42eb-8c27-0a227e5dab06 req-4c211a2d-eb3f-42eb-8c27-0a227e5dab06 ] Request (ServersListShow296Test:test_list_show_update_rebuild_server_296): 201 POST http://10.180.1.21/identity/v3/auth/tokens 0.027s
2025-04-15 16:13:16.147 70738 INFO tempest.lib.common.fixed_network [-] (ServersListShow296Test:test_list_show_update_rebuild_server_296) Found network None available for tenant
2025-04-15 16:13:16.292 70754 INFO tempest.lib.common.rest_client [req-d1409f97-23d6-4704-826d-39a36ed3f443 req-d1409f97-23d6-4704-826d-39a36ed3f443 ] Request (VolumesAssistedSnapshotsTest:test_volume_assisted_snapshot_create_delete): 200 GET http://10.180.1.21/compute/v2.1/servers/688fae2f-a3ca-48c8-9a88-923268f5b1a8 0.870s
2025-04-15 16:13:16.333 70734 INFO tempest.lib.common.rest_client [req-27dea433-aeb2-4516-8bba-8311934e3ffd req-27dea433-aeb2-4516-8bba-8311934e3ffd ] Request (ServerDiagnosticsNegativeTest:test_get_server_diagnostics_by_non_admin): 200 GET http://10.180.1.21/compute/v2.1/servers/ce148295-2ef2-4356-8e62-ae032a71d36b 0.562s
2025-04-15 16:13:16.354 70724 INFO tempest.lib.common.rest_client [req-7ff47478-30b2-4617-8dd7-a85677261d66 req-7ff47478-30b2-4617-8dd7-a85677261d66 ] Request (QuotasAdminTestJSON:tearDownClass): 200 GET http://10.180.1.21:9696/networking/v2.0/security-groups?tenant_id=c45ade2ebb4c42278c9d05283faf2262&name=default 0.521s
2025-04-15 16:13:16.365 70740 INFO tempest.lib.common.rest_client [req-06484e54-d622-4807-98e2-08ca91b9f4ae req-06484e54-d622-4807-98e2-08ca91b9f4ae ] Request (FlavorsAdminTestJSON:_run_cleanups): 202 DELETE http://10.180.1.21/compute/v2.1/flavors/313062222 0.544s
2025-04-15 16:13:16.382 70750 INFO tempest.lib.common.rest_client [req-a7a38efd-1b8f-4b1f-8ea5-5f81813a62fb req-a7a38efd-1b8f-4b1f-8ea5-5f81813a62fb ] Request (FloatingIPsAssociationTestJSON:test_associate_already_associated_floating_ip): 200 GET http://10.180.1.21/compute/v2.1/servers/80c143e6-56dd-4a92-bb8d-d4c2a3456ec9 0.587s
2025-04-15 16:13:16.452 70778 INFO tempest.lib.common.rest_client [req-f04bd171-78ac-410c-8d62-0ba3bbe39874 req-f04bd171-78ac-410c-8d62-0ba3bbe39874 ] Request (InstanceActionsTestJSON:tearDownClass): 200 GET http://10.180.1.21/compute/v2.1/servers/460e787f-23bb-4bb8-8bc4-11545b9891ea 0.593s
2025-04-15 16:13:16.481 70746 INFO tempest.lib.common.rest_client [req-8a4f4072-f2c4-4e6a-b260-f3e09cb6f8d8 req-8a4f4072-f2c4-4e6a-b260-f3e09cb6f8d8 ] Request (ServerTagsTestJSON:setUpClass): 200 GET http://10.180.1.21/compute/v2.1/servers/e520b86c-a70c-48a3-bb69-8212a40050cb 0.611s
2025-04-15 16:13:16.508 70758 INFO tempest.lib.common.rest_client [req-e8d905e7-439c-47d1-96a9-a453c4e58367 req-e8d905e7-439c-47d1-96a9-a453c4e58367 ] Request (ServicesAdminTestJSON:test_list_services): 200 GET http://10.180.1.21/compute/v2.1/os-services 0.612s
2025-04-15 16:13:16.548 70766 INFO tempest.lib.common.rest_client [req-3530cd23-15bf-4f30-8512-56b4b9988d56 req-3530cd23-15bf-4f30-8512-56b4b9988d56 ] Request (ImagesMetadataTestJSON:setUpClass): 201 POST http://10.180.1.21/image/v2/images 0.445s
2025-04-15 16:13:16.551 70724 INFO tempest.lib.common.rest_client [req-33dbb080-6b77-4f6a-9312-91f6f3767f2e req-33dbb080-6b77-4f6a-9312-91f6f3767f2e ] Request (QuotasAdminTestJSON:tearDownClass): 204 DELETE http://10.180.1.21:9696/networking/v2.0/security-groups/060b7b1f-0aae-4225-b183-fe08f42e302d 0.196s
2025-04-15 16:13:16.593 70720 INFO tempest.lib.common.rest_client [req-f834ea51-bb93-4eba-9f36-f9eaefb6f7ee req-f834ea51-bb93-4eba-9f36-f9eaefb6f7ee ] Request (MultipleCreateTestJSON:setUpClass): 201 POST http://10.180.1.21:9696/networking/v2.0/networks 0.780s
2025-04-15 16:13:16.593 70736 INFO tempest.lib.common.rest_client [req-47c233ac-e63f-435d-b447-ce3f664e6ee2 req-47c233ac-e63f-435d-b447-ce3f664e6ee2 ] Request (ServerRescueTestJSONUnderV235:setUpClass): 200 GET http://10.180.1.21/compute/v2.1/servers/bb51f520-2d79-411b-989a-829094314e11 0.553s
2025-04-15 16:13:16.605 70764 WARNING tempest.lib.common.ssh [-] Failed to establish authenticated ssh connection to cirros@10.180.180.254 ([Errno None] Unable to connect to port 22 on 10.180.180.254). Number attempts: 3. Retry after 4 seconds.: paramiko.ssh_exception.NoValidConnectionsError: [Errno None] Unable to connect to port 22 on 10.180.180.254
2025-04-15 16:13:16.622 70718 INFO tempest.lib.common.rest_client [req-778b0a23-711f-4b9c-bddf-8ac496244126 req-778b0a23-711f-4b9c-bddf-8ac496244126 ] Request (ServerDiagnosticsTest:tearDownClass): 404 GET http://10.180.1.21/compute/v2.1/servers/fbd30336-215c-4ff4-9d0c-d36491023d48 0.529s
2025-04-15 16:13:16.662 70724 INFO tempest.lib.common.rest_client [req-a6907f5d-3546-4e07-92a2-87ce7928572d req-a6907f5d-3546-4e07-92a2-87ce7928572d ] Request (QuotasAdminTestJSON:tearDownClass): 204 DELETE http://10.180.1.21/identity/v3/projects/c45ade2ebb4c42278c9d05283faf2262 0.111s
2025-04-15 16:13:16.663 70724 INFO tempest.lib.common.dynamic_creds [-] Deleting project and security group for project: b948e96cf73e420696bfeba7d8545069
2025-04-15 16:13:16.663 70758 INFO tempest.lib.common.rest_client [req-fe76c358-4070-47bd-8076-458dcc0da55a req-fe76c358-4070-47bd-8076-458dcc0da55a ] Request (ServicesAdminTestJSON:tearDownClass): 204 DELETE http://10.180.1.21/identity/v3/users/0acdbf6e20144b03b3f4f554eddc611f 0.150s
2025-04-15 16:13:16.668 70768 INFO tempest.lib.common.rest_client [req-0f98df79-aa6f-4d04-a6dd-7355d38b2ca9 req-0f98df79-aa6f-4d04-a6dd-7355d38b2ca9 ] Request (ServerShowV257Test:test_rebuild_server): 202 POST http://10.180.1.21/compute/v2.1/servers/deaff90c-019f-423c-97ec-801542720a30/action 0.787s
2025-04-15 16:13:16.709 70744 INFO tempest.lib.common.rest_client [req-ce81df60-7249-449c-aece-2ab0f0270f36 req-ce81df60-7249-449c-aece-2ab0f0270f36 ] Request (ServersAdminTestJSON:test_create_server_with_scheduling_hint): 200 GET http://10.180.1.21/compute/v2.1/servers/6c788574-439c-4c94-819c-84f842795a9d 0.563s
2025-04-15 16:13:16.825 70722 INFO tempest.lib.common.rest_client [req-84a64930-015c-42e6-9ca6-4d8917759a99 req-84a64930-015c-42e6-9ca6-4d8917759a99 ] Request (ServersWithSpecificFlavorTestJSON:test_verify_created_server_ephemeral_disk): 200 GET http://10.180.1.21/compute/v2.1/servers/61606b64-febb-4672-81fe-e921ef3c0631 0.623s
2025-04-15 16:13:16.863 70740 INFO tempest.lib.common.rest_client [req-8de88506-2253-41ac-9d62-bb5876ed52e8 req-8de88506-2253-41ac-9d62-bb5876ed52e8 ] Request (FlavorsAdminTestJSON:_run_cleanups): 200 GET http://10.180.1.21/compute/v2.1/flavors/detail 0.498s
2025-04-15 16:13:16.870 70718 INFO tempest.lib.common.rest_client [req-d02d6a39-9dfe-402f-800e-e8da62e6f897 req-d02d6a39-9dfe-402f-800e-e8da62e6f897 ] Request (ServerDiagnosticsTest:tearDownClass): 204 DELETE http://10.180.1.21/identity/v3/users/9974c63687534b10aeb34587785a325a 0.248s
2025-04-15 16:13:16.910 70724 INFO tempest.lib.common.rest_client [req-47b570e4-1386-4e1a-89cb-dc763925e4d3 req-47b570e4-1386-4e1a-89cb-dc763925e4d3 ] Request (QuotasAdminTestJSON:tearDownClass): 200 GET http://10.180.1.21:9696/networking/v2.0/security-groups?tenant_id=b948e96cf73e420696bfeba7d8545069&name=default 0.247s
2025-04-15 16:13:16.910 70758 INFO tempest.lib.common.rest_client [req-0ca494ad-86dd-4976-b4f3-a81df31704cb req-0ca494ad-86dd-4976-b4f3-a81df31704cb ] Request (ServicesAdminTestJSON:tearDownClass): 204 DELETE http://10.180.1.21/identity/v3/users/761a29ff3d7e4cb7a227317935287f5a 0.247s
2025-04-15 16:13:16.911 70758 INFO tempest.lib.common.dynamic_creds [-] Deleting project and security group for project: f7644cdae8bb43e5a50ddc9d4d66b684
2025-04-15 16:13:16.935 70760 INFO tempest.lib.common.rest_client [req-93c5d075-8ce4-468a-b9b7-80e66cdd88b2 req-93c5d075-8ce4-468a-b9b7-80e66cdd88b2 ] Request (ServersTestFqdnHostnames:test_create_server_with_fqdn_name): 200 PUT http://10.180.1.21:9696/networking/v2.0/floatingips/ac24864a-201b-49ea-9f84-0510d31778ac 1.315s
2025-04-15 16:13:16.937 70760 INFO tempest.lib.common.ssh [-] Creating ssh connection to '10.180.180.187:22' as 'cirros' with public key authentication
2025-04-15 16:13:17.047 70724 INFO tempest.lib.common.rest_client [req-13715e31-13c7-4a8d-b058-2a419730b223 req-13715e31-13c7-4a8d-b058-2a419730b223 ] Request (QuotasAdminTestJSON:tearDownClass): 204 DELETE http://10.180.1.21:9696/networking/v2.0/security-groups/8e8fcbed-8649-47f1-99ee-7e4e2788d359 0.136s
2025-04-15 16:13:17.057 70720 INFO tempest.lib.common.rest_client [req-c4509cdb-3b69-49c1-9910-9450788cf321 req-c4509cdb-3b69-49c1-9910-9450788cf321 ] Request (MultipleCreateTestJSON:setUpClass): 201 POST http://10.180.1.21:9696/networking/v2.0/subnets 0.463s
2025-04-15 16:13:17.071 70732 INFO tempest.lib.common.rest_client [req-0ec7c4a1-4d1f-493e-a2bc-1a78ec894103 req-0ec7c4a1-4d1f-493e-a2bc-1a78ec894103 ] Request (FloatingIPsAssociationNegativeTestJSON:setUpClass): 200 GET http://10.180.1.21/compute/v2.1/servers/8febcfdf-6403-4b67-b5b7-c640dd9da041 0.692s
2025-04-15 16:13:17.115 70718 INFO tempest.lib.common.rest_client [req-a1fecafc-b1dc-43f2-a107-3054253e7205 req-a1fecafc-b1dc-43f2-a107-3054253e7205 ] Request (ServerDiagnosticsTest:tearDownClass): 204 DELETE http://10.180.1.21/identity/v3/users/5f962053cdfa4acaac1f265ba183d81b 0.245s
2025-04-15 16:13:17.116 70718 INFO tempest.lib.common.dynamic_creds [-] Deleting project and security group for project: b91b189c6e3a408dbc7addd509dfa44d
2025-04-15 16:13:17.175 70770 INFO tempest.lib.common.rest_client [req-26f3ed3c-108a-4db3-8ad9-1d69bcb8ccc9 req-26f3ed3c-108a-4db3-8ad9-1d69bcb8ccc9 ] Request (ServerMetadataTestJSON:tearDownClass): 200 GET http://10.180.1.21/compute/v2.1/servers/2fffbfbc-2b85-4ee8-89e2-ef8cc63a81d7 0.705s
2025-04-15 16:13:17.192 70758 INFO tempest.lib.common.rest_client [req-76ab8950-fb39-41b8-92a6-591ce297043c req-76ab8950-fb39-41b8-92a6-591ce297043c ] Request (ServicesAdminTestJSON:tearDownClass): 201 POST http://10.180.1.21/identity/v3/auth/tokens 0.280s
2025-04-15 16:13:17.198 70740 INFO tempest.lib.common.rest_client [req-d50a9f63-e827-4139-bc5f-d9a1e5123c0e req-d50a9f63-e827-4139-bc5f-d9a1e5123c0e ] Request (FlavorsAdminTestJSON:tearDownClass): 204 DELETE http://10.180.1.21/identity/v3/users/c57007423f82449aa5e57e6535972b96 0.325s
2025-04-15 16:13:17.233 70738 INFO tempest.lib.common.rest_client [req-485e6634-766f-4c3f-b54f-f30c37f74356 req-485e6634-766f-4c3f-b54f-f30c37f74356 ] Request (ServersListShow296Test:test_list_show_update_rebuild_server_296): 202 POST http://10.180.1.21/compute/v2.1/servers 1.085s
2025-04-15 16:13:17.310 70742 INFO tempest.lib.common.rest_client [req-3ab7b2c4-46f1-4003-ac48-4ad08f40b0ed req-3ab7b2c4-46f1-4003-ac48-4ad08f40b0ed ] Request (ImagesOneServerNegativeTestJSON:_run_cleanups): 200 GET http://10.180.1.21/compute/v2.1/servers/a7c8cf9d-671e-4489-8a64-218be96335d1 0.785s
2025-04-15 16:13:17.328 70748 INFO tempest.lib.common.rest_client [req-1d0dd289-95a8-4d27-bc4e-5041e9846e17 req-1d0dd289-95a8-4d27-bc4e-5041e9846e17 ] Request (DeleteServersAdminTestJSON:test_delete_server_while_in_error_state): 200 GET http://10.180.1.21/compute/v2.1/servers/94ca8146-bef3-47a0-a41f-51e3b2d773b9 0.784s
2025-04-15 16:13:17.336 70724 INFO tempest.lib.common.rest_client [req-ec91c01b-c3c1-4495-940f-862f96ca5c70 req-ec91c01b-c3c1-4495-940f-862f96ca5c70 ] Request (QuotasAdminTestJSON:tearDownClass): 204 DELETE http://10.180.1.21/identity/v3/projects/b948e96cf73e420696bfeba7d8545069 0.288s
2025-04-15 16:13:17.339 70748 INFO tempest.common.waiters [-] State transition "BUILD/scheduling" ==> "BUILD/None" after 16 second wait
2025-04-15 16:13:17.353 70718 INFO tempest.lib.common.rest_client [req-65be12f0-6550-45df-9831-74582ffca974 req-65be12f0-6550-45df-9831-74582ffca974 ] Request (ServerDiagnosticsTest:tearDownClass): 201 POST http://10.180.1.21/identity/v3/auth/tokens 0.236s
2025-04-15 16:13:17.383 70728 INFO tempest.lib.common.rest_client [req-665237e5-7b85-45ef-8c06-aa619599431b req-665237e5-7b85-45ef-8c06-aa619599431b ] Request (AttachInterfacesUnderV243Test:test_add_remove_fixed_ip): 200 GET http://10.180.1.21/compute/v2.1/servers/b73008e5-583e-495c-8776-ca9bca435a9c 0.783s
2025-04-15 16:13:17.399 70776 INFO tempest.lib.common.rest_client [req-6a8bb2f0-b481-4a7d-8160-c4e42be2193e req-6a8bb2f0-b481-4a7d-8160-c4e42be2193e ] Request (ImagesNegativeTestJSON:tearDownClass): 200 PUT http://10.180.1.21:9696/networking/v2.0/routers/4ae168a4-ddd0-45ff-bfba-ddf7cb1fb88e/remove_router_interface 1.425s
2025-04-15 16:13:17.433 70780 INFO tempest.lib.common.rest_client [req-44513d8f-1e49-4481-bfe5-d68593f59029 req-44513d8f-1e49-4481-bfe5-d68593f59029 ] Request (ServerShowV247Test:test_update_rebuild_list_server): 200 GET http://10.180.1.21/compute/v2.1/servers/1802046c-3dcf-4b7a-b062-5f9c177a11d6 0.775s
2025-04-15 16:13:17.451 70780 INFO tempest.common.waiters [-] State transition "BUILD/scheduling" ==> "BUILD/None" after 16 second wait
2025-04-15 16:13:17.475 70740 INFO tempest.lib.common.rest_client [req-e631e909-b5ef-44fc-b87d-6b5e15de4d4d req-e631e909-b5ef-44fc-b87d-6b5e15de4d4d ] Request (FlavorsAdminTestJSON:tearDownClass): 204 DELETE http://10.180.1.21/identity/v3/users/a69aeca5441d451181aade9ab7659596 0.276s
2025-04-15 16:13:17.475 70740 INFO tempest.lib.common.dynamic_creds [-] Deleting project and security group for project: dd8e659d9e0b4f7e975fc873dacd6b17
2025-04-15 16:13:17.504 70768 INFO tempest.lib.common.rest_client [req-a4026c42-3035-475a-bd63-99e48373d3b5 req-a4026c42-3035-475a-bd63-99e48373d3b5 ] Request (ServerShowV257Test:test_rebuild_server): 200 GET http://10.180.1.21/compute/v2.1/servers/deaff90c-019f-423c-97ec-801542720a30 0.826s
2025-04-15 16:13:17.518 70774 INFO tempest.lib.common.rest_client [req-d1e1c058-a59d-40b4-b371-0deb447d98e9 req-d1e1c058-a59d-40b4-b371-0deb447d98e9 ] Request (MigrationsAdminTest:test_list_migrations_in_flavor_resize_situation): 200 GET http://10.180.1.21/compute/v2.1/servers/4d9ff1a2-da45-4efd-af8c-d47907ce0768 0.800s
2025-04-15 16:13:17.551 70724 INFO tempest.lib.common.rest_client [req-069afcde-20dd-471f-8b03-3e525c487fef req-069afcde-20dd-471f-8b03-3e525c487fef ] Request (ServersAdminNegativeTestJSON:setUpClass): 201 POST http://10.180.1.21/identity/v3/auth/tokens 0.214s
2025-04-15 16:13:17.590 70740 INFO tempest.lib.common.rest_client [req-33ab40de-d09c-4a14-83a6-41679a4ca05c req-33ab40de-d09c-4a14-83a6-41679a4ca05c ] Request (FlavorsAdminTestJSON:tearDownClass): 201 POST http://10.180.1.21/identity/v3/auth/tokens 0.115s
2025-04-15 16:13:17.594 70756 INFO tempest.lib.common.rest_client [req-8dc447ac-45a9-405c-ba62-4fe81545dbee req-8dc447ac-45a9-405c-ba62-4fe81545dbee ] Request (ListImageFiltersTestJSON:setUpClass): 200 GET http://10.180.1.21/compute/v2.1/servers/86972721-627d-4108-ae2f-6d7519de74c0 0.809s
2025-04-15 16:13:17.595 70724 INFO tempest.lib.common.rest_client [req-576b5b92-a60f-49ac-a14d-e28bcf8278b7 req-576b5b92-a60f-49ac-a14d-e28bcf8278b7 ] Request (ServersAdminNegativeTestJSON:setUpClass): 201 POST http://10.180.1.21/identity/v3/auth/tokens 0.037s
2025-04-15 16:13:17.623 70724 INFO tempest.lib.common.rest_client [req-b18d2c70-1ae9-446d-9015-53031214cc85 req-b18d2c70-1ae9-446d-9015-53031214cc85 ] Request (ServersAdminNegativeTestJSON:setUpClass): 200 GET http://10.180.1.21/identity/v3/domains?name=Default 0.027s
2025-04-15 16:13:17.670 70724 INFO tempest.lib.common.rest_client [req-90a9b3b9-1b2b-4df0-8146-add35fe0133e req-90a9b3b9-1b2b-4df0-8146-add35fe0133e ] Request (ServersAdminNegativeTestJSON:setUpClass): 201 POST http://10.180.1.21/identity/v3/projects 0.046s
2025-04-15 16:13:17.686 70758 INFO tempest.lib.common.rest_client [req-efbd648a-d9b4-42a0-9f37-894a6bc25b84 req-efbd648a-d9b4-42a0-9f37-894a6bc25b84 ] Request (ServicesAdminTestJSON:tearDownClass): 200 GET http://10.180.1.21:9696/networking/v2.0/security-groups?tenant_id=f7644cdae8bb43e5a50ddc9d4d66b684&name=default 0.493s
2025-04-15 16:13:17.695 70762 INFO tempest.lib.common.rest_client [req-50dd08bc-ba64-4050-ad23-a995f069a643 req-50dd08bc-ba64-4050-ad23-a995f069a643 ] Request (ServerAddressesNegativeTestJSON:tearDownClass): 200 GET http://10.180.1.21/compute/v2.1/servers/55ea9666-0dba-4440-9e5c-afeb9d2b7a98 0.732s
2025-04-15 16:13:17.728 70718 INFO tempest.lib.common.rest_client [req-fae8ce25-1c2e-4f6b-8361-ffa2b0b3e4bc req-fae8ce25-1c2e-4f6b-8361-ffa2b0b3e4bc ] Request (ServerDiagnosticsTest:tearDownClass): 200 GET http://10.180.1.21:9696/networking/v2.0/security-groups?tenant_id=b91b189c6e3a408dbc7addd509dfa44d&name=default 0.375s
2025-04-15 16:13:17.742 70724 INFO tempest.lib.common.rest_client [req-de0dcc8a-f064-46a9-a695-2dd6ea52c769 req-de0dcc8a-f064-46a9-a695-2dd6ea52c769 ] Request (ServersAdminNegativeTestJSON:setUpClass): 201 POST http://10.180.1.21/identity/v3/users 0.072s
2025-04-15 16:13:17.767 70724 INFO tempest.lib.common.rest_client [req-6e7edd90-3c98-4fa4-8d59-f749cb5aa669 req-6e7edd90-3c98-4fa4-8d59-f749cb5aa669 ] Request (ServersAdminNegativeTestJSON:setUpClass): 200 GET http://10.180.1.21/identity/v3/roles 0.024s
2025-04-15 16:13:17.782 70730 INFO tempest.lib.common.rest_client [req-47d8b48c-e964-4a9c-ab4e-fce3e1990fb1 req-47d8b48c-e964-4a9c-ab4e-fce3e1990fb1 ] Request (ServersTestMultiNic:test_verify_duplicate_network_nics): 200 GET http://10.180.1.21/compute/v2.1/servers/cfc4e624-db92-423c-969c-64d433595497 0.722s
2025-04-15 16:13:17.792 70730 INFO tempest.common.waiters [-] State transition "BUILD/scheduling" ==> "BUILD/None" after 16 second wait
2025-04-15 16:13:17.804 70724 INFO tempest.lib.common.rest_client [req-7a8d5834-4474-4864-9a09-b64d2324c0df req-7a8d5834-4474-4864-9a09-b64d2324c0df ] Request (ServersAdminNegativeTestJSON:setUpClass): 204 PUT http://10.180.1.21/identity/v3/projects/706a0f0898474231a1ac004d633e2a3f/users/1a624e4c95e4405a970497722dd63dff/roles/dc38c88375db4847b11756910c63b16e 0.037s
2025-04-15 16:13:17.805 70724 INFO tempest.lib.common.dynamic_creds [-] Dynamic test user 1a624e4c95e4405a970497722dd63dff is created with scope project and roles: ['member']
2025-04-15 16:13:17.805 70724 INFO tempest.lib.common.dynamic_creds [-] Acquired dynamic creds: credentials: Credentials: {'domain_id': 'default', 'domain_name': 'Default', 'username': 'tempest-ServersAdminNegativeTestJSON-674820233-project-member', 'project_domain_id': 'default', 'project_domain_name': 'Default', 'project_id': '706a0f0898474231a1ac004d633e2a3f', 'project_name': 'tempest-ServersAdminNegativeTestJSON-674820233', 'tenant_id': '706a0f0898474231a1ac004d633e2a3f', 'tenant_name': 'tempest-ServersAdminNegativeTestJSON-674820233', 'user_domain_id': 'default', 'user_domain_name': 'Default', 'user_id': '1a624e4c95e4405a970497722dd63dff', 'system': None}, Network: None, Subnet: None, Router: None
2025-04-15 16:13:17.805 70724 INFO tempest.lib.common.dynamic_creds [-] Created isolated network resources for: credentials: Credentials: {'domain_id': 'default', 'domain_name': 'Default', 'username': 'tempest-ServersAdminNegativeTestJSON-674820233-project-member', 'project_domain_id': 'default', 'project_domain_name': 'Default', 'project_id': '706a0f0898474231a1ac004d633e2a3f', 'project_name': 'tempest-ServersAdminNegativeTestJSON-674820233', 'tenant_id': '706a0f0898474231a1ac004d633e2a3f', 'tenant_name': 'tempest-ServersAdminNegativeTestJSON-674820233', 'user_domain_id': 'default', 'user_domain_name': 'Default', 'user_id': '1a624e4c95e4405a970497722dd63dff', 'system': None}, Network: None, Subnet: None, Router: None
2025-04-15 16:13:17.876 70738 INFO tempest.lib.common.rest_client [req-2e29172e-fed4-43f2-b527-9733d7dff6a0 req-2e29172e-fed4-43f2-b527-9733d7dff6a0 ] Request (ServersListShow296Test:test_list_show_update_rebuild_server_296): 200 GET http://10.180.1.21/compute/v2.1/servers/4761bd86-261a-4525-a2bf-df74065c403d 0.641s
2025-04-15 16:13:17.882 70718 INFO tempest.lib.common.rest_client [req-555c9916-d6dd-4c72-9246-05f48ab862b7 req-555c9916-d6dd-4c72-9246-05f48ab862b7 ] Request (ServerDiagnosticsTest:tearDownClass): 204 DELETE http://10.180.1.21:9696/networking/v2.0/security-groups/099c649b-0ef8-42e8-ad50-07b8a053688c 0.153s
2025-04-15 16:13:17.887 70740 INFO tempest.lib.common.rest_client [req-51742ef8-bd23-4d3f-b081-4f87d85cc77c req-51742ef8-bd23-4d3f-b081-4f87d85cc77c ] Request (FlavorsAdminTestJSON:tearDownClass): 200 GET http://10.180.1.21:9696/networking/v2.0/security-groups?tenant_id=dd8e659d9e0b4f7e975fc873dacd6b17&name=default 0.296s
2025-04-15 16:13:17.917 70758 INFO tempest.lib.common.rest_client [req-4f395bb5-e76e-4940-85af-ff5616c3595b req-4f395bb5-e76e-4940-85af-ff5616c3595b ] Request (ServicesAdminTestJSON:tearDownClass): 204 DELETE http://10.180.1.21:9696/networking/v2.0/security-groups/eec08774-7223-4e0d-8a1c-d1dfb1e69b44 0.230s
2025-04-15 16:13:17.927 70726 INFO tempest.lib.common.rest_client [req-d4375218-792a-4785-93e7-1c0b613af65a req-d4375218-792a-4785-93e7-1c0b613af65a ] Request (ServerDiskConfigTestJSON:test_rebuild_server_with_auto_disk_config): 200 GET http://10.180.1.21/compute/v2.1/servers/487ce04c-cec0-42aa-bfa1-3b72b2dcc0c2 1.155s
2025-04-15 16:13:17.943 70726 INFO tempest.common.waiters [-] State transition "REBUILD/rebuilding" ==> "REBUILD/rebuild_spawning" after 3 second wait
2025-04-15 16:13:17.961 70766 INFO tempest.lib.common.rest_client [req-4c5da9e2-bf2b-4e40-883d-4fef666a0213 req-4c5da9e2-bf2b-4e40-883d-4fef666a0213 ] Request (ImagesMetadataTestJSON:setUpClass): 204 PUT http://10.180.1.21/image/v2/images/d1237f06-f29e-4913-9571-0ac3b55f5efa/file 1.413s
2025-04-15 16:13:17.976 70724 INFO tempest.lib.common.rest_client [req-93e0388b-63a4-494e-8728-7141fbb63d21 req-93e0388b-63a4-494e-8728-7141fbb63d21 ] Request (ServersAdminNegativeTestJSON:setUpClass): 201 POST http://10.180.1.21/identity/v3/auth/tokens 0.168s
2025-04-15 16:13:18.024 70734 INFO tempest.lib.common.rest_client [req-1df8d115-eaff-43f4-9eaf-5bde53ba7d41 req-1df8d115-eaff-43f4-9eaf-5bde53ba7d41 ] Request (ServerDiagnosticsNegativeTest:test_get_server_diagnostics_by_non_admin): 200 GET http://10.180.1.21/compute/v2.1/servers/ce148295-2ef2-4356-8e62-ae032a71d36b 0.674s
2025-04-15 16:13:18.065 70740 INFO tempest.lib.common.rest_client [req-257a5175-16e1-439e-bab8-13f2587e5174 req-257a5175-16e1-439e-bab8-13f2587e5174 ] Request (FlavorsAdminTestJSON:tearDownClass): 204 DELETE http://10.180.1.21:9696/networking/v2.0/security-groups/86a494b1-ac91-4613-a442-93e0a3fa1590 0.177s
2025-04-15 16:13:18.068 70718 INFO tempest.lib.common.rest_client [req-4feb9206-9c23-4bbb-9ab0-4db85b5b8207 req-4feb9206-9c23-4bbb-9ab0-4db85b5b8207 ] Request (ServerDiagnosticsTest:tearDownClass): 204 DELETE http://10.180.1.21/identity/v3/projects/b91b189c6e3a408dbc7addd509dfa44d 0.185s
2025-04-15 16:13:18.068 70718 INFO tempest.lib.common.dynamic_creds [-] Deleting project and security group for project: 8af34bcbce46429cbacb24b591efdb2f
2025-04-15 16:13:18.087 70758 INFO tempest.lib.common.rest_client [req-735e5313-1a0d-4011-b72d-6292ecefb35a req-735e5313-1a0d-4011-b72d-6292ecefb35a ] Request (ServicesAdminTestJSON:tearDownClass): 204 DELETE http://10.180.1.21/identity/v3/projects/f7644cdae8bb43e5a50ddc9d4d66b684 0.169s
2025-04-15 16:13:18.087 70758 INFO tempest.lib.common.dynamic_creds [-] Deleting project and security group for project: 335b1977c869497cad5d1c4d85142400
2025-04-15 16:13:18.102 70750 INFO tempest.lib.common.rest_client [req-7becbf2c-de72-484b-9eb1-88ce3908e5a3 req-7becbf2c-de72-484b-9eb1-88ce3908e5a3 ] Request (FloatingIPsAssociationTestJSON:test_associate_already_associated_floating_ip): 200 GET http://10.180.1.21/compute/v2.1/servers/80c143e6-56dd-4a92-bb8d-d4c2a3456ec9 0.708s
2025-04-15 16:13:18.127 70718 INFO tempest.lib.common.rest_client [req-324129d3-e445-465f-b8a2-79d5b976c5b6 req-324129d3-e445-465f-b8a2-79d5b976c5b6 ] Request (ServerDiagnosticsTest:tearDownClass): 200 GET http://10.180.1.21:9696/networking/v2.0/security-groups?tenant_id=8af34bcbce46429cbacb24b591efdb2f&name=default 0.059s
2025-04-15 16:13:18.157 70754 INFO tempest.lib.common.rest_client [req-2a361be8-ce3b-4b13-9aae-bc2583c231dd req-2a361be8-ce3b-4b13-9aae-bc2583c231dd ] Request (VolumesAssistedSnapshotsTest:test_volume_assisted_snapshot_create_delete): 200 GET http://10.180.1.21/compute/v2.1/servers/688fae2f-a3ca-48c8-9a88-923268f5b1a8 0.853s
2025-04-15 16:13:18.164 70754 INFO tempest.common.waiters [-] State transition "BUILD/spawning" ==> "ACTIVE/None" after 34 second wait
2025-04-15 16:13:18.181 70724 INFO tempest.lib.common.rest_client [req-6838e6dd-8cd8-47a0-a297-424c803527b2 req-6838e6dd-8cd8-47a0-a297-424c803527b2 ] Request (ServersAdminNegativeTestJSON:setUpClass): 201 POST http://10.180.1.21/identity/v3/projects 0.200s
2025-04-15 16:13:18.210 70778 INFO tempest.lib.common.rest_client [req-fe3ffbba-fe4c-4579-b2c5-50af8294d1b2 req-fe3ffbba-fe4c-4579-b2c5-50af8294d1b2 ] Request (InstanceActionsTestJSON:tearDownClass): 200 GET http://10.180.1.21/compute/v2.1/servers/460e787f-23bb-4bb8-8bc4-11545b9891ea 0.743s
2025-04-15 16:13:18.221 70740 INFO tempest.lib.common.rest_client [req-3f748560-d886-4f89-8213-a31135eae77d req-3f748560-d886-4f89-8213-a31135eae77d ] Request (FlavorsAdminTestJSON:tearDownClass): 204 DELETE http://10.180.1.21/identity/v3/projects/dd8e659d9e0b4f7e975fc873dacd6b17 0.156s
2025-04-15 16:13:18.221 70740 INFO tempest.lib.common.dynamic_creds [-] Deleting project and security group for project: f7ce4b08df9b48889b05110e81fbb47b
2025-04-15 16:13:18.223 70746 INFO tempest.lib.common.rest_client [req-7ae60cf0-116f-4629-acd6-c1634d108738 req-7ae60cf0-116f-4629-acd6-c1634d108738 ] Request (ServerTagsTestJSON:setUpClass): 200 GET http://10.180.1.21/compute/v2.1/servers/e520b86c-a70c-48a3-bb69-8212a40050cb 0.726s
2025-04-15 16:13:18.283 70744 INFO tempest.lib.common.rest_client [req-8cec3409-be4f-4208-94a8-5957e144001c req-8cec3409-be4f-4208-94a8-5957e144001c ] Request (ServersAdminTestJSON:test_create_server_with_scheduling_hint): 200 GET http://10.180.1.21/compute/v2.1/servers/6c788574-439c-4c94-819c-84f842795a9d 0.558s
2025-04-15 16:13:18.297 70736 INFO tempest.lib.common.rest_client [req-3f1e2920-ab50-442b-933a-4cf6b27bd81a req-3f1e2920-ab50-442b-933a-4cf6b27bd81a ] Request (ServerRescueTestJSONUnderV235:setUpClass): 200 GET http://10.180.1.21/compute/v2.1/servers/bb51f520-2d79-411b-989a-829094314e11 0.692s
2025-04-15 16:13:18.312 70724 INFO tempest.lib.common.rest_client [req-a172dde4-0b4b-4a92-a538-3c1e48436e1b req-a172dde4-0b4b-4a92-a538-3c1e48436e1b ] Request (ServersAdminNegativeTestJSON:setUpClass): 201 POST http://10.180.1.21/identity/v3/users 0.131s
2025-04-15 16:13:18.343 70740 INFO tempest.lib.common.rest_client [req-b6d4956c-5756-4c5c-85e3-b55e42243b27 req-b6d4956c-5756-4c5c-85e3-b55e42243b27 ] Request (FlavorsAdminTestJSON:tearDownClass): 200 GET http://10.180.1.21:9696/networking/v2.0/security-groups?tenant_id=f7ce4b08df9b48889b05110e81fbb47b&name=default 0.121s
2025-04-15 16:13:18.352 70724 INFO tempest.lib.common.rest_client [req-6f70e545-df8a-4087-b167-1587d55e03fb req-6f70e545-df8a-4087-b167-1587d55e03fb ] Request (ServersAdminNegativeTestJSON:setUpClass): 200 GET http://10.180.1.21/identity/v3/roles 0.039s
2025-04-15 16:13:18.356 70766 INFO tempest.lib.common.rest_client [req-a9f38c1e-c3e0-449c-a123-912e1b025cd6 req-a9f38c1e-c3e0-449c-a123-912e1b025cd6 ] Request (ImagesMetadataTestJSON:setUpClass): 200 GET http://10.180.1.21/compute/v2.1/images/d1237f06-f29e-4913-9571-0ac3b55f5efa 0.394s
2025-04-15 16:13:18.375 70722 INFO tempest.lib.common.rest_client [req-22ae83fb-79a2-4974-9625-bad1ab0096b5 req-22ae83fb-79a2-4974-9625-bad1ab0096b5 ] Request (ServersWithSpecificFlavorTestJSON:test_verify_created_server_ephemeral_disk): 200 GET http://10.180.1.21/compute/v2.1/servers/61606b64-febb-4672-81fe-e921ef3c0631 0.542s
2025-04-15 16:13:18.402 70724 INFO tempest.lib.common.rest_client [req-4b4873da-ac59-4119-89a0-f46830a58c76 req-4b4873da-ac59-4119-89a0-f46830a58c76 ] Request (ServersAdminNegativeTestJSON:setUpClass): 204 PUT http://10.180.1.21/identity/v3/projects/9a0e41bbc4d7442cbc9f5003d22278e8/users/0713d9938450406488526123bbe4ae93/roles/396941bf50954687972b12084e97631a 0.049s
2025-04-15 16:13:18.473 70718 INFO tempest.lib.common.rest_client [req-b9a84a8e-63cb-4528-b5b5-bfd891f0f540 req-b9a84a8e-63cb-4528-b5b5-bfd891f0f540 ] Request (ServerDiagnosticsTest:tearDownClass): 204 DELETE http://10.180.1.21:9696/networking/v2.0/security-groups/e95f9318-7d2d-4adc-9b74-8248e468efd7 0.345s
2025-04-15 16:13:18.479 70724 INFO tempest.lib.common.rest_client [req-b7d0f248-5297-4e58-b975-6ed20aafa048 req-b7d0f248-5297-4e58-b975-6ed20aafa048 ] Request (ServersAdminNegativeTestJSON:setUpClass): 200 GET http://10.180.1.21/identity/v3/roles 0.077s
2025-04-15 16:13:18.492 70740 INFO tempest.lib.common.rest_client [req-872d80fd-988c-4b22-9d3d-9dcc8dd58f10 req-872d80fd-988c-4b22-9d3d-9dcc8dd58f10 ] Request (FlavorsAdminTestJSON:tearDownClass): 204 DELETE http://10.180.1.21:9696/networking/v2.0/security-groups/692872da-48d8-433f-acdc-92bfc7669288 0.148s
2025-04-15 16:13:18.497 70758 INFO tempest.lib.common.rest_client [req-968361bc-49d6-405f-8d38-ac144a30b0f3 req-968361bc-49d6-405f-8d38-ac144a30b0f3 ] Request (ServicesAdminTestJSON:tearDownClass): 200 GET http://10.180.1.21:9696/networking/v2.0/security-groups?tenant_id=335b1977c869497cad5d1c4d85142400&name=default 0.409s
2025-04-15 16:13:18.499 70732 INFO tempest.lib.common.rest_client [req-130cfc49-2f0e-4ea7-9df7-bc0a69bafd11 req-130cfc49-2f0e-4ea7-9df7-bc0a69bafd11 ] Request (FloatingIPsAssociationNegativeTestJSON:setUpClass): 200 GET http://10.180.1.21/compute/v2.1/servers/8febcfdf-6403-4b67-b5b7-c640dd9da041 0.415s
2025-04-15 16:13:18.505 70724 INFO tempest.lib.common.rest_client [req-986de685-df24-4456-bcd7-2dc1de2912f4 req-986de685-df24-4456-bcd7-2dc1de2912f4 ] Request (ServersAdminNegativeTestJSON:setUpClass): 204 PUT http://10.180.1.21/identity/v3/projects/9a0e41bbc4d7442cbc9f5003d22278e8/users/0713d9938450406488526123bbe4ae93/roles/396941bf50954687972b12084e97631a 0.025s
2025-04-15 16:13:18.505 70724 INFO tempest.lib.common.dynamic_creds [-] Dynamic test user 0713d9938450406488526123bbe4ae93 is created with scope project and roles: ['admin']
2025-04-15 16:13:18.506 70724 INFO tempest.lib.common.dynamic_creds [-] Acquired dynamic creds: credentials: Credentials: {'domain_id': 'default', 'domain_name': 'Default', 'username': 'tempest-ServersAdminNegativeTestJSON-1493878595-project-admin', 'project_domain_id': 'default', 'project_domain_name': 'Default', 'project_id': '9a0e41bbc4d7442cbc9f5003d22278e8', 'project_name': 'tempest-ServersAdminNegativeTestJSON-1493878595', 'tenant_id': '9a0e41bbc4d7442cbc9f5003d22278e8', 'tenant_name': 'tempest-ServersAdminNegativeTestJSON-1493878595', 'user_domain_id': 'default', 'user_domain_name': 'Default', 'user_id': '0713d9938450406488526123bbe4ae93', 'system': None}, Network: None, Subnet: None, Router: None
2025-04-15 16:13:18.506 70724 INFO tempest.lib.common.dynamic_creds [-] Created isolated network resources for: credentials: Credentials: {'domain_id': 'default', 'domain_name': 'Default', 'username': 'tempest-ServersAdminNegativeTestJSON-1493878595-project-admin', 'project_domain_id': 'default', 'project_domain_name': 'Default', 'project_id': '9a0e41bbc4d7442cbc9f5003d22278e8', 'project_name': 'tempest-ServersAdminNegativeTestJSON-1493878595', 'tenant_id': '9a0e41bbc4d7442cbc9f5003d22278e8', 'tenant_name': 'tempest-ServersAdminNegativeTestJSON-1493878595', 'user_domain_id': 'default', 'user_domain_name': 'Default', 'user_id': '0713d9938450406488526123bbe4ae93', 'system': None}, Network: None, Subnet: None, Router: None
2025-04-15 16:13:18.517 70754 INFO tempest.lib.common.rest_client [req-ac930b7a-fa73-4a6d-94b7-a60d93fe8c85 req-ac930b7a-fa73-4a6d-94b7-a60d93fe8c85 ] Request (VolumesAssistedSnapshotsTest:test_volume_assisted_snapshot_create_delete): 200 GET http://10.180.1.21/compute/v2.1/servers/688fae2f-a3ca-48c8-9a88-923268f5b1a8/os-interface 0.352s
2025-04-15 16:13:18.544 70752 WARNING tempest.lib.common.ssh [-] Failed to establish authenticated ssh connection to cirros@10.180.180.253 ([Errno None] Unable to connect to port 22 on 10.180.180.253). Number attempts: 4. Retry after 5 seconds.: paramiko.ssh_exception.NoValidConnectionsError: [Errno None] Unable to connect to port 22 on 10.180.180.253
2025-04-15 16:13:18.569 70718 INFO tempest.lib.common.rest_client [req-51a7697d-b030-43b8-9bc8-c29586eff71c req-51a7697d-b030-43b8-9bc8-c29586eff71c ] Request (ServerDiagnosticsTest:tearDownClass): 204 DELETE http://10.180.1.21/identity/v3/projects/8af34bcbce46429cbacb24b591efdb2f 0.095s
2025-04-15 16:13:18.586 70770 INFO tempest.lib.common.rest_client [req-87fdd2b0-d870-4491-994e-787d1c37fb3e req-87fdd2b0-d870-4491-994e-787d1c37fb3e ] Request (ServerMetadataTestJSON:tearDownClass): 200 GET http://10.180.1.21/compute/v2.1/servers/2fffbfbc-2b85-4ee8-89e2-ef8cc63a81d7 0.398s
2025-04-15 16:13:18.604 70758 INFO tempest.lib.common.rest_client [req-dc74e86a-cddf-4a5b-b37d-a725f5403f8c req-dc74e86a-cddf-4a5b-b37d-a725f5403f8c ] Request (ServicesAdminTestJSON:tearDownClass): 204 DELETE http://10.180.1.21:9696/networking/v2.0/security-groups/b36df93a-fac5-4889-b89a-f80b4877f379 0.106s
2025-04-15 16:13:18.641 70724 INFO tempest.lib.common.rest_client [req-d6946a4a-5075-46fa-a960-c0820c7c6522 req-d6946a4a-5075-46fa-a960-c0820c7c6522 ] Request (ServersAdminNegativeTestJSON:setUpClass): 201 POST http://10.180.1.21/identity/v3/auth/tokens 0.132s
2025-04-15 16:13:18.642 70748 INFO tempest.lib.common.rest_client [req-f6d594ec-6fba-4c5f-8539-1f5fd78b8008 req-f6d594ec-6fba-4c5f-8539-1f5fd78b8008 ] Request (DeleteServersAdminTestJSON:test_delete_server_while_in_error_state): 200 GET http://10.180.1.21/compute/v2.1/servers/94ca8146-bef3-47a0-a41f-51e3b2d773b9 0.301s
2025-04-15 16:13:18.648 70740 INFO tempest.lib.common.rest_client [req-127e1f3a-a194-4d0d-85b4-c12f83f8ad6f req-127e1f3a-a194-4d0d-85b4-c12f83f8ad6f ] Request (FlavorsAdminTestJSON:tearDownClass): 204 DELETE http://10.180.1.21/identity/v3/projects/f7ce4b08df9b48889b05110e81fbb47b 0.156s
