2025-04-15 16:13:22.087 70762 INFO tempest.lib.common.rest_client [req-c701830c-39b0-42fa-92a7-f1efe20800b0 req-c701830c-39b0-42fa-92a7-f1efe20800b0 ] Request (ServerAddressesNegativeTestJSON:tearDownClass): 204 DELETE http://10.180.1.21:9696/networking/v2.0/subnets/3d457a71-fbe7-4456-88a2-847486c2f14f 0.249s
2025-04-15 16:13:22.092 70766 INFO tempest.lib.common.rest_client [req-574f00fc-5b62-45dc-85a1-c57d397b6b58 req-574f00fc-5b62-45dc-85a1-c57d397b6b58 ] Request (ImagesMetadataTestJSON:setUp): 200 PUT http://10.180.1.21/compute/v2.1/images/d1237f06-f29e-4913-9571-0ac3b55f5efa/metadata 0.828s
2025-04-15 16:13:22.191 70770 INFO tempest.lib.common.rest_client [req-7e7129d0-9ce6-441f-bb7c-f0e20730f8ce req-7e7129d0-9ce6-441f-bb7c-f0e20730f8ce ] Request (ServerMetadataTestJSON:tearDownClass): 200 GET http://10.180.1.21/compute/v2.1/servers/2fffbfbc-2b85-4ee8-89e2-ef8cc63a81d7 0.923s
2025-04-15 16:13:22.230 70720 INFO tempest.lib.common.rest_client [req-8f3d1571-c51f-49fb-b8ee-afe88710578a req-8f3d1571-c51f-49fb-b8ee-afe88710578a ] Request (MultipleCreateTestJSON:test_multiple_create): 202 POST http://10.180.1.21/compute/v2.1/servers 1.227s
2025-04-15 16:13:22.292 70724 INFO tempest.lib.common.rest_client [req-a3af4f62-a716-4214-ac15-e4528171985a req-a3af4f62-a716-4214-ac15-e4528171985a ] Request (ServersAdminNegativeTestJSON:setUpClass): 200 GET http://10.180.1.21/compute/v2.1/servers/6e0de7b8-ef2d-4449-8e08-e188d9f210ad 0.963s
2025-04-15 16:13:22.348 70776 INFO tempest.lib.common.rest_client [req-d2da90a8-9bbc-4b52-85a0-74a5a79dfa6d req-d2da90a8-9bbc-4b52-85a0-74a5a79dfa6d ] Request (SecurityGroupsNegativeTestJSON:setUpClass): 201 POST http://10.180.1.21:9696/networking/v2.0/subnets 0.521s
2025-04-15 16:13:22.374 70748 INFO tempest.lib.common.rest_client [req-0383690b-de94-44e7-833c-7c1bdfa44718 req-0383690b-de94-44e7-833c-7c1bdfa44718 ] Request (DeleteServersAdminTestJSON:test_delete_server_while_in_error_state): 200 GET http://10.180.1.21/compute/v2.1/servers/94ca8146-bef3-47a0-a41f-51e3b2d773b9 0.972s
2025-04-15 16:13:22.385 70762 INFO tempest.lib.common.rest_client [req-adcec3e7-713b-4d3a-a44d-5f318b0cf349 req-adcec3e7-713b-4d3a-a44d-5f318b0cf349 ] Request (ServerAddressesNegativeTestJSON:tearDownClass): 204 DELETE http://10.180.1.21:9696/networking/v2.0/networks/bae224d3-24e9-437b-9997-4e534639df50 0.298s
2025-04-15 16:13:22.429 70732 INFO tempest.lib.common.rest_client [req-bbf1494d-6980-4de8-871d-4480803e8f6b req-bbf1494d-6980-4de8-871d-4480803e8f6b ] Request (FloatingIPsAssociationNegativeTestJSON:setUpClass): 200 GET http://10.180.1.21/compute/v2.1/servers/8febcfdf-6403-4b67-b5b7-c640dd9da041 1.114s
2025-04-15 16:13:22.439 70732 INFO tempest.common.waiters [-] State transition "BUILD/spawning" ==> "ACTIVE/None" after 36 second wait
2025-04-15 16:13:22.469 70742 INFO tempest.lib.common.rest_client [req-39a67cb1-9d4d-47ec-a527-fcd1b3fff5a0 req-39a67cb1-9d4d-47ec-a527-fcd1b3fff5a0 ] Request (ImagesOneServerNegativeTestJSON:_run_cleanups): 200 GET http://10.180.1.21/compute/v2.1/servers/a7c8cf9d-671e-4489-8a64-218be96335d1 0.956s
2025-04-15 16:13:22.488 70762 INFO tempest.lib.common.rest_client [req-2df59f6a-a861-46f0-a7cc-af479a18684a req-2df59f6a-a861-46f0-a7cc-af479a18684a ] Request (ServerAddressesNegativeTestJSON:tearDownClass): 204 DELETE http://10.180.1.21/identity/v3/users/51b6cf3918744dd082682d0ae1f98222 0.102s
2025-04-15 16:13:22.489 70762 INFO tempest.lib.common.dynamic_creds [-] Deleting project and security group for project: e9647995304547dbbc0e4f9b149dfeb5
2025-04-15 16:13:22.507 70728 INFO tempest.lib.common.rest_client [req-2bc6326d-de54-414a-92c5-f2ecb1321f3a req-2bc6326d-de54-414a-92c5-f2ecb1321f3a ] Request (AttachInterfacesUnderV243Test:test_add_remove_fixed_ip): 200 GET http://10.180.1.21/compute/v2.1/servers/b73008e5-583e-495c-8776-ca9bca435a9c 0.962s
2025-04-15 16:13:22.552 70780 INFO tempest.lib.common.rest_client [req-9cb24197-6872-474f-80c4-e00013af4aea req-9cb24197-6872-474f-80c4-e00013af4aea ] Request (ServerShowV247Test:test_update_rebuild_list_server): 200 GET http://10.180.1.21/compute/v2.1/servers/1802046c-3dcf-4b7a-b062-5f9c177a11d6 0.947s
2025-04-15 16:13:22.577 70762 INFO tempest.lib.common.rest_client [req-ed9ffbcd-d45e-401e-9401-1a58a9b3f384 req-ed9ffbcd-d45e-401e-9401-1a58a9b3f384 ] Request (ServerAddressesNegativeTestJSON:tearDownClass): 200 GET http://10.180.1.21:9696/networking/v2.0/security-groups?tenant_id=e9647995304547dbbc0e4f9b149dfeb5&name=default 0.087s
2025-04-15 16:13:22.594 70774 INFO tempest.lib.common.rest_client [req-f89bef08-3bd7-4fe6-8b57-97f7379b2c0e req-f89bef08-3bd7-4fe6-8b57-97f7379b2c0e ] Request (MigrationsAdminTest:test_list_migrations_in_flavor_resize_situation): 200 GET http://10.180.1.21/compute/v2.1/servers/4d9ff1a2-da45-4efd-af8c-d47907ce0768 0.978s
2025-04-15 16:13:22.597 70740 INFO tempest.lib.common.rest_client [req-05840ecb-5962-48d9-a252-e1d05a4ef8fa req-05840ecb-5962-48d9-a252-e1d05a4ef8fa ] Request (FlavorsV261TestJSON:test_crud_flavor): 200 GET http://10.180.1.21/compute/v2.1/flavors/detail 0.948s
2025-04-15 16:13:22.668 70768 INFO tempest.lib.common.rest_client [req-9f2e8c4f-725c-4f8c-8c72-c8a6c90740e7 req-9f2e8c4f-725c-4f8c-8c72-c8a6c90740e7 ] Request (ServerShowV257Test:test_rebuild_server): 200 GET http://10.180.1.21/compute/v2.1/servers/deaff90c-019f-423c-97ec-801542720a30 0.973s
2025-04-15 16:13:22.681 70756 INFO tempest.lib.common.rest_client [req-176ca130-ca97-40a2-a939-42dfa048bfec req-176ca130-ca97-40a2-a939-42dfa048bfec ] Request (ListImageFiltersTestJSON:setUpClass): 200 GET http://10.180.1.21/compute/v2.1/servers/86972721-627d-4108-ae2f-6d7519de74c0 0.991s
2025-04-15 16:13:22.722 70730 INFO tempest.lib.common.rest_client [req-91fce268-c2f8-497a-aec5-07574eb616dd req-91fce268-c2f8-497a-aec5-07574eb616dd ] Request (ServersTestMultiNic:test_verify_duplicate_network_nics): 200 GET http://10.180.1.21/compute/v2.1/servers/cfc4e624-db92-423c-969c-64d433595497 0.962s
2025-04-15 16:13:22.724 70766 INFO tempest.lib.common.rest_client [req-05ac8cfd-0acf-422d-91b2-cc6c7f7aa8cb req-05ac8cfd-0acf-422d-91b2-cc6c7f7aa8cb ] Request (ImagesMetadataTestJSON:test_list_image_metadata): 200 GET http://10.180.1.21/compute/v2.1/images/d1237f06-f29e-4913-9571-0ac3b55f5efa/metadata 0.631s
2025-04-15 16:13:22.782 70734 INFO tempest.lib.common.rest_client [req-05babe52-5731-4a09-a7cb-7ac5cd17826c req-05babe52-5731-4a09-a7cb-7ac5cd17826c ] Request (ServerDiagnosticsNegativeTest:test_get_server_diagnostics_by_non_admin): 200 GET http://10.180.1.21/compute/v2.1/servers/ce148295-2ef2-4356-8e62-ae032a71d36b 0.602s
2025-04-15 16:13:22.816 70738 INFO tempest.lib.common.rest_client [req-170de352-a29f-4964-8716-dd0ce4518310 req-170de352-a29f-4964-8716-dd0ce4518310 ] Request (ServersListShow296Test:test_list_show_update_rebuild_server_296): 200 GET http://10.180.1.21/compute/v2.1/servers/4761bd86-261a-4525-a2bf-df74065c403d 0.631s
2025-04-15 16:13:22.835 70762 INFO tempest.lib.common.rest_client [req-c0d136c8-cce7-4c5b-a69e-2e8f77eda67d req-c0d136c8-cce7-4c5b-a69e-2e8f77eda67d ] Request (ServerAddressesNegativeTestJSON:tearDownClass): 204 DELETE http://10.180.1.21:9696/networking/v2.0/security-groups/851ddc25-45cb-4233-96c2-bd3b4d2f2cb8 0.257s
2025-04-15 16:13:22.897 70750 INFO tempest.lib.common.rest_client [req-c13bfdc7-b32f-4d89-8416-02c0913c558c req-c13bfdc7-b32f-4d89-8416-02c0913c558c ] Request (FloatingIPsAssociationTestJSON:test_associate_already_associated_floating_ip): 200 GET http://10.180.1.21/compute/v2.1/servers/80c143e6-56dd-4a92-bb8d-d4c2a3456ec9 0.663s
2025-04-15 16:13:22.942 70720 INFO tempest.lib.common.rest_client [req-27e3ae90-a68a-4181-9aa2-995ba1161f72 req-27e3ae90-a68a-4181-9aa2-995ba1161f72 ] Request (MultipleCreateTestJSON:test_multiple_create): 200 GET http://10.180.1.21/compute/v2.1/servers 0.710s
2025-04-15 16:13:22.976 70778 INFO tempest.lib.common.rest_client [req-9d18728b-0cdd-403e-9545-4d2dba873667 req-9d18728b-0cdd-403e-9545-4d2dba873667 ] Request (InstanceActionsTestJSON:tearDownClass): 200 GET http://10.180.1.21/compute/v2.1/servers/460e787f-23bb-4bb8-8bc4-11545b9891ea 0.599s
2025-04-15 16:13:23.005 70762 INFO tempest.lib.common.rest_client [req-c1ca3711-8bd2-44e1-ab17-ca38235dc08e req-c1ca3711-8bd2-44e1-ab17-ca38235dc08e ] Request (ServerAddressesNegativeTestJSON:tearDownClass): 204 DELETE http://10.180.1.21/identity/v3/projects/e9647995304547dbbc0e4f9b149dfeb5 0.169s
2025-04-15 16:13:23.058 70746 INFO tempest.lib.common.rest_client [req-dece7a10-2276-4252-a3cf-68d1df43faf1 req-dece7a10-2276-4252-a3cf-68d1df43faf1 ] Request (ServerTagsTestJSON:setUpClass): 200 GET http://10.180.1.21/compute/v2.1/servers/e520b86c-a70c-48a3-bb69-8212a40050cb 0.607s
2025-04-15 16:13:23.073 70746 INFO tempest.common.waiters [-] State transition "BUILD/scheduling" ==> "BUILD/None" after 17 second wait
2025-04-15 16:13:23.088 70740 INFO tempest.lib.common.rest_client [req-320e8bdd-35ed-4b4e-8b9f-bd8df6847c5c req-320e8bdd-35ed-4b4e-8b9f-bd8df6847c5c ] Request (FlavorsV261TestJSON:test_crud_flavor): 200 GET http://10.180.1.21/compute/v2.1/flavors 0.480s
2025-04-15 16:13:23.098 70762 INFO tempest.lib.common.rest_client [req-fa0edd04-07a6-4c68-889c-9cee3c0472bf req-fa0edd04-07a6-4c68-889c-9cee3c0472bf ] Request (ServersListShow298Test:setUpClass): 201 POST http://10.180.1.21/identity/v3/auth/tokens 0.092s
2025-04-15 16:13:23.136 70762 INFO tempest.lib.common.rest_client [req-cd023abd-f79e-495b-86f8-2798ae43865e req-cd023abd-f79e-495b-86f8-2798ae43865e ] Request (ServersListShow298Test:setUpClass): 201 POST http://10.180.1.21/identity/v3/auth/tokens 0.035s
2025-04-15 16:13:23.162 70762 INFO tempest.lib.common.rest_client [req-4f0d441e-afc3-4899-946c-8968069cb234 req-4f0d441e-afc3-4899-946c-8968069cb234 ] Request (ServersListShow298Test:setUpClass): 200 GET http://10.180.1.21/identity/v3/domains?name=Default 0.024s
2025-04-15 16:13:23.197 70762 INFO tempest.lib.common.rest_client [req-06b25296-22d1-4232-9443-7178044991ef req-06b25296-22d1-4232-9443-7178044991ef ] Request (ServersListShow298Test:setUpClass): 201 POST http://10.180.1.21/identity/v3/projects 0.034s
2025-04-15 16:13:23.267 70762 INFO tempest.lib.common.rest_client [req-3faedecc-306e-4e42-810d-92522cfc1c94 req-3faedecc-306e-4e42-810d-92522cfc1c94 ] Request (ServersListShow298Test:setUpClass): 201 POST http://10.180.1.21/identity/v3/users 0.069s
2025-04-15 16:13:23.289 70762 INFO tempest.lib.common.rest_client [req-5f11a7f0-535f-4778-821b-e16c5528faa5 req-5f11a7f0-535f-4778-821b-e16c5528faa5 ] Request (ServersListShow298Test:setUpClass): 200 GET http://10.180.1.21/identity/v3/roles 0.022s
2025-04-15 16:13:23.313 70726 INFO tempest.lib.common.rest_client [req-67e690af-3173-49b5-8d8c-55eb2126b956 req-67e690af-3173-49b5-8d8c-55eb2126b956 ] Request (ServerDiskConfigTestJSON:test_rebuild_server_with_auto_disk_config): 200 GET http://10.180.1.21/compute/v2.1/servers/487ce04c-cec0-42aa-bfa1-3b72b2dcc0c2 0.689s
2025-04-15 16:13:23.318 70762 INFO tempest.lib.common.rest_client [req-fd440d2b-583c-45d4-8d3c-54e43602c258 req-fd440d2b-583c-45d4-8d3c-54e43602c258 ] Request (ServersListShow298Test:setUpClass): 204 PUT http://10.180.1.21/identity/v3/projects/bbd586c6ea594bc5a3eb7b3b57ce2c01/users/4241a2aacbcb4ca69759a9923cd3ceba/roles/dc38c88375db4847b11756910c63b16e 0.028s
2025-04-15 16:13:23.318 70762 INFO tempest.lib.common.dynamic_creds [-] Dynamic test user 4241a2aacbcb4ca69759a9923cd3ceba is created with scope project and roles: ['member']
2025-04-15 16:13:23.319 70762 INFO tempest.lib.common.dynamic_creds [-] Acquired dynamic creds: credentials: Credentials: {'domain_id': 'default', 'domain_name': 'Default', 'username': 'tempest-ServersListShow298Test-119450835-project-member', 'project_domain_id': 'default', 'project_domain_name': 'Default', 'project_id': 'bbd586c6ea594bc5a3eb7b3b57ce2c01', 'project_name': 'tempest-ServersListShow298Test-119450835', 'tenant_id': 'bbd586c6ea594bc5a3eb7b3b57ce2c01', 'tenant_name': 'tempest-ServersListShow298Test-119450835', 'user_domain_id': 'default', 'user_domain_name': 'Default', 'user_id': '4241a2aacbcb4ca69759a9923cd3ceba', 'system': None}, Network: None, Subnet: None, Router: None
2025-04-15 16:13:23.319 70762 INFO tempest.lib.common.dynamic_creds [-] Created isolated network resources for: credentials: Credentials: {'domain_id': 'default', 'domain_name': 'Default', 'username': 'tempest-ServersListShow298Test-119450835-project-member', 'project_domain_id': 'default', 'project_domain_name': 'Default', 'project_id': 'bbd586c6ea594bc5a3eb7b3b57ce2c01', 'project_name': 'tempest-ServersListShow298Test-119450835', 'tenant_id': 'bbd586c6ea594bc5a3eb7b3b57ce2c01', 'tenant_name': 'tempest-ServersListShow298Test-119450835', 'user_domain_id': 'default', 'user_domain_name': 'Default', 'user_id': '4241a2aacbcb4ca69759a9923cd3ceba', 'system': None}, Network: None, Subnet: None, Router: None
2025-04-15 16:13:23.371 70718 INFO tempest.lib.common.rest_client [req-72cd6530-2c2f-4422-b0a1-18e4b4004f29 req-72cd6530-2c2f-4422-b0a1-18e4b4004f29 ] Request (ServerExternalEventsTest:test_create_server_external_events): 200 GET http://10.180.1.21/compute/v2.1/servers/738b60d6-4018-42f1-ada4-f3774e4c3d98 0.660s
2025-04-15 16:13:23.415 70762 INFO tempest.lib.common.rest_client [req-04110fb1-3e38-4000-b0a0-fbfce120cf73 req-04110fb1-3e38-4000-b0a0-fbfce120cf73 ] Request (ServersListShow298Test:setUpClass): 201 POST http://10.180.1.21/identity/v3/auth/tokens 0.094s
2025-04-15 16:13:23.450 70762 INFO tempest.lib.common.rest_client [req-f8f608ee-64c1-412d-b973-14324eeb57f7 req-f8f608ee-64c1-412d-b973-14324eeb57f7 ] Request (ServersListShow298Test:test_list_show_update_rebuild_server_298): 201 POST http://10.180.1.21/identity/v3/auth/tokens 0.030s
2025-04-15 16:13:23.451 70762 INFO tempest.lib.common.fixed_network [-] (ServersListShow298Test:test_list_show_update_rebuild_server_298) Found network None available for tenant
2025-04-15 16:13:23.467 70776 INFO tempest.lib.common.rest_client [req-79119241-82a4-4d11-977b-70e6b856743f req-79119241-82a4-4d11-977b-70e6b856743f ] Request (SecurityGroupsNegativeTestJSON:setUpClass): 201 POST http://10.180.1.21:9696/networking/v2.0/routers 1.119s
2025-04-15 16:13:23.534 70766 INFO tempest.lib.common.rest_client [req-a29088f1-e934-4724-be69-521949e3a874 req-a29088f1-e934-4724-be69-521949e3a874 ] Request (ImagesMetadataTestJSON:setUp): 200 PUT http://10.180.1.21/compute/v2.1/images/d1237f06-f29e-4913-9571-0ac3b55f5efa/metadata 0.808s
2025-04-15 16:13:23.585 70758 INFO tempest.lib.common.rest_client [req-12c302bf-546f-4204-9288-005855f2bd37 req-12c302bf-546f-4204-9288-005855f2bd37 ] Request (ServersV294TestFqdnHostnames:setUpClass): 200 PUT http://10.180.1.21:9696/networking/v2.0/routers/88313554-21c3-4b21-ab29-1b12a1bb7f95/add_router_interface 1.635s
2025-04-15 16:13:23.585 70758 INFO tempest.lib.common.dynamic_creds [-] Created isolated network resources for: credentials: Credentials: {'domain_id': 'default', 'domain_name': 'Default', 'username': 'tempest-ServersV294TestFqdnHostnames-1461588630-project-member', 'project_domain_id': 'default', 'project_domain_name': 'Default', 'project_id': 'df3b9c0071bd4675bb11cbd570ac6406', 'project_name': 'tempest-ServersV294TestFqdnHostnames-1461588630', 'tenant_id': 'df3b9c0071bd4675bb11cbd570ac6406', 'tenant_name': 'tempest-ServersV294TestFqdnHostnames-1461588630', 'user_domain_id': 'default', 'user_domain_name': 'Default', 'user_id': '30739f23f1f541d9ba23ee054afa805b', 'system': None}, Network: {'id': '4622f235-e9aa-46db-b7e5-7349b25c25f0', 'name': 'tempest-ServersV294TestFqdnHostnames-971073863-network', 'tenant_id': 'df3b9c0071bd4675bb11cbd570ac6406', 'admin_state_up': True, 'mtu': 8950, 'status': 'ACTIVE', 'subnets': [], 'shared': False, 'project_id': 'df3b9c0071bd4675bb11cbd570ac6406', 'port_security_enabled': True, 'router:external': False, 'provider:network_type': 'vlan', 'provider:physical_network': 'default', 'provider:segmentation_id': 806, 'availability_zone_hints': [], 'availability_zones': [], 'ipv4_address_scope': None, 'ipv6_address_scope': None, 'description': '', 'tags': [], 'created_at': '2025-04-15T16:13:19Z', 'updated_at': '2025-04-15T16:13:19Z', 'revision_number': 1}, Subnet: {'id': 'c6545ccc-7143-486c-98be-fd9d18ec83a2', 'name': 'tempest-ServersV294TestFqdnHostnames-971073863-subnet', 'tenant_id': 'df3b9c0071bd4675bb11cbd570ac6406', 'network_id': '4622f235-e9aa-46db-b7e5-7349b25c25f0', 'ip_version': 4, 'subnetpool_id': None, 'enable_dhcp': True, 'ipv6_ra_mode': None, 'ipv6_address_mode': None, 'gateway_ip': '192.168.128.1', 'cidr': '192.168.128.0/28', 'allocation_pools': [{'start': '192.168.128.2', 'end': '192.168.128.14'}], 'host_routes': [], 'dns_nameservers': [], 'description': '', 'router:external': False, 'service_types': [], 'tags': [], 'created_at': '2025-04-15T16:13:20Z', 'updated_at': '2025-04-15T16:13:20Z', 'revision_number': 0, 'project_id': 'df3b9c0071bd4675bb11cbd570ac6406'}, Router: {'id': '88313554-21c3-4b21-ab29-1b12a1bb7f95', 'name': 'tempest-ServersV294TestFqdnHostnames-971073863-router', 'tenant_id': 'df3b9c0071bd4675bb11cbd570ac6406', 'admin_state_up': True, 'status': 'ACTIVE', 'external_gateway_info': {'network_id': 'd4279135-0dc6-46c7-88df-515e09815ce4', 'external_fixed_ips': [{'subnet_id': 'f4db5cbe-9e11-4a6f-9298-420bdf7ba21d', 'ip_address': '10.180.180.128'}], 'enable_snat': True}, 'description': '', 'availability_zones': [], 'distributed': False, 'ha': False, 'availability_zone_hints': [], 'routes': [], 'flavor_id': None, 'tags': [], 'created_at': '2025-04-15T16:13:20Z', 'updated_at': '2025-04-15T16:13:20Z', 'revision_number': 2, 'project_id': 'df3b9c0071bd4675bb11cbd570ac6406'}
2025-04-15 16:13:23.607 70736 INFO tempest.lib.common.rest_client [req-bdefad8d-9ba9-4529-b80f-422885a9b427 req-bdefad8d-9ba9-4529-b80f-422885a9b427 ] Request (ServerRescueTestJSONUnderV235:setUpClass): 200 GET http://10.180.1.21/compute/v2.1/servers/bb51f520-2d79-411b-989a-829094314e11 0.828s
2025-04-15 16:13:23.664 70744 INFO tempest.lib.common.rest_client [req-7b91a31a-92a5-4ea4-91ed-8af8780df294 req-7b91a31a-92a5-4ea4-91ed-8af8780df294 ] Request (ServersAdminTestJSON:test_create_server_with_scheduling_hint): 200 GET http://10.180.1.21/compute/v2.1/servers/6c788574-439c-4c94-819c-84f842795a9d 0.801s
2025-04-15 16:13:23.702 70758 INFO tempest.lib.common.rest_client [req-03fff1de-10b7-480f-8b27-cb5d8137cd8f req-03fff1de-10b7-480f-8b27-cb5d8137cd8f ] Request (ServersV294TestFqdnHostnames:setUpClass): 201 POST http://10.180.1.21/identity/v3/auth/tokens 0.113s
2025-04-15 16:13:23.781 70722 INFO tempest.lib.common.rest_client [req-54858944-79bf-4b5d-9a9f-b9e5f3ead1ef req-54858944-79bf-4b5d-9a9f-b9e5f3ead1ef ] Request (ServersWithSpecificFlavorTestJSON:test_verify_created_server_ephemeral_disk): 200 GET http://10.180.1.21/compute/v2.1/servers/61606b64-febb-4672-81fe-e921ef3c0631 0.851s
2025-04-15 16:13:23.794 70722 INFO tempest.common.waiters [-] State transition "BUILD/block_device_mapping" ==> "BUILD/spawning" after 34 second wait
2025-04-15 16:13:23.833 70720 INFO tempest.lib.common.rest_client [req-37c8da27-778b-439b-aaa6-6fe44de68af9 req-37c8da27-778b-439b-aaa6-6fe44de68af9 ] Request (MultipleCreateTestJSON:test_multiple_create): 200 GET http://10.180.1.21/compute/v2.1/servers/9f30832c-d957-4c99-a1f3-fe022e2c73b9 0.889s
2025-04-15 16:13:23.853 70732 INFO tempest.lib.common.rest_client [req-2c523962-6a9e-4071-b073-f5453404741f req-2c523962-6a9e-4071-b073-f5453404741f ] Request (FloatingIPsAssociationNegativeTestJSON:test_associate_ip_to_server_with_floating_ip): 200 POST http://10.180.1.21/compute/v2.1/os-floating-ips 1.413s
2025-04-15 16:13:23.856 70740 INFO tempest.lib.common.rest_client [req-02255681-6321-4a3b-a2a9-2422ba74ea26 req-02255681-6321-4a3b-a2a9-2422ba74ea26 ] Request (FlavorsV261TestJSON:_run_cleanups): 202 DELETE http://10.180.1.21/compute/v2.1/flavors/711571519 0.761s
2025-04-15 16:13:23.919 70724 INFO tempest.lib.common.rest_client [req-b9581959-36a3-4e8b-9a03-97c7b03bc17b req-b9581959-36a3-4e8b-9a03-97c7b03bc17b ] Request (ServersAdminNegativeTestJSON:setUpClass): 200 GET http://10.180.1.21/compute/v2.1/servers/6e0de7b8-ef2d-4449-8e08-e188d9f210ad 0.616s
2025-04-15 16:13:23.939 70770 INFO tempest.lib.common.rest_client [req-c6706f55-7dd9-4ccd-a428-db68596ab7e7 req-c6706f55-7dd9-4ccd-a428-db68596ab7e7 ] Request (ServerMetadataTestJSON:tearDownClass): 200 GET http://10.180.1.21/compute/v2.1/servers/2fffbfbc-2b85-4ee8-89e2-ef8cc63a81d7 0.735s
2025-04-15 16:13:23.991 70748 INFO tempest.lib.common.rest_client [req-92ba30d2-f873-445d-ab8e-cd1c8d777ff4 req-92ba30d2-f873-445d-ab8e-cd1c8d777ff4 ] Request (DeleteServersAdminTestJSON:test_delete_server_while_in_error_state): 200 GET http://10.180.1.21/compute/v2.1/servers/94ca8146-bef3-47a0-a41f-51e3b2d773b9 0.607s
2025-04-15 16:13:24.051 70742 INFO tempest.lib.common.rest_client [req-30140058-565c-470a-a1d7-3d54b4bf8738 req-30140058-565c-470a-a1d7-3d54b4bf8738 ] Request (ImagesOneServerNegativeTestJSON:_run_cleanups): 200 GET http://10.180.1.21/compute/v2.1/servers/a7c8cf9d-671e-4489-8a64-218be96335d1 0.569s
2025-04-15 16:13:24.052 70752 WARNING tempest.lib.common.ssh [-] Failed to establish authenticated ssh connection to cirros@10.180.180.253 ([Errno None] Unable to connect to port 22 on 10.180.180.253). Number attempts: 5. Retry after 6 seconds.: paramiko.ssh_exception.NoValidConnectionsError: [Errno None] Unable to connect to port 22 on 10.180.180.253
2025-04-15 16:13:24.105 70728 INFO tempest.lib.common.rest_client [req-9b4a85be-9774-44cc-bb5b-8c2b74553acb req-9b4a85be-9774-44cc-bb5b-8c2b74553acb ] Request (AttachInterfacesUnderV243Test:test_add_remove_fixed_ip): 200 GET http://10.180.1.21/compute/v2.1/servers/b73008e5-583e-495c-8776-ca9bca435a9c 0.590s
2025-04-15 16:13:24.221 70764 WARNING tempest.lib.common.ssh [-] Failed to establish authenticated ssh connection to cirros@10.180.180.254 ([Errno None] Unable to connect to port 22 on 10.180.180.254). Number attempts: 4. Retry after 5 seconds.: paramiko.ssh_exception.NoValidConnectionsError: [Errno None] Unable to connect to port 22 on 10.180.180.254
2025-04-15 16:13:24.365 70762 INFO tempest.lib.common.rest_client [req-97d6fa6a-305f-4d49-8f6d-02d799d52144 req-97d6fa6a-305f-4d49-8f6d-02d799d52144 ] Request (ServersListShow298Test:test_list_show_update_rebuild_server_298): 202 POST http://10.180.1.21/compute/v2.1/servers 0.913s
2025-04-15 16:13:24.376 70766 INFO tempest.lib.common.rest_client [req-ffc6494d-ab2e-4c5b-8371-3828e07be1eb req-ffc6494d-ab2e-4c5b-8371-3828e07be1eb ] Request (ImagesMetadataTestJSON:test_set_image_metadata): 200 PUT http://10.180.1.21/compute/v2.1/images/d1237f06-f29e-4913-9571-0ac3b55f5efa/metadata 0.841s
2025-04-15 16:13:24.460 70774 INFO tempest.lib.common.rest_client [req-6d9e1890-fe65-435c-a8dd-2d44cfc572d1 req-6d9e1890-fe65-435c-a8dd-2d44cfc572d1 ] Request (MigrationsAdminTest:test_list_migrations_in_flavor_resize_situation): 200 GET http://10.180.1.21/compute/v2.1/servers/4d9ff1a2-da45-4efd-af8c-d47907ce0768 0.857s
2025-04-15 16:13:24.475 70780 INFO tempest.lib.common.rest_client [req-f1443049-8b59-4354-8589-8e79b10b7945 req-f1443049-8b59-4354-8589-8e79b10b7945 ] Request (ServerShowV247Test:test_update_rebuild_list_server): 200 GET http://10.180.1.21/compute/v2.1/servers/1802046c-3dcf-4b7a-b062-5f9c177a11d6 0.911s
2025-04-15 16:13:24.539 70768 INFO tempest.lib.common.rest_client [req-01006d5b-d121-49b5-a867-803dcc0ad2ec req-01006d5b-d121-49b5-a867-803dcc0ad2ec ] Request (ServerShowV257Test:test_rebuild_server): 200 GET http://10.180.1.21/compute/v2.1/servers/deaff90c-019f-423c-97ec-801542720a30 0.859s
2025-04-15 16:13:24.543 70756 INFO tempest.lib.common.rest_client [req-a03522b0-dd41-4915-98cf-2d291729de02 req-a03522b0-dd41-4915-98cf-2d291729de02 ] Request (ListImageFiltersTestJSON:setUpClass): 200 GET http://10.180.1.21/compute/v2.1/servers/86972721-627d-4108-ae2f-6d7519de74c0 0.853s
2025-04-15 16:13:24.614 70730 INFO tempest.lib.common.rest_client [req-b7223e11-a9c6-4f4b-ac86-c44e060f6e2a req-b7223e11-a9c6-4f4b-ac86-c44e060f6e2a ] Request (ServersTestMultiNic:test_verify_duplicate_network_nics): 200 GET http://10.180.1.21/compute/v2.1/servers/cfc4e624-db92-423c-969c-64d433595497 0.880s
2025-04-15 16:13:24.624 70758 INFO tempest.lib.common.rest_client [req-0193a515-8d11-4732-a0d1-a512d0d83484 req-0193a515-8d11-4732-a0d1-a512d0d83484 ] Request (ServersV294TestFqdnHostnames:setUpClass): 201 POST http://10.180.1.21/compute/v2.1/os-keypairs 0.920s
2025-04-15 16:13:24.683 70734 INFO tempest.lib.common.rest_client [req-45907b51-8637-4de8-a0bb-e655be0bcbdc req-45907b51-8637-4de8-a0bb-e655be0bcbdc ] Request (ServerDiagnosticsNegativeTest:test_get_server_diagnostics_by_non_admin): 200 GET http://10.180.1.21/compute/v2.1/servers/ce148295-2ef2-4356-8e62-ae032a71d36b 0.888s
2025-04-15 16:13:24.691 70738 INFO tempest.lib.common.rest_client [req-15b457ec-3471-45a3-a585-f7a8bf35d9c7 req-15b457ec-3471-45a3-a585-f7a8bf35d9c7 ] Request (ServersListShow296Test:test_list_show_update_rebuild_server_296): 200 GET http://10.180.1.21/compute/v2.1/servers/4761bd86-261a-4525-a2bf-df74065c403d 0.861s
2025-04-15 16:13:24.721 70740 INFO tempest.lib.common.rest_client [req-e5a18a03-4ffa-4b21-953c-173a583a86c3 req-e5a18a03-4ffa-4b21-953c-173a583a86c3 ] Request (FlavorsV261TestJSON:_run_cleanups): 200 GET http://10.180.1.21/compute/v2.1/flavors/detail 0.864s
2025-04-15 16:13:24.751 70758 INFO tempest.lib.common.rest_client [req-f8f6a33b-42aa-43bf-afaf-64bfbc6b6b67 req-f8f6a33b-42aa-43bf-afaf-64bfbc6b6b67 ] Request (ServersV294TestFqdnHostnames:setUpClass): 201 POST http://10.180.1.21:9696/networking/v2.0/security-groups 0.125s
2025-04-15 16:13:24.790 70750 INFO tempest.lib.common.rest_client [req-b8aa5049-8395-4aba-8810-45b55abf8371 req-b8aa5049-8395-4aba-8810-45b55abf8371 ] Request (FloatingIPsAssociationTestJSON:test_associate_already_associated_floating_ip): 200 GET http://10.180.1.21/compute/v2.1/servers/80c143e6-56dd-4a92-bb8d-d4c2a3456ec9 0.880s
2025-04-15 16:13:24.847 70740 INFO tempest.lib.common.rest_client [req-4d3ccfe8-c85c-4887-b7ac-9c2ca06e8c3b req-4d3ccfe8-c85c-4887-b7ac-9c2ca06e8c3b ] Request (FlavorsV261TestJSON:tearDownClass): 204 DELETE http://10.180.1.21/identity/v3/users/c953439b73194652b177d1c8bf964c0c 0.118s
2025-04-15 16:13:24.860 70778 INFO tempest.lib.common.rest_client [req-b974c618-a3cd-489f-9924-3d096bfb0a91 req-b974c618-a3cd-489f-9924-3d096bfb0a91 ] Request (InstanceActionsTestJSON:tearDownClass): 200 GET http://10.180.1.21/compute/v2.1/servers/460e787f-23bb-4bb8-8bc4-11545b9891ea 0.870s
2025-04-15 16:13:24.887 70758 INFO tempest.lib.common.rest_client [req-bd24550a-2561-4b93-8c9f-39bbe5fc131f req-bd24550a-2561-4b93-8c9f-39bbe5fc131f ] Request (ServersV294TestFqdnHostnames:setUpClass): 201 POST http://10.180.1.21:9696/networking/v2.0/security-group-rules 0.135s
2025-04-15 16:13:24.910 70746 INFO tempest.lib.common.rest_client [req-17b48ec5-1768-4f03-8e20-8942ebdcd5e8 req-17b48ec5-1768-4f03-8e20-8942ebdcd5e8 ] Request (ServerTagsTestJSON:setUpClass): 200 GET http://10.180.1.21/compute/v2.1/servers/e520b86c-a70c-48a3-bb69-8212a40050cb 0.836s
2025-04-15 16:13:24.942 70740 INFO tempest.lib.common.rest_client [req-f6459874-c222-4cd0-b236-81e9cc473156 req-f6459874-c222-4cd0-b236-81e9cc473156 ] Request (FlavorsV261TestJSON:tearDownClass): 204 DELETE http://10.180.1.21/identity/v3/users/c5513997ff924e9582c721ed70627b4c 0.095s
2025-04-15 16:13:24.942 70740 INFO tempest.lib.common.dynamic_creds [-] Deleting project and security group for project: 2cd14552f9e64610b80f5ee3d38dabd9
2025-04-15 16:13:25.021 70740 INFO tempest.lib.common.rest_client [req-1201329a-a712-4d51-bca8-e27ceadddb0f req-1201329a-a712-4d51-bca8-e27ceadddb0f ] Request (FlavorsV261TestJSON:tearDownClass): 201 POST http://10.180.1.21/identity/v3/auth/tokens 0.078s
2025-04-15 16:13:25.059 70726 INFO tempest.lib.common.rest_client [req-a3e7c5cd-2321-483f-a350-b04b1bee5acf req-a3e7c5cd-2321-483f-a350-b04b1bee5acf ] Request (ServerDiskConfigTestJSON:test_rebuild_server_with_auto_disk_config): 200 GET http://10.180.1.21/compute/v2.1/servers/487ce04c-cec0-42aa-bfa1-3b72b2dcc0c2 0.735s
2025-04-15 16:13:25.073 70726 INFO tempest.common.waiters [-] State transition "REBUILD/rebuild_spawning" ==> "ACTIVE/None" after 11 second wait
2025-04-15 16:13:25.117 70760 WARNING tempest.lib.common.ssh [-] Failed to establish authenticated ssh connection to cirros@10.180.180.187 ([Errno None] Unable to connect to port 22 on 10.180.180.187). Number attempts: 2. Retry after 3 seconds.: paramiko.ssh_exception.NoValidConnectionsError: [Errno None] Unable to connect to port 22 on 10.180.180.187
2025-04-15 16:13:25.131 70762 INFO tempest.lib.common.rest_client [req-29731755-0c8d-461e-8c96-0bb844fc7a13 req-29731755-0c8d-461e-8c96-0bb844fc7a13 ] Request (ServersListShow298Test:test_list_show_update_rebuild_server_298): 200 GET http://10.180.1.21/compute/v2.1/servers/0dcaf2c4-acfe-407e-8416-4164f5f62562 0.764s
2025-04-15 16:13:25.168 70766 INFO tempest.lib.common.rest_client [req-5f87cbf0-53bc-4d33-a337-7f7075cef169 req-5f87cbf0-53bc-4d33-a337-7f7075cef169 ] Request (ImagesMetadataTestJSON:test_set_image_metadata): 200 GET http://10.180.1.21/compute/v2.1/images/d1237f06-f29e-4913-9571-0ac3b55f5efa/metadata 0.790s
2025-04-15 16:13:25.236 70718 INFO tempest.lib.common.rest_client [req-70eb808a-a8b1-4fe7-9816-dc6a5f73c760 req-70eb808a-a8b1-4fe7-9816-dc6a5f73c760 ] Request (ServerExternalEventsTest:test_create_server_external_events): 200 GET http://10.180.1.21/compute/v2.1/servers/738b60d6-4018-42f1-ada4-f3774e4c3d98 0.857s
2025-04-15 16:13:25.246 70754 WARNING tempest.lib.common.ssh [-] Failed to establish authenticated ssh connection to cirros@10.180.180.132 ([Errno None] Unable to connect to port 22 on 10.180.180.132). Number attempts: 1. Retry after 2 seconds.: paramiko.ssh_exception.NoValidConnectionsError: [Errno None] Unable to connect to port 22 on 10.180.180.132
2025-04-15 16:13:25.296 70740 INFO tempest.lib.common.rest_client [req-8bd2f773-d85f-4f82-aab4-76e84a529928 req-8bd2f773-d85f-4f82-aab4-76e84a529928 ] Request (FlavorsV261TestJSON:tearDownClass): 200 GET http://10.180.1.21:9696/networking/v2.0/security-groups?tenant_id=2cd14552f9e64610b80f5ee3d38dabd9&name=default 0.274s
2025-04-15 16:13:25.307 70736 INFO tempest.lib.common.rest_client [req-528009a3-4448-4bf7-bbde-edbc8f519352 req-528009a3-4448-4bf7-bbde-edbc8f519352 ] Request (ServerRescueTestJSONUnderV235:setUpClass): 200 GET http://10.180.1.21/compute/v2.1/servers/bb51f520-2d79-411b-989a-829094314e11 0.692s
2025-04-15 16:13:25.361 70744 INFO tempest.lib.common.rest_client [req-a8325167-5351-4f75-8e0c-d3c17d32c1b6 req-a8325167-5351-4f75-8e0c-d3c17d32c1b6 ] Request (ServersAdminTestJSON:test_create_server_with_scheduling_hint): 200 GET http://10.180.1.21/compute/v2.1/servers/6c788574-439c-4c94-819c-84f842795a9d 0.678s
2025-04-15 16:13:25.424 70758 INFO tempest.lib.common.rest_client [req-648db861-d516-40a6-b105-8dd426aa41ac req-648db861-d516-40a6-b105-8dd426aa41ac ] Request (ServersV294TestFqdnHostnames:setUpClass): 201 POST http://10.180.1.21:9696/networking/v2.0/security-group-rules 0.537s
2025-04-15 16:13:25.448 70740 INFO tempest.lib.common.rest_client [req-9c06e9e9-9eb4-4a30-bc16-871ef99dcabe req-9c06e9e9-9eb4-4a30-bc16-871ef99dcabe ] Request (FlavorsV261TestJSON:tearDownClass): 204 DELETE http://10.180.1.21:9696/networking/v2.0/security-groups/28c494be-4d30-45cd-a858-a894c6146eba 0.152s
2025-04-15 16:13:25.462 70776 INFO tempest.lib.common.rest_client [req-80a781d7-0dc7-40f6-84a6-87ef544f3aed req-80a781d7-0dc7-40f6-84a6-87ef544f3aed ] Request (SecurityGroupsNegativeTestJSON:setUpClass): 200 PUT http://10.180.1.21:9696/networking/v2.0/routers/8a1e3559-d51c-4aad-924c-18705d483c0f/add_router_interface 1.994s
2025-04-15 16:13:25.463 70776 INFO tempest.lib.common.dynamic_creds [-] Created isolated network resources for: credentials: Credentials: {'domain_id': 'default', 'domain_name': 'Default', 'username': 'tempest-SecurityGroupsNegativeTestJSON-1976347759-project-member', 'project_domain_id': 'default', 'project_domain_name': 'Default', 'project_id': '42db0669665549079db9213ea5d0fb91', 'project_name': 'tempest-SecurityGroupsNegativeTestJSON-1976347759', 'tenant_id': '42db0669665549079db9213ea5d0fb91', 'tenant_name': 'tempest-SecurityGroupsNegativeTestJSON-1976347759', 'user_domain_id': 'default', 'user_domain_name': 'Default', 'user_id': '803d0114e88140dd8a4469f72f5aad4a', 'system': None}, Network: {'id': '7699de97-abf9-4bd7-b321-8c9a9234eed5', 'name': 'tempest-SecurityGroupsNegativeTestJSON-1899908803-network', 'tenant_id': '42db0669665549079db9213ea5d0fb91', 'admin_state_up': True, 'mtu': 8950, 'status': 'ACTIVE', 'subnets': [], 'shared': False, 'project_id': '42db0669665549079db9213ea5d0fb91', 'port_security_enabled': True, 'router:external': False, 'provider:network_type': 'vlan', 'provider:physical_network': 'default', 'provider:segmentation_id': 434, 'availability_zone_hints': [], 'availability_zones': [], 'ipv4_address_scope': None, 'ipv6_address_scope': None, 'description': '', 'tags': [], 'created_at': '2025-04-15T16:13:21Z', 'updated_at': '2025-04-15T16:13:21Z', 'revision_number': 1}, Subnet: {'id': 'ed601b3c-4730-471c-8784-35baff7d8667', 'name': 'tempest-SecurityGroupsNegativeTestJSON-1899908803-subnet', 'tenant_id': '42db0669665549079db9213ea5d0fb91', 'network_id': '7699de97-abf9-4bd7-b321-8c9a9234eed5', 'ip_version': 4, 'subnetpool_id': None, 'enable_dhcp': True, 'ipv6_ra_mode': None, 'ipv6_address_mode': None, 'gateway_ip': '192.168.128.1', 'cidr': '192.168.128.0/28', 'allocation_pools': [{'start': '192.168.128.2', 'end': '192.168.128.14'}], 'host_routes': [], 'dns_nameservers': [], 'description': '', 'router:external': False, 'service_types': [], 'tags': [], 'created_at': '2025-04-15T16:13:21Z', 'updated_at': '2025-04-15T16:13:21Z', 'revision_number': 0, 'project_id': '42db0669665549079db9213ea5d0fb91'}, Router: {'id': '8a1e3559-d51c-4aad-924c-18705d483c0f', 'name': 'tempest-SecurityGroupsNegativeTestJSON-1899908803-router', 'tenant_id': '42db0669665549079db9213ea5d0fb91', 'admin_state_up': True, 'status': 'ACTIVE', 'external_gateway_info': {'network_id': 'd4279135-0dc6-46c7-88df-515e09815ce4', 'external_fixed_ips': [{'subnet_id': 'f4db5cbe-9e11-4a6f-9298-420bdf7ba21d', 'ip_address': '10.180.180.192'}], 'enable_snat': True}, 'description': '', 'availability_zones': [], 'distributed': False, 'ha': False, 'availability_zone_hints': [], 'routes': [], 'flavor_id': None, 'tags': [], 'created_at': '2025-04-15T16:13:22Z', 'updated_at': '2025-04-15T16:13:22Z', 'revision_number': 2, 'project_id': '42db0669665549079db9213ea5d0fb91'}
2025-04-15 16:13:25.492 70722 INFO tempest.lib.common.rest_client [req-37839bbb-c889-4959-8888-d34bf6d13609 req-37839bbb-c889-4959-8888-d34bf6d13609 ] Request (ServersWithSpecificFlavorTestJSON:test_verify_created_server_ephemeral_disk): 200 GET http://10.180.1.21/compute/v2.1/servers/61606b64-febb-4672-81fe-e921ef3c0631 0.697s
2025-04-15 16:13:25.558 70740 INFO tempest.lib.common.rest_client [req-4ef7cc70-d910-4872-a400-c0c813edc1c3 req-4ef7cc70-d910-4872-a400-c0c813edc1c3 ] Request (FlavorsV261TestJSON:tearDownClass): 204 DELETE http://10.180.1.21/identity/v3/projects/2cd14552f9e64610b80f5ee3d38dabd9 0.110s
2025-04-15 16:13:25.559 70740 INFO tempest.lib.common.dynamic_creds [-] Deleting project and security group for project: 202c60362c9846a5862923c04e7ea277
2025-04-15 16:13:25.563 70720 INFO tempest.lib.common.rest_client [req-1029dfd5-2816-4eb6-bc1b-c91db24fe708 req-1029dfd5-2816-4eb6-bc1b-c91db24fe708 ] Request (MultipleCreateTestJSON:test_multiple_create): 200 GET http://10.180.1.21/compute/v2.1/servers/9f30832c-d957-4c99-a1f3-fe022e2c73b9 0.718s
2025-04-15 16:13:25.564 70776 INFO tempest.lib.common.rest_client [req-451a3553-a7d9-4b51-abb0-81b261b025c6 req-451a3553-a7d9-4b51-abb0-81b261b025c6 ] Request (SecurityGroupsNegativeTestJSON:setUpClass): 201 POST http://10.180.1.21/identity/v3/auth/tokens 0.098s
2025-04-15 16:13:25.629 70724 INFO tempest.lib.common.rest_client [req-3ddf3025-33ed-4027-97a9-1ee46b1fe028 req-3ddf3025-33ed-4027-97a9-1ee46b1fe028 ] Request (ServersAdminNegativeTestJSON:setUpClass): 200 GET http://10.180.1.21/compute/v2.1/servers/6e0de7b8-ef2d-4449-8e08-e188d9f210ad 0.698s
2025-04-15 16:13:25.696 70770 INFO tempest.lib.common.rest_client [req-9f9550ca-0c9c-402c-88d7-ddd543f04a08 req-9f9550ca-0c9c-402c-88d7-ddd543f04a08 ] Request (ServerMetadataTestJSON:tearDownClass): 200 GET http://10.180.1.21/compute/v2.1/servers/2fffbfbc-2b85-4ee8-89e2-ef8cc63a81d7 0.744s
2025-04-15 16:13:25.704 70740 INFO tempest.lib.common.rest_client [req-6d073381-331c-4690-9c6a-582eb605fcf9 req-6d073381-331c-4690-9c6a-582eb605fcf9 ] Request (FlavorsV261TestJSON:tearDownClass): 200 GET http://10.180.1.21:9696/networking/v2.0/security-groups?tenant_id=202c60362c9846a5862923c04e7ea277&name=default 0.145s
2025-04-15 16:13:25.748 70748 INFO tempest.lib.common.rest_client [req-af4b65bf-ac05-4880-99a3-7fa2939d522d req-af4b65bf-ac05-4880-99a3-7fa2939d522d ] Request (DeleteServersAdminTestJSON:test_delete_server_while_in_error_state): 200 GET http://10.180.1.21/compute/v2.1/servers/94ca8146-bef3-47a0-a41f-51e3b2d773b9 0.743s
2025-04-15 16:13:25.797 70740 INFO tempest.lib.common.rest_client [req-ca533ba7-b3fb-4902-b21c-f98c9e3f7931 req-ca533ba7-b3fb-4902-b21c-f98c9e3f7931 ] Request (FlavorsV261TestJSON:tearDownClass): 204 DELETE http://10.180.1.21:9696/networking/v2.0/security-groups/3774d1e7-7863-4b19-a2c2-d5ce0287abe1 0.093s
2025-04-15 16:13:25.813 70742 INFO tempest.lib.common.rest_client [req-01e02a82-0a4b-4e5f-9e15-6fd86d3cb0dd req-01e02a82-0a4b-4e5f-9e15-6fd86d3cb0dd ] Request (ImagesOneServerNegativeTestJSON:_run_cleanups): 200 GET http://10.180.1.21/compute/v2.1/servers/a7c8cf9d-671e-4489-8a64-218be96335d1 0.752s
2025-04-15 16:13:25.894 70740 INFO tempest.lib.common.rest_client [req-748b9c58-2c67-4bbe-bfbd-3c7241b38d7e req-748b9c58-2c67-4bbe-bfbd-3c7241b38d7e ] Request (FlavorsV261TestJSON:tearDownClass): 204 DELETE http://10.180.1.21/identity/v3/projects/202c60362c9846a5862923c04e7ea277 0.096s
2025-04-15 16:13:25.928 70726 INFO tempest.lib.common.rest_client [req-dcc94e7f-e5fa-4e4a-952f-934f68bab8b9 req-dcc94e7f-e5fa-4e4a-952f-934f68bab8b9 ] Request (ServerDiskConfigTestJSON:test_rebuild_server_with_auto_disk_config): 200 GET http://10.180.1.21/compute/v2.1/servers/487ce04c-cec0-42aa-bfa1-3b72b2dcc0c2 0.855s
2025-04-15 16:13:25.967 70740 INFO tempest.lib.common.rest_client [req-8a15f7e0-2a0e-4a0b-a89f-39062115cbc0 req-8a15f7e0-2a0e-4a0b-a89f-39062115cbc0 ] Request (ImagesTestJSON:setUpClass): 201 POST http://10.180.1.21/identity/v3/auth/tokens 0.071s
2025-04-15 16:13:25.978 70728 INFO tempest.lib.common.rest_client [req-9c6b2e6c-4bb4-4dc1-81c0-c43f25e1edee req-9c6b2e6c-4bb4-4dc1-81c0-c43f25e1edee ] Request (AttachInterfacesUnderV243Test:test_add_remove_fixed_ip): 200 GET http://10.180.1.21/compute/v2.1/servers/b73008e5-583e-495c-8776-ca9bca435a9c 0.862s
2025-04-15 16:13:26.013 70740 INFO tempest.lib.common.rest_client [req-639f306e-899e-484f-a396-045b42179776 req-639f306e-899e-484f-a396-045b42179776 ] Request (ImagesTestJSON:setUpClass): 201 POST http://10.180.1.21/identity/v3/auth/tokens 0.040s
2025-04-15 16:13:26.040 70740 INFO tempest.lib.common.rest_client [req-5a274bad-450f-484a-ba2c-f75061001603 req-5a274bad-450f-484a-ba2c-f75061001603 ] Request (ImagesTestJSON:setUpClass): 200 GET http://10.180.1.21/identity/v3/domains?name=Default 0.026s
2025-04-15 16:13:26.073 70740 INFO tempest.lib.common.rest_client [req-95eb242b-a47f-4691-b441-a0d8ac7de011 req-95eb242b-a47f-4691-b441-a0d8ac7de011 ] Request (ImagesTestJSON:setUpClass): 201 POST http://10.180.1.21/identity/v3/projects 0.033s
2025-04-15 16:13:26.137 70740 INFO tempest.lib.common.rest_client [req-9514810d-a899-4979-8369-3391ed425cce req-9514810d-a899-4979-8369-3391ed425cce ] Request (ImagesTestJSON:setUpClass): 201 POST http://10.180.1.21/identity/v3/users 0.063s
2025-04-15 16:13:26.160 70740 INFO tempest.lib.common.rest_client [req-9780f883-0e8e-4826-a58e-875195eace23 req-9780f883-0e8e-4826-a58e-875195eace23 ] Request (ImagesTestJSON:setUpClass): 200 GET http://10.180.1.21/identity/v3/roles 0.023s
2025-04-15 16:13:26.189 70740 INFO tempest.lib.common.rest_client [req-4855e668-5b6d-44e6-868f-1b7802876ff9 req-4855e668-5b6d-44e6-868f-1b7802876ff9 ] Request (ImagesTestJSON:setUpClass): 204 PUT http://10.180.1.21/identity/v3/projects/fdd435c028a44f1698e5721cd66fa566/users/4201758a5a84443fbccddfc41af0b88f/roles/dc38c88375db4847b11756910c63b16e 0.028s
2025-04-15 16:13:26.189 70740 INFO tempest.lib.common.dynamic_creds [-] Dynamic test user 4201758a5a84443fbccddfc41af0b88f is created with scope project and roles: ['member']
2025-04-15 16:13:26.189 70740 INFO tempest.lib.common.dynamic_creds [-] Acquired dynamic creds: credentials: Credentials: {'domain_id': 'default', 'domain_name': 'Default', 'username': 'tempest-ImagesTestJSON-352260695-project-member', 'project_domain_id': 'default', 'project_domain_name': 'Default', 'project_id': 'fdd435c028a44f1698e5721cd66fa566', 'project_name': 'tempest-ImagesTestJSON-352260695', 'tenant_id': 'fdd435c028a44f1698e5721cd66fa566', 'tenant_name': 'tempest-ImagesTestJSON-352260695', 'user_domain_id': 'default', 'user_domain_name': 'Default', 'user_id': '4201758a5a84443fbccddfc41af0b88f', 'system': None}, Network: None, Subnet: None, Router: None
2025-04-15 16:13:26.236 70766 INFO tempest.lib.common.rest_client [req-6b1addcb-aa92-4a0b-8e6b-63f203ea892b req-6b1addcb-aa92-4a0b-8e6b-63f203ea892b ] Request (ImagesMetadataTestJSON:setUp): 200 PUT http://10.180.1.21/compute/v2.1/images/d1237f06-f29e-4913-9571-0ac3b55f5efa/metadata 1.066s
2025-04-15 16:13:26.259 70740 INFO tempest.lib.common.rest_client [req-3f29959a-4282-4f8f-adf1-9b04c1dc2d0c req-3f29959a-4282-4f8f-adf1-9b04c1dc2d0c ] Request (ImagesTestJSON:setUpClass): 201 POST http://10.180.1.21/identity/v3/auth/tokens 0.069s
2025-04-15 16:13:26.294 70774 INFO tempest.lib.common.rest_client [req-9ca0d254-4421-42fb-adb3-29eb0f4142cb req-9ca0d254-4421-42fb-adb3-29eb0f4142cb ] Request (MigrationsAdminTest:test_list_migrations_in_flavor_resize_situation): 200 GET http://10.180.1.21/compute/v2.1/servers/4d9ff1a2-da45-4efd-af8c-d47907ce0768 0.820s
2025-04-15 16:13:26.327 70758 INFO tempest.lib.common.rest_client [req-c265d82d-910b-4e79-a455-1dbcf2e70935 req-c265d82d-910b-4e79-a455-1dbcf2e70935 ] Request (ServersV294TestFqdnHostnames:setUpClass): 201 POST http://10.180.1.21:9696/networking/v2.0/floatingips 0.902s
2025-04-15 16:13:26.351 70780 INFO tempest.lib.common.rest_client [req-ffc5df27-68f4-495b-9429-fef2d74febec req-ffc5df27-68f4-495b-9429-fef2d74febec ] Request (ServerShowV247Test:test_update_rebuild_list_server): 200 GET http://10.180.1.21/compute/v2.1/servers/1802046c-3dcf-4b7a-b062-5f9c177a11d6 0.863s
2025-04-15 16:13:26.419 70758 INFO tempest.lib.common.rest_client [req-52918769-4b3e-4625-ae76-e401fa8200b1 req-52918769-4b3e-4625-ae76-e401fa8200b1 ] Request (ServersV294TestFqdnHostnames:setUpClass): 201 POST http://10.180.1.21/identity/v3/auth/tokens 0.089s
2025-04-15 16:13:26.419 70758 INFO tempest.lib.common.fixed_network [-] (ServersV294TestFqdnHostnames:setUpClass) Found network {'id': '4622f235-e9aa-46db-b7e5-7349b25c25f0', 'name': 'tempest-ServersV294TestFqdnHostnames-971073863-network', 'tenant_id': 'df3b9c0071bd4675bb11cbd570ac6406', 'admin_state_up': True, 'mtu': 8950, 'status': 'ACTIVE', 'subnets': [], 'shared': False, 'project_id': 'df3b9c0071bd4675bb11cbd570ac6406', 'port_security_enabled': True, 'router:external': False, 'provider:network_type': 'vlan', 'provider:physical_network': 'default', 'provider:segmentation_id': 806, 'availability_zone_hints': [], 'availability_zones': [], 'ipv4_address_scope': None, 'ipv6_address_scope': None, 'description': '', 'tags': [], 'created_at': '2025-04-15T16:13:19Z', 'updated_at': '2025-04-15T16:13:19Z', 'revision_number': 1} available for tenant
2025-04-15 16:13:26.426 70756 INFO tempest.lib.common.rest_client [req-97daf6a1-2aa6-4d2f-9416-f8a86a5b1b9b req-97daf6a1-2aa6-4d2f-9416-f8a86a5b1b9b ] Request (ListImageFiltersTestJSON:setUpClass): 200 GET http://10.180.1.21/compute/v2.1/servers/86972721-627d-4108-ae2f-6d7519de74c0 0.875s
2025-04-15 16:13:26.504 70768 INFO tempest.lib.common.rest_client [req-facbbbf7-dde3-4747-8ddf-6c4f72ae9fe0 req-facbbbf7-dde3-4747-8ddf-6c4f72ae9fe0 ] Request (ServerShowV257Test:test_rebuild_server): 200 GET http://10.180.1.21/compute/v2.1/servers/deaff90c-019f-423c-97ec-801542720a30 0.950s
2025-04-15 16:13:26.517 70732 INFO tempest.lib.common.rest_client [req-4ed47fc5-5522-4a23-94c6-35d6236b300d req-4ed47fc5-5522-4a23-94c6-35d6236b300d ] Request (FloatingIPsAssociationNegativeTestJSON:test_associate_ip_to_server_with_floating_ip): 202 POST http://10.180.1.21/compute/v2.1/servers/8febcfdf-6403-4b67-b5b7-c640dd9da041/action 2.662s
2025-04-15 16:13:26.571 70730 INFO tempest.lib.common.rest_client [req-d6330a6d-d294-44e4-b0ab-65f0e06bfa80 req-d6330a6d-d294-44e4-b0ab-65f0e06bfa80 ] Request (ServersTestMultiNic:test_verify_duplicate_network_nics): 200 GET http://10.180.1.21/compute/v2.1/servers/cfc4e624-db92-423c-969c-64d433595497 0.946s
2025-04-15 16:13:26.609 70740 INFO tempest.lib.common.rest_client [req-c54ad939-d6be-4b57-b786-b5c9d8ccf4bb req-c54ad939-d6be-4b57-b786-b5c9d8ccf4bb ] Request (ImagesTestJSON:setUpClass): 201 POST http://10.180.1.21:9696/networking/v2.0/networks 0.349s
2025-04-15 16:13:26.646 70734 INFO tempest.lib.common.rest_client [req-050bf05b-53d6-4d61-877f-8c3b541faa30 req-050bf05b-53d6-4d61-877f-8c3b541faa30 ] Request (ServerDiagnosticsNegativeTest:test_get_server_diagnostics_by_non_admin): 200 GET http://10.180.1.21/compute/v2.1/servers/ce148295-2ef2-4356-8e62-ae032a71d36b 0.949s
2025-04-15 16:13:26.648 70776 INFO tempest.lib.common.rest_client [req-7715e85f-fc48-488b-ac37-4025cdd5d6f7 req-7715e85f-fc48-488b-ac37-4025cdd5d6f7 ] Request (SecurityGroupsNegativeTestJSON:test_delete_nonexistent_security_group): 404 DELETE http://10.180.1.21/compute/v2.1/os-security-groups/6004a439-1008-44cd-9b1b-c3b7a8500523 1.082s
2025-04-15 16:13:26.767 70750 INFO tempest.lib.common.rest_client [req-43adad06-ee91-4c1a-b464-5ec4a67439d3 req-43adad06-ee91-4c1a-b464-5ec4a67439d3 ] Request (FloatingIPsAssociationTestJSON:test_associate_already_associated_floating_ip): 200 GET http://10.180.1.21/compute/v2.1/servers/80c143e6-56dd-4a92-bb8d-d4c2a3456ec9 0.967s
2025-04-15 16:13:26.784 70738 INFO tempest.lib.common.rest_client [req-8495145b-fd10-4331-bb54-4beab8dd6e08 req-8495145b-fd10-4331-bb54-4beab8dd6e08 ] Request (ServersListShow296Test:test_list_show_update_rebuild_server_296): 200 GET http://10.180.1.21/compute/v2.1/servers/4761bd86-261a-4525-a2bf-df74065c403d 1.077s
2025-04-15 16:13:26.796 70778 INFO tempest.lib.common.rest_client [req-a36b1b48-5cc2-446c-b63d-726db9f35244 req-a36b1b48-5cc2-446c-b63d-726db9f35244 ] Request (InstanceActionsTestJSON:tearDownClass): 404 GET http://10.180.1.21/compute/v2.1/servers/460e787f-23bb-4bb8-8bc4-11545b9891ea 0.923s
2025-04-15 16:13:26.841 70746 INFO tempest.lib.common.rest_client [req-3d07d4ea-3ca8-4a77-8769-313b1e0878c1 req-3d07d4ea-3ca8-4a77-8769-313b1e0878c1 ] Request (ServerTagsTestJSON:setUpClass): 200 GET http://10.180.1.21/compute/v2.1/servers/e520b86c-a70c-48a3-bb69-8212a40050cb 0.917s
2025-04-15 16:13:26.906 70740 INFO tempest.lib.common.rest_client [req-050545da-b3de-4c13-9569-26fd1f50d2ac req-050545da-b3de-4c13-9569-26fd1f50d2ac ] Request (ImagesTestJSON:setUpClass): 201 POST http://10.180.1.21:9696/networking/v2.0/subnets 0.297s
2025-04-15 16:13:26.908 70726 INFO tempest.lib.common.rest_client [req-36fef51e-33fc-404a-a5d6-edd56c7d2d99 req-36fef51e-33fc-404a-a5d6-edd56c7d2d99 ] Request (ServerDiskConfigTestJSON:_run_cleanups): 204 DELETE http://10.180.1.21/compute/v2.1/servers/487ce04c-cec0-42aa-bfa1-3b72b2dcc0c2 0.970s
2025-04-15 16:13:26.930 70762 INFO tempest.lib.common.rest_client [req-2f18e81c-e667-474f-808e-cfd2f08a25eb req-2f18e81c-e667-474f-808e-cfd2f08a25eb ] Request (ServersListShow298Test:test_list_show_update_rebuild_server_298): 200 GET http://10.180.1.21/compute/v2.1/servers/0dcaf2c4-acfe-407e-8416-4164f5f62562 0.782s
2025-04-15 16:13:26.985 70718 INFO tempest.lib.common.rest_client [req-5c6b5a21-5816-4750-b68e-6977246d6f03 req-5c6b5a21-5816-4750-b68e-6977246d6f03 ] Request (ServerExternalEventsTest:test_create_server_external_events): 200 GET http://10.180.1.21/compute/v2.1/servers/738b60d6-4018-42f1-ada4-f3774e4c3d98 0.737s
2025-04-15 16:13:26.993 70726 INFO tempest.lib.common.rest_client [req-32870d39-8a29-4dc0-a1d7-d54f08cf5862 req-32870d39-8a29-4dc0-a1d7-d54f08cf5862 ] Request (ServerDiskConfigTestJSON:test_rebuild_server_with_manual_disk_config): 201 POST http://10.180.1.21/identity/v3/auth/tokens 0.081s
2025-04-15 16:13:26.993 70726 INFO tempest.lib.common.fixed_network [-] (ServerDiskConfigTestJSON:test_rebuild_server_with_manual_disk_config) Found network {'id': '8827b33f-2ae8-4694-a41f-8548aab18f7c', 'name': 'tempest-ServerDiskConfigTestJSON-40120438-network', 'tenant_id': '61b38bccf64b49b086c80c4151b39806', 'admin_state_up': True, 'mtu': 8950, 'status': 'ACTIVE', 'subnets': [], 'shared': False, 'project_id': '61b38bccf64b49b086c80c4151b39806', 'port_security_enabled': True, 'router:external': False, 'provider:network_type': 'vlan', 'provider:physical_network': 'default', 'provider:segmentation_id': 435, 'availability_zone_hints': [], 'availability_zones': [], 'ipv4_address_scope': None, 'ipv6_address_scope': None, 'description': '', 'tags': [], 'created_at': '2025-04-15T16:12:32Z', 'updated_at': '2025-04-15T16:12:32Z', 'revision_number': 1} available for tenant
2025-04-15 16:13:27.040 70736 INFO tempest.lib.common.rest_client [req-be03cf77-80ed-4f0a-ae45-6f4cd81300e3 req-be03cf77-80ed-4f0a-ae45-6f4cd81300e3 ] Request (ServerRescueTestJSONUnderV235:setUpClass): 200 GET http://10.180.1.21/compute/v2.1/servers/bb51f520-2d79-411b-989a-829094314e11 0.721s
