2025-04-15 16:13:02.963 70742 INFO tempest.lib.common.rest_client [req-f09684ca-29b9-45f4-84f8-024b4d4bdf9a req-f09684ca-29b9-45f4-84f8-024b4d4bdf9a ] Request (ImagesOneServerNegativeTestJSON:tearDown): 200 GET http://10.180.1.21/compute/v2.1/servers/a7c8cf9d-671e-4489-8a64-218be96335d1 0.907s
2025-04-15 16:13:02.980 70740 INFO tempest.lib.common.rest_client [req-20da1638-44c6-49df-9401-7636aabd3dba req-20da1638-44c6-49df-9401-7636aabd3dba ] Request (FlavorsAdminTestJSON:test_is_public_string_variations): 200 GET http://10.180.1.21/compute/v2.1/flavors/detail?is_public=f 0.874s
2025-04-15 16:13:03.011 70758 INFO tempest.lib.common.rest_client [req-cfabe93b-72c8-4db3-bc14-df80883d649c req-cfabe93b-72c8-4db3-bc14-df80883d649c ] Request (AggregatesAdminNegativeTestJSON:test_aggregate_remove_host_as_user): 200 POST http://10.180.1.21/compute/v2.1/os-aggregates 0.899s
2025-04-15 16:13:03.028 70732 INFO tempest.lib.common.rest_client [req-a289cd20-209b-4cf4-a382-1fa3c31b221d req-a289cd20-209b-4cf4-a382-1fa3c31b221d ] Request (FloatingIPsAssociationNegativeTestJSON:setUpClass): 200 GET http://10.180.1.21/compute/v2.1/servers/8febcfdf-6403-4b67-b5b7-c640dd9da041 0.949s
2025-04-15 16:13:03.099 70748 INFO tempest.lib.common.rest_client [req-faf60ec1-9299-487c-b154-3da0df7f942d req-faf60ec1-9299-487c-b154-3da0df7f942d ] Request (DeleteServersAdminTestJSON:test_delete_server_while_in_error_state): 200 GET http://10.180.1.21/compute/v2.1/servers/94ca8146-bef3-47a0-a41f-51e3b2d773b9 0.702s
2025-04-15 16:13:03.115 70728 INFO tempest.lib.common.rest_client [req-1ae8e10e-8eb4-4d4e-8276-929e51184456 req-1ae8e10e-8eb4-4d4e-8276-929e51184456 ] Request (AttachInterfacesUnderV243Test:test_add_remove_fixed_ip): 200 GET http://10.180.1.21/compute/v2.1/servers/b73008e5-583e-495c-8776-ca9bca435a9c 0.961s
2025-04-15 16:13:03.159 70720 INFO tempest.lib.common.rest_client [req-d7fdce85-4a6f-465d-bae9-27d1f1da1c2f req-d7fdce85-4a6f-465d-bae9-27d1f1da1c2f ] Request (SecurityGroupRulesNegativeTestJSON:test_create_security_group_rule_with_invalid_ip_protocol): 400 POST http://10.180.1.21/compute/v2.1/os-security-group-rules 0.715s
2025-04-15 16:13:03.199 70754 INFO tempest.lib.common.rest_client [req-a3157b38-4dbe-49a8-98b4-4e1b3f650c4e req-a3157b38-4dbe-49a8-98b4-4e1b3f650c4e ] Request (VolumesAssistedSnapshotsTest:test_volume_assisted_snapshot_create_delete): 200 GET http://10.180.1.21/compute/v2.1/servers/688fae2f-a3ca-48c8-9a88-923268f5b1a8 0.726s
2025-04-15 16:13:03.219 70724 INFO tempest.lib.common.rest_client [req-cb2b8019-e283-4995-b0a0-813a31809c91 req-cb2b8019-e283-4995-b0a0-813a31809c91 ] Request (QuotaClassesAdminTestJSON:tearDownClass): 200 GET http://10.180.1.21:9696/networking/v2.0/security-groups?tenant_id=8073fb54393744e89379c3a4de8e00e7&name=default 0.555s
2025-04-15 16:13:03.239 70780 INFO tempest.lib.common.rest_client [req-0c4b9934-a714-4f6b-98a5-be5f8cbbd150 req-0c4b9934-a714-4f6b-98a5-be5f8cbbd150 ] Request (ServerShowV247Test:test_update_rebuild_list_server): 200 GET http://10.180.1.21/compute/v2.1/servers/1802046c-3dcf-4b7a-b062-5f9c177a11d6 0.727s
2025-04-15 16:13:03.270 70766 INFO tempest.lib.common.rest_client [req-06f4e0a3-5b3a-4085-aac2-1439e2bc700c req-06f4e0a3-5b3a-4085-aac2-1439e2bc700c ] Request (ServerDiagnosticsV248Test:tearDownClass): 200 GET http://10.180.1.21/compute/v2.1/servers/b7d421dd-74e2-4590-bbac-1401b00f66c3 0.677s
2025-04-15 16:13:03.319 70770 INFO tempest.lib.common.rest_client [req-3761603f-5466-4352-bc32-f9dbe3076041 req-3761603f-5466-4352-bc32-f9dbe3076041 ] Request (ServerMetadataTestJSON:test_update_metadata_empty_body): 200 POST http://10.180.1.21/compute/v2.1/servers/2fffbfbc-2b85-4ee8-89e2-ef8cc63a81d7/metadata 0.670s
2025-04-15 16:13:03.336 70756 INFO tempest.lib.common.rest_client [req-eac1d417-25df-425f-857a-f989d09ed9bb req-eac1d417-25df-425f-857a-f989d09ed9bb ] Request (ListImageFiltersTestJSON:setUpClass): 200 GET http://10.180.1.21/compute/v2.1/servers/86972721-627d-4108-ae2f-6d7519de74c0 0.667s
2025-04-15 16:13:03.395 70768 INFO tempest.lib.common.rest_client [req-8bd27484-67b4-4186-93c4-e55472d63986 req-8bd27484-67b4-4186-93c4-e55472d63986 ] Request (ServerShowV257Test:test_rebuild_server): 200 GET http://10.180.1.21/compute/v2.1/servers/deaff90c-019f-423c-97ec-801542720a30 0.645s
2025-04-15 16:13:03.438 70724 INFO tempest.lib.common.rest_client [req-96e20ed5-4fd2-4030-a18e-146dfe900abd req-96e20ed5-4fd2-4030-a18e-146dfe900abd ] Request (QuotaClassesAdminTestJSON:tearDownClass): 204 DELETE http://10.180.1.21:9696/networking/v2.0/security-groups/689d59a2-b8ae-45c3-b927-4f0c11275abd 0.218s
2025-04-15 16:13:03.511 70774 INFO tempest.lib.common.rest_client [req-024efee3-65b5-40f5-86ae-d0290c4e6b57 req-024efee3-65b5-40f5-86ae-d0290c4e6b57 ] Request (HypervisorAdminNegativeUnderV252Test:test_search_hypervisor_with_non_admin_user): 200 GET http://10.180.1.21/compute/v2.1/os-hypervisors 0.683s
2025-04-15 16:13:03.514 70724 INFO tempest.lib.common.rest_client [req-83c5aaba-173b-4826-b355-719ad6267691 req-83c5aaba-173b-4826-b355-719ad6267691 ] Request (QuotaClassesAdminTestJSON:tearDownClass): 204 DELETE http://10.180.1.21/identity/v3/projects/8073fb54393744e89379c3a4de8e00e7 0.076s
2025-04-15 16:13:03.514 70724 INFO tempest.lib.common.dynamic_creds [-] Deleting project and security group for project: 841bd407f1ba4b45b1d478492e02326f
2025-04-15 16:13:03.575 70744 INFO tempest.lib.common.rest_client [req-235cba60-92be-4c24-a8e8-b5e47c2d6563 req-235cba60-92be-4c24-a8e8-b5e47c2d6563 ] Request (ServersAdminTestJSON:setUpClass): 200 GET http://10.180.1.21/compute/v2.1/servers/61bc5681-9186-49fe-a635-56bd82450752 0.906s
2025-04-15 16:13:03.599 70762 INFO tempest.lib.common.rest_client [req-ac5100fc-07ef-47ee-ad10-3634c961812c req-ac5100fc-07ef-47ee-ad10-3634c961812c ] Request (ServerAddressesNegativeTestJSON:tearDownClass): 200 GET http://10.180.1.21/compute/v2.1/servers/55ea9666-0dba-4440-9e5c-afeb9d2b7a98 0.768s
2025-04-15 16:13:03.656 70724 INFO tempest.lib.common.rest_client [req-97f84b8d-4fd8-48b5-89c7-827ff60f2cf0 req-97f84b8d-4fd8-48b5-89c7-827ff60f2cf0 ] Request (QuotaClassesAdminTestJSON:tearDownClass): 200 GET http://10.180.1.21:9696/networking/v2.0/security-groups?tenant_id=841bd407f1ba4b45b1d478492e02326f&name=default 0.141s
2025-04-15 16:13:03.665 70730 INFO tempest.lib.common.rest_client [req-c3ff1677-f7ed-4bb8-ac27-7bc34285be13 req-c3ff1677-f7ed-4bb8-ac27-7bc34285be13 ] Request (ServersTestMultiNic:test_verify_duplicate_network_nics): 200 GET http://10.180.1.21/compute/v2.1/servers/cfc4e624-db92-423c-969c-64d433595497 0.805s
2025-04-15 16:13:03.696 70736 INFO tempest.lib.common.rest_client [req-46f9d1c6-ec39-46b1-8b94-3143bb6eece0 req-46f9d1c6-ec39-46b1-8b94-3143bb6eece0 ] Request (ServerGroup264TestJSON:_run_cleanups): 204 DELETE http://10.180.1.21/compute/v2.1/os-server-groups/dec75b4a-2a72-4725-977d-8ea9befd0b77 0.750s
2025-04-15 16:13:03.748 70734 INFO tempest.lib.common.rest_client [req-15dac5bd-9605-4157-bb8c-dc785e77f7db req-15dac5bd-9605-4157-bb8c-dc785e77f7db ] Request (ServerDiagnosticsNegativeTest:test_get_server_diagnostics_by_non_admin): 200 GET http://10.180.1.21/compute/v2.1/servers/ce148295-2ef2-4356-8e62-ae032a71d36b 0.796s
2025-04-15 16:13:03.767 70740 INFO tempest.lib.common.rest_client [req-6a716e43-1043-406d-8808-8cea2089ca7a req-6a716e43-1043-406d-8808-8cea2089ca7a ] Request (FlavorsAdminTestJSON:test_is_public_string_variations): 200 GET http://10.180.1.21/compute/v2.1/flavors/detail?is_public=false 0.782s
2025-04-15 16:13:03.784 70738 INFO tempest.lib.common.rest_client [req-9e1f58a3-4c75-4903-88a9-567751e21931 req-9e1f58a3-4c75-4903-88a9-567751e21931 ] Request (SecurityGroupRulesTestJSON:test_security_group_rules_list): 200 POST http://10.180.1.21/compute/v2.1/os-security-group-rules 0.857s
2025-04-15 16:13:03.796 70724 INFO tempest.lib.common.rest_client [req-ac441454-e818-4c95-bd3c-4fadbd4740b7 req-ac441454-e818-4c95-bd3c-4fadbd4740b7 ] Request (QuotaClassesAdminTestJSON:tearDownClass): 204 DELETE http://10.180.1.21:9696/networking/v2.0/security-groups/b2402ae6-e6e3-4306-942b-65573b3a8f94 0.139s
2025-04-15 16:13:03.822 70746 INFO tempest.lib.common.rest_client [req-82406866-a221-4b9a-9dae-02b9669177c5 req-82406866-a221-4b9a-9dae-02b9669177c5 ] Request (ServerTagsTestJSON:setUpClass): 200 PUT http://10.180.1.21:9696/networking/v2.0/routers/4307c7a1-1d0a-4a5c-bf6f-86a543cd86c7/add_router_interface 2.252s
2025-04-15 16:13:03.823 70746 INFO tempest.lib.common.dynamic_creds [-] Created isolated network resources for: credentials: Credentials: {'domain_id': 'default', 'domain_name': 'Default', 'username': 'tempest-ServerTagsTestJSON-1618409113-project-member', 'project_domain_id': 'default', 'project_domain_name': 'Default', 'project_id': 'c59308489e2648eca1333787fe684577', 'project_name': 'tempest-ServerTagsTestJSON-1618409113', 'tenant_id': 'c59308489e2648eca1333787fe684577', 'tenant_name': 'tempest-ServerTagsTestJSON-1618409113', 'user_domain_id': 'default', 'user_domain_name': 'Default', 'user_id': '77b0a52f6a0a4a1ab802badde5d58e38', 'system': None}, Network: {'id': '90e75324-7d0e-4216-858f-f082549347cf', 'name': 'tempest-ServerTagsTestJSON-720383378-network', 'tenant_id': 'c59308489e2648eca1333787fe684577', 'admin_state_up': True, 'mtu': 8950, 'status': 'ACTIVE', 'subnets': [], 'shared': False, 'project_id': 'c59308489e2648eca1333787fe684577', 'port_security_enabled': True, 'router:external': False, 'provider:network_type': 'vlan', 'provider:physical_network': 'default', 'provider:segmentation_id': 851, 'availability_zone_hints': [], 'availability_zones': [], 'ipv4_address_scope': None, 'ipv6_address_scope': None, 'description': '', 'tags': [], 'created_at': '2025-04-15T16:13:00Z', 'updated_at': '2025-04-15T16:13:00Z', 'revision_number': 1}, Subnet: {'id': '1e6fafca-794c-4ba4-89c2-af8008696223', 'name': 'tempest-ServerTagsTestJSON-720383378-subnet', 'tenant_id': 'c59308489e2648eca1333787fe684577', 'network_id': '90e75324-7d0e-4216-858f-f082549347cf', 'ip_version': 4, 'subnetpool_id': None, 'enable_dhcp': True, 'ipv6_ra_mode': None, 'ipv6_address_mode': None, 'gateway_ip': '192.168.128.1', 'cidr': '192.168.128.0/28', 'allocation_pools': [{'start': '192.168.128.2', 'end': '192.168.128.14'}], 'host_routes': [], 'dns_nameservers': [], 'description': '', 'router:external': False, 'service_types': [], 'tags': [], 'created_at': '2025-04-15T16:13:00Z', 'updated_at': '2025-04-15T16:13:00Z', 'revision_number': 0, 'project_id': 'c59308489e2648eca1333787fe684577'}, Router: {'id': '4307c7a1-1d0a-4a5c-bf6f-86a543cd86c7', 'name': 'tempest-ServerTagsTestJSON-720383378-router', 'tenant_id': 'c59308489e2648eca1333787fe684577', 'admin_state_up': True, 'status': 'ACTIVE', 'external_gateway_info': {'network_id': 'd4279135-0dc6-46c7-88df-515e09815ce4', 'external_fixed_ips': [{'subnet_id': 'f4db5cbe-9e11-4a6f-9298-420bdf7ba21d', 'ip_address': '10.180.180.247'}], 'enable_snat': True}, 'description': '', 'availability_zones': [], 'distributed': False, 'ha': False, 'availability_zone_hints': [], 'routes': [], 'flavor_id': None, 'tags': [], 'created_at': '2025-04-15T16:13:00Z', 'updated_at': '2025-04-15T16:13:01Z', 'revision_number': 2, 'project_id': 'c59308489e2648eca1333787fe684577'}
2025-04-15 16:13:03.884 70726 INFO tempest.lib.common.rest_client [req-f33418b3-0924-4045-93d9-5af1ba45824d req-f33418b3-0924-4045-93d9-5af1ba45824d ] Request (ServerDiskConfigTestJSON:test_rebuild_server_with_auto_disk_config): 200 GET http://10.180.1.21/compute/v2.1/servers/487ce04c-cec0-42aa-bfa1-3b72b2dcc0c2 0.869s
2025-04-15 16:13:03.913 70746 INFO tempest.lib.common.rest_client [req-b7dd6cfc-1994-4dd5-b951-b6adf554798a req-b7dd6cfc-1994-4dd5-b951-b6adf554798a ] Request (ServerTagsTestJSON:setUpClass): 201 POST http://10.180.1.21/identity/v3/auth/tokens 0.086s
2025-04-15 16:13:03.918 70758 INFO tempest.lib.common.rest_client [req-64e34898-9d6b-4c05-974d-d5a940bedcb2 req-64e34898-9d6b-4c05-974d-d5a940bedcb2 ] Request (AggregatesAdminNegativeTestJSON:test_aggregate_remove_host_as_user): 200 POST http://10.180.1.21/compute/v2.1/os-aggregates/7/action 0.903s
2025-04-15 16:13:03.953 70746 INFO tempest.lib.common.rest_client [req-7286fe0f-0ccc-47d7-8e6a-9ca726f801e9 req-7286fe0f-0ccc-47d7-8e6a-9ca726f801e9 ] Request (ServerTagsTestJSON:setUpClass): 201 POST http://10.180.1.21/identity/v3/auth/tokens 0.035s
2025-04-15 16:13:03.953 70746 INFO tempest.lib.common.fixed_network [-] (ServerTagsTestJSON:setUpClass) Found network {'id': '90e75324-7d0e-4216-858f-f082549347cf', 'name': 'tempest-ServerTagsTestJSON-720383378-network', 'tenant_id': 'c59308489e2648eca1333787fe684577', 'admin_state_up': True, 'mtu': 8950, 'status': 'ACTIVE', 'subnets': [], 'shared': False, 'project_id': 'c59308489e2648eca1333787fe684577', 'port_security_enabled': True, 'router:external': False, 'provider:network_type': 'vlan', 'provider:physical_network': 'default', 'provider:segmentation_id': 851, 'availability_zone_hints': [], 'availability_zones': [], 'ipv4_address_scope': None, 'ipv6_address_scope': None, 'description': '', 'tags': [], 'created_at': '2025-04-15T16:13:00Z', 'updated_at': '2025-04-15T16:13:00Z', 'revision_number': 1} available for tenant
2025-04-15 16:13:03.979 70778 INFO tempest.lib.common.rest_client [req-59c7519f-8ad0-4dcf-ac05-b43696c0dbf3 req-59c7519f-8ad0-4dcf-ac05-b43696c0dbf3 ] Request (InstanceActionsTestJSON:tearDownClass): 200 GET http://10.180.1.21/compute/v2.1/servers/460e787f-23bb-4bb8-8bc4-11545b9891ea 0.885s
2025-04-15 16:13:04.042 70724 INFO tempest.lib.common.rest_client [req-8aceb94c-9964-448c-93c2-2cffec87fe2a req-8aceb94c-9964-448c-93c2-2cffec87fe2a ] Request (QuotaClassesAdminTestJSON:tearDownClass): 204 DELETE http://10.180.1.21/identity/v3/projects/841bd407f1ba4b45b1d478492e02326f 0.245s
2025-04-15 16:13:04.042 70720 INFO tempest.lib.common.rest_client [req-92c2d71f-57b9-4996-ad6f-a87ed0a761d9 req-92c2d71f-57b9-4996-ad6f-a87ed0a761d9 ] Request (SecurityGroupRulesNegativeTestJSON:test_create_security_group_rule_with_invalid_port_range): 200 POST http://10.180.1.21/compute/v2.1/os-security-groups 0.881s
2025-04-15 16:13:04.055 70776 INFO tempest.lib.common.rest_client [req-6fd23802-0d2f-4bd1-a85a-351f2a163a85 req-6fd23802-0d2f-4bd1-a85a-351f2a163a85 ] Request (ImagesNegativeTestJSON:test_create_image_from_deleted_server): 200 GET http://10.180.1.21/compute/v2.1/servers/2fd962a1-021d-4a52-aeb0-049f87e3722d 0.867s
2025-04-15 16:13:04.110 70724 INFO tempest.lib.common.rest_client [req-49a0c8d9-966e-461f-8b8f-68e1b475814f req-49a0c8d9-966e-461f-8b8f-68e1b475814f ] Request (QuotasAdminTestJSON:setUpClass): 201 POST http://10.180.1.21/identity/v3/auth/tokens 0.065s
2025-04-15 16:13:04.144 70724 INFO tempest.lib.common.rest_client [req-b0fdd177-7306-4e19-a5b5-1991c53e0431 req-b0fdd177-7306-4e19-a5b5-1991c53e0431 ] Request (QuotasAdminTestJSON:setUpClass): 201 POST http://10.180.1.21/identity/v3/auth/tokens 0.030s
2025-04-15 16:13:04.146 70750 INFO tempest.lib.common.rest_client [req-85a7bc8f-6af8-4bcd-bc52-7ec1d52e44c9 req-85a7bc8f-6af8-4bcd-bc52-7ec1d52e44c9 ] Request (FloatingIPsAssociationTestJSON:setUpClass): 200 GET http://10.180.1.21/compute/v2.1/servers/c198a147-5c6d-49a0-b899-feef3d55f4b8 0.868s
2025-04-15 16:13:04.170 70760 INFO tempest.lib.common.rest_client [req-27a6b4cc-fcda-4fda-88e8-d9142e2d336c req-27a6b4cc-fcda-4fda-88e8-d9142e2d336c ] Request (ServersTestFqdnHostnames:test_create_server_with_fqdn_name): 200 GET http://10.180.1.21/compute/v2.1/servers/2115e329-0396-4c39-b45b-7113142ca90b 0.853s
2025-04-15 16:13:04.173 70724 INFO tempest.lib.common.rest_client [req-66dde8c7-9fdf-4451-a1b6-bd9e9a0679fb req-66dde8c7-9fdf-4451-a1b6-bd9e9a0679fb ] Request (QuotasAdminTestJSON:setUpClass): 200 GET http://10.180.1.21/identity/v3/domains?name=Default 0.028s
2025-04-15 16:13:04.180 70760 INFO tempest.common.waiters [-] State transition "BUILD/networking" ==> "BUILD/spawning" after 21 second wait
2025-04-15 16:13:04.187 70770 INFO tempest.lib.common.rest_client [req-e0a0192e-d98d-40f9-a5e3-15c08f847764 req-e0a0192e-d98d-40f9-a5e3-15c08f847764 ] Request (ServerMetadataTestJSON:test_update_metadata_empty_body): 200 GET http://10.180.1.21/compute/v2.1/servers/2fffbfbc-2b85-4ee8-89e2-ef8cc63a81d7/metadata 0.867s
2025-04-15 16:13:04.209 70724 INFO tempest.lib.common.rest_client [req-013f66ee-80e3-4264-b6f2-5385fb705e7a req-013f66ee-80e3-4264-b6f2-5385fb705e7a ] Request (QuotasAdminTestJSON:setUpClass): 201 POST http://10.180.1.21/identity/v3/projects 0.035s
2025-04-15 16:13:04.241 70718 INFO tempest.lib.common.rest_client [req-b976fbaf-3127-42bd-8f3a-5096e9e12fc0 req-b976fbaf-3127-42bd-8f3a-5096e9e12fc0 ] Request (ServerDiagnosticsTest:tearDownClass): 200 GET http://10.180.1.21/compute/v2.1/servers/fbd30336-215c-4ff4-9d0c-d36491023d48 0.855s
2025-04-15 16:13:04.271 70724 INFO tempest.lib.common.rest_client [req-c8139290-7911-4446-9c01-69f8f788dcf2 req-c8139290-7911-4446-9c01-69f8f788dcf2 ] Request (QuotasAdminTestJSON:setUpClass): 201 POST http://10.180.1.21/identity/v3/users 0.061s
2025-04-15 16:13:04.295 70724 INFO tempest.lib.common.rest_client [req-55a1d227-1f96-4a57-8e00-84c61c59d29f req-55a1d227-1f96-4a57-8e00-84c61c59d29f ] Request (QuotasAdminTestJSON:setUpClass): 200 GET http://10.180.1.21/identity/v3/roles 0.024s
2025-04-15 16:13:04.301 70722 INFO tempest.lib.common.rest_client [req-53bba6e8-84c1-4b6d-aa96-9ccf0cf05137 req-53bba6e8-84c1-4b6d-aa96-9ccf0cf05137 ] Request (ServersWithSpecificFlavorTestJSON:test_verify_created_server_ephemeral_disk): 200 GET http://10.180.1.21/compute/v2.1/servers/61606b64-febb-4672-81fe-e921ef3c0631 0.758s
2025-04-15 16:13:04.309 70736 INFO tempest.lib.common.rest_client [req-e87abfb5-6022-42ee-bd36-4d55cc3da503 req-e87abfb5-6022-42ee-bd36-4d55cc3da503 ] Request (ServerGroup264TestJSON:tearDownClass): 404 DELETE http://10.180.1.21/compute/v2.1/os-server-groups/dec75b4a-2a72-4725-977d-8ea9befd0b77 0.612s
2025-04-15 16:13:04.323 70724 INFO tempest.lib.common.rest_client [req-8c53c2f6-c725-4643-b4aa-31562b3dbef9 req-8c53c2f6-c725-4643-b4aa-31562b3dbef9 ] Request (QuotasAdminTestJSON:setUpClass): 204 PUT http://10.180.1.21/identity/v3/projects/c45ade2ebb4c42278c9d05283faf2262/users/f7dbfc066f4442df9bade85f32d5c812/roles/dc38c88375db4847b11756910c63b16e 0.027s
2025-04-15 16:13:04.323 70740 INFO tempest.lib.common.rest_client [req-9e4cea2b-119c-49c6-976c-3e57fb3712c2 req-9e4cea2b-119c-49c6-976c-3e57fb3712c2 ] Request (FlavorsAdminTestJSON:test_is_public_string_variations): 200 GET http://10.180.1.21/compute/v2.1/flavors/detail?is_public=no 0.553s
2025-04-15 16:13:04.324 70724 INFO tempest.lib.common.dynamic_creds [-] Dynamic test user f7dbfc066f4442df9bade85f32d5c812 is created with scope project and roles: ['member']
2025-04-15 16:13:04.324 70724 INFO tempest.lib.common.dynamic_creds [-] Acquired dynamic creds: credentials: Credentials: {'domain_id': 'default', 'domain_name': 'Default', 'username': 'tempest-QuotasAdminTestJSON-482428173-project-member', 'project_domain_id': 'default', 'project_domain_name': 'Default', 'project_id': 'c45ade2ebb4c42278c9d05283faf2262', 'project_name': 'tempest-QuotasAdminTestJSON-482428173', 'tenant_id': 'c45ade2ebb4c42278c9d05283faf2262', 'tenant_name': 'tempest-QuotasAdminTestJSON-482428173', 'user_domain_id': 'default', 'user_domain_name': 'Default', 'user_id': 'f7dbfc066f4442df9bade85f32d5c812', 'system': None}, Network: None, Subnet: None, Router: None
2025-04-15 16:13:04.324 70724 INFO tempest.lib.common.dynamic_creds [-] Created isolated network resources for: credentials: Credentials: {'domain_id': 'default', 'domain_name': 'Default', 'username': 'tempest-QuotasAdminTestJSON-482428173-project-member', 'project_domain_id': 'default', 'project_domain_name': 'Default', 'project_id': 'c45ade2ebb4c42278c9d05283faf2262', 'project_name': 'tempest-QuotasAdminTestJSON-482428173', 'tenant_id': 'c45ade2ebb4c42278c9d05283faf2262', 'tenant_name': 'tempest-QuotasAdminTestJSON-482428173', 'user_domain_id': 'default', 'user_domain_name': 'Default', 'user_id': 'f7dbfc066f4442df9bade85f32d5c812', 'system': None}, Network: None, Subnet: None, Router: None
2025-04-15 16:13:04.337 70774 INFO tempest.lib.common.rest_client [req-408faa29-7aeb-4d21-a2c9-e41fa462bd4d req-408faa29-7aeb-4d21-a2c9-e41fa462bd4d ] Request (HypervisorAdminNegativeUnderV252Test:test_search_hypervisor_with_non_admin_user): 403 GET http://10.180.1.21/compute/v2.1/os-hypervisors/domain-c8.fc996f14-c53b-4953-92e3-bdfa48f5cc28/search 0.825s
2025-04-15 16:13:04.345 70758 INFO tempest.lib.common.rest_client [req-2c242a4b-c74a-4fa4-8ea3-3c337e571218 req-2c242a4b-c74a-4fa4-8ea3-3c337e571218 ] Request (AggregatesAdminNegativeTestJSON:test_aggregate_remove_host_as_user): 403 POST http://10.180.1.21/compute/v2.1/os-aggregates/7/action 0.425s
2025-04-15 16:13:04.409 70724 INFO tempest.lib.common.rest_client [req-2cb46db9-6b2d-4757-aee0-03281b1e3dff req-2cb46db9-6b2d-4757-aee0-03281b1e3dff ] Request (QuotasAdminTestJSON:setUpClass): 201 POST http://10.180.1.21/identity/v3/auth/tokens 0.082s
2025-04-15 16:13:04.447 70764 WARNING tempest.lib.common.ssh [-] Failed to establish authenticated ssh connection to cirros@10.180.180.254 ([Errno None] Unable to connect to port 22 on 10.180.180.254). Number attempts: 1. Retry after 2 seconds.: paramiko.ssh_exception.NoValidConnectionsError: [Errno None] Unable to connect to port 22 on 10.180.180.254
2025-04-15 16:13:04.485 70724 INFO tempest.lib.common.rest_client [req-e3728b2b-661e-46e4-9669-4688a8812921 req-e3728b2b-661e-46e4-9669-4688a8812921 ] Request (QuotasAdminTestJSON:setUpClass): 201 POST http://10.180.1.21/identity/v3/projects 0.075s
2025-04-15 16:13:04.572 70724 INFO tempest.lib.common.rest_client [req-c8e06676-8e28-4528-bdb9-4b84e4275620 req-c8e06676-8e28-4528-bdb9-4b84e4275620 ] Request (QuotasAdminTestJSON:setUpClass): 201 POST http://10.180.1.21/identity/v3/users 0.086s
2025-04-15 16:13:04.584 70738 INFO tempest.lib.common.rest_client [req-f7d66eb9-3e3a-4e92-b920-5e9d801bad92 req-f7d66eb9-3e3a-4e92-b920-5e9d801bad92 ] Request (SecurityGroupRulesTestJSON:test_security_group_rules_list): 200 POST http://10.180.1.21/compute/v2.1/os-security-group-rules 0.798s
2025-04-15 16:13:04.604 70724 INFO tempest.lib.common.rest_client [req-acf3c122-ab3b-4355-9b6a-7365df0029a2 req-acf3c122-ab3b-4355-9b6a-7365df0029a2 ] Request (QuotasAdminTestJSON:setUpClass): 200 GET http://10.180.1.21/identity/v3/roles 0.031s
2025-04-15 16:13:04.635 70724 INFO tempest.lib.common.rest_client [req-257ec32d-c38d-46ca-9699-a4224f249448 req-257ec32d-c38d-46ca-9699-a4224f249448 ] Request (QuotasAdminTestJSON:setUpClass): 204 PUT http://10.180.1.21/identity/v3/projects/b948e96cf73e420696bfeba7d8545069/users/f536fc181d094408a456bbfb655b20e5/roles/396941bf50954687972b12084e97631a 0.031s
2025-04-15 16:13:04.689 70724 INFO tempest.lib.common.rest_client [req-ec90458c-e34b-4ece-bb9c-63199d0736db req-ec90458c-e34b-4ece-bb9c-63199d0736db ] Request (QuotasAdminTestJSON:setUpClass): 200 GET http://10.180.1.21/identity/v3/roles 0.053s
2025-04-15 16:13:04.706 70724 INFO tempest.lib.common.rest_client [req-063f83b6-fe83-40b0-a418-4df3dbe50520 req-063f83b6-fe83-40b0-a418-4df3dbe50520 ] Request (QuotasAdminTestJSON:setUpClass): 204 PUT http://10.180.1.21/identity/v3/projects/b948e96cf73e420696bfeba7d8545069/users/f536fc181d094408a456bbfb655b20e5/roles/396941bf50954687972b12084e97631a 0.017s
2025-04-15 16:13:04.706 70724 INFO tempest.lib.common.dynamic_creds [-] Dynamic test user f536fc181d094408a456bbfb655b20e5 is created with scope project and roles: ['admin']
2025-04-15 16:13:04.706 70724 INFO tempest.lib.common.dynamic_creds [-] Acquired dynamic creds: credentials: Credentials: {'domain_id': 'default', 'domain_name': 'Default', 'username': 'tempest-QuotasAdminTestJSON-92942028-project-admin', 'project_domain_id': 'default', 'project_domain_name': 'Default', 'project_id': 'b948e96cf73e420696bfeba7d8545069', 'project_name': 'tempest-QuotasAdminTestJSON-92942028', 'tenant_id': 'b948e96cf73e420696bfeba7d8545069', 'tenant_name': 'tempest-QuotasAdminTestJSON-92942028', 'user_domain_id': 'default', 'user_domain_name': 'Default', 'user_id': 'f536fc181d094408a456bbfb655b20e5', 'system': None}, Network: None, Subnet: None, Router: None
2025-04-15 16:13:04.706 70724 INFO tempest.lib.common.dynamic_creds [-] Created isolated network resources for: credentials: Credentials: {'domain_id': 'default', 'domain_name': 'Default', 'username': 'tempest-QuotasAdminTestJSON-92942028-project-admin', 'project_domain_id': 'default', 'project_domain_name': 'Default', 'project_id': 'b948e96cf73e420696bfeba7d8545069', 'project_name': 'tempest-QuotasAdminTestJSON-92942028', 'tenant_id': 'b948e96cf73e420696bfeba7d8545069', 'tenant_name': 'tempest-QuotasAdminTestJSON-92942028', 'user_domain_id': 'default', 'user_domain_name': 'Default', 'user_id': 'f536fc181d094408a456bbfb655b20e5', 'system': None}, Network: None, Subnet: None, Router: None
2025-04-15 16:13:04.790 70724 INFO tempest.lib.common.rest_client [req-4fa07492-cbd4-48eb-b415-410288ce4470 req-4fa07492-cbd4-48eb-b415-410288ce4470 ] Request (QuotasAdminTestJSON:setUpClass): 201 POST http://10.180.1.21/identity/v3/auth/tokens 0.082s
2025-04-15 16:13:04.792 70724 WARNING tempest.lib.common.rest_client [-] Deprecated: "tenant_id" property is deprecated for removal, use "project_id" instead
2025-04-15 16:13:04.816 70742 INFO tempest.lib.common.rest_client [req-b6899f70-6792-499e-83b3-d3182ae66355 req-b6899f70-6792-499e-83b3-d3182ae66355 ] Request (ImagesOneServerNegativeTestJSON:tearDown): 200 GET http://10.180.1.21/compute/v2.1/servers/a7c8cf9d-671e-4489-8a64-218be96335d1 0.842s
2025-04-15 16:13:04.825 70742 INFO tempest.common.waiters [-] State transition "ACTIVE/image_pending_upload" ==> "ACTIVE/image_uploading" after 2 second wait
2025-04-15 16:13:04.830 70724 INFO tempest.lib.common.rest_client [req-bd4f62ea-6e66-4fe5-92e9-5e861dd212f8 req-bd4f62ea-6e66-4fe5-92e9-5e861dd212f8 ] Request (QuotasAdminTestJSON:test_delete_quota): 200 GET http://10.180.1.21/identity/v3/domains?name=Default 0.037s
2025-04-15 16:13:04.863 70724 INFO tempest.lib.common.rest_client [req-78d8fe51-4614-489e-9f3e-4f6399066b26 req-78d8fe51-4614-489e-9f3e-4f6399066b26 ] Request (QuotasAdminTestJSON:test_delete_quota): 201 POST http://10.180.1.21/identity/v3/projects 0.032s
2025-04-15 16:13:04.880 70732 INFO tempest.lib.common.rest_client [req-e9b5eec5-5b39-4da5-af23-f3f7d89d7b68 req-e9b5eec5-5b39-4da5-af23-f3f7d89d7b68 ] Request (FloatingIPsAssociationNegativeTestJSON:setUpClass): 200 GET http://10.180.1.21/compute/v2.1/servers/8febcfdf-6403-4b67-b5b7-c640dd9da041 0.842s
2025-04-15 16:13:04.921 70724 INFO tempest.lib.common.rest_client [req-0c2983f0-33b0-4ecd-a8b8-f22e805cbce9 req-0c2983f0-33b0-4ecd-a8b8-f22e805cbce9 ] Request (QuotasAdminTestJSON:test_delete_quota): 200 GET http://10.180.1.21/identity/v3/domains?name=Default 0.057s
2025-04-15 16:13:04.928 70720 INFO tempest.lib.common.rest_client [req-30323143-4da7-4148-a15d-99ea2adc710c req-30323143-4da7-4148-a15d-99ea2adc710c ] Request (SecurityGroupRulesNegativeTestJSON:test_create_security_group_rule_with_invalid_port_range): 400 POST http://10.180.1.21/compute/v2.1/os-security-group-rules 0.879s
2025-04-15 16:13:05.018 70748 INFO tempest.lib.common.rest_client [req-3f489782-d111-4d2f-8f6f-572671b953f1 req-3f489782-d111-4d2f-8f6f-572671b953f1 ] Request (DeleteServersAdminTestJSON:test_delete_server_while_in_error_state): 200 GET http://10.180.1.21/compute/v2.1/servers/94ca8146-bef3-47a0-a41f-51e3b2d773b9 0.905s
2025-04-15 16:13:05.036 70746 INFO tempest.lib.common.rest_client [req-5c1e8afe-d830-4a44-b9a2-4a00557e7af5 req-5c1e8afe-d830-4a44-b9a2-4a00557e7af5 ] Request (ServerTagsTestJSON:setUpClass): 202 POST http://10.180.1.21/compute/v2.1/servers 1.083s
2025-04-15 16:13:05.114 70728 INFO tempest.lib.common.rest_client [req-cd6b58b9-ff60-4ed6-9b11-c6a8df506823 req-cd6b58b9-ff60-4ed6-9b11-c6a8df506823 ] Request (AttachInterfacesUnderV243Test:test_add_remove_fixed_ip): 200 GET http://10.180.1.21/compute/v2.1/servers/b73008e5-583e-495c-8776-ca9bca435a9c 0.990s
2025-04-15 16:13:05.121 70728 INFO tempest.common.waiters [-] State transition "BUILD/scheduling" ==> "BUILD/None" after 13 second wait
2025-04-15 16:13:05.155 70770 INFO tempest.lib.common.rest_client [req-5a2680a6-96a5-4dee-8625-599139f519d2 req-5a2680a6-96a5-4dee-8625-599139f519d2 ] Request (ServerMetadataTestJSON:setUp): 200 PUT http://10.180.1.21/compute/v2.1/servers/2fffbfbc-2b85-4ee8-89e2-ef8cc63a81d7/metadata 0.965s
2025-04-15 16:13:05.305 70780 INFO tempest.lib.common.rest_client [req-829e7062-91a5-4965-ae58-931b85ebc5f2 req-829e7062-91a5-4965-ae58-931b85ebc5f2 ] Request (ServerShowV247Test:test_update_rebuild_list_server): 200 GET http://10.180.1.21/compute/v2.1/servers/1802046c-3dcf-4b7a-b062-5f9c177a11d6 1.052s
2025-04-15 16:13:05.361 70754 INFO tempest.lib.common.rest_client [req-5c1defa2-50ab-4ef2-8af0-d50b719ec224 req-5c1defa2-50ab-4ef2-8af0-d50b719ec224 ] Request (VolumesAssistedSnapshotsTest:test_volume_assisted_snapshot_create_delete): 200 GET http://10.180.1.21/compute/v2.1/servers/688fae2f-a3ca-48c8-9a88-923268f5b1a8 1.151s
2025-04-15 16:13:05.371 70754 INFO tempest.common.waiters [-] State transition "BUILD/None" ==> "BUILD/block_device_mapping" after 21 second wait
2025-04-15 16:13:05.387 70740 INFO tempest.lib.common.rest_client [req-a0e4b978-9af7-46f1-a6f7-dffb83d290e8 req-a0e4b978-9af7-46f1-a6f7-dffb83d290e8 ] Request (FlavorsAdminTestJSON:test_is_public_string_variations): 200 GET http://10.180.1.21/compute/v2.1/flavors/detail?is_public=0 1.054s
2025-04-15 16:13:05.388 70766 INFO tempest.lib.common.rest_client [req-b8692cc0-82fd-429a-9701-ef1a915ed4e8 req-b8692cc0-82fd-429a-9701-ef1a915ed4e8 ] Request (ServerDiagnosticsV248Test:tearDownClass): 200 GET http://10.180.1.21/compute/v2.1/servers/b7d421dd-74e2-4590-bbac-1401b00f66c3 1.106s
2025-04-15 16:13:05.405 70774 INFO tempest.lib.common.rest_client [req-96beac5e-fc68-4771-8cbd-9445088984c6 req-96beac5e-fc68-4771-8cbd-9445088984c6 ] Request (HypervisorAdminNegativeUnderV252Test:test_search_nonexistent_hypervisor): 404 GET http://10.180.1.21/compute/v2.1/os-hypervisors/nonexistent_hypervisor_name/search 1.062s
2025-04-15 16:13:05.458 70756 INFO tempest.lib.common.rest_client [req-7249281e-f02b-4fb5-a119-692e9e02f81b req-7249281e-f02b-4fb5-a119-692e9e02f81b ] Request (ListImageFiltersTestJSON:setUpClass): 200 GET http://10.180.1.21/compute/v2.1/servers/86972721-627d-4108-ae2f-6d7519de74c0 1.114s
2025-04-15 16:13:05.471 70756 INFO tempest.common.waiters [-] State transition "BUILD/scheduling" ==> "BUILD/None" after 13 second wait
2025-04-15 16:13:05.545 70768 INFO tempest.lib.common.rest_client [req-78f9792a-1769-4096-aefd-e66f8490fa2c req-78f9792a-1769-4096-aefd-e66f8490fa2c ] Request (ServerShowV257Test:test_rebuild_server): 200 GET http://10.180.1.21/compute/v2.1/servers/deaff90c-019f-423c-97ec-801542720a30 1.136s
2025-04-15 16:13:05.553 70736 INFO tempest.lib.common.rest_client [req-62e1cf1e-7ffa-47de-b521-91a973817c13 req-62e1cf1e-7ffa-47de-b521-91a973817c13 ] Request (ServerGroup264TestJSON:tearDownClass): 200 PUT http://10.180.1.21:9696/networking/v2.0/routers/0d9936b1-2d28-4745-9189-c3ae6374a607/remove_router_interface 1.243s
2025-04-15 16:13:05.558 70758 INFO tempest.lib.common.rest_client [req-ea95bbf6-571c-4d96-a12e-d47e1adea5dc req-ea95bbf6-571c-4d96-a12e-d47e1adea5dc ] Request (AggregatesAdminNegativeTestJSON:_run_cleanups): 200 POST http://10.180.1.21/compute/v2.1/os-aggregates/7/action 1.212s
2025-04-15 16:13:05.613 70738 INFO tempest.lib.common.rest_client [req-3bf2e969-0b57-49f3-9218-622943da6943 req-3bf2e969-0b57-49f3-9218-622943da6943 ] Request (SecurityGroupRulesTestJSON:test_security_group_rules_list): 200 GET http://10.180.1.21/compute/v2.1/os-security-groups/42601c2c-261e-493a-9aee-08662ad16f4e 1.026s
2025-04-15 16:13:05.704 70762 INFO tempest.lib.common.rest_client [req-d1a53780-c100-491f-a4d8-53f9b7daba3c req-d1a53780-c100-491f-a4d8-53f9b7daba3c ] Request (ServerAddressesNegativeTestJSON:tearDownClass): 200 GET http://10.180.1.21/compute/v2.1/servers/55ea9666-0dba-4440-9e5c-afeb9d2b7a98 1.098s
2025-04-15 16:13:05.763 70744 INFO tempest.lib.common.rest_client [req-0c8555ff-a65d-4f06-9b1b-8cae30f84e82 req-0c8555ff-a65d-4f06-9b1b-8cae30f84e82 ] Request (ServersAdminTestJSON:setUpClass): 200 GET http://10.180.1.21/compute/v2.1/servers/61bc5681-9186-49fe-a635-56bd82450752 1.176s
2025-04-15 16:13:05.772 70744 INFO tempest.common.waiters [-] State transition "BUILD/spawning" ==> "ACTIVE/None" after 28 second wait
2025-04-15 16:13:05.796 70730 INFO tempest.lib.common.rest_client [req-9db738c7-cd17-403a-b7a8-fe94b7857432 req-9db738c7-cd17-403a-b7a8-fe94b7857432 ] Request (ServersTestMultiNic:test_verify_duplicate_network_nics): 200 GET http://10.180.1.21/compute/v2.1/servers/cfc4e624-db92-423c-969c-64d433595497 1.117s
2025-04-15 16:13:05.839 70734 INFO tempest.lib.common.rest_client [req-7c351fc3-6df7-452e-8d44-7445ec0b38e2 req-7c351fc3-6df7-452e-8d44-7445ec0b38e2 ] Request (ServerDiagnosticsNegativeTest:test_get_server_diagnostics_by_non_admin): 200 GET http://10.180.1.21/compute/v2.1/servers/ce148295-2ef2-4356-8e62-ae032a71d36b 1.082s
2025-04-15 16:13:05.966 70724 INFO tempest.lib.common.rest_client [req-f3b9db95-50d1-4ccf-b688-e1d818ac26b2 req-f3b9db95-50d1-4ccf-b688-e1d818ac26b2 ] Request (QuotasAdminTestJSON:test_delete_quota): 200 GET http://10.180.1.21/compute/v2.1/os-quota-sets/283bfbc23ce34b4d914fda61718b8b59 1.044s
2025-04-15 16:13:06.072 70726 INFO tempest.lib.common.rest_client [req-b4e4d90b-8482-4b1b-b11f-ffc4b2d1cf1c req-b4e4d90b-8482-4b1b-b11f-ffc4b2d1cf1c ] Request (ServerDiskConfigTestJSON:test_rebuild_server_with_auto_disk_config): 200 GET http://10.180.1.21/compute/v2.1/servers/487ce04c-cec0-42aa-bfa1-3b72b2dcc0c2 1.179s
2025-04-15 16:13:06.086 70720 INFO tempest.lib.common.rest_client [req-14f9d688-2c83-40de-99e7-ceb9ea803057 req-14f9d688-2c83-40de-99e7-ceb9ea803057 ] Request (SecurityGroupRulesNegativeTestJSON:test_create_security_group_rule_with_invalid_to_port): 200 POST http://10.180.1.21/compute/v2.1/os-security-groups 1.156s
2025-04-15 16:13:06.147 70778 INFO tempest.lib.common.rest_client [req-e9ad5e97-6fc6-4eac-8125-28c98e81cf3a req-e9ad5e97-6fc6-4eac-8125-28c98e81cf3a ] Request (InstanceActionsTestJSON:tearDownClass): 200 GET http://10.180.1.21/compute/v2.1/servers/460e787f-23bb-4bb8-8bc4-11545b9891ea 1.158s
2025-04-15 16:13:06.150 70746 INFO tempest.lib.common.rest_client [req-e1dc71aa-d4ec-472c-ba7c-059b4df3ee6d req-e1dc71aa-d4ec-472c-ba7c-059b4df3ee6d ] Request (ServerTagsTestJSON:setUpClass): 200 GET http://10.180.1.21/compute/v2.1/servers/e520b86c-a70c-48a3-bb69-8212a40050cb 1.111s
2025-04-15 16:13:06.219 70776 INFO tempest.lib.common.rest_client [req-499296a3-a206-42fa-a543-f70bdb730dfa req-499296a3-a206-42fa-a543-f70bdb730dfa ] Request (ImagesNegativeTestJSON:test_create_image_from_deleted_server): 200 GET http://10.180.1.21/compute/v2.1/servers/2fd962a1-021d-4a52-aeb0-049f87e3722d 1.154s
2025-04-15 16:13:06.222 70770 INFO tempest.lib.common.rest_client [req-b211405a-e561-4580-83e4-84930f641ffa req-b211405a-e561-4580-83e4-84930f641ffa ] Request (ServerMetadataTestJSON:test_update_server_metadata): 200 POST http://10.180.1.21/compute/v2.1/servers/2fffbfbc-2b85-4ee8-89e2-ef8cc63a81d7/metadata 1.065s
2025-04-15 16:13:06.283 70736 INFO tempest.lib.common.rest_client [req-d3fea3b8-506e-4249-bc89-94faafa7f079 req-d3fea3b8-506e-4249-bc89-94faafa7f079 ] Request (ServerGroup264TestJSON:tearDownClass): 204 DELETE http://10.180.1.21:9696/networking/v2.0/routers/0d9936b1-2d28-4745-9189-c3ae6374a607 0.730s
2025-04-15 16:13:06.348 70760 INFO tempest.lib.common.rest_client [req-4b296d1a-f883-4503-8b81-9b545254aabf req-4b296d1a-f883-4503-8b81-9b545254aabf ] Request (ServersTestFqdnHostnames:test_create_server_with_fqdn_name): 200 GET http://10.180.1.21/compute/v2.1/servers/2115e329-0396-4c39-b45b-7113142ca90b 1.167s
2025-04-15 16:13:06.413 70718 INFO tempest.lib.common.rest_client [req-0d141bc3-37df-4c01-8694-b28d8403620d req-0d141bc3-37df-4c01-8694-b28d8403620d ] Request (ServerDiagnosticsTest:tearDownClass): 200 GET http://10.180.1.21/compute/v2.1/servers/fbd30336-215c-4ff4-9d0c-d36491023d48 1.162s
2025-04-15 16:13:06.469 70750 INFO tempest.lib.common.rest_client [req-0a580bcc-eb66-475c-a746-2d34aa1f8298 req-0a580bcc-eb66-475c-a746-2d34aa1f8298 ] Request (FloatingIPsAssociationTestJSON:setUpClass): 200 GET http://10.180.1.21/compute/v2.1/servers/c198a147-5c6d-49a0-b899-feef3d55f4b8 1.311s
2025-04-15 16:13:06.477 70722 INFO tempest.lib.common.rest_client [req-0dd19793-6f7f-4fe5-ab39-f8002d678de7 req-0dd19793-6f7f-4fe5-ab39-f8002d678de7 ] Request (ServersWithSpecificFlavorTestJSON:test_verify_created_server_ephemeral_disk): 200 GET http://10.180.1.21/compute/v2.1/servers/61606b64-febb-4672-81fe-e921ef3c0631 1.164s
2025-04-15 16:13:06.498 70774 INFO tempest.lib.common.rest_client [req-de20bc0a-0a0d-40f8-af7b-5ebd4613a646 req-de20bc0a-0a0d-40f8-af7b-5ebd4613a646 ] Request (HypervisorAdminNegativeUnderV252Test:test_show_servers_with_non_admin_user): 200 GET http://10.180.1.21/compute/v2.1/os-hypervisors 1.090s
2025-04-15 16:13:06.501 70740 INFO tempest.lib.common.rest_client [req-c0af9468-9e1b-4c13-963d-03ba992722de req-c0af9468-9e1b-4c13-963d-03ba992722de ] Request (FlavorsAdminTestJSON:test_is_public_string_variations): 200 GET http://10.180.1.21/compute/v2.1/flavors/detail?is_public=t 1.110s
2025-04-15 16:13:06.520 70758 INFO tempest.lib.common.rest_client [req-e3a4db13-2e73-46c9-b7d8-69c089870014 req-e3a4db13-2e73-46c9-b7d8-69c089870014 ] Request (AggregatesAdminNegativeTestJSON:_run_cleanups): 200 DELETE http://10.180.1.21/compute/v2.1/os-aggregates/7 0.960s
2025-04-15 16:13:06.608 70744 INFO tempest.lib.common.rest_client [req-92991e85-c15d-4437-bb4c-b3dae4efc8a8 req-92991e85-c15d-4437-bb4c-b3dae4efc8a8 ] Request (ServersAdminTestJSON:setUpClass): 200 GET http://10.180.1.21/compute/v2.1/servers/43965006-3260-4b95-a464-548d87315683 0.835s
2025-04-15 16:13:06.677 70744 INFO tempest.lib.common.rest_client [req-c8b67588-d403-4cee-b79d-867c11ec41fc req-c8b67588-d403-4cee-b79d-867c11ec41fc ] Request (ServersAdminTestJSON:test_create_server_with_scheduling_hint): 201 POST http://10.180.1.21/identity/v3/auth/tokens 0.058s
2025-04-15 16:13:06.678 70744 INFO tempest.lib.common.fixed_network [-] (ServersAdminTestJSON:test_create_server_with_scheduling_hint) Found network {'id': '23d9419d-e819-42ee-b5e0-a2606a9537e7', 'name': 'tempest-ServersAdminTestJSON-1859119493-network', 'tenant_id': '35039eb24b5c4b928817e426270785b1', 'admin_state_up': True, 'mtu': 8950, 'status': 'ACTIVE', 'subnets': [], 'shared': False, 'project_id': '35039eb24b5c4b928817e426270785b1', 'port_security_enabled': True, 'router:external': False, 'provider:network_type': 'vlan', 'provider:physical_network': 'default', 'provider:segmentation_id': 11, 'availability_zone_hints': [], 'availability_zones': [], 'ipv4_address_scope': None, 'ipv6_address_scope': None, 'description': '', 'tags': [], 'created_at': '2025-04-15T16:12:12Z', 'updated_at': '2025-04-15T16:12:12Z', 'revision_number': 1} available for tenant
2025-04-15 16:13:06.707 70742 INFO tempest.lib.common.rest_client [req-e12b4665-e8d9-4574-913e-bb55bc1facfa req-e12b4665-e8d9-4574-913e-bb55bc1facfa ] Request (ImagesOneServerNegativeTestJSON:tearDown): 200 GET http://10.180.1.21/compute/v2.1/servers/a7c8cf9d-671e-4489-8a64-218be96335d1 0.881s
2025-04-15 16:13:06.759 70732 INFO tempest.lib.common.rest_client [req-b2f763aa-1977-4899-9111-e3517d18f9af req-b2f763aa-1977-4899-9111-e3517d18f9af ] Request (FloatingIPsAssociationNegativeTestJSON:setUpClass): 200 GET http://10.180.1.21/compute/v2.1/servers/8febcfdf-6403-4b67-b5b7-c640dd9da041 0.865s
2025-04-15 16:13:06.764 70736 INFO tempest.lib.common.rest_client [req-69852639-6094-485b-b2e9-3d0386c81521 req-69852639-6094-485b-b2e9-3d0386c81521 ] Request (ServerGroup264TestJSON:tearDownClass): 204 DELETE http://10.180.1.21:9696/networking/v2.0/subnets/356de956-4039-4ea0-98d9-0592e36aad94 0.481s
2025-04-15 16:13:06.865 70724 INFO tempest.lib.common.rest_client [req-2841094a-63c3-4bda-adc8-07143f5a0373 req-2841094a-63c3-4bda-adc8-07143f5a0373 ] Request (QuotasAdminTestJSON:test_delete_quota): 200 PUT http://10.180.1.21/compute/v2.1/os-quota-sets/283bfbc23ce34b4d914fda61718b8b59 0.896s
2025-04-15 16:13:06.879 70738 INFO tempest.lib.common.rest_client [req-e9fe264f-4eff-4ce1-8dc9-b9de6844deab req-e9fe264f-4eff-4ce1-8dc9-b9de6844deab ] Request (SecurityGroupRulesTestJSON:_run_cleanups): 202 DELETE http://10.180.1.21/compute/v2.1/os-security-group-rules/293c83b0-7738-4e74-a364-74eec76c6fe3 1.263s
2025-04-15 16:13:06.911 70720 INFO tempest.lib.common.rest_client [req-5e601aef-d6fa-426b-a363-96e4ec0a3163 req-5e601aef-d6fa-426b-a363-96e4ec0a3163 ] Request (SecurityGroupRulesNegativeTestJSON:test_create_security_group_rule_with_invalid_to_port): 400 POST http://10.180.1.21/compute/v2.1/os-security-group-rules 0.822s
2025-04-15 16:13:06.931 70736 INFO tempest.lib.common.rest_client [req-2dc2e650-0921-47e6-9697-a675be600b3e req-2dc2e650-0921-47e6-9697-a675be600b3e ] Request (ServerGroup264TestJSON:tearDownClass): 204 DELETE http://10.180.1.21:9696/networking/v2.0/networks/4b069461-1be4-49e8-a65a-38d1e36e9dea 0.167s
2025-04-15 16:13:06.933 70748 INFO tempest.lib.common.rest_client [req-05490c8d-e416-4d26-a05e-f662347fca89 req-05490c8d-e416-4d26-a05e-f662347fca89 ] Request (DeleteServersAdminTestJSON:test_delete_server_while_in_error_state): 200 GET http://10.180.1.21/compute/v2.1/servers/94ca8146-bef3-47a0-a41f-51e3b2d773b9 0.906s
2025-04-15 16:13:06.961 70770 INFO tempest.lib.common.rest_client [req-82549c2c-5f59-4023-9e7b-bbe826c7c7b1 req-82549c2c-5f59-4023-9e7b-bbe826c7c7b1 ] Request (ServerMetadataTestJSON:test_update_server_metadata): 200 GET http://10.180.1.21/compute/v2.1/servers/2fffbfbc-2b85-4ee8-89e2-ef8cc63a81d7/metadata 0.738s
2025-04-15 16:13:06.972 70728 INFO tempest.lib.common.rest_client [req-a778f59a-6358-445b-8b0c-7b02961ab116 req-a778f59a-6358-445b-8b0c-7b02961ab116 ] Request (AttachInterfacesUnderV243Test:test_add_remove_fixed_ip): 200 GET http://10.180.1.21/compute/v2.1/servers/b73008e5-583e-495c-8776-ca9bca435a9c 0.847s
2025-04-15 16:13:07.021 70780 INFO tempest.lib.common.rest_client [req-4954c44e-fa6b-4a44-abda-e15e710ca71e req-4954c44e-fa6b-4a44-abda-e15e710ca71e ] Request (ServerShowV247Test:test_update_rebuild_list_server): 200 GET http://10.180.1.21/compute/v2.1/servers/1802046c-3dcf-4b7a-b062-5f9c177a11d6 0.703s
2025-04-15 16:13:07.062 70754 INFO tempest.lib.common.rest_client [req-cd7f74d1-9ec1-4972-ad95-e3adbed2ac41 req-cd7f74d1-9ec1-4972-ad95-e3adbed2ac41 ] Request (VolumesAssistedSnapshotsTest:test_volume_assisted_snapshot_create_delete): 200 GET http://10.180.1.21/compute/v2.1/servers/688fae2f-a3ca-48c8-9a88-923268f5b1a8 0.689s
2025-04-15 16:13:07.066 70736 INFO tempest.lib.common.rest_client [req-6ecc18d1-7639-454d-b003-4f2f83a80f7d req-6ecc18d1-7639-454d-b003-4f2f83a80f7d ] Request (ServerGroup264TestJSON:tearDownClass): 204 DELETE http://10.180.1.21/identity/v3/users/11f400a08ba24646bcf4b3165966ec5f 0.135s
2025-04-15 16:13:07.067 70736 INFO tempest.lib.common.dynamic_creds [-] Deleting project and security group for project: 4094f3fb21634e88957a565fb1dea6bd
2025-04-15 16:13:07.068 70754 INFO tempest.common.waiters [-] State transition "BUILD/block_device_mapping" ==> "BUILD/spawning" after 23 second wait
2025-04-15 16:13:07.088 70766 INFO tempest.lib.common.rest_client [req-642b26ca-0357-424f-8050-4578baa21f96 req-642b26ca-0357-424f-8050-4578baa21f96 ] Request (ServerDiagnosticsV248Test:tearDownClass): 200 GET http://10.180.1.21/compute/v2.1/servers/b7d421dd-74e2-4590-bbac-1401b00f66c3 0.687s
2025-04-15 16:13:07.092 70774 INFO tempest.lib.common.rest_client [req-003641d8-167f-48d8-8068-08e0cb19f194 req-003641d8-167f-48d8-8068-08e0cb19f194 ] Request (HypervisorAdminNegativeUnderV252Test:test_show_servers_with_non_admin_user): 403 GET http://10.180.1.21/compute/v2.1/os-hypervisors/1/servers 0.593s
2025-04-15 16:13:07.097 70736 INFO tempest.lib.common.rest_client [req-ed016da1-64d9-435b-8605-3dea9b57060a req-ed016da1-64d9-435b-8605-3dea9b57060a ] Request (ServerGroup264TestJSON:tearDownClass): 200 GET http://10.180.1.21:9696/networking/v2.0/security-groups?tenant_id=4094f3fb21634e88957a565fb1dea6bd&name=default 0.030s
2025-04-15 16:13:07.111 70756 INFO tempest.lib.common.rest_client [req-dc2655a4-8a87-456f-9ee9-c6f1b3b178e7 req-dc2655a4-8a87-456f-9ee9-c6f1b3b178e7 ] Request (ListImageFiltersTestJSON:setUpClass): 200 GET http://10.180.1.21/compute/v2.1/servers/86972721-627d-4108-ae2f-6d7519de74c0 0.639s
2025-04-15 16:13:07.119 70740 INFO tempest.lib.common.rest_client [req-1f642047-d968-40ff-80cd-2562df08e930 req-1f642047-d968-40ff-80cd-2562df08e930 ] Request (FlavorsAdminTestJSON:test_is_public_string_variations): 200 GET http://10.180.1.21/compute/v2.1/flavors/detail?is_public=true 0.613s
2025-04-15 16:13:07.138 70758 INFO tempest.lib.common.rest_client [req-85712553-8157-4659-8863-91b583ad21e5 req-85712553-8157-4659-8863-91b583ad21e5 ] Request (AggregatesAdminNegativeTestJSON:test_aggregate_remove_nonexistent_host): 200 POST http://10.180.1.21/compute/v2.1/os-aggregates 0.617s
2025-04-15 16:13:07.192 70768 INFO tempest.lib.common.rest_client [req-5c6de776-e3e4-4824-8a91-93b511113342 req-5c6de776-e3e4-4824-8a91-93b511113342 ] Request (ServerShowV257Test:test_rebuild_server): 200 GET http://10.180.1.21/compute/v2.1/servers/deaff90c-019f-423c-97ec-801542720a30 0.632s
2025-04-15 16:13:07.204 70768 INFO tempest.common.waiters [-] State transition "BUILD/None" ==> "BUILD/networking" after 22 second wait
2025-04-15 16:13:07.253 70736 INFO tempest.lib.common.rest_client [req-930c9593-aea7-481a-aec4-a0298e5868da req-930c9593-aea7-481a-aec4-a0298e5868da ] Request (ServerGroup264TestJSON:tearDownClass): 204 DELETE http://10.180.1.21:9696/networking/v2.0/security-groups/25dc5503-16fa-45cd-b21e-ce9bac863b46 0.155s
2025-04-15 16:13:07.256 70762 INFO tempest.lib.common.rest_client [req-3089c360-64a7-4f67-ab34-cf912b0e5933 req-3089c360-64a7-4f67-ab34-cf912b0e5933 ] Request (ServerAddressesNegativeTestJSON:tearDownClass): 200 GET http://10.180.1.21/compute/v2.1/servers/55ea9666-0dba-4440-9e5c-afeb9d2b7a98 0.543s
2025-04-15 16:13:07.304 70730 INFO tempest.lib.common.rest_client [req-55cf1cfd-7d67-4de8-bffc-00c0b5bb0c15 req-55cf1cfd-7d67-4de8-bffc-00c0b5bb0c15 ] Request (ServersTestMultiNic:test_verify_duplicate_network_nics): 200 GET http://10.180.1.21/compute/v2.1/servers/cfc4e624-db92-423c-969c-64d433595497 0.494s
2025-04-15 16:13:07.356 70736 INFO tempest.lib.common.rest_client [req-ad17a428-c058-4202-bf73-636b571611ac req-ad17a428-c058-4202-bf73-636b571611ac ] Request (ServerGroup264TestJSON:tearDownClass): 204 DELETE http://10.180.1.21/identity/v3/projects/4094f3fb21634e88957a565fb1dea6bd 0.102s
2025-04-15 16:13:07.358 70734 INFO tempest.lib.common.rest_client [req-2de63d4f-1453-4efa-9255-f326ef90aca9 req-2de63d4f-1453-4efa-9255-f326ef90aca9 ] Request (ServerDiagnosticsNegativeTest:test_get_server_diagnostics_by_non_admin): 200 GET http://10.180.1.21/compute/v2.1/servers/ce148295-2ef2-4356-8e62-ae032a71d36b 0.507s
2025-04-15 16:13:07.376 70724 INFO tempest.lib.common.rest_client [req-7af73298-626f-42c3-9564-49f5ff81be3a req-7af73298-626f-42c3-9564-49f5ff81be3a ] Request (QuotasAdminTestJSON:test_delete_quota): 202 DELETE http://10.180.1.21/compute/v2.1/os-quota-sets/283bfbc23ce34b4d914fda61718b8b59 0.509s
2025-04-15 16:13:07.427 70736 INFO tempest.lib.common.rest_client [req-4917d06f-de7f-4135-8926-d1b7ebe4243c req-4917d06f-de7f-4135-8926-d1b7ebe4243c ] Request (ServerRescueTestJSONUnderV235:setUpClass): 201 POST http://10.180.1.21/identity/v3/auth/tokens 0.069s
2025-04-15 16:13:07.458 70744 INFO tempest.lib.common.rest_client [req-4ed95d6a-21ef-453c-ba99-08aa9dee6770 req-4ed95d6a-21ef-453c-ba99-08aa9dee6770 ] Request (ServersAdminTestJSON:test_create_server_with_scheduling_hint): 202 POST http://10.180.1.21/compute/v2.1/servers 0.780s
2025-04-15 16:13:07.460 70752 WARNING tempest.lib.common.ssh [-] Failed to establish authenticated ssh connection to cirros@10.180.180.253 ([Errno None] Unable to connect to port 22 on 10.180.180.253). Number attempts: 1. Retry after 2 seconds.: paramiko.ssh_exception.NoValidConnectionsError: [Errno None] Unable to connect to port 22 on 10.180.180.253
2025-04-15 16:13:07.461 70736 INFO tempest.lib.common.rest_client [req-829fd104-10ec-4348-b600-6d5850e23942 req-829fd104-10ec-4348-b600-6d5850e23942 ] Request (ServerRescueTestJSONUnderV235:setUpClass): 201 POST http://10.180.1.21/identity/v3/auth/tokens 0.032s
2025-04-15 16:13:07.477 70720 INFO tempest.lib.common.rest_client [req-afec71e2-67cc-4137-aea0-f42894b5c228 req-afec71e2-67cc-4137-aea0-f42894b5c228 ] Request (SecurityGroupRulesNegativeTestJSON:test_create_security_group_rule_with_non_existent_id): 404 POST http://10.180.1.21/compute/v2.1/os-security-group-rules 0.564s
2025-04-15 16:13:07.496 70736 INFO tempest.lib.common.rest_client [req-fb0f8b25-814a-40bf-8a15-217fbb33ad92 req-fb0f8b25-814a-40bf-8a15-217fbb33ad92 ] Request (ServerRescueTestJSONUnderV235:setUpClass): 200 GET http://10.180.1.21/identity/v3/domains?name=Default 0.034s
2025-04-15 16:13:07.499 70738 INFO tempest.lib.common.rest_client [req-5056d146-4550-4158-93f5-20dfc9e7d03d req-5056d146-4550-4158-93f5-20dfc9e7d03d ] Request (SecurityGroupRulesTestJSON:tearDownClass): 202 DELETE http://10.180.1.21/compute/v2.1/os-security-groups/42601c2c-261e-493a-9aee-08662ad16f4e 0.618s
2025-04-15 16:13:07.526 70736 INFO tempest.lib.common.rest_client [req-dfacf842-7071-4383-b65e-b95d6afc7ef3 req-dfacf842-7071-4383-b65e-b95d6afc7ef3 ] Request (ServerRescueTestJSONUnderV235:setUpClass): 201 POST http://10.180.1.21/identity/v3/projects 0.029s
