2025-04-17 13:48:54.579 69553 INFO tempest.lib.common.rest_client [req-33f21aef-d458-4434-bdce-d1e231d2f60f req-33f21aef-d458-4434-bdce-d1e231d2f60f ] Request (DeleteServersTestJSON:test_delete_server_while_in_attached_volume): 200 GET http://10.180.1.21/compute/v2.1/servers/9bb54c89-5c52-466a-88b6-bb3c98a6bd91 0.078s
2025-04-17 13:48:54.662 69595 INFO tempest.lib.common.rest_client [req-53cf4fa1-f422-400f-9a0c-87bf7a7c81e7 req-53cf4fa1-f422-400f-9a0c-87bf7a7c81e7 ] Request (ImagesNegativeTestJSON:tearDownClass): 204 DELETE http://10.180.1.21/identity/v3/projects/991268cbe34042a48a6cacc1c79ebd01 0.113s
2025-04-17 13:48:54.667 69569 INFO tempest.lib.common.rest_client [req-d5551996-97ce-4a88-adfd-f2f4069bedf7 req-d5551996-97ce-4a88-adfd-f2f4069bedf7 ] Request (ServerDiagnosticsTest:tearDownClass): 200 GET http://10.180.1.21/compute/v2.1/servers/d6b780e2-6447-4fe2-891e-e7c8a831de6f 0.108s
2025-04-17 13:48:54.668 69551 INFO tempest.lib.common.rest_client [req-36211cc6-97b1-46dd-9011-028928acbcd7 req-36211cc6-97b1-46dd-9011-028928acbcd7 ] Request (ImagesOneServerTestJSON:setUpClass): 200 GET http://10.180.1.21/compute/v2.1/servers/ed692e48-b9de-4a4f-8822-7b48266a065e 0.076s
2025-04-17 13:48:54.725 69595 INFO tempest.lib.common.rest_client [req-f615c938-f9fa-4da2-8063-2757043e773e req-f615c938-f9fa-4da2-8063-2757043e773e ] Request (InstanceActionsV221TestJSON:setUpClass): 201 POST http://10.180.1.21/identity/v3/auth/tokens 0.061s
2025-04-17 13:48:54.760 69595 INFO tempest.lib.common.rest_client [req-2959768d-6ba4-4730-bda2-acb852736bf3 req-2959768d-6ba4-4730-bda2-acb852736bf3 ] Request (InstanceActionsV221TestJSON:setUpClass): 201 POST http://10.180.1.21/identity/v3/auth/tokens 0.032s
2025-04-17 13:48:54.800 69595 INFO tempest.lib.common.rest_client [req-6c24f2a5-e11e-47c2-85ac-82b8ef76454c req-6c24f2a5-e11e-47c2-85ac-82b8ef76454c ] Request (InstanceActionsV221TestJSON:setUpClass): 200 GET http://10.180.1.21/identity/v3/domains?name=Default 0.039s
2025-04-17 13:48:54.807 69541 INFO tempest.lib.common.rest_client [req-abb3fe10-a2b1-4c44-a04c-b5ff41c45920 req-abb3fe10-a2b1-4c44-a04c-b5ff41c45920 ] Request (ImagesOneServerNegativeTestJSON:_run_cleanups): 200 GET http://10.180.1.21/compute/v2.1/servers/0d8a7167-7c1f-4845-ba15-1bc2d84568a9 0.125s
2025-04-17 13:48:54.834 69595 INFO tempest.lib.common.rest_client [req-bfae6ff8-8057-4c24-ab7b-9362298e572c req-bfae6ff8-8057-4c24-ab7b-9362298e572c ] Request (InstanceActionsV221TestJSON:setUpClass): 201 POST http://10.180.1.21/identity/v3/projects 0.034s
2025-04-17 13:48:54.855 69565 INFO tempest.lib.common.rest_client [req-07316637-4f55-485c-9b65-7df9a4cdb1dc req-07316637-4f55-485c-9b65-7df9a4cdb1dc ] Request (ServerTagsTestJSON:setUpClass): 200 GET http://10.180.1.21/compute/v2.1/servers/2b523f68-396b-437a-ad1b-833802639e67 0.157s
2025-04-17 13:48:54.896 69603 INFO tempest.lib.common.rest_client [req-313ff8a6-324f-4331-825f-96a27b2f8628 req-313ff8a6-324f-4331-825f-96a27b2f8628 ] Request (ListImageFiltersTestJSON:setUpClass): 204 PUT http://10.180.1.21/image/v2/images/505916d3-5164-4a1c-a506-a1cb3de96374/file 0.775s
2025-04-17 13:48:54.901 69595 INFO tempest.lib.common.rest_client [req-00bccc22-2eb7-4898-b927-4f9bf2e33288 req-00bccc22-2eb7-4898-b927-4f9bf2e33288 ] Request (InstanceActionsV221TestJSON:setUpClass): 201 POST http://10.180.1.21/identity/v3/users 0.066s
2025-04-17 13:48:54.925 69595 INFO tempest.lib.common.rest_client [req-37b78f1a-157a-4337-9cf8-5763f562927f req-37b78f1a-157a-4337-9cf8-5763f562927f ] Request (InstanceActionsV221TestJSON:setUpClass): 200 GET http://10.180.1.21/identity/v3/roles 0.023s
2025-04-17 13:48:54.930 69603 INFO tempest.lib.common.rest_client [req-d85f2b08-d854-4baf-94c1-4a84edd2f2ef req-d85f2b08-d854-4baf-94c1-4a84edd2f2ef ] Request (ListImageFiltersTestJSON:setUpClass): 200 GET http://10.180.1.21/compute/v2.1/images/505916d3-5164-4a1c-a506-a1cb3de96374 0.034s
2025-04-17 13:48:54.954 69595 INFO tempest.lib.common.rest_client [req-d4eab037-ab06-450e-ab51-739ceb373364 req-d4eab037-ab06-450e-ab51-739ceb373364 ] Request (InstanceActionsV221TestJSON:setUpClass): 204 PUT http://10.180.1.21/identity/v3/projects/a3cc3af2685e47d88767e300ba2a0831/users/efce9620423a4b1a931009e13ee41745/roles/171e7f1f37714291a877506585c2770f 0.028s
2025-04-17 13:48:54.954 69595 INFO tempest.lib.common.dynamic_creds [-] Dynamic test user efce9620423a4b1a931009e13ee41745 is created with scope project and roles: ['member']
2025-04-17 13:48:54.954 69595 INFO tempest.lib.common.dynamic_creds [-] Acquired dynamic creds: credentials: Credentials: {'domain_id': 'default', 'domain_name': 'Default', 'username': 'tempest-InstanceActionsV221TestJSON-1654709482-project-member', 'project_domain_id': 'default', 'project_domain_name': 'Default', 'project_id': 'a3cc3af2685e47d88767e300ba2a0831', 'project_name': 'tempest-InstanceActionsV221TestJSON-1654709482', 'tenant_id': 'a3cc3af2685e47d88767e300ba2a0831', 'tenant_name': 'tempest-InstanceActionsV221TestJSON-1654709482', 'user_domain_id': 'default', 'user_domain_name': 'Default', 'user_id': 'efce9620423a4b1a931009e13ee41745', 'system': None}, Network: None, Subnet: None, Router: None
2025-04-17 13:48:54.966 69603 INFO tempest.lib.common.rest_client [req-8f3fb31c-386a-408d-b193-b1d6343bd01f req-8f3fb31c-386a-408d-b193-b1d6343bd01f ] Request (ListImageFiltersTestJSON:setUpClass): 200 GET http://10.180.1.21/compute/v2.1/images/505916d3-5164-4a1c-a506-a1cb3de96374 0.032s
2025-04-17 13:48:55.013 69595 INFO tempest.lib.common.rest_client [req-9c644340-cfc2-4dc2-9e1f-cb85b4e4541c req-9c644340-cfc2-4dc2-9e1f-cb85b4e4541c ] Request (InstanceActionsV221TestJSON:setUpClass): 201 POST http://10.180.1.21/identity/v3/auth/tokens 0.059s
2025-04-17 13:48:55.018 69591 INFO tempest.lib.common.rest_client [req-22bf8ab4-5c0f-4b77-a931-957a8a7f7572 req-22bf8ab4-5c0f-4b77-a931-957a8a7f7572 ] Request (VolumesTestJSON:tearDownClass): 404 GET http://10.180.1.21/volume/v3/volumes/87d673e8-cfbc-4d9d-8691-f58a837970bb 0.016s
2025-04-17 13:48:55.021 69571 INFO tempest.lib.common.rest_client [req-0f4694d9-89e2-4808-a125-0a49755539db req-0f4694d9-89e2-4808-a125-0a49755539db ] Request (ServerGroupTestJSON:test_create_server_with_scheduler_hint_group): 200 GET http://10.180.1.21/compute/v2.1/servers/c0b8a432-a5ff-4f34-b287-fa6b27a7dd0f 0.053s
2025-04-17 13:48:55.103 69579 INFO tempest.lib.common.rest_client [req-46a2ad77-e839-4bc5-bb76-ae3fef730af0 req-46a2ad77-e839-4bc5-bb76-ae3fef730af0 ] Request (MultipleCreateTestJSON:test_multiple_create): 200 GET http://10.180.1.21/compute/v2.1/servers/6bb9c6c6-4ccd-4ce9-b4d0-78c032177438 0.069s
2025-04-17 13:48:55.140 69549 INFO tempest.lib.common.rest_client [req-0d7bf6e9-9e61-412a-9d55-2b4e23fccdcd req-0d7bf6e9-9e61-412a-9d55-2b4e23fccdcd ] Request (AttachInterfacesV270Test:tearDownClass): 200 GET http://10.180.1.21/compute/v2.1/servers/0becda35-ead9-4f20-acbd-73b41ba2db1b 0.087s
2025-04-17 13:48:55.158 69549 INFO tempest.common.waiters [-] State transition "ACTIVE/deleting" ==> "DELETED/None" after 4 second wait
2025-04-17 13:48:55.182 69591 INFO tempest.lib.common.rest_client [req-3fbd8857-6787-4dbe-862f-97d6990d0440 req-3fbd8857-6787-4dbe-862f-97d6990d0440 ] Request (VolumesTestJSON:tearDownClass): 204 DELETE http://10.180.1.21/identity/v3/users/03018a6edad2431b944ee020f658b670 0.164s
2025-04-17 13:48:55.183 69591 INFO tempest.lib.common.dynamic_creds [-] Deleting project and security group for project: 999ab9a34688460786403bf1a3d13d85
2025-04-17 13:48:55.210 69581 INFO tempest.lib.common.rest_client [req-bc4a497a-f6ce-4cb0-ab97-825d364eb559 req-bc4a497a-f6ce-4cb0-ab97-825d364eb559 ] Request (ServerDiagnosticsV248Test:test_get_server_diagnostics): 200 GET http://10.180.1.21/compute/v2.1/servers/1b0ed8eb-4e78-456d-8285-f5bff0f9ab7d 0.098s
2025-04-17 13:48:55.253 69591 INFO tempest.lib.common.rest_client [req-d8634d36-a722-41f5-9871-ad240c6f4778 req-d8634d36-a722-41f5-9871-ad240c6f4778 ] Request (VolumesTestJSON:tearDownClass): 201 POST http://10.180.1.21/identity/v3/auth/tokens 0.070s
2025-04-17 13:48:55.329 69589 INFO tempest.lib.common.rest_client [req-19c38648-1d64-465d-a61f-c56c6a9bcce0 req-19c38648-1d64-465d-a61f-c56c6a9bcce0 ] Request (ServersNegativeTestMultiTenantJSON:tearDownClass): 200 GET http://10.180.1.21/compute/v2.1/servers/c1f2c675-c9ad-41b0-97b5-600e621927de 0.096s
2025-04-17 13:48:55.349 69563 INFO tempest.lib.common.rest_client [req-3e6c7b4b-92f8-49d0-9073-ba030debe115 req-3e6c7b4b-92f8-49d0-9073-ba030debe115 ] Request (ServersAaction247Test:test_create_backup): 200 GET http://10.180.1.21/compute/v2.1/servers/da661f70-29f9-43d2-942c-c756ab4965b2 0.080s
2025-04-17 13:48:55.395 69595 INFO tempest.lib.common.rest_client [req-1c24c41d-8516-4f60-9b21-718e2ec2e5f4 req-1c24c41d-8516-4f60-9b21-718e2ec2e5f4 ] Request (InstanceActionsV221TestJSON:setUpClass): 201 POST http://10.180.1.21:9696/networking/v2.0/networks 0.381s
2025-04-17 13:48:55.407 69543 INFO tempest.lib.common.rest_client [req-105ad54e-4ea0-44f2-9779-a21dd0835241 req-105ad54e-4ea0-44f2-9779-a21dd0835241 ] Request (TenantUsagesTestJSON:tearDownClass): 200 GET http://10.180.1.21/compute/v2.1/servers/7a574cff-cec8-4b0c-b705-cd09f81b15f2 0.096s
2025-04-17 13:48:55.421 69603 INFO tempest.lib.common.rest_client [req-2932279c-d685-4b30-b60e-772b8c3d05e2 req-2932279c-d685-4b30-b60e-772b8c3d05e2 ] Request (ListImageFiltersTestJSON:setUpClass): 201 POST http://10.180.1.21/image/v2/images 0.452s
2025-04-17 13:48:55.424 69599 INFO tempest.lib.common.rest_client [req-661a7c79-de82-4c1f-a5ad-2aa32fdbc936 req-661a7c79-de82-4c1f-a5ad-2aa32fdbc936 ] Request (ServerMetadataNegativeTestJSON:tearDownClass): 200 GET http://10.180.1.21/compute/v2.1/servers/ee2d9832-32ef-44b2-878c-89762f813480 0.085s
2025-04-17 13:48:55.467 69547 INFO tempest.lib.common.rest_client [req-2fd11bd5-2ce2-4ad6-8289-fb1025ec5626 req-2fd11bd5-2ce2-4ad6-8289-fb1025ec5626 ] Request (ServersAdminNegativeTestJSON:tearDownClass): 200 GET http://10.180.1.21/compute/v2.1/servers/9e611d0f-aca8-4d76-9325-c8c074a97e19 0.089s
2025-04-17 13:48:55.493 69591 INFO tempest.lib.common.rest_client [req-f136a3b3-fb23-45a4-8ade-0a442771e967 req-f136a3b3-fb23-45a4-8ade-0a442771e967 ] Request (VolumesTestJSON:tearDownClass): 200 GET http://10.180.1.21:9696/networking/v2.0/security-groups?tenant_id=999ab9a34688460786403bf1a3d13d85&name=default 0.240s
2025-04-17 13:48:55.538 69558 INFO tempest.lib.common.rest_client [req-fe07e75a-50ce-4d48-98e3-fef530c56d7a req-fe07e75a-50ce-4d48-98e3-fef530c56d7a ] Request (DeleteServersAdminTestJSON:test_delete_server_while_in_error_state): 200 GET http://10.180.1.21/compute/v2.1/servers/8fd4adf0-1fcc-4e47-80d7-bb84e0dd5790 0.071s
2025-04-17 13:48:55.582 69595 INFO tempest.lib.common.rest_client [req-e83b5652-9051-400c-a22c-3e2b21ce6718 req-e83b5652-9051-400c-a22c-3e2b21ce6718 ] Request (InstanceActionsV221TestJSON:setUpClass): 201 POST http://10.180.1.21:9696/networking/v2.0/subnets 0.187s
2025-04-17 13:48:55.603 69567 INFO tempest.lib.common.rest_client [req-2cd031c5-ecba-4eb4-80c1-0dc510f755f0 req-2cd031c5-ecba-4eb4-80c1-0dc510f755f0 ] Request (ServersAdminTestJSON:setUpClass): 200 GET http://10.180.1.21/compute/v2.1/servers/362a639d-a6d8-4bd8-92d5-006db634e68b 0.080s
2025-04-17 13:48:55.649 69545 INFO tempest.lib.common.rest_client [req-feaae9f6-b187-4929-9b7e-d0fd460e75a3 req-feaae9f6-b187-4929-9b7e-d0fd460e75a3 ] Request (ServersNegativeTestJSON:setUpClass): 200 GET http://10.180.1.21/compute/v2.1/servers/cd72fe81-eab5-496c-9f24-21ea8d2c6e20 0.193s
2025-04-17 13:48:55.659 69545 INFO tempest.common.waiters [-] State transition "BUILD/networking" ==> "BUILD/spawning" after 36 second wait
2025-04-17 13:48:55.660 69591 INFO tempest.lib.common.rest_client [req-28aba379-b2ef-4cb0-8820-9bd8428e0ae6 req-28aba379-b2ef-4cb0-8820-9bd8428e0ae6 ] Request (VolumesTestJSON:tearDownClass): 204 DELETE http://10.180.1.21:9696/networking/v2.0/security-groups/f314196e-1176-4d41-9d73-50716be1fe59 0.166s
2025-04-17 13:48:55.661 69559 INFO tempest.lib.common.rest_client [req-00813818-970d-44a0-9aad-7dd178c3aef4 req-00813818-970d-44a0-9aad-7dd178c3aef4 ] Request (ListServersNegativeTestJSON:setUpClass): 200 GET http://10.180.1.21/compute/v2.1/servers/4b42ce39-8bd8-45f0-ab6b-dc8806ae8edf 0.131s
2025-04-17 13:48:55.705 69601 INFO tempest.lib.common.rest_client [req-cf98fd79-de27-4bb3-a81b-e3721a91fb0a req-cf98fd79-de27-4bb3-a81b-e3721a91fb0a ] Request (MigrationsAdminTest:test_resize_server_revert_deleted_flavor): 200 GET http://10.180.1.21/compute/v2.1/servers/8d0b13c6-cb9f-4980-930d-760e24dbab70 0.126s
2025-04-17 13:48:55.712 69553 INFO tempest.lib.common.rest_client [req-3ea96cdd-f17e-4ba0-955a-d3a670630703 req-3ea96cdd-f17e-4ba0-955a-d3a670630703 ] Request (DeleteServersTestJSON:test_delete_server_while_in_attached_volume): 200 GET http://10.180.1.21/compute/v2.1/servers/9bb54c89-5c52-466a-88b6-bb3c98a6bd91 0.119s
2025-04-17 13:48:55.737 69591 INFO tempest.lib.common.rest_client [req-4aee3846-800f-4302-8a5f-165499f12e63 req-4aee3846-800f-4302-8a5f-165499f12e63 ] Request (VolumesTestJSON:tearDownClass): 204 DELETE http://10.180.1.21/identity/v3/projects/999ab9a34688460786403bf1a3d13d85 0.077s
2025-04-17 13:48:55.771 69551 INFO tempest.lib.common.rest_client [req-726b95ad-0666-4fb5-98d0-1698d0af4e09 req-726b95ad-0666-4fb5-98d0-1698d0af4e09 ] Request (ImagesOneServerTestJSON:setUpClass): 200 GET http://10.180.1.21/compute/v2.1/servers/ed692e48-b9de-4a4f-8822-7b48266a065e 0.092s
2025-04-17 13:48:55.771 69569 INFO tempest.lib.common.rest_client [req-41ccb1c4-3bc2-46c9-8874-903a3d599002 req-41ccb1c4-3bc2-46c9-8874-903a3d599002 ] Request (ServerDiagnosticsTest:tearDownClass): 200 GET http://10.180.1.21/compute/v2.1/servers/d6b780e2-6447-4fe2-891e-e7c8a831de6f 0.097s
2025-04-17 13:48:55.876 69541 INFO tempest.lib.common.rest_client [req-c6b68a39-3f61-4dae-b6b1-60ccd517893e req-c6b68a39-3f61-4dae-b6b1-60ccd517893e ] Request (ImagesOneServerNegativeTestJSON:_run_cleanups): 200 GET http://10.180.1.21/compute/v2.1/servers/0d8a7167-7c1f-4845-ba15-1bc2d84568a9 0.061s
2025-04-17 13:48:55.996 69565 INFO tempest.lib.common.rest_client [req-b5a42aa0-80ec-43c5-a452-759fbf40f2b6 req-b5a42aa0-80ec-43c5-a452-759fbf40f2b6 ] Request (ServerTagsTestJSON:setUpClass): 200 GET http://10.180.1.21/compute/v2.1/servers/2b523f68-396b-437a-ad1b-833802639e67 0.127s
2025-04-17 13:48:56.086 69571 INFO tempest.lib.common.rest_client [req-04f05cb7-cd58-45f2-ab95-4ac38fb801e4 req-04f05cb7-cd58-45f2-ab95-4ac38fb801e4 ] Request (ServerGroupTestJSON:test_create_server_with_scheduler_hint_group): 200 GET http://10.180.1.21/compute/v2.1/servers/c0b8a432-a5ff-4f34-b287-fa6b27a7dd0f 0.052s
2025-04-17 13:48:56.167 69579 INFO tempest.lib.common.rest_client [req-3d7ee78b-abd0-4ca3-bb03-63bd7304376a req-3d7ee78b-abd0-4ca3-bb03-63bd7304376a ] Request (MultipleCreateTestJSON:test_multiple_create): 200 GET http://10.180.1.21/compute/v2.1/servers/6bb9c6c6-4ccd-4ce9-b4d0-78c032177438 0.055s
2025-04-17 13:48:56.207 69595 INFO tempest.lib.common.rest_client [req-f5686377-0588-4bf3-9203-10ed6dff5454 req-f5686377-0588-4bf3-9203-10ed6dff5454 ] Request (InstanceActionsV221TestJSON:setUpClass): 201 POST http://10.180.1.21:9696/networking/v2.0/routers 0.624s
2025-04-17 13:48:56.224 69549 INFO tempest.lib.common.rest_client [req-77cb0e5d-6c32-420b-a3ba-41de6326858d req-77cb0e5d-6c32-420b-a3ba-41de6326858d ] Request (AttachInterfacesV270Test:tearDownClass): 200 GET http://10.180.1.21/compute/v2.1/servers/0becda35-ead9-4f20-acbd-73b41ba2db1b 0.064s
2025-04-17 13:48:56.296 69581 INFO tempest.lib.common.rest_client [req-8b86e7c5-c646-4d93-9cfb-e00245c4e0f2 req-8b86e7c5-c646-4d93-9cfb-e00245c4e0f2 ] Request (ServerDiagnosticsV248Test:test_get_server_diagnostics): 200 GET http://10.180.1.21/compute/v2.1/servers/1b0ed8eb-4e78-456d-8285-f5bff0f9ab7d 0.075s
2025-04-17 13:48:56.415 69589 INFO tempest.lib.common.rest_client [req-9d5973e1-7bed-4ad0-b2fd-2e26e70b7b28 req-9d5973e1-7bed-4ad0-b2fd-2e26e70b7b28 ] Request (ServersNegativeTestMultiTenantJSON:tearDownClass): 200 GET http://10.180.1.21/compute/v2.1/servers/c1f2c675-c9ad-41b0-97b5-600e621927de 0.075s
2025-04-17 13:48:56.426 69563 INFO tempest.lib.common.rest_client [req-4f9431c6-69b4-4838-afc8-65b8e580412c req-4f9431c6-69b4-4838-afc8-65b8e580412c ] Request (ServersAaction247Test:test_create_backup): 200 GET http://10.180.1.21/compute/v2.1/servers/da661f70-29f9-43d2-942c-c756ab4965b2 0.062s
2025-04-17 13:48:56.514 69543 INFO tempest.lib.common.rest_client [req-db32b357-f236-4fca-a46f-c4e1873c8796 req-db32b357-f236-4fca-a46f-c4e1873c8796 ] Request (TenantUsagesTestJSON:tearDownClass): 200 GET http://10.180.1.21/compute/v2.1/servers/7a574cff-cec8-4b0c-b705-cd09f81b15f2 0.087s
2025-04-17 13:48:56.540 69599 INFO tempest.lib.common.rest_client [req-3e3ae399-fef1-4e2e-bfae-86cd3c8fd52b req-3e3ae399-fef1-4e2e-bfae-86cd3c8fd52b ] Request (ServerMetadataNegativeTestJSON:tearDownClass): 200 GET http://10.180.1.21/compute/v2.1/servers/ee2d9832-32ef-44b2-878c-89762f813480 0.105s
2025-04-17 13:48:56.591 69547 INFO tempest.lib.common.rest_client [req-e3a4775f-1b25-4fce-83fd-8a4a30e95fa2 req-e3a4775f-1b25-4fce-83fd-8a4a30e95fa2 ] Request (ServersAdminNegativeTestJSON:tearDownClass): 200 GET http://10.180.1.21/compute/v2.1/servers/9e611d0f-aca8-4d76-9325-c8c074a97e19 0.114s
2025-04-17 13:48:56.618 69558 INFO tempest.lib.common.rest_client [req-d8e1b950-555f-4013-bb3d-687ae01e3048 req-d8e1b950-555f-4013-bb3d-687ae01e3048 ] Request (DeleteServersAdminTestJSON:test_delete_server_while_in_error_state): 200 GET http://10.180.1.21/compute/v2.1/servers/8fd4adf0-1fcc-4e47-80d7-bb84e0dd5790 0.072s
2025-04-17 13:48:56.670 69567 INFO tempest.lib.common.rest_client [req-a675d981-d6d6-4021-924d-f6b7a28669e3 req-a675d981-d6d6-4021-924d-f6b7a28669e3 ] Request (ServersAdminTestJSON:setUpClass): 200 GET http://10.180.1.21/compute/v2.1/servers/362a639d-a6d8-4bd8-92d5-006db634e68b 0.059s
2025-04-17 13:48:56.712 69593 WARNING tempest.lib.common.ssh [-] Failed to establish authenticated ssh connection to cirros@10.180.180.179 ([Errno None] Unable to connect to port 22 on 10.180.180.179). Number attempts: 8. Retry after 9 seconds.: paramiko.ssh_exception.NoValidConnectionsError: [Errno None] Unable to connect to port 22 on 10.180.180.179
2025-04-17 13:48:56.744 69559 INFO tempest.lib.common.rest_client [req-a72d0e73-ecd4-419b-b100-e72162b5b13f req-a72d0e73-ecd4-419b-b100-e72162b5b13f ] Request (ListServersNegativeTestJSON:setUpClass): 200 GET http://10.180.1.21/compute/v2.1/servers/4b42ce39-8bd8-45f0-ab6b-dc8806ae8edf 0.074s
2025-04-17 13:48:56.800 69601 INFO tempest.lib.common.rest_client [req-a756d386-3039-4cf4-a90f-d4a879ff8abe req-a756d386-3039-4cf4-a90f-d4a879ff8abe ] Request (MigrationsAdminTest:test_resize_server_revert_deleted_flavor): 200 GET http://10.180.1.21/compute/v2.1/servers/8d0b13c6-cb9f-4980-930d-760e24dbab70 0.082s
2025-04-17 13:48:56.822 69545 INFO tempest.lib.common.rest_client [req-24ab80d8-b451-4a51-8bbc-a3f942a745c8 req-24ab80d8-b451-4a51-8bbc-a3f942a745c8 ] Request (ServersNegativeTestJSON:setUpClass): 200 GET http://10.180.1.21/compute/v2.1/servers/cd72fe81-eab5-496c-9f24-21ea8d2c6e20 0.162s
2025-04-17 13:48:56.861 69553 INFO tempest.lib.common.rest_client [req-e89fbd89-c478-4ae4-8129-e9c9b61c28ac req-e89fbd89-c478-4ae4-8129-e9c9b61c28ac ] Request (DeleteServersTestJSON:test_delete_server_while_in_attached_volume): 200 GET http://10.180.1.21/compute/v2.1/servers/9bb54c89-5c52-466a-88b6-bb3c98a6bd91 0.141s
2025-04-17 13:48:56.872 69553 INFO tempest.common.waiters [-] State transition "BUILD/None" ==> "BUILD/networking" after 33 second wait
2025-04-17 13:48:56.882 69551 INFO tempest.lib.common.rest_client [req-91d9cae3-583a-4401-b76d-7f546c490f56 req-91d9cae3-583a-4401-b76d-7f546c490f56 ] Request (ImagesOneServerTestJSON:setUpClass): 200 GET http://10.180.1.21/compute/v2.1/servers/ed692e48-b9de-4a4f-8822-7b48266a065e 0.103s
2025-04-17 13:48:56.945 69569 INFO tempest.lib.common.rest_client [req-f82a41d3-0da5-4f6a-8537-b8f2513d3e9d req-f82a41d3-0da5-4f6a-8537-b8f2513d3e9d ] Request (ServerDiagnosticsTest:tearDownClass): 200 GET http://10.180.1.21/compute/v2.1/servers/d6b780e2-6447-4fe2-891e-e7c8a831de6f 0.164s
2025-04-17 13:48:56.964 69541 INFO tempest.lib.common.rest_client [req-625f8c2f-8d6f-481b-a288-1fc3003bc54e req-625f8c2f-8d6f-481b-a288-1fc3003bc54e ] Request (ImagesOneServerNegativeTestJSON:_run_cleanups): 200 GET http://10.180.1.21/compute/v2.1/servers/0d8a7167-7c1f-4845-ba15-1bc2d84568a9 0.080s
2025-04-17 13:48:57.137 69565 INFO tempest.lib.common.rest_client [req-644cc97f-10d7-446e-8de9-870ea40c206a req-644cc97f-10d7-446e-8de9-870ea40c206a ] Request (ServerTagsTestJSON:setUpClass): 200 GET http://10.180.1.21/compute/v2.1/servers/2b523f68-396b-437a-ad1b-833802639e67 0.132s
2025-04-17 13:48:57.159 69571 INFO tempest.lib.common.rest_client [req-242b8875-6e42-49de-9fdd-25ea08f613c1 req-242b8875-6e42-49de-9fdd-25ea08f613c1 ] Request (ServerGroupTestJSON:test_create_server_with_scheduler_hint_group): 200 GET http://10.180.1.21/compute/v2.1/servers/c0b8a432-a5ff-4f34-b287-fa6b27a7dd0f 0.064s
2025-04-17 13:48:57.160 69603 INFO tempest.lib.common.rest_client [req-2bf9045a-c84e-4b1d-a6fc-8016ab0ea3d5 req-2bf9045a-c84e-4b1d-a6fc-8016ab0ea3d5 ] Request (ListImageFiltersTestJSON:setUpClass): 204 PUT http://10.180.1.21/image/v2/images/64481e3e-cc4f-4778-900f-e80407f2aba0/file 0.738s
2025-04-17 13:48:57.165 69573 WARNING tempest.lib.common.ssh [-] Failed to establish authenticated ssh connection to cirros@10.180.180.166 ([Errno None] Unable to connect to port 22 on 10.180.180.166). Number attempts: 1. Retry after 2 seconds.: paramiko.ssh_exception.NoValidConnectionsError: [Errno None] Unable to connect to port 22 on 10.180.180.166
2025-04-17 13:48:57.191 69603 INFO tempest.lib.common.rest_client [req-e3c720c8-e753-435f-8671-94bbb311b028 req-e3c720c8-e753-435f-8671-94bbb311b028 ] Request (ListImageFiltersTestJSON:setUpClass): 200 GET http://10.180.1.21/compute/v2.1/images/64481e3e-cc4f-4778-900f-e80407f2aba0 0.031s
2025-04-17 13:48:57.226 69555 WARNING tempest.lib.common.ssh [-] Failed to establish authenticated ssh connection to cirros@10.180.180.188 ([Errno None] Unable to connect to port 22 on 10.180.180.188). Number attempts: 1. Retry after 2 seconds.: paramiko.ssh_exception.NoValidConnectionsError: [Errno None] Unable to connect to port 22 on 10.180.180.188
2025-04-17 13:48:57.234 69579 INFO tempest.lib.common.rest_client [req-6932d6d4-8d2b-4166-bcc6-54beeb164115 req-6932d6d4-8d2b-4166-bcc6-54beeb164115 ] Request (MultipleCreateTestJSON:test_multiple_create): 200 GET http://10.180.1.21/compute/v2.1/servers/6bb9c6c6-4ccd-4ce9-b4d0-78c032177438 0.057s
2025-04-17 13:48:57.247 69603 INFO tempest.lib.common.rest_client [req-d30a5675-5f9a-4436-8592-43bf64411d92 req-d30a5675-5f9a-4436-8592-43bf64411d92 ] Request (ListImageFiltersTestJSON:setUpClass): 200 GET http://10.180.1.21/compute/v2.1/images/64481e3e-cc4f-4778-900f-e80407f2aba0 0.052s
2025-04-17 13:48:57.291 69595 INFO tempest.lib.common.rest_client [req-ce72d470-7bac-47ef-b6ba-220b89f34bf3 req-ce72d470-7bac-47ef-b6ba-220b89f34bf3 ] Request (InstanceActionsV221TestJSON:setUpClass): 200 PUT http://10.180.1.21:9696/networking/v2.0/routers/f61451a0-f3b8-42aa-8848-670b2b70c7a3/add_router_interface 1.083s
2025-04-17 13:48:57.292 69595 INFO tempest.lib.common.dynamic_creds [-] Created isolated network resources for: credentials: Credentials: {'domain_id': 'default', 'domain_name': 'Default', 'username': 'tempest-InstanceActionsV221TestJSON-1654709482-project-member', 'project_domain_id': 'default', 'project_domain_name': 'Default', 'project_id': 'a3cc3af2685e47d88767e300ba2a0831', 'project_name': 'tempest-InstanceActionsV221TestJSON-1654709482', 'tenant_id': 'a3cc3af2685e47d88767e300ba2a0831', 'tenant_name': 'tempest-InstanceActionsV221TestJSON-1654709482', 'user_domain_id': 'default', 'user_domain_name': 'Default', 'user_id': 'efce9620423a4b1a931009e13ee41745', 'system': None}, Network: {'id': '150c90fe-c4a4-43f1-a73f-745f41b0c3f9', 'name': 'tempest-InstanceActionsV221TestJSON-1893840658-network', 'tenant_id': 'a3cc3af2685e47d88767e300ba2a0831', 'admin_state_up': True, 'mtu': 8950, 'status': 'ACTIVE', 'subnets': [], 'shared': False, 'project_id': 'a3cc3af2685e47d88767e300ba2a0831', 'port_security_enabled': True, 'router:external': False, 'provider:network_type': 'vlan', 'provider:physical_network': 'default', 'provider:segmentation_id': 660, 'availability_zone_hints': [], 'availability_zones': [], 'ipv4_address_scope': None, 'ipv6_address_scope': None, 'description': '', 'tags': [], 'created_at': '2025-04-17T13:48:55Z', 'updated_at': '2025-04-17T13:48:55Z', 'revision_number': 1}, Subnet: {'id': '44f61524-03fa-47d9-9e53-6353c9823359', 'name': 'tempest-InstanceActionsV221TestJSON-1893840658-subnet', 'tenant_id': 'a3cc3af2685e47d88767e300ba2a0831', 'network_id': '150c90fe-c4a4-43f1-a73f-745f41b0c3f9', 'ip_version': 4, 'subnetpool_id': None, 'enable_dhcp': True, 'ipv6_ra_mode': None, 'ipv6_address_mode': None, 'gateway_ip': '192.168.128.1', 'cidr': '192.168.128.0/28', 'allocation_pools': [{'start': '192.168.128.2', 'end': '192.168.128.14'}], 'host_routes': [], 'dns_nameservers': [], 'description': '', 'router:external': False, 'service_types': [], 'tags': [], 'created_at': '2025-04-17T13:48:55Z', 'updated_at': '2025-04-17T13:48:55Z', 'revision_number': 0, 'project_id': 'a3cc3af2685e47d88767e300ba2a0831'}, Router: {'id': 'f61451a0-f3b8-42aa-8848-670b2b70c7a3', 'name': 'tempest-InstanceActionsV221TestJSON-1893840658-router', 'tenant_id': 'a3cc3af2685e47d88767e300ba2a0831', 'admin_state_up': True, 'status': 'ACTIVE', 'external_gateway_info': {'network_id': '547b0c18-ebaa-4677-aac6-3445fc0eca0b', 'external_fixed_ips': [{'subnet_id': 'a1d9142c-fbb7-4d4c-9b9f-7a2022084c3c', 'ip_address': '10.180.180.216'}], 'enable_snat': True}, 'description': '', 'availability_zones': [], 'distributed': False, 'ha': False, 'availability_zone_hints': [], 'routes': [], 'flavor_id': None, 'tags': [], 'created_at': '2025-04-17T13:48:55Z', 'updated_at': '2025-04-17T13:48:55Z', 'revision_number': 2, 'project_id': 'a3cc3af2685e47d88767e300ba2a0831'}
2025-04-17 13:48:57.323 69549 INFO tempest.lib.common.rest_client [req-f825ff4f-6e5f-46c0-9090-a9603f662f5e req-f825ff4f-6e5f-46c0-9090-a9603f662f5e ] Request (AttachInterfacesV270Test:tearDownClass): 200 GET http://10.180.1.21/compute/v2.1/servers/0becda35-ead9-4f20-acbd-73b41ba2db1b 0.088s
2025-04-17 13:48:57.404 69595 INFO tempest.lib.common.rest_client [req-2367ecd7-dfa4-4cda-868d-d58a778ad85d req-2367ecd7-dfa4-4cda-868d-d58a778ad85d ] Request (InstanceActionsV221TestJSON:setUpClass): 201 POST http://10.180.1.21/identity/v3/auth/tokens 0.108s
2025-04-17 13:48:57.407 69581 INFO tempest.lib.common.rest_client [req-ae542350-8236-4236-a461-8b210892c270 req-ae542350-8236-4236-a461-8b210892c270 ] Request (ServerDiagnosticsV248Test:test_get_server_diagnostics): 200 GET http://10.180.1.21/compute/v2.1/servers/1b0ed8eb-4e78-456d-8285-f5bff0f9ab7d 0.091s
2025-04-17 13:48:57.442 69595 INFO tempest.lib.common.rest_client [req-c56c5715-fac2-4456-bf4c-a59ab84a3cad req-c56c5715-fac2-4456-bf4c-a59ab84a3cad ] Request (InstanceActionsV221TestJSON:test_get_list_deleted_instance_actions): 201 POST http://10.180.1.21/identity/v3/auth/tokens 0.032s
2025-04-17 13:48:57.442 69595 INFO tempest.lib.common.fixed_network [-] (InstanceActionsV221TestJSON:test_get_list_deleted_instance_actions) Found network {'id': '150c90fe-c4a4-43f1-a73f-745f41b0c3f9', 'name': 'tempest-InstanceActionsV221TestJSON-1893840658-network', 'tenant_id': 'a3cc3af2685e47d88767e300ba2a0831', 'admin_state_up': True, 'mtu': 8950, 'status': 'ACTIVE', 'subnets': [], 'shared': False, 'project_id': 'a3cc3af2685e47d88767e300ba2a0831', 'port_security_enabled': True, 'router:external': False, 'provider:network_type': 'vlan', 'provider:physical_network': 'default', 'provider:segmentation_id': 660, 'availability_zone_hints': [], 'availability_zones': [], 'ipv4_address_scope': None, 'ipv6_address_scope': None, 'description': '', 'tags': [], 'created_at': '2025-04-17T13:48:55Z', 'updated_at': '2025-04-17T13:48:55Z', 'revision_number': 1} available for tenant
2025-04-17 13:48:57.509 69563 INFO tempest.lib.common.rest_client [req-5ffc7b88-a58c-4185-8d6e-17ec474a12d1 req-5ffc7b88-a58c-4185-8d6e-17ec474a12d1 ] Request (ServersAaction247Test:test_create_backup): 200 GET http://10.180.1.21/compute/v2.1/servers/da661f70-29f9-43d2-942c-c756ab4965b2 0.071s
2025-04-17 13:48:57.509 69589 INFO tempest.lib.common.rest_client [req-cc420035-ccb6-4ba4-bbc5-7f4c61468b40 req-cc420035-ccb6-4ba4-bbc5-7f4c61468b40 ] Request (ServersNegativeTestMultiTenantJSON:tearDownClass): 200 GET http://10.180.1.21/compute/v2.1/servers/c1f2c675-c9ad-41b0-97b5-600e621927de 0.080s
2025-04-17 13:48:57.601 69543 INFO tempest.lib.common.rest_client [req-6950a0a9-ff1a-45a2-90aa-8406d404c568 req-6950a0a9-ff1a-45a2-90aa-8406d404c568 ] Request (TenantUsagesTestJSON:tearDownClass): 200 GET http://10.180.1.21/compute/v2.1/servers/7a574cff-cec8-4b0c-b705-cd09f81b15f2 0.073s
2025-04-17 13:48:57.640 69603 INFO tempest.lib.common.rest_client [req-91afa48c-a35c-41f3-94e2-8220bb111ee3 req-91afa48c-a35c-41f3-94e2-8220bb111ee3 ] Request (ListImageFiltersTestJSON:setUpClass): 201 POST http://10.180.1.21/image/v2/images 0.389s
2025-04-17 13:48:57.672 69599 INFO tempest.lib.common.rest_client [req-efb7f02a-b050-4cfe-ac54-162a89e4b143 req-efb7f02a-b050-4cfe-ac54-162a89e4b143 ] Request (ServerMetadataNegativeTestJSON:tearDownClass): 200 GET http://10.180.1.21/compute/v2.1/servers/ee2d9832-32ef-44b2-878c-89762f813480 0.121s
2025-04-17 13:48:57.740 69547 INFO tempest.lib.common.rest_client [req-bdaec0df-4c88-4885-acbd-e0ed56be3190 req-bdaec0df-4c88-4885-acbd-e0ed56be3190 ] Request (ServersAdminNegativeTestJSON:tearDownClass): 200 GET http://10.180.1.21/compute/v2.1/servers/9e611d0f-aca8-4d76-9325-c8c074a97e19 0.140s
2025-04-17 13:48:57.803 69558 INFO tempest.lib.common.rest_client [req-15965020-7728-4cef-8ce9-34a1357d4dec req-15965020-7728-4cef-8ce9-34a1357d4dec ] Request (DeleteServersAdminTestJSON:test_delete_server_while_in_error_state): 200 GET http://10.180.1.21/compute/v2.1/servers/8fd4adf0-1fcc-4e47-80d7-bb84e0dd5790 0.178s
2025-04-17 13:48:57.856 69567 INFO tempest.lib.common.rest_client [req-f8217370-0c16-40aa-9c06-7125deba14f5 req-f8217370-0c16-40aa-9c06-7125deba14f5 ] Request (ServersAdminTestJSON:setUpClass): 200 GET http://10.180.1.21/compute/v2.1/servers/362a639d-a6d8-4bd8-92d5-006db634e68b 0.173s
2025-04-17 13:48:57.907 69559 INFO tempest.lib.common.rest_client [req-60b66651-9714-49c0-b36f-9469976b3e27 req-60b66651-9714-49c0-b36f-9469976b3e27 ] Request (ListServersNegativeTestJSON:setUpClass): 200 GET http://10.180.1.21/compute/v2.1/servers/4b42ce39-8bd8-45f0-ab6b-dc8806ae8edf 0.156s
2025-04-17 13:48:57.954 69601 INFO tempest.lib.common.rest_client [req-3c206e12-bd87-468f-971c-4c2abff69ed9 req-3c206e12-bd87-468f-971c-4c2abff69ed9 ] Request (MigrationsAdminTest:test_resize_server_revert_deleted_flavor): 200 GET http://10.180.1.21/compute/v2.1/servers/8d0b13c6-cb9f-4980-930d-760e24dbab70 0.142s
2025-04-17 13:48:57.973 69595 INFO tempest.lib.common.rest_client [req-cc7c919a-6fda-4867-bc9c-5092d59bcd9b req-cc7c919a-6fda-4867-bc9c-5092d59bcd9b ] Request (InstanceActionsV221TestJSON:test_get_list_deleted_instance_actions): 202 POST http://10.180.1.21/compute/v2.1/servers 0.529s
2025-04-17 13:48:58.098 69545 INFO tempest.lib.common.rest_client [req-89451cdb-c763-4aa0-90c6-5c828422c2af req-89451cdb-c763-4aa0-90c6-5c828422c2af ] Request (ServersNegativeTestJSON:setUpClass): 200 GET http://10.180.1.21/compute/v2.1/servers/cd72fe81-eab5-496c-9f24-21ea8d2c6e20 0.265s
2025-04-17 13:48:58.121 69553 INFO tempest.lib.common.rest_client [req-5271a201-4711-46ed-818a-981534e2e0bc req-5271a201-4711-46ed-818a-981534e2e0bc ] Request (DeleteServersTestJSON:test_delete_server_while_in_attached_volume): 200 GET http://10.180.1.21/compute/v2.1/servers/9bb54c89-5c52-466a-88b6-bb3c98a6bd91 0.248s
2025-04-17 13:48:58.129 69553 INFO tempest.common.waiters [-] State transition "BUILD/networking" ==> "BUILD/spawning" after 35 second wait
2025-04-17 13:48:58.160 69551 INFO tempest.lib.common.rest_client [req-58af6666-11be-4bdf-a3ac-e2aae8719717 req-58af6666-11be-4bdf-a3ac-e2aae8719717 ] Request (ImagesOneServerTestJSON:setUpClass): 200 GET http://10.180.1.21/compute/v2.1/servers/ed692e48-b9de-4a4f-8822-7b48266a065e 0.264s
2025-04-17 13:48:58.179 69569 INFO tempest.lib.common.rest_client [req-c14ffa44-c28e-41dd-aebf-eadb304c0d24 req-c14ffa44-c28e-41dd-aebf-eadb304c0d24 ] Request (ServerDiagnosticsTest:tearDownClass): 200 GET http://10.180.1.21/compute/v2.1/servers/d6b780e2-6447-4fe2-891e-e7c8a831de6f 0.225s
2025-04-17 13:48:58.237 69541 INFO tempest.lib.common.rest_client [req-04774e6a-a7a6-4954-936e-cd40e8a80308 req-04774e6a-a7a6-4954-936e-cd40e8a80308 ] Request (ImagesOneServerNegativeTestJSON:_run_cleanups): 200 GET http://10.180.1.21/compute/v2.1/servers/0d8a7167-7c1f-4845-ba15-1bc2d84568a9 0.265s
2025-04-17 13:48:58.240 69595 INFO tempest.lib.common.rest_client [req-8260c07c-dadc-4a9b-a0d7-8fbac10c9874 req-8260c07c-dadc-4a9b-a0d7-8fbac10c9874 ] Request (InstanceActionsV221TestJSON:test_get_list_deleted_instance_actions): 200 GET http://10.180.1.21/compute/v2.1/servers/9edf3bcb-6734-4e69-9455-da267cea0bcd 0.266s
2025-04-17 13:48:58.305 69571 INFO tempest.lib.common.rest_client [req-b276ff61-c595-4717-abe7-ff06d718d08c req-b276ff61-c595-4717-abe7-ff06d718d08c ] Request (ServerGroupTestJSON:test_create_server_with_scheduler_hint_group): 200 GET http://10.180.1.21/compute/v2.1/servers/c0b8a432-a5ff-4f34-b287-fa6b27a7dd0f 0.138s
2025-04-17 13:48:58.312 69585 WARNING tempest.lib.common.ssh [-] Failed to establish authenticated ssh connection to cirros@10.180.180.151 ([Errno None] Unable to connect to port 22 on 10.180.180.151). Number attempts: 3. Retry after 4 seconds.: paramiko.ssh_exception.NoValidConnectionsError: [Errno None] Unable to connect to port 22 on 10.180.180.151
2025-04-17 13:48:58.370 69565 INFO tempest.lib.common.rest_client [req-f1a08641-f346-40c9-a925-eafef9d84adc req-f1a08641-f346-40c9-a925-eafef9d84adc ] Request (ServerTagsTestJSON:setUpClass): 200 GET http://10.180.1.21/compute/v2.1/servers/2b523f68-396b-437a-ad1b-833802639e67 0.225s
2025-04-17 13:48:58.378 69579 INFO tempest.lib.common.rest_client [req-31da7f01-9153-46f1-a62e-a852bc86cc27 req-31da7f01-9153-46f1-a62e-a852bc86cc27 ] Request (MultipleCreateTestJSON:test_multiple_create): 200 GET http://10.180.1.21/compute/v2.1/servers/6bb9c6c6-4ccd-4ce9-b4d0-78c032177438 0.131s
2025-04-17 13:48:58.380 69565 INFO tempest.common.waiters [-] State transition "BUILD/spawning" ==> "ACTIVE/None" after 40 second wait
2025-04-17 13:48:58.449 69549 INFO tempest.lib.common.rest_client [req-2963c9ce-28cc-4a7e-8e78-dfe19749c3f3 req-2963c9ce-28cc-4a7e-8e78-dfe19749c3f3 ] Request (AttachInterfacesV270Test:tearDownClass): 200 GET http://10.180.1.21/compute/v2.1/servers/0becda35-ead9-4f20-acbd-73b41ba2db1b 0.114s
2025-04-17 13:48:58.469 69565 INFO tempest.lib.common.rest_client [req-58022563-a129-4a19-b969-5d2844047f53 req-58022563-a129-4a19-b969-5d2844047f53 ] Request (ServerTagsTestJSON:test_check_tag_existence): 201 PUT http://10.180.1.21/compute/v2.1/servers/2b523f68-396b-437a-ad1b-833802639e67/tags/tempest-tag-569388594 0.087s
2025-04-17 13:48:58.494 69565 INFO tempest.lib.common.rest_client [req-e044cffb-c53a-4cb0-b7d7-34f2e8de2bc0 req-e044cffb-c53a-4cb0-b7d7-34f2e8de2bc0 ] Request (ServerTagsTestJSON:test_check_tag_existence): 204 GET http://10.180.1.21/compute/v2.1/servers/2b523f68-396b-437a-ad1b-833802639e67/tags/tempest-tag-569388594 0.024s
2025-04-17 13:48:58.513 69581 INFO tempest.lib.common.rest_client [req-e5cbdcb9-9842-47a8-ab31-6c86f6825ecf req-e5cbdcb9-9842-47a8-ab31-6c86f6825ecf ] Request (ServerDiagnosticsV248Test:test_get_server_diagnostics): 200 GET http://10.180.1.21/compute/v2.1/servers/1b0ed8eb-4e78-456d-8285-f5bff0f9ab7d 0.096s
2025-04-17 13:48:58.548 69565 INFO tempest.lib.common.rest_client [req-47b61759-11b9-4a70-950d-e5e9113848cb req-47b61759-11b9-4a70-950d-e5e9113848cb ] Request (ServerTagsTestJSON:_run_cleanups): 204 DELETE http://10.180.1.21/compute/v2.1/servers/2b523f68-396b-437a-ad1b-833802639e67/tags 0.054s
2025-04-17 13:48:58.586 69563 INFO tempest.lib.common.rest_client [req-79ef970d-36d6-4b9e-bb1e-ed49b1acf396 req-79ef970d-36d6-4b9e-bb1e-ed49b1acf396 ] Request (ServersAaction247Test:test_create_backup): 200 GET http://10.180.1.21/compute/v2.1/servers/da661f70-29f9-43d2-942c-c756ab4965b2 0.067s
2025-04-17 13:48:58.605 69565 INFO tempest.lib.common.rest_client [req-28de7c82-68d0-4dc4-92a6-5e20806f47c6 req-28de7c82-68d0-4dc4-92a6-5e20806f47c6 ] Request (ServerTagsTestJSON:test_create_delete_tag): 200 GET http://10.180.1.21/compute/v2.1/servers/2b523f68-396b-437a-ad1b-833802639e67/tags 0.055s
2025-04-17 13:48:58.614 69589 INFO tempest.lib.common.rest_client [req-3b18e2c5-eab4-4793-9181-03726691e143 req-3b18e2c5-eab4-4793-9181-03726691e143 ] Request (ServersNegativeTestMultiTenantJSON:tearDownClass): 200 GET http://10.180.1.21/compute/v2.1/servers/c1f2c675-c9ad-41b0-97b5-600e621927de 0.092s
2025-04-17 13:48:58.676 69543 INFO tempest.lib.common.rest_client [req-aa08693f-d78b-49a4-8f36-fc977194c412 req-aa08693f-d78b-49a4-8f36-fc977194c412 ] Request (TenantUsagesTestJSON:tearDownClass): 200 GET http://10.180.1.21/compute/v2.1/servers/7a574cff-cec8-4b0c-b705-cd09f81b15f2 0.067s
2025-04-17 13:48:58.700 69561 WARNING tempest.lib.common.ssh [-] Failed to establish authenticated ssh connection to cirros@10.180.180.239 ([Errno None] Unable to connect to port 22 on 10.180.180.239). Number attempts: 7. Retry after 8 seconds.: paramiko.ssh_exception.NoValidConnectionsError: [Errno None] Unable to connect to port 22 on 10.180.180.239
2025-04-17 13:48:58.714 69565 INFO tempest.lib.common.rest_client [req-33825067-314c-4af9-80e6-117f60dfadec req-33825067-314c-4af9-80e6-117f60dfadec ] Request (ServerTagsTestJSON:test_create_delete_tag): 201 PUT http://10.180.1.21/compute/v2.1/servers/2b523f68-396b-437a-ad1b-833802639e67/tags/tempest-tag-722396035 0.107s
2025-04-17 13:48:58.739 69565 INFO tempest.lib.common.rest_client [req-74c3837e-889f-45f0-9902-ca6f3a8acdf3 req-74c3837e-889f-45f0-9902-ca6f3a8acdf3 ] Request (ServerTagsTestJSON:test_create_delete_tag): 200 GET http://10.180.1.21/compute/v2.1/servers/2b523f68-396b-437a-ad1b-833802639e67/tags 0.023s
2025-04-17 13:48:58.787 69599 INFO tempest.lib.common.rest_client [req-6bd42798-91f0-4f91-9198-d0d719c296dd req-6bd42798-91f0-4f91-9198-d0d719c296dd ] Request (ServerMetadataNegativeTestJSON:tearDownClass): 200 GET http://10.180.1.21/compute/v2.1/servers/ee2d9832-32ef-44b2-878c-89762f813480 0.105s
2025-04-17 13:48:58.799 69565 INFO tempest.lib.common.rest_client [req-83cf2393-2c40-4c1e-ab08-3ff609bcfba0 req-83cf2393-2c40-4c1e-ab08-3ff609bcfba0 ] Request (ServerTagsTestJSON:test_create_delete_tag): 204 DELETE http://10.180.1.21/compute/v2.1/servers/2b523f68-396b-437a-ad1b-833802639e67/tags/tempest-tag-722396035 0.058s
2025-04-17 13:48:58.817 69565 INFO tempest.lib.common.rest_client [req-135feb0a-cc23-44aa-bb79-4495b08e1643 req-135feb0a-cc23-44aa-bb79-4495b08e1643 ] Request (ServerTagsTestJSON:test_create_delete_tag): 200 GET http://10.180.1.21/compute/v2.1/servers/2b523f68-396b-437a-ad1b-833802639e67/tags 0.018s
2025-04-17 13:48:58.853 69547 INFO tempest.lib.common.rest_client [req-c913f272-8939-47a2-868b-35b5566faf1a req-c913f272-8939-47a2-868b-35b5566faf1a ] Request (ServersAdminNegativeTestJSON:tearDownClass): 200 GET http://10.180.1.21/compute/v2.1/servers/9e611d0f-aca8-4d76-9325-c8c074a97e19 0.104s
2025-04-17 13:48:58.883 69558 INFO tempest.lib.common.rest_client [req-b16672a4-1e3b-4d86-81a5-58cc1088c49e req-b16672a4-1e3b-4d86-81a5-58cc1088c49e ] Request (DeleteServersAdminTestJSON:test_delete_server_while_in_error_state): 200 GET http://10.180.1.21/compute/v2.1/servers/8fd4adf0-1fcc-4e47-80d7-bb84e0dd5790 0.072s
2025-04-17 13:48:58.896 69565 INFO tempest.lib.common.rest_client [req-b36568c2-4249-4bc8-bd47-14a56a626303 req-b36568c2-4249-4bc8-bd47-14a56a626303 ] Request (ServerTagsTestJSON:_run_cleanups): 204 DELETE http://10.180.1.21/compute/v2.1/servers/2b523f68-396b-437a-ad1b-833802639e67/tags 0.077s
2025-04-17 13:48:58.938 69567 INFO tempest.lib.common.rest_client [req-312be8c3-8348-43d6-8e58-b3d1633b4035 req-312be8c3-8348-43d6-8e58-b3d1633b4035 ] Request (ServersAdminTestJSON:setUpClass): 200 GET http://10.180.1.21/compute/v2.1/servers/362a639d-a6d8-4bd8-92d5-006db634e68b 0.072s
2025-04-17 13:48:58.954 69565 INFO tempest.lib.common.rest_client [req-d270938b-3c54-4bb2-a60d-4a9ec7745ae3 req-d270938b-3c54-4bb2-a60d-4a9ec7745ae3 ] Request (ServerTagsTestJSON:test_delete_all_tags): 201 PUT http://10.180.1.21/compute/v2.1/servers/2b523f68-396b-437a-ad1b-833802639e67/tags/tempest-tag-1345996110 0.057s
2025-04-17 13:48:58.995 69559 INFO tempest.lib.common.rest_client [req-f033fa9a-1166-483b-83e0-6b9a2b7b337d req-f033fa9a-1166-483b-83e0-6b9a2b7b337d ] Request (ListServersNegativeTestJSON:setUpClass): 200 GET http://10.180.1.21/compute/v2.1/servers/4b42ce39-8bd8-45f0-ab6b-dc8806ae8edf 0.079s
2025-04-17 13:48:59.024 69565 INFO tempest.lib.common.rest_client [req-6bbb3df4-4246-47f4-aea8-b6a849a48f3d req-6bbb3df4-4246-47f4-aea8-b6a849a48f3d ] Request (ServerTagsTestJSON:test_delete_all_tags): 201 PUT http://10.180.1.21/compute/v2.1/servers/2b523f68-396b-437a-ad1b-833802639e67/tags/tempest-tag-1612043786 0.069s
2025-04-17 13:48:59.048 69601 INFO tempest.lib.common.rest_client [req-09d63fb9-2e98-4044-ad5b-01c80f941246 req-09d63fb9-2e98-4044-ad5b-01c80f941246 ] Request (MigrationsAdminTest:test_resize_server_revert_deleted_flavor): 200 GET http://10.180.1.21/compute/v2.1/servers/8d0b13c6-cb9f-4980-930d-760e24dbab70 0.084s
2025-04-17 13:48:59.069 69565 INFO tempest.lib.common.rest_client [req-da80fff9-6c2a-4a2e-82cc-a4bf56da06dc req-da80fff9-6c2a-4a2e-82cc-a4bf56da06dc ] Request (ServerTagsTestJSON:test_delete_all_tags): 204 DELETE http://10.180.1.21/compute/v2.1/servers/2b523f68-396b-437a-ad1b-833802639e67/tags 0.044s
2025-04-17 13:48:59.086 69565 INFO tempest.lib.common.rest_client [req-7a20f007-f5f2-4f1d-aaa6-dc01d2682fcf req-7a20f007-f5f2-4f1d-aaa6-dc01d2682fcf ] Request (ServerTagsTestJSON:test_delete_all_tags): 200 GET http://10.180.1.21/compute/v2.1/servers/2b523f68-396b-437a-ad1b-833802639e67/tags 0.016s
2025-04-17 13:48:59.128 69565 INFO tempest.lib.common.rest_client [req-abe9542d-ac07-46d7-a219-9c9cb76d1a4a req-abe9542d-ac07-46d7-a219-9c9cb76d1a4a ] Request (ServerTagsTestJSON:_run_cleanups): 204 DELETE http://10.180.1.21/compute/v2.1/servers/2b523f68-396b-437a-ad1b-833802639e67/tags 0.041s
2025-04-17 13:48:59.182 69565 INFO tempest.lib.common.rest_client [req-fce65735-5329-4c3b-a66b-b7f0f0fb1cf8 req-fce65735-5329-4c3b-a66b-b7f0f0fb1cf8 ] Request (ServerTagsTestJSON:test_update_all_tags): 201 PUT http://10.180.1.21/compute/v2.1/servers/2b523f68-396b-437a-ad1b-833802639e67/tags/tempest-tag-756293378 0.053s
2025-04-17 13:48:59.200 69545 INFO tempest.lib.common.rest_client [req-7af619e0-220e-40fe-ad67-c9e3f3727fdf req-7af619e0-220e-40fe-ad67-c9e3f3727fdf ] Request (ServersNegativeTestJSON:setUpClass): 200 GET http://10.180.1.21/compute/v2.1/servers/cd72fe81-eab5-496c-9f24-21ea8d2c6e20 0.092s
2025-04-17 13:48:59.227 69603 INFO tempest.lib.common.rest_client [req-f79c04ce-39d6-41a6-96e6-a53a0d53e9b4 req-f79c04ce-39d6-41a6-96e6-a53a0d53e9b4 ] Request (ListImageFiltersTestJSON:setUpClass): 204 PUT http://10.180.1.21/image/v2/images/9665085e-461f-4373-9e9a-47c2d3945853/file 0.585s
2025-04-17 13:48:59.253 69551 INFO tempest.lib.common.rest_client [req-689524f8-a3bb-4355-a8ef-31578c59eae3 req-689524f8-a3bb-4355-a8ef-31578c59eae3 ] Request (ImagesOneServerTestJSON:setUpClass): 200 GET http://10.180.1.21/compute/v2.1/servers/ed692e48-b9de-4a4f-8822-7b48266a065e 0.085s
2025-04-17 13:48:59.272 69583 WARNING tempest.lib.common.ssh [-] Failed to establish authenticated ssh connection to cirros@10.180.180.148 ([Errno None] Unable to connect to port 22 on 10.180.180.148). Number attempts: 8. Retry after 9 seconds.: paramiko.ssh_exception.NoValidConnectionsError: [Errno None] Unable to connect to port 22 on 10.180.180.148
2025-04-17 13:48:59.297 69553 INFO tempest.lib.common.rest_client [req-3b6de514-f52b-45c9-af2d-4bc80832ccbe req-3b6de514-f52b-45c9-af2d-4bc80832ccbe ] Request (DeleteServersTestJSON:test_delete_server_while_in_attached_volume): 200 GET http://10.180.1.21/compute/v2.1/servers/9bb54c89-5c52-466a-88b6-bb3c98a6bd91 0.167s
2025-04-17 13:48:59.308 69565 INFO tempest.lib.common.rest_client [req-54f7265c-aba1-4452-8100-1f4d3c146964 req-54f7265c-aba1-4452-8100-1f4d3c146964 ] Request (ServerTagsTestJSON:test_update_all_tags): 201 PUT http://10.180.1.21/compute/v2.1/servers/2b523f68-396b-437a-ad1b-833802639e67/tags/tempest-tag-29236214 0.124s
2025-04-17 13:48:59.342 69603 INFO tempest.lib.common.rest_client [req-78c2432e-50a7-4b26-8324-652749f1905a req-78c2432e-50a7-4b26-8324-652749f1905a ] Request (ListImageFiltersTestJSON:setUpClass): 200 GET http://10.180.1.21/compute/v2.1/images/9665085e-461f-4373-9e9a-47c2d3945853 0.115s
2025-04-17 13:48:59.357 69569 INFO tempest.lib.common.rest_client [req-4616ed57-9685-4f6b-ad79-505cc9d93373 req-4616ed57-9685-4f6b-ad79-505cc9d93373 ] Request (ServerDiagnosticsTest:tearDownClass): 200 GET http://10.180.1.21/compute/v2.1/servers/d6b780e2-6447-4fe2-891e-e7c8a831de6f 0.170s
2025-04-17 13:48:59.399 69541 INFO tempest.lib.common.rest_client [req-2890ecfa-f4ea-4210-94f2-0e625d0bef0c req-2890ecfa-f4ea-4210-94f2-0e625d0bef0c ] Request (ImagesOneServerNegativeTestJSON:_run_cleanups): 200 GET http://10.180.1.21/compute/v2.1/servers/0d8a7167-7c1f-4845-ba15-1bc2d84568a9 0.154s
2025-04-17 13:48:59.414 69595 INFO tempest.lib.common.rest_client [req-9956f937-6acf-4619-93f8-d21571dd9dab req-9956f937-6acf-4619-93f8-d21571dd9dab ] Request (InstanceActionsV221TestJSON:test_get_list_deleted_instance_actions): 200 GET http://10.180.1.21/compute/v2.1/servers/9edf3bcb-6734-4e69-9455-da267cea0bcd 0.163s
2025-04-17 13:48:59.458 69565 INFO tempest.lib.common.rest_client [req-4fd2c1aa-2dc1-4410-81f0-d9ed5ff95491 req-4fd2c1aa-2dc1-4410-81f0-d9ed5ff95491 ] Request (ServerTagsTestJSON:test_update_all_tags): 200 PUT http://10.180.1.21/compute/v2.1/servers/2b523f68-396b-437a-ad1b-833802639e67/tags 0.149s
2025-04-17 13:48:59.461 69571 INFO tempest.lib.common.rest_client [req-cf022222-1e4e-4200-9d0b-1e7012c8fe1c req-cf022222-1e4e-4200-9d0b-1e7012c8fe1c ] Request (ServerGroupTestJSON:test_create_server_with_scheduler_hint_group): 200 GET http://10.180.1.21/compute/v2.1/servers/c0b8a432-a5ff-4f34-b287-fa6b27a7dd0f 0.148s
2025-04-17 13:48:59.484 69603 INFO tempest.lib.common.rest_client [req-8a4f353b-7368-4ca5-884d-f5262d420914 req-8a4f353b-7368-4ca5-884d-f5262d420914 ] Request (ListImageFiltersTestJSON:setUpClass): 200 GET http://10.180.1.21/compute/v2.1/images/9665085e-461f-4373-9e9a-47c2d3945853 0.139s
2025-04-17 13:48:59.500 69565 INFO tempest.lib.common.rest_client [req-2853c27c-e3b2-4caa-9d6f-2ffbc19a1361 req-2853c27c-e3b2-4caa-9d6f-2ffbc19a1361 ] Request (ServerTagsTestJSON:test_update_all_tags): 200 GET http://10.180.1.21/compute/v2.1/servers/2b523f68-396b-437a-ad1b-833802639e67/tags 0.040s
2025-04-17 13:48:59.507 69579 INFO tempest.lib.common.rest_client [req-e21bdecb-a9d5-4b96-a554-ad54ca3d377b req-e21bdecb-a9d5-4b96-a554-ad54ca3d377b ] Request (MultipleCreateTestJSON:test_multiple_create): 200 GET http://10.180.1.21/compute/v2.1/servers/6bb9c6c6-4ccd-4ce9-b4d0-78c032177438 0.118s
2025-04-17 13:48:59.517 69597 WARNING tempest.lib.common.ssh [-] Failed to establish authenticated ssh connection to cirros@10.180.180.189 ([Errno None] Unable to connect to port 22 on 10.180.180.189). Number attempts: 6. Retry after 7 seconds.: paramiko.ssh_exception.NoValidConnectionsError: [Errno None] Unable to connect to port 22 on 10.180.180.189
2025-04-17 13:48:59.547 69565 INFO tempest.lib.common.rest_client [req-4610c236-86d2-4d75-a2d2-8fbae15070af req-4610c236-86d2-4d75-a2d2-8fbae15070af ] Request (ServerTagsTestJSON:_run_cleanups): 204 DELETE http://10.180.1.21/compute/v2.1/servers/2b523f68-396b-437a-ad1b-833802639e67/tags 0.046s
2025-04-17 13:48:59.563 69549 INFO tempest.lib.common.rest_client [req-f70b6f2b-3fce-4ac3-b3ab-91275c03805f req-f70b6f2b-3fce-4ac3-b3ab-91275c03805f ] Request (AttachInterfacesV270Test:tearDownClass): 200 GET http://10.180.1.21/compute/v2.1/servers/0becda35-ead9-4f20-acbd-73b41ba2db1b 0.100s
2025-04-17 13:48:59.563 69603 INFO tempest.lib.common.rest_client [req-66ef2caa-3652-4238-a4d2-bec6ea581c40 req-66ef2caa-3652-4238-a4d2-bec6ea581c40 ] Request (ListImageFiltersTestJSON:setUpClass): 201 POST http://10.180.1.21/identity/v3/auth/tokens 0.072s
2025-04-17 13:48:59.563 69603 INFO tempest.lib.common.fixed_network [-] (ListImageFiltersTestJSON:setUpClass) Found network None available for tenant
2025-04-17 13:48:59.602 69581 INFO tempest.lib.common.rest_client [req-e19116a0-5c55-46a7-91f9-91a843e6d5d9 req-e19116a0-5c55-46a7-91f9-91a843e6d5d9 ] Request (ServerDiagnosticsV248Test:test_get_server_diagnostics): 200 GET http://10.180.1.21/compute/v2.1/servers/1b0ed8eb-4e78-456d-8285-f5bff0f9ab7d 0.076s
2025-04-17 13:48:59.611 69581 INFO tempest.common.waiters [-] State transition "BUILD/None" ==> "BUILD/networking" after 35 second wait
2025-04-17 13:48:59.640 69565 INFO tempest.lib.common.rest_client [req-d6ac9080-b415-424c-ab2f-e7c53fe07114 req-d6ac9080-b415-424c-ab2f-e7c53fe07114 ] Request (ServerTagsTestJSON:tearDownClass): 204 DELETE http://10.180.1.21/compute/v2.1/servers/2b523f68-396b-437a-ad1b-833802639e67 0.086s
2025-04-17 13:48:59.702 69563 INFO tempest.lib.common.rest_client [req-a93c397b-aedf-4fab-8116-3a57c7133d63 req-a93c397b-aedf-4fab-8116-3a57c7133d63 ] Request (ServersAaction247Test:test_create_backup): 200 GET http://10.180.1.21/compute/v2.1/servers/da661f70-29f9-43d2-942c-c756ab4965b2 0.103s
