2025-04-17 13:47:19.514 69559 INFO tempest.lib.common.dynamic_creds [-] Created isolated network resources for: credentials: Credentials: {'domain_id': 'default', 'domain_name': 'Default', 'username': 'tempest-FlavorsV255TestJSON-166424398-project-admin', 'project_domain_id': 'default', 'project_domain_name': 'Default', 'project_id': '25efae09af844022b648debc6873121b', 'project_name': 'tempest-FlavorsV255TestJSON-166424398', 'tenant_id': '25efae09af844022b648debc6873121b', 'tenant_name': 'tempest-FlavorsV255TestJSON-166424398', 'user_domain_id': 'default', 'user_domain_name': 'Default', 'user_id': '24ca8cb507f04a258f8c5a2bd1450441', 'system': None}, Network: None, Subnet: None, Router: None
2025-04-17 13:47:19.615 69559 INFO tempest.lib.common.rest_client [req-44a1f86e-8c52-47dc-8716-1054fed19f3c req-44a1f86e-8c52-47dc-8716-1054fed19f3c ] Request (FlavorsV255TestJSON:setUpClass): 201 POST http://10.180.1.21/identity/v3/auth/tokens 0.096s
2025-04-17 13:47:19.618 69601 INFO tempest.lib.common.rest_client [req-a65ad86d-8cec-43d4-bb4e-8e324f1c5c2d req-a65ad86d-8cec-43d4-bb4e-8e324f1c5c2d ] Request (MigrationsAdminTest:test_list_migrations_in_flavor_resize_situation): 200 GET http://10.180.1.21/compute/v2.1/servers/99ee16d5-2d5a-48d8-9f4e-188fe6a4c7fa 2.366s
2025-04-17 13:47:19.696 69543 INFO tempest.lib.common.rest_client [req-67ff8a9f-e8fd-4d33-9e7a-1b160c965b59 req-67ff8a9f-e8fd-4d33-9e7a-1b160c965b59 ] Request (QuotasAdminNegativeTest:test_create_server_when_cpu_quota_is_full): 200 GET http://10.180.1.21/compute/v2.1/os-quota-sets/4d81ba0e2dbd457aab3caf8b0b90ec44 2.339s
2025-04-17 13:47:19.712 69575 INFO tempest.lib.common.rest_client [req-108c6223-825c-44e8-97fd-68942e196a11 req-108c6223-825c-44e8-97fd-68942e196a11 ] Request (ServersWithSpecificFlavorTestJSON:setUpClass): 201 POST http://10.180.1.21:9696/networking/v2.0/networks 0.481s
2025-04-17 13:47:19.726 69593 INFO tempest.lib.common.rest_client [req-bf6d2373-5ae8-4fdc-bfad-f4fabfba17ab req-bf6d2373-5ae8-4fdc-bfad-f4fabfba17ab ] Request (ServersTestManualDisk:setUpClass): 200 POST http://10.180.1.21/compute/v2.1/os-keypairs 2.134s
2025-04-17 13:47:19.735 69577 INFO tempest.lib.common.rest_client [req-b6df4c7a-44d8-48ec-9c3d-b0dbe0a98783 req-b6df4c7a-44d8-48ec-9c3d-b0dbe0a98783 ] Request (QuotasSecurityGroupAdminNegativeTest:tearDownClass): 204 DELETE http://10.180.1.21:9696/networking/v2.0/security-groups/487e77e1-b3ac-4ca2-877d-6babf48015e7 0.340s
2025-04-17 13:47:19.812 69551 INFO tempest.lib.common.rest_client [req-f60b7a09-b239-4c3d-9f76-5fc8e99a3c6a req-f60b7a09-b239-4c3d-9f76-5fc8e99a3c6a ] Request (HostsAdminNegativeTestJSON:setUpClass): 200 GET http://10.180.1.21/compute/v2.1/os-hosts 2.153s
2025-04-17 13:47:19.859 69577 INFO tempest.lib.common.rest_client [req-69a892c6-fd99-47cb-beaa-1a438ed951c8 req-69a892c6-fd99-47cb-beaa-1a438ed951c8 ] Request (QuotasSecurityGroupAdminNegativeTest:tearDownClass): 204 DELETE http://10.180.1.21/identity/v3/projects/0da60045d7cc47bfbd5bdb62b303409b 0.123s
2025-04-17 13:47:19.859 69577 INFO tempest.lib.common.dynamic_creds [-] Deleting project and security group for project: 60bf6fb4912a48238d92471fc2832e64
2025-04-17 13:47:19.875 69575 INFO tempest.lib.common.rest_client [req-0e9f4d22-3194-408f-85bf-ab1fff4cadd4 req-0e9f4d22-3194-408f-85bf-ab1fff4cadd4 ] Request (ServersWithSpecificFlavorTestJSON:setUpClass): 201 POST http://10.180.1.21:9696/networking/v2.0/subnets 0.162s
2025-04-17 13:47:19.890 69603 INFO tempest.lib.common.rest_client [req-9dd6abdb-4728-4113-a9a9-e0fba7aa0ca3 req-9dd6abdb-4728-4113-a9a9-e0fba7aa0ca3 ] Request (ServersAdmin275Test:test_rebuild_update_server_275): 202 POST http://10.180.1.21/compute/v2.1/servers 2.295s
2025-04-17 13:47:19.908 69581 INFO tempest.lib.common.rest_client [req-b376eb88-b645-4088-a7e3-a888f93c1e2c req-b376eb88-b645-4088-a7e3-a888f93c1e2c ] Request (AggregatesAdminNegativeTestJSON:setUpClass): 200 GET http://10.180.1.21/compute/v2.1/os-services?binary=nova-compute 2.185s
2025-04-17 13:47:20.023 69579 INFO tempest.lib.common.rest_client [req-ddaf668c-e177-4cc1-9c1f-3ce987b988fd req-ddaf668c-e177-4cc1-9c1f-3ce987b988fd ] Request (FlavorsAdminTestJSON:test_create_flavor_using_string_ram): 200 POST http://10.180.1.21/compute/v2.1/flavors 2.149s
2025-04-17 13:47:20.025 69549 INFO tempest.lib.common.rest_client [req-67a73473-77af-4885-8104-b58fbc6392db req-67a73473-77af-4885-8104-b58fbc6392db ] Request (HostsAdminTestJSON:test_list_hosts): 200 GET http://10.180.1.21/compute/v2.1/os-hosts 2.253s
2025-04-17 13:47:20.030 69593 INFO tempest.lib.common.rest_client [req-f0f96b9d-ee71-42b4-a35d-76882b2547da req-f0f96b9d-ee71-42b4-a35d-76882b2547da ] Request (ServersTestManualDisk:setUpClass): 201 POST http://10.180.1.21:9696/networking/v2.0/security-groups 0.302s
2025-04-17 13:47:20.049 69577 INFO tempest.lib.common.rest_client [req-c3aadcd6-e940-40cf-a06c-015318862f56 req-c3aadcd6-e940-40cf-a06c-015318862f56 ] Request (QuotasSecurityGroupAdminNegativeTest:tearDownClass): 200 GET http://10.180.1.21:9696/networking/v2.0/security-groups?tenant_id=60bf6fb4912a48238d92471fc2832e64&name=default 0.190s
2025-04-17 13:47:20.085 69583 INFO tempest.lib.common.rest_client [req-aee57f72-7495-449a-b4c7-fa48fd4d8254 req-aee57f72-7495-449a-b4c7-fa48fd4d8254 ] Request (VolumesAssistedSnapshotsTest:setUpClass): 201 POST http://10.180.1.21:9696/networking/v2.0/routers 0.892s
2025-04-17 13:47:20.133 69589 INFO tempest.lib.common.rest_client [req-01f289ad-92c6-4052-8ad8-a406c5903cef req-01f289ad-92c6-4052-8ad8-a406c5903cef ] Request (FlavorMetadataValidation:test_flavor_update_with_custom_namespace): 200 POST http://10.180.1.21/compute/v2.1/flavors 2.145s
2025-04-17 13:47:20.176 69577 INFO tempest.lib.common.rest_client [req-0f124375-4ab5-44aa-ad44-d5af3217f7d0 req-0f124375-4ab5-44aa-ad44-d5af3217f7d0 ] Request (QuotasSecurityGroupAdminNegativeTest:tearDownClass): 204 DELETE http://10.180.1.21:9696/networking/v2.0/security-groups/86195003-85b8-418f-984f-fb754bde5992 0.126s
2025-04-17 13:47:20.215 69593 INFO tempest.lib.common.rest_client [req-ad7b7d5f-fa49-4e45-87e4-93a3fe28d769 req-ad7b7d5f-fa49-4e45-87e4-93a3fe28d769 ] Request (ServersTestManualDisk:setUpClass): 201 POST http://10.180.1.21:9696/networking/v2.0/security-group-rules 0.184s
2025-04-17 13:47:20.272 69553 INFO tempest.lib.common.rest_client [req-72112519-67dc-4ebb-9549-5f674bab1775 req-72112519-67dc-4ebb-9549-5f674bab1775 ] Request (HypervisorAdminV253TestBase:test_list_show_detail_hypervisors): 200 GET http://10.180.1.21/compute/v2.1/os-hypervisors/detail?with_servers=True 2.217s
2025-04-17 13:47:20.312 69577 INFO tempest.lib.common.rest_client [req-a1136789-2332-4df6-8066-0d14a42f3f80 req-a1136789-2332-4df6-8066-0d14a42f3f80 ] Request (QuotasSecurityGroupAdminNegativeTest:tearDownClass): 204 DELETE http://10.180.1.21/identity/v3/projects/60bf6fb4912a48238d92471fc2832e64 0.135s
2025-04-17 13:47:20.327 69591 INFO tempest.lib.common.rest_client [req-1f1349eb-74fd-491a-a393-dad834d2b8e3 req-1f1349eb-74fd-491a-a393-dad834d2b8e3 ] Request (ServersListShow298Test:test_list_show_update_rebuild_server_298): 200 GET http://10.180.1.21/compute/v2.1/servers/0dc4abf2-a9c7-45e2-a88a-e1be99b2a9cf 2.272s
2025-04-17 13:47:20.360 69593 INFO tempest.lib.common.rest_client [req-0021ed86-e99f-43ca-bfd0-ca279555fd83 req-0021ed86-e99f-43ca-bfd0-ca279555fd83 ] Request (ServersTestManualDisk:setUpClass): 201 POST http://10.180.1.21:9696/networking/v2.0/security-group-rules 0.144s
2025-04-17 13:47:20.379 69577 INFO tempest.lib.common.rest_client [req-b05beb46-2bc5-4f36-966b-3094336dd197 req-b05beb46-2bc5-4f36-966b-3094336dd197 ] Request (ServicesAdminTestJSON:setUpClass): 201 POST http://10.180.1.21/identity/v3/auth/tokens 0.065s
2025-04-17 13:47:20.410 69577 INFO tempest.lib.common.rest_client [req-b80379d8-04e8-46b7-9d15-490fbdee9976 req-b80379d8-04e8-46b7-9d15-490fbdee9976 ] Request (ServicesAdminTestJSON:setUpClass): 201 POST http://10.180.1.21/identity/v3/auth/tokens 0.029s
2025-04-17 13:47:20.439 69577 INFO tempest.lib.common.rest_client [req-18a3e8d5-75c8-4103-b586-4ca13dd1da51 req-18a3e8d5-75c8-4103-b586-4ca13dd1da51 ] Request (ServicesAdminTestJSON:setUpClass): 200 GET http://10.180.1.21/identity/v3/domains?name=Default 0.028s
2025-04-17 13:47:20.472 69577 INFO tempest.lib.common.rest_client [req-c54dc21c-b393-4a52-9084-bece7988c9d4 req-c54dc21c-b393-4a52-9084-bece7988c9d4 ] Request (ServicesAdminTestJSON:setUpClass): 201 POST http://10.180.1.21/identity/v3/projects 0.032s
2025-04-17 13:47:20.497 69541 INFO tempest.lib.common.rest_client [req-18f49d66-627e-4923-a343-b7f6e8626a93 req-18f49d66-627e-4923-a343-b7f6e8626a93 ] Request (KeyPairsV210TestJSON:test_admin_manage_keypairs_for_other_users): 201 POST http://10.180.1.21/compute/v2.1/os-keypairs 2.360s
2025-04-17 13:47:20.548 69577 INFO tempest.lib.common.rest_client [req-4d0f94e9-a8b1-45fd-885e-79bc5baf9cd7 req-4d0f94e9-a8b1-45fd-885e-79bc5baf9cd7 ] Request (ServicesAdminTestJSON:setUpClass): 201 POST http://10.180.1.21/identity/v3/users 0.075s
2025-04-17 13:47:20.580 69577 INFO tempest.lib.common.rest_client [req-94514e58-3415-46ea-9c0f-fe584da63611 req-94514e58-3415-46ea-9c0f-fe584da63611 ] Request (ServicesAdminTestJSON:setUpClass): 200 GET http://10.180.1.21/identity/v3/roles 0.031s
2025-04-17 13:47:20.615 69577 INFO tempest.lib.common.rest_client [req-eac50a8f-7786-4462-b7be-060d1e4f72b8 req-eac50a8f-7786-4462-b7be-060d1e4f72b8 ] Request (ServicesAdminTestJSON:setUpClass): 204 PUT http://10.180.1.21/identity/v3/projects/4f3e206f33b6469da9a10d93de339431/users/1499d65aa04d45538d7685db772387b8/roles/171e7f1f37714291a877506585c2770f 0.034s
2025-04-17 13:47:20.615 69577 INFO tempest.lib.common.dynamic_creds [-] Dynamic test user 1499d65aa04d45538d7685db772387b8 is created with scope project and roles: ['member']
2025-04-17 13:47:20.615 69577 INFO tempest.lib.common.dynamic_creds [-] Acquired dynamic creds: credentials: Credentials: {'domain_id': 'default', 'domain_name': 'Default', 'username': 'tempest-ServicesAdminTestJSON-1263680460-project-member', 'project_domain_id': 'default', 'project_domain_name': 'Default', 'project_id': '4f3e206f33b6469da9a10d93de339431', 'project_name': 'tempest-ServicesAdminTestJSON-1263680460', 'tenant_id': '4f3e206f33b6469da9a10d93de339431', 'tenant_name': 'tempest-ServicesAdminTestJSON-1263680460', 'user_domain_id': 'default', 'user_domain_name': 'Default', 'user_id': '1499d65aa04d45538d7685db772387b8', 'system': None}, Network: None, Subnet: None, Router: None
2025-04-17 13:47:20.615 69577 INFO tempest.lib.common.dynamic_creds [-] Created isolated network resources for: credentials: Credentials: {'domain_id': 'default', 'domain_name': 'Default', 'username': 'tempest-ServicesAdminTestJSON-1263680460-project-member', 'project_domain_id': 'default', 'project_domain_name': 'Default', 'project_id': '4f3e206f33b6469da9a10d93de339431', 'project_name': 'tempest-ServicesAdminTestJSON-1263680460', 'tenant_id': '4f3e206f33b6469da9a10d93de339431', 'tenant_name': 'tempest-ServicesAdminTestJSON-1263680460', 'user_domain_id': 'default', 'user_domain_name': 'Default', 'user_id': '1499d65aa04d45538d7685db772387b8', 'system': None}, Network: None, Subnet: None, Router: None
2025-04-17 13:47:20.661 69595 INFO tempest.lib.common.rest_client [req-4ba2a75d-2342-47f0-8461-385da96fe039 req-4ba2a75d-2342-47f0-8461-385da96fe039 ] Request (AZAdminV2TestJSON:test_get_availability_zone_list): 200 GET http://10.180.1.21/compute/v2.1/os-availability-zone 2.401s
2025-04-17 13:47:20.693 69577 INFO tempest.lib.common.rest_client [req-0ba7e4a6-7fa7-4d82-b654-ab16ff9e52d2 req-0ba7e4a6-7fa7-4d82-b654-ab16ff9e52d2 ] Request (ServicesAdminTestJSON:setUpClass): 201 POST http://10.180.1.21/identity/v3/auth/tokens 0.073s
2025-04-17 13:47:20.768 69577 INFO tempest.lib.common.rest_client [req-ecf7fa5b-cb4a-428b-95db-8607443b3fc5 req-ecf7fa5b-cb4a-428b-95db-8607443b3fc5 ] Request (ServicesAdminTestJSON:setUpClass): 201 POST http://10.180.1.21/identity/v3/projects 0.073s
2025-04-17 13:47:20.778 69561 INFO tempest.lib.common.rest_client [req-44b0e837-4593-40a1-b7f3-69309446c793 req-44b0e837-4593-40a1-b7f3-69309446c793 ] Request (InstanceUsageAuditLogNegativeTestJSON:test_get_instance_usage_audit_logs_with_invalid_time): 400 GET http://10.180.1.21/compute/v2.1/os-instance_usage_audit_log/invalid_time 2.498s
2025-04-17 13:47:20.835 69577 INFO tempest.lib.common.rest_client [req-e7223832-062d-47bc-a70f-86047c7becc5 req-e7223832-062d-47bc-a70f-86047c7becc5 ] Request (ServicesAdminTestJSON:setUpClass): 201 POST http://10.180.1.21/identity/v3/users 0.066s
2025-04-17 13:47:20.855 69577 INFO tempest.lib.common.rest_client [req-2d8eae5c-e9df-441c-a29a-3d0e0407dfaf req-2d8eae5c-e9df-441c-a29a-3d0e0407dfaf ] Request (ServicesAdminTestJSON:setUpClass): 200 GET http://10.180.1.21/identity/v3/roles 0.020s
2025-04-17 13:47:20.880 69577 INFO tempest.lib.common.rest_client [req-2c73fe15-3483-48c7-bd63-93e1ef28f658 req-2c73fe15-3483-48c7-bd63-93e1ef28f658 ] Request (ServicesAdminTestJSON:setUpClass): 204 PUT http://10.180.1.21/identity/v3/projects/38471a56b83d4f6d8e099573c26373f1/users/1d326a6cc9f343d282194aea864a1eba/roles/64751cd7b4e147e98f38d26ec8911a97 0.024s
2025-04-17 13:47:20.891 69565 INFO tempest.lib.common.rest_client [req-ebdb48ed-6ec0-45dd-8430-a4162051bc32 req-ebdb48ed-6ec0-45dd-8430-a4162051bc32 ] Request (InstanceUsageAuditLogTestJSON:test_get_instance_usage_audit_log): 200 GET http://10.180.1.21/compute/v2.1/os-instance_usage_audit_log/2025-04-17%2013%3A47%3A18 2.554s
2025-04-17 13:47:20.909 69583 INFO tempest.lib.common.rest_client [req-f9a99707-9377-49f2-892e-4ac1a15df312 req-f9a99707-9377-49f2-892e-4ac1a15df312 ] Request (VolumesAssistedSnapshotsTest:setUpClass): 200 PUT http://10.180.1.21:9696/networking/v2.0/routers/bb19bd34-6ece-4818-8e66-4ea276eec647/add_router_interface 0.822s
2025-04-17 13:47:20.909 69583 INFO tempest.lib.common.dynamic_creds [-] Created isolated network resources for: credentials: Credentials: {'domain_id': 'default', 'domain_name': 'Default', 'username': 'tempest-VolumesAssistedSnapshotsTest-1341254749-project-admin', 'project_domain_id': 'default', 'project_domain_name': 'Default', 'project_id': '624f68ef2b3b4e1482f2c53c3fba944d', 'project_name': 'tempest-VolumesAssistedSnapshotsTest-1341254749', 'tenant_id': '624f68ef2b3b4e1482f2c53c3fba944d', 'tenant_name': 'tempest-VolumesAssistedSnapshotsTest-1341254749', 'user_domain_id': 'default', 'user_domain_name': 'Default', 'user_id': '8b1c0ed3febc4fd694f6acdb7d9a8719', 'system': None}, Network: {'id': '8b42eab3-426d-4736-b338-969e280d5b43', 'name': 'tempest-VolumesAssistedSnapshotsTest-1325439280-network', 'tenant_id': '624f68ef2b3b4e1482f2c53c3fba944d', 'admin_state_up': True, 'mtu': 8950, 'status': 'ACTIVE', 'subnets': [], 'shared': False, 'project_id': '624f68ef2b3b4e1482f2c53c3fba944d', 'port_security_enabled': True, 'router:external': False, 'provider:network_type': 'vlan', 'provider:physical_network': 'default', 'provider:segmentation_id': 954, 'availability_zone_hints': [], 'availability_zones': [], 'ipv4_address_scope': None, 'ipv6_address_scope': None, 'description': '', 'tags': [], 'created_at': '2025-04-17T13:47:18Z', 'updated_at': '2025-04-17T13:47:18Z', 'revision_number': 1}, Subnet: {'id': '805dca89-6648-45b6-b11f-6635c940ecff', 'name': 'tempest-VolumesAssistedSnapshotsTest-1325439280-subnet', 'tenant_id': '624f68ef2b3b4e1482f2c53c3fba944d', 'network_id': '8b42eab3-426d-4736-b338-969e280d5b43', 'ip_version': 4, 'subnetpool_id': None, 'enable_dhcp': True, 'ipv6_ra_mode': None, 'ipv6_address_mode': None, 'gateway_ip': '192.168.128.1', 'cidr': '192.168.128.0/28', 'allocation_pools': [{'start': '192.168.128.2', 'end': '192.168.128.14'}], 'host_routes': [], 'dns_nameservers': [], 'description': '', 'router:external': False, 'service_types': [], 'tags': [], 'created_at': '2025-04-17T13:47:19Z', 'updated_at': '2025-04-17T13:47:19Z', 'revision_number': 0, 'project_id': '624f68ef2b3b4e1482f2c53c3fba944d'}, Router: {'id': 'bb19bd34-6ece-4818-8e66-4ea276eec647', 'name': 'tempest-VolumesAssistedSnapshotsTest-1325439280-router', 'tenant_id': '624f68ef2b3b4e1482f2c53c3fba944d', 'admin_state_up': True, 'status': 'ACTIVE', 'external_gateway_info': {'network_id': '547b0c18-ebaa-4677-aac6-3445fc0eca0b', 'external_fixed_ips': [{'subnet_id': 'a1d9142c-fbb7-4d4c-9b9f-7a2022084c3c', 'ip_address': '10.180.180.161'}], 'enable_snat': True}, 'description': '', 'availability_zones': [], 'distributed': False, 'ha': False, 'availability_zone_hints': [], 'routes': [], 'flavor_id': None, 'tags': [], 'created_at': '2025-04-17T13:47:19Z', 'updated_at': '2025-04-17T13:47:19Z', 'revision_number': 2, 'project_id': '624f68ef2b3b4e1482f2c53c3fba944d'}
2025-04-17 13:47:20.931 69577 INFO tempest.lib.common.rest_client [req-b1db7411-f28e-4748-a6b1-81330d792e9f req-b1db7411-f28e-4748-a6b1-81330d792e9f ] Request (ServicesAdminTestJSON:setUpClass): 200 GET http://10.180.1.21/identity/v3/roles 0.051s
2025-04-17 13:47:20.991 69577 INFO tempest.lib.common.rest_client [req-6274d5bd-9583-41fc-8a2f-ac773b725813 req-6274d5bd-9583-41fc-8a2f-ac773b725813 ] Request (ServicesAdminTestJSON:setUpClass): 204 PUT http://10.180.1.21/identity/v3/projects/38471a56b83d4f6d8e099573c26373f1/users/1d326a6cc9f343d282194aea864a1eba/roles/64751cd7b4e147e98f38d26ec8911a97 0.060s
2025-04-17 13:47:20.991 69577 INFO tempest.lib.common.dynamic_creds [-] Dynamic test user 1d326a6cc9f343d282194aea864a1eba is created with scope project and roles: ['admin']
2025-04-17 13:47:20.991 69577 INFO tempest.lib.common.dynamic_creds [-] Acquired dynamic creds: credentials: Credentials: {'domain_id': 'default', 'domain_name': 'Default', 'username': 'tempest-ServicesAdminTestJSON-20711625-project-admin', 'project_domain_id': 'default', 'project_domain_name': 'Default', 'project_id': '38471a56b83d4f6d8e099573c26373f1', 'project_name': 'tempest-ServicesAdminTestJSON-20711625', 'tenant_id': '38471a56b83d4f6d8e099573c26373f1', 'tenant_name': 'tempest-ServicesAdminTestJSON-20711625', 'user_domain_id': 'default', 'user_domain_name': 'Default', 'user_id': '1d326a6cc9f343d282194aea864a1eba', 'system': None}, Network: None, Subnet: None, Router: None
2025-04-17 13:47:20.991 69577 INFO tempest.lib.common.dynamic_creds [-] Created isolated network resources for: credentials: Credentials: {'domain_id': 'default', 'domain_name': 'Default', 'username': 'tempest-ServicesAdminTestJSON-20711625-project-admin', 'project_domain_id': 'default', 'project_domain_name': 'Default', 'project_id': '38471a56b83d4f6d8e099573c26373f1', 'project_name': 'tempest-ServicesAdminTestJSON-20711625', 'tenant_id': '38471a56b83d4f6d8e099573c26373f1', 'tenant_name': 'tempest-ServicesAdminTestJSON-20711625', 'user_domain_id': 'default', 'user_domain_name': 'Default', 'user_id': '1d326a6cc9f343d282194aea864a1eba', 'system': None}, Network: None, Subnet: None, Router: None
2025-04-17 13:47:20.992 69583 INFO tempest.lib.common.rest_client [req-bde00b99-2972-483f-b113-56106bac535f req-bde00b99-2972-483f-b113-56106bac535f ] Request (VolumesAssistedSnapshotsTest:setUpClass): 201 POST http://10.180.1.21/identity/v3/auth/tokens 0.078s
2025-04-17 13:47:20.995 69573 INFO tempest.lib.common.rest_client [req-fab4aea4-69c8-4bf8-9ed6-a3728f40cb81 req-fab4aea4-69c8-4bf8-9ed6-a3728f40cb81 ] Request (FlavorsExtraSpecsTestJSON:setUpClass): 200 POST http://10.180.1.21/compute/v2.1/flavors 2.654s
2025-04-17 13:47:21.054 69583 INFO tempest.lib.common.rest_client [req-ec195c2e-e7ce-4263-bef8-1a64ad3bafd5 req-ec195c2e-e7ce-4263-bef8-1a64ad3bafd5 ] Request (VolumesAssistedSnapshotsTest:setUpClass): 201 POST http://10.180.1.21/identity/v3/projects 0.061s
2025-04-17 13:47:21.057 69577 INFO tempest.lib.common.rest_client [req-ee45c08f-8dce-4a91-b665-82d57193a655 req-ee45c08f-8dce-4a91-b665-82d57193a655 ] Request (ServicesAdminTestJSON:setUpClass): 201 POST http://10.180.1.21/identity/v3/auth/tokens 0.060s
2025-04-17 13:47:21.107 69583 INFO tempest.lib.common.rest_client [req-08060477-7f05-4496-a1e2-d054c9f174de req-08060477-7f05-4496-a1e2-d054c9f174de ] Request (VolumesAssistedSnapshotsTest:setUpClass): 201 POST http://10.180.1.21/identity/v3/users 0.053s
2025-04-17 13:47:21.127 69583 INFO tempest.lib.common.rest_client [req-561f8c34-1fa1-44d9-b983-5268c1bafbd5 req-561f8c34-1fa1-44d9-b983-5268c1bafbd5 ] Request (VolumesAssistedSnapshotsTest:setUpClass): 200 GET http://10.180.1.21/identity/v3/roles 0.019s
2025-04-17 13:47:21.149 69583 INFO tempest.lib.common.rest_client [req-db0d78ca-7f48-4e27-8424-6d4f4a97a272 req-db0d78ca-7f48-4e27-8424-6d4f4a97a272 ] Request (VolumesAssistedSnapshotsTest:setUpClass): 204 PUT http://10.180.1.21/identity/v3/projects/40aac41f802b4e2781cf9d26aedcb2de/users/23fd5eeca66449f48df0cdb94442ca05/roles/64751cd7b4e147e98f38d26ec8911a97 0.022s
2025-04-17 13:47:21.198 69583 INFO tempest.lib.common.rest_client [req-1755f04c-7ca9-4055-8844-3c332fab2da4 req-1755f04c-7ca9-4055-8844-3c332fab2da4 ] Request (VolumesAssistedSnapshotsTest:setUpClass): 200 GET http://10.180.1.21/identity/v3/roles 0.048s
2025-04-17 13:47:21.217 69583 INFO tempest.lib.common.rest_client [req-37d42fb1-b471-4b59-aa16-b3a1f123ef7d req-37d42fb1-b471-4b59-aa16-b3a1f123ef7d ] Request (VolumesAssistedSnapshotsTest:setUpClass): 204 PUT http://10.180.1.21/identity/v3/projects/40aac41f802b4e2781cf9d26aedcb2de/users/23fd5eeca66449f48df0cdb94442ca05/roles/608e078eb0c4481b967adc099177cdad 0.019s
2025-04-17 13:47:21.218 69583 INFO tempest.lib.common.dynamic_creds [-] Dynamic test user 23fd5eeca66449f48df0cdb94442ca05 is created with scope project and roles: ['admin', 'service']
2025-04-17 13:47:21.218 69583 INFO tempest.lib.common.dynamic_creds [-] Acquired dynamic creds: credentials: Credentials: {'domain_id': 'default', 'domain_name': 'Default', 'username': 'tempest-VolumesAssistedSnapshotsTest-1025342619-project', 'project_domain_id': 'default', 'project_domain_name': 'Default', 'project_id': '40aac41f802b4e2781cf9d26aedcb2de', 'project_name': 'tempest-VolumesAssistedSnapshotsTest-1025342619', 'tenant_id': '40aac41f802b4e2781cf9d26aedcb2de', 'tenant_name': 'tempest-VolumesAssistedSnapshotsTest-1025342619', 'user_domain_id': 'default', 'user_domain_name': 'Default', 'user_id': '23fd5eeca66449f48df0cdb94442ca05', 'system': None}, Network: None, Subnet: None, Router: None
2025-04-17 13:47:21.246 69587 INFO tempest.lib.common.rest_client [req-65979725-33b0-4961-b7e1-d0c467be2d43 req-65979725-33b0-4961-b7e1-d0c467be2d43 ] Request (QuotasAdminTestV257:test_get_updated_quotas): 200 PUT http://10.180.1.21/compute/v2.1/os-quota-sets/f6ca4165c4574fefb42118f7cc4b4b73?user_id=e8e1e1646e34450d821f525a1fcdaf3f 2.857s
2025-04-17 13:47:21.254 69571 INFO tempest.lib.common.rest_client [req-d07a4f43-0081-40e6-9a91-3c4ac4096f14 req-d07a4f43-0081-40e6-9a91-3c4ac4096f14 ] Request (FlavorsExtraSpecsNegativeTestJSON:test_flavor_non_admin_set_keys): 403 POST http://10.180.1.21/compute/v2.1/flavors/1175602995/os-extra_specs 2.741s
2025-04-17 13:47:21.277 69597 INFO tempest.lib.common.rest_client [req-130c6157-4cd9-4177-a35e-e65b2546727b req-130c6157-4cd9-4177-a35e-e65b2546727b ] Request (ImagesMetadataNegativeTestJSON:test_get_nonexistent_image_metadata_item): 404 GET http://10.180.1.21/compute/v2.1/images/33a5296c-eeab-4ba5-8145-f34b2e5f3913/metadata/os_version 2.625s
2025-04-17 13:47:21.389 69593 INFO tempest.lib.common.rest_client [req-16c9a6d2-826b-484b-8465-c82fcc3fd5ea req-16c9a6d2-826b-484b-8465-c82fcc3fd5ea ] Request (ServersTestManualDisk:setUpClass): 201 POST http://10.180.1.21:9696/networking/v2.0/floatingips 1.028s
2025-04-17 13:47:21.406 69575 INFO tempest.lib.common.rest_client [req-952e5648-e41b-4465-a60d-df13148d01b3 req-952e5648-e41b-4465-a60d-df13148d01b3 ] Request (ServersWithSpecificFlavorTestJSON:setUpClass): 201 POST http://10.180.1.21:9696/networking/v2.0/routers 1.530s
2025-04-17 13:47:21.444 69583 INFO tempest.lib.common.rest_client [req-a3da470d-8a8c-43aa-a3bf-5bea6f212c76 req-a3da470d-8a8c-43aa-a3bf-5bea6f212c76 ] Request (VolumesAssistedSnapshotsTest:setUpClass): 201 POST http://10.180.1.21:9696/networking/v2.0/networks 0.225s
2025-04-17 13:47:21.455 69593 INFO tempest.lib.common.rest_client [req-430b0f51-5a33-4977-8641-dbccb525ce22 req-430b0f51-5a33-4977-8641-dbccb525ce22 ] Request (ServersTestManualDisk:setUpClass): 201 POST http://10.180.1.21/identity/v3/auth/tokens 0.062s
2025-04-17 13:47:21.456 69593 INFO tempest.lib.common.fixed_network [-] (ServersTestManualDisk:setUpClass) Found network {'id': 'b56620f6-5313-40b5-b846-e4fe61829685', 'name': 'tempest-ServersTestManualDisk-726497393-network', 'tenant_id': '7546741f30d74649b761f2bb2c504985', 'admin_state_up': True, 'mtu': 8950, 'status': 'ACTIVE', 'subnets': [], 'shared': False, 'project_id': '7546741f30d74649b761f2bb2c504985', 'port_security_enabled': True, 'router:external': False, 'provider:network_type': 'vlan', 'provider:physical_network': 'default', 'provider:segmentation_id': 663, 'availability_zone_hints': [], 'availability_zones': [], 'ipv4_address_scope': None, 'ipv6_address_scope': None, 'description': '', 'tags': [], 'created_at': '2025-04-17T13:47:14Z', 'updated_at': '2025-04-17T13:47:14Z', 'revision_number': 1} available for tenant
2025-04-17 13:47:21.621 69583 INFO tempest.lib.common.rest_client [req-20d86202-acbc-452f-9d32-9d8e8b511cee req-20d86202-acbc-452f-9d32-9d8e8b511cee ] Request (VolumesAssistedSnapshotsTest:setUpClass): 201 POST http://10.180.1.21:9696/networking/v2.0/subnets 0.176s
2025-04-17 13:47:21.626 69585 INFO tempest.lib.common.rest_client [req-3b4134c4-c5da-4e09-9521-c09cb2225258 req-3b4134c4-c5da-4e09-9521-c09cb2225258 ] Request (FloatingIPDetailsTestJSON:setUpClass): 200 POST http://10.180.1.21/compute/v2.1/os-floating-ips 3.566s
2025-04-17 13:47:21.732 69545 INFO tempest.lib.common.rest_client [req-8e260d78-6d40-4aa6-a68b-6b37e3b9e3d6 req-8e260d78-6d40-4aa6-a68b-6b37e3b9e3d6 ] Request (FlavorsV261TestJSON:test_crud_flavor): 200 GET http://10.180.1.21/compute/v2.1/flavors/716231433 2.801s
2025-04-17 13:47:21.751 69567 INFO tempest.lib.common.rest_client [req-02e88dda-2eba-4aa3-a3b4-dba2b958b9a1 req-02e88dda-2eba-4aa3-a3b4-dba2b958b9a1 ] Request (ServerExternalEventsTest:test_create_server_external_events): 202 POST http://10.180.1.21/compute/v2.1/servers 3.049s
2025-04-17 13:47:21.764 69563 INFO tempest.lib.common.rest_client [req-ea07c82e-3532-48a6-afcd-91090ad75b57 req-ea07c82e-3532-48a6-afcd-91090ad75b57 ] Request (FlavorsV2TestJSON:test_list_flavors_detailed_filter_by_min_disk): 200 GET http://10.180.1.21/compute/v2.1/flavors/detail?minDisk=2 2.812s
2025-04-17 13:47:21.822 69599 INFO tempest.lib.common.rest_client [req-75578625-05fe-4050-9788-91471c65c359 req-75578625-05fe-4050-9788-91471c65c359 ] Request (NetworksTest:test_get_network): 200 GET http://10.180.1.21/compute/v2.1/os-networks/547b0c18-ebaa-4677-aac6-3445fc0eca0b 2.520s
2025-04-17 13:47:21.851 69555 INFO tempest.lib.common.rest_client [req-71a58338-878f-44d4-a14c-6df7ac25f512 req-71a58338-878f-44d4-a14c-6df7ac25f512 ] Request (FlavorsAccessNegativeTestJSON:_run_cleanups): 200 POST http://10.180.1.21/compute/v2.1/flavors/228186411/action 2.855s
2025-04-17 13:47:21.892 69558 INFO tempest.lib.common.rest_client [req-f95e706a-f7ab-4a29-87b5-15765bc0a020 req-f95e706a-f7ab-4a29-87b5-15765bc0a020 ] Request (DeleteServersAdminTestJSON:test_admin_delete_servers_of_others): 200 GET http://10.180.1.21/compute/v2.1/servers/68e85c8e-9a83-48f7-a900-7e0bf77b6096 2.429s
2025-04-17 13:47:21.931 69559 INFO tempest.lib.common.rest_client [req-b71fb608-b72d-4ca3-9cf9-64cdca0608ac req-b71fb608-b72d-4ca3-9cf9-64cdca0608ac ] Request (FlavorsV255TestJSON:test_crud_flavor): 200 POST http://10.180.1.21/compute/v2.1/flavors 2.313s
2025-04-17 13:47:22.001 69551 INFO tempest.lib.common.rest_client [req-7014f40e-be21-406b-9a36-c15886ea9fdd req-7014f40e-be21-406b-9a36-c15886ea9fdd ] Request (HostsAdminNegativeTestJSON:test_list_hosts_with_non_admin_user): 403 GET http://10.180.1.21/compute/v2.1/os-hosts 2.183s
2025-04-17 13:47:22.019 69543 INFO tempest.lib.common.rest_client [req-78c8e8ee-16ab-4cea-9add-8da7eb3b4d15 req-78c8e8ee-16ab-4cea-9add-8da7eb3b4d15 ] Request (QuotasAdminNegativeTest:test_create_server_when_cpu_quota_is_full): 200 PUT http://10.180.1.21/compute/v2.1/os-quota-sets/4d81ba0e2dbd457aab3caf8b0b90ec44 2.321s
2025-04-17 13:47:22.049 69581 INFO tempest.lib.common.rest_client [req-2a46bb07-9f0f-4557-b33a-7d61f9bc4829 req-2a46bb07-9f0f-4557-b33a-7d61f9bc4829 ] Request (AggregatesAdminNegativeTestJSON:test_aggregate_add_existent_host): 200 POST http://10.180.1.21/compute/v2.1/os-aggregates 2.137s
2025-04-17 13:47:22.070 69579 INFO tempest.lib.common.rest_client [req-2036ffab-0536-45c1-8e65-215539623a23 req-2036ffab-0536-45c1-8e65-215539623a23 ] Request (FlavorsAdminTestJSON:_run_cleanups): 202 DELETE http://10.180.1.21/compute/v2.1/flavors/500328764 2.043s
2025-04-17 13:47:22.088 69543 INFO tempest.lib.common.rest_client [req-f9cc1877-ba75-43af-a07a-8858cbf9aba9 req-f9cc1877-ba75-43af-a07a-8858cbf9aba9 ] Request (QuotasAdminNegativeTest:test_create_server_when_cpu_quota_is_full): 201 POST http://10.180.1.21/identity/v3/auth/tokens 0.062s
2025-04-17 13:47:22.089 69543 INFO tempest.lib.common.fixed_network [-] (QuotasAdminNegativeTest:test_create_server_when_cpu_quota_is_full) Found network None available for tenant
2025-04-17 13:47:22.089 69603 INFO tempest.lib.common.rest_client [req-29dcef5b-afa8-4635-8e7b-06b677c5db17 req-29dcef5b-afa8-4635-8e7b-06b677c5db17 ] Request (ServersAdmin275Test:test_rebuild_update_server_275): 200 PUT http://10.180.1.21/compute/v2.1/servers/f6588f67-f186-4f6e-b085-0d35eff561a3 2.195s
2025-04-17 13:47:22.093 69549 INFO tempest.lib.common.rest_client [req-cc881756-e0d4-4693-8b35-d315bbc35432 req-cc881756-e0d4-4693-8b35-d315bbc35432 ] Request (HostsAdminTestJSON:test_list_hosts_with_a_blank_zone): 200 GET http://10.180.1.21/compute/v2.1/os-hosts?zone= 2.056s
2025-04-17 13:47:22.125 69553 INFO tempest.lib.common.rest_client [req-9b4d52b7-350c-4b21-8195-b30499c3923c req-9b4d52b7-350c-4b21-8195-b30499c3923c ] Request (HypervisorAdminV253TestBase:test_list_show_detail_hypervisors): 200 GET http://10.180.1.21/compute/v2.1/os-hypervisors?with_servers=True 1.848s
2025-04-17 13:47:22.150 69541 INFO tempest.lib.common.rest_client [req-abaef159-877f-41a8-9e8c-e061cf4fff09 req-abaef159-877f-41a8-9e8c-e061cf4fff09 ] Request (KeyPairsV210TestJSON:test_admin_manage_keypairs_for_other_users): 201 POST http://10.180.1.21/compute/v2.1/os-keypairs 1.650s
2025-04-17 13:47:22.187 69589 INFO tempest.lib.common.rest_client [req-325df7ef-98be-4dbf-acbc-7dba7d9e1fe1 req-325df7ef-98be-4dbf-acbc-7dba7d9e1fe1 ] Request (FlavorMetadataValidation:test_flavor_update_with_custom_namespace): 200 POST http://10.180.1.21/compute/v2.1/flavors/353077891/os-extra_specs 2.049s
2025-04-17 13:47:22.206 69595 INFO tempest.lib.common.rest_client [req-89e4a208-59fd-44b2-b583-463c2ca9e0b5 req-89e4a208-59fd-44b2-b583-463c2ca9e0b5 ] Request (AZAdminV2TestJSON:test_get_availability_zone_list_detail): 200 GET http://10.180.1.21/compute/v2.1/os-availability-zone/detail 1.536s
2025-04-17 13:47:22.214 69601 INFO tempest.lib.common.rest_client [req-a2273a6e-a13c-4e91-96bd-023fdb19ef3b req-a2273a6e-a13c-4e91-96bd-023fdb19ef3b ] Request (MigrationsAdminTest:test_list_migrations_in_flavor_resize_situation): 200 GET http://10.180.1.21/compute/v2.1/servers/99ee16d5-2d5a-48d8-9f4e-188fe6a4c7fa 1.586s
2025-04-17 13:47:22.222 69601 INFO tempest.common.waiters [-] State transition "BUILD/None" ==> "BUILD/networking" after 3 second wait
2025-04-17 13:47:22.237 69565 INFO tempest.lib.common.rest_client [req-c43e39f9-5e1a-4f72-aa2f-b016594918b1 req-c43e39f9-5e1a-4f72-aa2f-b016594918b1 ] Request (InstanceUsageAuditLogTestJSON:test_list_instance_usage_audit_logs): 200 GET http://10.180.1.21/compute/v2.1/os-instance_usage_audit_log 1.334s
2025-04-17 13:47:22.260 69583 INFO tempest.lib.common.rest_client [req-93682e97-823f-4a1e-8149-8685708e0e2a req-93682e97-823f-4a1e-8149-8685708e0e2a ] Request (VolumesAssistedSnapshotsTest:setUpClass): 201 POST http://10.180.1.21:9696/networking/v2.0/routers 0.639s
2025-04-17 13:47:22.265 69573 INFO tempest.lib.common.rest_client [req-da11f395-636e-4af5-b27f-a2ba010142a0 req-da11f395-636e-4af5-b27f-a2ba010142a0 ] Request (FlavorsExtraSpecsTestJSON:test_flavor_non_admin_get_all_keys): 200 POST http://10.180.1.21/compute/v2.1/flavors/1866773348/os-extra_specs 1.266s
2025-04-17 13:47:22.273 69561 INFO tempest.lib.common.rest_client [req-e1636e17-bc77-4d33-9f3e-e06c58218b58 req-e1636e17-bc77-4d33-9f3e-e06c58218b58 ] Request (InstanceUsageAuditLogNegativeTestJSON:test_instance_usage_audit_logs_with_nonadmin_user): 403 GET http://10.180.1.21/compute/v2.1/os-instance_usage_audit_log 1.488s
2025-04-17 13:47:22.337 69595 INFO tempest.lib.common.rest_client [req-99b90ba9-4eac-4e6d-b5bf-8933f7ff64c6 req-99b90ba9-4eac-4e6d-b5bf-8933f7ff64c6 ] Request (AZAdminV2TestJSON:tearDownClass): 204 DELETE http://10.180.1.21/identity/v3/users/b1009d9050964bdb8a67bffa938ae7a4 0.126s
2025-04-17 13:47:22.352 69565 INFO tempest.lib.common.rest_client [req-5730476c-f56d-48e6-aacd-7f261bc3b57a req-5730476c-f56d-48e6-aacd-7f261bc3b57a ] Request (InstanceUsageAuditLogTestJSON:tearDownClass): 204 DELETE http://10.180.1.21/identity/v3/users/8e8063b2492541d88af3e38365243393 0.110s
2025-04-17 13:47:22.451 69595 INFO tempest.lib.common.rest_client [req-cf003ec6-026b-4d19-a3ec-720b38e03622 req-cf003ec6-026b-4d19-a3ec-720b38e03622 ] Request (AZAdminV2TestJSON:tearDownClass): 204 DELETE http://10.180.1.21/identity/v3/users/7884bf920f4941069ada714b1541d34d 0.114s
2025-04-17 13:47:22.451 69595 INFO tempest.lib.common.dynamic_creds [-] Deleting project and security group for project: 22d98f5e3b484dc9b494d44bc1d5a530
2025-04-17 13:47:22.499 69577 INFO tempest.lib.common.rest_client [req-2f64bd60-5425-4639-b93b-ed101888fb52 req-2f64bd60-5425-4639-b93b-ed101888fb52 ] Request (ServicesAdminTestJSON:test_get_service_by_host_name): 200 GET http://10.180.1.21/compute/v2.1/os-services 1.441s
2025-04-17 13:47:22.530 69571 INFO tempest.lib.common.rest_client [req-512e3484-64c1-4afb-b0d9-43c1b6ebd212 req-512e3484-64c1-4afb-b0d9-43c1b6ebd212 ] Request (FlavorsExtraSpecsNegativeTestJSON:test_flavor_non_admin_unset_keys): 200 POST http://10.180.1.21/compute/v2.1/flavors/1175602995/os-extra_specs 1.275s
2025-04-17 13:47:22.556 69597 INFO tempest.lib.common.rest_client [req-cfdb8cae-45b3-4717-a382-b4151f7e6d99 req-cfdb8cae-45b3-4717-a382-b4151f7e6d99 ] Request (ImagesMetadataNegativeTestJSON:test_list_nonexistent_image_metadata): 404 GET http://10.180.1.21/compute/v2.1/images/fd824e5b-f723-47a1-898c-2d6448498447/metadata 1.277s
2025-04-17 13:47:22.564 69575 INFO tempest.lib.common.rest_client [req-6e86f968-e22b-4370-897a-21780f2a4317 req-6e86f968-e22b-4370-897a-21780f2a4317 ] Request (ServersWithSpecificFlavorTestJSON:setUpClass): 200 PUT http://10.180.1.21:9696/networking/v2.0/routers/db8e9071-6776-4585-9dc9-e6aaa70ba6da/add_router_interface 1.158s
2025-04-17 13:47:22.565 69575 INFO tempest.lib.common.dynamic_creds [-] Created isolated network resources for: credentials: Credentials: {'domain_id': 'default', 'domain_name': 'Default', 'username': 'tempest-ServersWithSpecificFlavorTestJSON-411595974-project-admin', 'project_domain_id': 'default', 'project_domain_name': 'Default', 'project_id': '5fcb6ab782164227b6e514cbef87a9d5', 'project_name': 'tempest-ServersWithSpecificFlavorTestJSON-411595974', 'tenant_id': '5fcb6ab782164227b6e514cbef87a9d5', 'tenant_name': 'tempest-ServersWithSpecificFlavorTestJSON-411595974', 'user_domain_id': 'default', 'user_domain_name': 'Default', 'user_id': '2ff2ceae082c42e29f2e30e916b89537', 'system': None}, Network: {'id': 'f1ec036d-32e1-471b-a7fe-2b5200baab5a', 'name': 'tempest-ServersWithSpecificFlavorTestJSON-1646740952-network', 'tenant_id': '5fcb6ab782164227b6e514cbef87a9d5', 'admin_state_up': True, 'mtu': 8950, 'status': 'ACTIVE', 'subnets': [], 'shared': False, 'project_id': '5fcb6ab782164227b6e514cbef87a9d5', 'port_security_enabled': True, 'router:external': False, 'provider:network_type': 'vlan', 'provider:physical_network': 'default', 'provider:segmentation_id': 587, 'availability_zone_hints': [], 'availability_zones': [], 'ipv4_address_scope': None, 'ipv6_address_scope': None, 'description': '', 'tags': [], 'created_at': '2025-04-17T13:47:19Z', 'updated_at': '2025-04-17T13:47:19Z', 'revision_number': 1}, Subnet: {'id': 'b045231c-76fd-476f-81fc-469aea193ab1', 'name': 'tempest-ServersWithSpecificFlavorTestJSON-1646740952-subnet', 'tenant_id': '5fcb6ab782164227b6e514cbef87a9d5', 'network_id': 'f1ec036d-32e1-471b-a7fe-2b5200baab5a', 'ip_version': 4, 'subnetpool_id': None, 'enable_dhcp': True, 'ipv6_ra_mode': None, 'ipv6_address_mode': None, 'gateway_ip': '192.168.128.1', 'cidr': '192.168.128.0/28', 'allocation_pools': [{'start': '192.168.128.2', 'end': '192.168.128.14'}], 'host_routes': [], 'dns_nameservers': [], 'description': '', 'router:external': False, 'service_types': [], 'tags': [], 'created_at': '2025-04-17T13:47:19Z', 'updated_at': '2025-04-17T13:47:19Z', 'revision_number': 0, 'project_id': '5fcb6ab782164227b6e514cbef87a9d5'}, Router: {'id': 'db8e9071-6776-4585-9dc9-e6aaa70ba6da', 'name': 'tempest-ServersWithSpecificFlavorTestJSON-1646740952-router', 'tenant_id': '5fcb6ab782164227b6e514cbef87a9d5', 'admin_state_up': True, 'status': 'ACTIVE', 'external_gateway_info': {'network_id': '547b0c18-ebaa-4677-aac6-3445fc0eca0b', 'external_fixed_ips': [{'subnet_id': 'a1d9142c-fbb7-4d4c-9b9f-7a2022084c3c', 'ip_address': '10.180.180.207'}], 'enable_snat': True}, 'description': '', 'availability_zones': [], 'distributed': False, 'ha': False, 'availability_zone_hints': [], 'routes': [], 'flavor_id': None, 'tags': [], 'created_at': '2025-04-17T13:47:19Z', 'updated_at': '2025-04-17T13:47:20Z', 'revision_number': 2, 'project_id': '5fcb6ab782164227b6e514cbef87a9d5'}
2025-04-17 13:47:22.628 69565 INFO tempest.lib.common.rest_client [req-0f19b036-e4a4-48d1-8e86-0be2537f313f req-0f19b036-e4a4-48d1-8e86-0be2537f313f ] Request (InstanceUsageAuditLogTestJSON:tearDownClass): 204 DELETE http://10.180.1.21/identity/v3/users/976f52243a394c9fbea6dadfca8778c8 0.276s
2025-04-17 13:47:22.628 69565 INFO tempest.lib.common.dynamic_creds [-] Deleting project and security group for project: 4336aab733cd4748b67262c15a36e9d8
2025-04-17 13:47:22.684 69591 INFO tempest.lib.common.rest_client [req-f6634e6c-baa6-482b-89fd-5fd4d22d58cb req-f6634e6c-baa6-482b-89fd-5fd4d22d58cb ] Request (ServersListShow298Test:test_list_show_update_rebuild_server_298): 200 GET http://10.180.1.21/compute/v2.1/servers/0dc4abf2-a9c7-45e2-a88a-e1be99b2a9cf 1.344s
2025-04-17 13:47:22.685 69595 INFO tempest.lib.common.rest_client [req-eb21d561-2643-4a01-a98a-a0af70a06623 req-eb21d561-2643-4a01-a98a-a0af70a06623 ] Request (AZAdminV2TestJSON:tearDownClass): 201 POST http://10.180.1.21/identity/v3/auth/tokens 0.233s
2025-04-17 13:47:22.700 69587 INFO tempest.lib.common.rest_client [req-77dec179-1e9d-48db-968f-8f1fb786b302 req-77dec179-1e9d-48db-968f-8f1fb786b302 ] Request (QuotasAdminTestV257:test_get_updated_quotas): 200 GET http://10.180.1.21/compute/v2.1/os-quota-sets/f6ca4165c4574fefb42118f7cc4b4b73?user_id=e8e1e1646e34450d821f525a1fcdaf3f 1.452s
2025-04-17 13:47:22.744 69575 INFO tempest.lib.common.rest_client [req-2844ae4b-4ba3-420a-a5bc-cc3e38cece6a req-2844ae4b-4ba3-420a-a5bc-cc3e38cece6a ] Request (ServersWithSpecificFlavorTestJSON:setUpClass): 201 POST http://10.180.1.21/identity/v3/auth/tokens 0.174s
2025-04-17 13:47:22.767 69565 INFO tempest.lib.common.rest_client [req-755d1ef4-ec80-4256-b55c-27aca23ff600 req-755d1ef4-ec80-4256-b55c-27aca23ff600 ] Request (InstanceUsageAuditLogTestJSON:tearDownClass): 201 POST http://10.180.1.21/identity/v3/auth/tokens 0.139s
2025-04-17 13:47:22.865 69587 INFO tempest.lib.common.rest_client [req-6e1c8842-2cb7-48d3-9dce-8fdac27b0d73 req-6e1c8842-2cb7-48d3-9dce-8fdac27b0d73 ] Request (QuotasAdminTestV257:_run_cleanups): 204 DELETE http://10.180.1.21/identity/v3/users/e8e1e1646e34450d821f525a1fcdaf3f 0.163s
2025-04-17 13:47:22.971 69587 INFO tempest.lib.common.rest_client [req-66632b51-0306-4131-9ff4-7c66c452573e req-66632b51-0306-4131-9ff4-7c66c452573e ] Request (QuotasAdminTestV257:_run_cleanups): 204 DELETE http://10.180.1.21/identity/v3/projects/f6ca4165c4574fefb42118f7cc4b4b73 0.105s
2025-04-17 13:47:23.100 69587 INFO tempest.lib.common.rest_client [req-ab27f0dc-f404-42bd-a950-0971d29c12bb req-ab27f0dc-f404-42bd-a950-0971d29c12bb ] Request (QuotasAdminTestV257:tearDownClass): 204 DELETE http://10.180.1.21/identity/v3/users/31bbacba41bb4a3f990e2f2533bc9a6c 0.121s
2025-04-17 13:47:23.144 69595 INFO tempest.lib.common.rest_client [req-a14542cb-1379-46cd-8efc-9388eca281ac req-a14542cb-1379-46cd-8efc-9388eca281ac ] Request (AZAdminV2TestJSON:tearDownClass): 200 GET http://10.180.1.21:9696/networking/v2.0/security-groups?tenant_id=22d98f5e3b484dc9b494d44bc1d5a530&name=default 0.459s
2025-04-17 13:47:23.148 69565 INFO tempest.lib.common.rest_client [req-5442c829-fe8f-4687-b91b-31e794ea4f39 req-5442c829-fe8f-4687-b91b-31e794ea4f39 ] Request (InstanceUsageAuditLogTestJSON:tearDownClass): 200 GET http://10.180.1.21:9696/networking/v2.0/security-groups?tenant_id=4336aab733cd4748b67262c15a36e9d8&name=default 0.380s
2025-04-17 13:47:23.182 69587 INFO tempest.lib.common.rest_client [req-aaa28197-9b4c-4a47-8f57-46973328e4fe req-aaa28197-9b4c-4a47-8f57-46973328e4fe ] Request (QuotasAdminTestV257:tearDownClass): 204 DELETE http://10.180.1.21/identity/v3/users/d256fcd7239f43ff92638f360843f694 0.082s
2025-04-17 13:47:23.183 69587 INFO tempest.lib.common.dynamic_creds [-] Deleting project and security group for project: 9e7e2e89349d4dc9b8ea80b94204578a
2025-04-17 13:47:23.244 69587 INFO tempest.lib.common.rest_client [req-637b4a2e-5230-40af-8674-225e3b56060d req-637b4a2e-5230-40af-8674-225e3b56060d ] Request (QuotasAdminTestV257:tearDownClass): 201 POST http://10.180.1.21/identity/v3/auth/tokens 0.061s
2025-04-17 13:47:23.279 69565 INFO tempest.lib.common.rest_client [req-590ce62a-5a1e-4350-94c3-3e881a251e6a req-590ce62a-5a1e-4350-94c3-3e881a251e6a ] Request (InstanceUsageAuditLogTestJSON:tearDownClass): 204 DELETE http://10.180.1.21:9696/networking/v2.0/security-groups/f42b3b76-8928-4a88-ba2e-a4ef20772736 0.131s
2025-04-17 13:47:23.347 69595 INFO tempest.lib.common.rest_client [req-876a26f2-c315-49e5-a6cf-51f51f9429cd req-876a26f2-c315-49e5-a6cf-51f51f9429cd ] Request (AZAdminV2TestJSON:tearDownClass): 204 DELETE http://10.180.1.21:9696/networking/v2.0/security-groups/4a004ae2-9527-4d77-8bd3-4bd0f2fc909f 0.202s
2025-04-17 13:47:23.360 69565 INFO tempest.lib.common.rest_client [req-ffdcf455-52ea-4e02-af5e-5fed5663dd62 req-ffdcf455-52ea-4e02-af5e-5fed5663dd62 ] Request (InstanceUsageAuditLogTestJSON:tearDownClass): 204 DELETE http://10.180.1.21/identity/v3/projects/4336aab733cd4748b67262c15a36e9d8 0.080s
2025-04-17 13:47:23.360 69565 INFO tempest.lib.common.dynamic_creds [-] Deleting project and security group for project: f206f293e61c4024a379e1de9a7e83d4
2025-04-17 13:47:23.447 69595 INFO tempest.lib.common.rest_client [req-bb1996f2-ad46-43e2-b882-a2184fff95cf req-bb1996f2-ad46-43e2-b882-a2184fff95cf ] Request (AZAdminV2TestJSON:tearDownClass): 204 DELETE http://10.180.1.21/identity/v3/projects/22d98f5e3b484dc9b494d44bc1d5a530 0.099s
2025-04-17 13:47:23.447 69595 INFO tempest.lib.common.dynamic_creds [-] Deleting project and security group for project: 992e401d4fd042de9dd6922c0f64e863
2025-04-17 13:47:23.498 69587 INFO tempest.lib.common.rest_client [req-ca1755e5-8d15-4354-9207-a5b2bf97bc20 req-ca1755e5-8d15-4354-9207-a5b2bf97bc20 ] Request (QuotasAdminTestV257:tearDownClass): 200 GET http://10.180.1.21:9696/networking/v2.0/security-groups?tenant_id=9e7e2e89349d4dc9b8ea80b94204578a&name=default 0.254s
2025-04-17 13:47:23.627 69587 INFO tempest.lib.common.rest_client [req-d3355a02-804a-470d-bde5-c2cc297f454e req-d3355a02-804a-470d-bde5-c2cc297f454e ] Request (QuotasAdminTestV257:tearDownClass): 204 DELETE http://10.180.1.21:9696/networking/v2.0/security-groups/f7275f01-dc21-48e8-8901-726688766c5f 0.128s
2025-04-17 13:47:23.658 69593 INFO tempest.lib.common.rest_client [req-025da78b-b2a6-4fdf-9d5e-492b092d2698 req-025da78b-b2a6-4fdf-9d5e-492b092d2698 ] Request (ServersTestManualDisk:setUpClass): 202 POST http://10.180.1.21/compute/v2.1/servers 2.201s
2025-04-17 13:47:23.670 69565 INFO tempest.lib.common.rest_client [req-f6a344c0-e000-45c8-bb04-f116fbacaadc req-f6a344c0-e000-45c8-bb04-f116fbacaadc ] Request (InstanceUsageAuditLogTestJSON:tearDownClass): 200 GET http://10.180.1.21:9696/networking/v2.0/security-groups?tenant_id=f206f293e61c4024a379e1de9a7e83d4&name=default 0.310s
2025-04-17 13:47:23.696 69545 INFO tempest.lib.common.rest_client [req-cfbf96fa-14fb-4ce3-ab7f-82d9a9604ac8 req-cfbf96fa-14fb-4ce3-ab7f-82d9a9604ac8 ] Request (FlavorsV261TestJSON:test_crud_flavor): 200 PUT http://10.180.1.21/compute/v2.1/flavors/716231433 1.961s
2025-04-17 13:47:23.741 69595 INFO tempest.lib.common.rest_client [req-bec44519-9d3b-46ba-b140-cf453bf5c3b0 req-bec44519-9d3b-46ba-b140-cf453bf5c3b0 ] Request (AZAdminV2TestJSON:tearDownClass): 200 GET http://10.180.1.21:9696/networking/v2.0/security-groups?tenant_id=992e401d4fd042de9dd6922c0f64e863&name=default 0.294s
2025-04-17 13:47:23.764 69587 INFO tempest.lib.common.rest_client [req-c3565b98-0f9a-47bd-9595-2173ddd0a0b1 req-c3565b98-0f9a-47bd-9595-2173ddd0a0b1 ] Request (QuotasAdminTestV257:tearDownClass): 204 DELETE http://10.180.1.21/identity/v3/projects/9e7e2e89349d4dc9b8ea80b94204578a 0.136s
2025-04-17 13:47:23.764 69587 INFO tempest.lib.common.dynamic_creds [-] Deleting project and security group for project: 85fe0043dc3146089f52909c993914e1
2025-04-17 13:47:23.770 69565 INFO tempest.lib.common.rest_client [req-27625ac1-cd2d-44fb-b14b-a2afde77fc01 req-27625ac1-cd2d-44fb-b14b-a2afde77fc01 ] Request (InstanceUsageAuditLogTestJSON:tearDownClass): 204 DELETE http://10.180.1.21:9696/networking/v2.0/security-groups/1f81cb5a-005d-4e76-bc38-6d44c8be8487 0.098s
2025-04-17 13:47:23.780 69567 INFO tempest.lib.common.rest_client [req-25ba55ec-6d0b-4041-8b81-af8aed0834ab req-25ba55ec-6d0b-4041-8b81-af8aed0834ab ] Request (ServerExternalEventsTest:test_create_server_external_events): 200 GET http://10.180.1.21/compute/v2.1/servers/879f8f9e-4198-4b5a-92c3-ddf15d2b0752 2.026s
2025-04-17 13:47:23.791 69563 INFO tempest.lib.common.rest_client [req-6d6a6f2b-e8c1-4347-8569-ecb1e508a44e req-6d6a6f2b-e8c1-4347-8569-ecb1e508a44e ] Request (FlavorsV2TestJSON:test_list_flavors_detailed_filter_by_min_ram): 200 GET http://10.180.1.21/compute/v2.1/flavors/42 2.020s
2025-04-17 13:47:23.837 69595 INFO tempest.lib.common.rest_client [req-9d74dc32-40d7-41ab-aeba-d556198838f6 req-9d74dc32-40d7-41ab-aeba-d556198838f6 ] Request (AZAdminV2TestJSON:tearDownClass): 204 DELETE http://10.180.1.21:9696/networking/v2.0/security-groups/9bc6f13c-a1f0-4188-a749-98fb0bfd69de 0.095s
2025-04-17 13:47:23.880 69565 INFO tempest.lib.common.rest_client [req-084f40cf-dfd7-451f-b2f0-778db10ed289 req-084f40cf-dfd7-451f-b2f0-778db10ed289 ] Request (InstanceUsageAuditLogTestJSON:tearDownClass): 204 DELETE http://10.180.1.21/identity/v3/projects/f206f293e61c4024a379e1de9a7e83d4 0.109s
2025-04-17 13:47:23.925 69599 INFO tempest.lib.common.rest_client [req-18da8227-c27f-424b-960b-bc5ea959a883 req-18da8227-c27f-424b-960b-bc5ea959a883 ] Request (NetworksTest:test_list_all_networks): 200 GET http://10.180.1.21/compute/v2.1/os-networks 2.094s
2025-04-17 13:47:23.945 69565 INFO tempest.lib.common.rest_client [req-b1e2cf4e-6032-4cf5-bd25-6d43660ba581 req-b1e2cf4e-6032-4cf5-bd25-6d43660ba581 ] Request (FloatingIPsNegativeTestJSON:setUpClass): 201 POST http://10.180.1.21/identity/v3/auth/tokens 0.063s
2025-04-17 13:47:23.947 69555 INFO tempest.lib.common.rest_client [req-7c79cc22-a7bd-44a4-b7f8-c98fd38c01b5 req-7c79cc22-a7bd-44a4-b7f8-c98fd38c01b5 ] Request (FlavorsAccessNegativeTestJSON:_run_cleanups): 202 DELETE http://10.180.1.21/compute/v2.1/flavors/228186411 2.095s
2025-04-17 13:47:23.973 69595 INFO tempest.lib.common.rest_client [req-272209a9-b08c-49a2-83f8-dcbf33b6dfe6 req-272209a9-b08c-49a2-83f8-dcbf33b6dfe6 ] Request (AZAdminV2TestJSON:tearDownClass): 204 DELETE http://10.180.1.21/identity/v3/projects/992e401d4fd042de9dd6922c0f64e863 0.135s
2025-04-17 13:47:23.996 69565 INFO tempest.lib.common.rest_client [req-495bc0da-aa33-4112-801b-296ccb85532e req-495bc0da-aa33-4112-801b-296ccb85532e ] Request (FloatingIPsNegativeTestJSON:setUpClass): 201 POST http://10.180.1.21/identity/v3/auth/tokens 0.048s
2025-04-17 13:47:24.048 69599 INFO tempest.lib.common.rest_client [req-ec8b129e-3bd2-4db3-942e-8c7503cd03d6 req-ec8b129e-3bd2-4db3-942e-8c7503cd03d6 ] Request (NetworksTest:tearDownClass): 204 DELETE http://10.180.1.21/identity/v3/users/1eff80f3f84445fa8bd509a6a78fa599 0.120s
2025-04-17 13:47:24.066 69587 INFO tempest.lib.common.rest_client [req-25687d82-736a-4081-b332-95298a661dc9 req-25687d82-736a-4081-b332-95298a661dc9 ] Request (QuotasAdminTestV257:tearDownClass): 200 GET http://10.180.1.21:9696/networking/v2.0/security-groups?tenant_id=85fe0043dc3146089f52909c993914e1&name=default 0.302s
2025-04-17 13:47:24.111 69595 INFO tempest.lib.common.rest_client [req-38e6a0ff-1903-4200-8014-ba3932d7c743 req-38e6a0ff-1903-4200-8014-ba3932d7c743 ] Request (TenantUsagesNegativeTestJSON:setUpClass): 201 POST http://10.180.1.21/identity/v3/auth/tokens 0.136s
2025-04-17 13:47:24.131 69585 INFO tempest.lib.common.rest_client [req-1fde630d-ea48-4486-a7da-7c2ee21eecd4 req-1fde630d-ea48-4486-a7da-7c2ee21eecd4 ] Request (FloatingIPDetailsTestJSON:setUpClass): 200 POST http://10.180.1.21/compute/v2.1/os-floating-ips 2.499s
