2025-04-17 13:48:18.974 69543 INFO tempest.lib.common.rest_client [req-fb6d08ab-88c8-475f-b5c0-4f7ac2446c99 req-fb6d08ab-88c8-475f-b5c0-4f7ac2446c99 ] Request (TenantUsagesTestJSON:setUpClass): 200 GET http://10.180.1.21/compute/v2.1/servers/7a574cff-cec8-4b0c-b705-cd09f81b15f2 1.175s
2025-04-17 13:48:19.049 69585 INFO tempest.lib.common.rest_client [req-d0058132-946e-4df1-8280-e091a74b93c4 req-d0058132-946e-4df1-8280-e091a74b93c4 ] Request (ServerActionsTestOtherB:setUpClass): 200 GET http://10.180.1.21/compute/v2.1/servers/6b2ebe83-7312-4c1b-a984-86256ccd217c 1.195s
2025-04-17 13:48:19.103 69559 INFO tempest.lib.common.rest_client [req-7353ccd9-ff6c-49e7-ac5b-3c5a39b3d2e0 req-7353ccd9-ff6c-49e7-ac5b-3c5a39b3d2e0 ] Request (SecurityGroupRulesTestJSON:test_security_group_rules_list): 200 POST http://10.180.1.21/compute/v2.1/os-security-groups 1.285s
2025-04-17 13:48:19.114 69599 INFO tempest.lib.common.rest_client [req-21a293e5-3527-41b7-b066-4ce0e77c16f6 req-21a293e5-3527-41b7-b066-4ce0e77c16f6 ] Request (ServerMetadataNegativeTestJSON:test_server_create_metadata_key_too_long): 400 POST http://10.180.1.21/compute/v2.1/servers 1.132s
2025-04-17 13:48:19.158 69591 INFO tempest.lib.common.rest_client [req-d5f012b0-fb0c-4ec7-ba66-5bf410acf3fd req-d5f012b0-fb0c-4ec7-ba66-5bf410acf3fd ] Request (ServersListShow298Test:tearDownClass): 200 GET http://10.180.1.21/compute/v2.1/servers/0dc4abf2-a9c7-45e2-a88a-e1be99b2a9cf 1.196s
2025-04-17 13:48:19.180 69569 INFO tempest.lib.common.rest_client [req-6f2d8ec8-9645-4479-97d3-cf4d6fb3e1eb req-6f2d8ec8-9645-4479-97d3-cf4d6fb3e1eb ] Request (ServerDiagnosticsTest:test_get_server_diagnostics): 200 GET http://10.180.1.21/compute/v2.1/servers/d6b780e2-6447-4fe2-891e-e7c8a831de6f 1.154s
2025-04-17 13:48:19.212 69581 INFO tempest.lib.common.rest_client [req-1fc48bfa-439b-42b0-8ad5-5b68db9b7036 req-1fc48bfa-439b-42b0-8ad5-5b68db9b7036 ] Request (AggregatesAdminNegativeTestJSON:test_aggregate_remove_nonexistent_host): 200 POST http://10.180.1.21/compute/v2.1/os-aggregates 1.123s
2025-04-17 13:48:19.253 69603 INFO tempest.lib.common.rest_client [req-f8e0f471-4dd1-4d02-b501-b50277edea81 req-f8e0f471-4dd1-4d02-b501-b50277edea81 ] Request (ServersAdmin275Test:tearDownClass): 200 GET http://10.180.1.21/compute/v2.1/servers/f6588f67-f186-4f6e-b085-0d35eff561a3 1.165s
2025-04-17 13:48:19.294 69567 INFO tempest.lib.common.rest_client [req-1091c07a-8e9f-4777-85f1-a9aa4e8b8ffe req-1091c07a-8e9f-4777-85f1-a9aa4e8b8ffe ] Request (ServerExternalEventsTest:tearDownClass): 204 DELETE http://10.180.1.21:9696/networking/v2.0/security-groups/69b34681-1e2e-4ed2-9788-01652e1c9bac 0.432s
2025-04-17 13:48:19.305 69573 INFO tempest.lib.common.rest_client [req-752033ae-add8-4055-a887-8c770520a8e6 req-752033ae-add8-4055-a887-8c770520a8e6 ] Request (VolumesAdminNegativeTest:test_update_attached_volume_with_nonexistent_volume_in_body): 200 GET http://10.180.1.21/compute/v2.1/servers/9c202839-d942-4f38-9c1a-3da6428d2ef3 1.211s
2025-04-17 13:48:19.310 69551 INFO tempest.lib.common.rest_client [req-aad4f2b6-df0d-4800-bf42-3c99ac3e3f98 req-aad4f2b6-df0d-4800-bf42-3c99ac3e3f98 ] Request (HypervisorAdminNegativeUnderV252Test:test_show_servers_with_non_admin_user): 403 GET http://10.180.1.21/compute/v2.1/os-hypervisors/1/servers 1.181s
2025-04-17 13:48:19.312 69573 INFO tempest.common.waiters [-] State transition "BUILD/scheduling" ==> "BUILD/None" after 2 second wait
2025-04-17 13:48:19.337 69579 INFO tempest.lib.common.rest_client [req-451143ef-4aee-4371-9b3b-eae657db22e3 req-451143ef-4aee-4371-9b3b-eae657db22e3 ] Request (FlavorsAdminTestJSON:test_is_public_string_variations): 200 GET http://10.180.1.21/compute/v2.1/flavors/detail?is_public=yes 1.181s
2025-04-17 13:48:19.374 69563 INFO tempest.lib.common.rest_client [req-438b093d-bb13-4aa9-bf93-2f9a01a193f2 req-438b093d-bb13-4aa9-bf93-2f9a01a193f2 ] Request (SecurityGroupRulesNegativeTestJSON:test_create_security_group_rule_duplicate): 400 POST http://10.180.1.21/compute/v2.1/os-security-group-rules 1.139s
2025-04-17 13:48:19.391 69567 INFO tempest.lib.common.rest_client [req-cfcb8aeb-8b2d-4438-823b-d377376831fe req-cfcb8aeb-8b2d-4438-823b-d377376831fe ] Request (ServerExternalEventsTest:tearDownClass): 204 DELETE http://10.180.1.21/identity/v3/projects/94e742ac7d8a461cb4a8cdd79f74c0fb 0.097s
2025-04-17 13:48:19.391 69567 INFO tempest.lib.common.dynamic_creds [-] Deleting project and security group for project: e689ebeace754df88c1e6458c70daea6
2025-04-17 13:48:19.501 69587 INFO tempest.lib.common.rest_client [req-ade21cb1-d059-4ea9-9e85-4f2d3ddf0efb req-ade21cb1-d059-4ea9-9e85-4f2d3ddf0efb ] Request (ImagesMetadataTestJSON:test_set_image_metadata_item): 200 PUT http://10.180.1.21/compute/v2.1/images/42129114-635d-46bf-b9f8-c71af52f4173/metadata/os_version 1.397s
2025-04-17 13:48:19.538 69547 INFO tempest.lib.common.rest_client [req-4f8dec21-fa31-4d27-9647-60e30d1bd876 req-4f8dec21-fa31-4d27-9647-60e30d1bd876 ] Request (ServersAdminNegativeTestJSON:test_migrate_server_invalid_state): 200 GET http://10.180.1.21/compute/v2.1/servers/9e611d0f-aca8-4d76-9325-c8c074a97e19 1.247s
2025-04-17 13:48:19.557 69567 INFO tempest.lib.common.rest_client [req-1455fbc3-f09e-4ef0-9524-b255f7e6a4cd req-1455fbc3-f09e-4ef0-9524-b255f7e6a4cd ] Request (ServerExternalEventsTest:tearDownClass): 200 GET http://10.180.1.21:9696/networking/v2.0/security-groups?tenant_id=e689ebeace754df88c1e6458c70daea6&name=default 0.165s
2025-04-17 13:48:19.581 69571 INFO tempest.lib.common.rest_client [req-3be53059-b835-4de5-8218-3c4ec0e99328 req-3be53059-b835-4de5-8218-3c4ec0e99328 ] Request (ServerDiagnosticsNegativeTest:tearDownClass): 200 GET http://10.180.1.21/compute/v2.1/servers/ca30e339-6bb2-4035-af63-5106af370030 1.203s
2025-04-17 13:48:19.701 69595 INFO tempest.lib.common.rest_client [req-f711a14a-a60a-4122-a611-88ca899fc5cc req-f711a14a-a60a-4122-a611-88ca899fc5cc ] Request (ImagesNegativeTestJSON:test_create_image_from_deleted_server): 200 GET http://10.180.1.21/compute/v2.1/servers/9e2a90e4-da8e-4e8d-a317-fd058e599835 0.972s
2025-04-17 13:48:19.708 69567 INFO tempest.lib.common.rest_client [req-0136292c-1708-4707-8d1b-63deb28f93eb req-0136292c-1708-4707-8d1b-63deb28f93eb ] Request (ServerExternalEventsTest:tearDownClass): 204 DELETE http://10.180.1.21:9696/networking/v2.0/security-groups/1ad41990-8ac8-4538-8dfd-3160f864a625 0.151s
2025-04-17 13:48:19.714 69601 INFO tempest.lib.common.rest_client [req-55c96972-4d29-4b4d-9e48-3ef243e26aec req-55c96972-4d29-4b4d-9e48-3ef243e26aec ] Request (MigrationsAdminTest:test_list_migrations_in_flavor_resize_situation): 200 GET http://10.180.1.21/compute/v2.1/servers/99ee16d5-2d5a-48d8-9f4e-188fe6a4c7fa 0.914s
2025-04-17 13:48:19.768 69555 INFO tempest.lib.common.rest_client [req-ef9960a5-8a15-459c-b394-addb1d5e8ec5 req-ef9960a5-8a15-459c-b394-addb1d5e8ec5 ] Request (AttachInterfacesTestJSON:test_create_list_show_delete_interfaces_by_fixed_ip): 200 GET http://10.180.1.21/compute/v2.1/servers/8e11fe11-f9db-4970-9c3e-2cd24953ea04 0.915s
2025-04-17 13:48:19.813 69567 INFO tempest.lib.common.rest_client [req-1cc5ba37-d9cb-4ab3-9f47-2950602ad976 req-1cc5ba37-d9cb-4ab3-9f47-2950602ad976 ] Request (ServerExternalEventsTest:tearDownClass): 204 DELETE http://10.180.1.21/identity/v3/projects/e689ebeace754df88c1e6458c70daea6 0.104s
2025-04-17 13:48:19.814 69567 INFO tempest.lib.common.dynamic_creds [-] Deleting project and security group for project: 2c997a4e375e4ace8b131d3ce17d4188
2025-04-17 13:48:19.820 69589 INFO tempest.lib.common.rest_client [req-c025ba83-6d31-40dc-bf08-e700004a4e1b req-c025ba83-6d31-40dc-bf08-e700004a4e1b ] Request (ServersNegativeTestMultiTenantJSON:setUpClass): 200 GET http://10.180.1.21/compute/v2.1/servers/c1f2c675-c9ad-41b0-97b5-600e621927de 0.881s
2025-04-17 13:48:19.827 69545 INFO tempest.lib.common.rest_client [req-d0d23e3d-64d8-46ff-9dcc-3a70ca8a4bf4 req-d0d23e3d-64d8-46ff-9dcc-3a70ca8a4bf4 ] Request (ServersNegativeTestJSON:setUpClass): 200 GET http://10.180.1.21/compute/v2.1/servers/cd72fe81-eab5-496c-9f24-21ea8d2c6e20 0.873s
2025-04-17 13:48:19.829 69589 INFO tempest.common.waiters [-] State transition "BUILD/spawning" ==> "ACTIVE/None" after 30 second wait
2025-04-17 13:48:19.847 69567 INFO tempest.lib.common.rest_client [req-552e0b36-1cc2-45a9-bbd5-cee7dfd8e738 req-552e0b36-1cc2-45a9-bbd5-cee7dfd8e738 ] Request (ServerExternalEventsTest:tearDownClass): 200 GET http://10.180.1.21:9696/networking/v2.0/security-groups?tenant_id=2c997a4e375e4ace8b131d3ce17d4188&name=default 0.033s
2025-04-17 13:48:19.941 69597 INFO tempest.lib.common.rest_client [req-2d290d1e-690f-4587-9b04-955088e31519 req-2d290d1e-690f-4587-9b04-955088e31519 ] Request (ServerActionsTestOtherA:setUpClass): 200 GET http://10.180.1.21/compute/v2.1/servers/d9fb3dba-41f2-463c-8d57-118b0aa46f54 0.870s
2025-04-17 13:48:19.953 69567 INFO tempest.lib.common.rest_client [req-cd5b4793-6da1-4b6c-aabf-de3d2e195928 req-cd5b4793-6da1-4b6c-aabf-de3d2e195928 ] Request (ServerExternalEventsTest:tearDownClass): 204 DELETE http://10.180.1.21:9696/networking/v2.0/security-groups/7635995e-c6cd-453b-b9aa-b46cf0c66e88 0.106s
2025-04-17 13:48:19.959 69599 INFO tempest.lib.common.rest_client [req-8f94753d-c4bd-415c-a866-3b80f8d4a73e req-8f94753d-c4bd-415c-a866-3b80f8d4a73e ] Request (ServerMetadataNegativeTestJSON:test_server_metadata_non_existent_server): 404 GET http://10.180.1.21/compute/v2.1/servers/d4cf4892-3a43-4ea2-8295-d51570cf2a29/metadata/test2 0.844s
2025-04-17 13:48:19.984 69581 INFO tempest.lib.common.rest_client [req-ab9a510c-4bdc-436f-888c-c80689ebc405 req-ab9a510c-4bdc-436f-888c-c80689ebc405 ] Request (AggregatesAdminNegativeTestJSON:test_aggregate_remove_nonexistent_host): 404 POST http://10.180.1.21/compute/v2.1/os-aggregates/8/action 0.770s
2025-04-17 13:48:20.003 69559 INFO tempest.lib.common.rest_client [req-dd8737bd-724c-4408-bea7-7a89089dbc97 req-dd8737bd-724c-4408-bea7-7a89089dbc97 ] Request (SecurityGroupRulesTestJSON:test_security_group_rules_list): 200 POST http://10.180.1.21/compute/v2.1/os-security-group-rules 0.896s
2025-04-17 13:48:20.017 69551 INFO tempest.lib.common.rest_client [req-97646633-7a69-418d-b5f5-90edea30570c req-97646633-7a69-418d-b5f5-90edea30570c ] Request (HypervisorAdminNegativeUnderV252Test:test_show_servers_with_nonexistent_hypervisor): 404 GET http://10.180.1.21/compute/v2.1/os-hypervisors/add40571-3e40-4ed9-ba31-29f49b247965/servers 0.706s
2025-04-17 13:48:20.049 69579 INFO tempest.lib.common.rest_client [req-9eaea12f-f2cc-47fb-bbef-475f7cda2600 req-9eaea12f-f2cc-47fb-bbef-475f7cda2600 ] Request (FlavorsAdminTestJSON:test_is_public_string_variations): 200 GET http://10.180.1.21/compute/v2.1/flavors/detail?is_public=1 0.704s
2025-04-17 13:48:20.060 69549 INFO tempest.lib.common.rest_client [req-2d9aecbe-05f9-407b-98df-5eb1711f470b req-2d9aecbe-05f9-407b-98df-5eb1711f470b ] Request (AttachInterfacesV270Test:test_create_get_list_interfaces): 200 GET http://10.180.1.21/compute/v2.1/servers/0becda35-ead9-4f20-acbd-73b41ba2db1b 0.780s
2025-04-17 13:48:20.089 69567 INFO tempest.lib.common.rest_client [req-af866c86-ada8-48ce-bbe5-2ae276682086 req-af866c86-ada8-48ce-bbe5-2ae276682086 ] Request (ServerExternalEventsTest:tearDownClass): 204 DELETE http://10.180.1.21/identity/v3/projects/2c997a4e375e4ace8b131d3ce17d4188 0.135s
2025-04-17 13:48:20.125 69551 INFO tempest.lib.common.rest_client [req-cf5b36fc-9a5e-41f6-804c-dbf219e7982b req-cf5b36fc-9a5e-41f6-804c-dbf219e7982b ] Request (HypervisorAdminNegativeUnderV252Test:tearDownClass): 204 DELETE http://10.180.1.21/identity/v3/users/234cad102f3a4ad1b5741c832263194c 0.106s
2025-04-17 13:48:20.173 69567 INFO tempest.lib.common.rest_client [req-352721cf-dd52-418f-a27a-f91e611bf641 req-352721cf-dd52-418f-a27a-f91e611bf641 ] Request (ServersAdminTestJSON:setUpClass): 201 POST http://10.180.1.21/identity/v3/auth/tokens 0.083s
2025-04-17 13:48:20.198 69541 INFO tempest.lib.common.rest_client [req-576b7792-4f9f-4976-866d-084e422a2aa7 req-576b7792-4f9f-4976-866d-084e422a2aa7 ] Request (ImagesOneServerNegativeTestJSON:setUpClass): 200 GET http://10.180.1.21/compute/v2.1/servers/0d8a7167-7c1f-4845-ba15-1bc2d84568a9 0.732s
2025-04-17 13:48:20.208 69541 INFO tempest.common.waiters [-] State transition "BUILD/spawning" ==> "ACTIVE/None" after 32 second wait
2025-04-17 13:48:20.213 69567 INFO tempest.lib.common.rest_client [req-cc3a102b-34e8-4ec3-9a66-5ad4c17e5631 req-cc3a102b-34e8-4ec3-9a66-5ad4c17e5631 ] Request (ServersAdminTestJSON:setUpClass): 201 POST http://10.180.1.21/identity/v3/auth/tokens 0.037s
2025-04-17 13:48:20.229 69563 INFO tempest.lib.common.rest_client [req-5647a651-9dfb-41d1-8c11-59ddbcc35294 req-5647a651-9dfb-41d1-8c11-59ddbcc35294 ] Request (SecurityGroupRulesNegativeTestJSON:_run_cleanups): 202 DELETE http://10.180.1.21/compute/v2.1/os-security-group-rules/a6794cdc-b1c0-4e82-bf62-ce996bd32a05 0.854s
2025-04-17 13:48:20.247 69587 INFO tempest.lib.common.rest_client [req-f1e44723-f225-4b26-9695-b0d1028fcc9b req-f1e44723-f225-4b26-9695-b0d1028fcc9b ] Request (ImagesMetadataTestJSON:test_set_image_metadata_item): 200 GET http://10.180.1.21/compute/v2.1/images/42129114-635d-46bf-b9f8-c71af52f4173/metadata 0.745s
2025-04-17 13:48:20.250 69567 INFO tempest.lib.common.rest_client [req-ad68d681-2a53-4faf-96ca-45d3ff7566d0 req-ad68d681-2a53-4faf-96ca-45d3ff7566d0 ] Request (ServersAdminTestJSON:setUpClass): 200 GET http://10.180.1.21/identity/v3/domains?name=Default 0.036s
2025-04-17 13:48:20.308 69551 INFO tempest.lib.common.rest_client [req-94bcad5d-e61b-49aa-8a37-f9dceb0d4c44 req-94bcad5d-e61b-49aa-8a37-f9dceb0d4c44 ] Request (HypervisorAdminNegativeUnderV252Test:tearDownClass): 204 DELETE http://10.180.1.21/identity/v3/users/76aee1068d48414db7830b053dc16c27 0.182s
2025-04-17 13:48:20.308 69551 INFO tempest.lib.common.dynamic_creds [-] Deleting project and security group for project: 0e37a91c5684471e9b955ce95f9a0d7a
2025-04-17 13:48:20.334 69558 INFO tempest.lib.common.rest_client [req-944ca79c-e593-4eb5-8e97-28557d9693cc req-944ca79c-e593-4eb5-8e97-28557d9693cc ] Request (DeleteServersAdminTestJSON:test_delete_server_while_in_error_state): 200 GET http://10.180.1.21/compute/v2.1/servers/8fd4adf0-1fcc-4e47-80d7-bb84e0dd5790 0.686s
2025-04-17 13:48:20.342 69567 INFO tempest.lib.common.rest_client [req-f6337c0e-e3e4-4bc7-b6a2-ddc7ad7007e7 req-f6337c0e-e3e4-4bc7-b6a2-ddc7ad7007e7 ] Request (ServersAdminTestJSON:setUpClass): 201 POST http://10.180.1.21/identity/v3/projects 0.091s
2025-04-17 13:48:20.344 69553 INFO tempest.lib.common.rest_client [req-25aec96b-40d9-419e-8e66-65205f908d01 req-25aec96b-40d9-419e-8e66-65205f908d01 ] Request (DeleteServersTestJSON:test_delete_active_server): 200 GET http://10.180.1.21/compute/v2.1/servers/0df832c7-2323-4514-8e2e-f557a29a8c2e 0.779s
2025-04-17 13:48:20.349 69558 INFO tempest.common.waiters [-] State transition "BUILD/None" ==> "BUILD/networking" after 18 second wait
2025-04-17 13:48:20.390 69551 INFO tempest.lib.common.rest_client [req-c73443e5-3b6e-403c-9d7d-c73445cc4258 req-c73443e5-3b6e-403c-9d7d-c73445cc4258 ] Request (HypervisorAdminNegativeUnderV252Test:tearDownClass): 201 POST http://10.180.1.21/identity/v3/auth/tokens 0.082s
2025-04-17 13:48:20.427 69567 INFO tempest.lib.common.rest_client [req-df71e353-f0d1-4d52-8153-e4f2b7030289 req-df71e353-f0d1-4d52-8153-e4f2b7030289 ] Request (ServersAdminTestJSON:setUpClass): 201 POST http://10.180.1.21/identity/v3/users 0.085s
2025-04-17 13:48:20.454 69567 INFO tempest.lib.common.rest_client [req-272a5d6a-b401-48a6-83ba-d6cc36636bd2 req-272a5d6a-b401-48a6-83ba-d6cc36636bd2 ] Request (ServersAdminTestJSON:setUpClass): 200 GET http://10.180.1.21/identity/v3/roles 0.025s
2025-04-17 13:48:20.462 69565 INFO tempest.lib.common.rest_client [req-e8fec8fa-3483-464c-90e8-f8ffdac1229b req-e8fec8fa-3483-464c-90e8-f8ffdac1229b ] Request (ServerTagsTestJSON:setUpClass): 200 GET http://10.180.1.21/compute/v2.1/servers/2b523f68-396b-437a-ad1b-833802639e67 0.567s
2025-04-17 13:48:20.485 69567 INFO tempest.lib.common.rest_client [req-18aff3e7-e41e-4685-b430-81fec5be3b4f req-18aff3e7-e41e-4685-b430-81fec5be3b4f ] Request (ServersAdminTestJSON:setUpClass): 204 PUT http://10.180.1.21/identity/v3/projects/c63c8f54b91a4da08f2daafc05c9b5fe/users/863fb5753cc6444aa46ee3bdf06e4d4f/roles/171e7f1f37714291a877506585c2770f 0.030s
2025-04-17 13:48:20.485 69567 INFO tempest.lib.common.dynamic_creds [-] Dynamic test user 863fb5753cc6444aa46ee3bdf06e4d4f is created with scope project and roles: ['member']
2025-04-17 13:48:20.485 69567 INFO tempest.lib.common.dynamic_creds [-] Acquired dynamic creds: credentials: Credentials: {'domain_id': 'default', 'domain_name': 'Default', 'username': 'tempest-ServersAdminTestJSON-479759693-project-member', 'project_domain_id': 'default', 'project_domain_name': 'Default', 'project_id': 'c63c8f54b91a4da08f2daafc05c9b5fe', 'project_name': 'tempest-ServersAdminTestJSON-479759693', 'tenant_id': 'c63c8f54b91a4da08f2daafc05c9b5fe', 'tenant_name': 'tempest-ServersAdminTestJSON-479759693', 'user_domain_id': 'default', 'user_domain_name': 'Default', 'user_id': '863fb5753cc6444aa46ee3bdf06e4d4f', 'system': None}, Network: None, Subnet: None, Router: None
2025-04-17 13:48:20.513 69599 INFO tempest.lib.common.rest_client [req-4258ada8-7cb1-4938-ad1b-9868bb96b2fa req-4258ada8-7cb1-4938-ad1b-9868bb96b2fa ] Request (ServerMetadataNegativeTestJSON:test_set_metadata_invalid_key): 400 PUT http://10.180.1.21/compute/v2.1/servers/ee2d9832-32ef-44b2-878c-89762f813480/metadata/key 0.552s
2025-04-17 13:48:20.514 69589 INFO tempest.lib.common.rest_client [req-e0f4f1c8-1807-48d7-8596-f010504fabe6 req-e0f4f1c8-1807-48d7-8596-f010504fabe6 ] Request (ServersNegativeTestMultiTenantJSON:setUp): 200 GET http://10.180.1.21/compute/v2.1/servers/c1f2c675-c9ad-41b0-97b5-600e621927de 0.684s
2025-04-17 13:48:20.545 69581 INFO tempest.lib.common.rest_client [req-fa1a7c93-e8f1-4a7e-b854-72ea06922f90 req-fa1a7c93-e8f1-4a7e-b854-72ea06922f90 ] Request (AggregatesAdminNegativeTestJSON:_run_cleanups): 200 DELETE http://10.180.1.21/compute/v2.1/os-aggregates/8 0.560s
2025-04-17 13:48:20.545 69567 INFO tempest.lib.common.rest_client [req-d3bbd1ea-97eb-4554-a585-c7ced445ab6c req-d3bbd1ea-97eb-4554-a585-c7ced445ab6c ] Request (ServersAdminTestJSON:setUpClass): 201 POST http://10.180.1.21/identity/v3/auth/tokens 0.059s
2025-04-17 13:48:20.644 69581 INFO tempest.lib.common.rest_client [req-7eced60d-b553-4da8-be26-e862c4d987f1 req-7eced60d-b553-4da8-be26-e862c4d987f1 ] Request (AggregatesAdminNegativeTestJSON:tearDownClass): 204 DELETE http://10.180.1.21/identity/v3/users/6b1ce1d0b10e4e579a532039932fa362 0.097s
2025-04-17 13:48:20.670 69543 INFO tempest.lib.common.rest_client [req-963005e9-ad7a-429b-a4eb-9c86f1c55dd5 req-963005e9-ad7a-429b-a4eb-9c86f1c55dd5 ] Request (TenantUsagesTestJSON:setUpClass): 200 GET http://10.180.1.21/compute/v2.1/servers/7a574cff-cec8-4b0c-b705-cd09f81b15f2 0.683s
2025-04-17 13:48:20.686 69579 INFO tempest.lib.common.rest_client [req-db0f1e4c-daff-4362-a305-b4281f3ba421 req-db0f1e4c-daff-4362-a305-b4281f3ba421 ] Request (FlavorsAdminTestJSON:_run_cleanups): 202 DELETE http://10.180.1.21/compute/v2.1/flavors/509053087 0.630s
2025-04-17 13:48:20.742 69559 INFO tempest.lib.common.rest_client [req-3f680b40-c99d-4bab-a4ff-1f1ee50a0cc5 req-3f680b40-c99d-4bab-a4ff-1f1ee50a0cc5 ] Request (SecurityGroupRulesTestJSON:test_security_group_rules_list): 200 POST http://10.180.1.21/compute/v2.1/os-security-group-rules 0.735s
2025-04-17 13:48:20.748 69581 INFO tempest.lib.common.rest_client [req-81a36ae5-db04-4acc-b3e4-d006a748770d req-81a36ae5-db04-4acc-b3e4-d006a748770d ] Request (AggregatesAdminNegativeTestJSON:tearDownClass): 204 DELETE http://10.180.1.21/identity/v3/users/7f9cf499b34248029b9861e7cdec2f9b 0.103s
2025-04-17 13:48:20.749 69581 INFO tempest.lib.common.dynamic_creds [-] Deleting project and security group for project: 2011508ccea6470bbe829099ef7880b5
2025-04-17 13:48:20.749 69585 INFO tempest.lib.common.rest_client [req-03621437-e99c-4e68-8068-f467b50b6c39 req-03621437-e99c-4e68-8068-f467b50b6c39 ] Request (ServerActionsTestOtherB:setUpClass): 200 GET http://10.180.1.21/compute/v2.1/servers/6b2ebe83-7312-4c1b-a984-86256ccd217c 0.689s
2025-04-17 13:48:20.756 69551 INFO tempest.lib.common.rest_client [req-51f4b5e3-6a1d-469a-b222-bf7f99618190 req-51f4b5e3-6a1d-469a-b222-bf7f99618190 ] Request (HypervisorAdminNegativeUnderV252Test:tearDownClass): 200 GET http://10.180.1.21:9696/networking/v2.0/security-groups?tenant_id=0e37a91c5684471e9b955ce95f9a0d7a&name=default 0.365s
2025-04-17 13:48:20.806 69569 INFO tempest.lib.common.rest_client [req-a9f92dba-2ccb-489f-a0d3-20aa33adcd14 req-a9f92dba-2ccb-489f-a0d3-20aa33adcd14 ] Request (ServerDiagnosticsTest:test_get_server_diagnostics): 200 GET http://10.180.1.21/compute/v2.1/servers/d6b780e2-6447-4fe2-891e-e7c8a831de6f 0.617s
2025-04-17 13:48:20.829 69581 INFO tempest.lib.common.rest_client [req-fb05d679-e519-41ac-baea-c25b6404a4ba req-fb05d679-e519-41ac-baea-c25b6404a4ba ] Request (AggregatesAdminNegativeTestJSON:tearDownClass): 201 POST http://10.180.1.21/identity/v3/auth/tokens 0.080s
2025-04-17 13:48:20.845 69591 INFO tempest.lib.common.rest_client [req-3f7f4e16-b856-4b80-a6ec-3d96177a1650 req-3f7f4e16-b856-4b80-a6ec-3d96177a1650 ] Request (ServersListShow298Test:tearDownClass): 200 GET http://10.180.1.21/compute/v2.1/servers/0dc4abf2-a9c7-45e2-a88a-e1be99b2a9cf 0.668s
2025-04-17 13:48:20.952 69551 INFO tempest.lib.common.rest_client [req-2f025544-4d1a-42a8-b438-f47a4564666e req-2f025544-4d1a-42a8-b438-f47a4564666e ] Request (HypervisorAdminNegativeUnderV252Test:tearDownClass): 204 DELETE http://10.180.1.21:9696/networking/v2.0/security-groups/9d9ce94a-3efb-47e8-9b92-be9e641b7a37 0.195s
2025-04-17 13:48:21.019 69541 INFO tempest.lib.common.rest_client [req-b1ba102f-9d8e-45b8-9538-8fbad662e5b4 req-b1ba102f-9d8e-45b8-9538-8fbad662e5b4 ] Request (ImagesOneServerNegativeTestJSON:setUp): 200 GET http://10.180.1.21/compute/v2.1/servers/0d8a7167-7c1f-4845-ba15-1bc2d84568a9 0.809s
2025-04-17 13:48:21.043 69551 INFO tempest.lib.common.rest_client [req-60acb7df-72f2-48f9-b51d-ed8e2aaf0b36 req-60acb7df-72f2-48f9-b51d-ed8e2aaf0b36 ] Request (HypervisorAdminNegativeUnderV252Test:tearDownClass): 204 DELETE http://10.180.1.21/identity/v3/projects/0e37a91c5684471e9b955ce95f9a0d7a 0.091s
2025-04-17 13:48:21.043 69551 INFO tempest.lib.common.dynamic_creds [-] Deleting project and security group for project: cd23b6d910e14796b66c33b8e23792c8
2025-04-17 13:48:21.054 69567 INFO tempest.lib.common.rest_client [req-cc083a34-aac9-4ed0-a74e-18c3c16424ed req-cc083a34-aac9-4ed0-a74e-18c3c16424ed ] Request (ServersAdminTestJSON:setUpClass): 201 POST http://10.180.1.21:9696/networking/v2.0/networks 0.509s
2025-04-17 13:48:21.135 69563 INFO tempest.lib.common.rest_client [req-daab6dec-c348-4e9a-94c7-5364d13af9d9 req-daab6dec-c348-4e9a-94c7-5364d13af9d9 ] Request (SecurityGroupRulesNegativeTestJSON:test_create_security_group_rule_with_invalid_from_port): 200 POST http://10.180.1.21/compute/v2.1/os-security-groups 0.905s
2025-04-17 13:48:21.139 69581 INFO tempest.lib.common.rest_client [req-c7c68d14-045e-42ca-bad0-9142a91f4cc7 req-c7c68d14-045e-42ca-bad0-9142a91f4cc7 ] Request (AggregatesAdminNegativeTestJSON:tearDownClass): 200 GET http://10.180.1.21:9696/networking/v2.0/security-groups?tenant_id=2011508ccea6470bbe829099ef7880b5&name=default 0.309s
2025-04-17 13:48:21.259 69587 INFO tempest.lib.common.rest_client [req-482a02a3-98b1-42ad-92e2-580f7db6632a req-482a02a3-98b1-42ad-92e2-580f7db6632a ] Request (ImagesMetadataTestJSON:setUp): 200 PUT http://10.180.1.21/compute/v2.1/images/42129114-635d-46bf-b9f8-c71af52f4173/metadata 1.009s
2025-04-17 13:48:21.352 69581 INFO tempest.lib.common.rest_client [req-96c70bac-cada-4465-9349-15ddd03306e7 req-96c70bac-cada-4465-9349-15ddd03306e7 ] Request (AggregatesAdminNegativeTestJSON:tearDownClass): 204 DELETE http://10.180.1.21:9696/networking/v2.0/security-groups/8ed02e04-881a-4925-83f4-d78c8bdfe707 0.213s
2025-04-17 13:48:21.437 69567 INFO tempest.lib.common.rest_client [req-ca0a269a-06c8-4487-adaf-d2636e7fd1d3 req-ca0a269a-06c8-4487-adaf-d2636e7fd1d3 ] Request (ServersAdminTestJSON:setUpClass): 201 POST http://10.180.1.21:9696/networking/v2.0/subnets 0.382s
2025-04-17 13:48:21.442 69573 INFO tempest.lib.common.rest_client [req-c4b94853-00dd-4dcc-b874-bfef428763c5 req-c4b94853-00dd-4dcc-b874-bfef428763c5 ] Request (VolumesAdminNegativeTest:test_update_attached_volume_with_nonexistent_volume_in_body): 200 GET http://10.180.1.21/compute/v2.1/servers/9c202839-d942-4f38-9c1a-3da6428d2ef3 1.129s
2025-04-17 13:48:21.451 69603 INFO tempest.lib.common.rest_client [req-1df474a1-3961-4bcc-b178-108db0e88308 req-1df474a1-3961-4bcc-b178-108db0e88308 ] Request (ServersAdmin275Test:tearDownClass): 200 GET http://10.180.1.21/compute/v2.1/servers/f6588f67-f186-4f6e-b085-0d35eff561a3 1.185s
2025-04-17 13:48:21.452 69599 INFO tempest.lib.common.rest_client [req-59005a2a-e158-4a97-a50c-5a6ab64fc297 req-59005a2a-e158-4a97-a50c-5a6ab64fc297 ] Request (ServerMetadataNegativeTestJSON:test_set_metadata_non_existent_server): 404 PUT http://10.180.1.21/compute/v2.1/servers/87dcbfd0-79e5-483e-9833-1d267db2e98d/metadata 0.937s
2025-04-17 13:48:21.462 69603 INFO tempest.common.waiters [-] State transition "ACTIVE/deleting" ==> "DELETED/None" after 4 second wait
2025-04-17 13:48:21.462 69551 INFO tempest.lib.common.rest_client [req-b8e9c580-d136-4d02-9608-f96a41e48902 req-b8e9c580-d136-4d02-9608-f96a41e48902 ] Request (HypervisorAdminNegativeUnderV252Test:tearDownClass): 200 GET http://10.180.1.21:9696/networking/v2.0/security-groups?tenant_id=cd23b6d910e14796b66c33b8e23792c8&name=default 0.418s
2025-04-17 13:48:21.487 69581 INFO tempest.lib.common.rest_client [req-d0356cd7-52f7-4def-8592-ecfae2c85c80 req-d0356cd7-52f7-4def-8592-ecfae2c85c80 ] Request (AggregatesAdminNegativeTestJSON:tearDownClass): 204 DELETE http://10.180.1.21/identity/v3/projects/2011508ccea6470bbe829099ef7880b5 0.134s
2025-04-17 13:48:21.487 69581 INFO tempest.lib.common.dynamic_creds [-] Deleting project and security group for project: 8382ae870f2e4d65b7d4d976d7080c71
2025-04-17 13:48:21.608 69547 INFO tempest.lib.common.rest_client [req-c03af202-3241-4677-9e55-95ad56475983 req-c03af202-3241-4677-9e55-95ad56475983 ] Request (ServersAdminNegativeTestJSON:test_migrate_server_invalid_state): 200 GET http://10.180.1.21/compute/v2.1/servers/9e611d0f-aca8-4d76-9325-c8c074a97e19 1.057s
2025-04-17 13:48:21.627 69589 INFO tempest.lib.common.rest_client [req-6fdb4d2c-cc2c-43d8-9d41-2c6281543e0f req-6fdb4d2c-cc2c-43d8-9d41-2c6281543e0f ] Request (ServersNegativeTestMultiTenantJSON:test_delete_a_server_of_another_tenant): 404 DELETE http://10.180.1.21/compute/v2.1/servers/c1f2c675-c9ad-41b0-97b5-600e621927de 1.104s
2025-04-17 13:48:21.661 69579 INFO tempest.lib.common.rest_client [req-b4e83e8a-0ebb-4030-86f5-9f4fe840e214 req-b4e83e8a-0ebb-4030-86f5-9f4fe840e214 ] Request (FlavorsAdminTestJSON:_run_cleanups): 200 GET http://10.180.1.21/compute/v2.1/flavors/detail 0.974s
2025-04-17 13:48:21.687 69571 INFO tempest.lib.common.rest_client [req-9e56d476-62aa-463c-b827-bc79e0c151df req-9e56d476-62aa-463c-b827-bc79e0c151df ] Request (ServerDiagnosticsNegativeTest:tearDownClass): 200 GET http://10.180.1.21/compute/v2.1/servers/ca30e339-6bb2-4035-af63-5106af370030 1.098s
2025-04-17 13:48:21.701 69551 INFO tempest.lib.common.rest_client [req-e94bbefb-8a79-4fb3-a58f-d2225fea10c5 req-e94bbefb-8a79-4fb3-a58f-d2225fea10c5 ] Request (HypervisorAdminNegativeUnderV252Test:tearDownClass): 204 DELETE http://10.180.1.21:9696/networking/v2.0/security-groups/f8ca782b-a666-4784-a6f9-e11b2aa72dc4 0.238s
2025-04-17 13:48:21.748 69581 INFO tempest.lib.common.rest_client [req-69955c63-1d67-4462-92ac-0d59b09d9475 req-69955c63-1d67-4462-92ac-0d59b09d9475 ] Request (AggregatesAdminNegativeTestJSON:tearDownClass): 200 GET http://10.180.1.21:9696/networking/v2.0/security-groups?tenant_id=8382ae870f2e4d65b7d4d976d7080c71&name=default 0.260s
2025-04-17 13:48:21.810 69551 INFO tempest.lib.common.rest_client [req-a71e8029-f259-4fac-9384-f6e739bcecb0 req-a71e8029-f259-4fac-9384-f6e739bcecb0 ] Request (HypervisorAdminNegativeUnderV252Test:tearDownClass): 204 DELETE http://10.180.1.21/identity/v3/projects/cd23b6d910e14796b66c33b8e23792c8 0.109s
2025-04-17 13:48:21.811 69595 INFO tempest.lib.common.rest_client [req-224383d9-76ac-458c-ab2d-0c79356494d7 req-224383d9-76ac-458c-ab2d-0c79356494d7 ] Request (ImagesNegativeTestJSON:test_create_image_from_deleted_server): 200 GET http://10.180.1.21/compute/v2.1/servers/9e2a90e4-da8e-4e8d-a317-fd058e599835 1.099s
2025-04-17 13:48:21.846 69581 INFO tempest.lib.common.rest_client [req-0a37f868-840e-4c02-acda-a162576c3fd3 req-0a37f868-840e-4c02-acda-a162576c3fd3 ] Request (AggregatesAdminNegativeTestJSON:tearDownClass): 204 DELETE http://10.180.1.21:9696/networking/v2.0/security-groups/33d4081d-61b0-4e41-92a0-f9d1f9bbcc7c 0.098s
2025-04-17 13:48:21.871 69559 INFO tempest.lib.common.rest_client [req-e0260e49-6950-4ba2-af0e-e4da1089a4df req-e0260e49-6950-4ba2-af0e-e4da1089a4df ] Request (SecurityGroupRulesTestJSON:test_security_group_rules_list): 200 GET http://10.180.1.21/compute/v2.1/os-security-groups/f5eb012d-0a8e-4572-8e4a-ba45db8d033c 1.125s
2025-04-17 13:48:21.880 69551 INFO tempest.lib.common.rest_client [req-5ac6af8d-83be-4e93-bd80-6e946f19dc25 req-5ac6af8d-83be-4e93-bd80-6e946f19dc25 ] Request (ImagesOneServerTestJSON:setUpClass): 201 POST http://10.180.1.21/identity/v3/auth/tokens 0.067s
2025-04-17 13:48:21.897 69561 WARNING tempest.lib.common.ssh [-] Failed to establish authenticated ssh connection to cirros@10.180.180.239 ([Errno None] Unable to connect to port 22 on 10.180.180.239). Number attempts: 2. Retry after 3 seconds.: paramiko.ssh_exception.NoValidConnectionsError: [Errno None] Unable to connect to port 22 on 10.180.180.239
2025-04-17 13:48:21.905 69601 INFO tempest.lib.common.rest_client [req-4528783e-24a7-4e02-a149-649e706b2cc7 req-4528783e-24a7-4e02-a149-649e706b2cc7 ] Request (MigrationsAdminTest:test_list_migrations_in_flavor_resize_situation): 200 GET http://10.180.1.21/compute/v2.1/servers/99ee16d5-2d5a-48d8-9f4e-188fe6a4c7fa 1.177s
2025-04-17 13:48:21.911 69551 INFO tempest.lib.common.rest_client [req-06d00dbd-f32d-4530-9c46-4797591e8261 req-06d00dbd-f32d-4530-9c46-4797591e8261 ] Request (ImagesOneServerTestJSON:setUpClass): 201 POST http://10.180.1.21/identity/v3/auth/tokens 0.028s
2025-04-17 13:48:21.930 69555 INFO tempest.lib.common.rest_client [req-281759ae-9f7e-45ea-8154-8d176ce42ae5 req-281759ae-9f7e-45ea-8154-8d176ce42ae5 ] Request (AttachInterfacesTestJSON:test_create_list_show_delete_interfaces_by_fixed_ip): 200 GET http://10.180.1.21/compute/v2.1/servers/8e11fe11-f9db-4970-9c3e-2cd24953ea04 1.148s
2025-04-17 13:48:21.938 69555 INFO tempest.common.waiters [-] State transition "BUILD/scheduling" ==> "BUILD/None" after 4 second wait
2025-04-17 13:48:21.951 69581 INFO tempest.lib.common.rest_client [req-2e41787e-487b-447a-b024-a3b7f6e94098 req-2e41787e-487b-447a-b024-a3b7f6e94098 ] Request (AggregatesAdminNegativeTestJSON:tearDownClass): 204 DELETE http://10.180.1.21/identity/v3/projects/8382ae870f2e4d65b7d4d976d7080c71 0.104s
2025-04-17 13:48:21.963 69545 INFO tempest.lib.common.rest_client [req-f515a332-071c-4f61-b680-2bacb6245a9a req-f515a332-071c-4f61-b680-2bacb6245a9a ] Request (ServersNegativeTestJSON:setUpClass): 200 GET http://10.180.1.21/compute/v2.1/servers/cd72fe81-eab5-496c-9f24-21ea8d2c6e20 1.127s
2025-04-17 13:48:21.970 69541 INFO tempest.lib.common.rest_client [req-242c793c-fc73-48cc-b8b1-cd4e0941b218 req-242c793c-fc73-48cc-b8b1-cd4e0941b218 ] Request (ImagesOneServerNegativeTestJSON:test_create_image_specify_invalid_metadata): 400 POST http://10.180.1.21/compute/v2.1/servers/0d8a7167-7c1f-4845-ba15-1bc2d84568a9/action 0.938s
2025-04-17 13:48:22.010 69581 INFO tempest.lib.common.rest_client [req-6c3e4ca8-0f1a-4af4-b391-18420baa4441 req-6c3e4ca8-0f1a-4af4-b391-18420baa4441 ] Request (ServerDiagnosticsV248Test:setUpClass): 201 POST http://10.180.1.21/identity/v3/auth/tokens 0.058s
2025-04-17 13:48:22.037 69549 INFO tempest.lib.common.rest_client [req-71429b23-2aec-4e5e-a669-101f345966ad req-71429b23-2aec-4e5e-a669-101f345966ad ] Request (AttachInterfacesV270Test:test_create_get_list_interfaces): 200 GET http://10.180.1.21/compute/v2.1/servers/0becda35-ead9-4f20-acbd-73b41ba2db1b 0.967s
2025-04-17 13:48:22.041 69581 INFO tempest.lib.common.rest_client [req-8a1f5d72-f241-464b-ae51-df0cc3cceab0 req-8a1f5d72-f241-464b-ae51-df0cc3cceab0 ] Request (ServerDiagnosticsV248Test:setUpClass): 201 POST http://10.180.1.21/identity/v3/auth/tokens 0.026s
2025-04-17 13:48:22.092 69563 INFO tempest.lib.common.rest_client [req-04e76cc1-2715-4cb7-9e67-8875001d51e8 req-04e76cc1-2715-4cb7-9e67-8875001d51e8 ] Request (SecurityGroupRulesNegativeTestJSON:test_create_security_group_rule_with_invalid_from_port): 400 POST http://10.180.1.21/compute/v2.1/os-security-group-rules 0.950s
2025-04-17 13:48:22.104 69597 INFO tempest.lib.common.rest_client [req-8b8e44aa-4515-4a71-8035-2d1e883de265 req-8b8e44aa-4515-4a71-8035-2d1e883de265 ] Request (ServerActionsTestOtherA:setUpClass): 200 GET http://10.180.1.21/compute/v2.1/servers/d9fb3dba-41f2-463c-8d57-118b0aa46f54 1.148s
2025-04-17 13:48:22.146 69551 INFO tempest.lib.common.rest_client [req-f66861fd-0c7a-4774-a9cb-1c9d93b3953b req-f66861fd-0c7a-4774-a9cb-1c9d93b3953b ] Request (ImagesOneServerTestJSON:setUpClass): 200 GET http://10.180.1.21/identity/v3/domains?name=Default 0.234s
2025-04-17 13:48:22.184 69551 INFO tempest.lib.common.rest_client [req-01cf9e0e-90e8-49c4-ba39-37041a458f01 req-01cf9e0e-90e8-49c4-ba39-37041a458f01 ] Request (ImagesOneServerTestJSON:setUpClass): 201 POST http://10.180.1.21/identity/v3/projects 0.038s
2025-04-17 13:48:22.204 69581 INFO tempest.lib.common.rest_client [req-c0e1b98d-f135-49b1-b1ac-026327e3c868 req-c0e1b98d-f135-49b1-b1ac-026327e3c868 ] Request (ServerDiagnosticsV248Test:setUpClass): 200 GET http://10.180.1.21/identity/v3/domains?name=Default 0.163s
2025-04-17 13:48:22.248 69558 INFO tempest.lib.common.rest_client [req-8a9935fa-15b5-4034-b519-ef145c308221 req-8a9935fa-15b5-4034-b519-ef145c308221 ] Request (DeleteServersAdminTestJSON:test_delete_server_while_in_error_state): 200 GET http://10.180.1.21/compute/v2.1/servers/8fd4adf0-1fcc-4e47-80d7-bb84e0dd5790 0.897s
2025-04-17 13:48:22.254 69558 INFO tempest.common.waiters [-] State transition "BUILD/networking" ==> "BUILD/spawning" after 20 second wait
2025-04-17 13:48:22.264 69551 INFO tempest.lib.common.rest_client [req-dbbb3a6d-7df2-4396-b455-457f14a80b29 req-dbbb3a6d-7df2-4396-b455-457f14a80b29 ] Request (ImagesOneServerTestJSON:setUpClass): 201 POST http://10.180.1.21/identity/v3/users 0.079s
2025-04-17 13:48:22.264 69581 INFO tempest.lib.common.rest_client [req-5d10f424-9de2-4588-ba3f-cde05461e66c req-5d10f424-9de2-4588-ba3f-cde05461e66c ] Request (ServerDiagnosticsV248Test:setUpClass): 201 POST http://10.180.1.21/identity/v3/projects 0.059s
2025-04-17 13:48:22.276 69553 INFO tempest.lib.common.rest_client [req-8e2b1e8e-02fc-410d-86b2-a184f4489b83 req-8e2b1e8e-02fc-410d-86b2-a184f4489b83 ] Request (DeleteServersTestJSON:test_delete_active_server): 404 GET http://10.180.1.21/compute/v2.1/servers/0df832c7-2323-4514-8e2e-f557a29a8c2e 0.916s
2025-04-17 13:48:22.281 69599 INFO tempest.lib.common.rest_client [req-787d88ce-73eb-45af-be10-34c26b17a308 req-787d88ce-73eb-45af-be10-34c26b17a308 ] Request (ServerMetadataNegativeTestJSON:test_set_server_metadata_blank_key): 400 PUT http://10.180.1.21/compute/v2.1/servers/ee2d9832-32ef-44b2-878c-89762f813480/metadata 0.826s
2025-04-17 13:48:22.322 69581 INFO tempest.lib.common.rest_client [req-a62e792c-4206-4e65-a0a6-7d2660f15036 req-a62e792c-4206-4e65-a0a6-7d2660f15036 ] Request (ServerDiagnosticsV248Test:setUpClass): 201 POST http://10.180.1.21/identity/v3/users 0.057s
2025-04-17 13:48:22.326 69551 INFO tempest.lib.common.rest_client [req-02069c88-32af-4f0c-9107-70ab46d5a19f req-02069c88-32af-4f0c-9107-70ab46d5a19f ] Request (ImagesOneServerTestJSON:setUpClass): 200 GET http://10.180.1.21/identity/v3/roles 0.062s
2025-04-17 13:48:22.347 69581 INFO tempest.lib.common.rest_client [req-ac8dc6c1-beb0-40d5-adfb-31e15ec6bda2 req-ac8dc6c1-beb0-40d5-adfb-31e15ec6bda2 ] Request (ServerDiagnosticsV248Test:setUpClass): 200 GET http://10.180.1.21/identity/v3/roles 0.024s
2025-04-17 13:48:22.358 69565 INFO tempest.lib.common.rest_client [req-2996e1c7-9536-4405-b217-c608f5d5ca73 req-2996e1c7-9536-4405-b217-c608f5d5ca73 ] Request (ServerTagsTestJSON:setUpClass): 200 GET http://10.180.1.21/compute/v2.1/servers/2b523f68-396b-437a-ad1b-833802639e67 0.883s
2025-04-17 13:48:22.372 69565 INFO tempest.common.waiters [-] State transition "BUILD/scheduling" ==> "BUILD/None" after 4 second wait
2025-04-17 13:48:22.378 69551 INFO tempest.lib.common.rest_client [req-e63d528e-40cd-4d77-9ed0-f21a6f0991d4 req-e63d528e-40cd-4d77-9ed0-f21a6f0991d4 ] Request (ImagesOneServerTestJSON:setUpClass): 204 PUT http://10.180.1.21/identity/v3/projects/1eb7d102bf3f41e6b2426bdd6745b1b0/users/a79f451f566642c8af2502ab27b85684/roles/171e7f1f37714291a877506585c2770f 0.051s
2025-04-17 13:48:22.378 69551 INFO tempest.lib.common.dynamic_creds [-] Dynamic test user a79f451f566642c8af2502ab27b85684 is created with scope project and roles: ['member']
2025-04-17 13:48:22.379 69551 INFO tempest.lib.common.dynamic_creds [-] Acquired dynamic creds: credentials: Credentials: {'domain_id': 'default', 'domain_name': 'Default', 'username': 'tempest-ImagesOneServerTestJSON-1535065661-project-member', 'project_domain_id': 'default', 'project_domain_name': 'Default', 'project_id': '1eb7d102bf3f41e6b2426bdd6745b1b0', 'project_name': 'tempest-ImagesOneServerTestJSON-1535065661', 'tenant_id': '1eb7d102bf3f41e6b2426bdd6745b1b0', 'tenant_name': 'tempest-ImagesOneServerTestJSON-1535065661', 'user_domain_id': 'default', 'user_domain_name': 'Default', 'user_id': 'a79f451f566642c8af2502ab27b85684', 'system': None}, Network: None, Subnet: None, Router: None
2025-04-17 13:48:22.393 69553 INFO tempest.lib.common.rest_client [req-2627a86c-7081-4c1e-a657-28a4e8bb6493 req-2627a86c-7081-4c1e-a657-28a4e8bb6493 ] Request (DeleteServersTestJSON:test_delete_server_while_in_attached_volume): 201 POST http://10.180.1.21/identity/v3/auth/tokens 0.110s
2025-04-17 13:48:22.394 69553 INFO tempest.lib.common.fixed_network [-] (DeleteServersTestJSON:test_delete_server_while_in_attached_volume) Found network {'id': '46a2e52b-5c11-473b-87f4-a79632733a06', 'name': 'tempest-DeleteServersTestJSON-1765018162-network', 'tenant_id': 'b5cba856f9ce4a53bd994eb7f2815533', 'admin_state_up': True, 'mtu': 8950, 'status': 'ACTIVE', 'subnets': [], 'shared': False, 'project_id': 'b5cba856f9ce4a53bd994eb7f2815533', 'port_security_enabled': True, 'router:external': False, 'provider:network_type': 'vlan', 'provider:physical_network': 'default', 'provider:segmentation_id': 133, 'availability_zone_hints': [], 'availability_zones': [], 'ipv4_address_scope': None, 'ipv6_address_scope': None, 'description': '', 'tags': [], 'created_at': '2025-04-17T13:47:27Z', 'updated_at': '2025-04-17T13:47:27Z', 'revision_number': 1} available for tenant
2025-04-17 13:48:22.407 69587 INFO tempest.lib.common.rest_client [req-2c6a3c99-c00a-49b0-aa9c-a4caad2026f1 req-2c6a3c99-c00a-49b0-aa9c-a4caad2026f1 ] Request (ImagesMetadataTestJSON:test_update_image_metadata): 200 POST http://10.180.1.21/compute/v2.1/images/42129114-635d-46bf-b9f8-c71af52f4173/metadata 1.147s
2025-04-17 13:48:22.419 69551 INFO tempest.lib.common.rest_client [req-2ec24b62-8e3d-46fb-9669-9d6da105017d req-2ec24b62-8e3d-46fb-9669-9d6da105017d ] Request (ImagesOneServerTestJSON:setUpClass): 201 POST http://10.180.1.21/identity/v3/auth/tokens 0.040s
2025-04-17 13:48:22.432 69579 INFO tempest.lib.common.rest_client [req-91b91f28-93f7-4a5a-93db-cfddfa358440 req-91b91f28-93f7-4a5a-93db-cfddfa358440 ] Request (FlavorsAdminTestJSON:_run_cleanups): 202 DELETE http://10.180.1.21/compute/v2.1/flavors/770370554 0.763s
2025-04-17 13:48:22.432 69581 INFO tempest.lib.common.rest_client [req-83d42322-e1b3-4739-8aa9-3f2e4d63aec5 req-83d42322-e1b3-4739-8aa9-3f2e4d63aec5 ] Request (ServerDiagnosticsV248Test:setUpClass): 204 PUT http://10.180.1.21/identity/v3/projects/162d337be92e49fc945d75d72ce37ca7/users/46fad0fe469c430ab0d9f516691c9d2b/roles/171e7f1f37714291a877506585c2770f 0.084s
2025-04-17 13:48:22.432 69581 INFO tempest.lib.common.dynamic_creds [-] Dynamic test user 46fad0fe469c430ab0d9f516691c9d2b is created with scope project and roles: ['member']
2025-04-17 13:48:22.433 69581 INFO tempest.lib.common.dynamic_creds [-] Acquired dynamic creds: credentials: Credentials: {'domain_id': 'default', 'domain_name': 'Default', 'username': 'tempest-ServerDiagnosticsV248Test-135994262-project-member', 'project_domain_id': 'default', 'project_domain_name': 'Default', 'project_id': '162d337be92e49fc945d75d72ce37ca7', 'project_name': 'tempest-ServerDiagnosticsV248Test-135994262', 'tenant_id': '162d337be92e49fc945d75d72ce37ca7', 'tenant_name': 'tempest-ServerDiagnosticsV248Test-135994262', 'user_domain_id': 'default', 'user_domain_name': 'Default', 'user_id': '46fad0fe469c430ab0d9f516691c9d2b', 'system': None}, Network: None, Subnet: None, Router: None
2025-04-17 13:48:22.433 69581 INFO tempest.lib.common.dynamic_creds [-] Created isolated network resources for: credentials: Credentials: {'domain_id': 'default', 'domain_name': 'Default', 'username': 'tempest-ServerDiagnosticsV248Test-135994262-project-member', 'project_domain_id': 'default', 'project_domain_name': 'Default', 'project_id': '162d337be92e49fc945d75d72ce37ca7', 'project_name': 'tempest-ServerDiagnosticsV248Test-135994262', 'tenant_id': '162d337be92e49fc945d75d72ce37ca7', 'tenant_name': 'tempest-ServerDiagnosticsV248Test-135994262', 'user_domain_id': 'default', 'user_domain_name': 'Default', 'user_id': '46fad0fe469c430ab0d9f516691c9d2b', 'system': None}, Network: None, Subnet: None, Router: None
2025-04-17 13:48:22.501 69581 INFO tempest.lib.common.rest_client [req-80d7e7ad-2971-4bfb-ac22-17786338ce77 req-80d7e7ad-2971-4bfb-ac22-17786338ce77 ] Request (ServerDiagnosticsV248Test:setUpClass): 201 POST http://10.180.1.21/identity/v3/auth/tokens 0.064s
2025-04-17 13:48:22.542 69567 INFO tempest.lib.common.rest_client [req-2f8231ff-49fc-4bad-a33f-0b23175ccfe8 req-2f8231ff-49fc-4bad-a33f-0b23175ccfe8 ] Request (ServersAdminTestJSON:setUpClass): 201 POST http://10.180.1.21:9696/networking/v2.0/routers 1.104s
2025-04-17 13:48:22.569 69581 INFO tempest.lib.common.rest_client [req-d3821a92-1016-4995-b150-39282c7cf6e7 req-d3821a92-1016-4995-b150-39282c7cf6e7 ] Request (ServerDiagnosticsV248Test:setUpClass): 201 POST http://10.180.1.21/identity/v3/projects 0.068s
2025-04-17 13:48:22.578 69543 INFO tempest.lib.common.rest_client [req-ff9163f5-9623-4d72-bd32-51daea8a918a req-ff9163f5-9623-4d72-bd32-51daea8a918a ] Request (TenantUsagesTestJSON:setUpClass): 200 GET http://10.180.1.21/compute/v2.1/servers/7a574cff-cec8-4b0c-b705-cd09f81b15f2 0.896s
2025-04-17 13:48:22.578 69589 INFO tempest.lib.common.rest_client [req-21f84d34-a252-4250-b972-2ee2a7a391ca req-21f84d34-a252-4250-b972-2ee2a7a391ca ] Request (ServersNegativeTestMultiTenantJSON:setUp): 200 GET http://10.180.1.21/compute/v2.1/servers/c1f2c675-c9ad-41b0-97b5-600e621927de 0.946s
2025-04-17 13:48:22.627 69581 INFO tempest.lib.common.rest_client [req-39a7f0fd-0eaf-4f25-a61e-012a8d1914e3 req-39a7f0fd-0eaf-4f25-a61e-012a8d1914e3 ] Request (ServerDiagnosticsV248Test:setUpClass): 201 POST http://10.180.1.21/identity/v3/users 0.057s
2025-04-17 13:48:22.650 69585 INFO tempest.lib.common.rest_client [req-9807d2c5-8af3-4ec0-b1c8-4e69838c4137 req-9807d2c5-8af3-4ec0-b1c8-4e69838c4137 ] Request (ServerActionsTestOtherB:setUpClass): 200 GET http://10.180.1.21/compute/v2.1/servers/6b2ebe83-7312-4c1b-a984-86256ccd217c 0.887s
2025-04-17 13:48:22.654 69569 INFO tempest.lib.common.rest_client [req-e255656d-c3ea-4ce0-b7a9-875847809b66 req-e255656d-c3ea-4ce0-b7a9-875847809b66 ] Request (ServerDiagnosticsTest:test_get_server_diagnostics): 200 GET http://10.180.1.21/compute/v2.1/servers/d6b780e2-6447-4fe2-891e-e7c8a831de6f 0.835s
2025-04-17 13:48:22.658 69581 INFO tempest.lib.common.rest_client [req-44be3c71-2e52-4075-9f2b-8df8971bd106 req-44be3c71-2e52-4075-9f2b-8df8971bd106 ] Request (ServerDiagnosticsV248Test:setUpClass): 200 GET http://10.180.1.21/identity/v3/roles 0.030s
2025-04-17 13:48:22.696 69581 INFO tempest.lib.common.rest_client [req-f180117c-ce81-49f6-bc7d-a4599f8a7514 req-f180117c-ce81-49f6-bc7d-a4599f8a7514 ] Request (ServerDiagnosticsV248Test:setUpClass): 204 PUT http://10.180.1.21/identity/v3/projects/dbfb1dc9ce484b448148182b52abbf07/users/342951b4e871473d8144f1e7b5f0ffef/roles/64751cd7b4e147e98f38d26ec8911a97 0.038s
2025-04-17 13:48:22.756 69591 INFO tempest.lib.common.rest_client [req-ba2e1f30-2f81-4f0a-bc5c-cd0a32472e28 req-ba2e1f30-2f81-4f0a-bc5c-cd0a32472e28 ] Request (ServersListShow298Test:tearDownClass): 200 GET http://10.180.1.21/compute/v2.1/servers/0dc4abf2-a9c7-45e2-a88a-e1be99b2a9cf 0.889s
2025-04-17 13:48:22.762 69581 INFO tempest.lib.common.rest_client [req-ab04bbff-ce5f-43d6-ad84-1735359f9832 req-ab04bbff-ce5f-43d6-ad84-1735359f9832 ] Request (ServerDiagnosticsV248Test:setUpClass): 200 GET http://10.180.1.21/identity/v3/roles 0.065s
2025-04-17 13:48:22.788 69581 INFO tempest.lib.common.rest_client [req-573de087-f368-478a-96a0-09b64b434510 req-573de087-f368-478a-96a0-09b64b434510 ] Request (ServerDiagnosticsV248Test:setUpClass): 204 PUT http://10.180.1.21/identity/v3/projects/dbfb1dc9ce484b448148182b52abbf07/users/342951b4e871473d8144f1e7b5f0ffef/roles/64751cd7b4e147e98f38d26ec8911a97 0.025s
2025-04-17 13:48:22.788 69581 INFO tempest.lib.common.dynamic_creds [-] Dynamic test user 342951b4e871473d8144f1e7b5f0ffef is created with scope project and roles: ['admin']
2025-04-17 13:48:22.788 69581 INFO tempest.lib.common.dynamic_creds [-] Acquired dynamic creds: credentials: Credentials: {'domain_id': 'default', 'domain_name': 'Default', 'username': 'tempest-ServerDiagnosticsV248Test-1274769618-project-admin', 'project_domain_id': 'default', 'project_domain_name': 'Default', 'project_id': 'dbfb1dc9ce484b448148182b52abbf07', 'project_name': 'tempest-ServerDiagnosticsV248Test-1274769618', 'tenant_id': 'dbfb1dc9ce484b448148182b52abbf07', 'tenant_name': 'tempest-ServerDiagnosticsV248Test-1274769618', 'user_domain_id': 'default', 'user_domain_name': 'Default', 'user_id': '342951b4e871473d8144f1e7b5f0ffef', 'system': None}, Network: None, Subnet: None, Router: None
2025-04-17 13:48:22.788 69581 INFO tempest.lib.common.dynamic_creds [-] Created isolated network resources for: credentials: Credentials: {'domain_id': 'default', 'domain_name': 'Default', 'username': 'tempest-ServerDiagnosticsV248Test-1274769618-project-admin', 'project_domain_id': 'default', 'project_domain_name': 'Default', 'project_id': 'dbfb1dc9ce484b448148182b52abbf07', 'project_name': 'tempest-ServerDiagnosticsV248Test-1274769618', 'tenant_id': 'dbfb1dc9ce484b448148182b52abbf07', 'tenant_name': 'tempest-ServerDiagnosticsV248Test-1274769618', 'user_domain_id': 'default', 'user_domain_name': 'Default', 'user_id': '342951b4e871473d8144f1e7b5f0ffef', 'system': None}, Network: None, Subnet: None, Router: None
2025-04-17 13:48:22.794 69559 INFO tempest.lib.common.rest_client [req-138dd9e7-05dd-46be-be8a-2afe9e6de54e req-138dd9e7-05dd-46be-be8a-2afe9e6de54e ] Request (SecurityGroupRulesTestJSON:_run_cleanups): 202 DELETE http://10.180.1.21/compute/v2.1/os-security-group-rules/4ba8861a-5383-42f0-85e9-532f73cf1134 0.920s
2025-04-17 13:48:22.798 69563 INFO tempest.lib.common.rest_client [req-0f7d0f02-2e2b-4c5c-8050-6b577c321610 req-0f7d0f02-2e2b-4c5c-8050-6b577c321610 ] Request (SecurityGroupRulesNegativeTestJSON:test_create_security_group_rule_with_invalid_id): 400 POST http://10.180.1.21/compute/v2.1/os-security-group-rules 0.704s
2025-04-17 13:48:22.803 69599 INFO tempest.lib.common.rest_client [req-9b295d77-0fc9-46c6-b8bf-7f05ca54593b req-9b295d77-0fc9-46c6-b8bf-7f05ca54593b ] Request (ServerMetadataNegativeTestJSON:test_set_server_metadata_missing_metadata): 400 PUT http://10.180.1.21/compute/v2.1/servers/ee2d9832-32ef-44b2-878c-89762f813480/metadata 0.521s
2025-04-17 13:48:22.872 69541 INFO tempest.lib.common.rest_client [req-e86621de-add9-46e8-a066-aaee78634f04 req-e86621de-add9-46e8-a066-aaee78634f04 ] Request (ImagesOneServerNegativeTestJSON:tearDown): 200 GET http://10.180.1.21/compute/v2.1/servers/0d8a7167-7c1f-4845-ba15-1bc2d84568a9 0.900s
2025-04-17 13:48:22.895 69581 INFO tempest.lib.common.rest_client [req-2c45e9b8-7e89-4033-924a-f32a189a6f6c req-2c45e9b8-7e89-4033-924a-f32a189a6f6c ] Request (ServerDiagnosticsV248Test:setUpClass): 201 POST http://10.180.1.21/identity/v3/auth/tokens 0.103s
2025-04-17 13:48:22.914 69587 INFO tempest.lib.common.rest_client [req-c6e0f674-15eb-4f99-a3e1-2bcd70084ea8 req-c6e0f674-15eb-4f99-a3e1-2bcd70084ea8 ] Request (ImagesMetadataTestJSON:test_update_image_metadata): 200 GET http://10.180.1.21/compute/v2.1/images/42129114-635d-46bf-b9f8-c71af52f4173/metadata 0.506s
2025-04-17 13:48:22.940 69579 INFO tempest.lib.common.rest_client [req-f3aca3ea-9b94-4542-bd34-03f960981595 req-f3aca3ea-9b94-4542-bd34-03f960981595 ] Request (FlavorsAdminTestJSON:_run_cleanups): 200 GET http://10.180.1.21/compute/v2.1/flavors/detail 0.508s
2025-04-17 13:48:22.954 69581 INFO tempest.lib.common.rest_client [req-f56869f4-84db-4a92-808b-a787709cc5e8 req-f56869f4-84db-4a92-808b-a787709cc5e8 ] Request (ServerDiagnosticsV248Test:test_get_server_diagnostics): 201 POST http://10.180.1.21/identity/v3/auth/tokens 0.055s
2025-04-17 13:48:22.955 69581 INFO tempest.lib.common.fixed_network [-] (ServerDiagnosticsV248Test:test_get_server_diagnostics) Found network None available for tenant
