2025-04-17 13:47:54.951 69567 INFO tempest.lib.common.rest_client [req-a8050f1c-3eaa-4289-a25d-7518b4917660 req-a8050f1c-3eaa-4289-a25d-7518b4917660 ] Request (ServerExternalEventsTest:tearDownClass): 200 GET http://10.180.1.21/compute/v2.1/servers/879f8f9e-4198-4b5a-92c3-ddf15d2b0752 1.635s
2025-04-17 13:47:54.958 69551 INFO tempest.lib.common.rest_client [req-482db1df-aa35-42eb-b09e-7c45609e8813 req-482db1df-aa35-42eb-b09e-7c45609e8813 ] Request (HypervisorAdminNegativeTestJSON:test_get_hypervisor_list_with_non_admin_user): 403 GET http://10.180.1.21/compute/v2.1/os-hypervisors 1.327s
2025-04-17 13:47:55.066 69569 INFO tempest.lib.common.rest_client [req-73ffeea4-ffa0-4809-88d5-4c763af3825b req-73ffeea4-ffa0-4809-88d5-4c763af3825b ] Request (QuotasAdminTestJSON:test_update_all_quota_resources_for_tenant): 200 PUT http://10.180.1.21/compute/v2.1/os-quota-sets/1c074291c45446a19f5f76608d7a9459 1.526s
2025-04-17 13:47:55.106 69547 INFO tempest.lib.common.rest_client [req-74930a53-9517-4da0-b1ea-fd979fe93dcc req-74930a53-9517-4da0-b1ea-fd979fe93dcc ] Request (ServersAdminNegativeTestJSON:setUpClass): 200 GET http://10.180.1.21/compute/v2.1/servers/4cfdb398-db76-48b1-85cf-48b4a2ad4793 1.379s
2025-04-17 13:47:55.116 69547 INFO tempest.common.waiters [-] State transition "BUILD/spawning" ==> "ACTIVE/None" after 17 second wait
2025-04-17 13:47:55.219 69597 INFO tempest.lib.common.rest_client [req-7cb93a3e-4388-43b1-99d3-80ce0e09d687 req-7cb93a3e-4388-43b1-99d3-80ce0e09d687 ] Request (ServerActionsTestOtherA:setUpClass): 200 GET http://10.180.1.21/compute/v2.1/servers/d9fb3dba-41f2-463c-8d57-118b0aa46f54 1.223s
2025-04-17 13:47:55.229 69597 INFO tempest.common.waiters [-] State transition "BUILD/scheduling" ==> "BUILD/None" after 6 second wait
2025-04-17 13:47:55.492 69559 INFO tempest.lib.common.rest_client [req-da22fa18-53f4-4233-b961-50ff7181db53 req-da22fa18-53f4-4233-b961-50ff7181db53 ] Request (SecurityGroupRulesTestJSON:test_security_group_rules_create): 200 POST http://10.180.1.21/compute/v2.1/os-security-groups 1.690s
2025-04-17 13:47:55.499 69599 INFO tempest.lib.common.rest_client [req-e520c916-04f6-48d7-8df3-02bdea7497ca req-e520c916-04f6-48d7-8df3-02bdea7497ca ] Request (ServerMetadataNegativeTestJSON:setUpClass): 200 GET http://10.180.1.21/compute/v2.1/servers/ee2d9832-32ef-44b2-878c-89762f813480 1.460s
2025-04-17 13:47:55.529 69549 INFO tempest.lib.common.rest_client [req-b635e65c-a623-4e29-b74c-d018ee8809f1 req-b635e65c-a623-4e29-b74c-d018ee8809f1 ] Request (ServicesAdminNegativeV253TestJSON:test_get_service_with_valid_service_and_invalid_host): 200 GET http://10.180.1.21/compute/v2.1/os-services 1.197s
2025-04-17 13:47:55.532 69581 INFO tempest.lib.common.rest_client [req-b0d7f6d5-f025-41fa-b8f9-ca9a417b840d req-b0d7f6d5-f025-41fa-b8f9-ca9a417b840d ] Request (AggregatesAdminNegativeTestJSON:test_aggregate_delete_as_user): 200 POST http://10.180.1.21/compute/v2.1/os-aggregates 1.476s
2025-04-17 13:47:55.895 69601 INFO tempest.lib.common.rest_client [req-8a1da6cb-cd88-4c02-bcd8-b8b11debde15 req-8a1da6cb-cd88-4c02-bcd8-b8b11debde15 ] Request (MigrationsAdminTest:test_list_migrations_in_flavor_resize_situation): 200 GET http://10.180.1.21/compute/v2.1/servers/99ee16d5-2d5a-48d8-9f4e-188fe6a4c7fa 1.517s
2025-04-17 13:47:55.922 69579 INFO tempest.lib.common.rest_client [req-16a36594-a377-46a6-b291-1a70381f95ea req-16a36594-a377-46a6-b291-1a70381f95ea ] Request (FlavorsAdminTestJSON:_run_cleanups): 202 DELETE http://10.180.1.21/compute/v2.1/flavors/380076040 1.472s
2025-04-17 13:47:55.939 69587 INFO tempest.lib.common.rest_client [req-5c00ba57-341b-43c0-ad0c-41039d76dde1 req-5c00ba57-341b-43c0-ad0c-41039d76dde1 ] Request (ImagesMetadataTestJSON:setUpClass): 204 PUT http://10.180.1.21/image/v2/images/42129114-635d-46bf-b9f8-c71af52f4173/file 1.014s
2025-04-17 13:47:56.045 69593 INFO tempest.lib.common.rest_client [req-be6ea1fa-1238-4605-ab1b-c7ab4a400ad3 req-be6ea1fa-1238-4605-ab1b-c7ab4a400ad3 ] Request (ServersTestManualDisk:setUpClass): 200 GET http://10.180.1.21/compute/v2.1/servers/159133ec-f812-4c14-83b0-2428af776431 1.608s
2025-04-17 13:47:56.057 69593 INFO tempest.lib.common.ssh [-] Creating ssh connection to '10.180.180.179:22' as 'cirros' with public key authentication
2025-04-17 13:47:56.157 69555 INFO tempest.lib.common.rest_client [req-44cff37a-a822-4758-8de3-c3d6e723c5df req-44cff37a-a822-4758-8de3-c3d6e723c5df ] Request (FlavorsAccessNegativeTestJSON:test_remove_flavor_access_not_found): 404 POST http://10.180.1.21/compute/v2.1/flavors/1436118040/action 1.545s
2025-04-17 13:47:56.236 69543 INFO tempest.lib.common.rest_client [req-4dd38b90-c7e8-4b86-b694-244693d8e8c0 req-4dd38b90-c7e8-4b86-b694-244693d8e8c0 ] Request (TenantUsagesTestJSON:setUpClass): 200 GET http://10.180.1.21/compute/v2.1/servers/7a574cff-cec8-4b0c-b705-cd09f81b15f2 1.587s
2025-04-17 13:47:56.261 69561 INFO tempest.lib.common.rest_client [req-a10b6b0d-b03e-4463-8531-11e5cc1f5ac7 req-a10b6b0d-b03e-4463-8531-11e5cc1f5ac7 ] Request (ServersTestFqdnHostnames:test_create_server_with_fqdn_name): 200 GET http://10.180.1.21/compute/v2.1/servers/ac64274f-9331-4362-af8c-e61c3dfca47b 1.771s
2025-04-17 13:47:56.271 69551 INFO tempest.lib.common.rest_client [req-770c5b58-0f5d-4061-a85d-2ba47e22ff30 req-770c5b58-0f5d-4061-a85d-2ba47e22ff30 ] Request (HypervisorAdminNegativeTestJSON:test_get_hypervisor_stats_with_non_admin_user): 403 GET http://10.180.1.21/compute/v2.1/os-hypervisors/statistics 1.311s
2025-04-17 13:47:56.272 69561 INFO tempest.common.waiters [-] State transition "BUILD/networking" ==> "BUILD/spawning" after 9 second wait
2025-04-17 13:47:56.340 69595 INFO tempest.lib.common.rest_client [req-eb189f4e-d87b-4eed-86c3-5b4ca3fd144e req-eb189f4e-d87b-4eed-86c3-5b4ca3fd144e ] Request (ImagesNegativeTestJSON:test_create_image_from_deleted_server): 200 GET http://10.180.1.21/compute/v2.1/servers/9e2a90e4-da8e-4e8d-a317-fd058e599835 1.339s
2025-04-17 13:47:56.393 69571 INFO tempest.lib.common.rest_client [req-f2e21ed1-ad2e-4ce4-bf37-7818bfe69753 req-f2e21ed1-ad2e-4ce4-bf37-7818bfe69753 ] Request (ServerDiagnosticsNegativeTest:test_get_server_diagnostics_by_non_admin): 200 GET http://10.180.1.21/compute/v2.1/servers/ca30e339-6bb2-4035-af63-5106af370030 1.474s
2025-04-17 13:47:56.496 69575 INFO tempest.lib.common.rest_client [req-66a1f14f-3200-465f-adee-749050c9c07b req-66a1f14f-3200-465f-adee-749050c9c07b ] Request (ServersWithSpecificFlavorTestJSON:test_verify_created_server_ephemeral_disk): 200 GET http://10.180.1.21/compute/v2.1/servers/417b5827-79da-47a6-bf40-0eaee265660c 1.458s
2025-04-17 13:47:56.532 69583 INFO tempest.lib.common.rest_client [req-078791e5-121f-4461-8173-c4e3ed5e3400 req-078791e5-121f-4461-8173-c4e3ed5e3400 ] Request (VolumesAssistedSnapshotsTest:test_volume_assisted_snapshot_create_delete): 200 PUT http://10.180.1.21:9696/networking/v2.0/floatingips/ee623eea-b0f7-4bc5-a61e-b1e156adbc77 2.224s
2025-04-17 13:47:56.533 69583 INFO tempest.lib.common.ssh [-] Creating ssh connection to '10.180.180.148:22' as 'cirros' with public key authentication
2025-04-17 13:47:56.638 69547 INFO tempest.lib.common.rest_client [req-3cc2c6db-befc-4839-a1bd-fa114e76200c req-3cc2c6db-befc-4839-a1bd-fa114e76200c ] Request (ServersAdminNegativeTestJSON:test_migrate_non_existent_server): 404 POST http://10.180.1.21/compute/v2.1/servers/f7acdcb2-8eb3-4e7c-a635-84ffd5236b2b/action 1.521s
2025-04-17 13:47:56.738 69569 INFO tempest.lib.common.rest_client [req-0ae1690a-8277-492c-ae5c-6aa1015e2749 req-0ae1690a-8277-492c-ae5c-6aa1015e2749 ] Request (QuotasAdminTestJSON:_run_cleanups): 200 PUT http://10.180.1.21/compute/v2.1/os-quota-sets/1c074291c45446a19f5f76608d7a9459 1.666s
2025-04-17 13:47:56.761 69547 INFO tempest.lib.common.rest_client [req-ca363932-f88b-489e-b6dc-3e20d7117841 req-ca363932-f88b-489e-b6dc-3e20d7117841 ] Request (ServersAdminNegativeTestJSON:test_migrate_server_invalid_state): 201 POST http://10.180.1.21/identity/v3/auth/tokens 0.117s
2025-04-17 13:47:56.762 69547 INFO tempest.lib.common.fixed_network [-] (ServersAdminNegativeTestJSON:test_migrate_server_invalid_state) Found network None available for tenant
2025-04-17 13:47:56.781 69603 INFO tempest.lib.common.rest_client [req-765392e8-d728-40c6-8cca-6384149972d2 req-765392e8-d728-40c6-8cca-6384149972d2 ] Request (ServersAdmin275Test:test_rebuild_update_server_275): 200 GET http://10.180.1.21/compute/v2.1/servers/f6588f67-f186-4f6e-b085-0d35eff561a3 1.474s
2025-04-17 13:47:56.790 69581 INFO tempest.lib.common.rest_client [req-751abf71-19cf-4ab0-b4ec-0b391d9986a9 req-751abf71-19cf-4ab0-b4ec-0b391d9986a9 ] Request (AggregatesAdminNegativeTestJSON:test_aggregate_delete_as_user): 403 DELETE http://10.180.1.21/compute/v2.1/os-aggregates/5 1.255s
2025-04-17 13:47:56.820 69549 INFO tempest.lib.common.rest_client [req-ea6ce7b1-bf7c-48fe-953c-608b7082ceda req-ea6ce7b1-bf7c-48fe-953c-608b7082ceda ] Request (ServicesAdminNegativeV253TestJSON:test_get_service_with_valid_service_and_invalid_host): 200 GET http://10.180.1.21/compute/v2.1/os-services?host=xxx&binary=nova-scheduler 1.288s
2025-04-17 13:47:56.834 69563 INFO tempest.lib.common.rest_client [req-bf357b7b-1a39-4dc1-9b99-7e9fbf55ea92 req-bf357b7b-1a39-4dc1-9b99-7e9fbf55ea92 ] Request (FloatingIPDetailsNegativeTestJSON:setUpClass): 200 PUT http://10.180.1.21:9696/networking/v2.0/routers/06b26a14-4ed7-44ba-ac66-f1abff54af0e/add_router_interface 2.140s
2025-04-17 13:47:56.834 69563 INFO tempest.lib.common.dynamic_creds [-] Created isolated network resources for: credentials: Credentials: {'domain_id': 'default', 'domain_name': 'Default', 'username': 'tempest-FloatingIPDetailsNegativeTestJSON-727971012-project-member', 'project_domain_id': 'default', 'project_domain_name': 'Default', 'project_id': '91950205a4974aaf98c3f75e37bb619f', 'project_name': 'tempest-FloatingIPDetailsNegativeTestJSON-727971012', 'tenant_id': '91950205a4974aaf98c3f75e37bb619f', 'tenant_name': 'tempest-FloatingIPDetailsNegativeTestJSON-727971012', 'user_domain_id': 'default', 'user_domain_name': 'Default', 'user_id': 'c6b3e9a51ff844588d0f9ebd36c9cfe5', 'system': None}, Network: {'id': '1fe3938c-3554-4291-9856-47ff3ca05e57', 'name': 'tempest-FloatingIPDetailsNegativeTestJSON-1053748843-network', 'tenant_id': '91950205a4974aaf98c3f75e37bb619f', 'admin_state_up': True, 'mtu': 8950, 'status': 'ACTIVE', 'subnets': [], 'shared': False, 'project_id': '91950205a4974aaf98c3f75e37bb619f', 'port_security_enabled': True, 'router:external': False, 'provider:network_type': 'vlan', 'provider:physical_network': 'default', 'provider:segmentation_id': 755, 'availability_zone_hints': [], 'availability_zones': [], 'ipv4_address_scope': None, 'ipv6_address_scope': None, 'description': '', 'tags': [], 'created_at': '2025-04-17T13:47:50Z', 'updated_at': '2025-04-17T13:47:50Z', 'revision_number': 1}, Subnet: {'id': '244f2c0d-7a3e-4fa1-9ba2-2b22f400668d', 'name': 'tempest-FloatingIPDetailsNegativeTestJSON-1053748843-subnet', 'tenant_id': '91950205a4974aaf98c3f75e37bb619f', 'network_id': '1fe3938c-3554-4291-9856-47ff3ca05e57', 'ip_version': 4, 'subnetpool_id': None, 'enable_dhcp': True, 'ipv6_ra_mode': None, 'ipv6_address_mode': None, 'gateway_ip': '192.168.128.1', 'cidr': '192.168.128.0/28', 'allocation_pools': [{'start': '192.168.128.2', 'end': '192.168.128.14'}], 'host_routes': [], 'dns_nameservers': [], 'description': '', 'router:external': False, 'service_types': [], 'tags': [], 'created_at': '2025-04-17T13:47:51Z', 'updated_at': '2025-04-17T13:47:51Z', 'revision_number': 0, 'project_id': '91950205a4974aaf98c3f75e37bb619f'}, Router: {'id': '06b26a14-4ed7-44ba-ac66-f1abff54af0e', 'name': 'tempest-FloatingIPDetailsNegativeTestJSON-1053748843-router', 'tenant_id': '91950205a4974aaf98c3f75e37bb619f', 'admin_state_up': True, 'status': 'ACTIVE', 'external_gateway_info': {'network_id': '547b0c18-ebaa-4677-aac6-3445fc0eca0b', 'external_fixed_ips': [{'subnet_id': 'a1d9142c-fbb7-4d4c-9b9f-7a2022084c3c', 'ip_address': '10.180.180.220'}], 'enable_snat': True}, 'description': '', 'availability_zones': [], 'distributed': False, 'ha': False, 'availability_zone_hints': [], 'routes': [], 'flavor_id': None, 'tags': [], 'created_at': '2025-04-17T13:47:51Z', 'updated_at': '2025-04-17T13:47:53Z', 'revision_number': 2, 'project_id': '91950205a4974aaf98c3f75e37bb619f'}
2025-04-17 13:47:56.909 69541 INFO tempest.lib.common.rest_client [req-345c766c-d993-4038-8af8-c122e642711e req-345c766c-d993-4038-8af8-c122e642711e ] Request (ImagesOneServerNegativeTestJSON:setUpClass): 200 GET http://10.180.1.21/compute/v2.1/servers/0d8a7167-7c1f-4845-ba15-1bc2d84568a9 1.370s
2025-04-17 13:47:56.936 69569 INFO tempest.lib.common.rest_client [req-6e00ac4d-f755-4b6f-b54a-3d4fd9331549 req-6e00ac4d-f755-4b6f-b54a-3d4fd9331549 ] Request (QuotasAdminTestJSON:tearDownClass): 204 DELETE http://10.180.1.21/identity/v3/users/4abb0cb81e4440f7a69671d27de3c5ea 0.195s
2025-04-17 13:47:56.939 69563 INFO tempest.lib.common.rest_client [req-5ada165d-1dda-434c-b6a1-ceb7e226da81 req-5ada165d-1dda-434c-b6a1-ceb7e226da81 ] Request (FloatingIPDetailsNegativeTestJSON:setUpClass): 201 POST http://10.180.1.21/identity/v3/auth/tokens 0.096s
2025-04-17 13:47:57.001 69559 INFO tempest.lib.common.rest_client [req-2b1f686c-dcb9-43ab-bee8-bf4b4b67e788 req-2b1f686c-dcb9-43ab-bee8-bf4b4b67e788 ] Request (SecurityGroupRulesTestJSON:test_security_group_rules_create): 200 POST http://10.180.1.21/compute/v2.1/os-security-group-rules 1.506s
2025-04-17 13:47:57.071 69569 INFO tempest.lib.common.rest_client [req-2795726d-96f4-4a30-84ff-d2add063c0e4 req-2795726d-96f4-4a30-84ff-d2add063c0e4 ] Request (QuotasAdminTestJSON:tearDownClass): 204 DELETE http://10.180.1.21/identity/v3/users/27009fc778ac4c3280e2a99bb2b2d908 0.134s
2025-04-17 13:47:57.071 69569 INFO tempest.lib.common.dynamic_creds [-] Deleting project and security group for project: f4e73fa00160469f942a6e73f2b55828
2025-04-17 13:47:57.102 69558 INFO tempest.lib.common.rest_client [req-0b183005-a536-4998-b3ba-2764999ba8c1 req-0b183005-a536-4998-b3ba-2764999ba8c1 ] Request (DeleteServersAdminTestJSON:test_admin_delete_servers_of_others): 200 GET http://10.180.1.21/compute/v2.1/servers/68e85c8e-9a83-48f7-a900-7e0bf77b6096 1.432s
2025-04-17 13:47:57.150 69553 INFO tempest.lib.common.rest_client [req-4169366d-6fe2-4c14-8857-f72269b726f6 req-4169366d-6fe2-4c14-8857-f72269b726f6 ] Request (DeleteServersTestJSON:test_delete_active_server): 200 GET http://10.180.1.21/compute/v2.1/servers/0df832c7-2323-4514-8e2e-f557a29a8c2e 1.572s
2025-04-17 13:47:57.156 69569 INFO tempest.lib.common.rest_client [req-df388974-9357-4a74-8eb5-7378d348f9b5 req-df388974-9357-4a74-8eb5-7378d348f9b5 ] Request (QuotasAdminTestJSON:tearDownClass): 201 POST http://10.180.1.21/identity/v3/auth/tokens 0.085s
2025-04-17 13:47:57.177 69553 INFO tempest.common.waiters [-] State transition "BUILD/spawning" ==> "ACTIVE/None" after 16 second wait
2025-04-17 13:47:57.197 69591 INFO tempest.lib.common.rest_client [req-7c5bb083-930a-4fba-929f-115150036870 req-7c5bb083-930a-4fba-929f-115150036870 ] Request (ServersListShow298Test:test_list_show_update_rebuild_server_298): 200 GET http://10.180.1.21/compute/v2.1/servers/0dc4abf2-a9c7-45e2-a88a-e1be99b2a9cf 1.411s
2025-04-17 13:47:57.232 69579 INFO tempest.lib.common.rest_client [req-42e00681-1cbb-4fb0-bfa0-0b66d241e2b9 req-42e00681-1cbb-4fb0-bfa0-0b66d241e2b9 ] Request (FlavorsAdminTestJSON:_run_cleanups): 200 GET http://10.180.1.21/compute/v2.1/flavors/detail 1.310s
2025-04-17 13:47:57.241 69589 INFO tempest.lib.common.rest_client [req-dd3846b8-d3c8-4623-8c37-c210d987e770 req-dd3846b8-d3c8-4623-8c37-c210d987e770 ] Request (ServersNegativeTestMultiTenantJSON:setUpClass): 200 GET http://10.180.1.21/compute/v2.1/servers/c1f2c675-c9ad-41b0-97b5-600e621927de 1.446s
2025-04-17 13:47:57.283 69587 INFO tempest.lib.common.rest_client [req-753a037a-fa01-4d4c-b1db-aae03482a44a req-753a037a-fa01-4d4c-b1db-aae03482a44a ] Request (ImagesMetadataTestJSON:setUpClass): 200 GET http://10.180.1.21/compute/v2.1/images/42129114-635d-46bf-b9f8-c71af52f4173 1.344s
2025-04-17 13:47:57.300 69555 INFO tempest.lib.common.rest_client [req-d88110a9-8005-4d76-bac1-13f09b5cb3e0 req-d88110a9-8005-4d76-bac1-13f09b5cb3e0 ] Request (FlavorsAccessNegativeTestJSON:_run_cleanups): 202 DELETE http://10.180.1.21/compute/v2.1/flavors/1436118040 1.142s
2025-04-17 13:47:57.360 69597 INFO tempest.lib.common.rest_client [req-c165c06a-5284-439e-963c-cb991cdc6160 req-c165c06a-5284-439e-963c-cb991cdc6160 ] Request (ServerActionsTestOtherA:setUpClass): 200 GET http://10.180.1.21/compute/v2.1/servers/d9fb3dba-41f2-463c-8d57-118b0aa46f54 1.130s
2025-04-17 13:47:57.371 69585 INFO tempest.lib.common.rest_client [req-809f8d16-b461-4b38-8848-c5f09b0427eb req-809f8d16-b461-4b38-8848-c5f09b0427eb ] Request (ServerActionsTestOtherB:setUpClass): 200 PUT http://10.180.1.21:9696/networking/v2.0/routers/e5b62b03-3d53-44f8-a6eb-c63ff4b8a1da/add_router_interface 4.118s
2025-04-17 13:47:57.372 69585 INFO tempest.lib.common.dynamic_creds [-] Created isolated network resources for: credentials: Credentials: {'domain_id': 'default', 'domain_name': 'Default', 'username': 'tempest-ServerActionsTestOtherB-262307527-project-member', 'project_domain_id': 'default', 'project_domain_name': 'Default', 'project_id': 'cd05d9d3f48b4fe6af949b13f9dd03ec', 'project_name': 'tempest-ServerActionsTestOtherB-262307527', 'tenant_id': 'cd05d9d3f48b4fe6af949b13f9dd03ec', 'tenant_name': 'tempest-ServerActionsTestOtherB-262307527', 'user_domain_id': 'default', 'user_domain_name': 'Default', 'user_id': '682b90979b3740d3a40c7f674896fada', 'system': None}, Network: {'id': '39e617f6-616f-42a5-b7c8-9b11ca387c35', 'name': 'tempest-ServerActionsTestOtherB-268798217-network', 'tenant_id': 'cd05d9d3f48b4fe6af949b13f9dd03ec', 'admin_state_up': True, 'mtu': 8950, 'status': 'ACTIVE', 'subnets': [], 'shared': False, 'project_id': 'cd05d9d3f48b4fe6af949b13f9dd03ec', 'port_security_enabled': True, 'router:external': False, 'provider:network_type': 'vlan', 'provider:physical_network': 'default', 'provider:segmentation_id': 738, 'availability_zone_hints': [], 'availability_zones': [], 'ipv4_address_scope': None, 'ipv6_address_scope': None, 'description': '', 'tags': [], 'created_at': '2025-04-17T13:47:49Z', 'updated_at': '2025-04-17T13:47:49Z', 'revision_number': 1}, Subnet: {'id': '5c5f0ee9-12c7-4dea-9e68-2103e83c440d', 'name': 'tempest-ServerActionsTestOtherB-268798217-subnet', 'tenant_id': 'cd05d9d3f48b4fe6af949b13f9dd03ec', 'network_id': '39e617f6-616f-42a5-b7c8-9b11ca387c35', 'ip_version': 4, 'subnetpool_id': None, 'enable_dhcp': True, 'ipv6_ra_mode': None, 'ipv6_address_mode': None, 'gateway_ip': '192.168.128.1', 'cidr': '192.168.128.0/28', 'allocation_pools': [{'start': '192.168.128.2', 'end': '192.168.128.14'}], 'host_routes': [], 'dns_nameservers': [], 'description': '', 'router:external': False, 'service_types': [], 'tags': [], 'created_at': '2025-04-17T13:47:50Z', 'updated_at': '2025-04-17T13:47:50Z', 'revision_number': 0, 'project_id': 'cd05d9d3f48b4fe6af949b13f9dd03ec'}, Router: {'id': 'e5b62b03-3d53-44f8-a6eb-c63ff4b8a1da', 'name': 'tempest-ServerActionsTestOtherB-268798217-router', 'tenant_id': 'cd05d9d3f48b4fe6af949b13f9dd03ec', 'admin_state_up': True, 'status': 'ACTIVE', 'external_gateway_info': {'network_id': '547b0c18-ebaa-4677-aac6-3445fc0eca0b', 'external_fixed_ips': [{'subnet_id': 'a1d9142c-fbb7-4d4c-9b9f-7a2022084c3c', 'ip_address': '10.180.180.168'}], 'enable_snat': True}, 'description': '', 'availability_zones': [], 'distributed': False, 'ha': False, 'availability_zone_hints': [], 'routes': [], 'flavor_id': None, 'tags': [], 'created_at': '2025-04-17T13:47:50Z', 'updated_at': '2025-04-17T13:47:51Z', 'revision_number': 2, 'project_id': 'cd05d9d3f48b4fe6af949b13f9dd03ec'}
2025-04-17 13:47:57.431 69567 INFO tempest.lib.common.rest_client [req-2c64ad3f-5e4c-4713-9971-8b5d59ccc6b1 req-2c64ad3f-5e4c-4713-9971-8b5d59ccc6b1 ] Request (ServerExternalEventsTest:tearDownClass): 200 GET http://10.180.1.21/compute/v2.1/servers/879f8f9e-4198-4b5a-92c3-ddf15d2b0752 1.465s
2025-04-17 13:47:57.458 69585 INFO tempest.lib.common.rest_client [req-7d3233d3-ae5d-4df0-a48d-ccce40095da2 req-7d3233d3-ae5d-4df0-a48d-ccce40095da2 ] Request (ServerActionsTestOtherB:setUpClass): 201 POST http://10.180.1.21/identity/v3/auth/tokens 0.081s
2025-04-17 13:47:57.517 69551 INFO tempest.lib.common.rest_client [req-220586bb-f21d-49d4-997d-8c1da71988de req-220586bb-f21d-49d4-997d-8c1da71988de ] Request (HypervisorAdminNegativeTestJSON:test_get_hypervisor_uptime_with_non_admin_user): 200 GET http://10.180.1.21/compute/v2.1/os-hypervisors 1.245s
2025-04-17 13:47:57.525 69569 INFO tempest.lib.common.rest_client [req-9ca30a36-14af-418a-9e51-d0e02402ff5f req-9ca30a36-14af-418a-9e51-d0e02402ff5f ] Request (QuotasAdminTestJSON:tearDownClass): 200 GET http://10.180.1.21:9696/networking/v2.0/security-groups?tenant_id=f4e73fa00160469f942a6e73f2b55828&name=default 0.367s
2025-04-17 13:47:57.624 69599 INFO tempest.lib.common.rest_client [req-04aed876-b9b2-49d2-91dd-7f0e07a43edb req-04aed876-b9b2-49d2-91dd-7f0e07a43edb ] Request (ServerMetadataNegativeTestJSON:setUpClass): 200 GET http://10.180.1.21/compute/v2.1/servers/ee2d9832-32ef-44b2-878c-89762f813480 1.111s
2025-04-17 13:47:57.648 69581 INFO tempest.lib.common.rest_client [req-cd264f12-d1da-490c-ada3-117c4c20990b req-cd264f12-d1da-490c-ada3-117c4c20990b ] Request (AggregatesAdminNegativeTestJSON:_run_cleanups): 200 DELETE http://10.180.1.21/compute/v2.1/os-aggregates/5 0.856s
2025-04-17 13:47:57.702 69569 INFO tempest.lib.common.rest_client [req-75dea516-1e67-4ef6-a78d-b3bd4c7b6fad req-75dea516-1e67-4ef6-a78d-b3bd4c7b6fad ] Request (QuotasAdminTestJSON:tearDownClass): 204 DELETE http://10.180.1.21:9696/networking/v2.0/security-groups/d38e5554-b8c4-44c4-99ae-d8d6cecd2f17 0.177s
2025-04-17 13:47:57.769 69545 INFO tempest.lib.common.rest_client [req-4a33ea95-f7ad-4667-9e1c-1c74be500691 req-4a33ea95-f7ad-4667-9e1c-1c74be500691 ] Request (QuotaClassesAdmin257Test:test_update_default_quotas): 200 GET http://10.180.1.21/compute/v2.1/os-quota-class-sets/default 0.970s
2025-04-17 13:47:57.786 69569 INFO tempest.lib.common.rest_client [req-21722d23-274c-4148-a932-8c4611a6c959 req-21722d23-274c-4148-a932-8c4611a6c959 ] Request (QuotasAdminTestJSON:tearDownClass): 204 DELETE http://10.180.1.21/identity/v3/projects/f4e73fa00160469f942a6e73f2b55828 0.084s
2025-04-17 13:47:57.786 69569 INFO tempest.lib.common.dynamic_creds [-] Deleting project and security group for project: 1c074291c45446a19f5f76608d7a9459
2025-04-17 13:47:57.846 69547 INFO tempest.lib.common.rest_client [req-bb7c2c4d-42e0-4116-852e-9558a7482a67 req-bb7c2c4d-42e0-4116-852e-9558a7482a67 ] Request (ServersAdminNegativeTestJSON:test_migrate_server_invalid_state): 202 POST http://10.180.1.21/compute/v2.1/servers 1.084s
2025-04-17 13:47:57.868 69549 INFO tempest.lib.common.rest_client [req-cb3f6ca8-21ab-4a16-98f0-9db96e960817 req-cb3f6ca8-21ab-4a16-98f0-9db96e960817 ] Request (ServicesAdminNegativeV253TestJSON:test_list_services_with_non_admin_user): 403 GET http://10.180.1.21/compute/v2.1/os-services 1.042s
2025-04-17 13:47:57.915 69569 INFO tempest.lib.common.rest_client [req-971ca5b9-46ac-4799-97c1-86a2dde2fac7 req-971ca5b9-46ac-4799-97c1-86a2dde2fac7 ] Request (QuotasAdminTestJSON:tearDownClass): 200 GET http://10.180.1.21:9696/networking/v2.0/security-groups?tenant_id=1c074291c45446a19f5f76608d7a9459&name=default 0.128s
2025-04-17 13:47:58.064 69549 INFO tempest.lib.common.rest_client [req-aa99811e-dcf8-4838-8bca-add088037f97 req-aa99811e-dcf8-4838-8bca-add088037f97 ] Request (ServicesAdminNegativeV253TestJSON:tearDownClass): 204 DELETE http://10.180.1.21/identity/v3/users/f3c7b8a802264e749a21bbb390d6a9d8 0.194s
2025-04-17 13:47:58.173 69573 INFO tempest.lib.common.rest_client [req-4abfd473-9d16-4d4c-95f8-ac7ac1ee6f6c req-4abfd473-9d16-4d4c-95f8-ac7ac1ee6f6c ] Request (VolumesAdminNegativeTest:setUpClass): 200 PUT http://10.180.1.21:9696/networking/v2.0/routers/66a2fc86-6dee-45af-9df2-4959d808d3fc/add_router_interface 4.349s
2025-04-17 13:47:58.174 69573 INFO tempest.lib.common.dynamic_creds [-] Created isolated network resources for: credentials: Credentials: {'domain_id': 'default', 'domain_name': 'Default', 'username': 'tempest-VolumesAdminNegativeTest-924213531-project-member', 'project_domain_id': 'default', 'project_domain_name': 'Default', 'project_id': 'fae49997a2fe43e2b57261ae82d31f16', 'project_name': 'tempest-VolumesAdminNegativeTest-924213531', 'tenant_id': 'fae49997a2fe43e2b57261ae82d31f16', 'tenant_name': 'tempest-VolumesAdminNegativeTest-924213531', 'user_domain_id': 'default', 'user_domain_name': 'Default', 'user_id': 'db061df3180e44969399f8abb8c71911', 'system': None}, Network: {'id': '938f5711-49ed-4e8a-b985-de5edcdb0eb5', 'name': 'tempest-VolumesAdminNegativeTest-90505452-network', 'tenant_id': 'fae49997a2fe43e2b57261ae82d31f16', 'admin_state_up': True, 'mtu': 8950, 'status': 'ACTIVE', 'subnets': [], 'shared': False, 'project_id': 'fae49997a2fe43e2b57261ae82d31f16', 'port_security_enabled': True, 'router:external': False, 'provider:network_type': 'vlan', 'provider:physical_network': 'default', 'provider:segmentation_id': 179, 'availability_zone_hints': [], 'availability_zones': [], 'ipv4_address_scope': None, 'ipv6_address_scope': None, 'description': '', 'tags': [], 'created_at': '2025-04-17T13:47:50Z', 'updated_at': '2025-04-17T13:47:50Z', 'revision_number': 1}, Subnet: {'id': '77be5fdb-1d64-4594-a1ff-b561b01a1561', 'name': 'tempest-VolumesAdminNegativeTest-90505452-subnet', 'tenant_id': 'fae49997a2fe43e2b57261ae82d31f16', 'network_id': '938f5711-49ed-4e8a-b985-de5edcdb0eb5', 'ip_version': 4, 'subnetpool_id': None, 'enable_dhcp': True, 'ipv6_ra_mode': None, 'ipv6_address_mode': None, 'gateway_ip': '192.168.128.1', 'cidr': '192.168.128.0/28', 'allocation_pools': [{'start': '192.168.128.2', 'end': '192.168.128.14'}], 'host_routes': [], 'dns_nameservers': [], 'description': '', 'router:external': False, 'service_types': [], 'tags': [], 'created_at': '2025-04-17T13:47:50Z', 'updated_at': '2025-04-17T13:47:50Z', 'revision_number': 0, 'project_id': 'fae49997a2fe43e2b57261ae82d31f16'}, Router: {'id': '66a2fc86-6dee-45af-9df2-4959d808d3fc', 'name': 'tempest-VolumesAdminNegativeTest-90505452-router', 'tenant_id': 'fae49997a2fe43e2b57261ae82d31f16', 'admin_state_up': True, 'status': 'ACTIVE', 'external_gateway_info': {'network_id': '547b0c18-ebaa-4677-aac6-3445fc0eca0b', 'external_fixed_ips': [{'subnet_id': 'a1d9142c-fbb7-4d4c-9b9f-7a2022084c3c', 'ip_address': '10.180.180.141'}], 'enable_snat': True}, 'description': '', 'availability_zones': [], 'distributed': False, 'ha': False, 'availability_zone_hints': [], 'routes': [], 'flavor_id': None, 'tags': [], 'created_at': '2025-04-17T13:47:51Z', 'updated_at': '2025-04-17T13:47:52Z', 'revision_number': 2, 'project_id': 'fae49997a2fe43e2b57261ae82d31f16'}
2025-04-17 13:47:58.209 69549 INFO tempest.lib.common.rest_client [req-f176c682-9cab-4fba-afa5-df050f90d1e1 req-f176c682-9cab-4fba-afa5-df050f90d1e1 ] Request (ServicesAdminNegativeV253TestJSON:tearDownClass): 204 DELETE http://10.180.1.21/identity/v3/users/7b7a51dd95d24b9781ef046160fe0e8e 0.144s
2025-04-17 13:47:58.209 69549 INFO tempest.lib.common.dynamic_creds [-] Deleting project and security group for project: 9082648cbbf94e699251afa381337f87
2025-04-17 13:47:58.231 69563 INFO tempest.lib.common.rest_client [req-bd5a08f0-fd83-48ec-92dd-9fd2831e1bd5 req-bd5a08f0-fd83-48ec-92dd-9fd2831e1bd5 ] Request (FloatingIPDetailsNegativeTestJSON:test_get_nonexistent_floating_ip_details): 404 GET http://10.180.1.21/compute/v2.1/os-floating-ips/2621f61a-b4ca-46b5-8533-af5f0bcb0c76 1.289s
2025-04-17 13:47:58.317 69573 INFO tempest.lib.common.rest_client [req-e537f972-cc77-42d3-81f5-d472e64bc433 req-e537f972-cc77-42d3-81f5-d472e64bc433 ] Request (VolumesAdminNegativeTest:setUpClass): 201 POST http://10.180.1.21/identity/v3/auth/tokens 0.135s
2025-04-17 13:47:58.317 69549 INFO tempest.lib.common.rest_client [req-c25f23fb-8ef8-4780-9b2c-6c4030dca178 req-c25f23fb-8ef8-4780-9b2c-6c4030dca178 ] Request (ServicesAdminNegativeV253TestJSON:tearDownClass): 201 POST http://10.180.1.21/identity/v3/auth/tokens 0.108s
2025-04-17 13:47:58.351 69601 INFO tempest.lib.common.rest_client [req-d9b75960-fef5-4da4-8162-641a747cb8f5 req-d9b75960-fef5-4da4-8162-641a747cb8f5 ] Request (MigrationsAdminTest:test_list_migrations_in_flavor_resize_situation): 200 GET http://10.180.1.21/compute/v2.1/servers/99ee16d5-2d5a-48d8-9f4e-188fe6a4c7fa 1.447s
2025-04-17 13:47:58.361 69573 INFO tempest.lib.common.rest_client [req-9d615db6-dd1b-4fd2-bd92-9cad0540a2a0 req-9d615db6-dd1b-4fd2-bd92-9cad0540a2a0 ] Request (VolumesAdminNegativeTest:setUpClass): 201 POST http://10.180.1.21/identity/v3/projects 0.044s
2025-04-17 13:47:58.411 69569 INFO tempest.lib.common.rest_client [req-a50c8bbd-4325-437c-bbc4-7be208213d72 req-a50c8bbd-4325-437c-bbc4-7be208213d72 ] Request (QuotasAdminTestJSON:tearDownClass): 204 DELETE http://10.180.1.21:9696/networking/v2.0/security-groups/c79b53a3-4b4a-447a-a53f-5eefc0ab2c61 0.496s
2025-04-17 13:47:58.471 69559 INFO tempest.lib.common.rest_client [req-a928e140-765e-447a-92e4-b3d87841c581 req-a928e140-765e-447a-92e4-b3d87841c581 ] Request (SecurityGroupRulesTestJSON:test_security_group_rules_create_with_optional_cidr): 200 POST http://10.180.1.21/compute/v2.1/os-security-groups 1.465s
2025-04-17 13:47:58.477 69573 INFO tempest.lib.common.rest_client [req-c7df33e3-5d66-4629-994b-03c1ebacc8c1 req-c7df33e3-5d66-4629-994b-03c1ebacc8c1 ] Request (VolumesAdminNegativeTest:setUpClass): 201 POST http://10.180.1.21/identity/v3/users 0.115s
2025-04-17 13:47:58.483 69553 INFO tempest.lib.common.rest_client [req-3e3f1e87-0be4-4b7d-be46-e87b2993a0e2 req-3e3f1e87-0be4-4b7d-be46-e87b2993a0e2 ] Request (DeleteServersTestJSON:test_delete_active_server): 204 DELETE http://10.180.1.21/compute/v2.1/servers/0df832c7-2323-4514-8e2e-f557a29a8c2e 1.305s
2025-04-17 13:47:58.505 69579 INFO tempest.lib.common.rest_client [req-277bb497-d775-4c9f-9130-e17e5d36426d req-277bb497-d775-4c9f-9130-e17e5d36426d ] Request (FlavorsAdminTestJSON:test_create_server_with_non_public_flavor): 200 POST http://10.180.1.21/compute/v2.1/flavors 1.265s
2025-04-17 13:47:58.509 69573 INFO tempest.lib.common.rest_client [req-c4d81554-b1e4-4deb-a9c3-da27c100c09e req-c4d81554-b1e4-4deb-a9c3-da27c100c09e ] Request (VolumesAdminNegativeTest:setUpClass): 200 GET http://10.180.1.21/identity/v3/roles 0.031s
2025-04-17 13:47:58.523 69569 INFO tempest.lib.common.rest_client [req-e048311c-f15c-44d4-a7a7-f4cc7e984500 req-e048311c-f15c-44d4-a7a7-f4cc7e984500 ] Request (QuotasAdminTestJSON:tearDownClass): 204 DELETE http://10.180.1.21/identity/v3/projects/1c074291c45446a19f5f76608d7a9459 0.111s
2025-04-17 13:47:58.585 69549 INFO tempest.lib.common.rest_client [req-16fa6bf6-c51b-4ae4-9f48-2dc71f44e2a9 req-16fa6bf6-c51b-4ae4-9f48-2dc71f44e2a9 ] Request (ServicesAdminNegativeV253TestJSON:tearDownClass): 200 GET http://10.180.1.21:9696/networking/v2.0/security-groups?tenant_id=9082648cbbf94e699251afa381337f87&name=default 0.267s
2025-04-17 13:47:58.620 69569 INFO tempest.lib.common.rest_client [req-05273806-8360-4f7d-a520-222f63c619b5 req-05273806-8360-4f7d-a520-222f63c619b5 ] Request (ServerDiagnosticsTest:setUpClass): 201 POST http://10.180.1.21/identity/v3/auth/tokens 0.095s
2025-04-17 13:47:58.645 69543 INFO tempest.lib.common.rest_client [req-da215263-979a-4d96-b7fd-02f0ab4faee5 req-da215263-979a-4d96-b7fd-02f0ab4faee5 ] Request (TenantUsagesTestJSON:setUpClass): 200 GET http://10.180.1.21/compute/v2.1/servers/7a574cff-cec8-4b0c-b705-cd09f81b15f2 1.399s
2025-04-17 13:47:58.652 69573 INFO tempest.lib.common.rest_client [req-54c4af33-703d-4342-88f4-748e7286c596 req-54c4af33-703d-4342-88f4-748e7286c596 ] Request (VolumesAdminNegativeTest:setUpClass): 204 PUT http://10.180.1.21/identity/v3/projects/99892e210eb142bbaad7df8ae003c457/users/c0173c1cfb3e4d70a0b731cf6be2a6af/roles/64751cd7b4e147e98f38d26ec8911a97 0.142s
2025-04-17 13:47:58.662 69543 INFO tempest.common.waiters [-] State transition "BUILD/scheduling" ==> "BUILD/None" after 5 second wait
2025-04-17 13:47:58.677 69561 INFO tempest.lib.common.rest_client [req-8b9fab75-e04f-48f1-960e-3f4d987cc309 req-8b9fab75-e04f-48f1-960e-3f4d987cc309 ] Request (ServersTestFqdnHostnames:test_create_server_with_fqdn_name): 200 GET http://10.180.1.21/compute/v2.1/servers/ac64274f-9331-4362-af8c-e61c3dfca47b 1.404s
2025-04-17 13:47:58.725 69555 INFO tempest.lib.common.rest_client [req-420daf00-d51d-4b66-825e-bc352c841c91 req-420daf00-d51d-4b66-825e-bc352c841c91 ] Request (FlavorsAccessNegativeTestJSON:_run_cleanups): 200 GET http://10.180.1.21/compute/v2.1/flavors/detail 1.424s
2025-04-17 13:47:58.763 69569 INFO tempest.lib.common.rest_client [req-1235d3e5-d26e-41e4-9dc6-db9cccc65b4a req-1235d3e5-d26e-41e4-9dc6-db9cccc65b4a ] Request (ServerDiagnosticsTest:setUpClass): 201 POST http://10.180.1.21/identity/v3/auth/tokens 0.135s
2025-04-17 13:47:58.790 69573 INFO tempest.lib.common.rest_client [req-f5a55668-4c26-42b9-9ade-539d93c2d872 req-f5a55668-4c26-42b9-9ade-539d93c2d872 ] Request (VolumesAdminNegativeTest:setUpClass): 200 GET http://10.180.1.21/identity/v3/roles 0.138s
2025-04-17 13:47:58.832 69569 INFO tempest.lib.common.rest_client [req-b385ec5f-cd60-4260-a49c-3d803ad18cda req-b385ec5f-cd60-4260-a49c-3d803ad18cda ] Request (ServerDiagnosticsTest:setUpClass): 200 GET http://10.180.1.21/identity/v3/domains?name=Default 0.069s
2025-04-17 13:47:58.832 69595 INFO tempest.lib.common.rest_client [req-47f158e5-370c-4790-9f57-8c3b40f37c56 req-47f158e5-370c-4790-9f57-8c3b40f37c56 ] Request (ImagesNegativeTestJSON:test_create_image_from_deleted_server): 200 GET http://10.180.1.21/compute/v2.1/servers/9e2a90e4-da8e-4e8d-a317-fd058e599835 1.481s
2025-04-17 13:47:58.864 69573 INFO tempest.lib.common.rest_client [req-218e5d37-2b9a-425b-8c64-b634f893ba03 req-218e5d37-2b9a-425b-8c64-b634f893ba03 ] Request (VolumesAdminNegativeTest:setUpClass): 204 PUT http://10.180.1.21/identity/v3/projects/99892e210eb142bbaad7df8ae003c457/users/c0173c1cfb3e4d70a0b731cf6be2a6af/roles/64751cd7b4e147e98f38d26ec8911a97 0.073s
2025-04-17 13:47:58.864 69573 INFO tempest.lib.common.dynamic_creds [-] Dynamic test user c0173c1cfb3e4d70a0b731cf6be2a6af is created with scope project and roles: ['admin']
2025-04-17 13:47:58.864 69573 INFO tempest.lib.common.dynamic_creds [-] Acquired dynamic creds: credentials: Credentials: {'domain_id': 'default', 'domain_name': 'Default', 'username': 'tempest-VolumesAdminNegativeTest-1396314683-project-admin', 'project_domain_id': 'default', 'project_domain_name': 'Default', 'project_id': '99892e210eb142bbaad7df8ae003c457', 'project_name': 'tempest-VolumesAdminNegativeTest-1396314683', 'tenant_id': '99892e210eb142bbaad7df8ae003c457', 'tenant_name': 'tempest-VolumesAdminNegativeTest-1396314683', 'user_domain_id': 'default', 'user_domain_name': 'Default', 'user_id': 'c0173c1cfb3e4d70a0b731cf6be2a6af', 'system': None}, Network: None, Subnet: None, Router: None
2025-04-17 13:47:58.917 69555 INFO tempest.lib.common.rest_client [req-6a407dd3-453b-4ef3-9790-ae1a882e183d req-6a407dd3-453b-4ef3-9790-ae1a882e183d ] Request (FlavorsAccessNegativeTestJSON:tearDownClass): 204 DELETE http://10.180.1.21/identity/v3/users/ef3443d6741c423f9b52891cf1c29c24 0.168s
2025-04-17 13:47:58.929 69549 INFO tempest.lib.common.rest_client [req-d6037038-c900-40a1-859e-cd92f27f1432 req-d6037038-c900-40a1-859e-cd92f27f1432 ] Request (ServicesAdminNegativeV253TestJSON:tearDownClass): 204 DELETE http://10.180.1.21:9696/networking/v2.0/security-groups/54676e56-f87d-4aa8-b31a-4b13d4605bff 0.343s
2025-04-17 13:47:59.120 69593 WARNING tempest.lib.common.ssh [-] Failed to establish authenticated ssh connection to cirros@10.180.180.179 ([Errno None] Unable to connect to port 22 on 10.180.180.179). Number attempts: 1. Retry after 2 seconds.: paramiko.ssh_exception.NoValidConnectionsError: [Errno None] Unable to connect to port 22 on 10.180.180.179
2025-04-17 13:47:59.131 69571 INFO tempest.lib.common.rest_client [req-2e5e3f96-6498-4cd3-a428-4452d7901523 req-2e5e3f96-6498-4cd3-a428-4452d7901523 ] Request (ServerDiagnosticsNegativeTest:test_get_server_diagnostics_by_non_admin): 200 GET http://10.180.1.21/compute/v2.1/servers/ca30e339-6bb2-4035-af63-5106af370030 1.726s
2025-04-17 13:47:59.178 69569 INFO tempest.lib.common.rest_client [req-7bda1cce-9581-4183-8ab5-f705b9908549 req-7bda1cce-9581-4183-8ab5-f705b9908549 ] Request (ServerDiagnosticsTest:setUpClass): 201 POST http://10.180.1.21/identity/v3/projects 0.344s
2025-04-17 13:47:59.252 69555 INFO tempest.lib.common.rest_client [req-0d995cbf-14a2-442d-a7b1-dc94a10ebe3a req-0d995cbf-14a2-442d-a7b1-dc94a10ebe3a ] Request (FlavorsAccessNegativeTestJSON:tearDownClass): 204 DELETE http://10.180.1.21/identity/v3/users/436cb5e72ae74211b94b065853b00d4a 0.335s
2025-04-17 13:47:59.265 69587 INFO tempest.lib.common.rest_client [req-d5abddd0-8c68-45ef-911b-9407075fa293 req-d5abddd0-8c68-45ef-911b-9407075fa293 ] Request (ImagesMetadataTestJSON:setUp): 200 PUT http://10.180.1.21/compute/v2.1/images/42129114-635d-46bf-b9f8-c71af52f4173/metadata 1.977s
2025-04-17 13:47:59.380 69549 INFO tempest.lib.common.rest_client [req-64f24994-783f-405c-9d42-9e2dc794c5f3 req-64f24994-783f-405c-9d42-9e2dc794c5f3 ] Request (ServicesAdminNegativeV253TestJSON:tearDownClass): 204 DELETE http://10.180.1.21/identity/v3/projects/9082648cbbf94e699251afa381337f87 0.451s
2025-04-17 13:47:59.381 69549 INFO tempest.lib.common.dynamic_creds [-] Deleting project and security group for project: 70510758886849b6a9e52e41a7a1f974
2025-04-17 13:47:59.441 69585 INFO tempest.lib.common.rest_client [req-bd3d719a-809f-4d5d-ad08-240ae89a4f05 req-bd3d719a-809f-4d5d-ad08-240ae89a4f05 ] Request (ServerActionsTestOtherB:setUpClass): 200 POST http://10.180.1.21/compute/v2.1/os-keypairs 1.982s
2025-04-17 13:47:59.449 69573 INFO tempest.lib.common.rest_client [req-4d175ea3-f5a1-4655-9f64-e18822c61681 req-4d175ea3-f5a1-4655-9f64-e18822c61681 ] Request (VolumesAdminNegativeTest:setUpClass): 201 POST http://10.180.1.21:9696/networking/v2.0/networks 0.585s
2025-04-17 13:47:59.450 69551 INFO tempest.lib.common.rest_client [req-87d9b758-cd50-43b4-a5d4-545a17fd1dc8 req-87d9b758-cd50-43b4-a5d4-545a17fd1dc8 ] Request (HypervisorAdminNegativeTestJSON:test_get_hypervisor_uptime_with_non_admin_user): 403 GET http://10.180.1.21/compute/v2.1/os-hypervisors/1/uptime 1.931s
2025-04-17 13:47:59.467 69581 INFO tempest.lib.common.rest_client [req-cb51be2b-c8ab-4c8f-8094-8c4de760e23f req-cb51be2b-c8ab-4c8f-8094-8c4de760e23f ] Request (AggregatesAdminNegativeTestJSON:test_aggregate_delete_with_invalid_id): 404 DELETE http://10.180.1.21/compute/v2.1/os-aggregates/-1 1.818s
2025-04-17 13:47:59.473 69569 INFO tempest.lib.common.rest_client [req-ead43a98-d4d9-49b0-b9cd-a16259a336a8 req-ead43a98-d4d9-49b0-b9cd-a16259a336a8 ] Request (ServerDiagnosticsTest:setUpClass): 201 POST http://10.180.1.21/identity/v3/users 0.294s
2025-04-17 13:47:59.498 69555 INFO tempest.lib.common.rest_client [req-258012a4-cab8-4c8f-be8a-c25af78831ec req-258012a4-cab8-4c8f-be8a-c25af78831ec ] Request (FlavorsAccessNegativeTestJSON:tearDownClass): 204 DELETE http://10.180.1.21/identity/v3/users/66ba913d45504a30bfdeadc0b0a8866c 0.246s
2025-04-17 13:47:59.501 69555 INFO tempest.lib.common.dynamic_creds [-] Deleting project and security group for project: 9325b19743024a5d803111363adde3c1
2025-04-17 13:47:59.536 69569 INFO tempest.lib.common.rest_client [req-66b8eb1f-7814-465d-8b75-02cdf7231448 req-66b8eb1f-7814-465d-8b75-02cdf7231448 ] Request (ServerDiagnosticsTest:setUpClass): 200 GET http://10.180.1.21/identity/v3/roles 0.063s
2025-04-17 13:47:59.538 69545 INFO tempest.lib.common.rest_client [req-4299c1f3-9566-4a1c-91ca-00ddac5ce2ee req-4299c1f3-9566-4a1c-91ca-00ddac5ce2ee ] Request (QuotaClassesAdmin257Test:test_update_default_quotas): 200 PUT http://10.180.1.21/compute/v2.1/os-quota-class-sets/default 1.766s
2025-04-17 13:47:59.576 69555 INFO tempest.lib.common.rest_client [req-ea9ec0e6-8bcc-4842-879c-3dfb3c42e508 req-ea9ec0e6-8bcc-4842-879c-3dfb3c42e508 ] Request (FlavorsAccessNegativeTestJSON:tearDownClass): 201 POST http://10.180.1.21/identity/v3/auth/tokens 0.074s
2025-04-17 13:47:59.586 69575 INFO tempest.lib.common.rest_client [req-8dc0b2d2-3ed9-4306-bc76-2c0673fe4d6d req-8dc0b2d2-3ed9-4306-bc76-2c0673fe4d6d ] Request (ServersWithSpecificFlavorTestJSON:test_verify_created_server_ephemeral_disk): 200 GET http://10.180.1.21/compute/v2.1/servers/417b5827-79da-47a6-bf40-0eaee265660c 2.081s
2025-04-17 13:47:59.628 69569 INFO tempest.lib.common.rest_client [req-092a03ad-9c76-4c6e-946f-644cf585b35f req-092a03ad-9c76-4c6e-946f-644cf585b35f ] Request (ServerDiagnosticsTest:setUpClass): 204 PUT http://10.180.1.21/identity/v3/projects/87c8e3dfbd454b419b2ce30de8be171d/users/544c6a2020aa4c09ac4ac8edc2bbe2a3/roles/171e7f1f37714291a877506585c2770f 0.092s
2025-04-17 13:47:59.629 69569 INFO tempest.lib.common.dynamic_creds [-] Dynamic test user 544c6a2020aa4c09ac4ac8edc2bbe2a3 is created with scope project and roles: ['member']
2025-04-17 13:47:59.629 69569 INFO tempest.lib.common.dynamic_creds [-] Acquired dynamic creds: credentials: Credentials: {'domain_id': 'default', 'domain_name': 'Default', 'username': 'tempest-ServerDiagnosticsTest-1053416053-project-member', 'project_domain_id': 'default', 'project_domain_name': 'Default', 'project_id': '87c8e3dfbd454b419b2ce30de8be171d', 'project_name': 'tempest-ServerDiagnosticsTest-1053416053', 'tenant_id': '87c8e3dfbd454b419b2ce30de8be171d', 'tenant_name': 'tempest-ServerDiagnosticsTest-1053416053', 'user_domain_id': 'default', 'user_domain_name': 'Default', 'user_id': '544c6a2020aa4c09ac4ac8edc2bbe2a3', 'system': None}, Network: None, Subnet: None, Router: None
2025-04-17 13:47:59.629 69569 INFO tempest.lib.common.dynamic_creds [-] Created isolated network resources for: credentials: Credentials: {'domain_id': 'default', 'domain_name': 'Default', 'username': 'tempest-ServerDiagnosticsTest-1053416053-project-member', 'project_domain_id': 'default', 'project_domain_name': 'Default', 'project_id': '87c8e3dfbd454b419b2ce30de8be171d', 'project_name': 'tempest-ServerDiagnosticsTest-1053416053', 'tenant_id': '87c8e3dfbd454b419b2ce30de8be171d', 'tenant_name': 'tempest-ServerDiagnosticsTest-1053416053', 'user_domain_id': 'default', 'user_domain_name': 'Default', 'user_id': '544c6a2020aa4c09ac4ac8edc2bbe2a3', 'system': None}, Network: None, Subnet: None, Router: None
2025-04-17 13:47:59.635 69603 INFO tempest.lib.common.rest_client [req-8897349b-872c-49d8-b8e9-084f2ee77570 req-8897349b-872c-49d8-b8e9-084f2ee77570 ] Request (ServersAdmin275Test:test_rebuild_update_server_275): 200 GET http://10.180.1.21/compute/v2.1/servers/f6588f67-f186-4f6e-b085-0d35eff561a3 1.833s
2025-04-17 13:47:59.651 69603 INFO tempest.common.waiters [-] State transition "REBUILD/rebuild_spawning" ==> "ACTIVE/None" after 11 second wait
2025-04-17 13:47:59.670 69547 INFO tempest.lib.common.rest_client [req-e502bc6c-2b39-40ab-b944-a00818b5ff88 req-e502bc6c-2b39-40ab-b944-a00818b5ff88 ] Request (ServersAdminNegativeTestJSON:test_migrate_server_invalid_state): 200 GET http://10.180.1.21/compute/v2.1/servers/9e611d0f-aca8-4d76-9325-c8c074a97e19 1.822s
2025-04-17 13:47:59.704 69541 INFO tempest.lib.common.rest_client [req-50d11ed1-5b55-4e67-b425-53786e0ca5c5 req-50d11ed1-5b55-4e67-b425-53786e0ca5c5 ] Request (ImagesOneServerNegativeTestJSON:setUpClass): 200 GET http://10.180.1.21/compute/v2.1/servers/0d8a7167-7c1f-4845-ba15-1bc2d84568a9 1.781s
2025-04-17 13:47:59.704 69558 INFO tempest.lib.common.rest_client [req-b6ca60b9-e454-4fd8-9f7b-608f3cdf542f req-b6ca60b9-e454-4fd8-9f7b-608f3cdf542f ] Request (DeleteServersAdminTestJSON:test_admin_delete_servers_of_others): 404 GET http://10.180.1.21/compute/v2.1/servers/68e85c8e-9a83-48f7-a900-7e0bf77b6096 1.586s
2025-04-17 13:47:59.726 69549 INFO tempest.lib.common.rest_client [req-cf6a6b12-d98c-4194-94ba-99d0fc104b03 req-cf6a6b12-d98c-4194-94ba-99d0fc104b03 ] Request (ServicesAdminNegativeV253TestJSON:tearDownClass): 200 GET http://10.180.1.21:9696/networking/v2.0/security-groups?tenant_id=70510758886849b6a9e52e41a7a1f974&name=default 0.345s
2025-04-17 13:47:59.734 69569 INFO tempest.lib.common.rest_client [req-1d302453-402c-4015-aa33-1ebc0435be7c req-1d302453-402c-4015-aa33-1ebc0435be7c ] Request (ServerDiagnosticsTest:setUpClass): 201 POST http://10.180.1.21/identity/v3/auth/tokens 0.101s
2025-04-17 13:47:59.799 69589 INFO tempest.lib.common.rest_client [req-5d8f6e08-42c6-4dc2-9523-cfc5de4d3abc req-5d8f6e08-42c6-4dc2-9523-cfc5de4d3abc ] Request (ServersNegativeTestMultiTenantJSON:setUpClass): 200 GET http://10.180.1.21/compute/v2.1/servers/c1f2c675-c9ad-41b0-97b5-600e621927de 1.544s
2025-04-17 13:47:59.800 69558 INFO tempest.lib.common.rest_client [req-ad86ba0d-0554-41c9-a582-ffa889530420 req-ad86ba0d-0554-41c9-a582-ffa889530420 ] Request (DeleteServersAdminTestJSON:test_delete_server_while_in_error_state): 201 POST http://10.180.1.21/identity/v3/auth/tokens 0.082s
2025-04-17 13:47:59.801 69558 INFO tempest.lib.common.fixed_network [-] (DeleteServersAdminTestJSON:test_delete_server_while_in_error_state) Found network None available for tenant
2025-04-17 13:47:59.819 69585 INFO tempest.lib.common.rest_client [req-7ce16033-e78b-45b8-a1bd-033a7e1ae55d req-7ce16033-e78b-45b8-a1bd-033a7e1ae55d ] Request (ServerActionsTestOtherB:setUpClass): 201 POST http://10.180.1.21:9696/networking/v2.0/security-groups 0.374s
2025-04-17 13:47:59.827 69591 INFO tempest.lib.common.rest_client [req-4af9058d-3f58-41fe-873b-40955b4df68a req-4af9058d-3f58-41fe-873b-40955b4df68a ] Request (ServersListShow298Test:test_list_show_update_rebuild_server_298): 200 GET http://10.180.1.21/compute/v2.1/servers/0dc4abf2-a9c7-45e2-a88a-e1be99b2a9cf 1.612s
2025-04-17 13:47:59.838 69569 INFO tempest.lib.common.rest_client [req-cc882f9a-4244-4648-b24d-d05a1a221b79 req-cc882f9a-4244-4648-b24d-d05a1a221b79 ] Request (ServerDiagnosticsTest:setUpClass): 201 POST http://10.180.1.21/identity/v3/projects 0.103s
2025-04-17 13:47:59.891 69597 INFO tempest.lib.common.rest_client [req-73b12d3d-40be-4345-b0e2-3521069cd45d req-73b12d3d-40be-4345-b0e2-3521069cd45d ] Request (ServerActionsTestOtherA:setUpClass): 200 GET http://10.180.1.21/compute/v2.1/servers/d9fb3dba-41f2-463c-8d57-118b0aa46f54 1.515s
2025-04-17 13:47:59.912 69567 INFO tempest.lib.common.rest_client [req-11062b82-37ed-4026-8abe-64dc2904284e req-11062b82-37ed-4026-8abe-64dc2904284e ] Request (ServerExternalEventsTest:tearDownClass): 200 GET http://10.180.1.21/compute/v2.1/servers/879f8f9e-4198-4b5a-92c3-ddf15d2b0752 1.466s
2025-04-17 13:47:59.922 69569 INFO tempest.lib.common.rest_client [req-37f509c8-b2d3-440b-a331-a6b1392098ae req-37f509c8-b2d3-440b-a331-a6b1392098ae ] Request (ServerDiagnosticsTest:setUpClass): 201 POST http://10.180.1.21/identity/v3/users 0.083s
2025-04-17 13:47:59.924 69567 INFO tempest.common.waiters [-] State transition "ACTIVE/deleting" ==> "DELETED/None" after 5 second wait
2025-04-17 13:47:59.927 69549 INFO tempest.lib.common.rest_client [req-df6f80cf-b2cf-4a14-bdc2-320effe7c661 req-df6f80cf-b2cf-4a14-bdc2-320effe7c661 ] Request (ServicesAdminNegativeV253TestJSON:tearDownClass): 204 DELETE http://10.180.1.21:9696/networking/v2.0/security-groups/7e8acd73-c912-4051-b1ca-47d894ec69dd 0.200s
2025-04-17 13:47:59.931 69573 INFO tempest.lib.common.rest_client [req-3deb35fa-5c04-4bfe-b86d-77f23174d5c3 req-3deb35fa-5c04-4bfe-b86d-77f23174d5c3 ] Request (VolumesAdminNegativeTest:setUpClass): 201 POST http://10.180.1.21:9696/networking/v2.0/subnets 0.481s
2025-04-17 13:47:59.953 69569 INFO tempest.lib.common.rest_client [req-e7d83d17-95cf-4320-aa37-cefe52831ef8 req-e7d83d17-95cf-4320-aa37-cefe52831ef8 ] Request (ServerDiagnosticsTest:setUpClass): 200 GET http://10.180.1.21/identity/v3/roles 0.030s
2025-04-17 13:47:59.980 69569 INFO tempest.lib.common.rest_client [req-978f03a5-8772-4650-a618-97f8af9afafc req-978f03a5-8772-4650-a618-97f8af9afafc ] Request (ServerDiagnosticsTest:setUpClass): 204 PUT http://10.180.1.21/identity/v3/projects/35fbfe83085247cf80927ee343c163d7/users/1fc938ebc0894ca28f40c3fa1f9c709f/roles/64751cd7b4e147e98f38d26ec8911a97 0.027s
2025-04-17 13:47:59.995 69549 INFO tempest.lib.common.rest_client [req-313d9d3c-12dc-43ef-a945-42a7d03cde75 req-313d9d3c-12dc-43ef-a945-42a7d03cde75 ] Request (ServicesAdminNegativeV253TestJSON:tearDownClass): 204 DELETE http://10.180.1.21/identity/v3/projects/70510758886849b6a9e52e41a7a1f974 0.067s
2025-04-17 13:48:00.057 69569 INFO tempest.lib.common.rest_client [req-f1bbbaed-b896-49df-a275-f03261dfe966 req-f1bbbaed-b896-49df-a275-f03261dfe966 ] Request (ServerDiagnosticsTest:setUpClass): 200 GET http://10.180.1.21/identity/v3/roles 0.076s
2025-04-17 13:48:00.073 69549 INFO tempest.lib.common.rest_client [req-32e93510-3b18-4bab-b999-b649fbba352f req-32e93510-3b18-4bab-b999-b649fbba352f ] Request (AttachInterfacesV270Test:setUpClass): 201 POST http://10.180.1.21/identity/v3/auth/tokens 0.076s
2025-04-17 13:48:00.089 69555 INFO tempest.lib.common.rest_client [req-6547cb87-dfe4-4d7e-9448-d96c1700b8b9 req-6547cb87-dfe4-4d7e-9448-d96c1700b8b9 ] Request (FlavorsAccessNegativeTestJSON:tearDownClass): 200 GET http://10.180.1.21:9696/networking/v2.0/security-groups?tenant_id=9325b19743024a5d803111363adde3c1&name=default 0.512s
2025-04-17 13:48:00.090 69553 INFO tempest.lib.common.rest_client [req-cc62e960-8032-433f-b877-32b105e6b3fb req-cc62e960-8032-433f-b877-32b105e6b3fb ] Request (DeleteServersTestJSON:test_delete_active_server): 200 GET http://10.180.1.21/compute/v2.1/servers/0df832c7-2323-4514-8e2e-f557a29a8c2e 1.606s
