2025-04-15 16:43:45.835 70335 INFO tempest.lib.common.rest_client [req-f2119c1d-ba16-43f0-a9ce-8fd0fdc969ac req-f2119c1d-ba16-43f0-a9ce-8fd0fdc969ac ] Request (FloatingIPsAssociationNegativeTestJSON:tearDownClass): 200 GET http://10.180.1.21/compute/v2.1/servers/03ff3500-ce24-4274-bc2e-5e4777d25f03 0.371s
2025-04-15 16:43:45.873 70361 INFO tempest.lib.common.rest_client [req-a226a0fc-6786-499c-b445-47416c90b6b1 req-a226a0fc-6786-499c-b445-47416c90b6b1 ] Request (ServerRescueNegativeTestJSON:setUpClass): 200 GET http://10.180.1.21/compute/v2.1/servers/74b9b3e1-456d-4e1d-a5e7-f446321242fe 0.224s
2025-04-15 16:43:45.889 70351 INFO tempest.lib.common.rest_client [req-2e2a19e2-326f-4792-a074-1024d9db37e5 req-2e2a19e2-326f-4792-a074-1024d9db37e5 ] Request (ImagesOneServerTestJSON:tearDownClass): 404 DELETE http://10.180.1.21/compute/v2.1/images/05630368-fb67-4b73-8e02-77a2dec6739e 0.123s
2025-04-15 16:43:45.890 70341 INFO tempest.lib.common.rest_client [req-4a51d643-42ae-4458-b3c8-dcae385f4484 req-4a51d643-42ae-4458-b3c8-dcae385f4484 ] Request (ServerDiskConfigTestJSON:test_rebuild_server_with_auto_disk_config): 200 GET http://10.180.1.21/compute/v2.1/servers/73ead6cd-4b4a-4614-a273-736a726aefc3 0.169s
2025-04-15 16:43:45.904 70347 INFO tempest.lib.common.rest_client [req-9facbe2a-0e92-48a6-8241-6733e64c3353 req-9facbe2a-0e92-48a6-8241-6733e64c3353 ] Request (TenantUsagesTestJSON:tearDownClass): 200 GET http://10.180.1.21:9696/networking/v2.0/security-groups?tenant_id=90a1024bb4784871abe0ba46b2576a0c&name=default 0.117s
2025-04-15 16:43:45.923 70345 INFO tempest.lib.common.rest_client [req-b03dc3ae-2a59-4c77-be56-8d7aaea42cc4 req-b03dc3ae-2a59-4c77-be56-8d7aaea42cc4 ] Request (ImagesTestJSON:test_create_image_from_stopped_server): 200 GET http://10.180.1.21/compute/v2.1/images/9dabb16f-8f4c-441f-9776-0a73116f507d 0.119s
2025-04-15 16:43:45.952 70359 INFO tempest.lib.common.rest_client [req-a028adf9-45ce-4327-8b2f-f3e4a85f4d53 req-a028adf9-45ce-4327-8b2f-f3e4a85f4d53 ] Request (ServerShowV257Test:test_rebuild_server): 200 GET http://10.180.1.21/compute/v2.1/servers/d1b8d80e-03e0-48e1-ace4-32369a145817 0.176s
2025-04-15 16:43:46.000 70351 INFO tempest.lib.common.rest_client [req-980f669d-26b2-4b56-b238-fe5f64f0a41a req-980f669d-26b2-4b56-b238-fe5f64f0a41a ] Request (ImagesOneServerTestJSON:tearDownClass): 204 DELETE http://10.180.1.21/compute/v2.1/servers/722a0b73-4bf9-4003-981c-aa3499d8b87b 0.110s
2025-04-15 16:43:46.011 70347 INFO tempest.lib.common.rest_client [req-cb7793e8-c87a-45f7-bb26-f74a9ab8f6e9 req-cb7793e8-c87a-45f7-bb26-f74a9ab8f6e9 ] Request (TenantUsagesTestJSON:tearDownClass): 204 DELETE http://10.180.1.21:9696/networking/v2.0/security-groups/9b0b3160-def2-4578-b891-669ffe444493 0.107s
2025-04-15 16:43:46.049 70319 INFO tempest.lib.common.rest_client [req-7a0006fd-2017-4365-8da3-618feb42fbbb req-7a0006fd-2017-4365-8da3-618feb42fbbb ] Request (ServersTestMultiNic:test_verify_duplicate_network_nics): 200 GET http://10.180.1.21/compute/v2.1/servers/d3b10ed6-7a6b-4f40-84be-6fc547f57adf 0.089s
2025-04-15 16:43:46.075 70353 INFO tempest.lib.common.rest_client [req-b25ad15d-345f-4ef8-9d83-44d65cd504e9 req-b25ad15d-345f-4ef8-9d83-44d65cd504e9 ] Request (ListServersNegativeTestJSON:setUpClass): 200 GET http://10.180.1.21/compute/v2.1/servers/5bb80322-b90e-46d1-8990-4c460ce69167 0.168s
2025-04-15 16:43:46.100 70347 INFO tempest.lib.common.rest_client [req-ca0e1283-b38e-4732-9f2e-38f29c52594f req-ca0e1283-b38e-4732-9f2e-38f29c52594f ] Request (TenantUsagesTestJSON:tearDownClass): 204 DELETE http://10.180.1.21/identity/v3/projects/90a1024bb4784871abe0ba46b2576a0c 0.088s
2025-04-15 16:43:46.122 70329 INFO tempest.lib.common.rest_client [req-cee23520-dae8-44ad-a294-7f65afda72d2 req-cee23520-dae8-44ad-a294-7f65afda72d2 ] Request (ServersTestFqdnHostnames:test_create_server_with_fqdn_name): 200 GET http://10.180.1.21/compute/v2.1/servers/c0d45945-e7fe-47f9-9790-fffe1e03b70f 0.110s
2025-04-15 16:43:46.137 70351 INFO tempest.lib.common.rest_client [req-aff9fc6c-6a10-46eb-8d8a-98225eaaa3a3 req-aff9fc6c-6a10-46eb-8d8a-98225eaaa3a3 ] Request (ImagesOneServerTestJSON:tearDownClass): 200 GET http://10.180.1.21/compute/v2.1/servers/722a0b73-4bf9-4003-981c-aa3499d8b87b 0.137s
2025-04-15 16:43:46.159 70347 INFO tempest.lib.common.rest_client [req-9fe3c2da-0f76-492a-a276-50112d7dc39d req-9fe3c2da-0f76-492a-a276-50112d7dc39d ] Request (FlavorsV2NegativeTest:setUpClass): 201 POST http://10.180.1.21/identity/v3/auth/tokens 0.057s
2025-04-15 16:43:46.187 70349 INFO tempest.lib.common.rest_client [req-6ade5365-8a7f-4829-8841-06ee8bd90d34 req-6ade5365-8a7f-4829-8841-06ee8bd90d34 ] Request (ServerPasswordTestJSON:setUpClass): 200 GET http://10.180.1.21/compute/v2.1/servers/c345566d-a434-48c9-9925-b696473b4231 0.123s
2025-04-15 16:43:46.190 70339 INFO tempest.lib.common.rest_client [req-9d65bdc8-8c8a-47fd-bfb2-39669fe94c2e req-9d65bdc8-8c8a-47fd-bfb2-39669fe94c2e ] Request (ServersNegativeTestJSON:setUpClass): 200 GET http://10.180.1.21/compute/v2.1/servers/9a02cf3b-61f3-41b2-bd11-2a2143b625e0 0.070s
2025-04-15 16:43:46.190 70347 INFO tempest.lib.common.rest_client [req-892c7d80-69e4-47e0-aeb4-738c28a53881 req-892c7d80-69e4-47e0-aeb4-738c28a53881 ] Request (FlavorsV2NegativeTest:setUpClass): 201 POST http://10.180.1.21/identity/v3/auth/tokens 0.028s
2025-04-15 16:43:46.215 70347 INFO tempest.lib.common.rest_client [req-ce67c094-47bc-4823-b44f-c92a6c8ebc95 req-ce67c094-47bc-4823-b44f-c92a6c8ebc95 ] Request (FlavorsV2NegativeTest:setUpClass): 200 GET http://10.180.1.21/identity/v3/domains?name=Default 0.025s
2025-04-15 16:43:46.244 70347 INFO tempest.lib.common.rest_client [req-a38f9af3-6530-43ac-a9de-2c231dd96958 req-a38f9af3-6530-43ac-a9de-2c231dd96958 ] Request (FlavorsV2NegativeTest:setUpClass): 201 POST http://10.180.1.21/identity/v3/projects 0.028s
2025-04-15 16:43:46.258 70367 INFO tempest.lib.common.rest_client [req-26c93a65-e268-479c-8333-446653966c8d req-26c93a65-e268-479c-8333-446653966c8d ] Request (InstanceActionsNegativeTestJSON:setUpClass): 200 GET http://10.180.1.21/compute/v2.1/servers/b89c7304-756d-4183-8fdd-48bb5a643686 0.057s
2025-04-15 16:43:46.300 70347 INFO tempest.lib.common.rest_client [req-ac6496b8-eaf0-4e32-8bc6-616eb6973453 req-ac6496b8-eaf0-4e32-8bc6-616eb6973453 ] Request (FlavorsV2NegativeTest:setUpClass): 201 POST http://10.180.1.21/identity/v3/users 0.055s
2025-04-15 16:43:46.323 70347 INFO tempest.lib.common.rest_client [req-77bd0529-9dfd-4308-8bda-da1628cce369 req-77bd0529-9dfd-4308-8bda-da1628cce369 ] Request (FlavorsV2NegativeTest:setUpClass): 200 GET http://10.180.1.21/identity/v3/roles 0.022s
2025-04-15 16:43:46.337 70363 INFO tempest.lib.common.rest_client [req-c6280a3b-c0e1-4617-9077-8334dbf753d3 req-c6280a3b-c0e1-4617-9077-8334dbf753d3 ] Request (DeleteServersAdminTestJSON:test_delete_server_while_in_error_state): 200 GET http://10.180.1.21/compute/v2.1/servers/796dc302-b266-4e92-8ce5-cc5380e071ff 0.056s
2025-04-15 16:43:46.350 70347 INFO tempest.lib.common.rest_client [req-e50cba3f-dba6-42b8-bc7c-1a00b5938299 req-e50cba3f-dba6-42b8-bc7c-1a00b5938299 ] Request (FlavorsV2NegativeTest:setUpClass): 204 PUT http://10.180.1.21/identity/v3/projects/1bf301451b4547be8ee6ae016356617f/users/f99c75e8891c4c4b9c87951f38042bef/roles/058274d84a374e8689f81d7fd788af22 0.026s
2025-04-15 16:43:46.350 70347 INFO tempest.lib.common.dynamic_creds [-] Dynamic test user f99c75e8891c4c4b9c87951f38042bef is created with scope project and roles: ['member']
2025-04-15 16:43:46.351 70347 INFO tempest.lib.common.dynamic_creds [-] Acquired dynamic creds: credentials: Credentials: {'domain_id': 'default', 'domain_name': 'Default', 'username': 'tempest-FlavorsV2NegativeTest-1618326296-project-member', 'project_domain_id': 'default', 'project_domain_name': 'Default', 'project_id': '1bf301451b4547be8ee6ae016356617f', 'project_name': 'tempest-FlavorsV2NegativeTest-1618326296', 'tenant_id': '1bf301451b4547be8ee6ae016356617f', 'tenant_name': 'tempest-FlavorsV2NegativeTest-1618326296', 'user_domain_id': 'default', 'user_domain_name': 'Default', 'user_id': 'f99c75e8891c4c4b9c87951f38042bef', 'system': None}, Network: None, Subnet: None, Router: None
2025-04-15 16:43:46.351 70347 INFO tempest.lib.common.dynamic_creds [-] Created isolated network resources for: credentials: Credentials: {'domain_id': 'default', 'domain_name': 'Default', 'username': 'tempest-FlavorsV2NegativeTest-1618326296-project-member', 'project_domain_id': 'default', 'project_domain_name': 'Default', 'project_id': '1bf301451b4547be8ee6ae016356617f', 'project_name': 'tempest-FlavorsV2NegativeTest-1618326296', 'tenant_id': '1bf301451b4547be8ee6ae016356617f', 'tenant_name': 'tempest-FlavorsV2NegativeTest-1618326296', 'user_domain_id': 'default', 'user_domain_name': 'Default', 'user_id': 'f99c75e8891c4c4b9c87951f38042bef', 'system': None}, Network: None, Subnet: None, Router: None
2025-04-15 16:43:46.375 70327 INFO tempest.lib.common.rest_client [req-20dec627-7bc8-47b6-bb40-3f301b3f62a6 req-20dec627-7bc8-47b6-bb40-3f301b3f62a6 ] Request (FloatingIPsAssociationTestJSON:test_associate_already_associated_floating_ip): 200 GET http://10.180.1.21/compute/v2.1/servers/b0b9e6b8-0c76-43c1-9b0c-0219be4c8e1f 0.051s
2025-04-15 16:43:46.414 70347 INFO tempest.lib.common.rest_client [req-cb6ee2e9-4feb-4946-bb4a-7c5b1ac3d168 req-cb6ee2e9-4feb-4946-bb4a-7c5b1ac3d168 ] Request (FlavorsV2NegativeTest:setUpClass): 201 POST http://10.180.1.21/identity/v3/auth/tokens 0.059s
2025-04-15 16:43:46.489 70347 INFO tempest.lib.common.rest_client [req-f64cfdaa-1cfc-4c95-a73f-de55ea52407c req-f64cfdaa-1cfc-4c95-a73f-de55ea52407c ] Request (FlavorsV2NegativeTest:test_boot_with_low_ram): 200 GET http://10.180.1.21/compute/v2.1/flavors/42 0.074s
2025-04-15 16:43:46.507 70343 INFO tempest.lib.common.rest_client [req-7176a05f-baa8-45ac-a00e-8b341b23f7e2 req-7176a05f-baa8-45ac-a00e-8b341b23f7e2 ] Request (ServersAdmin275Test:_run_cleanups): 200 GET http://10.180.1.21/compute/v2.1/servers/1b16d347-9579-497b-8b20-5d3f58d029d2 0.091s
2025-04-15 16:43:46.549 70357 INFO tempest.lib.common.rest_client [req-0a0c63f1-58bc-46e1-b1eb-019a6061b389 req-0a0c63f1-58bc-46e1-b1eb-019a6061b389 ] Request (ServerAddressesTestJSON:setUpClass): 200 GET http://10.180.1.21/compute/v2.1/servers/f7a3245f-e02c-4b30-8574-b0028e8341a8 0.113s
2025-04-15 16:43:46.581 70337 INFO tempest.lib.common.rest_client [req-a7376144-8219-47c3-b276-e3d25eac504a req-a7376144-8219-47c3-b276-e3d25eac504a ] Request (ServerDiagnosticsV248Test:tearDownClass): 200 GET http://10.180.1.21/compute/v2.1/servers/8837f277-16af-4bb2-9064-e0048326e51a 0.095s
2025-04-15 16:43:46.618 70311 INFO tempest.lib.common.rest_client [req-42d80cae-6e56-4ca7-b149-6f0d21edfcc2 req-42d80cae-6e56-4ca7-b149-6f0d21edfcc2 ] Request (ServerDiagnosticsTest:tearDownClass): 200 GET http://10.180.1.21/compute/v2.1/servers/30948c1e-acba-43be-9f4c-332c2a742c50 0.070s
2025-04-15 16:43:46.666 70321 INFO tempest.lib.common.rest_client [req-6b88a748-e298-48e0-b713-f56b72ddc368 req-6b88a748-e298-48e0-b713-f56b72ddc368 ] Request (ServersTestBootFromVolume:setUpClass): 200 GET http://10.180.1.21/compute/v2.1/servers/428bfb3a-873a-41bb-8936-1c7b9ee8ab86 0.065s
2025-04-15 16:43:46.692 70355 INFO tempest.lib.common.rest_client [req-88491f53-8aec-468c-9095-05317d2458bc req-88491f53-8aec-468c-9095-05317d2458bc ] Request (MigrationsAdminTest:test_list_migrations_in_flavor_resize_situation): 200 GET http://10.180.1.21/compute/v2.1/servers/86dd6a38-843d-43b4-89cc-f7357ce975b8 0.137s
2025-04-15 16:43:46.715 70323 INFO tempest.lib.common.rest_client [req-428c2f04-b676-47b2-8f11-66f6a8567dda req-428c2f04-b676-47b2-8f11-66f6a8567dda ] Request (ServersAdminNegativeTestJSON:test_migrate_server_invalid_state): 200 GET http://10.180.1.21/compute/v2.1/servers/90596d2c-1621-499c-b961-f274f6f61b11 0.099s
2025-04-15 16:43:46.744 70369 INFO tempest.lib.common.rest_client [req-c8c786c7-e6dd-4259-b629-4a81273699db req-c8c786c7-e6dd-4259-b629-4a81273699db ] Request (InstanceActionsV221TestJSON:test_get_list_deleted_instance_actions): 200 GET http://10.180.1.21/compute/v2.1/servers/c1e85518-4f49-47a2-9913-0acdf416d5b0 0.089s
2025-04-15 16:43:46.773 70307 INFO tempest.lib.common.rest_client [req-39e48283-832c-49d5-a900-508f5cd29408 req-39e48283-832c-49d5-a900-508f5cd29408 ] Request (VolumesAdminNegativeTest:test_update_attached_volume_with_nonexistent_volume_in_body): 200 GET http://10.180.1.21/compute/v2.1/servers/36d4e7dd-459d-4c1a-ab75-340fd5f7276c 0.105s
2025-04-15 16:43:46.815 70325 INFO tempest.lib.common.rest_client [req-b67d54c9-2342-4c30-a9f0-6450e75a3bbf req-b67d54c9-2342-4c30-a9f0-6450e75a3bbf ] Request (ListServerFiltersTestJSON:tearDownClass): 200 GET http://10.180.1.21/compute/v2.1/servers/ce442a1a-3c64-4a7a-a670-440f01101c14 0.092s
2025-04-15 16:43:46.834 70347 INFO tempest.lib.common.rest_client [req-93008faa-d558-4c95-848f-a5d3e52bda68 req-93008faa-d558-4c95-848f-a5d3e52bda68 ] Request (FlavorsV2NegativeTest:test_boot_with_low_ram): 201 POST http://10.180.1.21/image/v2/images 0.341s
2025-04-15 16:43:46.841 70331 INFO tempest.lib.common.rest_client [req-b0f67306-fb7e-4aa2-bb51-0088438b6361 req-b0f67306-fb7e-4aa2-bb51-0088438b6361 ] Request (ServerShowV247Test:test_update_rebuild_list_server): 200 GET http://10.180.1.21/compute/v2.1/servers/cb5ab047-6393-47a4-9fe4-3d7e62e7e100 0.062s
2025-04-15 16:43:46.911 70335 INFO tempest.lib.common.rest_client [req-86040d6f-6120-4694-aaa6-6ec91f3a3ed5 req-86040d6f-6120-4694-aaa6-6ec91f3a3ed5 ] Request (FloatingIPsAssociationNegativeTestJSON:tearDownClass): 200 GET http://10.180.1.21/compute/v2.1/servers/03ff3500-ce24-4274-bc2e-5e4777d25f03 0.066s
2025-04-15 16:43:46.925 70315 INFO tempest.lib.common.rest_client [req-48d3b904-2071-4428-a5d4-93a5f5bfcaa0 req-48d3b904-2071-4428-a5d4-93a5f5bfcaa0 ] Request (ServersListShow2100Test:test_list_show_rebuild_update_server_2100): 200 GET http://10.180.1.21/compute/v2.1/servers/aaf64411-26d3-471b-9dc6-ee70d2461f51 0.085s
2025-04-15 16:43:46.967 70361 INFO tempest.lib.common.rest_client [req-28c6b3cd-f14f-4558-bac2-c4132b4ffa8f req-28c6b3cd-f14f-4558-bac2-c4132b4ffa8f ] Request (ServerRescueNegativeTestJSON:setUpClass): 200 GET http://10.180.1.21/compute/v2.1/servers/74b9b3e1-456d-4e1d-a5e7-f446321242fe 0.086s
2025-04-15 16:43:46.986 70341 INFO tempest.lib.common.rest_client [req-8323f194-8db9-49d5-9c99-5b7200a88748 req-8323f194-8db9-49d5-9c99-5b7200a88748 ] Request (ServerDiskConfigTestJSON:test_rebuild_server_with_auto_disk_config): 200 GET http://10.180.1.21/compute/v2.1/servers/73ead6cd-4b4a-4614-a273-736a726aefc3 0.085s
2025-04-15 16:43:47.007 70345 INFO tempest.lib.common.rest_client [req-9f6e5122-7311-4564-b850-d09c1fedc948 req-9f6e5122-7311-4564-b850-d09c1fedc948 ] Request (ImagesTestJSON:test_create_image_from_stopped_server): 200 GET http://10.180.1.21/compute/v2.1/images/9dabb16f-8f4c-441f-9776-0a73116f507d 0.077s
2025-04-15 16:43:47.053 70359 INFO tempest.lib.common.rest_client [req-1407a950-e91e-4b22-b148-42ffb13f6774 req-1407a950-e91e-4b22-b148-42ffb13f6774 ] Request (ServerShowV257Test:test_rebuild_server): 200 GET http://10.180.1.21/compute/v2.1/servers/d1b8d80e-03e0-48e1-ace4-32369a145817 0.088s
2025-04-15 16:43:47.129 70319 INFO tempest.lib.common.rest_client [req-4fdcde95-3150-4f2e-8021-c5f5283c6c02 req-4fdcde95-3150-4f2e-8021-c5f5283c6c02 ] Request (ServersTestMultiNic:test_verify_duplicate_network_nics): 200 GET http://10.180.1.21/compute/v2.1/servers/d3b10ed6-7a6b-4f40-84be-6fc547f57adf 0.069s
2025-04-15 16:43:47.211 70329 INFO tempest.lib.common.rest_client [req-8fdf0272-9b8f-44af-a0aa-7150a374b3b3 req-8fdf0272-9b8f-44af-a0aa-7150a374b3b3 ] Request (ServersTestFqdnHostnames:test_create_server_with_fqdn_name): 200 GET http://10.180.1.21/compute/v2.1/servers/c0d45945-e7fe-47f9-9790-fffe1e03b70f 0.081s
2025-04-15 16:43:47.250 70353 INFO tempest.lib.common.rest_client [req-390f3b56-ad76-4f6d-90b6-748d4deefdeb req-390f3b56-ad76-4f6d-90b6-748d4deefdeb ] Request (ListServersNegativeTestJSON:setUpClass): 200 GET http://10.180.1.21/compute/v2.1/servers/5bb80322-b90e-46d1-8990-4c460ce69167 0.166s
2025-04-15 16:43:47.322 70349 INFO tempest.lib.common.rest_client [req-9c1245e0-eb05-4672-95dd-20d97babda1f req-9c1245e0-eb05-4672-95dd-20d97babda1f ] Request (ServerPasswordTestJSON:setUpClass): 200 GET http://10.180.1.21/compute/v2.1/servers/c345566d-a434-48c9-9925-b696473b4231 0.127s
2025-04-15 16:43:47.334 70349 INFO tempest.common.waiters [-] State transition "BUILD/scheduling" ==> "BUILD/None" after 25 second wait
2025-04-15 16:43:47.387 70351 INFO tempest.lib.common.rest_client [req-df9ac75e-f5d6-4a2b-a35b-be2aad971be0 req-df9ac75e-f5d6-4a2b-a35b-be2aad971be0 ] Request (ImagesOneServerTestJSON:tearDownClass): 200 GET http://10.180.1.21/compute/v2.1/servers/722a0b73-4bf9-4003-981c-aa3499d8b87b 0.240s
2025-04-15 16:43:47.389 70339 INFO tempest.lib.common.rest_client [req-59878558-743c-466a-b933-30caecf34085 req-59878558-743c-466a-b933-30caecf34085 ] Request (ServersNegativeTestJSON:setUpClass): 200 GET http://10.180.1.21/compute/v2.1/servers/9a02cf3b-61f3-41b2-bd11-2a2143b625e0 0.191s
2025-04-15 16:43:47.461 70313 WARNING tempest.lib.common.ssh [-] Failed to establish authenticated ssh connection to cirros@10.180.180.143 ([Errno None] Unable to connect to port 22 on 10.180.180.143). Number attempts: 3. Retry after 4 seconds.: paramiko.ssh_exception.NoValidConnectionsError: [Errno None] Unable to connect to port 22 on 10.180.180.143
2025-04-15 16:43:47.487 70363 INFO tempest.lib.common.rest_client [req-bdf9de2e-74a4-43c3-b3d8-041968bc59e4 req-bdf9de2e-74a4-43c3-b3d8-041968bc59e4 ] Request (DeleteServersAdminTestJSON:test_delete_server_while_in_error_state): 200 GET http://10.180.1.21/compute/v2.1/servers/796dc302-b266-4e92-8ce5-cc5380e071ff 0.142s
2025-04-15 16:43:47.590 70327 INFO tempest.lib.common.rest_client [req-b55664ca-138d-4f5e-b2ec-366373bd49a3 req-b55664ca-138d-4f5e-b2ec-366373bd49a3 ] Request (FloatingIPsAssociationTestJSON:test_associate_already_associated_floating_ip): 200 GET http://10.180.1.21/compute/v2.1/servers/b0b9e6b8-0c76-43c1-9b0c-0219be4c8e1f 0.204s
2025-04-15 16:43:47.595 70367 INFO tempest.lib.common.rest_client [req-e6aa1a96-4261-43fa-9d66-f632661e5fc2 req-e6aa1a96-4261-43fa-9d66-f632661e5fc2 ] Request (InstanceActionsNegativeTestJSON:setUpClass): 200 GET http://10.180.1.21/compute/v2.1/servers/b89c7304-756d-4183-8fdd-48bb5a643686 0.329s
2025-04-15 16:43:47.609 70367 INFO tempest.common.waiters [-] State transition "BUILD/None" ==> "BUILD/networking" after 44 second wait
2025-04-15 16:43:47.612 70347 INFO tempest.lib.common.rest_client [req-c9ea599b-4f14-43f8-a463-da2b3da2a49b req-c9ea599b-4f14-43f8-a463-da2b3da2a49b ] Request (FlavorsV2NegativeTest:test_boot_with_low_ram): 204 PUT http://10.180.1.21/image/v2/images/f222d504-7c6a-4d42-9979-66f62e0d6a89/file 0.777s
2025-04-15 16:43:47.656 70347 INFO tempest.lib.common.rest_client [req-7e179702-1531-4a7f-acf0-3114b0f76fa8 req-7e179702-1531-4a7f-acf0-3114b0f76fa8 ] Request (FlavorsV2NegativeTest:test_boot_with_low_ram): 201 POST http://10.180.1.21/identity/v3/auth/tokens 0.040s
2025-04-15 16:43:47.657 70347 INFO tempest.lib.common.fixed_network [-] (FlavorsV2NegativeTest:test_boot_with_low_ram) Found network None available for tenant
2025-04-15 16:43:47.679 70357 INFO tempest.lib.common.rest_client [req-b7793154-72d1-4598-bdc6-c77158c5b17d req-b7793154-72d1-4598-bdc6-c77158c5b17d ] Request (ServerAddressesTestJSON:setUpClass): 200 GET http://10.180.1.21/compute/v2.1/servers/f7a3245f-e02c-4b30-8574-b0028e8341a8 0.119s
2025-04-15 16:43:47.695 70343 INFO tempest.lib.common.rest_client [req-d93d8fbc-c32e-4746-9162-79d53461b40c req-d93d8fbc-c32e-4746-9162-79d53461b40c ] Request (ServersAdmin275Test:_run_cleanups): 200 GET http://10.180.1.21/compute/v2.1/servers/1b16d347-9579-497b-8b20-5d3f58d029d2 0.173s
2025-04-15 16:43:47.751 70337 INFO tempest.lib.common.rest_client [req-aea35120-ce6e-4b0f-a0ce-9c34e7c984c9 req-aea35120-ce6e-4b0f-a0ce-9c34e7c984c9 ] Request (ServerDiagnosticsV248Test:tearDownClass): 200 GET http://10.180.1.21/compute/v2.1/servers/8837f277-16af-4bb2-9064-e0048326e51a 0.159s
2025-04-15 16:43:47.778 70311 INFO tempest.lib.common.rest_client [req-677de6af-8cf2-4b0b-a038-efacdeeb2f7e req-677de6af-8cf2-4b0b-a038-efacdeeb2f7e ] Request (ServerDiagnosticsTest:tearDownClass): 200 GET http://10.180.1.21/compute/v2.1/servers/30948c1e-acba-43be-9f4c-332c2a742c50 0.151s
2025-04-15 16:43:47.846 70321 INFO tempest.lib.common.rest_client [req-d64b749c-97b7-4ed7-8912-05d3276da5cc req-d64b749c-97b7-4ed7-8912-05d3276da5cc ] Request (ServersTestBootFromVolume:setUpClass): 200 GET http://10.180.1.21/compute/v2.1/servers/428bfb3a-873a-41bb-8936-1c7b9ee8ab86 0.172s
2025-04-15 16:43:47.911 70347 INFO tempest.lib.common.rest_client [req-80323465-7cb4-4f49-897f-2885b3006d45 req-80323465-7cb4-4f49-897f-2885b3006d45 ] Request (FlavorsV2NegativeTest:test_boot_with_low_ram): 400 POST http://10.180.1.21/compute/v2.1/servers 0.254s
2025-04-15 16:43:47.966 70347 INFO tempest.lib.common.rest_client [req-75434212-1eb3-43f6-8e72-f102c0f3db19 req-75434212-1eb3-43f6-8e72-f102c0f3db19 ] Request (FlavorsV2NegativeTest:_run_cleanups): 204 DELETE http://10.180.1.21/image/v2/images/f222d504-7c6a-4d42-9979-66f62e0d6a89 0.054s
2025-04-15 16:43:47.966 70355 INFO tempest.lib.common.rest_client [req-08365f3e-32dd-4cb5-b3c3-d9b0fe717178 req-08365f3e-32dd-4cb5-b3c3-d9b0fe717178 ] Request (MigrationsAdminTest:test_list_migrations_in_flavor_resize_situation): 200 GET http://10.180.1.21/compute/v2.1/servers/86dd6a38-843d-43b4-89cc-f7357ce975b8 0.265s
2025-04-15 16:43:47.971 70323 INFO tempest.lib.common.rest_client [req-124a59e3-a7a7-4fc1-9396-1a09d88e73ce req-124a59e3-a7a7-4fc1-9396-1a09d88e73ce ] Request (ServersAdminNegativeTestJSON:test_migrate_server_invalid_state): 200 GET http://10.180.1.21/compute/v2.1/servers/90596d2c-1621-499c-b961-f274f6f61b11 0.246s
2025-04-15 16:43:48.028 70369 INFO tempest.lib.common.rest_client [req-a9a4e215-b5a9-410e-a78a-2212aeb30825 req-a9a4e215-b5a9-410e-a78a-2212aeb30825 ] Request (InstanceActionsV221TestJSON:test_get_list_deleted_instance_actions): 200 GET http://10.180.1.21/compute/v2.1/servers/c1e85518-4f49-47a2-9913-0acdf416d5b0 0.274s
2025-04-15 16:43:48.038 70307 INFO tempest.lib.common.rest_client [req-23666e71-5374-49d3-9854-dd7edb4a5467 req-23666e71-5374-49d3-9854-dd7edb4a5467 ] Request (VolumesAdminNegativeTest:test_update_attached_volume_with_nonexistent_volume_in_body): 200 GET http://10.180.1.21/compute/v2.1/servers/36d4e7dd-459d-4c1a-ab75-340fd5f7276c 0.256s
2025-04-15 16:43:48.089 70325 INFO tempest.lib.common.rest_client [req-d96024bd-9a92-427e-b98c-c3f0d3d275f1 req-d96024bd-9a92-427e-b98c-c3f0d3d275f1 ] Request (ListServerFiltersTestJSON:tearDownClass): 200 GET http://10.180.1.21/compute/v2.1/servers/ce442a1a-3c64-4a7a-a670-440f01101c14 0.265s
2025-04-15 16:43:48.097 70331 INFO tempest.lib.common.rest_client [req-1d7cd66d-f6d7-42ca-ab50-58fc6c4fa704 req-1d7cd66d-f6d7-42ca-ab50-58fc6c4fa704 ] Request (ServerShowV247Test:test_update_rebuild_list_server): 200 GET http://10.180.1.21/compute/v2.1/servers/cb5ab047-6393-47a4-9fe4-3d7e62e7e100 0.245s
2025-04-15 16:43:48.103 70347 INFO tempest.lib.common.rest_client [req-e4792e0e-c3ea-4eae-908d-fe251cc330ce req-e4792e0e-c3ea-4eae-908d-fe251cc330ce ] Request (FlavorsV2NegativeTest:tearDownClass): 204 DELETE http://10.180.1.21/identity/v3/users/f99c75e8891c4c4b9c87951f38042bef 0.135s
2025-04-15 16:43:48.103 70347 INFO tempest.lib.common.dynamic_creds [-] Deleting project and security group for project: 1bf301451b4547be8ee6ae016356617f
2025-04-15 16:43:48.152 70335 INFO tempest.lib.common.rest_client [req-b9efa041-25c4-43da-a7c4-d0eca2d52608 req-b9efa041-25c4-43da-a7c4-d0eca2d52608 ] Request (FloatingIPsAssociationNegativeTestJSON:tearDownClass): 200 GET http://10.180.1.21/compute/v2.1/servers/03ff3500-ce24-4274-bc2e-5e4777d25f03 0.232s
2025-04-15 16:43:48.160 70347 INFO tempest.lib.common.rest_client [req-5a4fbfbb-86e1-489f-a831-73103a063d1a req-5a4fbfbb-86e1-489f-a831-73103a063d1a ] Request (FlavorsV2NegativeTest:tearDownClass): 201 POST http://10.180.1.21/identity/v3/auth/tokens 0.057s
2025-04-15 16:43:48.184 70315 INFO tempest.lib.common.rest_client [req-a1c755ec-6361-44ec-a01f-e4097b01a177 req-a1c755ec-6361-44ec-a01f-e4097b01a177 ] Request (ServersListShow2100Test:test_list_show_rebuild_update_server_2100): 200 GET http://10.180.1.21/compute/v2.1/servers/aaf64411-26d3-471b-9dc6-ee70d2461f51 0.243s
2025-04-15 16:43:48.197 70315 INFO tempest.common.waiters [-] State transition "REBUILD/rebuild_spawning" ==> "ACTIVE/None" after 12 second wait
2025-04-15 16:43:48.209 70361 INFO tempest.lib.common.rest_client [req-4a821366-6c6d-4895-bc47-0109e9ab4649 req-4a821366-6c6d-4895-bc47-0109e9ab4649 ] Request (ServerRescueNegativeTestJSON:setUpClass): 200 GET http://10.180.1.21/compute/v2.1/servers/74b9b3e1-456d-4e1d-a5e7-f446321242fe 0.233s
2025-04-15 16:43:48.248 70345 INFO tempest.lib.common.rest_client [req-cc935741-1fdf-47ec-8d7a-c84d6982f2aa req-cc935741-1fdf-47ec-8d7a-c84d6982f2aa ] Request (ImagesTestJSON:test_create_image_from_stopped_server): 200 GET http://10.180.1.21/compute/v2.1/images/9dabb16f-8f4c-441f-9776-0a73116f507d 0.233s
2025-04-15 16:43:48.248 70341 INFO tempest.lib.common.rest_client [req-458fb1da-ef19-49af-9b5a-604b83c67989 req-458fb1da-ef19-49af-9b5a-604b83c67989 ] Request (ServerDiskConfigTestJSON:test_rebuild_server_with_auto_disk_config): 200 GET http://10.180.1.21/compute/v2.1/servers/73ead6cd-4b4a-4614-a273-736a726aefc3 0.253s
2025-04-15 16:43:48.312 70319 INFO tempest.lib.common.rest_client [req-0242c4fb-8016-41b1-9fad-fa81eb11f13f req-0242c4fb-8016-41b1-9fad-fa81eb11f13f ] Request (ServersTestMultiNic:test_verify_duplicate_network_nics): 200 GET http://10.180.1.21/compute/v2.1/servers/d3b10ed6-7a6b-4f40-84be-6fc547f57adf 0.168s
2025-04-15 16:43:48.321 70359 INFO tempest.lib.common.rest_client [req-6ce2775a-a057-4acd-8059-4a622e08e3de req-6ce2775a-a057-4acd-8059-4a622e08e3de ] Request (ServerShowV257Test:test_rebuild_server): 200 GET http://10.180.1.21/compute/v2.1/servers/d1b8d80e-03e0-48e1-ace4-32369a145817 0.256s
2025-04-15 16:43:48.373 70347 INFO tempest.lib.common.rest_client [req-e40be2fb-8837-4160-9af7-d51f9fabd477 req-e40be2fb-8837-4160-9af7-d51f9fabd477 ] Request (FlavorsV2NegativeTest:tearDownClass): 200 GET http://10.180.1.21:9696/networking/v2.0/security-groups?tenant_id=1bf301451b4547be8ee6ae016356617f&name=default 0.213s
2025-04-15 16:43:48.399 70329 INFO tempest.lib.common.rest_client [req-ba64a250-172d-4b1f-9a8f-e65d98093e0b req-ba64a250-172d-4b1f-9a8f-e65d98093e0b ] Request (ServersTestFqdnHostnames:test_create_server_with_fqdn_name): 200 GET http://10.180.1.21/compute/v2.1/servers/c0d45945-e7fe-47f9-9790-fffe1e03b70f 0.179s
2025-04-15 16:43:48.422 70315 INFO tempest.lib.common.rest_client [req-8e7d95a0-2d82-43ea-a843-26c7e582def9 req-8e7d95a0-2d82-43ea-a843-26c7e582def9 ] Request (ServersListShow2100Test:tearDownClass): 204 DELETE http://10.180.1.21/compute/v2.1/servers/aaf64411-26d3-471b-9dc6-ee70d2461f51 0.221s
2025-04-15 16:43:48.487 70349 INFO tempest.lib.common.rest_client [req-73b884cf-2588-421f-b3a0-148fc8bf50bb req-73b884cf-2588-421f-b3a0-148fc8bf50bb ] Request (ServerPasswordTestJSON:setUpClass): 200 GET http://10.180.1.21/compute/v2.1/servers/c345566d-a434-48c9-9925-b696473b4231 0.152s
2025-04-15 16:43:48.509 70347 INFO tempest.lib.common.rest_client [req-1987a549-a95f-4857-9963-4f2678983385 req-1987a549-a95f-4857-9963-4f2678983385 ] Request (FlavorsV2NegativeTest:tearDownClass): 204 DELETE http://10.180.1.21:9696/networking/v2.0/security-groups/b7987d5b-e709-42f6-955e-a4db56ca0d17 0.133s
2025-04-15 16:43:48.553 70353 INFO tempest.lib.common.rest_client [req-09537149-4c85-4727-8e38-99a9d190b1da req-09537149-4c85-4727-8e38-99a9d190b1da ] Request (ListServersNegativeTestJSON:setUpClass): 200 GET http://10.180.1.21/compute/v2.1/servers/5bb80322-b90e-46d1-8990-4c460ce69167 0.293s
2025-04-15 16:43:48.566 70353 INFO tempest.common.waiters [-] State transition "BUILD/spawning" ==> "ACTIVE/None" after 45 second wait
2025-04-15 16:43:48.624 70347 INFO tempest.lib.common.rest_client [req-f409cb0b-d448-409e-a6d3-27b18ee2761f req-f409cb0b-d448-409e-a6d3-27b18ee2761f ] Request (FlavorsV2NegativeTest:tearDownClass): 204 DELETE http://10.180.1.21/identity/v3/projects/1bf301451b4547be8ee6ae016356617f 0.114s
2025-04-15 16:43:48.645 70339 INFO tempest.lib.common.rest_client [req-e943bf75-8d81-444f-a722-d8671b9c0a3b req-e943bf75-8d81-444f-a722-d8671b9c0a3b ] Request (ServersNegativeTestJSON:setUpClass): 200 GET http://10.180.1.21/compute/v2.1/servers/9a02cf3b-61f3-41b2-bd11-2a2143b625e0 0.247s
2025-04-15 16:43:48.682 70351 INFO tempest.lib.common.rest_client [req-c386209f-b04b-4a65-8543-24ceefb87f1f req-c386209f-b04b-4a65-8543-24ceefb87f1f ] Request (ImagesOneServerTestJSON:tearDownClass): 200 GET http://10.180.1.21/compute/v2.1/servers/722a0b73-4bf9-4003-981c-aa3499d8b87b 0.286s
2025-04-15 16:43:48.706 70347 INFO tempest.lib.common.rest_client [req-f6ec193b-7c8b-410a-bb00-5a70652b3fbd req-f6ec193b-7c8b-410a-bb00-5a70652b3fbd ] Request (KeyPairsNegativeTestJSON:setUpClass): 201 POST http://10.180.1.21/identity/v3/auth/tokens 0.080s
2025-04-15 16:43:48.730 70315 INFO tempest.lib.common.rest_client [req-ac1e8e6c-7927-4cf6-aec9-814bf5c9aa88 req-ac1e8e6c-7927-4cf6-aec9-814bf5c9aa88 ] Request (ServersListShow2100Test:tearDownClass): 200 GET http://10.180.1.21/compute/v2.1/servers/aaf64411-26d3-471b-9dc6-ee70d2461f51 0.307s
2025-04-15 16:43:48.738 70347 INFO tempest.lib.common.rest_client [req-c5285f73-2cfe-4714-b7aa-653b2280af11 req-c5285f73-2cfe-4714-b7aa-653b2280af11 ] Request (KeyPairsNegativeTestJSON:setUpClass): 201 POST http://10.180.1.21/identity/v3/auth/tokens 0.029s
2025-04-15 16:43:48.738 70363 INFO tempest.lib.common.rest_client [req-f2548682-d25b-424e-8ac2-7ada257bd618 req-f2548682-d25b-424e-8ac2-7ada257bd618 ] Request (DeleteServersAdminTestJSON:test_delete_server_while_in_error_state): 200 GET http://10.180.1.21/compute/v2.1/servers/796dc302-b266-4e92-8ce5-cc5380e071ff 0.240s
2025-04-15 16:43:48.764 70347 INFO tempest.lib.common.rest_client [req-0720e2e7-7e5d-43d2-b329-67ab09d28a0b req-0720e2e7-7e5d-43d2-b329-67ab09d28a0b ] Request (KeyPairsNegativeTestJSON:setUpClass): 200 GET http://10.180.1.21/identity/v3/domains?name=Default 0.025s
2025-04-15 16:43:48.788 70327 INFO tempest.lib.common.rest_client [req-cd649247-5305-4ab0-bf55-0d3fa3fadb3c req-cd649247-5305-4ab0-bf55-0d3fa3fadb3c ] Request (FloatingIPsAssociationTestJSON:test_associate_already_associated_floating_ip): 200 GET http://10.180.1.21/compute/v2.1/servers/b0b9e6b8-0c76-43c1-9b0c-0219be4c8e1f 0.185s
2025-04-15 16:43:48.797 70347 INFO tempest.lib.common.rest_client [req-63956083-cf67-4138-830b-d5384836d950 req-63956083-cf67-4138-830b-d5384836d950 ] Request (KeyPairsNegativeTestJSON:setUpClass): 201 POST http://10.180.1.21/identity/v3/projects 0.033s
2025-04-15 16:43:48.834 70353 INFO tempest.lib.common.rest_client [req-c85ba949-4da6-48c4-9364-8bc241897b9e req-c85ba949-4da6-48c4-9364-8bc241897b9e ] Request (ListServersNegativeTestJSON:setUpClass): 200 GET http://10.180.1.21/compute/v2.1/servers/5d3e105d-3b67-4b69-826f-7cd2759f64d5 0.268s
2025-04-15 16:43:48.878 70347 INFO tempest.lib.common.rest_client [req-8d7442ee-f567-47cc-92da-885386f5eb6c req-8d7442ee-f567-47cc-92da-885386f5eb6c ] Request (KeyPairsNegativeTestJSON:setUpClass): 201 POST http://10.180.1.21/identity/v3/users 0.079s
2025-04-15 16:43:48.884 70367 INFO tempest.lib.common.rest_client [req-0fbbe958-e51c-4f9a-a089-870a38ec67cb req-0fbbe958-e51c-4f9a-a089-870a38ec67cb ] Request (InstanceActionsNegativeTestJSON:setUpClass): 200 GET http://10.180.1.21/compute/v2.1/servers/b89c7304-756d-4183-8fdd-48bb5a643686 0.274s
2025-04-15 16:43:48.891 70367 INFO tempest.common.waiters [-] State transition "BUILD/networking" ==> "BUILD/spawning" after 45 second wait
2025-04-15 16:43:48.898 70347 INFO tempest.lib.common.rest_client [req-40452484-c7ce-43f5-846c-e7a2a5f53339 req-40452484-c7ce-43f5-846c-e7a2a5f53339 ] Request (KeyPairsNegativeTestJSON:setUpClass): 200 GET http://10.180.1.21/identity/v3/roles 0.020s
2025-04-15 16:43:48.905 70357 INFO tempest.lib.common.rest_client [req-00153983-67d7-4cb0-9318-081bd3601cc7 req-00153983-67d7-4cb0-9318-081bd3601cc7 ] Request (ServerAddressesTestJSON:setUpClass): 200 GET http://10.180.1.21/compute/v2.1/servers/f7a3245f-e02c-4b30-8574-b0028e8341a8 0.217s
2025-04-15 16:43:48.933 70347 INFO tempest.lib.common.rest_client [req-1c9f7d7d-7811-4759-800e-78296214364c req-1c9f7d7d-7811-4759-800e-78296214364c ] Request (KeyPairsNegativeTestJSON:setUpClass): 204 PUT http://10.180.1.21/identity/v3/projects/9030a75c6d474b1db8cd823ffb2c50f5/users/4104499a0bf9443f8ce19f281c5bd8d1/roles/058274d84a374e8689f81d7fd788af22 0.034s
2025-04-15 16:43:48.933 70347 INFO tempest.lib.common.dynamic_creds [-] Dynamic test user 4104499a0bf9443f8ce19f281c5bd8d1 is created with scope project and roles: ['member']
2025-04-15 16:43:48.933 70347 INFO tempest.lib.common.dynamic_creds [-] Acquired dynamic creds: credentials: Credentials: {'domain_id': 'default', 'domain_name': 'Default', 'username': 'tempest-KeyPairsNegativeTestJSON-4980231-project-member', 'project_domain_id': 'default', 'project_domain_name': 'Default', 'project_id': '9030a75c6d474b1db8cd823ffb2c50f5', 'project_name': 'tempest-KeyPairsNegativeTestJSON-4980231', 'tenant_id': '9030a75c6d474b1db8cd823ffb2c50f5', 'tenant_name': 'tempest-KeyPairsNegativeTestJSON-4980231', 'user_domain_id': 'default', 'user_domain_name': 'Default', 'user_id': '4104499a0bf9443f8ce19f281c5bd8d1', 'system': None}, Network: None, Subnet: None, Router: None
2025-04-15 16:43:48.933 70347 INFO tempest.lib.common.dynamic_creds [-] Created isolated network resources for: credentials: Credentials: {'domain_id': 'default', 'domain_name': 'Default', 'username': 'tempest-KeyPairsNegativeTestJSON-4980231-project-member', 'project_domain_id': 'default', 'project_domain_name': 'Default', 'project_id': '9030a75c6d474b1db8cd823ffb2c50f5', 'project_name': 'tempest-KeyPairsNegativeTestJSON-4980231', 'tenant_id': '9030a75c6d474b1db8cd823ffb2c50f5', 'tenant_name': 'tempest-KeyPairsNegativeTestJSON-4980231', 'user_domain_id': 'default', 'user_domain_name': 'Default', 'user_id': '4104499a0bf9443f8ce19f281c5bd8d1', 'system': None}, Network: None, Subnet: None, Router: None
2025-04-15 16:43:48.956 70343 INFO tempest.lib.common.rest_client [req-3696dc17-a558-4ab3-a553-f3f1598c0b6a req-3696dc17-a558-4ab3-a553-f3f1598c0b6a ] Request (ServersAdmin275Test:_run_cleanups): 200 GET http://10.180.1.21/compute/v2.1/servers/1b16d347-9579-497b-8b20-5d3f58d029d2 0.250s
2025-04-15 16:43:48.966 70343 INFO tempest.common.waiters [-] State transition "REBUILD/rebuilding" ==> "REBUILD/rebuild_spawning" after 3 second wait
2025-04-15 16:43:48.967 70337 INFO tempest.lib.common.rest_client [req-0ce59682-04a7-4ec4-8f7b-ddfcc7e16739 req-0ce59682-04a7-4ec4-8f7b-ddfcc7e16739 ] Request (ServerDiagnosticsV248Test:tearDownClass): 200 GET http://10.180.1.21/compute/v2.1/servers/8837f277-16af-4bb2-9064-e0048326e51a 0.203s
2025-04-15 16:43:49.025 70311 INFO tempest.lib.common.rest_client [req-cc6b6863-309b-41e7-a7fb-aab7dafd7ce2 req-cc6b6863-309b-41e7-a7fb-aab7dafd7ce2 ] Request (ServerDiagnosticsTest:tearDownClass): 200 GET http://10.180.1.21/compute/v2.1/servers/30948c1e-acba-43be-9f4c-332c2a742c50 0.234s
2025-04-15 16:43:49.053 70347 INFO tempest.lib.common.rest_client [req-bc59a143-edce-4249-b030-ccbfabdeede1 req-bc59a143-edce-4249-b030-ccbfabdeede1 ] Request (KeyPairsNegativeTestJSON:setUpClass): 201 POST http://10.180.1.21/identity/v3/auth/tokens 0.117s
2025-04-15 16:43:49.078 70353 INFO tempest.lib.common.rest_client [req-9303b131-931a-4d9c-9a82-c826fcf33a88 req-9303b131-931a-4d9c-9a82-c826fcf33a88 ] Request (ListServersNegativeTestJSON:setUpClass): 200 GET http://10.180.1.21/compute/v2.1/servers/74907754-3b40-4162-90f1-b2b3c8363911 0.237s
2025-04-15 16:43:49.092 70321 INFO tempest.lib.common.rest_client [req-c025bf4a-054c-4dee-a918-4e7cf652250a req-c025bf4a-054c-4dee-a918-4e7cf652250a ] Request (ServersTestBootFromVolume:setUpClass): 200 GET http://10.180.1.21/compute/v2.1/servers/428bfb3a-873a-41bb-8936-1c7b9ee8ab86 0.234s
2025-04-15 16:43:49.163 70323 INFO tempest.lib.common.rest_client [req-2f32020c-f549-4548-b1e6-b90ca60a3c3a req-2f32020c-f549-4548-b1e6-b90ca60a3c3a ] Request (ServersAdminNegativeTestJSON:test_migrate_server_invalid_state): 200 GET http://10.180.1.21/compute/v2.1/servers/90596d2c-1621-499c-b961-f274f6f61b11 0.177s
2025-04-15 16:43:49.226 70355 INFO tempest.lib.common.rest_client [req-afad491e-8de3-4240-a668-1bad07a1766e req-afad491e-8de3-4240-a668-1bad07a1766e ] Request (MigrationsAdminTest:test_list_migrations_in_flavor_resize_situation): 200 GET http://10.180.1.21/compute/v2.1/servers/86dd6a38-843d-43b4-89cc-f7357ce975b8 0.247s
2025-04-15 16:43:49.228 70369 INFO tempest.lib.common.rest_client [req-662cde0c-1027-4dcf-8d39-cac3673ba6f6 req-662cde0c-1027-4dcf-8d39-cac3673ba6f6 ] Request (InstanceActionsV221TestJSON:test_get_list_deleted_instance_actions): 200 GET http://10.180.1.21/compute/v2.1/servers/c1e85518-4f49-47a2-9913-0acdf416d5b0 0.182s
2025-04-15 16:43:49.236 70355 INFO tempest.common.waiters [-] State transition "RESIZE/resize_migrating" ==> "RESIZE/resize_migrated" after 39 second wait
2025-04-15 16:43:49.286 70307 INFO tempest.lib.common.rest_client [req-509fecdd-23c5-490e-8ee5-2b3f74390e42 req-509fecdd-23c5-490e-8ee5-2b3f74390e42 ] Request (VolumesAdminNegativeTest:test_update_attached_volume_with_nonexistent_volume_in_body): 200 GET http://10.180.1.21/compute/v2.1/servers/36d4e7dd-459d-4c1a-ab75-340fd5f7276c 0.238s
2025-04-15 16:43:49.316 70347 INFO tempest.lib.common.rest_client [req-15bbfbc4-5fc0-44ae-9497-a3e2fc4b1cb3 req-15bbfbc4-5fc0-44ae-9497-a3e2fc4b1cb3 ] Request (KeyPairsNegativeTestJSON:test_create_keypair_invalid_name): 400 POST http://10.180.1.21/compute/v2.1/os-keypairs 0.261s
2025-04-15 16:43:49.356 70325 INFO tempest.lib.common.rest_client [req-a5116ac2-d823-44bb-82bd-a227fec74ee4 req-a5116ac2-d823-44bb-82bd-a227fec74ee4 ] Request (ListServerFiltersTestJSON:tearDownClass): 200 GET http://10.180.1.21/compute/v2.1/servers/ce442a1a-3c64-4a7a-a670-440f01101c14 0.257s
2025-04-15 16:43:49.381 70331 INFO tempest.lib.common.rest_client [req-707f2b42-b1d0-483d-9735-bf99017a3517 req-707f2b42-b1d0-483d-9735-bf99017a3517 ] Request (ServerShowV247Test:test_update_rebuild_list_server): 200 GET http://10.180.1.21/compute/v2.1/servers/cb5ab047-6393-47a4-9fe4-3d7e62e7e100 0.273s
2025-04-15 16:43:49.432 70335 INFO tempest.lib.common.rest_client [req-035b66ef-7cf8-4607-9a5e-b9bf05c4c728 req-035b66ef-7cf8-4607-9a5e-b9bf05c4c728 ] Request (FloatingIPsAssociationNegativeTestJSON:tearDownClass): 200 GET http://10.180.1.21/compute/v2.1/servers/03ff3500-ce24-4274-bc2e-5e4777d25f03 0.269s
2025-04-15 16:43:49.443 70361 INFO tempest.lib.common.rest_client [req-a088680c-5251-4ca8-804f-428c628a7c6f req-a088680c-5251-4ca8-804f-428c628a7c6f ] Request (ServerRescueNegativeTestJSON:setUpClass): 200 GET http://10.180.1.21/compute/v2.1/servers/74b9b3e1-456d-4e1d-a5e7-f446321242fe 0.226s
2025-04-15 16:43:49.479 70345 INFO tempest.lib.common.rest_client [req-5e471246-4f1f-4b7f-99ca-b4688770df6f req-5e471246-4f1f-4b7f-99ca-b4688770df6f ] Request (ImagesTestJSON:test_create_image_from_stopped_server): 200 GET http://10.180.1.21/compute/v2.1/images/9dabb16f-8f4c-441f-9776-0a73116f507d 0.226s
2025-04-15 16:43:49.520 70341 INFO tempest.lib.common.rest_client [req-bae61719-d9d7-4f74-9b79-f98e4d098d41 req-bae61719-d9d7-4f74-9b79-f98e4d098d41 ] Request (ServerDiskConfigTestJSON:test_rebuild_server_with_auto_disk_config): 200 GET http://10.180.1.21/compute/v2.1/servers/73ead6cd-4b4a-4614-a273-736a726aefc3 0.261s
2025-04-15 16:43:49.534 70347 INFO tempest.lib.common.rest_client [req-c0ecfadb-355c-4706-971d-314b43c35133 req-c0ecfadb-355c-4706-971d-314b43c35133 ] Request (KeyPairsNegativeTestJSON:test_create_keypair_when_public_key_bits_exceeds_maximum): 400 POST http://10.180.1.21/compute/v2.1/os-keypairs 0.215s
2025-04-15 16:43:49.600 70319 INFO tempest.lib.common.rest_client [req-0393bdc8-8758-4754-a37e-29895f6b26fd req-0393bdc8-8758-4754-a37e-29895f6b26fd ] Request (ServersTestMultiNic:test_verify_duplicate_network_nics): 200 GET http://10.180.1.21/compute/v2.1/servers/d3b10ed6-7a6b-4f40-84be-6fc547f57adf 0.277s
2025-04-15 16:43:49.604 70359 INFO tempest.lib.common.rest_client [req-a61908e8-891f-4ad2-b421-646bbcc0c9db req-a61908e8-891f-4ad2-b421-646bbcc0c9db ] Request (ServerShowV257Test:test_rebuild_server): 200 GET http://10.180.1.21/compute/v2.1/servers/d1b8d80e-03e0-48e1-ace4-32369a145817 0.271s
2025-04-15 16:43:49.662 70349 INFO tempest.lib.common.rest_client [req-95483ae7-c806-49a5-990b-4f87f8c87dd7 req-95483ae7-c806-49a5-990b-4f87f8c87dd7 ] Request (ServerPasswordTestJSON:setUpClass): 200 GET http://10.180.1.21/compute/v2.1/servers/c345566d-a434-48c9-9925-b696473b4231 0.166s
2025-04-15 16:43:49.664 70329 INFO tempest.lib.common.rest_client [req-090736ef-8c22-402b-b3f5-67022f16366a req-090736ef-8c22-402b-b3f5-67022f16366a ] Request (ServersTestFqdnHostnames:test_create_server_with_fqdn_name): 200 GET http://10.180.1.21/compute/v2.1/servers/c0d45945-e7fe-47f9-9790-fffe1e03b70f 0.252s
2025-04-15 16:43:49.703 70347 INFO tempest.lib.common.rest_client [req-cdb0a4d5-0f6e-4251-9a86-768fdaa8858a req-cdb0a4d5-0f6e-4251-9a86-768fdaa8858a ] Request (KeyPairsNegativeTestJSON:test_create_keypair_with_duplicate_name): 200 POST http://10.180.1.21/compute/v2.1/os-keypairs 0.167s
2025-04-15 16:43:49.729 70339 INFO tempest.lib.common.rest_client [req-a718f1d1-d4cf-4105-913c-732447c6a714 req-a718f1d1-d4cf-4105-913c-732447c6a714 ] Request (ServersNegativeTestJSON:setUpClass): 200 GET http://10.180.1.21/compute/v2.1/servers/9a02cf3b-61f3-41b2-bd11-2a2143b625e0 0.076s
2025-04-15 16:43:49.763 70347 INFO tempest.lib.common.rest_client [req-0cd46993-22ab-455d-ba4d-5e13fa8e813d req-0cd46993-22ab-455d-ba4d-5e13fa8e813d ] Request (KeyPairsNegativeTestJSON:test_create_keypair_with_duplicate_name): 409 POST http://10.180.1.21/compute/v2.1/os-keypairs 0.057s
2025-04-15 16:43:49.765 70351 INFO tempest.lib.common.rest_client [req-bf3764b3-05e1-4fa8-90f8-c0fad6b629b9 req-bf3764b3-05e1-4fa8-90f8-c0fad6b629b9 ] Request (ImagesOneServerTestJSON:tearDownClass): 200 GET http://10.180.1.21/compute/v2.1/servers/722a0b73-4bf9-4003-981c-aa3499d8b87b 0.074s
2025-04-15 16:43:49.818 70363 INFO tempest.lib.common.rest_client [req-7d922c7f-489b-4bca-887e-3f87b9710fac req-7d922c7f-489b-4bca-887e-3f87b9710fac ] Request (DeleteServersAdminTestJSON:test_delete_server_while_in_error_state): 200 GET http://10.180.1.21/compute/v2.1/servers/796dc302-b266-4e92-8ce5-cc5380e071ff 0.072s
2025-04-15 16:43:49.833 70347 INFO tempest.lib.common.rest_client [req-e3e4b18d-1d0a-40db-9ad4-985d03548122 req-e3e4b18d-1d0a-40db-9ad4-985d03548122 ] Request (KeyPairsNegativeTestJSON:test_create_keypair_with_duplicate_name): 202 DELETE http://10.180.1.21/compute/v2.1/os-keypairs/tempest-keypair-124200460 0.069s
2025-04-15 16:43:49.834 70315 INFO tempest.lib.common.rest_client [req-f844c913-43b8-4516-9e52-8d3fce37964c req-f844c913-43b8-4516-9e52-8d3fce37964c ] Request (ServersListShow2100Test:tearDownClass): 200 GET http://10.180.1.21/compute/v2.1/servers/aaf64411-26d3-471b-9dc6-ee70d2461f51 0.090s
2025-04-15 16:43:49.842 70347 INFO tempest.lib.common.rest_client [req-282cbb8f-4298-451c-9bdf-198addd3a9da req-282cbb8f-4298-451c-9bdf-198addd3a9da ] Request (KeyPairsNegativeTestJSON:test_create_keypair_with_empty_name_string): 400 POST http://10.180.1.21/compute/v2.1/os-keypairs 0.007s
2025-04-15 16:43:49.871 70347 INFO tempest.lib.common.rest_client [req-3db18320-ec5f-44f2-81b7-9b5a187cc722 req-3db18320-ec5f-44f2-81b7-9b5a187cc722 ] Request (KeyPairsNegativeTestJSON:test_create_keypair_with_empty_public_key): 400 POST http://10.180.1.21/compute/v2.1/os-keypairs 0.027s
2025-04-15 16:43:49.887 70347 INFO tempest.lib.common.rest_client [req-0031e8bf-fcdb-436a-9eec-1ce5d6a51316 req-0031e8bf-fcdb-436a-9eec-1ce5d6a51316 ] Request (KeyPairsNegativeTestJSON:test_create_keypair_with_long_keynames): 400 POST http://10.180.1.21/compute/v2.1/os-keypairs 0.012s
2025-04-15 16:43:49.891 70327 INFO tempest.lib.common.rest_client [req-aa0ea0f2-7e79-42cb-b264-986f16e2d18c req-aa0ea0f2-7e79-42cb-b264-986f16e2d18c ] Request (FloatingIPsAssociationTestJSON:test_associate_already_associated_floating_ip): 200 GET http://10.180.1.21/compute/v2.1/servers/b0b9e6b8-0c76-43c1-9b0c-0219be4c8e1f 0.095s
2025-04-15 16:43:49.923 70347 INFO tempest.lib.common.rest_client [req-a1a4bf36-387c-4cb3-bb4b-6a47eadd3423 req-a1a4bf36-387c-4cb3-bb4b-6a47eadd3423 ] Request (KeyPairsNegativeTestJSON:test_keypair_create_with_invalid_pub_key): 400 POST http://10.180.1.21/compute/v2.1/os-keypairs 0.034s
2025-04-15 16:43:49.970 70357 INFO tempest.lib.common.rest_client [req-2165160c-7c35-4c59-b182-f715198ccd07 req-2165160c-7c35-4c59-b182-f715198ccd07 ] Request (ServerAddressesTestJSON:setUpClass): 200 GET http://10.180.1.21/compute/v2.1/servers/f7a3245f-e02c-4b30-8574-b0028e8341a8 0.058s
2025-04-15 16:43:49.982 70347 INFO tempest.lib.common.rest_client [req-d7a6d2a2-e6ad-4107-8031-c4bba4ee35d3 req-d7a6d2a2-e6ad-4107-8031-c4bba4ee35d3 ] Request (KeyPairsNegativeTestJSON:test_keypair_delete_nonexistent_key): 404 DELETE http://10.180.1.21/compute/v2.1/os-keypairs/tempest-keypair-non-existent-2121863328 0.057s
2025-04-15 16:43:50.040 70367 INFO tempest.lib.common.rest_client [req-6c1d45e3-f53b-4cfc-b400-bd35d9acabca req-6c1d45e3-f53b-4cfc-b400-bd35d9acabca ] Request (InstanceActionsNegativeTestJSON:setUpClass): 200 GET http://10.180.1.21/compute/v2.1/servers/b89c7304-756d-4183-8fdd-48bb5a643686 0.145s
2025-04-15 16:43:50.047 70343 INFO tempest.lib.common.rest_client [req-aabf9168-ce0e-4ceb-96ae-ec2cdc8be87e req-aabf9168-ce0e-4ceb-96ae-ec2cdc8be87e ] Request (ServersAdmin275Test:_run_cleanups): 200 GET http://10.180.1.21/compute/v2.1/servers/1b16d347-9579-497b-8b20-5d3f58d029d2 0.080s
2025-04-15 16:43:50.067 70311 INFO tempest.lib.common.rest_client [req-0c387064-2ecf-45a7-942e-6cd3a1d21053 req-0c387064-2ecf-45a7-942e-6cd3a1d21053 ] Request (ServerDiagnosticsTest:tearDownClass): 404 GET http://10.180.1.21/compute/v2.1/servers/30948c1e-acba-43be-9f4c-332c2a742c50 0.034s
2025-04-15 16:43:50.093 70347 INFO tempest.lib.common.rest_client [req-4376d4ea-c931-4340-8e19-53935e31f759 req-4376d4ea-c931-4340-8e19-53935e31f759 ] Request (KeyPairsNegativeTestJSON:tearDownClass): 204 DELETE http://10.180.1.21/identity/v3/users/4104499a0bf9443f8ce19f281c5bd8d1 0.109s
2025-04-15 16:43:50.093 70347 INFO tempest.lib.common.dynamic_creds [-] Deleting project and security group for project: 9030a75c6d474b1db8cd823ffb2c50f5
2025-04-15 16:43:50.105 70337 INFO tempest.lib.common.rest_client [req-8ae118d6-cba2-4114-8458-992ad7274fec req-8ae118d6-cba2-4114-8458-992ad7274fec ] Request (ServerDiagnosticsV248Test:tearDownClass): 200 GET http://10.180.1.21/compute/v2.1/servers/8837f277-16af-4bb2-9064-e0048326e51a 0.128s
2025-04-15 16:43:50.158 70321 INFO tempest.lib.common.rest_client [req-4b4f8045-f694-42d6-81ff-6f79aae16a3d req-4b4f8045-f694-42d6-81ff-6f79aae16a3d ] Request (ServersTestBootFromVolume:setUpClass): 200 GET http://10.180.1.21/compute/v2.1/servers/428bfb3a-873a-41bb-8936-1c7b9ee8ab86 0.057s
2025-04-15 16:43:50.159 70347 INFO tempest.lib.common.rest_client [req-29aaeaf5-2e3a-4c25-a42a-9b23ce2db7f7 req-29aaeaf5-2e3a-4c25-a42a-9b23ce2db7f7 ] Request (KeyPairsNegativeTestJSON:tearDownClass): 201 POST http://10.180.1.21/identity/v3/auth/tokens 0.066s
2025-04-15 16:43:50.173 70311 INFO tempest.lib.common.rest_client [req-1df72a89-8e89-4714-b98b-ad1a0903862b req-1df72a89-8e89-4714-b98b-ad1a0903862b ] Request (ServerDiagnosticsTest:tearDownClass): 204 DELETE http://10.180.1.21/identity/v3/users/6eaef5f79c8c49aa98e6f147b03c606b 0.106s
2025-04-15 16:43:50.192 70353 INFO tempest.lib.common.rest_client [req-344e0bcd-54d7-4006-ac72-0b05c090b2c6 req-344e0bcd-54d7-4006-ac72-0b05c090b2c6 ] Request (ListServersNegativeTestJSON:setUpClass): 200 GET http://10.180.1.21/compute/v2.1/servers/74907754-3b40-4162-90f1-b2b3c8363911 0.105s
2025-04-15 16:43:50.242 70323 INFO tempest.lib.common.rest_client [req-1bae448b-1d81-4a29-a999-5895901f2de9 req-1bae448b-1d81-4a29-a999-5895901f2de9 ] Request (ServersAdminNegativeTestJSON:test_migrate_server_invalid_state): 200 GET http://10.180.1.21/compute/v2.1/servers/90596d2c-1621-499c-b961-f274f6f61b11 0.067s
2025-04-15 16:43:50.294 70311 INFO tempest.lib.common.rest_client [req-5046655d-83a5-4a86-8428-46e06ab31dfe req-5046655d-83a5-4a86-8428-46e06ab31dfe ] Request (ServerDiagnosticsTest:tearDownClass): 204 DELETE http://10.180.1.21/identity/v3/users/d2a0d44460464a2498573aa3632d1d32 0.120s
2025-04-15 16:43:50.294 70369 INFO tempest.lib.common.rest_client [req-95c7b70c-805d-493f-b1c8-5ae6d68ea2ef req-95c7b70c-805d-493f-b1c8-5ae6d68ea2ef ] Request (InstanceActionsV221TestJSON:test_get_list_deleted_instance_actions): 200 GET http://10.180.1.21/compute/v2.1/servers/c1e85518-4f49-47a2-9913-0acdf416d5b0 0.057s
2025-04-15 16:43:50.294 70311 INFO tempest.lib.common.dynamic_creds [-] Deleting project and security group for project: a55b8f290ca1485cab4d464c0c290b1d
2025-04-15 16:43:50.307 70369 INFO tempest.common.waiters [-] State transition "BUILD/scheduling" ==> "BUILD/None" after 27 second wait
2025-04-15 16:43:50.351 70307 INFO tempest.lib.common.rest_client [req-25daeb99-4c5f-4908-a735-262145d7631f req-25daeb99-4c5f-4908-a735-262145d7631f ] Request (VolumesAdminNegativeTest:test_update_attached_volume_with_nonexistent_volume_in_body): 200 GET http://10.180.1.21/compute/v2.1/servers/36d4e7dd-459d-4c1a-ab75-340fd5f7276c 0.053s
