2025-04-15 16:43:50.360 70311 INFO tempest.lib.common.rest_client [req-81b8154d-1175-4669-8e90-78f615383468 req-81b8154d-1175-4669-8e90-78f615383468 ] Request (ServerDiagnosticsTest:tearDownClass): 201 POST http://10.180.1.21/identity/v3/auth/tokens 0.065s
2025-04-15 16:43:50.373 70355 INFO tempest.lib.common.rest_client [req-0c9e258b-24df-4b40-abd6-8d16947dc589 req-0c9e258b-24df-4b40-abd6-8d16947dc589 ] Request (MigrationsAdminTest:test_list_migrations_in_flavor_resize_situation): 200 GET http://10.180.1.21/compute/v2.1/servers/86dd6a38-843d-43b4-89cc-f7357ce975b8 0.135s
2025-04-15 16:43:50.412 70347 INFO tempest.lib.common.rest_client [req-2420f350-0d74-495a-a03b-ac89d1618af5 req-2420f350-0d74-495a-a03b-ac89d1618af5 ] Request (KeyPairsNegativeTestJSON:tearDownClass): 200 GET http://10.180.1.21:9696/networking/v2.0/security-groups?tenant_id=9030a75c6d474b1db8cd823ffb2c50f5&name=default 0.252s
2025-04-15 16:43:50.432 70325 INFO tempest.lib.common.rest_client [req-5f7f0c6b-ca63-4ee5-b530-363c11164c5f req-5f7f0c6b-ca63-4ee5-b530-363c11164c5f ] Request (ListServerFiltersTestJSON:tearDownClass): 200 GET http://10.180.1.21/compute/v2.1/servers/ce442a1a-3c64-4a7a-a670-440f01101c14 0.069s
2025-04-15 16:43:50.458 70331 INFO tempest.lib.common.rest_client [req-b8b3e3a7-f389-4129-b155-6a32a77a76f5 req-b8b3e3a7-f389-4129-b155-6a32a77a76f5 ] Request (ServerShowV247Test:test_update_rebuild_list_server): 200 GET http://10.180.1.21/compute/v2.1/servers/cb5ab047-6393-47a4-9fe4-3d7e62e7e100 0.067s
2025-04-15 16:43:50.463 70311 INFO tempest.lib.common.rest_client [req-5caca3d6-9961-41cf-b30b-eef9147c1f65 req-5caca3d6-9961-41cf-b30b-eef9147c1f65 ] Request (ServerDiagnosticsTest:tearDownClass): 200 GET http://10.180.1.21:9696/networking/v2.0/security-groups?tenant_id=a55b8f290ca1485cab4d464c0c290b1d&name=default 0.103s
2025-04-15 16:43:50.517 70335 INFO tempest.lib.common.rest_client [req-9c2fe27f-4064-423b-833a-9503a5b41c38 req-9c2fe27f-4064-423b-833a-9503a5b41c38 ] Request (FloatingIPsAssociationNegativeTestJSON:tearDownClass): 200 GET http://10.180.1.21/compute/v2.1/servers/03ff3500-ce24-4274-bc2e-5e4777d25f03 0.077s
2025-04-15 16:43:50.523 70361 INFO tempest.lib.common.rest_client [req-0d6281bf-8dad-4db0-a73a-08904ef4093a req-0d6281bf-8dad-4db0-a73a-08904ef4093a ] Request (ServerRescueNegativeTestJSON:setUpClass): 200 GET http://10.180.1.21/compute/v2.1/servers/74b9b3e1-456d-4e1d-a5e7-f446321242fe 0.072s
2025-04-15 16:43:50.553 70345 INFO tempest.lib.common.rest_client [req-dbfc8b48-40b3-4759-8036-c10cd352151c req-dbfc8b48-40b3-4759-8036-c10cd352151c ] Request (ImagesTestJSON:test_create_image_from_stopped_server): 200 GET http://10.180.1.21/compute/v2.1/images/9dabb16f-8f4c-441f-9776-0a73116f507d 0.065s
2025-04-15 16:43:50.595 70347 INFO tempest.lib.common.rest_client [req-4d4de46f-5e8d-40b2-b20a-13e8b6098b85 req-4d4de46f-5e8d-40b2-b20a-13e8b6098b85 ] Request (KeyPairsNegativeTestJSON:tearDownClass): 204 DELETE http://10.180.1.21:9696/networking/v2.0/security-groups/9a6dac1c-7b7f-42b4-ac13-96aafea893ed 0.183s
2025-04-15 16:43:50.628 70341 INFO tempest.lib.common.rest_client [req-ec627bd2-7b0a-4555-b941-d90ab199b398 req-ec627bd2-7b0a-4555-b941-d90ab199b398 ] Request (ServerDiskConfigTestJSON:test_rebuild_server_with_auto_disk_config): 200 GET http://10.180.1.21/compute/v2.1/servers/73ead6cd-4b4a-4614-a273-736a726aefc3 0.094s
2025-04-15 16:43:50.656 70311 INFO tempest.lib.common.rest_client [req-725f8bca-76f4-4773-bbc3-5e65beb54a15 req-725f8bca-76f4-4773-bbc3-5e65beb54a15 ] Request (ServerDiagnosticsTest:tearDownClass): 204 DELETE http://10.180.1.21:9696/networking/v2.0/security-groups/5a073596-d0ae-4cf2-82c8-c5a5230552ce 0.192s
2025-04-15 16:43:50.690 70359 INFO tempest.lib.common.rest_client [req-3ed6895b-3949-47bc-81e3-79ebec2bb235 req-3ed6895b-3949-47bc-81e3-79ebec2bb235 ] Request (ServerShowV257Test:test_rebuild_server): 200 GET http://10.180.1.21/compute/v2.1/servers/d1b8d80e-03e0-48e1-ace4-32369a145817 0.069s
2025-04-15 16:43:50.696 70319 INFO tempest.lib.common.rest_client [req-b8b6d333-28f4-4b0b-86ef-5225f2f65081 req-b8b6d333-28f4-4b0b-86ef-5225f2f65081 ] Request (ServersTestMultiNic:test_verify_duplicate_network_nics): 200 GET http://10.180.1.21/compute/v2.1/servers/d3b10ed6-7a6b-4f40-84be-6fc547f57adf 0.088s
2025-04-15 16:43:50.697 70347 INFO tempest.lib.common.rest_client [req-b991bbee-8d90-4fb2-819f-95d136cf92fa req-b991bbee-8d90-4fb2-819f-95d136cf92fa ] Request (KeyPairsNegativeTestJSON:tearDownClass): 204 DELETE http://10.180.1.21/identity/v3/projects/9030a75c6d474b1db8cd823ffb2c50f5 0.101s
2025-04-15 16:43:50.734 70347 INFO tempest.lib.common.rest_client [req-132ce8a5-b4d6-47b6-a71b-9564b36460a8 req-132ce8a5-b4d6-47b6-a71b-9564b36460a8 ] Request (AttachInterfacesV270Test:setUpClass): 201 POST http://10.180.1.21/identity/v3/auth/tokens 0.035s
2025-04-15 16:43:50.744 70349 INFO tempest.lib.common.rest_client [req-4febdfde-5b4a-48a2-bd21-44f50350da6a req-4febdfde-5b4a-48a2-bd21-44f50350da6a ] Request (ServerPasswordTestJSON:setUpClass): 200 GET http://10.180.1.21/compute/v2.1/servers/c345566d-a434-48c9-9925-b696473b4231 0.074s
2025-04-15 16:43:50.751 70329 INFO tempest.lib.common.rest_client [req-2b401ffb-a9d8-4f15-9550-49f3590484b2 req-2b401ffb-a9d8-4f15-9550-49f3590484b2 ] Request (ServersTestFqdnHostnames:test_create_server_with_fqdn_name): 200 GET http://10.180.1.21/compute/v2.1/servers/c0d45945-e7fe-47f9-9790-fffe1e03b70f 0.071s
2025-04-15 16:43:50.767 70311 INFO tempest.lib.common.rest_client [req-ab96585f-406d-4522-acc4-d1c62c9e3d0b req-ab96585f-406d-4522-acc4-d1c62c9e3d0b ] Request (ServerDiagnosticsTest:tearDownClass): 204 DELETE http://10.180.1.21/identity/v3/projects/a55b8f290ca1485cab4d464c0c290b1d 0.111s
2025-04-15 16:43:50.768 70311 INFO tempest.lib.common.dynamic_creds [-] Deleting project and security group for project: bff65a7751314264987fe262c97095c3
2025-04-15 16:43:50.788 70333 WARNING tempest.lib.common.ssh [-] Failed to establish authenticated ssh connection to cirros@10.180.180.197 ([Errno None] Unable to connect to port 22 on 10.180.180.197). Number attempts: 5. Retry after 6 seconds.: paramiko.ssh_exception.NoValidConnectionsError: [Errno None] Unable to connect to port 22 on 10.180.180.197
2025-04-15 16:43:50.808 70347 INFO tempest.lib.common.rest_client [req-4e5d1473-94dd-40b2-aa85-db371f667abf req-4e5d1473-94dd-40b2-aa85-db371f667abf ] Request (AttachInterfacesV270Test:setUpClass): 201 POST http://10.180.1.21/identity/v3/auth/tokens 0.071s
2025-04-15 16:43:50.812 70339 INFO tempest.lib.common.rest_client [req-84ad3059-838b-496f-825d-02a177a18020 req-84ad3059-838b-496f-825d-02a177a18020 ] Request (ServersNegativeTestJSON:setUpClass): 200 GET http://10.180.1.21/compute/v2.1/servers/9a02cf3b-61f3-41b2-bd11-2a2143b625e0 0.074s
2025-04-15 16:43:50.834 70347 INFO tempest.lib.common.rest_client [req-58d70b67-a27c-4fe9-9592-cc9857f26c10 req-58d70b67-a27c-4fe9-9592-cc9857f26c10 ] Request (AttachInterfacesV270Test:setUpClass): 200 GET http://10.180.1.21/identity/v3/domains?name=Default 0.025s
2025-04-15 16:43:50.861 70351 INFO tempest.lib.common.rest_client [req-7e75b3e0-43dd-4913-bd97-ddd171e49fc0 req-7e75b3e0-43dd-4913-bd97-ddd171e49fc0 ] Request (ImagesOneServerTestJSON:tearDownClass): 200 GET http://10.180.1.21/compute/v2.1/servers/722a0b73-4bf9-4003-981c-aa3499d8b87b 0.089s
2025-04-15 16:43:50.867 70347 INFO tempest.lib.common.rest_client [req-cce1b477-8921-4dc5-acf1-a81c4a15d828 req-cce1b477-8921-4dc5-acf1-a81c4a15d828 ] Request (AttachInterfacesV270Test:setUpClass): 201 POST http://10.180.1.21/identity/v3/projects 0.032s
2025-04-15 16:43:50.871 70351 INFO tempest.common.waiters [-] State transition "ACTIVE/deleting" ==> "DELETED/None" after 4 second wait
2025-04-15 16:43:50.889 70363 INFO tempest.lib.common.rest_client [req-25f9199a-e53b-4616-8eda-a0b8e66f86f8 req-25f9199a-e53b-4616-8eda-a0b8e66f86f8 ] Request (DeleteServersAdminTestJSON:test_delete_server_while_in_error_state): 200 GET http://10.180.1.21/compute/v2.1/servers/796dc302-b266-4e92-8ce5-cc5380e071ff 0.061s
2025-04-15 16:43:50.890 70311 INFO tempest.lib.common.rest_client [req-9119172f-600b-4a04-9ef5-d25af2edffff req-9119172f-600b-4a04-9ef5-d25af2edffff ] Request (ServerDiagnosticsTest:tearDownClass): 200 GET http://10.180.1.21:9696/networking/v2.0/security-groups?tenant_id=bff65a7751314264987fe262c97095c3&name=default 0.122s
2025-04-15 16:43:50.931 70315 INFO tempest.lib.common.rest_client [req-eb08dc04-fe85-405d-9263-8bc4a9650554 req-eb08dc04-fe85-405d-9263-8bc4a9650554 ] Request (ServersListShow2100Test:tearDownClass): 200 GET http://10.180.1.21/compute/v2.1/servers/aaf64411-26d3-471b-9dc6-ee70d2461f51 0.081s
2025-04-15 16:43:50.940 70347 INFO tempest.lib.common.rest_client [req-2f7fc15b-9a47-42c1-9ece-884ee093c727 req-2f7fc15b-9a47-42c1-9ece-884ee093c727 ] Request (AttachInterfacesV270Test:setUpClass): 201 POST http://10.180.1.21/identity/v3/users 0.073s
2025-04-15 16:43:50.961 70347 INFO tempest.lib.common.rest_client [req-dd11bf21-4d3e-4635-a5cf-2dab7eba9a3c req-dd11bf21-4d3e-4635-a5cf-2dab7eba9a3c ] Request (AttachInterfacesV270Test:setUpClass): 200 GET http://10.180.1.21/identity/v3/roles 0.020s
2025-04-15 16:43:50.985 70347 INFO tempest.lib.common.rest_client [req-60db5ed2-658e-4cc7-8abb-bd73011d16d4 req-60db5ed2-658e-4cc7-8abb-bd73011d16d4 ] Request (AttachInterfacesV270Test:setUpClass): 204 PUT http://10.180.1.21/identity/v3/projects/3d6fbff99e73461591eb674fef109293/users/b8c826a90605434bb45d4e324421771b/roles/058274d84a374e8689f81d7fd788af22 0.023s
2025-04-15 16:43:50.985 70347 INFO tempest.lib.common.dynamic_creds [-] Dynamic test user b8c826a90605434bb45d4e324421771b is created with scope project and roles: ['member']
2025-04-15 16:43:50.986 70347 INFO tempest.lib.common.dynamic_creds [-] Acquired dynamic creds: credentials: Credentials: {'domain_id': 'default', 'domain_name': 'Default', 'username': 'tempest-AttachInterfacesV270Test-1884518793-project-member', 'project_domain_id': 'default', 'project_domain_name': 'Default', 'project_id': '3d6fbff99e73461591eb674fef109293', 'project_name': 'tempest-AttachInterfacesV270Test-1884518793', 'tenant_id': '3d6fbff99e73461591eb674fef109293', 'tenant_name': 'tempest-AttachInterfacesV270Test-1884518793', 'user_domain_id': 'default', 'user_domain_name': 'Default', 'user_id': 'b8c826a90605434bb45d4e324421771b', 'system': None}, Network: None, Subnet: None, Router: None
2025-04-15 16:43:50.987 70327 INFO tempest.lib.common.rest_client [req-66edaa00-b282-4cbc-953d-fe3c684b11f0 req-66edaa00-b282-4cbc-953d-fe3c684b11f0 ] Request (FloatingIPsAssociationTestJSON:test_associate_already_associated_floating_ip): 200 GET http://10.180.1.21/compute/v2.1/servers/b0b9e6b8-0c76-43c1-9b0c-0219be4c8e1f 0.085s
2025-04-15 16:43:51.008 70311 INFO tempest.lib.common.rest_client [req-c2c5114c-be76-490d-825c-141f9074eddd req-c2c5114c-be76-490d-825c-141f9074eddd ] Request (ServerDiagnosticsTest:tearDownClass): 204 DELETE http://10.180.1.21:9696/networking/v2.0/security-groups/10c30166-05cb-46b2-9713-31bc1551b12d 0.118s
2025-04-15 16:43:51.041 70357 INFO tempest.lib.common.rest_client [req-dec1e4e8-a5bd-4c4d-a060-844b0bf15628 req-dec1e4e8-a5bd-4c4d-a060-844b0bf15628 ] Request (ServerAddressesTestJSON:setUpClass): 200 GET http://10.180.1.21/compute/v2.1/servers/f7a3245f-e02c-4b30-8574-b0028e8341a8 0.061s
2025-04-15 16:43:51.044 70347 INFO tempest.lib.common.rest_client [req-681401bb-1329-4107-a60c-f1ed186f2025 req-681401bb-1329-4107-a60c-f1ed186f2025 ] Request (AttachInterfacesV270Test:setUpClass): 201 POST http://10.180.1.21/identity/v3/auth/tokens 0.058s
2025-04-15 16:43:51.099 70311 INFO tempest.lib.common.rest_client [req-226e2b80-70d6-4c6c-8d92-89600e2db42d req-226e2b80-70d6-4c6c-8d92-89600e2db42d ] Request (ServerDiagnosticsTest:tearDownClass): 204 DELETE http://10.180.1.21/identity/v3/projects/bff65a7751314264987fe262c97095c3 0.090s
2025-04-15 16:43:51.122 70343 INFO tempest.lib.common.rest_client [req-26df7dc3-42be-4a2a-8a45-0ab91471dbd1 req-26df7dc3-42be-4a2a-8a45-0ab91471dbd1 ] Request (ServersAdmin275Test:_run_cleanups): 200 GET http://10.180.1.21/compute/v2.1/servers/1b16d347-9579-497b-8b20-5d3f58d029d2 0.064s
2025-04-15 16:43:51.154 70367 INFO tempest.lib.common.rest_client [req-5f3c89b3-7002-4757-8975-e8ba55fb0a7c req-5f3c89b3-7002-4757-8975-e8ba55fb0a7c ] Request (InstanceActionsNegativeTestJSON:setUpClass): 200 GET http://10.180.1.21/compute/v2.1/servers/b89c7304-756d-4183-8fdd-48bb5a643686 0.106s
2025-04-15 16:43:51.180 70311 INFO tempest.lib.common.rest_client [req-5f38ff9c-6d76-447e-a504-56c8bfbf3055 req-5f38ff9c-6d76-447e-a504-56c8bfbf3055 ] Request (ImagesOneServerNegativeTestJSON:setUpClass): 201 POST http://10.180.1.21/identity/v3/auth/tokens 0.079s
2025-04-15 16:43:51.204 70337 INFO tempest.lib.common.rest_client [req-9cc8b914-1ab2-467c-bcd9-149d6972be17 req-9cc8b914-1ab2-467c-bcd9-149d6972be17 ] Request (ServerDiagnosticsV248Test:tearDownClass): 200 GET http://10.180.1.21/compute/v2.1/servers/8837f277-16af-4bb2-9064-e0048326e51a 0.089s
2025-04-15 16:43:51.232 70311 INFO tempest.lib.common.rest_client [req-f67974fa-a0aa-4631-b298-c3b5f9468111 req-f67974fa-a0aa-4631-b298-c3b5f9468111 ] Request (ImagesOneServerNegativeTestJSON:setUpClass): 201 POST http://10.180.1.21/identity/v3/auth/tokens 0.050s
2025-04-15 16:43:51.253 70321 INFO tempest.lib.common.rest_client [req-89bf696b-faa2-45eb-abe2-ff486faa0629 req-89bf696b-faa2-45eb-abe2-ff486faa0629 ] Request (ServersTestBootFromVolume:setUpClass): 200 GET http://10.180.1.21/compute/v2.1/servers/428bfb3a-873a-41bb-8936-1c7b9ee8ab86 0.087s
2025-04-15 16:43:51.265 70311 INFO tempest.lib.common.rest_client [req-102213ae-a7cb-4564-a5d3-ebba356149d7 req-102213ae-a7cb-4564-a5d3-ebba356149d7 ] Request (ImagesOneServerNegativeTestJSON:setUpClass): 200 GET http://10.180.1.21/identity/v3/domains?name=Default 0.032s
2025-04-15 16:43:51.296 70311 INFO tempest.lib.common.rest_client [req-8caefabe-d34b-4406-b658-7bf6ebd12703 req-8caefabe-d34b-4406-b658-7bf6ebd12703 ] Request (ImagesOneServerNegativeTestJSON:setUpClass): 201 POST http://10.180.1.21/identity/v3/projects 0.030s
2025-04-15 16:43:51.319 70323 INFO tempest.lib.common.rest_client [req-1c9a8d59-fc62-4840-becf-b83603f3b2a4 req-1c9a8d59-fc62-4840-becf-b83603f3b2a4 ] Request (ServersAdminNegativeTestJSON:test_migrate_server_invalid_state): 200 GET http://10.180.1.21/compute/v2.1/servers/90596d2c-1621-499c-b961-f274f6f61b11 0.066s
2025-04-15 16:43:51.369 70311 INFO tempest.lib.common.rest_client [req-bb34e534-a6ea-48c9-be5c-b1c59ea814c4 req-bb34e534-a6ea-48c9-be5c-b1c59ea814c4 ] Request (ImagesOneServerNegativeTestJSON:setUpClass): 201 POST http://10.180.1.21/identity/v3/users 0.072s
2025-04-15 16:43:51.380 70369 INFO tempest.lib.common.rest_client [req-a19ae306-7eca-4886-bb18-f03649dbe67d req-a19ae306-7eca-4886-bb18-f03649dbe67d ] Request (InstanceActionsV221TestJSON:test_get_list_deleted_instance_actions): 200 GET http://10.180.1.21/compute/v2.1/servers/c1e85518-4f49-47a2-9913-0acdf416d5b0 0.071s
2025-04-15 16:43:51.395 70311 INFO tempest.lib.common.rest_client [req-013f75ed-643f-4a4b-8a08-916ed41100d8 req-013f75ed-643f-4a4b-8a08-916ed41100d8 ] Request (ImagesOneServerNegativeTestJSON:setUpClass): 200 GET http://10.180.1.21/identity/v3/roles 0.025s
2025-04-15 16:43:51.432 70311 INFO tempest.lib.common.rest_client [req-7e5f238b-be31-4bca-8a96-608936d6300f req-7e5f238b-be31-4bca-8a96-608936d6300f ] Request (ImagesOneServerNegativeTestJSON:setUpClass): 204 PUT http://10.180.1.21/identity/v3/projects/12a4b084cb6b490b8d5def211aade559/users/e7f3619eaf304a27808efba0e9c62ef3/roles/058274d84a374e8689f81d7fd788af22 0.036s
2025-04-15 16:43:51.432 70311 INFO tempest.lib.common.dynamic_creds [-] Dynamic test user e7f3619eaf304a27808efba0e9c62ef3 is created with scope project and roles: ['member']
2025-04-15 16:43:51.432 70311 INFO tempest.lib.common.dynamic_creds [-] Acquired dynamic creds: credentials: Credentials: {'domain_id': 'default', 'domain_name': 'Default', 'username': 'tempest-ImagesOneServerNegativeTestJSON-959476040-project-member', 'project_domain_id': 'default', 'project_domain_name': 'Default', 'project_id': '12a4b084cb6b490b8d5def211aade559', 'project_name': 'tempest-ImagesOneServerNegativeTestJSON-959476040', 'tenant_id': '12a4b084cb6b490b8d5def211aade559', 'tenant_name': 'tempest-ImagesOneServerNegativeTestJSON-959476040', 'user_domain_id': 'default', 'user_domain_name': 'Default', 'user_id': 'e7f3619eaf304a27808efba0e9c62ef3', 'system': None}, Network: None, Subnet: None, Router: None
2025-04-15 16:43:51.439 70307 INFO tempest.lib.common.rest_client [req-8f2e9c7b-c9b2-4045-99b8-9d3f2be4851f req-8f2e9c7b-c9b2-4045-99b8-9d3f2be4851f ] Request (VolumesAdminNegativeTest:test_update_attached_volume_with_nonexistent_volume_in_body): 200 GET http://10.180.1.21/compute/v2.1/servers/36d4e7dd-459d-4c1a-ab75-340fd5f7276c 0.080s
2025-04-15 16:43:51.477 70353 INFO tempest.lib.common.rest_client [req-356a8be8-2bce-4a03-8188-37e44309275e req-356a8be8-2bce-4a03-8188-37e44309275e ] Request (ListServersNegativeTestJSON:setUpClass): 200 GET http://10.180.1.21/compute/v2.1/servers/74907754-3b40-4162-90f1-b2b3c8363911 0.278s
2025-04-15 16:43:51.503 70311 INFO tempest.lib.common.rest_client [req-33e61f20-0f05-4fb9-82fc-0b758ec5c72e req-33e61f20-0f05-4fb9-82fc-0b758ec5c72e ] Request (ImagesOneServerNegativeTestJSON:setUpClass): 201 POST http://10.180.1.21/identity/v3/auth/tokens 0.071s
2025-04-15 16:43:51.573 70355 INFO tempest.lib.common.rest_client [req-15b61da3-6efb-46ba-90be-4c4969e19de0 req-15b61da3-6efb-46ba-90be-4c4969e19de0 ] Request (MigrationsAdminTest:test_list_migrations_in_flavor_resize_situation): 200 GET http://10.180.1.21/compute/v2.1/servers/86dd6a38-843d-43b4-89cc-f7357ce975b8 0.192s
2025-04-15 16:43:51.573 70325 INFO tempest.lib.common.rest_client [req-f56ca07f-2e6b-4ff7-8296-80b1da926c49 req-f56ca07f-2e6b-4ff7-8296-80b1da926c49 ] Request (ListServerFiltersTestJSON:tearDownClass): 200 GET http://10.180.1.21/compute/v2.1/servers/ce442a1a-3c64-4a7a-a670-440f01101c14 0.126s
2025-04-15 16:43:51.665 70331 INFO tempest.lib.common.rest_client [req-28a2e1c3-db01-4e3a-8d31-26d0eeba393a req-28a2e1c3-db01-4e3a-8d31-26d0eeba393a ] Request (ServerShowV247Test:test_update_rebuild_list_server): 200 GET http://10.180.1.21/compute/v2.1/servers/cb5ab047-6393-47a4-9fe4-3d7e62e7e100 0.195s
2025-04-15 16:43:51.695 70335 INFO tempest.lib.common.rest_client [req-c264efde-ccb4-460c-ba63-72e14740eb85 req-c264efde-ccb4-460c-ba63-72e14740eb85 ] Request (FloatingIPsAssociationNegativeTestJSON:tearDownClass): 200 GET http://10.180.1.21/compute/v2.1/servers/03ff3500-ce24-4274-bc2e-5e4777d25f03 0.166s
2025-04-15 16:43:51.697 70347 INFO tempest.lib.common.rest_client [req-90360d0a-4b68-4631-aeb4-b5415ac65f91 req-90360d0a-4b68-4631-aeb4-b5415ac65f91 ] Request (AttachInterfacesV270Test:setUpClass): 201 POST http://10.180.1.21:9696/networking/v2.0/networks 0.652s
2025-04-15 16:43:51.740 70345 INFO tempest.lib.common.rest_client [req-309e5a5c-82b6-4c2f-bd39-9fa83377ecdd req-309e5a5c-82b6-4c2f-bd39-9fa83377ecdd ] Request (ImagesTestJSON:test_create_image_from_stopped_server): 200 GET http://10.180.1.21/compute/v2.1/images/9dabb16f-8f4c-441f-9776-0a73116f507d 0.180s
2025-04-15 16:43:51.811 70341 INFO tempest.lib.common.rest_client [req-53f6c519-95ce-4645-8ce9-b53b6a10b4a5 req-53f6c519-95ce-4645-8ce9-b53b6a10b4a5 ] Request (ServerDiskConfigTestJSON:test_rebuild_server_with_auto_disk_config): 200 GET http://10.180.1.21/compute/v2.1/servers/73ead6cd-4b4a-4614-a273-736a726aefc3 0.176s
2025-04-15 16:43:51.881 70359 INFO tempest.lib.common.rest_client [req-205e0f67-fa63-4e0c-bb2b-bc85c848da59 req-205e0f67-fa63-4e0c-bb2b-bc85c848da59 ] Request (ServerShowV257Test:test_rebuild_server): 200 GET http://10.180.1.21/compute/v2.1/servers/d1b8d80e-03e0-48e1-ace4-32369a145817 0.176s
2025-04-15 16:43:51.945 70319 INFO tempest.lib.common.rest_client [req-6da9b433-c0a3-4fd5-96d3-b614c38b8788 req-6da9b433-c0a3-4fd5-96d3-b614c38b8788 ] Request (ServersTestMultiNic:test_verify_duplicate_network_nics): 200 GET http://10.180.1.21/compute/v2.1/servers/d3b10ed6-7a6b-4f40-84be-6fc547f57adf 0.236s
2025-04-15 16:43:51.955 70319 INFO tempest.common.waiters [-] State transition "BUILD/None" ==> "BUILD/networking" after 47 second wait
2025-04-15 16:43:51.973 70347 INFO tempest.lib.common.rest_client [req-873c5f8c-16eb-4905-9627-ebd26dbf40f6 req-873c5f8c-16eb-4905-9627-ebd26dbf40f6 ] Request (AttachInterfacesV270Test:setUpClass): 201 POST http://10.180.1.21:9696/networking/v2.0/subnets 0.275s
2025-04-15 16:43:51.989 70311 INFO tempest.lib.common.rest_client [req-21320e20-185e-4f49-87d5-b794127ca356 req-21320e20-185e-4f49-87d5-b794127ca356 ] Request (ImagesOneServerNegativeTestJSON:setUpClass): 201 POST http://10.180.1.21:9696/networking/v2.0/networks 0.485s
2025-04-15 16:43:52.008 70349 INFO tempest.lib.common.rest_client [req-ed4b8775-a669-4449-8a6d-42f3109be3d6 req-ed4b8775-a669-4449-8a6d-42f3109be3d6 ] Request (ServerPasswordTestJSON:setUpClass): 200 GET http://10.180.1.21/compute/v2.1/servers/c345566d-a434-48c9-9925-b696473b4231 0.250s
2025-04-15 16:43:52.022 70361 INFO tempest.lib.common.rest_client [req-9c0f2f71-d40c-4cc8-a5b8-9d50d8c32a18 req-9c0f2f71-d40c-4cc8-a5b8-9d50d8c32a18 ] Request (ServerRescueNegativeTestJSON:setUpClass): 200 GET http://10.180.1.21/compute/v2.1/servers/74b9b3e1-456d-4e1d-a5e7-f446321242fe 0.490s
2025-04-15 16:43:52.075 70329 INFO tempest.lib.common.rest_client [req-dddd63a5-5e9c-484b-9c2e-a78fb119adb4 req-dddd63a5-5e9c-484b-9c2e-a78fb119adb4 ] Request (ServersTestFqdnHostnames:test_create_server_with_fqdn_name): 200 GET http://10.180.1.21/compute/v2.1/servers/c0d45945-e7fe-47f9-9790-fffe1e03b70f 0.317s
2025-04-15 16:43:52.094 70339 INFO tempest.lib.common.rest_client [req-4d1d451e-841d-48e3-a8b0-a49bb1e466a6 req-4d1d451e-841d-48e3-a8b0-a49bb1e466a6 ] Request (ServersNegativeTestJSON:setUpClass): 200 GET http://10.180.1.21/compute/v2.1/servers/9a02cf3b-61f3-41b2-bd11-2a2143b625e0 0.271s
2025-04-15 16:43:52.164 70363 INFO tempest.lib.common.rest_client [req-bde2bebf-352b-4cc0-bbfe-864259159064 req-bde2bebf-352b-4cc0-bbfe-864259159064 ] Request (DeleteServersAdminTestJSON:test_delete_server_while_in_error_state): 200 GET http://10.180.1.21/compute/v2.1/servers/796dc302-b266-4e92-8ce5-cc5380e071ff 0.263s
2025-04-15 16:43:52.168 70351 INFO tempest.lib.common.rest_client [req-e53fe12a-372f-4500-ac9c-23162023eea0 req-e53fe12a-372f-4500-ac9c-23162023eea0 ] Request (ImagesOneServerTestJSON:tearDownClass): 200 GET http://10.180.1.21/compute/v2.1/servers/722a0b73-4bf9-4003-981c-aa3499d8b87b 0.295s
2025-04-15 16:43:52.239 70315 INFO tempest.lib.common.rest_client [req-f8045fc1-9386-4db8-b208-9d1fefc19ba8 req-f8045fc1-9386-4db8-b208-9d1fefc19ba8 ] Request (ServersListShow2100Test:tearDownClass): 200 GET http://10.180.1.21/compute/v2.1/servers/aaf64411-26d3-471b-9dc6-ee70d2461f51 0.290s
2025-04-15 16:43:52.239 70327 INFO tempest.lib.common.rest_client [req-49403693-a250-4fca-b24d-501a1772fe5a req-49403693-a250-4fca-b24d-501a1772fe5a ] Request (FloatingIPsAssociationTestJSON:test_associate_already_associated_floating_ip): 200 GET http://10.180.1.21/compute/v2.1/servers/b0b9e6b8-0c76-43c1-9b0c-0219be4c8e1f 0.238s
2025-04-15 16:43:52.299 70357 INFO tempest.lib.common.rest_client [req-f654dffc-4ac1-4844-b4f3-ac53012e15cb req-f654dffc-4ac1-4844-b4f3-ac53012e15cb ] Request (ServerAddressesTestJSON:setUpClass): 200 GET http://10.180.1.21/compute/v2.1/servers/f7a3245f-e02c-4b30-8574-b0028e8341a8 0.249s
2025-04-15 16:43:52.323 70343 INFO tempest.lib.common.rest_client [req-0e8449e6-987e-483d-ae32-2c071b8637da req-0e8449e6-987e-483d-ae32-2c071b8637da ] Request (ServersAdmin275Test:_run_cleanups): 200 GET http://10.180.1.21/compute/v2.1/servers/1b16d347-9579-497b-8b20-5d3f58d029d2 0.183s
2025-04-15 16:43:52.328 70311 INFO tempest.lib.common.rest_client [req-728336ab-6fcd-4c18-a1e6-bd5d9b9fb9e1 req-728336ab-6fcd-4c18-a1e6-bd5d9b9fb9e1 ] Request (ImagesOneServerNegativeTestJSON:setUpClass): 201 POST http://10.180.1.21:9696/networking/v2.0/subnets 0.338s
2025-04-15 16:43:52.400 70337 INFO tempest.lib.common.rest_client [req-5e8294e1-273b-46bb-99ec-0016e308f60b req-5e8294e1-273b-46bb-99ec-0016e308f60b ] Request (ServerDiagnosticsV248Test:tearDownClass): 200 GET http://10.180.1.21/compute/v2.1/servers/8837f277-16af-4bb2-9064-e0048326e51a 0.185s
2025-04-15 16:43:52.466 70321 INFO tempest.lib.common.rest_client [req-5e6b8110-a562-4507-bfca-eb3e7b4e571a req-5e6b8110-a562-4507-bfca-eb3e7b4e571a ] Request (ServersTestBootFromVolume:setUpClass): 200 GET http://10.180.1.21/compute/v2.1/servers/428bfb3a-873a-41bb-8936-1c7b9ee8ab86 0.198s
2025-04-15 16:43:52.541 70323 INFO tempest.lib.common.rest_client [req-d560d8fb-46fe-43b1-bcf2-1520895e9560 req-d560d8fb-46fe-43b1-bcf2-1520895e9560 ] Request (ServersAdminNegativeTestJSON:test_migrate_server_invalid_state): 200 GET http://10.180.1.21/compute/v2.1/servers/90596d2c-1621-499c-b961-f274f6f61b11 0.205s
2025-04-15 16:43:52.621 70369 INFO tempest.lib.common.rest_client [req-1e56e756-32a2-45cd-a06e-aa1d2c7056ec req-1e56e756-32a2-45cd-a06e-aa1d2c7056ec ] Request (InstanceActionsV221TestJSON:test_get_list_deleted_instance_actions): 200 GET http://10.180.1.21/compute/v2.1/servers/c1e85518-4f49-47a2-9913-0acdf416d5b0 0.227s
2025-04-15 16:43:52.683 70307 INFO tempest.lib.common.rest_client [req-33edbb44-a928-46c3-bec3-108baa9f12a2 req-33edbb44-a928-46c3-bec3-108baa9f12a2 ] Request (VolumesAdminNegativeTest:test_update_attached_volume_with_nonexistent_volume_in_body): 200 GET http://10.180.1.21/compute/v2.1/servers/36d4e7dd-459d-4c1a-ab75-340fd5f7276c 0.231s
2025-04-15 16:43:52.809 70367 INFO tempest.lib.common.rest_client [req-f2c9a192-223f-42af-8852-52e7c1425e5b req-f2c9a192-223f-42af-8852-52e7c1425e5b ] Request (InstanceActionsNegativeTestJSON:setUpClass): 200 GET http://10.180.1.21/compute/v2.1/servers/b89c7304-756d-4183-8fdd-48bb5a643686 0.642s
2025-04-15 16:43:52.856 70353 INFO tempest.lib.common.rest_client [req-f129ef69-d875-469c-991f-1333dd1f7e2e req-f129ef69-d875-469c-991f-1333dd1f7e2e ] Request (ListServersNegativeTestJSON:setUpClass): 200 GET http://10.180.1.21/compute/v2.1/servers/74907754-3b40-4162-90f1-b2b3c8363911 0.368s
2025-04-15 16:43:53.057 70355 INFO tempest.lib.common.rest_client [req-fe884718-6d08-4e8a-ab0e-08e3c9dcf25d req-fe884718-6d08-4e8a-ab0e-08e3c9dcf25d ] Request (MigrationsAdminTest:test_list_migrations_in_flavor_resize_situation): 200 GET http://10.180.1.21/compute/v2.1/servers/86dd6a38-843d-43b4-89cc-f7357ce975b8 0.476s
2025-04-15 16:43:53.066 70355 INFO tempest.common.waiters [-] State transition "RESIZE/resize_migrated" ==> "RESIZE/resize_finish" after 43 second wait
2025-04-15 16:43:53.130 70331 INFO tempest.lib.common.rest_client [req-28b72c6e-a720-4a73-9786-e5bbe025e407 req-28b72c6e-a720-4a73-9786-e5bbe025e407 ] Request (ServerShowV247Test:test_update_rebuild_list_server): 200 GET http://10.180.1.21/compute/v2.1/servers/cb5ab047-6393-47a4-9fe4-3d7e62e7e100 0.452s
2025-04-15 16:43:53.145 70325 INFO tempest.lib.common.rest_client [req-b8c0e90f-2dce-48de-bfce-f6b6958b5fff req-b8c0e90f-2dce-48de-bfce-f6b6958b5fff ] Request (ListServerFiltersTestJSON:tearDownClass): 200 GET http://10.180.1.21/compute/v2.1/servers/ce442a1a-3c64-4a7a-a670-440f01101c14 0.562s
2025-04-15 16:43:53.185 70345 INFO tempest.lib.common.rest_client [req-e5f419bc-acb9-4ae3-9b73-e8ce6a12144d req-e5f419bc-acb9-4ae3-9b73-e8ce6a12144d ] Request (ImagesTestJSON:test_create_image_from_stopped_server): 200 GET http://10.180.1.21/compute/v2.1/images/9dabb16f-8f4c-441f-9776-0a73116f507d 0.438s
2025-04-15 16:43:53.200 70347 INFO tempest.lib.common.rest_client [req-3c050700-1788-4f2c-a3c6-e84b60a0c020 req-3c050700-1788-4f2c-a3c6-e84b60a0c020 ] Request (AttachInterfacesV270Test:setUpClass): 201 POST http://10.180.1.21:9696/networking/v2.0/routers 1.227s
2025-04-15 16:43:53.208 70335 INFO tempest.lib.common.rest_client [req-af50a419-ef56-447f-baae-5f57b695e6fa req-af50a419-ef56-447f-baae-5f57b695e6fa ] Request (FloatingIPsAssociationNegativeTestJSON:tearDownClass): 200 GET http://10.180.1.21/compute/v2.1/servers/03ff3500-ce24-4274-bc2e-5e4777d25f03 0.493s
2025-04-15 16:43:53.287 70341 INFO tempest.lib.common.rest_client [req-2bba2c0d-2193-4d91-a920-071944922483 req-2bba2c0d-2193-4d91-a920-071944922483 ] Request (ServerDiskConfigTestJSON:test_rebuild_server_with_auto_disk_config): 200 GET http://10.180.1.21/compute/v2.1/servers/73ead6cd-4b4a-4614-a273-736a726aefc3 0.465s
2025-04-15 16:43:53.294 70359 INFO tempest.lib.common.rest_client [req-39e41cfb-1087-47bc-af21-badc21f6a025 req-39e41cfb-1087-47bc-af21-badc21f6a025 ] Request (ServerShowV257Test:test_rebuild_server): 200 GET http://10.180.1.21/compute/v2.1/servers/d1b8d80e-03e0-48e1-ace4-32369a145817 0.402s
2025-04-15 16:43:53.358 70349 INFO tempest.lib.common.rest_client [req-cf3bbf22-463c-4539-914e-93de3674e4fc req-cf3bbf22-463c-4539-914e-93de3674e4fc ] Request (ServerPasswordTestJSON:setUpClass): 200 GET http://10.180.1.21/compute/v2.1/servers/c345566d-a434-48c9-9925-b696473b4231 0.343s
2025-04-15 16:43:53.433 70361 INFO tempest.lib.common.rest_client [req-94a8e20e-dc3e-43c8-ac29-535f7b9947cb req-94a8e20e-dc3e-43c8-ac29-535f7b9947cb ] Request (ServerRescueNegativeTestJSON:setUpClass): 200 GET http://10.180.1.21/compute/v2.1/servers/74b9b3e1-456d-4e1d-a5e7-f446321242fe 0.400s
2025-04-15 16:43:53.505 70329 INFO tempest.lib.common.rest_client [req-126e619d-b8ab-49e5-a71f-bb9e2af36a12 req-126e619d-b8ab-49e5-a71f-bb9e2af36a12 ] Request (ServersTestFqdnHostnames:test_create_server_with_fqdn_name): 200 GET http://10.180.1.21/compute/v2.1/servers/c0d45945-e7fe-47f9-9790-fffe1e03b70f 0.418s
2025-04-15 16:43:53.516 70319 INFO tempest.lib.common.rest_client [req-0d4049aa-241c-4203-9574-d1487043e6e1 req-0d4049aa-241c-4203-9574-d1487043e6e1 ] Request (ServersTestMultiNic:test_verify_duplicate_network_nics): 200 GET http://10.180.1.21/compute/v2.1/servers/d3b10ed6-7a6b-4f40-84be-6fc547f57adf 0.560s
2025-04-15 16:43:53.528 70319 INFO tempest.common.waiters [-] State transition "BUILD/networking" ==> "BUILD/spawning" after 49 second wait
2025-04-15 16:43:53.593 70363 INFO tempest.lib.common.rest_client [req-c8982d42-44e9-4818-bda0-1ccc85ab1e15 req-c8982d42-44e9-4818-bda0-1ccc85ab1e15 ] Request (DeleteServersAdminTestJSON:test_delete_server_while_in_error_state): 200 GET http://10.180.1.21/compute/v2.1/servers/796dc302-b266-4e92-8ce5-cc5380e071ff 0.420s
2025-04-15 16:43:53.596 70339 INFO tempest.lib.common.rest_client [req-bf6af846-3281-494a-afef-2351e222b917 req-bf6af846-3281-494a-afef-2351e222b917 ] Request (ServersNegativeTestJSON:setUpClass): 200 GET http://10.180.1.21/compute/v2.1/servers/9a02cf3b-61f3-41b2-bd11-2a2143b625e0 0.493s
2025-04-15 16:43:53.672 70351 INFO tempest.lib.common.rest_client [req-32f21974-5db5-492d-b088-d3ec02108c94 req-32f21974-5db5-492d-b088-d3ec02108c94 ] Request (ImagesOneServerTestJSON:tearDownClass): 200 GET http://10.180.1.21/compute/v2.1/servers/722a0b73-4bf9-4003-981c-aa3499d8b87b 0.493s
2025-04-15 16:43:53.681 70327 INFO tempest.lib.common.rest_client [req-d1210670-b0a3-495c-ae7d-2c8000beb1ca req-d1210670-b0a3-495c-ae7d-2c8000beb1ca ] Request (FloatingIPsAssociationTestJSON:test_associate_already_associated_floating_ip): 200 GET http://10.180.1.21/compute/v2.1/servers/b0b9e6b8-0c76-43c1-9b0c-0219be4c8e1f 0.430s
2025-04-15 16:43:53.753 70315 INFO tempest.lib.common.rest_client [req-b7ebd3a0-eaf2-4db3-9dfb-96c7cdcb07e5 req-b7ebd3a0-eaf2-4db3-9dfb-96c7cdcb07e5 ] Request (ServersListShow2100Test:tearDownClass): 200 GET http://10.180.1.21/compute/v2.1/servers/aaf64411-26d3-471b-9dc6-ee70d2461f51 0.496s
2025-04-15 16:43:53.763 70357 INFO tempest.lib.common.rest_client [req-7dca723e-47db-4f17-84bd-334163201163 req-7dca723e-47db-4f17-84bd-334163201163 ] Request (ServerAddressesTestJSON:setUpClass): 200 GET http://10.180.1.21/compute/v2.1/servers/f7a3245f-e02c-4b30-8574-b0028e8341a8 0.447s
2025-04-15 16:43:53.772 70315 INFO tempest.common.waiters [-] State transition "ACTIVE/deleting" ==> "DELETED/None" after 5 second wait
2025-04-15 16:43:53.789 70337 INFO tempest.lib.common.rest_client [req-37e3a452-377d-4241-a8c9-e46f8297392f req-37e3a452-377d-4241-a8c9-e46f8297392f ] Request (ServerDiagnosticsV248Test:tearDownClass): 404 GET http://10.180.1.21/compute/v2.1/servers/8837f277-16af-4bb2-9064-e0048326e51a 0.376s
2025-04-15 16:43:53.839 70343 INFO tempest.lib.common.rest_client [req-c1c26ed4-1895-4f67-85b0-9b917de394b3 req-c1c26ed4-1895-4f67-85b0-9b917de394b3 ] Request (ServersAdmin275Test:_run_cleanups): 200 GET http://10.180.1.21/compute/v2.1/servers/1b16d347-9579-497b-8b20-5d3f58d029d2 0.503s
2025-04-15 16:43:53.864 70321 INFO tempest.lib.common.rest_client [req-070cd9c3-2cc4-4f34-a9eb-38c9c2918709 req-070cd9c3-2cc4-4f34-a9eb-38c9c2918709 ] Request (ServersTestBootFromVolume:setUpClass): 200 GET http://10.180.1.21/compute/v2.1/servers/428bfb3a-873a-41bb-8936-1c7b9ee8ab86 0.388s
2025-04-15 16:43:53.891 70337 INFO tempest.lib.common.rest_client [req-572b67f6-6286-47b8-a846-6fd2c332b81a req-572b67f6-6286-47b8-a846-6fd2c332b81a ] Request (ServerDiagnosticsV248Test:tearDownClass): 204 DELETE http://10.180.1.21/identity/v3/users/6ece1c5e467e435fa2d2ecc5ca05398e 0.101s
2025-04-15 16:43:53.899 70323 INFO tempest.lib.common.rest_client [req-79d7043b-dbbc-4354-8153-860d85e23c5a req-79d7043b-dbbc-4354-8153-860d85e23c5a ] Request (ServersAdminNegativeTestJSON:test_migrate_server_invalid_state): 200 GET http://10.180.1.21/compute/v2.1/servers/90596d2c-1621-499c-b961-f274f6f61b11 0.344s
2025-04-15 16:43:53.963 70369 INFO tempest.lib.common.rest_client [req-c902686d-ad10-4a68-95c2-68960e3a655e req-c902686d-ad10-4a68-95c2-68960e3a655e ] Request (InstanceActionsV221TestJSON:test_get_list_deleted_instance_actions): 200 GET http://10.180.1.21/compute/v2.1/servers/c1e85518-4f49-47a2-9913-0acdf416d5b0 0.326s
2025-04-15 16:43:53.970 70307 INFO tempest.lib.common.rest_client [req-68fa3a64-77cc-4f3e-b209-e5ddc0f4b74b req-68fa3a64-77cc-4f3e-b209-e5ddc0f4b74b ] Request (VolumesAdminNegativeTest:test_update_attached_volume_with_nonexistent_volume_in_body): 200 GET http://10.180.1.21/compute/v2.1/servers/36d4e7dd-459d-4c1a-ab75-340fd5f7276c 0.276s
2025-04-15 16:43:54.011 70311 INFO tempest.lib.common.rest_client [req-c5403005-1223-474d-8e16-1019a9e6562f req-c5403005-1223-474d-8e16-1019a9e6562f ] Request (ImagesOneServerNegativeTestJSON:setUpClass): 201 POST http://10.180.1.21:9696/networking/v2.0/routers 1.682s
2025-04-15 16:43:54.060 70337 INFO tempest.lib.common.rest_client [req-fa57f566-9d50-4e1d-8587-b47bcbe23e1d req-fa57f566-9d50-4e1d-8587-b47bcbe23e1d ] Request (ServerDiagnosticsV248Test:tearDownClass): 204 DELETE http://10.180.1.21/identity/v3/users/2440a24bbb9845e09e1c9da81576283a 0.169s
2025-04-15 16:43:54.061 70337 INFO tempest.lib.common.dynamic_creds [-] Deleting project and security group for project: 69050bd5a0434f52b55e66cfba3e39a2
2025-04-15 16:43:54.104 70353 INFO tempest.lib.common.rest_client [req-e9960646-1730-42e2-8582-15ca531fb15c req-e9960646-1730-42e2-8582-15ca531fb15c ] Request (ListServersNegativeTestJSON:setUpClass): 200 GET http://10.180.1.21/compute/v2.1/servers/74907754-3b40-4162-90f1-b2b3c8363911 0.239s
2025-04-15 16:43:54.113 70353 INFO tempest.common.waiters [-] State transition "BUILD/spawning" ==> "ACTIVE/None" after 5 second wait
2025-04-15 16:43:54.139 70367 INFO tempest.lib.common.rest_client [req-eb0ac17a-9bf5-42c3-a6fc-490a4affb1ff req-eb0ac17a-9bf5-42c3-a6fc-490a4affb1ff ] Request (InstanceActionsNegativeTestJSON:setUpClass): 200 GET http://10.180.1.21/compute/v2.1/servers/b89c7304-756d-4183-8fdd-48bb5a643686 0.319s
2025-04-15 16:43:54.174 70337 INFO tempest.lib.common.rest_client [req-33198b51-679c-4e97-83bb-4b9de0d5a9c8 req-33198b51-679c-4e97-83bb-4b9de0d5a9c8 ] Request (ServerDiagnosticsV248Test:tearDownClass): 201 POST http://10.180.1.21/identity/v3/auth/tokens 0.112s
2025-04-15 16:43:54.257 70353 INFO tempest.lib.common.rest_client [req-c1596706-0932-4436-8483-4bec39645abb req-c1596706-0932-4436-8483-4bec39645abb ] Request (ListServersNegativeTestJSON:setUpClass): 204 DELETE http://10.180.1.21/compute/v2.1/servers/5d3e105d-3b67-4b69-826f-7cd2759f64d5 0.143s
2025-04-15 16:43:54.321 70355 INFO tempest.lib.common.rest_client [req-65cb7179-08bd-4f3e-aad9-b33ed295c3f9 req-65cb7179-08bd-4f3e-aad9-b33ed295c3f9 ] Request (MigrationsAdminTest:test_list_migrations_in_flavor_resize_situation): 200 GET http://10.180.1.21/compute/v2.1/servers/86dd6a38-843d-43b4-89cc-f7357ce975b8 0.255s
2025-04-15 16:43:54.352 70331 INFO tempest.lib.common.rest_client [req-f6b0c0ee-37ac-45d4-b077-36c649ef1c6f req-f6b0c0ee-37ac-45d4-b077-36c649ef1c6f ] Request (ServerShowV247Test:test_update_rebuild_list_server): 200 GET http://10.180.1.21/compute/v2.1/servers/cb5ab047-6393-47a4-9fe4-3d7e62e7e100 0.210s
2025-04-15 16:43:54.393 70325 INFO tempest.lib.common.rest_client [req-213d14e9-ea52-4d9f-b33e-5ace0a90b10f req-213d14e9-ea52-4d9f-b33e-5ace0a90b10f ] Request (ListServerFiltersTestJSON:tearDownClass): 200 GET http://10.180.1.21/compute/v2.1/servers/ce442a1a-3c64-4a7a-a670-440f01101c14 0.235s
2025-04-15 16:43:54.397 70345 INFO tempest.lib.common.rest_client [req-f84543bf-6933-4103-93d5-a639b0870949 req-f84543bf-6933-4103-93d5-a639b0870949 ] Request (ImagesTestJSON:test_create_image_from_stopped_server): 200 GET http://10.180.1.21/compute/v2.1/images/9dabb16f-8f4c-441f-9776-0a73116f507d 0.207s
2025-04-15 16:43:54.403 70347 INFO tempest.lib.common.rest_client [req-ab6e8661-665f-4eaa-b0c8-3f254a286f84 req-ab6e8661-665f-4eaa-b0c8-3f254a286f84 ] Request (AttachInterfacesV270Test:setUpClass): 200 PUT http://10.180.1.21:9696/networking/v2.0/routers/c5c87890-b6ad-46c0-80f6-eb450c89bdcf/add_router_interface 1.202s
2025-04-15 16:43:54.404 70347 INFO tempest.lib.common.dynamic_creds [-] Created isolated network resources for: credentials: Credentials: {'domain_id': 'default', 'domain_name': 'Default', 'username': 'tempest-AttachInterfacesV270Test-1884518793-project-member', 'project_domain_id': 'default', 'project_domain_name': 'Default', 'project_id': '3d6fbff99e73461591eb674fef109293', 'project_name': 'tempest-AttachInterfacesV270Test-1884518793', 'tenant_id': '3d6fbff99e73461591eb674fef109293', 'tenant_name': 'tempest-AttachInterfacesV270Test-1884518793', 'user_domain_id': 'default', 'user_domain_name': 'Default', 'user_id': 'b8c826a90605434bb45d4e324421771b', 'system': None}, Network: {'id': '56ea8a39-10bb-4780-957f-f511cd8f88be', 'name': 'tempest-AttachInterfacesV270Test-1732698978-network', 'tenant_id': '3d6fbff99e73461591eb674fef109293', 'admin_state_up': True, 'mtu': 8950, 'status': 'ACTIVE', 'subnets': [], 'shared': False, 'project_id': '3d6fbff99e73461591eb674fef109293', 'port_security_enabled': True, 'router:external': False, 'provider:network_type': 'vlan', 'provider:physical_network': 'default', 'provider:segmentation_id': 725, 'availability_zone_hints': [], 'availability_zones': [], 'ipv4_address_scope': None, 'ipv6_address_scope': None, 'description': '', 'tags': [], 'created_at': '2025-04-15T16:43:51Z', 'updated_at': '2025-04-15T16:43:51Z', 'revision_number': 1}, Subnet: {'id': '133ff63c-3c6a-4030-b0f6-160e780106d9', 'name': 'tempest-AttachInterfacesV270Test-1732698978-subnet', 'tenant_id': '3d6fbff99e73461591eb674fef109293', 'network_id': '56ea8a39-10bb-4780-957f-f511cd8f88be', 'ip_version': 4, 'subnetpool_id': None, 'enable_dhcp': True, 'ipv6_ra_mode': None, 'ipv6_address_mode': None, 'gateway_ip': '192.168.128.1', 'cidr': '192.168.128.0/28', 'allocation_pools': [{'start': '192.168.128.2', 'end': '192.168.128.14'}], 'host_routes': [], 'dns_nameservers': [], 'description': '', 'router:external': False, 'service_types': [], 'tags': [], 'created_at': '2025-04-15T16:43:51Z', 'updated_at': '2025-04-15T16:43:51Z', 'revision_number': 0, 'project_id': '3d6fbff99e73461591eb674fef109293'}, Router: {'id': 'c5c87890-b6ad-46c0-80f6-eb450c89bdcf', 'name': 'tempest-AttachInterfacesV270Test-1732698978-router', 'tenant_id': '3d6fbff99e73461591eb674fef109293', 'admin_state_up': True, 'status': 'ACTIVE', 'external_gateway_info': {'network_id': 'aa4a6a6b-5249-4d87-bc5a-c982aef549b4', 'external_fixed_ips': [{'subnet_id': 'a811f334-799c-49e6-8131-2d28e9a60d4a', 'ip_address': '10.180.180.218'}], 'enable_snat': True}, 'description': '', 'availability_zones': [], 'distributed': False, 'ha': False, 'availability_zone_hints': [], 'routes': [], 'flavor_id': None, 'tags': [], 'created_at': '2025-04-15T16:43:52Z', 'updated_at': '2025-04-15T16:43:52Z', 'revision_number': 2, 'project_id': '3d6fbff99e73461591eb674fef109293'}
2025-04-15 16:43:54.481 70335 INFO tempest.lib.common.rest_client [req-b9def156-4372-40e9-b861-e5d6b8c431c8 req-b9def156-4372-40e9-b861-e5d6b8c431c8 ] Request (FloatingIPsAssociationNegativeTestJSON:tearDownClass): 200 GET http://10.180.1.21/compute/v2.1/servers/03ff3500-ce24-4274-bc2e-5e4777d25f03 0.260s
2025-04-15 16:43:54.505 70347 INFO tempest.lib.common.rest_client [req-8e595b9d-4f32-4477-b8b9-87dc7bda9cab req-8e595b9d-4f32-4477-b8b9-87dc7bda9cab ] Request (AttachInterfacesV270Test:setUpClass): 201 POST http://10.180.1.21/identity/v3/auth/tokens 0.094s
2025-04-15 16:43:54.550 70347 INFO tempest.lib.common.rest_client [req-84686876-e1ca-4e4b-a52c-ff1aa38df1d8 req-84686876-e1ca-4e4b-a52c-ff1aa38df1d8 ] Request (AttachInterfacesV270Test:test_create_get_list_interfaces): 201 POST http://10.180.1.21/identity/v3/auth/tokens 0.040s
2025-04-15 16:43:54.551 70347 INFO tempest.lib.common.fixed_network [-] (AttachInterfacesV270Test:test_create_get_list_interfaces) Found network {'id': '56ea8a39-10bb-4780-957f-f511cd8f88be', 'name': 'tempest-AttachInterfacesV270Test-1732698978-network', 'tenant_id': '3d6fbff99e73461591eb674fef109293', 'admin_state_up': True, 'mtu': 8950, 'status': 'ACTIVE', 'subnets': [], 'shared': False, 'project_id': '3d6fbff99e73461591eb674fef109293', 'port_security_enabled': True, 'router:external': False, 'provider:network_type': 'vlan', 'provider:physical_network': 'default', 'provider:segmentation_id': 725, 'availability_zone_hints': [], 'availability_zones': [], 'ipv4_address_scope': None, 'ipv6_address_scope': None, 'description': '', 'tags': [], 'created_at': '2025-04-15T16:43:51Z', 'updated_at': '2025-04-15T16:43:51Z', 'revision_number': 1} available for tenant
2025-04-15 16:43:54.570 70341 INFO tempest.lib.common.rest_client [req-d73e41a8-04ce-4eea-9b38-f1d6658625ed req-d73e41a8-04ce-4eea-9b38-f1d6658625ed ] Request (ServerDiskConfigTestJSON:test_rebuild_server_with_auto_disk_config): 200 GET http://10.180.1.21/compute/v2.1/servers/73ead6cd-4b4a-4614-a273-736a726aefc3 0.275s
2025-04-15 16:43:54.631 70359 INFO tempest.lib.common.rest_client [req-c1d26646-97c0-4548-9c34-9c43a20d12f3 req-c1d26646-97c0-4548-9c34-9c43a20d12f3 ] Request (ServerShowV257Test:test_rebuild_server): 200 GET http://10.180.1.21/compute/v2.1/servers/d1b8d80e-03e0-48e1-ace4-32369a145817 0.326s
2025-04-15 16:43:54.664 70353 INFO tempest.lib.common.rest_client [req-dcc9398f-8ff5-440e-ae36-e470fc5f8e3d req-dcc9398f-8ff5-440e-ae36-e470fc5f8e3d ] Request (ListServersNegativeTestJSON:setUpClass): 200 GET http://10.180.1.21/compute/v2.1/servers/5d3e105d-3b67-4b69-826f-7cd2759f64d5 0.406s
2025-04-15 16:43:54.667 70337 INFO tempest.lib.common.rest_client [req-2d6745d7-14e9-46c1-ba1b-0820ec3fc9a6 req-2d6745d7-14e9-46c1-ba1b-0820ec3fc9a6 ] Request (ServerDiagnosticsV248Test:tearDownClass): 200 GET http://10.180.1.21:9696/networking/v2.0/security-groups?tenant_id=69050bd5a0434f52b55e66cfba3e39a2&name=default 0.493s
2025-04-15 16:43:54.704 70349 INFO tempest.lib.common.rest_client [req-6aee2a5a-2f87-4499-a36e-1eb34a1ba83a req-6aee2a5a-2f87-4499-a36e-1eb34a1ba83a ] Request (ServerPasswordTestJSON:setUpClass): 200 GET http://10.180.1.21/compute/v2.1/servers/c345566d-a434-48c9-9925-b696473b4231 0.335s
2025-04-15 16:43:54.732 70361 INFO tempest.lib.common.rest_client [req-c93b51a5-a36c-4705-b2fb-1a338734490e req-c93b51a5-a36c-4705-b2fb-1a338734490e ] Request (ServerRescueNegativeTestJSON:setUpClass): 200 GET http://10.180.1.21/compute/v2.1/servers/74b9b3e1-456d-4e1d-a5e7-f446321242fe 0.286s
2025-04-15 16:43:54.766 70329 INFO tempest.lib.common.rest_client [req-5d6f95d1-9740-48f6-a0b1-ddcd8147e15b req-5d6f95d1-9740-48f6-a0b1-ddcd8147e15b ] Request (ServersTestFqdnHostnames:test_create_server_with_fqdn_name): 200 GET http://10.180.1.21/compute/v2.1/servers/c0d45945-e7fe-47f9-9790-fffe1e03b70f 0.240s
2025-04-15 16:43:54.809 70337 INFO tempest.lib.common.rest_client [req-782d8a8f-3606-4b59-bb6b-49f576caae71 req-782d8a8f-3606-4b59-bb6b-49f576caae71 ] Request (ServerDiagnosticsV248Test:tearDownClass): 204 DELETE http://10.180.1.21:9696/networking/v2.0/security-groups/50376075-4824-4efd-b635-b1b38e0bd81e 0.141s
2025-04-15 16:43:54.885 70319 INFO tempest.lib.common.rest_client [req-b33f13b5-f4ff-4614-a04b-4b2c882a035b req-b33f13b5-f4ff-4614-a04b-4b2c882a035b ] Request (ServersTestMultiNic:test_verify_duplicate_network_nics): 200 GET http://10.180.1.21/compute/v2.1/servers/d3b10ed6-7a6b-4f40-84be-6fc547f57adf 0.355s
2025-04-15 16:43:54.893 70337 INFO tempest.lib.common.rest_client [req-e4e3317e-7f05-4024-a8e1-d71cbb210e0b req-e4e3317e-7f05-4024-a8e1-d71cbb210e0b ] Request (ServerDiagnosticsV248Test:tearDownClass): 204 DELETE http://10.180.1.21/identity/v3/projects/69050bd5a0434f52b55e66cfba3e39a2 0.083s
2025-04-15 16:43:54.893 70337 INFO tempest.lib.common.dynamic_creds [-] Deleting project and security group for project: c4bbe8c58dde41f7a91a63997691842c
2025-04-15 16:43:54.942 70339 INFO tempest.lib.common.rest_client [req-dac7768f-9d80-4d70-a438-f125051f1177 req-dac7768f-9d80-4d70-a438-f125051f1177 ] Request (ServersNegativeTestJSON:setUpClass): 200 GET http://10.180.1.21/compute/v2.1/servers/9a02cf3b-61f3-41b2-bd11-2a2143b625e0 0.331s
2025-04-15 16:43:55.021 70363 INFO tempest.lib.common.rest_client [req-0b528ca3-abf3-41f6-ac94-24afc8715d90 req-0b528ca3-abf3-41f6-ac94-24afc8715d90 ] Request (DeleteServersAdminTestJSON:test_delete_server_while_in_error_state): 200 GET http://10.180.1.21/compute/v2.1/servers/796dc302-b266-4e92-8ce5-cc5380e071ff 0.411s
2025-04-15 16:43:55.063 70337 INFO tempest.lib.common.rest_client [req-696f04e3-fa36-461f-a74e-8a285ebcabc4 req-696f04e3-fa36-461f-a74e-8a285ebcabc4 ] Request (ServerDiagnosticsV248Test:tearDownClass): 200 GET http://10.180.1.21:9696/networking/v2.0/security-groups?tenant_id=c4bbe8c58dde41f7a91a63997691842c&name=default 0.170s
2025-04-15 16:43:55.076 70313 WARNING tempest.lib.common.ssh [-] Failed to establish authenticated ssh connection to cirros@10.180.180.143 ([Errno None] Unable to connect to port 22 on 10.180.180.143). Number attempts: 4. Retry after 5 seconds.: paramiko.ssh_exception.NoValidConnectionsError: [Errno None] Unable to connect to port 22 on 10.180.180.143
2025-04-15 16:43:55.103 70351 INFO tempest.lib.common.rest_client [req-e6554932-19e9-4d99-ab3b-ee2d06c0a96e req-e6554932-19e9-4d99-ab3b-ee2d06c0a96e ] Request (ImagesOneServerTestJSON:tearDownClass): 200 GET http://10.180.1.21/compute/v2.1/servers/722a0b73-4bf9-4003-981c-aa3499d8b87b 0.418s
2025-04-15 16:43:55.169 70327 INFO tempest.lib.common.rest_client [req-0e780a88-c9cc-4d3d-ad6c-972e5945054a req-0e780a88-c9cc-4d3d-ad6c-972e5945054a ] Request (FloatingIPsAssociationTestJSON:test_associate_already_associated_floating_ip): 200 GET http://10.180.1.21/compute/v2.1/servers/b0b9e6b8-0c76-43c1-9b0c-0219be4c8e1f 0.474s
2025-04-15 16:43:55.209 70337 INFO tempest.lib.common.rest_client [req-5265c024-f41f-41db-a81b-e4b82c585473 req-5265c024-f41f-41db-a81b-e4b82c585473 ] Request (ServerDiagnosticsV248Test:tearDownClass): 204 DELETE http://10.180.1.21:9696/networking/v2.0/security-groups/da48dc90-a30f-40e6-a19d-923efe331de8 0.146s
2025-04-15 16:43:55.263 70347 INFO tempest.lib.common.rest_client [req-dea8e675-7dae-48bc-aa68-e16303a15969 req-dea8e675-7dae-48bc-aa68-e16303a15969 ] Request (AttachInterfacesV270Test:test_create_get_list_interfaces): 202 POST http://10.180.1.21/compute/v2.1/servers 0.712s
2025-04-15 16:43:55.269 70315 INFO tempest.lib.common.rest_client [req-2d0753bf-e1ef-4f1b-bef5-004b694f25f6 req-2d0753bf-e1ef-4f1b-bef5-004b694f25f6 ] Request (ServersListShow2100Test:tearDownClass): 200 GET http://10.180.1.21/compute/v2.1/servers/aaf64411-26d3-471b-9dc6-ee70d2461f51 0.494s
2025-04-15 16:43:55.337 70357 INFO tempest.lib.common.rest_client [req-74968c5e-aee2-4331-8ffc-e92fcc285c9a req-74968c5e-aee2-4331-8ffc-e92fcc285c9a ] Request (ServerAddressesTestJSON:setUpClass): 200 GET http://10.180.1.21/compute/v2.1/servers/f7a3245f-e02c-4b30-8574-b0028e8341a8 0.555s
2025-04-15 16:43:55.358 70337 INFO tempest.lib.common.rest_client [req-0d7c84db-e818-4d87-a89b-bfc6dd219861 req-0d7c84db-e818-4d87-a89b-bfc6dd219861 ] Request (ServerDiagnosticsV248Test:tearDownClass): 204 DELETE http://10.180.1.21/identity/v3/projects/c4bbe8c58dde41f7a91a63997691842c 0.148s
2025-04-15 16:43:55.385 70343 INFO tempest.lib.common.rest_client [req-3b25c48e-f5eb-4629-9a87-21b06422eb10 req-3b25c48e-f5eb-4629-9a87-21b06422eb10 ] Request (ServersAdmin275Test:_run_cleanups): 200 GET http://10.180.1.21/compute/v2.1/servers/1b16d347-9579-497b-8b20-5d3f58d029d2 0.534s
2025-04-15 16:43:55.396 70343 INFO tempest.common.waiters [-] State transition "REBUILD/rebuild_spawning" ==> "ACTIVE/None" after 10 second wait
2025-04-15 16:43:55.423 70321 INFO tempest.lib.common.rest_client [req-90a52ac5-3f91-4f09-bd01-dfd57ca65aa3 req-90a52ac5-3f91-4f09-bd01-dfd57ca65aa3 ] Request (ServersTestBootFromVolume:setUpClass): 200 GET http://10.180.1.21/compute/v2.1/servers/428bfb3a-873a-41bb-8936-1c7b9ee8ab86 0.545s
2025-04-15 16:43:55.462 70337 INFO tempest.lib.common.rest_client [req-e4bea826-7593-454f-91b9-dfa5617b8ca5 req-e4bea826-7593-454f-91b9-dfa5617b8ca5 ] Request (ServerDiagnosticsNegativeTest:setUpClass): 201 POST http://10.180.1.21/identity/v3/auth/tokens 0.103s
