2025-04-23 15:06:50.374 70139 INFO tempest.lib.common.dynamic_creds [-] Created isolated network resources for: credentials: Credentials: {'domain_id': 'default', 'domain_name': 'Default', 'username': 'tempest-ServerActionsTestOtherB-1759814677-project-member', 'project_domain_id': 'default', 'project_domain_name': 'Default', 'project_id': '8a9ed7831f7649d8a1513a1489a27fe0', 'project_name': 'tempest-ServerActionsTestOtherB-1759814677', 'tenant_id': '8a9ed7831f7649d8a1513a1489a27fe0', 'tenant_name': 'tempest-ServerActionsTestOtherB-1759814677', 'user_domain_id': 'default', 'user_domain_name': 'Default', 'user_id': 'a75c04d669614a948578ceeecde38727', 'system': None}, Network: {'id': '736a0f54-c3d6-4d1b-bc67-5debfc8f11d9', 'name': 'tempest-ServerActionsTestOtherB-1453728551-network', 'tenant_id': '8a9ed7831f7649d8a1513a1489a27fe0', 'admin_state_up': True, 'mtu': 8950, 'status': 'ACTIVE', 'subnets': [], 'shared': False, 'project_id': '8a9ed7831f7649d8a1513a1489a27fe0', 'port_security_enabled': True, 'router:external': False, 'provider:network_type': 'vlan', 'provider:physical_network': 'default', 'provider:segmentation_id': 853, 'availability_zone_hints': [], 'availability_zones': [], 'ipv4_address_scope': None, 'ipv6_address_scope': None, 'description': '', 'tags': [], 'created_at': '2025-04-23T15:06:47Z', 'updated_at': '2025-04-23T15:06:47Z', 'revision_number': 1}, Subnet: {'id': 'b87aead6-9b03-42b8-a1d9-2486639afd79', 'name': 'tempest-ServerActionsTestOtherB-1453728551-subnet', 'tenant_id': '8a9ed7831f7649d8a1513a1489a27fe0', 'network_id': '736a0f54-c3d6-4d1b-bc67-5debfc8f11d9', 'ip_version': 4, 'subnetpool_id': None, 'enable_dhcp': True, 'ipv6_ra_mode': None, 'ipv6_address_mode': None, 'gateway_ip': '192.168.128.1', 'cidr': '192.168.128.0/28', 'allocation_pools': [{'start': '192.168.128.2', 'end': '192.168.128.14'}], 'host_routes': [], 'dns_nameservers': [], 'description': '', 'router:external': False, 'service_types': [], 'tags': [], 'created_at': '2025-04-23T15:06:48Z', 'updated_at': '2025-04-23T15:06:48Z', 'revision_number': 0, 'project_id': '8a9ed7831f7649d8a1513a1489a27fe0'}, Router: {'id': '750f150a-a7c7-45a7-930e-39d941376597', 'name': 'tempest-ServerActionsTestOtherB-1453728551-router', 'tenant_id': '8a9ed7831f7649d8a1513a1489a27fe0', 'admin_state_up': True, 'status': 'ACTIVE', 'external_gateway_info': {'network_id': 'ef1fd0b6-75e5-4754-b10c-8a2616d903e7', 'external_fixed_ips': [{'subnet_id': '48b0d69b-1653-4b3d-a11e-1b2cd57e3eff', 'ip_address': '10.180.180.143'}], 'enable_snat': True}, 'description': '', 'availability_zones': [], 'distributed': False, 'ha': False, 'availability_zone_hints': [], 'routes': [], 'flavor_id': None, 'tags': [], 'created_at': '2025-04-23T15:06:48Z', 'updated_at': '2025-04-23T15:06:48Z', 'revision_number': 2, 'project_id': '8a9ed7831f7649d8a1513a1489a27fe0'}
2025-04-23 15:06:50.426 70189 INFO tempest.lib.common.rest_client [req-2fb5ab7e-2c3e-4579-a6db-ef58ee640726 req-2fb5ab7e-2c3e-4579-a6db-ef58ee640726 ] Request (InstanceActionsV221TestJSON:test_get_list_deleted_instance_actions): 200 GET http://10.180.1.21/compute/v2.1/servers/d83edca6-6921-4ea4-898f-9c613fc9ed88 0.583s
2025-04-23 15:06:50.442 70169 INFO tempest.lib.common.rest_client [req-f62098d3-2a56-4374-a2d2-61d3b5c8e357 req-f62098d3-2a56-4374-a2d2-61d3b5c8e357 ] Request (ListImageFiltersTestJSON:setUpClass): 200 GET http://10.180.1.21/compute/v2.1/servers/606c4ee6-ac65-44b6-a2e8-73a3325895e7 0.522s
2025-04-23 15:06:50.451 70139 INFO tempest.lib.common.rest_client [req-93673ad8-4dde-4674-8491-5cf751d7880b req-93673ad8-4dde-4674-8491-5cf751d7880b ] Request (ServerActionsTestOtherB:setUpClass): 201 POST http://10.180.1.21/identity/v3/auth/tokens 0.073s
2025-04-23 15:06:50.478 70183 INFO tempest.lib.common.rest_client [req-19efb6f0-c312-4d2b-8d48-94cd01621018 req-19efb6f0-c312-4d2b-8d48-94cd01621018 ] Request (MigrationsAdminTest:test_list_migrations_in_flavor_resize_situation): 200 GET http://10.180.1.21/compute/v2.1/servers/77f985dd-dd81-4b77-8eb5-a65cfde26dbe 0.462s
2025-04-23 15:06:50.499 70163 INFO tempest.lib.common.rest_client [req-624ea6be-896b-429b-a202-e57bb48d95cf req-624ea6be-896b-429b-a202-e57bb48d95cf ] Request (ServerDiagnosticsV248Test:tearDownClass): 404 GET http://10.180.1.21/compute/v2.1/servers/66c2cedd-8e59-4707-be43-ed9351d8faa4 0.406s
2025-04-23 15:06:50.500 70175 INFO tempest.lib.common.rest_client [req-39c77353-8bab-446f-bc11-dff6c02e04e9 req-39c77353-8bab-446f-bc11-dff6c02e04e9 ] Request (ServersListShow298Test:test_list_show_update_rebuild_server_298): 200 GET http://10.180.1.21/compute/v2.1/servers/75921141-90d9-4c78-99b6-57fc38eff25a 0.468s
2025-04-23 15:06:50.590 70161 INFO tempest.lib.common.rest_client [req-844039e0-8669-499a-ac4d-0153fabde07c req-844039e0-8669-499a-ac4d-0153fabde07c ] Request (QuotaClassesAdmin257Test:test_update_default_quotas): 200 GET http://10.180.1.21/compute/v2.1/os-quota-class-sets/default 0.329s
2025-04-23 15:06:50.606 70135 INFO tempest.lib.common.rest_client [req-a36f61fc-0604-4bcb-a180-826472d5f23d req-a36f61fc-0604-4bcb-a180-826472d5f23d ] Request (ServersTestJSON:setUpClass): 200 GET http://10.180.1.21/compute/v2.1/servers/4ec9d6d6-6748-4ff0-b411-7653473d1271 0.324s
2025-04-23 15:06:50.626 70163 INFO tempest.lib.common.rest_client [req-a0222ae4-ee68-4f15-9434-e2dc3eb8b2be req-a0222ae4-ee68-4f15-9434-e2dc3eb8b2be ] Request (ServerDiagnosticsV248Test:tearDownClass): 204 DELETE http://10.180.1.21/identity/v3/users/8e9bb98a85254653a6277754109b5419 0.126s
2025-04-23 15:06:50.633 70151 INFO tempest.lib.common.rest_client [req-04f2317e-6ffa-474f-8188-91d9bfe47c02 req-04f2317e-6ffa-474f-8188-91d9bfe47c02 ] Request (FlavorsAccessNegativeTestJSON:test_flavor_non_admin_remove): 200 POST http://10.180.1.21/compute/v2.1/flavors 0.265s
2025-04-23 15:06:50.668 70181 INFO tempest.lib.common.rest_client [req-bd4df893-d9ba-4b52-9454-c952934b69f0 req-bd4df893-d9ba-4b52-9454-c952934b69f0 ] Request (ServerExternalEventsTest:tearDownClass): 200 GET http://10.180.1.21/compute/v2.1/servers/18d0eb84-5b1e-4b7e-a9e4-ff157551f9a5 0.314s
2025-04-23 15:06:50.734 70163 INFO tempest.lib.common.rest_client [req-05598c39-1679-494d-97fd-2dc75a783673 req-05598c39-1679-494d-97fd-2dc75a783673 ] Request (ServerDiagnosticsV248Test:tearDownClass): 204 DELETE http://10.180.1.21/identity/v3/users/e5f0879b775147e687bb32c7d4e8b02e 0.107s
2025-04-23 15:06:50.734 70163 INFO tempest.lib.common.dynamic_creds [-] Deleting project and security group for project: 6eab353c2aae4e9b931997e8360793f9
2025-04-23 15:06:50.788 70129 INFO tempest.lib.common.rest_client [req-a09affd8-7409-4708-b066-8f15126e49b4 req-a09affd8-7409-4708-b066-8f15126e49b4 ] Request (ListServerFiltersTestJSON:test_list_servers_filter_by_shutoff_status): 200 GET http://10.180.1.21/compute/v2.1/servers/17468efb-5a72-4ca4-afea-ecce3f243533 0.341s
2025-04-23 15:06:50.798 70129 INFO tempest.common.waiters [-] State transition "ACTIVE/powering-off" ==> "SHUTOFF/None" after 2 second wait
2025-04-23 15:06:50.813 70163 INFO tempest.lib.common.rest_client [req-c548cbc3-391d-42c3-a2e8-feae994f1cd0 req-c548cbc3-391d-42c3-a2e8-feae994f1cd0 ] Request (ServerDiagnosticsV248Test:tearDownClass): 201 POST http://10.180.1.21/identity/v3/auth/tokens 0.079s
2025-04-23 15:06:50.862 70159 INFO tempest.lib.common.rest_client [req-114184e1-6cfc-4627-9b3f-a021af4268c9 req-114184e1-6cfc-4627-9b3f-a021af4268c9 ] Request (DeleteServersAdminTestJSON:test_delete_server_while_in_error_state): 200 GET http://10.180.1.21/compute/v2.1/servers/94885a87-a767-4725-af22-52fd7fa7bbb2 0.370s
2025-04-23 15:06:50.897 70139 INFO tempest.lib.common.rest_client [req-097e3feb-e44d-45c3-8fc4-4270b7bbc8a9 req-097e3feb-e44d-45c3-8fc4-4270b7bbc8a9 ] Request (ServerActionsTestOtherB:setUpClass): 200 POST http://10.180.1.21/compute/v2.1/os-keypairs 0.444s
2025-04-23 15:06:50.919 70161 INFO tempest.lib.common.rest_client [req-1fc0c34a-df10-4d9f-a90e-880b657a0012 req-1fc0c34a-df10-4d9f-a90e-880b657a0012 ] Request (QuotaClassesAdmin257Test:test_update_default_quotas): 200 PUT http://10.180.1.21/compute/v2.1/os-quota-class-sets/default 0.327s
2025-04-23 15:06:50.974 70171 INFO tempest.lib.common.rest_client [req-088bd2f1-6fa5-4525-9c05-8826c3be10a2 req-088bd2f1-6fa5-4525-9c05-8826c3be10a2 ] Request (ImagesTestJSON:test_create_image_from_suspended_server): 200 GET http://10.180.1.21/compute/v2.1/servers/7d6e973a-3c1d-4b46-9347-2a11462fdd94 0.327s
2025-04-23 15:06:50.999 70151 INFO tempest.lib.common.rest_client [req-0ed74ad8-0100-43b6-8d74-447c86432611 req-0ed74ad8-0100-43b6-8d74-447c86432611 ] Request (FlavorsAccessNegativeTestJSON:test_flavor_non_admin_remove): 200 POST http://10.180.1.21/compute/v2.1/flavors/501811000/action 0.364s
2025-04-23 15:06:51.030 70129 INFO tempest.lib.common.rest_client [req-ea12f400-9443-4c16-b429-3111bf896ce3 req-ea12f400-9443-4c16-b429-3111bf896ce3 ] Request (ListServerFiltersTestJSON:test_list_servers_filter_by_shutoff_status): 200 GET http://10.180.1.21/compute/v2.1/servers?status=shutoff 0.232s
2025-04-23 15:06:51.047 70163 INFO tempest.lib.common.rest_client [req-dd1c6184-ee3a-44b5-9041-11c7ad509c3c req-dd1c6184-ee3a-44b5-9041-11c7ad509c3c ] Request (ServerDiagnosticsV248Test:tearDownClass): 200 GET http://10.180.1.21:9696/networking/v2.0/security-groups?tenant_id=6eab353c2aae4e9b931997e8360793f9&name=default 0.233s
2025-04-23 15:06:51.082 70139 INFO tempest.lib.common.rest_client [req-a4b92b04-fd52-45ec-a8c2-ce8615ff9876 req-a4b92b04-fd52-45ec-a8c2-ce8615ff9876 ] Request (ServerActionsTestOtherB:setUpClass): 201 POST http://10.180.1.21:9696/networking/v2.0/security-groups 0.184s
2025-04-23 15:06:51.085 70187 INFO tempest.lib.common.rest_client [req-d04f6bfb-f362-4b76-9bc9-720215d113cf req-d04f6bfb-f362-4b76-9bc9-720215d113cf ] Request (SecurityGroupsTestJSON:test_list_security_groups_by_server): 200 GET http://10.180.1.21/compute/v2.1/servers/108f928d-bdc4-42eb-9885-4436d0900efd 0.213s
2025-04-23 15:06:51.141 70191 INFO tempest.lib.common.rest_client [req-18e380c5-1a22-4a7f-82bc-d3633ce23ad6 req-18e380c5-1a22-4a7f-82bc-d3633ce23ad6 ] Request (ImagesNegativeTestJSON:test_create_image_from_deleted_server): 200 GET http://10.180.1.21/compute/v2.1/servers/b761fee3-31d7-43f4-b9f4-709dab178486 0.236s
2025-04-23 15:06:51.153 70161 INFO tempest.lib.common.rest_client [req-7cd2015a-f575-4e63-be6c-8f8957395568 req-7cd2015a-f575-4e63-be6c-8f8957395568 ] Request (QuotaClassesAdmin257Test:test_update_default_quotas): 200 GET http://10.180.1.21/compute/v2.1/os-quota-class-sets/default 0.230s
2025-04-23 15:06:51.188 70141 INFO tempest.lib.common.rest_client [req-db73f2d9-f963-4514-a2b2-bc89362fc8b4 req-db73f2d9-f963-4514-a2b2-bc89362fc8b4 ] Request (ServerMetadataNegativeTestJSON:setUpClass): 200 GET http://10.180.1.21/compute/v2.1/servers/dc42e351-1af4-47f4-a737-47eb44173a37 0.362s
2025-04-23 15:06:51.196 70151 INFO tempest.lib.common.rest_client [req-a292ff26-cdec-4760-b029-142635ad2a20 req-a292ff26-cdec-4760-b029-142635ad2a20 ] Request (FlavorsAccessNegativeTestJSON:test_flavor_non_admin_remove): 403 POST http://10.180.1.21/compute/v2.1/flavors/501811000/action 0.195s
2025-04-23 15:06:51.198 70139 INFO tempest.lib.common.rest_client [req-588b297f-258b-4ad5-aabe-17d6e56b6af5 req-588b297f-258b-4ad5-aabe-17d6e56b6af5 ] Request (ServerActionsTestOtherB:setUpClass): 201 POST http://10.180.1.21:9696/networking/v2.0/security-group-rules 0.115s
2025-04-23 15:06:51.226 70133 INFO tempest.lib.common.rest_client [req-bd1c7998-f32f-4fa1-854a-1482ae82a788 req-bd1c7998-f32f-4fa1-854a-1482ae82a788 ] Request (ServerDiagnosticsTest:test_get_server_diagnostics): 200 GET http://10.180.1.21/compute/v2.1/servers/e74ba056-e5e0-491a-86f8-2b6ff38b744c 0.245s
2025-04-23 15:06:51.231 70163 INFO tempest.lib.common.rest_client [req-9b19fd61-626b-4b5b-9037-fff4932b2154 req-9b19fd61-626b-4b5b-9037-fff4932b2154 ] Request (ServerDiagnosticsV248Test:tearDownClass): 204 DELETE http://10.180.1.21:9696/networking/v2.0/security-groups/2865aa40-ce1a-4e02-a5bd-2d4415bf0fdc 0.184s
2025-04-23 15:06:51.292 70139 INFO tempest.lib.common.rest_client [req-18e18051-cd5b-450f-86ce-3e31533a7c74 req-18e18051-cd5b-450f-86ce-3e31533a7c74 ] Request (ServerActionsTestOtherB:setUpClass): 201 POST http://10.180.1.21:9696/networking/v2.0/security-group-rules 0.094s
2025-04-23 15:06:51.297 70143 INFO tempest.lib.common.rest_client [req-c6b6b029-9585-405b-8533-1352d7e509b6 req-c6b6b029-9585-405b-8533-1352d7e509b6 ] Request (ServersAdmin275Test:tearDownClass): 200 GET http://10.180.1.21/compute/v2.1/servers/d2034a90-37dc-4f14-b91e-00d4288d7420 0.295s
2025-04-23 15:06:51.317 70129 INFO tempest.lib.common.rest_client [req-266165f0-173b-41b0-93b9-a7079ee10d45 req-266165f0-173b-41b0-93b9-a7079ee10d45 ] Request (ListServerFiltersTestJSON:test_list_servers_filter_by_shutoff_status): 202 POST http://10.180.1.21/compute/v2.1/servers/17468efb-5a72-4ca4-afea-ecce3f243533/action 0.284s
2025-04-23 15:06:51.333 70163 INFO tempest.lib.common.rest_client [req-243648ef-9881-444f-a22a-58981bb7b21d req-243648ef-9881-444f-a22a-58981bb7b21d ] Request (ServerDiagnosticsV248Test:tearDownClass): 204 DELETE http://10.180.1.21/identity/v3/projects/6eab353c2aae4e9b931997e8360793f9 0.102s
2025-04-23 15:06:51.334 70163 INFO tempest.lib.common.dynamic_creds [-] Deleting project and security group for project: bdd1fe9d70e24b47a7cf0a9c61d3287c
2025-04-23 15:06:51.364 70154 INFO tempest.lib.common.rest_client [req-46aba78a-7a73-4ae3-be82-580472062e4a req-46aba78a-7a73-4ae3-be82-580472062e4a ] Request (FloatingIPsAssociationTestJSON:test_associate_already_associated_floating_ip): 200 GET http://10.180.1.21/compute/v2.1/servers/ad845b1d-adb0-4f21-9c26-9c90e4065085 0.315s
2025-04-23 15:06:51.377 70155 INFO tempest.lib.common.rest_client [req-b385891c-77f2-49da-aaaa-4e2a76c81a6b req-b385891c-77f2-49da-aaaa-4e2a76c81a6b ] Request (ServersTestFqdnHostnames:test_create_server_with_fqdn_name): 200 GET http://10.180.1.21/compute/v2.1/servers/9bec962f-e13e-4dc5-adb2-e197f3be7149 0.297s
2025-04-23 15:06:51.424 70161 INFO tempest.lib.common.rest_client [req-9fc4a647-cb42-4e6f-acbd-55b8a2d2a432 req-9fc4a647-cb42-4e6f-acbd-55b8a2d2a432 ] Request (QuotaClassesAdmin257Test:_run_cleanups): 200 PUT http://10.180.1.21/compute/v2.1/os-quota-class-sets/default 0.267s
2025-04-23 15:06:51.424 70145 INFO tempest.lib.common.rest_client [req-764b3269-3fb2-4039-ac77-0fba63dd31ae req-764b3269-3fb2-4039-ac77-0fba63dd31ae ] Request (ServersTestJSON:test_create_server_specify_multibyte_character_name): 200 GET http://10.180.1.21/compute/v2.1/servers/78068fe4-df94-47e1-bacf-499b8f9faeea 0.308s
2025-04-23 15:06:51.476 70177 INFO tempest.lib.common.rest_client [req-a398e387-94de-4fb5-aa05-67d5146d3a46 req-a398e387-94de-4fb5-aa05-67d5146d3a46 ] Request (ServerAddressesNegativeTestJSON:setUpClass): 200 GET http://10.180.1.21/compute/v2.1/servers/75849b03-fa75-42ef-b7e2-b8b001e720b6 0.315s
2025-04-23 15:06:51.524 70163 INFO tempest.lib.common.rest_client [req-c66881e4-fd46-42f5-bd57-f23c4f084e42 req-c66881e4-fd46-42f5-bd57-f23c4f084e42 ] Request (ServerDiagnosticsV248Test:tearDownClass): 200 GET http://10.180.1.21:9696/networking/v2.0/security-groups?tenant_id=bdd1fe9d70e24b47a7cf0a9c61d3287c&name=default 0.189s
2025-04-23 15:06:51.579 70161 INFO tempest.lib.common.rest_client [req-d5ef03c5-a7b9-474c-82be-09c2f841dd6f req-d5ef03c5-a7b9-474c-82be-09c2f841dd6f ] Request (QuotaClassesAdmin257Test:tearDownClass): 204 DELETE http://10.180.1.21/identity/v3/users/04fb6760db3d46a3b8824148811501da 0.152s
2025-04-23 15:06:51.587 70157 INFO tempest.lib.common.rest_client [req-6844db51-050d-4c3a-9e8c-ae0965887538 req-6844db51-050d-4c3a-9e8c-ae0965887538 ] Request (ListServersNegativeTestJSON:setUpClass): 200 GET http://10.180.1.21/compute/v2.1/servers/c913edc9-a08d-40e8-a50f-89caf3b73c3f 0.413s
2025-04-23 15:06:51.621 70163 INFO tempest.lib.common.rest_client [req-4dc2ac39-e222-44f3-aef0-507286bfea76 req-4dc2ac39-e222-44f3-aef0-507286bfea76 ] Request (ServerDiagnosticsV248Test:tearDownClass): 204 DELETE http://10.180.1.21:9696/networking/v2.0/security-groups/c8b0f46a-7e41-4ce3-a930-a7f89ee77b38 0.096s
2025-04-23 15:06:51.646 70131 INFO tempest.lib.common.rest_client [req-f36d0289-f039-4c62-929b-96735b3d4210 req-f36d0289-f039-4c62-929b-96735b3d4210 ] Request (ServersWithSpecificFlavorTestJSON:test_verify_created_server_ephemeral_disk): 200 GET http://10.180.1.21/compute/v2.1/servers/59d9f1fa-5fed-4b29-944b-986410f7ee7a 0.434s
2025-04-23 15:06:51.692 70151 INFO tempest.lib.common.rest_client [req-6974faf0-0366-4e5f-af8d-6fc82397cb2b req-6974faf0-0366-4e5f-af8d-6fc82397cb2b ] Request (FlavorsAccessNegativeTestJSON:_run_cleanups): 200 POST http://10.180.1.21/compute/v2.1/flavors/501811000/action 0.494s
2025-04-23 15:06:51.703 70161 INFO tempest.lib.common.rest_client [req-f0d5534f-5aa9-483b-ac9c-cd329cd2c3e0 req-f0d5534f-5aa9-483b-ac9c-cd329cd2c3e0 ] Request (QuotaClassesAdmin257Test:tearDownClass): 204 DELETE http://10.180.1.21/identity/v3/users/73ab0b5cf301426cacdb54f7ad90540b 0.123s
2025-04-23 15:06:51.703 70161 INFO tempest.lib.common.dynamic_creds [-] Deleting project and security group for project: 170d870f905046e89d70bda9d83f101a
2025-04-23 15:06:51.708 70173 INFO tempest.lib.common.rest_client [req-36bd2be4-bb1e-4391-9872-49e309d2eb10 req-36bd2be4-bb1e-4391-9872-49e309d2eb10 ] Request (ServersAdminNegativeTestJSON:test_migrate_server_invalid_state): 200 GET http://10.180.1.21/compute/v2.1/servers/9f564265-7bca-4d2c-a088-6c77e6a1e919 0.475s
2025-04-23 15:06:51.765 70161 INFO tempest.lib.common.rest_client [req-032d5f74-7343-4772-a10e-9b79e841da95 req-032d5f74-7343-4772-a10e-9b79e841da95 ] Request (QuotaClassesAdmin257Test:tearDownClass): 201 POST http://10.180.1.21/identity/v3/auth/tokens 0.061s
2025-04-23 15:06:51.772 70137 INFO tempest.lib.common.rest_client [req-e5e9119a-4862-4b26-a011-aa6926b4f971 req-e5e9119a-4862-4b26-a011-aa6926b4f971 ] Request (VolumesAdminNegativeTest:test_update_attached_volume_with_nonexistent_volume_in_body): 200 GET http://10.180.1.21/compute/v2.1/servers/2ba11b3c-ac84-4c9c-9fe9-4827a70aa86d 0.504s
2025-04-23 15:06:51.789 70149 INFO tempest.lib.common.rest_client [req-2c13390f-1bdb-44da-a40e-231a705986be req-2c13390f-1bdb-44da-a40e-231a705986be ] Request (ServerDiagnosticsNegativeTest:tearDownClass): 200 GET http://10.180.1.21/compute/v2.1/servers/9ab02829-03b3-468c-bc1b-8a45addec5d1 0.497s
2025-04-23 15:06:51.790 70163 INFO tempest.lib.common.rest_client [req-6d5b31c0-5428-437f-913c-b41596f8aa0c req-6d5b31c0-5428-437f-913c-b41596f8aa0c ] Request (ServerDiagnosticsV248Test:tearDownClass): 204 DELETE http://10.180.1.21/identity/v3/projects/bdd1fe9d70e24b47a7cf0a9c61d3287c 0.169s
2025-04-23 15:06:51.857 70186 INFO tempest.lib.common.rest_client [req-c3bf704d-53e1-450d-9ae9-f5ab966e546d req-c3bf704d-53e1-450d-9ae9-f5ab966e546d ] Request (FloatingIPsAssociationNegativeTestJSON:setUpClass): 200 GET http://10.180.1.21/compute/v2.1/servers/b38af852-4d97-4962-8ec8-c9a7b08c34bd 0.535s
2025-04-23 15:06:51.861 70139 INFO tempest.lib.common.rest_client [req-c5739b38-9660-478c-80e9-4640aca4cd31 req-c5739b38-9660-478c-80e9-4640aca4cd31 ] Request (ServerActionsTestOtherB:setUpClass): 201 POST http://10.180.1.21:9696/networking/v2.0/floatingips 0.568s
2025-04-23 15:06:51.874 70163 INFO tempest.lib.common.rest_client [req-8aba1c6f-98db-4b30-a127-4589aa87fb14 req-8aba1c6f-98db-4b30-a127-4589aa87fb14 ] Request (TenantUsagesTestJSON:setUpClass): 201 POST http://10.180.1.21/identity/v3/auth/tokens 0.081s
2025-04-23 15:06:51.919 70167 INFO tempest.lib.common.rest_client [req-e10e40e4-5bb2-4337-ad16-c1e2ee704d33 req-e10e40e4-5bb2-4337-ad16-c1e2ee704d33 ] Request (ServerGroupTestJSON:test_create_server_with_scheduler_hint_group): 200 GET http://10.180.1.21/compute/v2.1/servers/2286857e-9712-4316-8b99-22137dde2157 0.578s
2025-04-23 15:06:51.938 70163 INFO tempest.lib.common.rest_client [req-a2fcfbf1-0211-4333-b2cd-7acff9dba18e req-a2fcfbf1-0211-4333-b2cd-7acff9dba18e ] Request (TenantUsagesTestJSON:setUpClass): 201 POST http://10.180.1.21/identity/v3/auth/tokens 0.059s
2025-04-23 15:06:51.968 70129 INFO tempest.lib.common.rest_client [req-5f8cb748-caf6-42ba-a682-2a01b422be9c req-5f8cb748-caf6-42ba-a682-2a01b422be9c ] Request (ListServerFiltersTestJSON:test_list_servers_filter_by_shutoff_status): 200 GET http://10.180.1.21/compute/v2.1/servers/17468efb-5a72-4ca4-afea-ecce3f243533 0.651s
2025-04-23 15:06:51.976 70139 INFO tempest.lib.common.rest_client [req-e976c3c3-61fb-4f7d-b5ce-fc03f5856240 req-e976c3c3-61fb-4f7d-b5ce-fc03f5856240 ] Request (ServerActionsTestOtherB:setUpClass): 201 POST http://10.180.1.21/identity/v3/auth/tokens 0.110s
2025-04-23 15:06:51.976 70139 INFO tempest.lib.common.fixed_network [-] (ServerActionsTestOtherB:setUpClass) Found network {'id': '736a0f54-c3d6-4d1b-bc67-5debfc8f11d9', 'name': 'tempest-ServerActionsTestOtherB-1453728551-network', 'tenant_id': '8a9ed7831f7649d8a1513a1489a27fe0', 'admin_state_up': True, 'mtu': 8950, 'status': 'ACTIVE', 'subnets': [], 'shared': False, 'project_id': '8a9ed7831f7649d8a1513a1489a27fe0', 'port_security_enabled': True, 'router:external': False, 'provider:network_type': 'vlan', 'provider:physical_network': 'default', 'provider:segmentation_id': 853, 'availability_zone_hints': [], 'availability_zones': [], 'ipv4_address_scope': None, 'ipv6_address_scope': None, 'description': '', 'tags': [], 'created_at': '2025-04-23T15:06:47Z', 'updated_at': '2025-04-23T15:06:47Z', 'revision_number': 1} available for tenant
2025-04-23 15:06:51.984 70163 INFO tempest.lib.common.rest_client [req-6b1baa5e-f464-49b9-a475-e792cdff68ea req-6b1baa5e-f464-49b9-a475-e792cdff68ea ] Request (TenantUsagesTestJSON:setUpClass): 200 GET http://10.180.1.21/identity/v3/domains?name=Default 0.044s
2025-04-23 15:06:51.989 70147 INFO tempest.lib.common.rest_client [req-995007ba-85dc-4639-9a75-ff235b33b323 req-995007ba-85dc-4639-9a75-ff235b33b323 ] Request (AttachInterfacesTestJSON:test_create_list_show_delete_interfaces_by_fixed_ip): 200 GET http://10.180.1.21/compute/v2.1/servers/d501671c-e7b6-41b5-a530-6743e9612891 0.616s
2025-04-23 15:06:52.018 70163 INFO tempest.lib.common.rest_client [req-4d0907c5-7abb-42b1-8013-ec11edb95476 req-4d0907c5-7abb-42b1-8013-ec11edb95476 ] Request (TenantUsagesTestJSON:setUpClass): 201 POST http://10.180.1.21/identity/v3/projects 0.033s
2025-04-23 15:06:52.042 70169 INFO tempest.lib.common.rest_client [req-f0d2dff2-9837-4cab-9a82-341204ce6c73 req-f0d2dff2-9837-4cab-9a82-341204ce6c73 ] Request (ListImageFiltersTestJSON:setUpClass): 200 GET http://10.180.1.21/compute/v2.1/servers/606c4ee6-ac65-44b6-a2e8-73a3325895e7 0.588s
2025-04-23 15:06:52.051 70189 INFO tempest.lib.common.rest_client [req-2ec21d1a-11b5-4631-aedf-259513744273 req-2ec21d1a-11b5-4631-aedf-259513744273 ] Request (InstanceActionsV221TestJSON:test_get_list_deleted_instance_actions): 200 GET http://10.180.1.21/compute/v2.1/servers/d83edca6-6921-4ea4-898f-9c613fc9ed88 0.616s
2025-04-23 15:06:52.082 70161 INFO tempest.lib.common.rest_client [req-a4e01737-b26f-41f8-8e3a-e8c6587f55f1 req-a4e01737-b26f-41f8-8e3a-e8c6587f55f1 ] Request (QuotaClassesAdmin257Test:tearDownClass): 200 GET http://10.180.1.21:9696/networking/v2.0/security-groups?tenant_id=170d870f905046e89d70bda9d83f101a&name=default 0.317s
2025-04-23 15:06:52.087 70163 INFO tempest.lib.common.rest_client [req-ea537e2c-8266-4891-aee5-1d3e3fa09b83 req-ea537e2c-8266-4891-aee5-1d3e3fa09b83 ] Request (TenantUsagesTestJSON:setUpClass): 201 POST http://10.180.1.21/identity/v3/users 0.068s
2025-04-23 15:06:52.100 70183 INFO tempest.lib.common.rest_client [req-f0c50724-205a-4e3a-89f1-d84ea0b10b02 req-f0c50724-205a-4e3a-89f1-d84ea0b10b02 ] Request (MigrationsAdminTest:test_list_migrations_in_flavor_resize_situation): 200 GET http://10.180.1.21/compute/v2.1/servers/77f985dd-dd81-4b77-8eb5-a65cfde26dbe 0.613s
2025-04-23 15:06:52.109 70183 INFO tempest.common.waiters [-] State transition "BUILD/None" ==> "BUILD/networking" after 34 second wait
2025-04-23 15:06:52.110 70163 INFO tempest.lib.common.rest_client [req-1e633d2f-e980-4a34-80d0-c68e6c317bae req-1e633d2f-e980-4a34-80d0-c68e6c317bae ] Request (TenantUsagesTestJSON:setUpClass): 200 GET http://10.180.1.21/identity/v3/roles 0.022s
2025-04-23 15:06:52.118 70175 INFO tempest.lib.common.rest_client [req-691fd5e5-3409-4ca6-b40f-f2ff112d545d req-691fd5e5-3409-4ca6-b40f-f2ff112d545d ] Request (ServersListShow298Test:test_list_show_update_rebuild_server_298): 200 GET http://10.180.1.21/compute/v2.1/servers/75921141-90d9-4c78-99b6-57fc38eff25a 0.605s
2025-04-23 15:06:52.142 70163 INFO tempest.lib.common.rest_client [req-01f625c7-13a4-432b-bfa9-67d809504e4c req-01f625c7-13a4-432b-bfa9-67d809504e4c ] Request (TenantUsagesTestJSON:setUpClass): 204 PUT http://10.180.1.21/identity/v3/projects/691e873deb084374874703f4874fee51/users/465889e9f7f0426b89b91b74f5ba503e/roles/5804da795fee4705824ec2e2b79c10cb 0.032s
2025-04-23 15:06:52.142 70163 INFO tempest.lib.common.dynamic_creds [-] Dynamic test user 465889e9f7f0426b89b91b74f5ba503e is created with scope project and roles: ['member']
2025-04-23 15:06:52.143 70163 INFO tempest.lib.common.dynamic_creds [-] Acquired dynamic creds: credentials: Credentials: {'domain_id': 'default', 'domain_name': 'Default', 'username': 'tempest-TenantUsagesTestJSON-1739488608-project-member', 'project_domain_id': 'default', 'project_domain_name': 'Default', 'project_id': '691e873deb084374874703f4874fee51', 'project_name': 'tempest-TenantUsagesTestJSON-1739488608', 'tenant_id': '691e873deb084374874703f4874fee51', 'tenant_name': 'tempest-TenantUsagesTestJSON-1739488608', 'user_domain_id': 'default', 'user_domain_name': 'Default', 'user_id': '465889e9f7f0426b89b91b74f5ba503e', 'system': None}, Network: None, Subnet: None, Router: None
2025-04-23 15:06:52.143 70163 INFO tempest.lib.common.dynamic_creds [-] Created isolated network resources for: credentials: Credentials: {'domain_id': 'default', 'domain_name': 'Default', 'username': 'tempest-TenantUsagesTestJSON-1739488608-project-member', 'project_domain_id': 'default', 'project_domain_name': 'Default', 'project_id': '691e873deb084374874703f4874fee51', 'project_name': 'tempest-TenantUsagesTestJSON-1739488608', 'tenant_id': '691e873deb084374874703f4874fee51', 'tenant_name': 'tempest-TenantUsagesTestJSON-1739488608', 'user_domain_id': 'default', 'user_domain_name': 'Default', 'user_id': '465889e9f7f0426b89b91b74f5ba503e', 'system': None}, Network: None, Subnet: None, Router: None
2025-04-23 15:06:52.186 70161 INFO tempest.lib.common.rest_client [req-faec251f-dc7a-4006-8eb8-960dee8dd7bb req-faec251f-dc7a-4006-8eb8-960dee8dd7bb ] Request (QuotaClassesAdmin257Test:tearDownClass): 204 DELETE http://10.180.1.21:9696/networking/v2.0/security-groups/d9797366-2539-46e2-8d6c-ee01747eaff9 0.104s
2025-04-23 15:06:52.205 70181 INFO tempest.lib.common.rest_client [req-bff98e20-0f5d-4604-b85f-4a781b3f15eb req-bff98e20-0f5d-4604-b85f-4a781b3f15eb ] Request (ServerExternalEventsTest:tearDownClass): 200 GET http://10.180.1.21/compute/v2.1/servers/18d0eb84-5b1e-4b7e-a9e4-ff157551f9a5 0.525s
2025-04-23 15:06:52.230 70151 INFO tempest.lib.common.rest_client [req-785d1ae9-0854-47ee-aa58-93dc6f8060ee req-785d1ae9-0854-47ee-aa58-93dc6f8060ee ] Request (FlavorsAccessNegativeTestJSON:_run_cleanups): 202 DELETE http://10.180.1.21/compute/v2.1/flavors/501811000 0.536s
2025-04-23 15:06:52.234 70163 INFO tempest.lib.common.rest_client [req-9d248079-44ab-40ea-9118-450ebc231e89 req-9d248079-44ab-40ea-9118-450ebc231e89 ] Request (TenantUsagesTestJSON:setUpClass): 201 POST http://10.180.1.21/identity/v3/auth/tokens 0.088s
2025-04-23 15:06:52.258 70135 INFO tempest.lib.common.rest_client [req-263241db-5f4d-4cf2-92b0-d6631d286b1a req-263241db-5f4d-4cf2-92b0-d6631d286b1a ] Request (ServersTestJSON:setUpClass): 200 GET http://10.180.1.21/compute/v2.1/servers/4ec9d6d6-6748-4ff0-b411-7653473d1271 0.641s
2025-04-23 15:06:52.283 70163 INFO tempest.lib.common.rest_client [req-2d8f9364-a00f-4fca-a1c1-82720dbf9198 req-2d8f9364-a00f-4fca-a1c1-82720dbf9198 ] Request (TenantUsagesTestJSON:setUpClass): 201 POST http://10.180.1.21/identity/v3/projects 0.047s
2025-04-23 15:06:52.289 70159 INFO tempest.lib.common.rest_client [req-ad75dd32-92b8-4736-987d-81d16fed4ba3 req-ad75dd32-92b8-4736-987d-81d16fed4ba3 ] Request (DeleteServersAdminTestJSON:test_delete_server_while_in_error_state): 200 GET http://10.180.1.21/compute/v2.1/servers/94885a87-a767-4725-af22-52fd7fa7bbb2 0.420s
2025-04-23 15:06:52.314 70161 INFO tempest.lib.common.rest_client [req-e9b9e9e8-4359-4621-95f4-f09e4581e734 req-e9b9e9e8-4359-4621-95f4-f09e4581e734 ] Request (QuotaClassesAdmin257Test:tearDownClass): 204 DELETE http://10.180.1.21/identity/v3/projects/170d870f905046e89d70bda9d83f101a 0.127s
2025-04-23 15:06:52.314 70161 INFO tempest.lib.common.dynamic_creds [-] Deleting project and security group for project: 8507d5a7e3b7432088f5dbf5524cffd6
2025-04-23 15:06:52.322 70179 WARNING tempest.lib.common.ssh [-] Failed to establish authenticated ssh connection to cirros@10.180.180.221 ([Errno None] Unable to connect to port 22 on 10.180.180.221). Number attempts: 2. Retry after 3 seconds.: paramiko.ssh_exception.NoValidConnectionsError: [Errno None] Unable to connect to port 22 on 10.180.180.221
2025-04-23 15:06:52.355 70171 INFO tempest.lib.common.rest_client [req-92bf24b6-6085-4202-b824-5b278841c819 req-92bf24b6-6085-4202-b824-5b278841c819 ] Request (ImagesTestJSON:test_create_image_from_suspended_server): 200 GET http://10.180.1.21/compute/v2.1/servers/7d6e973a-3c1d-4b46-9347-2a11462fdd94 0.371s
2025-04-23 15:06:52.378 70163 INFO tempest.lib.common.rest_client [req-d44dc43d-9393-4fe7-9f91-5ceb4d9223b0 req-d44dc43d-9393-4fe7-9f91-5ceb4d9223b0 ] Request (TenantUsagesTestJSON:setUpClass): 201 POST http://10.180.1.21/identity/v3/users 0.094s
2025-04-23 15:06:52.412 70187 INFO tempest.lib.common.rest_client [req-56411f9c-8a84-448c-b663-ad0e5887bb32 req-56411f9c-8a84-448c-b663-ad0e5887bb32 ] Request (SecurityGroupsTestJSON:test_list_security_groups_by_server): 200 GET http://10.180.1.21/compute/v2.1/servers/108f928d-bdc4-42eb-9885-4436d0900efd 0.315s
2025-04-23 15:06:52.416 70163 INFO tempest.lib.common.rest_client [req-4cf2836f-cc36-4ac1-8c89-081ea447f28e req-4cf2836f-cc36-4ac1-8c89-081ea447f28e ] Request (TenantUsagesTestJSON:setUpClass): 200 GET http://10.180.1.21/identity/v3/roles 0.037s
2025-04-23 15:06:52.446 70163 INFO tempest.lib.common.rest_client [req-e48169e5-8674-4061-97b3-3aa2b3f910c6 req-e48169e5-8674-4061-97b3-3aa2b3f910c6 ] Request (TenantUsagesTestJSON:setUpClass): 204 PUT http://10.180.1.21/identity/v3/projects/3a5eceec8d0c427581d7b945b18d4e09/users/16f3bfc6c116416a943ddedcd9e6993c/roles/07a97bcccea24eaa9ea31f6c466e1fae 0.029s
2025-04-23 15:06:52.470 70161 INFO tempest.lib.common.rest_client [req-c4e2e746-c0cf-48f7-bea8-cddc35a387e2 req-c4e2e746-c0cf-48f7-bea8-cddc35a387e2 ] Request (QuotaClassesAdmin257Test:tearDownClass): 200 GET http://10.180.1.21:9696/networking/v2.0/security-groups?tenant_id=8507d5a7e3b7432088f5dbf5524cffd6&name=default 0.153s
2025-04-23 15:06:52.486 70191 INFO tempest.lib.common.rest_client [req-681ba87f-fbc5-4b38-95f5-06384cb49e27 req-681ba87f-fbc5-4b38-95f5-06384cb49e27 ] Request (ImagesNegativeTestJSON:test_create_image_from_deleted_server): 200 GET http://10.180.1.21/compute/v2.1/servers/b761fee3-31d7-43f4-b9f4-709dab178486 0.328s
2025-04-23 15:06:52.507 70163 INFO tempest.lib.common.rest_client [req-772ea568-7bfa-4dce-a01d-4f47cf69e915 req-772ea568-7bfa-4dce-a01d-4f47cf69e915 ] Request (TenantUsagesTestJSON:setUpClass): 200 GET http://10.180.1.21/identity/v3/roles 0.061s
2025-04-23 15:06:52.527 70163 INFO tempest.lib.common.rest_client [req-0db7c3ac-cbcf-40b4-a04c-426cd54f365a req-0db7c3ac-cbcf-40b4-a04c-426cd54f365a ] Request (TenantUsagesTestJSON:setUpClass): 204 PUT http://10.180.1.21/identity/v3/projects/3a5eceec8d0c427581d7b945b18d4e09/users/16f3bfc6c116416a943ddedcd9e6993c/roles/07a97bcccea24eaa9ea31f6c466e1fae 0.019s
2025-04-23 15:06:52.527 70163 INFO tempest.lib.common.dynamic_creds [-] Dynamic test user 16f3bfc6c116416a943ddedcd9e6993c is created with scope project and roles: ['admin']
2025-04-23 15:06:52.527 70163 INFO tempest.lib.common.dynamic_creds [-] Acquired dynamic creds: credentials: Credentials: {'domain_id': 'default', 'domain_name': 'Default', 'username': 'tempest-TenantUsagesTestJSON-726600735-project-admin', 'project_domain_id': 'default', 'project_domain_name': 'Default', 'project_id': '3a5eceec8d0c427581d7b945b18d4e09', 'project_name': 'tempest-TenantUsagesTestJSON-726600735', 'tenant_id': '3a5eceec8d0c427581d7b945b18d4e09', 'tenant_name': 'tempest-TenantUsagesTestJSON-726600735', 'user_domain_id': 'default', 'user_domain_name': 'Default', 'user_id': '16f3bfc6c116416a943ddedcd9e6993c', 'system': None}, Network: None, Subnet: None, Router: None
2025-04-23 15:06:52.527 70163 INFO tempest.lib.common.dynamic_creds [-] Created isolated network resources for: credentials: Credentials: {'domain_id': 'default', 'domain_name': 'Default', 'username': 'tempest-TenantUsagesTestJSON-726600735-project-admin', 'project_domain_id': 'default', 'project_domain_name': 'Default', 'project_id': '3a5eceec8d0c427581d7b945b18d4e09', 'project_name': 'tempest-TenantUsagesTestJSON-726600735', 'tenant_id': '3a5eceec8d0c427581d7b945b18d4e09', 'tenant_name': 'tempest-TenantUsagesTestJSON-726600735', 'user_domain_id': 'default', 'user_domain_name': 'Default', 'user_id': '16f3bfc6c116416a943ddedcd9e6993c', 'system': None}, Network: None, Subnet: None, Router: None
2025-04-23 15:06:52.596 70163 INFO tempest.lib.common.rest_client [req-76885818-b562-41fa-aff1-a7d7f0f15aa5 req-76885818-b562-41fa-aff1-a7d7f0f15aa5 ] Request (TenantUsagesTestJSON:setUpClass): 201 POST http://10.180.1.21/identity/v3/auth/tokens 0.066s
2025-04-23 15:06:52.597 70163 WARNING tempest.lib.common.rest_client [-] Deprecated: "tenant_id" property is deprecated for removal, use "project_id" instead
2025-04-23 15:06:52.611 70141 INFO tempest.lib.common.rest_client [req-b5f9eb38-d2bf-4a6f-9172-629cc53884d2 req-b5f9eb38-d2bf-4a6f-9172-629cc53884d2 ] Request (ServerMetadataNegativeTestJSON:setUpClass): 200 GET http://10.180.1.21/compute/v2.1/servers/dc42e351-1af4-47f4-a737-47eb44173a37 0.411s
2025-04-23 15:06:52.640 70151 INFO tempest.lib.common.rest_client [req-1e984dd0-811b-4c75-968f-79dae5e17b3a req-1e984dd0-811b-4c75-968f-79dae5e17b3a ] Request (FlavorsAccessNegativeTestJSON:_run_cleanups): 200 GET http://10.180.1.21/compute/v2.1/flavors/detail 0.406s
2025-04-23 15:06:52.660 70163 INFO tempest.lib.common.rest_client [req-2c8e0a0c-4ed1-4b73-a555-5b163bc0b448 req-2c8e0a0c-4ed1-4b73-a555-5b163bc0b448 ] Request (TenantUsagesTestJSON:setUpClass): 201 POST http://10.180.1.21/identity/v3/auth/tokens 0.059s
2025-04-23 15:06:52.661 70163 INFO tempest.lib.common.fixed_network [-] (TenantUsagesTestJSON:setUpClass) Found network None available for tenant
2025-04-23 15:06:52.707 70133 INFO tempest.lib.common.rest_client [req-2a55c284-bc29-4525-b1c0-214a60e9dcd7 req-2a55c284-bc29-4525-b1c0-214a60e9dcd7 ] Request (ServerDiagnosticsTest:test_get_server_diagnostics): 200 GET http://10.180.1.21/compute/v2.1/servers/e74ba056-e5e0-491a-86f8-2b6ff38b744c 0.464s
2025-04-23 15:06:52.776 70143 INFO tempest.lib.common.rest_client [req-3fd2249b-db93-4b7f-8d12-0080998b938c req-3fd2249b-db93-4b7f-8d12-0080998b938c ] Request (ServersAdmin275Test:tearDownClass): 200 GET http://10.180.1.21/compute/v2.1/servers/d2034a90-37dc-4f14-b91e-00d4288d7420 0.463s
2025-04-23 15:06:52.800 70161 INFO tempest.lib.common.rest_client [req-9650da99-4384-414b-a508-c14f6a869913 req-9650da99-4384-414b-a508-c14f6a869913 ] Request (QuotaClassesAdmin257Test:tearDownClass): 204 DELETE http://10.180.1.21:9696/networking/v2.0/security-groups/6761b19a-1f6a-4e6a-9d15-ed28006000de 0.330s
2025-04-23 15:06:52.835 70154 INFO tempest.lib.common.rest_client [req-284456d0-a910-4a80-8568-2975cc1c5aa5 req-284456d0-a910-4a80-8568-2975cc1c5aa5 ] Request (FloatingIPsAssociationTestJSON:test_associate_already_associated_floating_ip): 200 GET http://10.180.1.21/compute/v2.1/servers/ad845b1d-adb0-4f21-9c26-9c90e4065085 0.462s
2025-04-23 15:06:52.877 70139 INFO tempest.lib.common.rest_client [req-00fe0c1e-2911-432d-8fce-5f4f04318c14 req-00fe0c1e-2911-432d-8fce-5f4f04318c14 ] Request (ServerActionsTestOtherB:setUpClass): 202 POST http://10.180.1.21/compute/v2.1/servers 0.899s
2025-04-23 15:06:52.889 70155 INFO tempest.lib.common.rest_client [req-af399efd-50fd-438e-bf86-079d936226ad req-af399efd-50fd-438e-bf86-079d936226ad ] Request (ServersTestFqdnHostnames:test_create_server_with_fqdn_name): 200 GET http://10.180.1.21/compute/v2.1/servers/9bec962f-e13e-4dc5-adb2-e197f3be7149 0.498s
2025-04-23 15:06:52.923 70161 INFO tempest.lib.common.rest_client [req-72baf1ef-c531-41e5-993c-55ca94bc2445 req-72baf1ef-c531-41e5-993c-55ca94bc2445 ] Request (QuotaClassesAdmin257Test:tearDownClass): 204 DELETE http://10.180.1.21/identity/v3/projects/8507d5a7e3b7432088f5dbf5524cffd6 0.122s
2025-04-23 15:06:52.956 70145 INFO tempest.lib.common.rest_client [req-576089e1-f70c-4a8d-bc24-085815a72ed3 req-576089e1-f70c-4a8d-bc24-085815a72ed3 ] Request (ServersTestJSON:test_create_server_specify_multibyte_character_name): 200 GET http://10.180.1.21/compute/v2.1/servers/78068fe4-df94-47e1-bacf-499b8f9faeea 0.520s
2025-04-23 15:06:52.971 70177 INFO tempest.lib.common.rest_client [req-bb2fceaa-950d-42c2-a23f-6ed443a91600 req-bb2fceaa-950d-42c2-a23f-6ed443a91600 ] Request (ServerAddressesNegativeTestJSON:setUpClass): 200 GET http://10.180.1.21/compute/v2.1/servers/75849b03-fa75-42ef-b7e2-b8b001e720b6 0.486s
2025-04-23 15:06:52.991 70151 INFO tempest.lib.common.rest_client [req-d7a5c2c3-e192-4c6d-a031-e1249a76eab4 req-d7a5c2c3-e192-4c6d-a031-e1249a76eab4 ] Request (FlavorsAccessNegativeTestJSON:test_remove_flavor_access_not_found): 200 POST http://10.180.1.21/compute/v2.1/flavors 0.339s
2025-04-23 15:06:53.016 70161 INFO tempest.lib.common.rest_client [req-1bab5e75-a349-4109-a497-81d0106ab8c2 req-1bab5e75-a349-4109-a497-81d0106ab8c2 ] Request (QuotasAdminTestV236:setUpClass): 201 POST http://10.180.1.21/identity/v3/auth/tokens 0.092s
2025-04-23 15:06:53.024 70157 INFO tempest.lib.common.rest_client [req-e4dda8ba-fe37-482d-896b-55a9ad7e8026 req-e4dda8ba-fe37-482d-896b-55a9ad7e8026 ] Request (ListServersNegativeTestJSON:setUpClass): 200 GET http://10.180.1.21/compute/v2.1/servers/c913edc9-a08d-40e8-a50f-89caf3b73c3f 0.424s
2025-04-23 15:06:53.049 70131 INFO tempest.lib.common.rest_client [req-2da22337-21cc-4206-bd21-1f4f7995e95f req-2da22337-21cc-4206-bd21-1f4f7995e95f ] Request (ServersWithSpecificFlavorTestJSON:test_verify_created_server_ephemeral_disk): 200 GET http://10.180.1.21/compute/v2.1/servers/59d9f1fa-5fed-4b29-944b-986410f7ee7a 0.392s
2025-04-23 15:06:53.054 70161 INFO tempest.lib.common.rest_client [req-34a6578f-10e9-4ba2-a92d-ffad363926f9 req-34a6578f-10e9-4ba2-a92d-ffad363926f9 ] Request (QuotasAdminTestV236:setUpClass): 201 POST http://10.180.1.21/identity/v3/auth/tokens 0.035s
2025-04-23 15:06:53.080 70161 INFO tempest.lib.common.rest_client [req-182ab38d-8152-4a0a-a48a-c3172b5c3236 req-182ab38d-8152-4a0a-a48a-c3172b5c3236 ] Request (QuotasAdminTestV236:setUpClass): 200 GET http://10.180.1.21/identity/v3/domains?name=Default 0.026s
2025-04-23 15:06:53.109 70173 INFO tempest.lib.common.rest_client [req-646bdd60-a0aa-4efa-b18f-e95283303294 req-646bdd60-a0aa-4efa-b18f-e95283303294 ] Request (ServersAdminNegativeTestJSON:test_migrate_server_invalid_state): 200 GET http://10.180.1.21/compute/v2.1/servers/9f564265-7bca-4d2c-a088-6c77e6a1e919 0.388s
2025-04-23 15:06:53.116 70161 INFO tempest.lib.common.rest_client [req-63f3d350-b0ed-4d93-a91b-9e028ce71cca req-63f3d350-b0ed-4d93-a91b-9e028ce71cca ] Request (QuotasAdminTestV236:setUpClass): 201 POST http://10.180.1.21/identity/v3/projects 0.035s
2025-04-23 15:06:53.168 70137 INFO tempest.lib.common.rest_client [req-9ae32851-c637-488f-bdd3-5eadc996d271 req-9ae32851-c637-488f-bdd3-5eadc996d271 ] Request (VolumesAdminNegativeTest:test_update_attached_volume_with_nonexistent_volume_in_body): 200 GET http://10.180.1.21/compute/v2.1/servers/2ba11b3c-ac84-4c9c-9fe9-4827a70aa86d 0.385s
2025-04-23 15:06:53.181 70161 INFO tempest.lib.common.rest_client [req-03477036-595e-4ff8-9869-066a4eb3c5cf req-03477036-595e-4ff8-9869-066a4eb3c5cf ] Request (QuotasAdminTestV236:setUpClass): 201 POST http://10.180.1.21/identity/v3/users 0.064s
2025-04-23 15:06:53.204 70161 INFO tempest.lib.common.rest_client [req-5aec27af-f3f3-4294-afe7-59fea1d99e35 req-5aec27af-f3f3-4294-afe7-59fea1d99e35 ] Request (QuotasAdminTestV236:setUpClass): 200 GET http://10.180.1.21/identity/v3/roles 0.023s
2025-04-23 15:06:53.234 70161 INFO tempest.lib.common.rest_client [req-6cc3abac-ce6b-48bd-bd15-05a223f610a5 req-6cc3abac-ce6b-48bd-bd15-05a223f610a5 ] Request (QuotasAdminTestV236:setUpClass): 204 PUT http://10.180.1.21/identity/v3/projects/ec3cd823149f4ae7a1e1bbe4f24aa5a5/users/8afb9f9f44324206ac4f3319da1b1e8b/roles/5804da795fee4705824ec2e2b79c10cb 0.029s
2025-04-23 15:06:53.234 70161 INFO tempest.lib.common.dynamic_creds [-] Dynamic test user 8afb9f9f44324206ac4f3319da1b1e8b is created with scope project and roles: ['member']
2025-04-23 15:06:53.234 70161 INFO tempest.lib.common.dynamic_creds [-] Acquired dynamic creds: credentials: Credentials: {'domain_id': 'default', 'domain_name': 'Default', 'username': 'tempest-QuotasAdminTestV236-1989486167-project-member', 'project_domain_id': 'default', 'project_domain_name': 'Default', 'project_id': 'ec3cd823149f4ae7a1e1bbe4f24aa5a5', 'project_name': 'tempest-QuotasAdminTestV236-1989486167', 'tenant_id': 'ec3cd823149f4ae7a1e1bbe4f24aa5a5', 'tenant_name': 'tempest-QuotasAdminTestV236-1989486167', 'user_domain_id': 'default', 'user_domain_name': 'Default', 'user_id': '8afb9f9f44324206ac4f3319da1b1e8b', 'system': None}, Network: None, Subnet: None, Router: None
2025-04-23 15:06:53.234 70161 INFO tempest.lib.common.dynamic_creds [-] Created isolated network resources for: credentials: Credentials: {'domain_id': 'default', 'domain_name': 'Default', 'username': 'tempest-QuotasAdminTestV236-1989486167-project-member', 'project_domain_id': 'default', 'project_domain_name': 'Default', 'project_id': 'ec3cd823149f4ae7a1e1bbe4f24aa5a5', 'project_name': 'tempest-QuotasAdminTestV236-1989486167', 'tenant_id': 'ec3cd823149f4ae7a1e1bbe4f24aa5a5', 'tenant_name': 'tempest-QuotasAdminTestV236-1989486167', 'user_domain_id': 'default', 'user_domain_name': 'Default', 'user_id': '8afb9f9f44324206ac4f3319da1b1e8b', 'system': None}, Network: None, Subnet: None, Router: None
2025-04-23 15:06:53.239 70149 INFO tempest.lib.common.rest_client [req-c862bc82-7839-4b4b-b742-3a09ee9ee0ca req-c862bc82-7839-4b4b-b742-3a09ee9ee0ca ] Request (ServerDiagnosticsNegativeTest:tearDownClass): 200 GET http://10.180.1.21/compute/v2.1/servers/9ab02829-03b3-468c-bc1b-8a45addec5d1 0.437s
2025-04-23 15:06:53.296 70186 INFO tempest.lib.common.rest_client [req-ae3081ff-6c7e-4aaa-8ad3-c872a03d982f req-ae3081ff-6c7e-4aaa-8ad3-c872a03d982f ] Request (FloatingIPsAssociationNegativeTestJSON:setUpClass): 200 GET http://10.180.1.21/compute/v2.1/servers/b38af852-4d97-4962-8ec8-c9a7b08c34bd 0.429s
2025-04-23 15:06:53.331 70161 INFO tempest.lib.common.rest_client [req-1444ae4a-325a-44da-84dc-eb36665ca7f7 req-1444ae4a-325a-44da-84dc-eb36665ca7f7 ] Request (QuotasAdminTestV236:setUpClass): 201 POST http://10.180.1.21/identity/v3/auth/tokens 0.093s
2025-04-23 15:06:53.343 70139 INFO tempest.lib.common.rest_client [req-fb753a81-0121-4d8a-a2db-4b7cc077d28f req-fb753a81-0121-4d8a-a2db-4b7cc077d28f ] Request (ServerActionsTestOtherB:setUpClass): 200 GET http://10.180.1.21/compute/v2.1/servers/6ac198f1-2b08-4937-af85-e83b33a17edf 0.464s
2025-04-23 15:06:53.417 70163 INFO tempest.lib.common.rest_client [req-152876bd-397c-4304-9e46-ccbfdab10193 req-152876bd-397c-4304-9e46-ccbfdab10193 ] Request (TenantUsagesTestJSON:setUpClass): 202 POST http://10.180.1.21/compute/v2.1/servers 0.756s
2025-04-23 15:06:53.418 70167 INFO tempest.lib.common.rest_client [req-d1d4b52a-5bb6-4aab-b3cc-d5df51b3a76b req-d1d4b52a-5bb6-4aab-b3cc-d5df51b3a76b ] Request (ServerGroupTestJSON:test_create_server_with_scheduler_hint_group): 200 GET http://10.180.1.21/compute/v2.1/servers/2286857e-9712-4316-8b99-22137dde2157 0.487s
2025-04-23 15:06:53.419 70161 INFO tempest.lib.common.rest_client [req-5626bcb5-1b4d-45d4-a5a4-79d0f43ec38b req-5626bcb5-1b4d-45d4-a5a4-79d0f43ec38b ] Request (QuotasAdminTestV236:setUpClass): 201 POST http://10.180.1.21/identity/v3/projects 0.088s
2025-04-23 15:06:53.498 70161 INFO tempest.lib.common.rest_client [req-7d62c58e-94c4-4cde-982f-e2d724acf31a req-7d62c58e-94c4-4cde-982f-e2d724acf31a ] Request (QuotasAdminTestV236:setUpClass): 201 POST http://10.180.1.21/identity/v3/users 0.079s
2025-04-23 15:06:53.524 70161 INFO tempest.lib.common.rest_client [req-8c1de5f5-e93e-4006-9fc9-4b6d496f31d5 req-8c1de5f5-e93e-4006-9fc9-4b6d496f31d5 ] Request (QuotasAdminTestV236:setUpClass): 200 GET http://10.180.1.21/identity/v3/roles 0.025s
2025-04-23 15:06:53.553 70161 INFO tempest.lib.common.rest_client [req-9d963f8b-ea25-47e7-a323-c0d33b592509 req-9d963f8b-ea25-47e7-a323-c0d33b592509 ] Request (QuotasAdminTestV236:setUpClass): 204 PUT http://10.180.1.21/identity/v3/projects/b425730fbef34c6ca2e6fbf4279b82c1/users/0b0f9318e9a24a6bb5cdaf99d92c0309/roles/07a97bcccea24eaa9ea31f6c466e1fae 0.029s
2025-04-23 15:06:53.589 70129 INFO tempest.lib.common.rest_client [req-40ef9792-bc74-4a9a-a460-a4a0c310b4c6 req-40ef9792-bc74-4a9a-a460-a4a0c310b4c6 ] Request (ListServerFiltersTestJSON:test_list_servers_filter_by_shutoff_status): 200 GET http://10.180.1.21/compute/v2.1/servers/17468efb-5a72-4ca4-afea-ecce3f243533 0.611s
2025-04-23 15:06:53.611 70151 INFO tempest.lib.common.rest_client [req-91ac3b9d-ba54-45a8-a2ae-7711fd8dff36 req-91ac3b9d-ba54-45a8-a2ae-7711fd8dff36 ] Request (FlavorsAccessNegativeTestJSON:test_remove_flavor_access_not_found): 404 POST http://10.180.1.21/compute/v2.1/flavors/1896004847/action 0.617s
2025-04-23 15:06:53.617 70161 INFO tempest.lib.common.rest_client [req-06f66df1-5e10-4b5f-b2f0-57ef1b18ab65 req-06f66df1-5e10-4b5f-b2f0-57ef1b18ab65 ] Request (QuotasAdminTestV236:setUpClass): 200 GET http://10.180.1.21/identity/v3/roles 0.063s
2025-04-23 15:06:53.636 70161 INFO tempest.lib.common.rest_client [req-5c4d2517-6e1c-47a5-8ca3-527464578709 req-5c4d2517-6e1c-47a5-8ca3-527464578709 ] Request (QuotasAdminTestV236:setUpClass): 204 PUT http://10.180.1.21/identity/v3/projects/b425730fbef34c6ca2e6fbf4279b82c1/users/0b0f9318e9a24a6bb5cdaf99d92c0309/roles/07a97bcccea24eaa9ea31f6c466e1fae 0.019s
2025-04-23 15:06:53.637 70161 INFO tempest.lib.common.dynamic_creds [-] Dynamic test user 0b0f9318e9a24a6bb5cdaf99d92c0309 is created with scope project and roles: ['admin']
2025-04-23 15:06:53.637 70161 INFO tempest.lib.common.dynamic_creds [-] Acquired dynamic creds: credentials: Credentials: {'domain_id': 'default', 'domain_name': 'Default', 'username': 'tempest-QuotasAdminTestV236-232279931-project-admin', 'project_domain_id': 'default', 'project_domain_name': 'Default', 'project_id': 'b425730fbef34c6ca2e6fbf4279b82c1', 'project_name': 'tempest-QuotasAdminTestV236-232279931', 'tenant_id': 'b425730fbef34c6ca2e6fbf4279b82c1', 'tenant_name': 'tempest-QuotasAdminTestV236-232279931', 'user_domain_id': 'default', 'user_domain_name': 'Default', 'user_id': '0b0f9318e9a24a6bb5cdaf99d92c0309', 'system': None}, Network: None, Subnet: None, Router: None
2025-04-23 15:06:53.637 70161 INFO tempest.lib.common.dynamic_creds [-] Created isolated network resources for: credentials: Credentials: {'domain_id': 'default', 'domain_name': 'Default', 'username': 'tempest-QuotasAdminTestV236-232279931-project-admin', 'project_domain_id': 'default', 'project_domain_name': 'Default', 'project_id': 'b425730fbef34c6ca2e6fbf4279b82c1', 'project_name': 'tempest-QuotasAdminTestV236-232279931', 'tenant_id': 'b425730fbef34c6ca2e6fbf4279b82c1', 'tenant_name': 'tempest-QuotasAdminTestV236-232279931', 'user_domain_id': 'default', 'user_domain_name': 'Default', 'user_id': '0b0f9318e9a24a6bb5cdaf99d92c0309', 'system': None}, Network: None, Subnet: None, Router: None
2025-04-23 15:06:53.652 70147 INFO tempest.lib.common.rest_client [req-f50f42bd-fb50-450a-8d32-27b83326c55d req-f50f42bd-fb50-450a-8d32-27b83326c55d ] Request (AttachInterfacesTestJSON:test_create_list_show_delete_interfaces_by_fixed_ip): 200 GET http://10.180.1.21/compute/v2.1/servers/d501671c-e7b6-41b5-a530-6743e9612891 0.652s
2025-04-23 15:06:53.685 70169 INFO tempest.lib.common.rest_client [req-f704afcd-e638-4f0d-9b2a-8a07350b9e46 req-f704afcd-e638-4f0d-9b2a-8a07350b9e46 ] Request (ListImageFiltersTestJSON:setUpClass): 200 GET http://10.180.1.21/compute/v2.1/servers/606c4ee6-ac65-44b6-a2e8-73a3325895e7 0.635s
2025-04-23 15:06:53.712 70189 INFO tempest.lib.common.rest_client [req-caf5de12-0d2c-4eac-a53f-50c18c07488b req-caf5de12-0d2c-4eac-a53f-50c18c07488b ] Request (InstanceActionsV221TestJSON:test_get_list_deleted_instance_actions): 200 GET http://10.180.1.21/compute/v2.1/servers/d83edca6-6921-4ea4-898f-9c613fc9ed88 0.647s
2025-04-23 15:06:53.716 70161 INFO tempest.lib.common.rest_client [req-7ae0d863-f823-4480-8cdd-4870d24f12c1 req-7ae0d863-f823-4480-8cdd-4870d24f12c1 ] Request (QuotasAdminTestV236:setUpClass): 201 POST http://10.180.1.21/identity/v3/auth/tokens 0.077s
2025-04-23 15:06:53.717 70161 WARNING tempest.lib.common.rest_client [-] Deprecated: "tenant_id" property is deprecated for removal, use "project_id" instead
2025-04-23 15:06:53.744 70161 INFO tempest.lib.common.rest_client [req-d165ae08-eada-4422-9b5f-bc17fd8cb453 req-d165ae08-eada-4422-9b5f-bc17fd8cb453 ] Request (QuotasAdminTestV236:test_get_updated_quotas): 200 GET http://10.180.1.21/identity/v3/domains?name=Default 0.025s
