2025-04-23 15:05:56.663 70169 INFO tempest.lib.common.dynamic_creds [-] Acquired dynamic creds: credentials: Credentials: {'domain_id': 'default', 'domain_name': 'Default', 'username': 'tempest-ServicesAdminTestJSON-460320807-project-admin', 'project_domain_id': 'default', 'project_domain_name': 'Default', 'project_id': 'daebe5c66e4149d1bf4b3b75bed721ef', 'project_name': 'tempest-ServicesAdminTestJSON-460320807', 'tenant_id': 'daebe5c66e4149d1bf4b3b75bed721ef', 'tenant_name': 'tempest-ServicesAdminTestJSON-460320807', 'user_domain_id': 'default', 'user_domain_name': 'Default', 'user_id': '47f894fa19c846b38da685810c2e6c4c', 'system': None}, Network: None, Subnet: None, Router: None
2025-04-23 15:05:56.663 70169 INFO tempest.lib.common.dynamic_creds [-] Created isolated network resources for: credentials: Credentials: {'domain_id': 'default', 'domain_name': 'Default', 'username': 'tempest-ServicesAdminTestJSON-460320807-project-admin', 'project_domain_id': 'default', 'project_domain_name': 'Default', 'project_id': 'daebe5c66e4149d1bf4b3b75bed721ef', 'project_name': 'tempest-ServicesAdminTestJSON-460320807', 'tenant_id': 'daebe5c66e4149d1bf4b3b75bed721ef', 'tenant_name': 'tempest-ServicesAdminTestJSON-460320807', 'user_domain_id': 'default', 'user_domain_name': 'Default', 'user_id': '47f894fa19c846b38da685810c2e6c4c', 'system': None}, Network: None, Subnet: None, Router: None
2025-04-23 15:05:56.667 70155 INFO tempest.lib.common.rest_client [req-aacc516b-5624-4505-a342-dd61c22dfcca req-aacc516b-5624-4505-a342-dd61c22dfcca ] Request (FlavorsExtraSpecsNegativeTestJSON:test_flavor_non_admin_update_specific_key): 200 POST http://10.180.1.21/compute/v2.1/flavors/901545428/os-extra_specs 2.428s
2025-04-23 15:05:56.722 70129 INFO tempest.lib.common.rest_client [req-b4f91a8d-0599-4264-b37e-7e21db7a24ac req-b4f91a8d-0599-4264-b37e-7e21db7a24ac ] Request (ListServerFiltersTestJSON:setUpClass): 201 POST http://10.180.1.21/identity/v3/auth/tokens 0.311s
2025-04-23 15:05:56.730 70137 INFO tempest.lib.common.rest_client [req-dafe0e16-69b4-4313-ba68-48b649e72ca9 req-dafe0e16-69b4-4313-ba68-48b649e72ca9 ] Request (SecurityGroupsTestAdminJSON:setUpClass): 201 POST http://10.180.1.21/identity/v3/auth/tokens 0.263s
2025-04-23 15:05:56.747 70179 INFO tempest.lib.common.rest_client [req-110c7147-e899-4d71-b9b7-4d2db5935811 req-110c7147-e899-4d71-b9b7-4d2db5935811 ] Request (VolumesAssistedSnapshotsTest:setUpClass): 200 GET http://10.180.1.21/identity/v3/roles 0.241s
2025-04-23 15:05:56.771 70145 INFO tempest.lib.common.rest_client [req-a78195ee-34ec-41ed-8e32-92f41a7c9629 req-a78195ee-34ec-41ed-8e32-92f41a7c9629 ] Request (QuotasAdminTestJSON:setUpClass): 204 PUT http://10.180.1.21/identity/v3/projects/0da5fc539091419db3c345269587f87b/users/b9bd411a7f1940c9bfb5f104a5c77d4e/roles/07a97bcccea24eaa9ea31f6c466e1fae 0.193s
2025-04-23 15:05:56.799 70181 INFO tempest.lib.common.rest_client [req-cfaf8349-4ba1-4ed8-b105-3207ace5bb55 req-cfaf8349-4ba1-4ed8-b105-3207ace5bb55 ] Request (KeyPairsV210TestJSON:tearDownClass): 204 DELETE http://10.180.1.21/identity/v3/users/643a680b4ac445a39fa08a52a7841ee5 0.220s
2025-04-23 15:05:56.802 70189 INFO tempest.lib.common.rest_client [req-8b75cddc-122a-4a2f-98c3-8d79d440cbe7 req-8b75cddc-122a-4a2f-98c3-8d79d440cbe7 ] Request (InstanceActionsV221TestJSON:setUpClass): 201 POST http://10.180.1.21:9696/networking/v2.0/networks 0.469s
2025-04-23 15:05:56.863 70169 INFO tempest.lib.common.rest_client [req-b1eea9dc-c53e-45c9-bcd3-ce2e8b4f271b req-b1eea9dc-c53e-45c9-bcd3-ce2e8b4f271b ] Request (ServicesAdminTestJSON:setUpClass): 201 POST http://10.180.1.21/identity/v3/auth/tokens 0.195s
2025-04-23 15:05:56.955 70129 INFO tempest.lib.common.rest_client [req-caf7db81-c929-42af-86ad-fcd2f8ac213e req-caf7db81-c929-42af-86ad-fcd2f8ac213e ] Request (ListServerFiltersTestJSON:setUpClass): 200 GET http://10.180.1.21/identity/v3/domains?name=Default 0.232s
2025-04-23 15:05:56.984 70157 INFO tempest.lib.common.rest_client [req-5f7b11f1-e061-44d3-930d-b0cd71f8f29c req-5f7b11f1-e061-44d3-930d-b0cd71f8f29c ] Request (FlavorsV2NegativeTest:test_boot_with_low_ram): 200 GET http://10.180.1.21/compute/v2.1/flavors/42 2.447s
2025-04-23 15:05:56.992 70179 INFO tempest.lib.common.rest_client [req-c68e21d0-d527-409a-a6ee-b303a2cb2a79 req-c68e21d0-d527-409a-a6ee-b303a2cb2a79 ] Request (VolumesAssistedSnapshotsTest:setUpClass): 204 PUT http://10.180.1.21/identity/v3/projects/a6e949095eb940da806bb17967086def/users/5d0ecaa2a79346aebf50dd38c8eac163/roles/d01535d0f8ea46cf8e9d183561c9c505 0.245s
2025-04-23 15:05:56.992 70179 INFO tempest.lib.common.dynamic_creds [-] Dynamic test user 5d0ecaa2a79346aebf50dd38c8eac163 is created with scope project and roles: ['admin', 'service']
2025-04-23 15:05:56.992 70179 INFO tempest.lib.common.dynamic_creds [-] Acquired dynamic creds: credentials: Credentials: {'domain_id': 'default', 'domain_name': 'Default', 'username': 'tempest-VolumesAssistedSnapshotsTest-1240112068-project', 'project_domain_id': 'default', 'project_domain_name': 'Default', 'project_id': 'a6e949095eb940da806bb17967086def', 'project_name': 'tempest-VolumesAssistedSnapshotsTest-1240112068', 'tenant_id': 'a6e949095eb940da806bb17967086def', 'tenant_name': 'tempest-VolumesAssistedSnapshotsTest-1240112068', 'user_domain_id': 'default', 'user_domain_name': 'Default', 'user_id': '5d0ecaa2a79346aebf50dd38c8eac163', 'system': None}, Network: None, Subnet: None, Router: None
2025-04-23 15:05:57.040 70137 INFO tempest.lib.common.rest_client [req-541b6723-0fb9-4a90-a56e-6d567ca5e51e req-541b6723-0fb9-4a90-a56e-6d567ca5e51e ] Request (SecurityGroupsTestAdminJSON:setUpClass): 201 POST http://10.180.1.21/identity/v3/auth/tokens 0.307s
2025-04-23 15:05:57.066 70145 INFO tempest.lib.common.rest_client [req-f3139d8f-5cd0-4c9f-bfdf-d4e7cbaf9b43 req-f3139d8f-5cd0-4c9f-bfdf-d4e7cbaf9b43 ] Request (QuotasAdminTestJSON:setUpClass): 200 GET http://10.180.1.21/identity/v3/roles 0.295s
2025-04-23 15:05:57.131 70189 INFO tempest.lib.common.rest_client [req-69b58f24-94a9-49a6-adb3-8c9d767d0293 req-69b58f24-94a9-49a6-adb3-8c9d767d0293 ] Request (InstanceActionsV221TestJSON:setUpClass): 201 POST http://10.180.1.21:9696/networking/v2.0/subnets 0.328s
2025-04-23 15:05:57.132 70181 INFO tempest.lib.common.rest_client [req-54abc2df-f826-4f32-b59e-cd75c49cf2d3 req-54abc2df-f826-4f32-b59e-cd75c49cf2d3 ] Request (KeyPairsV210TestJSON:tearDownClass): 204 DELETE http://10.180.1.21/identity/v3/users/ccac25f85d8a46daac6629665fdf877f 0.332s
2025-04-23 15:05:57.132 70181 INFO tempest.lib.common.dynamic_creds [-] Deleting project and security group for project: 1678f9bbd6ed421b9ccdd3417f1281ed
2025-04-23 15:05:57.165 70154 INFO tempest.lib.common.rest_client [req-c7ea5228-fddf-40db-b174-e5d4b85368df req-c7ea5228-fddf-40db-b174-e5d4b85368df ] Request (FloatingIPsAssociationTestJSON:setUpClass): 202 POST http://10.180.1.21/compute/v2.1/servers 3.917s
2025-04-23 15:05:57.239 70129 INFO tempest.lib.common.rest_client [req-584917fe-68fa-497c-b746-c3748d8f4a17 req-584917fe-68fa-497c-b746-c3748d8f4a17 ] Request (ListServerFiltersTestJSON:setUpClass): 201 POST http://10.180.1.21/identity/v3/projects 0.283s
2025-04-23 15:05:57.285 70137 INFO tempest.lib.common.rest_client [req-33664462-02d1-4dbd-934c-2315fe716cf2 req-33664462-02d1-4dbd-934c-2315fe716cf2 ] Request (SecurityGroupsTestAdminJSON:setUpClass): 200 GET http://10.180.1.21/identity/v3/domains?name=Default 0.244s
2025-04-23 15:05:57.297 70145 INFO tempest.lib.common.rest_client [req-5df000f8-b0f8-413b-ade4-254cedae8cd8 req-5df000f8-b0f8-413b-ade4-254cedae8cd8 ] Request (QuotasAdminTestJSON:setUpClass): 204 PUT http://10.180.1.21/identity/v3/projects/0da5fc539091419db3c345269587f87b/users/b9bd411a7f1940c9bfb5f104a5c77d4e/roles/07a97bcccea24eaa9ea31f6c466e1fae 0.230s
2025-04-23 15:05:57.298 70145 INFO tempest.lib.common.dynamic_creds [-] Dynamic test user b9bd411a7f1940c9bfb5f104a5c77d4e is created with scope project and roles: ['admin']
2025-04-23 15:05:57.298 70145 INFO tempest.lib.common.dynamic_creds [-] Acquired dynamic creds: credentials: Credentials: {'domain_id': 'default', 'domain_name': 'Default', 'username': 'tempest-QuotasAdminTestJSON-1486328211-project-admin', 'project_domain_id': 'default', 'project_domain_name': 'Default', 'project_id': '0da5fc539091419db3c345269587f87b', 'project_name': 'tempest-QuotasAdminTestJSON-1486328211', 'tenant_id': '0da5fc539091419db3c345269587f87b', 'tenant_name': 'tempest-QuotasAdminTestJSON-1486328211', 'user_domain_id': 'default', 'user_domain_name': 'Default', 'user_id': 'b9bd411a7f1940c9bfb5f104a5c77d4e', 'system': None}, Network: None, Subnet: None, Router: None
2025-04-23 15:05:57.298 70145 INFO tempest.lib.common.dynamic_creds [-] Created isolated network resources for: credentials: Credentials: {'domain_id': 'default', 'domain_name': 'Default', 'username': 'tempest-QuotasAdminTestJSON-1486328211-project-admin', 'project_domain_id': 'default', 'project_domain_name': 'Default', 'project_id': '0da5fc539091419db3c345269587f87b', 'project_name': 'tempest-QuotasAdminTestJSON-1486328211', 'tenant_id': '0da5fc539091419db3c345269587f87b', 'tenant_name': 'tempest-QuotasAdminTestJSON-1486328211', 'user_domain_id': 'default', 'user_domain_name': 'Default', 'user_id': 'b9bd411a7f1940c9bfb5f104a5c77d4e', 'system': None}, Network: None, Subnet: None, Router: None
2025-04-23 15:05:57.404 70181 INFO tempest.lib.common.rest_client [req-85456f66-168f-4d2d-8a2a-e6fec9d9ed3a req-85456f66-168f-4d2d-8a2a-e6fec9d9ed3a ] Request (KeyPairsV210TestJSON:tearDownClass): 201 POST http://10.180.1.21/identity/v3/auth/tokens 0.272s
2025-04-23 15:05:57.474 70135 INFO tempest.lib.common.rest_client [req-d933a15c-1e5a-4c00-bd57-3b37e1bc5ec6 req-d933a15c-1e5a-4c00-bd57-3b37e1bc5ec6 ] Request (AZV2TestJSON:test_get_availability_zone_list_with_non_admin_user): 200 GET http://10.180.1.21/compute/v2.1/os-availability-zone 2.231s
2025-04-23 15:05:57.481 70129 INFO tempest.lib.common.rest_client [req-19549f43-7598-4c65-a833-b75a99cf265c req-19549f43-7598-4c65-a833-b75a99cf265c ] Request (ListServerFiltersTestJSON:setUpClass): 201 POST http://10.180.1.21/identity/v3/users 0.242s
2025-04-23 15:05:57.486 70137 INFO tempest.lib.common.rest_client [req-e81d77de-5fad-40d0-a11a-04500ab6f57d req-e81d77de-5fad-40d0-a11a-04500ab6f57d ] Request (SecurityGroupsTestAdminJSON:setUpClass): 201 POST http://10.180.1.21/identity/v3/projects 0.200s
2025-04-23 15:05:57.498 70179 INFO tempest.lib.common.rest_client [req-ea22b9a9-65b3-448b-9308-1e31a32a9ee2 req-ea22b9a9-65b3-448b-9308-1e31a32a9ee2 ] Request (VolumesAssistedSnapshotsTest:setUpClass): 201 POST http://10.180.1.21:9696/networking/v2.0/networks 0.505s
2025-04-23 15:05:57.569 70145 INFO tempest.lib.common.rest_client [req-601b5d88-36b1-4b59-b125-cf48fae4c5bd req-601b5d88-36b1-4b59-b125-cf48fae4c5bd ] Request (QuotasAdminTestJSON:setUpClass): 201 POST http://10.180.1.21/identity/v3/auth/tokens 0.269s
2025-04-23 15:05:57.570 70145 WARNING tempest.lib.common.rest_client [-] Deprecated: "tenant_id" property is deprecated for removal, use "project_id" instead
2025-04-23 15:05:57.656 70129 INFO tempest.lib.common.rest_client [req-b7408bf4-ad5c-4f22-b790-a441cab5db24 req-b7408bf4-ad5c-4f22-b790-a441cab5db24 ] Request (ListServerFiltersTestJSON:setUpClass): 200 GET http://10.180.1.21/identity/v3/roles 0.173s
2025-04-23 15:05:57.674 70137 INFO tempest.lib.common.rest_client [req-aa6a2f82-5566-4331-828b-cb218946ae92 req-aa6a2f82-5566-4331-828b-cb218946ae92 ] Request (SecurityGroupsTestAdminJSON:setUpClass): 201 POST http://10.180.1.21/identity/v3/users 0.188s
2025-04-23 15:05:57.676 70139 INFO tempest.lib.common.rest_client [req-9933a7ed-7bcc-49c4-ad6e-707c04c6f0cd req-9933a7ed-7bcc-49c4-ad6e-707c04c6f0cd ] Request (FloatingIPDetailsTestJSON:setUpClass): 200 POST http://10.180.1.21/compute/v2.1/os-floating-ips 2.469s
2025-04-23 15:05:57.696 70135 INFO tempest.lib.common.rest_client [req-eb531d4e-7618-4261-a923-08694cff87a2 req-eb531d4e-7618-4261-a923-08694cff87a2 ] Request (AZV2TestJSON:tearDownClass): 204 DELETE http://10.180.1.21/identity/v3/users/30d6e91d325c4801a85cf2c9c79b25ba 0.220s
2025-04-23 15:05:57.696 70135 INFO tempest.lib.common.dynamic_creds [-] Deleting project and security group for project: 269a8a60cf3448afade8ed267d212682
2025-04-23 15:05:57.760 70145 INFO tempest.lib.common.rest_client [req-3fb53aa0-ce9c-4d80-9cc3-d52178bc2252 req-3fb53aa0-ce9c-4d80-9cc3-d52178bc2252 ] Request (QuotasAdminTestJSON:test_delete_quota): 200 GET http://10.180.1.21/identity/v3/domains?name=Default 0.188s
2025-04-23 15:05:57.781 70181 INFO tempest.lib.common.rest_client [req-13fde936-6fcf-4866-87bf-4fa1681e0298 req-13fde936-6fcf-4866-87bf-4fa1681e0298 ] Request (KeyPairsV210TestJSON:tearDownClass): 200 GET http://10.180.1.21:9696/networking/v2.0/security-groups?tenant_id=1678f9bbd6ed421b9ccdd3417f1281ed&name=default 0.376s
2025-04-23 15:05:57.805 70191 INFO tempest.lib.common.rest_client [req-7a9da54a-568e-4d04-9472-627405e33bc7 req-7a9da54a-568e-4d04-9472-627405e33bc7 ] Request (FloatingIPsTestJSON:test_allocate_floating_ip): 200 GET http://10.180.1.21/compute/v2.1/os-floating-ips/b721cbb8-fd9f-4b8b-b78e-27003a51adc2 2.245s
2025-04-23 15:05:57.831 70179 INFO tempest.lib.common.rest_client [req-6fac3807-e046-48ef-99d7-c350e953440a req-6fac3807-e046-48ef-99d7-c350e953440a ] Request (VolumesAssistedSnapshotsTest:setUpClass): 201 POST http://10.180.1.21:9696/networking/v2.0/subnets 0.332s
2025-04-23 15:05:57.832 70157 INFO tempest.lib.common.rest_client [req-9e15be4a-0ad4-4504-8ad9-8ed8173bbba1 req-9e15be4a-0ad4-4504-8ad9-8ed8173bbba1 ] Request (FlavorsV2NegativeTest:test_boot_with_low_ram): 201 POST http://10.180.1.21/image/v2/images 0.837s
2025-04-23 15:05:57.849 70141 INFO tempest.lib.common.rest_client [req-2a5c4612-2ceb-4e2b-a778-b19d21016fa6 req-2a5c4612-2ceb-4e2b-a778-b19d21016fa6 ] Request (ImagesDeleteNegativeTestJSON:test_delete_image_non_hex_string_id): 404 DELETE http://10.180.1.21/compute/v2.1/images/3bfcd2c3-2db8-4690-9aad-2df72ddf468j 2.349s
2025-04-23 15:05:57.875 70129 INFO tempest.lib.common.rest_client [req-67f8b6b0-41d6-46c2-a9e8-cd04c8f4f0fb req-67f8b6b0-41d6-46c2-a9e8-cd04c8f4f0fb ] Request (ListServerFiltersTestJSON:setUpClass): 204 PUT http://10.180.1.21/identity/v3/projects/5b8ae697a5774cb094c4f8cba88cc6ba/users/ce36137881bf4f5c8360bc5574c79982/roles/5804da795fee4705824ec2e2b79c10cb 0.219s
2025-04-23 15:05:57.876 70129 INFO tempest.lib.common.dynamic_creds [-] Dynamic test user ce36137881bf4f5c8360bc5574c79982 is created with scope project and roles: ['member']
2025-04-23 15:05:57.876 70129 INFO tempest.lib.common.dynamic_creds [-] Acquired dynamic creds: credentials: Credentials: {'domain_id': 'default', 'domain_name': 'Default', 'username': 'tempest-ListServerFiltersTestJSON-552165178-project-member', 'project_domain_id': 'default', 'project_domain_name': 'Default', 'project_id': '5b8ae697a5774cb094c4f8cba88cc6ba', 'project_name': 'tempest-ListServerFiltersTestJSON-552165178', 'tenant_id': '5b8ae697a5774cb094c4f8cba88cc6ba', 'tenant_name': 'tempest-ListServerFiltersTestJSON-552165178', 'user_domain_id': 'default', 'user_domain_name': 'Default', 'user_id': 'ce36137881bf4f5c8360bc5574c79982', 'system': None}, Network: None, Subnet: None, Router: None
2025-04-23 15:05:57.914 70175 INFO tempest.lib.common.rest_client [req-ad076719-9f3a-480e-970c-7dc20d084af2 req-ad076719-9f3a-480e-970c-7dc20d084af2 ] Request (ServerAddressesTestJSON:setUpClass): 200 GET http://10.180.1.21/compute/v2.1/servers/1472aaa1-00a5-4801-b049-114813b6dd46 1.801s
2025-04-23 15:05:57.921 70181 INFO tempest.lib.common.rest_client [req-95822fdc-2e1b-4daa-9757-1b17d668dd6d req-95822fdc-2e1b-4daa-9757-1b17d668dd6d ] Request (KeyPairsV210TestJSON:tearDownClass): 204 DELETE http://10.180.1.21:9696/networking/v2.0/security-groups/1aa563cb-a0ad-4c0d-ae0f-29a80e0948b6 0.139s
2025-04-23 15:05:57.927 70135 INFO tempest.lib.common.rest_client [req-3296beb0-5492-4867-b02e-c2bb64f68d1c req-3296beb0-5492-4867-b02e-c2bb64f68d1c ] Request (AZV2TestJSON:tearDownClass): 201 POST http://10.180.1.21/identity/v3/auth/tokens 0.231s
2025-04-23 15:05:57.929 70137 INFO tempest.lib.common.rest_client [req-fa2e094b-da3c-46e1-bad3-ac7dfe4af8ff req-fa2e094b-da3c-46e1-bad3-ac7dfe4af8ff ] Request (SecurityGroupsTestAdminJSON:setUpClass): 200 GET http://10.180.1.21/identity/v3/roles 0.254s
2025-04-23 15:05:57.981 70145 INFO tempest.lib.common.rest_client [req-d1a3a01d-80db-403a-9a41-1525a2207957 req-d1a3a01d-80db-403a-9a41-1525a2207957 ] Request (QuotasAdminTestJSON:test_delete_quota): 201 POST http://10.180.1.21/identity/v3/projects 0.220s
2025-04-23 15:05:57.984 70171 INFO tempest.lib.common.rest_client [req-87395769-81ed-40e6-85c0-09c1403f0ce0 req-87395769-81ed-40e6-85c0-09c1403f0ce0 ] Request (ImagesTestJSON:test_create_image_from_stopped_server): 200 GET http://10.180.1.21/compute/v2.1/servers/9237342f-9720-400b-b201-9357fc090d1e 1.629s
2025-04-23 15:05:58.007 70183 INFO tempest.lib.common.rest_client [req-aa5adf78-b821-4ea8-8991-40c0cd35b513 req-aa5adf78-b821-4ea8-8991-40c0cd35b513 ] Request (FlavorsAccessTestJSON:_run_cleanups): 202 DELETE http://10.180.1.21/compute/v2.1/flavors/2022640838 1.634s
2025-04-23 15:05:58.032 70167 INFO tempest.lib.common.rest_client [req-8f761e0a-9fd6-4340-b06c-cd98f21bce88 req-8f761e0a-9fd6-4340-b06c-cd98f21bce88 ] Request (FlavorsV261TestJSON:_run_cleanups): 200 GET http://10.180.1.21/compute/v2.1/flavors/detail 1.637s
2025-04-23 15:05:58.038 70131 INFO tempest.lib.common.rest_client [req-f79ee246-7580-489f-91ba-dab7cce40efe req-f79ee246-7580-489f-91ba-dab7cce40efe ] Request (ServersWithSpecificFlavorTestJSON:test_verify_created_server_ephemeral_disk): 200 GET http://10.180.1.21/compute/v2.1/flavors/42 2.327s
2025-04-23 15:05:58.055 70177 INFO tempest.lib.common.rest_client [req-6aafbf9b-2cbc-44d8-8ed5-244e6acbf37a req-6aafbf9b-2cbc-44d8-8ed5-244e6acbf37a ] Request (ServicesAdminNegativeV253TestJSON:test_get_service_by_invalid_service_and_valid_host): 200 GET http://10.180.1.21/compute/v2.1/os-services?host=devstack&binary=xxx 1.625s
2025-04-23 15:05:58.104 70129 INFO tempest.lib.common.rest_client [req-bfc3e3d1-e918-4d56-b8e9-1c2009bca4eb req-bfc3e3d1-e918-4d56-b8e9-1c2009bca4eb ] Request (ListServerFiltersTestJSON:setUpClass): 201 POST http://10.180.1.21/identity/v3/auth/tokens 0.228s
2025-04-23 15:05:58.129 70143 INFO tempest.lib.common.rest_client [req-9f1a7051-aa6a-4b60-b383-cca53e3f2e99 req-9f1a7051-aa6a-4b60-b383-cca53e3f2e99 ] Request (ServersAdmin275Test:test_rebuild_update_server_275): 200 GET http://10.180.1.21/compute/v2.1/servers/d2034a90-37dc-4f14-b91e-00d4288d7420 1.643s
2025-04-23 15:05:58.133 70137 INFO tempest.lib.common.rest_client [req-258b9984-9f96-4d1e-b137-60f4293ae76f req-258b9984-9f96-4d1e-b137-60f4293ae76f ] Request (SecurityGroupsTestAdminJSON:setUpClass): 204 PUT http://10.180.1.21/identity/v3/projects/0dfdb18545b1487d92863d1158249599/users/8d877a445515456889ec7679bc8ee623/roles/5804da795fee4705824ec2e2b79c10cb 0.204s
2025-04-23 15:05:58.133 70137 INFO tempest.lib.common.dynamic_creds [-] Dynamic test user 8d877a445515456889ec7679bc8ee623 is created with scope project and roles: ['member']
2025-04-23 15:05:58.134 70137 INFO tempest.lib.common.dynamic_creds [-] Acquired dynamic creds: credentials: Credentials: {'domain_id': 'default', 'domain_name': 'Default', 'username': 'tempest-SecurityGroupsTestAdminJSON-248206119-project-member', 'project_domain_id': 'default', 'project_domain_name': 'Default', 'project_id': '0dfdb18545b1487d92863d1158249599', 'project_name': 'tempest-SecurityGroupsTestAdminJSON-248206119', 'tenant_id': '0dfdb18545b1487d92863d1158249599', 'tenant_name': 'tempest-SecurityGroupsTestAdminJSON-248206119', 'user_domain_id': 'default', 'user_domain_name': 'Default', 'user_id': '8d877a445515456889ec7679bc8ee623', 'system': None}, Network: None, Subnet: None, Router: None
2025-04-23 15:05:58.134 70137 INFO tempest.lib.common.dynamic_creds [-] Created isolated network resources for: credentials: Credentials: {'domain_id': 'default', 'domain_name': 'Default', 'username': 'tempest-SecurityGroupsTestAdminJSON-248206119-project-member', 'project_domain_id': 'default', 'project_domain_name': 'Default', 'project_id': '0dfdb18545b1487d92863d1158249599', 'project_name': 'tempest-SecurityGroupsTestAdminJSON-248206119', 'tenant_id': '0dfdb18545b1487d92863d1158249599', 'tenant_name': 'tempest-SecurityGroupsTestAdminJSON-248206119', 'user_domain_id': 'default', 'user_domain_name': 'Default', 'user_id': '8d877a445515456889ec7679bc8ee623', 'system': None}, Network: None, Subnet: None, Router: None
2025-04-23 15:05:58.144 70133 INFO tempest.lib.common.rest_client [req-58ed9e02-caa3-4970-b287-6e8ba6d7cc15 req-58ed9e02-caa3-4970-b287-6e8ba6d7cc15 ] Request (FlavorsExtraSpecsTestJSON:test_flavor_set_get_update_show_unset_keys): 200 GET http://10.180.1.21/compute/v2.1/flavors/2007542934/os-extra_specs 1.549s
2025-04-23 15:05:58.164 70181 INFO tempest.lib.common.rest_client [req-53fb2084-7748-4076-bad4-ece72be73b7d req-53fb2084-7748-4076-bad4-ece72be73b7d ] Request (KeyPairsV210TestJSON:tearDownClass): 204 DELETE http://10.180.1.21/identity/v3/projects/1678f9bbd6ed421b9ccdd3417f1281ed 0.242s
2025-04-23 15:05:58.164 70181 INFO tempest.lib.common.dynamic_creds [-] Deleting project and security group for project: b9ec885fc1c94eef9b9b78baaae6083e
2025-04-23 15:05:58.166 70189 INFO tempest.lib.common.rest_client [req-079ee719-3937-47c3-b915-de0df076e37d req-079ee719-3937-47c3-b915-de0df076e37d ] Request (InstanceActionsV221TestJSON:setUpClass): 201 POST http://10.180.1.21:9696/networking/v2.0/routers 1.034s
2025-04-23 15:05:58.175 70161 INFO tempest.lib.common.rest_client [req-d03e5c57-cdbc-468f-a281-6776fee3bb51 req-d03e5c57-cdbc-468f-a281-6776fee3bb51 ] Request (FlavorsAdminTestJSON:_run_cleanups): 200 GET http://10.180.1.21/compute/v2.1/flavors/detail 1.568s
2025-04-23 15:05:58.216 70186 INFO tempest.lib.common.rest_client [req-5541fa49-674b-4d1e-ab32-c10b26baaa3d req-5541fa49-674b-4d1e-ab32-c10b26baaa3d ] Request (FlavorsV2TestJSON:test_list_flavors_detailed_using_marker): 200 GET http://10.180.1.21/compute/v2.1/flavors/detail?marker=42 1.596s
2025-04-23 15:05:58.218 70165 INFO tempest.lib.common.rest_client [-] Request (TestVersions:test_list_api_versions): 200 GET http://10.180.1.21/compute/ 1.593s
2025-04-23 15:05:58.221 70145 INFO tempest.lib.common.rest_client [req-dc2ffec8-5cc3-4208-aeb0-263355690c18 req-dc2ffec8-5cc3-4208-aeb0-263355690c18 ] Request (QuotasAdminTestJSON:test_delete_quota): 200 GET http://10.180.1.21/identity/v3/domains?name=Default 0.240s
2025-04-23 15:05:58.391 70167 INFO tempest.lib.common.rest_client [req-5a5f0a6b-e6f8-4caa-890a-ec9f116dc446 req-5a5f0a6b-e6f8-4caa-890a-ec9f116dc446 ] Request (FlavorsV261TestJSON:tearDownClass): 204 DELETE http://10.180.1.21/identity/v3/users/1c5fc6cdfd004534bab4fafa710e57f7 0.339s
2025-04-23 15:05:58.405 70187 INFO tempest.lib.common.rest_client [req-e8e0d16b-7d6c-4238-a51e-ceaae7e240e8 req-e8e0d16b-7d6c-4238-a51e-ceaae7e240e8 ] Request (ImagesMetadataTestJSON:setUpClass): 201 POST http://10.180.1.21/image/v2/images 1.752s
2025-04-23 15:05:58.491 70137 INFO tempest.lib.common.rest_client [req-d00498b1-2660-449c-a536-43b0d88a91c0 req-d00498b1-2660-449c-a536-43b0d88a91c0 ] Request (SecurityGroupsTestAdminJSON:setUpClass): 201 POST http://10.180.1.21/identity/v3/auth/tokens 0.351s
2025-04-23 15:05:58.529 70165 INFO tempest.lib.common.rest_client [req-4cab8cf9-cdc8-4fec-8efb-ba0785014a47 req-4cab8cf9-cdc8-4fec-8efb-ba0785014a47 ] Request (TestVersions:tearDownClass): 204 DELETE http://10.180.1.21/identity/v3/users/7af0d3b733aa48f7982da8f59fd4aed6 0.299s
2025-04-23 15:05:58.529 70165 INFO tempest.lib.common.dynamic_creds [-] Deleting project and security group for project: 7fc4113bdfb34f288fe47c7c0b740ee7
2025-04-23 15:05:58.557 70167 INFO tempest.lib.common.rest_client [req-e982e819-325d-4d04-9c3e-7dd6ba2778ff req-e982e819-325d-4d04-9c3e-7dd6ba2778ff ] Request (FlavorsV261TestJSON:tearDownClass): 204 DELETE http://10.180.1.21/identity/v3/users/a11760d514fc49328693e41c88913105 0.165s
2025-04-23 15:05:58.558 70167 INFO tempest.lib.common.dynamic_creds [-] Deleting project and security group for project: 0084cf819dd74486b44d914d1a7ab931
2025-04-23 15:05:58.623 70147 INFO tempest.lib.common.rest_client [req-dd36b3b4-63ca-4b25-91a4-a7d7878bc191 req-dd36b3b4-63ca-4b25-91a4-a7d7878bc191 ] Request (SecurityGroupsNegativeTestJSON:test_delete_the_default_security_group): 200 GET http://10.180.1.21/compute/v2.1/os-security-groups 1.994s
2025-04-23 15:05:58.637 70149 INFO tempest.lib.common.rest_client [req-2f6854a1-a029-4e2d-a5d2-6f6604bf2e9b req-2f6854a1-a029-4e2d-a5d2-6f6604bf2e9b ] Request (NetworksTest:test_get_network): 200 GET http://10.180.1.21/compute/v2.1/os-networks 2.218s
2025-04-23 15:05:58.644 70155 INFO tempest.lib.common.rest_client [req-5ec4c0a6-4d22-435b-9af5-552a684ff44b req-5ec4c0a6-4d22-435b-9af5-552a684ff44b ] Request (FlavorsExtraSpecsNegativeTestJSON:test_flavor_non_admin_update_specific_key): 403 PUT http://10.180.1.21/compute/v2.1/flavors/901545428/os-extra_specs/hw:numa_nodes 1.976s
2025-04-23 15:05:58.653 70165 INFO tempest.lib.common.rest_client [req-4e40f24d-1e47-4811-8edf-998cff871e02 req-4e40f24d-1e47-4811-8edf-998cff871e02 ] Request (TestVersions:tearDownClass): 201 POST http://10.180.1.21/identity/v3/auth/tokens 0.124s
2025-04-23 15:05:58.654 70137 INFO tempest.lib.common.rest_client [req-c21b0f9b-c409-499c-993b-fd4fc35ec433 req-c21b0f9b-c409-499c-993b-fd4fc35ec433 ] Request (SecurityGroupsTestAdminJSON:setUpClass): 201 POST http://10.180.1.21/identity/v3/projects 0.163s
2025-04-23 15:05:58.662 70151 INFO tempest.lib.common.rest_client [req-75543b01-ee9c-4cd6-ba1d-854d53f9fb09 req-75543b01-ee9c-4cd6-ba1d-854d53f9fb09 ] Request (AggregatesAdminNegativeTestJSON:test_aggregate_add_host_as_user): 200 POST http://10.180.1.21/compute/v2.1/os-aggregates 2.007s
2025-04-23 15:05:58.708 70167 INFO tempest.lib.common.rest_client [req-15cf990e-5b4c-49b9-9c48-f333e3c9be9a req-15cf990e-5b4c-49b9-9c48-f333e3c9be9a ] Request (FlavorsV261TestJSON:tearDownClass): 201 POST http://10.180.1.21/identity/v3/auth/tokens 0.150s
2025-04-23 15:05:58.729 70135 INFO tempest.lib.common.rest_client [req-4b408777-715b-4009-a1ef-087487fcb720 req-4b408777-715b-4009-a1ef-087487fcb720 ] Request (AZV2TestJSON:tearDownClass): 200 GET http://10.180.1.21:9696/networking/v2.0/security-groups?tenant_id=269a8a60cf3448afade8ed267d212682&name=default 0.801s
2025-04-23 15:05:58.783 70154 INFO tempest.lib.common.rest_client [req-71dbe6d6-85c5-4c2b-9f4f-563c7b31a487 req-71dbe6d6-85c5-4c2b-9f4f-563c7b31a487 ] Request (FloatingIPsAssociationTestJSON:setUpClass): 200 GET http://10.180.1.21/compute/v2.1/servers/c252adcd-aab4-4d5d-afd0-8ed44912dd98 1.616s
2025-04-23 15:05:58.784 70181 INFO tempest.lib.common.rest_client [req-c24153e3-0a45-4c39-961d-8c096d551a56 req-c24153e3-0a45-4c39-961d-8c096d551a56 ] Request (KeyPairsV210TestJSON:tearDownClass): 200 GET http://10.180.1.21:9696/networking/v2.0/security-groups?tenant_id=b9ec885fc1c94eef9b9b78baaae6083e&name=default 0.620s
2025-04-23 15:05:58.808 70137 INFO tempest.lib.common.rest_client [req-17324f9b-27dc-4fd0-9d95-30874d0a3fb7 req-17324f9b-27dc-4fd0-9d95-30874d0a3fb7 ] Request (SecurityGroupsTestAdminJSON:setUpClass): 201 POST http://10.180.1.21/identity/v3/users 0.153s
2025-04-23 15:05:58.852 70169 INFO tempest.lib.common.rest_client [req-08126de9-8a4f-4067-810d-2b6df2167c79 req-08126de9-8a4f-4067-810d-2b6df2167c79 ] Request (ServicesAdminTestJSON:test_get_service_by_host_name): 200 GET http://10.180.1.21/compute/v2.1/os-services 1.988s
2025-04-23 15:05:58.890 70163 INFO tempest.lib.common.rest_client [req-489edb3d-4c82-4ad1-bacd-246e1a3e1d77 req-489edb3d-4c82-4ad1-bacd-246e1a3e1d77 ] Request (ServerDiagnosticsV248Test:test_get_server_diagnostics): 200 GET http://10.180.1.21/compute/v2.1/servers/66c2cedd-8e59-4707-be43-ed9351d8faa4 1.668s
2025-04-23 15:05:58.897 70137 INFO tempest.lib.common.rest_client [req-2dfd7812-31f4-41f0-b856-9aae526d000f req-2dfd7812-31f4-41f0-b856-9aae526d000f ] Request (SecurityGroupsTestAdminJSON:setUpClass): 200 GET http://10.180.1.21/identity/v3/roles 0.089s
2025-04-23 15:05:58.902 70163 INFO tempest.common.waiters [-] State transition "BUILD/networking" ==> "BUILD/spawning" after 8 second wait
2025-04-23 15:05:58.980 70137 INFO tempest.lib.common.rest_client [req-257ad9bb-9429-4d39-8ccf-4309c6e6ea39 req-257ad9bb-9429-4d39-8ccf-4309c6e6ea39 ] Request (SecurityGroupsTestAdminJSON:setUpClass): 204 PUT http://10.180.1.21/identity/v3/projects/29bdd8997d4548468375eb5ac514dff0/users/1fbe65497c8345b99a0e811539c82341/roles/07a97bcccea24eaa9ea31f6c466e1fae 0.082s
2025-04-23 15:05:59.043 70137 INFO tempest.lib.common.rest_client [req-94f2990f-972f-4b5d-8bf6-f4d1e9a873ff req-94f2990f-972f-4b5d-8bf6-f4d1e9a873ff ] Request (SecurityGroupsTestAdminJSON:setUpClass): 200 GET http://10.180.1.21/identity/v3/roles 0.063s
2025-04-23 15:05:59.095 70135 INFO tempest.lib.common.rest_client [req-90e8406a-36e1-47fe-ac41-634cad4b3208 req-90e8406a-36e1-47fe-ac41-634cad4b3208 ] Request (AZV2TestJSON:tearDownClass): 204 DELETE http://10.180.1.21:9696/networking/v2.0/security-groups/bdbf5385-2248-4feb-ad46-162c1020fd58 0.365s
2025-04-23 15:05:59.097 70137 INFO tempest.lib.common.rest_client [req-7b743b2f-5aa8-43df-afca-676b77ed8095 req-7b743b2f-5aa8-43df-afca-676b77ed8095 ] Request (SecurityGroupsTestAdminJSON:setUpClass): 204 PUT http://10.180.1.21/identity/v3/projects/29bdd8997d4548468375eb5ac514dff0/users/1fbe65497c8345b99a0e811539c82341/roles/07a97bcccea24eaa9ea31f6c466e1fae 0.054s
2025-04-23 15:05:59.097 70137 INFO tempest.lib.common.dynamic_creds [-] Dynamic test user 1fbe65497c8345b99a0e811539c82341 is created with scope project and roles: ['admin']
2025-04-23 15:05:59.098 70137 INFO tempest.lib.common.dynamic_creds [-] Acquired dynamic creds: credentials: Credentials: {'domain_id': 'default', 'domain_name': 'Default', 'username': 'tempest-SecurityGroupsTestAdminJSON-1991462953-project-admin', 'project_domain_id': 'default', 'project_domain_name': 'Default', 'project_id': '29bdd8997d4548468375eb5ac514dff0', 'project_name': 'tempest-SecurityGroupsTestAdminJSON-1991462953', 'tenant_id': '29bdd8997d4548468375eb5ac514dff0', 'tenant_name': 'tempest-SecurityGroupsTestAdminJSON-1991462953', 'user_domain_id': 'default', 'user_domain_name': 'Default', 'user_id': '1fbe65497c8345b99a0e811539c82341', 'system': None}, Network: None, Subnet: None, Router: None
2025-04-23 15:05:59.098 70137 INFO tempest.lib.common.dynamic_creds [-] Created isolated network resources for: credentials: Credentials: {'domain_id': 'default', 'domain_name': 'Default', 'username': 'tempest-SecurityGroupsTestAdminJSON-1991462953-project-admin', 'project_domain_id': 'default', 'project_domain_name': 'Default', 'project_id': '29bdd8997d4548468375eb5ac514dff0', 'project_name': 'tempest-SecurityGroupsTestAdminJSON-1991462953', 'tenant_id': '29bdd8997d4548468375eb5ac514dff0', 'tenant_name': 'tempest-SecurityGroupsTestAdminJSON-1991462953', 'user_domain_id': 'default', 'user_domain_name': 'Default', 'user_id': '1fbe65497c8345b99a0e811539c82341', 'system': None}, Network: None, Subnet: None, Router: None
2025-04-23 15:05:59.099 70181 INFO tempest.lib.common.rest_client [req-69a33a0a-57ca-43a7-ae10-d8e7bb6f74b4 req-69a33a0a-57ca-43a7-ae10-d8e7bb6f74b4 ] Request (KeyPairsV210TestJSON:tearDownClass): 204 DELETE http://10.180.1.21:9696/networking/v2.0/security-groups/e645e878-c340-44a5-8f62-7668c4e6ea72 0.314s
2025-04-23 15:05:59.121 70159 INFO tempest.lib.common.rest_client [req-ad6109c0-84b9-44cf-a5d0-ca893964d5a9 req-ad6109c0-84b9-44cf-a5d0-ca893964d5a9 ] Request (DeleteServersAdminTestJSON:test_admin_delete_servers_of_others): 200 GET http://10.180.1.21/compute/v2.1/servers/e74912d1-1c64-422a-be63-4013723543c4 1.784s
2025-04-23 15:05:59.197 70165 INFO tempest.lib.common.rest_client [req-32b57191-c6c7-44e1-82dc-dc4b886231e8 req-32b57191-c6c7-44e1-82dc-dc4b886231e8 ] Request (TestVersions:tearDownClass): 200 GET http://10.180.1.21:9696/networking/v2.0/security-groups?tenant_id=7fc4113bdfb34f288fe47c7c0b740ee7&name=default 0.543s
2025-04-23 15:05:59.199 70135 INFO tempest.lib.common.rest_client [req-0654c04b-e7de-4f5d-a24e-a51bee9f1aba req-0654c04b-e7de-4f5d-a24e-a51bee9f1aba ] Request (AZV2TestJSON:tearDownClass): 204 DELETE http://10.180.1.21/identity/v3/projects/269a8a60cf3448afade8ed267d212682 0.103s
2025-04-23 15:05:59.210 70181 INFO tempest.lib.common.rest_client [req-2a8ff293-8230-43ac-b06f-15010da2e2c6 req-2a8ff293-8230-43ac-b06f-15010da2e2c6 ] Request (KeyPairsV210TestJSON:tearDownClass): 204 DELETE http://10.180.1.21/identity/v3/projects/b9ec885fc1c94eef9b9b78baaae6083e 0.111s
2025-04-23 15:05:59.219 70167 INFO tempest.lib.common.rest_client [req-c9e65393-d919-4a42-b31a-81f3b6af868b req-c9e65393-d919-4a42-b31a-81f3b6af868b ] Request (FlavorsV261TestJSON:tearDownClass): 200 GET http://10.180.1.21:9696/networking/v2.0/security-groups?tenant_id=0084cf819dd74486b44d914d1a7ab931&name=default 0.511s
2025-04-23 15:05:59.242 70129 INFO tempest.lib.common.rest_client [req-9810d509-81ba-497c-9b71-7c3c2c82c4d4 req-9810d509-81ba-497c-9b71-7c3c2c82c4d4 ] Request (ListServerFiltersTestJSON:setUpClass): 201 POST http://10.180.1.21:9696/networking/v2.0/networks 1.137s
2025-04-23 15:05:59.249 70173 INFO tempest.lib.common.rest_client [req-20e2d014-21e8-4d9d-bd58-b96ac4ed6fb9 req-20e2d014-21e8-4d9d-bd58-b96ac4ed6fb9 ] Request (ServersAdminNegativeTestJSON:setUpClass): 200 GET http://10.180.1.21/compute/v2.1/servers/18a12854-81a5-4691-a1df-fb704f0c0fe3 1.685s
2025-04-23 15:05:59.293 70137 INFO tempest.lib.common.rest_client [req-8121d7eb-0d30-4645-bf18-92e6890b72e1 req-8121d7eb-0d30-4645-bf18-92e6890b72e1 ] Request (SecurityGroupsTestAdminJSON:setUpClass): 201 POST http://10.180.1.21/identity/v3/auth/tokens 0.189s
2025-04-23 15:05:59.346 70135 INFO tempest.lib.common.rest_client [req-3cc57e87-6cf3-4926-9be2-a7d8a867d796 req-3cc57e87-6cf3-4926-9be2-a7d8a867d796 ] Request (ServersTestJSON:setUpClass): 201 POST http://10.180.1.21/identity/v3/auth/tokens 0.146s
2025-04-23 15:05:59.374 70167 INFO tempest.lib.common.rest_client [req-fa0be6a1-907e-4753-99bd-7b6f42f75e72 req-fa0be6a1-907e-4753-99bd-7b6f42f75e72 ] Request (FlavorsV261TestJSON:tearDownClass): 204 DELETE http://10.180.1.21:9696/networking/v2.0/security-groups/534370d3-7870-4472-8ac5-cf3748cfc74d 0.154s
2025-04-23 15:05:59.376 70179 INFO tempest.lib.common.rest_client [req-4a77dcd0-3e62-4d22-99d0-38dc4e90ed00 req-4a77dcd0-3e62-4d22-99d0-38dc4e90ed00 ] Request (VolumesAssistedSnapshotsTest:setUpClass): 201 POST http://10.180.1.21:9696/networking/v2.0/routers 1.544s
2025-04-23 15:05:59.376 70181 INFO tempest.lib.common.rest_client [req-19da31be-9f04-4cb9-a3c3-80ea33ba7047 req-19da31be-9f04-4cb9-a3c3-80ea33ba7047 ] Request (ServerExternalEventsTest:setUpClass): 201 POST http://10.180.1.21/identity/v3/auth/tokens 0.164s
2025-04-23 15:05:59.403 70165 INFO tempest.lib.common.rest_client [req-2a49a7c5-f03b-4ad4-9df0-95c9ec06fced req-2a49a7c5-f03b-4ad4-9df0-95c9ec06fced ] Request (TestVersions:tearDownClass): 204 DELETE http://10.180.1.21:9696/networking/v2.0/security-groups/b4f3bddf-e92c-4cca-bf36-0e852abe55c0 0.206s
2025-04-23 15:05:59.409 70135 INFO tempest.lib.common.rest_client [req-39b8c331-1af0-49fa-adbc-48af66bbe2de req-39b8c331-1af0-49fa-adbc-48af66bbe2de ] Request (ServersTestJSON:setUpClass): 201 POST http://10.180.1.21/identity/v3/auth/tokens 0.057s
2025-04-23 15:05:59.485 70157 INFO tempest.lib.common.rest_client [req-ba78102c-d743-4a0e-97a6-54168560ca3c req-ba78102c-d743-4a0e-97a6-54168560ca3c ] Request (FlavorsV2NegativeTest:test_boot_with_low_ram): 204 PUT http://10.180.1.21/image/v2/images/e472204a-3584-4270-9877-39af9c964828/file 1.652s
2025-04-23 15:05:59.520 70167 INFO tempest.lib.common.rest_client [req-71a11be1-b94c-4f04-9e8e-53629db92b6a req-71a11be1-b94c-4f04-9e8e-53629db92b6a ] Request (FlavorsV261TestJSON:tearDownClass): 204 DELETE http://10.180.1.21/identity/v3/projects/0084cf819dd74486b44d914d1a7ab931 0.146s
2025-04-23 15:05:59.521 70167 INFO tempest.lib.common.dynamic_creds [-] Deleting project and security group for project: ab4f234d96a84e1aba28bb9dad2754b2
2025-04-23 15:05:59.565 70187 INFO tempest.lib.common.rest_client [req-4e20042c-c051-45f1-8b2a-2027bc02224a req-4e20042c-c051-45f1-8b2a-2027bc02224a ] Request (ImagesMetadataTestJSON:setUpClass): 204 PUT http://10.180.1.21/image/v2/images/de5120fb-59be-418a-aa46-6aa50cb864a9/file 1.160s
2025-04-23 15:05:59.580 70181 INFO tempest.lib.common.rest_client [req-ecb6bc5c-1a8a-4a5a-8a63-f800b8bb8c46 req-ecb6bc5c-1a8a-4a5a-8a63-f800b8bb8c46 ] Request (ServerExternalEventsTest:setUpClass): 201 POST http://10.180.1.21/identity/v3/auth/tokens 0.202s
2025-04-23 15:05:59.603 70135 INFO tempest.lib.common.rest_client [req-b99507bb-cdcf-4edc-a068-5c87fd7de6f8 req-b99507bb-cdcf-4edc-a068-5c87fd7de6f8 ] Request (ServersTestJSON:setUpClass): 200 GET http://10.180.1.21/identity/v3/domains?name=Default 0.193s
2025-04-23 15:05:59.648 70165 INFO tempest.lib.common.rest_client [req-fe5f2d7d-e7c1-4d8d-845c-4c71a87e1d8c req-fe5f2d7d-e7c1-4d8d-845c-4c71a87e1d8c ] Request (TestVersions:tearDownClass): 204 DELETE http://10.180.1.21/identity/v3/projects/7fc4113bdfb34f288fe47c7c0b740ee7 0.244s
2025-04-23 15:05:59.674 70157 INFO tempest.lib.common.rest_client [req-0d33d3a0-159e-4a73-aeab-875eaa4c1ad5 req-0d33d3a0-159e-4a73-aeab-875eaa4c1ad5 ] Request (FlavorsV2NegativeTest:test_boot_with_low_ram): 201 POST http://10.180.1.21/identity/v3/auth/tokens 0.186s
2025-04-23 15:05:59.674 70157 INFO tempest.lib.common.fixed_network [-] (FlavorsV2NegativeTest:test_boot_with_low_ram) Found network None available for tenant
2025-04-23 15:05:59.679 70191 INFO tempest.lib.common.rest_client [req-3143ef95-bc28-4485-81c4-35ce598f2d84 req-3143ef95-bc28-4485-81c4-35ce598f2d84 ] Request (FloatingIPsTestJSON:test_allocate_floating_ip): 200 GET http://10.180.1.21/compute/v2.1/os-floating-ips 1.871s
2025-04-23 15:05:59.700 70141 INFO tempest.lib.common.rest_client [req-3c868d1d-b92d-4955-b80e-53bde3cf3d72 req-3c868d1d-b92d-4955-b80e-53bde3cf3d72 ] Request (ImagesDeleteNegativeTestJSON:test_delete_image_with_id_over_character_limit): 404 DELETE http://10.180.1.21/compute/v2.1/images/4b2dde09-9f1e-4e68-8b5c-0342548eb1cf1 1.849s
2025-04-23 15:05:59.734 70183 INFO tempest.lib.common.rest_client [req-f57cbfe1-189c-4463-a23c-a99e48d024b3 req-f57cbfe1-189c-4463-a23c-a99e48d024b3 ] Request (FlavorsAccessTestJSON:_run_cleanups): 200 GET http://10.180.1.21/compute/v2.1/flavors/detail 1.726s
2025-04-23 15:05:59.749 70181 INFO tempest.lib.common.rest_client [req-a61ad06c-c9b2-44bf-b7a0-101dec2c1001 req-a61ad06c-c9b2-44bf-b7a0-101dec2c1001 ] Request (ServerExternalEventsTest:setUpClass): 200 GET http://10.180.1.21/identity/v3/domains?name=Default 0.169s
2025-04-23 15:05:59.779 70135 INFO tempest.lib.common.rest_client [req-2dec8188-9773-455c-b71f-fb04d1ec7da8 req-2dec8188-9773-455c-b71f-fb04d1ec7da8 ] Request (ServersTestJSON:setUpClass): 201 POST http://10.180.1.21/identity/v3/projects 0.174s
2025-04-23 15:05:59.786 70167 INFO tempest.lib.common.rest_client [req-3b6946fb-99b4-455e-8e33-e221fdc6a163 req-3b6946fb-99b4-455e-8e33-e221fdc6a163 ] Request (FlavorsV261TestJSON:tearDownClass): 200 GET http://10.180.1.21:9696/networking/v2.0/security-groups?tenant_id=ab4f234d96a84e1aba28bb9dad2754b2&name=default 0.265s
2025-04-23 15:05:59.786 70129 INFO tempest.lib.common.rest_client [req-efac7c7d-3432-492f-92fe-97b6ab44e2bb req-efac7c7d-3432-492f-92fe-97b6ab44e2bb ] Request (ListServerFiltersTestJSON:setUpClass): 201 POST http://10.180.1.21:9696/networking/v2.0/subnets 0.544s
2025-04-23 15:05:59.787 70129 INFO tempest.lib.common.dynamic_creds [-] Created isolated network resources for: credentials: Credentials: {'domain_id': 'default', 'domain_name': 'Default', 'username': 'tempest-ListServerFiltersTestJSON-552165178-project-member', 'project_domain_id': 'default', 'project_domain_name': 'Default', 'project_id': '5b8ae697a5774cb094c4f8cba88cc6ba', 'project_name': 'tempest-ListServerFiltersTestJSON-552165178', 'tenant_id': '5b8ae697a5774cb094c4f8cba88cc6ba', 'tenant_name': 'tempest-ListServerFiltersTestJSON-552165178', 'user_domain_id': 'default', 'user_domain_name': 'Default', 'user_id': 'ce36137881bf4f5c8360bc5574c79982', 'system': None}, Network: {'id': '93f9fbe4-2035-4a87-abc3-ebd812e2bd6d', 'name': 'tempest-ListServerFiltersTestJSON-953161305-network', 'tenant_id': '5b8ae697a5774cb094c4f8cba88cc6ba', 'admin_state_up': True, 'mtu': 8950, 'status': 'ACTIVE', 'subnets': [], 'shared': False, 'project_id': '5b8ae697a5774cb094c4f8cba88cc6ba', 'port_security_enabled': True, 'router:external': False, 'provider:network_type': 'vlan', 'provider:physical_network': 'default', 'provider:segmentation_id': 965, 'availability_zone_hints': [], 'availability_zones': [], 'ipv4_address_scope': None, 'ipv6_address_scope': None, 'description': '', 'tags': [], 'created_at': '2025-04-23T15:05:58Z', 'updated_at': '2025-04-23T15:05:59Z', 'revision_number': 1}, Subnet: {'id': '0d9e69fa-4189-415d-bb3d-b6178b74b988', 'name': 'tempest-ListServerFiltersTestJSON-953161305-subnet', 'tenant_id': '5b8ae697a5774cb094c4f8cba88cc6ba', 'network_id': '93f9fbe4-2035-4a87-abc3-ebd812e2bd6d', 'ip_version': 4, 'subnetpool_id': None, 'enable_dhcp': True, 'ipv6_ra_mode': None, 'ipv6_address_mode': None, 'gateway_ip': '192.168.128.1', 'cidr': '192.168.128.0/28', 'allocation_pools': [{'start': '192.168.128.2', 'end': '192.168.128.14'}], 'host_routes': [], 'dns_nameservers': [], 'description': '', 'router:external': False, 'service_types': [], 'tags': [], 'created_at': '2025-04-23T15:05:59Z', 'updated_at': '2025-04-23T15:05:59Z', 'revision_number': 0, 'project_id': '5b8ae697a5774cb094c4f8cba88cc6ba'}, Router: None
2025-04-23 15:05:59.911 70181 INFO tempest.lib.common.rest_client [req-00d3c58c-9256-4788-af54-7b31ca2b5ce9 req-00d3c58c-9256-4788-af54-7b31ca2b5ce9 ] Request (ServerExternalEventsTest:setUpClass): 201 POST http://10.180.1.21/identity/v3/projects 0.162s
2025-04-23 15:05:59.982 70167 INFO tempest.lib.common.rest_client [req-ed79e77e-12d6-4dfe-bdc8-87bb8f731f80 req-ed79e77e-12d6-4dfe-bdc8-87bb8f731f80 ] Request (FlavorsV261TestJSON:tearDownClass): 204 DELETE http://10.180.1.21:9696/networking/v2.0/security-groups/1a49013e-a35e-4ada-8165-352c8b62f4e6 0.194s
2025-04-23 15:05:59.995 70135 INFO tempest.lib.common.rest_client [req-334866de-ded9-4601-99b8-3e077ce79ba4 req-334866de-ded9-4601-99b8-3e077ce79ba4 ] Request (ServersTestJSON:setUpClass): 201 POST http://10.180.1.21/identity/v3/users 0.213s
2025-04-23 15:05:59.999 70139 INFO tempest.lib.common.rest_client [req-46d78cfa-7b26-410e-8822-05b53e2a373e req-46d78cfa-7b26-410e-8822-05b53e2a373e ] Request (FloatingIPDetailsTestJSON:setUpClass): 200 POST http://10.180.1.21/compute/v2.1/os-floating-ips 2.321s
2025-04-23 15:06:00.034 70177 INFO tempest.lib.common.rest_client [req-e605f5bb-cee5-4c31-9197-3a766143b7a7 req-e605f5bb-cee5-4c31-9197-3a766143b7a7 ] Request (ServicesAdminNegativeV253TestJSON:test_get_service_with_valid_service_and_invalid_host): 200 GET http://10.180.1.21/compute/v2.1/os-services 1.974s
2025-04-23 15:06:00.036 70181 INFO tempest.lib.common.rest_client [req-96f1f3ab-91b0-4f94-b03e-b0be3238fe3a req-96f1f3ab-91b0-4f94-b03e-b0be3238fe3a ] Request (ServerExternalEventsTest:setUpClass): 201 POST http://10.180.1.21/identity/v3/users 0.125s
2025-04-23 15:06:00.037 70131 INFO tempest.lib.common.rest_client [req-e279e6e0-99b1-4491-be9b-b8c46252f316 req-e279e6e0-99b1-4491-be9b-b8c46252f316 ] Request (ServersWithSpecificFlavorTestJSON:test_verify_created_server_ephemeral_disk): 200 POST http://10.180.1.21/compute/v2.1/flavors 1.993s
2025-04-23 15:06:00.056 70161 INFO tempest.lib.common.rest_client [req-6db304f5-3ac7-44cd-9edc-0daa2b000991 req-6db304f5-3ac7-44cd-9edc-0daa2b000991 ] Request (FlavorsAdminTestJSON:test_create_flavor_with_int_id): 200 POST http://10.180.1.21/compute/v2.1/flavors 1.872s
2025-04-23 15:06:00.064 70133 INFO tempest.lib.common.rest_client [req-28fdaea0-feb5-4172-9bfd-a7cb2af25c03 req-28fdaea0-feb5-4172-9bfd-a7cb2af25c03 ] Request (FlavorsExtraSpecsTestJSON:test_flavor_set_get_update_show_unset_keys): 200 PUT http://10.180.1.21/compute/v2.1/flavors/2007542934/os-extra_specs/hw:numa_nodes 1.918s
2025-04-23 15:06:00.077 70186 INFO tempest.lib.common.rest_client [req-fe92eb8b-e58e-4408-8ac0-0b924b5d8959 req-fe92eb8b-e58e-4408-8ac0-0b924b5d8959 ] Request (FlavorsV2TestJSON:test_list_flavors_filter_by_min_disk): 200 GET http://10.180.1.21/compute/v2.1/flavors/42 1.854s
2025-04-23 15:06:00.082 70129 INFO tempest.lib.common.rest_client [req-eaa23c1a-26f3-42da-9fb9-6f168b094688 req-eaa23c1a-26f3-42da-9fb9-6f168b094688 ] Request (ListServerFiltersTestJSON:setUpClass): 201 POST http://10.180.1.21/identity/v3/auth/tokens 0.287s
2025-04-23 15:06:00.134 70167 INFO tempest.lib.common.rest_client [req-a5f74256-36e6-4df5-9a15-6f25a63e5dd2 req-a5f74256-36e6-4df5-9a15-6f25a63e5dd2 ] Request (FlavorsV261TestJSON:tearDownClass): 204 DELETE http://10.180.1.21/identity/v3/projects/ab4f234d96a84e1aba28bb9dad2754b2 0.151s
2025-04-23 15:06:00.142 70135 INFO tempest.lib.common.rest_client [req-e3aaadfb-0cc5-4629-92d9-eae26198b8ac req-e3aaadfb-0cc5-4629-92d9-eae26198b8ac ] Request (ServersTestJSON:setUpClass): 200 GET http://10.180.1.21/identity/v3/roles 0.147s
2025-04-23 15:06:00.162 70181 INFO tempest.lib.common.rest_client [req-6a499e0f-dc21-4c6c-a906-e21c221495ed req-6a499e0f-dc21-4c6c-a906-e21c221495ed ] Request (ServerExternalEventsTest:setUpClass): 200 GET http://10.180.1.21/identity/v3/roles 0.125s
2025-04-23 15:06:00.177 70147 INFO tempest.lib.common.rest_client [req-ed5b54fd-ecde-4587-89be-7af7723b24e1 req-ed5b54fd-ecde-4587-89be-7af7723b24e1 ] Request (SecurityGroupsNegativeTestJSON:test_delete_the_default_security_group): 400 DELETE http://10.180.1.21/compute/v2.1/os-security-groups/d13c96be-8641-44d6-b083-51333b79294d 1.550s
2025-04-23 15:06:00.215 70129 INFO tempest.lib.common.rest_client [req-270b1c19-ef8a-41ea-99e0-2f2964f8f5d3 req-270b1c19-ef8a-41ea-99e0-2f2964f8f5d3 ] Request (ListServerFiltersTestJSON:setUpClass): 201 POST http://10.180.1.21/identity/v3/auth/tokens 0.127s
2025-04-23 15:06:00.216 70129 INFO tempest.lib.common.fixed_network [-] (ListServerFiltersTestJSON:setUpClass) Found network {'id': '93f9fbe4-2035-4a87-abc3-ebd812e2bd6d', 'name': 'tempest-ListServerFiltersTestJSON-953161305-network', 'tenant_id': '5b8ae697a5774cb094c4f8cba88cc6ba', 'admin_state_up': True, 'mtu': 8950, 'status': 'ACTIVE', 'subnets': [], 'shared': False, 'project_id': '5b8ae697a5774cb094c4f8cba88cc6ba', 'port_security_enabled': True, 'router:external': False, 'provider:network_type': 'vlan', 'provider:physical_network': 'default', 'provider:segmentation_id': 965, 'availability_zone_hints': [], 'availability_zones': [], 'ipv4_address_scope': None, 'ipv6_address_scope': None, 'description': '', 'tags': [], 'created_at': '2025-04-23T15:05:58Z', 'updated_at': '2025-04-23T15:05:59Z', 'revision_number': 1} available for tenant
2025-04-23 15:06:00.241 70149 INFO tempest.lib.common.rest_client [req-60634914-0fa4-44f7-a2b0-961943ca1996 req-60634914-0fa4-44f7-a2b0-961943ca1996 ] Request (NetworksTest:test_get_network): 200 GET http://10.180.1.21/compute/v2.1/os-networks/ef1fd0b6-75e5-4754-b10c-8a2616d903e7 1.603s
2025-04-23 15:06:00.248 70167 INFO tempest.lib.common.rest_client [req-639efaf7-2084-48ed-bf3d-636586a884b2 req-639efaf7-2084-48ed-bf3d-636586a884b2 ] Request (HypervisorAdminV228Test:setUpClass): 201 POST http://10.180.1.21/identity/v3/auth/tokens 0.111s
2025-04-23 15:06:00.255 70155 INFO tempest.lib.common.rest_client [req-87e6f765-48b9-4b45-9c5a-b568b8f8112d req-87e6f765-48b9-4b45-9c5a-b568b8f8112d ] Request (FlavorsExtraSpecsNegativeTestJSON:test_flavor_unset_nonexistent_key): 404 DELETE http://10.180.1.21/compute/v2.1/flavors/901545428/os-extra_specs/hw:cpu_thread_policy 1.609s
2025-04-23 15:06:00.266 70135 INFO tempest.lib.common.rest_client [req-2736bab1-bb92-4f2b-bacb-cba2cae31c22 req-2736bab1-bb92-4f2b-bacb-cba2cae31c22 ] Request (ServersTestJSON:setUpClass): 204 PUT http://10.180.1.21/identity/v3/projects/31791e73a7de49288d23437da81c2185/users/248fd13164444d8fb3ad218278381fc0/roles/5804da795fee4705824ec2e2b79c10cb 0.123s
2025-04-23 15:06:00.266 70135 INFO tempest.lib.common.dynamic_creds [-] Dynamic test user 248fd13164444d8fb3ad218278381fc0 is created with scope project and roles: ['member']
2025-04-23 15:06:00.266 70135 INFO tempest.lib.common.dynamic_creds [-] Acquired dynamic creds: credentials: Credentials: {'domain_id': 'default', 'domain_name': 'Default', 'username': 'tempest-ServersTestJSON-999074606-project-member', 'project_domain_id': 'default', 'project_domain_name': 'Default', 'project_id': '31791e73a7de49288d23437da81c2185', 'project_name': 'tempest-ServersTestJSON-999074606', 'tenant_id': '31791e73a7de49288d23437da81c2185', 'tenant_name': 'tempest-ServersTestJSON-999074606', 'user_domain_id': 'default', 'user_domain_name': 'Default', 'user_id': '248fd13164444d8fb3ad218278381fc0', 'system': None}, Network: None, Subnet: None, Router: None
2025-04-23 15:06:00.276 70181 INFO tempest.lib.common.rest_client [req-28f5747d-d42f-4a2f-af8a-3c15b6691b45 req-28f5747d-d42f-4a2f-af8a-3c15b6691b45 ] Request (ServerExternalEventsTest:setUpClass): 204 PUT http://10.180.1.21/identity/v3/projects/fd511396bd034071a2e697f32a2a58e6/users/de14099982ab4555ad39a1a653f0ec15/roles/5804da795fee4705824ec2e2b79c10cb 0.114s
2025-04-23 15:06:00.276 70181 INFO tempest.lib.common.dynamic_creds [-] Dynamic test user de14099982ab4555ad39a1a653f0ec15 is created with scope project and roles: ['member']
