2025-04-23 15:06:23.859 70145 INFO tempest.lib.common.rest_client [req-f6df0aab-6496-4dd8-9efd-746eb4e0a53c req-f6df0aab-6496-4dd8-9efd-746eb4e0a53c ] Request (QuotasAdminTestJSON:test_update_all_quota_resources_for_tenant): 200 PUT http://10.180.1.21/compute/v2.1/os-quota-sets/1deac5490595426690f1405bd41d861a 1.929s
2025-04-23 15:06:23.873 70169 INFO tempest.lib.common.rest_client [req-0d50800d-561f-46fd-b3b6-3e182b4efc1c req-0d50800d-561f-46fd-b3b6-3e182b4efc1c ] Request (ListImageFiltersTestJSON:setUpClass): 204 PUT http://10.180.1.21/image/v2/images/2091c104-f692-47eb-a5f7-536a53f55916/file 0.766s
2025-04-23 15:06:23.884 70177 INFO tempest.lib.common.rest_client [req-95e17115-1179-4ca6-847c-36beafe50f56 req-95e17115-1179-4ca6-847c-36beafe50f56 ] Request (KeyPairsV2TestJSON:test_keypairs_create_list_delete): 200 POST http://10.180.1.21/compute/v2.1/os-keypairs 1.818s
2025-04-23 15:06:23.956 70159 INFO tempest.lib.common.rest_client [req-61aa86e4-f8dc-4472-87e8-fc7c7a3f48b4 req-61aa86e4-f8dc-4472-87e8-fc7c7a3f48b4 ] Request (DeleteServersAdminTestJSON:test_admin_delete_servers_of_others): 200 GET http://10.180.1.21/compute/v2.1/servers/e74912d1-1c64-422a-be63-4013723543c4 1.700s
2025-04-23 15:06:24.012 70137 INFO tempest.lib.common.rest_client [req-5250ddab-1da1-49aa-8835-dcdd2f8f1690 req-5250ddab-1da1-49aa-8835-dcdd2f8f1690 ] Request (SecurityGroupsTestAdminJSON:_run_cleanups): 202 DELETE http://10.180.1.21/compute/v2.1/os-security-groups/26ff2b86-a0a9-40a0-a6cb-80eb205c50b3 1.768s
2025-04-23 15:06:24.013 70129 INFO tempest.lib.common.rest_client [req-f12d704b-004d-4b35-9345-914b29855f4b req-f12d704b-004d-4b35-9345-914b29855f4b ] Request (ListServerFiltersTestJSON:setUpClass): 200 GET http://10.180.1.21/compute/v2.1/servers/94ea60bf-8cd4-4e3c-a354-064fd14e99d2 1.678s
2025-04-23 15:06:24.098 70149 INFO tempest.lib.common.rest_client [req-c6cd6eb4-eaf6-49e1-aa01-ff5344e0f568 req-c6cd6eb4-eaf6-49e1-aa01-ff5344e0f568 ] Request (ServerDiagnosticsNegativeTest:test_get_server_diagnostics_by_non_admin): 200 GET http://10.180.1.21/compute/v2.1/servers/9ab02829-03b3-468c-bc1b-8a45addec5d1 1.373s
2025-04-23 15:06:24.106 70149 INFO tempest.common.waiters [-] State transition "BUILD/None" ==> "BUILD/spawning" after 15 second wait
2025-04-23 15:06:24.137 70137 INFO tempest.lib.common.rest_client [req-b6649f69-7872-465c-82ce-85e8c42eacf1 req-b6649f69-7872-465c-82ce-85e8c42eacf1 ] Request (SecurityGroupsTestAdminJSON:tearDownClass): 204 DELETE http://10.180.1.21/identity/v3/users/8d877a445515456889ec7679bc8ee623 0.124s
2025-04-23 15:06:24.156 70147 INFO tempest.lib.common.rest_client [req-4f25a3d1-153b-4119-9d70-dd5f424bfdac req-4f25a3d1-153b-4119-9d70-dd5f424bfdac ] Request (AttachInterfacesTestJSON:test_create_list_show_delete_interfaces_by_fixed_ip): 200 GET http://10.180.1.21/compute/v2.1/servers/d501671c-e7b6-41b5-a530-6743e9612891 1.407s
2025-04-23 15:06:24.239 70137 INFO tempest.lib.common.rest_client [req-76f36bbf-c60c-46fd-af37-978df026a10d req-76f36bbf-c60c-46fd-af37-978df026a10d ] Request (SecurityGroupsTestAdminJSON:tearDownClass): 204 DELETE http://10.180.1.21/identity/v3/users/1fbe65497c8345b99a0e811539c82341 0.102s
2025-04-23 15:06:24.240 70137 INFO tempest.lib.common.dynamic_creds [-] Deleting project and security group for project: 0dfdb18545b1487d92863d1158249599
2025-04-23 15:06:24.356 70139 INFO tempest.lib.common.rest_client [req-2025dc82-bf50-422e-988a-fb578474a6b0 req-2025dc82-bf50-422e-988a-fb578474a6b0 ] Request (KeyPairsV22TestJSON:test_get_keypair_detail): 201 POST http://10.180.1.21/compute/v2.1/os-keypairs 1.491s
2025-04-23 15:06:24.370 70137 INFO tempest.lib.common.rest_client [req-2d4ffac4-f35b-42a1-b706-d2a1a3cb5370 req-2d4ffac4-f35b-42a1-b706-d2a1a3cb5370 ] Request (SecurityGroupsTestAdminJSON:tearDownClass): 201 POST http://10.180.1.21/identity/v3/auth/tokens 0.129s
2025-04-23 15:06:24.373 70133 INFO tempest.lib.common.rest_client [req-3d733178-08d2-47c8-b6ac-708ab80e57f4 req-3d733178-08d2-47c8-b6ac-708ab80e57f4 ] Request (HostsAdminNegativeTestJSON:test_reboot_nonexistent_host): 404 GET http://10.180.1.21/compute/v2.1/os-hosts/nonexistent_hostname/reboot 1.445s
2025-04-23 15:06:24.443 70143 INFO tempest.lib.common.rest_client [req-a3f9ca0b-3288-4464-9089-7fda7ffab3ae req-a3f9ca0b-3288-4464-9089-7fda7ffab3ae ] Request (ServersAdmin275Test:test_rebuild_update_server_275): 200 GET http://10.180.1.21/compute/v2.1/servers/d2034a90-37dc-4f14-b91e-00d4288d7420 1.387s
2025-04-23 15:06:24.463 70137 INFO tempest.lib.common.rest_client [req-e08aff62-a3b9-4ea5-be24-e1b6743d20ce req-e08aff62-a3b9-4ea5-be24-e1b6743d20ce ] Request (SecurityGroupsTestAdminJSON:tearDownClass): 200 GET http://10.180.1.21:9696/networking/v2.0/security-groups?tenant_id=0dfdb18545b1487d92863d1158249599&name=default 0.093s
2025-04-23 15:06:24.557 70175 INFO tempest.lib.common.rest_client [req-3acb4482-c588-4c8a-a610-24577da8b9df req-3acb4482-c588-4c8a-a610-24577da8b9df ] Request (ServerAddressesTestJSON:tearDownClass): 204 DELETE http://10.180.1.21/compute/v2.1/servers/1472aaa1-00a5-4801-b049-114813b6dd46 1.432s
2025-04-23 15:06:24.562 70137 INFO tempest.lib.common.rest_client [req-88c3b906-075a-4cf1-beec-b37df8c9d77e req-88c3b906-075a-4cf1-beec-b37df8c9d77e ] Request (SecurityGroupsTestAdminJSON:tearDownClass): 204 DELETE http://10.180.1.21:9696/networking/v2.0/security-groups/c1922e06-b3f3-486f-b80b-617a8749967d 0.099s
2025-04-23 15:06:24.564 70171 INFO tempest.lib.common.rest_client [req-93d408bd-2323-4b95-9ca8-ab59b913376e req-93d408bd-2323-4b95-9ca8-ab59b913376e ] Request (ImagesTestJSON:test_create_image_from_stopped_server): 202 POST http://10.180.1.21/compute/v2.1/servers/9237342f-9720-400b-b201-9357fc090d1e/action 2.184s
2025-04-23 15:06:24.629 70183 INFO tempest.lib.common.rest_client [req-474337bc-a789-4f3d-9ec8-5b7297ec6781 req-474337bc-a789-4f3d-9ec8-5b7297ec6781 ] Request (MigrationsAdminTest:test_list_migrations_in_flavor_resize_situation): 200 GET http://10.180.1.21/compute/v2.1/servers/77f985dd-dd81-4b77-8eb5-a65cfde26dbe 1.490s
2025-04-23 15:06:24.642 70137 INFO tempest.lib.common.rest_client [req-bc27f2c0-da44-4813-88d8-e6e6eb1a24b0 req-bc27f2c0-da44-4813-88d8-e6e6eb1a24b0 ] Request (SecurityGroupsTestAdminJSON:tearDownClass): 204 DELETE http://10.180.1.21/identity/v3/projects/0dfdb18545b1487d92863d1158249599 0.078s
2025-04-23 15:06:24.642 70137 INFO tempest.lib.common.dynamic_creds [-] Deleting project and security group for project: 29bdd8997d4548468375eb5ac514dff0
2025-04-23 15:06:24.694 70135 INFO tempest.lib.common.rest_client [req-4421be16-e430-4249-9948-2f2d91322585 req-4421be16-e430-4249-9948-2f2d91322585 ] Request (ServersTestJSON:setUpClass): 200 GET http://10.180.1.21/compute/v2.1/servers/4ec9d6d6-6748-4ff0-b411-7653473d1271 1.469s
2025-04-23 15:06:24.699 70137 INFO tempest.lib.common.rest_client [req-3d2c36d7-d1b6-4ec4-9491-0d786e27af22 req-3d2c36d7-d1b6-4ec4-9491-0d786e27af22 ] Request (SecurityGroupsTestAdminJSON:tearDownClass): 200 GET http://10.180.1.21:9696/networking/v2.0/security-groups?tenant_id=29bdd8997d4548468375eb5ac514dff0&name=default 0.057s
2025-04-23 15:06:24.714 70161 INFO tempest.lib.common.rest_client [req-a2108303-5d5a-4e85-b6ca-6921aaffa893 req-a2108303-5d5a-4e85-b6ca-6921aaffa893 ] Request (FlavorsAdminTestJSON:_run_cleanups): 202 DELETE http://10.180.1.21/compute/v2.1/flavors/698660462 1.415s
2025-04-23 15:06:24.792 70141 INFO tempest.lib.common.rest_client [req-58a1177f-0b36-42c2-b239-bcb9531f41a6 req-58a1177f-0b36-42c2-b239-bcb9531f41a6 ] Request (ServerMetadataNegativeTestJSON:setUpClass): 200 GET http://10.180.1.21/compute/v2.1/servers/dc42e351-1af4-47f4-a737-47eb44173a37 1.487s
2025-04-23 15:06:24.811 70167 INFO tempest.lib.common.rest_client [req-8b6d8477-b48d-4fff-ad10-8f5967bc5e5b req-8b6d8477-b48d-4fff-ad10-8f5967bc5e5b ] Request (QuotasAdminNegativeTest:test_create_server_when_instances_quota_is_full): 403 POST http://10.180.1.21/compute/v2.1/servers 1.629s
2025-04-23 15:06:24.825 70137 INFO tempest.lib.common.rest_client [req-90034e32-f23d-45fc-b861-c8498adc4609 req-90034e32-f23d-45fc-b861-c8498adc4609 ] Request (SecurityGroupsTestAdminJSON:tearDownClass): 204 DELETE http://10.180.1.21:9696/networking/v2.0/security-groups/49e9710f-1d32-4cc4-89e9-eb9cd2a3dbfc 0.125s
2025-04-23 15:06:24.865 70157 INFO tempest.lib.common.rest_client [req-73756c8b-b019-4e7d-ad7a-4bab4cc8b455 req-73756c8b-b019-4e7d-ad7a-4bab4cc8b455 ] Request (ListServersNegativeTestJSON:setUpClass): 200 GET http://10.180.1.21/compute/v2.1/servers/6ad9723b-7525-4c0e-93a9-2521269d7f7e 1.426s
2025-04-23 15:06:24.883 70179 INFO tempest.lib.common.rest_client [req-0fb51360-e9c0-405c-87bf-7bbd0b0d4942 req-0fb51360-e9c0-405c-87bf-7bbd0b0d4942 ] Request (VolumesAssistedSnapshotsTest:test_volume_assisted_snapshot_create_delete): 200 GET http://10.180.1.21/compute/v2.1/servers/83f646cf-8128-4e98-b06f-cbe93f714199 1.371s
2025-04-23 15:06:24.928 70154 INFO tempest.lib.common.rest_client [req-de3e3e79-0b6d-47ba-8356-f7b7b6f78ee2 req-de3e3e79-0b6d-47ba-8356-f7b7b6f78ee2 ] Request (FloatingIPsAssociationTestJSON:test_associate_already_associated_floating_ip): 200 GET http://10.180.1.21/compute/v2.1/servers/ad845b1d-adb0-4f21-9c26-9c90e4065085 1.388s
2025-04-23 15:06:24.934 70151 INFO tempest.lib.common.rest_client [req-96836b11-9328-49af-a45d-6775cbaa158e req-96836b11-9328-49af-a45d-6775cbaa158e ] Request (AggregatesAdminNegativeTestJSON:test_aggregate_delete_as_user): 403 DELETE http://10.180.1.21/compute/v2.1/os-aggregates/5 1.361s
2025-04-23 15:06:24.950 70131 INFO tempest.lib.common.rest_client [req-c30c43e6-4aac-49eb-82d9-2313c339d22e req-c30c43e6-4aac-49eb-82d9-2313c339d22e ] Request (ServersWithSpecificFlavorTestJSON:test_verify_created_server_ephemeral_disk): 200 GET http://10.180.1.21/compute/v2.1/servers/59d9f1fa-5fed-4b29-944b-986410f7ee7a 1.380s
2025-04-23 15:06:24.959 70137 INFO tempest.lib.common.rest_client [req-d2884457-9e20-4d55-a3ab-79f5f3c51163 req-d2884457-9e20-4d55-a3ab-79f5f3c51163 ] Request (SecurityGroupsTestAdminJSON:tearDownClass): 204 DELETE http://10.180.1.21/identity/v3/projects/29bdd8997d4548468375eb5ac514dff0 0.133s
2025-04-23 15:06:25.002 70191 INFO tempest.lib.common.rest_client [req-bcaffb72-76f0-44c9-81a9-370dab30df60 req-bcaffb72-76f0-44c9-81a9-370dab30df60 ] Request (ImagesNegativeTestJSON:test_create_image_from_deleted_server): 200 GET http://10.180.1.21/compute/v2.1/servers/b761fee3-31d7-43f4-b9f4-709dab178486 1.186s
2025-04-23 15:06:25.048 70137 INFO tempest.lib.common.rest_client [req-93e0c792-2723-4217-a66f-2747c79cd557 req-93e0c792-2723-4217-a66f-2747c79cd557 ] Request (VolumesAdminNegativeTest:setUpClass): 201 POST http://10.180.1.21/identity/v3/auth/tokens 0.087s
2025-04-23 15:06:25.082 70189 INFO tempest.lib.common.rest_client [req-1d14bcd0-f522-4c73-8c0a-eb23628e25d1 req-1d14bcd0-f522-4c73-8c0a-eb23628e25d1 ] Request (InstanceActionsV221TestJSON:test_get_list_deleted_instance_actions): 200 GET http://10.180.1.21/compute/v2.1/servers/d83edca6-6921-4ea4-898f-9c613fc9ed88 1.346s
2025-04-23 15:06:25.085 70137 INFO tempest.lib.common.rest_client [req-630880d8-2c77-4c8d-b010-1cb0128104e7 req-630880d8-2c77-4c8d-b010-1cb0128104e7 ] Request (VolumesAdminNegativeTest:setUpClass): 201 POST http://10.180.1.21/identity/v3/auth/tokens 0.032s
2025-04-23 15:06:25.110 70137 INFO tempest.lib.common.rest_client [req-68153749-0c32-4b29-b4de-e278b6a8e786 req-68153749-0c32-4b29-b4de-e278b6a8e786 ] Request (VolumesAdminNegativeTest:setUpClass): 200 GET http://10.180.1.21/identity/v3/domains?name=Default 0.025s
2025-04-23 15:06:25.136 70155 INFO tempest.lib.common.rest_client [req-a1645c86-c710-49cb-8c1d-629fdc9b7443 req-a1645c86-c710-49cb-8c1d-629fdc9b7443 ] Request (ServersTestFqdnHostnames:test_create_server_with_fqdn_name): 200 GET http://10.180.1.21/compute/v2.1/servers/9bec962f-e13e-4dc5-adb2-e197f3be7149 1.290s
2025-04-23 15:06:25.144 70137 INFO tempest.lib.common.rest_client [req-a66890d9-4c69-409a-8af0-6788699fcf0c req-a66890d9-4c69-409a-8af0-6788699fcf0c ] Request (VolumesAdminNegativeTest:setUpClass): 201 POST http://10.180.1.21/identity/v3/projects 0.034s
2025-04-23 15:06:25.215 70137 INFO tempest.lib.common.rest_client [req-f2f100f3-968f-43b8-9eab-1a327770d029 req-f2f100f3-968f-43b8-9eab-1a327770d029 ] Request (VolumesAdminNegativeTest:setUpClass): 201 POST http://10.180.1.21/identity/v3/users 0.071s
2025-04-23 15:06:25.256 70137 INFO tempest.lib.common.rest_client [req-e1514b2c-96d9-4b70-9a40-e12164b15780 req-e1514b2c-96d9-4b70-9a40-e12164b15780 ] Request (VolumesAdminNegativeTest:setUpClass): 200 GET http://10.180.1.21/identity/v3/roles 0.040s
2025-04-23 15:06:25.287 70137 INFO tempest.lib.common.rest_client [req-c22434c3-3fa3-4c30-b7b0-a544e5dcf630 req-c22434c3-3fa3-4c30-b7b0-a544e5dcf630 ] Request (VolumesAdminNegativeTest:setUpClass): 204 PUT http://10.180.1.21/identity/v3/projects/de8607be9b4247afa925676672931437/users/1c30876b564c44abb75b83b453d3af56/roles/5804da795fee4705824ec2e2b79c10cb 0.030s
2025-04-23 15:06:25.287 70137 INFO tempest.lib.common.dynamic_creds [-] Dynamic test user 1c30876b564c44abb75b83b453d3af56 is created with scope project and roles: ['member']
2025-04-23 15:06:25.287 70137 INFO tempest.lib.common.dynamic_creds [-] Acquired dynamic creds: credentials: Credentials: {'domain_id': 'default', 'domain_name': 'Default', 'username': 'tempest-VolumesAdminNegativeTest-613767114-project-member', 'project_domain_id': 'default', 'project_domain_name': 'Default', 'project_id': 'de8607be9b4247afa925676672931437', 'project_name': 'tempest-VolumesAdminNegativeTest-613767114', 'tenant_id': 'de8607be9b4247afa925676672931437', 'tenant_name': 'tempest-VolumesAdminNegativeTest-613767114', 'user_domain_id': 'default', 'user_domain_name': 'Default', 'user_id': '1c30876b564c44abb75b83b453d3af56', 'system': None}, Network: None, Subnet: None, Router: None
2025-04-23 15:06:25.358 70137 INFO tempest.lib.common.rest_client [req-5573b2a5-f2a4-444f-b8c3-304192ecc20d req-5573b2a5-f2a4-444f-b8c3-304192ecc20d ] Request (VolumesAdminNegativeTest:setUpClass): 201 POST http://10.180.1.21/identity/v3/auth/tokens 0.070s
2025-04-23 15:06:25.391 70187 INFO tempest.lib.common.rest_client [req-d714bf10-d985-4879-81bf-6565cd9a33a8 req-d714bf10-d985-4879-81bf-6565cd9a33a8 ] Request (ImagesMetadataTestJSON:setUp): 200 PUT http://10.180.1.21/compute/v2.1/images/de5120fb-59be-418a-aa46-6aa50cb864a9/metadata 1.538s
2025-04-23 15:06:25.481 70186 INFO tempest.lib.common.rest_client [req-0cef7be2-1311-4ef0-92d7-0fd7f5ba4b4b req-0cef7be2-1311-4ef0-92d7-0fd7f5ba4b4b ] Request (FloatingIPsAssociationNegativeTestJSON:setUpClass): 202 POST http://10.180.1.21/compute/v2.1/servers 1.645s
2025-04-23 15:06:25.513 70169 INFO tempest.lib.common.rest_client [req-929f7c64-8c94-456d-b86f-a6892513a3d4 req-929f7c64-8c94-456d-b86f-a6892513a3d4 ] Request (ListImageFiltersTestJSON:setUpClass): 200 GET http://10.180.1.21/compute/v2.1/images/2091c104-f692-47eb-a5f7-536a53f55916 1.640s
2025-04-23 15:06:25.550 70177 INFO tempest.lib.common.rest_client [req-392326e7-1e63-417f-82af-7beec7ab6569 req-392326e7-1e63-417f-82af-7beec7ab6569 ] Request (KeyPairsV2TestJSON:test_keypairs_create_list_delete): 200 POST http://10.180.1.21/compute/v2.1/os-keypairs 1.664s
2025-04-23 15:06:25.697 70181 INFO tempest.lib.common.rest_client [req-9dc1b265-4120-45ae-9eba-935d92a30cd5 req-9dc1b265-4120-45ae-9eba-935d92a30cd5 ] Request (ServerExternalEventsTest:test_create_server_external_events): 200 GET http://10.180.1.21/compute/v2.1/servers/18d0eb84-5b1e-4b7e-a9e4-ff157551f9a5 1.764s
2025-04-23 15:06:25.710 70139 INFO tempest.lib.common.rest_client [req-eef2cce0-f183-46c3-8a31-ccb93a88d540 req-eef2cce0-f183-46c3-8a31-ccb93a88d540 ] Request (KeyPairsV22TestJSON:test_get_keypair_detail): 200 GET http://10.180.1.21/compute/v2.1/os-keypairs/tempest-keypair-1089795637 1.353s
2025-04-23 15:06:25.715 70145 INFO tempest.lib.common.rest_client [req-5adc4ece-9fb6-4da1-b9e2-fefeb25af27d req-5adc4ece-9fb6-4da1-b9e2-fefeb25af27d ] Request (QuotasAdminTestJSON:_run_cleanups): 200 PUT http://10.180.1.21/compute/v2.1/os-quota-sets/1deac5490595426690f1405bd41d861a 1.854s
2025-04-23 15:06:25.721 70137 INFO tempest.lib.common.rest_client [req-1f5e7b16-5877-4617-8ae4-5d3e752702cd req-1f5e7b16-5877-4617-8ae4-5d3e752702cd ] Request (VolumesAdminNegativeTest:setUpClass): 201 POST http://10.180.1.21:9696/networking/v2.0/networks 0.363s
2025-04-23 15:06:25.726 70133 INFO tempest.lib.common.rest_client [req-cc019b8f-c3a0-48ca-af42-2c011c0fe193 req-cc019b8f-c3a0-48ca-af42-2c011c0fe193 ] Request (HostsAdminNegativeTestJSON:test_show_host_detail_with_non_admin_user): 403 GET http://10.180.1.21/compute/v2.1/os-hosts/devstack 1.350s
2025-04-23 15:06:25.808 70173 INFO tempest.lib.common.rest_client [req-de1a15ee-58f3-4f5e-a549-55792ac9ac3e req-de1a15ee-58f3-4f5e-a549-55792ac9ac3e ] Request (ServersAdminNegativeTestJSON:test_migrate_server_invalid_state): 200 GET http://10.180.1.21/compute/v2.1/servers/9f564265-7bca-4d2c-a088-6c77e6a1e919 1.437s
2025-04-23 15:06:25.848 70145 INFO tempest.lib.common.rest_client [req-840bc8d8-def1-4535-a60b-77db65c0df9c req-840bc8d8-def1-4535-a60b-77db65c0df9c ] Request (QuotasAdminTestJSON:tearDownClass): 204 DELETE http://10.180.1.21/identity/v3/users/4b967bdc7065465e999e94642e850af6 0.120s
2025-04-23 15:06:25.856 70171 INFO tempest.lib.common.rest_client [req-d6a4a2e4-a2b8-458c-ba61-6aba6a9e26c0 req-d6a4a2e4-a2b8-458c-ba61-6aba6a9e26c0 ] Request (ImagesTestJSON:test_create_image_from_stopped_server): 200 GET http://10.180.1.21/compute/v2.1/images/cffa9ace-ce8e-4af6-b770-a4105921cbf0 1.290s
2025-04-23 15:06:25.922 70161 INFO tempest.lib.common.rest_client [req-d2563bf0-d7db-414d-898c-65ac15a9b9e0 req-d2563bf0-d7db-414d-898c-65ac15a9b9e0 ] Request (FlavorsAdminTestJSON:_run_cleanups): 200 GET http://10.180.1.21/compute/v2.1/flavors/detail 1.208s
2025-04-23 15:06:25.983 70145 INFO tempest.lib.common.rest_client [req-99c2d6da-8924-4fbf-925b-856258f2f795 req-99c2d6da-8924-4fbf-925b-856258f2f795 ] Request (QuotasAdminTestJSON:tearDownClass): 204 DELETE http://10.180.1.21/identity/v3/users/b9bd411a7f1940c9bfb5f104a5c77d4e 0.134s
2025-04-23 15:06:25.984 70145 INFO tempest.lib.common.dynamic_creds [-] Deleting project and security group for project: 0da5fc539091419db3c345269587f87b
2025-04-23 15:06:26.017 70175 INFO tempest.lib.common.rest_client [req-591566e9-8010-4d11-9579-8e2ba2e4cdec req-591566e9-8010-4d11-9579-8e2ba2e4cdec ] Request (ServerAddressesTestJSON:tearDownClass): 200 GET http://10.180.1.21/compute/v2.1/servers/1472aaa1-00a5-4801-b049-114813b6dd46 1.460s
2025-04-23 15:06:26.036 70151 INFO tempest.lib.common.rest_client [req-66c37758-7fb5-444b-bc7d-42960b82955c req-66c37758-7fb5-444b-bc7d-42960b82955c ] Request (AggregatesAdminNegativeTestJSON:_run_cleanups): 200 DELETE http://10.180.1.21/compute/v2.1/os-aggregates/5 1.101s
2025-04-23 15:06:26.054 70145 INFO tempest.lib.common.rest_client [req-d23650c3-b753-43e5-859e-f8b062c237b0 req-d23650c3-b753-43e5-859e-f8b062c237b0 ] Request (QuotasAdminTestJSON:tearDownClass): 201 POST http://10.180.1.21/identity/v3/auth/tokens 0.070s
2025-04-23 15:06:26.077 70137 INFO tempest.lib.common.rest_client [req-082ebcbb-e42d-4660-8c5c-06fead77d0d3 req-082ebcbb-e42d-4660-8c5c-06fead77d0d3 ] Request (VolumesAdminNegativeTest:setUpClass): 201 POST http://10.180.1.21:9696/networking/v2.0/subnets 0.355s
2025-04-23 15:06:26.132 70159 INFO tempest.lib.common.rest_client [req-e3f8d813-ae56-4fc4-b1a4-00d72b71ebc9 req-e3f8d813-ae56-4fc4-b1a4-00d72b71ebc9 ] Request (DeleteServersAdminTestJSON:test_admin_delete_servers_of_others): 200 GET http://10.180.1.21/compute/v2.1/servers/e74912d1-1c64-422a-be63-4013723543c4 1.165s
2025-04-23 15:06:26.162 70167 INFO tempest.lib.common.rest_client [req-ee772460-9e69-492c-a720-534dbda18854 req-ee772460-9e69-492c-a720-534dbda18854 ] Request (QuotasAdminNegativeTest:_run_cleanups): 200 PUT http://10.180.1.21/compute/v2.1/os-quota-sets/c04171f97f624be4bb431f7016278fa3 1.350s
2025-04-23 15:06:26.305 70149 INFO tempest.lib.common.rest_client [req-cbbd6dce-58d3-4295-8977-ce15d4b11e29 req-cbbd6dce-58d3-4295-8977-ce15d4b11e29 ] Request (ServerDiagnosticsNegativeTest:test_get_server_diagnostics_by_non_admin): 200 GET http://10.180.1.21/compute/v2.1/servers/9ab02829-03b3-468c-bc1b-8a45addec5d1 1.197s
2025-04-23 15:06:26.362 70129 INFO tempest.lib.common.rest_client [req-a7b5dafa-a26c-46c0-ae44-264442d7ff1c req-a7b5dafa-a26c-46c0-ae44-264442d7ff1c ] Request (ListServerFiltersTestJSON:setUpClass): 200 GET http://10.180.1.21/compute/v2.1/servers/94ea60bf-8cd4-4e3c-a354-064fd14e99d2 1.340s
2025-04-23 15:06:26.370 70129 INFO tempest.common.waiters [-] State transition "BUILD/None" ==> "BUILD/block_device_mapping" after 16 second wait
2025-04-23 15:06:26.436 70145 INFO tempest.lib.common.rest_client [req-11106522-b2f6-4031-bd7d-6aa1d47cfd27 req-11106522-b2f6-4031-bd7d-6aa1d47cfd27 ] Request (QuotasAdminTestJSON:tearDownClass): 200 GET http://10.180.1.21:9696/networking/v2.0/security-groups?tenant_id=0da5fc539091419db3c345269587f87b&name=default 0.381s
2025-04-23 15:06:26.436 70147 INFO tempest.lib.common.rest_client [req-bd7b71ee-912d-4ed5-ad0f-cf667bec9370 req-bd7b71ee-912d-4ed5-ad0f-cf667bec9370 ] Request (AttachInterfacesTestJSON:test_create_list_show_delete_interfaces_by_fixed_ip): 200 GET http://10.180.1.21/compute/v2.1/servers/d501671c-e7b6-41b5-a530-6743e9612891 1.270s
2025-04-23 15:06:26.595 70145 INFO tempest.lib.common.rest_client [req-1cfbf32d-5d9b-4c37-bfd5-d5553395a96d req-1cfbf32d-5d9b-4c37-bfd5-d5553395a96d ] Request (QuotasAdminTestJSON:tearDownClass): 204 DELETE http://10.180.1.21:9696/networking/v2.0/security-groups/910159f6-caee-4840-ad99-abbd631e1739 0.159s
2025-04-23 15:06:26.670 70187 INFO tempest.lib.common.rest_client [req-e55e1d59-4d4c-4b96-b025-c5fd9a061e2e req-e55e1d59-4d4c-4b96-b025-c5fd9a061e2e ] Request (ImagesMetadataTestJSON:test_set_image_metadata_item): 200 PUT http://10.180.1.21/compute/v2.1/images/de5120fb-59be-418a-aa46-6aa50cb864a9/metadata/os_version 1.277s
2025-04-23 15:06:26.676 70145 INFO tempest.lib.common.rest_client [req-d5597bb6-3869-47a2-98d3-c3ce35ff9238 req-d5597bb6-3869-47a2-98d3-c3ce35ff9238 ] Request (QuotasAdminTestJSON:tearDownClass): 204 DELETE http://10.180.1.21/identity/v3/projects/0da5fc539091419db3c345269587f87b 0.080s
2025-04-23 15:06:26.676 70145 INFO tempest.lib.common.dynamic_creds [-] Deleting project and security group for project: 1deac5490595426690f1405bd41d861a
2025-04-23 15:06:26.738 70143 INFO tempest.lib.common.rest_client [req-e480aab2-356d-461e-aa9d-0771ca9c3300 req-e480aab2-356d-461e-aa9d-0771ca9c3300 ] Request (ServersAdmin275Test:test_rebuild_update_server_275): 200 GET http://10.180.1.21/compute/v2.1/servers/d2034a90-37dc-4f14-b91e-00d4288d7420 1.279s
2025-04-23 15:06:26.778 70145 INFO tempest.lib.common.rest_client [req-d8ee5a46-be3e-4b07-a259-61cb67c1dde3 req-d8ee5a46-be3e-4b07-a259-61cb67c1dde3 ] Request (QuotasAdminTestJSON:tearDownClass): 200 GET http://10.180.1.21:9696/networking/v2.0/security-groups?tenant_id=1deac5490595426690f1405bd41d861a&name=default 0.101s
2025-04-23 15:06:26.808 70186 INFO tempest.lib.common.rest_client [req-2c23ef66-e7e2-4bde-bafd-b1480d6d6dee req-2c23ef66-e7e2-4bde-bafd-b1480d6d6dee ] Request (FloatingIPsAssociationNegativeTestJSON:setUpClass): 200 GET http://10.180.1.21/compute/v2.1/servers/b38af852-4d97-4962-8ec8-c9a7b08c34bd 1.324s
2025-04-23 15:06:26.844 70163 INFO tempest.lib.common.rest_client [req-7d7f2584-c2bb-4cbf-886e-5c717aa29ada req-7d7f2584-c2bb-4cbf-886e-5c717aa29ada ] Request (ServerDiagnosticsV248Test:test_get_server_diagnostics): 200 GET http://10.180.1.21/compute/v2.1/servers/66c2cedd-8e59-4707-be43-ed9351d8faa4/diagnostics 1.677s
2025-04-23 15:06:26.845 70169 INFO tempest.lib.common.rest_client [req-1e167099-579e-4d6b-a711-dcb293ce0022 req-1e167099-579e-4d6b-a711-dcb293ce0022 ] Request (ListImageFiltersTestJSON:setUpClass): 200 GET http://10.180.1.21/compute/v2.1/images/2091c104-f692-47eb-a5f7-536a53f55916 1.328s
2025-04-23 15:06:26.881 70145 INFO tempest.lib.common.rest_client [req-b935b345-a1bc-4204-8ac9-3f0f2a07cf98 req-b935b345-a1bc-4204-8ac9-3f0f2a07cf98 ] Request (QuotasAdminTestJSON:tearDownClass): 204 DELETE http://10.180.1.21:9696/networking/v2.0/security-groups/249eb0f6-008c-4f0d-b47d-7bfd1e401b82 0.103s
2025-04-23 15:06:26.910 70177 INFO tempest.lib.common.rest_client [req-e3960537-debe-48ea-a650-5aa4f04f841a req-e3960537-debe-48ea-a650-5aa4f04f841a ] Request (KeyPairsV2TestJSON:test_keypairs_create_list_delete): 200 POST http://10.180.1.21/compute/v2.1/os-keypairs 1.357s
2025-04-23 15:06:26.927 70183 INFO tempest.lib.common.rest_client [req-18cd21d4-a965-4289-8a6f-d420238776d4 req-18cd21d4-a965-4289-8a6f-d420238776d4 ] Request (MigrationsAdminTest:test_list_migrations_in_flavor_resize_situation): 200 GET http://10.180.1.21/compute/v2.1/servers/77f985dd-dd81-4b77-8eb5-a65cfde26dbe 1.287s
2025-04-23 15:06:26.937 70169 INFO tempest.lib.common.rest_client [req-2b59c6bd-c48c-46d0-bf9f-cb8c82421200 req-2b59c6bd-c48c-46d0-bf9f-cb8c82421200 ] Request (ListImageFiltersTestJSON:setUpClass): 201 POST http://10.180.1.21/identity/v3/auth/tokens 0.085s
2025-04-23 15:06:26.937 70169 INFO tempest.lib.common.fixed_network [-] (ListImageFiltersTestJSON:setUpClass) Found network None available for tenant
2025-04-23 15:06:26.948 70139 INFO tempest.lib.common.rest_client [req-ea0e295e-ad2d-464d-88c0-4c31c88bab58 req-ea0e295e-ad2d-464d-88c0-4c31c88bab58 ] Request (KeyPairsV22TestJSON:_run_cleanups): 204 DELETE http://10.180.1.21/compute/v2.1/os-keypairs/tempest-keypair-1089795637 1.235s
2025-04-23 15:06:26.962 70133 INFO tempest.lib.common.rest_client [req-56ae3a9c-d12e-4f29-9cff-fbeb6c8883a5 req-56ae3a9c-d12e-4f29-9cff-fbeb6c8883a5 ] Request (HostsAdminNegativeTestJSON:test_show_host_detail_with_nonexistent_hostname): 404 GET http://10.180.1.21/compute/v2.1/os-hosts/nonexistent_hostname 1.234s
2025-04-23 15:06:26.977 70135 INFO tempest.lib.common.rest_client [req-8c617f64-539e-4119-8148-4df2b4f2c520 req-8c617f64-539e-4119-8148-4df2b4f2c520 ] Request (ServersTestJSON:setUpClass): 200 GET http://10.180.1.21/compute/v2.1/servers/4ec9d6d6-6748-4ff0-b411-7653473d1271 1.271s
2025-04-23 15:06:27.019 70145 INFO tempest.lib.common.rest_client [req-e7074fd8-2f59-4c98-a9bd-3ede0ef18a02 req-e7074fd8-2f59-4c98-a9bd-3ede0ef18a02 ] Request (QuotasAdminTestJSON:tearDownClass): 204 DELETE http://10.180.1.21/identity/v3/projects/1deac5490595426690f1405bd41d861a 0.138s
2025-04-23 15:06:27.033 70141 INFO tempest.lib.common.rest_client [req-16b419a3-b211-4a7e-898a-af725c4b9855 req-16b419a3-b211-4a7e-898a-af725c4b9855 ] Request (ServerMetadataNegativeTestJSON:setUpClass): 200 GET http://10.180.1.21/compute/v2.1/servers/dc42e351-1af4-47f4-a737-47eb44173a37 1.230s
2025-04-23 15:06:27.048 70157 INFO tempest.lib.common.rest_client [req-b1a40e9d-1237-48c3-8a51-a354a95b1f23 req-b1a40e9d-1237-48c3-8a51-a354a95b1f23 ] Request (ListServersNegativeTestJSON:setUpClass): 200 GET http://10.180.1.21/compute/v2.1/servers/6ad9723b-7525-4c0e-93a9-2521269d7f7e 1.172s
2025-04-23 15:06:27.061 70137 INFO tempest.lib.common.rest_client [req-5ba50e45-c2b9-4440-ad6c-3663104350be req-5ba50e45-c2b9-4440-ad6c-3663104350be ] Request (VolumesAdminNegativeTest:setUpClass): 201 POST http://10.180.1.21:9696/networking/v2.0/routers 0.984s
2025-04-23 15:06:27.072 70161 INFO tempest.lib.common.rest_client [req-23d97435-c8d9-42f4-9d26-1001f09845fe req-23d97435-c8d9-42f4-9d26-1001f09845fe ] Request (FlavorsAdminTestJSON:test_create_server_with_non_public_flavor): 200 POST http://10.180.1.21/compute/v2.1/flavors 1.144s
2025-04-23 15:06:27.111 70145 INFO tempest.lib.common.rest_client [req-6b8e2e22-dc92-4f30-bbe8-4ec08b279c08 req-6b8e2e22-dc92-4f30-bbe8-4ec08b279c08 ] Request (ServersTestJSON:setUpClass): 201 POST http://10.180.1.21/identity/v3/auth/tokens 0.089s
2025-04-23 15:06:27.124 70179 INFO tempest.lib.common.rest_client [req-bbf480be-17e8-439a-a3b0-3fa355640725 req-bbf480be-17e8-439a-a3b0-3fa355640725 ] Request (VolumesAssistedSnapshotsTest:test_volume_assisted_snapshot_create_delete): 200 GET http://10.180.1.21/compute/v2.1/servers/83f646cf-8128-4e98-b06f-cbe93f714199 1.228s
2025-04-23 15:06:27.134 70154 INFO tempest.lib.common.rest_client [req-5ef3db91-e7d3-4904-801d-611f82e9e666 req-5ef3db91-e7d3-4904-801d-611f82e9e666 ] Request (FloatingIPsAssociationTestJSON:test_associate_already_associated_floating_ip): 200 GET http://10.180.1.21/compute/v2.1/servers/ad845b1d-adb0-4f21-9c26-9c90e4065085 1.194s
2025-04-23 15:06:27.160 70145 INFO tempest.lib.common.rest_client [req-090a2d55-f7dc-4ba2-9fb8-e68157295fd2 req-090a2d55-f7dc-4ba2-9fb8-e68157295fd2 ] Request (ServersTestJSON:setUpClass): 201 POST http://10.180.1.21/identity/v3/auth/tokens 0.044s
2025-04-23 15:06:27.190 70145 INFO tempest.lib.common.rest_client [req-b9b755e6-184a-4ade-98cd-e9e4d5d32603 req-b9b755e6-184a-4ade-98cd-e9e4d5d32603 ] Request (ServersTestJSON:setUpClass): 200 GET http://10.180.1.21/identity/v3/domains?name=Default 0.030s
2025-04-23 15:06:27.199 70131 INFO tempest.lib.common.rest_client [req-1eab8c94-5729-4fb8-a706-869bcc1ef9e9 req-1eab8c94-5729-4fb8-a706-869bcc1ef9e9 ] Request (ServersWithSpecificFlavorTestJSON:test_verify_created_server_ephemeral_disk): 200 GET http://10.180.1.21/compute/v2.1/servers/59d9f1fa-5fed-4b29-944b-986410f7ee7a 1.239s
2025-04-23 15:06:27.201 70191 INFO tempest.lib.common.rest_client [req-619defef-4a87-4193-8318-f1a99fa3e8f3 req-619defef-4a87-4193-8318-f1a99fa3e8f3 ] Request (ImagesNegativeTestJSON:test_create_image_from_deleted_server): 200 GET http://10.180.1.21/compute/v2.1/servers/b761fee3-31d7-43f4-b9f4-709dab178486 1.185s
2025-04-23 15:06:27.213 70151 INFO tempest.lib.common.rest_client [req-e6fa696d-579f-479a-bcad-0d65a54885d9 req-e6fa696d-579f-479a-bcad-0d65a54885d9 ] Request (AggregatesAdminNegativeTestJSON:test_aggregate_delete_with_invalid_id): 404 DELETE http://10.180.1.21/compute/v2.1/os-aggregates/-1 1.175s
2025-04-23 15:06:27.233 70145 INFO tempest.lib.common.rest_client [req-385ec421-ee04-4747-a0fc-3fec2e8f3d20 req-385ec421-ee04-4747-a0fc-3fec2e8f3d20 ] Request (ServersTestJSON:setUpClass): 201 POST http://10.180.1.21/identity/v3/projects 0.043s
2025-04-23 15:06:27.279 70155 INFO tempest.lib.common.rest_client [req-7247085c-9846-4919-99e5-be99004d019c req-7247085c-9846-4919-99e5-be99004d019c ] Request (ServersTestFqdnHostnames:test_create_server_with_fqdn_name): 200 GET http://10.180.1.21/compute/v2.1/servers/9bec962f-e13e-4dc5-adb2-e197f3be7149 1.132s
2025-04-23 15:06:27.348 70145 INFO tempest.lib.common.rest_client [req-661aadff-8fb7-4733-812c-c4f8ed507335 req-661aadff-8fb7-4733-812c-c4f8ed507335 ] Request (ServersTestJSON:setUpClass): 201 POST http://10.180.1.21/identity/v3/users 0.114s
2025-04-23 15:06:27.378 70145 INFO tempest.lib.common.rest_client [req-a16ed7f6-1ec7-490a-b307-3307a0cb615b req-a16ed7f6-1ec7-490a-b307-3307a0cb615b ] Request (ServersTestJSON:setUpClass): 200 GET http://10.180.1.21/identity/v3/roles 0.029s
2025-04-23 15:06:27.424 70145 INFO tempest.lib.common.rest_client [req-614f2444-feb2-4f23-bf82-292cd94b620e req-614f2444-feb2-4f23-bf82-292cd94b620e ] Request (ServersTestJSON:setUpClass): 204 PUT http://10.180.1.21/identity/v3/projects/f3f9d32e5fbc4266b21c1d81a3ea7bed/users/d8851356d1d5452cac4fd10c9b8b3e2a/roles/5804da795fee4705824ec2e2b79c10cb 0.046s
2025-04-23 15:06:27.425 70145 INFO tempest.lib.common.dynamic_creds [-] Dynamic test user d8851356d1d5452cac4fd10c9b8b3e2a is created with scope project and roles: ['member']
2025-04-23 15:06:27.425 70145 INFO tempest.lib.common.dynamic_creds [-] Acquired dynamic creds: credentials: Credentials: {'domain_id': 'default', 'domain_name': 'Default', 'username': 'tempest-ServersTestJSON-1772580768-project-member', 'project_domain_id': 'default', 'project_domain_name': 'Default', 'project_id': 'f3f9d32e5fbc4266b21c1d81a3ea7bed', 'project_name': 'tempest-ServersTestJSON-1772580768', 'tenant_id': 'f3f9d32e5fbc4266b21c1d81a3ea7bed', 'tenant_name': 'tempest-ServersTestJSON-1772580768', 'user_domain_id': 'default', 'user_domain_name': 'Default', 'user_id': 'd8851356d1d5452cac4fd10c9b8b3e2a', 'system': None}, Network: None, Subnet: None, Router: None
2025-04-23 15:06:27.430 70189 INFO tempest.lib.common.rest_client [req-948517ac-84fb-4c02-9771-3008461f0b0f req-948517ac-84fb-4c02-9771-3008461f0b0f ] Request (InstanceActionsV221TestJSON:test_get_list_deleted_instance_actions): 200 GET http://10.180.1.21/compute/v2.1/servers/d83edca6-6921-4ea4-898f-9c613fc9ed88 1.339s
2025-04-23 15:06:27.470 70187 INFO tempest.lib.common.rest_client [req-5115569a-1bfd-4555-aa40-9db19023947d req-5115569a-1bfd-4555-aa40-9db19023947d ] Request (ImagesMetadataTestJSON:test_set_image_metadata_item): 200 GET http://10.180.1.21/compute/v2.1/images/de5120fb-59be-418a-aa46-6aa50cb864a9/metadata 0.799s
2025-04-23 15:06:27.485 70167 INFO tempest.lib.common.rest_client [req-eec89581-be8a-4f63-bbf7-582a00c9437f req-eec89581-be8a-4f63-bbf7-582a00c9437f ] Request (QuotasAdminNegativeTest:test_create_server_when_memory_quota_is_full): 200 GET http://10.180.1.21/compute/v2.1/os-quota-sets/c04171f97f624be4bb431f7016278fa3 1.320s
2025-04-23 15:06:27.500 70145 INFO tempest.lib.common.rest_client [req-7a377aee-96ec-4494-b544-3fe5b8722d1e req-7a377aee-96ec-4494-b544-3fe5b8722d1e ] Request (ServersTestJSON:setUpClass): 201 POST http://10.180.1.21/identity/v3/auth/tokens 0.074s
2025-04-23 15:06:27.568 70173 INFO tempest.lib.common.rest_client [req-6e48a4dc-4c7e-407c-8895-685433fbe3cd req-6e48a4dc-4c7e-407c-8895-685433fbe3cd ] Request (ServersAdminNegativeTestJSON:test_migrate_server_invalid_state): 200 GET http://10.180.1.21/compute/v2.1/servers/9f564265-7bca-4d2c-a088-6c77e6a1e919 0.748s
2025-04-23 15:06:27.594 70181 INFO tempest.lib.common.rest_client [req-d8c0a78f-6731-400c-bd78-5b3290f8165d req-d8c0a78f-6731-400c-bd78-5b3290f8165d ] Request (ServerExternalEventsTest:test_create_server_external_events): 200 GET http://10.180.1.21/compute/v2.1/servers/18d0eb84-5b1e-4b7e-a9e4-ff157551f9a5 0.887s
2025-04-23 15:06:27.614 70171 INFO tempest.lib.common.rest_client [req-bfbc5a5a-3b17-430c-8162-391b81fc0367 req-bfbc5a5a-3b17-430c-8162-391b81fc0367 ] Request (ImagesTestJSON:test_create_image_from_stopped_server): 200 GET http://10.180.1.21/compute/v2.1/images/cffa9ace-ce8e-4af6-b770-a4105921cbf0 0.754s
2025-04-23 15:06:27.629 70177 INFO tempest.lib.common.rest_client [req-01540c6b-b810-4665-ac61-e7b69c1ee187 req-01540c6b-b810-4665-ac61-e7b69c1ee187 ] Request (KeyPairsV2TestJSON:test_keypairs_create_list_delete): 200 GET http://10.180.1.21/compute/v2.1/os-keypairs 0.717s
2025-04-23 15:06:27.707 70163 INFO tempest.lib.common.rest_client [req-5fc16b53-609b-4d13-9343-ada3e1cf3395 req-5fc16b53-609b-4d13-9343-ada3e1cf3395 ] Request (ServerDiagnosticsV248Test:tearDownClass): 204 DELETE http://10.180.1.21/compute/v2.1/servers/66c2cedd-8e59-4707-be43-ed9351d8faa4 0.847s
2025-04-23 15:06:27.742 70139 INFO tempest.lib.common.rest_client [req-33bd43c7-f73d-4b89-b273-a30ff605f486 req-33bd43c7-f73d-4b89-b273-a30ff605f486 ] Request (KeyPairsV22TestJSON:test_keypair_create_delete): 201 POST http://10.180.1.21/compute/v2.1/os-keypairs 0.793s
2025-04-23 15:06:27.749 70133 INFO tempest.lib.common.rest_client [req-d2bc4fd4-ee4d-4ba1-85a3-04bc8d7b23ff req-d2bc4fd4-ee4d-4ba1-85a3-04bc8d7b23ff ] Request (HostsAdminNegativeTestJSON:test_shutdown_host_with_non_admin_user): 403 GET http://10.180.1.21/compute/v2.1/os-hosts/devstack/shutdown 0.785s
2025-04-23 15:06:27.764 70145 INFO tempest.lib.common.rest_client [req-68ec32db-5e0d-4625-8454-b9066989c844 req-68ec32db-5e0d-4625-8454-b9066989c844 ] Request (ServersTestJSON:setUpClass): 201 POST http://10.180.1.21:9696/networking/v2.0/networks 0.264s
2025-04-23 15:06:27.823 70175 INFO tempest.lib.common.rest_client [req-5d83f836-a110-4897-9235-8a03e9c079e5 req-5d83f836-a110-4897-9235-8a03e9c079e5 ] Request (ServerAddressesTestJSON:tearDownClass): 200 GET http://10.180.1.21/compute/v2.1/servers/1472aaa1-00a5-4801-b049-114813b6dd46 0.794s
2025-04-23 15:06:27.841 70161 INFO tempest.lib.common.rest_client [req-16e05569-958f-4186-b24b-0c5db28eeacf req-16e05569-958f-4186-b24b-0c5db28eeacf ] Request (FlavorsAdminTestJSON:test_create_server_with_non_public_flavor): 400 POST http://10.180.1.21/compute/v2.1/servers 0.763s
2025-04-23 15:06:27.904 70159 INFO tempest.lib.common.rest_client [req-26fa8efa-4dfa-4fb1-b44f-e3afc8172920 req-26fa8efa-4dfa-4fb1-b44f-e3afc8172920 ] Request (DeleteServersAdminTestJSON:test_admin_delete_servers_of_others): 200 GET http://10.180.1.21/compute/v2.1/servers/e74912d1-1c64-422a-be63-4013723543c4 0.764s
2025-04-23 15:06:27.929 70151 INFO tempest.lib.common.rest_client [req-75d8a77b-14bb-44ce-b50f-4e96763e7ac4 req-75d8a77b-14bb-44ce-b50f-4e96763e7ac4 ] Request (AggregatesAdminNegativeTestJSON:test_aggregate_get_details_as_user): 200 POST http://10.180.1.21/compute/v2.1/os-aggregates 0.714s
2025-04-23 15:06:27.957 70145 INFO tempest.lib.common.rest_client [req-afb73f94-b4bd-404b-82b1-e80a9a9b9810 req-afb73f94-b4bd-404b-82b1-e80a9a9b9810 ] Request (ServersTestJSON:setUpClass): 201 POST http://10.180.1.21:9696/networking/v2.0/subnets 0.192s
2025-04-23 15:06:28.031 70169 INFO tempest.lib.common.rest_client [req-8d9878b3-be5d-4c2e-8ebf-6ad3e92022a7 req-8d9878b3-be5d-4c2e-8ebf-6ad3e92022a7 ] Request (ListImageFiltersTestJSON:setUpClass): 202 POST http://10.180.1.21/compute/v2.1/servers 1.093s
2025-04-23 15:06:28.031 70149 INFO tempest.lib.common.rest_client [req-82a85925-b4ee-4049-aeba-96ea7757ea60 req-82a85925-b4ee-4049-aeba-96ea7757ea60 ] Request (ServerDiagnosticsNegativeTest:test_get_server_diagnostics_by_non_admin): 200 GET http://10.180.1.21/compute/v2.1/servers/9ab02829-03b3-468c-bc1b-8a45addec5d1 0.716s
2025-04-23 15:06:28.119 70147 INFO tempest.lib.common.rest_client [req-e743ef2a-379d-4bd5-984d-cbec6555e834 req-e743ef2a-379d-4bd5-984d-cbec6555e834 ] Request (AttachInterfacesTestJSON:test_create_list_show_delete_interfaces_by_fixed_ip): 200 GET http://10.180.1.21/compute/v2.1/servers/d501671c-e7b6-41b5-a530-6743e9612891 0.674s
2025-04-23 15:06:28.119 70169 INFO tempest.lib.common.rest_client [req-a3488341-ba48-41a7-97b7-aadf9d16786b req-a3488341-ba48-41a7-97b7-aadf9d16786b ] Request (ListImageFiltersTestJSON:setUpClass): 201 POST http://10.180.1.21/identity/v3/auth/tokens 0.083s
2025-04-23 15:06:28.119 70169 INFO tempest.lib.common.fixed_network [-] (ListImageFiltersTestJSON:setUpClass) Found network None available for tenant
2025-04-23 15:06:28.202 70129 INFO tempest.lib.common.rest_client [req-7e90a596-3e34-4917-bf64-b4f4f45a1ec7 req-7e90a596-3e34-4917-bf64-b4f4f45a1ec7 ] Request (ListServerFiltersTestJSON:setUpClass): 200 GET http://10.180.1.21/compute/v2.1/servers/94ea60bf-8cd4-4e3c-a354-064fd14e99d2 0.829s
2025-04-23 15:06:28.212 70129 INFO tempest.common.waiters [-] State transition "BUILD/block_device_mapping" ==> "BUILD/spawning" after 18 second wait
2025-04-23 15:06:28.347 70167 INFO tempest.lib.common.rest_client [req-7bf68f11-d79b-43b2-a2ad-0eefb9461194 req-7bf68f11-d79b-43b2-a2ad-0eefb9461194 ] Request (QuotasAdminNegativeTest:test_create_server_when_memory_quota_is_full): 200 PUT http://10.180.1.21/compute/v2.1/os-quota-sets/c04171f97f624be4bb431f7016278fa3 0.860s
2025-04-23 15:06:28.373 70177 INFO tempest.lib.common.rest_client [req-b59dbb24-27be-4076-9d51-6e10fb57a56a req-b59dbb24-27be-4076-9d51-6e10fb57a56a ] Request (KeyPairsV2TestJSON:_run_cleanups): 202 DELETE http://10.180.1.21/compute/v2.1/os-keypairs/tempest-KeyPairsV2TestJSON-keypair-1104672114 0.742s
2025-04-23 15:06:28.403 70187 INFO tempest.lib.common.rest_client [req-be559497-b237-4fe3-bfe3-5c43cbf96e3a req-be559497-b237-4fe3-bfe3-5c43cbf96e3a ] Request (ImagesMetadataTestJSON:setUp): 200 PUT http://10.180.1.21/compute/v2.1/images/de5120fb-59be-418a-aa46-6aa50cb864a9/metadata 0.930s
2025-04-23 15:06:28.430 70139 INFO tempest.lib.common.rest_client [req-81256e45-a2b1-4e17-aeb9-4f0c87e43e76 req-81256e45-a2b1-4e17-aeb9-4f0c87e43e76 ] Request (KeyPairsV22TestJSON:_run_cleanups): 204 DELETE http://10.180.1.21/compute/v2.1/os-keypairs/tempest-keypair-1416865064 0.684s
2025-04-23 15:06:28.450 70133 INFO tempest.lib.common.rest_client [req-8ce2ef31-1e4d-4cd9-8aff-ff0667e286b3 req-8ce2ef31-1e4d-4cd9-8aff-ff0667e286b3 ] Request (HostsAdminNegativeTestJSON:test_shutdown_nonexistent_host): 404 GET http://10.180.1.21/compute/v2.1/os-hosts/nonexistent_hostname/shutdown 0.700s
2025-04-23 15:06:28.462 70167 INFO tempest.lib.common.rest_client [req-1a6f9e1c-c4b0-447c-966b-a7436912e4d8 req-1a6f9e1c-c4b0-447c-966b-a7436912e4d8 ] Request (QuotasAdminNegativeTest:test_create_server_when_memory_quota_is_full): 201 POST http://10.180.1.21/identity/v3/auth/tokens 0.110s
2025-04-23 15:06:28.463 70167 INFO tempest.lib.common.fixed_network [-] (QuotasAdminNegativeTest:test_create_server_when_memory_quota_is_full) Found network None available for tenant
2025-04-23 15:06:28.493 70163 INFO tempest.lib.common.rest_client [req-2ee3c831-da80-4f90-b76c-b823277b57f6 req-2ee3c831-da80-4f90-b76c-b823277b57f6 ] Request (ServerDiagnosticsV248Test:tearDownClass): 200 GET http://10.180.1.21/compute/v2.1/servers/66c2cedd-8e59-4707-be43-ed9351d8faa4 0.785s
2025-04-23 15:06:28.533 70143 INFO tempest.lib.common.rest_client [req-5cb6d863-e5b9-4d8b-b5f7-d1e77152eb5d req-5cb6d863-e5b9-4d8b-b5f7-d1e77152eb5d ] Request (ServersAdmin275Test:test_rebuild_update_server_275): 200 GET http://10.180.1.21/compute/v2.1/servers/d2034a90-37dc-4f14-b91e-00d4288d7420 0.778s
2025-04-23 15:06:28.547 70143 INFO tempest.common.waiters [-] State transition "REBUILD/rebuild_spawning" ==> "ACTIVE/None" after 10 second wait
2025-04-23 15:06:28.561 70161 INFO tempest.lib.common.rest_client [req-fba014e8-7bb1-4dd8-b30f-516f19afedb8 req-fba014e8-7bb1-4dd8-b30f-516f19afedb8 ] Request (FlavorsAdminTestJSON:_run_cleanups): 202 DELETE http://10.180.1.21/compute/v2.1/flavors/2013844001 0.720s
2025-04-23 15:06:28.595 70186 INFO tempest.lib.common.rest_client [req-487b4123-a194-4de9-a324-99e3d4db4574 req-487b4123-a194-4de9-a324-99e3d4db4574 ] Request (FloatingIPsAssociationNegativeTestJSON:setUpClass): 200 GET http://10.180.1.21/compute/v2.1/servers/b38af852-4d97-4962-8ec8-c9a7b08c34bd 0.776s
2025-04-23 15:06:28.599 70151 INFO tempest.lib.common.rest_client [req-6ead5b94-311a-4251-8893-7f7c859fd03f req-6ead5b94-311a-4251-8893-7f7c859fd03f ] Request (AggregatesAdminNegativeTestJSON:test_aggregate_get_details_as_user): 403 GET http://10.180.1.21/compute/v2.1/os-aggregates/6 0.667s
2025-04-23 15:06:28.679 70183 INFO tempest.lib.common.rest_client [req-25d757a7-04bb-4c2d-adda-2f55583fd374 req-25d757a7-04bb-4c2d-adda-2f55583fd374 ] Request (MigrationsAdminTest:test_list_migrations_in_flavor_resize_situation): 200 GET http://10.180.1.21/compute/v2.1/servers/77f985dd-dd81-4b77-8eb5-a65cfde26dbe 0.739s
2025-04-23 15:06:28.687 70135 INFO tempest.lib.common.rest_client [req-7a966237-1cba-4cf4-a86f-60b23c61ef45 req-7a966237-1cba-4cf4-a86f-60b23c61ef45 ] Request (ServersTestJSON:setUpClass): 200 GET http://10.180.1.21/compute/v2.1/servers/4ec9d6d6-6748-4ff0-b411-7653473d1271 0.698s
2025-04-23 15:06:28.691 70137 INFO tempest.lib.common.rest_client [req-0f7b7b7d-5ad1-4126-acd4-5857823f3cd9 req-0f7b7b7d-5ad1-4126-acd4-5857823f3cd9 ] Request (VolumesAdminNegativeTest:setUpClass): 200 PUT http://10.180.1.21:9696/networking/v2.0/routers/b41e5b91-91c9-4f76-98f8-8319c3b95d55/add_router_interface 1.629s
2025-04-23 15:06:28.692 70137 INFO tempest.lib.common.dynamic_creds [-] Created isolated network resources for: credentials: Credentials: {'domain_id': 'default', 'domain_name': 'Default', 'username': 'tempest-VolumesAdminNegativeTest-613767114-project-member', 'project_domain_id': 'default', 'project_domain_name': 'Default', 'project_id': 'de8607be9b4247afa925676672931437', 'project_name': 'tempest-VolumesAdminNegativeTest-613767114', 'tenant_id': 'de8607be9b4247afa925676672931437', 'tenant_name': 'tempest-VolumesAdminNegativeTest-613767114', 'user_domain_id': 'default', 'user_domain_name': 'Default', 'user_id': '1c30876b564c44abb75b83b453d3af56', 'system': None}, Network: {'id': 'ed04cecf-2f53-4021-90cc-fa1c5fb84c49', 'name': 'tempest-VolumesAdminNegativeTest-2047213339-network', 'tenant_id': 'de8607be9b4247afa925676672931437', 'admin_state_up': True, 'mtu': 8950, 'status': 'ACTIVE', 'subnets': [], 'shared': False, 'project_id': 'de8607be9b4247afa925676672931437', 'port_security_enabled': True, 'router:external': False, 'provider:network_type': 'vlan', 'provider:physical_network': 'default', 'provider:segmentation_id': 629, 'availability_zone_hints': [], 'availability_zones': [], 'ipv4_address_scope': None, 'ipv6_address_scope': None, 'description': '', 'tags': [], 'created_at': '2025-04-23T15:06:25Z', 'updated_at': '2025-04-23T15:06:25Z', 'revision_number': 1}, Subnet: {'id': '41d5c1ce-2add-4d63-973a-6d62d5882231', 'name': 'tempest-VolumesAdminNegativeTest-2047213339-subnet', 'tenant_id': 'de8607be9b4247afa925676672931437', 'network_id': 'ed04cecf-2f53-4021-90cc-fa1c5fb84c49', 'ip_version': 4, 'subnetpool_id': None, 'enable_dhcp': True, 'ipv6_ra_mode': None, 'ipv6_address_mode': None, 'gateway_ip': '192.168.128.1', 'cidr': '192.168.128.0/28', 'allocation_pools': [{'start': '192.168.128.2', 'end': '192.168.128.14'}], 'host_routes': [], 'dns_nameservers': [], 'description': '', 'router:external': False, 'service_types': [], 'tags': [], 'created_at': '2025-04-23T15:06:25Z', 'updated_at': '2025-04-23T15:06:25Z', 'revision_number': 0, 'project_id': 'de8607be9b4247afa925676672931437'}, Router: {'id': 'b41e5b91-91c9-4f76-98f8-8319c3b95d55', 'name': 'tempest-VolumesAdminNegativeTest-2047213339-router', 'tenant_id': 'de8607be9b4247afa925676672931437', 'admin_state_up': True, 'status': 'ACTIVE', 'external_gateway_info': {'network_id': 'ef1fd0b6-75e5-4754-b10c-8a2616d903e7', 'external_fixed_ips': [{'subnet_id': '48b0d69b-1653-4b3d-a11e-1b2cd57e3eff', 'ip_address': '10.180.180.202'}], 'enable_snat': True}, 'description': '', 'availability_zones': [], 'distributed': False, 'ha': False, 'availability_zone_hints': [], 'routes': [], 'flavor_id': None, 'tags': [], 'created_at': '2025-04-23T15:06:26Z', 'updated_at': '2025-04-23T15:06:26Z', 'revision_number': 2, 'project_id': 'de8607be9b4247afa925676672931437'}
2025-04-23 15:06:28.758 70157 INFO tempest.lib.common.rest_client [req-1e883d03-641e-435e-98da-625487d180e9 req-1e883d03-641e-435e-98da-625487d180e9 ] Request (ListServersNegativeTestJSON:setUpClass): 200 GET http://10.180.1.21/compute/v2.1/servers/6ad9723b-7525-4c0e-93a9-2521269d7f7e 0.693s
2025-04-23 15:06:28.779 70141 INFO tempest.lib.common.rest_client [req-f30b0045-39fe-45bc-8e4d-dd7f9cdf7012 req-f30b0045-39fe-45bc-8e4d-dd7f9cdf7012 ] Request (ServerMetadataNegativeTestJSON:setUpClass): 200 GET http://10.180.1.21/compute/v2.1/servers/dc42e351-1af4-47f4-a737-47eb44173a37 0.734s
2025-04-23 15:06:28.823 70137 INFO tempest.lib.common.rest_client [req-296ed5ed-ffab-4f74-b2eb-0411bc444720 req-296ed5ed-ffab-4f74-b2eb-0411bc444720 ] Request (VolumesAdminNegativeTest:setUpClass): 201 POST http://10.180.1.21/identity/v3/auth/tokens 0.125s
2025-04-23 15:06:28.885 70137 INFO tempest.lib.common.rest_client [req-71ff822b-bd3c-486e-bbe2-ea1a59f52fc2 req-71ff822b-bd3c-486e-bbe2-ea1a59f52fc2 ] Request (VolumesAdminNegativeTest:setUpClass): 201 POST http://10.180.1.21/identity/v3/projects 0.061s
2025-04-23 15:06:28.926 70179 INFO tempest.lib.common.rest_client [req-42016270-f6f0-408f-b293-009b667e3d1e req-42016270-f6f0-408f-b293-009b667e3d1e ] Request (VolumesAssistedSnapshotsTest:test_volume_assisted_snapshot_create_delete): 200 GET http://10.180.1.21/compute/v2.1/servers/83f646cf-8128-4e98-b06f-cbe93f714199 0.789s
2025-04-23 15:06:28.932 70179 INFO tempest.common.waiters [-] State transition "BUILD/None" ==> "BUILD/block_device_mapping" after 15 second wait
2025-04-23 15:06:28.963 70137 INFO tempest.lib.common.rest_client [req-68ee7013-2815-48ac-977a-0d925131cd6b req-68ee7013-2815-48ac-977a-0d925131cd6b ] Request (VolumesAdminNegativeTest:setUpClass): 201 POST http://10.180.1.21/identity/v3/users 0.077s
2025-04-23 15:06:28.995 70137 INFO tempest.lib.common.rest_client [req-4976ffaa-6475-42ae-9d57-58679274c1ff req-4976ffaa-6475-42ae-9d57-58679274c1ff ] Request (VolumesAdminNegativeTest:setUpClass): 200 GET http://10.180.1.21/identity/v3/roles 0.032s
2025-04-23 15:06:29.011 70154 INFO tempest.lib.common.rest_client [req-e589aa81-d0c8-4435-af08-e2cc3b6a3a4d req-e589aa81-d0c8-4435-af08-e2cc3b6a3a4d ] Request (FloatingIPsAssociationTestJSON:test_associate_already_associated_floating_ip): 200 GET http://10.180.1.21/compute/v2.1/servers/ad845b1d-adb0-4f21-9c26-9c90e4065085 0.859s
2025-04-23 15:06:29.032 70137 INFO tempest.lib.common.rest_client [req-a6968e70-5d2b-418d-8d7b-7b8b98955ccd req-a6968e70-5d2b-418d-8d7b-7b8b98955ccd ] Request (VolumesAdminNegativeTest:setUpClass): 204 PUT http://10.180.1.21/identity/v3/projects/7d1cdff6f70044c3b77e78476f658f71/users/8673521644674d12af34d3e6ba7627e3/roles/07a97bcccea24eaa9ea31f6c466e1fae 0.036s
2025-04-23 15:06:29.073 70191 INFO tempest.lib.common.rest_client [req-7a1d2214-ae80-4041-aefc-0b7d21bc6a93 req-7a1d2214-ae80-4041-aefc-0b7d21bc6a93 ] Request (ImagesNegativeTestJSON:test_create_image_from_deleted_server): 200 GET http://10.180.1.21/compute/v2.1/servers/b761fee3-31d7-43f4-b9f4-709dab178486 0.860s
2025-04-23 15:06:29.093 70137 INFO tempest.lib.common.rest_client [req-809ea22d-0ddc-4d90-b02b-4535fc37cc51 req-809ea22d-0ddc-4d90-b02b-4535fc37cc51 ] Request (VolumesAdminNegativeTest:setUpClass): 200 GET http://10.180.1.21/identity/v3/roles 0.060s
