2025-04-24 14:56:24.626 69967 INFO tempest.lib.common.dynamic_creds [-] Deleting project and security group for project: 0c61d04550094d9a82f5a19e04ea0df8
2025-04-24 14:56:24.719 69965 INFO tempest.lib.common.rest_client [req-a9fd0544-da71-4862-8455-f2135a2703c0 req-a9fd0544-da71-4862-8455-f2135a2703c0 ] Request (SecurityGroupsTestJSON:test_list_security_groups_by_server): 201 POST http://10.180.1.21/identity/v3/auth/tokens 0.154s
2025-04-24 14:56:24.720 69965 INFO tempest.lib.common.fixed_network [-] (SecurityGroupsTestJSON:test_list_security_groups_by_server) Found network {'id': 'fc3f75fb-3bd2-45e9-b5c7-3f97fd4ef55a', 'name': 'tempest-SecurityGroupsTestJSON-1605486270-network', 'tenant_id': '02dc939c1e304b1f85eeb407cb8d8940', 'admin_state_up': True, 'mtu': 8950, 'status': 'ACTIVE', 'subnets': [], 'shared': False, 'project_id': '02dc939c1e304b1f85eeb407cb8d8940', 'port_security_enabled': True, 'router:external': False, 'provider:network_type': 'vlan', 'provider:physical_network': 'default', 'provider:segmentation_id': 682, 'availability_zone_hints': [], 'availability_zones': [], 'ipv4_address_scope': None, 'ipv6_address_scope': None, 'description': '', 'tags': [], 'created_at': '2025-04-24T14:56:20Z', 'updated_at': '2025-04-24T14:56:20Z', 'revision_number': 1} available for tenant
2025-04-24 14:56:24.755 70021 INFO tempest.lib.common.rest_client [req-71324905-7f1c-41f4-8bea-5050c5f5e465 req-71324905-7f1c-41f4-8bea-5050c5f5e465 ] Request (ServersTestJSON:tearDownClass): 200 GET http://10.180.1.21/compute/v2.1/servers/89d061ec-c250-4f32-a352-68072cebe938 1.400s
2025-04-24 14:56:24.777 70017 INFO tempest.lib.common.rest_client [req-0f6c96c1-5121-41cd-944f-1ac26f8a1672 req-0f6c96c1-5121-41cd-944f-1ac26f8a1672 ] Request (ServersTestManualDisk:setUpClass): 200 PUT http://10.180.1.21:9696/networking/v2.0/floatingips/8b80bd1d-80d5-4f71-9dd2-189f20304ca7 0.874s
2025-04-24 14:56:24.826 69971 INFO tempest.lib.common.rest_client [req-0e57ec4b-87cf-4ae8-b17e-425f3d0c5fea req-0e57ec4b-87cf-4ae8-b17e-425f3d0c5fea ] Request (ServerDiagnosticsV248Test:tearDownClass): 200 GET http://10.180.1.21:9696/networking/v2.0/security-groups?tenant_id=3cf270c02161461b8a3aa7d41248c347&name=default 0.231s
2025-04-24 14:56:24.837 69991 INFO tempest.lib.common.rest_client [req-9c47bb8b-8188-4928-90a4-d914c81a5349 req-9c47bb8b-8188-4928-90a4-d914c81a5349 ] Request (FloatingIPsAssociationTestJSON:test_associate_already_associated_floating_ip): 200 GET http://10.180.1.21/compute/v2.1/servers/43804861-277a-462f-9576-13b782938210 1.417s
2025-04-24 14:56:24.911 69971 INFO tempest.lib.common.rest_client [req-baca7fa1-f208-45e5-884c-1492c184b26e req-baca7fa1-f208-45e5-884c-1492c184b26e ] Request (ServerDiagnosticsV248Test:tearDownClass): 204 DELETE http://10.180.1.21:9696/networking/v2.0/security-groups/1f51c60f-1b0c-425e-bcac-dd09f91445f2 0.084s
2025-04-24 14:56:24.926 70001 INFO tempest.lib.common.rest_client [req-823690a5-ce0c-4503-81e3-15fbf8e58c22 req-823690a5-ce0c-4503-81e3-15fbf8e58c22 ] Request (ServersAdmin275Test:tearDownClass): 200 GET http://10.180.1.21/compute/v2.1/servers/6264a93d-ae8d-48b2-bdc4-7592a0999e3a 1.420s
2025-04-24 14:56:24.972 69967 INFO tempest.lib.common.rest_client [req-0fea4858-a6b8-48d6-b946-9f216bb6644d req-0fea4858-a6b8-48d6-b946-9f216bb6644d ] Request (HostsAdminTestJSON:tearDownClass): 200 GET http://10.180.1.21:9696/networking/v2.0/security-groups?tenant_id=0c61d04550094d9a82f5a19e04ea0df8&name=default 0.346s
2025-04-24 14:56:24.993 69996 INFO tempest.lib.common.rest_client [req-7b66be36-2291-4d61-ac9d-a613cfa153c1 req-7b66be36-2291-4d61-ac9d-a613cfa153c1 ] Request (ListServerFiltersTestJSON:setUpClass): 200 GET http://10.180.1.21/compute/v2.1/servers/c2aa4364-4d7b-4593-a864-f8cc1c35948f 1.248s
2025-04-24 14:56:25.004 69981 INFO tempest.lib.common.rest_client [req-b6aff3a1-8913-475a-9c5b-44f75c23cbf4 req-b6aff3a1-8913-475a-9c5b-44f75c23cbf4 ] Request (FloatingIPDetailsTestJSON:tearDownClass): 202 DELETE http://10.180.1.21/compute/v2.1/os-floating-ips/76b8e974-5566-46b1-874a-afeb88dba9ac 1.753s
2025-04-24 14:56:25.033 70003 INFO tempest.lib.common.rest_client [req-90478636-f0b2-4122-bb74-665fbf5ed245 req-90478636-f0b2-4122-bb74-665fbf5ed245 ] Request (ImagesMetadataTestJSON:test_update_image_metadata): 200 GET http://10.180.1.21/compute/v2.1/images/88a7d85b-a994-434b-a921-0c27ea694e86/metadata 1.271s
2025-04-24 14:56:25.055 69971 INFO tempest.lib.common.rest_client [req-c90d18b8-6072-4dc7-ba19-a4d667cca663 req-c90d18b8-6072-4dc7-ba19-a4d667cca663 ] Request (ServerDiagnosticsV248Test:tearDownClass): 204 DELETE http://10.180.1.21/identity/v3/projects/3cf270c02161461b8a3aa7d41248c347 0.143s
2025-04-24 14:56:25.061 69967 INFO tempest.lib.common.rest_client [req-009f1b32-8869-4951-86e7-72a4b30b24eb req-009f1b32-8869-4951-86e7-72a4b30b24eb ] Request (HostsAdminTestJSON:tearDownClass): 204 DELETE http://10.180.1.21:9696/networking/v2.0/security-groups/aa40e042-5b15-47ba-a5a2-75057bc9bd89 0.088s
2025-04-24 14:56:25.065 69977 INFO tempest.lib.common.rest_client [req-f7dfc74a-81d9-46e4-a796-4f33aeb35683 req-f7dfc74a-81d9-46e4-a796-4f33aeb35683 ] Request (ServersAdminNegativeTestJSON:test_restore_server_invalid_state): 409 POST http://10.180.1.21/compute/v2.1/servers/156a3c9c-bba8-46a9-b609-e5a4f434b33f/action 1.001s
2025-04-24 14:56:25.125 70003 INFO tempest.lib.common.rest_client [req-4ae3ee23-6036-405f-9abf-7b97cb0c057c req-4ae3ee23-6036-405f-9abf-7b97cb0c057c ] Request (ImagesMetadataTestJSON:tearDownClass): 204 DELETE http://10.180.1.21/image/v2/images/88a7d85b-a994-434b-a921-0c27ea694e86 0.087s
2025-04-24 14:56:25.137 69971 INFO tempest.lib.common.rest_client [req-6130e6b6-e554-4451-80e4-964ba27f85fe req-6130e6b6-e554-4451-80e4-964ba27f85fe ] Request (MultipleCreateNegativeTestJSON:setUpClass): 201 POST http://10.180.1.21/identity/v3/auth/tokens 0.081s
2025-04-24 14:56:25.144 70009 INFO tempest.lib.common.rest_client [req-cf446847-75ad-4d3b-b0d9-fb6d56985220 req-cf446847-75ad-4d3b-b0d9-fb6d56985220 ] Request (TenantUsagesTestJSON:setUpClass): 200 GET http://10.180.1.21/compute/v2.1/servers/92bc9607-4fb6-4f15-87c2-fe8278b5e7b5 1.002s
2025-04-24 14:56:25.226 69999 INFO tempest.lib.common.rest_client [req-07f23077-c1b4-4816-ad78-529c5bc227c2 req-07f23077-c1b4-4816-ad78-529c5bc227c2 ] Request (MigrationsAdminTest:test_list_migrations_in_flavor_resize_situation): 200 GET http://10.180.1.21/compute/v2.1/servers/0bdd5d41-dd85-4748-99cf-ee6b2d62c94a 1.154s
2025-04-24 14:56:25.254 69967 INFO tempest.lib.common.rest_client [req-1edc41f5-f447-47ba-bbec-50375cfe1587 req-1edc41f5-f447-47ba-bbec-50375cfe1587 ] Request (HostsAdminTestJSON:tearDownClass): 204 DELETE http://10.180.1.21/identity/v3/projects/0c61d04550094d9a82f5a19e04ea0df8 0.191s
2025-04-24 14:56:25.260 70003 INFO tempest.lib.common.rest_client [req-96f145d5-b760-4d34-8c9c-301f3cef20df req-96f145d5-b760-4d34-8c9c-301f3cef20df ] Request (ImagesMetadataTestJSON:tearDownClass): 204 DELETE http://10.180.1.21/identity/v3/users/27d540c9e54e41f390ad590dff10aa8a 0.134s
2025-04-24 14:56:25.261 70003 INFO tempest.lib.common.dynamic_creds [-] Deleting project and security group for project: 54c2680973684b50a0c7f60879fadec1
2025-04-24 14:56:25.323 69971 INFO tempest.lib.common.rest_client [req-43d24e03-1b58-4c08-8f6c-c331e23a72be req-43d24e03-1b58-4c08-8f6c-c331e23a72be ] Request (MultipleCreateNegativeTestJSON:setUpClass): 201 POST http://10.180.1.21/identity/v3/auth/tokens 0.183s
2025-04-24 14:56:25.325 69967 INFO tempest.lib.common.rest_client [req-08706a4c-d6c7-4719-a1ec-908582162af5 req-08706a4c-d6c7-4719-a1ec-908582162af5 ] Request (MultipleCreateTestJSON:setUpClass): 201 POST http://10.180.1.21/identity/v3/auth/tokens 0.069s
2025-04-24 14:56:25.352 70003 INFO tempest.lib.common.rest_client [req-c14e62a9-d40d-445a-a008-8f4033554923 req-c14e62a9-d40d-445a-a008-8f4033554923 ] Request (ImagesMetadataTestJSON:tearDownClass): 201 POST http://10.180.1.21/identity/v3/auth/tokens 0.091s
2025-04-24 14:56:25.352 69971 INFO tempest.lib.common.rest_client [req-d8d412a3-0097-43da-9920-b9ebd92fa910 req-d8d412a3-0097-43da-9920-b9ebd92fa910 ] Request (MultipleCreateNegativeTestJSON:setUpClass): 200 GET http://10.180.1.21/identity/v3/domains?name=Default 0.029s
2025-04-24 14:56:25.382 69967 INFO tempest.lib.common.rest_client [req-b1cf048a-f085-4d62-b935-f3b78e10c6d2 req-b1cf048a-f085-4d62-b935-f3b78e10c6d2 ] Request (MultipleCreateTestJSON:setUpClass): 201 POST http://10.180.1.21/identity/v3/auth/tokens 0.054s
2025-04-24 14:56:25.392 69971 INFO tempest.lib.common.rest_client [req-483bddee-5cf9-4e15-965c-5d1a67a52063 req-483bddee-5cf9-4e15-965c-5d1a67a52063 ] Request (MultipleCreateNegativeTestJSON:setUpClass): 201 POST http://10.180.1.21/identity/v3/projects 0.039s
2025-04-24 14:56:25.461 69967 INFO tempest.lib.common.rest_client [req-6d5ae9cc-b5f7-4355-9eeb-6bfc82c2e83f req-6d5ae9cc-b5f7-4355-9eeb-6bfc82c2e83f ] Request (MultipleCreateTestJSON:setUpClass): 200 GET http://10.180.1.21/identity/v3/domains?name=Default 0.078s
2025-04-24 14:56:25.487 69971 INFO tempest.lib.common.rest_client [req-db2cae01-f949-49ef-936c-c7f8253b4dd7 req-db2cae01-f949-49ef-936c-c7f8253b4dd7 ] Request (MultipleCreateNegativeTestJSON:setUpClass): 201 POST http://10.180.1.21/identity/v3/users 0.095s
2025-04-24 14:56:25.502 69997 INFO tempest.lib.common.rest_client [req-3beaeecd-4a16-48e7-a045-db144242787b req-3beaeecd-4a16-48e7-a045-db144242787b ] Request (DeleteServersAdminTestJSON:test_delete_server_while_in_error_state): 200 GET http://10.180.1.21/compute/v2.1/servers/9df37cfa-1278-45b4-94e1-fd7c8253dddc 1.187s
2025-04-24 14:56:25.515 69967 INFO tempest.lib.common.rest_client [req-5383b489-7c16-44a1-bdac-c24ce2556ded req-5383b489-7c16-44a1-bdac-c24ce2556ded ] Request (MultipleCreateTestJSON:setUpClass): 201 POST http://10.180.1.21/identity/v3/projects 0.052s
2025-04-24 14:56:25.517 69971 INFO tempest.lib.common.rest_client [req-d417309e-7ba1-4856-9726-24d242006b01 req-d417309e-7ba1-4856-9726-24d242006b01 ] Request (MultipleCreateNegativeTestJSON:setUpClass): 200 GET http://10.180.1.21/identity/v3/roles 0.029s
2025-04-24 14:56:25.577 69983 INFO tempest.lib.common.rest_client [req-b1be9189-379d-4835-b816-e80bc5aca2ae req-b1be9189-379d-4835-b816-e80bc5aca2ae ] Request (ListImageFiltersTestJSON:setUpClass): 200 GET http://10.180.1.21/compute/v2.1/servers/5e03e801-6932-4d7b-b201-cbe38321432c 1.195s
2025-04-24 14:56:25.581 69967 INFO tempest.lib.common.rest_client [req-219164cd-50c7-452d-8e86-26d62b478733 req-219164cd-50c7-452d-8e86-26d62b478733 ] Request (MultipleCreateTestJSON:setUpClass): 201 POST http://10.180.1.21/identity/v3/users 0.065s
2025-04-24 14:56:25.590 69971 INFO tempest.lib.common.rest_client [req-8c406b52-babe-4e34-9c09-658c3620ebc4 req-8c406b52-babe-4e34-9c09-658c3620ebc4 ] Request (MultipleCreateNegativeTestJSON:setUpClass): 204 PUT http://10.180.1.21/identity/v3/projects/06c1b5a03f5741ffbcc2b9316051d211/users/90fe767b3d77492388ceedfe2a22b323/roles/0716861fa8b44029a475e28d6854c3c9 0.072s
2025-04-24 14:56:25.590 69971 INFO tempest.lib.common.dynamic_creds [-] Dynamic test user 90fe767b3d77492388ceedfe2a22b323 is created with scope project and roles: ['member']
2025-04-24 14:56:25.590 69971 INFO tempest.lib.common.dynamic_creds [-] Acquired dynamic creds: credentials: Credentials: {'domain_id': 'default', 'domain_name': 'Default', 'username': 'tempest-MultipleCreateNegativeTestJSON-1973943212-project-member', 'project_domain_id': 'default', 'project_domain_name': 'Default', 'project_id': '06c1b5a03f5741ffbcc2b9316051d211', 'project_name': 'tempest-MultipleCreateNegativeTestJSON-1973943212', 'tenant_id': '06c1b5a03f5741ffbcc2b9316051d211', 'tenant_name': 'tempest-MultipleCreateNegativeTestJSON-1973943212', 'user_domain_id': 'default', 'user_domain_name': 'Default', 'user_id': '90fe767b3d77492388ceedfe2a22b323', 'system': None}, Network: None, Subnet: None, Router: None
2025-04-24 14:56:25.590 69971 INFO tempest.lib.common.dynamic_creds [-] Created isolated network resources for: credentials: Credentials: {'domain_id': 'default', 'domain_name': 'Default', 'username': 'tempest-MultipleCreateNegativeTestJSON-1973943212-project-member', 'project_domain_id': 'default', 'project_domain_name': 'Default', 'project_id': '06c1b5a03f5741ffbcc2b9316051d211', 'project_name': 'tempest-MultipleCreateNegativeTestJSON-1973943212', 'tenant_id': '06c1b5a03f5741ffbcc2b9316051d211', 'tenant_name': 'tempest-MultipleCreateNegativeTestJSON-1973943212', 'user_domain_id': 'default', 'user_domain_name': 'Default', 'user_id': '90fe767b3d77492388ceedfe2a22b323', 'system': None}, Network: None, Subnet: None, Router: None
2025-04-24 14:56:25.597 69989 INFO tempest.lib.common.rest_client [req-57fdb9db-d1bc-48df-b5db-ad4280085c42 req-57fdb9db-d1bc-48df-b5db-ad4280085c42 ] Request (SecurityGroupsTestAdminJSON:_run_cleanups): 202 DELETE http://10.180.1.21/compute/v2.1/os-security-groups/03f74d54-af2d-4e81-ad7e-b5a13866dfd3 1.432s
2025-04-24 14:56:25.640 69967 INFO tempest.lib.common.rest_client [req-2627ae59-dcc7-46d5-87be-7956c50ad323 req-2627ae59-dcc7-46d5-87be-7956c50ad323 ] Request (MultipleCreateTestJSON:setUpClass): 200 GET http://10.180.1.21/identity/v3/roles 0.058s
2025-04-24 14:56:25.643 70003 INFO tempest.lib.common.rest_client [req-7598ea7d-1ea9-4afd-9923-894bd6cd37ec req-7598ea7d-1ea9-4afd-9923-894bd6cd37ec ] Request (ImagesMetadataTestJSON:tearDownClass): 200 GET http://10.180.1.21:9696/networking/v2.0/security-groups?tenant_id=54c2680973684b50a0c7f60879fadec1&name=default 0.290s
2025-04-24 14:56:25.666 69975 INFO tempest.lib.common.rest_client [req-b331eb2a-0611-485a-9361-70c8a6e6aa5a req-b331eb2a-0611-485a-9361-70c8a6e6aa5a ] Request (ServersTestMultiNic:_run_cleanups): 200 GET http://10.180.1.21/compute/v2.1/servers/92199830-003f-4b6b-bc70-9b15d70b039f 1.194s
2025-04-24 14:56:25.671 69967 INFO tempest.lib.common.rest_client [req-52f41ece-a43f-45a9-9fdb-c3a17061afa6 req-52f41ece-a43f-45a9-9fdb-c3a17061afa6 ] Request (MultipleCreateTestJSON:setUpClass): 204 PUT http://10.180.1.21/identity/v3/projects/0e078b12ea024c12bc7d15fb25c4e1db/users/e4bd769a09494811b4b6b6c3b5519344/roles/0716861fa8b44029a475e28d6854c3c9 0.031s
2025-04-24 14:56:25.672 69967 INFO tempest.lib.common.dynamic_creds [-] Dynamic test user e4bd769a09494811b4b6b6c3b5519344 is created with scope project and roles: ['member']
2025-04-24 14:56:25.672 69967 INFO tempest.lib.common.dynamic_creds [-] Acquired dynamic creds: credentials: Credentials: {'domain_id': 'default', 'domain_name': 'Default', 'username': 'tempest-MultipleCreateTestJSON-1546211828-project-member', 'project_domain_id': 'default', 'project_domain_name': 'Default', 'project_id': '0e078b12ea024c12bc7d15fb25c4e1db', 'project_name': 'tempest-MultipleCreateTestJSON-1546211828', 'tenant_id': '0e078b12ea024c12bc7d15fb25c4e1db', 'tenant_name': 'tempest-MultipleCreateTestJSON-1546211828', 'user_domain_id': 'default', 'user_domain_name': 'Default', 'user_id': 'e4bd769a09494811b4b6b6c3b5519344', 'system': None}, Network: None, Subnet: None, Router: None
2025-04-24 14:56:25.683 70027 INFO tempest.lib.common.rest_client [req-3184b06d-7be9-40db-8726-abde6dfeee74 req-3184b06d-7be9-40db-8726-abde6dfeee74 ] Request (ServersListShow2100Test:test_list_show_rebuild_update_server_2100): 200 GET http://10.180.1.21/compute/v2.1/servers/d19ba014-ea1e-4f7b-9d4b-442b5fa19893 1.209s
2025-04-24 14:56:25.684 70013 INFO tempest.lib.common.rest_client [req-2aaf7000-2d30-46bc-a933-6d63c0a92564 req-2aaf7000-2d30-46bc-a933-6d63c0a92564 ] Request (KeyPairsV22TestJSON:test_keypairsv22_create_list_show): 200 GET http://10.180.1.21/compute/v2.1/os-keypairs/tempest-keypair-1731295848 1.070s
2025-04-24 14:56:25.694 69971 INFO tempest.lib.common.rest_client [req-96d68629-a8ef-4017-960f-8fc71f333788 req-96d68629-a8ef-4017-960f-8fc71f333788 ] Request (MultipleCreateNegativeTestJSON:setUpClass): 201 POST http://10.180.1.21/identity/v3/auth/tokens 0.094s
2025-04-24 14:56:25.704 70027 INFO tempest.common.waiters [-] State transition "BUILD/scheduling" ==> "BUILD/None" after 21 second wait
2025-04-24 14:56:25.735 69967 INFO tempest.lib.common.rest_client [req-e818ff02-8927-4b17-be3a-d1cd95e75ac8 req-e818ff02-8927-4b17-be3a-d1cd95e75ac8 ] Request (MultipleCreateTestJSON:setUpClass): 201 POST http://10.180.1.21/identity/v3/auth/tokens 0.062s
2025-04-24 14:56:25.783 69973 INFO tempest.lib.common.rest_client [req-af28aac0-ef80-4a4b-b3fd-35648bff2879 req-af28aac0-ef80-4a4b-b3fd-35648bff2879 ] Request (ServerActionsV293TestJSON:setUpClass): 200 GET http://10.180.1.21/compute/v2.1/servers/7bcdda24-8a74-441d-90ce-c938ca12eff9 1.123s
2025-04-24 14:56:25.786 69971 INFO tempest.lib.common.rest_client [req-1cc0348e-a7e0-43b1-a4ce-f4ab81c5c2c8 req-1cc0348e-a7e0-43b1-a4ce-f4ab81c5c2c8 ] Request (MultipleCreateNegativeTestJSON:test_max_count_less_than_min_count): 201 POST http://10.180.1.21/identity/v3/auth/tokens 0.084s
2025-04-24 14:56:25.787 69971 INFO tempest.lib.common.fixed_network [-] (MultipleCreateNegativeTestJSON:test_max_count_less_than_min_count) Found network None available for tenant
2025-04-24 14:56:25.798 70003 INFO tempest.lib.common.rest_client [req-37a2c209-1179-434a-be77-a96c0af2e229 req-37a2c209-1179-434a-be77-a96c0af2e229 ] Request (ImagesMetadataTestJSON:tearDownClass): 204 DELETE http://10.180.1.21:9696/networking/v2.0/security-groups/5114ca59-c376-4243-b29a-314e4e51858c 0.154s
2025-04-24 14:56:25.881 70003 INFO tempest.lib.common.rest_client [req-7a84e48c-66b8-48d9-ae6a-159cb1123b6a req-7a84e48c-66b8-48d9-ae6a-159cb1123b6a ] Request (ImagesMetadataTestJSON:tearDownClass): 204 DELETE http://10.180.1.21/identity/v3/projects/54c2680973684b50a0c7f60879fadec1 0.083s
2025-04-24 14:56:25.922 70017 INFO tempest.lib.common.rest_client [req-4e777c28-f368-47e8-b7c9-0009c39f63b0 req-4e777c28-f368-47e8-b7c9-0009c39f63b0 ] Request (ServersTestManualDisk:setUpClass): 200 GET http://10.180.1.21/compute/v2.1/servers/91f16e9e-0f14-433b-b0aa-859b71e59f7d 1.145s
2025-04-24 14:56:25.932 70017 INFO tempest.lib.common.ssh [-] Creating ssh connection to '10.180.180.151:22' as 'cirros' with public key authentication
2025-04-24 14:56:25.960 70003 INFO tempest.lib.common.rest_client [req-ccb6d3c3-d7c3-49eb-b282-5aad9e999fcb req-ccb6d3c3-d7c3-49eb-b282-5aad9e999fcb ] Request (ServerAddressesTestJSON:setUpClass): 201 POST http://10.180.1.21/identity/v3/auth/tokens 0.078s
2025-04-24 14:56:25.993 70019 INFO tempest.lib.common.rest_client [req-4410d6b9-3f36-4643-b13f-376a7fac20fe req-4410d6b9-3f36-4643-b13f-376a7fac20fe ] Request (ServerDiskConfigTestJSON:test_rebuild_server_with_manual_disk_config): 200 GET http://10.180.1.21/compute/v2.1/servers/0bd225f7-5469-400a-b6bf-7e43c3174dcb 1.206s
2025-04-24 14:56:25.996 70003 INFO tempest.lib.common.rest_client [req-932fb8c6-d763-44c1-bb03-bfb9ec2f5577 req-932fb8c6-d763-44c1-bb03-bfb9ec2f5577 ] Request (ServerAddressesTestJSON:setUpClass): 201 POST http://10.180.1.21/identity/v3/auth/tokens 0.033s
2025-04-24 14:56:26.030 70003 INFO tempest.lib.common.rest_client [req-2866ce31-404a-4162-8064-88b64b0e13df req-2866ce31-404a-4162-8064-88b64b0e13df ] Request (ServerAddressesTestJSON:setUpClass): 200 GET http://10.180.1.21/identity/v3/domains?name=Default 0.034s
2025-04-24 14:56:26.060 69987 INFO tempest.lib.common.rest_client [req-be7a1141-e6d0-495c-83cb-07767736f22f req-be7a1141-e6d0-495c-83cb-07767736f22f ] Request (ListServersNegativeTestJSON:setUpClass): 200 GET http://10.180.1.21/compute/v2.1/servers/003597ac-1afc-427a-a06e-c54d767a7cd7 1.098s
2025-04-24 14:56:26.068 70003 INFO tempest.lib.common.rest_client [req-0b6a4bcd-2526-4975-a438-5476e3fb35f5 req-0b6a4bcd-2526-4975-a438-5476e3fb35f5 ] Request (ServerAddressesTestJSON:setUpClass): 201 POST http://10.180.1.21/identity/v3/projects 0.037s
2025-04-24 14:56:26.125 69965 INFO tempest.lib.common.rest_client [req-813f9d39-4d81-4784-8d8b-008663811680 req-813f9d39-4d81-4784-8d8b-008663811680 ] Request (SecurityGroupsTestJSON:test_list_security_groups_by_server): 202 POST http://10.180.1.21/compute/v2.1/servers 1.404s
2025-04-24 14:56:26.130 69967 INFO tempest.lib.common.rest_client [req-3e4f8fd4-c34d-4489-8c91-2843caf50a24 req-3e4f8fd4-c34d-4489-8c91-2843caf50a24 ] Request (MultipleCreateTestJSON:setUpClass): 201 POST http://10.180.1.21:9696/networking/v2.0/networks 0.395s
2025-04-24 14:56:26.136 70003 INFO tempest.lib.common.rest_client [req-d18e1eb3-8c6e-4828-893c-7bdc89bdbfd2 req-d18e1eb3-8c6e-4828-893c-7bdc89bdbfd2 ] Request (ServerAddressesTestJSON:setUpClass): 201 POST http://10.180.1.21/identity/v3/users 0.067s
2025-04-24 14:56:26.164 70003 INFO tempest.lib.common.rest_client [req-6c6de33c-60a1-4f76-89d3-253b5b7d686f req-6c6de33c-60a1-4f76-89d3-253b5b7d686f ] Request (ServerAddressesTestJSON:setUpClass): 200 GET http://10.180.1.21/identity/v3/roles 0.027s
2025-04-24 14:56:26.200 70003 INFO tempest.lib.common.rest_client [req-a609bd5e-df62-4bc3-a03b-aa63a48ddf1c req-a609bd5e-df62-4bc3-a03b-aa63a48ddf1c ] Request (ServerAddressesTestJSON:setUpClass): 204 PUT http://10.180.1.21/identity/v3/projects/ca6f2a38d830432ca8421b704f9ae9fc/users/82bd4434867546cd96046fb5b33689ad/roles/0716861fa8b44029a475e28d6854c3c9 0.035s
2025-04-24 14:56:26.200 70003 INFO tempest.lib.common.dynamic_creds [-] Dynamic test user 82bd4434867546cd96046fb5b33689ad is created with scope project and roles: ['member']
2025-04-24 14:56:26.200 70003 INFO tempest.lib.common.dynamic_creds [-] Acquired dynamic creds: credentials: Credentials: {'domain_id': 'default', 'domain_name': 'Default', 'username': 'tempest-ServerAddressesTestJSON-1561336103-project-member', 'project_domain_id': 'default', 'project_domain_name': 'Default', 'project_id': 'ca6f2a38d830432ca8421b704f9ae9fc', 'project_name': 'tempest-ServerAddressesTestJSON-1561336103', 'tenant_id': 'ca6f2a38d830432ca8421b704f9ae9fc', 'tenant_name': 'tempest-ServerAddressesTestJSON-1561336103', 'user_domain_id': 'default', 'user_domain_name': 'Default', 'user_id': '82bd4434867546cd96046fb5b33689ad', 'system': None}, Network: None, Subnet: None, Router: None
2025-04-24 14:56:26.201 70005 INFO tempest.lib.common.rest_client [req-f4c1e0ce-f7db-48ab-8485-4ca54f640f56 req-f4c1e0ce-f7db-48ab-8485-4ca54f640f56 ] Request (ServersTestBootFromVolume:setUpClass): 200 GET http://10.180.1.21/compute/v2.1/servers/b3c12592-1175-48c2-a54b-e8d230b1afef 1.165s
2025-04-24 14:56:26.301 70003 INFO tempest.lib.common.rest_client [req-dfe763ec-f951-4d91-b188-fad2675375b2 req-dfe763ec-f951-4d91-b188-fad2675375b2 ] Request (ServerAddressesTestJSON:setUpClass): 201 POST http://10.180.1.21/identity/v3/auth/tokens 0.101s
2025-04-24 14:56:26.330 69977 INFO tempest.lib.common.rest_client [req-d6a2bb5a-cea5-44b2-bddf-8c851de6f335 req-d6a2bb5a-cea5-44b2-bddf-8c851de6f335 ] Request (ServersAdminNegativeTestJSON:tearDownClass): 204 DELETE http://10.180.1.21/compute/v2.1/servers/788b5606-5dd6-4194-931f-18bc3b2c8a5f 1.263s
2025-04-24 14:56:26.387 69967 INFO tempest.lib.common.rest_client [req-51bb7636-eaba-46e8-a830-19007157ecf8 req-51bb7636-eaba-46e8-a830-19007157ecf8 ] Request (MultipleCreateTestJSON:setUpClass): 201 POST http://10.180.1.21:9696/networking/v2.0/subnets 0.256s
2025-04-24 14:56:26.398 70011 INFO tempest.lib.common.rest_client [req-bd30fc3e-73e9-42e3-8a51-ec72fa8acbd3 req-bd30fc3e-73e9-42e3-8a51-ec72fa8acbd3 ] Request (ImagesTestJSON:test_create_image_from_suspended_server): 200 GET http://10.180.1.21/compute/v2.1/servers/bd105823-9878-4ff8-89d5-9d779a411fe3 1.265s
2025-04-24 14:56:26.484 70025 INFO tempest.lib.common.rest_client [req-55743963-44b0-4b89-9a21-78304a10fa08 req-55743963-44b0-4b89-9a21-78304a10fa08 ] Request (ServersAdminTestJSON:setUpClass): 200 GET http://10.180.1.21/compute/v2.1/servers/5dfcd85e-6f2f-4f2a-b9a7-7540d72804d7 1.291s
2025-04-24 14:56:26.491 69981 INFO tempest.lib.common.rest_client [req-47866fd3-3684-45db-9327-b01905e8f26c req-47866fd3-3684-45db-9327-b01905e8f26c ] Request (FloatingIPDetailsTestJSON:tearDownClass): 202 DELETE http://10.180.1.21/compute/v2.1/os-floating-ips/b8397b4c-9aa7-44b3-a6e7-ae3bce83cca7 1.486s
2025-04-24 14:56:26.533 70015 INFO tempest.lib.common.rest_client [req-0575fcb8-84a9-4c20-9aa6-21278a105180 req-0575fcb8-84a9-4c20-9aa6-21278a105180 ] Request (ImagesOneServerTestJSON:test_create_image_specify_multibyte_character_image_name): 200 GET http://10.180.1.21/compute/v2.1/images/c93bdb72-0201-4183-ad0d-35e5fb94fc6d 1.229s
2025-04-24 14:56:26.672 69985 INFO tempest.lib.common.rest_client [req-d0bed6ad-71f2-4265-ae8e-db47c778dfe8 req-d0bed6ad-71f2-4265-ae8e-db47c778dfe8 ] Request (ServersV294TestFqdnHostnames:setUpClass): 200 GET http://10.180.1.21/compute/v2.1/servers/ac459686-1271-4abc-8b3e-f1100b34c1b1 1.397s
2025-04-24 14:56:26.689 69989 INFO tempest.lib.common.rest_client [req-3375ed75-44be-4996-a688-a9e1707fc159 req-3375ed75-44be-4996-a688-a9e1707fc159 ] Request (SecurityGroupsTestAdminJSON:_run_cleanups): 202 DELETE http://10.180.1.21/compute/v2.1/os-security-groups/076be257-5a1e-4d52-a6d8-45790918c9fd 1.092s
2025-04-24 14:56:26.691 69985 INFO tempest.common.waiters [-] State transition "BUILD/None" ==> "BUILD/spawning" after 38 second wait
2025-04-24 14:56:26.695 70013 INFO tempest.lib.common.rest_client [req-49c8bdfe-204f-4af5-9e6f-76b56adc144a req-49c8bdfe-204f-4af5-9e6f-76b56adc144a ] Request (KeyPairsV22TestJSON:test_keypairsv22_create_list_show): 200 GET http://10.180.1.21/compute/v2.1/os-keypairs 1.009s
2025-04-24 14:56:26.754 70021 INFO tempest.lib.common.rest_client [req-6f60a3ab-c9fc-42c7-9710-e73930d7d5ff req-6f60a3ab-c9fc-42c7-9710-e73930d7d5ff ] Request (ServersTestJSON:tearDownClass): 200 GET http://10.180.1.21/compute/v2.1/servers/89d061ec-c250-4f32-a352-68072cebe938 0.987s
2025-04-24 14:56:26.813 69991 INFO tempest.lib.common.rest_client [req-3ab2a811-6ae3-480a-9181-89d76832530e req-3ab2a811-6ae3-480a-9181-89d76832530e ] Request (FloatingIPsAssociationTestJSON:test_associate_already_associated_floating_ip): 200 GET http://10.180.1.21/compute/v2.1/servers/43804861-277a-462f-9576-13b782938210 0.968s
2025-04-24 14:56:26.824 69971 INFO tempest.lib.common.rest_client [req-3f63092a-aec4-4b71-ad0b-9e0bfb6817d8 req-3f63092a-aec4-4b71-ad0b-9e0bfb6817d8 ] Request (MultipleCreateNegativeTestJSON:test_max_count_less_than_min_count): 400 POST http://10.180.1.21/compute/v2.1/servers 1.036s
2025-04-24 14:56:26.857 69971 INFO tempest.lib.common.rest_client [req-fcb658f2-0945-415a-a183-cac43827f9e9 req-fcb658f2-0945-415a-a183-cac43827f9e9 ] Request (MultipleCreateNegativeTestJSON:test_max_count_less_than_one): 201 POST http://10.180.1.21/identity/v3/auth/tokens 0.027s
2025-04-24 14:56:26.857 69971 INFO tempest.lib.common.fixed_network [-] (MultipleCreateNegativeTestJSON:test_max_count_less_than_one) Found network None available for tenant
2025-04-24 14:56:26.886 70001 INFO tempest.lib.common.rest_client [req-b436529a-d79d-40ff-8204-9807d391b1ab req-b436529a-d79d-40ff-8204-9807d391b1ab ] Request (ServersAdmin275Test:tearDownClass): 200 GET http://10.180.1.21/compute/v2.1/servers/6264a93d-ae8d-48b2-bdc4-7592a0999e3a 0.949s
2025-04-24 14:56:26.905 70001 INFO tempest.common.waiters [-] State transition "ACTIVE/deleting" ==> "DELETED/None" after 4 second wait
2025-04-24 14:56:26.910 69996 INFO tempest.lib.common.rest_client [req-8ca5674a-7ebc-4649-ae41-1b2eeaae4cae req-8ca5674a-7ebc-4649-ae41-1b2eeaae4cae ] Request (ListServerFiltersTestJSON:setUpClass): 200 GET http://10.180.1.21/compute/v2.1/servers/c2aa4364-4d7b-4593-a864-f8cc1c35948f 0.908s
2025-04-24 14:56:26.943 70003 INFO tempest.lib.common.rest_client [req-0fd31980-3f2f-4daa-bc03-3fb1e91e2c0c req-0fd31980-3f2f-4daa-bc03-3fb1e91e2c0c ] Request (ServerAddressesTestJSON:setUpClass): 201 POST http://10.180.1.21:9696/networking/v2.0/networks 0.641s
2025-04-24 14:56:26.945 69965 INFO tempest.lib.common.rest_client [req-7600a759-d05b-4774-8ba7-9b8e8659190d req-7600a759-d05b-4774-8ba7-9b8e8659190d ] Request (SecurityGroupsTestJSON:test_list_security_groups_by_server): 200 GET http://10.180.1.21/compute/v2.1/servers/4bfc1067-c130-44ab-88ae-5471c16e6e12 0.816s
2025-04-24 14:56:26.977 70009 INFO tempest.lib.common.rest_client [req-3ced2ba2-1e80-479d-b200-734a5dca07a6 req-3ced2ba2-1e80-479d-b200-734a5dca07a6 ] Request (TenantUsagesTestJSON:setUpClass): 200 GET http://10.180.1.21/compute/v2.1/servers/92bc9607-4fb6-4f15-87c2-fe8278b5e7b5 0.818s
2025-04-24 14:56:27.103 69977 INFO tempest.lib.common.rest_client [req-96d2bfed-6dfe-4302-bb2b-82f1e33d108a req-96d2bfed-6dfe-4302-bb2b-82f1e33d108a ] Request (ServersAdminNegativeTestJSON:tearDownClass): 200 GET http://10.180.1.21/compute/v2.1/servers/788b5606-5dd6-4194-931f-18bc3b2c8a5f 0.773s
2025-04-24 14:56:27.105 69999 INFO tempest.lib.common.rest_client [req-5f5ac352-659c-4121-82bb-2fd204007c71 req-5f5ac352-659c-4121-82bb-2fd204007c71 ] Request (MigrationsAdminTest:test_list_migrations_in_flavor_resize_situation): 200 GET http://10.180.1.21/compute/v2.1/servers/0bdd5d41-dd85-4748-99cf-ee6b2d62c94a 0.868s
2025-04-24 14:56:27.164 69997 INFO tempest.lib.common.rest_client [req-3a084631-b272-4e69-a1bd-5e67c53793d3 req-3a084631-b272-4e69-a1bd-5e67c53793d3 ] Request (DeleteServersAdminTestJSON:test_delete_server_while_in_error_state): 200 GET http://10.180.1.21/compute/v2.1/servers/9df37cfa-1278-45b4-94e1-fd7c8253dddc 0.651s
2025-04-24 14:56:27.221 69983 INFO tempest.lib.common.rest_client [req-314ad31a-ea83-4b7b-b259-d208b49b1a06 req-314ad31a-ea83-4b7b-b259-d208b49b1a06 ] Request (ListImageFiltersTestJSON:setUpClass): 200 GET http://10.180.1.21/compute/v2.1/servers/5e03e801-6932-4d7b-b201-cbe38321432c 0.637s
2025-04-24 14:56:27.242 70003 INFO tempest.lib.common.rest_client [req-fcd1af33-5e83-4ab7-bbac-1ff57d9c8f16 req-fcd1af33-5e83-4ab7-bbac-1ff57d9c8f16 ] Request (ServerAddressesTestJSON:setUpClass): 201 POST http://10.180.1.21:9696/networking/v2.0/subnets 0.298s
2025-04-24 14:56:27.301 69975 INFO tempest.lib.common.rest_client [req-3fac6acf-9de2-42f0-a01f-e40e77614934 req-3fac6acf-9de2-42f0-a01f-e40e77614934 ] Request (ServersTestMultiNic:_run_cleanups): 200 GET http://10.180.1.21/compute/v2.1/servers/92199830-003f-4b6b-bc70-9b15d70b039f 0.625s
2025-04-24 14:56:27.573 69989 INFO tempest.lib.common.rest_client [req-25395fe6-bbe7-495c-a7b6-ffe628f75495 req-25395fe6-bbe7-495c-a7b6-ffe628f75495 ] Request (SecurityGroupsTestAdminJSON:_run_cleanups): 202 DELETE http://10.180.1.21/compute/v2.1/os-security-groups/f986f722-d605-4fbe-9f9f-e396c4150c33 0.883s
2025-04-24 14:56:27.594 70013 INFO tempest.lib.common.rest_client [req-d344d96d-4e0b-42e6-8414-61651a3209ff req-d344d96d-4e0b-42e6-8414-61651a3209ff ] Request (KeyPairsV22TestJSON:_run_cleanups): 204 DELETE http://10.180.1.21/compute/v2.1/os-keypairs/tempest-keypair-1731295848 0.897s
2025-04-24 14:56:27.627 69967 INFO tempest.lib.common.rest_client [req-96448bba-6150-42ab-8e5b-a8b44c68e7d5 req-96448bba-6150-42ab-8e5b-a8b44c68e7d5 ] Request (MultipleCreateTestJSON:setUpClass): 201 POST http://10.180.1.21:9696/networking/v2.0/routers 1.239s
2025-04-24 14:56:27.672 69989 INFO tempest.lib.common.rest_client [req-2f099330-8bcd-4148-b3e3-a859f3c8df30 req-2f099330-8bcd-4148-b3e3-a859f3c8df30 ] Request (SecurityGroupsTestAdminJSON:tearDownClass): 204 DELETE http://10.180.1.21/identity/v3/users/072944cca0a546edbab4860dd5bf8e31 0.095s
2025-04-24 14:56:27.707 70027 INFO tempest.lib.common.rest_client [req-8aa19b2b-43cd-44c9-945a-62ac1315e57a req-8aa19b2b-43cd-44c9-945a-62ac1315e57a ] Request (ServersListShow2100Test:test_list_show_rebuild_update_server_2100): 200 GET http://10.180.1.21/compute/v2.1/servers/d19ba014-ea1e-4f7b-9d4b-442b5fa19893 1.002s
2025-04-24 14:56:27.784 69989 INFO tempest.lib.common.rest_client [req-016a406b-679d-4fdc-a09c-363628b34bd4 req-016a406b-679d-4fdc-a09c-363628b34bd4 ] Request (SecurityGroupsTestAdminJSON:tearDownClass): 204 DELETE http://10.180.1.21/identity/v3/users/c3164fccf9044d3bb8c0d584bd6c6f3c 0.112s
2025-04-24 14:56:27.784 69989 INFO tempest.lib.common.dynamic_creds [-] Deleting project and security group for project: 18e6a473f7c343b686e237554a81b23d
2025-04-24 14:56:27.787 69973 INFO tempest.lib.common.rest_client [req-adb3f2c9-ec42-4386-b6cf-fb5c4f2afe3d req-adb3f2c9-ec42-4386-b6cf-fb5c4f2afe3d ] Request (ServerActionsV293TestJSON:setUpClass): 200 GET http://10.180.1.21/compute/v2.1/servers/7bcdda24-8a74-441d-90ce-c938ca12eff9 0.984s
2025-04-24 14:56:27.793 69971 INFO tempest.lib.common.rest_client [req-27f4ca8b-1782-4bc7-8ce8-496c187f9fd3 req-27f4ca8b-1782-4bc7-8ce8-496c187f9fd3 ] Request (MultipleCreateNegativeTestJSON:test_max_count_less_than_one): 400 POST http://10.180.1.21/compute/v2.1/servers 0.934s
2025-04-24 14:56:27.803 69973 INFO tempest.common.waiters [-] State transition "BUILD/scheduling" ==> "BUILD/None" after 20 second wait
2025-04-24 14:56:27.852 69989 INFO tempest.lib.common.rest_client [req-23098b79-f14e-46a9-a809-e99f674e71d8 req-23098b79-f14e-46a9-a809-e99f674e71d8 ] Request (SecurityGroupsTestAdminJSON:tearDownClass): 201 POST http://10.180.1.21/identity/v3/auth/tokens 0.067s
2025-04-24 14:56:27.858 70019 INFO tempest.lib.common.rest_client [req-1d17ba44-151e-4a12-900e-079d721d2eaa req-1d17ba44-151e-4a12-900e-079d721d2eaa ] Request (ServerDiskConfigTestJSON:test_rebuild_server_with_manual_disk_config): 200 GET http://10.180.1.21/compute/v2.1/servers/0bd225f7-5469-400a-b6bf-7e43c3174dcb 0.856s
2025-04-24 14:56:27.865 69981 INFO tempest.lib.common.rest_client [req-e718c8cc-9e7d-4917-8f0e-fb04aa4123cd req-e718c8cc-9e7d-4917-8f0e-fb04aa4123cd ] Request (FloatingIPDetailsTestJSON:tearDownClass): 202 DELETE http://10.180.1.21/compute/v2.1/os-floating-ips/84048b5d-5c93-483d-b88f-333c5a69748e 1.374s
2025-04-24 14:56:27.866 69971 INFO tempest.lib.common.rest_client [req-732f7484-5927-4819-ac92-f13c54562ac9 req-732f7484-5927-4819-ac92-f13c54562ac9 ] Request (MultipleCreateNegativeTestJSON:test_max_count_non_integer): 201 POST http://10.180.1.21/identity/v3/auth/tokens 0.068s
2025-04-24 14:56:27.867 69971 INFO tempest.lib.common.fixed_network [-] (MultipleCreateNegativeTestJSON:test_max_count_non_integer) Found network None available for tenant
2025-04-24 14:56:27.968 69989 INFO tempest.lib.common.rest_client [req-6a3dbf54-191e-4f36-8872-f8fee2a8c7e0 req-6a3dbf54-191e-4f36-8872-f8fee2a8c7e0 ] Request (SecurityGroupsTestAdminJSON:tearDownClass): 200 GET http://10.180.1.21:9696/networking/v2.0/security-groups?tenant_id=18e6a473f7c343b686e237554a81b23d&name=default 0.116s
2025-04-24 14:56:27.990 70005 INFO tempest.lib.common.rest_client [req-c5fd4608-e23c-4331-82b7-6a7eabd7c079 req-c5fd4608-e23c-4331-82b7-6a7eabd7c079 ] Request (ServersTestBootFromVolume:setUpClass): 200 GET http://10.180.1.21/compute/v2.1/servers/b3c12592-1175-48c2-a54b-e8d230b1afef 0.780s
2025-04-24 14:56:27.997 69987 INFO tempest.lib.common.rest_client [req-114bd3ec-e7b1-44d8-a442-36a3b61ccb4d req-114bd3ec-e7b1-44d8-a442-36a3b61ccb4d ] Request (ListServersNegativeTestJSON:setUpClass): 200 GET http://10.180.1.21/compute/v2.1/servers/003597ac-1afc-427a-a06e-c54d767a7cd7 0.929s
2025-04-24 14:56:28.006 69987 INFO tempest.common.waiters [-] State transition "ACTIVE/deleting" ==> "DELETED/None" after 5 second wait
2025-04-24 14:56:28.097 70011 INFO tempest.lib.common.rest_client [req-38b18b35-f2b5-4210-a84b-d9a5c5bb133d req-38b18b35-f2b5-4210-a84b-d9a5c5bb133d ] Request (ImagesTestJSON:test_create_image_from_suspended_server): 200 GET http://10.180.1.21/compute/v2.1/servers/bd105823-9878-4ff8-89d5-9d779a411fe3 0.688s
2025-04-24 14:56:28.106 69979 WARNING tempest.lib.common.ssh [-] Failed to establish authenticated ssh connection to cirros@10.180.180.214 ([Errno None] Unable to connect to port 22 on 10.180.180.214). Number attempts: 1. Retry after 2 seconds.: paramiko.ssh_exception.NoValidConnectionsError: [Errno None] Unable to connect to port 22 on 10.180.180.214
2025-04-24 14:56:28.110 70025 INFO tempest.lib.common.rest_client [req-a50c8efc-737d-444c-9e8e-5f3415e6245e req-a50c8efc-737d-444c-9e8e-5f3415e6245e ] Request (ServersAdminTestJSON:setUpClass): 200 GET http://10.180.1.21/compute/v2.1/servers/5dfcd85e-6f2f-4f2a-b9a7-7540d72804d7 0.617s
2025-04-24 14:56:28.127 69989 INFO tempest.lib.common.rest_client [req-90630caf-65eb-4ce2-b4e2-1211b3860db8 req-90630caf-65eb-4ce2-b4e2-1211b3860db8 ] Request (SecurityGroupsTestAdminJSON:tearDownClass): 204 DELETE http://10.180.1.21:9696/networking/v2.0/security-groups/6d116cff-d1cc-44ac-b52a-601368ba746a 0.158s
2025-04-24 14:56:28.148 70015 INFO tempest.lib.common.rest_client [req-a9fb65f7-8f00-42ac-ae13-9376813fe2c5 req-a9fb65f7-8f00-42ac-ae13-9376813fe2c5 ] Request (ImagesOneServerTestJSON:test_create_image_specify_multibyte_character_image_name): 200 GET http://10.180.1.21/compute/v2.1/images/c93bdb72-0201-4183-ad0d-35e5fb94fc6d 0.611s
2025-04-24 14:56:28.207 69989 INFO tempest.lib.common.rest_client [req-39bac679-054c-40b5-9af8-6c0c1336e045 req-39bac679-054c-40b5-9af8-6c0c1336e045 ] Request (SecurityGroupsTestAdminJSON:tearDownClass): 204 DELETE http://10.180.1.21/identity/v3/projects/18e6a473f7c343b686e237554a81b23d 0.079s
2025-04-24 14:56:28.207 69989 INFO tempest.lib.common.dynamic_creds [-] Deleting project and security group for project: d6e8f00a00814d98b5026ea779abb6fe
2025-04-24 14:56:28.226 70024 WARNING tempest.lib.common.ssh [-] Failed to establish authenticated ssh connection to cirros@10.180.180.186 ([Errno None] Unable to connect to port 22 on 10.180.180.186). Number attempts: 6. Retry after 7 seconds.: paramiko.ssh_exception.NoValidConnectionsError: [Errno None] Unable to connect to port 22 on 10.180.180.186
2025-04-24 14:56:28.232 69989 INFO tempest.lib.common.rest_client [req-e0a40688-24be-4cac-8dc1-2de667b3fe8b req-e0a40688-24be-4cac-8dc1-2de667b3fe8b ] Request (SecurityGroupsTestAdminJSON:tearDownClass): 200 GET http://10.180.1.21:9696/networking/v2.0/security-groups?tenant_id=d6e8f00a00814d98b5026ea779abb6fe&name=default 0.025s
2025-04-24 14:56:28.322 69989 INFO tempest.lib.common.rest_client [req-0846ce9a-25b1-401a-bcc3-af9e15cd7d09 req-0846ce9a-25b1-401a-bcc3-af9e15cd7d09 ] Request (SecurityGroupsTestAdminJSON:tearDownClass): 204 DELETE http://10.180.1.21:9696/networking/v2.0/security-groups/674112e0-95ab-4938-9af5-8b26aadbb46a 0.088s
2025-04-24 14:56:28.334 70013 INFO tempest.lib.common.rest_client [req-05b107cf-1b5a-47ab-8577-8ffae941aa9d req-05b107cf-1b5a-47ab-8577-8ffae941aa9d ] Request (KeyPairsV22TestJSON:test_keypairsv22_create_list_show_with_type): 201 POST http://10.180.1.21/compute/v2.1/os-keypairs 0.738s
2025-04-24 14:56:28.383 69985 INFO tempest.lib.common.rest_client [req-d2d7f1fd-42e4-4ce9-9910-562b00326dea req-d2d7f1fd-42e4-4ce9-9910-562b00326dea ] Request (ServersV294TestFqdnHostnames:setUpClass): 200 GET http://10.180.1.21/compute/v2.1/servers/ac459686-1271-4abc-8b3e-f1100b34c1b1 0.690s
2025-04-24 14:56:28.449 69989 INFO tempest.lib.common.rest_client [req-03e1dd97-3b64-4054-b101-fed4d73bd348 req-03e1dd97-3b64-4054-b101-fed4d73bd348 ] Request (SecurityGroupsTestAdminJSON:tearDownClass): 204 DELETE http://10.180.1.21/identity/v3/projects/d6e8f00a00814d98b5026ea779abb6fe 0.127s
2025-04-24 14:56:28.463 70021 INFO tempest.lib.common.rest_client [req-0f0fd717-6df3-4207-98cd-e1ad4609d1ba req-0f0fd717-6df3-4207-98cd-e1ad4609d1ba ] Request (ServersTestJSON:tearDownClass): 200 GET http://10.180.1.21/compute/v2.1/servers/89d061ec-c250-4f32-a352-68072cebe938 0.698s
2025-04-24 14:56:28.473 69971 INFO tempest.lib.common.rest_client [req-4a89f546-4a49-42a1-9406-5c9da019e339 req-4a89f546-4a49-42a1-9406-5c9da019e339 ] Request (MultipleCreateNegativeTestJSON:test_max_count_non_integer): 400 POST http://10.180.1.21/compute/v2.1/servers 0.606s
2025-04-24 14:56:28.477 69991 INFO tempest.lib.common.rest_client [req-1b0d1109-4bc5-4744-88df-b21cd99c0f80 req-1b0d1109-4bc5-4744-88df-b21cd99c0f80 ] Request (FloatingIPsAssociationTestJSON:test_associate_already_associated_floating_ip): 200 GET http://10.180.1.21/compute/v2.1/servers/43804861-277a-462f-9576-13b782938210 0.656s
2025-04-24 14:56:28.535 69971 INFO tempest.lib.common.rest_client [req-eb5c684c-2e4a-4466-adf9-3984d780e5a3 req-eb5c684c-2e4a-4466-adf9-3984d780e5a3 ] Request (MultipleCreateNegativeTestJSON:test_min_count_less_than_one): 201 POST http://10.180.1.21/identity/v3/auth/tokens 0.055s
2025-04-24 14:56:28.536 69971 INFO tempest.lib.common.fixed_network [-] (MultipleCreateNegativeTestJSON:test_min_count_less_than_one) Found network None available for tenant
2025-04-24 14:56:28.537 69989 INFO tempest.lib.common.rest_client [req-10ce758f-8f4d-4278-ba99-506b195b8a0b req-10ce758f-8f4d-4278-ba99-506b195b8a0b ] Request (ListImagesTestJSON:setUpClass): 201 POST http://10.180.1.21/identity/v3/auth/tokens 0.083s
2025-04-24 14:56:28.570 69989 INFO tempest.lib.common.rest_client [req-1189848d-d0fe-4d99-9390-91bf3e196f03 req-1189848d-d0fe-4d99-9390-91bf3e196f03 ] Request (ListImagesTestJSON:setUpClass): 201 POST http://10.180.1.21/identity/v3/auth/tokens 0.026s
2025-04-24 14:56:28.596 69996 INFO tempest.lib.common.rest_client [req-34b5af7a-c41b-47b8-b05a-6b3252d3cb0f req-34b5af7a-c41b-47b8-b05a-6b3252d3cb0f ] Request (ListServerFiltersTestJSON:setUpClass): 200 GET http://10.180.1.21/compute/v2.1/servers/c2aa4364-4d7b-4593-a864-f8cc1c35948f 0.675s
2025-04-24 14:56:28.600 70001 INFO tempest.lib.common.rest_client [req-ecbcb636-8582-45ad-9768-33090f05729c req-ecbcb636-8582-45ad-9768-33090f05729c ] Request (ServersAdmin275Test:tearDownClass): 200 GET http://10.180.1.21/compute/v2.1/servers/6264a93d-ae8d-48b2-bdc4-7592a0999e3a 0.692s
2025-04-24 14:56:28.603 69996 INFO tempest.common.waiters [-] State transition "BUILD/None" ==> "BUILD/networking" after 40 second wait
2025-04-24 14:56:28.612 69989 INFO tempest.lib.common.rest_client [req-391c5253-f405-444c-b379-95b4bb8e1744 req-391c5253-f405-444c-b379-95b4bb8e1744 ] Request (ListImagesTestJSON:setUpClass): 200 GET http://10.180.1.21/identity/v3/domains?name=Default 0.041s
2025-04-24 14:56:28.648 69989 INFO tempest.lib.common.rest_client [req-71af2a7a-9623-4a61-a3c6-5864106ea492 req-71af2a7a-9623-4a61-a3c6-5864106ea492 ] Request (ListImagesTestJSON:setUpClass): 201 POST http://10.180.1.21/identity/v3/projects 0.035s
2025-04-24 14:56:28.702 69965 INFO tempest.lib.common.rest_client [req-804ac7b7-d939-41a1-8ad6-f87b3f4c14eb req-804ac7b7-d939-41a1-8ad6-f87b3f4c14eb ] Request (SecurityGroupsTestJSON:test_list_security_groups_by_server): 200 GET http://10.180.1.21/compute/v2.1/servers/4bfc1067-c130-44ab-88ae-5471c16e6e12 0.745s
2025-04-24 14:56:28.707 70009 INFO tempest.lib.common.rest_client [req-75205e26-9e5d-4d55-9645-349781800bce req-75205e26-9e5d-4d55-9645-349781800bce ] Request (TenantUsagesTestJSON:setUpClass): 200 GET http://10.180.1.21/compute/v2.1/servers/92bc9607-4fb6-4f15-87c2-fe8278b5e7b5 0.720s
2025-04-24 14:56:28.739 69989 INFO tempest.lib.common.rest_client [req-3b3ec4d8-691c-4212-940d-1c41bda0b1f1 req-3b3ec4d8-691c-4212-940d-1c41bda0b1f1 ] Request (ListImagesTestJSON:setUpClass): 201 POST http://10.180.1.21/identity/v3/users 0.090s
2025-04-24 14:56:28.774 69989 INFO tempest.lib.common.rest_client [req-9e9a05f0-f40c-4cb9-b29b-873846a47059 req-9e9a05f0-f40c-4cb9-b29b-873846a47059 ] Request (ListImagesTestJSON:setUpClass): 200 GET http://10.180.1.21/identity/v3/roles 0.035s
2025-04-24 14:56:28.810 69989 INFO tempest.lib.common.rest_client [req-70d0516b-21fb-4cd8-9c54-8c508cc48c4a req-70d0516b-21fb-4cd8-9c54-8c508cc48c4a ] Request (ListImagesTestJSON:setUpClass): 204 PUT http://10.180.1.21/identity/v3/projects/1a719158900b4520976480704ca3c4e8/users/42c0ddd9da0f451193c3d6c5a956ec61/roles/0716861fa8b44029a475e28d6854c3c9 0.035s
2025-04-24 14:56:28.810 69989 INFO tempest.lib.common.dynamic_creds [-] Dynamic test user 42c0ddd9da0f451193c3d6c5a956ec61 is created with scope project and roles: ['member']
2025-04-24 14:56:28.811 69989 INFO tempest.lib.common.dynamic_creds [-] Acquired dynamic creds: credentials: Credentials: {'domain_id': 'default', 'domain_name': 'Default', 'username': 'tempest-ListImagesTestJSON-2027511906-project-member', 'project_domain_id': 'default', 'project_domain_name': 'Default', 'project_id': '1a719158900b4520976480704ca3c4e8', 'project_name': 'tempest-ListImagesTestJSON-2027511906', 'tenant_id': '1a719158900b4520976480704ca3c4e8', 'tenant_name': 'tempest-ListImagesTestJSON-2027511906', 'user_domain_id': 'default', 'user_domain_name': 'Default', 'user_id': '42c0ddd9da0f451193c3d6c5a956ec61', 'system': None}, Network: None, Subnet: None, Router: None
2025-04-24 14:56:28.811 69989 INFO tempest.lib.common.dynamic_creds [-] Created isolated network resources for: credentials: Credentials: {'domain_id': 'default', 'domain_name': 'Default', 'username': 'tempest-ListImagesTestJSON-2027511906-project-member', 'project_domain_id': 'default', 'project_domain_name': 'Default', 'project_id': '1a719158900b4520976480704ca3c4e8', 'project_name': 'tempest-ListImagesTestJSON-2027511906', 'tenant_id': '1a719158900b4520976480704ca3c4e8', 'tenant_name': 'tempest-ListImagesTestJSON-2027511906', 'user_domain_id': 'default', 'user_domain_name': 'Default', 'user_id': '42c0ddd9da0f451193c3d6c5a956ec61', 'system': None}, Network: None, Subnet: None, Router: None
2025-04-24 14:56:28.900 69989 INFO tempest.lib.common.rest_client [req-ef5153e1-6dfb-4720-8993-188a3fdb0d53 req-ef5153e1-6dfb-4720-8993-188a3fdb0d53 ] Request (ListImagesTestJSON:setUpClass): 201 POST http://10.180.1.21/identity/v3/auth/tokens 0.082s
2025-04-24 14:56:29.018 70017 WARNING tempest.lib.common.ssh [-] Failed to establish authenticated ssh connection to cirros@10.180.180.151 ([Errno None] Unable to connect to port 22 on 10.180.180.151). Number attempts: 1. Retry after 2 seconds.: paramiko.ssh_exception.NoValidConnectionsError: [Errno None] Unable to connect to port 22 on 10.180.180.151
2025-04-24 14:56:29.180 69999 INFO tempest.lib.common.rest_client [req-642c82b9-ace3-4b19-b7dd-d9fc9bdbe20d req-642c82b9-ace3-4b19-b7dd-d9fc9bdbe20d ] Request (MigrationsAdminTest:test_list_migrations_in_flavor_resize_situation): 200 GET http://10.180.1.21/compute/v2.1/servers/0bdd5d41-dd85-4748-99cf-ee6b2d62c94a 1.057s
2025-04-24 14:56:29.191 69999 INFO tempest.common.waiters [-] State transition "RESIZE/resize_migrating" ==> "RESIZE/resize_migrated" after 31 second wait
2025-04-24 14:56:29.193 69977 INFO tempest.lib.common.rest_client [req-a3619ce1-66d7-449c-9f8d-3bb1ea89811a req-a3619ce1-66d7-449c-9f8d-3bb1ea89811a ] Request (ServersAdminNegativeTestJSON:tearDownClass): 200 GET http://10.180.1.21/compute/v2.1/servers/788b5606-5dd6-4194-931f-18bc3b2c8a5f 1.080s
2025-04-24 14:56:29.271 69997 INFO tempest.lib.common.rest_client [req-868877ec-5e24-4793-9205-42246f87dadf req-868877ec-5e24-4793-9205-42246f87dadf ] Request (DeleteServersAdminTestJSON:test_delete_server_while_in_error_state): 200 GET http://10.180.1.21/compute/v2.1/servers/9df37cfa-1278-45b4-94e1-fd7c8253dddc 1.099s
2025-04-24 14:56:29.294 69983 INFO tempest.lib.common.rest_client [req-51ce9eb7-0509-4096-bbef-bfa8cf967ee4 req-51ce9eb7-0509-4096-bbef-bfa8cf967ee4 ] Request (ListImageFiltersTestJSON:setUpClass): 200 GET http://10.180.1.21/compute/v2.1/servers/5e03e801-6932-4d7b-b201-cbe38321432c 1.060s
2025-04-24 14:56:29.310 70013 INFO tempest.lib.common.rest_client [req-703e3855-fc09-4a29-a4e1-d25523052cf8 req-703e3855-fc09-4a29-a4e1-d25523052cf8 ] Request (KeyPairsV22TestJSON:test_keypairsv22_create_list_show_with_type): 200 GET http://10.180.1.21/compute/v2.1/os-keypairs/tempest-keypair-1096614899 0.974s
2025-04-24 14:56:29.319 69971 INFO tempest.lib.common.rest_client [req-e1bddec5-bcfe-486b-a296-ece4b60cd28d req-e1bddec5-bcfe-486b-a296-ece4b60cd28d ] Request (MultipleCreateNegativeTestJSON:test_min_count_less_than_one): 400 POST http://10.180.1.21/compute/v2.1/servers 0.783s
2025-04-24 14:56:29.372 69975 INFO tempest.lib.common.rest_client [req-f383f54a-698a-4f23-bd38-462bf6761036 req-f383f54a-698a-4f23-bd38-462bf6761036 ] Request (ServersTestMultiNic:_run_cleanups): 200 GET http://10.180.1.21/compute/v2.1/servers/92199830-003f-4b6b-bc70-9b15d70b039f 1.060s
2025-04-24 14:56:29.426 69971 INFO tempest.lib.common.rest_client [req-6643678b-f716-4994-a360-01605ead7af3 req-6643678b-f716-4994-a360-01605ead7af3 ] Request (MultipleCreateNegativeTestJSON:test_min_count_non_integer): 201 POST http://10.180.1.21/identity/v3/auth/tokens 0.100s
2025-04-24 14:56:29.426 69971 INFO tempest.lib.common.fixed_network [-] (MultipleCreateNegativeTestJSON:test_min_count_non_integer) Found network None available for tenant
2025-04-24 14:56:29.473 70027 INFO tempest.lib.common.rest_client [req-acda78d0-8d33-4126-af89-151e140818e9 req-acda78d0-8d33-4126-af89-151e140818e9 ] Request (ServersListShow2100Test:test_list_show_rebuild_update_server_2100): 200 GET http://10.180.1.21/compute/v2.1/servers/d19ba014-ea1e-4f7b-9d4b-442b5fa19893 0.749s
2025-04-24 14:56:29.501 69973 INFO tempest.lib.common.rest_client [req-4094b07e-afc8-4007-a5b8-5596887fbc56 req-4094b07e-afc8-4007-a5b8-5596887fbc56 ] Request (ServerActionsV293TestJSON:setUpClass): 200 GET http://10.180.1.21/compute/v2.1/servers/7bcdda24-8a74-441d-90ce-c938ca12eff9 0.697s
2025-04-24 14:56:29.581 70019 INFO tempest.lib.common.rest_client [req-8aaf5fca-39f5-4a53-85be-083ae03fc05c req-8aaf5fca-39f5-4a53-85be-083ae03fc05c ] Request (ServerDiskConfigTestJSON:test_rebuild_server_with_manual_disk_config): 200 GET http://10.180.1.21/compute/v2.1/servers/0bd225f7-5469-400a-b6bf-7e43c3174dcb 0.706s
2025-04-24 14:56:29.634 69989 INFO tempest.lib.common.rest_client [req-dc63f58e-9d59-4bf1-ae01-d45a08c99eba req-dc63f58e-9d59-4bf1-ae01-d45a08c99eba ] Request (ListImagesTestJSON:test_get_image): 200 GET http://10.180.1.21/compute/v2.1/images/1bb75d77-95da-4f55-b736-c24ade6a163b 0.732s
2025-04-24 14:56:29.657 70005 INFO tempest.lib.common.rest_client [req-bb4207c2-dab5-477f-af5f-c61f34645688 req-bb4207c2-dab5-477f-af5f-c61f34645688 ] Request (ServersTestBootFromVolume:setUpClass): 200 GET http://10.180.1.21/compute/v2.1/servers/b3c12592-1175-48c2-a54b-e8d230b1afef 0.654s
