2025-04-24 14:57:27.191 70015 INFO tempest.lib.common.rest_client [req-f052bb11-3448-4441-aba1-24551e8c20c5 req-f052bb11-3448-4441-aba1-24551e8c20c5 ] Request (SecurityGroupRulesNegativeTestJSON:setUpClass): 201 POST http://10.180.1.21/identity/v3/auth/tokens 0.081s
2025-04-24 14:57:27.205 69991 INFO tempest.lib.common.rest_client [req-89273a55-5b9f-4087-a36b-fb05f01f792b req-89273a55-5b9f-4087-a36b-fb05f01f792b ] Request (FloatingIPsAssociationTestJSON:_run_cleanups): 204 DELETE http://10.180.1.21/compute/v2.1/servers/43804861-277a-462f-9576-13b782938210 0.425s
2025-04-24 14:57:27.262 69965 INFO tempest.lib.common.rest_client [req-64763cc6-39e6-4fd6-ae6d-8d92b1be0744 req-64763cc6-39e6-4fd6-ae6d-8d92b1be0744 ] Request (SecurityGroupsTestJSON:test_list_security_groups_by_server): 200 GET http://10.180.1.21/compute/v2.1/servers/4bfc1067-c130-44ab-88ae-5471c16e6e12 0.291s
2025-04-24 14:57:27.271 70011 INFO tempest.lib.common.rest_client [req-dfe0b5a8-ba37-4510-971a-f4b120d74823 req-dfe0b5a8-ba37-4510-971a-f4b120d74823 ] Request (ImagesTestJSON:test_create_image_from_suspended_server): 200 GET http://10.180.1.21/compute/v2.1/servers/bd105823-9878-4ff8-89d5-9d779a411fe3 0.358s
2025-04-24 14:57:27.278 70011 INFO tempest.common.waiters [-] State transition "BUILD/spawning" ==> "ACTIVE/None" after 77 second wait
2025-04-24 14:57:27.332 69997 INFO tempest.lib.common.rest_client [req-a41fe3ab-afd6-4f6d-bc4b-acdf06db3655 req-a41fe3ab-afd6-4f6d-bc4b-acdf06db3655 ] Request (DeleteServersAdminTestJSON:test_delete_server_while_in_error_state): 200 GET http://10.180.1.21/compute/v2.1/servers/9df37cfa-1278-45b4-94e1-fd7c8253dddc 0.298s
2025-04-24 14:57:27.333 70013 INFO tempest.lib.common.rest_client [req-0bdae282-e1d1-43a7-b45c-7db3df177877 req-0bdae282-e1d1-43a7-b45c-7db3df177877 ] Request (AttachInterfacesUnderV243Test:test_add_remove_fixed_ip): 200 GET http://10.180.1.21/compute/v2.1/servers/a059e051-cdc3-4729-82c8-182bdf6d59cd 0.240s
2025-04-24 14:57:27.610 70015 INFO tempest.lib.common.rest_client [req-e35282f5-bd94-42d8-9447-d3dbf139ca51 req-e35282f5-bd94-42d8-9447-d3dbf139ca51 ] Request (SecurityGroupRulesNegativeTestJSON:test_create_security_group_rule_duplicate): 200 POST http://10.180.1.21/compute/v2.1/os-security-groups 0.418s
2025-04-24 14:57:27.744 70011 INFO tempest.lib.common.rest_client [req-ea5a81ad-7b57-4c2b-9940-5d7052237b31 req-ea5a81ad-7b57-4c2b-9940-5d7052237b31 ] Request (ImagesTestJSON:test_create_image_from_suspended_server): 202 POST http://10.180.1.21/compute/v2.1/servers/bd105823-9878-4ff8-89d5-9d779a411fe3/action 0.466s
2025-04-24 14:57:27.748 69973 WARNING tempest.lib.common.ssh [-] Failed to establish authenticated ssh connection to cirros@10.180.180.246 ([Errno None] Unable to connect to port 22 on 10.180.180.246). Number attempts: 2. Retry after 3 seconds.: paramiko.ssh_exception.NoValidConnectionsError: [Errno None] Unable to connect to port 22 on 10.180.180.246
2025-04-24 14:57:27.927 70009 INFO tempest.lib.common.rest_client [req-a915d092-6ff9-496f-92d5-fd7ae844d575 req-a915d092-6ff9-496f-92d5-fd7ae844d575 ] Request (TenantUsagesTestJSON:setUpClass): 200 GET http://10.180.1.21/compute/v2.1/servers/92bc9607-4fb6-4f15-87c2-fe8278b5e7b5 0.470s
2025-04-24 14:57:27.983 69967 INFO tempest.lib.common.rest_client [req-8deac198-ab99-4fa0-aa27-38e48c2c8de6 req-8deac198-ab99-4fa0-aa27-38e48c2c8de6 ] Request (MultipleCreateTestJSON:test_multiple_create): 200 GET http://10.180.1.21/compute/v2.1/servers/62855e69-ce3d-4f14-a904-111669d09982 0.443s
2025-04-24 14:57:28.130 70005 WARNING tempest.lib.common.ssh [-] Failed to establish authenticated ssh connection to cirros@10.180.180.243 ([Errno None] Unable to connect to port 22 on 10.180.180.243). Number attempts: 4. Retry after 5 seconds.: paramiko.ssh_exception.NoValidConnectionsError: [Errno None] Unable to connect to port 22 on 10.180.180.243
2025-04-24 14:57:28.174 70015 INFO tempest.lib.common.rest_client [req-286626df-9793-4e72-bb5e-27f59839f862 req-286626df-9793-4e72-bb5e-27f59839f862 ] Request (SecurityGroupRulesNegativeTestJSON:test_create_security_group_rule_duplicate): 200 POST http://10.180.1.21/compute/v2.1/os-security-group-rules 0.560s
2025-04-24 14:57:28.252 70027 INFO tempest.lib.common.rest_client [req-6053e775-2b1f-4acc-964b-80c48e98a009 req-6053e775-2b1f-4acc-964b-80c48e98a009 ] Request (ServersListShow2100Test:tearDownClass): 200 GET http://10.180.1.21/compute/v2.1/servers/d19ba014-ea1e-4f7b-9d4b-442b5fa19893 0.611s
2025-04-24 14:57:28.314 69975 INFO tempest.lib.common.rest_client [req-e5bc1afc-47f6-4e35-837e-6e664f49201b req-e5bc1afc-47f6-4e35-837e-6e664f49201b ] Request (ServersTestMultiNic:test_verify_multiple_nics_order): 200 GET http://10.180.1.21/compute/v2.1/servers/ce792e60-07e4-493c-8dc8-c48e8f215ca8 0.624s
2025-04-24 14:57:28.325 69975 INFO tempest.common.waiters [-] State transition "BUILD/scheduling" ==> "BUILD/None" after 36 second wait
2025-04-24 14:57:28.357 69985 INFO paramiko.transport [-] Connected (version 2.0, client dropbear_2020.81)
2025-04-24 14:57:28.410 69991 INFO tempest.lib.common.rest_client [req-0f6ca27a-8eae-43a5-b552-6e12349c7876 req-0f6ca27a-8eae-43a5-b552-6e12349c7876 ] Request (FloatingIPsAssociationTestJSON:test_associate_disassociate_floating_ip): 202 POST http://10.180.1.21/compute/v2.1/servers/2bd226df-264a-4177-b7de-bc1cc98614dc/action 1.203s
2025-04-24 14:57:28.428 69985 INFO paramiko.transport [-] Authentication (publickey) successful!
2025-04-24 14:57:28.428 69985 INFO tempest.lib.common.ssh [-] ssh connection to cirros@10.180.180.233 successfully created
2025-04-24 14:57:28.438 69985 INFO tempest.lib.common.ssh [-] Creating ssh connection to '10.180.180.233:22' as 'cirros' with public key authentication
2025-04-24 14:57:28.442 69985 INFO paramiko.transport [-] Connected (version 2.0, client dropbear_2020.81)
2025-04-24 14:57:28.516 70025 INFO tempest.lib.common.rest_client [req-7c4cf1b4-d964-4093-8ebf-2f8bcb85f19b req-7c4cf1b4-d964-4093-8ebf-2f8bcb85f19b ] Request (ServersAdminTestJSON:test_create_server_with_scheduling_hint): 200 GET http://10.180.1.21/compute/v2.1/servers/28e686ef-5e12-4f36-b33c-95c524b06356 0.760s
2025-04-24 14:57:28.536 70011 INFO tempest.lib.common.rest_client [req-a3655a04-009b-4c3e-a9a1-94f126bba7bf req-a3655a04-009b-4c3e-a9a1-94f126bba7bf ] Request (ImagesTestJSON:test_create_image_from_suspended_server): 200 GET http://10.180.1.21/compute/v2.1/servers/bd105823-9878-4ff8-89d5-9d779a411fe3 0.790s
2025-04-24 14:57:28.550 69985 INFO paramiko.transport [-] Authentication (publickey) successful!
2025-04-24 14:57:28.550 69985 INFO tempest.lib.common.ssh [-] ssh connection to cirros@10.180.180.233 successfully created
2025-04-24 14:57:28.617 69977 INFO tempest.lib.common.rest_client [req-8b130df6-afe6-4ba1-992e-465fc67343ed req-8b130df6-afe6-4ba1-992e-465fc67343ed ] Request (ServersAdminNegativeTestJSON:tearDownClass): 200 GET http://10.180.1.21/compute/v2.1/servers/156a3c9c-bba8-46a9-b609-e5a4f434b33f 0.803s
2025-04-24 14:57:28.640 70021 INFO tempest.lib.common.rest_client [req-fb635f50-3ab0-4d43-a7bc-747202a871dc req-fb635f50-3ab0-4d43-a7bc-747202a871dc ] Request (ServerMetadataNegativeTestJSON:setUpClass): 200 GET http://10.180.1.21/compute/v2.1/servers/4e21cb86-05f7-4df2-b358-13deea78e690 0.795s
2025-04-24 14:57:28.692 69983 INFO tempest.lib.common.rest_client [req-5f37cd3b-231c-43ab-8453-0519cff6fa96 req-5f37cd3b-231c-43ab-8453-0519cff6fa96 ] Request (ListImageFiltersTestJSON:setUpClass): 200 GET http://10.180.1.21/compute/v2.1/images/71ec2a69-1beb-45e5-ad34-88fa65d89af9 0.792s
2025-04-24 14:57:28.692 69971 INFO tempest.lib.common.rest_client [req-9b44f584-c86d-4573-9a73-5f6bd906fd85 req-9b44f584-c86d-4573-9a73-5f6bd906fd85 ] Request (ServerActionsTestOtherA:setUpClass): 200 GET http://10.180.1.21/compute/v2.1/servers/9d198c26-b32f-4d9f-961f-5bef6a511168 0.821s
2025-04-24 14:57:28.765 69999 INFO tempest.lib.common.rest_client [req-287e8271-6d54-46cc-808f-90bc87694b7e req-287e8271-6d54-46cc-808f-90bc87694b7e ] Request (MigrationsAdminTest:test_resize_server_revert_deleted_flavor): 200 GET http://10.180.1.21/compute/v2.1/servers/b945a564-7589-4a4b-8660-0952d304ceb3 0.806s
2025-04-24 14:57:28.775 70017 INFO tempest.lib.common.rest_client [req-968627c6-edd8-422b-81a6-1eecd9cb9546 req-968627c6-edd8-422b-81a6-1eecd9cb9546 ] Request (ServersTestManualDisk:tearDownClass): 200 GET http://10.180.1.21/compute/v2.1/servers/91f16e9e-0f14-433b-b0aa-859b71e59f7d 0.869s
2025-04-24 14:57:28.861 69987 INFO tempest.lib.common.rest_client [req-4dbc36ad-e105-4648-9434-64c0e269fef9 req-4dbc36ad-e105-4648-9434-64c0e269fef9 ] Request (ListServersNegativeTestJSON:tearDownClass): 200 GET http://10.180.1.21/compute/v2.1/servers/c55229c1-3aea-4153-a7b2-aabc2c8b9ca7 0.885s
2025-04-24 14:57:28.877 69996 INFO tempest.lib.common.rest_client [req-80cd0113-49d9-4d3e-82c8-364f53d1ccd0 req-80cd0113-49d9-4d3e-82c8-364f53d1ccd0 ] Request (ListServerFiltersTestJSON:tearDownClass): 200 GET http://10.180.1.21/compute/v2.1/servers/c2aa4364-4d7b-4593-a864-f8cc1c35948f 0.838s
2025-04-24 14:57:28.969 70003 INFO tempest.lib.common.rest_client [req-c37f4b96-fd39-4a17-9474-d79ea9720d58 req-c37f4b96-fd39-4a17-9474-d79ea9720d58 ] Request (ServerAddressesTestJSON:setUpClass): 200 GET http://10.180.1.21/compute/v2.1/servers/549990e1-a3f8-470f-befb-b4568083ee03 0.871s
2025-04-24 14:57:29.048 70001 INFO tempest.lib.common.rest_client [req-675013e1-375e-43c2-ac5f-5690f1e13f41 req-675013e1-375e-43c2-ac5f-5690f1e13f41 ] Request (ServersTestJSON:test_create_server_specify_multibyte_character_name): 200 GET http://10.180.1.21/compute/v2.1/servers/7b0853d4-ca04-4864-aa90-a79af013fe48 0.898s
2025-04-24 14:57:29.066 70019 INFO tempest.lib.common.rest_client [req-d6e0cdd1-c958-4c6d-8634-e2a549396198 req-d6e0cdd1-c958-4c6d-8634-e2a549396198 ] Request (ServerDiskConfigTestJSON:test_rebuild_server_with_manual_disk_config): 200 GET http://10.180.1.21/compute/v2.1/servers/0bd225f7-5469-400a-b6bf-7e43c3174dcb 0.952s
2025-04-24 14:57:29.124 69993 INFO tempest.lib.common.rest_client [req-ed693ce2-70df-449c-a653-c3dfa6038333 req-ed693ce2-70df-449c-a653-c3dfa6038333 ] Request (AttachInterfacesTestJSON:_run_cleanups): 200 GET http://10.180.1.21/compute/v2.1/servers/80617eab-4e1f-49c5-8741-89052b004f56 0.950s
2025-04-24 14:57:29.133 70015 INFO tempest.lib.common.rest_client [req-da2158bb-21ef-47b2-8c89-64c3b1bb2bc7 req-da2158bb-21ef-47b2-8c89-64c3b1bb2bc7 ] Request (SecurityGroupRulesNegativeTestJSON:test_create_security_group_rule_duplicate): 400 POST http://10.180.1.21/compute/v2.1/os-security-group-rules 0.956s
2025-04-24 14:57:29.216 69997 INFO tempest.lib.common.rest_client [req-5f075619-bfb6-4009-8c90-8c396a388dba req-5f075619-bfb6-4009-8c90-8c396a388dba ] Request (DeleteServersAdminTestJSON:test_delete_server_while_in_error_state): 200 GET http://10.180.1.21/compute/v2.1/servers/9df37cfa-1278-45b4-94e1-fd7c8253dddc 0.871s
2025-04-24 14:57:29.283 70013 INFO tempest.lib.common.rest_client [req-faec7d56-6aaa-47c7-857e-a7afc9a5e2de req-faec7d56-6aaa-47c7-857e-a7afc9a5e2de ] Request (AttachInterfacesUnderV243Test:test_add_remove_fixed_ip): 200 GET http://10.180.1.21/compute/v2.1/servers/a059e051-cdc3-4729-82c8-182bdf6d59cd 0.935s
2025-04-24 14:57:29.305 69965 INFO tempest.lib.common.rest_client [req-cc04a22f-5c05-412b-976c-5bc647abf9c0 req-cc04a22f-5c05-412b-976c-5bc647abf9c0 ] Request (SecurityGroupsTestJSON:test_list_security_groups_by_server): 200 GET http://10.180.1.21/compute/v2.1/servers/4bfc1067-c130-44ab-88ae-5471c16e6e12 1.035s
2025-04-24 14:57:29.312 69965 INFO tempest.common.waiters [-] State transition "BUILD/None" ==> "BUILD/spawning" after 63 second wait
2025-04-24 14:57:29.389 69991 INFO tempest.lib.common.rest_client [req-c8b8f2f4-184d-423b-9775-4cfab2492cfc req-c8b8f2f4-184d-423b-9775-4cfab2492cfc ] Request (FloatingIPsAssociationTestJSON:test_associate_disassociate_floating_ip): 200 GET http://10.180.1.21/compute/v2.1/os-floating-ips/279ddd65-3a01-4199-a209-89006b6d68e9 0.978s
2025-04-24 14:57:29.423 70009 INFO tempest.lib.common.rest_client [req-875517f3-ce53-40ce-85f3-0225c23dc5c6 req-875517f3-ce53-40ce-85f3-0225c23dc5c6 ] Request (TenantUsagesTestJSON:setUpClass): 200 GET http://10.180.1.21/compute/v2.1/servers/92bc9607-4fb6-4f15-87c2-fe8278b5e7b5 0.488s
2025-04-24 14:57:29.465 69967 INFO tempest.lib.common.rest_client [req-07cd0cdd-4747-456b-9f89-13ec42bf3d82 req-07cd0cdd-4747-456b-9f89-13ec42bf3d82 ] Request (MultipleCreateTestJSON:test_multiple_create): 200 GET http://10.180.1.21/compute/v2.1/servers/62855e69-ce3d-4f14-a904-111669d09982 0.471s
2025-04-24 14:57:29.556 70027 INFO tempest.lib.common.rest_client [req-53b2f347-5fe1-4a34-8d35-c0c475cac963 req-53b2f347-5fe1-4a34-8d35-c0c475cac963 ] Request (ServersListShow2100Test:tearDownClass): 200 GET http://10.180.1.21/compute/v2.1/servers/d19ba014-ea1e-4f7b-9d4b-442b5fa19893 0.286s
2025-04-24 14:57:29.616 69975 INFO tempest.lib.common.rest_client [req-c56cfb6f-e481-451f-8432-218eee86194e req-c56cfb6f-e481-451f-8432-218eee86194e ] Request (ServersTestMultiNic:test_verify_multiple_nics_order): 200 GET http://10.180.1.21/compute/v2.1/servers/ce792e60-07e4-493c-8dc8-c48e8f215ca8 0.290s
2025-04-24 14:57:29.635 70015 INFO tempest.lib.common.rest_client [req-8f8f400d-d9e2-450b-a9fd-f9f9b6c564fc req-8f8f400d-d9e2-450b-a9fd-f9f9b6c564fc ] Request (SecurityGroupRulesNegativeTestJSON:_run_cleanups): 202 DELETE http://10.180.1.21/compute/v2.1/os-security-group-rules/0f6aab72-a2d5-47d8-a89c-5346890167da 0.500s
2025-04-24 14:57:29.703 70025 INFO tempest.lib.common.rest_client [req-c6ddcef1-d5bd-4631-aeb4-865cd532ab72 req-c6ddcef1-d5bd-4631-aeb4-865cd532ab72 ] Request (ServersAdminTestJSON:test_create_server_with_scheduling_hint): 200 GET http://10.180.1.21/compute/v2.1/servers/28e686ef-5e12-4f36-b33c-95c524b06356 0.172s
2025-04-24 14:57:29.829 70011 INFO tempest.lib.common.rest_client [req-925c915a-67ee-4a69-a1ed-8686c28ace9b req-925c915a-67ee-4a69-a1ed-8686c28ace9b ] Request (ImagesTestJSON:test_create_image_from_suspended_server): 200 GET http://10.180.1.21/compute/v2.1/servers/bd105823-9878-4ff8-89d5-9d779a411fe3 0.283s
2025-04-24 14:57:29.836 70011 INFO tempest.common.waiters [-] State transition "ACTIVE/suspending" ==> "SUSPENDED/None" after 1 second wait
2025-04-24 14:57:29.927 69985 INFO tempest.lib.common.rest_client [req-bca3b925-3f08-4dda-a62e-159ee7c23c1e req-bca3b925-3f08-4dda-a62e-159ee7c23c1e ] Request (ServersV294TestFqdnHostnames:tearDownClass): 204 DELETE http://10.180.1.21/compute/v2.1/servers/ac459686-1271-4abc-8b3e-f1100b34c1b1 0.341s
2025-04-24 14:57:29.997 69977 INFO tempest.lib.common.rest_client [req-60396182-b60b-407f-a0ef-f5e91e66c157 req-60396182-b60b-407f-a0ef-f5e91e66c157 ] Request (ServersAdminNegativeTestJSON:tearDownClass): 200 GET http://10.180.1.21/compute/v2.1/servers/156a3c9c-bba8-46a9-b609-e5a4f434b33f 0.369s
2025-04-24 14:57:30.190 70015 INFO tempest.lib.common.rest_client [req-876174fa-fb35-4da0-a77e-70521d42624c req-876174fa-fb35-4da0-a77e-70521d42624c ] Request (SecurityGroupRulesNegativeTestJSON:test_create_security_group_rule_with_invalid_from_port): 200 POST http://10.180.1.21/compute/v2.1/os-security-groups 0.553s
2025-04-24 14:57:30.278 70021 INFO tempest.lib.common.rest_client [req-e37e80bb-c1d7-40e2-9e35-15fab4f41d95 req-e37e80bb-c1d7-40e2-9e35-15fab4f41d95 ] Request (ServerMetadataNegativeTestJSON:setUpClass): 200 GET http://10.180.1.21/compute/v2.1/servers/4e21cb86-05f7-4df2-b358-13deea78e690 0.622s
2025-04-24 14:57:30.309 69983 INFO tempest.lib.common.rest_client [req-43380b29-bf75-4cc5-b234-4e8387b2c05a req-43380b29-bf75-4cc5-b234-4e8387b2c05a ] Request (ListImageFiltersTestJSON:setUpClass): 200 GET http://10.180.1.21/compute/v2.1/images/71ec2a69-1beb-45e5-ad34-88fa65d89af9 0.609s
2025-04-24 14:57:30.361 69971 INFO tempest.lib.common.rest_client [req-218c3de0-8cb1-421d-8db1-e16a15cd661a req-218c3de0-8cb1-421d-8db1-e16a15cd661a ] Request (ServerActionsTestOtherA:setUpClass): 200 GET http://10.180.1.21/compute/v2.1/servers/9d198c26-b32f-4d9f-961f-5bef6a511168 0.660s
2025-04-24 14:57:30.427 69999 INFO tempest.lib.common.rest_client [req-b490c320-3a61-4b09-959a-49d6eb0502db req-b490c320-3a61-4b09-959a-49d6eb0502db ] Request (MigrationsAdminTest:test_resize_server_revert_deleted_flavor): 200 GET http://10.180.1.21/compute/v2.1/servers/b945a564-7589-4a4b-8660-0952d304ceb3 0.654s
2025-04-24 14:57:30.494 70017 INFO tempest.lib.common.rest_client [req-07092831-a262-430c-97b1-12340e1f3668 req-07092831-a262-430c-97b1-12340e1f3668 ] Request (ServersTestManualDisk:tearDownClass): 200 GET http://10.180.1.21/compute/v2.1/servers/91f16e9e-0f14-433b-b0aa-859b71e59f7d 0.705s
2025-04-24 14:57:30.552 69991 INFO tempest.lib.common.rest_client [req-89ba9e7f-bc42-485a-8962-eb63cf42c54e req-89ba9e7f-bc42-485a-8962-eb63cf42c54e ] Request (FloatingIPsAssociationTestJSON:test_associate_disassociate_floating_ip): 202 POST http://10.180.1.21/compute/v2.1/servers/2bd226df-264a-4177-b7de-bc1cc98614dc/action 1.159s
2025-04-24 14:57:30.605 69987 INFO tempest.lib.common.rest_client [req-b0a1561e-444d-4d3e-8f15-6720c7521752 req-b0a1561e-444d-4d3e-8f15-6720c7521752 ] Request (ListServersNegativeTestJSON:tearDownClass): 200 GET http://10.180.1.21/compute/v2.1/servers/c55229c1-3aea-4153-a7b2-aabc2c8b9ca7 0.733s
2025-04-24 14:57:30.656 69996 INFO tempest.lib.common.rest_client [req-9549aef1-8ab7-459d-9f1a-e51edb6b7b88 req-9549aef1-8ab7-459d-9f1a-e51edb6b7b88 ] Request (ListServerFiltersTestJSON:tearDownClass): 200 GET http://10.180.1.21/compute/v2.1/servers/c2aa4364-4d7b-4593-a864-f8cc1c35948f 0.764s
2025-04-24 14:57:30.830 69985 INFO tempest.lib.common.rest_client [req-f6400baa-1698-4228-8e9c-beea5c9499c5 req-f6400baa-1698-4228-8e9c-beea5c9499c5 ] Request (ServersV294TestFqdnHostnames:tearDownClass): 200 GET http://10.180.1.21/compute/v2.1/servers/ac459686-1271-4abc-8b3e-f1100b34c1b1 0.903s
2025-04-24 14:57:30.889 70003 INFO tempest.lib.common.rest_client [req-99d5a0e3-a670-424b-82f3-72673d59563a req-99d5a0e3-a670-424b-82f3-72673d59563a ] Request (ServerAddressesTestJSON:setUpClass): 200 GET http://10.180.1.21/compute/v2.1/servers/549990e1-a3f8-470f-befb-b4568083ee03 0.906s
2025-04-24 14:57:30.980 70011 INFO tempest.lib.common.rest_client [req-736b16a5-959d-4300-b436-817ed23dd947 req-736b16a5-959d-4300-b436-817ed23dd947 ] Request (ImagesTestJSON:test_create_image_from_suspended_server): 202 POST http://10.180.1.21/compute/v2.1/servers/bd105823-9878-4ff8-89d5-9d779a411fe3/action 1.143s
2025-04-24 14:57:31.001 70001 INFO tempest.lib.common.rest_client [req-419dcd96-8db2-4072-b006-a819b545560c req-419dcd96-8db2-4072-b006-a819b545560c ] Request (ServersTestJSON:test_create_server_specify_multibyte_character_name): 200 GET http://10.180.1.21/compute/v2.1/servers/7b0853d4-ca04-4864-aa90-a79af013fe48 0.942s
2025-04-24 14:57:31.114 69993 INFO tempest.lib.common.rest_client [req-308bfa79-705a-43a6-8a09-55f2dae83242 req-308bfa79-705a-43a6-8a09-55f2dae83242 ] Request (AttachInterfacesTestJSON:_run_cleanups): 200 GET http://10.180.1.21/compute/v2.1/servers/80617eab-4e1f-49c5-8741-89052b004f56 0.974s
2025-04-24 14:57:31.139 70024 WARNING tempest.lib.common.ssh [-] Failed to establish authenticated ssh connection to cirros@10.180.180.186 ([Errno None] Unable to connect to port 22 on 10.180.180.186). Number attempts: 11. Retry after 12 seconds.: paramiko.ssh_exception.NoValidConnectionsError: [Errno None] Unable to connect to port 22 on 10.180.180.186
2025-04-24 14:57:31.151 70019 INFO tempest.lib.common.rest_client [req-8398f30b-0232-4d12-b9b9-fe25086c0d02 req-8398f30b-0232-4d12-b9b9-fe25086c0d02 ] Request (ServerDiskConfigTestJSON:test_rebuild_server_with_manual_disk_config): 200 GET http://10.180.1.21/compute/v2.1/servers/0bd225f7-5469-400a-b6bf-7e43c3174dcb 1.073s
2025-04-24 14:57:31.163 70015 INFO tempest.lib.common.rest_client [req-7b1018d4-684f-4315-a7ed-c4d6cf54c4d3 req-7b1018d4-684f-4315-a7ed-c4d6cf54c4d3 ] Request (SecurityGroupRulesNegativeTestJSON:test_create_security_group_rule_with_invalid_from_port): 400 POST http://10.180.1.21/compute/v2.1/os-security-group-rules 0.970s
2025-04-24 14:57:31.231 69997 INFO tempest.lib.common.rest_client [req-0305712d-ba61-4794-9216-c91b03c5d9f8 req-0305712d-ba61-4794-9216-c91b03c5d9f8 ] Request (DeleteServersAdminTestJSON:test_delete_server_while_in_error_state): 200 GET http://10.180.1.21/compute/v2.1/servers/9df37cfa-1278-45b4-94e1-fd7c8253dddc 0.999s
2025-04-24 14:57:31.240 70013 INFO tempest.lib.common.rest_client [req-5c77922e-a4a8-4fa6-839a-469e6feef0e1 req-5c77922e-a4a8-4fa6-839a-469e6feef0e1 ] Request (AttachInterfacesUnderV243Test:test_add_remove_fixed_ip): 200 GET http://10.180.1.21/compute/v2.1/servers/a059e051-cdc3-4729-82c8-182bdf6d59cd 0.949s
2025-04-24 14:57:31.357 69965 INFO tempest.lib.common.rest_client [req-41cf9a3f-d566-485e-b38c-a023c40bc857 req-41cf9a3f-d566-485e-b38c-a023c40bc857 ] Request (SecurityGroupsTestJSON:test_list_security_groups_by_server): 200 GET http://10.180.1.21/compute/v2.1/servers/4bfc1067-c130-44ab-88ae-5471c16e6e12 1.043s
2025-04-24 14:57:31.368 70009 INFO tempest.lib.common.rest_client [req-1ee798c4-3715-408c-8992-3b55093c2344 req-1ee798c4-3715-408c-8992-3b55093c2344 ] Request (TenantUsagesTestJSON:setUpClass): 200 GET http://10.180.1.21/compute/v2.1/servers/92bc9607-4fb6-4f15-87c2-fe8278b5e7b5 0.936s
2025-04-24 14:57:31.455 69991 INFO tempest.lib.common.rest_client [req-d7d9ab38-600c-4484-bd43-a559af9f0c18 req-d7d9ab38-600c-4484-bd43-a559af9f0c18 ] Request (FloatingIPsAssociationTestJSON:tearDownClass): 204 DELETE http://10.180.1.21/compute/v2.1/servers/43804861-277a-462f-9576-13b782938210 0.900s
2025-04-24 14:57:31.537 69967 INFO tempest.lib.common.rest_client [req-7b5478f8-fcf4-442c-b814-0244b9fbe684 req-7b5478f8-fcf4-442c-b814-0244b9fbe684 ] Request (MultipleCreateTestJSON:test_multiple_create): 200 GET http://10.180.1.21/compute/v2.1/servers/62855e69-ce3d-4f14-a904-111669d09982 1.064s
2025-04-24 14:57:31.546 69967 INFO tempest.common.waiters [-] State transition "BUILD/None" ==> "BUILD/block_device_mapping" after 57 second wait
2025-04-24 14:57:31.565 70027 INFO tempest.lib.common.rest_client [req-f55a3f8e-2e49-49f4-8d20-2f2d2c4380de req-f55a3f8e-2e49-49f4-8d20-2f2d2c4380de ] Request (ServersListShow2100Test:tearDownClass): 200 GET http://10.180.1.21/compute/v2.1/servers/d19ba014-ea1e-4f7b-9d4b-442b5fa19893 0.992s
2025-04-24 14:57:31.617 69975 INFO tempest.lib.common.rest_client [req-69a12231-9c51-4efa-876b-178dbff0d39e req-69a12231-9c51-4efa-876b-178dbff0d39e ] Request (ServersTestMultiNic:test_verify_multiple_nics_order): 200 GET http://10.180.1.21/compute/v2.1/servers/ce792e60-07e4-493c-8dc8-c48e8f215ca8 0.993s
2025-04-24 14:57:31.638 70025 INFO tempest.lib.common.rest_client [req-e01a9bf7-8a3d-4335-9086-3d073a2d6989 req-e01a9bf7-8a3d-4335-9086-3d073a2d6989 ] Request (ServersAdminTestJSON:test_create_server_with_scheduling_hint): 200 GET http://10.180.1.21/compute/v2.1/servers/28e686ef-5e12-4f36-b33c-95c524b06356 0.924s
2025-04-24 14:57:31.661 70011 INFO tempest.lib.common.rest_client [req-5dc819b1-aebf-4474-8c87-080c3de3c553 req-5dc819b1-aebf-4474-8c87-080c3de3c553 ] Request (ImagesTestJSON:test_create_image_from_suspended_server): 200 GET http://10.180.1.21/compute/v2.1/images/76844939-0e66-425c-bcee-519c43b5b890 0.679s
2025-04-24 14:57:31.665 70015 INFO tempest.lib.common.rest_client [req-7ce04c8b-324a-43b0-8d8d-c53d654e1a3f req-7ce04c8b-324a-43b0-8d8d-c53d654e1a3f ] Request (SecurityGroupRulesNegativeTestJSON:test_create_security_group_rule_with_invalid_id): 400 POST http://10.180.1.21/compute/v2.1/os-security-group-rules 0.499s
2025-04-24 14:57:31.723 69977 INFO tempest.lib.common.rest_client [req-90bf8aa6-0a8a-4a87-99ce-5f75d4e2b549 req-90bf8aa6-0a8a-4a87-99ce-5f75d4e2b549 ] Request (ServersAdminNegativeTestJSON:tearDownClass): 200 GET http://10.180.1.21/compute/v2.1/servers/156a3c9c-bba8-46a9-b609-e5a4f434b33f 0.715s
2025-04-24 14:57:31.733 70021 INFO tempest.lib.common.rest_client [req-c8731419-9e30-46bd-8b38-6055c7960c03 req-c8731419-9e30-46bd-8b38-6055c7960c03 ] Request (ServerMetadataNegativeTestJSON:setUpClass): 200 GET http://10.180.1.21/compute/v2.1/servers/4e21cb86-05f7-4df2-b358-13deea78e690 0.447s
2025-04-24 14:57:31.756 69983 INFO tempest.lib.common.rest_client [req-65a2e29a-b310-4d7b-b1f8-d15914b545cd req-65a2e29a-b310-4d7b-b1f8-d15914b545cd ] Request (ListImageFiltersTestJSON:setUpClass): 200 GET http://10.180.1.21/compute/v2.1/images/71ec2a69-1beb-45e5-ad34-88fa65d89af9 0.443s
2025-04-24 14:57:31.789 69971 INFO tempest.lib.common.rest_client [req-04f7825d-26c2-412f-aec7-b221121f73cc req-04f7825d-26c2-412f-aec7-b221121f73cc ] Request (ServerActionsTestOtherA:setUpClass): 200 GET http://10.180.1.21/compute/v2.1/servers/9d198c26-b32f-4d9f-961f-5bef6a511168 0.420s
2025-04-24 14:57:31.809 69999 INFO tempest.lib.common.rest_client [req-6c90c117-eb3f-40e6-bfb2-a53d135b84aa req-6c90c117-eb3f-40e6-bfb2-a53d135b84aa ] Request (MigrationsAdminTest:test_resize_server_revert_deleted_flavor): 200 GET http://10.180.1.21/compute/v2.1/servers/b945a564-7589-4a4b-8660-0952d304ceb3 0.375s
2025-04-24 14:57:31.846 69991 INFO tempest.lib.common.rest_client [req-f892ee02-5a92-4fb4-9a9a-3638227c5daf req-f892ee02-5a92-4fb4-9a9a-3638227c5daf ] Request (FloatingIPsAssociationTestJSON:tearDownClass): 200 GET http://10.180.1.21/compute/v2.1/servers/43804861-277a-462f-9576-13b782938210 0.391s
2025-04-24 14:57:31.877 70017 INFO tempest.lib.common.rest_client [req-66bdbb76-3f5d-4558-8ff9-a273f229d7de req-66bdbb76-3f5d-4558-8ff9-a273f229d7de ] Request (ServersTestManualDisk:tearDownClass): 200 GET http://10.180.1.21/compute/v2.1/servers/91f16e9e-0f14-433b-b0aa-859b71e59f7d 0.373s
2025-04-24 14:57:31.911 69987 INFO tempest.lib.common.rest_client [req-f106f066-f762-408a-aabe-4b08674277dd req-f106f066-f762-408a-aabe-4b08674277dd ] Request (ListServersNegativeTestJSON:tearDownClass): 200 GET http://10.180.1.21/compute/v2.1/servers/c55229c1-3aea-4153-a7b2-aabc2c8b9ca7 0.297s
2025-04-24 14:57:31.973 69996 INFO tempest.lib.common.rest_client [req-5437cf06-61cb-45ee-a46b-8d9ca8d2ef9d req-5437cf06-61cb-45ee-a46b-8d9ca8d2ef9d ] Request (ListServerFiltersTestJSON:tearDownClass): 200 GET http://10.180.1.21/compute/v2.1/servers/c2aa4364-4d7b-4593-a864-f8cc1c35948f 0.303s
2025-04-24 14:57:32.014 70015 INFO tempest.lib.common.rest_client [req-8d4ebcf3-732a-41ce-a7e4-3b049bb33345 req-8d4ebcf3-732a-41ce-a7e4-3b049bb33345 ] Request (SecurityGroupRulesNegativeTestJSON:test_create_security_group_rule_with_invalid_ip_protocol): 200 POST http://10.180.1.21/compute/v2.1/os-security-groups 0.346s
2025-04-24 14:57:32.066 70003 INFO tempest.lib.common.rest_client [req-50d4c8c8-d1e9-4571-9094-39ee39d28070 req-50d4c8c8-d1e9-4571-9094-39ee39d28070 ] Request (ServerAddressesTestJSON:setUpClass): 200 GET http://10.180.1.21/compute/v2.1/servers/549990e1-a3f8-470f-befb-b4568083ee03 0.158s
2025-04-24 14:57:32.131 70001 INFO tempest.lib.common.rest_client [req-deb386f7-3d90-409f-aa4b-521f675ebe72 req-deb386f7-3d90-409f-aa4b-521f675ebe72 ] Request (ServersTestJSON:test_create_server_specify_multibyte_character_name): 200 GET http://10.180.1.21/compute/v2.1/servers/7b0853d4-ca04-4864-aa90-a79af013fe48 0.120s
2025-04-24 14:57:32.180 70015 INFO tempest.lib.common.rest_client [req-f017c0b2-2449-4a09-beaf-4afae66584ba req-f017c0b2-2449-4a09-beaf-4afae66584ba ] Request (SecurityGroupRulesNegativeTestJSON:test_create_security_group_rule_with_invalid_ip_protocol): 400 POST http://10.180.1.21/compute/v2.1/os-security-group-rules 0.163s
2025-04-24 14:57:32.488 69993 INFO tempest.lib.common.rest_client [req-23b753bf-3790-4031-8a0d-f40d33a1ad46 req-23b753bf-3790-4031-8a0d-f40d33a1ad46 ] Request (AttachInterfacesTestJSON:_run_cleanups): 200 GET http://10.180.1.21/compute/v2.1/servers/80617eab-4e1f-49c5-8741-89052b004f56 0.361s
2025-04-24 14:57:32.606 69985 INFO tempest.lib.common.rest_client [req-bf5c5907-5641-4153-aec7-b9d9fb4d8efc req-bf5c5907-5641-4153-aec7-b9d9fb4d8efc ] Request (ServersV294TestFqdnHostnames:tearDownClass): 200 GET http://10.180.1.21/compute/v2.1/servers/ac459686-1271-4abc-8b3e-f1100b34c1b1 0.765s
2025-04-24 14:57:32.754 70019 INFO tempest.lib.common.rest_client [req-3116b279-bad0-405d-b368-e90b5d989b62 req-3116b279-bad0-405d-b368-e90b5d989b62 ] Request (ServerDiskConfigTestJSON:test_rebuild_server_with_manual_disk_config): 200 GET http://10.180.1.21/compute/v2.1/servers/0bd225f7-5469-400a-b6bf-7e43c3174dcb 0.592s
2025-04-24 14:57:32.820 70015 INFO tempest.lib.common.rest_client [req-b0a334f2-94dd-46db-9606-0bd8dfd68865 req-b0a334f2-94dd-46db-9606-0bd8dfd68865 ] Request (SecurityGroupRulesNegativeTestJSON:test_create_security_group_rule_with_invalid_port_range): 200 POST http://10.180.1.21/compute/v2.1/os-security-groups 0.638s
2025-04-24 14:57:32.844 69997 INFO tempest.lib.common.rest_client [req-16998851-9cd6-426d-b5a8-6b798c0bcc71 req-16998851-9cd6-426d-b5a8-6b798c0bcc71 ] Request (DeleteServersAdminTestJSON:test_delete_server_while_in_error_state): 200 GET http://10.180.1.21/compute/v2.1/servers/9df37cfa-1278-45b4-94e1-fd7c8253dddc 0.599s
2025-04-24 14:57:32.878 70013 INFO tempest.lib.common.rest_client [req-283f68fb-1fca-4f16-8994-699cf1bddaf6 req-283f68fb-1fca-4f16-8994-699cf1bddaf6 ] Request (AttachInterfacesUnderV243Test:test_add_remove_fixed_ip): 200 GET http://10.180.1.21/compute/v2.1/servers/a059e051-cdc3-4729-82c8-182bdf6d59cd 0.629s
2025-04-24 14:57:32.994 69965 INFO tempest.lib.common.rest_client [req-689d1118-1e48-4a67-a567-88785653c8c3 req-689d1118-1e48-4a67-a567-88785653c8c3 ] Request (SecurityGroupsTestJSON:test_list_security_groups_by_server): 200 GET http://10.180.1.21/compute/v2.1/servers/4bfc1067-c130-44ab-88ae-5471c16e6e12 0.626s
2025-04-24 14:57:33.092 70009 INFO tempest.lib.common.rest_client [req-79ec4d71-f2b7-4514-9db3-b64f2a182a20 req-79ec4d71-f2b7-4514-9db3-b64f2a182a20 ] Request (TenantUsagesTestJSON:setUpClass): 200 GET http://10.180.1.21/compute/v2.1/servers/92bc9607-4fb6-4f15-87c2-fe8278b5e7b5 0.716s
2025-04-24 14:57:33.100 70009 INFO tempest.common.waiters [-] State transition "BUILD/spawning" ==> "ACTIVE/None" after 82 second wait
2025-04-24 14:57:33.133 69967 INFO tempest.lib.common.rest_client [req-d9d1d141-e0e5-4f3c-85eb-a43e396faf24 req-d9d1d141-e0e5-4f3c-85eb-a43e396faf24 ] Request (MultipleCreateTestJSON:test_multiple_create): 200 GET http://10.180.1.21/compute/v2.1/servers/62855e69-ce3d-4f14-a904-111669d09982 0.586s
2025-04-24 14:57:33.145 69967 INFO tempest.common.waiters [-] State transition "BUILD/block_device_mapping" ==> "BUILD/spawning" after 59 second wait
2025-04-24 14:57:33.167 70027 INFO tempest.lib.common.rest_client [req-bd711c03-f570-424d-b3cc-69450e9bc4dd req-bd711c03-f570-424d-b3cc-69450e9bc4dd ] Request (ServersListShow2100Test:tearDownClass): 200 GET http://10.180.1.21/compute/v2.1/servers/d19ba014-ea1e-4f7b-9d4b-442b5fa19893 0.587s
2025-04-24 14:57:33.198 69975 INFO tempest.lib.common.rest_client [req-8c69a2f7-e9ba-41c5-afcd-e051ae38c7c3 req-8c69a2f7-e9ba-41c5-afcd-e051ae38c7c3 ] Request (ServersTestMultiNic:test_verify_multiple_nics_order): 200 GET http://10.180.1.21/compute/v2.1/servers/ce792e60-07e4-493c-8dc8-c48e8f215ca8 0.572s
2025-04-24 14:57:33.215 70025 INFO tempest.lib.common.rest_client [req-20c73a3a-f9f3-41dd-a00a-c2cd17f637c5 req-20c73a3a-f9f3-41dd-a00a-c2cd17f637c5 ] Request (ServersAdminTestJSON:test_create_server_with_scheduling_hint): 200 GET http://10.180.1.21/compute/v2.1/servers/28e686ef-5e12-4f36-b33c-95c524b06356 0.566s
2025-04-24 14:57:33.232 70011 INFO tempest.lib.common.rest_client [req-fd3584ef-ddbd-4f5b-b2b9-34fb0870c184 req-fd3584ef-ddbd-4f5b-b2b9-34fb0870c184 ] Request (ImagesTestJSON:test_create_image_from_suspended_server): 200 GET http://10.180.1.21/compute/v2.1/images/76844939-0e66-425c-bcee-519c43b5b890 0.567s
2025-04-24 14:57:33.286 69977 INFO tempest.lib.common.rest_client [req-0c414a70-11a8-4f6d-a6b6-c94641c2b9c7 req-0c414a70-11a8-4f6d-a6b6-c94641c2b9c7 ] Request (ServersAdminNegativeTestJSON:tearDownClass): 200 GET http://10.180.1.21/compute/v2.1/servers/156a3c9c-bba8-46a9-b609-e5a4f434b33f 0.554s
2025-04-24 14:57:33.295 70021 INFO tempest.lib.common.rest_client [req-eed01d9a-a690-43fc-a157-b75558b38dd0 req-eed01d9a-a690-43fc-a157-b75558b38dd0 ] Request (ServerMetadataNegativeTestJSON:setUpClass): 200 GET http://10.180.1.21/compute/v2.1/servers/4e21cb86-05f7-4df2-b358-13deea78e690 0.551s
2025-04-24 14:57:33.321 69983 INFO tempest.lib.common.rest_client [req-f0641d41-b0e4-487d-ad21-a5a972a82ee6 req-f0641d41-b0e4-487d-ad21-a5a972a82ee6 ] Request (ListImageFiltersTestJSON:setUpClass): 200 GET http://10.180.1.21/compute/v2.1/images/71ec2a69-1beb-45e5-ad34-88fa65d89af9 0.560s
2025-04-24 14:57:33.364 69971 INFO tempest.lib.common.rest_client [req-85b3af3f-6e6e-47c3-962c-80d0e13e424a req-85b3af3f-6e6e-47c3-962c-80d0e13e424a ] Request (ServerActionsTestOtherA:setUpClass): 200 GET http://10.180.1.21/compute/v2.1/servers/9d198c26-b32f-4d9f-961f-5bef6a511168 0.566s
2025-04-24 14:57:33.388 69999 INFO tempest.lib.common.rest_client [req-2bcc4cfe-bc3a-4921-ab07-13f62fdf008f req-2bcc4cfe-bc3a-4921-ab07-13f62fdf008f ] Request (MigrationsAdminTest:test_resize_server_revert_deleted_flavor): 200 GET http://10.180.1.21/compute/v2.1/servers/b945a564-7589-4a4b-8660-0952d304ceb3 0.571s
2025-04-24 14:57:33.414 70015 INFO tempest.lib.common.rest_client [req-0103b696-2a6c-4378-a6b1-5ffbc5dd6fce req-0103b696-2a6c-4378-a6b1-5ffbc5dd6fce ] Request (SecurityGroupRulesNegativeTestJSON:test_create_security_group_rule_with_invalid_port_range): 400 POST http://10.180.1.21/compute/v2.1/os-security-group-rules 0.590s
2025-04-24 14:57:33.461 69991 INFO tempest.lib.common.rest_client [req-b78d20f2-3e2a-4d80-835f-c7e69f85fb97 req-b78d20f2-3e2a-4d80-835f-c7e69f85fb97 ] Request (FloatingIPsAssociationTestJSON:tearDownClass): 200 GET http://10.180.1.21/compute/v2.1/servers/43804861-277a-462f-9576-13b782938210 0.607s
2025-04-24 14:57:33.506 70017 INFO tempest.lib.common.rest_client [req-93caccf6-c449-4d87-9660-a39c69141804 req-93caccf6-c449-4d87-9660-a39c69141804 ] Request (ServersTestManualDisk:tearDownClass): 200 GET http://10.180.1.21/compute/v2.1/servers/91f16e9e-0f14-433b-b0aa-859b71e59f7d 0.620s
2025-04-24 14:57:33.525 69987 INFO tempest.lib.common.rest_client [req-d61d209b-89ca-4a9e-b543-67764573c29d req-d61d209b-89ca-4a9e-b543-67764573c29d ] Request (ListServersNegativeTestJSON:tearDownClass): 200 GET http://10.180.1.21/compute/v2.1/servers/c55229c1-3aea-4153-a7b2-aabc2c8b9ca7 0.606s
2025-04-24 14:57:33.550 69996 INFO tempest.lib.common.rest_client [req-6ffe0d02-17d0-460f-9bb9-274bc50abaa5 req-6ffe0d02-17d0-460f-9bb9-274bc50abaa5 ] Request (ListServerFiltersTestJSON:tearDownClass): 404 GET http://10.180.1.21/compute/v2.1/servers/c2aa4364-4d7b-4593-a864-f8cc1c35948f 0.568s
2025-04-24 14:57:33.598 70003 INFO tempest.lib.common.rest_client [req-e40a5f4c-aa37-4e45-9612-5fa321f5099a req-e40a5f4c-aa37-4e45-9612-5fa321f5099a ] Request (ServerAddressesTestJSON:setUpClass): 200 GET http://10.180.1.21/compute/v2.1/servers/549990e1-a3f8-470f-befb-b4568083ee03 0.518s
2025-04-24 14:57:33.648 70001 INFO tempest.lib.common.rest_client [req-67243a1c-58c8-413b-8566-632dda1f6bbd req-67243a1c-58c8-413b-8566-632dda1f6bbd ] Request (ServersTestJSON:test_create_server_specify_multibyte_character_name): 200 GET http://10.180.1.21/compute/v2.1/servers/7b0853d4-ca04-4864-aa90-a79af013fe48 0.509s
2025-04-24 14:57:33.684 70009 INFO tempest.lib.common.rest_client [req-d7e8708c-2a26-4ed7-a52c-4ac882f1b04f req-d7e8708c-2a26-4ed7-a52c-4ac882f1b04f ] Request (TenantUsagesTestJSON:test_get_usage_tenant): 200 GET http://10.180.1.21/compute/v2.1/os-simple-tenant-usage/378f04cfb90f42e3992f57ebc2febfcb?start=2025-04-23T14%3A57%3A33.100787&end=2025-04-25T14%3A57%3A33.100787 0.583s
2025-04-24 14:57:33.753 69993 INFO tempest.lib.common.rest_client [req-1a519c8f-4f53-4d8b-b3d5-971abacba93f req-1a519c8f-4f53-4d8b-b3d5-971abacba93f ] Request (AttachInterfacesTestJSON:_run_cleanups): 200 GET http://10.180.1.21/compute/v2.1/servers/80617eab-4e1f-49c5-8741-89052b004f56 0.257s
2025-04-24 14:57:33.773 70015 INFO tempest.lib.common.rest_client [req-f42afa0c-575f-4d29-87cf-dc175147a3e7 req-f42afa0c-575f-4d29-87cf-dc175147a3e7 ] Request (SecurityGroupRulesNegativeTestJSON:test_create_security_group_rule_with_invalid_to_port): 200 POST http://10.180.1.21/compute/v2.1/os-security-groups 0.357s
2025-04-24 14:57:33.829 69996 INFO tempest.lib.common.rest_client [req-ac69001d-dc42-404c-abf6-9c7872b409f2 req-ac69001d-dc42-404c-abf6-9c7872b409f2 ] Request (ListServerFiltersTestJSON:tearDownClass): 204 DELETE http://10.180.1.21/compute/v2.1/servers/d44c4d5e-3144-4533-92d9-9823752c93b9 0.279s
2025-04-24 14:57:33.837 69985 INFO tempest.lib.common.rest_client [req-0d5e30bb-7e91-4cdb-96e8-8e7ed1510b1e req-0d5e30bb-7e91-4cdb-96e8-8e7ed1510b1e ] Request (ServersV294TestFqdnHostnames:tearDownClass): 200 GET http://10.180.1.21/compute/v2.1/servers/ac459686-1271-4abc-8b3e-f1100b34c1b1 0.220s
2025-04-24 14:57:33.855 70009 INFO tempest.lib.common.rest_client [req-c17c3182-cdf2-42eb-ac37-b897d0eb408c req-c17c3182-cdf2-42eb-ac37-b897d0eb408c ] Request (TenantUsagesTestJSON:test_get_usage_tenant_with_non_admin_user): 200 GET http://10.180.1.21/compute/v2.1/os-simple-tenant-usage/378f04cfb90f42e3992f57ebc2febfcb?start=2025-04-23T14%3A57%3A33.100787&end=2025-04-25T14%3A57%3A33.100787 0.167s
2025-04-24 14:57:33.883 70015 INFO tempest.lib.common.rest_client [req-3645afc0-e885-411b-a2ac-b2e448ef32f5 req-3645afc0-e885-411b-a2ac-b2e448ef32f5 ] Request (SecurityGroupRulesNegativeTestJSON:test_create_security_group_rule_with_invalid_to_port): 400 POST http://10.180.1.21/compute/v2.1/os-security-group-rules 0.106s
2025-04-24 14:57:33.970 70019 INFO tempest.lib.common.rest_client [req-ec15f095-bbe2-4e54-872a-e5ebecfc523b req-ec15f095-bbe2-4e54-872a-e5ebecfc523b ] Request (ServerDiskConfigTestJSON:test_rebuild_server_with_manual_disk_config): 200 GET http://10.180.1.21/compute/v2.1/servers/0bd225f7-5469-400a-b6bf-7e43c3174dcb 0.204s
2025-04-24 14:57:34.044 69997 INFO tempest.lib.common.rest_client [req-d789b602-8881-48b9-a43f-0b4b41ff76df req-d789b602-8881-48b9-a43f-0b4b41ff76df ] Request (DeleteServersAdminTestJSON:test_delete_server_while_in_error_state): 200 GET http://10.180.1.21/compute/v2.1/servers/9df37cfa-1278-45b4-94e1-fd7c8253dddc 0.191s
2025-04-24 14:57:34.057 69996 INFO tempest.lib.common.rest_client [req-2197b967-4a1d-49f0-8c70-2cc2402d93cb req-2197b967-4a1d-49f0-8c70-2cc2402d93cb ] Request (ListServerFiltersTestJSON:tearDownClass): 200 GET http://10.180.1.21/compute/v2.1/servers/d44c4d5e-3144-4533-92d9-9823752c93b9 0.227s
2025-04-24 14:57:34.074 70015 INFO tempest.lib.common.rest_client [req-e0a84be7-dfbf-4802-a478-2a568decdb5a req-e0a84be7-dfbf-4802-a478-2a568decdb5a ] Request (SecurityGroupRulesNegativeTestJSON:test_create_security_group_rule_with_non_existent_id): 404 POST http://10.180.1.21/compute/v2.1/os-security-group-rules 0.189s
2025-04-24 14:57:34.119 70013 INFO tempest.lib.common.rest_client [req-31ab1674-dfaa-4322-a3c1-62a2224d6f90 req-31ab1674-dfaa-4322-a3c1-62a2224d6f90 ] Request (AttachInterfacesUnderV243Test:test_add_remove_fixed_ip): 200 GET http://10.180.1.21/compute/v2.1/servers/a059e051-cdc3-4729-82c8-182bdf6d59cd 0.232s
2025-04-24 14:57:34.132 70009 INFO tempest.lib.common.rest_client [req-acef24a2-b95a-463b-a2ab-9691f7ceb204 req-acef24a2-b95a-463b-a2ab-9691f7ceb204 ] Request (TenantUsagesTestJSON:test_list_usage_all_tenants): 200 GET http://10.180.1.21/compute/v2.1/os-simple-tenant-usage?start=2025-04-23T14%3A57%3A33.100787&end=2025-04-25T14%3A57%3A33.100787&detailed=1 0.273s
2025-04-24 14:57:34.166 70015 INFO tempest.lib.common.rest_client [req-c065ec5c-1893-4f8f-bbf6-af109f62bade req-c065ec5c-1893-4f8f-bbf6-af109f62bade ] Request (SecurityGroupRulesNegativeTestJSON:test_delete_security_group_rule_with_non_existent_id): 404 DELETE http://10.180.1.21/compute/v2.1/os-security-group-rules/62d2febb-10c2-4769-bde6-539e904e887b 0.090s
2025-04-24 14:57:34.256 69965 INFO tempest.lib.common.rest_client [req-3ea4d013-ef8f-44c9-b250-bab085fac6db req-3ea4d013-ef8f-44c9-b250-bab085fac6db ] Request (SecurityGroupsTestJSON:test_list_security_groups_by_server): 200 GET http://10.180.1.21/compute/v2.1/servers/4bfc1067-c130-44ab-88ae-5471c16e6e12 0.254s
2025-04-24 14:57:34.313 69967 INFO tempest.lib.common.rest_client [req-947ec38d-0cfd-46d9-ab38-6b62c263d2cd req-947ec38d-0cfd-46d9-ab38-6b62c263d2cd ] Request (MultipleCreateTestJSON:test_multiple_create): 200 GET http://10.180.1.21/compute/v2.1/servers/62855e69-ce3d-4f14-a904-111669d09982 0.166s
2025-04-24 14:57:34.334 70009 INFO tempest.lib.common.rest_client [req-7fbb3e96-9479-472d-95c8-680c4dff85a8 req-7fbb3e96-9479-472d-95c8-680c4dff85a8 ] Request (TenantUsagesTestJSON:tearDownClass): 204 DELETE http://10.180.1.21/compute/v2.1/servers/92bc9607-4fb6-4f15-87c2-fe8278b5e7b5 0.180s
2025-04-24 14:57:34.338 69973 WARNING tempest.lib.common.ssh [-] Failed to establish authenticated ssh connection to cirros@10.180.180.246 ([Errno None] Unable to connect to port 22 on 10.180.180.246). Number attempts: 3. Retry after 4 seconds.: paramiko.ssh_exception.NoValidConnectionsError: [Errno None] Unable to connect to port 22 on 10.180.180.246
2025-04-24 14:57:34.413 70027 INFO tempest.lib.common.rest_client [req-683f8b10-dac0-4446-8c51-4537b40299d7 req-683f8b10-dac0-4446-8c51-4537b40299d7 ] Request (ServersListShow2100Test:tearDownClass): 200 GET http://10.180.1.21/compute/v2.1/servers/d19ba014-ea1e-4f7b-9d4b-442b5fa19893 0.233s
2025-04-24 14:57:34.429 70015 INFO tempest.lib.common.rest_client [req-9b35216a-e00d-420a-b954-7ca6d9ab1e22 req-9b35216a-e00d-420a-b954-7ca6d9ab1e22 ] Request (SecurityGroupRulesNegativeTestJSON:tearDownClass): 202 DELETE http://10.180.1.21/compute/v2.1/os-security-groups/e863d802-0775-4b8e-bd90-c013c5092964 0.258s
2025-04-24 14:57:34.478 69975 INFO tempest.lib.common.rest_client [req-bbc22429-29a0-4131-b52f-b78e70bc2117 req-bbc22429-29a0-4131-b52f-b78e70bc2117 ] Request (ServersTestMultiNic:test_verify_multiple_nics_order): 200 GET http://10.180.1.21/compute/v2.1/servers/ce792e60-07e4-493c-8dc8-c48e8f215ca8 0.268s
2025-04-24 14:57:34.486 70025 INFO tempest.lib.common.rest_client [req-2506281f-d5f5-4611-8e7a-50ebae7c9a82 req-2506281f-d5f5-4611-8e7a-50ebae7c9a82 ] Request (ServersAdminTestJSON:test_create_server_with_scheduling_hint): 200 GET http://10.180.1.21/compute/v2.1/servers/28e686ef-5e12-4f36-b33c-95c524b06356 0.262s
2025-04-24 14:57:34.495 70025 INFO tempest.common.waiters [-] State transition "BUILD/scheduling" ==> "BUILD/None" after 36 second wait
2025-04-24 14:57:34.513 70011 INFO tempest.lib.common.rest_client [req-b1a64d68-00dc-4c7b-94a8-b57c42e49885 req-b1a64d68-00dc-4c7b-94a8-b57c42e49885 ] Request (ImagesTestJSON:test_create_image_from_suspended_server): 200 GET http://10.180.1.21/compute/v2.1/images/76844939-0e66-425c-bcee-519c43b5b890 0.275s
2025-04-24 14:57:34.547 69977 INFO tempest.lib.common.rest_client [req-b46b2e00-3bc1-430d-8bfe-bef1d4b8e52b req-b46b2e00-3bc1-430d-8bfe-bef1d4b8e52b ] Request (ServersAdminNegativeTestJSON:tearDownClass): 200 GET http://10.180.1.21/compute/v2.1/servers/156a3c9c-bba8-46a9-b609-e5a4f434b33f 0.253s
2025-04-24 14:57:34.562 70021 INFO tempest.lib.common.rest_client [req-34ed7bf7-b91d-4ac1-bbe6-0c499103188c req-34ed7bf7-b91d-4ac1-bbe6-0c499103188c ] Request (ServerMetadataNegativeTestJSON:setUpClass): 200 GET http://10.180.1.21/compute/v2.1/servers/4e21cb86-05f7-4df2-b358-13deea78e690 0.260s
2025-04-24 14:57:34.582 69983 INFO tempest.lib.common.rest_client [req-450655e4-e821-42e3-9db3-805b8ae5941f req-450655e4-e821-42e3-9db3-805b8ae5941f ] Request (ListImageFiltersTestJSON:setUpClass): 200 GET http://10.180.1.21/compute/v2.1/images/71ec2a69-1beb-45e5-ad34-88fa65d89af9 0.257s
2025-04-24 14:57:34.642 69971 INFO tempest.lib.common.rest_client [req-691d00d5-3b09-4141-8102-b88814f16098 req-691d00d5-3b09-4141-8102-b88814f16098 ] Request (ServerActionsTestOtherA:setUpClass): 200 GET http://10.180.1.21/compute/v2.1/servers/9d198c26-b32f-4d9f-961f-5bef6a511168 0.271s
2025-04-24 14:57:34.696 70009 INFO tempest.lib.common.rest_client [req-dbaf7b07-1cdf-4966-b8e9-3b04dcd4cbde req-dbaf7b07-1cdf-4966-b8e9-3b04dcd4cbde ] Request (TenantUsagesTestJSON:tearDownClass): 200 GET http://10.180.1.21/compute/v2.1/servers/92bc9607-4fb6-4f15-87c2-fe8278b5e7b5 0.362s
2025-04-24 14:57:34.704 69999 INFO tempest.lib.common.rest_client [req-70f888d7-1acb-41a7-8f77-e01f12c57781 req-70f888d7-1acb-41a7-8f77-e01f12c57781 ] Request (MigrationsAdminTest:test_resize_server_revert_deleted_flavor): 200 GET http://10.180.1.21/compute/v2.1/servers/b945a564-7589-4a4b-8660-0952d304ceb3 0.307s
2025-04-24 14:57:34.774 69991 INFO tempest.lib.common.rest_client [req-1c1b5627-3b87-449f-81c4-dfde760ca658 req-1c1b5627-3b87-449f-81c4-dfde760ca658 ] Request (FloatingIPsAssociationTestJSON:tearDownClass): 200 GET http://10.180.1.21/compute/v2.1/servers/43804861-277a-462f-9576-13b782938210 0.304s
2025-04-24 14:57:34.808 70015 INFO tempest.lib.common.rest_client [req-3fd3b8c5-7ec7-443d-b0ae-7890d935f20d req-3fd3b8c5-7ec7-443d-b0ae-7890d935f20d ] Request (SecurityGroupRulesNegativeTestJSON:tearDownClass): 202 DELETE http://10.180.1.21/compute/v2.1/os-security-groups/b94eceb8-9850-46f2-9c92-5eabe04b4fd5 0.379s
2025-04-24 14:57:34.839 70017 INFO tempest.lib.common.rest_client [req-a7388620-8baf-4a96-a40f-8a2d14de2cbb req-a7388620-8baf-4a96-a40f-8a2d14de2cbb ] Request (ServersTestManualDisk:tearDownClass): 200 GET http://10.180.1.21/compute/v2.1/servers/91f16e9e-0f14-433b-b0aa-859b71e59f7d 0.324s
2025-04-24 14:57:34.872 69987 INFO tempest.lib.common.rest_client [req-b72ce0c1-b00d-4529-91e3-00f8285711f3 req-b72ce0c1-b00d-4529-91e3-00f8285711f3 ] Request (ListServersNegativeTestJSON:tearDownClass): 200 GET http://10.180.1.21/compute/v2.1/servers/c55229c1-3aea-4153-a7b2-aabc2c8b9ca7 0.338s
2025-04-24 14:57:34.890 70003 INFO tempest.lib.common.rest_client [req-90746e45-c8d2-4d1e-ad66-3e80ea05cded req-90746e45-c8d2-4d1e-ad66-3e80ea05cded ] Request (ServerAddressesTestJSON:setUpClass): 200 GET http://10.180.1.21/compute/v2.1/servers/549990e1-a3f8-470f-befb-b4568083ee03 0.285s
2025-04-24 14:57:34.926 70001 INFO tempest.lib.common.rest_client [req-0ac0de3d-41b2-47ec-ab3b-94630946789a req-0ac0de3d-41b2-47ec-ab3b-94630946789a ] Request (ServersTestJSON:test_create_server_specify_multibyte_character_name): 200 GET http://10.180.1.21/compute/v2.1/servers/7b0853d4-ca04-4864-aa90-a79af013fe48 0.268s
2025-04-24 14:57:34.953 69993 INFO tempest.lib.common.rest_client [req-d5e15a5a-d3af-4c12-9973-85af3b7ccb11 req-d5e15a5a-d3af-4c12-9973-85af3b7ccb11 ] Request (AttachInterfacesTestJSON:_run_cleanups): 200 GET http://10.180.1.21/compute/v2.1/servers/80617eab-4e1f-49c5-8741-89052b004f56 0.190s
2025-04-24 14:57:35.030 69985 INFO tempest.lib.common.rest_client [req-3894b99d-fd99-4108-b30f-5c737aa84785 req-3894b99d-fd99-4108-b30f-5c737aa84785 ] Request (ServersV294TestFqdnHostnames:tearDownClass): 200 GET http://10.180.1.21/compute/v2.1/servers/ac459686-1271-4abc-8b3e-f1100b34c1b1 0.181s
2025-04-24 14:57:35.039 69985 INFO tempest.common.waiters [-] State transition "ACTIVE/deleting" ==> "DELETED/None" after 5 second wait
2025-04-24 14:57:35.061 70015 INFO tempest.lib.common.rest_client [req-dbc399bd-5638-421a-831e-17ab337ed183 req-dbc399bd-5638-421a-831e-17ab337ed183 ] Request (SecurityGroupRulesNegativeTestJSON:tearDownClass): 202 DELETE http://10.180.1.21/compute/v2.1/os-security-groups/78ccc38d-7c64-43f0-8049-0654bd1b2e17 0.252s
2025-04-24 14:57:35.136 69997 INFO tempest.lib.common.rest_client [req-91db134a-c166-4b70-8a74-3d296a210793 req-91db134a-c166-4b70-8a74-3d296a210793 ] Request (DeleteServersAdminTestJSON:test_delete_server_while_in_error_state): 200 GET http://10.180.1.21/compute/v2.1/servers/9df37cfa-1278-45b4-94e1-fd7c8253dddc 0.083s
2025-04-24 14:57:35.143 70019 INFO tempest.lib.common.rest_client [req-94668c01-44f6-421d-9135-4b903c75a917 req-94668c01-44f6-421d-9135-4b903c75a917 ] Request (ServerDiskConfigTestJSON:test_rebuild_server_with_manual_disk_config): 200 GET http://10.180.1.21/compute/v2.1/servers/0bd225f7-5469-400a-b6bf-7e43c3174dcb 0.166s
2025-04-24 14:57:35.218 69979 WARNING tempest.lib.common.ssh [-] Failed to establish authenticated ssh connection to cirros@10.180.180.214 ([Errno None] Unable to connect to port 22 on 10.180.180.214). Number attempts: 9. Retry after 10 seconds.: paramiko.ssh_exception.NoValidConnectionsError: [Errno None] Unable to connect to port 22 on 10.180.180.214
2025-04-24 14:57:35.264 69996 INFO tempest.lib.common.rest_client [req-9d4f3497-b839-4e70-86c2-56b5985df6ef req-9d4f3497-b839-4e70-86c2-56b5985df6ef ] Request (ListServerFiltersTestJSON:tearDownClass): 200 GET http://10.180.1.21/compute/v2.1/servers/d44c4d5e-3144-4533-92d9-9823752c93b9 0.190s
2025-04-24 14:57:35.273 70015 INFO tempest.lib.common.rest_client [req-cdf1bd98-781c-4fa9-ab91-8d9667a80f3a req-cdf1bd98-781c-4fa9-ab91-8d9667a80f3a ] Request (SecurityGroupRulesNegativeTestJSON:tearDownClass): 202 DELETE http://10.180.1.21/compute/v2.1/os-security-groups/8af56e07-1d9d-4715-be1e-8d35c99238f4 0.211s
2025-04-24 14:57:35.318 70013 INFO tempest.lib.common.rest_client [req-af5b332b-2f15-469f-9943-9f7b15a9180b req-af5b332b-2f15-469f-9943-9f7b15a9180b ] Request (AttachInterfacesUnderV243Test:test_add_remove_fixed_ip): 200 GET http://10.180.1.21/compute/v2.1/servers/a059e051-cdc3-4729-82c8-182bdf6d59cd 0.189s
2025-04-24 14:57:35.458 69965 INFO tempest.lib.common.rest_client [req-a488f30a-b138-4be3-80b4-e228bbfbbce6 req-a488f30a-b138-4be3-80b4-e228bbfbbce6 ] Request (SecurityGroupsTestJSON:test_list_security_groups_by_server): 200 GET http://10.180.1.21/compute/v2.1/servers/4bfc1067-c130-44ab-88ae-5471c16e6e12 0.194s
