2025-04-15 18:38:53.949 69531 INFO tempest.lib.common.rest_client [req-b230ef58-9a3a-4151-b98a-4e6a73ea760d req-b230ef58-9a3a-4151-b98a-4e6a73ea760d ] Request (MultipleCreateTestJSON:test_multiple_create): 200 GET http://10.180.1.21/compute/v2.1/servers/f58d110f-a246-4458-b94f-72752038ac60 2.074s
2025-04-15 18:38:54.035 69502 INFO tempest.lib.common.rest_client [req-284e5f2c-ac78-4c63-8e08-544644d82854 req-284e5f2c-ac78-4c63-8e08-544644d82854 ] Request (ServerGroup264TestJSON:setUpClass): 201 POST http://10.180.1.21:9696/networking/v2.0/networks 0.685s
2025-04-15 18:38:54.044 69482 INFO tempest.lib.common.rest_client [req-2350b78d-371e-4e65-8579-1a6bd289f850 req-2350b78d-371e-4e65-8579-1a6bd289f850 ] Request (ServerAddressesNegativeTestJSON:setUpClass): 200 GET http://10.180.1.21/compute/v2.1/servers/7f174b25-c3fd-485e-b6f5-fb63b5f1574e 1.941s
2025-04-15 18:38:54.055 69482 INFO tempest.common.waiters [-] State transition "BUILD/spawning" ==> "ACTIVE/None" after 27 second wait
2025-04-15 18:38:54.138 69490 INFO tempest.lib.common.rest_client [req-fd03c3f0-6466-40d5-ae1d-0e20b0eeb051 req-fd03c3f0-6466-40d5-ae1d-0e20b0eeb051 ] Request (FlavorsAccessNegativeTestJSON:tearDownClass): 200 GET http://10.180.1.21:9696/networking/v2.0/security-groups?tenant_id=62644104112c4152b7fe46e7cea30077&name=default 0.340s
2025-04-15 18:38:54.214 69522 INFO tempest.lib.common.rest_client [req-4883cf95-f95e-4038-b841-39854977847a req-4883cf95-f95e-4038-b841-39854977847a ] Request (FloatingIPsAssociationTestJSON:setUpClass): 200 GET http://10.180.1.21/compute/v2.1/servers/5153318c-b4d4-487d-b040-af14cdd3a5c6 1.936s
2025-04-15 18:38:54.241 69486 INFO tempest.lib.common.rest_client [req-92aef709-69eb-423a-88d6-5c2648898d02 req-92aef709-69eb-423a-88d6-5c2648898d02 ] Request (AggregatesAdminNegativeTestJSON:test_aggregate_get_details_as_user): 200 POST http://10.180.1.21/compute/v2.1/os-aggregates 1.822s
2025-04-15 18:38:54.289 69510 INFO tempest.lib.common.rest_client [req-51d73ae3-660b-46d1-beb6-124e157de56d req-51d73ae3-660b-46d1-beb6-124e157de56d ] Request (ServicesAdminNegativeV253TestJSON:tearDownClass): 200 GET http://10.180.1.21:9696/networking/v2.0/security-groups?tenant_id=3b8b9c09bde344329a5feb252d1b44d4&name=default 0.362s
2025-04-15 18:38:54.328 69516 INFO tempest.lib.common.rest_client [req-1a4d49a6-1d72-425e-9518-e0b37ac29bf2 req-1a4d49a6-1d72-425e-9518-e0b37ac29bf2 ] Request (ServersV294TestFqdnHostnames:setUpClass): 201 POST http://10.180.1.21:9696/networking/v2.0/security-group-rules 0.411s
2025-04-15 18:38:54.356 69512 INFO tempest.lib.common.rest_client [req-de92cfcd-3c34-4feb-9dc0-b0d37f84199c req-de92cfcd-3c34-4feb-9dc0-b0d37f84199c ] Request (HypervisorAdminUnderV252Test:tearDownClass): 200 GET http://10.180.1.21:9696/networking/v2.0/security-groups?tenant_id=9395e12cad1c42d9891f2774a8d735de&name=default 0.491s
2025-04-15 18:38:54.412 69536 INFO tempest.lib.common.rest_client [req-fc27d000-b1aa-4524-a7ee-3b3f837911ca req-fc27d000-b1aa-4524-a7ee-3b3f837911ca ] Request (VolumesAdminNegativeTest:test_update_attached_volume_with_nonexistent_volume_in_body): 201 POST http://10.180.1.21:9696/networking/v2.0/floatingips 1.222s
2025-04-15 18:38:54.446 69510 INFO tempest.lib.common.rest_client [req-7c6a90e8-3b4c-4815-9cf7-a018e48a6fa2 req-7c6a90e8-3b4c-4815-9cf7-a018e48a6fa2 ] Request (ServicesAdminNegativeV253TestJSON:tearDownClass): 204 DELETE http://10.180.1.21:9696/networking/v2.0/security-groups/94aae90e-289f-4ee4-ab3d-744cbec74791 0.156s
2025-04-15 18:38:54.471 69502 INFO tempest.lib.common.rest_client [req-0531f9b2-a13f-42d9-ad20-3ce51643de88 req-0531f9b2-a13f-42d9-ad20-3ce51643de88 ] Request (ServerGroup264TestJSON:setUpClass): 201 POST http://10.180.1.21:9696/networking/v2.0/subnets 0.435s
2025-04-15 18:38:54.485 69536 INFO tempest.lib.common.rest_client [req-b06a2631-7435-4ee4-89ab-5275d24dabe6 req-b06a2631-7435-4ee4-89ab-5275d24dabe6 ] Request (VolumesAdminNegativeTest:test_update_attached_volume_with_nonexistent_volume_in_body): 201 POST http://10.180.1.21/identity/v3/auth/tokens 0.069s
2025-04-15 18:38:54.485 69536 INFO tempest.lib.common.fixed_network [-] (VolumesAdminNegativeTest:test_update_attached_volume_with_nonexistent_volume_in_body) Found network {'id': '0a923630-e2a6-4d67-bcf6-62168b296b2b', 'name': 'tempest-VolumesAdminNegativeTest-1669452853-network', 'tenant_id': '7c961cc9087449e6b425b4da3d8a9e40', 'admin_state_up': True, 'mtu': 8950, 'status': 'ACTIVE', 'subnets': [], 'shared': False, 'project_id': '7c961cc9087449e6b425b4da3d8a9e40', 'port_security_enabled': True, 'router:external': False, 'provider:network_type': 'vlan', 'provider:physical_network': 'default', 'provider:segmentation_id': 173, 'availability_zone_hints': [], 'availability_zones': [], 'ipv4_address_scope': None, 'ipv6_address_scope': None, 'description': '', 'tags': [], 'created_at': '2025-04-15T18:38:33Z', 'updated_at': '2025-04-15T18:38:33Z', 'revision_number': 1} available for tenant
2025-04-15 18:38:54.510 69490 INFO tempest.lib.common.rest_client [req-1b049a21-57ad-4537-8d0f-beb47c4d0b48 req-1b049a21-57ad-4537-8d0f-beb47c4d0b48 ] Request (FlavorsAccessNegativeTestJSON:tearDownClass): 204 DELETE http://10.180.1.21:9696/networking/v2.0/security-groups/7d65996c-a80c-4e85-a2ef-bc421b695c74 0.371s
2025-04-15 18:38:54.518 69510 INFO tempest.lib.common.rest_client [req-1caf0a7c-a1b5-433d-917b-1cdef9ef4dce req-1caf0a7c-a1b5-433d-917b-1cdef9ef4dce ] Request (ServicesAdminNegativeV253TestJSON:tearDownClass): 204 DELETE http://10.180.1.21/identity/v3/projects/3b8b9c09bde344329a5feb252d1b44d4 0.072s
2025-04-15 18:38:54.549 69524 INFO tempest.lib.common.rest_client [req-9b6fda33-3e85-4658-b203-390096263fa9 req-9b6fda33-3e85-4658-b203-390096263fa9 ] Request (SecurityGroupRulesNegativeTestJSON:test_create_security_group_rule_with_invalid_from_port): 200 POST http://10.180.1.21/compute/v2.1/os-security-groups 2.161s
2025-04-15 18:38:54.554 69504 INFO tempest.lib.common.rest_client [req-2b015b57-ef90-4149-ae96-11d333ddbf74 req-2b015b57-ef90-4149-ae96-11d333ddbf74 ] Request (ServersTestJSON:setUpClass): 200 GET http://10.180.1.21/compute/v2.1/servers/a8aae5e7-1639-48f1-9ae6-8ec5ec376ebf 2.115s
2025-04-15 18:38:54.566 69504 INFO tempest.common.waiters [-] State transition "BUILD/None" ==> "BUILD/spawning" after 13 second wait
2025-04-15 18:38:54.573 69478 INFO tempest.lib.common.rest_client [req-77563c05-c3c7-43e3-b0c2-195439ae6a7e req-77563c05-c3c7-43e3-b0c2-195439ae6a7e ] Request (FlavorsV2TestJSON:test_list_flavors_filter_by_min_ram): 200 GET http://10.180.1.21/compute/v2.1/flavors/42 2.119s
2025-04-15 18:38:54.606 69510 INFO tempest.lib.common.rest_client [req-a92af006-ad1c-4c0c-a739-c85e3729d10c req-a92af006-ad1c-4c0c-a739-c85e3729d10c ] Request (ServersListShow2100Test:setUpClass): 201 POST http://10.180.1.21/identity/v3/auth/tokens 0.086s
2025-04-15 18:38:54.652 69490 INFO tempest.lib.common.rest_client [req-ee3ec7a6-0d69-4c17-8b1c-650992b2da4f req-ee3ec7a6-0d69-4c17-8b1c-650992b2da4f ] Request (FlavorsAccessNegativeTestJSON:tearDownClass): 204 DELETE http://10.180.1.21/identity/v3/projects/62644104112c4152b7fe46e7cea30077 0.142s
2025-04-15 18:38:54.686 69538 INFO tempest.lib.common.rest_client [req-7e101556-5c93-47f5-9c02-39cb8a2178ff req-7e101556-5c93-47f5-9c02-39cb8a2178ff ] Request (ServerShowV257Test:test_rebuild_server): 200 GET http://10.180.1.21/compute/v2.1/servers/c73aa848-bb39-4407-9bb2-b8a3dbde0b61 2.154s
2025-04-15 18:38:54.699 69510 INFO tempest.lib.common.rest_client [req-27e32499-24fd-4e43-a14f-b610722f87c8 req-27e32499-24fd-4e43-a14f-b610722f87c8 ] Request (ServersListShow2100Test:setUpClass): 201 POST http://10.180.1.21/identity/v3/auth/tokens 0.089s
2025-04-15 18:38:54.713 69532 INFO tempest.lib.common.rest_client [req-008f87bd-19d8-464e-95f8-d6f04903e52f req-008f87bd-19d8-464e-95f8-d6f04903e52f ] Request (ImagesOneServerTestJSON:setUpClass): 200 PUT http://10.180.1.21:9696/networking/v2.0/routers/4ca37ad9-5106-4a2f-bf50-cdd234346d04/add_router_interface 3.167s
2025-04-15 18:38:54.713 69532 INFO tempest.lib.common.dynamic_creds [-] Created isolated network resources for: credentials: Credentials: {'domain_id': 'default', 'domain_name': 'Default', 'username': 'tempest-ImagesOneServerTestJSON-1715103076-project-member', 'project_domain_id': 'default', 'project_domain_name': 'Default', 'project_id': '3db9796cbdd744f9bc32464ad130e07e', 'project_name': 'tempest-ImagesOneServerTestJSON-1715103076', 'tenant_id': '3db9796cbdd744f9bc32464ad130e07e', 'tenant_name': 'tempest-ImagesOneServerTestJSON-1715103076', 'user_domain_id': 'default', 'user_domain_name': 'Default', 'user_id': '764b5d41f32f42d4a3437c634a11669a', 'system': None}, Network: {'id': '506f5d87-dbc2-4e66-8b06-51bcdc74fe49', 'name': 'tempest-ImagesOneServerTestJSON-2013473830-network', 'tenant_id': '3db9796cbdd744f9bc32464ad130e07e', 'admin_state_up': True, 'mtu': 8950, 'status': 'ACTIVE', 'subnets': [], 'shared': False, 'project_id': '3db9796cbdd744f9bc32464ad130e07e', 'port_security_enabled': True, 'router:external': False, 'provider:network_type': 'vlan', 'provider:physical_network': 'default', 'provider:segmentation_id': 579, 'availability_zone_hints': [], 'availability_zones': [], 'ipv4_address_scope': None, 'ipv6_address_scope': None, 'description': '', 'tags': [], 'created_at': '2025-04-15T18:38:48Z', 'updated_at': '2025-04-15T18:38:48Z', 'revision_number': 1}, Subnet: {'id': '1e020268-c369-4a09-877f-2f89a115b401', 'name': 'tempest-ImagesOneServerTestJSON-2013473830-subnet', 'tenant_id': '3db9796cbdd744f9bc32464ad130e07e', 'network_id': '506f5d87-dbc2-4e66-8b06-51bcdc74fe49', 'ip_version': 4, 'subnetpool_id': None, 'enable_dhcp': True, 'ipv6_ra_mode': None, 'ipv6_address_mode': None, 'gateway_ip': '192.168.128.1', 'cidr': '192.168.128.0/28', 'allocation_pools': [{'start': '192.168.128.2', 'end': '192.168.128.14'}], 'host_routes': [], 'dns_nameservers': [], 'description': '', 'router:external': False, 'service_types': [], 'tags': [], 'created_at': '2025-04-15T18:38:48Z', 'updated_at': '2025-04-15T18:38:48Z', 'revision_number': 0, 'project_id': '3db9796cbdd744f9bc32464ad130e07e'}, Router: {'id': '4ca37ad9-5106-4a2f-bf50-cdd234346d04', 'name': 'tempest-ImagesOneServerTestJSON-2013473830-router', 'tenant_id': '3db9796cbdd744f9bc32464ad130e07e', 'admin_state_up': True, 'status': 'ACTIVE', 'external_gateway_info': {'network_id': 'ecec27d3-8986-4f9a-b40d-a6b926a33e8d', 'external_fixed_ips': [{'subnet_id': 'aa52f31b-309e-4d95-86a2-f3d8548516c1', 'ip_address': '10.180.180.189'}], 'enable_snat': True}, 'description': '', 'availability_zones': [], 'distributed': False, 'ha': False, 'availability_zone_hints': [], 'routes': [], 'flavor_id': None, 'tags': [], 'created_at': '2025-04-15T18:38:49Z', 'updated_at': '2025-04-15T18:38:50Z', 'revision_number': 2, 'project_id': '3db9796cbdd744f9bc32464ad130e07e'}
2025-04-15 18:38:54.724 69490 INFO tempest.lib.common.rest_client [req-51bf513e-eb35-4583-970c-e3b6588c88b1 req-51bf513e-eb35-4583-970c-e3b6588c88b1 ] Request (HypervisorAdminV253TestBase:setUpClass): 201 POST http://10.180.1.21/identity/v3/auth/tokens 0.070s
2025-04-15 18:38:54.726 69510 INFO tempest.lib.common.rest_client [req-1ce4b134-810e-4aa2-8f5c-17cdaaa51bc9 req-1ce4b134-810e-4aa2-8f5c-17cdaaa51bc9 ] Request (ServersListShow2100Test:setUpClass): 200 GET http://10.180.1.21/identity/v3/domains?name=Default 0.027s
2025-04-15 18:38:54.742 69516 INFO tempest.lib.common.rest_client [req-42fa4f11-b817-48c6-b7a4-603b1cc0c941 req-42fa4f11-b817-48c6-b7a4-603b1cc0c941 ] Request (ServersV294TestFqdnHostnames:setUpClass): 201 POST http://10.180.1.21:9696/networking/v2.0/security-group-rules 0.414s
2025-04-15 18:38:54.753 69490 INFO tempest.lib.common.rest_client [req-183e535b-c8b4-439b-a2b4-82d926df25c3 req-183e535b-c8b4-439b-a2b4-82d926df25c3 ] Request (HypervisorAdminV253TestBase:setUpClass): 201 POST http://10.180.1.21/identity/v3/auth/tokens 0.027s
2025-04-15 18:38:54.773 69512 INFO tempest.lib.common.rest_client [req-4e8a75eb-99aa-4a05-948c-b59980082792 req-4e8a75eb-99aa-4a05-948c-b59980082792 ] Request (HypervisorAdminUnderV252Test:tearDownClass): 204 DELETE http://10.180.1.21:9696/networking/v2.0/security-groups/9b73236a-779b-4edb-9739-4f09c218a749 0.415s
2025-04-15 18:38:54.785 69496 INFO tempest.lib.common.rest_client [req-d1107f11-79ab-459c-96d0-74e666815127 req-d1107f11-79ab-459c-96d0-74e666815127 ] Request (ServersWithSpecificFlavorTestJSON:test_verify_created_server_ephemeral_disk): 200 GET http://10.180.1.21/compute/v2.1/servers/a7041ba9-8ba8-4777-8aea-1987a87397bc 2.237s
2025-04-15 18:38:54.786 69510 INFO tempest.lib.common.rest_client [req-c5a4ed3d-a8a9-4023-8037-f05490775403 req-c5a4ed3d-a8a9-4023-8037-f05490775403 ] Request (ServersListShow2100Test:setUpClass): 201 POST http://10.180.1.21/identity/v3/projects 0.059s
2025-04-15 18:38:54.794 69496 INFO tempest.common.waiters [-] State transition "BUILD/scheduling" ==> "BUILD/None" after 5 second wait
2025-04-15 18:38:54.800 69488 INFO tempest.lib.common.rest_client [req-861d9fd7-e2ba-4b12-a59d-08b79d9483e4 req-861d9fd7-e2ba-4b12-a59d-08b79d9483e4 ] Request (ServersAdminTestJSON:setUpClass): 200 GET http://10.180.1.21/compute/v2.1/servers/54abe51c-8514-44c7-8e18-ad1194c64fe9 2.344s
2025-04-15 18:38:54.804 69532 INFO tempest.lib.common.rest_client [req-d6329e74-934f-4a13-99e6-cc585eaa4ef1 req-d6329e74-934f-4a13-99e6-cc585eaa4ef1 ] Request (ImagesOneServerTestJSON:setUpClass): 201 POST http://10.180.1.21/identity/v3/auth/tokens 0.086s
2025-04-15 18:38:54.826 69528 INFO tempest.lib.common.rest_client [req-1396afcb-86f1-4350-88b3-78e8658733a0 req-1396afcb-86f1-4350-88b3-78e8658733a0 ] Request (FlavorsAdminTestJSON:test_create_server_with_non_public_flavor): 200 POST http://10.180.1.21/compute/v2.1/flavors 2.056s
2025-04-15 18:38:54.840 69490 INFO tempest.lib.common.rest_client [req-b20546eb-c3b3-4fb8-a4b6-ab84c45cede3 req-b20546eb-c3b3-4fb8-a4b6-ab84c45cede3 ] Request (HypervisorAdminV253TestBase:setUpClass): 200 GET http://10.180.1.21/identity/v3/domains?name=Default 0.086s
2025-04-15 18:38:54.843 69493 INFO tempest.lib.common.rest_client [req-d1bf912b-7734-4909-94a3-e758d5b8de4e req-d1bf912b-7734-4909-94a3-e758d5b8de4e ] Request (ServerDiagnosticsTest:test_get_server_diagnostics): 200 GET http://10.180.1.21/compute/v2.1/servers/f989273f-d47a-4302-8e86-0e2f9924b458 2.228s
2025-04-15 18:38:54.856 69480 INFO tempest.lib.common.rest_client [req-a651cb8d-2c78-49a1-81fc-f46a3aaa42bb req-a651cb8d-2c78-49a1-81fc-f46a3aaa42bb ] Request (KeyPairsV22TestJSON:_run_cleanups): 204 DELETE http://10.180.1.21/compute/v2.1/os-keypairs/tempest-keypair-2030841787 1.896s
2025-04-15 18:38:54.869 69510 INFO tempest.lib.common.rest_client [req-0807f65b-d9f1-460a-abef-85dbaf176a70 req-0807f65b-d9f1-460a-abef-85dbaf176a70 ] Request (ServersListShow2100Test:setUpClass): 201 POST http://10.180.1.21/identity/v3/users 0.083s
2025-04-15 18:38:54.898 69512 INFO tempest.lib.common.rest_client [req-cac15019-291e-477e-8e14-2ee432e94342 req-cac15019-291e-477e-8e14-2ee432e94342 ] Request (HypervisorAdminUnderV252Test:tearDownClass): 204 DELETE http://10.180.1.21/identity/v3/projects/9395e12cad1c42d9891f2774a8d735de 0.125s
2025-04-15 18:38:54.899 69512 INFO tempest.lib.common.dynamic_creds [-] Deleting project and security group for project: e59f585026f04c708fe398b3c00be098
2025-04-15 18:38:54.941 69498 INFO tempest.lib.common.rest_client [req-689775e5-e43a-42fe-8b77-c73396e0110f req-689775e5-e43a-42fe-8b77-c73396e0110f ] Request (ServerActionsTestOtherA:setUpClass): 200 GET http://10.180.1.21/compute/v2.1/servers/cd8d5436-42d4-4e64-a3db-6874c199f078 1.964s
2025-04-15 18:38:54.950 69526 INFO tempest.lib.common.rest_client [req-25abe9c6-d195-441c-8f1a-3301c459929a req-25abe9c6-d195-441c-8f1a-3301c459929a ] Request (FlavorsExtraSpecsNegativeTestJSON:test_flavor_non_admin_unset_keys): 403 DELETE http://10.180.1.21/compute/v2.1/flavors/1516502948/os-extra_specs/hw:numa_nodes 1.686s
2025-04-15 18:38:54.958 69532 INFO tempest.lib.common.rest_client [req-4db8de0e-5194-4f9a-8219-2b880ed08a09 req-4db8de0e-5194-4f9a-8219-2b880ed08a09 ] Request (ImagesOneServerTestJSON:setUpClass): 201 POST http://10.180.1.21/identity/v3/auth/tokens 0.150s
2025-04-15 18:38:54.959 69532 INFO tempest.lib.common.fixed_network [-] (ImagesOneServerTestJSON:setUpClass) Found network {'id': '506f5d87-dbc2-4e66-8b06-51bcdc74fe49', 'name': 'tempest-ImagesOneServerTestJSON-2013473830-network', 'tenant_id': '3db9796cbdd744f9bc32464ad130e07e', 'admin_state_up': True, 'mtu': 8950, 'status': 'ACTIVE', 'subnets': [], 'shared': False, 'project_id': '3db9796cbdd744f9bc32464ad130e07e', 'port_security_enabled': True, 'router:external': False, 'provider:network_type': 'vlan', 'provider:physical_network': 'default', 'provider:segmentation_id': 579, 'availability_zone_hints': [], 'availability_zones': [], 'ipv4_address_scope': None, 'ipv6_address_scope': None, 'description': '', 'tags': [], 'created_at': '2025-04-15T18:38:48Z', 'updated_at': '2025-04-15T18:38:48Z', 'revision_number': 1} available for tenant
2025-04-15 18:38:54.978 69490 INFO tempest.lib.common.rest_client [req-fa20e361-281e-4bd7-8502-b38a6526ccdb req-fa20e361-281e-4bd7-8502-b38a6526ccdb ] Request (HypervisorAdminV253TestBase:setUpClass): 201 POST http://10.180.1.21/identity/v3/projects 0.136s
2025-04-15 18:38:54.989 69484 INFO tempest.lib.common.rest_client [req-2c0d345f-9f01-4a9f-ab2c-e0684bf9af8e req-2c0d345f-9f01-4a9f-ab2c-e0684bf9af8e ] Request (ListImageFiltersTestJSON:setUpClass): 200 GET http://10.180.1.21/compute/v2.1/images/1dc7038e-7691-4b96-b06f-47a607508bd6 1.645s
2025-04-15 18:38:55.039 69512 INFO tempest.lib.common.rest_client [req-1dca296f-3a90-4d45-9026-fa098403a267 req-1dca296f-3a90-4d45-9026-fa098403a267 ] Request (HypervisorAdminUnderV252Test:tearDownClass): 200 GET http://10.180.1.21:9696/networking/v2.0/security-groups?tenant_id=e59f585026f04c708fe398b3c00be098&name=default 0.139s
2025-04-15 18:38:55.076 69480 INFO tempest.lib.common.rest_client [req-2e0b7f61-949f-4cfd-bd19-30690526a6f2 req-2e0b7f61-949f-4cfd-bd19-30690526a6f2 ] Request (KeyPairsV22TestJSON:tearDownClass): 204 DELETE http://10.180.1.21/identity/v3/users/f0262b5ff87d4ce095cd8a96e8f2468a 0.218s
2025-04-15 18:38:55.077 69480 INFO tempest.lib.common.dynamic_creds [-] Deleting project and security group for project: 31c0f935775c4d50ba40835d59453980
2025-04-15 18:38:55.139 69490 INFO tempest.lib.common.rest_client [req-f50a7ff4-05c3-4f59-8d34-129ba91cb525 req-f50a7ff4-05c3-4f59-8d34-129ba91cb525 ] Request (HypervisorAdminV253TestBase:setUpClass): 201 POST http://10.180.1.21/identity/v3/users 0.161s
2025-04-15 18:38:55.147 69510 INFO tempest.lib.common.rest_client [req-c486bde9-2ae1-4d40-99e7-05a062100fba req-c486bde9-2ae1-4d40-99e7-05a062100fba ] Request (ServersListShow2100Test:setUpClass): 200 GET http://10.180.1.21/identity/v3/roles 0.278s
2025-04-15 18:38:55.151 69512 INFO tempest.lib.common.rest_client [req-3ec3de05-9af8-43f2-822f-6d6b1668f519 req-3ec3de05-9af8-43f2-822f-6d6b1668f519 ] Request (HypervisorAdminUnderV252Test:tearDownClass): 204 DELETE http://10.180.1.21:9696/networking/v2.0/security-groups/20ab74bc-298a-4fcd-9c60-3d4b07374de5 0.112s
2025-04-15 18:38:55.173 69480 INFO tempest.lib.common.rest_client [req-74bc53b2-7f78-4924-89c6-e5da9b27ea12 req-74bc53b2-7f78-4924-89c6-e5da9b27ea12 ] Request (KeyPairsV22TestJSON:tearDownClass): 201 POST http://10.180.1.21/identity/v3/auth/tokens 0.096s
2025-04-15 18:38:55.194 69484 INFO tempest.lib.common.rest_client [req-0fa0a888-b945-43cb-a844-d7016ddc878c req-0fa0a888-b945-43cb-a844-d7016ddc878c ] Request (ListImageFiltersTestJSON:setUpClass): 201 POST http://10.180.1.21/identity/v3/auth/tokens 0.199s
2025-04-15 18:38:55.194 69484 INFO tempest.lib.common.fixed_network [-] (ListImageFiltersTestJSON:setUpClass) Found network None available for tenant
2025-04-15 18:38:55.196 69490 INFO tempest.lib.common.rest_client [req-a589d9ee-09cd-405c-974a-781a61e1e7d4 req-a589d9ee-09cd-405c-974a-781a61e1e7d4 ] Request (HypervisorAdminV253TestBase:setUpClass): 200 GET http://10.180.1.21/identity/v3/roles 0.054s
2025-04-15 18:38:55.212 69510 INFO tempest.lib.common.rest_client [req-b43eec47-bbd5-4762-995b-4a6da50933f0 req-b43eec47-bbd5-4762-995b-4a6da50933f0 ] Request (ServersListShow2100Test:setUpClass): 204 PUT http://10.180.1.21/identity/v3/projects/5eca2dbef8274ff48a7247339b6796db/users/d2d2e7a3fc7047aebc051c2ee3523f6d/roles/911d50b0d107493b802349101032a25f 0.064s
2025-04-15 18:38:55.213 69510 INFO tempest.lib.common.dynamic_creds [-] Dynamic test user d2d2e7a3fc7047aebc051c2ee3523f6d is created with scope project and roles: ['member']
2025-04-15 18:38:55.213 69510 INFO tempest.lib.common.dynamic_creds [-] Acquired dynamic creds: credentials: Credentials: {'domain_id': 'default', 'domain_name': 'Default', 'username': 'tempest-ServersListShow2100Test-204728686-project-member', 'project_domain_id': 'default', 'project_domain_name': 'Default', 'project_id': '5eca2dbef8274ff48a7247339b6796db', 'project_name': 'tempest-ServersListShow2100Test-204728686', 'tenant_id': '5eca2dbef8274ff48a7247339b6796db', 'tenant_name': 'tempest-ServersListShow2100Test-204728686', 'user_domain_id': 'default', 'user_domain_name': 'Default', 'user_id': 'd2d2e7a3fc7047aebc051c2ee3523f6d', 'system': None}, Network: None, Subnet: None, Router: None
2025-04-15 18:38:55.213 69510 INFO tempest.lib.common.dynamic_creds [-] Created isolated network resources for: credentials: Credentials: {'domain_id': 'default', 'domain_name': 'Default', 'username': 'tempest-ServersListShow2100Test-204728686-project-member', 'project_domain_id': 'default', 'project_domain_name': 'Default', 'project_id': '5eca2dbef8274ff48a7247339b6796db', 'project_name': 'tempest-ServersListShow2100Test-204728686', 'tenant_id': '5eca2dbef8274ff48a7247339b6796db', 'tenant_name': 'tempest-ServersListShow2100Test-204728686', 'user_domain_id': 'default', 'user_domain_name': 'Default', 'user_id': 'd2d2e7a3fc7047aebc051c2ee3523f6d', 'system': None}, Network: None, Subnet: None, Router: None
2025-04-15 18:38:55.251 69512 INFO tempest.lib.common.rest_client [req-ec279e2b-d3ce-49db-ad29-bc1e78901fc9 req-ec279e2b-d3ce-49db-ad29-bc1e78901fc9 ] Request (HypervisorAdminUnderV252Test:tearDownClass): 204 DELETE http://10.180.1.21/identity/v3/projects/e59f585026f04c708fe398b3c00be098 0.099s
2025-04-15 18:38:55.307 69490 INFO tempest.lib.common.rest_client [req-772c2c82-c153-4fd6-9e1b-09f16bca8ba0 req-772c2c82-c153-4fd6-9e1b-09f16bca8ba0 ] Request (HypervisorAdminV253TestBase:setUpClass): 204 PUT http://10.180.1.21/identity/v3/projects/3097e070779c4610aaf71cb30b18de97/users/d17f3adba74a4620914b0dff97b7f206/roles/911d50b0d107493b802349101032a25f 0.110s
2025-04-15 18:38:55.307 69490 INFO tempest.lib.common.dynamic_creds [-] Dynamic test user d17f3adba74a4620914b0dff97b7f206 is created with scope project and roles: ['member']
2025-04-15 18:38:55.307 69490 INFO tempest.lib.common.dynamic_creds [-] Acquired dynamic creds: credentials: Credentials: {'domain_id': 'default', 'domain_name': 'Default', 'username': 'tempest-HypervisorAdminV253TestBase-1651571107-project-member', 'project_domain_id': 'default', 'project_domain_name': 'Default', 'project_id': '3097e070779c4610aaf71cb30b18de97', 'project_name': 'tempest-HypervisorAdminV253TestBase-1651571107', 'tenant_id': '3097e070779c4610aaf71cb30b18de97', 'tenant_name': 'tempest-HypervisorAdminV253TestBase-1651571107', 'user_domain_id': 'default', 'user_domain_name': 'Default', 'user_id': 'd17f3adba74a4620914b0dff97b7f206', 'system': None}, Network: None, Subnet: None, Router: None
2025-04-15 18:38:55.307 69490 INFO tempest.lib.common.dynamic_creds [-] Created isolated network resources for: credentials: Credentials: {'domain_id': 'default', 'domain_name': 'Default', 'username': 'tempest-HypervisorAdminV253TestBase-1651571107-project-member', 'project_domain_id': 'default', 'project_domain_name': 'Default', 'project_id': '3097e070779c4610aaf71cb30b18de97', 'project_name': 'tempest-HypervisorAdminV253TestBase-1651571107', 'tenant_id': '3097e070779c4610aaf71cb30b18de97', 'tenant_name': 'tempest-HypervisorAdminV253TestBase-1651571107', 'user_domain_id': 'default', 'user_domain_name': 'Default', 'user_id': 'd17f3adba74a4620914b0dff97b7f206', 'system': None}, Network: None, Subnet: None, Router: None
2025-04-15 18:38:55.371 69521 INFO tempest.lib.common.rest_client [req-d33a1b69-3994-4840-a608-f48cb26e446a req-d33a1b69-3994-4840-a608-f48cb26e446a ] Request (QuotasAdminTestJSON:test_get_updated_quotas): 200 GET http://10.180.1.21/compute/v2.1/os-quota-sets/e4cec41768a44dbfb4342da305ce6b4e?user_id=1c25fc66bc494f758ae5b0c3fec0d8f5 1.716s
2025-04-15 18:38:55.422 69512 INFO tempest.lib.common.rest_client [req-62d30123-0618-4322-b58a-fe1922c69f69 req-62d30123-0618-4322-b58a-fe1922c69f69 ] Request (ServerDiagnosticsNegativeTest:setUpClass): 201 POST http://10.180.1.21/identity/v3/auth/tokens 0.169s
2025-04-15 18:38:55.427 69510 INFO tempest.lib.common.rest_client [req-6407e2f9-ece1-44a5-89ff-9d9142dca90d req-6407e2f9-ece1-44a5-89ff-9d9142dca90d ] Request (ServersListShow2100Test:setUpClass): 201 POST http://10.180.1.21/identity/v3/auth/tokens 0.211s
2025-04-15 18:38:55.492 69490 INFO tempest.lib.common.rest_client [req-d74a0192-9c1f-4332-924c-1b0a43923723 req-d74a0192-9c1f-4332-924c-1b0a43923723 ] Request (HypervisorAdminV253TestBase:setUpClass): 201 POST http://10.180.1.21/identity/v3/auth/tokens 0.182s
2025-04-15 18:38:55.499 69521 INFO tempest.lib.common.rest_client [req-3fc79928-85a8-4512-a297-99a07314936f req-3fc79928-85a8-4512-a297-99a07314936f ] Request (QuotasAdminTestJSON:_run_cleanups): 204 DELETE http://10.180.1.21/identity/v3/users/1c25fc66bc494f758ae5b0c3fec0d8f5 0.126s
2025-04-15 18:38:55.554 69510 INFO tempest.lib.common.rest_client [req-697e6f85-b340-4dca-a41f-4df37d5a3fe4 req-697e6f85-b340-4dca-a41f-4df37d5a3fe4 ] Request (ServersListShow2100Test:test_list_show_rebuild_update_server_2100): 201 POST http://10.180.1.21/identity/v3/auth/tokens 0.121s
2025-04-15 18:38:55.554 69510 INFO tempest.lib.common.fixed_network [-] (ServersListShow2100Test:test_list_show_rebuild_update_server_2100) Found network None available for tenant
2025-04-15 18:38:55.557 69516 INFO tempest.lib.common.rest_client [req-2cc03a60-75f1-4a8e-a058-8331cb84d0c3 req-2cc03a60-75f1-4a8e-a058-8331cb84d0c3 ] Request (ServersV294TestFqdnHostnames:setUpClass): 201 POST http://10.180.1.21:9696/networking/v2.0/floatingips 0.815s
2025-04-15 18:38:55.560 69512 INFO tempest.lib.common.rest_client [req-f380fefe-38e7-4789-a740-7bc261fd087c req-f380fefe-38e7-4789-a740-7bc261fd087c ] Request (ServerDiagnosticsNegativeTest:setUpClass): 201 POST http://10.180.1.21/identity/v3/auth/tokens 0.135s
2025-04-15 18:38:55.579 69502 INFO tempest.lib.common.rest_client [req-fabaf1e7-252c-40a9-a34d-b125ca9043a1 req-fabaf1e7-252c-40a9-a34d-b125ca9043a1 ] Request (ServerGroup264TestJSON:setUpClass): 201 POST http://10.180.1.21:9696/networking/v2.0/routers 1.107s
2025-04-15 18:38:55.601 69490 INFO tempest.lib.common.rest_client [req-014a42b6-974f-4033-bf9b-f02a9e29d18d req-014a42b6-974f-4033-bf9b-f02a9e29d18d ] Request (HypervisorAdminV253TestBase:setUpClass): 201 POST http://10.180.1.21/identity/v3/projects 0.108s
2025-04-15 18:38:55.637 69480 INFO tempest.lib.common.rest_client [req-95ca7fa8-4055-4b8a-ad20-732cd2de2f6c req-95ca7fa8-4055-4b8a-ad20-732cd2de2f6c ] Request (KeyPairsV22TestJSON:tearDownClass): 200 GET http://10.180.1.21:9696/networking/v2.0/security-groups?tenant_id=31c0f935775c4d50ba40835d59453980&name=default 0.463s
2025-04-15 18:38:55.669 69514 INFO tempest.lib.common.rest_client [req-a9044c65-f72b-4177-a323-fc057b287dbe req-a9044c65-f72b-4177-a323-fc057b287dbe ] Request (ServerDiagnosticsV248Test:test_get_server_diagnostics): 200 GET http://10.180.1.21/compute/v2.1/servers/71110d4a-7fb0-4043-a917-be39f2693eac/diagnostics 2.707s
2025-04-15 18:38:55.721 69521 INFO tempest.lib.common.rest_client [req-f2fd1ad6-ae39-420d-877d-c5748f116c3e req-f2fd1ad6-ae39-420d-877d-c5748f116c3e ] Request (QuotasAdminTestJSON:_run_cleanups): 204 DELETE http://10.180.1.21/identity/v3/projects/e4cec41768a44dbfb4342da305ce6b4e 0.221s
2025-04-15 18:38:55.728 69494 INFO tempest.lib.common.rest_client [req-73a68502-21ae-4c2b-be79-b59e7abeb8c3 req-73a68502-21ae-4c2b-be79-b59e7abeb8c3 ] Request (QuotasAdminNegativeTest:test_create_server_when_instances_quota_is_full): 200 GET http://10.180.1.21/compute/v2.1/os-quota-sets/fa2f6cdb8569425eb36d54d042157df0 1.922s
2025-04-15 18:38:55.780 69518 INFO tempest.lib.common.rest_client [req-668bb30a-873f-4ce7-8796-1085951f41aa req-668bb30a-873f-4ce7-8796-1085951f41aa ] Request (ListServersNegativeTestJSON:setUpClass): 200 GET http://10.180.1.21/compute/v2.1/servers/8c293933-bd62-4ccc-adbe-891c4f7ac11f 1.915s
2025-04-15 18:38:55.782 69516 INFO tempest.lib.common.rest_client [req-fcb8a874-1287-4d62-8693-265eff8967ad req-fcb8a874-1287-4d62-8693-265eff8967ad ] Request (ServersV294TestFqdnHostnames:setUpClass): 201 POST http://10.180.1.21/identity/v3/auth/tokens 0.221s
2025-04-15 18:38:55.783 69516 INFO tempest.lib.common.fixed_network [-] (ServersV294TestFqdnHostnames:setUpClass) Found network {'id': '20f68021-ad1f-4296-8372-ee957c470ed1', 'name': 'tempest-ServersV294TestFqdnHostnames-1674048824-network', 'tenant_id': '9c89e6a3d60845229c2859c1db3990f5', 'admin_state_up': True, 'mtu': 8950, 'status': 'ACTIVE', 'subnets': [], 'shared': False, 'project_id': '9c89e6a3d60845229c2859c1db3990f5', 'port_security_enabled': True, 'router:external': False, 'provider:network_type': 'vlan', 'provider:physical_network': 'default', 'provider:segmentation_id': 778, 'availability_zone_hints': [], 'availability_zones': [], 'ipv4_address_scope': None, 'ipv6_address_scope': None, 'description': '', 'tags': [], 'created_at': '2025-04-15T18:38:48Z', 'updated_at': '2025-04-15T18:38:48Z', 'revision_number': 1} available for tenant
2025-04-15 18:38:55.809 69512 INFO tempest.lib.common.rest_client [req-7a2f8f8a-544a-418c-85d8-b925815dbc0b req-7a2f8f8a-544a-418c-85d8-b925815dbc0b ] Request (ServerDiagnosticsNegativeTest:setUpClass): 200 GET http://10.180.1.21/identity/v3/domains?name=Default 0.248s
2025-04-15 18:38:55.825 69490 INFO tempest.lib.common.rest_client [req-c2d8c6a0-fa44-4505-b40b-3d595d45a185 req-c2d8c6a0-fa44-4505-b40b-3d595d45a185 ] Request (HypervisorAdminV253TestBase:setUpClass): 201 POST http://10.180.1.21/identity/v3/users 0.221s
2025-04-15 18:38:55.838 69482 INFO tempest.lib.common.rest_client [req-88bc2f17-e423-4082-a3c8-3f3b4410a7ed req-88bc2f17-e423-4082-a3c8-3f3b4410a7ed ] Request (ServerAddressesNegativeTestJSON:test_list_server_addresses_by_network_neg): 404 GET http://10.180.1.21/compute/v2.1/servers/7f174b25-c3fd-485e-b6f5-fb63b5f1574e/ips/invalid 1.782s
2025-04-15 18:38:55.851 69512 INFO tempest.lib.common.rest_client [req-dbcc9f36-01b8-4eaa-8287-f7a0bf46f2a8 req-dbcc9f36-01b8-4eaa-8287-f7a0bf46f2a8 ] Request (ServerDiagnosticsNegativeTest:setUpClass): 201 POST http://10.180.1.21/identity/v3/projects 0.042s
2025-04-15 18:38:55.855 69490 INFO tempest.lib.common.rest_client [req-c3b6a88d-41cf-4fc6-b601-d9516f2e1d0f req-c3b6a88d-41cf-4fc6-b601-d9516f2e1d0f ] Request (HypervisorAdminV253TestBase:setUpClass): 200 GET http://10.180.1.21/identity/v3/roles 0.030s
2025-04-15 18:38:55.919 69490 INFO tempest.lib.common.rest_client [req-946d629f-eab6-4360-bd4d-975be7402ce0 req-946d629f-eab6-4360-bd4d-975be7402ce0 ] Request (HypervisorAdminV253TestBase:setUpClass): 204 PUT http://10.180.1.21/identity/v3/projects/ef0b0d30cc9a43afa686f6ceeb6770ae/users/1f864996c09b4f3ab7d659b30bccee75/roles/ed81112517284a5082d925d2f9539963 0.063s
2025-04-15 18:38:55.919 69512 INFO tempest.lib.common.rest_client [req-b4869924-6fb6-4dd4-8fa0-d998e316cae8 req-b4869924-6fb6-4dd4-8fa0-d998e316cae8 ] Request (ServerDiagnosticsNegativeTest:setUpClass): 201 POST http://10.180.1.21/identity/v3/users 0.067s
2025-04-15 18:38:55.938 69531 INFO tempest.lib.common.rest_client [req-a8ef5013-aa5c-45ea-975a-4bdc25bbb1f2 req-a8ef5013-aa5c-45ea-975a-4bdc25bbb1f2 ] Request (MultipleCreateTestJSON:_run_cleanups): 204 DELETE http://10.180.1.21/compute/v2.1/servers/f58d110f-a246-4458-b94f-72752038ac60 1.977s
2025-04-15 18:38:55.947 69486 INFO tempest.lib.common.rest_client [req-b68ecfe9-6ce7-4681-b615-14b1e17a0a18 req-b68ecfe9-6ce7-4681-b615-14b1e17a0a18 ] Request (AggregatesAdminNegativeTestJSON:test_aggregate_get_details_as_user): 403 GET http://10.180.1.21/compute/v2.1/os-aggregates/6 1.704s
2025-04-15 18:38:55.973 69512 INFO tempest.lib.common.rest_client [req-0b63cca9-fce6-420e-9340-197a2a9423e6 req-0b63cca9-fce6-420e-9340-197a2a9423e6 ] Request (ServerDiagnosticsNegativeTest:setUpClass): 200 GET http://10.180.1.21/identity/v3/roles 0.053s
2025-04-15 18:38:55.989 69490 INFO tempest.lib.common.rest_client [req-db203ff1-71f5-4c52-b52b-92019037f0e9 req-db203ff1-71f5-4c52-b52b-92019037f0e9 ] Request (HypervisorAdminV253TestBase:setUpClass): 200 GET http://10.180.1.21/identity/v3/roles 0.070s
2025-04-15 18:38:56.002 69512 INFO tempest.lib.common.rest_client [req-1b8d2278-ec08-4572-b3e8-bf7c48219d35 req-1b8d2278-ec08-4572-b3e8-bf7c48219d35 ] Request (ServerDiagnosticsNegativeTest:setUpClass): 204 PUT http://10.180.1.21/identity/v3/projects/edf3d24789bb48faa3b1bf51158b574a/users/4ae63cdd47974d7ab97bdda3f14b052e/roles/911d50b0d107493b802349101032a25f 0.028s
2025-04-15 18:38:56.003 69512 INFO tempest.lib.common.dynamic_creds [-] Dynamic test user 4ae63cdd47974d7ab97bdda3f14b052e is created with scope project and roles: ['member']
2025-04-15 18:38:56.003 69512 INFO tempest.lib.common.dynamic_creds [-] Acquired dynamic creds: credentials: Credentials: {'domain_id': 'default', 'domain_name': 'Default', 'username': 'tempest-ServerDiagnosticsNegativeTest-715203150-project-member', 'project_domain_id': 'default', 'project_domain_name': 'Default', 'project_id': 'edf3d24789bb48faa3b1bf51158b574a', 'project_name': 'tempest-ServerDiagnosticsNegativeTest-715203150', 'tenant_id': 'edf3d24789bb48faa3b1bf51158b574a', 'tenant_name': 'tempest-ServerDiagnosticsNegativeTest-715203150', 'user_domain_id': 'default', 'user_domain_name': 'Default', 'user_id': '4ae63cdd47974d7ab97bdda3f14b052e', 'system': None}, Network: None, Subnet: None, Router: None
2025-04-15 18:38:56.003 69512 INFO tempest.lib.common.dynamic_creds [-] Created isolated network resources for: credentials: Credentials: {'domain_id': 'default', 'domain_name': 'Default', 'username': 'tempest-ServerDiagnosticsNegativeTest-715203150-project-member', 'project_domain_id': 'default', 'project_domain_name': 'Default', 'project_id': 'edf3d24789bb48faa3b1bf51158b574a', 'project_name': 'tempest-ServerDiagnosticsNegativeTest-715203150', 'tenant_id': 'edf3d24789bb48faa3b1bf51158b574a', 'tenant_name': 'tempest-ServerDiagnosticsNegativeTest-715203150', 'user_domain_id': 'default', 'user_domain_name': 'Default', 'user_id': '4ae63cdd47974d7ab97bdda3f14b052e', 'system': None}, Network: None, Subnet: None, Router: None
2025-04-15 18:38:56.016 69490 INFO tempest.lib.common.rest_client [req-7e50748f-300a-4646-a2de-1e8c58edbcba req-7e50748f-300a-4646-a2de-1e8c58edbcba ] Request (HypervisorAdminV253TestBase:setUpClass): 204 PUT http://10.180.1.21/identity/v3/projects/ef0b0d30cc9a43afa686f6ceeb6770ae/users/1f864996c09b4f3ab7d659b30bccee75/roles/ed81112517284a5082d925d2f9539963 0.026s
2025-04-15 18:38:56.016 69490 INFO tempest.lib.common.dynamic_creds [-] Dynamic test user 1f864996c09b4f3ab7d659b30bccee75 is created with scope project and roles: ['admin']
2025-04-15 18:38:56.016 69490 INFO tempest.lib.common.dynamic_creds [-] Acquired dynamic creds: credentials: Credentials: {'domain_id': 'default', 'domain_name': 'Default', 'username': 'tempest-HypervisorAdminV253TestBase-1346927932-project-admin', 'project_domain_id': 'default', 'project_domain_name': 'Default', 'project_id': 'ef0b0d30cc9a43afa686f6ceeb6770ae', 'project_name': 'tempest-HypervisorAdminV253TestBase-1346927932', 'tenant_id': 'ef0b0d30cc9a43afa686f6ceeb6770ae', 'tenant_name': 'tempest-HypervisorAdminV253TestBase-1346927932', 'user_domain_id': 'default', 'user_domain_name': 'Default', 'user_id': '1f864996c09b4f3ab7d659b30bccee75', 'system': None}, Network: None, Subnet: None, Router: None
2025-04-15 18:38:56.016 69490 INFO tempest.lib.common.dynamic_creds [-] Created isolated network resources for: credentials: Credentials: {'domain_id': 'default', 'domain_name': 'Default', 'username': 'tempest-HypervisorAdminV253TestBase-1346927932-project-admin', 'project_domain_id': 'default', 'project_domain_name': 'Default', 'project_id': 'ef0b0d30cc9a43afa686f6ceeb6770ae', 'project_name': 'tempest-HypervisorAdminV253TestBase-1346927932', 'tenant_id': 'ef0b0d30cc9a43afa686f6ceeb6770ae', 'tenant_name': 'tempest-HypervisorAdminV253TestBase-1346927932', 'user_domain_id': 'default', 'user_domain_name': 'Default', 'user_id': '1f864996c09b4f3ab7d659b30bccee75', 'system': None}, Network: None, Subnet: None, Router: None
2025-04-15 18:38:56.043 69480 INFO tempest.lib.common.rest_client [req-fd09b45f-381d-4069-b7f2-c72d481ee0eb req-fd09b45f-381d-4069-b7f2-c72d481ee0eb ] Request (KeyPairsV22TestJSON:tearDownClass): 204 DELETE http://10.180.1.21:9696/networking/v2.0/security-groups/6a62e1e0-a63a-46d1-8116-d9c42840c4be 0.406s
2025-04-15 18:38:56.094 69490 INFO tempest.lib.common.rest_client [req-74ba870d-2f0c-459b-8da7-4e1e5c593d45 req-74ba870d-2f0c-459b-8da7-4e1e5c593d45 ] Request (HypervisorAdminV253TestBase:setUpClass): 201 POST http://10.180.1.21/identity/v3/auth/tokens 0.074s
2025-04-15 18:38:56.103 69476 INFO tempest.lib.common.rest_client [req-d4a32001-e37c-4983-a83d-236b471a8930 req-d4a32001-e37c-4983-a83d-236b471a8930 ] Request (DeleteServersAdminTestJSON:test_admin_delete_servers_of_others): 200 GET http://10.180.1.21/compute/v2.1/servers/df60842a-80f1-43d9-8aa8-f42d03537e76 1.871s
2025-04-15 18:38:56.109 69512 INFO tempest.lib.common.rest_client [req-86f4eeb4-6dcb-4083-88e9-8a274cd77c58 req-86f4eeb4-6dcb-4083-88e9-8a274cd77c58 ] Request (ServerDiagnosticsNegativeTest:setUpClass): 201 POST http://10.180.1.21/identity/v3/auth/tokens 0.101s
2025-04-15 18:38:56.115 69476 INFO tempest.common.waiters [-] State transition "BUILD/spawning" ==> "ACTIVE/None" after 29 second wait
2025-04-15 18:38:56.115 69500 INFO tempest.lib.common.rest_client [req-96fe4f5d-993e-445e-af9c-f5159be04f8b req-96fe4f5d-993e-445e-af9c-f5159be04f8b ] Request (VolumesAssistedSnapshotsTest:test_volume_assisted_snapshot_create_delete): 200 GET http://10.180.1.21/compute/v2.1/servers/7548a4b2-15e3-4464-9875-9bf88de7a4ef 1.722s
2025-04-15 18:38:56.128 69500 INFO tempest.common.waiters [-] State transition "BUILD/None" ==> "BUILD/spawning" after 12 second wait
2025-04-15 18:38:56.164 69524 INFO tempest.lib.common.rest_client [req-b548a9ce-292c-4e04-80ea-de35df5e8842 req-b548a9ce-292c-4e04-80ea-de35df5e8842 ] Request (SecurityGroupRulesNegativeTestJSON:test_create_security_group_rule_with_invalid_from_port): 400 POST http://10.180.1.21/compute/v2.1/os-security-group-rules 1.611s
2025-04-15 18:38:56.183 69512 INFO tempest.lib.common.rest_client [req-3b3ab3c4-b14a-41cb-b092-84a48375ed72 req-3b3ab3c4-b14a-41cb-b092-84a48375ed72 ] Request (ServerDiagnosticsNegativeTest:setUpClass): 201 POST http://10.180.1.21/identity/v3/projects 0.074s
2025-04-15 18:38:56.199 69478 INFO tempest.lib.common.rest_client [req-c410a30c-7770-48f9-8c71-90a83b27c8ee req-c410a30c-7770-48f9-8c71-90a83b27c8ee ] Request (FlavorsV2TestJSON:test_list_flavors_filter_by_min_ram): 200 GET http://10.180.1.21/compute/v2.1/flavors?minRam=193 1.623s
2025-04-15 18:38:56.210 69528 INFO tempest.lib.common.rest_client [req-9331eadd-2ca9-4a84-b142-833c71ee4275 req-9331eadd-2ca9-4a84-b142-833c71ee4275 ] Request (FlavorsAdminTestJSON:test_create_server_with_non_public_flavor): 400 POST http://10.180.1.21/compute/v2.1/servers 1.380s
2025-04-15 18:38:56.216 69480 INFO tempest.lib.common.rest_client [req-456b3091-4951-4266-8069-38610d8e2b2c req-456b3091-4951-4266-8069-38610d8e2b2c ] Request (KeyPairsV22TestJSON:tearDownClass): 204 DELETE http://10.180.1.21/identity/v3/projects/31c0f935775c4d50ba40835d59453980 0.172s
2025-04-15 18:38:56.238 69526 INFO tempest.lib.common.rest_client [req-e656005b-7351-445a-b9b4-a0350e75cac9 req-e656005b-7351-445a-b9b4-a0350e75cac9 ] Request (FlavorsExtraSpecsNegativeTestJSON:test_flavor_non_admin_update_specific_key): 200 POST http://10.180.1.21/compute/v2.1/flavors/1516502948/os-extra_specs 1.287s
2025-04-15 18:38:56.278 69480 INFO tempest.lib.common.rest_client [req-414efeb6-ef8a-435f-b959-fc63dc1aa1b6 req-414efeb6-ef8a-435f-b959-fc63dc1aa1b6 ] Request (ServerActionsV293TestJSON:setUpClass): 201 POST http://10.180.1.21/identity/v3/auth/tokens 0.060s
2025-04-15 18:38:56.292 69512 INFO tempest.lib.common.rest_client [req-72e64b56-b3d7-40d8-b311-2a89510414fa req-72e64b56-b3d7-40d8-b311-2a89510414fa ] Request (ServerDiagnosticsNegativeTest:setUpClass): 201 POST http://10.180.1.21/identity/v3/users 0.108s
2025-04-15 18:38:56.317 69480 INFO tempest.lib.common.rest_client [req-2bf3e4c7-b572-4ff9-8428-14a351bd2386 req-2bf3e4c7-b572-4ff9-8428-14a351bd2386 ] Request (ServerActionsV293TestJSON:setUpClass): 201 POST http://10.180.1.21/identity/v3/auth/tokens 0.036s
2025-04-15 18:38:56.340 69512 INFO tempest.lib.common.rest_client [req-bfd0db5c-440d-4f36-aed1-6fae5530436f req-bfd0db5c-440d-4f36-aed1-6fae5530436f ] Request (ServerDiagnosticsNegativeTest:setUpClass): 200 GET http://10.180.1.21/identity/v3/roles 0.047s
2025-04-15 18:38:56.369 69480 INFO tempest.lib.common.rest_client [req-11d01c6f-0339-481e-85c3-09e37b48ea93 req-11d01c6f-0339-481e-85c3-09e37b48ea93 ] Request (ServerActionsV293TestJSON:setUpClass): 200 GET http://10.180.1.21/identity/v3/domains?name=Default 0.051s
2025-04-15 18:38:56.399 69512 INFO tempest.lib.common.rest_client [req-6a082603-542b-4029-b492-37029ec85219 req-6a082603-542b-4029-b492-37029ec85219 ] Request (ServerDiagnosticsNegativeTest:setUpClass): 204 PUT http://10.180.1.21/identity/v3/projects/3b6366e5afc44024b0b65eb5b787f575/users/2047aa320fd9466fab11be7d999154cb/roles/ed81112517284a5082d925d2f9539963 0.059s
2025-04-15 18:38:56.417 69480 INFO tempest.lib.common.rest_client [req-74a51b77-040e-423d-9ae5-8c0a7234a3f0 req-74a51b77-040e-423d-9ae5-8c0a7234a3f0 ] Request (ServerActionsV293TestJSON:setUpClass): 201 POST http://10.180.1.21/identity/v3/projects 0.048s
2025-04-15 18:38:56.495 69480 INFO tempest.lib.common.rest_client [req-de0d6879-b0cd-409c-a016-3995fe45bd75 req-de0d6879-b0cd-409c-a016-3995fe45bd75 ] Request (ServerActionsV293TestJSON:setUpClass): 201 POST http://10.180.1.21/identity/v3/users 0.077s
2025-04-15 18:38:56.505 69512 INFO tempest.lib.common.rest_client [req-6089a7ce-b545-40bf-903b-40a1f3025880 req-6089a7ce-b545-40bf-903b-40a1f3025880 ] Request (ServerDiagnosticsNegativeTest:setUpClass): 200 GET http://10.180.1.21/identity/v3/roles 0.105s
2025-04-15 18:38:56.520 69480 INFO tempest.lib.common.rest_client [req-74148106-4cba-4a68-80f5-5ee028797494 req-74148106-4cba-4a68-80f5-5ee028797494 ] Request (ServerActionsV293TestJSON:setUpClass): 200 GET http://10.180.1.21/identity/v3/roles 0.025s
2025-04-15 18:38:56.528 69512 INFO tempest.lib.common.rest_client [req-bdc146fc-6c94-4eb0-9294-052ac44f1c14 req-bdc146fc-6c94-4eb0-9294-052ac44f1c14 ] Request (ServerDiagnosticsNegativeTest:setUpClass): 204 PUT http://10.180.1.21/identity/v3/projects/3b6366e5afc44024b0b65eb5b787f575/users/2047aa320fd9466fab11be7d999154cb/roles/ed81112517284a5082d925d2f9539963 0.023s
2025-04-15 18:38:56.528 69512 INFO tempest.lib.common.dynamic_creds [-] Dynamic test user 2047aa320fd9466fab11be7d999154cb is created with scope project and roles: ['admin']
2025-04-15 18:38:56.529 69512 INFO tempest.lib.common.dynamic_creds [-] Acquired dynamic creds: credentials: Credentials: {'domain_id': 'default', 'domain_name': 'Default', 'username': 'tempest-ServerDiagnosticsNegativeTest-1621439352-project-admin', 'project_domain_id': 'default', 'project_domain_name': 'Default', 'project_id': '3b6366e5afc44024b0b65eb5b787f575', 'project_name': 'tempest-ServerDiagnosticsNegativeTest-1621439352', 'tenant_id': '3b6366e5afc44024b0b65eb5b787f575', 'tenant_name': 'tempest-ServerDiagnosticsNegativeTest-1621439352', 'user_domain_id': 'default', 'user_domain_name': 'Default', 'user_id': '2047aa320fd9466fab11be7d999154cb', 'system': None}, Network: None, Subnet: None, Router: None
2025-04-15 18:38:56.529 69512 INFO tempest.lib.common.dynamic_creds [-] Created isolated network resources for: credentials: Credentials: {'domain_id': 'default', 'domain_name': 'Default', 'username': 'tempest-ServerDiagnosticsNegativeTest-1621439352-project-admin', 'project_domain_id': 'default', 'project_domain_name': 'Default', 'project_id': '3b6366e5afc44024b0b65eb5b787f575', 'project_name': 'tempest-ServerDiagnosticsNegativeTest-1621439352', 'tenant_id': '3b6366e5afc44024b0b65eb5b787f575', 'tenant_name': 'tempest-ServerDiagnosticsNegativeTest-1621439352', 'user_domain_id': 'default', 'user_domain_name': 'Default', 'user_id': '2047aa320fd9466fab11be7d999154cb', 'system': None}, Network: None, Subnet: None, Router: None
2025-04-15 18:38:56.603 69536 INFO tempest.lib.common.rest_client [req-8b7ab3c0-5b71-4d3c-a02d-b65a0abfd320 req-8b7ab3c0-5b71-4d3c-a02d-b65a0abfd320 ] Request (VolumesAdminNegativeTest:test_update_attached_volume_with_nonexistent_volume_in_body): 202 POST http://10.180.1.21/compute/v2.1/servers 2.117s
2025-04-15 18:38:56.609 69480 INFO tempest.lib.common.rest_client [req-392f40d0-7717-48aa-830c-72178c39af4f req-392f40d0-7717-48aa-830c-72178c39af4f ] Request (ServerActionsV293TestJSON:setUpClass): 204 PUT http://10.180.1.21/identity/v3/projects/6b3cb8ae832e4bc5b7613c53c89fbc0a/users/17ebd990852b4d0f95b031e039e4f2ee/roles/911d50b0d107493b802349101032a25f 0.088s
2025-04-15 18:38:56.609 69480 INFO tempest.lib.common.dynamic_creds [-] Dynamic test user 17ebd990852b4d0f95b031e039e4f2ee is created with scope project and roles: ['member']
2025-04-15 18:38:56.610 69480 INFO tempest.lib.common.dynamic_creds [-] Acquired dynamic creds: credentials: Credentials: {'domain_id': 'default', 'domain_name': 'Default', 'username': 'tempest-ServerActionsV293TestJSON-291337073-project-member', 'project_domain_id': 'default', 'project_domain_name': 'Default', 'project_id': '6b3cb8ae832e4bc5b7613c53c89fbc0a', 'project_name': 'tempest-ServerActionsV293TestJSON-291337073', 'tenant_id': '6b3cb8ae832e4bc5b7613c53c89fbc0a', 'tenant_name': 'tempest-ServerActionsV293TestJSON-291337073', 'user_domain_id': 'default', 'user_domain_name': 'Default', 'user_id': '17ebd990852b4d0f95b031e039e4f2ee', 'system': None}, Network: None, Subnet: None, Router: None
2025-04-15 18:38:56.643 69512 INFO tempest.lib.common.rest_client [req-d3612976-97ba-48b1-b20a-9dfa3e14e085 req-d3612976-97ba-48b1-b20a-9dfa3e14e085 ] Request (ServerDiagnosticsNegativeTest:setUpClass): 201 POST http://10.180.1.21/identity/v3/auth/tokens 0.110s
2025-04-15 18:38:56.691 69480 INFO tempest.lib.common.rest_client [req-efb7cba6-547c-4e55-acf5-bdb2b1b22e50 req-efb7cba6-547c-4e55-acf5-bdb2b1b22e50 ] Request (ServerActionsV293TestJSON:setUpClass): 201 POST http://10.180.1.21/identity/v3/auth/tokens 0.080s
2025-04-15 18:38:56.719 69512 INFO tempest.lib.common.rest_client [req-17eda452-0bc6-43e4-8fd2-091b83764804 req-17eda452-0bc6-43e4-8fd2-091b83764804 ] Request (ServerDiagnosticsNegativeTest:test_get_server_diagnostics_by_non_admin): 201 POST http://10.180.1.21/identity/v3/auth/tokens 0.071s
2025-04-15 18:38:56.720 69512 INFO tempest.lib.common.fixed_network [-] (ServerDiagnosticsNegativeTest:test_get_server_diagnostics_by_non_admin) Found network None available for tenant
2025-04-15 18:38:56.882 69532 INFO tempest.lib.common.rest_client [req-c504a496-e3ef-4030-8aac-ccb59f2bbee7 req-c504a496-e3ef-4030-8aac-ccb59f2bbee7 ] Request (ImagesOneServerTestJSON:setUpClass): 202 POST http://10.180.1.21/compute/v2.1/servers 1.922s
2025-04-15 18:38:56.931 69484 INFO tempest.lib.common.rest_client [req-01a640f1-bdbd-43fb-ad2b-fa38a3f520fc req-01a640f1-bdbd-43fb-ad2b-fa38a3f520fc ] Request (ListImageFiltersTestJSON:setUpClass): 202 POST http://10.180.1.21/compute/v2.1/servers 1.736s
2025-04-15 18:38:56.940 69502 INFO tempest.lib.common.rest_client [req-474b280b-0d76-4748-8f61-5fa893fd309d req-474b280b-0d76-4748-8f61-5fa893fd309d ] Request (ServerGroup264TestJSON:setUpClass): 200 PUT http://10.180.1.21:9696/networking/v2.0/routers/bdffdcaf-0017-4d6e-bfa4-6f85c8dcb836/add_router_interface 1.360s
