2025-04-15 18:41:25.524 69478 INFO tempest.lib.common.dynamic_creds [-] Created isolated network resources for: credentials: Credentials: {'domain_id': 'default', 'domain_name': 'Default', 'username': 'tempest-ImagesTestJSON-1939072856-project-member', 'project_domain_id': 'default', 'project_domain_name': 'Default', 'project_id': 'c916ffe145f74f37b7e8b6472536e374', 'project_name': 'tempest-ImagesTestJSON-1939072856', 'tenant_id': 'c916ffe145f74f37b7e8b6472536e374', 'tenant_name': 'tempest-ImagesTestJSON-1939072856', 'user_domain_id': 'default', 'user_domain_name': 'Default', 'user_id': '9a94c73c92e64c6596def887eabcc39f', 'system': None}, Network: {'id': '4f428291-617b-4f5e-83cc-839c99d7397a', 'name': 'tempest-ImagesTestJSON-1597968833-network', 'tenant_id': 'c916ffe145f74f37b7e8b6472536e374', 'admin_state_up': True, 'mtu': 8950, 'status': 'ACTIVE', 'subnets': [], 'shared': False, 'project_id': 'c916ffe145f74f37b7e8b6472536e374', 'port_security_enabled': True, 'router:external': False, 'provider:network_type': 'vlan', 'provider:physical_network': 'default', 'provider:segmentation_id': 639, 'availability_zone_hints': [], 'availability_zones': [], 'ipv4_address_scope': None, 'ipv6_address_scope': None, 'description': '', 'tags': [], 'created_at': '2025-04-15T18:41:19Z', 'updated_at': '2025-04-15T18:41:19Z', 'revision_number': 1}, Subnet: {'id': 'f868730d-3668-46c0-8e07-c603aca1d316', 'name': 'tempest-ImagesTestJSON-1597968833-subnet', 'tenant_id': 'c916ffe145f74f37b7e8b6472536e374', 'network_id': '4f428291-617b-4f5e-83cc-839c99d7397a', 'ip_version': 4, 'subnetpool_id': None, 'enable_dhcp': True, 'ipv6_ra_mode': None, 'ipv6_address_mode': None, 'gateway_ip': '192.168.128.1', 'cidr': '192.168.128.0/28', 'allocation_pools': [{'start': '192.168.128.2', 'end': '192.168.128.14'}], 'host_routes': [], 'dns_nameservers': [], 'description': '', 'router:external': False, 'service_types': [], 'tags': [], 'created_at': '2025-04-15T18:41:19Z', 'updated_at': '2025-04-15T18:41:19Z', 'revision_number': 0, 'project_id': 'c916ffe145f74f37b7e8b6472536e374'}, Router: {'id': '3296ca77-ccb4-4ba8-97f9-c728681f2ef4', 'name': 'tempest-ImagesTestJSON-1597968833-router', 'tenant_id': 'c916ffe145f74f37b7e8b6472536e374', 'admin_state_up': True, 'status': 'ACTIVE', 'external_gateway_info': {'network_id': 'ecec27d3-8986-4f9a-b40d-a6b926a33e8d', 'external_fixed_ips': [{'subnet_id': 'aa52f31b-309e-4d95-86a2-f3d8548516c1', 'ip_address': '10.180.180.171'}], 'enable_snat': True}, 'description': '', 'availability_zones': [], 'distributed': False, 'ha': False, 'availability_zone_hints': [], 'routes': [], 'flavor_id': None, 'tags': [], 'created_at': '2025-04-15T18:41:19Z', 'updated_at': '2025-04-15T18:41:20Z', 'revision_number': 2, 'project_id': 'c916ffe145f74f37b7e8b6472536e374'}
2025-04-15 18:41:25.606 69478 INFO tempest.lib.common.rest_client [req-8e97210d-21de-42b2-8f38-272b12b40302 req-8e97210d-21de-42b2-8f38-272b12b40302 ] Request (ImagesTestJSON:setUpClass): 201 POST http://10.180.1.21/identity/v3/auth/tokens 0.075s
2025-04-15 18:41:25.636 69488 INFO tempest.lib.common.rest_client [req-cfd9e631-ee3e-41d6-bb2a-5cf151a6c8e7 req-cfd9e631-ee3e-41d6-bb2a-5cf151a6c8e7 ] Request (ServersAdminTestJSON:test_inject_network_info): 200 GET http://10.180.1.21/compute/v2.1/servers/cd69c4bf-2319-4880-8707-8e6b0c9aba18 1.595s
2025-04-15 18:41:25.645 69478 INFO tempest.lib.common.rest_client [req-45ac68da-3bba-4e10-aa27-77fea44296a8 req-45ac68da-3bba-4e10-aa27-77fea44296a8 ] Request (ImagesTestJSON:test_create_image_from_stopped_server): 201 POST http://10.180.1.21/identity/v3/auth/tokens 0.036s
2025-04-15 18:41:25.645 69478 INFO tempest.lib.common.fixed_network [-] (ImagesTestJSON:test_create_image_from_stopped_server) Found network {'id': '4f428291-617b-4f5e-83cc-839c99d7397a', 'name': 'tempest-ImagesTestJSON-1597968833-network', 'tenant_id': 'c916ffe145f74f37b7e8b6472536e374', 'admin_state_up': True, 'mtu': 8950, 'status': 'ACTIVE', 'subnets': [], 'shared': False, 'project_id': 'c916ffe145f74f37b7e8b6472536e374', 'port_security_enabled': True, 'router:external': False, 'provider:network_type': 'vlan', 'provider:physical_network': 'default', 'provider:segmentation_id': 639, 'availability_zone_hints': [], 'availability_zones': [], 'ipv4_address_scope': None, 'ipv6_address_scope': None, 'description': '', 'tags': [], 'created_at': '2025-04-15T18:41:19Z', 'updated_at': '2025-04-15T18:41:19Z', 'revision_number': 1} available for tenant
2025-04-15 18:41:25.691 69532 INFO tempest.lib.common.rest_client [req-8e41f5ea-c7d7-466c-b761-81140e170625 req-8e41f5ea-c7d7-466c-b761-81140e170625 ] Request (SecurityGroupRulesTestJSON:tearDownClass): 202 DELETE http://10.180.1.21/compute/v2.1/os-security-groups/0893ee81-ccd6-4110-8485-e24f3b74e10a 1.377s
2025-04-15 18:41:25.732 69482 INFO tempest.lib.common.rest_client [req-1263fd24-a470-46f9-a595-df2228fb5658 req-1263fd24-a470-46f9-a595-df2228fb5658 ] Request (ServersNegativeTestMultiTenantJSON:tearDownClass): 200 GET http://10.180.1.21/compute/v2.1/servers/531569c8-9bb4-4adf-a6ab-b107a99d11d6 1.395s
2025-04-15 18:41:25.753 69531 INFO tempest.lib.common.rest_client [req-0daefcd2-9c70-4ca7-9148-e68bdda54ed6 req-0daefcd2-9c70-4ca7-9148-e68bdda54ed6 ] Request (QuotasTestJSON:test_compare_tenant_quotas_with_default_quotas): 200 GET http://10.180.1.21/compute/v2.1/os-quota-sets/64db89b37cc64f2987662d4b7de5e70c 1.215s
2025-04-15 18:41:25.797 69493 INFO tempest.lib.common.rest_client [req-7ba1f448-25ef-42ec-ba4f-992ab1c2d748 req-7ba1f448-25ef-42ec-ba4f-992ab1c2d748 ] Request (TenantUsagesTestJSON:tearDownClass): 200 GET http://10.180.1.21/compute/v2.1/servers/62015eca-8518-450f-98a5-98af7156fc9a 1.227s
2025-04-15 18:41:25.820 69522 INFO tempest.lib.common.rest_client [req-12d2a345-a925-4d1c-ae42-46ba94c83893 req-12d2a345-a925-4d1c-ae42-46ba94c83893 ] Request (FloatingIPsAssociationTestJSON:tearDownClass): 204 DELETE http://10.180.1.21:9696/networking/v2.0/routers/c81ab42c-d5c6-4900-9c81-2c88e0e825e6 0.466s
2025-04-15 18:41:25.878 69498 INFO tempest.lib.common.rest_client [req-26528581-c233-45fb-b68a-c4e4317ed20b req-26528581-c233-45fb-b68a-c4e4317ed20b ] Request (ServerActionsTestOtherA:test_rebuild_server_in_stop_state): 200 GET http://10.180.1.21/compute/v2.1/servers/873ed12d-97e6-4349-8c04-b806f8f486ed 1.055s
2025-04-15 18:41:25.938 69490 INFO tempest.lib.common.rest_client [req-803e1324-7af6-4fe9-b3da-91dd42f3a0dc req-803e1324-7af6-4fe9-b3da-91dd42f3a0dc ] Request (ServersNegativeTestJSON:setUpClass): 200 GET http://10.180.1.21/compute/v2.1/servers/85f1cdf4-e578-4813-af15-d6d1f4e9ee50 1.014s
2025-04-15 18:41:25.949 69490 INFO tempest.common.waiters [-] State transition "BUILD/networking" ==> "BUILD/spawning" after 65 second wait
2025-04-15 18:41:25.950 69522 INFO tempest.lib.common.rest_client [req-ba6b6626-cf60-4ccb-a7a6-1a932b3980c5 req-ba6b6626-cf60-4ccb-a7a6-1a932b3980c5 ] Request (FloatingIPsAssociationTestJSON:tearDownClass): 204 DELETE http://10.180.1.21:9696/networking/v2.0/subnets/375341cc-f0c6-45e2-baa0-0191d8e2d3a2 0.130s
2025-04-15 18:41:26.267 69494 INFO tempest.lib.common.rest_client [req-2e7e4d36-8585-497b-aeb5-c51c6c3c3551 req-2e7e4d36-8585-497b-aeb5-c51c6c3c3551 ] Request (FloatingIPsTestJSON:test_delete_floating_ip): 202 DELETE http://10.180.1.21/compute/v2.1/os-floating-ips/b9a0da5a-1633-4116-95bf-21c7d4421809 1.260s
2025-04-15 18:41:26.338 69522 INFO tempest.lib.common.rest_client [req-39510ecc-1e89-456d-bce6-cd59f50574ce req-39510ecc-1e89-456d-bce6-cd59f50574ce ] Request (FloatingIPsAssociationTestJSON:tearDownClass): 204 DELETE http://10.180.1.21:9696/networking/v2.0/networks/a27479c9-aac6-4dec-88f0-6a50e3b98ef3 0.387s
2025-04-15 18:41:26.492 69522 INFO tempest.lib.common.rest_client [req-7bae38f8-2c6d-4998-b6da-4a16d3570a10 req-7bae38f8-2c6d-4998-b6da-4a16d3570a10 ] Request (FloatingIPsAssociationTestJSON:tearDownClass): 204 DELETE http://10.180.1.21/identity/v3/users/d27e6835752a466d8b05c51526bcb450 0.153s
2025-04-15 18:41:26.492 69522 INFO tempest.lib.common.dynamic_creds [-] Deleting project and security group for project: d0b8a27e7ca4475c89c9430d0ec79113
2025-04-15 18:41:26.553 69522 INFO tempest.lib.common.rest_client [req-c6300eae-c678-4454-a2a1-1d233cccfec4 req-c6300eae-c678-4454-a2a1-1d233cccfec4 ] Request (FloatingIPsAssociationTestJSON:tearDownClass): 200 GET http://10.180.1.21:9696/networking/v2.0/security-groups?tenant_id=d0b8a27e7ca4475c89c9430d0ec79113&name=default 0.057s
2025-04-15 18:41:26.711 69508 INFO tempest.lib.common.rest_client [req-ca7744ab-e06b-479d-9ed5-36a460609f13 req-ca7744ab-e06b-479d-9ed5-36a460609f13 ] Request (ServerRescueTestJSONUnderV235:setUpClass): 202 POST http://10.180.1.21/compute/v2.1/servers 1.566s
2025-04-15 18:41:26.722 69522 INFO tempest.lib.common.rest_client [req-89044542-ddd4-4154-afbf-c8e0a41c70b0 req-89044542-ddd4-4154-afbf-c8e0a41c70b0 ] Request (FloatingIPsAssociationTestJSON:tearDownClass): 204 DELETE http://10.180.1.21:9696/networking/v2.0/security-groups/6dcea236-2b1f-41b6-b09f-3363143e0316 0.168s
2025-04-15 18:41:26.787 69504 INFO tempest.lib.common.rest_client [req-021827b9-8c99-47b9-8d80-3a72a18ff0eb req-021827b9-8c99-47b9-8d80-3a72a18ff0eb ] Request (ServerDiskConfigTestJSON:test_rebuild_server_with_auto_disk_config): 200 GET http://10.180.1.21/compute/v2.1/servers/1c71ca38-5e4b-4afd-b253-6481bd027a80 1.349s
2025-04-15 18:41:26.802 69504 INFO tempest.common.waiters [-] State transition "BUILD/None" ==> "BUILD/networking" after 64 second wait
2025-04-15 18:41:26.871 69522 INFO tempest.lib.common.rest_client [req-3bce0f34-9a63-426c-9c66-8d56e9dae87b req-3bce0f34-9a63-426c-9c66-8d56e9dae87b ] Request (FloatingIPsAssociationTestJSON:tearDownClass): 204 DELETE http://10.180.1.21/identity/v3/projects/d0b8a27e7ca4475c89c9430d0ec79113 0.149s
2025-04-15 18:41:26.953 69522 INFO tempest.lib.common.rest_client [req-0017a849-0c28-4b62-8f75-d60f41ede115 req-0017a849-0c28-4b62-8f75-d60f41ede115 ] Request (ServerMetadataTestJSON:setUpClass): 201 POST http://10.180.1.21/identity/v3/auth/tokens 0.079s
2025-04-15 18:41:26.983 69522 INFO tempest.lib.common.rest_client [req-95ae31ce-0353-413e-b5a2-e269401e4978 req-95ae31ce-0353-413e-b5a2-e269401e4978 ] Request (ServerMetadataTestJSON:setUpClass): 201 POST http://10.180.1.21/identity/v3/auth/tokens 0.028s
2025-04-15 18:41:27.016 69522 INFO tempest.lib.common.rest_client [req-71e34d48-f877-41ab-a708-4e5e8007206e req-71e34d48-f877-41ab-a708-4e5e8007206e ] Request (ServerMetadataTestJSON:setUpClass): 200 GET http://10.180.1.21/identity/v3/domains?name=Default 0.032s
2025-04-15 18:41:27.056 69522 INFO tempest.lib.common.rest_client [req-3d2da2ee-9c9b-4c06-b5f5-7eedfa6b2314 req-3d2da2ee-9c9b-4c06-b5f5-7eedfa6b2314 ] Request (ServerMetadataTestJSON:setUpClass): 201 POST http://10.180.1.21/identity/v3/projects 0.039s
2025-04-15 18:41:27.143 69522 INFO tempest.lib.common.rest_client [req-00eb4756-385d-4a3b-b350-f831ed526c0c req-00eb4756-385d-4a3b-b350-f831ed526c0c ] Request (ServerMetadataTestJSON:setUpClass): 201 POST http://10.180.1.21/identity/v3/users 0.086s
2025-04-15 18:41:27.169 69522 INFO tempest.lib.common.rest_client [req-f2bc2633-febf-4e38-a215-fee39657b4b5 req-f2bc2633-febf-4e38-a215-fee39657b4b5 ] Request (ServerMetadataTestJSON:setUpClass): 200 GET http://10.180.1.21/identity/v3/roles 0.025s
2025-04-15 18:41:27.216 69522 INFO tempest.lib.common.rest_client [req-e7d90ab3-3df7-40c9-ae9a-3e3ffad8e329 req-e7d90ab3-3df7-40c9-ae9a-3e3ffad8e329 ] Request (ServerMetadataTestJSON:setUpClass): 204 PUT http://10.180.1.21/identity/v3/projects/141671046485499380d9e0e7e4374f4a/users/64be9a588d5f4dbe8cce98a8cc7e60f3/roles/911d50b0d107493b802349101032a25f 0.046s
2025-04-15 18:41:27.216 69522 INFO tempest.lib.common.dynamic_creds [-] Dynamic test user 64be9a588d5f4dbe8cce98a8cc7e60f3 is created with scope project and roles: ['member']
2025-04-15 18:41:27.217 69522 INFO tempest.lib.common.dynamic_creds [-] Acquired dynamic creds: credentials: Credentials: {'domain_id': 'default', 'domain_name': 'Default', 'username': 'tempest-ServerMetadataTestJSON-687237039-project-member', 'project_domain_id': 'default', 'project_domain_name': 'Default', 'project_id': '141671046485499380d9e0e7e4374f4a', 'project_name': 'tempest-ServerMetadataTestJSON-687237039', 'tenant_id': '141671046485499380d9e0e7e4374f4a', 'tenant_name': 'tempest-ServerMetadataTestJSON-687237039', 'user_domain_id': 'default', 'user_domain_name': 'Default', 'user_id': '64be9a588d5f4dbe8cce98a8cc7e60f3', 'system': None}, Network: None, Subnet: None, Router: None
2025-04-15 18:41:27.292 69522 INFO tempest.lib.common.rest_client [req-16d47fac-cb7a-4746-992c-60357d02d594 req-16d47fac-cb7a-4746-992c-60357d02d594 ] Request (ServerMetadataTestJSON:setUpClass): 201 POST http://10.180.1.21/identity/v3/auth/tokens 0.074s
2025-04-15 18:41:27.328 69478 INFO tempest.lib.common.rest_client [req-6619e68d-4b16-4726-b91a-7cb3163e8f01 req-6619e68d-4b16-4726-b91a-7cb3163e8f01 ] Request (ImagesTestJSON:test_create_image_from_stopped_server): 202 POST http://10.180.1.21/compute/v2.1/servers 1.682s
2025-04-15 18:41:27.587 69536 INFO tempest.lib.common.rest_client [req-d4c80645-0bd3-4a48-81d4-363467d600dc req-d4c80645-0bd3-4a48-81d4-363467d600dc ] Request (VolumesAdminNegativeTest:test_update_attached_volume_with_nonexistent_volume_in_body): 200 POST http://10.180.1.21/compute/v2.1/servers/f13f12d0-b8b1-4779-8bc0-2c4e1e3fd764/os-volume_attachments 2.594s
2025-04-15 18:41:27.602 69532 INFO tempest.lib.common.rest_client [req-c9a1a2d8-4844-4f78-8ea7-22618f521974 req-c9a1a2d8-4844-4f78-8ea7-22618f521974 ] Request (SecurityGroupRulesTestJSON:tearDownClass): 202 DELETE http://10.180.1.21/compute/v2.1/os-security-groups/cee94cdb-a97c-4197-a9af-2aba20273b96 1.910s
2025-04-15 18:41:27.629 69536 INFO tempest.lib.common.rest_client [req-673ff356-3476-47dd-accc-5ea2eedc1883 req-673ff356-3476-47dd-accc-5ea2eedc1883 ] Request (VolumesAdminNegativeTest:test_update_attached_volume_with_nonexistent_volume_in_body): 200 GET http://10.180.1.21/volume/v3/volumes/60858074-69ea-468d-8720-fc6d7531b64c 0.040s
2025-04-15 18:41:27.719 69531 INFO tempest.lib.common.rest_client [req-f5a4009e-a218-445d-afd0-5816e6fbb8de req-f5a4009e-a218-445d-afd0-5816e6fbb8de ] Request (QuotasTestJSON:test_get_default_quotas): 200 GET http://10.180.1.21/compute/v2.1/os-quota-sets/64db89b37cc64f2987662d4b7de5e70c/defaults 1.962s
2025-04-15 18:41:27.790 69486 INFO tempest.lib.common.rest_client [req-9339ba5f-2213-4746-bf4b-de3e7bb1792e req-9339ba5f-2213-4746-bf4b-de3e7bb1792e ] Request (MigrationsAdminTest:test_list_migrations_in_flavor_resize_situation): 200 GET http://10.180.1.21/compute/v2.1/servers/24ac6469-2873-4020-8df5-4ab801a14b5b 1.760s
2025-04-15 18:41:27.803 69510 INFO tempest.lib.common.rest_client [req-a97dcb13-ff4a-4b11-8fce-9d15dd69df71 req-a97dcb13-ff4a-4b11-8fce-9d15dd69df71 ] Request (ServersTestJSON:test_create_server_specify_multibyte_character_name): 200 GET http://10.180.1.21/compute/v2.1/servers/a29c1eef-b9eb-477a-a810-1162e6ea5fa8 1.680s
2025-04-15 18:41:27.805 69486 INFO tempest.common.waiters [-] State transition "RESIZE/resize_migrated" ==> "VERIFY_RESIZE/None" after 57 second wait
2025-04-15 18:41:27.837 69522 INFO tempest.lib.common.rest_client [req-010f10a9-8adc-4a19-b64b-4f2f60b28bb1 req-010f10a9-8adc-4a19-b64b-4f2f60b28bb1 ] Request (ServerMetadataTestJSON:setUpClass): 201 POST http://10.180.1.21:9696/networking/v2.0/networks 0.545s
2025-04-15 18:41:27.860 69512 INFO tempest.lib.common.rest_client [req-86e3f7a8-30ae-448e-ae70-62d59630334c req-86e3f7a8-30ae-448e-ae70-62d59630334c ] Request (AttachInterfacesUnderV243Test:test_add_remove_fixed_ip): 200 GET http://10.180.1.21/compute/v2.1/servers/9607aa48-7f97-4944-9450-98863f0937ff 1.727s
2025-04-15 18:41:27.892 69516 INFO tempest.lib.common.rest_client [req-41b8b42a-1afa-441d-9ecf-e074701cfc06 req-41b8b42a-1afa-441d-9ecf-e074701cfc06 ] Request (ServersV294TestFqdnHostnames:tearDownClass): 200 GET http://10.180.1.21/compute/v2.1/servers/b20de2d2-f796-41b6-be49-c08147018866 1.661s
2025-04-15 18:41:27.931 69494 INFO tempest.lib.common.rest_client [req-62a613ff-ef39-4250-8b9b-a1fcf0c471e0 req-62a613ff-ef39-4250-8b9b-a1fcf0c471e0 ] Request (FloatingIPsTestJSON:test_delete_floating_ip): 404 GET http://10.180.1.21/compute/v2.1/os-floating-ips/b9a0da5a-1633-4116-95bf-21c7d4421809 1.663s
2025-04-15 18:41:27.936 69484 INFO tempest.lib.common.rest_client [req-e8eee90c-5ba2-4776-af57-829c644b8034 req-e8eee90c-5ba2-4776-af57-829c644b8034 ] Request (ListImageFiltersTestJSON:tearDownClass): 200 GET http://10.180.1.21/compute/v2.1/servers/07272fef-5534-48e1-9231-d2d8beef9e34 1.690s
2025-04-15 18:41:27.989 69522 INFO tempest.lib.common.rest_client [req-182fc50b-83e9-4af0-9763-4c20415fe29a req-182fc50b-83e9-4af0-9763-4c20415fe29a ] Request (ServerMetadataTestJSON:setUpClass): 201 POST http://10.180.1.21:9696/networking/v2.0/subnets 0.152s
2025-04-15 18:41:28.010 69521 INFO tempest.lib.common.rest_client [req-97f1b848-f01b-473a-8746-914887f45558 req-97f1b848-f01b-473a-8746-914887f45558 ] Request (ServersTestMultiNic:_run_cleanups): 200 GET http://10.180.1.21/compute/v2.1/servers/be14257b-8502-4b3e-922d-eafc3a13b3f5 1.702s
2025-04-15 18:41:28.012 69528 INFO tempest.lib.common.rest_client [req-a46482fb-4d29-4662-ad8b-9bfee2270d69 req-a46482fb-4d29-4662-ad8b-9bfee2270d69 ] Request (ImagesNegativeTestJSON:test_create_image_from_deleted_server): 200 GET http://10.180.1.21/compute/v2.1/servers/afff8818-2298-46fe-b4f7-cbd46c470d89 1.682s
2025-04-15 18:41:28.067 69507 INFO tempest.lib.common.rest_client [req-f525a0c2-7502-44e6-ab26-a32d1f07b1f6 req-f525a0c2-7502-44e6-ab26-a32d1f07b1f6 ] Request (SecurityGroupsTestJSON:test_server_security_groups): 200 GET http://10.180.1.21/compute/v2.1/servers/00776691-3b62-4c23-bd35-8149937a5386 1.535s
2025-04-15 18:41:28.083 69476 INFO tempest.lib.common.rest_client [req-1317d864-15dd-4b78-bf10-ac3ac79dfc8a req-1317d864-15dd-4b78-bf10-ac3ac79dfc8a ] Request (DeleteServersAdminTestJSON:test_delete_server_while_in_error_state): 200 GET http://10.180.1.21/compute/v2.1/servers/5cbc0eb4-30f5-48bf-a476-e577d53c2f4a 1.660s
2025-04-15 18:41:28.109 69514 WARNING tempest.lib.common.ssh [-] Failed to establish authenticated ssh connection to cirros@10.180.180.212 ([Errno None] Unable to connect to port 22 on 10.180.180.212). Number attempts: 2. Retry after 3 seconds.: paramiko.ssh_exception.NoValidConnectionsError: [Errno None] Unable to connect to port 22 on 10.180.180.212
2025-04-15 18:41:28.138 69508 INFO tempest.lib.common.rest_client [req-72712174-80f4-47f6-9fe2-ee63a0da4288 req-72712174-80f4-47f6-9fe2-ee63a0da4288 ] Request (ServerRescueTestJSONUnderV235:setUpClass): 200 GET http://10.180.1.21/compute/v2.1/servers/eaa07690-118d-4c3d-837e-63358222e9d2 1.425s
2025-04-15 18:41:28.167 69488 INFO tempest.lib.common.rest_client [req-7dbb2419-d6d7-460e-ae24-3ea3439e107f req-7dbb2419-d6d7-460e-ae24-3ea3439e107f ] Request (ServersAdminTestJSON:test_inject_network_info): 200 GET http://10.180.1.21/compute/v2.1/servers/cd69c4bf-2319-4880-8707-8e6b0c9aba18 1.511s
2025-04-15 18:41:28.196 69482 INFO tempest.lib.common.rest_client [req-cfe94cb3-8f59-4e7d-861f-3a0fad62f191 req-cfe94cb3-8f59-4e7d-861f-3a0fad62f191 ] Request (ServersNegativeTestMultiTenantJSON:tearDownClass): 200 GET http://10.180.1.21/compute/v2.1/servers/531569c8-9bb4-4adf-a6ab-b107a99d11d6 1.454s
2025-04-15 18:41:28.244 69493 INFO tempest.lib.common.rest_client [req-80bfb4ca-cd3f-49c7-bcb3-d475188bd0d2 req-80bfb4ca-cd3f-49c7-bcb3-d475188bd0d2 ] Request (TenantUsagesTestJSON:tearDownClass): 200 GET http://10.180.1.21/compute/v2.1/servers/62015eca-8518-450f-98a5-98af7156fc9a 1.436s
2025-04-15 18:41:28.256 69493 INFO tempest.common.waiters [-] State transition "ACTIVE/deleting" ==> "DELETED/None" after 5 second wait
2025-04-15 18:41:28.347 69498 INFO tempest.lib.common.rest_client [req-c14cd341-91ab-4a37-84d1-8cb8e156ae8b req-c14cd341-91ab-4a37-84d1-8cb8e156ae8b ] Request (ServerActionsTestOtherA:test_rebuild_server_in_stop_state): 200 GET http://10.180.1.21/compute/v2.1/servers/873ed12d-97e6-4349-8c04-b806f8f486ed 1.454s
2025-04-15 18:41:28.355 69498 INFO tempest.common.waiters [-] State transition "BUILD/spawning" ==> "ACTIVE/None" after 82 second wait
2025-04-15 18:41:28.360 69490 INFO tempest.lib.common.rest_client [req-9bfba93b-ceac-44ea-86a0-8c94c3507770 req-9bfba93b-ceac-44ea-86a0-8c94c3507770 ] Request (ServersNegativeTestJSON:setUpClass): 200 GET http://10.180.1.21/compute/v2.1/servers/85f1cdf4-e578-4813-af15-d6d1f4e9ee50 1.410s
2025-04-15 18:41:28.402 69478 INFO tempest.lib.common.rest_client [req-34d2335d-9945-40f2-9324-b44383824c17 req-34d2335d-9945-40f2-9324-b44383824c17 ] Request (ImagesTestJSON:test_create_image_from_stopped_server): 200 GET http://10.180.1.21/compute/v2.1/servers/31d57149-a77a-43af-bb05-1013587cf9ce 1.072s
2025-04-15 18:41:28.468 69531 INFO tempest.lib.common.rest_client [req-4140e786-901a-4035-981f-6628ef0d366c req-4140e786-901a-4035-981f-6628ef0d366c ] Request (QuotasTestJSON:test_get_quotas): 200 GET http://10.180.1.21/compute/v2.1/os-quota-sets/64db89b37cc64f2987662d4b7de5e70c 0.743s
2025-04-15 18:41:28.493 69532 INFO tempest.lib.common.rest_client [req-0f7abffe-cd10-4851-9205-50c73fd0e9c9 req-0f7abffe-cd10-4851-9205-50c73fd0e9c9 ] Request (SecurityGroupRulesTestJSON:tearDownClass): 202 DELETE http://10.180.1.21/compute/v2.1/os-security-groups/52f36f35-5ecd-4f81-ac36-5da2eb3a8a2a 0.890s
2025-04-15 18:41:28.547 69486 INFO tempest.lib.common.rest_client [req-ac58b585-8f0e-4d62-bd2f-ef78073b0ffb req-ac58b585-8f0e-4d62-bd2f-ef78073b0ffb ] Request (MigrationsAdminTest:test_list_migrations_in_flavor_resize_situation): 204 POST http://10.180.1.21/compute/v2.1/servers/24ac6469-2873-4020-8df5-4ab801a14b5b/action 0.741s
2025-04-15 18:41:28.581 69494 INFO tempest.lib.common.rest_client [req-9469301f-f682-4e2e-9a3e-aeb7792d7ec0 req-9469301f-f682-4e2e-9a3e-aeb7792d7ec0 ] Request (FloatingIPsTestJSON:_run_cleanups): 404 DELETE http://10.180.1.21/compute/v2.1/os-floating-ips/b9a0da5a-1633-4116-95bf-21c7d4421809 0.649s
2025-04-15 18:41:28.630 69504 INFO tempest.lib.common.rest_client [req-b0b51662-af3f-4e33-bdba-36dd20e8b174 req-b0b51662-af3f-4e33-bdba-36dd20e8b174 ] Request (ServerDiskConfigTestJSON:test_rebuild_server_with_auto_disk_config): 200 GET http://10.180.1.21/compute/v2.1/servers/1c71ca38-5e4b-4afd-b253-6481bd027a80 0.827s
2025-04-15 18:41:28.641 69504 INFO tempest.common.waiters [-] State transition "BUILD/networking" ==> "BUILD/spawning" after 66 second wait
2025-04-15 18:41:28.695 69531 INFO tempest.lib.common.rest_client [req-3dfa6901-a35f-4511-bca4-e98a4e7c5fce req-3dfa6901-a35f-4511-bca4-e98a4e7c5fce ] Request (QuotasTestJSON:test_get_quotas): 200 GET http://10.180.1.21/compute/v2.1/os-quota-sets/64db89b37cc64f2987662d4b7de5e70c?user_id=bf92ab26319a48ec8b8932a88629587e 0.225s
2025-04-15 18:41:28.702 69536 INFO tempest.lib.common.rest_client [req-65be947e-1d27-4aa3-8d5f-e309370b31f2 req-65be947e-1d27-4aa3-8d5f-e309370b31f2 ] Request (VolumesAdminNegativeTest:test_update_attached_volume_with_nonexistent_volume_in_body): 200 GET http://10.180.1.21/volume/v3/volumes/60858074-69ea-468d-8720-fc6d7531b64c 0.065s
2025-04-15 18:41:28.743 69498 INFO tempest.lib.common.rest_client [req-819df140-88f4-4d9e-a561-b7e535f1bfa7 req-819df140-88f4-4d9e-a561-b7e535f1bfa7 ] Request (ServerActionsTestOtherA:test_rebuild_server_in_stop_state): 200 GET http://10.180.1.21/compute/v2.1/servers/873ed12d-97e6-4349-8c04-b806f8f486ed 0.388s
2025-04-15 18:41:28.799 69531 INFO tempest.lib.common.rest_client [req-e34f5108-682b-4c5f-910b-c8b3e213f2c0 req-e34f5108-682b-4c5f-910b-c8b3e213f2c0 ] Request (QuotasTestJSON:tearDownClass): 204 DELETE http://10.180.1.21/identity/v3/users/bf92ab26319a48ec8b8932a88629587e 0.093s
2025-04-15 18:41:28.799 69531 INFO tempest.lib.common.dynamic_creds [-] Deleting project and security group for project: 64db89b37cc64f2987662d4b7de5e70c
2025-04-15 18:41:28.840 69522 INFO tempest.lib.common.rest_client [req-e33c5d36-e73c-4297-b1f0-22ed613939bd req-e33c5d36-e73c-4297-b1f0-22ed613939bd ] Request (ServerMetadataTestJSON:setUpClass): 201 POST http://10.180.1.21:9696/networking/v2.0/routers 0.850s
2025-04-15 18:41:28.875 69531 INFO tempest.lib.common.rest_client [req-4f80e960-0e16-4aca-964e-c568946ca71e req-4f80e960-0e16-4aca-964e-c568946ca71e ] Request (QuotasTestJSON:tearDownClass): 201 POST http://10.180.1.21/identity/v3/auth/tokens 0.075s
2025-04-15 18:41:28.904 69486 INFO tempest.lib.common.rest_client [req-0ae3a2ce-78a8-467f-95b2-af2a6384e0db req-0ae3a2ce-78a8-467f-95b2-af2a6384e0db ] Request (MigrationsAdminTest:test_list_migrations_in_flavor_resize_situation): 200 GET http://10.180.1.21/compute/v2.1/servers/24ac6469-2873-4020-8df5-4ab801a14b5b 0.357s
2025-04-15 18:41:28.916 69532 INFO tempest.lib.common.rest_client [req-b34d250b-0f46-45ac-af76-e6dafb9f5b91 req-b34d250b-0f46-45ac-af76-e6dafb9f5b91 ] Request (SecurityGroupRulesTestJSON:tearDownClass): 202 DELETE http://10.180.1.21/compute/v2.1/os-security-groups/4acc663b-6ca8-4982-bf63-8286aa6ff913 0.422s
2025-04-15 18:41:28.985 69498 INFO tempest.lib.common.rest_client [req-dc161561-ce5b-4175-84d5-8fa4ef82c29a req-dc161561-ce5b-4175-84d5-8fa4ef82c29a ] Request (ServerActionsTestOtherA:test_rebuild_server_in_stop_state): 202 POST http://10.180.1.21/compute/v2.1/servers/873ed12d-97e6-4349-8c04-b806f8f486ed/action 0.234s
2025-04-15 18:41:29.011 69510 INFO tempest.lib.common.rest_client [req-c4a0bb92-cc2e-4f29-ad55-9336e773d00e req-c4a0bb92-cc2e-4f29-ad55-9336e773d00e ] Request (ServersTestJSON:test_create_server_specify_multibyte_character_name): 200 GET http://10.180.1.21/compute/v2.1/servers/a29c1eef-b9eb-477a-a810-1162e6ea5fa8 0.193s
2025-04-15 18:41:29.069 69512 INFO tempest.lib.common.rest_client [req-348b87bf-cf3e-4095-a6e7-20e563277669 req-348b87bf-cf3e-4095-a6e7-20e563277669 ] Request (AttachInterfacesUnderV243Test:test_add_remove_fixed_ip): 200 GET http://10.180.1.21/compute/v2.1/servers/9607aa48-7f97-4944-9450-98863f0937ff 0.201s
2025-04-15 18:41:29.101 69516 INFO tempest.lib.common.rest_client [req-41d489d0-8abb-4799-873d-fb41c202e0cd req-41d489d0-8abb-4799-873d-fb41c202e0cd ] Request (ServersV294TestFqdnHostnames:tearDownClass): 200 GET http://10.180.1.21/compute/v2.1/servers/b20de2d2-f796-41b6-be49-c08147018866 0.187s
2025-04-15 18:41:29.150 69484 INFO tempest.lib.common.rest_client [req-713f64dd-49a9-4133-bd3b-5e78290ebb81 req-713f64dd-49a9-4133-bd3b-5e78290ebb81 ] Request (ListImageFiltersTestJSON:tearDownClass): 200 GET http://10.180.1.21/compute/v2.1/servers/07272fef-5534-48e1-9231-d2d8beef9e34 0.201s
2025-04-15 18:41:29.221 69531 INFO tempest.lib.common.rest_client [req-59c006e2-c867-4806-b802-b4c826e71b8e req-59c006e2-c867-4806-b802-b4c826e71b8e ] Request (QuotasTestJSON:tearDownClass): 200 GET http://10.180.1.21:9696/networking/v2.0/security-groups?tenant_id=64db89b37cc64f2987662d4b7de5e70c&name=default 0.346s
2025-04-15 18:41:29.246 69528 INFO tempest.lib.common.rest_client [req-3fbf122e-dc28-4259-ab1a-8a3d26390e28 req-3fbf122e-dc28-4259-ab1a-8a3d26390e28 ] Request (ImagesNegativeTestJSON:test_create_image_from_deleted_server): 200 GET http://10.180.1.21/compute/v2.1/servers/afff8818-2298-46fe-b4f7-cbd46c470d89 0.224s
2025-04-15 18:41:29.321 69521 INFO tempest.lib.common.rest_client [req-fa4b3e57-b434-45ee-b230-3481b7d073df req-fa4b3e57-b434-45ee-b230-3481b7d073df ] Request (ServersTestMultiNic:_run_cleanups): 200 GET http://10.180.1.21/compute/v2.1/servers/be14257b-8502-4b3e-922d-eafc3a13b3f5 0.301s
2025-04-15 18:41:29.324 69498 INFO tempest.lib.common.rest_client [req-5724ba04-46f3-4afb-88be-7ad8b5e95192 req-5724ba04-46f3-4afb-88be-7ad8b5e95192 ] Request (ServerActionsTestOtherA:test_rebuild_server_in_stop_state): 200 GET http://10.180.1.21/compute/v2.1/servers/873ed12d-97e6-4349-8c04-b806f8f486ed 0.338s
2025-04-15 18:41:29.354 69476 INFO tempest.lib.common.rest_client [req-55c198b0-bdd5-455f-b847-3edbd9dfa63f req-55c198b0-bdd5-455f-b847-3edbd9dfa63f ] Request (DeleteServersAdminTestJSON:test_delete_server_while_in_error_state): 404 GET http://10.180.1.21/compute/v2.1/servers/5cbc0eb4-30f5-48bf-a476-e577d53c2f4a 0.261s
2025-04-15 18:41:29.372 69507 INFO tempest.lib.common.rest_client [req-999a42df-f201-42a9-8b53-cd2e98e53649 req-999a42df-f201-42a9-8b53-cd2e98e53649 ] Request (SecurityGroupsTestJSON:test_server_security_groups): 200 GET http://10.180.1.21/compute/v2.1/servers/00776691-3b62-4c23-bd35-8149937a5386 0.296s
2025-04-15 18:41:29.405 69508 INFO tempest.lib.common.rest_client [req-b5d6e166-b0ab-4925-ab46-a224cb3b23c9 req-b5d6e166-b0ab-4925-ab46-a224cb3b23c9 ] Request (ServerRescueTestJSONUnderV235:setUpClass): 200 GET http://10.180.1.21/compute/v2.1/servers/eaa07690-118d-4c3d-837e-63358222e9d2 0.259s
2025-04-15 18:41:29.421 69531 INFO tempest.lib.common.rest_client [req-fc5a17db-cb8e-450c-863e-efd51f4dfcdb req-fc5a17db-cb8e-450c-863e-efd51f4dfcdb ] Request (QuotasTestJSON:tearDownClass): 204 DELETE http://10.180.1.21:9696/networking/v2.0/security-groups/038db108-da96-4a61-b79c-0c6a1263b77c 0.199s
2025-04-15 18:41:29.488 69482 INFO tempest.lib.common.rest_client [req-be81e484-9915-4779-90ba-105329325abf req-be81e484-9915-4779-90ba-105329325abf ] Request (ServersNegativeTestMultiTenantJSON:tearDownClass): 200 GET http://10.180.1.21/compute/v2.1/servers/531569c8-9bb4-4adf-a6ab-b107a99d11d6 0.283s
2025-04-15 18:41:29.514 69531 INFO tempest.lib.common.rest_client [req-3971a9c7-e25d-452a-81f2-70126e32f8e9 req-3971a9c7-e25d-452a-81f2-70126e32f8e9 ] Request (QuotasTestJSON:tearDownClass): 204 DELETE http://10.180.1.21/identity/v3/projects/64db89b37cc64f2987662d4b7de5e70c 0.093s
2025-04-15 18:41:29.546 69488 INFO tempest.lib.common.rest_client [req-04426547-42ae-4e69-a8af-773a153e02ff req-04426547-42ae-4e69-a8af-773a153e02ff ] Request (ServersAdminTestJSON:test_inject_network_info): 200 GET http://10.180.1.21/compute/v2.1/servers/cd69c4bf-2319-4880-8707-8e6b0c9aba18 0.371s
2025-04-15 18:41:29.566 69476 INFO tempest.lib.common.rest_client [req-a06ea4ea-5016-4e7f-bda7-fc14c87e79a8 req-a06ea4ea-5016-4e7f-bda7-fc14c87e79a8 ] Request (DeleteServersAdminTestJSON:tearDownClass): 404 DELETE http://10.180.1.21/compute/v2.1/servers/5cbc0eb4-30f5-48bf-a476-e577d53c2f4a 0.210s
2025-04-15 18:41:29.576 69493 INFO tempest.lib.common.rest_client [req-d06cc97c-b76d-4657-8a1c-28c1d22100bf req-d06cc97c-b76d-4657-8a1c-28c1d22100bf ] Request (TenantUsagesTestJSON:tearDownClass): 200 GET http://10.180.1.21/compute/v2.1/servers/62015eca-8518-450f-98a5-98af7156fc9a 0.319s
2025-04-15 18:41:29.668 69478 INFO tempest.lib.common.rest_client [req-6a9f71f9-77e6-4cc1-bce9-cd3c6991e56c req-6a9f71f9-77e6-4cc1-bce9-cd3c6991e56c ] Request (ImagesTestJSON:test_create_image_from_stopped_server): 200 GET http://10.180.1.21/compute/v2.1/servers/31d57149-a77a-43af-bb05-1013587cf9ce 0.252s
2025-04-15 18:41:29.679 69478 INFO tempest.common.waiters [-] State transition "BUILD/scheduling" ==> "BUILD/None" after 1 second wait
2025-04-15 18:41:29.694 69476 INFO tempest.lib.common.rest_client [req-7042f2b6-59df-48d4-b701-86428154c948 req-7042f2b6-59df-48d4-b701-86428154c948 ] Request (DeleteServersAdminTestJSON:tearDownClass): 404 GET http://10.180.1.21/compute/v2.1/servers/5cbc0eb4-30f5-48bf-a476-e577d53c2f4a 0.128s
2025-04-15 18:41:29.752 69536 INFO tempest.lib.common.rest_client [req-5b30b696-4ab8-4c9b-85f3-10755f86ba66 req-5b30b696-4ab8-4c9b-85f3-10755f86ba66 ] Request (VolumesAdminNegativeTest:test_update_attached_volume_with_nonexistent_volume_in_body): 200 GET http://10.180.1.21/volume/v3/volumes/60858074-69ea-468d-8720-fc6d7531b64c 0.042s
2025-04-15 18:41:29.758 69490 INFO tempest.lib.common.rest_client [req-cac418b2-bb7e-4b05-a9dc-bc69cfc40f48 req-cac418b2-bb7e-4b05-a9dc-bc69cfc40f48 ] Request (ServersNegativeTestJSON:setUpClass): 200 GET http://10.180.1.21/compute/v2.1/servers/85f1cdf4-e578-4813-af15-d6d1f4e9ee50 0.390s
2025-04-15 18:41:29.784 69476 INFO tempest.lib.common.rest_client [req-b1d713dd-1530-45cd-99b1-ef929fb6ca8a req-b1d713dd-1530-45cd-99b1-ef929fb6ca8a ] Request (DeleteServersAdminTestJSON:tearDownClass): 404 DELETE http://10.180.1.21/compute/v2.1/servers/df60842a-80f1-43d9-8aa8-f42d03537e76 0.090s
2025-04-15 18:41:29.812 69476 INFO tempest.lib.common.rest_client [req-115240c9-b5f1-450d-9e51-0c342df8e6d0 req-115240c9-b5f1-450d-9e51-0c342df8e6d0 ] Request (DeleteServersAdminTestJSON:tearDownClass): 404 GET http://10.180.1.21/compute/v2.1/servers/df60842a-80f1-43d9-8aa8-f42d03537e76 0.027s
2025-04-15 18:41:29.830 69504 INFO tempest.lib.common.rest_client [req-2c0f35ea-b90a-4790-81a3-f624d80323d7 req-2c0f35ea-b90a-4790-81a3-f624d80323d7 ] Request (ServerDiskConfigTestJSON:test_rebuild_server_with_auto_disk_config): 200 GET http://10.180.1.21/compute/v2.1/servers/1c71ca38-5e4b-4afd-b253-6481bd027a80 0.185s
2025-04-15 18:41:29.837 69524 WARNING tempest.lib.common.ssh [-] Failed to establish authenticated ssh connection to cirros@10.180.180.143 ([Errno None] Unable to connect to port 22 on 10.180.180.143). Number attempts: 3. Retry after 4 seconds.: paramiko.ssh_exception.NoValidConnectionsError: [Errno None] Unable to connect to port 22 on 10.180.180.143
2025-04-15 18:41:29.890 69494 INFO tempest.lib.common.rest_client [req-9593ac54-1360-4aee-a12a-9ada205a1bda req-9593ac54-1360-4aee-a12a-9ada205a1bda ] Request (FloatingIPsTestJSON:tearDownClass): 200 PUT http://10.180.1.21:9696/networking/v2.0/routers/9d93fdb8-3327-49a6-811b-17783735e748/remove_router_interface 1.307s
2025-04-15 18:41:29.951 69476 INFO tempest.lib.common.rest_client [req-37df45b4-12c4-4efd-9c14-7cc757836d1e req-37df45b4-12c4-4efd-9c14-7cc757836d1e ] Request (DeleteServersAdminTestJSON:tearDownClass): 204 DELETE http://10.180.1.21/identity/v3/users/7bedfcbbb0bb465cb4a866351bc03da4 0.139s
2025-04-15 18:41:30.086 69476 INFO tempest.lib.common.rest_client [req-a6240af7-b0f2-4973-9448-0a4ddafa9859 req-a6240af7-b0f2-4973-9448-0a4ddafa9859 ] Request (DeleteServersAdminTestJSON:tearDownClass): 204 DELETE http://10.180.1.21/identity/v3/users/d2c5ba45ad394ed6bca0472f07fa1082 0.134s
2025-04-15 18:41:30.086 69476 INFO tempest.lib.common.dynamic_creds [-] Deleting project and security group for project: 55254ea5cfb8490bad88837229676192
2025-04-15 18:41:30.103 69510 INFO tempest.lib.common.rest_client [req-45c4d2e3-8d45-4479-bb42-d6d353f3d920 req-45c4d2e3-8d45-4479-bb42-d6d353f3d920 ] Request (ServersTestJSON:test_create_server_specify_multibyte_character_name): 200 GET http://10.180.1.21/compute/v2.1/servers/a29c1eef-b9eb-477a-a810-1162e6ea5fa8 0.075s
2025-04-15 18:41:30.106 69486 INFO tempest.lib.common.rest_client [req-9a4c9a38-2f90-4ab3-8159-3769ad744857 req-9a4c9a38-2f90-4ab3-8159-3769ad744857 ] Request (MigrationsAdminTest:test_list_migrations_in_flavor_resize_situation): 200 GET http://10.180.1.21/compute/v2.1/servers/24ac6469-2873-4020-8df5-4ab801a14b5b 0.191s
2025-04-15 18:41:30.162 69476 INFO tempest.lib.common.rest_client [req-eb84bcb8-3abf-434d-96c3-f0592b172dc6 req-eb84bcb8-3abf-434d-96c3-f0592b172dc6 ] Request (DeleteServersAdminTestJSON:tearDownClass): 201 POST http://10.180.1.21/identity/v3/auth/tokens 0.076s
2025-04-15 18:41:30.185 69512 INFO tempest.lib.common.rest_client [req-a65214e3-3943-453d-b7a8-613a8e424cad req-a65214e3-3943-453d-b7a8-613a8e424cad ] Request (AttachInterfacesUnderV243Test:test_add_remove_fixed_ip): 200 GET http://10.180.1.21/compute/v2.1/servers/9607aa48-7f97-4944-9450-98863f0937ff 0.106s
2025-04-15 18:41:30.217 69516 INFO tempest.lib.common.rest_client [req-1c308b08-03b7-4266-a2f3-a69d00f5a5ea req-1c308b08-03b7-4266-a2f3-a69d00f5a5ea ] Request (ServersV294TestFqdnHostnames:tearDownClass): 200 GET http://10.180.1.21/compute/v2.1/servers/b20de2d2-f796-41b6-be49-c08147018866 0.104s
2025-04-15 18:41:30.516 69484 INFO tempest.lib.common.rest_client [req-8b52dc80-e592-4142-b21f-15300ccbd64d req-8b52dc80-e592-4142-b21f-15300ccbd64d ] Request (ListImageFiltersTestJSON:tearDownClass): 200 GET http://10.180.1.21/compute/v2.1/servers/07272fef-5534-48e1-9231-d2d8beef9e34 0.355s
2025-04-15 18:41:30.548 69528 INFO tempest.lib.common.rest_client [req-05e7f654-00ec-4ec4-889d-1b62984f540a req-05e7f654-00ec-4ec4-889d-1b62984f540a ] Request (ImagesNegativeTestJSON:test_create_image_from_deleted_server): 200 GET http://10.180.1.21/compute/v2.1/servers/afff8818-2298-46fe-b4f7-cbd46c470d89 0.287s
2025-04-15 18:41:30.559 69532 INFO tempest.lib.common.rest_client [req-bbecda8a-a07f-4ae0-b415-dc04dfd52d41 req-bbecda8a-a07f-4ae0-b415-dc04dfd52d41 ] Request (SecurityGroupRulesTestJSON:tearDownClass): 200 PUT http://10.180.1.21:9696/networking/v2.0/routers/32466ef0-a9f5-474f-afe0-9b326b3dd05f/remove_router_interface 1.643s
2025-04-15 18:41:30.608 69521 INFO tempest.lib.common.rest_client [req-ccebf74e-b17f-4c3a-9a81-3508fac47908 req-ccebf74e-b17f-4c3a-9a81-3508fac47908 ] Request (ServersTestMultiNic:_run_cleanups): 200 GET http://10.180.1.21/compute/v2.1/servers/be14257b-8502-4b3e-922d-eafc3a13b3f5 0.277s
2025-04-15 18:41:30.717 69507 INFO tempest.lib.common.rest_client [req-0ce125e3-3ab7-4532-895b-87a858d27314 req-0ce125e3-3ab7-4532-895b-87a858d27314 ] Request (SecurityGroupsTestJSON:test_server_security_groups): 200 GET http://10.180.1.21/compute/v2.1/servers/00776691-3b62-4c23-bd35-8149937a5386 0.336s
2025-04-15 18:41:30.800 69536 INFO tempest.lib.common.rest_client [req-0e48bec9-3d46-45a5-87c7-91cbfdd72ecb req-0e48bec9-3d46-45a5-87c7-91cbfdd72ecb ] Request (VolumesAdminNegativeTest:test_update_attached_volume_with_nonexistent_volume_in_body): 200 GET http://10.180.1.21/volume/v3/volumes/60858074-69ea-468d-8720-fc6d7531b64c 0.040s
2025-04-15 18:41:30.870 69498 INFO tempest.lib.common.rest_client [req-58d94e60-41a8-4869-bf57-c60031986e0a req-58d94e60-41a8-4869-bf57-c60031986e0a ] Request (ServerActionsTestOtherA:test_rebuild_server_in_stop_state): 200 GET http://10.180.1.21/compute/v2.1/servers/873ed12d-97e6-4349-8c04-b806f8f486ed 0.533s
2025-04-15 18:41:30.883 69476 INFO tempest.lib.common.rest_client [req-9f2fda40-3162-410f-ab72-fc1eede37374 req-9f2fda40-3162-410f-ab72-fc1eede37374 ] Request (DeleteServersAdminTestJSON:tearDownClass): 200 GET http://10.180.1.21:9696/networking/v2.0/security-groups?tenant_id=55254ea5cfb8490bad88837229676192&name=default 0.720s
2025-04-15 18:41:30.888 69522 INFO tempest.lib.common.rest_client [req-4f5c441a-7833-49fa-b0bf-72765610df54 req-4f5c441a-7833-49fa-b0bf-72765610df54 ] Request (ServerMetadataTestJSON:setUpClass): 200 PUT http://10.180.1.21:9696/networking/v2.0/routers/df508034-d0e4-4f01-933c-924bf4baba03/add_router_interface 2.047s
2025-04-15 18:41:30.888 69522 INFO tempest.lib.common.dynamic_creds [-] Created isolated network resources for: credentials: Credentials: {'domain_id': 'default', 'domain_name': 'Default', 'username': 'tempest-ServerMetadataTestJSON-687237039-project-member', 'project_domain_id': 'default', 'project_domain_name': 'Default', 'project_id': '141671046485499380d9e0e7e4374f4a', 'project_name': 'tempest-ServerMetadataTestJSON-687237039', 'tenant_id': '141671046485499380d9e0e7e4374f4a', 'tenant_name': 'tempest-ServerMetadataTestJSON-687237039', 'user_domain_id': 'default', 'user_domain_name': 'Default', 'user_id': '64be9a588d5f4dbe8cce98a8cc7e60f3', 'system': None}, Network: {'id': 'd9346d95-06a9-45a9-a521-c634525e3c48', 'name': 'tempest-ServerMetadataTestJSON-944254931-network', 'tenant_id': '141671046485499380d9e0e7e4374f4a', 'admin_state_up': True, 'mtu': 8950, 'status': 'ACTIVE', 'subnets': [], 'shared': False, 'project_id': '141671046485499380d9e0e7e4374f4a', 'port_security_enabled': True, 'router:external': False, 'provider:network_type': 'vlan', 'provider:physical_network': 'default', 'provider:segmentation_id': 128, 'availability_zone_hints': [], 'availability_zones': [], 'ipv4_address_scope': None, 'ipv6_address_scope': None, 'description': '', 'tags': [], 'created_at': '2025-04-15T18:41:27Z', 'updated_at': '2025-04-15T18:41:27Z', 'revision_number': 1}, Subnet: {'id': 'beeeeed4-3292-4eed-a03d-6d795ec382c2', 'name': 'tempest-ServerMetadataTestJSON-944254931-subnet', 'tenant_id': '141671046485499380d9e0e7e4374f4a', 'network_id': 'd9346d95-06a9-45a9-a521-c634525e3c48', 'ip_version': 4, 'subnetpool_id': None, 'enable_dhcp': True, 'ipv6_ra_mode': None, 'ipv6_address_mode': None, 'gateway_ip': '192.168.128.1', 'cidr': '192.168.128.0/28', 'allocation_pools': [{'start': '192.168.128.2', 'end': '192.168.128.14'}], 'host_routes': [], 'dns_nameservers': [], 'description': '', 'router:external': False, 'service_types': [], 'tags': [], 'created_at': '2025-04-15T18:41:27Z', 'updated_at': '2025-04-15T18:41:27Z', 'revision_number': 0, 'project_id': '141671046485499380d9e0e7e4374f4a'}, Router: {'id': 'df508034-d0e4-4f01-933c-924bf4baba03', 'name': 'tempest-ServerMetadataTestJSON-944254931-router', 'tenant_id': '141671046485499380d9e0e7e4374f4a', 'admin_state_up': True, 'status': 'ACTIVE', 'external_gateway_info': {'network_id': 'ecec27d3-8986-4f9a-b40d-a6b926a33e8d', 'external_fixed_ips': [{'subnet_id': 'aa52f31b-309e-4d95-86a2-f3d8548516c1', 'ip_address': '10.180.180.152'}], 'enable_snat': True}, 'description': '', 'availability_zones': [], 'distributed': False, 'ha': False, 'availability_zone_hints': [], 'routes': [], 'flavor_id': None, 'tags': [], 'created_at': '2025-04-15T18:41:28Z', 'updated_at': '2025-04-15T18:41:28Z', 'revision_number': 2, 'project_id': '141671046485499380d9e0e7e4374f4a'}
2025-04-15 18:41:30.892 69508 INFO tempest.lib.common.rest_client [req-868c7a02-a6b4-4fcc-a015-9cf44c5c9194 req-868c7a02-a6b4-4fcc-a015-9cf44c5c9194 ] Request (ServerRescueTestJSONUnderV235:setUpClass): 200 GET http://10.180.1.21/compute/v2.1/servers/eaa07690-118d-4c3d-837e-63358222e9d2 0.474s
2025-04-15 18:41:30.920 69494 INFO tempest.lib.common.rest_client [req-7db283ce-b5e1-488d-bffb-751c5dec66de req-7db283ce-b5e1-488d-bffb-751c5dec66de ] Request (FloatingIPsTestJSON:tearDownClass): 204 DELETE http://10.180.1.21:9696/networking/v2.0/routers/9d93fdb8-3327-49a6-811b-17783735e748 1.029s
2025-04-15 18:41:30.973 69482 INFO tempest.lib.common.rest_client [req-5aad280a-e9c4-4bc0-acb4-71af9e225276 req-5aad280a-e9c4-4bc0-acb4-71af9e225276 ] Request (ServersNegativeTestMultiTenantJSON:tearDownClass): 200 GET http://10.180.1.21/compute/v2.1/servers/531569c8-9bb4-4adf-a6ab-b107a99d11d6 0.475s
2025-04-15 18:41:31.001 69522 INFO tempest.lib.common.rest_client [req-c3055a7a-04e8-4ecf-af07-4b52cb5f8893 req-c3055a7a-04e8-4ecf-af07-4b52cb5f8893 ] Request (ServerMetadataTestJSON:setUpClass): 201 POST http://10.180.1.21/identity/v3/auth/tokens 0.106s
2025-04-15 18:41:31.030 69522 INFO tempest.lib.common.rest_client [req-1b8e2e14-d3f0-42ea-9b20-c7888c7dd840 req-1b8e2e14-d3f0-42ea-9b20-c7888c7dd840 ] Request (ServerMetadataTestJSON:setUpClass): 201 POST http://10.180.1.21/identity/v3/auth/tokens 0.025s
2025-04-15 18:41:31.030 69522 INFO tempest.lib.common.fixed_network [-] (ServerMetadataTestJSON:setUpClass) Found network {'id': 'd9346d95-06a9-45a9-a521-c634525e3c48', 'name': 'tempest-ServerMetadataTestJSON-944254931-network', 'tenant_id': '141671046485499380d9e0e7e4374f4a', 'admin_state_up': True, 'mtu': 8950, 'status': 'ACTIVE', 'subnets': [], 'shared': False, 'project_id': '141671046485499380d9e0e7e4374f4a', 'port_security_enabled': True, 'router:external': False, 'provider:network_type': 'vlan', 'provider:physical_network': 'default', 'provider:segmentation_id': 128, 'availability_zone_hints': [], 'availability_zones': [], 'ipv4_address_scope': None, 'ipv6_address_scope': None, 'description': '', 'tags': [], 'created_at': '2025-04-15T18:41:27Z', 'updated_at': '2025-04-15T18:41:27Z', 'revision_number': 1} available for tenant
2025-04-15 18:41:31.045 69476 INFO tempest.lib.common.rest_client [req-74f5d4b7-6127-463f-af55-f9ea5be0d30b req-74f5d4b7-6127-463f-af55-f9ea5be0d30b ] Request (DeleteServersAdminTestJSON:tearDownClass): 204 DELETE http://10.180.1.21:9696/networking/v2.0/security-groups/4b26b05a-3bb8-4fd7-a4f7-bce60f3468e3 0.161s
2025-04-15 18:41:31.061 69493 INFO tempest.lib.common.rest_client [req-625b45c2-6c55-40aa-abc7-338d919d2dfe req-625b45c2-6c55-40aa-abc7-338d919d2dfe ] Request (TenantUsagesTestJSON:tearDownClass): 200 GET http://10.180.1.21/compute/v2.1/servers/62015eca-8518-450f-98a5-98af7156fc9a 0.472s
2025-04-15 18:41:31.114 69494 INFO tempest.lib.common.rest_client [req-3b4f11bb-ede1-4770-8d05-ade2be0d84cd req-3b4f11bb-ede1-4770-8d05-ade2be0d84cd ] Request (FloatingIPsTestJSON:tearDownClass): 204 DELETE http://10.180.1.21:9696/networking/v2.0/subnets/7c1b2c77-23e7-4c92-aca8-81e0f1b659ce 0.193s
2025-04-15 18:41:31.157 69478 INFO tempest.lib.common.rest_client [req-f49f3cf0-fcbf-4e80-a1d6-6323b13f27d3 req-f49f3cf0-fcbf-4e80-a1d6-6323b13f27d3 ] Request (ImagesTestJSON:test_create_image_from_stopped_server): 200 GET http://10.180.1.21/compute/v2.1/servers/31d57149-a77a-43af-bb05-1013587cf9ce 0.477s
2025-04-15 18:41:31.173 69476 INFO tempest.lib.common.rest_client [req-631f5eb4-cb59-45ca-b505-fe0e1c3cf795 req-631f5eb4-cb59-45ca-b505-fe0e1c3cf795 ] Request (DeleteServersAdminTestJSON:tearDownClass): 204 DELETE http://10.180.1.21/identity/v3/projects/55254ea5cfb8490bad88837229676192 0.126s
2025-04-15 18:41:31.173 69476 INFO tempest.lib.common.dynamic_creds [-] Deleting project and security group for project: 01db95ecb515431a8c9b2d2a92a8bcfa
2025-04-15 18:41:31.243 69488 INFO tempest.lib.common.rest_client [req-5a6ecf09-b621-447b-a881-d6f1c63a2725 req-5a6ecf09-b621-447b-a881-d6f1c63a2725 ] Request (ServersAdminTestJSON:test_inject_network_info): 200 GET http://10.180.1.21/compute/v2.1/servers/cd69c4bf-2319-4880-8707-8e6b0c9aba18 0.688s
2025-04-15 18:41:31.253 69488 INFO tempest.common.waiters [-] State transition "BUILD/spawning" ==> "ACTIVE/None" after 83 second wait
2025-04-15 18:41:31.260 69476 INFO tempest.lib.common.rest_client [req-c6389ca7-a18f-4964-af70-00bf1da29595 req-c6389ca7-a18f-4964-af70-00bf1da29595 ] Request (DeleteServersAdminTestJSON:tearDownClass): 200 GET http://10.180.1.21:9696/networking/v2.0/security-groups?tenant_id=01db95ecb515431a8c9b2d2a92a8bcfa&name=default 0.087s
2025-04-15 18:41:31.282 69532 INFO tempest.lib.common.rest_client [req-494a0f27-de38-43f1-a7f4-d0ed48b13b0b req-494a0f27-de38-43f1-a7f4-d0ed48b13b0b ] Request (SecurityGroupRulesTestJSON:tearDownClass): 204 DELETE http://10.180.1.21:9696/networking/v2.0/routers/32466ef0-a9f5-474f-afe0-9b326b3dd05f 0.722s
2025-04-15 18:41:31.352 69494 INFO tempest.lib.common.rest_client [req-22534af1-9172-494e-9ebb-1fbdf9222f1e req-22534af1-9172-494e-9ebb-1fbdf9222f1e ] Request (FloatingIPsTestJSON:tearDownClass): 204 DELETE http://10.180.1.21:9696/networking/v2.0/networks/cac98513-4487-4f3e-a283-9fe11df2d953 0.238s
2025-04-15 18:41:31.371 69476 INFO tempest.lib.common.rest_client [req-43f9e084-08aa-4953-9f60-4af0630c24a1 req-43f9e084-08aa-4953-9f60-4af0630c24a1 ] Request (DeleteServersAdminTestJSON:tearDownClass): 204 DELETE http://10.180.1.21:9696/networking/v2.0/security-groups/d0fef7be-6fea-42fc-9d33-7b3b8af0a2cd 0.110s
2025-04-15 18:41:31.483 69490 INFO tempest.lib.common.rest_client [req-b92cd4f7-ced4-4fb7-8ed5-2b639cb3d2c5 req-b92cd4f7-ced4-4fb7-8ed5-2b639cb3d2c5 ] Request (ServersNegativeTestJSON:setUpClass): 200 GET http://10.180.1.21/compute/v2.1/servers/85f1cdf4-e578-4813-af15-d6d1f4e9ee50 0.715s
2025-04-15 18:41:31.496 69504 INFO tempest.lib.common.rest_client [req-89035f76-9654-4f36-8aca-ac4a1d9f01f6 req-89035f76-9654-4f36-8aca-ac4a1d9f01f6 ] Request (ServerDiskConfigTestJSON:test_rebuild_server_with_auto_disk_config): 200 GET http://10.180.1.21/compute/v2.1/servers/1c71ca38-5e4b-4afd-b253-6481bd027a80 0.653s
2025-04-15 18:41:31.497 69476 INFO tempest.lib.common.rest_client [req-659cb388-9cba-4a21-84ad-1f4d1b8cdf68 req-659cb388-9cba-4a21-84ad-1f4d1b8cdf68 ] Request (DeleteServersAdminTestJSON:tearDownClass): 204 DELETE http://10.180.1.21/identity/v3/projects/01db95ecb515431a8c9b2d2a92a8bcfa 0.126s
2025-04-15 18:41:31.508 69494 INFO tempest.lib.common.rest_client [req-f01ec9e5-03fd-4b71-961a-38917fa6444c req-f01ec9e5-03fd-4b71-961a-38917fa6444c ] Request (FloatingIPsTestJSON:tearDownClass): 204 DELETE http://10.180.1.21/identity/v3/users/e0d77bf163524f4aa7d5b3b7799d2c07 0.155s
2025-04-15 18:41:31.508 69494 INFO tempest.lib.common.dynamic_creds [-] Deleting project and security group for project: 13a31b753ef548588312ef1f9798fc80
2025-04-15 18:41:31.550 69494 INFO tempest.lib.common.rest_client [req-b3dba360-f645-4792-98a0-a3527e58ca71 req-b3dba360-f645-4792-98a0-a3527e58ca71 ] Request (FloatingIPsTestJSON:tearDownClass): 200 GET http://10.180.1.21:9696/networking/v2.0/security-groups?tenant_id=13a31b753ef548588312ef1f9798fc80&name=default 0.042s
2025-04-15 18:41:31.589 69476 INFO tempest.lib.common.rest_client [req-c76b7f87-9653-411d-8af7-928d461980c4 req-c76b7f87-9653-411d-8af7-928d461980c4 ] Request (HostsAdminTestJSON:setUpClass): 201 POST http://10.180.1.21/identity/v3/auth/tokens 0.091s
2025-04-15 18:41:31.631 69532 INFO tempest.lib.common.rest_client [req-2df42094-dc22-475b-80fd-7db870953d40 req-2df42094-dc22-475b-80fd-7db870953d40 ] Request (SecurityGroupRulesTestJSON:tearDownClass): 204 DELETE http://10.180.1.21:9696/networking/v2.0/subnets/8c477c05-ea58-40a4-b964-d88cb8d6abc6 0.348s
2025-04-15 18:41:31.638 69476 INFO tempest.lib.common.rest_client [req-d9360bc1-86b1-4b7b-8db2-903801e2e746 req-d9360bc1-86b1-4b7b-8db2-903801e2e746 ] Request (HostsAdminTestJSON:setUpClass): 201 POST http://10.180.1.21/identity/v3/auth/tokens 0.046s
2025-04-15 18:41:31.681 69486 INFO tempest.lib.common.rest_client [req-959a90fa-ac3c-4c26-b220-79168edb61aa req-959a90fa-ac3c-4c26-b220-79168edb61aa ] Request (MigrationsAdminTest:test_list_migrations_in_flavor_resize_situation): 200 GET http://10.180.1.21/compute/v2.1/servers/24ac6469-2873-4020-8df5-4ab801a14b5b 0.565s
