2025-04-15 18:39:26.254 69528 INFO tempest.lib.common.rest_client [req-f9fecb23-2d6e-489d-9ad6-47a6f6470293 req-f9fecb23-2d6e-489d-9ad6-47a6f6470293 ] Request (ServicesAdminNegativeTestJSON:tearDownClass): 204 DELETE http://10.180.1.21/identity/v3/projects/0b9da44e8c514d90bc46e5943013e5c9 0.132s
2025-04-15 18:39:26.263 69524 INFO tempest.lib.common.rest_client [req-d1e746e7-d1cb-4564-8e0d-5747200c9f89 req-d1e746e7-d1cb-4564-8e0d-5747200c9f89 ] Request (ServersTestBootFromVolume:setUpClass): 200 GET http://10.180.1.21/volume/v3/volumes/71b99239-29ad-498f-acc8-fa4292031ea1 0.040s
2025-04-15 18:39:26.295 69482 INFO tempest.lib.common.rest_client [req-f6f14b01-12f0-437f-a38d-838740cdf981 req-f6f14b01-12f0-437f-a38d-838740cdf981 ] Request (ServerAddressesNegativeTestJSON:tearDownClass): 204 DELETE http://10.180.1.21:9696/networking/v2.0/routers/dcbe63fa-26a1-4f41-b2ef-9ecba144ffea 0.355s
2025-04-15 18:39:26.312 69498 INFO tempest.lib.common.rest_client [req-a089ab97-1c16-44f3-a0a0-71722550b0b7 req-a089ab97-1c16-44f3-a0a0-71722550b0b7 ] Request (ServerActionsTestOtherA:setUpClass): 200 GET http://10.180.1.21/compute/v2.1/servers/cd8d5436-42d4-4e64-a3db-6874c199f078/os-interface 0.185s
2025-04-15 18:39:26.321 69528 INFO tempest.lib.common.rest_client [req-7364888f-6bc8-4ca6-9fc5-e31ecc2d2eff req-7364888f-6bc8-4ca6-9fc5-e31ecc2d2eff ] Request (ImagesNegativeTestJSON:setUpClass): 201 POST http://10.180.1.21/identity/v3/auth/tokens 0.065s
2025-04-15 18:39:26.358 69528 INFO tempest.lib.common.rest_client [req-0e2109a5-e3f7-40a8-a1af-d6c084e40146 req-0e2109a5-e3f7-40a8-a1af-d6c084e40146 ] Request (ImagesNegativeTestJSON:setUpClass): 201 POST http://10.180.1.21/identity/v3/auth/tokens 0.033s
2025-04-15 18:39:26.391 69528 INFO tempest.lib.common.rest_client [req-b0290183-13e1-4fd3-82fc-b0467bd073c2 req-b0290183-13e1-4fd3-82fc-b0467bd073c2 ] Request (ImagesNegativeTestJSON:setUpClass): 200 GET http://10.180.1.21/identity/v3/domains?name=Default 0.033s
2025-04-15 18:39:26.393 69521 INFO tempest.lib.common.rest_client [req-a8fe1d73-a768-4e9b-be06-7e59d05bfdf5 req-a8fe1d73-a768-4e9b-be06-7e59d05bfdf5 ] Request (ServersTestMultiNic:test_verify_duplicate_network_nics): 200 GET http://10.180.1.21/compute/v2.1/servers/be14257b-8502-4b3e-922d-eafc3a13b3f5 0.244s
2025-04-15 18:39:26.434 69528 INFO tempest.lib.common.rest_client [req-3fdbb0bc-f408-4d74-910b-595b2e43a073 req-3fdbb0bc-f408-4d74-910b-595b2e43a073 ] Request (ImagesNegativeTestJSON:setUpClass): 201 POST http://10.180.1.21/identity/v3/projects 0.043s
2025-04-15 18:39:26.461 69482 INFO tempest.lib.common.rest_client [req-3c0417e7-7eea-478c-980d-1af6fa333d54 req-3c0417e7-7eea-478c-980d-1af6fa333d54 ] Request (ServerAddressesNegativeTestJSON:tearDownClass): 204 DELETE http://10.180.1.21:9696/networking/v2.0/subnets/008e9f64-1f49-4b7b-afbe-d0b54cfcbf7a 0.165s
2025-04-15 18:39:26.491 69480 INFO tempest.lib.common.rest_client [req-7dd2cfae-28d3-4bad-a173-cd1c967c394c req-7dd2cfae-28d3-4bad-a173-cd1c967c394c ] Request (ServerActionsV293TestJSON:setUpClass): 200 GET http://10.180.1.21/compute/v2.1/servers/ec62ac85-b749-4ba6-9599-1b5b065bdcf2 0.316s
2025-04-15 18:39:26.510 69496 WARNING tempest.lib.common.ssh [-] Failed to establish authenticated ssh connection to cirros@10.180.180.182 ([Errno None] Unable to connect to port 22 on 10.180.180.182). Number attempts: 1. Retry after 2 seconds.: paramiko.ssh_exception.NoValidConnectionsError: [Errno None] Unable to connect to port 22 on 10.180.180.182
2025-04-15 18:39:26.526 69528 INFO tempest.lib.common.rest_client [req-7cb0a922-5c06-432a-9750-3415c546b9c4 req-7cb0a922-5c06-432a-9750-3415c546b9c4 ] Request (ImagesNegativeTestJSON:setUpClass): 201 POST http://10.180.1.21/identity/v3/users 0.091s
2025-04-15 18:39:26.549 69528 INFO tempest.lib.common.rest_client [req-64b00dc4-129b-456d-8bfe-afdd0b6b861d req-64b00dc4-129b-456d-8bfe-afdd0b6b861d ] Request (ImagesNegativeTestJSON:setUpClass): 200 GET http://10.180.1.21/identity/v3/roles 0.022s
2025-04-15 18:39:26.595 69510 INFO tempest.lib.common.rest_client [req-3bc40e8d-448c-4060-8701-ec1d645bd6e3 req-3bc40e8d-448c-4060-8701-ec1d645bd6e3 ] Request (ServersListShow2100Test:test_list_show_rebuild_update_server_2100): 200 GET http://10.180.1.21/compute/v2.1/servers/c9eb4065-6732-48a4-8659-79afcce1809f 0.345s
2025-04-15 18:39:26.611 69528 INFO tempest.lib.common.rest_client [req-09446342-e8f2-470a-96e8-b05491248086 req-09446342-e8f2-470a-96e8-b05491248086 ] Request (ImagesNegativeTestJSON:setUpClass): 204 PUT http://10.180.1.21/identity/v3/projects/f8ddf61280de48edb1d9cd47439da16d/users/65a376924aff49fcb0797a8cd0ba2a90/roles/911d50b0d107493b802349101032a25f 0.062s
2025-04-15 18:39:26.612 69528 INFO tempest.lib.common.dynamic_creds [-] Dynamic test user 65a376924aff49fcb0797a8cd0ba2a90 is created with scope project and roles: ['member']
2025-04-15 18:39:26.613 69528 INFO tempest.lib.common.dynamic_creds [-] Acquired dynamic creds: credentials: Credentials: {'domain_id': 'default', 'domain_name': 'Default', 'username': 'tempest-ImagesNegativeTestJSON-1935806795-project-member', 'project_domain_id': 'default', 'project_domain_name': 'Default', 'project_id': 'f8ddf61280de48edb1d9cd47439da16d', 'project_name': 'tempest-ImagesNegativeTestJSON-1935806795', 'tenant_id': 'f8ddf61280de48edb1d9cd47439da16d', 'tenant_name': 'tempest-ImagesNegativeTestJSON-1935806795', 'user_domain_id': 'default', 'user_domain_name': 'Default', 'user_id': '65a376924aff49fcb0797a8cd0ba2a90', 'system': None}, Network: None, Subnet: None, Router: None
2025-04-15 18:39:26.678 69528 INFO tempest.lib.common.rest_client [req-d749c573-7228-4a90-adab-188eb0635ccd req-d749c573-7228-4a90-adab-188eb0635ccd ] Request (ImagesNegativeTestJSON:setUpClass): 201 POST http://10.180.1.21/identity/v3/auth/tokens 0.065s
2025-04-15 18:39:26.779 69482 INFO tempest.lib.common.rest_client [req-98dafc6d-fdd7-41ae-a7a3-05d1b6b01b84 req-98dafc6d-fdd7-41ae-a7a3-05d1b6b01b84 ] Request (ServerAddressesNegativeTestJSON:tearDownClass): 204 DELETE http://10.180.1.21:9696/networking/v2.0/networks/72416cd2-b926-4744-8ff7-6607f44af8a4 0.318s
2025-04-15 18:39:26.855 69482 INFO tempest.lib.common.rest_client [req-4c763c44-889e-4033-a032-39a3cc3c4b5c req-4c763c44-889e-4033-a032-39a3cc3c4b5c ] Request (ServerAddressesNegativeTestJSON:tearDownClass): 204 DELETE http://10.180.1.21/identity/v3/users/33c610589126486ba65fa4f431d4b97d 0.076s
2025-04-15 18:39:26.855 69482 INFO tempest.lib.common.dynamic_creds [-] Deleting project and security group for project: eabfe769bd484f749ee9eb7ecdc85ac8
2025-04-15 18:39:26.878 69493 INFO tempest.lib.common.rest_client [req-82ae487f-ee10-4fd3-9e3f-d44501355149 req-82ae487f-ee10-4fd3-9e3f-d44501355149 ] Request (ServerDiagnosticsTest:test_get_server_diagnostics): 200 GET http://10.180.1.21/compute/v2.1/servers/f989273f-d47a-4302-8e86-0e2f9924b458/diagnostics 0.751s
2025-04-15 18:39:26.894 69482 INFO tempest.lib.common.rest_client [req-5db05fa6-70f6-4570-8e53-02a5972f54df req-5db05fa6-70f6-4570-8e53-02a5972f54df ] Request (ServerAddressesNegativeTestJSON:tearDownClass): 200 GET http://10.180.1.21:9696/networking/v2.0/security-groups?tenant_id=eabfe769bd484f749ee9eb7ecdc85ac8&name=default 0.039s
2025-04-15 18:39:26.927 69507 INFO tempest.lib.common.rest_client [req-9f2bd746-05a8-46c8-a828-599ecab39be6 req-9f2bd746-05a8-46c8-a828-599ecab39be6 ] Request (SecurityGroupsTestJSON:test_list_security_groups_by_server): 200 GET http://10.180.1.21/compute/v2.1/servers/722c4116-5c37-4d49-b250-59829789dce3 0.670s
2025-04-15 18:39:26.957 69522 INFO tempest.lib.common.rest_client [req-f5d254c8-8ac7-45f9-884d-65e89250aae0 req-f5d254c8-8ac7-45f9-884d-65e89250aae0 ] Request (FloatingIPsAssociationTestJSON:test_associate_already_associated_floating_ip): 200 GET http://10.180.1.21/compute/v2.1/servers/1f96d05e-0ae7-4175-a50c-6d98dc1eca6a 0.645s
2025-04-15 18:39:26.995 69528 INFO tempest.lib.common.rest_client [req-46cbab8b-f0d6-4746-843d-5c571c58e492 req-46cbab8b-f0d6-4746-843d-5c571c58e492 ] Request (ImagesNegativeTestJSON:setUpClass): 201 POST http://10.180.1.21:9696/networking/v2.0/networks 0.316s
2025-04-15 18:39:26.996 69531 INFO tempest.lib.common.rest_client [req-43263f5d-7143-4f69-aa72-28a35d6977f1 req-43263f5d-7143-4f69-aa72-28a35d6977f1 ] Request (MultipleCreateTestJSON:test_multiple_create_with_reservation_return): 200 GET http://10.180.1.21/compute/v2.1/servers/1372f0f1-642c-40c6-9a3e-7fc0fb159052 0.667s
2025-04-15 18:39:27.029 69482 INFO tempest.lib.common.rest_client [req-3a2abf4c-b099-46cf-bcdd-a76bd7d6baff req-3a2abf4c-b099-46cf-bcdd-a76bd7d6baff ] Request (ServerAddressesNegativeTestJSON:tearDownClass): 204 DELETE http://10.180.1.21:9696/networking/v2.0/security-groups/790a6a54-85db-4707-b21b-ba06a894f9fb 0.134s
2025-04-15 18:39:27.037 69488 INFO tempest.lib.common.rest_client [req-4c67df24-7965-4ec7-80e6-f4186c4b47e5 req-4c67df24-7965-4ec7-80e6-f4186c4b47e5 ] Request (ServersAdminTestJSON:test_create_server_with_scheduling_hint): 200 GET http://10.180.1.21/compute/v2.1/servers/33bfaa91-de36-4374-a76f-585613277fda 0.635s
2025-04-15 18:39:27.062 69516 INFO tempest.lib.common.rest_client [req-0a601232-59b7-4790-bb8c-fc34d9f9c835 req-0a601232-59b7-4790-bb8c-fc34d9f9c835 ] Request (ServersV294TestFqdnHostnames:setUpClass): 200 GET http://10.180.1.21/compute/v2.1/servers/b20de2d2-f796-41b6-be49-c08147018866 0.649s
2025-04-15 18:39:27.098 69512 INFO tempest.lib.common.rest_client [req-506af105-6262-4209-9b75-b6859a05e9df req-506af105-6262-4209-9b75-b6859a05e9df ] Request (ServerDiagnosticsNegativeTest:test_get_server_diagnostics_by_non_admin): 200 GET http://10.180.1.21/compute/v2.1/servers/986dfcdc-a5bc-4a78-9b30-72d210f1bc9e 0.625s
2025-04-15 18:39:27.121 69476 INFO tempest.lib.common.rest_client [req-46a3bb67-821e-486f-b775-dfdd90aa5157 req-46a3bb67-821e-486f-b775-dfdd90aa5157 ] Request (DeleteServersAdminTestJSON:test_delete_server_while_in_error_state): 200 GET http://10.180.1.21/compute/v2.1/servers/5cbc0eb4-30f5-48bf-a476-e577d53c2f4a 0.636s
2025-04-15 18:39:27.155 69482 INFO tempest.lib.common.rest_client [req-0a87db8b-b9de-4897-bf45-2d7c3eb1cf27 req-0a87db8b-b9de-4897-bf45-2d7c3eb1cf27 ] Request (ServerAddressesNegativeTestJSON:tearDownClass): 204 DELETE http://10.180.1.21/identity/v3/projects/eabfe769bd484f749ee9eb7ecdc85ac8 0.125s
2025-04-15 18:39:27.170 69528 INFO tempest.lib.common.rest_client [req-6315bbe5-842d-4ed4-b4e9-4fb4bafd21cb req-6315bbe5-842d-4ed4-b4e9-4fb4bafd21cb ] Request (ImagesNegativeTestJSON:setUpClass): 201 POST http://10.180.1.21:9696/networking/v2.0/subnets 0.174s
2025-04-15 18:39:27.198 69538 INFO tempest.lib.common.rest_client [req-9baf23c8-fd93-456c-aa2c-c6f49c899149 req-9baf23c8-fd93-456c-aa2c-c6f49c899149 ] Request (ServerShowV257Test:test_rebuild_server): 200 GET http://10.180.1.21/compute/v2.1/servers/c73aa848-bb39-4407-9bb2-b8a3dbde0b61 0.656s
2025-04-15 18:39:27.199 69486 INFO tempest.lib.common.rest_client [req-37e3e53f-a520-436a-b58d-3ffe44a2d559 req-37e3e53f-a520-436a-b58d-3ffe44a2d559 ] Request (MigrationsAdminTest:test_list_migrations_in_flavor_resize_situation): 200 GET http://10.180.1.21/compute/v2.1/servers/24ac6469-2873-4020-8df5-4ab801a14b5b 0.636s
2025-04-15 18:39:27.227 69482 INFO tempest.lib.common.rest_client [req-ee8ffff5-9712-4ef1-af59-d4436de617f9 req-ee8ffff5-9712-4ef1-af59-d4436de617f9 ] Request (ServersNegativeTestMultiTenantJSON:setUpClass): 201 POST http://10.180.1.21/identity/v3/auth/tokens 0.070s
2025-04-15 18:39:27.260 69482 INFO tempest.lib.common.rest_client [req-578ffd22-f6ef-4992-b5a9-5f9a12dc09db req-578ffd22-f6ef-4992-b5a9-5f9a12dc09db ] Request (ServersNegativeTestMultiTenantJSON:setUpClass): 201 POST http://10.180.1.21/identity/v3/auth/tokens 0.030s
2025-04-15 18:39:27.275 69514 INFO tempest.lib.common.rest_client [req-be6a3802-b8bb-4127-a04e-776a5ae4629a req-be6a3802-b8bb-4127-a04e-776a5ae4629a ] Request (ServerDiagnosticsV248Test:tearDownClass): 200 GET http://10.180.1.21/compute/v2.1/servers/71110d4a-7fb0-4043-a917-be39f2693eac 0.653s
2025-04-15 18:39:27.280 69518 INFO tempest.lib.common.rest_client [req-db0acf0f-dfa2-4469-a5fe-3b3d6dc9c2cc req-db0acf0f-dfa2-4469-a5fe-3b3d6dc9c2cc ] Request (ListServersNegativeTestJSON:setUpClass): 200 GET http://10.180.1.21/compute/v2.1/servers/947eeb04-b704-4686-a3e5-ce687c00527d 0.658s
2025-04-15 18:39:27.314 69482 INFO tempest.lib.common.rest_client [req-a1e20018-5e39-4b03-b915-06c21a646b19 req-a1e20018-5e39-4b03-b915-06c21a646b19 ] Request (ServersNegativeTestMultiTenantJSON:setUpClass): 200 GET http://10.180.1.21/identity/v3/domains?name=Default 0.053s
2025-04-15 18:39:27.318 69524 INFO tempest.lib.common.rest_client [req-3d397fa8-9bc2-4706-8076-067bc58242d0 req-3d397fa8-9bc2-4706-8076-067bc58242d0 ] Request (ServersTestBootFromVolume:setUpClass): 200 GET http://10.180.1.21/volume/v3/volumes/71b99239-29ad-498f-acc8-fa4292031ea1 0.046s
2025-04-15 18:39:27.348 69482 INFO tempest.lib.common.rest_client [req-f22eb97f-7e37-4e7c-a49b-be2923267baf req-f22eb97f-7e37-4e7c-a49b-be2923267baf ] Request (ServersNegativeTestMultiTenantJSON:setUpClass): 201 POST http://10.180.1.21/identity/v3/projects 0.034s
2025-04-15 18:39:27.353 69490 INFO tempest.lib.common.rest_client [req-c6d4bf52-507c-40b7-8250-77372ce843d1 req-c6d4bf52-507c-40b7-8250-77372ce843d1 ] Request (ServersNegativeTestJSON:setUpClass): 200 GET http://10.180.1.21/compute/v2.1/servers/d5c43519-b6ef-4061-bbc1-ee2b6a603683 0.669s
2025-04-15 18:39:27.360 69484 INFO tempest.lib.common.rest_client [req-16f162bc-6375-4b67-a2d9-8f79785d2554 req-16f162bc-6375-4b67-a2d9-8f79785d2554 ] Request (ListImageFiltersTestJSON:setUpClass): 200 GET http://10.180.1.21/compute/v2.1/servers/07272fef-5534-48e1-9231-d2d8beef9e34 0.665s
2025-04-15 18:39:27.432 69494 INFO tempest.lib.common.rest_client [req-ebceabf6-5390-464f-a31f-59af0f1293d0 req-ebceabf6-5390-464f-a31f-59af0f1293d0 ] Request (ServersAdmin275Test:test_rebuild_update_server_275): 200 GET http://10.180.1.21/compute/v2.1/servers/bec9825d-9791-4647-b8a4-bed2dc6834d9 0.655s
2025-04-15 18:39:27.440 69478 INFO tempest.lib.common.rest_client [req-7a510b01-6742-412c-8b21-4d2d9aa1e098 req-7a510b01-6742-412c-8b21-4d2d9aa1e098 ] Request (FloatingIPsAssociationNegativeTestJSON:setUpClass): 200 GET http://10.180.1.21/compute/v2.1/servers/86ada9bd-7df9-4b80-8447-3e4388c337c6 0.688s
2025-04-15 18:39:27.472 69482 INFO tempest.lib.common.rest_client [req-8e362a08-a462-4994-b11b-99360ddbebb6 req-8e362a08-a462-4994-b11b-99360ddbebb6 ] Request (ServersNegativeTestMultiTenantJSON:setUpClass): 201 POST http://10.180.1.21/identity/v3/users 0.124s
2025-04-15 18:39:27.487 69498 INFO tempest.lib.common.rest_client [req-2c1cc149-3b35-46f9-a197-1e17c32b2ac7 req-2c1cc149-3b35-46f9-a197-1e17c32b2ac7 ] Request (ServerActionsTestOtherA:setUpClass): 200 PUT http://10.180.1.21:9696/networking/v2.0/floatingips/b15505cb-6266-47c9-ad9b-2300464e180e 1.172s
2025-04-15 18:39:27.488 69498 INFO tempest.lib.common.ssh [-] Creating ssh connection to '10.180.180.185:22' as 'cirros' with public key authentication
2025-04-15 18:39:27.503 69482 INFO tempest.lib.common.rest_client [req-99b51f3a-f363-453b-9603-3536ba404d43 req-99b51f3a-f363-453b-9603-3536ba404d43 ] Request (ServersNegativeTestMultiTenantJSON:setUpClass): 200 GET http://10.180.1.21/identity/v3/roles 0.030s
2025-04-15 18:39:27.514 69508 INFO tempest.lib.common.rest_client [req-6c151cef-00bd-42da-bf75-575f4fad1ba5 req-6c151cef-00bd-42da-bf75-575f4fad1ba5 ] Request (ServerMetadataNegativeTestJSON:setUpClass): 200 GET http://10.180.1.21/compute/v2.1/servers/f59f98ac-50c6-4b7a-b1d0-3ee392feb9a4 0.689s
2025-04-15 18:39:27.535 69493 INFO tempest.lib.common.rest_client [req-6ff00d20-33a2-46ad-a1fc-346fdbbfc0c4 req-6ff00d20-33a2-46ad-a1fc-346fdbbfc0c4 ] Request (ServerDiagnosticsTest:tearDownClass): 204 DELETE http://10.180.1.21/compute/v2.1/servers/f989273f-d47a-4302-8e86-0e2f9924b458 0.656s
2025-04-15 18:39:27.560 69482 INFO tempest.lib.common.rest_client [req-f82ba16c-c4ec-43b3-82ac-c6bacbba0e08 req-f82ba16c-c4ec-43b3-82ac-c6bacbba0e08 ] Request (ServersNegativeTestMultiTenantJSON:setUpClass): 204 PUT http://10.180.1.21/identity/v3/projects/8640747bea0d4ad7a1d9ba5b09a47c1c/users/096cf15e2f894164995c71ba16709649/roles/911d50b0d107493b802349101032a25f 0.057s
2025-04-15 18:39:27.561 69482 INFO tempest.lib.common.dynamic_creds [-] Dynamic test user 096cf15e2f894164995c71ba16709649 is created with scope project and roles: ['member']
2025-04-15 18:39:27.561 69482 INFO tempest.lib.common.dynamic_creds [-] Acquired dynamic creds: credentials: Credentials: {'domain_id': 'default', 'domain_name': 'Default', 'username': 'tempest-ServersNegativeTestMultiTenantJSON-2125627550-project-member', 'project_domain_id': 'default', 'project_domain_name': 'Default', 'project_id': '8640747bea0d4ad7a1d9ba5b09a47c1c', 'project_name': 'tempest-ServersNegativeTestMultiTenantJSON-2125627550', 'tenant_id': '8640747bea0d4ad7a1d9ba5b09a47c1c', 'tenant_name': 'tempest-ServersNegativeTestMultiTenantJSON-2125627550', 'user_domain_id': 'default', 'user_domain_name': 'Default', 'user_id': '096cf15e2f894164995c71ba16709649', 'system': None}, Network: None, Subnet: None, Router: None
2025-04-15 18:39:27.609 69532 INFO tempest.lib.common.rest_client [req-4e0a77cb-4fb2-40ca-84e9-cc6c0f410f5e req-4e0a77cb-4fb2-40ca-84e9-cc6c0f410f5e ] Request (ImagesOneServerTestJSON:setUpClass): 200 GET http://10.180.1.21/compute/v2.1/servers/5ff95882-8f70-4b34-ba6e-4cd73d763abf 0.434s
2025-04-15 18:39:27.649 69482 INFO tempest.lib.common.rest_client [req-b8279d67-97ce-424e-a466-cd022e0671a3 req-b8279d67-97ce-424e-a466-cd022e0671a3 ] Request (ServersNegativeTestMultiTenantJSON:setUpClass): 201 POST http://10.180.1.21/identity/v3/auth/tokens 0.087s
2025-04-15 18:39:27.691 69521 INFO tempest.lib.common.rest_client [req-36436c3b-6a38-497d-bc56-17e98560054a req-36436c3b-6a38-497d-bc56-17e98560054a ] Request (ServersTestMultiNic:test_verify_duplicate_network_nics): 200 GET http://10.180.1.21/compute/v2.1/servers/be14257b-8502-4b3e-922d-eafc3a13b3f5 0.288s
2025-04-15 18:39:27.707 69536 INFO tempest.lib.common.rest_client [req-8c9402d4-6712-4fab-adce-f340d677be10 req-8c9402d4-6712-4fab-adce-f340d677be10 ] Request (VolumesAdminNegativeTest:test_update_attached_volume_with_nonexistent_volume_in_body): 200 GET http://10.180.1.21/compute/v2.1/servers/f13f12d0-b8b1-4779-8bc0-2c4e1e3fd764 0.467s
2025-04-15 18:39:27.748 69480 INFO tempest.lib.common.rest_client [req-ca955d0e-6cb1-4f2d-9507-d7406b3cf5b0 req-ca955d0e-6cb1-4f2d-9507-d7406b3cf5b0 ] Request (ServerActionsV293TestJSON:setUpClass): 200 GET http://10.180.1.21/compute/v2.1/servers/ec62ac85-b749-4ba6-9599-1b5b065bdcf2 0.242s
2025-04-15 18:39:27.825 69493 INFO tempest.lib.common.rest_client [req-95b5ef59-076c-44df-9e34-264167905080 req-95b5ef59-076c-44df-9e34-264167905080 ] Request (ServerDiagnosticsTest:tearDownClass): 200 GET http://10.180.1.21/compute/v2.1/servers/f989273f-d47a-4302-8e86-0e2f9924b458 0.289s
2025-04-15 18:39:27.833 69510 INFO tempest.lib.common.rest_client [req-475ac00c-a7e4-40c6-8800-13e7f2d3f49a req-475ac00c-a7e4-40c6-8800-13e7f2d3f49a ] Request (ServersListShow2100Test:test_list_show_rebuild_update_server_2100): 200 GET http://10.180.1.21/compute/v2.1/servers/c9eb4065-6732-48a4-8659-79afcce1809f 0.215s
2025-04-15 18:39:27.976 69528 INFO tempest.lib.common.rest_client [req-2bc9c932-d1fa-4929-9602-7f35e44e3723 req-2bc9c932-d1fa-4929-9602-7f35e44e3723 ] Request (ImagesNegativeTestJSON:setUpClass): 201 POST http://10.180.1.21:9696/networking/v2.0/routers 0.806s
2025-04-15 18:39:27.996 69507 INFO tempest.lib.common.rest_client [req-4cea8352-630e-4e14-9fc8-2ba43c0d01d9 req-4cea8352-630e-4e14-9fc8-2ba43c0d01d9 ] Request (SecurityGroupsTestJSON:test_list_security_groups_by_server): 200 GET http://10.180.1.21/compute/v2.1/servers/722c4116-5c37-4d49-b250-59829789dce3 0.058s
2025-04-15 18:39:28.029 69522 INFO tempest.lib.common.rest_client [req-ce4f0eb6-6638-45d4-8ef1-bf6a076769c5 req-ce4f0eb6-6638-45d4-8ef1-bf6a076769c5 ] Request (FloatingIPsAssociationTestJSON:test_associate_already_associated_floating_ip): 200 GET http://10.180.1.21/compute/v2.1/servers/1f96d05e-0ae7-4175-a50c-6d98dc1eca6a 0.062s
2025-04-15 18:39:28.049 69482 INFO tempest.lib.common.rest_client [req-d536c924-86dc-4a5e-90c2-8071bb31821e req-d536c924-86dc-4a5e-90c2-8071bb31821e ] Request (ServersNegativeTestMultiTenantJSON:setUpClass): 201 POST http://10.180.1.21:9696/networking/v2.0/networks 0.400s
2025-04-15 18:39:28.050 69504 WARNING tempest.lib.common.ssh [-] Failed to establish authenticated ssh connection to cirros@10.180.180.204 ([Errno None] Unable to connect to port 22 on 10.180.180.204). Number attempts: 4. Retry after 5 seconds.: paramiko.ssh_exception.NoValidConnectionsError: [Errno None] Unable to connect to port 22 on 10.180.180.204
2025-04-15 18:39:28.062 69531 INFO tempest.lib.common.rest_client [req-3ae91b21-4a33-415d-aea2-6659bcc630ae req-3ae91b21-4a33-415d-aea2-6659bcc630ae ] Request (MultipleCreateTestJSON:test_multiple_create_with_reservation_return): 200 GET http://10.180.1.21/compute/v2.1/servers/1372f0f1-642c-40c6-9a3e-7fc0fb159052 0.058s
2025-04-15 18:39:28.120 69488 INFO tempest.lib.common.rest_client [req-d1a7c036-0894-4467-9df1-127a7a62a31b req-d1a7c036-0894-4467-9df1-127a7a62a31b ] Request (ServersAdminTestJSON:test_create_server_with_scheduling_hint): 200 GET http://10.180.1.21/compute/v2.1/servers/33bfaa91-de36-4374-a76f-585613277fda 0.071s
2025-04-15 18:39:28.128 69488 INFO tempest.common.waiters [-] State transition "BUILD/scheduling" ==> "BUILD/None" after 20 second wait
2025-04-15 18:39:28.154 69516 INFO tempest.lib.common.rest_client [req-679c6323-01d9-4550-89c2-5e8f85f1f2e5 req-679c6323-01d9-4550-89c2-5e8f85f1f2e5 ] Request (ServersV294TestFqdnHostnames:setUpClass): 200 GET http://10.180.1.21/compute/v2.1/servers/b20de2d2-f796-41b6-be49-c08147018866 0.079s
2025-04-15 18:39:28.200 69512 INFO tempest.lib.common.rest_client [req-c69246f8-7b41-4361-a533-811cbbd1095f req-c69246f8-7b41-4361-a533-811cbbd1095f ] Request (ServerDiagnosticsNegativeTest:test_get_server_diagnostics_by_non_admin): 200 GET http://10.180.1.21/compute/v2.1/servers/986dfcdc-a5bc-4a78-9b30-72d210f1bc9e 0.092s
2025-04-15 18:39:28.224 69476 INFO tempest.lib.common.rest_client [req-c91f4de1-e574-44c2-9384-c63e6e2b7427 req-c91f4de1-e574-44c2-9384-c63e6e2b7427 ] Request (DeleteServersAdminTestJSON:test_delete_server_while_in_error_state): 200 GET http://10.180.1.21/compute/v2.1/servers/5cbc0eb4-30f5-48bf-a476-e577d53c2f4a 0.092s
2025-04-15 18:39:28.287 69486 INFO tempest.lib.common.rest_client [req-8ddd5b9d-830a-41e5-afca-d8d200da1cf7 req-8ddd5b9d-830a-41e5-afca-d8d200da1cf7 ] Request (MigrationsAdminTest:test_list_migrations_in_flavor_resize_situation): 200 GET http://10.180.1.21/compute/v2.1/servers/24ac6469-2873-4020-8df5-4ab801a14b5b 0.077s
2025-04-15 18:39:28.291 69538 INFO tempest.lib.common.rest_client [req-33dedb34-38a3-471c-ae08-e86cca8212eb req-33dedb34-38a3-471c-ae08-e86cca8212eb ] Request (ServerShowV257Test:test_rebuild_server): 200 GET http://10.180.1.21/compute/v2.1/servers/c73aa848-bb39-4407-9bb2-b8a3dbde0b61 0.082s
2025-04-15 18:39:28.304 69538 INFO tempest.common.waiters [-] State transition "REBUILD/rebuild_spawning" ==> "ACTIVE/None" after 9 second wait
2025-04-15 18:39:28.363 69524 INFO tempest.lib.common.rest_client [req-a1342bb0-4d28-4ea3-b028-3213a02cb9d6 req-a1342bb0-4d28-4ea3-b028-3213a02cb9d6 ] Request (ServersTestBootFromVolume:setUpClass): 200 GET http://10.180.1.21/volume/v3/volumes/71b99239-29ad-498f-acc8-fa4292031ea1 0.037s
2025-04-15 18:39:28.368 69482 INFO tempest.lib.common.rest_client [req-d027d784-2397-46fb-a6a5-c1451d928bdc req-d027d784-2397-46fb-a6a5-c1451d928bdc ] Request (ServersNegativeTestMultiTenantJSON:setUpClass): 201 POST http://10.180.1.21:9696/networking/v2.0/subnets 0.317s
2025-04-15 18:39:28.369 69514 INFO tempest.lib.common.rest_client [req-76db30c9-2d6f-4e29-a8dc-bf349677c7cf req-76db30c9-2d6f-4e29-a8dc-bf349677c7cf ] Request (ServerDiagnosticsV248Test:tearDownClass): 200 GET http://10.180.1.21/compute/v2.1/servers/71110d4a-7fb0-4043-a917-be39f2693eac 0.084s
2025-04-15 18:39:28.388 69518 INFO tempest.lib.common.rest_client [req-1ba1ef39-3bf4-4097-9f02-5cf2b7d1fb45 req-1ba1ef39-3bf4-4097-9f02-5cf2b7d1fb45 ] Request (ListServersNegativeTestJSON:setUpClass): 200 GET http://10.180.1.21/compute/v2.1/servers/947eeb04-b704-4686-a3e5-ce687c00527d 0.094s
2025-04-15 18:39:28.445 69490 INFO tempest.lib.common.rest_client [req-0714d5f9-add6-4bf9-a946-6ff391c78405 req-0714d5f9-add6-4bf9-a946-6ff391c78405 ] Request (ServersNegativeTestJSON:setUpClass): 200 GET http://10.180.1.21/compute/v2.1/servers/d5c43519-b6ef-4061-bbc1-ee2b6a603683 0.077s
2025-04-15 18:39:28.451 69538 INFO tempest.lib.common.rest_client [req-7dceb7e7-61ea-416e-ba88-109d8fe4dec0 req-7dceb7e7-61ea-416e-ba88-109d8fe4dec0 ] Request (ServerShowV257Test:tearDownClass): 204 DELETE http://10.180.1.21/compute/v2.1/servers/c73aa848-bb39-4407-9bb2-b8a3dbde0b61 0.140s
2025-04-15 18:39:28.515 69484 INFO tempest.lib.common.rest_client [req-66fff156-51be-4129-86ac-55cf8b6fa931 req-66fff156-51be-4129-86ac-55cf8b6fa931 ] Request (ListImageFiltersTestJSON:setUpClass): 200 GET http://10.180.1.21/compute/v2.1/servers/07272fef-5534-48e1-9231-d2d8beef9e34 0.142s
2025-04-15 18:39:28.530 69478 INFO tempest.lib.common.rest_client [req-000d336e-de76-4119-aebb-4d121c8abb09 req-000d336e-de76-4119-aebb-4d121c8abb09 ] Request (FloatingIPsAssociationNegativeTestJSON:setUpClass): 200 GET http://10.180.1.21/compute/v2.1/servers/86ada9bd-7df9-4b80-8447-3e4388c337c6 0.083s
2025-04-15 18:39:28.592 69538 INFO tempest.lib.common.rest_client [req-568e1edd-ad7f-4468-981a-fa44a03da086 req-568e1edd-ad7f-4468-981a-fa44a03da086 ] Request (ServerShowV257Test:tearDownClass): 200 GET http://10.180.1.21/compute/v2.1/servers/c73aa848-bb39-4407-9bb2-b8a3dbde0b61 0.140s
2025-04-15 18:39:28.604 69494 INFO tempest.lib.common.rest_client [req-dccf95ff-0077-4f74-b6a4-f2952d02be81 req-dccf95ff-0077-4f74-b6a4-f2952d02be81 ] Request (ServersAdmin275Test:test_rebuild_update_server_275): 200 GET http://10.180.1.21/compute/v2.1/servers/bec9825d-9791-4647-b8a4-bed2dc6834d9 0.149s
2025-04-15 18:39:28.618 69494 INFO tempest.common.waiters [-] State transition "BUILD/scheduling" ==> "BUILD/None" after 11 second wait
2025-04-15 18:39:28.654 69508 INFO tempest.lib.common.rest_client [req-4c375ce9-a224-43c6-a820-257d99ff261a req-4c375ce9-a224-43c6-a820-257d99ff261a ] Request (ServerMetadataNegativeTestJSON:setUpClass): 200 GET http://10.180.1.21/compute/v2.1/servers/f59f98ac-50c6-4b7a-b1d0-3ee392feb9a4 0.126s
2025-04-15 18:39:28.680 69532 INFO tempest.lib.common.rest_client [req-5cf466df-57ec-40ef-96a5-8b235a28fb9a req-5cf466df-57ec-40ef-96a5-8b235a28fb9a ] Request (ImagesOneServerTestJSON:setUpClass): 200 GET http://10.180.1.21/compute/v2.1/servers/5ff95882-8f70-4b34-ba6e-4cd73d763abf 0.059s
2025-04-15 18:39:28.772 69521 INFO tempest.lib.common.rest_client [req-f57a0902-e21e-44d6-a33d-22b7cff57ea4 req-f57a0902-e21e-44d6-a33d-22b7cff57ea4 ] Request (ServersTestMultiNic:test_verify_duplicate_network_nics): 200 GET http://10.180.1.21/compute/v2.1/servers/be14257b-8502-4b3e-922d-eafc3a13b3f5 0.070s
2025-04-15 18:39:28.841 69480 INFO tempest.lib.common.rest_client [req-b5e7fde2-f573-4ee1-a3fb-7c8d0a594358 req-b5e7fde2-f573-4ee1-a3fb-7c8d0a594358 ] Request (ServerActionsV293TestJSON:setUpClass): 200 GET http://10.180.1.21/compute/v2.1/servers/ec62ac85-b749-4ba6-9599-1b5b065bdcf2 0.076s
2025-04-15 18:39:28.911 69536 INFO tempest.lib.common.rest_client [req-0566bbc9-ac5a-4d4a-866f-c58ce5cfae3a req-0566bbc9-ac5a-4d4a-866f-c58ce5cfae3a ] Request (VolumesAdminNegativeTest:test_update_attached_volume_with_nonexistent_volume_in_body): 200 GET http://10.180.1.21/compute/v2.1/servers/f13f12d0-b8b1-4779-8bc0-2c4e1e3fd764 0.194s
2025-04-15 18:39:28.990 69510 INFO tempest.lib.common.rest_client [req-c5a9fa2d-18fd-4a6e-b8e9-ccfc95bd35fb req-c5a9fa2d-18fd-4a6e-b8e9-ccfc95bd35fb ] Request (ServersListShow2100Test:test_list_show_rebuild_update_server_2100): 200 GET http://10.180.1.21/compute/v2.1/servers/c9eb4065-6732-48a4-8659-79afcce1809f 0.139s
2025-04-15 18:39:29.011 69493 INFO tempest.lib.common.rest_client [req-0ba71bbe-9d6e-428f-8589-3f14062ea74b req-0ba71bbe-9d6e-428f-8589-3f14062ea74b ] Request (ServerDiagnosticsTest:tearDownClass): 200 GET http://10.180.1.21/compute/v2.1/servers/f989273f-d47a-4302-8e86-0e2f9924b458 0.169s
2025-04-15 18:39:29.069 69507 INFO tempest.lib.common.rest_client [req-91d3ca52-84ab-4faf-85a6-66e9c3ef9d29 req-91d3ca52-84ab-4faf-85a6-66e9c3ef9d29 ] Request (SecurityGroupsTestJSON:test_list_security_groups_by_server): 200 GET http://10.180.1.21/compute/v2.1/servers/722c4116-5c37-4d49-b250-59829789dce3 0.061s
2025-04-15 18:39:29.106 69522 INFO tempest.lib.common.rest_client [req-26618f24-20b2-423e-8633-13066ffb8054 req-26618f24-20b2-423e-8633-13066ffb8054 ] Request (FloatingIPsAssociationTestJSON:test_associate_already_associated_floating_ip): 200 GET http://10.180.1.21/compute/v2.1/servers/1f96d05e-0ae7-4175-a50c-6d98dc1eca6a 0.068s
2025-04-15 18:39:29.140 69531 INFO tempest.lib.common.rest_client [req-69c1e9af-8156-4a8b-ab19-9e6f10c451a9 req-69c1e9af-8156-4a8b-ab19-9e6f10c451a9 ] Request (MultipleCreateTestJSON:test_multiple_create_with_reservation_return): 200 GET http://10.180.1.21/compute/v2.1/servers/1372f0f1-642c-40c6-9a3e-7fc0fb159052 0.068s
2025-04-15 18:39:29.205 69488 INFO tempest.lib.common.rest_client [req-ae3dca91-44aa-4fef-b11b-06c5a10d34ea req-ae3dca91-44aa-4fef-b11b-06c5a10d34ea ] Request (ServersAdminTestJSON:test_create_server_with_scheduling_hint): 200 GET http://10.180.1.21/compute/v2.1/servers/33bfaa91-de36-4374-a76f-585613277fda 0.076s
2025-04-15 18:39:29.242 69516 INFO tempest.lib.common.rest_client [req-314065cd-5a44-471d-b34f-dd995f2e1b32 req-314065cd-5a44-471d-b34f-dd995f2e1b32 ] Request (ServersV294TestFqdnHostnames:setUpClass): 200 GET http://10.180.1.21/compute/v2.1/servers/b20de2d2-f796-41b6-be49-c08147018866 0.075s
2025-04-15 18:39:29.303 69512 INFO tempest.lib.common.rest_client [req-0216df4e-0a13-49d8-a253-4b344bcb1d28 req-0216df4e-0a13-49d8-a253-4b344bcb1d28 ] Request (ServerDiagnosticsNegativeTest:test_get_server_diagnostics_by_non_admin): 200 GET http://10.180.1.21/compute/v2.1/servers/986dfcdc-a5bc-4a78-9b30-72d210f1bc9e 0.096s
2025-04-15 18:39:29.310 69476 INFO tempest.lib.common.rest_client [req-5ee5210e-5a7d-4e26-a352-d1c395504cb6 req-5ee5210e-5a7d-4e26-a352-d1c395504cb6 ] Request (DeleteServersAdminTestJSON:test_delete_server_while_in_error_state): 200 GET http://10.180.1.21/compute/v2.1/servers/5cbc0eb4-30f5-48bf-a476-e577d53c2f4a 0.075s
2025-04-15 18:39:29.365 69486 INFO tempest.lib.common.rest_client [req-9c4c23e4-a8e0-4178-811f-58fbf84e71fa req-9c4c23e4-a8e0-4178-811f-58fbf84e71fa ] Request (MigrationsAdminTest:test_list_migrations_in_flavor_resize_situation): 200 GET http://10.180.1.21/compute/v2.1/servers/24ac6469-2873-4020-8df5-4ab801a14b5b 0.063s
2025-04-15 18:39:29.417 69524 INFO tempest.lib.common.rest_client [req-6e16c838-73ee-4ea2-b5be-5ca1401ee2e9 req-6e16c838-73ee-4ea2-b5be-5ca1401ee2e9 ] Request (ServersTestBootFromVolume:setUpClass): 200 GET http://10.180.1.21/volume/v3/volumes/71b99239-29ad-498f-acc8-fa4292031ea1 0.044s
2025-04-15 18:39:29.483 69514 INFO tempest.lib.common.rest_client [req-b518d483-01cd-4658-b788-d33cdfbde008 req-b518d483-01cd-4658-b788-d33cdfbde008 ] Request (ServerDiagnosticsV248Test:tearDownClass): 200 GET http://10.180.1.21/compute/v2.1/servers/71110d4a-7fb0-4043-a917-be39f2693eac 0.101s
2025-04-15 18:39:29.504 69518 INFO tempest.lib.common.rest_client [req-a9b47639-db57-40a5-a7c6-0cb24939449c req-a9b47639-db57-40a5-a7c6-0cb24939449c ] Request (ListServersNegativeTestJSON:setUpClass): 200 GET http://10.180.1.21/compute/v2.1/servers/947eeb04-b704-4686-a3e5-ce687c00527d 0.107s
2025-04-15 18:39:29.558 69490 INFO tempest.lib.common.rest_client [req-70d6bd90-fbba-412d-a38e-a85d1144af19 req-70d6bd90-fbba-412d-a38e-a85d1144af19 ] Request (ServersNegativeTestJSON:setUpClass): 200 GET http://10.180.1.21/compute/v2.1/servers/d5c43519-b6ef-4061-bbc1-ee2b6a603683 0.098s
2025-04-15 18:39:29.581 69496 WARNING tempest.lib.common.ssh [-] Failed to establish authenticated ssh connection to cirros@10.180.180.182 ([Errno None] Unable to connect to port 22 on 10.180.180.182). Number attempts: 2. Retry after 3 seconds.: paramiko.ssh_exception.NoValidConnectionsError: [Errno None] Unable to connect to port 22 on 10.180.180.182
2025-04-15 18:39:29.589 69528 INFO tempest.lib.common.rest_client [req-24813996-572e-478d-9fb4-73453d805ab9 req-24813996-572e-478d-9fb4-73453d805ab9 ] Request (ImagesNegativeTestJSON:setUpClass): 200 PUT http://10.180.1.21:9696/networking/v2.0/routers/88ab6eea-a953-4d48-9e34-7068011be429/add_router_interface 1.612s
2025-04-15 18:39:29.589 69528 INFO tempest.lib.common.dynamic_creds [-] Created isolated network resources for: credentials: Credentials: {'domain_id': 'default', 'domain_name': 'Default', 'username': 'tempest-ImagesNegativeTestJSON-1935806795-project-member', 'project_domain_id': 'default', 'project_domain_name': 'Default', 'project_id': 'f8ddf61280de48edb1d9cd47439da16d', 'project_name': 'tempest-ImagesNegativeTestJSON-1935806795', 'tenant_id': 'f8ddf61280de48edb1d9cd47439da16d', 'tenant_name': 'tempest-ImagesNegativeTestJSON-1935806795', 'user_domain_id': 'default', 'user_domain_name': 'Default', 'user_id': '65a376924aff49fcb0797a8cd0ba2a90', 'system': None}, Network: {'id': 'c7029c10-e498-46e0-99e0-8895b5338072', 'name': 'tempest-ImagesNegativeTestJSON-600801411-network', 'tenant_id': 'f8ddf61280de48edb1d9cd47439da16d', 'admin_state_up': True, 'mtu': 8950, 'status': 'ACTIVE', 'subnets': [], 'shared': False, 'project_id': 'f8ddf61280de48edb1d9cd47439da16d', 'port_security_enabled': True, 'router:external': False, 'provider:network_type': 'vlan', 'provider:physical_network': 'default', 'provider:segmentation_id': 214, 'availability_zone_hints': [], 'availability_zones': [], 'ipv4_address_scope': None, 'ipv6_address_scope': None, 'description': '', 'tags': [], 'created_at': '2025-04-15T18:39:26Z', 'updated_at': '2025-04-15T18:39:26Z', 'revision_number': 1}, Subnet: {'id': 'e845c9f6-aa82-46e0-914b-c4b0ab98dfa7', 'name': 'tempest-ImagesNegativeTestJSON-600801411-subnet', 'tenant_id': 'f8ddf61280de48edb1d9cd47439da16d', 'network_id': 'c7029c10-e498-46e0-99e0-8895b5338072', 'ip_version': 4, 'subnetpool_id': None, 'enable_dhcp': True, 'ipv6_ra_mode': None, 'ipv6_address_mode': None, 'gateway_ip': '192.168.128.1', 'cidr': '192.168.128.0/28', 'allocation_pools': [{'start': '192.168.128.2', 'end': '192.168.128.14'}], 'host_routes': [], 'dns_nameservers': [], 'description': '', 'router:external': False, 'service_types': [], 'tags': [], 'created_at': '2025-04-15T18:39:27Z', 'updated_at': '2025-04-15T18:39:27Z', 'revision_number': 0, 'project_id': 'f8ddf61280de48edb1d9cd47439da16d'}, Router: {'id': '88ab6eea-a953-4d48-9e34-7068011be429', 'name': 'tempest-ImagesNegativeTestJSON-600801411-router', 'tenant_id': 'f8ddf61280de48edb1d9cd47439da16d', 'admin_state_up': True, 'status': 'ACTIVE', 'external_gateway_info': {'network_id': 'ecec27d3-8986-4f9a-b40d-a6b926a33e8d', 'external_fixed_ips': [{'subnet_id': 'aa52f31b-309e-4d95-86a2-f3d8548516c1', 'ip_address': '10.180.180.221'}], 'enable_snat': True}, 'description': '', 'availability_zones': [], 'distributed': False, 'ha': False, 'availability_zone_hints': [], 'routes': [], 'flavor_id': None, 'tags': [], 'created_at': '2025-04-15T18:39:27Z', 'updated_at': '2025-04-15T18:39:27Z', 'revision_number': 2, 'project_id': 'f8ddf61280de48edb1d9cd47439da16d'}
2025-04-15 18:39:29.594 69484 INFO tempest.lib.common.rest_client [req-34bdd5a9-686d-42f5-bc24-521e9809d761 req-34bdd5a9-686d-42f5-bc24-521e9809d761 ] Request (ListImageFiltersTestJSON:setUpClass): 200 GET http://10.180.1.21/compute/v2.1/servers/07272fef-5534-48e1-9231-d2d8beef9e34 0.070s
2025-04-15 18:39:29.648 69478 INFO tempest.lib.common.rest_client [req-212e9087-f766-4b54-92b5-e560509cb835 req-212e9087-f766-4b54-92b5-e560509cb835 ] Request (FloatingIPsAssociationNegativeTestJSON:setUpClass): 200 GET http://10.180.1.21/compute/v2.1/servers/86ada9bd-7df9-4b80-8447-3e4388c337c6 0.105s
2025-04-15 18:39:29.651 69482 INFO tempest.lib.common.rest_client [req-8c2dfc72-3048-4ba7-9d2a-e2e2976f8d53 req-8c2dfc72-3048-4ba7-9d2a-e2e2976f8d53 ] Request (ServersNegativeTestMultiTenantJSON:setUpClass): 201 POST http://10.180.1.21:9696/networking/v2.0/routers 1.283s
2025-04-15 18:39:29.694 69528 INFO tempest.lib.common.rest_client [req-d1139e0d-80dd-486e-8aac-70527de82f9f req-d1139e0d-80dd-486e-8aac-70527de82f9f ] Request (ImagesNegativeTestJSON:setUpClass): 201 POST http://10.180.1.21/identity/v3/auth/tokens 0.099s
2025-04-15 18:39:29.705 69538 INFO tempest.lib.common.rest_client [req-297c4802-a91d-4a08-85e2-e9e7a22ff1b9 req-297c4802-a91d-4a08-85e2-e9e7a22ff1b9 ] Request (ServerShowV257Test:tearDownClass): 200 GET http://10.180.1.21/compute/v2.1/servers/c73aa848-bb39-4407-9bb2-b8a3dbde0b61 0.102s
2025-04-15 18:39:29.722 69494 INFO tempest.lib.common.rest_client [req-c23da8aa-b0d9-40ac-ba51-4bc6ef8d332f req-c23da8aa-b0d9-40ac-ba51-4bc6ef8d332f ] Request (ServersAdmin275Test:test_rebuild_update_server_275): 200 GET http://10.180.1.21/compute/v2.1/servers/bec9825d-9791-4647-b8a4-bed2dc6834d9 0.103s
2025-04-15 18:39:29.740 69528 INFO tempest.lib.common.rest_client [req-3a5c309c-c86f-4a26-b479-174a5b417376 req-3a5c309c-c86f-4a26-b479-174a5b417376 ] Request (ImagesNegativeTestJSON:test_create_image_from_deleted_server): 201 POST http://10.180.1.21/identity/v3/auth/tokens 0.043s
2025-04-15 18:39:29.741 69528 INFO tempest.lib.common.fixed_network [-] (ImagesNegativeTestJSON:test_create_image_from_deleted_server) Found network {'id': 'c7029c10-e498-46e0-99e0-8895b5338072', 'name': 'tempest-ImagesNegativeTestJSON-600801411-network', 'tenant_id': 'f8ddf61280de48edb1d9cd47439da16d', 'admin_state_up': True, 'mtu': 8950, 'status': 'ACTIVE', 'subnets': [], 'shared': False, 'project_id': 'f8ddf61280de48edb1d9cd47439da16d', 'port_security_enabled': True, 'router:external': False, 'provider:network_type': 'vlan', 'provider:physical_network': 'default', 'provider:segmentation_id': 214, 'availability_zone_hints': [], 'availability_zones': [], 'ipv4_address_scope': None, 'ipv6_address_scope': None, 'description': '', 'tags': [], 'created_at': '2025-04-15T18:39:26Z', 'updated_at': '2025-04-15T18:39:26Z', 'revision_number': 1} available for tenant
2025-04-15 18:39:29.759 69508 INFO tempest.lib.common.rest_client [req-8ec4937a-6fa2-437f-b8c9-d6a54afe20ff req-8ec4937a-6fa2-437f-b8c9-d6a54afe20ff ] Request (ServerMetadataNegativeTestJSON:setUpClass): 200 GET http://10.180.1.21/compute/v2.1/servers/f59f98ac-50c6-4b7a-b1d0-3ee392feb9a4 0.090s
2025-04-15 18:39:29.777 69532 INFO tempest.lib.common.rest_client [req-03ddf2a1-4e09-410a-a508-db9788280896 req-03ddf2a1-4e09-410a-a508-db9788280896 ] Request (ImagesOneServerTestJSON:setUpClass): 200 GET http://10.180.1.21/compute/v2.1/servers/5ff95882-8f70-4b34-ba6e-4cd73d763abf 0.088s
2025-04-15 18:39:29.835 69521 INFO tempest.lib.common.rest_client [req-95082f1f-096e-4413-a0f8-c5bec2f661a2 req-95082f1f-096e-4413-a0f8-c5bec2f661a2 ] Request (ServersTestMultiNic:test_verify_duplicate_network_nics): 200 GET http://10.180.1.21/compute/v2.1/servers/be14257b-8502-4b3e-922d-eafc3a13b3f5 0.056s
2025-04-15 18:39:29.931 69480 INFO tempest.lib.common.rest_client [req-3ccb9752-e997-4881-a1f8-1e723b937589 req-3ccb9752-e997-4881-a1f8-1e723b937589 ] Request (ServerActionsV293TestJSON:setUpClass): 200 GET http://10.180.1.21/compute/v2.1/servers/ec62ac85-b749-4ba6-9599-1b5b065bdcf2 0.078s
2025-04-15 18:39:30.098 69536 INFO tempest.lib.common.rest_client [req-598f37e7-c601-4a86-863e-a2afcf64ee8a req-598f37e7-c601-4a86-863e-a2afcf64ee8a ] Request (VolumesAdminNegativeTest:test_update_attached_volume_with_nonexistent_volume_in_body): 200 GET http://10.180.1.21/compute/v2.1/servers/f13f12d0-b8b1-4779-8bc0-2c4e1e3fd764 0.175s
2025-04-15 18:39:30.170 69510 INFO tempest.lib.common.rest_client [req-a45f36b2-cdd4-43d1-a93b-21b37f2cbb77 req-a45f36b2-cdd4-43d1-a93b-21b37f2cbb77 ] Request (ServersListShow2100Test:test_list_show_rebuild_update_server_2100): 200 GET http://10.180.1.21/compute/v2.1/servers/c9eb4065-6732-48a4-8659-79afcce1809f 0.165s
2025-04-15 18:39:30.261 69528 INFO tempest.lib.common.rest_client [req-f3ccb0ba-90f8-4f59-93bf-61fb65d05061 req-f3ccb0ba-90f8-4f59-93bf-61fb65d05061 ] Request (ImagesNegativeTestJSON:test_create_image_from_deleted_server): 202 POST http://10.180.1.21/compute/v2.1/servers 0.520s
2025-04-15 18:39:30.266 69493 INFO tempest.lib.common.rest_client [req-c0096327-da8d-4720-b079-4bc5b259232a req-c0096327-da8d-4720-b079-4bc5b259232a ] Request (ServerDiagnosticsTest:tearDownClass): 200 GET http://10.180.1.21/compute/v2.1/servers/f989273f-d47a-4302-8e86-0e2f9924b458 0.246s
2025-04-15 18:39:30.351 69522 INFO tempest.lib.common.rest_client [req-a82be23d-f1b4-4384-9201-6fab9ff5885d req-a82be23d-f1b4-4384-9201-6fab9ff5885d ] Request (FloatingIPsAssociationTestJSON:test_associate_already_associated_floating_ip): 200 GET http://10.180.1.21/compute/v2.1/servers/1f96d05e-0ae7-4175-a50c-6d98dc1eca6a 0.237s
2025-04-15 18:39:30.359 69507 INFO tempest.lib.common.rest_client [req-c78d54be-8abc-406b-be1e-88ccf7f4bd51 req-c78d54be-8abc-406b-be1e-88ccf7f4bd51 ] Request (SecurityGroupsTestJSON:test_list_security_groups_by_server): 200 GET http://10.180.1.21/compute/v2.1/servers/722c4116-5c37-4d49-b250-59829789dce3 0.280s
2025-04-15 18:39:30.437 69488 INFO tempest.lib.common.rest_client [req-431a6959-388c-4d34-b376-c51fc0bdf3e9 req-431a6959-388c-4d34-b376-c51fc0bdf3e9 ] Request (ServersAdminTestJSON:test_create_server_with_scheduling_hint): 200 GET http://10.180.1.21/compute/v2.1/servers/33bfaa91-de36-4374-a76f-585613277fda 0.223s
2025-04-15 18:39:30.443 69531 INFO tempest.lib.common.rest_client [req-1ac29188-d9f1-4fba-af91-d7fed0296f6e req-1ac29188-d9f1-4fba-af91-d7fed0296f6e ] Request (MultipleCreateTestJSON:test_multiple_create_with_reservation_return): 200 GET http://10.180.1.21/compute/v2.1/servers/1372f0f1-642c-40c6-9a3e-7fc0fb159052 0.295s
2025-04-15 18:39:30.469 69524 INFO tempest.lib.common.rest_client [req-9949ddce-9efa-4aca-b054-9fe75196463d req-9949ddce-9efa-4aca-b054-9fe75196463d ] Request (ServersTestBootFromVolume:setUpClass): 200 GET http://10.180.1.21/volume/v3/volumes/71b99239-29ad-498f-acc8-fa4292031ea1 0.044s
2025-04-15 18:39:30.497 69528 INFO tempest.lib.common.rest_client [req-8313098b-6658-47ab-b3d2-7fa3345f7f10 req-8313098b-6658-47ab-b3d2-7fa3345f7f10 ] Request (ImagesNegativeTestJSON:test_create_image_from_deleted_server): 200 GET http://10.180.1.21/compute/v2.1/servers/afff8818-2298-46fe-b4f7-cbd46c470d89 0.234s
2025-04-15 18:39:30.531 69516 INFO tempest.lib.common.rest_client [req-708587ec-1b13-4c6e-95ca-e1638b004732 req-708587ec-1b13-4c6e-95ca-e1638b004732 ] Request (ServersV294TestFqdnHostnames:setUpClass): 200 GET http://10.180.1.21/compute/v2.1/servers/b20de2d2-f796-41b6-be49-c08147018866 0.271s
2025-04-15 18:39:30.584 69512 INFO tempest.lib.common.rest_client [req-d197992a-78ac-417d-92cb-61970ffcb04a req-d197992a-78ac-417d-92cb-61970ffcb04a ] Request (ServerDiagnosticsNegativeTest:test_get_server_diagnostics_by_non_admin): 200 GET http://10.180.1.21/compute/v2.1/servers/986dfcdc-a5bc-4a78-9b30-72d210f1bc9e 0.271s
2025-04-15 18:39:30.624 69476 INFO tempest.lib.common.rest_client [req-f74b7249-379f-4f86-92e7-66bebbaa8f7e req-f74b7249-379f-4f86-92e7-66bebbaa8f7e ] Request (DeleteServersAdminTestJSON:test_delete_server_while_in_error_state): 200 GET http://10.180.1.21/compute/v2.1/servers/5cbc0eb4-30f5-48bf-a476-e577d53c2f4a 0.301s
2025-04-15 18:39:30.670 69486 INFO tempest.lib.common.rest_client [req-10a3f9ce-c29a-4ecf-96a7-4ab4f811790a req-10a3f9ce-c29a-4ecf-96a7-4ab4f811790a ] Request (MigrationsAdminTest:test_list_migrations_in_flavor_resize_situation): 200 GET http://10.180.1.21/compute/v2.1/servers/24ac6469-2873-4020-8df5-4ab801a14b5b 0.292s
2025-04-15 18:39:30.674 69482 INFO tempest.lib.common.rest_client [req-02953363-518d-4f3d-b5fe-23186b380d39 req-02953363-518d-4f3d-b5fe-23186b380d39 ] Request (ServersNegativeTestMultiTenantJSON:setUpClass): 200 PUT http://10.180.1.21:9696/networking/v2.0/routers/be43499b-8981-4643-8d23-ff2356833dd0/add_router_interface 1.022s
2025-04-15 18:39:30.674 69482 INFO tempest.lib.common.dynamic_creds [-] Created isolated network resources for: credentials: Credentials: {'domain_id': 'default', 'domain_name': 'Default', 'username': 'tempest-ServersNegativeTestMultiTenantJSON-2125627550-project-member', 'project_domain_id': 'default', 'project_domain_name': 'Default', 'project_id': '8640747bea0d4ad7a1d9ba5b09a47c1c', 'project_name': 'tempest-ServersNegativeTestMultiTenantJSON-2125627550', 'tenant_id': '8640747bea0d4ad7a1d9ba5b09a47c1c', 'tenant_name': 'tempest-ServersNegativeTestMultiTenantJSON-2125627550', 'user_domain_id': 'default', 'user_domain_name': 'Default', 'user_id': '096cf15e2f894164995c71ba16709649', 'system': None}, Network: {'id': 'e72078db-3bf8-41e4-bfe0-b28b9a4801bb', 'name': 'tempest-ServersNegativeTestMultiTenantJSON-641651673-network', 'tenant_id': '8640747bea0d4ad7a1d9ba5b09a47c1c', 'admin_state_up': True, 'mtu': 8950, 'status': 'ACTIVE', 'subnets': [], 'shared': False, 'project_id': '8640747bea0d4ad7a1d9ba5b09a47c1c', 'port_security_enabled': True, 'router:external': False, 'provider:network_type': 'vlan', 'provider:physical_network': 'default', 'provider:segmentation_id': 489, 'availability_zone_hints': [], 'availability_zones': [], 'ipv4_address_scope': None, 'ipv6_address_scope': None, 'description': '', 'tags': [], 'created_at': '2025-04-15T18:39:27Z', 'updated_at': '2025-04-15T18:39:27Z', 'revision_number': 1}, Subnet: {'id': 'f2803fd9-24a9-47e2-ae85-e3be5f795ed3', 'name': 'tempest-ServersNegativeTestMultiTenantJSON-641651673-subnet', 'tenant_id': '8640747bea0d4ad7a1d9ba5b09a47c1c', 'network_id': 'e72078db-3bf8-41e4-bfe0-b28b9a4801bb', 'ip_version': 4, 'subnetpool_id': None, 'enable_dhcp': True, 'ipv6_ra_mode': None, 'ipv6_address_mode': None, 'gateway_ip': '192.168.128.1', 'cidr': '192.168.128.0/28', 'allocation_pools': [{'start': '192.168.128.2', 'end': '192.168.128.14'}], 'host_routes': [], 'dns_nameservers': [], 'description': '', 'router:external': False, 'service_types': [], 'tags': [], 'created_at': '2025-04-15T18:39:28Z', 'updated_at': '2025-04-15T18:39:28Z', 'revision_number': 0, 'project_id': '8640747bea0d4ad7a1d9ba5b09a47c1c'}, Router: {'id': 'be43499b-8981-4643-8d23-ff2356833dd0', 'name': 'tempest-ServersNegativeTestMultiTenantJSON-641651673-router', 'tenant_id': '8640747bea0d4ad7a1d9ba5b09a47c1c', 'admin_state_up': True, 'status': 'ACTIVE', 'external_gateway_info': {'network_id': 'ecec27d3-8986-4f9a-b40d-a6b926a33e8d', 'external_fixed_ips': [{'subnet_id': 'aa52f31b-309e-4d95-86a2-f3d8548516c1', 'ip_address': '10.180.180.240'}], 'enable_snat': True}, 'description': '', 'availability_zones': [], 'distributed': False, 'ha': False, 'availability_zone_hints': [], 'routes': [], 'flavor_id': None, 'tags': [], 'created_at': '2025-04-15T18:39:28Z', 'updated_at': '2025-04-15T18:39:29Z', 'revision_number': 2, 'project_id': '8640747bea0d4ad7a1d9ba5b09a47c1c'}
2025-04-15 18:39:30.712 69514 INFO tempest.lib.common.rest_client [req-1ccea187-7352-44e0-be06-46dabbe279ef req-1ccea187-7352-44e0-be06-46dabbe279ef ] Request (ServerDiagnosticsV248Test:tearDownClass): 200 GET http://10.180.1.21/compute/v2.1/servers/71110d4a-7fb0-4043-a917-be39f2693eac 0.207s
2025-04-15 18:39:30.764 69518 INFO tempest.lib.common.rest_client [req-746c9b0f-7db2-409b-906e-008ea139f969 req-746c9b0f-7db2-409b-906e-008ea139f969 ] Request (ListServersNegativeTestJSON:setUpClass): 200 GET http://10.180.1.21/compute/v2.1/servers/947eeb04-b704-4686-a3e5-ce687c00527d 0.246s
2025-04-15 18:39:30.778 69482 INFO tempest.lib.common.rest_client [req-e319366c-3f32-4d4b-b543-032b5beaf827 req-e319366c-3f32-4d4b-b543-032b5beaf827 ] Request (ServersNegativeTestMultiTenantJSON:setUpClass): 201 POST http://10.180.1.21/identity/v3/auth/tokens 0.100s
2025-04-15 18:39:30.789 69490 INFO tempest.lib.common.rest_client [req-86bfba45-f6df-4a8e-b059-9cccc7a97c14 req-86bfba45-f6df-4a8e-b059-9cccc7a97c14 ] Request (ServersNegativeTestJSON:setUpClass): 200 GET http://10.180.1.21/compute/v2.1/servers/d5c43519-b6ef-4061-bbc1-ee2b6a603683 0.220s
2025-04-15 18:39:30.821 69482 INFO tempest.lib.common.rest_client [req-e85719f5-63a6-422b-ace6-711717640b10 req-e85719f5-63a6-422b-ace6-711717640b10 ] Request (ServersNegativeTestMultiTenantJSON:setUpClass): 201 POST http://10.180.1.21/identity/v3/projects 0.042s
2025-04-15 18:39:30.837 69484 INFO tempest.lib.common.rest_client [req-4f6827f0-2682-4af7-9b94-79eb2d7618a4 req-4f6827f0-2682-4af7-9b94-79eb2d7618a4 ] Request (ListImageFiltersTestJSON:setUpClass): 200 GET http://10.180.1.21/compute/v2.1/servers/07272fef-5534-48e1-9231-d2d8beef9e34 0.231s
2025-04-15 18:39:30.869 69478 INFO tempest.lib.common.rest_client [req-ca65e95a-668e-479a-a48b-86f25e30f5f6 req-ca65e95a-668e-479a-a48b-86f25e30f5f6 ] Request (FloatingIPsAssociationNegativeTestJSON:setUpClass): 200 GET http://10.180.1.21/compute/v2.1/servers/86ada9bd-7df9-4b80-8447-3e4388c337c6 0.212s
2025-04-15 18:39:30.895 69482 INFO tempest.lib.common.rest_client [req-8bc461c1-40e4-4104-9166-d4b1c32303b8 req-8bc461c1-40e4-4104-9166-d4b1c32303b8 ] Request (ServersNegativeTestMultiTenantJSON:setUpClass): 201 POST http://10.180.1.21/identity/v3/users 0.074s
2025-04-15 18:39:30.905 69538 INFO tempest.lib.common.rest_client [req-3ba80469-1e2b-4b98-9916-173c9ea7e692 req-3ba80469-1e2b-4b98-9916-173c9ea7e692 ] Request (ServerShowV257Test:tearDownClass): 200 GET http://10.180.1.21/compute/v2.1/servers/c73aa848-bb39-4407-9bb2-b8a3dbde0b61 0.186s
