2025-04-15 18:40:13.332 69507 INFO tempest.lib.common.rest_client [req-e4f1899a-c6ec-4d0b-88a3-05c86f5c6f8f req-e4f1899a-c6ec-4d0b-88a3-05c86f5c6f8f ] Request (SecurityGroupsTestJSON:test_list_security_groups_by_server): 200 GET http://10.180.1.21/compute/v2.1/servers/722c4116-5c37-4d49-b250-59829789dce3 2.796s
2025-04-15 18:40:13.344 69507 INFO tempest.common.waiters [-] State transition "BUILD/None" ==> "BUILD/spawning" after 54 second wait
2025-04-15 18:40:13.366 69514 INFO tempest.lib.common.rest_client [req-c8c193f5-208e-48ad-a011-c90299d0eb31 req-c8c193f5-208e-48ad-a011-c90299d0eb31 ] Request (AttachInterfacesTestJSON:test_create_list_show_delete_interfaces_by_fixed_ip): 200 GET http://10.180.1.21/compute/v2.1/servers/0ca1e852-0478-4539-9600-568792f1754d 2.644s
2025-04-15 18:40:13.433 69528 INFO tempest.lib.common.rest_client [req-0994ecc1-a5b3-4e0d-a760-2a32d143b394 req-0994ecc1-a5b3-4e0d-a760-2a32d143b394 ] Request (ImagesNegativeTestJSON:test_create_image_from_deleted_server): 200 GET http://10.180.1.21/compute/v2.1/servers/afff8818-2298-46fe-b4f7-cbd46c470d89 2.623s
2025-04-15 18:40:13.452 69522 INFO tempest.lib.common.rest_client [req-89300de2-7cc9-4213-825d-d0e458aed54b req-89300de2-7cc9-4213-825d-d0e458aed54b ] Request (FloatingIPsAssociationTestJSON:test_associate_disassociate_floating_ip): 200 GET http://10.180.1.21/compute/v2.1/os-floating-ips/4fa46273-8ed4-4565-953d-52d415a88116 2.668s
2025-04-15 18:40:13.500 69512 INFO tempest.lib.common.rest_client [req-1956c04a-c272-4479-80f1-a5270887a614 req-1956c04a-c272-4479-80f1-a5270887a614 ] Request (ServerDiagnosticsNegativeTest:tearDownClass): 200 GET http://10.180.1.21/compute/v2.1/servers/986dfcdc-a5bc-4a78-9b30-72d210f1bc9e 2.598s
2025-04-15 18:40:13.513 69498 INFO tempest.lib.common.rest_client [req-85c6fb63-19d9-4df6-93da-1921d4f7f9a8 req-85c6fb63-19d9-4df6-93da-1921d4f7f9a8 ] Request (ServerActionsTestOtherA:test_rebuild_server_in_stop_state): 200 GET http://10.180.1.21/compute/v2.1/servers/873ed12d-97e6-4349-8c04-b806f8f486ed 2.524s
2025-04-15 18:40:13.570 69518 INFO tempest.lib.common.rest_client [req-f6d3deab-2992-4ada-b32a-5e40a626ae73 req-f6d3deab-2992-4ada-b32a-5e40a626ae73 ] Request (ListServersNegativeTestJSON:tearDownClass): 200 GET http://10.180.1.21/compute/v2.1/servers/dc04e670-e30d-444f-9f8c-85c3612117a6 2.498s
2025-04-15 18:40:13.578 69488 INFO tempest.lib.common.rest_client [req-0cc0221d-a656-46ca-b2ce-c2ee4b532992 req-0cc0221d-a656-46ca-b2ce-c2ee4b532992 ] Request (ServersAdminTestJSON:test_inject_network_info): 200 GET http://10.180.1.21/compute/v2.1/servers/cd69c4bf-2319-4880-8707-8e6b0c9aba18 2.418s
2025-04-15 18:40:13.650 69476 INFO tempest.lib.common.rest_client [req-38a56413-6973-4e0b-a837-f402c4cbdbcc req-38a56413-6973-4e0b-a837-f402c4cbdbcc ] Request (DeleteServersAdminTestJSON:test_delete_server_while_in_error_state): 200 GET http://10.180.1.21/compute/v2.1/servers/5cbc0eb4-30f5-48bf-a476-e577d53c2f4a 2.420s
2025-04-15 18:40:13.651 69486 INFO tempest.lib.common.rest_client [req-269ba0be-9570-44fc-960a-01c0e41c4ebb req-269ba0be-9570-44fc-960a-01c0e41c4ebb ] Request (MigrationsAdminTest:test_list_migrations_in_flavor_resize_situation): 200 GET http://10.180.1.21/compute/v2.1/servers/24ac6469-2873-4020-8df5-4ab801a14b5b 2.358s
2025-04-15 18:40:13.707 69508 INFO tempest.lib.common.rest_client [req-872d104c-bf6f-450a-9e4c-38cb56c2279c req-872d104c-bf6f-450a-9e4c-38cb56c2279c ] Request (ServerMetadataNegativeTestJSON:setUpClass): 200 GET http://10.180.1.21/compute/v2.1/servers/f59f98ac-50c6-4b7a-b1d0-3ee392feb9a4 1.827s
2025-04-15 18:40:13.712 69524 INFO tempest.lib.common.rest_client [req-6338ca0b-6454-48d3-9e5f-30326b77579f req-6338ca0b-6454-48d3-9e5f-30326b77579f ] Request (ServersTestBootFromVolume:setUpClass): 200 GET http://10.180.1.21/compute/v2.1/servers/81430660-3cc3-4a79-9d95-36caef3cf876 1.770s
2025-04-15 18:40:13.833 69478 INFO tempest.lib.common.rest_client [req-d7884671-c53b-48de-ab09-78976079bd7c req-d7884671-c53b-48de-ab09-78976079bd7c ] Request (FloatingIPsAssociationNegativeTestJSON:setUpClass): 200 GET http://10.180.1.21/compute/v2.1/servers/86ada9bd-7df9-4b80-8447-3e4388c337c6 1.784s
2025-04-15 18:40:13.863 69490 INFO tempest.lib.common.rest_client [req-fb8ae7ae-c50d-4675-ac89-2babed7418e1 req-fb8ae7ae-c50d-4675-ac89-2babed7418e1 ] Request (ServersNegativeTestJSON:setUpClass): 200 GET http://10.180.1.21/compute/v2.1/servers/d5c43519-b6ef-4061-bbc1-ee2b6a603683 1.715s
2025-04-15 18:40:13.874 69500 WARNING tempest.lib.common.ssh [-] Failed to establish authenticated ssh connection to cirros@10.180.180.132 ([Errno None] Unable to connect to port 22 on 10.180.180.132). Number attempts: 8. Retry after 9 seconds.: paramiko.ssh_exception.NoValidConnectionsError: [Errno None] Unable to connect to port 22 on 10.180.180.132
2025-04-15 18:40:13.887 69521 INFO tempest.lib.common.rest_client [req-4f098110-82fd-46e5-bae1-48f497124a02 req-4f098110-82fd-46e5-bae1-48f497124a02 ] Request (ServersTestMultiNic:test_verify_duplicate_network_nics): 200 GET http://10.180.1.21/compute/v2.1/servers/be14257b-8502-4b3e-922d-eafc3a13b3f5 1.683s
2025-04-15 18:40:13.929 69494 INFO tempest.lib.common.rest_client [req-f0492ea0-cb6b-4bce-ac20-2666c7d510e7 req-f0492ea0-cb6b-4bce-ac20-2666c7d510e7 ] Request (ServersAdmin275Test:test_rebuild_update_server_275): 200 GET http://10.180.1.21/compute/v2.1/servers/bec9825d-9791-4647-b8a4-bed2dc6834d9 1.358s
2025-04-15 18:40:13.938 69482 INFO tempest.lib.common.rest_client [req-b2090246-d170-4e71-bd9e-a4c247d38570 req-b2090246-d170-4e71-bd9e-a4c247d38570 ] Request (ServersNegativeTestMultiTenantJSON:setUpClass): 200 GET http://10.180.1.21/compute/v2.1/servers/531569c8-9bb4-4adf-a6ab-b107a99d11d6 1.298s
2025-04-15 18:40:13.969 69484 INFO tempest.lib.common.rest_client [req-42a0f883-07f8-4b2f-90f8-c9a169a5a60e req-42a0f883-07f8-4b2f-90f8-c9a169a5a60e ] Request (ListImageFiltersTestJSON:setUpClass): 200 GET http://10.180.1.21/compute/v2.1/images/a019bf07-6b3b-4412-a082-35f04f503bad 0.955s
2025-04-15 18:40:14.156 69484 INFO tempest.lib.common.rest_client [req-88aad93e-32be-4917-aa42-27c4d36e165a req-88aad93e-32be-4917-aa42-27c4d36e165a ] Request (ListImageFiltersTestJSON:setUpClass): 200 GET http://10.180.1.21/compute/v2.1/servers/3492e320-3e6b-4e50-8a9a-b5c97fc47241 0.184s
2025-04-15 18:40:14.196 69532 INFO tempest.lib.common.rest_client [req-88e1c38e-3d05-4f9d-9026-f6d7d1be2e80 req-88e1c38e-3d05-4f9d-9026-f6d7d1be2e80 ] Request (ImagesOneServerTestJSON:test_create_image_specify_multibyte_character_image_name): 200 GET http://10.180.1.21/compute/v2.1/images/5e01c066-9a6b-4ff5-b614-f7abffa698bb 0.176s
2025-04-15 18:40:14.264 69480 INFO tempest.lib.common.rest_client [req-ded95611-5970-4857-b528-b21e3f04b178 req-ded95611-5970-4857-b528-b21e3f04b178 ] Request (ServerActionsV293TestJSON:setUpClass): 200 GET http://10.180.1.21/compute/v2.1/servers/ec62ac85-b749-4ba6-9599-1b5b065bdcf2 0.176s
2025-04-15 18:40:14.284 69504 INFO tempest.lib.common.rest_client [req-4a1279c2-2dd1-47ac-9157-389409edd861 req-4a1279c2-2dd1-47ac-9157-389409edd861 ] Request (ServersTestJSON:tearDownClass): 404 GET http://10.180.1.21/compute/v2.1/servers/a8aae5e7-1639-48f1-9ae6-8ec5ec376ebf 0.184s
2025-04-15 18:40:14.351 69493 INFO tempest.lib.common.rest_client [req-f47d284a-0371-44cb-a898-e06c1680a2c2 req-f47d284a-0371-44cb-a898-e06c1680a2c2 ] Request (TenantUsagesTestJSON:setUpClass): 200 GET http://10.180.1.21/compute/v2.1/servers/62015eca-8518-450f-98a5-98af7156fc9a 0.206s
2025-04-15 18:40:14.442 69510 INFO tempest.lib.common.rest_client [req-7685e329-b74b-4a9f-a03c-a5a14f582bd0 req-7685e329-b74b-4a9f-a03c-a5a14f582bd0 ] Request (ServersListShow2100Test:tearDownClass): 200 GET http://10.180.1.21/compute/v2.1/servers/c9eb4065-6732-48a4-8659-79afcce1809f 0.247s
2025-04-15 18:40:14.469 69504 INFO tempest.lib.common.rest_client [req-f87fa1b6-f592-497b-9e94-3e115b416f12 req-f87fa1b6-f592-497b-9e94-3e115b416f12 ] Request (ServersTestJSON:tearDownClass): 202 DELETE http://10.180.1.21/compute/v2.1/os-keypairs/tempest-keypair-1289757905 0.184s
2025-04-15 18:40:14.535 69531 INFO tempest.lib.common.rest_client [req-932e9b2f-9f50-4a58-aed2-df50513464c0 req-932e9b2f-9f50-4a58-aed2-df50513464c0 ] Request (MultipleCreateTestJSON:test_multiple_create_with_reservation_return): 200 GET http://10.180.1.21/compute/v2.1/servers/1372f0f1-642c-40c6-9a3e-7fc0fb159052 0.237s
2025-04-15 18:40:14.635 69504 INFO tempest.lib.common.rest_client [req-87fdd381-420f-4fcc-ae65-e3b7151e801f req-87fdd381-420f-4fcc-ae65-e3b7151e801f ] Request (ServersTestJSON:tearDownClass): 204 DELETE http://10.180.1.21:9696/networking/v2.0/security-groups/a4ac834f-9061-4e23-9d9d-b88b0a9dd9b6 0.165s
2025-04-15 18:40:14.651 69504 INFO tempest.lib.common.rest_client [req-8d688cdd-acb5-4e6b-b3c1-ba04ef9230c0 req-8d688cdd-acb5-4e6b-b3c1-ba04ef9230c0 ] Request (ServersTestJSON:tearDownClass): 404 GET http://10.180.1.21:9696/networking/v2.0/security-groups/a4ac834f-9061-4e23-9d9d-b88b0a9dd9b6 0.016s
2025-04-15 18:40:14.704 69507 INFO tempest.lib.common.rest_client [req-1548b185-39d9-45ce-8615-a8c1ce9f9c0f req-1548b185-39d9-45ce-8615-a8c1ce9f9c0f ] Request (SecurityGroupsTestJSON:test_list_security_groups_by_server): 200 GET http://10.180.1.21/compute/v2.1/servers/722c4116-5c37-4d49-b250-59829789dce3 0.359s
2025-04-15 18:40:14.783 69514 INFO tempest.lib.common.rest_client [req-92969fa4-4d61-4f63-8e9c-0f35a069d54e req-92969fa4-4d61-4f63-8e9c-0f35a069d54e ] Request (AttachInterfacesTestJSON:test_create_list_show_delete_interfaces_by_fixed_ip): 200 GET http://10.180.1.21/compute/v2.1/servers/0ca1e852-0478-4539-9600-568792f1754d 0.406s
2025-04-15 18:40:14.859 69528 INFO tempest.lib.common.rest_client [req-45fa05d0-dad8-4f5f-99e0-015318d5461d req-45fa05d0-dad8-4f5f-99e0-015318d5461d ] Request (ImagesNegativeTestJSON:test_create_image_from_deleted_server): 200 GET http://10.180.1.21/compute/v2.1/servers/afff8818-2298-46fe-b4f7-cbd46c470d89 0.414s
2025-04-15 18:40:14.947 69512 INFO tempest.lib.common.rest_client [req-52db224d-1d5c-4646-950d-b73ae27cb930 req-52db224d-1d5c-4646-950d-b73ae27cb930 ] Request (ServerDiagnosticsNegativeTest:tearDownClass): 200 GET http://10.180.1.21/compute/v2.1/servers/986dfcdc-a5bc-4a78-9b30-72d210f1bc9e 0.438s
2025-04-15 18:40:14.954 69522 INFO tempest.lib.common.rest_client [req-13462e38-784e-4f6a-aad3-6e58a7a3f641 req-13462e38-784e-4f6a-aad3-6e58a7a3f641 ] Request (FloatingIPsAssociationTestJSON:test_associate_disassociate_floating_ip): 202 POST http://10.180.1.21/compute/v2.1/servers/5153318c-b4d4-487d-b040-af14cdd3a5c6/action 1.499s
2025-04-15 18:40:14.983 69504 INFO tempest.lib.common.rest_client [req-8a18f199-b2a7-4749-9fd2-8e26f35b4571 req-8a18f199-b2a7-4749-9fd2-8e26f35b4571 ] Request (ServersTestJSON:tearDownClass): 204 DELETE http://10.180.1.21:9696/networking/v2.0/floatingips/5c77211e-2e40-440d-8056-1e801d4f6f4b 0.331s
2025-04-15 18:40:15.026 69488 INFO tempest.lib.common.rest_client [req-42dd39e7-1c68-4cad-a347-d2f0678d5c47 req-42dd39e7-1c68-4cad-a347-d2f0678d5c47 ] Request (ServersAdminTestJSON:test_inject_network_info): 200 GET http://10.180.1.21/compute/v2.1/servers/cd69c4bf-2319-4880-8707-8e6b0c9aba18 0.439s
2025-04-15 18:40:15.031 69498 INFO tempest.lib.common.rest_client [req-58488f12-77b5-4f3c-a9e5-f1ffb70e2894 req-58488f12-77b5-4f3c-a9e5-f1ffb70e2894 ] Request (ServerActionsTestOtherA:test_rebuild_server_in_stop_state): 200 GET http://10.180.1.21/compute/v2.1/servers/873ed12d-97e6-4349-8c04-b806f8f486ed 0.507s
2025-04-15 18:40:15.105 69518 INFO tempest.lib.common.rest_client [req-2abff79c-ea71-4f40-bd33-729520737c00 req-2abff79c-ea71-4f40-bd33-729520737c00 ] Request (ListServersNegativeTestJSON:tearDownClass): 200 GET http://10.180.1.21/compute/v2.1/servers/dc04e670-e30d-444f-9f8c-85c3612117a6 0.514s
2025-04-15 18:40:15.110 69486 INFO tempest.lib.common.rest_client [req-fce8eba0-a472-466f-919b-57361584e2d4 req-fce8eba0-a472-466f-919b-57361584e2d4 ] Request (MigrationsAdminTest:test_list_migrations_in_flavor_resize_situation): 200 GET http://10.180.1.21/compute/v2.1/servers/24ac6469-2873-4020-8df5-4ab801a14b5b 0.450s
2025-04-15 18:40:15.181 69476 INFO tempest.lib.common.rest_client [req-87814384-5242-4938-915f-84f92e6a1b26 req-87814384-5242-4938-915f-84f92e6a1b26 ] Request (DeleteServersAdminTestJSON:test_delete_server_while_in_error_state): 200 GET http://10.180.1.21/compute/v2.1/servers/5cbc0eb4-30f5-48bf-a476-e577d53c2f4a 0.520s
2025-04-15 18:40:15.184 69508 INFO tempest.lib.common.rest_client [req-f09a6469-a753-4d68-b331-9c4625852f67 req-f09a6469-a753-4d68-b331-9c4625852f67 ] Request (ServerMetadataNegativeTestJSON:setUpClass): 200 GET http://10.180.1.21/compute/v2.1/servers/f59f98ac-50c6-4b7a-b1d0-3ee392feb9a4 0.469s
2025-04-15 18:40:15.262 69524 INFO tempest.lib.common.rest_client [req-3f87a8bb-ec4f-4d43-b22d-9581061333a8 req-3f87a8bb-ec4f-4d43-b22d-9581061333a8 ] Request (ServersTestBootFromVolume:setUpClass): 200 GET http://10.180.1.21/compute/v2.1/servers/81430660-3cc3-4a79-9d95-36caef3cf876 0.542s
2025-04-15 18:40:15.377 69478 INFO tempest.lib.common.rest_client [req-656bbf5d-39d4-472e-a016-b4cb10297674 req-656bbf5d-39d4-472e-a016-b4cb10297674 ] Request (FloatingIPsAssociationNegativeTestJSON:setUpClass): 200 GET http://10.180.1.21/compute/v2.1/servers/86ada9bd-7df9-4b80-8447-3e4388c337c6 0.532s
2025-04-15 18:40:15.412 69490 INFO tempest.lib.common.rest_client [req-57f52feb-c4e7-4cfc-9465-0d8161ba5c7b req-57f52feb-c4e7-4cfc-9465-0d8161ba5c7b ] Request (ServersNegativeTestJSON:setUpClass): 200 GET http://10.180.1.21/compute/v2.1/servers/d5c43519-b6ef-4061-bbc1-ee2b6a603683 0.542s
2025-04-15 18:40:15.443 69521 INFO tempest.lib.common.rest_client [req-6bc85c25-3cb9-4885-878b-7578ff925111 req-6bc85c25-3cb9-4885-878b-7578ff925111 ] Request (ServersTestMultiNic:test_verify_duplicate_network_nics): 200 GET http://10.180.1.21/compute/v2.1/servers/be14257b-8502-4b3e-922d-eafc3a13b3f5 0.548s
2025-04-15 18:40:15.483 69494 INFO tempest.lib.common.rest_client [req-758bb441-d89b-43ec-b30e-ddd6a1ee7d97 req-758bb441-d89b-43ec-b30e-ddd6a1ee7d97 ] Request (ServersAdmin275Test:test_rebuild_update_server_275): 200 GET http://10.180.1.21/compute/v2.1/servers/bec9825d-9791-4647-b8a4-bed2dc6834d9 0.539s
2025-04-15 18:40:15.509 69482 INFO tempest.lib.common.rest_client [req-2128b8c0-1844-4b83-848b-9f5ccfdc0edd req-2128b8c0-1844-4b83-848b-9f5ccfdc0edd ] Request (ServersNegativeTestMultiTenantJSON:setUpClass): 200 GET http://10.180.1.21/compute/v2.1/servers/531569c8-9bb4-4adf-a6ab-b107a99d11d6 0.560s
2025-04-15 18:40:15.588 69522 INFO tempest.lib.common.rest_client [req-9e22b027-13bc-4348-ad04-aa351f73f4ca req-9e22b027-13bc-4348-ad04-aa351f73f4ca ] Request (FloatingIPsAssociationTestJSON:tearDownClass): 204 DELETE http://10.180.1.21/compute/v2.1/servers/1f96d05e-0ae7-4175-a50c-6d98dc1eca6a 0.626s
2025-04-15 18:40:15.632 69532 INFO tempest.lib.common.rest_client [req-5fb6c026-870a-4617-889f-991854ce0d4e req-5fb6c026-870a-4617-889f-991854ce0d4e ] Request (ImagesOneServerTestJSON:test_create_image_specify_multibyte_character_image_name): 200 GET http://10.180.1.21/compute/v2.1/images/5e01c066-9a6b-4ff5-b614-f7abffa698bb 0.431s
2025-04-15 18:40:15.641 69484 INFO tempest.lib.common.rest_client [req-a9879ae1-614d-4f96-9474-a01fc0c2411e req-a9879ae1-614d-4f96-9474-a01fc0c2411e ] Request (ListImageFiltersTestJSON:setUpClass): 200 GET http://10.180.1.21/compute/v2.1/servers/3492e320-3e6b-4e50-8a9a-b5c97fc47241 0.475s
2025-04-15 18:40:15.648 69484 INFO tempest.common.waiters [-] State transition "ACTIVE/image_uploading" ==> "ACTIVE/None" after 1 second wait
2025-04-15 18:40:15.719 69480 INFO tempest.lib.common.rest_client [req-77d8162d-3a53-47c4-8705-3aef0099e7c9 req-77d8162d-3a53-47c4-8705-3aef0099e7c9 ] Request (ServerActionsV293TestJSON:setUpClass): 200 GET http://10.180.1.21/compute/v2.1/servers/ec62ac85-b749-4ba6-9599-1b5b065bdcf2 0.441s
2025-04-15 18:40:15.726 69493 INFO tempest.lib.common.rest_client [req-6928228d-061e-4255-851f-978e8ff94fcf req-6928228d-061e-4255-851f-978e8ff94fcf ] Request (TenantUsagesTestJSON:setUpClass): 200 GET http://10.180.1.21/compute/v2.1/servers/62015eca-8518-450f-98a5-98af7156fc9a 0.365s
2025-04-15 18:40:15.790 69531 INFO tempest.lib.common.rest_client [req-866aba32-d6df-4390-a4ba-2963dbc2e858 req-866aba32-d6df-4390-a4ba-2963dbc2e858 ] Request (MultipleCreateTestJSON:test_multiple_create_with_reservation_return): 200 GET http://10.180.1.21/compute/v2.1/servers/1372f0f1-642c-40c6-9a3e-7fc0fb159052 0.243s
2025-04-15 18:40:15.802 69510 INFO tempest.lib.common.rest_client [req-56085f95-e2fe-4689-bde1-0351ba3463e3 req-56085f95-e2fe-4689-bde1-0351ba3463e3 ] Request (ServersListShow2100Test:tearDownClass): 200 GET http://10.180.1.21/compute/v2.1/servers/c9eb4065-6732-48a4-8659-79afcce1809f 0.346s
2025-04-15 18:40:15.853 69522 INFO tempest.lib.common.rest_client [req-7b50c5ba-4f78-43ab-8eab-bc18dbdb4162 req-7b50c5ba-4f78-43ab-8eab-bc18dbdb4162 ] Request (FloatingIPsAssociationTestJSON:tearDownClass): 200 GET http://10.180.1.21/compute/v2.1/servers/1f96d05e-0ae7-4175-a50c-6d98dc1eca6a 0.265s
2025-04-15 18:40:15.865 69504 INFO tempest.lib.common.rest_client [req-c51c8e26-ea6b-4fd0-a0f1-221e15f40e94 req-c51c8e26-ea6b-4fd0-a0f1-221e15f40e94 ] Request (ServersTestJSON:tearDownClass): 200 PUT http://10.180.1.21:9696/networking/v2.0/routers/28c472b1-6a07-4a30-84e0-0992341233e8/remove_router_interface 0.881s
2025-04-15 18:40:15.959 69507 INFO tempest.lib.common.rest_client [req-891579df-0f4d-417a-827e-64d0a787927b req-891579df-0f4d-417a-827e-64d0a787927b ] Request (SecurityGroupsTestJSON:test_list_security_groups_by_server): 200 GET http://10.180.1.21/compute/v2.1/servers/722c4116-5c37-4d49-b250-59829789dce3 0.243s
2025-04-15 18:40:16.245 69484 INFO tempest.lib.common.rest_client [req-2514dc5a-9f53-4111-9b61-dae34a09dd30 req-2514dc5a-9f53-4111-9b61-dae34a09dd30 ] Request (ListImageFiltersTestJSON:setUpClass): 202 POST http://10.180.1.21/compute/v2.1/servers/07272fef-5534-48e1-9231-d2d8beef9e34/action 0.596s
2025-04-15 18:40:16.256 69514 INFO tempest.lib.common.rest_client [req-674fceb5-e521-4b47-abb2-c3be3668c7b5 req-674fceb5-e521-4b47-abb2-c3be3668c7b5 ] Request (AttachInterfacesTestJSON:test_create_list_show_delete_interfaces_by_fixed_ip): 200 GET http://10.180.1.21/compute/v2.1/servers/0ca1e852-0478-4539-9600-568792f1754d 0.460s
2025-04-15 18:40:16.290 69528 INFO tempest.lib.common.rest_client [req-1c9fd449-ba1b-4d5f-ae37-37e6c026ed9d req-1c9fd449-ba1b-4d5f-ae37-37e6c026ed9d ] Request (ImagesNegativeTestJSON:test_create_image_from_deleted_server): 200 GET http://10.180.1.21/compute/v2.1/servers/afff8818-2298-46fe-b4f7-cbd46c470d89 0.420s
2025-04-15 18:40:16.319 69512 INFO tempest.lib.common.rest_client [req-b1be169f-33fa-4400-b88c-9c3b5f32e1c9 req-b1be169f-33fa-4400-b88c-9c3b5f32e1c9 ] Request (ServerDiagnosticsNegativeTest:tearDownClass): 200 GET http://10.180.1.21/compute/v2.1/servers/986dfcdc-a5bc-4a78-9b30-72d210f1bc9e 0.354s
2025-04-15 18:40:16.339 69488 INFO tempest.lib.common.rest_client [req-1eb76ec0-9753-481f-b140-8005c1cb42d2 req-1eb76ec0-9753-481f-b140-8005c1cb42d2 ] Request (ServersAdminTestJSON:test_inject_network_info): 200 GET http://10.180.1.21/compute/v2.1/servers/cd69c4bf-2319-4880-8707-8e6b0c9aba18 0.296s
2025-04-15 18:40:16.374 69498 INFO tempest.lib.common.rest_client [req-0e5e6530-dcbd-440e-8d45-b79b223d6b14 req-0e5e6530-dcbd-440e-8d45-b79b223d6b14 ] Request (ServerActionsTestOtherA:test_rebuild_server_in_stop_state): 200 GET http://10.180.1.21/compute/v2.1/servers/873ed12d-97e6-4349-8c04-b806f8f486ed 0.328s
2025-04-15 18:40:16.397 69486 INFO tempest.lib.common.rest_client [req-fdc77bf4-a9a3-4d60-8833-e5feda6c200c req-fdc77bf4-a9a3-4d60-8833-e5feda6c200c ] Request (MigrationsAdminTest:test_list_migrations_in_flavor_resize_situation): 200 GET http://10.180.1.21/compute/v2.1/servers/24ac6469-2873-4020-8df5-4ab801a14b5b 0.276s
2025-04-15 18:40:16.407 69486 INFO tempest.common.waiters [-] State transition "BUILD/None" ==> "BUILD/networking" after 57 second wait
2025-04-15 18:40:16.455 69518 INFO tempest.lib.common.rest_client [req-fb416b42-9181-4c92-ab72-a80b777034f7 req-fb416b42-9181-4c92-ab72-a80b777034f7 ] Request (ListServersNegativeTestJSON:tearDownClass): 200 GET http://10.180.1.21/compute/v2.1/servers/dc04e670-e30d-444f-9f8c-85c3612117a6 0.334s
2025-04-15 18:40:16.456 69476 INFO tempest.lib.common.rest_client [req-2e4574c3-841a-4dc7-9723-a1aeb78422df req-2e4574c3-841a-4dc7-9723-a1aeb78422df ] Request (DeleteServersAdminTestJSON:test_delete_server_while_in_error_state): 200 GET http://10.180.1.21/compute/v2.1/servers/5cbc0eb4-30f5-48bf-a476-e577d53c2f4a 0.266s
2025-04-15 18:40:16.516 69508 INFO tempest.lib.common.rest_client [req-db6c732f-c5ab-4b48-8890-0a3d4df6880a req-db6c732f-c5ab-4b48-8890-0a3d4df6880a ] Request (ServerMetadataNegativeTestJSON:setUpClass): 200 GET http://10.180.1.21/compute/v2.1/servers/f59f98ac-50c6-4b7a-b1d0-3ee392feb9a4 0.320s
2025-04-15 18:40:16.535 69484 INFO tempest.lib.common.rest_client [req-353e32db-2c8d-4015-ba07-364d3d1b1d97 req-353e32db-2c8d-4015-ba07-364d3d1b1d97 ] Request (ListImageFiltersTestJSON:setUpClass): 200 GET http://10.180.1.21/compute/v2.1/images/c0fb366b-19bf-4853-9d70-4bd06a498f36 0.288s
2025-04-15 18:40:16.558 69536 WARNING tempest.lib.common.ssh [-] Failed to establish authenticated ssh connection to cirros@10.180.180.176 ([Errno None] Unable to connect to port 22 on 10.180.180.176). Number attempts: 6. Retry after 7 seconds.: paramiko.ssh_exception.NoValidConnectionsError: [Errno None] Unable to connect to port 22 on 10.180.180.176
2025-04-15 18:40:16.598 69504 INFO tempest.lib.common.rest_client [req-d3c3c7f5-1fa3-4f54-8a34-05bc0ad4f5a0 req-d3c3c7f5-1fa3-4f54-8a34-05bc0ad4f5a0 ] Request (ServersTestJSON:tearDownClass): 204 DELETE http://10.180.1.21:9696/networking/v2.0/routers/28c472b1-6a07-4a30-84e0-0992341233e8 0.733s
2025-04-15 18:40:16.609 69524 INFO tempest.lib.common.rest_client [req-eb4ba69f-0b92-41f3-9334-7e3e7acc5498 req-eb4ba69f-0b92-41f3-9334-7e3e7acc5498 ] Request (ServersTestBootFromVolume:setUpClass): 200 GET http://10.180.1.21/compute/v2.1/servers/81430660-3cc3-4a79-9d95-36caef3cf876 0.333s
2025-04-15 18:40:16.713 69478 INFO tempest.lib.common.rest_client [req-6a5ffc5a-9fe0-42d0-b971-6bc834f12e15 req-6a5ffc5a-9fe0-42d0-b971-6bc834f12e15 ] Request (FloatingIPsAssociationNegativeTestJSON:setUpClass): 200 GET http://10.180.1.21/compute/v2.1/servers/86ada9bd-7df9-4b80-8447-3e4388c337c6 0.321s
2025-04-15 18:40:16.756 69504 INFO tempest.lib.common.rest_client [req-99711fa7-496c-49a7-b414-f285e553bc1d req-99711fa7-496c-49a7-b414-f285e553bc1d ] Request (ServersTestJSON:tearDownClass): 204 DELETE http://10.180.1.21:9696/networking/v2.0/subnets/cd7236d3-46be-442b-92f4-2ee1303d832c 0.157s
2025-04-15 18:40:16.768 69490 INFO tempest.lib.common.rest_client [req-1de5033f-fa70-47b2-9a6d-fdb2349c6a42 req-1de5033f-fa70-47b2-9a6d-fdb2349c6a42 ] Request (ServersNegativeTestJSON:setUpClass): 200 GET http://10.180.1.21/compute/v2.1/servers/d5c43519-b6ef-4061-bbc1-ee2b6a603683 0.347s
2025-04-15 18:40:16.787 69521 INFO tempest.lib.common.rest_client [req-e2ce970e-b19b-43f9-a210-0f8e5fdf6772 req-e2ce970e-b19b-43f9-a210-0f8e5fdf6772 ] Request (ServersTestMultiNic:test_verify_duplicate_network_nics): 200 GET http://10.180.1.21/compute/v2.1/servers/be14257b-8502-4b3e-922d-eafc3a13b3f5 0.334s
2025-04-15 18:40:16.859 69494 INFO tempest.lib.common.rest_client [req-cec450d7-7a5f-481c-b02c-98247f8b51b5 req-cec450d7-7a5f-481c-b02c-98247f8b51b5 ] Request (ServersAdmin275Test:test_rebuild_update_server_275): 200 GET http://10.180.1.21/compute/v2.1/servers/bec9825d-9791-4647-b8a4-bed2dc6834d9 0.358s
2025-04-15 18:40:16.859 69482 INFO tempest.lib.common.rest_client [req-16d7aa73-5344-4f3b-a7e5-d8f24d17cea9 req-16d7aa73-5344-4f3b-a7e5-d8f24d17cea9 ] Request (ServersNegativeTestMultiTenantJSON:setUpClass): 200 GET http://10.180.1.21/compute/v2.1/servers/531569c8-9bb4-4adf-a6ab-b107a99d11d6 0.340s
2025-04-15 18:40:16.895 69532 INFO tempest.lib.common.rest_client [req-447ab051-150e-4c53-9687-c7a395acc792 req-447ab051-150e-4c53-9687-c7a395acc792 ] Request (ImagesOneServerTestJSON:test_create_image_specify_multibyte_character_image_name): 200 GET http://10.180.1.21/compute/v2.1/images/5e01c066-9a6b-4ff5-b614-f7abffa698bb 0.258s
2025-04-15 18:40:16.929 69480 INFO tempest.lib.common.rest_client [req-5d8d9eb0-a5dc-489f-bc60-acf9a34b0132 req-5d8d9eb0-a5dc-489f-bc60-acf9a34b0132 ] Request (ServerActionsV293TestJSON:setUpClass): 200 GET http://10.180.1.21/compute/v2.1/servers/ec62ac85-b749-4ba6-9599-1b5b065bdcf2 0.200s
2025-04-15 18:40:16.961 69493 INFO tempest.lib.common.rest_client [req-55b23a6c-3853-437a-9073-3f205f628cc2 req-55b23a6c-3853-437a-9073-3f205f628cc2 ] Request (TenantUsagesTestJSON:setUpClass): 200 GET http://10.180.1.21/compute/v2.1/servers/62015eca-8518-450f-98a5-98af7156fc9a 0.226s
2025-04-15 18:40:17.007 69531 INFO tempest.lib.common.rest_client [req-52f81072-ed3f-49fd-b6b4-b6b3a1994b25 req-52f81072-ed3f-49fd-b6b4-b6b3a1994b25 ] Request (MultipleCreateTestJSON:test_multiple_create_with_reservation_return): 200 GET http://10.180.1.21/compute/v2.1/servers/1372f0f1-642c-40c6-9a3e-7fc0fb159052 0.208s
2025-04-15 18:40:17.018 69504 INFO tempest.lib.common.rest_client [req-17b7b362-45cf-4c74-9735-b323d7efe1df req-17b7b362-45cf-4c74-9735-b323d7efe1df ] Request (ServersTestJSON:tearDownClass): 204 DELETE http://10.180.1.21:9696/networking/v2.0/networks/5b21a584-3ed6-430c-b6fb-34aee2aceb10 0.261s
2025-04-15 18:40:17.069 69510 INFO tempest.lib.common.rest_client [req-b1a58afb-a914-4650-a3bd-5f098f40768e req-b1a58afb-a914-4650-a3bd-5f098f40768e ] Request (ServersListShow2100Test:tearDownClass): 200 GET http://10.180.1.21/compute/v2.1/servers/c9eb4065-6732-48a4-8659-79afcce1809f 0.254s
2025-04-15 18:40:17.088 69522 INFO tempest.lib.common.rest_client [req-7ee09895-9cf1-4c3e-8e83-5b5a864e510b req-7ee09895-9cf1-4c3e-8e83-5b5a864e510b ] Request (FloatingIPsAssociationTestJSON:tearDownClass): 200 GET http://10.180.1.21/compute/v2.1/servers/1f96d05e-0ae7-4175-a50c-6d98dc1eca6a 0.227s
2025-04-15 18:40:17.189 69504 INFO tempest.lib.common.rest_client [req-61d561e0-8d67-475f-a5d0-c72e0b764abc req-61d561e0-8d67-475f-a5d0-c72e0b764abc ] Request (ServersTestJSON:tearDownClass): 204 DELETE http://10.180.1.21/identity/v3/users/0779429bb4544f5796bc712b76badf63 0.171s
2025-04-15 18:40:17.189 69504 INFO tempest.lib.common.dynamic_creds [-] Deleting project and security group for project: 755d9866e7254333b5ca5b73e2f93289
2025-04-15 18:40:17.204 69507 INFO tempest.lib.common.rest_client [req-ff1abbe9-0561-4828-b69b-521d0227f597 req-ff1abbe9-0561-4828-b69b-521d0227f597 ] Request (SecurityGroupsTestJSON:test_list_security_groups_by_server): 200 GET http://10.180.1.21/compute/v2.1/servers/722c4116-5c37-4d49-b250-59829789dce3 0.235s
2025-04-15 18:40:17.235 69504 INFO tempest.lib.common.rest_client [req-4fda9442-c055-456f-a111-1af3ae2adb20 req-4fda9442-c055-456f-a111-1af3ae2adb20 ] Request (ServersTestJSON:tearDownClass): 200 GET http://10.180.1.21:9696/networking/v2.0/security-groups?tenant_id=755d9866e7254333b5ca5b73e2f93289&name=default 0.045s
2025-04-15 18:40:17.335 69514 INFO tempest.lib.common.rest_client [req-0bc7a2db-0271-4e44-bf54-0c44cd0753b7 req-0bc7a2db-0271-4e44-bf54-0c44cd0753b7 ] Request (AttachInterfacesTestJSON:test_create_list_show_delete_interfaces_by_fixed_ip): 200 GET http://10.180.1.21/compute/v2.1/servers/0ca1e852-0478-4539-9600-568792f1754d 0.070s
2025-04-15 18:40:17.350 69504 INFO tempest.lib.common.rest_client [req-25bf661c-717e-426f-8049-b59e65a436bf req-25bf661c-717e-426f-8049-b59e65a436bf ] Request (ServersTestJSON:tearDownClass): 204 DELETE http://10.180.1.21:9696/networking/v2.0/security-groups/ca7b5453-d6d9-42f1-9971-c6ed786869b0 0.115s
2025-04-15 18:40:17.364 69528 INFO tempest.lib.common.rest_client [req-55b67b1a-ed50-41dc-8463-daaebb705c81 req-55b67b1a-ed50-41dc-8463-daaebb705c81 ] Request (ImagesNegativeTestJSON:test_create_image_from_deleted_server): 200 GET http://10.180.1.21/compute/v2.1/servers/afff8818-2298-46fe-b4f7-cbd46c470d89 0.064s
2025-04-15 18:40:17.408 69512 INFO tempest.lib.common.rest_client [req-5cedfe56-9d5e-4c66-a5e0-4a19d0c78871 req-5cedfe56-9d5e-4c66-a5e0-4a19d0c78871 ] Request (ServerDiagnosticsNegativeTest:tearDownClass): 200 GET http://10.180.1.21/compute/v2.1/servers/986dfcdc-a5bc-4a78-9b30-72d210f1bc9e 0.080s
2025-04-15 18:40:17.432 69488 INFO tempest.lib.common.rest_client [req-62b2d238-3018-46f3-abe3-93e8e2b0856d req-62b2d238-3018-46f3-abe3-93e8e2b0856d ] Request (ServersAdminTestJSON:test_inject_network_info): 200 GET http://10.180.1.21/compute/v2.1/servers/cd69c4bf-2319-4880-8707-8e6b0c9aba18 0.082s
2025-04-15 18:40:17.452 69504 INFO tempest.lib.common.rest_client [req-05ed063d-89dc-4518-a762-793c9a539195 req-05ed063d-89dc-4518-a762-793c9a539195 ] Request (ServersTestJSON:tearDownClass): 204 DELETE http://10.180.1.21/identity/v3/projects/755d9866e7254333b5ca5b73e2f93289 0.101s
2025-04-15 18:40:17.474 69498 INFO tempest.lib.common.rest_client [req-772804a0-a84f-4225-91a8-8f7557f88db5 req-772804a0-a84f-4225-91a8-8f7557f88db5 ] Request (ServerActionsTestOtherA:test_rebuild_server_in_stop_state): 200 GET http://10.180.1.21/compute/v2.1/servers/873ed12d-97e6-4349-8c04-b806f8f486ed 0.093s
2025-04-15 18:40:17.539 69518 INFO tempest.lib.common.rest_client [req-74a63564-28f1-450c-8679-3d3f69f8547c req-74a63564-28f1-450c-8679-3d3f69f8547c ] Request (ListServersNegativeTestJSON:tearDownClass): 200 GET http://10.180.1.21/compute/v2.1/servers/dc04e670-e30d-444f-9f8c-85c3612117a6 0.074s
2025-04-15 18:40:17.539 69504 INFO tempest.lib.common.rest_client [req-b35d2954-b671-45f0-9ed4-8126b23f7446 req-b35d2954-b671-45f0-9ed4-8126b23f7446 ] Request (ServerDiskConfigTestJSON:setUpClass): 201 POST http://10.180.1.21/identity/v3/auth/tokens 0.084s
2025-04-15 18:40:17.581 69486 INFO tempest.lib.common.rest_client [req-b967f856-9b1f-41ea-ae2e-71ee4cc0eacc req-b967f856-9b1f-41ea-ae2e-71ee4cc0eacc ] Request (MigrationsAdminTest:test_list_migrations_in_flavor_resize_situation): 200 GET http://10.180.1.21/compute/v2.1/servers/24ac6469-2873-4020-8df5-4ab801a14b5b 0.172s
2025-04-15 18:40:17.592 69504 INFO tempest.lib.common.rest_client [req-e27fece7-93d4-42a6-b232-1e7450fc51ed req-e27fece7-93d4-42a6-b232-1e7450fc51ed ] Request (ServerDiskConfigTestJSON:setUpClass): 201 POST http://10.180.1.21/identity/v3/auth/tokens 0.045s
2025-04-15 18:40:17.592 69486 INFO tempest.common.waiters [-] State transition "BUILD/networking" ==> "BUILD/block_device_mapping" after 58 second wait
2025-04-15 18:40:17.601 69476 INFO tempest.lib.common.rest_client [req-cc1802db-6889-4173-98ed-7eec18e3e9b5 req-cc1802db-6889-4173-98ed-7eec18e3e9b5 ] Request (DeleteServersAdminTestJSON:test_delete_server_while_in_error_state): 200 GET http://10.180.1.21/compute/v2.1/servers/5cbc0eb4-30f5-48bf-a476-e577d53c2f4a 0.131s
2025-04-15 18:40:17.638 69504 INFO tempest.lib.common.rest_client [req-13a202be-2754-48cb-950b-65b7bf4e0b4a req-13a202be-2754-48cb-950b-65b7bf4e0b4a ] Request (ServerDiskConfigTestJSON:setUpClass): 200 GET http://10.180.1.21/identity/v3/domains?name=Default 0.046s
2025-04-15 18:40:17.653 69508 INFO tempest.lib.common.rest_client [req-3a3c41e1-261a-47ba-bb74-6603bf8f332a req-3a3c41e1-261a-47ba-bb74-6603bf8f332a ] Request (ServerMetadataNegativeTestJSON:setUpClass): 200 GET http://10.180.1.21/compute/v2.1/servers/f59f98ac-50c6-4b7a-b1d0-3ee392feb9a4 0.123s
2025-04-15 18:40:17.657 69484 INFO tempest.lib.common.rest_client [req-306b910d-ab4d-4fa2-9cac-97c0de5204b0 req-306b910d-ab4d-4fa2-9cac-97c0de5204b0 ] Request (ListImageFiltersTestJSON:setUpClass): 200 GET http://10.180.1.21/compute/v2.1/images/c0fb366b-19bf-4853-9d70-4bd06a498f36 0.118s
2025-04-15 18:40:17.677 69504 INFO tempest.lib.common.rest_client [req-f28cea89-b556-4a8e-9721-acbb405f5abe req-f28cea89-b556-4a8e-9721-acbb405f5abe ] Request (ServerDiskConfigTestJSON:setUpClass): 201 POST http://10.180.1.21/identity/v3/projects 0.038s
2025-04-15 18:40:17.713 69524 INFO tempest.lib.common.rest_client [req-37fade6f-1877-45ae-91dc-a3b0a2897b98 req-37fade6f-1877-45ae-91dc-a3b0a2897b98 ] Request (ServersTestBootFromVolume:setUpClass): 200 GET http://10.180.1.21/compute/v2.1/servers/81430660-3cc3-4a79-9d95-36caef3cf876 0.088s
2025-04-15 18:40:17.759 69504 INFO tempest.lib.common.rest_client [req-6acbf5e4-e1cf-447f-8d60-93a95001d715 req-6acbf5e4-e1cf-447f-8d60-93a95001d715 ] Request (ServerDiskConfigTestJSON:setUpClass): 201 POST http://10.180.1.21/identity/v3/users 0.081s
2025-04-15 18:40:17.783 69504 INFO tempest.lib.common.rest_client [req-f0fc1f73-8da1-4eae-a03e-868b7b097d5b req-f0fc1f73-8da1-4eae-a03e-868b7b097d5b ] Request (ServerDiskConfigTestJSON:setUpClass): 200 GET http://10.180.1.21/identity/v3/roles 0.023s
2025-04-15 18:40:17.818 69504 INFO tempest.lib.common.rest_client [req-496917b3-9744-44bd-a38a-6b82012a8bf7 req-496917b3-9744-44bd-a38a-6b82012a8bf7 ] Request (ServerDiskConfigTestJSON:setUpClass): 204 PUT http://10.180.1.21/identity/v3/projects/c79bae99bf2d4880b44ab0ceb9897257/users/e5b511a81f1045ecb4156bd308be9fc3/roles/911d50b0d107493b802349101032a25f 0.035s
2025-04-15 18:40:17.818 69504 INFO tempest.lib.common.dynamic_creds [-] Dynamic test user e5b511a81f1045ecb4156bd308be9fc3 is created with scope project and roles: ['member']
2025-04-15 18:40:17.818 69504 INFO tempest.lib.common.dynamic_creds [-] Acquired dynamic creds: credentials: Credentials: {'domain_id': 'default', 'domain_name': 'Default', 'username': 'tempest-ServerDiskConfigTestJSON-770791006-project-member', 'project_domain_id': 'default', 'project_domain_name': 'Default', 'project_id': 'c79bae99bf2d4880b44ab0ceb9897257', 'project_name': 'tempest-ServerDiskConfigTestJSON-770791006', 'tenant_id': 'c79bae99bf2d4880b44ab0ceb9897257', 'tenant_name': 'tempest-ServerDiskConfigTestJSON-770791006', 'user_domain_id': 'default', 'user_domain_name': 'Default', 'user_id': 'e5b511a81f1045ecb4156bd308be9fc3', 'system': None}, Network: None, Subnet: None, Router: None
2025-04-15 18:40:17.860 69478 INFO tempest.lib.common.rest_client [req-f1031986-9feb-4d75-9776-3625a0d325d0 req-f1031986-9feb-4d75-9776-3625a0d325d0 ] Request (FloatingIPsAssociationNegativeTestJSON:setUpClass): 200 GET http://10.180.1.21/compute/v2.1/servers/86ada9bd-7df9-4b80-8447-3e4388c337c6 0.136s
2025-04-15 18:40:17.886 69504 INFO tempest.lib.common.rest_client [req-b1c32058-335f-4704-a3bb-865d6d8bff8b req-b1c32058-335f-4704-a3bb-865d6d8bff8b ] Request (ServerDiskConfigTestJSON:setUpClass): 201 POST http://10.180.1.21/identity/v3/auth/tokens 0.067s
2025-04-15 18:40:17.897 69490 INFO tempest.lib.common.rest_client [req-75cecbd4-4bee-4a06-8c37-ac6b6a954522 req-75cecbd4-4bee-4a06-8c37-ac6b6a954522 ] Request (ServersNegativeTestJSON:setUpClass): 200 GET http://10.180.1.21/compute/v2.1/servers/d5c43519-b6ef-4061-bbc1-ee2b6a603683 0.118s
2025-04-15 18:40:17.921 69521 INFO tempest.lib.common.rest_client [req-559de7f9-b958-4f72-a5e4-61732f16d27d req-559de7f9-b958-4f72-a5e4-61732f16d27d ] Request (ServersTestMultiNic:test_verify_duplicate_network_nics): 200 GET http://10.180.1.21/compute/v2.1/servers/be14257b-8502-4b3e-922d-eafc3a13b3f5 0.123s
2025-04-15 18:40:17.956 69482 INFO tempest.lib.common.rest_client [req-a40240fd-712d-4a58-8ff7-e2dfdfb07975 req-a40240fd-712d-4a58-8ff7-e2dfdfb07975 ] Request (ServersNegativeTestMultiTenantJSON:setUpClass): 200 GET http://10.180.1.21/compute/v2.1/servers/531569c8-9bb4-4adf-a6ab-b107a99d11d6 0.087s
2025-04-15 18:40:17.992 69494 INFO tempest.lib.common.rest_client [req-6a70f5c9-c917-4746-8515-8c5b6a43eb12 req-6a70f5c9-c917-4746-8515-8c5b6a43eb12 ] Request (ServersAdmin275Test:test_rebuild_update_server_275): 200 GET http://10.180.1.21/compute/v2.1/servers/bec9825d-9791-4647-b8a4-bed2dc6834d9 0.123s
2025-04-15 18:40:17.996 69532 INFO tempest.lib.common.rest_client [req-1a031711-4c11-4a0b-9fcc-941e1916d191 req-1a031711-4c11-4a0b-9fcc-941e1916d191 ] Request (ImagesOneServerTestJSON:test_create_image_specify_multibyte_character_image_name): 200 GET http://10.180.1.21/compute/v2.1/images/5e01c066-9a6b-4ff5-b614-f7abffa698bb 0.095s
2025-04-15 18:40:18.053 69493 INFO tempest.lib.common.rest_client [req-f267ef60-d88b-4121-a0c0-faa8b6412dcc req-f267ef60-d88b-4121-a0c0-faa8b6412dcc ] Request (TenantUsagesTestJSON:setUpClass): 200 GET http://10.180.1.21/compute/v2.1/servers/62015eca-8518-450f-98a5-98af7156fc9a 0.079s
2025-04-15 18:40:18.070 69480 INFO tempest.lib.common.rest_client [req-4fdbbb69-52e0-41ff-99a5-503f01095e13 req-4fdbbb69-52e0-41ff-99a5-503f01095e13 ] Request (ServerActionsV293TestJSON:setUpClass): 200 GET http://10.180.1.21/compute/v2.1/servers/ec62ac85-b749-4ba6-9599-1b5b065bdcf2 0.124s
2025-04-15 18:40:18.090 69532 INFO tempest.lib.common.rest_client [req-eda5ad0a-5e33-4797-896b-831c03dab4b9 req-eda5ad0a-5e33-4797-896b-831c03dab4b9 ] Request (ImagesOneServerTestJSON:test_create_image_specify_multibyte_character_image_name): 200 GET http://10.180.1.21/compute/v2.1/images/5e01c066-9a6b-4ff5-b614-f7abffa698bb 0.089s
2025-04-15 18:40:18.124 69531 INFO tempest.lib.common.rest_client [req-022068d8-e90b-47de-ad61-99dd7aefeaf7 req-022068d8-e90b-47de-ad61-99dd7aefeaf7 ] Request (MultipleCreateTestJSON:test_multiple_create_with_reservation_return): 200 GET http://10.180.1.21/compute/v2.1/servers/1372f0f1-642c-40c6-9a3e-7fc0fb159052 0.106s
2025-04-15 18:40:18.156 69504 INFO tempest.lib.common.rest_client [req-7f9d3729-7bfd-4666-9110-1cbbf785770d req-7f9d3729-7bfd-4666-9110-1cbbf785770d ] Request (ServerDiskConfigTestJSON:setUpClass): 201 POST http://10.180.1.21:9696/networking/v2.0/networks 0.269s
2025-04-15 18:40:18.176 69510 INFO tempest.lib.common.rest_client [req-8ec159be-4b99-486e-a1f2-ca27593f476a req-8ec159be-4b99-486e-a1f2-ca27593f476a ] Request (ServersListShow2100Test:tearDownClass): 200 GET http://10.180.1.21/compute/v2.1/servers/c9eb4065-6732-48a4-8659-79afcce1809f 0.089s
2025-04-15 18:40:18.248 69522 INFO tempest.lib.common.rest_client [req-cd3eb57f-0f40-48f7-8e2c-fca46f64f346 req-cd3eb57f-0f40-48f7-8e2c-fca46f64f346 ] Request (FloatingIPsAssociationTestJSON:tearDownClass): 200 GET http://10.180.1.21/compute/v2.1/servers/1f96d05e-0ae7-4175-a50c-6d98dc1eca6a 0.147s
2025-04-15 18:40:18.275 69532 INFO tempest.lib.common.rest_client [req-c40d1d48-b7c7-4672-9c2c-a4597d9530ec req-c40d1d48-b7c7-4672-9c2c-a4597d9530ec ] Request (ImagesOneServerTestJSON:test_create_image_specify_multibyte_character_image_name): 200 GET http://10.180.1.21/compute/v2.1/servers/5ff95882-8f70-4b34-ba6e-4cd73d763abf 0.182s
2025-04-15 18:40:18.294 69504 INFO tempest.lib.common.rest_client [req-1e350427-442a-405f-8653-63280cf3fd57 req-1e350427-442a-405f-8653-63280cf3fd57 ] Request (ServerDiskConfigTestJSON:setUpClass): 201 POST http://10.180.1.21:9696/networking/v2.0/subnets 0.138s
2025-04-15 18:40:18.419 69507 INFO tempest.lib.common.rest_client [req-521209a4-bb2d-4101-b095-202e76c90099 req-521209a4-bb2d-4101-b095-202e76c90099 ] Request (SecurityGroupsTestJSON:test_list_security_groups_by_server): 200 GET http://10.180.1.21/compute/v2.1/servers/722c4116-5c37-4d49-b250-59829789dce3 0.207s
2025-04-15 18:40:18.422 69514 INFO tempest.lib.common.rest_client [req-df0a8029-5e64-4e6a-8664-fc7d522319dc req-df0a8029-5e64-4e6a-8664-fc7d522319dc ] Request (AttachInterfacesTestJSON:test_create_list_show_delete_interfaces_by_fixed_ip): 200 GET http://10.180.1.21/compute/v2.1/servers/0ca1e852-0478-4539-9600-568792f1754d 0.078s
2025-04-15 18:40:18.476 69528 INFO tempest.lib.common.rest_client [req-60dd9cad-249c-4a21-99e1-04701136b2d7 req-60dd9cad-249c-4a21-99e1-04701136b2d7 ] Request (ImagesNegativeTestJSON:test_create_image_from_deleted_server): 200 GET http://10.180.1.21/compute/v2.1/servers/afff8818-2298-46fe-b4f7-cbd46c470d89 0.103s
2025-04-15 18:40:18.499 69512 INFO tempest.lib.common.rest_client [req-b459621d-a3f9-47aa-ae14-1ae216cd0b11 req-b459621d-a3f9-47aa-ae14-1ae216cd0b11 ] Request (ServerDiagnosticsNegativeTest:tearDownClass): 200 GET http://10.180.1.21/compute/v2.1/servers/986dfcdc-a5bc-4a78-9b30-72d210f1bc9e 0.082s
2025-04-15 18:40:18.529 69488 INFO tempest.lib.common.rest_client [req-e05bbac4-1fe8-4dfe-ac64-bcfe518de79c req-e05bbac4-1fe8-4dfe-ac64-bcfe518de79c ] Request (ServersAdminTestJSON:test_inject_network_info): 200 GET http://10.180.1.21/compute/v2.1/servers/cd69c4bf-2319-4880-8707-8e6b0c9aba18 0.083s
2025-04-15 18:40:18.548 69498 INFO tempest.lib.common.rest_client [req-24f6ddc4-9a47-4703-8df4-410cac947d79 req-24f6ddc4-9a47-4703-8df4-410cac947d79 ] Request (ServerActionsTestOtherA:test_rebuild_server_in_stop_state): 200 GET http://10.180.1.21/compute/v2.1/servers/873ed12d-97e6-4349-8c04-b806f8f486ed 0.066s
2025-04-15 18:40:18.654 69518 INFO tempest.lib.common.rest_client [req-9f97d356-35cb-4dfc-8aaa-bfc4a9fe604f req-9f97d356-35cb-4dfc-8aaa-bfc4a9fe604f ] Request (ListServersNegativeTestJSON:tearDownClass): 200 GET http://10.180.1.21/compute/v2.1/servers/dc04e670-e30d-444f-9f8c-85c3612117a6 0.105s
2025-04-15 18:40:18.733 69476 INFO tempest.lib.common.rest_client [req-da465513-45a4-45d6-8f1f-ed40dba835cd req-da465513-45a4-45d6-8f1f-ed40dba835cd ] Request (DeleteServersAdminTestJSON:test_delete_server_while_in_error_state): 200 GET http://10.180.1.21/compute/v2.1/servers/5cbc0eb4-30f5-48bf-a476-e577d53c2f4a 0.123s
2025-04-15 18:40:18.782 69484 INFO tempest.lib.common.rest_client [req-a2171c2a-aab7-4bbd-855c-f8778a0fb789 req-a2171c2a-aab7-4bbd-855c-f8778a0fb789 ] Request (ListImageFiltersTestJSON:setUpClass): 200 GET http://10.180.1.21/compute/v2.1/images/c0fb366b-19bf-4853-9d70-4bd06a498f36 0.121s
2025-04-15 18:40:18.795 69486 INFO tempest.lib.common.rest_client [req-718a8fdb-306c-40d2-ae3e-d4dbc0c27db2 req-718a8fdb-306c-40d2-ae3e-d4dbc0c27db2 ] Request (MigrationsAdminTest:test_list_migrations_in_flavor_resize_situation): 200 GET http://10.180.1.21/compute/v2.1/servers/24ac6469-2873-4020-8df5-4ab801a14b5b 0.202s
2025-04-15 18:40:18.809 69486 INFO tempest.common.waiters [-] State transition "BUILD/block_device_mapping" ==> "BUILD/spawning" after 59 second wait
2025-04-15 18:40:18.859 69508 INFO tempest.lib.common.rest_client [req-a8489480-c6eb-4ec1-b470-3fdbf1f8e194 req-a8489480-c6eb-4ec1-b470-3fdbf1f8e194 ] Request (ServerMetadataNegativeTestJSON:setUpClass): 200 GET http://10.180.1.21/compute/v2.1/servers/f59f98ac-50c6-4b7a-b1d0-3ee392feb9a4 0.196s
2025-04-15 18:40:18.874 69524 INFO tempest.lib.common.rest_client [req-7b41158a-2600-4891-9baf-c991724652af req-7b41158a-2600-4891-9baf-c991724652af ] Request (ServersTestBootFromVolume:setUpClass): 200 GET http://10.180.1.21/compute/v2.1/servers/81430660-3cc3-4a79-9d95-36caef3cf876 0.154s
2025-04-15 18:40:19.057 69478 INFO tempest.lib.common.rest_client [req-9b90ad93-e5a8-4f93-ba99-7e427d3f39a8 req-9b90ad93-e5a8-4f93-ba99-7e427d3f39a8 ] Request (FloatingIPsAssociationNegativeTestJSON:setUpClass): 200 GET http://10.180.1.21/compute/v2.1/servers/86ada9bd-7df9-4b80-8447-3e4388c337c6 0.188s
2025-04-15 18:40:19.127 69521 INFO tempest.lib.common.rest_client [req-62c1e3f9-a40b-4150-b970-819e19b8c792 req-62c1e3f9-a40b-4150-b970-819e19b8c792 ] Request (ServersTestMultiNic:test_verify_duplicate_network_nics): 200 GET http://10.180.1.21/compute/v2.1/servers/be14257b-8502-4b3e-922d-eafc3a13b3f5 0.196s
2025-04-15 18:40:19.193 69490 INFO tempest.lib.common.rest_client [req-5223ae79-76a7-410f-b915-1c09121b004a req-5223ae79-76a7-410f-b915-1c09121b004a ] Request (ServersNegativeTestJSON:setUpClass): 200 GET http://10.180.1.21/compute/v2.1/servers/d5c43519-b6ef-4061-bbc1-ee2b6a603683 0.287s
2025-04-15 18:40:19.196 69482 INFO tempest.lib.common.rest_client [req-0912eb76-a93c-445f-9523-9525736dbbda req-0912eb76-a93c-445f-9523-9525736dbbda ] Request (ServersNegativeTestMultiTenantJSON:setUpClass): 200 GET http://10.180.1.21/compute/v2.1/servers/531569c8-9bb4-4adf-a6ab-b107a99d11d6 0.231s
2025-04-15 18:40:19.213 69490 INFO tempest.common.waiters [-] State transition "BUILD/spawning" ==> "ACTIVE/None" after 62 second wait
2025-04-15 18:40:19.266 69494 INFO tempest.lib.common.rest_client [req-bf97022c-52ff-45e4-8c7f-5c61cc590556 req-bf97022c-52ff-45e4-8c7f-5c61cc590556 ] Request (ServersAdmin275Test:test_rebuild_update_server_275): 200 GET http://10.180.1.21/compute/v2.1/servers/bec9825d-9791-4647-b8a4-bed2dc6834d9 0.263s
2025-04-15 18:40:19.279 69494 INFO tempest.common.waiters [-] State transition "REBUILD/rebuild_spawning" ==> "ACTIVE/None" after 12 second wait
2025-04-15 18:40:19.288 69490 INFO tempest.lib.common.rest_client [req-b3716e23-47e4-4701-898f-41dd68abea98 req-b3716e23-47e4-4701-898f-41dd68abea98 ] Request (ServersNegativeTestJSON:setUpClass): 201 POST http://10.180.1.21/identity/v3/auth/tokens 0.071s
2025-04-15 18:40:19.288 69493 INFO tempest.lib.common.rest_client [req-e8f0585e-d3b7-4af7-944e-74c38631dbf0 req-e8f0585e-d3b7-4af7-944e-74c38631dbf0 ] Request (TenantUsagesTestJSON:setUpClass): 200 GET http://10.180.1.21/compute/v2.1/servers/62015eca-8518-450f-98a5-98af7156fc9a 0.225s
2025-04-15 18:40:19.288 69490 INFO tempest.lib.common.fixed_network [-] (ServersNegativeTestJSON:setUpClass) Found network {'id': '4735285f-e8aa-4a72-bc34-456f5f3a7e8e', 'name': 'tempest-ServersNegativeTestJSON-2042073766-network', 'tenant_id': '60e5b5a2e63843a6a4407a678cd1101d', 'admin_state_up': True, 'mtu': 8950, 'status': 'ACTIVE', 'subnets': [], 'shared': False, 'project_id': '60e5b5a2e63843a6a4407a678cd1101d', 'port_security_enabled': True, 'router:external': False, 'provider:network_type': 'vlan', 'provider:physical_network': 'default', 'provider:segmentation_id': 427, 'availability_zone_hints': [], 'availability_zones': [], 'ipv4_address_scope': None, 'ipv6_address_scope': None, 'description': '', 'tags': [], 'created_at': '2025-04-15T18:39:06Z', 'updated_at': '2025-04-15T18:39:06Z', 'revision_number': 1} available for tenant
2025-04-15 18:40:19.350 69480 INFO tempest.lib.common.rest_client [req-51956ac4-6da8-4301-8b42-2a6399999318 req-51956ac4-6da8-4301-8b42-2a6399999318 ] Request (ServerActionsV293TestJSON:setUpClass): 200 GET http://10.180.1.21/compute/v2.1/servers/ec62ac85-b749-4ba6-9599-1b5b065bdcf2 0.270s
2025-04-15 18:40:19.367 69531 INFO tempest.lib.common.rest_client [req-38367de7-dd50-48fb-af4f-68ab8564a0c2 req-38367de7-dd50-48fb-af4f-68ab8564a0c2 ] Request (MultipleCreateTestJSON:test_multiple_create_with_reservation_return): 200 GET http://10.180.1.21/compute/v2.1/servers/1372f0f1-642c-40c6-9a3e-7fc0fb159052 0.236s
2025-04-15 18:40:19.380 69531 INFO tempest.common.waiters [-] State transition "BUILD/None" ==> "BUILD/networking" after 59 second wait
2025-04-15 18:40:19.422 69510 INFO tempest.lib.common.rest_client [req-05f0b87b-a2c6-4dc0-9e89-bd157375a48c req-05f0b87b-a2c6-4dc0-9e89-bd157375a48c ] Request (ServersListShow2100Test:tearDownClass): 200 GET http://10.180.1.21/compute/v2.1/servers/c9eb4065-6732-48a4-8659-79afcce1809f 0.233s
2025-04-15 18:40:19.461 69522 INFO tempest.lib.common.rest_client [req-320963ac-41a7-44a2-8c78-c3286edafe24 req-320963ac-41a7-44a2-8c78-c3286edafe24 ] Request (FloatingIPsAssociationTestJSON:tearDownClass): 200 GET http://10.180.1.21/compute/v2.1/servers/1f96d05e-0ae7-4175-a50c-6d98dc1eca6a 0.203s
2025-04-15 18:40:19.549 69504 INFO tempest.lib.common.rest_client [req-c05493d2-a695-43c0-ab02-0643cb31d827 req-c05493d2-a695-43c0-ab02-0643cb31d827 ] Request (ServerDiskConfigTestJSON:setUpClass): 201 POST http://10.180.1.21:9696/networking/v2.0/routers 1.254s
2025-04-15 18:40:19.600 69532 INFO tempest.lib.common.rest_client [req-ecd31940-b637-4672-8413-01910c7581c4 req-ecd31940-b637-4672-8413-01910c7581c4 ] Request (ImagesOneServerTestJSON:test_create_image_specify_multibyte_character_image_name): 200 GET http://10.180.1.21/compute/v2.1/servers/5ff95882-8f70-4b34-ba6e-4cd73d763abf 0.315s
2025-04-15 18:40:19.867 69494 INFO tempest.lib.common.rest_client [req-4a529008-7325-4d5d-ba22-7fabf1ba42cc req-4a529008-7325-4d5d-ba22-7fabf1ba42cc ] Request (ServersAdmin275Test:test_rebuild_update_server_275): 202 POST http://10.180.1.21/compute/v2.1/servers/bec9825d-9791-4647-b8a4-bed2dc6834d9/action 0.588s
2025-04-15 18:40:19.999 69507 INFO tempest.lib.common.rest_client [req-0726ed35-e841-4261-9aa2-248ebe9dba23 req-0726ed35-e841-4261-9aa2-248ebe9dba23 ] Request (SecurityGroupsTestJSON:test_list_security_groups_by_server): 200 GET http://10.180.1.21/compute/v2.1/servers/722c4116-5c37-4d49-b250-59829789dce3 0.564s
2025-04-15 18:40:20.020 69490 INFO tempest.lib.common.rest_client [req-a9b3e4ee-6748-449b-aeed-e0fbdcf37764 req-a9b3e4ee-6748-449b-aeed-e0fbdcf37764 ] Request (ServersNegativeTestJSON:setUpClass): 202 POST http://10.180.1.21/compute/v2.1/servers 0.732s
2025-04-15 18:40:20.085 69514 INFO tempest.lib.common.rest_client [req-aacf1b84-ffc0-4e39-b15e-ecc266bfd156 req-aacf1b84-ffc0-4e39-b15e-ecc266bfd156 ] Request (AttachInterfacesTestJSON:test_create_list_show_delete_interfaces_by_fixed_ip): 200 GET http://10.180.1.21/compute/v2.1/servers/0ca1e852-0478-4539-9600-568792f1754d 0.649s
2025-04-15 18:40:20.103 69528 INFO tempest.lib.common.rest_client [req-750d71e8-772c-4c5d-9e0d-1b44c408e055 req-750d71e8-772c-4c5d-9e0d-1b44c408e055 ] Request (ImagesNegativeTestJSON:test_create_image_from_deleted_server): 200 GET http://10.180.1.21/compute/v2.1/servers/afff8818-2298-46fe-b4f7-cbd46c470d89 0.620s
2025-04-15 18:40:20.113 69528 INFO tempest.common.waiters [-] State transition "BUILD/scheduling" ==> "BUILD/None" after 50 second wait
2025-04-15 18:40:20.179 69512 INFO tempest.lib.common.rest_client [req-763e74e2-88d2-4111-9708-8f47065b8794 req-763e74e2-88d2-4111-9708-8f47065b8794 ] Request (ServerDiagnosticsNegativeTest:tearDownClass): 200 GET http://10.180.1.21/compute/v2.1/servers/986dfcdc-a5bc-4a78-9b30-72d210f1bc9e 0.672s
