2025-04-15 18:39:49.453 69512 INFO tempest.lib.common.rest_client [req-0006a273-203e-4f22-a8f3-b593215321fd req-0006a273-203e-4f22-a8f3-b593215321fd ] Request (ServerDiagnosticsNegativeTest:test_get_server_diagnostics_by_non_admin): 200 GET http://10.180.1.21/compute/v2.1/servers/986dfcdc-a5bc-4a78-9b30-72d210f1bc9e 0.152s
2025-04-15 18:39:49.484 69476 INFO tempest.lib.common.rest_client [req-d096ae30-4584-4151-aeff-1cc8d7e52066 req-d096ae30-4584-4151-aeff-1cc8d7e52066 ] Request (DeleteServersAdminTestJSON:test_delete_server_while_in_error_state): 200 GET http://10.180.1.21/compute/v2.1/servers/5cbc0eb4-30f5-48bf-a476-e577d53c2f4a 0.141s
2025-04-15 18:39:49.484 69532 INFO tempest.lib.common.rest_client [req-c1f8fb0e-7593-47e9-9f08-a45923829ca5 req-c1f8fb0e-7593-47e9-9f08-a45923829ca5 ] Request (ImagesOneServerTestJSON:test_create_delete_image): 200 GET http://10.180.1.21/compute/v2.1/images/c8673a0e-66c0-4fed-a5d6-4df1a3f26476 0.108s
2025-04-15 18:39:49.543 69490 INFO tempest.lib.common.rest_client [req-0528cbfd-913d-41ff-bf9b-6160e29afaef req-0528cbfd-913d-41ff-bf9b-6160e29afaef ] Request (ServersNegativeTestJSON:setUpClass): 200 GET http://10.180.1.21/compute/v2.1/servers/d5c43519-b6ef-4061-bbc1-ee2b6a603683 0.084s
2025-04-15 18:39:49.549 69504 INFO tempest.lib.common.rest_client [req-3f7f649d-32aa-4b76-9a6d-d36a9df273c6 req-3f7f649d-32aa-4b76-9a6d-d36a9df273c6 ] Request (ServersTestJSON:tearDownClass): 200 GET http://10.180.1.21/compute/v2.1/servers/a8aae5e7-1639-48f1-9ae6-8ec5ec376ebf 0.124s
2025-04-15 18:39:49.607 69518 INFO tempest.lib.common.rest_client [req-ffcd7a9f-158d-4e89-a794-1ab1397c6e6c req-ffcd7a9f-158d-4e89-a794-1ab1397c6e6c ] Request (ListServersNegativeTestJSON:setUpClass): 200 GET http://10.180.1.21/compute/v2.1/servers/947eeb04-b704-4686-a3e5-ce687c00527d 0.095s
2025-04-15 18:39:49.660 69508 INFO tempest.lib.common.rest_client [req-2b7e63ad-5fe9-45da-a14e-98a7a8a1ea20 req-2b7e63ad-5fe9-45da-a14e-98a7a8a1ea20 ] Request (ServerMetadataNegativeTestJSON:setUpClass): 200 GET http://10.180.1.21/compute/v2.1/servers/f59f98ac-50c6-4b7a-b1d0-3ee392feb9a4 0.064s
2025-04-15 18:39:49.717 69484 INFO tempest.lib.common.rest_client [req-2c3687f6-c809-4f4e-a2f6-8c770ef6aa57 req-2c3687f6-c809-4f4e-a2f6-8c770ef6aa57 ] Request (ListImageFiltersTestJSON:setUpClass): 200 GET http://10.180.1.21/compute/v2.1/servers/07272fef-5534-48e1-9231-d2d8beef9e34 0.111s
2025-04-15 18:39:49.741 69524 INFO tempest.lib.common.rest_client [req-de7571b5-8f8e-4df7-ac73-4ba9a0512f10 req-de7571b5-8f8e-4df7-ac73-4ba9a0512f10 ] Request (ServersTestBootFromVolume:setUpClass): 200 GET http://10.180.1.21/compute/v2.1/servers/81430660-3cc3-4a79-9d95-36caef3cf876 0.056s
2025-04-15 18:39:49.768 69478 INFO tempest.lib.common.rest_client [req-8e6fa46f-f001-4dea-8022-e47cfabde89c req-8e6fa46f-f001-4dea-8022-e47cfabde89c ] Request (FloatingIPsAssociationNegativeTestJSON:setUpClass): 200 GET http://10.180.1.21/compute/v2.1/servers/86ada9bd-7df9-4b80-8447-3e4388c337c6 0.080s
2025-04-15 18:39:49.795 69521 INFO tempest.lib.common.rest_client [req-c74ecc98-824f-4f63-8baa-7808dcc3ed97 req-c74ecc98-824f-4f63-8baa-7808dcc3ed97 ] Request (ServersTestMultiNic:test_verify_duplicate_network_nics): 200 GET http://10.180.1.21/compute/v2.1/servers/be14257b-8502-4b3e-922d-eafc3a13b3f5 0.053s
2025-04-15 18:39:49.841 69538 INFO tempest.lib.common.rest_client [req-6106a3f0-9a13-40a9-99d8-35bc74a51553 req-6106a3f0-9a13-40a9-99d8-35bc74a51553 ] Request (ServerShowV257Test:tearDownClass): 200 GET http://10.180.1.21/compute/v2.1/servers/c73aa848-bb39-4407-9bb2-b8a3dbde0b61 0.084s
2025-04-15 18:39:49.872 69482 INFO tempest.lib.common.rest_client [req-d9dfd66f-ef9f-4085-b319-d3e874be6a8f req-d9dfd66f-ef9f-4085-b319-d3e874be6a8f ] Request (ServersNegativeTestMultiTenantJSON:setUpClass): 200 GET http://10.180.1.21/compute/v2.1/servers/531569c8-9bb4-4adf-a6ab-b107a99d11d6 0.061s
2025-04-15 18:39:49.902 69494 INFO tempest.lib.common.rest_client [req-4ba8108a-01eb-402a-ada9-fb74029a2549 req-4ba8108a-01eb-402a-ada9-fb74029a2549 ] Request (ServersAdmin275Test:test_rebuild_update_server_275): 200 GET http://10.180.1.21/compute/v2.1/servers/bec9825d-9791-4647-b8a4-bed2dc6834d9 0.071s
2025-04-15 18:39:49.959 69480 INFO tempest.lib.common.rest_client [req-30e3f655-0095-4252-90aa-1d9a69d2333c req-30e3f655-0095-4252-90aa-1d9a69d2333c ] Request (ServerActionsV293TestJSON:setUpClass): 200 GET http://10.180.1.21/compute/v2.1/servers/ec62ac85-b749-4ba6-9599-1b5b065bdcf2 0.084s
2025-04-15 18:39:50.004 69493 INFO tempest.lib.common.rest_client [req-665410d1-c3b5-4e60-be26-9b23d781e32c req-665410d1-c3b5-4e60-be26-9b23d781e32c ] Request (ServerDiagnosticsTest:tearDownClass): 200 GET http://10.180.1.21/compute/v2.1/servers/f989273f-d47a-4302-8e86-0e2f9924b458 0.097s
2025-04-15 18:39:50.030 69507 INFO tempest.lib.common.rest_client [req-13b859d0-1c0f-4ff0-8d93-a085efc1eb68 req-13b859d0-1c0f-4ff0-8d93-a085efc1eb68 ] Request (SecurityGroupsTestJSON:test_list_security_groups_by_server): 200 GET http://10.180.1.21/compute/v2.1/servers/722c4116-5c37-4d49-b250-59829789dce3 0.103s
2025-04-15 18:39:50.078 69522 INFO tempest.lib.common.rest_client [req-94a79969-ac4a-480a-9da9-768859372515 req-94a79969-ac4a-480a-9da9-768859372515 ] Request (FloatingIPsAssociationTestJSON:test_associate_already_associated_floating_ip): 200 GET http://10.180.1.21/compute/v2.1/servers/1f96d05e-0ae7-4175-a50c-6d98dc1eca6a 0.113s
2025-04-15 18:39:50.087 69522 INFO tempest.common.waiters [-] State transition "BUILD/None" ==> "BUILD/networking" after 46 second wait
2025-04-15 18:39:50.103 69514 INFO tempest.lib.common.rest_client [req-1e4fd06a-f963-445a-8515-0752ff34fa4b req-1e4fd06a-f963-445a-8515-0752ff34fa4b ] Request (AttachInterfacesTestJSON:test_create_list_show_delete_interfaces_by_fixed_ip): 200 GET http://10.180.1.21/compute/v2.1/servers/0ca1e852-0478-4539-9600-568792f1754d 0.125s
2025-04-15 18:39:50.138 69531 INFO tempest.lib.common.rest_client [req-a253668d-7a17-47fc-8abe-9284b5ebfcbf req-a253668d-7a17-47fc-8abe-9284b5ebfcbf ] Request (MultipleCreateTestJSON:test_multiple_create_with_reservation_return): 200 GET http://10.180.1.21/compute/v2.1/servers/1372f0f1-642c-40c6-9a3e-7fc0fb159052 0.103s
2025-04-15 18:39:50.163 69488 INFO tempest.lib.common.rest_client [req-6d2cff0b-84b9-446b-b74f-23ab8ae5970b req-6d2cff0b-84b9-446b-b74f-23ab8ae5970b ] Request (ServersAdminTestJSON:test_create_server_with_scheduling_hint): 200 GET http://10.180.1.21/compute/v2.1/servers/33bfaa91-de36-4374-a76f-585613277fda 0.064s
2025-04-15 18:39:50.199 69486 INFO tempest.lib.common.rest_client [req-78fdf1e1-4b5c-438c-8390-3d5b82f3f666 req-78fdf1e1-4b5c-438c-8390-3d5b82f3f666 ] Request (MigrationsAdminTest:test_list_migrations_in_flavor_resize_situation): 200 GET http://10.180.1.21/compute/v2.1/servers/24ac6469-2873-4020-8df5-4ab801a14b5b 0.084s
2025-04-15 18:39:50.238 69528 INFO tempest.lib.common.rest_client [req-0550a8fe-ed1b-4ecd-b98a-f8eec3808fb0 req-0550a8fe-ed1b-4ecd-b98a-f8eec3808fb0 ] Request (ImagesNegativeTestJSON:test_create_image_from_deleted_server): 200 GET http://10.180.1.21/compute/v2.1/servers/afff8818-2298-46fe-b4f7-cbd46c470d89 0.069s
2025-04-15 18:39:50.306 69510 INFO tempest.lib.common.rest_client [req-581a0b84-5eb0-4cf8-8b36-62a80ce0013e req-581a0b84-5eb0-4cf8-8b36-62a80ce0013e ] Request (ServersListShow2100Test:test_list_show_rebuild_update_server_2100): 200 GET http://10.180.1.21/compute/v2.1/servers/c9eb4065-6732-48a4-8659-79afcce1809f 0.074s
2025-04-15 18:39:50.659 69516 INFO tempest.lib.common.rest_client [req-9261ca49-9c85-4b0d-971a-37ca3f7533a2 req-9261ca49-9c85-4b0d-971a-37ca3f7533a2 ] Request (ServersV294TestFqdnHostnames:setUpClass): 200 GET http://10.180.1.21/compute/v2.1/servers/b20de2d2-f796-41b6-be49-c08147018866 0.215s
2025-04-15 18:39:50.676 69516 INFO tempest.common.waiters [-] State transition "BUILD/spawning" ==> "ACTIVE/None" after 50 second wait
2025-04-15 18:39:50.697 69532 INFO tempest.lib.common.rest_client [req-586d8dc6-1be5-45d5-8952-bc6036949724 req-586d8dc6-1be5-45d5-8952-bc6036949724 ] Request (ImagesOneServerTestJSON:test_create_delete_image): 200 GET http://10.180.1.21/compute/v2.1/images/c8673a0e-66c0-4fed-a5d6-4df1a3f26476 0.207s
2025-04-15 18:39:50.721 69512 INFO tempest.lib.common.rest_client [req-a040644a-44e2-4eac-b3ee-8723fc54a67e req-a040644a-44e2-4eac-b3ee-8723fc54a67e ] Request (ServerDiagnosticsNegativeTest:test_get_server_diagnostics_by_non_admin): 200 GET http://10.180.1.21/compute/v2.1/servers/986dfcdc-a5bc-4a78-9b30-72d210f1bc9e 0.257s
2025-04-15 18:39:50.761 69476 INFO tempest.lib.common.rest_client [req-301231c4-e88d-4245-a413-23e6be87f9e6 req-301231c4-e88d-4245-a413-23e6be87f9e6 ] Request (DeleteServersAdminTestJSON:test_delete_server_while_in_error_state): 200 GET http://10.180.1.21/compute/v2.1/servers/5cbc0eb4-30f5-48bf-a476-e577d53c2f4a 0.268s
2025-04-15 18:39:50.765 69536 WARNING tempest.lib.common.ssh [-] Failed to establish authenticated ssh connection to cirros@10.180.180.176 ([Errno None] Unable to connect to port 22 on 10.180.180.176). Number attempts: 3. Retry after 4 seconds.: paramiko.ssh_exception.NoValidConnectionsError: [Errno None] Unable to connect to port 22 on 10.180.180.176
2025-04-15 18:39:50.779 69490 INFO tempest.lib.common.rest_client [req-ecc4c9b8-afc6-4a3b-9076-fcb5a305f790 req-ecc4c9b8-afc6-4a3b-9076-fcb5a305f790 ] Request (ServersNegativeTestJSON:setUpClass): 200 GET http://10.180.1.21/compute/v2.1/servers/d5c43519-b6ef-4061-bbc1-ee2b6a603683 0.224s
2025-04-15 18:39:50.826 69504 INFO tempest.lib.common.rest_client [req-cef93857-2e88-4bc4-aa8f-a4f82cc2e310 req-cef93857-2e88-4bc4-aa8f-a4f82cc2e310 ] Request (ServersTestJSON:tearDownClass): 200 GET http://10.180.1.21/compute/v2.1/servers/a8aae5e7-1639-48f1-9ae6-8ec5ec376ebf 0.267s
2025-04-15 18:39:50.853 69518 INFO tempest.lib.common.rest_client [req-824147d3-1e12-4579-aac9-1d7b73d8f0cb req-824147d3-1e12-4579-aac9-1d7b73d8f0cb ] Request (ListServersNegativeTestJSON:setUpClass): 200 GET http://10.180.1.21/compute/v2.1/servers/947eeb04-b704-4686-a3e5-ce687c00527d 0.237s
2025-04-15 18:39:50.880 69508 INFO tempest.lib.common.rest_client [req-c8f8ce2c-a960-4634-9c3e-e75fbe1a13fe req-c8f8ce2c-a960-4634-9c3e-e75fbe1a13fe ] Request (ServerMetadataNegativeTestJSON:setUpClass): 200 GET http://10.180.1.21/compute/v2.1/servers/f59f98ac-50c6-4b7a-b1d0-3ee392feb9a4 0.211s
2025-04-15 18:39:51.005 69516 INFO tempest.lib.common.rest_client [req-a8d4a4eb-72f1-4339-b70b-2128e4e3c130 req-a8d4a4eb-72f1-4339-b70b-2128e4e3c130 ] Request (ServersV294TestFqdnHostnames:setUpClass): 200 GET http://10.180.1.21/compute/v2.1/servers/b20de2d2-f796-41b6-be49-c08147018866/os-interface 0.328s
2025-04-15 18:39:51.014 69484 INFO tempest.lib.common.rest_client [req-0d48fbef-5c95-46c2-b5e5-761f4006f8dd req-0d48fbef-5c95-46c2-b5e5-761f4006f8dd ] Request (ListImageFiltersTestJSON:setUpClass): 200 GET http://10.180.1.21/compute/v2.1/servers/07272fef-5534-48e1-9231-d2d8beef9e34 0.289s
2025-04-15 18:39:51.060 69524 INFO tempest.lib.common.rest_client [req-31c2f00f-86d2-43b8-9567-2d819ab7822f req-31c2f00f-86d2-43b8-9567-2d819ab7822f ] Request (ServersTestBootFromVolume:setUpClass): 200 GET http://10.180.1.21/compute/v2.1/servers/81430660-3cc3-4a79-9d95-36caef3cf876 0.310s
2025-04-15 18:39:51.068 69478 INFO tempest.lib.common.rest_client [req-c50ed2e7-ef4b-4b3b-8f16-a970961fd23a req-c50ed2e7-ef4b-4b3b-8f16-a970961fd23a ] Request (FloatingIPsAssociationNegativeTestJSON:setUpClass): 200 GET http://10.180.1.21/compute/v2.1/servers/86ada9bd-7df9-4b80-8447-3e4388c337c6 0.291s
2025-04-15 18:39:51.116 69521 INFO tempest.lib.common.rest_client [req-3828dade-f45f-4157-a1b2-c7c408753bcb req-3828dade-f45f-4157-a1b2-c7c408753bcb ] Request (ServersTestMultiNic:test_verify_duplicate_network_nics): 200 GET http://10.180.1.21/compute/v2.1/servers/be14257b-8502-4b3e-922d-eafc3a13b3f5 0.312s
2025-04-15 18:39:51.127 69538 INFO tempest.lib.common.rest_client [req-6fe3f134-75fc-412f-bfbc-23e6b0136784 req-6fe3f134-75fc-412f-bfbc-23e6b0136784 ] Request (ServerShowV257Test:tearDownClass): 200 GET http://10.180.1.21/compute/v2.1/servers/c73aa848-bb39-4407-9bb2-b8a3dbde0b61 0.274s
2025-04-15 18:39:51.188 69482 INFO tempest.lib.common.rest_client [req-e1a2beb4-e776-405f-b588-1c16fb6845e1 req-e1a2beb4-e776-405f-b588-1c16fb6845e1 ] Request (ServersNegativeTestMultiTenantJSON:setUpClass): 200 GET http://10.180.1.21/compute/v2.1/servers/531569c8-9bb4-4adf-a6ab-b107a99d11d6 0.305s
2025-04-15 18:39:51.193 69494 INFO tempest.lib.common.rest_client [req-630a15ac-29e6-46d2-a67d-c185b7d97b14 req-630a15ac-29e6-46d2-a67d-c185b7d97b14 ] Request (ServersAdmin275Test:test_rebuild_update_server_275): 200 GET http://10.180.1.21/compute/v2.1/servers/bec9825d-9791-4647-b8a4-bed2dc6834d9 0.267s
2025-04-15 18:39:51.247 69480 INFO tempest.lib.common.rest_client [req-7736375a-6550-42e4-a819-b679d64c396d req-7736375a-6550-42e4-a819-b679d64c396d ] Request (ServerActionsV293TestJSON:setUpClass): 200 GET http://10.180.1.21/compute/v2.1/servers/ec62ac85-b749-4ba6-9599-1b5b065bdcf2 0.274s
2025-04-15 18:39:51.255 69493 INFO tempest.lib.common.rest_client [req-27ece387-714d-4743-bcb9-b582b9cdffc9 req-27ece387-714d-4743-bcb9-b582b9cdffc9 ] Request (ServerDiagnosticsTest:tearDownClass): 200 GET http://10.180.1.21/compute/v2.1/servers/f989273f-d47a-4302-8e86-0e2f9924b458 0.242s
2025-04-15 18:39:51.304 69507 INFO tempest.lib.common.rest_client [req-937c6c7f-9b8c-422a-ac8e-df95e13657cf req-937c6c7f-9b8c-422a-ac8e-df95e13657cf ] Request (SecurityGroupsTestJSON:test_list_security_groups_by_server): 200 GET http://10.180.1.21/compute/v2.1/servers/722c4116-5c37-4d49-b250-59829789dce3 0.262s
2025-04-15 18:39:51.368 69522 INFO tempest.lib.common.rest_client [req-a1726e2e-403e-4406-8746-88ac88383196 req-a1726e2e-403e-4406-8746-88ac88383196 ] Request (FloatingIPsAssociationTestJSON:test_associate_already_associated_floating_ip): 200 GET http://10.180.1.21/compute/v2.1/servers/1f96d05e-0ae7-4175-a50c-6d98dc1eca6a 0.279s
2025-04-15 18:39:51.369 69514 INFO tempest.lib.common.rest_client [req-de4392ce-25ef-485b-9cbe-9174a9444cc1 req-de4392ce-25ef-485b-9cbe-9174a9444cc1 ] Request (AttachInterfacesTestJSON:test_create_list_show_delete_interfaces_by_fixed_ip): 200 GET http://10.180.1.21/compute/v2.1/servers/0ca1e852-0478-4539-9600-568792f1754d 0.256s
2025-04-15 18:39:51.375 69522 INFO tempest.common.waiters [-] State transition "BUILD/networking" ==> "BUILD/spawning" after 47 second wait
2025-04-15 18:39:51.511 69516 INFO tempest.lib.common.rest_client [req-e3ab8507-7b67-4576-9d20-36985e768e1d req-e3ab8507-7b67-4576-9d20-36985e768e1d ] Request (ServersV294TestFqdnHostnames:setUpClass): 200 PUT http://10.180.1.21:9696/networking/v2.0/floatingips/9cb528ba-c4a3-42c0-a34a-74648496059a 0.504s
2025-04-15 18:39:51.675 69488 INFO tempest.lib.common.rest_client [req-5d81750d-3639-4446-a6cf-6696b3709dad req-5d81750d-3639-4446-a6cf-6696b3709dad ] Request (ServersAdminTestJSON:test_create_server_with_scheduling_hint): 200 GET http://10.180.1.21/compute/v2.1/servers/33bfaa91-de36-4374-a76f-585613277fda 0.502s
2025-04-15 18:39:51.682 69531 INFO tempest.lib.common.rest_client [req-f1d59c1a-9925-4906-9214-b6f9bb174c0e req-f1d59c1a-9925-4906-9214-b6f9bb174c0e ] Request (MultipleCreateTestJSON:test_multiple_create_with_reservation_return): 200 GET http://10.180.1.21/compute/v2.1/servers/1372f0f1-642c-40c6-9a3e-7fc0fb159052 0.535s
2025-04-15 18:39:51.725 69500 WARNING tempest.lib.common.ssh [-] Failed to establish authenticated ssh connection to cirros@10.180.180.132 ([Errno None] Unable to connect to port 22 on 10.180.180.132). Number attempts: 6. Retry after 7 seconds.: paramiko.ssh_exception.NoValidConnectionsError: [Errno None] Unable to connect to port 22 on 10.180.180.132
2025-04-15 18:39:51.738 69528 INFO tempest.lib.common.rest_client [req-edafcda0-ebc9-4852-8255-a4caf185e5b8 req-edafcda0-ebc9-4852-8255-a4caf185e5b8 ] Request (ImagesNegativeTestJSON:test_create_image_from_deleted_server): 200 GET http://10.180.1.21/compute/v2.1/servers/afff8818-2298-46fe-b4f7-cbd46c470d89 0.489s
2025-04-15 18:39:51.743 69486 INFO tempest.lib.common.rest_client [req-859117b5-6d4e-4cc0-a32d-777cec3bd097 req-859117b5-6d4e-4cc0-a32d-777cec3bd097 ] Request (MigrationsAdminTest:test_list_migrations_in_flavor_resize_situation): 200 GET http://10.180.1.21/compute/v2.1/servers/24ac6469-2873-4020-8df5-4ab801a14b5b 0.529s
2025-04-15 18:39:51.816 69510 INFO tempest.lib.common.rest_client [req-d6498d13-b5b5-48f1-be16-72f63edc378f req-d6498d13-b5b5-48f1-be16-72f63edc378f ] Request (ServersListShow2100Test:test_list_show_rebuild_update_server_2100): 200 GET http://10.180.1.21/compute/v2.1/servers/c9eb4065-6732-48a4-8659-79afcce1809f 0.493s
2025-04-15 18:39:51.834 69510 INFO tempest.common.waiters [-] State transition "REBUILD/rebuilding" ==> "REBUILD/rebuild_spawning" after 3 second wait
2025-04-15 18:39:51.860 69532 INFO tempest.lib.common.rest_client [req-0a84f8c9-2992-42ae-a836-84d2f12015a9 req-0a84f8c9-2992-42ae-a836-84d2f12015a9 ] Request (ImagesOneServerTestJSON:test_create_delete_image): 200 GET http://10.180.1.21/compute/v2.1/images/c8673a0e-66c0-4fed-a5d6-4df1a3f26476 0.158s
2025-04-15 18:39:51.879 69516 INFO tempest.lib.common.rest_client [req-2d49736b-6e7b-4ff8-88b4-87529b89bb7c req-2d49736b-6e7b-4ff8-88b4-87529b89bb7c ] Request (ServersV294TestFqdnHostnames:setUpClass): 200 GET http://10.180.1.21/compute/v2.1/servers/b20de2d2-f796-41b6-be49-c08147018866 0.367s
2025-04-15 18:39:51.897 69516 INFO tempest.api.compute.base [-] Attempting to verify tagged devices in server b20de2d2-f796-41b6-be49-c08147018866 via the metadata service: http://169.254.169.254/openstack/latest/meta_data.json
2025-04-15 18:39:51.897 69516 INFO tempest.lib.common.ssh [-] Creating ssh connection to '10.180.180.234:22' as 'cirros' with public key authentication
2025-04-15 18:39:51.955 69476 INFO tempest.lib.common.rest_client [req-f0f5fa67-3176-4cb6-898e-a55e42bdc9ba req-f0f5fa67-3176-4cb6-898e-a55e42bdc9ba ] Request (DeleteServersAdminTestJSON:test_delete_server_while_in_error_state): 200 GET http://10.180.1.21/compute/v2.1/servers/5cbc0eb4-30f5-48bf-a476-e577d53c2f4a 0.183s
2025-04-15 18:39:52.020 69490 INFO tempest.lib.common.rest_client [req-6a9e07f2-9329-4c17-9581-c22eda53641b req-6a9e07f2-9329-4c17-9581-c22eda53641b ] Request (ServersNegativeTestJSON:setUpClass): 200 GET http://10.180.1.21/compute/v2.1/servers/d5c43519-b6ef-4061-bbc1-ee2b6a603683 0.232s
2025-04-15 18:39:52.031 69512 INFO tempest.lib.common.rest_client [req-eb8e6663-cc63-4b0e-b4cf-b6aee9615e68 req-eb8e6663-cc63-4b0e-b4cf-b6aee9615e68 ] Request (ServerDiagnosticsNegativeTest:test_get_server_diagnostics_by_non_admin): 200 GET http://10.180.1.21/compute/v2.1/servers/986dfcdc-a5bc-4a78-9b30-72d210f1bc9e 0.300s
2025-04-15 18:39:52.054 69518 INFO tempest.lib.common.rest_client [req-1afc239c-c928-4c3b-9055-18385c4c4a10 req-1afc239c-c928-4c3b-9055-18385c4c4a10 ] Request (ListServersNegativeTestJSON:setUpClass): 404 GET http://10.180.1.21/compute/v2.1/servers/947eeb04-b704-4686-a3e5-ce687c00527d 0.192s
2025-04-15 18:39:52.085 69504 INFO tempest.lib.common.rest_client [req-01029d12-0a08-4839-8552-6ee6de5a1a10 req-01029d12-0a08-4839-8552-6ee6de5a1a10 ] Request (ServersTestJSON:tearDownClass): 200 GET http://10.180.1.21/compute/v2.1/servers/a8aae5e7-1639-48f1-9ae6-8ec5ec376ebf 0.248s
2025-04-15 18:39:52.116 69508 INFO tempest.lib.common.rest_client [req-11101a90-01cd-4356-9e83-cb8b9fb27a9b req-11101a90-01cd-4356-9e83-cb8b9fb27a9b ] Request (ServerMetadataNegativeTestJSON:setUpClass): 200 GET http://10.180.1.21/compute/v2.1/servers/f59f98ac-50c6-4b7a-b1d0-3ee392feb9a4 0.221s
2025-04-15 18:39:52.179 69518 INFO tempest.lib.common.rest_client [req-2c92e1bf-5eee-425f-8f52-f1f87c85228e req-2c92e1bf-5eee-425f-8f52-f1f87c85228e ] Request (ListServersNegativeTestJSON:test_list_servers_by_changes_since_future_date): 200 GET http://10.180.1.21/compute/v2.1/servers?changes-since=2051-01-01T12%3A34%3A00Z&status=ACTIVE 0.124s
2025-04-15 18:39:52.247 69524 INFO tempest.lib.common.rest_client [req-75dcb9a0-48ca-4b3f-8a69-f17a9cd9d21f req-75dcb9a0-48ca-4b3f-8a69-f17a9cd9d21f ] Request (ServersTestBootFromVolume:setUpClass): 200 GET http://10.180.1.21/compute/v2.1/servers/81430660-3cc3-4a79-9d95-36caef3cf876 0.178s
2025-04-15 18:39:52.254 69484 INFO tempest.lib.common.rest_client [req-ebf1d8c7-c28a-4bf9-896a-4653ad75d4be req-ebf1d8c7-c28a-4bf9-896a-4653ad75d4be ] Request (ListImageFiltersTestJSON:setUpClass): 200 GET http://10.180.1.21/compute/v2.1/servers/07272fef-5534-48e1-9231-d2d8beef9e34 0.229s
2025-04-15 18:39:52.325 69478 INFO tempest.lib.common.rest_client [req-391009e2-c72f-42e2-9f8a-e7224f5dd249 req-391009e2-c72f-42e2-9f8a-e7224f5dd249 ] Request (FloatingIPsAssociationNegativeTestJSON:setUpClass): 200 GET http://10.180.1.21/compute/v2.1/servers/86ada9bd-7df9-4b80-8447-3e4388c337c6 0.246s
2025-04-15 18:39:52.333 69521 INFO tempest.lib.common.rest_client [req-6a52b53c-dbbf-4e50-8f45-c7b72e107224 req-6a52b53c-dbbf-4e50-8f45-c7b72e107224 ] Request (ServersTestMultiNic:test_verify_duplicate_network_nics): 200 GET http://10.180.1.21/compute/v2.1/servers/be14257b-8502-4b3e-922d-eafc3a13b3f5 0.209s
2025-04-15 18:39:52.336 69518 INFO tempest.lib.common.rest_client [req-16f08c44-3915-488c-9f57-259e2e6a5d42 req-16f08c44-3915-488c-9f57-259e2e6a5d42 ] Request (ListServersNegativeTestJSON:test_list_servers_by_changes_since_invalid_date): 400 GET http://10.180.1.21/compute/v2.1/servers?changes-since=2011%2F01%2F01 0.153s
2025-04-15 18:39:52.365 69496 WARNING tempest.lib.common.ssh [-] Failed to establish authenticated ssh connection to cirros@10.180.180.182 ([Errno None] Unable to connect to port 22 on 10.180.180.182). Number attempts: 5. Retry after 6 seconds.: paramiko.ssh_exception.NoValidConnectionsError: [Errno None] Unable to connect to port 22 on 10.180.180.182
2025-04-15 18:39:52.419 69538 INFO tempest.lib.common.rest_client [req-97575784-5bf2-4ea0-b20f-3c0a680a769c req-97575784-5bf2-4ea0-b20f-3c0a680a769c ] Request (ServerShowV257Test:tearDownClass): 200 GET http://10.180.1.21/compute/v2.1/servers/c73aa848-bb39-4407-9bb2-b8a3dbde0b61 0.280s
2025-04-15 18:39:52.419 69482 INFO tempest.lib.common.rest_client [req-be2df321-1f94-4a69-9914-9c5ce25f2915 req-be2df321-1f94-4a69-9914-9c5ce25f2915 ] Request (ServersNegativeTestMultiTenantJSON:setUpClass): 200 GET http://10.180.1.21/compute/v2.1/servers/531569c8-9bb4-4adf-a6ab-b107a99d11d6 0.221s
2025-04-15 18:39:52.494 69480 INFO tempest.lib.common.rest_client [req-8b93e606-f4a7-48c8-a093-1bec5e0b7241 req-8b93e606-f4a7-48c8-a093-1bec5e0b7241 ] Request (ServerActionsV293TestJSON:setUpClass): 200 GET http://10.180.1.21/compute/v2.1/servers/ec62ac85-b749-4ba6-9599-1b5b065bdcf2 0.231s
2025-04-15 18:39:52.503 69494 INFO tempest.lib.common.rest_client [req-8b386e7b-32ed-4fc2-9cb8-fbe894dc8788 req-8b386e7b-32ed-4fc2-9cb8-fbe894dc8788 ] Request (ServersAdmin275Test:test_rebuild_update_server_275): 200 GET http://10.180.1.21/compute/v2.1/servers/bec9825d-9791-4647-b8a4-bed2dc6834d9 0.297s
2025-04-15 18:39:52.566 69493 INFO tempest.lib.common.rest_client [req-7114ddbb-e0e3-456a-8fe0-9c069819b4c4 req-7114ddbb-e0e3-456a-8fe0-9c069819b4c4 ] Request (ServerDiagnosticsTest:tearDownClass): 200 GET http://10.180.1.21/compute/v2.1/servers/f989273f-d47a-4302-8e86-0e2f9924b458 0.301s
2025-04-15 18:39:52.579 69507 INFO tempest.lib.common.rest_client [req-c77a22eb-a333-48c7-b907-085ff9478087 req-c77a22eb-a333-48c7-b907-085ff9478087 ] Request (SecurityGroupsTestJSON:test_list_security_groups_by_server): 200 GET http://10.180.1.21/compute/v2.1/servers/722c4116-5c37-4d49-b250-59829789dce3 0.265s
2025-04-15 18:39:52.621 69518 INFO tempest.lib.common.rest_client [req-ddf8fb07-28d0-40a6-bb55-e185cf62db8d req-ddf8fb07-28d0-40a6-bb55-e185cf62db8d ] Request (ListServersNegativeTestJSON:test_list_servers_by_limits_greater_than_actual_count): 200 GET http://10.180.1.21/compute/v2.1/servers 0.284s
2025-04-15 18:39:52.699 69514 INFO tempest.lib.common.rest_client [req-9840e472-059a-44d0-b0ab-a3127cfa2cb4 req-9840e472-059a-44d0-b0ab-a3127cfa2cb4 ] Request (AttachInterfacesTestJSON:test_create_list_show_delete_interfaces_by_fixed_ip): 200 GET http://10.180.1.21/compute/v2.1/servers/0ca1e852-0478-4539-9600-568792f1754d 0.321s
2025-04-15 18:39:52.766 69522 INFO tempest.lib.common.rest_client [req-d4269da7-527b-45bf-9c2f-0fe2109bec76 req-d4269da7-527b-45bf-9c2f-0fe2109bec76 ] Request (FloatingIPsAssociationTestJSON:test_associate_already_associated_floating_ip): 200 GET http://10.180.1.21/compute/v2.1/servers/1f96d05e-0ae7-4175-a50c-6d98dc1eca6a 0.390s
2025-04-15 18:39:52.767 69518 INFO tempest.lib.common.rest_client [req-70927a77-b4fd-4f5c-930c-8e8be8272bc6 req-70927a77-b4fd-4f5c-930c-8e8be8272bc6 ] Request (ListServersNegativeTestJSON:test_list_servers_by_limits_greater_than_actual_count): 200 GET http://10.180.1.21/compute/v2.1/servers?limit=102 0.143s
2025-04-15 18:39:52.845 69531 INFO tempest.lib.common.rest_client [req-41bbf0fd-d033-4ab7-9ac4-71689fe57ff7 req-41bbf0fd-d033-4ab7-9ac4-71689fe57ff7 ] Request (MultipleCreateTestJSON:test_multiple_create_with_reservation_return): 200 GET http://10.180.1.21/compute/v2.1/servers/1372f0f1-642c-40c6-9a3e-7fc0fb159052 0.153s
2025-04-15 18:39:52.847 69488 INFO tempest.lib.common.rest_client [req-6c292ee5-d01c-4a7e-bb8f-900822f79c81 req-6c292ee5-d01c-4a7e-bb8f-900822f79c81 ] Request (ServersAdminTestJSON:test_create_server_with_scheduling_hint): 200 GET http://10.180.1.21/compute/v2.1/servers/33bfaa91-de36-4374-a76f-585613277fda 0.159s
2025-04-15 18:39:52.853 69531 INFO tempest.common.waiters [-] State transition "BUILD/scheduling" ==> "BUILD/None" after 32 second wait
2025-04-15 18:39:52.903 69528 INFO tempest.lib.common.rest_client [req-74729aab-1d03-4e23-8f78-b6b849b4b56d req-74729aab-1d03-4e23-8f78-b6b849b4b56d ] Request (ImagesNegativeTestJSON:test_create_image_from_deleted_server): 200 GET http://10.180.1.21/compute/v2.1/servers/afff8818-2298-46fe-b4f7-cbd46c470d89 0.155s
2025-04-15 18:39:52.910 69518 INFO tempest.lib.common.rest_client [req-e7339887-b4ba-45b7-96ea-5e33f5649bb4 req-e7339887-b4ba-45b7-96ea-5e33f5649bb4 ] Request (ListServersNegativeTestJSON:test_list_servers_by_limits_pass_negative_value): 400 GET http://10.180.1.21/compute/v2.1/servers?limit=-1 0.139s
2025-04-15 18:39:52.910 69486 INFO tempest.lib.common.rest_client [req-f863c18d-b9a2-4fe4-9d01-19851f9e25de req-f863c18d-b9a2-4fe4-9d01-19851f9e25de ] Request (MigrationsAdminTest:test_list_migrations_in_flavor_resize_situation): 200 GET http://10.180.1.21/compute/v2.1/servers/24ac6469-2873-4020-8df5-4ab801a14b5b 0.158s
2025-04-15 18:39:52.946 69532 INFO tempest.lib.common.rest_client [req-dc4f1735-f583-4b72-acc4-6986de4688cf req-dc4f1735-f583-4b72-acc4-6986de4688cf ] Request (ImagesOneServerTestJSON:test_create_delete_image): 200 GET http://10.180.1.21/compute/v2.1/images/c8673a0e-66c0-4fed-a5d6-4df1a3f26476 0.078s
2025-04-15 18:39:52.952 69518 INFO tempest.lib.common.rest_client [req-f764f255-ec45-42b8-9f7f-cc1ab2b1fe4a req-f764f255-ec45-42b8-9f7f-cc1ab2b1fe4a ] Request (ListServersNegativeTestJSON:test_list_servers_by_limits_pass_string): 400 GET http://10.180.1.21/compute/v2.1/servers?limit=testing 0.040s
2025-04-15 18:39:52.970 69518 INFO tempest.lib.common.rest_client [req-681c5894-39e8-456c-8583-3215345f2cbd req-681c5894-39e8-456c-8583-3215345f2cbd ] Request (ListServersNegativeTestJSON:test_list_servers_by_non_existing_flavor): 200 GET http://10.180.1.21/compute/v2.1/servers?flavor=non_existing_flavor 0.016s
2025-04-15 18:39:52.984 69510 INFO tempest.lib.common.rest_client [req-57572c66-743e-40c4-9888-86856af85150 req-57572c66-743e-40c4-9888-86856af85150 ] Request (ServersListShow2100Test:test_list_show_rebuild_update_server_2100): 200 GET http://10.180.1.21/compute/v2.1/servers/c9eb4065-6732-48a4-8659-79afcce1809f 0.148s
2025-04-15 18:39:53.027 69476 INFO tempest.lib.common.rest_client [req-a2166446-ea4f-456b-ba19-c467da830d6e req-a2166446-ea4f-456b-ba19-c467da830d6e ] Request (DeleteServersAdminTestJSON:test_delete_server_while_in_error_state): 200 GET http://10.180.1.21/compute/v2.1/servers/5cbc0eb4-30f5-48bf-a476-e577d53c2f4a 0.064s
2025-04-15 18:39:53.039 69518 INFO tempest.lib.common.rest_client [req-37c087de-3321-4a50-9065-83d1c3faf4e7 req-37c087de-3321-4a50-9065-83d1c3faf4e7 ] Request (ListServersNegativeTestJSON:test_list_servers_by_non_existing_image): 200 GET http://10.180.1.21/compute/v2.1/servers?image=non_existing_image 0.064s
2025-04-15 18:39:53.084 69490 INFO tempest.lib.common.rest_client [req-01289b27-106d-4c3e-ac84-d7ae1921c300 req-01289b27-106d-4c3e-ac84-d7ae1921c300 ] Request (ServersNegativeTestJSON:setUpClass): 200 GET http://10.180.1.21/compute/v2.1/servers/d5c43519-b6ef-4061-bbc1-ee2b6a603683 0.055s
2025-04-15 18:39:53.141 69518 INFO tempest.lib.common.rest_client [req-a926e321-e3b3-4cf9-a677-ec00dccbfd05 req-a926e321-e3b3-4cf9-a677-ec00dccbfd05 ] Request (ListServersNegativeTestJSON:test_list_servers_by_non_existing_server_name): 200 GET http://10.180.1.21/compute/v2.1/servers?name=non_existing_server_name 0.100s
2025-04-15 18:39:53.145 69512 INFO tempest.lib.common.rest_client [req-f86b3b03-57f4-4a94-9a9d-62355411a34e req-f86b3b03-57f4-4a94-9a9d-62355411a34e ] Request (ServerDiagnosticsNegativeTest:test_get_server_diagnostics_by_non_admin): 200 GET http://10.180.1.21/compute/v2.1/servers/986dfcdc-a5bc-4a78-9b30-72d210f1bc9e 0.105s
2025-04-15 18:39:53.198 69508 INFO tempest.lib.common.rest_client [req-287f04c7-9f84-422c-b7b0-8fc2d214b4c2 req-287f04c7-9f84-422c-b7b0-8fc2d214b4c2 ] Request (ServerMetadataNegativeTestJSON:setUpClass): 200 GET http://10.180.1.21/compute/v2.1/servers/f59f98ac-50c6-4b7a-b1d0-3ee392feb9a4 0.071s
2025-04-15 18:39:53.214 69504 INFO tempest.lib.common.rest_client [req-05ed6a51-61ee-4da5-b51e-627042ad3b78 req-05ed6a51-61ee-4da5-b51e-627042ad3b78 ] Request (ServersTestJSON:tearDownClass): 200 GET http://10.180.1.21/compute/v2.1/servers/a8aae5e7-1639-48f1-9ae6-8ec5ec376ebf 0.121s
2025-04-15 18:39:53.314 69524 INFO tempest.lib.common.rest_client [req-b16b7fb3-542d-473d-b939-519fc8de811c req-b16b7fb3-542d-473d-b939-519fc8de811c ] Request (ServersTestBootFromVolume:setUpClass): 200 GET http://10.180.1.21/compute/v2.1/servers/81430660-3cc3-4a79-9d95-36caef3cf876 0.058s
2025-04-15 18:39:53.426 69518 INFO tempest.lib.common.rest_client [req-92d9387a-91d8-430e-8c1c-60e6bb33416a req-92d9387a-91d8-430e-8c1c-60e6bb33416a ] Request (ListServersNegativeTestJSON:test_list_servers_detail_server_is_deleted): 200 GET http://10.180.1.21/compute/v2.1/servers/detail 0.282s
2025-04-15 18:39:53.441 69484 INFO tempest.lib.common.rest_client [req-4c29ed38-a8bc-4c0f-82da-3e62402ef16d req-4c29ed38-a8bc-4c0f-82da-3e62402ef16d ] Request (ListImageFiltersTestJSON:setUpClass): 200 GET http://10.180.1.21/compute/v2.1/servers/07272fef-5534-48e1-9231-d2d8beef9e34 0.174s
2025-04-15 18:39:53.476 69478 INFO tempest.lib.common.rest_client [req-a1df8d72-496e-4fe9-bb9e-1d16cd21e0ed req-a1df8d72-496e-4fe9-bb9e-1d16cd21e0ed ] Request (FloatingIPsAssociationNegativeTestJSON:setUpClass): 200 GET http://10.180.1.21/compute/v2.1/servers/86ada9bd-7df9-4b80-8447-3e4388c337c6 0.137s
2025-04-15 18:39:53.495 69521 INFO tempest.lib.common.rest_client [req-88e43683-a658-4c5f-8f2c-b5d54dd0ab06 req-88e43683-a658-4c5f-8f2c-b5d54dd0ab06 ] Request (ServersTestMultiNic:test_verify_duplicate_network_nics): 200 GET http://10.180.1.21/compute/v2.1/servers/be14257b-8502-4b3e-922d-eafc3a13b3f5 0.151s
2025-04-15 18:39:53.551 69482 INFO tempest.lib.common.rest_client [req-0325dfc7-af2c-41b0-b83e-3615abf7c2d0 req-0325dfc7-af2c-41b0-b83e-3615abf7c2d0 ] Request (ServersNegativeTestMultiTenantJSON:setUpClass): 200 GET http://10.180.1.21/compute/v2.1/servers/531569c8-9bb4-4adf-a6ab-b107a99d11d6 0.118s
2025-04-15 18:39:53.556 69538 INFO tempest.lib.common.rest_client [req-0ac46608-c632-4467-836f-1081f328b6b7 req-0ac46608-c632-4467-836f-1081f328b6b7 ] Request (ServerShowV257Test:tearDownClass): 200 GET http://10.180.1.21/compute/v2.1/servers/c73aa848-bb39-4407-9bb2-b8a3dbde0b61 0.123s
2025-04-15 18:39:53.558 69518 INFO tempest.lib.common.rest_client [req-1da7084d-047e-4a6f-afdc-9d05faa4e193 req-1da7084d-047e-4a6f-afdc-9d05faa4e193 ] Request (ListServersNegativeTestJSON:test_list_servers_status_non_existing): 200 GET http://10.180.1.21/compute/v2.1/servers?status=non_existing_status 0.119s
2025-04-15 18:39:53.629 69480 INFO tempest.lib.common.rest_client [req-d4711e8c-ced7-4020-adf5-4581836e123c req-d4711e8c-ced7-4020-adf5-4581836e123c ] Request (ServerActionsV293TestJSON:setUpClass): 200 GET http://10.180.1.21/compute/v2.1/servers/ec62ac85-b749-4ba6-9599-1b5b065bdcf2 0.121s
2025-04-15 18:39:53.637 69494 INFO tempest.lib.common.rest_client [req-899ef127-3d4f-476a-9766-5c3e6d49ea23 req-899ef127-3d4f-476a-9766-5c3e6d49ea23 ] Request (ServersAdmin275Test:test_rebuild_update_server_275): 200 GET http://10.180.1.21/compute/v2.1/servers/bec9825d-9791-4647-b8a4-bed2dc6834d9 0.123s
2025-04-15 18:39:53.679 69518 INFO tempest.lib.common.rest_client [req-2a1c3c19-7cbc-47aa-80d2-9cd48d7a02ea req-2a1c3c19-7cbc-47aa-80d2-9cd48d7a02ea ] Request (ListServersNegativeTestJSON:test_list_servers_with_a_deleted_server): 200 GET http://10.180.1.21/compute/v2.1/servers 0.115s
2025-04-15 18:39:53.701 69493 INFO tempest.lib.common.rest_client [req-567f7bc7-2fbb-43aa-94f1-99eff4ed3e8f req-567f7bc7-2fbb-43aa-94f1-99eff4ed3e8f ] Request (ServerDiagnosticsTest:tearDownClass): 200 GET http://10.180.1.21/compute/v2.1/servers/f989273f-d47a-4302-8e86-0e2f9924b458 0.126s
2025-04-15 18:39:53.735 69507 INFO tempest.lib.common.rest_client [req-a8e4a84c-8579-4648-bc65-1f0925185d33 req-a8e4a84c-8579-4648-bc65-1f0925185d33 ] Request (SecurityGroupsTestJSON:test_list_security_groups_by_server): 200 GET http://10.180.1.21/compute/v2.1/servers/722c4116-5c37-4d49-b250-59829789dce3 0.147s
2025-04-15 18:39:53.778 69518 INFO tempest.lib.common.rest_client [req-da0e51f3-3ef3-46e8-85ac-9047de7a24ad req-da0e51f3-3ef3-46e8-85ac-9047de7a24ad ] Request (ListServersNegativeTestJSON:tearDownClass): 204 DELETE http://10.180.1.21/compute/v2.1/servers/dc04e670-e30d-444f-9f8c-85c3612117a6 0.094s
2025-04-15 18:39:53.795 69514 INFO tempest.lib.common.rest_client [req-4ebd3437-d98c-4199-8006-096633541bab req-4ebd3437-d98c-4199-8006-096633541bab ] Request (AttachInterfacesTestJSON:test_create_list_show_delete_interfaces_by_fixed_ip): 200 GET http://10.180.1.21/compute/v2.1/servers/0ca1e852-0478-4539-9600-568792f1754d 0.081s
2025-04-15 18:39:53.805 69518 INFO tempest.lib.common.rest_client [req-461d565e-47d2-4bb7-9d42-81787e4e6085 req-461d565e-47d2-4bb7-9d42-81787e4e6085 ] Request (ListServersNegativeTestJSON:tearDownClass): 404 DELETE http://10.180.1.21/compute/v2.1/servers/947eeb04-b704-4686-a3e5-ce687c00527d 0.026s
2025-04-15 18:39:53.897 69518 INFO tempest.lib.common.rest_client [req-324aa05c-f360-4bab-a4cd-1a3aa382540c req-324aa05c-f360-4bab-a4cd-1a3aa382540c ] Request (ListServersNegativeTestJSON:tearDownClass): 204 DELETE http://10.180.1.21/compute/v2.1/servers/8c293933-bd62-4ccc-adbe-891c4f7ac11f 0.092s
2025-04-15 18:39:53.956 69522 INFO tempest.lib.common.rest_client [req-bf69cf21-f415-4155-94b6-92beca0cc099 req-bf69cf21-f415-4155-94b6-92beca0cc099 ] Request (FloatingIPsAssociationTestJSON:test_associate_already_associated_floating_ip): 200 GET http://10.180.1.21/compute/v2.1/servers/1f96d05e-0ae7-4175-a50c-6d98dc1eca6a 0.175s
2025-04-15 18:39:53.969 69531 INFO tempest.lib.common.rest_client [req-4c54e47d-7aea-4f27-bc68-7c2f7c281504 req-4c54e47d-7aea-4f27-bc68-7c2f7c281504 ] Request (MultipleCreateTestJSON:test_multiple_create_with_reservation_return): 200 GET http://10.180.1.21/compute/v2.1/servers/1372f0f1-642c-40c6-9a3e-7fc0fb159052 0.115s
2025-04-15 18:39:54.037 69488 INFO tempest.lib.common.rest_client [req-6b448a8a-646c-42d1-be9b-e167b41a16c2 req-6b448a8a-646c-42d1-be9b-e167b41a16c2 ] Request (ServersAdminTestJSON:test_create_server_with_scheduling_hint): 200 GET http://10.180.1.21/compute/v2.1/servers/33bfaa91-de36-4374-a76f-585613277fda 0.178s
2025-04-15 18:39:54.105 69528 INFO tempest.lib.common.rest_client [req-ccf848f5-3f28-4324-ae49-38b5740a897d req-ccf848f5-3f28-4324-ae49-38b5740a897d ] Request (ImagesNegativeTestJSON:test_create_image_from_deleted_server): 200 GET http://10.180.1.21/compute/v2.1/servers/afff8818-2298-46fe-b4f7-cbd46c470d89 0.194s
2025-04-15 18:39:54.127 69518 INFO tempest.lib.common.rest_client [req-d753c104-422d-438c-b6c7-6dbe166764fc req-d753c104-422d-438c-b6c7-6dbe166764fc ] Request (ListServersNegativeTestJSON:tearDownClass): 200 GET http://10.180.1.21/compute/v2.1/servers/dc04e670-e30d-444f-9f8c-85c3612117a6 0.229s
2025-04-15 18:39:54.159 69532 INFO tempest.lib.common.rest_client [req-c62ce881-a993-4f41-940f-1aa6d4693c75 req-c62ce881-a993-4f41-940f-1aa6d4693c75 ] Request (ImagesOneServerTestJSON:test_create_delete_image): 200 GET http://10.180.1.21/compute/v2.1/images/c8673a0e-66c0-4fed-a5d6-4df1a3f26476 0.206s
2025-04-15 18:39:54.159 69486 INFO tempest.lib.common.rest_client [req-e986fcfa-b816-49bd-aabd-da05ddb978cf req-e986fcfa-b816-49bd-aabd-da05ddb978cf ] Request (MigrationsAdminTest:test_list_migrations_in_flavor_resize_situation): 200 GET http://10.180.1.21/compute/v2.1/servers/24ac6469-2873-4020-8df5-4ab801a14b5b 0.241s
2025-04-15 18:39:54.218 69476 INFO tempest.lib.common.rest_client [req-ca5c5af5-44cd-4498-9e48-c48110492965 req-ca5c5af5-44cd-4498-9e48-c48110492965 ] Request (DeleteServersAdminTestJSON:test_delete_server_while_in_error_state): 200 GET http://10.180.1.21/compute/v2.1/servers/5cbc0eb4-30f5-48bf-a476-e577d53c2f4a 0.181s
2025-04-15 18:39:54.232 69510 INFO tempest.lib.common.rest_client [req-0d51c816-d29c-465c-a325-64fa2c78def2 req-0d51c816-d29c-465c-a325-64fa2c78def2 ] Request (ServersListShow2100Test:test_list_show_rebuild_update_server_2100): 200 GET http://10.180.1.21/compute/v2.1/servers/c9eb4065-6732-48a4-8659-79afcce1809f 0.229s
2025-04-15 18:39:54.265 69490 INFO tempest.lib.common.rest_client [req-acec93fe-4fd8-4c1a-98e3-4ac92d7f9c16 req-acec93fe-4fd8-4c1a-98e3-4ac92d7f9c16 ] Request (ServersNegativeTestJSON:setUpClass): 200 GET http://10.180.1.21/compute/v2.1/servers/d5c43519-b6ef-4061-bbc1-ee2b6a603683 0.174s
2025-04-15 18:39:54.323 69508 INFO tempest.lib.common.rest_client [req-a077ab56-ca7b-44d8-be13-899a11b82f75 req-a077ab56-ca7b-44d8-be13-899a11b82f75 ] Request (ServerMetadataNegativeTestJSON:setUpClass): 200 GET http://10.180.1.21/compute/v2.1/servers/f59f98ac-50c6-4b7a-b1d0-3ee392feb9a4 0.117s
2025-04-15 18:39:54.335 69512 INFO tempest.lib.common.rest_client [req-c1c3d0b8-f4fc-4fc0-9a21-54c02b64f99e req-c1c3d0b8-f4fc-4fc0-9a21-54c02b64f99e ] Request (ServerDiagnosticsNegativeTest:test_get_server_diagnostics_by_non_admin): 200 GET http://10.180.1.21/compute/v2.1/servers/986dfcdc-a5bc-4a78-9b30-72d210f1bc9e 0.181s
2025-04-15 18:39:54.400 69524 INFO tempest.lib.common.rest_client [req-0a937f4d-6c1a-4944-af22-b8d988fe598b req-0a937f4d-6c1a-4944-af22-b8d988fe598b ] Request (ServersTestBootFromVolume:setUpClass): 200 GET http://10.180.1.21/compute/v2.1/servers/81430660-3cc3-4a79-9d95-36caef3cf876 0.077s
2025-04-15 18:39:54.401 69504 INFO tempest.lib.common.rest_client [req-f1357944-56c8-4e63-b2d2-ac20ef66a622 req-f1357944-56c8-4e63-b2d2-ac20ef66a622 ] Request (ServersTestJSON:tearDownClass): 200 GET http://10.180.1.21/compute/v2.1/servers/a8aae5e7-1639-48f1-9ae6-8ec5ec376ebf 0.178s
2025-04-15 18:39:54.547 69478 INFO tempest.lib.common.rest_client [req-f5a97e2d-7741-46a8-87d1-4b2d73e1196b req-f5a97e2d-7741-46a8-87d1-4b2d73e1196b ] Request (FloatingIPsAssociationNegativeTestJSON:setUpClass): 200 GET http://10.180.1.21/compute/v2.1/servers/86ada9bd-7df9-4b80-8447-3e4388c337c6 0.062s
2025-04-15 18:39:54.569 69484 INFO tempest.lib.common.rest_client [req-96d41561-e6da-4211-a02d-73c914cf0ba5 req-96d41561-e6da-4211-a02d-73c914cf0ba5 ] Request (ListImageFiltersTestJSON:setUpClass): 200 GET http://10.180.1.21/compute/v2.1/servers/07272fef-5534-48e1-9231-d2d8beef9e34 0.119s
2025-04-15 18:39:54.619 69521 INFO tempest.lib.common.rest_client [req-f717310a-bfd9-4949-b3fc-a64b36b9d85e req-f717310a-bfd9-4949-b3fc-a64b36b9d85e ] Request (ServersTestMultiNic:test_verify_duplicate_network_nics): 200 GET http://10.180.1.21/compute/v2.1/servers/be14257b-8502-4b3e-922d-eafc3a13b3f5 0.115s
2025-04-15 18:39:54.626 69482 INFO tempest.lib.common.rest_client [req-e2c61075-cdc5-4c1c-828b-e2031b70e5f7 req-e2c61075-cdc5-4c1c-828b-e2031b70e5f7 ] Request (ServersNegativeTestMultiTenantJSON:setUpClass): 200 GET http://10.180.1.21/compute/v2.1/servers/531569c8-9bb4-4adf-a6ab-b107a99d11d6 0.064s
2025-04-15 18:39:54.692 69538 INFO tempest.lib.common.rest_client [req-4956f6be-10d6-4f03-bd3b-c745fc6cd304 req-4956f6be-10d6-4f03-bd3b-c745fc6cd304 ] Request (ServerShowV257Test:tearDownClass): 200 GET http://10.180.1.21/compute/v2.1/servers/c73aa848-bb39-4407-9bb2-b8a3dbde0b61 0.122s
2025-04-15 18:39:54.705 69480 INFO tempest.lib.common.rest_client [req-16c48906-2fa3-4c05-9aaa-0d7965e632fc req-16c48906-2fa3-4c05-9aaa-0d7965e632fc ] Request (ServerActionsV293TestJSON:setUpClass): 200 GET http://10.180.1.21/compute/v2.1/servers/ec62ac85-b749-4ba6-9599-1b5b065bdcf2 0.065s
2025-04-15 18:39:54.753 69494 INFO tempest.lib.common.rest_client [req-e6a42232-e800-45f1-ab07-d583a17bc200 req-e6a42232-e800-45f1-ab07-d583a17bc200 ] Request (ServersAdmin275Test:test_rebuild_update_server_275): 200 GET http://10.180.1.21/compute/v2.1/servers/bec9825d-9791-4647-b8a4-bed2dc6834d9 0.105s
2025-04-15 18:39:54.769 69493 INFO tempest.lib.common.rest_client [req-69ac3ca4-4b3d-4569-b5a7-10985a23b823 req-69ac3ca4-4b3d-4569-b5a7-10985a23b823 ] Request (ServerDiagnosticsTest:tearDownClass): 200 GET http://10.180.1.21/compute/v2.1/servers/f989273f-d47a-4302-8e86-0e2f9924b458 0.060s
2025-04-15 18:39:54.846 69507 INFO tempest.lib.common.rest_client [req-923937bd-c7b2-4ff3-8756-cf30ec813e45 req-923937bd-c7b2-4ff3-8756-cf30ec813e45 ] Request (SecurityGroupsTestJSON:test_list_security_groups_by_server): 200 GET http://10.180.1.21/compute/v2.1/servers/722c4116-5c37-4d49-b250-59829789dce3 0.101s
2025-04-15 18:39:54.874 69514 INFO tempest.lib.common.rest_client [req-3699fe60-84ab-44d0-b874-e19533e14300 req-3699fe60-84ab-44d0-b874-e19533e14300 ] Request (AttachInterfacesTestJSON:test_create_list_show_delete_interfaces_by_fixed_ip): 200 GET http://10.180.1.21/compute/v2.1/servers/0ca1e852-0478-4539-9600-568792f1754d 0.069s
2025-04-15 18:39:55.062 69531 INFO tempest.lib.common.rest_client [req-aa8a5a92-f12e-49fa-b0cd-48ef8d62ede8 req-aa8a5a92-f12e-49fa-b0cd-48ef8d62ede8 ] Request (MultipleCreateTestJSON:test_multiple_create_with_reservation_return): 200 GET http://10.180.1.21/compute/v2.1/servers/1372f0f1-642c-40c6-9a3e-7fc0fb159052 0.084s
2025-04-15 18:39:55.128 69522 INFO tempest.lib.common.rest_client [req-4d9fe353-0a5f-41a6-840a-3c0ade1268eb req-4d9fe353-0a5f-41a6-840a-3c0ade1268eb ] Request (FloatingIPsAssociationTestJSON:test_associate_already_associated_floating_ip): 200 GET http://10.180.1.21/compute/v2.1/servers/1f96d05e-0ae7-4175-a50c-6d98dc1eca6a 0.159s
2025-04-15 18:39:55.144 69488 INFO tempest.lib.common.rest_client [req-d625da96-3e2d-40ed-8a62-ed1dc82239fe req-d625da96-3e2d-40ed-8a62-ed1dc82239fe ] Request (ServersAdminTestJSON:test_create_server_with_scheduling_hint): 200 GET http://10.180.1.21/compute/v2.1/servers/33bfaa91-de36-4374-a76f-585613277fda 0.098s
2025-04-15 18:39:55.153 69488 INFO tempest.common.waiters [-] State transition "BUILD/None" ==> "BUILD/networking" after 47 second wait
2025-04-15 18:39:55.191 69528 INFO tempest.lib.common.rest_client [req-f91f9b29-ce17-4c02-b396-7bec31605cf5 req-f91f9b29-ce17-4c02-b396-7bec31605cf5 ] Request (ImagesNegativeTestJSON:test_create_image_from_deleted_server): 200 GET http://10.180.1.21/compute/v2.1/servers/afff8818-2298-46fe-b4f7-cbd46c470d89 0.075s
2025-04-15 18:39:55.232 69532 INFO tempest.lib.common.rest_client [req-03771017-5399-4526-9330-eaa2c596d6ca req-03771017-5399-4526-9330-eaa2c596d6ca ] Request (ImagesOneServerTestJSON:test_create_delete_image): 200 GET http://10.180.1.21/compute/v2.1/images/c8673a0e-66c0-4fed-a5d6-4df1a3f26476 0.067s
2025-04-15 18:39:55.278 69518 INFO tempest.lib.common.rest_client [req-5c0f8b73-ee61-4aa6-9c73-e039b86892de req-5c0f8b73-ee61-4aa6-9c73-e039b86892de ] Request (ListServersNegativeTestJSON:tearDownClass): 200 GET http://10.180.1.21/compute/v2.1/servers/dc04e670-e30d-444f-9f8c-85c3612117a6 0.141s
2025-04-15 18:39:55.297 69486 INFO tempest.lib.common.rest_client [req-d57231f9-814e-4941-81fe-befd2f0bf7dd req-d57231f9-814e-4941-81fe-befd2f0bf7dd ] Request (MigrationsAdminTest:test_list_migrations_in_flavor_resize_situation): 200 GET http://10.180.1.21/compute/v2.1/servers/24ac6469-2873-4020-8df5-4ab801a14b5b 0.127s
2025-04-15 18:39:55.345 69476 INFO tempest.lib.common.rest_client [req-1ffc1c13-0bab-4273-a2c7-660c85bcf04a req-1ffc1c13-0bab-4273-a2c7-660c85bcf04a ] Request (DeleteServersAdminTestJSON:test_delete_server_while_in_error_state): 200 GET http://10.180.1.21/compute/v2.1/servers/5cbc0eb4-30f5-48bf-a476-e577d53c2f4a 0.119s
2025-04-15 18:39:55.381 69510 INFO tempest.lib.common.rest_client [req-c79c376d-0953-4ecd-9350-5b011bc12033 req-c79c376d-0953-4ecd-9350-5b011bc12033 ] Request (ServersListShow2100Test:test_list_show_rebuild_update_server_2100): 200 GET http://10.180.1.21/compute/v2.1/servers/c9eb4065-6732-48a4-8659-79afcce1809f 0.137s
2025-04-15 18:39:55.412 69490 INFO tempest.lib.common.rest_client [req-2d9321c7-9f7a-407e-9073-0155b80327c3 req-2d9321c7-9f7a-407e-9073-0155b80327c3 ] Request (ServersNegativeTestJSON:setUpClass): 200 GET http://10.180.1.21/compute/v2.1/servers/d5c43519-b6ef-4061-bbc1-ee2b6a603683 0.138s
2025-04-15 18:39:55.450 69508 INFO tempest.lib.common.rest_client [req-6ecfa1c3-63af-47a1-9ecb-093c7a775c14 req-6ecfa1c3-63af-47a1-9ecb-093c7a775c14 ] Request (ServerMetadataNegativeTestJSON:setUpClass): 200 GET http://10.180.1.21/compute/v2.1/servers/f59f98ac-50c6-4b7a-b1d0-3ee392feb9a4 0.116s
2025-04-15 18:39:55.525 69524 INFO tempest.lib.common.rest_client [req-494238ee-d369-4915-86a7-31586a76f7be req-494238ee-d369-4915-86a7-31586a76f7be ] Request (ServersTestBootFromVolume:setUpClass): 200 GET http://10.180.1.21/compute/v2.1/servers/81430660-3cc3-4a79-9d95-36caef3cf876 0.117s
2025-04-15 18:39:55.614 69504 INFO tempest.lib.common.rest_client [req-39fff960-d69e-4ace-9e98-4fb072ac8b64 req-39fff960-d69e-4ace-9e98-4fb072ac8b64 ] Request (ServersTestJSON:tearDownClass): 200 GET http://10.180.1.21/compute/v2.1/servers/a8aae5e7-1639-48f1-9ae6-8ec5ec376ebf 0.204s
2025-04-15 18:39:55.625 69512 INFO tempest.lib.common.rest_client [req-028a1cb6-12f8-419f-9224-f0699b7ae9a7 req-028a1cb6-12f8-419f-9224-f0699b7ae9a7 ] Request (ServerDiagnosticsNegativeTest:test_get_server_diagnostics_by_non_admin): 200 GET http://10.180.1.21/compute/v2.1/servers/986dfcdc-a5bc-4a78-9b30-72d210f1bc9e 0.281s
2025-04-15 18:39:55.633 69512 INFO tempest.common.waiters [-] State transition "BUILD/spawning" ==> "ACTIVE/None" after 55 second wait
2025-04-15 18:39:55.704 69498 WARNING tempest.lib.common.ssh [-] Failed to establish authenticated ssh connection to cirros@10.180.180.185 ([Errno None] Unable to connect to port 22 on 10.180.180.185). Number attempts: 6. Retry after 7 seconds.: paramiko.ssh_exception.NoValidConnectionsError: [Errno None] Unable to connect to port 22 on 10.180.180.185
2025-04-15 18:39:55.708 69478 INFO tempest.lib.common.rest_client [req-f282e45d-0085-4ac0-97b8-ab4116127fdd req-f282e45d-0085-4ac0-97b8-ab4116127fdd ] Request (FloatingIPsAssociationNegativeTestJSON:setUpClass): 200 GET http://10.180.1.21/compute/v2.1/servers/86ada9bd-7df9-4b80-8447-3e4388c337c6 0.151s
2025-04-15 18:39:55.772 69521 INFO tempest.lib.common.rest_client [req-92f57538-47b1-4d0f-9cab-625b8f464e86 req-92f57538-47b1-4d0f-9cab-625b8f464e86 ] Request (ServersTestMultiNic:test_verify_duplicate_network_nics): 200 GET http://10.180.1.21/compute/v2.1/servers/be14257b-8502-4b3e-922d-eafc3a13b3f5 0.144s
2025-04-15 18:39:55.808 69512 INFO tempest.lib.common.rest_client [req-84564407-36b2-4bdf-8da9-4869212a8d3a req-84564407-36b2-4bdf-8da9-4869212a8d3a ] Request (ServerDiagnosticsNegativeTest:test_get_server_diagnostics_by_non_admin): 403 GET http://10.180.1.21/compute/v2.1/servers/986dfcdc-a5bc-4a78-9b30-72d210f1bc9e/diagnostics 0.174s
2025-04-15 18:39:55.881 69482 INFO tempest.lib.common.rest_client [req-2d21c60b-44d2-4314-bd70-d935e1b46c2a req-2d21c60b-44d2-4314-bd70-d935e1b46c2a ] Request (ServersNegativeTestMultiTenantJSON:setUpClass): 200 GET http://10.180.1.21/compute/v2.1/servers/531569c8-9bb4-4adf-a6ab-b107a99d11d6 0.247s
2025-04-15 18:39:55.891 69484 INFO tempest.lib.common.rest_client [req-5db90968-ebd2-46df-90bd-2e81d3708e39 req-5db90968-ebd2-46df-90bd-2e81d3708e39 ] Request (ListImageFiltersTestJSON:setUpClass): 200 GET http://10.180.1.21/compute/v2.1/servers/07272fef-5534-48e1-9231-d2d8beef9e34 0.310s
2025-04-15 18:39:55.957 69538 INFO tempest.lib.common.rest_client [req-87772a7c-348e-4af0-98c5-57e070f76260 req-87772a7c-348e-4af0-98c5-57e070f76260 ] Request (ServerShowV257Test:tearDownClass): 200 GET http://10.180.1.21/compute/v2.1/servers/c73aa848-bb39-4407-9bb2-b8a3dbde0b61 0.253s
2025-04-15 18:39:55.961 69480 INFO tempest.lib.common.rest_client [req-55bfdfaf-c9f3-4a29-9774-24bd317b4691 req-55bfdfaf-c9f3-4a29-9774-24bd317b4691 ] Request (ServerActionsV293TestJSON:setUpClass): 200 GET http://10.180.1.21/compute/v2.1/servers/ec62ac85-b749-4ba6-9599-1b5b065bdcf2 0.242s
2025-04-15 18:39:56.015 69516 WARNING tempest.lib.common.ssh [-] Failed to establish authenticated ssh connection to cirros@10.180.180.234 ([Errno None] Unable to connect to port 22 on 10.180.180.234). Number attempts: 1. Retry after 2 seconds.: paramiko.ssh_exception.NoValidConnectionsError: [Errno None] Unable to connect to port 22 on 10.180.180.234
