2025-04-16 07:37:02.060 67391 INFO tempest.lib.common.dynamic_creds [-] Created isolated network resources for: credentials: Credentials: {'domain_id': 'default', 'domain_name': 'Default', 'username': 'tempest-AbsoluteLimitsNegativeTestJSON-1682146732-project-member', 'project_domain_id': 'default', 'project_domain_name': 'Default', 'project_id': '128f8e1a71eb4243b06adf8dbbc21c19', 'project_name': 'tempest-AbsoluteLimitsNegativeTestJSON-1682146732', 'tenant_id': '128f8e1a71eb4243b06adf8dbbc21c19', 'tenant_name': 'tempest-AbsoluteLimitsNegativeTestJSON-1682146732', 'user_domain_id': 'default', 'user_domain_name': 'Default', 'user_id': '70949ea9ad3f485eace8bfae8f3a7631', 'system': None}, Network: None, Subnet: None, Router: None
2025-04-16 07:37:02.114 67387 INFO tempest.lib.common.rest_client [req-f9552a01-aceb-46f9-9078-dc63836a5dd7 req-f9552a01-aceb-46f9-9078-dc63836a5dd7 ] Request (FlavorsExtraSpecsTestJSON:setUpClass): 204 PUT http://10.180.1.21/identity/v3/projects/c1256bfc43c0474aaa636b017915051c/users/b5b328a3c41e45d09ce8236545d2d5a6/roles/de7e1ddeb0c9474d8fd73500f13b7c68 0.082s
2025-04-16 07:37:02.131 67419 INFO tempest.lib.common.rest_client [req-57ac19b7-72cc-4316-b547-dab361670676 req-57ac19b7-72cc-4316-b547-dab361670676 ] Request (HostsAdminTestJSON:test_list_hosts): 200 GET http://10.180.1.21/compute/v2.1/os-hosts 2.461s
2025-04-16 07:37:02.155 67391 INFO tempest.lib.common.rest_client [req-40ac9a92-c569-4d05-966d-18a5770fe13a req-40ac9a92-c569-4d05-966d-18a5770fe13a ] Request (AbsoluteLimitsNegativeTestJSON:setUpClass): 201 POST http://10.180.1.21/identity/v3/auth/tokens 0.087s
2025-04-16 07:37:02.167 67387 INFO tempest.lib.common.rest_client [req-9feace5c-2927-4586-bb94-0672da1866fc req-9feace5c-2927-4586-bb94-0672da1866fc ] Request (FlavorsExtraSpecsTestJSON:setUpClass): 200 GET http://10.180.1.21/identity/v3/roles 0.052s
2025-04-16 07:37:02.187 67387 INFO tempest.lib.common.rest_client [req-ca760f53-9338-4910-898c-c8517b0a3eeb req-ca760f53-9338-4910-898c-c8517b0a3eeb ] Request (FlavorsExtraSpecsTestJSON:setUpClass): 204 PUT http://10.180.1.21/identity/v3/projects/c1256bfc43c0474aaa636b017915051c/users/b5b328a3c41e45d09ce8236545d2d5a6/roles/de7e1ddeb0c9474d8fd73500f13b7c68 0.019s
2025-04-16 07:37:02.187 67387 INFO tempest.lib.common.dynamic_creds [-] Dynamic test user b5b328a3c41e45d09ce8236545d2d5a6 is created with scope project and roles: ['admin']
2025-04-16 07:37:02.187 67387 INFO tempest.lib.common.dynamic_creds [-] Acquired dynamic creds: credentials: Credentials: {'domain_id': 'default', 'domain_name': 'Default', 'username': 'tempest-FlavorsExtraSpecsTestJSON-1737627139-project-admin', 'project_domain_id': 'default', 'project_domain_name': 'Default', 'project_id': 'c1256bfc43c0474aaa636b017915051c', 'project_name': 'tempest-FlavorsExtraSpecsTestJSON-1737627139', 'tenant_id': 'c1256bfc43c0474aaa636b017915051c', 'tenant_name': 'tempest-FlavorsExtraSpecsTestJSON-1737627139', 'user_domain_id': 'default', 'user_domain_name': 'Default', 'user_id': 'b5b328a3c41e45d09ce8236545d2d5a6', 'system': None}, Network: None, Subnet: None, Router: None
2025-04-16 07:37:02.187 67387 INFO tempest.lib.common.dynamic_creds [-] Created isolated network resources for: credentials: Credentials: {'domain_id': 'default', 'domain_name': 'Default', 'username': 'tempest-FlavorsExtraSpecsTestJSON-1737627139-project-admin', 'project_domain_id': 'default', 'project_domain_name': 'Default', 'project_id': 'c1256bfc43c0474aaa636b017915051c', 'project_name': 'tempest-FlavorsExtraSpecsTestJSON-1737627139', 'tenant_id': 'c1256bfc43c0474aaa636b017915051c', 'tenant_name': 'tempest-FlavorsExtraSpecsTestJSON-1737627139', 'user_domain_id': 'default', 'user_domain_name': 'Default', 'user_id': 'b5b328a3c41e45d09ce8236545d2d5a6', 'system': None}, Network: None, Subnet: None, Router: None
2025-04-16 07:37:02.266 67387 INFO tempest.lib.common.rest_client [req-b7f9e77d-2e21-4c0a-bcff-51e4fdd6bc8c req-b7f9e77d-2e21-4c0a-bcff-51e4fdd6bc8c ] Request (FlavorsExtraSpecsTestJSON:setUpClass): 201 POST http://10.180.1.21/identity/v3/auth/tokens 0.074s
2025-04-16 07:37:02.375 67371 INFO tempest.lib.common.rest_client [req-7b4043a4-72d2-41c2-a79f-159cf31a407a req-7b4043a4-72d2-41c2-a79f-159cf31a407a ] Request (VolumesAssistedSnapshotsTest:setUpClass): 201 POST http://10.180.1.21:9696/networking/v2.0/subnets 0.438s
2025-04-16 07:37:02.538 67363 INFO tempest.lib.common.rest_client [req-26854ee4-d437-423d-9a7b-5c9d5d7848cc req-26854ee4-d437-423d-9a7b-5c9d5d7848cc ] Request (ServerExternalEventsTest:test_create_server_external_events): 200 GET http://10.180.1.21/compute/v2.1/servers/c9a491fe-aff4-4b4f-bcfb-dd56f1010576 2.777s
2025-04-16 07:37:02.549 67363 INFO tempest.common.waiters [-] State transition "BUILD/networking" ==> "BUILD/spawning" after 4 second wait
2025-04-16 07:37:02.692 67373 INFO tempest.lib.common.rest_client [req-de70822d-dbdd-4957-973a-439577c052de req-de70822d-dbdd-4957-973a-439577c052de ] Request (ImagesOneServerNegativeTestJSON:setUpClass): 202 POST http://10.180.1.21/compute/v2.1/servers 3.235s
2025-04-16 07:37:02.695 67369 INFO tempest.lib.common.rest_client [req-1d43c416-27a0-4846-99cf-f58b63034403 req-1d43c416-27a0-4846-99cf-f58b63034403 ] Request (ServerDiagnosticsTest:test_get_server_diagnostics): 200 GET http://10.180.1.21/compute/v2.1/servers/e55f1592-024d-431d-b3a9-63b27513cac4 2.752s
2025-04-16 07:37:02.702 67369 INFO tempest.common.waiters [-] State transition "BUILD/scheduling" ==> "BUILD/spawning" after 4 second wait
2025-04-16 07:37:02.813 67399 INFO tempest.lib.common.rest_client [req-eaf11d48-9c83-4ac6-ae9e-4ca2868885b8 req-eaf11d48-9c83-4ac6-ae9e-4ca2868885b8 ] Request (ServersAdmin275Test:test_rebuild_update_server_275): 200 PUT http://10.180.1.21/compute/v2.1/servers/d1f8a4de-eb82-404a-a0e3-7a7d4f6730bf 2.798s
2025-04-16 07:37:02.827 67405 INFO tempest.lib.common.rest_client [req-86995a02-1597-44bc-a639-578e52f7e9f6 req-86995a02-1597-44bc-a639-578e52f7e9f6 ] Request (InstanceUsageAuditLogTestJSON:test_get_instance_usage_audit_log): 200 GET http://10.180.1.21/compute/v2.1/os-instance_usage_audit_log/2025-04-16%2007%3A36%3A59 2.855s
2025-04-16 07:37:02.833 67397 INFO tempest.lib.common.rest_client [req-dcfc964f-c323-4c63-b917-2fda31bb08ac req-dcfc964f-c323-4c63-b917-2fda31bb08ac ] Request (HypervisorAdminTestJSON:test_get_hypervisor_stats): 200 GET http://10.180.1.21/compute/v2.1/os-hypervisors/statistics 2.801s
2025-04-16 07:37:02.862 67390 INFO tempest.lib.common.rest_client [req-d85b2b55-7d99-4464-a9da-922562b6ac45 req-d85b2b55-7d99-4464-a9da-922562b6ac45 ] Request (FlavorsV261TestJSON:test_crud_flavor): 200 GET http://10.180.1.21/compute/v2.1/flavors 2.808s
2025-04-16 07:37:02.921 67393 INFO tempest.lib.common.rest_client [req-d2c8464d-06a6-4c20-af6d-26bd91fb0bca req-d2c8464d-06a6-4c20-af6d-26bd91fb0bca ] Request (FlavorMetadataValidation:test_flavor_update_with_custom_namespace): 200 POST http://10.180.1.21/compute/v2.1/flavors 2.871s
2025-04-16 07:37:02.941 67397 INFO tempest.lib.common.rest_client [req-1860cd97-222e-4d0d-9b42-1a90385c1a06 req-1860cd97-222e-4d0d-9b42-1a90385c1a06 ] Request (HypervisorAdminTestJSON:tearDownClass): 204 DELETE http://10.180.1.21/identity/v3/users/1edbfedd8b2542cba290860bf0590bfb 0.104s
2025-04-16 07:37:03.039 67395 INFO tempest.lib.common.rest_client [req-197aa629-4e92-4683-b65f-4ee510773ba7 req-197aa629-4e92-4683-b65f-4ee510773ba7 ] Request (FlavorsAccessTestJSON:test_flavor_access_add_remove): 200 POST http://10.180.1.21/compute/v2.1/flavors 2.883s
2025-04-16 07:37:03.056 67397 INFO tempest.lib.common.rest_client [req-a472bf55-f98d-443a-90db-ae32d9158ea4 req-a472bf55-f98d-443a-90db-ae32d9158ea4 ] Request (HypervisorAdminTestJSON:tearDownClass): 204 DELETE http://10.180.1.21/identity/v3/users/a57264f8dbae458d820d5b1433014a3d 0.114s
2025-04-16 07:37:03.056 67397 INFO tempest.lib.common.dynamic_creds [-] Deleting project and security group for project: af1430bae2ed46a5a2b5691fcda1ec8a
2025-04-16 07:37:03.162 67397 INFO tempest.lib.common.rest_client [req-528e225c-2026-4e3d-92b3-32e00e66d804 req-528e225c-2026-4e3d-92b3-32e00e66d804 ] Request (HypervisorAdminTestJSON:tearDownClass): 201 POST http://10.180.1.21/identity/v3/auth/tokens 0.105s
2025-04-16 07:37:03.176 67417 INFO tempest.lib.common.rest_client [req-9568d24a-bc1b-4e07-91f4-ad2cd2ce0b7c req-9568d24a-bc1b-4e07-91f4-ad2cd2ce0b7c ] Request (HypervisorAdminV228Test:test_get_list_hypervisor_details): 200 GET http://10.180.1.21/compute/v2.1/os-hypervisors 2.982s
2025-04-16 07:37:03.242 67375 INFO tempest.lib.common.rest_client [req-5fbd5986-62a0-4b61-abae-f856042144b2 req-5fbd5986-62a0-4b61-abae-f856042144b2 ] Request (NetworksTest:test_get_network): 200 GET http://10.180.1.21/compute/v2.1/os-networks 3.110s
2025-04-16 07:37:03.254 67403 INFO tempest.lib.common.rest_client [req-05449a71-5ce5-4aea-a387-43b0fca0029d req-05449a71-5ce5-4aea-a387-43b0fca0029d ] Request (FlavorsExtraSpecsNegativeTestJSON:setUpClass): 200 POST http://10.180.1.21/compute/v2.1/flavors 3.037s
2025-04-16 07:37:03.331 67411 INFO tempest.lib.common.rest_client [req-8cf8bc18-1663-48c3-99fe-90c8012b9811 req-8cf8bc18-1663-48c3-99fe-90c8012b9811 ] Request (MigrationsAdminTest:test_list_migrations): 200 GET http://10.180.1.21/compute/v2.1/os-migrations 2.988s
2025-04-16 07:37:03.425 67411 INFO tempest.lib.common.rest_client [req-f17c8f7b-61a1-4670-bc2f-49f26615c374 req-f17c8f7b-61a1-4670-bc2f-49f26615c374 ] Request (MigrationsAdminTest:test_list_migrations_in_flavor_resize_situation): 201 POST http://10.180.1.21/identity/v3/auth/tokens 0.082s
2025-04-16 07:37:03.426 67411 INFO tempest.lib.common.fixed_network [-] (MigrationsAdminTest:test_list_migrations_in_flavor_resize_situation) Found network None available for tenant
2025-04-16 07:37:03.430 67365 INFO tempest.lib.common.rest_client [req-553f945d-8d25-4703-b659-738cd447059a req-553f945d-8d25-4703-b659-738cd447059a ] Request (ServerDiagnosticsV248Test:test_get_server_diagnostics): 202 POST http://10.180.1.21/compute/v2.1/servers 2.924s
2025-04-16 07:37:03.507 67361 INFO tempest.lib.common.rest_client [req-3a1e5a90-28c7-4c44-93a9-31836fdfbda4 req-3a1e5a90-28c7-4c44-93a9-31836fdfbda4 ] Request (HypervisorAdminNegativeUnderV252Test:test_search_hypervisor_with_non_admin_user): 403 GET http://10.180.1.21/compute/v2.1/os-hypervisors/domain-c8.fc996f14-c53b-4953-92e3-bdfa48f5cc28/search 2.916s
2025-04-16 07:37:03.796 67397 INFO tempest.lib.common.rest_client [req-aec27cda-33ec-4ad4-97b5-7c95047a3cac req-aec27cda-33ec-4ad4-97b5-7c95047a3cac ] Request (HypervisorAdminTestJSON:tearDownClass): 200 GET http://10.180.1.21:9696/networking/v2.0/security-groups?tenant_id=af1430bae2ed46a5a2b5691fcda1ec8a&name=default 0.634s
2025-04-16 07:37:03.840 67408 INFO tempest.lib.common.rest_client [req-ba6dea0d-b827-405f-b0bf-3ce881dddc80 req-ba6dea0d-b827-405f-b0bf-3ce881dddc80 ] Request (DeleteServersAdminTestJSON:test_admin_delete_servers_of_others): 202 POST http://10.180.1.21/compute/v2.1/servers 3.324s
2025-04-16 07:37:03.868 67359 INFO tempest.lib.common.rest_client [req-bbcce4aa-ec4f-4f38-af31-56e9577ce86a req-bbcce4aa-ec4f-4f38-af31-56e9577ce86a ] Request (AZAdminV2TestJSON:test_get_availability_zone_list_detail): 200 GET http://10.180.1.21/compute/v2.1/os-availability-zone/detail 2.823s
2025-04-16 07:37:03.951 67359 INFO tempest.lib.common.rest_client [req-74340c1e-7963-4505-99da-a9fccf0fe0f5 req-74340c1e-7963-4505-99da-a9fccf0fe0f5 ] Request (AZAdminV2TestJSON:tearDownClass): 204 DELETE http://10.180.1.21/identity/v3/users/6235f1e29e18407295c95ee66414a5a8 0.081s
2025-04-16 07:37:04.012 67409 INFO tempest.lib.common.rest_client [req-d95f7af6-48d1-4b93-8c7f-14b06cff085b req-d95f7af6-48d1-4b93-8c7f-14b06cff085b ] Request (ServersAdminNegativeTestJSON:setUpClass): 202 POST http://10.180.1.21/compute/v2.1/servers 3.227s
2025-04-16 07:37:04.038 67401 INFO tempest.lib.common.rest_client [req-bd983a55-7993-4c52-ad49-d57a5f715a99 req-bd983a55-7993-4c52-ad49-d57a5f715a99 ] Request (FlavorsAdminTestJSON:_run_cleanups): 202 DELETE http://10.180.1.21/compute/v2.1/flavors/209172297 2.784s
2025-04-16 07:37:04.047 67359 INFO tempest.lib.common.rest_client [req-e041b370-4817-4c26-b506-7d0288b4cfea req-e041b370-4817-4c26-b506-7d0288b4cfea ] Request (AZAdminV2TestJSON:tearDownClass): 204 DELETE http://10.180.1.21/identity/v3/users/02ff26deca4746e2826cbab359cb0136 0.095s
2025-04-16 07:37:04.047 67359 INFO tempest.lib.common.dynamic_creds [-] Deleting project and security group for project: cb71c7a2f6664d0d9b568a26e462a4d0
2025-04-16 07:37:04.104 67359 INFO tempest.lib.common.rest_client [req-c4d3be24-fdbd-4e52-be3d-2e1e97ac2524 req-c4d3be24-fdbd-4e52-be3d-2e1e97ac2524 ] Request (AZAdminV2TestJSON:tearDownClass): 201 POST http://10.180.1.21/identity/v3/auth/tokens 0.056s
2025-04-16 07:37:04.129 67397 INFO tempest.lib.common.rest_client [req-3bd46095-8ecb-432a-bb4a-52be1a49e6e9 req-3bd46095-8ecb-432a-bb4a-52be1a49e6e9 ] Request (HypervisorAdminTestJSON:tearDownClass): 204 DELETE http://10.180.1.21:9696/networking/v2.0/security-groups/32baefe9-495f-4493-8ee6-a1dd1ea2d630 0.332s
2025-04-16 07:37:04.143 67367 INFO tempest.lib.common.rest_client [req-84acad4f-7f4b-44a6-9f65-e7488bf8af17 req-84acad4f-7f4b-44a6-9f65-e7488bf8af17 ] Request (QuotasAdminTestV257:test_get_updated_quotas): 200 PUT http://10.180.1.21/compute/v2.1/os-quota-sets/33394465e75d40ea80c39ba1e085be08 3.089s
2025-04-16 07:37:04.192 67397 INFO tempest.lib.common.rest_client [req-7f14e15e-8a9f-4749-b0a2-94a2743617b3 req-7f14e15e-8a9f-4749-b0a2-94a2743617b3 ] Request (HypervisorAdminTestJSON:tearDownClass): 204 DELETE http://10.180.1.21/identity/v3/projects/af1430bae2ed46a5a2b5691fcda1ec8a 0.062s
2025-04-16 07:37:04.194 67397 INFO tempest.lib.common.dynamic_creds [-] Deleting project and security group for project: 56c4ac97052f4e0b87f73fa9e24abb19
2025-04-16 07:37:04.303 67413 INFO tempest.lib.common.rest_client [req-b55aa281-67b4-4f15-b71d-c553fbc0611c req-b55aa281-67b4-4f15-b71d-c553fbc0611c ] Request (FlavorsAccessNegativeTestJSON:test_add_flavor_access_duplicate): 200 POST http://10.180.1.21/compute/v2.1/flavors 2.890s
2025-04-16 07:37:04.334 67377 INFO tempest.lib.common.rest_client [req-0a9fdf6d-64f4-43e0-9fd5-aa34a11affc4 req-0a9fdf6d-64f4-43e0-9fd5-aa34a11affc4 ] Request (AggregatesAdminNegativeTestJSON:test_aggregate_add_existent_host): 200 POST http://10.180.1.21/compute/v2.1/os-aggregates 2.770s
2025-04-16 07:37:04.335 67381 INFO tempest.lib.common.rest_client [req-e2b92197-52ad-4991-8e98-28514a91c31f req-e2b92197-52ad-4991-8e98-28514a91c31f ] Request (ServersWithSpecificFlavorTestJSON:setUpClass): 201 POST http://10.180.1.21:9696/networking/v2.0/routers 2.314s
2025-04-16 07:37:04.364 67385 INFO tempest.lib.common.rest_client [req-93add5e6-de13-4da3-820a-b1356b587ce2 req-93add5e6-de13-4da3-820a-b1356b587ce2 ] Request (KeyPairsV210TestJSON:test_admin_manage_keypairs_for_other_users): 201 POST http://10.180.1.21/compute/v2.1/os-keypairs 2.701s
2025-04-16 07:37:04.523 67357 INFO tempest.lib.common.rest_client [req-afd0ee68-12df-48aa-9ae2-b81c6170f446 req-afd0ee68-12df-48aa-9ae2-b81c6170f446 ] Request (QuotasAdminNegativeTest:test_create_server_when_cpu_quota_is_full): 200 PUT http://10.180.1.21/compute/v2.1/os-quota-sets/afd1c5e6ff984bd898ecc39c44bd6709 2.548s
2025-04-16 07:37:04.542 67419 INFO tempest.lib.common.rest_client [req-33db902d-279a-4b50-90fc-97901c30aabf req-33db902d-279a-4b50-90fc-97901c30aabf ] Request (HostsAdminTestJSON:test_list_hosts_with_a_blank_zone): 200 GET http://10.180.1.21/compute/v2.1/os-hosts?zone= 2.407s
2025-04-16 07:37:04.596 67415 INFO tempest.lib.common.rest_client [req-04736c63-6e33-48b9-bbf3-ebbc2b63d8cc req-04736c63-6e33-48b9-bbf3-ebbc2b63d8cc ] Request (ImagesNegativeTestJSON:test_create_image_from_deleted_server): 200 GET http://10.180.1.21/compute/v2.1/servers/47856710-dd0d-4d4a-9af4-ae3db29510e9 3.293s
2025-04-16 07:37:04.645 67357 INFO tempest.lib.common.rest_client [req-73e109cb-4df7-4d94-a9e3-f71e3f6843e3 req-73e109cb-4df7-4d94-a9e3-f71e3f6843e3 ] Request (QuotasAdminNegativeTest:test_create_server_when_cpu_quota_is_full): 201 POST http://10.180.1.21/identity/v3/auth/tokens 0.114s
2025-04-16 07:37:04.645 67357 INFO tempest.lib.common.fixed_network [-] (QuotasAdminNegativeTest:test_create_server_when_cpu_quota_is_full) Found network None available for tenant
2025-04-16 07:37:04.658 67387 INFO tempest.lib.common.rest_client [req-cce80879-4a90-4bf1-bcfd-ef9c58fc6fdb req-cce80879-4a90-4bf1-bcfd-ef9c58fc6fdb ] Request (FlavorsExtraSpecsTestJSON:setUpClass): 200 POST http://10.180.1.21/compute/v2.1/flavors 2.391s
2025-04-16 07:37:04.737 67397 INFO tempest.lib.common.rest_client [req-e6bf73eb-c0d0-4fdb-ada0-3c052aa8dbda req-e6bf73eb-c0d0-4fdb-ada0-3c052aa8dbda ] Request (HypervisorAdminTestJSON:tearDownClass): 200 GET http://10.180.1.21:9696/networking/v2.0/security-groups?tenant_id=56c4ac97052f4e0b87f73fa9e24abb19&name=default 0.543s
2025-04-16 07:37:04.760 67373 INFO tempest.lib.common.rest_client [req-9e43ebd5-fed8-4813-ae47-3e46d620bcae req-9e43ebd5-fed8-4813-ae47-3e46d620bcae ] Request (ImagesOneServerNegativeTestJSON:setUpClass): 200 GET http://10.180.1.21/compute/v2.1/servers/f2ce3bf9-e6fe-4b9b-8af1-5c18b4a7b605 2.066s
2025-04-16 07:37:04.769 67359 INFO tempest.lib.common.rest_client [req-3bfa8262-3b78-443b-8870-a16f3ca02520 req-3bfa8262-3b78-443b-8870-a16f3ca02520 ] Request (AZAdminV2TestJSON:tearDownClass): 200 GET http://10.180.1.21:9696/networking/v2.0/security-groups?tenant_id=cb71c7a2f6664d0d9b568a26e462a4d0&name=default 0.665s
2025-04-16 07:37:04.778 67405 INFO tempest.lib.common.rest_client [req-ae22f4e1-d093-47d6-8d3c-bcb793e07815 req-ae22f4e1-d093-47d6-8d3c-bcb793e07815 ] Request (InstanceUsageAuditLogTestJSON:test_list_instance_usage_audit_logs): 200 GET http://10.180.1.21/compute/v2.1/os-instance_usage_audit_log 1.944s
2025-04-16 07:37:04.795 67390 INFO tempest.lib.common.rest_client [req-87c927cf-ba8f-4370-b5b7-1a8a0f2d6ef7 req-87c927cf-ba8f-4370-b5b7-1a8a0f2d6ef7 ] Request (FlavorsV261TestJSON:_run_cleanups): 202 DELETE http://10.180.1.21/compute/v2.1/flavors/336891138 1.930s
2025-04-16 07:37:04.808 67399 INFO tempest.lib.common.rest_client [req-bffe3802-8c9b-4fa3-b46f-a53dfa55d8a6 req-bffe3802-8c9b-4fa3-b46f-a53dfa55d8a6 ] Request (ServersAdmin275Test:test_rebuild_update_server_275): 200 GET http://10.180.1.21/compute/v2.1/servers/d1f8a4de-eb82-404a-a0e3-7a7d4f6730bf 1.984s
2025-04-16 07:37:04.890 67405 INFO tempest.lib.common.rest_client [req-793dca58-73c2-4f8c-a38b-203a4fbf6059 req-793dca58-73c2-4f8c-a38b-203a4fbf6059 ] Request (InstanceUsageAuditLogTestJSON:tearDownClass): 204 DELETE http://10.180.1.21/identity/v3/users/34830258bc6d4dcda8c84906b02f406c 0.108s
2025-04-16 07:37:04.905 67393 INFO tempest.lib.common.rest_client [req-e3a7b1f6-e829-4150-bb89-ffb6d2a3d51e req-e3a7b1f6-e829-4150-bb89-ffb6d2a3d51e ] Request (FlavorMetadataValidation:test_flavor_update_with_custom_namespace): 200 POST http://10.180.1.21/compute/v2.1/flavors/502637008/os-extra_specs 1.981s
2025-04-16 07:37:04.976 67395 INFO tempest.lib.common.rest_client [req-97862a29-520f-4826-83a5-5533f398ed25 req-97862a29-520f-4826-83a5-5533f398ed25 ] Request (FlavorsAccessTestJSON:test_flavor_access_add_remove): 200 POST http://10.180.1.21/compute/v2.1/flavors/1601452128/action 1.928s
2025-04-16 07:37:04.997 67417 INFO tempest.lib.common.rest_client [req-cd656de2-8248-46a8-bbed-92dee2114de9 req-cd656de2-8248-46a8-bbed-92dee2114de9 ] Request (HypervisorAdminV228Test:test_get_list_hypervisor_details): 200 GET http://10.180.1.21/compute/v2.1/os-hypervisors/1 1.819s
2025-04-16 07:37:05.018 67371 INFO tempest.lib.common.rest_client [req-3bf480ba-fb45-4773-aac4-ec53cbbdd2fa req-3bf480ba-fb45-4773-aac4-ec53cbbdd2fa ] Request (VolumesAssistedSnapshotsTest:setUpClass): 201 POST http://10.180.1.21:9696/networking/v2.0/routers 2.643s
2025-04-16 07:37:05.081 67405 INFO tempest.lib.common.rest_client [req-1822f43b-15ea-4a16-8338-488dfda629a5 req-1822f43b-15ea-4a16-8338-488dfda629a5 ] Request (InstanceUsageAuditLogTestJSON:tearDownClass): 204 DELETE http://10.180.1.21/identity/v3/users/56fe99edbea14a9b9fff4999e25a0825 0.190s
2025-04-16 07:37:05.081 67405 INFO tempest.lib.common.dynamic_creds [-] Deleting project and security group for project: a486c912a425456e99dcc532e8009012
2025-04-16 07:37:05.129 67397 INFO tempest.lib.common.rest_client [req-4151aa00-2f7b-4888-9865-cf2b12610a17 req-4151aa00-2f7b-4888-9865-cf2b12610a17 ] Request (HypervisorAdminTestJSON:tearDownClass): 204 DELETE http://10.180.1.21:9696/networking/v2.0/security-groups/6262871f-0be0-429d-a221-f4cf02617dc7 0.391s
2025-04-16 07:37:05.168 67359 INFO tempest.lib.common.rest_client [req-29bd8317-8adc-4105-a274-99604e66750d req-29bd8317-8adc-4105-a274-99604e66750d ] Request (AZAdminV2TestJSON:tearDownClass): 204 DELETE http://10.180.1.21:9696/networking/v2.0/security-groups/8795ab55-2d9d-456f-8225-4c66ef265cf5 0.398s
2025-04-16 07:37:05.175 67405 INFO tempest.lib.common.rest_client [req-ae808580-dc01-40f2-aa06-3504de75ce7f req-ae808580-dc01-40f2-aa06-3504de75ce7f ] Request (InstanceUsageAuditLogTestJSON:tearDownClass): 201 POST http://10.180.1.21/identity/v3/auth/tokens 0.093s
2025-04-16 07:37:05.234 67397 INFO tempest.lib.common.rest_client [req-3df88a69-e448-4d84-ae57-faa83ba03a9b req-3df88a69-e448-4d84-ae57-faa83ba03a9b ] Request (HypervisorAdminTestJSON:tearDownClass): 204 DELETE http://10.180.1.21/identity/v3/projects/56c4ac97052f4e0b87f73fa9e24abb19 0.104s
2025-04-16 07:37:05.252 67375 INFO tempest.lib.common.rest_client [req-e8bcb1e9-92e4-477a-9ab4-2eade5ff06b4 req-e8bcb1e9-92e4-477a-9ab4-2eade5ff06b4 ] Request (NetworksTest:test_get_network): 200 GET http://10.180.1.21/compute/v2.1/os-networks/3092fbe0-a651-478d-8e1c-8ad0287a4f20 2.009s
2025-04-16 07:37:05.272 67417 INFO tempest.lib.common.rest_client [req-2e19ed74-bedb-4d42-9d53-92f80173651b req-2e19ed74-bedb-4d42-9d53-92f80173651b ] Request (HypervisorAdminV228Test:tearDownClass): 204 DELETE http://10.180.1.21/identity/v3/users/5c4909a84d8545419768958d96240681 0.264s
2025-04-16 07:37:05.395 67403 INFO tempest.lib.common.rest_client [req-3b1d7854-ec37-4472-9fdd-9cb11999ea46 req-3b1d7854-ec37-4472-9fdd-9cb11999ea46 ] Request (FlavorsExtraSpecsNegativeTestJSON:test_flavor_get_nonexistent_key): 404 GET http://10.180.1.21/compute/v2.1/flavors/1346016838/os-extra_specs/hw:cpu_thread_policy 2.136s
2025-04-16 07:37:05.446 67359 INFO tempest.lib.common.rest_client [req-959fb0db-d6d0-4c39-ae56-7c283f7031c7 req-959fb0db-d6d0-4c39-ae56-7c283f7031c7 ] Request (AZAdminV2TestJSON:tearDownClass): 204 DELETE http://10.180.1.21/identity/v3/projects/cb71c7a2f6664d0d9b568a26e462a4d0 0.277s
2025-04-16 07:37:05.446 67359 INFO tempest.lib.common.dynamic_creds [-] Deleting project and security group for project: a85a63f4af234fca8133096e71327f04
2025-04-16 07:37:05.502 67397 INFO tempest.lib.common.rest_client [req-c4d2d1ad-f1ec-4b3f-a886-40ebe2b38d69 req-c4d2d1ad-f1ec-4b3f-a886-40ebe2b38d69 ] Request (ImagesMetadataTestJSON:setUpClass): 201 POST http://10.180.1.21/identity/v3/auth/tokens 0.266s
2025-04-16 07:37:05.553 67417 INFO tempest.lib.common.rest_client [req-0662c93c-c463-4680-a970-04963e4c7b16 req-0662c93c-c463-4680-a970-04963e4c7b16 ] Request (HypervisorAdminV228Test:tearDownClass): 204 DELETE http://10.180.1.21/identity/v3/users/7bdabb3a2ee042d3b356098d4f4cf90d 0.281s
2025-04-16 07:37:05.553 67417 INFO tempest.lib.common.dynamic_creds [-] Deleting project and security group for project: 098ec4abe4044b6ba890da2d7e42e8d3
2025-04-16 07:37:05.605 67397 INFO tempest.lib.common.rest_client [req-ea57e980-7009-4e99-bbd4-c58b34846ad1 req-ea57e980-7009-4e99-bbd4-c58b34846ad1 ] Request (ImagesMetadataTestJSON:setUpClass): 201 POST http://10.180.1.21/identity/v3/auth/tokens 0.100s
2025-04-16 07:37:05.632 67417 INFO tempest.lib.common.rest_client [req-2e77e549-b2d9-4ce2-920f-ec0d42038853 req-2e77e549-b2d9-4ce2-920f-ec0d42038853 ] Request (HypervisorAdminV228Test:tearDownClass): 201 POST http://10.180.1.21/identity/v3/auth/tokens 0.079s
2025-04-16 07:37:05.651 67397 INFO tempest.lib.common.rest_client [req-278722fb-84ff-4de5-bd3a-f18d9e78949b req-278722fb-84ff-4de5-bd3a-f18d9e78949b ] Request (ImagesMetadataTestJSON:setUpClass): 200 GET http://10.180.1.21/identity/v3/domains?name=Default 0.044s
2025-04-16 07:37:05.683 67397 INFO tempest.lib.common.rest_client [req-2364cda3-da46-46b4-ad1a-ab19b48a9ef5 req-2364cda3-da46-46b4-ad1a-ab19b48a9ef5 ] Request (ImagesMetadataTestJSON:setUpClass): 201 POST http://10.180.1.21/identity/v3/projects 0.030s
2025-04-16 07:37:05.742 67397 INFO tempest.lib.common.rest_client [req-21e0e15e-214e-4059-a0fc-e531b392a693 req-21e0e15e-214e-4059-a0fc-e531b392a693 ] Request (ImagesMetadataTestJSON:setUpClass): 201 POST http://10.180.1.21/identity/v3/users 0.058s
2025-04-16 07:37:05.759 67397 INFO tempest.lib.common.rest_client [req-6ded9bd8-c448-484d-92ed-d7ed81d16428 req-6ded9bd8-c448-484d-92ed-d7ed81d16428 ] Request (ImagesMetadataTestJSON:setUpClass): 200 GET http://10.180.1.21/identity/v3/roles 0.017s
2025-04-16 07:37:05.799 67397 INFO tempest.lib.common.rest_client [req-2f741f7f-d94e-4c13-8b38-1c546e71321c req-2f741f7f-d94e-4c13-8b38-1c546e71321c ] Request (ImagesMetadataTestJSON:setUpClass): 204 PUT http://10.180.1.21/identity/v3/projects/d4ade9cf8f164528a7b5eb5df83cb0a5/users/a12625ab69e84895888ce1818d4eb4f9/roles/0a93d49902d5432d97d631ca2f66ddb7 0.039s
2025-04-16 07:37:05.799 67397 INFO tempest.lib.common.dynamic_creds [-] Dynamic test user a12625ab69e84895888ce1818d4eb4f9 is created with scope project and roles: ['member']
2025-04-16 07:37:05.800 67397 INFO tempest.lib.common.dynamic_creds [-] Acquired dynamic creds: credentials: Credentials: {'domain_id': 'default', 'domain_name': 'Default', 'username': 'tempest-ImagesMetadataTestJSON-252050734-project-member', 'project_domain_id': 'default', 'project_domain_name': 'Default', 'project_id': 'd4ade9cf8f164528a7b5eb5df83cb0a5', 'project_name': 'tempest-ImagesMetadataTestJSON-252050734', 'tenant_id': 'd4ade9cf8f164528a7b5eb5df83cb0a5', 'tenant_name': 'tempest-ImagesMetadataTestJSON-252050734', 'user_domain_id': 'default', 'user_domain_name': 'Default', 'user_id': 'a12625ab69e84895888ce1818d4eb4f9', 'system': None}, Network: None, Subnet: None, Router: None
2025-04-16 07:37:05.800 67397 INFO tempest.lib.common.dynamic_creds [-] Created isolated network resources for: credentials: Credentials: {'domain_id': 'default', 'domain_name': 'Default', 'username': 'tempest-ImagesMetadataTestJSON-252050734-project-member', 'project_domain_id': 'default', 'project_domain_name': 'Default', 'project_id': 'd4ade9cf8f164528a7b5eb5df83cb0a5', 'project_name': 'tempest-ImagesMetadataTestJSON-252050734', 'tenant_id': 'd4ade9cf8f164528a7b5eb5df83cb0a5', 'tenant_name': 'tempest-ImagesMetadataTestJSON-252050734', 'user_domain_id': 'default', 'user_domain_name': 'Default', 'user_id': 'a12625ab69e84895888ce1818d4eb4f9', 'system': None}, Network: None, Subnet: None, Router: None
2025-04-16 07:37:05.838 67405 INFO tempest.lib.common.rest_client [req-3ae08e68-6502-4771-9aa1-f0ec9c577117 req-3ae08e68-6502-4771-9aa1-f0ec9c577117 ] Request (InstanceUsageAuditLogTestJSON:tearDownClass): 200 GET http://10.180.1.21:9696/networking/v2.0/security-groups?tenant_id=a486c912a425456e99dcc532e8009012&name=default 0.663s
2025-04-16 07:37:05.858 67365 INFO tempest.lib.common.rest_client [req-a1e096b8-eed8-4cef-b3c9-1261233b8dda req-a1e096b8-eed8-4cef-b3c9-1261233b8dda ] Request (ServerDiagnosticsV248Test:test_get_server_diagnostics): 200 GET http://10.180.1.21/compute/v2.1/servers/cf2feb3e-6cf3-4db2-83fd-beb5e8387e81 2.424s
2025-04-16 07:37:05.868 67361 INFO tempest.lib.common.rest_client [req-f46377ba-fe25-4416-afbd-9c4e8287520a req-f46377ba-fe25-4416-afbd-9c4e8287520a ] Request (HypervisorAdminNegativeUnderV252Test:test_search_nonexistent_hypervisor): 404 GET http://10.180.1.21/compute/v2.1/os-hypervisors/nonexistent_hypervisor_name/search 2.359s
2025-04-16 07:37:05.887 67397 INFO tempest.lib.common.rest_client [req-86fd34bd-994a-47e5-9785-72d12a429b03 req-86fd34bd-994a-47e5-9785-72d12a429b03 ] Request (ImagesMetadataTestJSON:setUpClass): 201 POST http://10.180.1.21/identity/v3/auth/tokens 0.083s
2025-04-16 07:37:05.969 67359 INFO tempest.lib.common.rest_client [req-fead17bd-eccc-45d6-bf1d-78061740f48c req-fead17bd-eccc-45d6-bf1d-78061740f48c ] Request (AZAdminV2TestJSON:tearDownClass): 200 GET http://10.180.1.21:9696/networking/v2.0/security-groups?tenant_id=a85a63f4af234fca8133096e71327f04&name=default 0.523s
2025-04-16 07:37:06.240 67417 INFO tempest.lib.common.rest_client [req-91e00ca0-ea80-4806-8efd-11e15ea9e3bf req-91e00ca0-ea80-4806-8efd-11e15ea9e3bf ] Request (HypervisorAdminV228Test:tearDownClass): 200 GET http://10.180.1.21:9696/networking/v2.0/security-groups?tenant_id=098ec4abe4044b6ba890da2d7e42e8d3&name=default 0.603s
2025-04-16 07:37:06.269 67363 INFO tempest.lib.common.rest_client [req-489b870e-1c71-499c-81ae-3101c3c87d13 req-489b870e-1c71-499c-81ae-3101c3c87d13 ] Request (ServerExternalEventsTest:test_create_server_external_events): 200 GET http://10.180.1.21/compute/v2.1/servers/c9a491fe-aff4-4b4f-bcfb-dd56f1010576 2.719s
2025-04-16 07:37:06.301 67411 INFO tempest.lib.common.rest_client [req-9ea82a5b-c414-4ade-aa9a-a93292734abf req-9ea82a5b-c414-4ade-aa9a-a93292734abf ] Request (MigrationsAdminTest:test_list_migrations_in_flavor_resize_situation): 202 POST http://10.180.1.21/compute/v2.1/servers 2.874s
2025-04-16 07:37:06.305 67397 INFO tempest.lib.common.rest_client [req-5808def2-b36f-4374-9cda-f16b9f86325e req-5808def2-b36f-4374-9cda-f16b9f86325e ] Request (ImagesMetadataTestJSON:setUpClass): 201 POST http://10.180.1.21/image/v2/images 0.417s
2025-04-16 07:37:06.357 67405 INFO tempest.lib.common.rest_client [req-52519fc8-719d-4b1b-a7d1-c3d276fc7597 req-52519fc8-719d-4b1b-a7d1-c3d276fc7597 ] Request (InstanceUsageAuditLogTestJSON:tearDownClass): 204 DELETE http://10.180.1.21:9696/networking/v2.0/security-groups/ff66e909-4400-4d22-8cd2-6bfc5f8081ad 0.518s
2025-04-16 07:37:06.413 67359 INFO tempest.lib.common.rest_client [req-41407847-f8af-4ef2-8360-c4088f879ec1 req-41407847-f8af-4ef2-8360-c4088f879ec1 ] Request (AZAdminV2TestJSON:tearDownClass): 204 DELETE http://10.180.1.21:9696/networking/v2.0/security-groups/c6e5ef0b-f901-46c3-9cb9-6b09f078dfbe 0.443s
2025-04-16 07:37:06.488 67405 INFO tempest.lib.common.rest_client [req-d81debd0-403c-44e8-aa04-065de0173838 req-d81debd0-403c-44e8-aa04-065de0173838 ] Request (InstanceUsageAuditLogTestJSON:tearDownClass): 204 DELETE http://10.180.1.21/identity/v3/projects/a486c912a425456e99dcc532e8009012 0.130s
2025-04-16 07:37:06.488 67405 INFO tempest.lib.common.dynamic_creds [-] Deleting project and security group for project: d010b31eea9e4340a6f851087d3222e0
2025-04-16 07:37:06.560 67359 INFO tempest.lib.common.rest_client [req-97688c13-81bd-4754-bdfd-5702b05eafa3 req-97688c13-81bd-4754-bdfd-5702b05eafa3 ] Request (AZAdminV2TestJSON:tearDownClass): 204 DELETE http://10.180.1.21/identity/v3/projects/a85a63f4af234fca8133096e71327f04 0.147s
2025-04-16 07:37:06.566 67417 INFO tempest.lib.common.rest_client [req-80aaeaa1-148b-49b1-b401-46d5dce328d3 req-80aaeaa1-148b-49b1-b401-46d5dce328d3 ] Request (HypervisorAdminV228Test:tearDownClass): 204 DELETE http://10.180.1.21:9696/networking/v2.0/security-groups/7ff9e98f-5c53-43d8-98f9-20c2f04d3f58 0.326s
2025-04-16 07:37:06.587 67369 INFO tempest.lib.common.rest_client [req-3cc170b5-654a-46cf-8fd5-450cb983d858 req-3cc170b5-654a-46cf-8fd5-450cb983d858 ] Request (ServerDiagnosticsTest:test_get_server_diagnostics): 200 GET http://10.180.1.21/compute/v2.1/servers/e55f1592-024d-431d-b3a9-63b27513cac4 2.884s
2025-04-16 07:37:06.611 67408 INFO tempest.lib.common.rest_client [req-c1c9952c-14b6-4f45-ba7e-8f6abeb995e4 req-c1c9952c-14b6-4f45-ba7e-8f6abeb995e4 ] Request (DeleteServersAdminTestJSON:test_admin_delete_servers_of_others): 200 GET http://10.180.1.21/compute/v2.1/servers/fd5bdebf-fc65-47e3-8a3e-b0c196c9f90c 2.768s
2025-04-16 07:37:06.624 67401 INFO tempest.lib.common.rest_client [req-db9b0f49-6040-4ca7-bc4e-f3e5fa980254 req-db9b0f49-6040-4ca7-bc4e-f3e5fa980254 ] Request (FlavorsAdminTestJSON:_run_cleanups): 200 GET http://10.180.1.21/compute/v2.1/flavors/detail 2.584s
2025-04-16 07:37:06.687 67359 INFO tempest.lib.common.rest_client [req-cfd01aae-0136-47fb-a605-490e10dccc50 req-cfd01aae-0136-47fb-a605-490e10dccc50 ] Request (FlavorsV255TestJSON:setUpClass): 201 POST http://10.180.1.21/identity/v3/auth/tokens 0.125s
2025-04-16 07:37:06.707 67409 INFO tempest.lib.common.rest_client [req-e6da8e57-3569-4fae-9996-f97010b00e05 req-e6da8e57-3569-4fae-9996-f97010b00e05 ] Request (ServersAdminNegativeTestJSON:setUpClass): 200 GET http://10.180.1.21/compute/v2.1/servers/b47e3b03-7b84-4305-a55c-577401e5acf3 2.693s
2025-04-16 07:37:06.767 67417 INFO tempest.lib.common.rest_client [req-07fd388e-17d2-4dee-9e22-d032231eefb8 req-07fd388e-17d2-4dee-9e22-d032231eefb8 ] Request (HypervisorAdminV228Test:tearDownClass): 204 DELETE http://10.180.1.21/identity/v3/projects/098ec4abe4044b6ba890da2d7e42e8d3 0.200s
2025-04-16 07:37:06.768 67417 INFO tempest.lib.common.dynamic_creds [-] Deleting project and security group for project: f66f8f2cbc4140d8bb12cbf15f858235
2025-04-16 07:37:06.829 67405 INFO tempest.lib.common.rest_client [req-c1ec8e66-32c0-4b20-ab48-5ea9b94289be req-c1ec8e66-32c0-4b20-ab48-5ea9b94289be ] Request (InstanceUsageAuditLogTestJSON:tearDownClass): 200 GET http://10.180.1.21:9696/networking/v2.0/security-groups?tenant_id=d010b31eea9e4340a6f851087d3222e0&name=default 0.340s
2025-04-16 07:37:06.862 67359 INFO tempest.lib.common.rest_client [req-957906b3-9318-49be-aba5-e1192db40bef req-957906b3-9318-49be-aba5-e1192db40bef ] Request (FlavorsV255TestJSON:setUpClass): 201 POST http://10.180.1.21/identity/v3/auth/tokens 0.172s
2025-04-16 07:37:06.960 67367 INFO tempest.lib.common.rest_client [req-cb7434f9-da53-43d0-a487-0ce023caa814 req-cb7434f9-da53-43d0-a487-0ce023caa814 ] Request (QuotasAdminTestV257:test_get_updated_quotas): 200 GET http://10.180.1.21/compute/v2.1/os-quota-sets/33394465e75d40ea80c39ba1e085be08/detail 2.815s
2025-04-16 07:37:07.011 67359 INFO tempest.lib.common.rest_client [req-526513e8-a56c-4f7f-94ec-c648e0e04f2b req-526513e8-a56c-4f7f-94ec-c648e0e04f2b ] Request (FlavorsV255TestJSON:setUpClass): 200 GET http://10.180.1.21/identity/v3/domains?name=Default 0.149s
2025-04-16 07:37:07.037 67367 INFO tempest.lib.common.rest_client [req-9d07fa5b-e849-4e3e-88e0-c69f2cb19c36 req-9d07fa5b-e849-4e3e-88e0-c69f2cb19c36 ] Request (QuotasAdminTestV257:test_get_updated_quotas): 200 GET http://10.180.1.21/identity/v3/domains?name=Default 0.070s
2025-04-16 07:37:07.046 67413 INFO tempest.lib.common.rest_client [req-b5187608-6c8d-46f0-96d3-eec2babaf382 req-b5187608-6c8d-46f0-96d3-eec2babaf382 ] Request (FlavorsAccessNegativeTestJSON:test_add_flavor_access_duplicate): 200 POST http://10.180.1.21/compute/v2.1/flavors/1344231871/action 2.739s
2025-04-16 07:37:07.058 67385 INFO tempest.lib.common.rest_client [req-dc00b236-3aa8-41c3-8bcd-75fdbaa579ad req-dc00b236-3aa8-41c3-8bcd-75fdbaa579ad ] Request (KeyPairsV210TestJSON:test_admin_manage_keypairs_for_other_users): 200 GET http://10.180.1.21/compute/v2.1/os-keypairs/tempest-keypair-765574670?user_id=5c7cd32daed347278a9847149071228e 2.692s
2025-04-16 07:37:07.083 67419 INFO tempest.lib.common.rest_client [req-3e586d10-942d-497c-be02-6efba175a7c5 req-3e586d10-942d-497c-be02-6efba175a7c5 ] Request (HostsAdminTestJSON:test_list_hosts_with_nonexistent_zone): 200 GET http://10.180.1.21/compute/v2.1/os-hosts?zone=xxx 2.535s
2025-04-16 07:37:07.085 67359 INFO tempest.lib.common.rest_client [req-c8404654-cac2-46a1-97d9-88db12312bb0 req-c8404654-cac2-46a1-97d9-88db12312bb0 ] Request (FlavorsV255TestJSON:setUpClass): 201 POST http://10.180.1.21/identity/v3/projects 0.073s
2025-04-16 07:37:07.136 67367 INFO tempest.lib.common.rest_client [req-c85e194c-06b7-4d68-92bf-f4ffb149cae0 req-c85e194c-06b7-4d68-92bf-f4ffb149cae0 ] Request (QuotasAdminTestV257:test_get_updated_quotas): 201 POST http://10.180.1.21/identity/v3/users 0.099s
2025-04-16 07:37:07.189 67417 INFO tempest.lib.common.rest_client [req-2b59e267-366e-4454-aa2e-522e4a695432 req-2b59e267-366e-4454-aa2e-522e4a695432 ] Request (HypervisorAdminV228Test:tearDownClass): 200 GET http://10.180.1.21:9696/networking/v2.0/security-groups?tenant_id=f66f8f2cbc4140d8bb12cbf15f858235&name=default 0.420s
2025-04-16 07:37:07.190 67405 INFO tempest.lib.common.rest_client [req-e203e7e7-8cc6-450c-a162-e7439af50584 req-e203e7e7-8cc6-450c-a162-e7439af50584 ] Request (InstanceUsageAuditLogTestJSON:tearDownClass): 204 DELETE http://10.180.1.21:9696/networking/v2.0/security-groups/72b02f0a-9e4e-4499-ba43-1df7aba97c71 0.359s
2025-04-16 07:37:07.192 67359 INFO tempest.lib.common.rest_client [req-f4306809-f515-4728-8100-db718c2e32c9 req-f4306809-f515-4728-8100-db718c2e32c9 ] Request (FlavorsV255TestJSON:setUpClass): 201 POST http://10.180.1.21/identity/v3/users 0.107s
2025-04-16 07:37:07.251 67367 INFO tempest.lib.common.rest_client [req-d1fefa94-82cc-4f95-bf6e-06bc5f1d88cb req-d1fefa94-82cc-4f95-bf6e-06bc5f1d88cb ] Request (QuotasAdminTestV257:test_get_updated_quotas): 200 GET http://10.180.1.21/identity/v3/domains?name=Default 0.115s
2025-04-16 07:37:07.331 67359 INFO tempest.lib.common.rest_client [req-1f77f6ec-72bd-47ec-85f3-0dd2885a1a3d req-1f77f6ec-72bd-47ec-85f3-0dd2885a1a3d ] Request (FlavorsV255TestJSON:setUpClass): 200 GET http://10.180.1.21/identity/v3/roles 0.138s
2025-04-16 07:37:07.345 67405 INFO tempest.lib.common.rest_client [req-34c3e206-44e5-465a-9509-dc99214b3bb7 req-34c3e206-44e5-465a-9509-dc99214b3bb7 ] Request (InstanceUsageAuditLogTestJSON:tearDownClass): 204 DELETE http://10.180.1.21/identity/v3/projects/d010b31eea9e4340a6f851087d3222e0 0.154s
2025-04-16 07:37:07.369 67377 INFO tempest.lib.common.rest_client [req-d8a5f9a0-cb1e-4aa2-9fac-3ac2fc54e23d req-d8a5f9a0-cb1e-4aa2-9fac-3ac2fc54e23d ] Request (AggregatesAdminNegativeTestJSON:test_aggregate_add_existent_host): 200 POST http://10.180.1.21/compute/v2.1/os-aggregates/1/action 3.033s
2025-04-16 07:37:07.396 67359 INFO tempest.lib.common.rest_client [req-7f00d5ec-b2e3-4054-8d69-92fa8c4eecdf req-7f00d5ec-b2e3-4054-8d69-92fa8c4eecdf ] Request (FlavorsV255TestJSON:setUpClass): 204 PUT http://10.180.1.21/identity/v3/projects/0917a994d82f427987a923cd49a78fa7/users/28d4f7c7eb994175842d7f13af704ad1/roles/0a93d49902d5432d97d631ca2f66ddb7 0.064s
2025-04-16 07:37:07.396 67359 INFO tempest.lib.common.dynamic_creds [-] Dynamic test user 28d4f7c7eb994175842d7f13af704ad1 is created with scope project and roles: ['member']
2025-04-16 07:37:07.397 67359 INFO tempest.lib.common.dynamic_creds [-] Acquired dynamic creds: credentials: Credentials: {'domain_id': 'default', 'domain_name': 'Default', 'username': 'tempest-FlavorsV255TestJSON-1207135344-project-member', 'project_domain_id': 'default', 'project_domain_name': 'Default', 'project_id': '0917a994d82f427987a923cd49a78fa7', 'project_name': 'tempest-FlavorsV255TestJSON-1207135344', 'tenant_id': '0917a994d82f427987a923cd49a78fa7', 'tenant_name': 'tempest-FlavorsV255TestJSON-1207135344', 'user_domain_id': 'default', 'user_domain_name': 'Default', 'user_id': '28d4f7c7eb994175842d7f13af704ad1', 'system': None}, Network: None, Subnet: None, Router: None
2025-04-16 07:37:07.397 67359 INFO tempest.lib.common.dynamic_creds [-] Created isolated network resources for: credentials: Credentials: {'domain_id': 'default', 'domain_name': 'Default', 'username': 'tempest-FlavorsV255TestJSON-1207135344-project-member', 'project_domain_id': 'default', 'project_domain_name': 'Default', 'project_id': '0917a994d82f427987a923cd49a78fa7', 'project_name': 'tempest-FlavorsV255TestJSON-1207135344', 'tenant_id': '0917a994d82f427987a923cd49a78fa7', 'tenant_name': 'tempest-FlavorsV255TestJSON-1207135344', 'user_domain_id': 'default', 'user_domain_name': 'Default', 'user_id': '28d4f7c7eb994175842d7f13af704ad1', 'system': None}, Network: None, Subnet: None, Router: None
2025-04-16 07:37:07.405 67387 INFO tempest.lib.common.rest_client [req-f8e17ee1-b500-43ae-bf2c-3636be404edb req-f8e17ee1-b500-43ae-bf2c-3636be404edb ] Request (FlavorsExtraSpecsTestJSON:test_flavor_non_admin_get_all_keys): 200 POST http://10.180.1.21/compute/v2.1/flavors/640997674/os-extra_specs 2.744s
2025-04-16 07:37:07.420 67390 INFO tempest.lib.common.rest_client [req-826dc8ce-0810-491f-9365-20d72392238d req-826dc8ce-0810-491f-9365-20d72392238d ] Request (FlavorsV261TestJSON:_run_cleanups): 200 GET http://10.180.1.21/compute/v2.1/flavors/detail 2.625s
2025-04-16 07:37:07.436 67393 INFO tempest.lib.common.rest_client [req-48a70a8b-9e23-4e5c-baad-b2d13dc0e191 req-48a70a8b-9e23-4e5c-baad-b2d13dc0e191 ] Request (FlavorMetadataValidation:_run_cleanups): 202 DELETE http://10.180.1.21/compute/v2.1/flavors/502637008 2.528s
2025-04-16 07:37:07.483 67405 INFO tempest.lib.common.rest_client [req-86fbc7d6-7cb4-4dae-ac9c-1c1e734d70a3 req-86fbc7d6-7cb4-4dae-ac9c-1c1e734d70a3 ] Request (ListImageFiltersTestJSON:setUpClass): 201 POST http://10.180.1.21/identity/v3/auth/tokens 0.137s
2025-04-16 07:37:07.492 67359 INFO tempest.lib.common.rest_client [req-7b643069-ca0e-42af-b6f7-5f7153498d5a req-7b643069-ca0e-42af-b6f7-5f7153498d5a ] Request (FlavorsV255TestJSON:setUpClass): 201 POST http://10.180.1.21/identity/v3/auth/tokens 0.092s
2025-04-16 07:37:07.554 67390 INFO tempest.lib.common.rest_client [req-d3547aa1-6f23-45df-a8c6-007e9b4da3aa req-d3547aa1-6f23-45df-a8c6-007e9b4da3aa ] Request (FlavorsV261TestJSON:tearDownClass): 204 DELETE http://10.180.1.21/identity/v3/users/80b8f8d9b0b54dc4b4417012e4cd416b 0.127s
2025-04-16 07:37:07.608 67397 INFO tempest.lib.common.rest_client [req-99ed7543-b05c-4273-906c-1f19e886eec9 req-99ed7543-b05c-4273-906c-1f19e886eec9 ] Request (ImagesMetadataTestJSON:setUpClass): 204 PUT http://10.180.1.21/image/v2/images/92108b55-bb5a-41c9-bb3d-c8ab5e8603e4/file 1.302s
2025-04-16 07:37:07.620 67405 INFO tempest.lib.common.rest_client [req-9cd0be09-3b18-46f8-b5bd-56f755be9fd1 req-9cd0be09-3b18-46f8-b5bd-56f755be9fd1 ] Request (ListImageFiltersTestJSON:setUpClass): 201 POST http://10.180.1.21/identity/v3/auth/tokens 0.135s
2025-04-16 07:37:07.648 67359 INFO tempest.lib.common.rest_client [req-7940195d-f919-4af0-b7ec-8ef508e36234 req-7940195d-f919-4af0-b7ec-8ef508e36234 ] Request (FlavorsV255TestJSON:setUpClass): 201 POST http://10.180.1.21/identity/v3/projects 0.155s
2025-04-16 07:37:07.680 67395 INFO tempest.lib.common.rest_client [req-7df86704-6801-4a8e-89b2-b3a05e48c60b req-7df86704-6801-4a8e-89b2-b3a05e48c60b ] Request (FlavorsAccessTestJSON:test_flavor_access_add_remove): 200 GET http://10.180.1.21/compute/v2.1/flavors/detail 2.703s
2025-04-16 07:37:07.708 67405 INFO tempest.lib.common.rest_client [req-92be5c5b-eff4-49d1-a694-4118f7147787 req-92be5c5b-eff4-49d1-a694-4118f7147787 ] Request (ListImageFiltersTestJSON:setUpClass): 200 GET http://10.180.1.21/identity/v3/domains?name=Default 0.087s
2025-04-16 07:37:07.719 67417 INFO tempest.lib.common.rest_client [req-3474425c-59a4-4bfd-b0b4-c05aa9c13915 req-3474425c-59a4-4bfd-b0b4-c05aa9c13915 ] Request (HypervisorAdminV228Test:tearDownClass): 204 DELETE http://10.180.1.21:9696/networking/v2.0/security-groups/4e06dc07-9c6b-4cef-a64a-aa4269331a1b 0.530s
2025-04-16 07:37:07.734 67390 INFO tempest.lib.common.rest_client [req-3f6e29d5-1731-4a2d-ac86-6d541786ece4 req-3f6e29d5-1731-4a2d-ac86-6d541786ece4 ] Request (FlavorsV261TestJSON:tearDownClass): 204 DELETE http://10.180.1.21/identity/v3/users/5528f47cdb8c4106981bc55985fc5ee2 0.180s
2025-04-16 07:37:07.735 67390 INFO tempest.lib.common.dynamic_creds [-] Deleting project and security group for project: 209a812a19f945d58b41c5dfe77530e4
2025-04-16 07:37:07.759 67359 INFO tempest.lib.common.rest_client [req-38b5f244-0142-4d40-8068-e93681f1f929 req-38b5f244-0142-4d40-8068-e93681f1f929 ] Request (FlavorsV255TestJSON:setUpClass): 201 POST http://10.180.1.21/identity/v3/users 0.110s
2025-04-16 07:37:07.791 67405 INFO tempest.lib.common.rest_client [req-d41122d6-0708-44db-8521-df174892f290 req-d41122d6-0708-44db-8521-df174892f290 ] Request (ListImageFiltersTestJSON:setUpClass): 201 POST http://10.180.1.21/identity/v3/projects 0.083s
2025-04-16 07:37:07.814 67381 INFO tempest.lib.common.rest_client [req-65940eea-3e9b-4f04-89e5-9e0d557728af req-65940eea-3e9b-4f04-89e5-9e0d557728af ] Request (ServersWithSpecificFlavorTestJSON:setUpClass): 200 PUT http://10.180.1.21:9696/networking/v2.0/routers/4cd638a7-a50b-4a54-890e-06de4cfa19f0/add_router_interface 3.478s
2025-04-16 07:37:07.814 67381 INFO tempest.lib.common.dynamic_creds [-] Created isolated network resources for: credentials: Credentials: {'domain_id': 'default', 'domain_name': 'Default', 'username': 'tempest-ServersWithSpecificFlavorTestJSON-871582845-project-admin', 'project_domain_id': 'default', 'project_domain_name': 'Default', 'project_id': 'afd750b95a9541eaa657794647261dc0', 'project_name': 'tempest-ServersWithSpecificFlavorTestJSON-871582845', 'tenant_id': 'afd750b95a9541eaa657794647261dc0', 'tenant_name': 'tempest-ServersWithSpecificFlavorTestJSON-871582845', 'user_domain_id': 'default', 'user_domain_name': 'Default', 'user_id': '84db08f31685442ba20a08c502d82d16', 'system': None}, Network: {'id': '08b4fdad-b2a2-48a1-b0d3-c928f862ab8a', 'name': 'tempest-ServersWithSpecificFlavorTestJSON-940442172-network', 'tenant_id': 'afd750b95a9541eaa657794647261dc0', 'admin_state_up': True, 'mtu': 8950, 'status': 'ACTIVE', 'subnets': [], 'shared': False, 'project_id': 'afd750b95a9541eaa657794647261dc0', 'port_security_enabled': True, 'router:external': False, 'provider:network_type': 'vlan', 'provider:physical_network': 'default', 'provider:segmentation_id': 587, 'is_default': False, 'availability_zone_hints': [], 'availability_zones': [], 'ipv4_address_scope': None, 'ipv6_address_scope': None, 'description': '', 'tags': [], 'created_at': '2025-04-16T07:37:01Z', 'updated_at': '2025-04-16T07:37:01Z', 'revision_number': 1}, Subnet: {'id': '95335006-940c-472c-8a98-29aeba5c43c9', 'name': 'tempest-ServersWithSpecificFlavorTestJSON-940442172-subnet', 'tenant_id': 'afd750b95a9541eaa657794647261dc0', 'network_id': '08b4fdad-b2a2-48a1-b0d3-c928f862ab8a', 'ip_version': 4, 'subnetpool_id': None, 'enable_dhcp': True, 'ipv6_ra_mode': None, 'ipv6_address_mode': None, 'gateway_ip': '192.168.128.1', 'cidr': '192.168.128.0/28', 'allocation_pools': [{'start': '192.168.128.2', 'end': '192.168.128.14'}], 'host_routes': [], 'dns_nameservers': [], 'description': '', 'service_types': [], 'tags': [], 'created_at': '2025-04-16T07:37:01Z', 'updated_at': '2025-04-16T07:37:01Z', 'revision_number': 0, 'project_id': 'afd750b95a9541eaa657794647261dc0'}, Router: {'id': '4cd638a7-a50b-4a54-890e-06de4cfa19f0', 'name': 'tempest-ServersWithSpecificFlavorTestJSON-940442172-router', 'tenant_id': 'afd750b95a9541eaa657794647261dc0', 'admin_state_up': True, 'status': 'ACTIVE', 'external_gateway_info': {'network_id': '3092fbe0-a651-478d-8e1c-8ad0287a4f20', 'external_fixed_ips': [{'subnet_id': '2e3246ae-f0e4-475d-8163-dcc370a40f01', 'ip_address': '10.180.180.221'}], 'enable_snat': True}, 'description': '', 'availability_zones': [], 'distributed': False, 'ha': False, 'availability_zone_hints': [], 'routes': [], 'flavor_id': None, 'tags': [], 'created_at': '2025-04-16T07:37:02Z', 'updated_at': '2025-04-16T07:37:03Z', 'revision_number': 2, 'project_id': 'afd750b95a9541eaa657794647261dc0'}
2025-04-16 07:37:07.819 67417 INFO tempest.lib.common.rest_client [req-574654dc-63a1-4a98-8a96-b9400340b0e0 req-574654dc-63a1-4a98-8a96-b9400340b0e0 ] Request (HypervisorAdminV228Test:tearDownClass): 204 DELETE http://10.180.1.21/identity/v3/projects/f66f8f2cbc4140d8bb12cbf15f858235 0.099s
2025-04-16 07:37:07.847 67390 INFO tempest.lib.common.rest_client [req-6f86f37b-5a01-4398-997e-49d114c75efc req-6f86f37b-5a01-4398-997e-49d114c75efc ] Request (FlavorsV261TestJSON:tearDownClass): 201 POST http://10.180.1.21/identity/v3/auth/tokens 0.112s
2025-04-16 07:37:07.871 67405 INFO tempest.lib.common.rest_client [req-4223ffe6-769b-4c5a-a33f-51421840564e req-4223ffe6-769b-4c5a-a33f-51421840564e ] Request (ListImageFiltersTestJSON:setUpClass): 201 POST http://10.180.1.21/identity/v3/users 0.079s
2025-04-16 07:37:07.872 67359 INFO tempest.lib.common.rest_client [req-a04317c4-ecb6-4311-86c8-5b0b04f9e554 req-a04317c4-ecb6-4311-86c8-5b0b04f9e554 ] Request (FlavorsV255TestJSON:setUpClass): 200 GET http://10.180.1.21/identity/v3/roles 0.112s
2025-04-16 07:37:07.893 67357 INFO tempest.lib.common.rest_client [req-85cd2ffd-9f18-4918-8147-f2f4a995cb60 req-85cd2ffd-9f18-4918-8147-f2f4a995cb60 ] Request (QuotasAdminNegativeTest:test_create_server_when_cpu_quota_is_full): 403 POST http://10.180.1.21/compute/v2.1/servers 3.245s
2025-04-16 07:37:07.898 67417 INFO tempest.lib.common.rest_client [req-d14d0a24-9599-4dce-94a8-a7f78df4d651 req-d14d0a24-9599-4dce-94a8-a7f78df4d651 ] Request (ServersTestFqdnHostnames:setUpClass): 201 POST http://10.180.1.21/identity/v3/auth/tokens 0.077s
2025-04-16 07:37:07.901 67403 INFO tempest.lib.common.rest_client [req-cf8678dd-a019-4c5f-8e22-bc2f858baf95 req-cf8678dd-a019-4c5f-8e22-bc2f858baf95 ] Request (FlavorsExtraSpecsNegativeTestJSON:test_flavor_non_admin_set_keys): 403 POST http://10.180.1.21/compute/v2.1/flavors/1346016838/os-extra_specs 2.505s
2025-04-16 07:37:07.934 67375 INFO tempest.lib.common.rest_client [req-30458756-59a7-49c5-af0a-d40ded31972f req-30458756-59a7-49c5-af0a-d40ded31972f ] Request (NetworksTest:test_list_all_networks): 200 GET http://10.180.1.21/compute/v2.1/os-networks 2.681s
2025-04-16 07:37:07.945 67381 INFO tempest.lib.common.rest_client [req-b59e4d0c-d85b-4d71-9a27-e20a9bd8cccd req-b59e4d0c-d85b-4d71-9a27-e20a9bd8cccd ] Request (ServersWithSpecificFlavorTestJSON:setUpClass): 201 POST http://10.180.1.21/identity/v3/auth/tokens 0.124s
