2025-04-16 07:39:50.210 67365 INFO tempest.lib.common.dynamic_creds [-] Acquired dynamic creds: credentials: Credentials: {'domain_id': 'default', 'domain_name': 'Default', 'username': 'tempest-MultipleCreateNegativeTestJSON-2015643272-project-member', 'project_domain_id': 'default', 'project_domain_name': 'Default', 'project_id': 'f7cccd17be304c978e11b04c6c09ed1d', 'project_name': 'tempest-MultipleCreateNegativeTestJSON-2015643272', 'tenant_id': 'f7cccd17be304c978e11b04c6c09ed1d', 'tenant_name': 'tempest-MultipleCreateNegativeTestJSON-2015643272', 'user_domain_id': 'default', 'user_domain_name': 'Default', 'user_id': '89d5e4600ed34941b84b61e25f67e018', 'system': None}, Network: None, Subnet: None, Router: None
2025-04-16 07:39:50.210 67365 INFO tempest.lib.common.dynamic_creds [-] Created isolated network resources for: credentials: Credentials: {'domain_id': 'default', 'domain_name': 'Default', 'username': 'tempest-MultipleCreateNegativeTestJSON-2015643272-project-member', 'project_domain_id': 'default', 'project_domain_name': 'Default', 'project_id': 'f7cccd17be304c978e11b04c6c09ed1d', 'project_name': 'tempest-MultipleCreateNegativeTestJSON-2015643272', 'tenant_id': 'f7cccd17be304c978e11b04c6c09ed1d', 'tenant_name': 'tempest-MultipleCreateNegativeTestJSON-2015643272', 'user_domain_id': 'default', 'user_domain_name': 'Default', 'user_id': '89d5e4600ed34941b84b61e25f67e018', 'system': None}, Network: None, Subnet: None, Router: None
2025-04-16 07:39:50.218 67381 INFO tempest.lib.common.rest_client [req-3b7b3797-8c54-4222-9cbb-a3fe891312d0 req-3b7b3797-8c54-4222-9cbb-a3fe891312d0 ] Request (ServersNegativeTestJSON:setUpClass): 200 GET http://10.180.1.21/compute/v2.1/servers/fd9b8dbe-0dc9-4072-93b3-6a06fdd1cd25 0.053s
2025-04-16 07:39:50.234 67415 INFO tempest.lib.common.rest_client [req-148a8bdd-c09c-4009-802e-3d5767953c71 req-148a8bdd-c09c-4009-802e-3d5767953c71 ] Request (ImagesNegativeTestJSON:test_create_image_from_deleted_server): 200 GET http://10.180.1.21/compute/v2.1/servers/47856710-dd0d-4d4a-9af4-ae3db29510e9 0.107s
2025-04-16 07:39:50.264 67371 INFO tempest.lib.common.rest_client [req-24ade246-bf9f-47e4-825b-798b09332ed1 req-24ade246-bf9f-47e4-825b-798b09332ed1 ] Request (VolumesAssistedSnapshotsTest:tearDownClass): 204 DELETE http://10.180.1.21:9696/networking/v2.0/security-groups/45b33f06-1b93-4e4f-91b3-c90a7c64d08d 0.060s
2025-04-16 07:39:50.272 67377 INFO tempest.lib.common.rest_client [req-9ffeb446-0768-4709-b80f-0bcc7613d28c req-9ffeb446-0768-4709-b80f-0bcc7613d28c ] Request (FloatingIPsAssociationNegativeTestJSON:setUpClass): 200 GET http://10.180.1.21/compute/v2.1/servers/8275c0cc-71d8-4e9c-a324-3955fe1a9943 0.048s
2025-04-16 07:39:50.274 67365 INFO tempest.lib.common.rest_client [req-66f9d812-d6f0-468b-a30e-9ef15a6aad78 req-66f9d812-d6f0-468b-a30e-9ef15a6aad78 ] Request (MultipleCreateNegativeTestJSON:setUpClass): 201 POST http://10.180.1.21/identity/v3/auth/tokens 0.060s
2025-04-16 07:39:50.301 67365 INFO tempest.lib.common.rest_client [req-bb7c0ca1-052e-4225-92c0-9d337a728b55 req-bb7c0ca1-052e-4225-92c0-9d337a728b55 ] Request (MultipleCreateNegativeTestJSON:test_max_count_less_than_min_count): 201 POST http://10.180.1.21/identity/v3/auth/tokens 0.023s
2025-04-16 07:39:50.301 67365 INFO tempest.lib.common.fixed_network [-] (MultipleCreateNegativeTestJSON:test_max_count_less_than_min_count) Found network None available for tenant
2025-04-16 07:39:50.341 67371 INFO tempest.lib.common.rest_client [req-2dcd51eb-0f1b-486d-83ca-70f2c8d03780 req-2dcd51eb-0f1b-486d-83ca-70f2c8d03780 ] Request (VolumesAssistedSnapshotsTest:tearDownClass): 204 DELETE http://10.180.1.21/identity/v3/projects/719d700cfbc54310b5479a1a8d72878a 0.077s
2025-04-16 07:39:50.389 67371 INFO tempest.lib.common.rest_client [req-74a9243d-02d9-4778-a4db-06785f5ecc7e req-74a9243d-02d9-4778-a4db-06785f5ecc7e ] Request (HostsAdminNegativeTestJSON:setUpClass): 201 POST http://10.180.1.21/identity/v3/auth/tokens 0.046s
2025-04-16 07:39:50.395 67375 INFO tempest.lib.common.rest_client [req-87c7bb86-d7ac-4b5c-9c56-dc16dff69d93 req-87c7bb86-d7ac-4b5c-9c56-dc16dff69d93 ] Request (InstanceActionsV221TestJSON:test_get_list_deleted_instance_actions): 200 GET http://10.180.1.21/compute/v2.1/servers/28bf23c6-d36a-4822-9569-c825a7366ed4 0.088s
2025-04-16 07:39:50.414 67371 INFO tempest.lib.common.rest_client [req-4adc2c83-2322-41e1-8928-a4d2556b1bf9 req-4adc2c83-2322-41e1-8928-a4d2556b1bf9 ] Request (HostsAdminNegativeTestJSON:setUpClass): 201 POST http://10.180.1.21/identity/v3/auth/tokens 0.022s
2025-04-16 07:39:50.418 67365 INFO tempest.lib.common.rest_client [req-f00320cd-3f40-4be3-8362-9eeefa688a4d req-f00320cd-3f40-4be3-8362-9eeefa688a4d ] Request (MultipleCreateNegativeTestJSON:test_max_count_less_than_min_count): 400 POST http://10.180.1.21/compute/v2.1/servers 0.116s
2025-04-16 07:39:50.433 67371 INFO tempest.lib.common.rest_client [req-c2dad206-5bf4-4748-b725-c813374d62ae req-c2dad206-5bf4-4748-b725-c813374d62ae ] Request (HostsAdminNegativeTestJSON:setUpClass): 200 GET http://10.180.1.21/identity/v3/domains?name=Default 0.019s
2025-04-16 07:39:50.445 67365 INFO tempest.lib.common.rest_client [req-6e7c82f1-c92f-473e-91d0-c03387acbd1a req-6e7c82f1-c92f-473e-91d0-c03387acbd1a ] Request (MultipleCreateNegativeTestJSON:test_max_count_less_than_one): 201 POST http://10.180.1.21/identity/v3/auth/tokens 0.023s
2025-04-16 07:39:50.446 67365 INFO tempest.lib.common.fixed_network [-] (MultipleCreateNegativeTestJSON:test_max_count_less_than_one) Found network None available for tenant
2025-04-16 07:39:50.460 67371 INFO tempest.lib.common.rest_client [req-15ad8fb1-8162-4fc9-b4ab-c44ab1d61ffd req-15ad8fb1-8162-4fc9-b4ab-c44ab1d61ffd ] Request (HostsAdminNegativeTestJSON:setUpClass): 201 POST http://10.180.1.21/identity/v3/projects 0.026s
2025-04-16 07:39:50.508 67371 INFO tempest.lib.common.rest_client [req-f352a822-aaf9-4968-b8f9-f35401ea16d9 req-f352a822-aaf9-4968-b8f9-f35401ea16d9 ] Request (HostsAdminNegativeTestJSON:setUpClass): 201 POST http://10.180.1.21/identity/v3/users 0.048s
2025-04-16 07:39:50.527 67371 INFO tempest.lib.common.rest_client [req-e7a9a750-b5f7-4072-9fa8-87a55b672c57 req-e7a9a750-b5f7-4072-9fa8-87a55b672c57 ] Request (HostsAdminNegativeTestJSON:setUpClass): 200 GET http://10.180.1.21/identity/v3/roles 0.018s
2025-04-16 07:39:50.551 67371 INFO tempest.lib.common.rest_client [req-291f42fb-3352-401e-967c-a11a2633f00a req-291f42fb-3352-401e-967c-a11a2633f00a ] Request (HostsAdminNegativeTestJSON:setUpClass): 204 PUT http://10.180.1.21/identity/v3/projects/4ff6b6e6f4344d25b4e6043810497ff5/users/972eba4938ae45f8be8ce7688521e6fb/roles/0a93d49902d5432d97d631ca2f66ddb7 0.024s
2025-04-16 07:39:50.552 67371 INFO tempest.lib.common.dynamic_creds [-] Dynamic test user 972eba4938ae45f8be8ce7688521e6fb is created with scope project and roles: ['member']
2025-04-16 07:39:50.552 67371 INFO tempest.lib.common.dynamic_creds [-] Acquired dynamic creds: credentials: Credentials: {'domain_id': 'default', 'domain_name': 'Default', 'username': 'tempest-HostsAdminNegativeTestJSON-1771962089-project-member', 'project_domain_id': 'default', 'project_domain_name': 'Default', 'project_id': '4ff6b6e6f4344d25b4e6043810497ff5', 'project_name': 'tempest-HostsAdminNegativeTestJSON-1771962089', 'tenant_id': '4ff6b6e6f4344d25b4e6043810497ff5', 'tenant_name': 'tempest-HostsAdminNegativeTestJSON-1771962089', 'user_domain_id': 'default', 'user_domain_name': 'Default', 'user_id': '972eba4938ae45f8be8ce7688521e6fb', 'system': None}, Network: None, Subnet: None, Router: None
2025-04-16 07:39:50.552 67371 INFO tempest.lib.common.dynamic_creds [-] Created isolated network resources for: credentials: Credentials: {'domain_id': 'default', 'domain_name': 'Default', 'username': 'tempest-HostsAdminNegativeTestJSON-1771962089-project-member', 'project_domain_id': 'default', 'project_domain_name': 'Default', 'project_id': '4ff6b6e6f4344d25b4e6043810497ff5', 'project_name': 'tempest-HostsAdminNegativeTestJSON-1771962089', 'tenant_id': '4ff6b6e6f4344d25b4e6043810497ff5', 'tenant_name': 'tempest-HostsAdminNegativeTestJSON-1771962089', 'user_domain_id': 'default', 'user_domain_name': 'Default', 'user_id': '972eba4938ae45f8be8ce7688521e6fb', 'system': None}, Network: None, Subnet: None, Router: None
2025-04-16 07:39:50.575 67373 INFO tempest.lib.common.rest_client [req-b04424d3-9ca2-445f-bf88-1b24780f9e48 req-b04424d3-9ca2-445f-bf88-1b24780f9e48 ] Request (ImagesOneServerNegativeTestJSON:setUpClass): 200 GET http://10.180.1.21/compute/v2.1/servers/f2ce3bf9-e6fe-4b9b-8af1-5c18b4a7b605 0.176s
2025-04-16 07:39:50.580 67365 INFO tempest.lib.common.rest_client [req-13831b02-7c17-465c-8f87-aa12e992f0eb req-13831b02-7c17-465c-8f87-aa12e992f0eb ] Request (MultipleCreateNegativeTestJSON:test_max_count_less_than_one): 400 POST http://10.180.1.21/compute/v2.1/servers 0.133s
2025-04-16 07:39:50.594 67417 INFO tempest.lib.common.rest_client [req-19df27d2-d645-4f52-9d6f-ce6d3ba1a682 req-19df27d2-d645-4f52-9d6f-ce6d3ba1a682 ] Request (ServersTestFqdnHostnames:test_create_server_with_fqdn_name): 200 GET http://10.180.1.21/compute/v2.1/servers/7e46e878-1564-4f3b-baa5-5c99d7e04d80 0.165s
2025-04-16 07:39:50.617 67371 INFO tempest.lib.common.rest_client [req-8c858a17-516b-4d57-bf5d-caf69a349fb9 req-8c858a17-516b-4d57-bf5d-caf69a349fb9 ] Request (HostsAdminNegativeTestJSON:setUpClass): 201 POST http://10.180.1.21/identity/v3/auth/tokens 0.062s
2025-04-16 07:39:50.626 67369 INFO tempest.lib.common.rest_client [req-f54fbf5e-0fc6-4b6d-9394-91a91c0a46ea req-f54fbf5e-0fc6-4b6d-9394-91a91c0a46ea ] Request (InstanceActionsNegativeTestJSON:setUpClass): 200 GET http://10.180.1.21/compute/v2.1/servers/b1b04cd3-c691-4689-a7c4-d97798668092 0.175s
2025-04-16 07:39:50.638 67365 INFO tempest.lib.common.rest_client [req-934e8913-5658-4d3c-9410-9afcc253e23c req-934e8913-5658-4d3c-9410-9afcc253e23c ] Request (MultipleCreateNegativeTestJSON:test_max_count_non_integer): 201 POST http://10.180.1.21/identity/v3/auth/tokens 0.053s
2025-04-16 07:39:50.638 67365 INFO tempest.lib.common.fixed_network [-] (MultipleCreateNegativeTestJSON:test_max_count_non_integer) Found network None available for tenant
2025-04-16 07:39:50.667 67371 INFO tempest.lib.common.rest_client [req-b3f1d4a3-0615-49d4-9080-b9d792262432 req-b3f1d4a3-0615-49d4-9080-b9d792262432 ] Request (HostsAdminNegativeTestJSON:setUpClass): 201 POST http://10.180.1.21/identity/v3/projects 0.050s
2025-04-16 07:39:50.706 67411 INFO tempest.lib.common.rest_client [req-90aad5fb-e75b-46ea-8072-5824eaff93d2 req-90aad5fb-e75b-46ea-8072-5824eaff93d2 ] Request (MigrationsAdminTest:test_list_migrations_in_flavor_resize_situation): 200 GET http://10.180.1.21/compute/v2.1/servers/39b67ef8-fce0-4bf3-b161-b5fbd588214b 0.138s
2025-04-16 07:39:50.711 67365 INFO tempest.lib.common.rest_client [req-27b1c829-a428-4f21-9cd6-a29aa11538ed req-27b1c829-a428-4f21-9cd6-a29aa11538ed ] Request (MultipleCreateNegativeTestJSON:test_max_count_non_integer): 400 POST http://10.180.1.21/compute/v2.1/servers 0.072s
2025-04-16 07:39:50.720 67371 INFO tempest.lib.common.rest_client [req-aeda4d1c-b133-4530-81a0-3a3c2444db7a req-aeda4d1c-b133-4530-81a0-3a3c2444db7a ] Request (HostsAdminNegativeTestJSON:setUpClass): 201 POST http://10.180.1.21/identity/v3/users 0.052s
2025-04-16 07:39:50.737 67371 INFO tempest.lib.common.rest_client [req-be7d8d31-c2a3-4596-9a2d-391c63a63d74 req-be7d8d31-c2a3-4596-9a2d-391c63a63d74 ] Request (HostsAdminNegativeTestJSON:setUpClass): 200 GET http://10.180.1.21/identity/v3/roles 0.016s
2025-04-16 07:39:50.759 67371 INFO tempest.lib.common.rest_client [req-5c373ec6-fa65-447f-9285-17ee8a0f4441 req-5c373ec6-fa65-447f-9285-17ee8a0f4441 ] Request (HostsAdminNegativeTestJSON:setUpClass): 204 PUT http://10.180.1.21/identity/v3/projects/bc37d6f56f7d44ea9f64f3730cff750d/users/3b76d353791d42a4ae794a157269c02a/roles/de7e1ddeb0c9474d8fd73500f13b7c68 0.022s
2025-04-16 07:39:50.760 67405 INFO tempest.lib.common.rest_client [req-1a20de31-759d-4b13-9a0c-8a4494c93533 req-1a20de31-759d-4b13-9a0c-8a4494c93533 ] Request (ServersTestMultiNic:test_verify_multiple_nics_order): 200 GET http://10.180.1.21/compute/v2.1/servers/c8c85f1c-6876-4632-a2d6-a835912d3285 0.176s
2025-04-16 07:39:50.770 67365 INFO tempest.lib.common.rest_client [req-6a2ec545-0431-4705-bdf9-3963cbf3c243 req-6a2ec545-0431-4705-bdf9-3963cbf3c243 ] Request (MultipleCreateNegativeTestJSON:test_min_count_less_than_one): 201 POST http://10.180.1.21/identity/v3/auth/tokens 0.053s
2025-04-16 07:39:50.770 67365 INFO tempest.lib.common.fixed_network [-] (MultipleCreateNegativeTestJSON:test_min_count_less_than_one) Found network None available for tenant
2025-04-16 07:39:50.777 67365 INFO tempest.lib.common.rest_client [req-4e06b1eb-1776-47e1-a975-52d38cb50309 req-4e06b1eb-1776-47e1-a975-52d38cb50309 ] Request (MultipleCreateNegativeTestJSON:test_min_count_less_than_one): 400 POST http://10.180.1.21/compute/v2.1/servers 0.007s
2025-04-16 07:39:50.803 67371 INFO tempest.lib.common.rest_client [req-0ebebac8-1777-4fd4-b0ad-8ff8d7945d05 req-0ebebac8-1777-4fd4-b0ad-8ff8d7945d05 ] Request (HostsAdminNegativeTestJSON:setUpClass): 200 GET http://10.180.1.21/identity/v3/roles 0.043s
2025-04-16 07:39:50.820 67371 INFO tempest.lib.common.rest_client [req-15138fab-e538-4e5a-a150-ce9c740e1e70 req-15138fab-e538-4e5a-a150-ce9c740e1e70 ] Request (HostsAdminNegativeTestJSON:setUpClass): 204 PUT http://10.180.1.21/identity/v3/projects/bc37d6f56f7d44ea9f64f3730cff750d/users/3b76d353791d42a4ae794a157269c02a/roles/de7e1ddeb0c9474d8fd73500f13b7c68 0.017s
2025-04-16 07:39:50.821 67371 INFO tempest.lib.common.dynamic_creds [-] Dynamic test user 3b76d353791d42a4ae794a157269c02a is created with scope project and roles: ['admin']
2025-04-16 07:39:50.821 67371 INFO tempest.lib.common.dynamic_creds [-] Acquired dynamic creds: credentials: Credentials: {'domain_id': 'default', 'domain_name': 'Default', 'username': 'tempest-HostsAdminNegativeTestJSON-297039765-project-admin', 'project_domain_id': 'default', 'project_domain_name': 'Default', 'project_id': 'bc37d6f56f7d44ea9f64f3730cff750d', 'project_name': 'tempest-HostsAdminNegativeTestJSON-297039765', 'tenant_id': 'bc37d6f56f7d44ea9f64f3730cff750d', 'tenant_name': 'tempest-HostsAdminNegativeTestJSON-297039765', 'user_domain_id': 'default', 'user_domain_name': 'Default', 'user_id': '3b76d353791d42a4ae794a157269c02a', 'system': None}, Network: None, Subnet: None, Router: None
2025-04-16 07:39:50.821 67371 INFO tempest.lib.common.dynamic_creds [-] Created isolated network resources for: credentials: Credentials: {'domain_id': 'default', 'domain_name': 'Default', 'username': 'tempest-HostsAdminNegativeTestJSON-297039765-project-admin', 'project_domain_id': 'default', 'project_domain_name': 'Default', 'project_id': 'bc37d6f56f7d44ea9f64f3730cff750d', 'project_name': 'tempest-HostsAdminNegativeTestJSON-297039765', 'tenant_id': 'bc37d6f56f7d44ea9f64f3730cff750d', 'tenant_name': 'tempest-HostsAdminNegativeTestJSON-297039765', 'user_domain_id': 'default', 'user_domain_name': 'Default', 'user_id': '3b76d353791d42a4ae794a157269c02a', 'system': None}, Network: None, Subnet: None, Router: None
2025-04-16 07:39:50.832 67365 INFO tempest.lib.common.rest_client [req-79ab4bc7-ba7c-4b81-9d30-852f667dda39 req-79ab4bc7-ba7c-4b81-9d30-852f667dda39 ] Request (MultipleCreateNegativeTestJSON:test_min_count_non_integer): 201 POST http://10.180.1.21/identity/v3/auth/tokens 0.051s
2025-04-16 07:39:50.833 67365 INFO tempest.lib.common.fixed_network [-] (MultipleCreateNegativeTestJSON:test_min_count_non_integer) Found network None available for tenant
2025-04-16 07:39:50.882 67371 INFO tempest.lib.common.rest_client [req-71635923-b009-4b30-bd31-ab9cc49a0da5 req-71635923-b009-4b30-bd31-ab9cc49a0da5 ] Request (HostsAdminNegativeTestJSON:setUpClass): 201 POST http://10.180.1.21/identity/v3/auth/tokens 0.058s
2025-04-16 07:39:50.894 67399 INFO tempest.lib.common.rest_client [req-885e71fa-14a0-4066-a322-34bd778a64db req-885e71fa-14a0-4066-a322-34bd778a64db ] Request (ServersAdminTestJSON:setUpClass): 200 GET http://10.180.1.21/compute/v2.1/servers/aaa80cb4-a8b2-4f83-97d5-aa1e0e2383f5 0.109s
2025-04-16 07:39:50.899 67408 INFO tempest.lib.common.rest_client [req-719d1fc4-89aa-4bf3-a3ef-4c73072daa06 req-719d1fc4-89aa-4bf3-a3ef-4c73072daa06 ] Request (DeleteServersAdminTestJSON:test_admin_delete_servers_of_others): 200 GET http://10.180.1.21/compute/v2.1/servers/fd5bdebf-fc65-47e3-8a3e-b0c196c9f90c 0.159s
2025-04-16 07:39:50.905 67365 INFO tempest.lib.common.rest_client [req-245761ae-cbe5-484f-9ffe-d7ca219fb5cb req-245761ae-cbe5-484f-9ffe-d7ca219fb5cb ] Request (MultipleCreateNegativeTestJSON:test_min_count_non_integer): 400 POST http://10.180.1.21/compute/v2.1/servers 0.072s
2025-04-16 07:39:50.935 67390 INFO tempest.lib.common.rest_client [req-d4a1fb73-1e21-4c7e-8656-c0150a8a13cf req-d4a1fb73-1e21-4c7e-8656-c0150a8a13cf ] Request (ServerDiskConfigTestJSON:test_rebuild_server_with_manual_disk_config): 200 GET http://10.180.1.21/compute/v2.1/servers/3b2e1650-ee7f-46a2-94db-1a611384be03 0.138s
2025-04-16 07:39:50.950 67401 INFO tempest.lib.common.rest_client [req-d1c3db9f-ac10-4f5c-a88e-211c20afbe07 req-d1c3db9f-ac10-4f5c-a88e-211c20afbe07 ] Request (AttachInterfacesUnderV243Test:test_add_remove_fixed_ip): 200 GET http://10.180.1.21/compute/v2.1/servers/c5368926-ed52-414f-9342-27c71e4e3557 0.109s
2025-04-16 07:39:50.975 67385 INFO tempest.lib.common.rest_client [req-440dc464-fcd8-4329-b806-4cdc492b8ae1 req-440dc464-fcd8-4329-b806-4cdc492b8ae1 ] Request (ServerGroupTestJSON:test_create_server_with_scheduler_hint_group): 200 GET http://10.180.1.21/compute/v2.1/servers/14293002-9e0b-4e4c-b4c5-9c726995dde0 0.117s
2025-04-16 07:39:50.984 67365 INFO tempest.lib.common.rest_client [req-e19ea360-e167-4230-8bcc-6785161cf311 req-e19ea360-e167-4230-8bcc-6785161cf311 ] Request (MultipleCreateNegativeTestJSON:tearDownClass): 204 DELETE http://10.180.1.21/identity/v3/users/89d5e4600ed34941b84b61e25f67e018 0.076s
2025-04-16 07:39:50.984 67365 INFO tempest.lib.common.dynamic_creds [-] Deleting project and security group for project: f7cccd17be304c978e11b04c6c09ed1d
2025-04-16 07:39:51.017 67361 INFO tempest.lib.common.rest_client [req-597d6bcd-0a9f-455f-951b-91d5057f85e7 req-597d6bcd-0a9f-455f-951b-91d5057f85e7 ] Request (SecurityGroupsTestJSON:test_server_security_groups): 200 GET http://10.180.1.21/compute/v2.1/servers/4ce5668d-b588-4b92-bcc9-11d03eff2a84 0.127s
2025-04-16 07:39:51.033 67365 INFO tempest.lib.common.rest_client [req-178612fe-3b1b-40c4-9336-5b38522d0c3d req-178612fe-3b1b-40c4-9336-5b38522d0c3d ] Request (MultipleCreateNegativeTestJSON:tearDownClass): 201 POST http://10.180.1.21/identity/v3/auth/tokens 0.048s
2025-04-16 07:39:51.062 67367 INFO tempest.lib.common.rest_client [req-c6b32066-b36c-4675-bf8f-ca938e9795af req-c6b32066-b36c-4675-bf8f-ca938e9795af ] Request (AttachVolumeNegativeTest:test_attach_attached_volume_to_same_server): 200 GET http://10.180.1.21/compute/v2.1/servers/691eb0c7-b6f0-45ff-92fb-1e47d38587f6 0.145s
2025-04-16 07:39:51.080 67371 INFO tempest.lib.common.rest_client [req-e60f3a73-60af-4280-9c6d-ffec8a69eebb req-e60f3a73-60af-4280-9c6d-ffec8a69eebb ] Request (HostsAdminNegativeTestJSON:setUpClass): 200 GET http://10.180.1.21/compute/v2.1/os-hosts 0.198s
2025-04-16 07:39:51.106 67387 INFO tempest.lib.common.rest_client [req-9bc70a1f-c3b6-44fc-8c0d-b657c55a2883 req-9bc70a1f-c3b6-44fc-8c0d-b657c55a2883 ] Request (ServersTestBootFromVolume:setUpClass): 200 GET http://10.180.1.21/compute/v2.1/servers/d3ea7ca6-6832-4e5c-ae89-40eb286c8bd9 0.135s
2025-04-16 07:39:51.127 67357 INFO tempest.lib.common.rest_client [req-710fb7ff-5cbe-42a0-8f6a-850fa8a46312 req-710fb7ff-5cbe-42a0-8f6a-850fa8a46312 ] Request (ServerActionsV293TestJSON:setUpClass): 200 GET http://10.180.1.21/compute/v2.1/servers/12dd51ad-bb48-4166-a208-0c8f6dd044fe 0.077s
2025-04-16 07:39:51.144 67365 INFO tempest.lib.common.rest_client [req-7c8aefc1-905f-4dd6-a3f8-b1581f07ed54 req-7c8aefc1-905f-4dd6-a3f8-b1581f07ed54 ] Request (MultipleCreateNegativeTestJSON:tearDownClass): 200 GET http://10.180.1.21:9696/networking/v2.0/security-groups?tenant_id=f7cccd17be304c978e11b04c6c09ed1d&name=default 0.111s
2025-04-16 07:39:51.184 67371 INFO tempest.lib.common.rest_client [req-85546633-cc0a-41f9-8d48-8530ba0ae204 req-85546633-cc0a-41f9-8d48-8530ba0ae204 ] Request (HostsAdminNegativeTestJSON:test_list_hosts_with_non_admin_user): 403 GET http://10.180.1.21/compute/v2.1/os-hosts 0.102s
2025-04-16 07:39:51.206 67409 INFO tempest.lib.common.rest_client [req-0125e1cb-d307-4164-b51c-94290c3feeef req-0125e1cb-d307-4164-b51c-94290c3feeef ] Request (ServersAdminNegativeTestJSON:setUpClass): 200 GET http://10.180.1.21/compute/v2.1/servers/b47e3b03-7b84-4305-a55c-577401e5acf3 0.152s
2025-04-16 07:39:51.231 67413 INFO tempest.lib.common.rest_client [req-74b95329-6005-49a4-ac9e-5fb171a0b616 req-74b95329-6005-49a4-ac9e-5fb171a0b616 ] Request (ServersTestJSON:test_create_server_with_ipv6_addr_only): 200 GET http://10.180.1.21/compute/v2.1/servers/61b77ab6-94d4-4a69-a2f5-b472215c46e7 0.119s
2025-04-16 07:39:51.277 67365 INFO tempest.lib.common.rest_client [req-13131b40-0d79-432a-b32d-9abea33a26a0 req-13131b40-0d79-432a-b32d-9abea33a26a0 ] Request (MultipleCreateNegativeTestJSON:tearDownClass): 204 DELETE http://10.180.1.21:9696/networking/v2.0/security-groups/5e00d5c8-5790-4c0f-836f-f264cd939aad 0.133s
2025-04-16 07:39:51.278 67359 INFO tempest.lib.common.rest_client [req-34e3475e-8981-4ad8-998a-802556f3fd5e req-34e3475e-8981-4ad8-998a-802556f3fd5e ] Request (AttachInterfacesTestJSON:test_create_list_show_delete_interfaces_by_network_port): 200 GET http://10.180.1.21/compute/v2.1/servers/ad0b7a66-fcec-4aa9-8a86-aaa24ad9698c 0.116s
2025-04-16 07:39:51.283 67371 INFO tempest.lib.common.rest_client [req-08c5291e-5931-426b-a920-91c441a8f8c7 req-08c5291e-5931-426b-a920-91c441a8f8c7 ] Request (HostsAdminNegativeTestJSON:test_reboot_host_with_non_admin_user): 403 GET http://10.180.1.21/compute/v2.1/os-hosts/devstack/reboot 0.098s
2025-04-16 07:39:51.305 67363 INFO tempest.lib.common.rest_client [req-556c493f-8ead-45d1-8ea0-99da6a56c4bb req-556c493f-8ead-45d1-8ea0-99da6a56c4bb ] Request (ServerExternalEventsTest:test_create_server_external_events): 200 GET http://10.180.1.21/compute/v2.1/servers/c9a491fe-aff4-4b4f-bcfb-dd56f1010576 0.153s
2025-04-16 07:39:51.326 67381 INFO tempest.lib.common.rest_client [req-c516c389-6516-4c13-b9da-5af22cffcaef req-c516c389-6516-4c13-b9da-5af22cffcaef ] Request (ServersNegativeTestJSON:setUpClass): 200 GET http://10.180.1.21/compute/v2.1/servers/fd9b8dbe-0dc9-4072-93b3-6a06fdd1cd25 0.101s
2025-04-16 07:39:51.338 67365 INFO tempest.lib.common.rest_client [req-0487ecf4-ff3d-42ce-bfc8-f2cfd6a751b4 req-0487ecf4-ff3d-42ce-bfc8-f2cfd6a751b4 ] Request (MultipleCreateNegativeTestJSON:tearDownClass): 204 DELETE http://10.180.1.21/identity/v3/projects/f7cccd17be304c978e11b04c6c09ed1d 0.060s
2025-04-16 07:39:51.373 67377 INFO tempest.lib.common.rest_client [req-8c04359e-ebc3-469d-9c15-3d4c2efc5e52 req-8c04359e-ebc3-469d-9c15-3d4c2efc5e52 ] Request (FloatingIPsAssociationNegativeTestJSON:setUpClass): 200 GET http://10.180.1.21/compute/v2.1/servers/8275c0cc-71d8-4e9c-a324-3955fe1a9943 0.094s
2025-04-16 07:39:51.382 67371 INFO tempest.lib.common.rest_client [req-cca1e7dc-a805-4214-bb60-90dc0cc34a81 req-cca1e7dc-a805-4214-bb60-90dc0cc34a81 ] Request (HostsAdminNegativeTestJSON:test_reboot_nonexistent_host): 404 GET http://10.180.1.21/compute/v2.1/os-hosts/nonexistent_hostname/reboot 0.097s
2025-04-16 07:39:51.390 67371 INFO tempest.lib.common.rest_client [req-922a1d35-4915-454b-a991-3237ba9bfe08 req-922a1d35-4915-454b-a991-3237ba9bfe08 ] Request (HostsAdminNegativeTestJSON:test_show_host_detail_with_non_admin_user): 403 GET http://10.180.1.21/compute/v2.1/os-hosts/devstack 0.007s
2025-04-16 07:39:51.390 67365 INFO tempest.lib.common.rest_client [req-5178a572-7dfb-4159-b02a-952aeeb916d8 req-5178a572-7dfb-4159-b02a-952aeeb916d8 ] Request (ServerActionsTestOtherA:setUpClass): 201 POST http://10.180.1.21/identity/v3/auth/tokens 0.051s
2025-04-16 07:39:51.400 67371 INFO tempest.lib.common.rest_client [req-57c9dfe5-324a-489a-88c4-a13ff91d098c req-57c9dfe5-324a-489a-88c4-a13ff91d098c ] Request (HostsAdminNegativeTestJSON:test_show_host_detail_with_nonexistent_hostname): 404 GET http://10.180.1.21/compute/v2.1/os-hosts/nonexistent_hostname 0.008s
2025-04-16 07:39:51.409 67371 INFO tempest.lib.common.rest_client [req-6033e0bf-57b6-45f3-b2a3-80f115e2d673 req-6033e0bf-57b6-45f3-b2a3-80f115e2d673 ] Request (HostsAdminNegativeTestJSON:test_shutdown_host_with_non_admin_user): 403 GET http://10.180.1.21/compute/v2.1/os-hosts/devstack/shutdown 0.006s
2025-04-16 07:39:51.418 67365 INFO tempest.lib.common.rest_client [req-027fd3b0-0da5-4da8-90fc-194061b83781 req-027fd3b0-0da5-4da8-90fc-194061b83781 ] Request (ServerActionsTestOtherA:setUpClass): 201 POST http://10.180.1.21/identity/v3/auth/tokens 0.026s
2025-04-16 07:39:51.437 67365 INFO tempest.lib.common.rest_client [req-d0fff578-60b4-48f7-9d4d-51a8ff444b1c req-d0fff578-60b4-48f7-9d4d-51a8ff444b1c ] Request (ServerActionsTestOtherA:setUpClass): 200 GET http://10.180.1.21/identity/v3/domains?name=Default 0.018s
2025-04-16 07:39:51.448 67415 INFO tempest.lib.common.rest_client [req-05fd7787-b896-49f3-9008-7c6688ff7e1f req-05fd7787-b896-49f3-9008-7c6688ff7e1f ] Request (ImagesNegativeTestJSON:test_create_image_from_deleted_server): 200 GET http://10.180.1.21/compute/v2.1/servers/47856710-dd0d-4d4a-9af4-ae3db29510e9 0.208s
2025-04-16 07:39:51.457 67371 INFO tempest.lib.common.rest_client [req-e4548aec-ea90-4afc-8642-985289af4416 req-e4548aec-ea90-4afc-8642-985289af4416 ] Request (HostsAdminNegativeTestJSON:test_shutdown_nonexistent_host): 404 GET http://10.180.1.21/compute/v2.1/os-hosts/nonexistent_hostname/shutdown 0.047s
2025-04-16 07:39:51.464 67371 INFO tempest.lib.common.rest_client [req-4011a7e9-f1a7-4ccc-ae4a-aa4da659f482 req-4011a7e9-f1a7-4ccc-ae4a-aa4da659f482 ] Request (HostsAdminNegativeTestJSON:test_startup_host_with_non_admin_user): 403 GET http://10.180.1.21/compute/v2.1/os-hosts/devstack/startup 0.006s
2025-04-16 07:39:51.472 67365 INFO tempest.lib.common.rest_client [req-7129556c-044e-4c97-824d-230c13e761a6 req-7129556c-044e-4c97-824d-230c13e761a6 ] Request (ServerActionsTestOtherA:setUpClass): 201 POST http://10.180.1.21/identity/v3/projects 0.034s
2025-04-16 07:39:51.476 67371 INFO tempest.lib.common.rest_client [req-70f780e1-1819-4f54-b13e-716ebc32ad07 req-70f780e1-1819-4f54-b13e-716ebc32ad07 ] Request (HostsAdminNegativeTestJSON:test_startup_nonexistent_host): 404 GET http://10.180.1.21/compute/v2.1/os-hosts/nonexistent_hostname/startup 0.011s
2025-04-16 07:39:51.483 67371 INFO tempest.lib.common.rest_client [req-756bc7c7-286f-4393-8e8e-182bc4566d94 req-756bc7c7-286f-4393-8e8e-182bc4566d94 ] Request (HostsAdminNegativeTestJSON:test_update_host_with_invalid_maintenance_mode): 400 PUT http://10.180.1.21/compute/v2.1/os-hosts/devstack 0.006s
2025-04-16 07:39:51.491 67371 INFO tempest.lib.common.rest_client [req-469a8cfd-5852-4aeb-a87d-499b26097752 req-469a8cfd-5852-4aeb-a87d-499b26097752 ] Request (HostsAdminNegativeTestJSON:test_update_host_with_invalid_status): 400 PUT http://10.180.1.21/compute/v2.1/os-hosts/devstack 0.007s
2025-04-16 07:39:51.499 67371 INFO tempest.lib.common.rest_client [req-accdfb0c-582e-437d-be26-4f15bab872b2 req-accdfb0c-582e-437d-be26-4f15bab872b2 ] Request (HostsAdminNegativeTestJSON:test_update_host_with_non_admin_user): 403 PUT http://10.180.1.21/compute/v2.1/os-hosts/devstack 0.007s
2025-04-16 07:39:51.505 67371 INFO tempest.lib.common.rest_client [req-7e736b2f-ba33-43f3-ad79-852a0e19dc8b req-7e736b2f-ba33-43f3-ad79-852a0e19dc8b ] Request (HostsAdminNegativeTestJSON:test_update_host_without_param): 400 PUT http://10.180.1.21/compute/v2.1/os-hosts/devstack 0.006s
2025-04-16 07:39:51.517 67371 INFO tempest.lib.common.rest_client [req-52f184b2-dbac-4aa2-b0da-84bf488e6b6e req-52f184b2-dbac-4aa2-b0da-84bf488e6b6e ] Request (HostsAdminNegativeTestJSON:test_update_nonexistent_host): 404 PUT http://10.180.1.21/compute/v2.1/os-hosts/nonexistent_hostname 0.011s
2025-04-16 07:39:51.520 67365 INFO tempest.lib.common.rest_client [req-89d4b07b-54ca-4d08-856e-e3550f6f5227 req-89d4b07b-54ca-4d08-856e-e3550f6f5227 ] Request (ServerActionsTestOtherA:setUpClass): 201 POST http://10.180.1.21/identity/v3/users 0.048s
2025-04-16 07:39:51.537 67365 INFO tempest.lib.common.rest_client [req-c25fd4c5-351e-4705-853d-5fca7d386418 req-c25fd4c5-351e-4705-853d-5fca7d386418 ] Request (ServerActionsTestOtherA:setUpClass): 200 GET http://10.180.1.21/identity/v3/roles 0.016s
2025-04-16 07:39:51.562 67365 INFO tempest.lib.common.rest_client [req-d5bb770b-cf3d-48aa-bb09-b2fd2d908eb2 req-d5bb770b-cf3d-48aa-bb09-b2fd2d908eb2 ] Request (ServerActionsTestOtherA:setUpClass): 204 PUT http://10.180.1.21/identity/v3/projects/6c10a2dcba6a45c29efa1ec3a5110543/users/313fb5f2360346b681489fa54f04226f/roles/0a93d49902d5432d97d631ca2f66ddb7 0.024s
2025-04-16 07:39:51.562 67365 INFO tempest.lib.common.dynamic_creds [-] Dynamic test user 313fb5f2360346b681489fa54f04226f is created with scope project and roles: ['member']
2025-04-16 07:39:51.563 67365 INFO tempest.lib.common.dynamic_creds [-] Acquired dynamic creds: credentials: Credentials: {'domain_id': 'default', 'domain_name': 'Default', 'username': 'tempest-ServerActionsTestOtherA-565552738-project-member', 'project_domain_id': 'default', 'project_domain_name': 'Default', 'project_id': '6c10a2dcba6a45c29efa1ec3a5110543', 'project_name': 'tempest-ServerActionsTestOtherA-565552738', 'tenant_id': '6c10a2dcba6a45c29efa1ec3a5110543', 'tenant_name': 'tempest-ServerActionsTestOtherA-565552738', 'user_domain_id': 'default', 'user_domain_name': 'Default', 'user_id': '313fb5f2360346b681489fa54f04226f', 'system': None}, Network: None, Subnet: None, Router: None
2025-04-16 07:39:51.578 67371 INFO tempest.lib.common.rest_client [req-1357d50b-5dcf-4549-bb17-c46694026a28 req-1357d50b-5dcf-4549-bb17-c46694026a28 ] Request (HostsAdminNegativeTestJSON:tearDownClass): 204 DELETE http://10.180.1.21/identity/v3/users/972eba4938ae45f8be8ce7688521e6fb 0.060s
2025-04-16 07:39:51.610 67365 INFO tempest.lib.common.rest_client [req-13ba8159-5212-4799-ac00-d65f405830f8 req-13ba8159-5212-4799-ac00-d65f405830f8 ] Request (ServerActionsTestOtherA:setUpClass): 201 POST http://10.180.1.21/identity/v3/auth/tokens 0.047s
2025-04-16 07:39:51.663 67371 INFO tempest.lib.common.rest_client [req-cb0d838d-442f-4ad3-8b7c-ff618fa58ed8 req-cb0d838d-442f-4ad3-8b7c-ff618fa58ed8 ] Request (HostsAdminNegativeTestJSON:tearDownClass): 204 DELETE http://10.180.1.21/identity/v3/users/3b76d353791d42a4ae794a157269c02a 0.084s
2025-04-16 07:39:51.663 67371 INFO tempest.lib.common.dynamic_creds [-] Deleting project and security group for project: bc37d6f56f7d44ea9f64f3730cff750d
2025-04-16 07:39:51.716 67371 INFO tempest.lib.common.rest_client [req-e77e7b88-29b1-415b-af34-cbfaf1630a62 req-e77e7b88-29b1-415b-af34-cbfaf1630a62 ] Request (HostsAdminNegativeTestJSON:tearDownClass): 201 POST http://10.180.1.21/identity/v3/auth/tokens 0.052s
2025-04-16 07:39:51.761 67373 INFO tempest.lib.common.rest_client [req-361dba44-bb7d-4d14-bb02-467aa0971ad1 req-361dba44-bb7d-4d14-bb02-467aa0971ad1 ] Request (ImagesOneServerNegativeTestJSON:setUpClass): 200 GET http://10.180.1.21/compute/v2.1/servers/f2ce3bf9-e6fe-4b9b-8af1-5c18b4a7b605 0.180s
2025-04-16 07:39:51.778 67375 INFO tempest.lib.common.rest_client [req-714e266b-bdfb-4ada-9bac-c10e4b84a1b0 req-714e266b-bdfb-4ada-9bac-c10e4b84a1b0 ] Request (InstanceActionsV221TestJSON:test_get_list_deleted_instance_actions): 200 GET http://10.180.1.21/compute/v2.1/servers/28bf23c6-d36a-4822-9569-c825a7366ed4 0.375s
2025-04-16 07:39:51.830 67369 INFO tempest.lib.common.rest_client [req-469cd4d1-b4d7-4e1d-a465-f2ee044a3a99 req-469cd4d1-b4d7-4e1d-a465-f2ee044a3a99 ] Request (InstanceActionsNegativeTestJSON:setUpClass): 200 GET http://10.180.1.21/compute/v2.1/servers/b1b04cd3-c691-4689-a7c4-d97798668092 0.199s
2025-04-16 07:39:51.860 67417 INFO tempest.lib.common.rest_client [req-840aeba5-7166-4c95-9f8e-c7a9c4e78784 req-840aeba5-7166-4c95-9f8e-c7a9c4e78784 ] Request (ServersTestFqdnHostnames:test_create_server_with_fqdn_name): 200 GET http://10.180.1.21/compute/v2.1/servers/7e46e878-1564-4f3b-baa5-5c99d7e04d80 0.260s
2025-04-16 07:39:51.915 67365 INFO tempest.lib.common.rest_client [req-52ff416a-d457-4382-a241-c1da2a884959 req-52ff416a-d457-4382-a241-c1da2a884959 ] Request (ServerActionsTestOtherA:setUpClass): 201 POST http://10.180.1.21:9696/networking/v2.0/networks 0.304s
2025-04-16 07:39:51.948 67371 INFO tempest.lib.common.rest_client [req-147ca9f9-f9de-4da2-9ab3-4611339dd52e req-147ca9f9-f9de-4da2-9ab3-4611339dd52e ] Request (HostsAdminNegativeTestJSON:tearDownClass): 200 GET http://10.180.1.21:9696/networking/v2.0/security-groups?tenant_id=bc37d6f56f7d44ea9f64f3730cff750d&name=default 0.232s
2025-04-16 07:39:51.957 67411 INFO tempest.lib.common.rest_client [req-9fcbf7af-d6ca-4202-a1c6-a8dd592ce10a req-9fcbf7af-d6ca-4202-a1c6-a8dd592ce10a ] Request (MigrationsAdminTest:test_list_migrations_in_flavor_resize_situation): 200 GET http://10.180.1.21/compute/v2.1/servers/39b67ef8-fce0-4bf3-b161-b5fbd588214b 0.244s
2025-04-16 07:39:51.990 67405 INFO tempest.lib.common.rest_client [req-b89dbd17-6448-40de-bc37-aabb1c71c303 req-b89dbd17-6448-40de-bc37-aabb1c71c303 ] Request (ServersTestMultiNic:test_verify_multiple_nics_order): 200 GET http://10.180.1.21/compute/v2.1/servers/c8c85f1c-6876-4632-a2d6-a835912d3285 0.223s
2025-04-16 07:39:52.099 67399 INFO tempest.lib.common.rest_client [req-3aeb73f4-bd32-4a6a-ab01-53156a81d3f2 req-3aeb73f4-bd32-4a6a-ab01-53156a81d3f2 ] Request (ServersAdminTestJSON:setUpClass): 200 GET http://10.180.1.21/compute/v2.1/servers/aaa80cb4-a8b2-4f83-97d5-aa1e0e2383f5 0.199s
2025-04-16 07:39:52.107 67371 INFO tempest.lib.common.rest_client [req-240a911d-631d-43f8-b912-43fccb542614 req-240a911d-631d-43f8-b912-43fccb542614 ] Request (HostsAdminNegativeTestJSON:tearDownClass): 204 DELETE http://10.180.1.21:9696/networking/v2.0/security-groups/6bc1eb29-b97a-4232-962b-9f2e645d8322 0.158s
2025-04-16 07:39:52.109 67365 INFO tempest.lib.common.rest_client [req-19fe863e-82c6-4267-830e-8c80eabd6bcb req-19fe863e-82c6-4267-830e-8c80eabd6bcb ] Request (ServerActionsTestOtherA:setUpClass): 201 POST http://10.180.1.21:9696/networking/v2.0/subnets 0.193s
2025-04-16 07:39:52.120 67408 INFO tempest.lib.common.rest_client [req-edae50f5-15fe-4f9b-96a3-b787efe6b01a req-edae50f5-15fe-4f9b-96a3-b787efe6b01a ] Request (DeleteServersAdminTestJSON:test_admin_delete_servers_of_others): 200 GET http://10.180.1.21/compute/v2.1/servers/fd5bdebf-fc65-47e3-8a3e-b0c196c9f90c 0.215s
2025-04-16 07:39:52.144 67390 INFO tempest.lib.common.rest_client [req-601d362d-4df7-4989-ba06-04854a92bcec req-601d362d-4df7-4989-ba06-04854a92bcec ] Request (ServerDiskConfigTestJSON:test_rebuild_server_with_manual_disk_config): 200 GET http://10.180.1.21/compute/v2.1/servers/3b2e1650-ee7f-46a2-94db-1a611384be03 0.202s
2025-04-16 07:39:52.167 67371 INFO tempest.lib.common.rest_client [req-8d40881b-9e6a-49e6-840c-c4b31f1e0219 req-8d40881b-9e6a-49e6-840c-c4b31f1e0219 ] Request (HostsAdminNegativeTestJSON:tearDownClass): 204 DELETE http://10.180.1.21/identity/v3/projects/bc37d6f56f7d44ea9f64f3730cff750d 0.060s
2025-04-16 07:39:52.167 67371 INFO tempest.lib.common.dynamic_creds [-] Deleting project and security group for project: 4ff6b6e6f4344d25b4e6043810497ff5
2025-04-16 07:39:52.176 67401 INFO tempest.lib.common.rest_client [req-037639b7-d80b-4acf-9355-13cf7436dd98 req-037639b7-d80b-4acf-9355-13cf7436dd98 ] Request (AttachInterfacesUnderV243Test:test_add_remove_fixed_ip): 200 GET http://10.180.1.21/compute/v2.1/servers/c5368926-ed52-414f-9342-27c71e4e3557 0.217s
2025-04-16 07:39:52.191 67385 INFO tempest.lib.common.rest_client [req-c7b0b8c1-acc6-42c5-b6ba-a0676e2249e6 req-c7b0b8c1-acc6-42c5-b6ba-a0676e2249e6 ] Request (ServerGroupTestJSON:test_create_server_with_scheduler_hint_group): 200 GET http://10.180.1.21/compute/v2.1/servers/14293002-9e0b-4e4c-b4c5-9c726995dde0 0.208s
2025-04-16 07:39:52.233 67361 INFO tempest.lib.common.rest_client [req-96ed4e3e-441d-4770-b88b-23cc50dcbeab req-96ed4e3e-441d-4770-b88b-23cc50dcbeab ] Request (SecurityGroupsTestJSON:test_server_security_groups): 200 GET http://10.180.1.21/compute/v2.1/servers/4ce5668d-b588-4b92-bcc9-11d03eff2a84 0.209s
2025-04-16 07:39:52.240 67367 INFO tempest.lib.common.rest_client [req-a7b7104d-7931-4be9-a0e1-01b642e446c4 req-a7b7104d-7931-4be9-a0e1-01b642e446c4 ] Request (AttachVolumeNegativeTest:test_attach_attached_volume_to_same_server): 200 GET http://10.180.1.21/compute/v2.1/servers/691eb0c7-b6f0-45ff-92fb-1e47d38587f6 0.171s
2025-04-16 07:39:52.284 67387 INFO tempest.lib.common.rest_client [req-34e4bac9-8833-4a3b-bc8d-de40d22c302d req-34e4bac9-8833-4a3b-bc8d-de40d22c302d ] Request (ServersTestBootFromVolume:setUpClass): 200 GET http://10.180.1.21/compute/v2.1/servers/d3ea7ca6-6832-4e5c-ae89-40eb286c8bd9 0.172s
2025-04-16 07:39:52.301 67357 INFO tempest.lib.common.rest_client [req-d68595c0-80d1-459f-bfcd-b2cfa87a22e9 req-d68595c0-80d1-459f-bfcd-b2cfa87a22e9 ] Request (ServerActionsV293TestJSON:setUpClass): 200 GET http://10.180.1.21/compute/v2.1/servers/12dd51ad-bb48-4166-a208-0c8f6dd044fe 0.166s
2025-04-16 07:39:52.349 67413 INFO tempest.lib.common.rest_client [req-0375686a-2dc1-482c-9a20-2502bae9e74c req-0375686a-2dc1-482c-9a20-2502bae9e74c ] Request (ServersTestJSON:test_create_server_with_ipv6_addr_only): 200 GET http://10.180.1.21/compute/v2.1/servers/61b77ab6-94d4-4a69-a2f5-b472215c46e7 0.112s
2025-04-16 07:39:52.398 67409 INFO tempest.lib.common.rest_client [req-37e1ca90-2c2f-48a1-99ee-a6992674ceae req-37e1ca90-2c2f-48a1-99ee-a6992674ceae ] Request (ServersAdminNegativeTestJSON:setUpClass): 200 GET http://10.180.1.21/compute/v2.1/servers/b47e3b03-7b84-4305-a55c-577401e5acf3 0.183s
2025-04-16 07:39:52.403 67359 INFO tempest.lib.common.rest_client [req-413f2870-1f01-4330-b034-0830d25a2598 req-413f2870-1f01-4330-b034-0830d25a2598 ] Request (AttachInterfacesTestJSON:test_create_list_show_delete_interfaces_by_network_port): 200 GET http://10.180.1.21/compute/v2.1/servers/ad0b7a66-fcec-4aa9-8a86-aaa24ad9698c 0.114s
2025-04-16 07:39:52.450 67381 INFO tempest.lib.common.rest_client [req-f22129a5-3ac4-4d81-8137-3c93841e22b1 req-f22129a5-3ac4-4d81-8137-3c93841e22b1 ] Request (ServersNegativeTestJSON:setUpClass): 200 GET http://10.180.1.21/compute/v2.1/servers/fd9b8dbe-0dc9-4072-93b3-6a06fdd1cd25 0.117s
2025-04-16 07:39:52.490 67371 INFO tempest.lib.common.rest_client [req-00dc834d-87cc-4ee0-bd19-39eb0f9f750b req-00dc834d-87cc-4ee0-bd19-39eb0f9f750b ] Request (HostsAdminNegativeTestJSON:tearDownClass): 200 GET http://10.180.1.21:9696/networking/v2.0/security-groups?tenant_id=4ff6b6e6f4344d25b4e6043810497ff5&name=default 0.323s
2025-04-16 07:39:52.499 67377 INFO tempest.lib.common.rest_client [req-24f1d043-7223-44b9-abd9-2059ae5b48c0 req-24f1d043-7223-44b9-abd9-2059ae5b48c0 ] Request (FloatingIPsAssociationNegativeTestJSON:setUpClass): 200 GET http://10.180.1.21/compute/v2.1/servers/8275c0cc-71d8-4e9c-a324-3955fe1a9943 0.120s
2025-04-16 07:39:52.529 67363 INFO tempest.lib.common.rest_client [req-6fff865c-35ea-4bc2-9a3c-31cb8e5659d8 req-6fff865c-35ea-4bc2-9a3c-31cb8e5659d8 ] Request (ServerExternalEventsTest:test_create_server_external_events): 200 GET http://10.180.1.21/compute/v2.1/servers/c9a491fe-aff4-4b4f-bcfb-dd56f1010576 0.218s
2025-04-16 07:39:52.602 67371 INFO tempest.lib.common.rest_client [req-1271867c-b919-4ece-bec7-88739db0e01d req-1271867c-b919-4ece-bec7-88739db0e01d ] Request (HostsAdminNegativeTestJSON:tearDownClass): 204 DELETE http://10.180.1.21:9696/networking/v2.0/security-groups/5866c38c-a54b-4921-b1c5-e4751ec712d3 0.111s
2025-04-16 07:39:52.608 67415 INFO tempest.lib.common.rest_client [req-bc1e94ce-315e-4393-9568-a55f380a3306 req-bc1e94ce-315e-4393-9568-a55f380a3306 ] Request (ImagesNegativeTestJSON:test_create_image_from_deleted_server): 200 GET http://10.180.1.21/compute/v2.1/servers/47856710-dd0d-4d4a-9af4-ae3db29510e9 0.151s
2025-04-16 07:39:52.696 67371 INFO tempest.lib.common.rest_client [req-136341e7-cc43-447f-9a3f-46022729d7ef req-136341e7-cc43-447f-9a3f-46022729d7ef ] Request (HostsAdminNegativeTestJSON:tearDownClass): 204 DELETE http://10.180.1.21/identity/v3/projects/4ff6b6e6f4344d25b4e6043810497ff5 0.093s
2025-04-16 07:39:52.768 67371 INFO tempest.lib.common.rest_client [req-4b828fc0-d56d-48a8-a433-d1ce558e7855 req-4b828fc0-d56d-48a8-a433-d1ce558e7855 ] Request (HypervisorAdminV253TestBase:setUpClass): 201 POST http://10.180.1.21/identity/v3/auth/tokens 0.067s
2025-04-16 07:39:52.797 67371 INFO tempest.lib.common.rest_client [req-a9321605-b7f7-4d79-bd69-03f926995abc req-a9321605-b7f7-4d79-bd69-03f926995abc ] Request (HypervisorAdminV253TestBase:setUpClass): 201 POST http://10.180.1.21/identity/v3/auth/tokens 0.026s
2025-04-16 07:39:52.822 67371 INFO tempest.lib.common.rest_client [req-4c8db9d2-5a19-4ef5-a6d3-a837e5abe993 req-4c8db9d2-5a19-4ef5-a6d3-a837e5abe993 ] Request (HypervisorAdminV253TestBase:setUpClass): 200 GET http://10.180.1.21/identity/v3/domains?name=Default 0.025s
2025-04-16 07:39:52.854 67371 INFO tempest.lib.common.rest_client [req-6edc6b4f-7b31-4244-81ee-140a0ad12c30 req-6edc6b4f-7b31-4244-81ee-140a0ad12c30 ] Request (HypervisorAdminV253TestBase:setUpClass): 201 POST http://10.180.1.21/identity/v3/projects 0.032s
2025-04-16 07:39:52.911 67373 INFO tempest.lib.common.rest_client [req-556c33c8-28b5-4452-8738-7e9f168eaddf req-556c33c8-28b5-4452-8738-7e9f168eaddf ] Request (ImagesOneServerNegativeTestJSON:setUpClass): 200 GET http://10.180.1.21/compute/v2.1/servers/f2ce3bf9-e6fe-4b9b-8af1-5c18b4a7b605 0.141s
2025-04-16 07:39:52.921 67371 INFO tempest.lib.common.rest_client [req-bf887a2b-5c47-4f21-b3c3-e2958dd72f3c req-bf887a2b-5c47-4f21-b3c3-e2958dd72f3c ] Request (HypervisorAdminV253TestBase:setUpClass): 201 POST http://10.180.1.21/identity/v3/users 0.066s
2025-04-16 07:39:52.921 67375 INFO tempest.lib.common.rest_client [req-446fd477-9d7a-463e-ba58-5f21e6729cb2 req-446fd477-9d7a-463e-ba58-5f21e6729cb2 ] Request (InstanceActionsV221TestJSON:test_get_list_deleted_instance_actions): 200 GET http://10.180.1.21/compute/v2.1/servers/28bf23c6-d36a-4822-9569-c825a7366ed4 0.136s
2025-04-16 07:39:52.943 67371 INFO tempest.lib.common.rest_client [req-a6b3030e-143f-46fb-a4c6-86e4be64b66f req-a6b3030e-143f-46fb-a4c6-86e4be64b66f ] Request (HypervisorAdminV253TestBase:setUpClass): 200 GET http://10.180.1.21/identity/v3/roles 0.021s
2025-04-16 07:39:52.966 67369 INFO tempest.lib.common.rest_client [req-86ec4f9a-1bf5-4bf4-928a-553d4cdad19f req-86ec4f9a-1bf5-4bf4-928a-553d4cdad19f ] Request (InstanceActionsNegativeTestJSON:setUpClass): 200 GET http://10.180.1.21/compute/v2.1/servers/b1b04cd3-c691-4689-a7c4-d97798668092 0.129s
2025-04-16 07:39:52.979 67371 INFO tempest.lib.common.rest_client [req-30d9c4eb-5e21-485f-93a0-85d04578e262 req-30d9c4eb-5e21-485f-93a0-85d04578e262 ] Request (HypervisorAdminV253TestBase:setUpClass): 204 PUT http://10.180.1.21/identity/v3/projects/4c2bdd713b334a98b1e529e3155cb3aa/users/45d9e9427df84f2cbc9679d8e25b35cd/roles/0a93d49902d5432d97d631ca2f66ddb7 0.035s
2025-04-16 07:39:52.979 67371 INFO tempest.lib.common.dynamic_creds [-] Dynamic test user 45d9e9427df84f2cbc9679d8e25b35cd is created with scope project and roles: ['member']
2025-04-16 07:39:52.979 67371 INFO tempest.lib.common.dynamic_creds [-] Acquired dynamic creds: credentials: Credentials: {'domain_id': 'default', 'domain_name': 'Default', 'username': 'tempest-HypervisorAdminV253TestBase-1964777381-project-member', 'project_domain_id': 'default', 'project_domain_name': 'Default', 'project_id': '4c2bdd713b334a98b1e529e3155cb3aa', 'project_name': 'tempest-HypervisorAdminV253TestBase-1964777381', 'tenant_id': '4c2bdd713b334a98b1e529e3155cb3aa', 'tenant_name': 'tempest-HypervisorAdminV253TestBase-1964777381', 'user_domain_id': 'default', 'user_domain_name': 'Default', 'user_id': '45d9e9427df84f2cbc9679d8e25b35cd', 'system': None}, Network: None, Subnet: None, Router: None
2025-04-16 07:39:52.980 67371 INFO tempest.lib.common.dynamic_creds [-] Created isolated network resources for: credentials: Credentials: {'domain_id': 'default', 'domain_name': 'Default', 'username': 'tempest-HypervisorAdminV253TestBase-1964777381-project-member', 'project_domain_id': 'default', 'project_domain_name': 'Default', 'project_id': '4c2bdd713b334a98b1e529e3155cb3aa', 'project_name': 'tempest-HypervisorAdminV253TestBase-1964777381', 'tenant_id': '4c2bdd713b334a98b1e529e3155cb3aa', 'tenant_name': 'tempest-HypervisorAdminV253TestBase-1964777381', 'user_domain_id': 'default', 'user_domain_name': 'Default', 'user_id': '45d9e9427df84f2cbc9679d8e25b35cd', 'system': None}, Network: None, Subnet: None, Router: None
2025-04-16 07:39:53.035 67365 INFO tempest.lib.common.rest_client [req-8e7fafb4-45d7-416f-b96a-1c08122102ce req-8e7fafb4-45d7-416f-b96a-1c08122102ce ] Request (ServerActionsTestOtherA:setUpClass): 201 POST http://10.180.1.21:9696/networking/v2.0/routers 0.925s
2025-04-16 07:39:53.041 67417 INFO tempest.lib.common.rest_client [req-41be6566-d4e7-4dc7-8836-8683d6892cb1 req-41be6566-d4e7-4dc7-8836-8683d6892cb1 ] Request (ServersTestFqdnHostnames:test_create_server_with_fqdn_name): 200 GET http://10.180.1.21/compute/v2.1/servers/7e46e878-1564-4f3b-baa5-5c99d7e04d80 0.175s
2025-04-16 07:39:53.075 67411 INFO tempest.lib.common.rest_client [req-872cf4e6-d927-470f-a539-80546e456f65 req-872cf4e6-d927-470f-a539-80546e456f65 ] Request (MigrationsAdminTest:test_list_migrations_in_flavor_resize_situation): 200 GET http://10.180.1.21/compute/v2.1/servers/39b67ef8-fce0-4bf3-b161-b5fbd588214b 0.112s
2025-04-16 07:39:53.084 67371 INFO tempest.lib.common.rest_client [req-ee88b609-d2f4-41fe-8d82-4681aa418b74 req-ee88b609-d2f4-41fe-8d82-4681aa418b74 ] Request (HypervisorAdminV253TestBase:setUpClass): 201 POST http://10.180.1.21/identity/v3/auth/tokens 0.100s
2025-04-16 07:39:53.136 67405 INFO tempest.lib.common.rest_client [req-439c888e-bd58-46d3-bc42-a94538d588c9 req-439c888e-bd58-46d3-bc42-a94538d588c9 ] Request (ServersTestMultiNic:test_verify_multiple_nics_order): 200 GET http://10.180.1.21/compute/v2.1/servers/c8c85f1c-6876-4632-a2d6-a835912d3285 0.140s
2025-04-16 07:39:53.166 67371 INFO tempest.lib.common.rest_client [req-c5e6137f-94e0-4cff-907d-e289b8a60b75 req-c5e6137f-94e0-4cff-907d-e289b8a60b75 ] Request (HypervisorAdminV253TestBase:setUpClass): 201 POST http://10.180.1.21/identity/v3/projects 0.082s
2025-04-16 07:39:53.227 67399 INFO tempest.lib.common.rest_client [req-f5da0cae-4eb7-454f-b0ad-e50f3b970797 req-f5da0cae-4eb7-454f-b0ad-e50f3b970797 ] Request (ServersAdminTestJSON:setUpClass): 200 GET http://10.180.1.21/compute/v2.1/servers/aaa80cb4-a8b2-4f83-97d5-aa1e0e2383f5 0.121s
2025-04-16 07:39:53.232 67371 INFO tempest.lib.common.rest_client [req-f1770e63-4a1c-4890-802d-29ffa602333e req-f1770e63-4a1c-4890-802d-29ffa602333e ] Request (HypervisorAdminV253TestBase:setUpClass): 201 POST http://10.180.1.21/identity/v3/users 0.066s
2025-04-16 07:39:53.246 67408 INFO tempest.lib.common.rest_client [req-9fc7963c-680f-4b9c-9d87-5a43b406ffc7 req-9fc7963c-680f-4b9c-9d87-5a43b406ffc7 ] Request (DeleteServersAdminTestJSON:test_admin_delete_servers_of_others): 200 GET http://10.180.1.21/compute/v2.1/servers/fd5bdebf-fc65-47e3-8a3e-b0c196c9f90c 0.120s
2025-04-16 07:39:53.254 67371 INFO tempest.lib.common.rest_client [req-fc4fae1f-02a6-4a95-890b-0cf3cac1dedf req-fc4fae1f-02a6-4a95-890b-0cf3cac1dedf ] Request (HypervisorAdminV253TestBase:setUpClass): 200 GET http://10.180.1.21/identity/v3/roles 0.021s
2025-04-16 07:39:53.274 67390 INFO tempest.lib.common.rest_client [req-0adb5964-bed5-4cc0-b552-0c98d5f23031 req-0adb5964-bed5-4cc0-b552-0c98d5f23031 ] Request (ServerDiskConfigTestJSON:test_rebuild_server_with_manual_disk_config): 200 GET http://10.180.1.21/compute/v2.1/servers/3b2e1650-ee7f-46a2-94db-1a611384be03 0.118s
2025-04-16 07:39:53.288 67371 INFO tempest.lib.common.rest_client [req-cf82cf6a-612d-4007-8e73-82bd042bbbc6 req-cf82cf6a-612d-4007-8e73-82bd042bbbc6 ] Request (HypervisorAdminV253TestBase:setUpClass): 204 PUT http://10.180.1.21/identity/v3/projects/a25a0f3e0e0e452f9957bbb906deefd8/users/b52c0b97b62349c6b17158d887f4e1ca/roles/de7e1ddeb0c9474d8fd73500f13b7c68 0.034s
2025-04-16 07:39:53.289 67401 INFO tempest.lib.common.rest_client [req-d9b0d22e-13b5-4d67-928a-b41c32374bac req-d9b0d22e-13b5-4d67-928a-b41c32374bac ] Request (AttachInterfacesUnderV243Test:test_add_remove_fixed_ip): 200 GET http://10.180.1.21/compute/v2.1/servers/c5368926-ed52-414f-9342-27c71e4e3557 0.106s
2025-04-16 07:39:53.329 67385 INFO tempest.lib.common.rest_client [req-9a5d2567-13cf-412d-984d-9a07005eb800 req-9a5d2567-13cf-412d-984d-9a07005eb800 ] Request (ServerGroupTestJSON:test_create_server_with_scheduler_hint_group): 200 GET http://10.180.1.21/compute/v2.1/servers/14293002-9e0b-4e4c-b4c5-9c726995dde0 0.132s
2025-04-16 07:39:53.345 67361 INFO tempest.lib.common.rest_client [req-8bca05dc-adce-4096-8833-e8a68f836263 req-8bca05dc-adce-4096-8833-e8a68f836263 ] Request (SecurityGroupsTestJSON:test_server_security_groups): 200 GET http://10.180.1.21/compute/v2.1/servers/4ce5668d-b588-4b92-bcc9-11d03eff2a84 0.105s
2025-04-16 07:39:53.361 67371 INFO tempest.lib.common.rest_client [req-861f7861-ee25-4896-b4e9-911948508991 req-861f7861-ee25-4896-b4e9-911948508991 ] Request (HypervisorAdminV253TestBase:setUpClass): 200 GET http://10.180.1.21/identity/v3/roles 0.071s
2025-04-16 07:39:53.382 67367 INFO tempest.lib.common.rest_client [req-a28dca7e-a1fe-48af-9530-07abc6cfaac1 req-a28dca7e-a1fe-48af-9530-07abc6cfaac1 ] Request (AttachVolumeNegativeTest:test_attach_attached_volume_to_same_server): 200 GET http://10.180.1.21/compute/v2.1/servers/691eb0c7-b6f0-45ff-92fb-1e47d38587f6 0.135s
