2025-04-16 07:38:12.056 67385 INFO tempest.lib.common.rest_client [req-b042a367-28f2-4948-af23-1d4030c15a83 req-b042a367-28f2-4948-af23-1d4030c15a83 ] Request (ServerGroupTestJSON:test_create_delete_multiple_server_groups_with_same_name_policy): 200 POST http://10.180.1.21/compute/v2.1/os-server-groups 2.665s
2025-04-16 07:38:12.071 67367 INFO tempest.lib.common.rest_client [req-20941212-d136-4627-8474-c530f54d372d req-20941212-d136-4627-8474-c530f54d372d ] Request (AttachVolumeNegativeTest:setUpClass): 200 PUT http://10.180.1.21:9696/networking/v2.0/routers/a9413b1b-17df-472c-927d-4ab2b933cd59/add_router_interface 4.198s
2025-04-16 07:38:12.072 67367 INFO tempest.lib.common.dynamic_creds [-] Created isolated network resources for: credentials: Credentials: {'domain_id': 'default', 'domain_name': 'Default', 'username': 'tempest-AttachVolumeNegativeTest-1306521917-project-member', 'project_domain_id': 'default', 'project_domain_name': 'Default', 'project_id': '3b7e2cd467d640f2bb507edfd8999144', 'project_name': 'tempest-AttachVolumeNegativeTest-1306521917', 'tenant_id': '3b7e2cd467d640f2bb507edfd8999144', 'tenant_name': 'tempest-AttachVolumeNegativeTest-1306521917', 'user_domain_id': 'default', 'user_domain_name': 'Default', 'user_id': '890f9d7355964fe6a6e00240a2b587d6', 'system': None}, Network: {'id': 'a568d3c8-ebfa-4b54-8e37-1a82717a0ed2', 'name': 'tempest-AttachVolumeNegativeTest-172146224-network', 'tenant_id': '3b7e2cd467d640f2bb507edfd8999144', 'admin_state_up': True, 'mtu': 8950, 'status': 'ACTIVE', 'subnets': [], 'shared': False, 'project_id': '3b7e2cd467d640f2bb507edfd8999144', 'port_security_enabled': True, 'router:external': False, 'provider:network_type': 'vlan', 'provider:physical_network': 'default', 'provider:segmentation_id': 250, 'is_default': False, 'availability_zone_hints': [], 'availability_zones': [], 'ipv4_address_scope': None, 'ipv6_address_scope': None, 'description': '', 'tags': [], 'created_at': '2025-04-16T07:38:04Z', 'updated_at': '2025-04-16T07:38:04Z', 'revision_number': 1}, Subnet: {'id': 'a207c694-6208-486e-8639-6c6a05634f47', 'name': 'tempest-AttachVolumeNegativeTest-172146224-subnet', 'tenant_id': '3b7e2cd467d640f2bb507edfd8999144', 'network_id': 'a568d3c8-ebfa-4b54-8e37-1a82717a0ed2', 'ip_version': 4, 'subnetpool_id': None, 'enable_dhcp': True, 'ipv6_ra_mode': None, 'ipv6_address_mode': None, 'gateway_ip': '192.168.128.1', 'cidr': '192.168.128.0/28', 'allocation_pools': [{'start': '192.168.128.2', 'end': '192.168.128.14'}], 'host_routes': [], 'dns_nameservers': [], 'description': '', 'service_types': [], 'tags': [], 'created_at': '2025-04-16T07:38:05Z', 'updated_at': '2025-04-16T07:38:05Z', 'revision_number': 0, 'project_id': '3b7e2cd467d640f2bb507edfd8999144'}, Router: {'id': 'a9413b1b-17df-472c-927d-4ab2b933cd59', 'name': 'tempest-AttachVolumeNegativeTest-172146224-router', 'tenant_id': '3b7e2cd467d640f2bb507edfd8999144', 'admin_state_up': True, 'status': 'ACTIVE', 'external_gateway_info': {'network_id': '3092fbe0-a651-478d-8e1c-8ad0287a4f20', 'external_fixed_ips': [{'subnet_id': '2e3246ae-f0e4-475d-8163-dcc370a40f01', 'ip_address': '10.180.180.253'}], 'enable_snat': True}, 'description': '', 'availability_zones': [], 'distributed': False, 'ha': False, 'availability_zone_hints': [], 'routes': [], 'flavor_id': None, 'tags': [], 'created_at': '2025-04-16T07:38:05Z', 'updated_at': '2025-04-16T07:38:07Z', 'revision_number': 2, 'project_id': '3b7e2cd467d640f2bb507edfd8999144'}
2025-04-16 07:38:12.102 67381 INFO tempest.lib.common.rest_client [req-376a15a6-19d3-4251-8083-8fb563fbef6c req-376a15a6-19d3-4251-8083-8fb563fbef6c ] Request (FloatingIPsAssociationTestJSON:setUpClass): 201 POST http://10.180.1.21/identity/v3/auth/tokens 0.073s
2025-04-16 07:38:12.102 67381 INFO tempest.lib.common.fixed_network [-] (FloatingIPsAssociationTestJSON:setUpClass) Found network {'id': 'f810e581-b8ee-4b76-a777-ace75b372a28', 'name': 'tempest-FloatingIPsAssociationTestJSON-899817182-network', 'tenant_id': '4fa4d392a8764ff19b316176f98fccf1', 'admin_state_up': True, 'mtu': 8950, 'status': 'ACTIVE', 'subnets': [], 'shared': False, 'project_id': '4fa4d392a8764ff19b316176f98fccf1', 'port_security_enabled': True, 'router:external': False, 'provider:network_type': 'vlan', 'provider:physical_network': 'default', 'provider:segmentation_id': 391, 'is_default': False, 'availability_zone_hints': [], 'availability_zones': [], 'ipv4_address_scope': None, 'ipv6_address_scope': None, 'description': '', 'tags': [], 'created_at': '2025-04-16T07:37:59Z', 'updated_at': '2025-04-16T07:38:00Z', 'revision_number': 1} available for tenant
2025-04-16 07:38:12.140 67408 INFO tempest.lib.common.rest_client [req-187e160e-2923-480c-9472-951b00a8367c req-187e160e-2923-480c-9472-951b00a8367c ] Request (DeleteServersAdminTestJSON:test_admin_delete_servers_of_others): 200 GET http://10.180.1.21/compute/v2.1/servers/fd5bdebf-fc65-47e3-8a3e-b0c196c9f90c 2.600s
2025-04-16 07:38:12.157 67367 INFO tempest.lib.common.rest_client [req-e688d893-1f60-453c-b1b2-abd22cd6450c req-e688d893-1f60-453c-b1b2-abd22cd6450c ] Request (AttachVolumeNegativeTest:setUpClass): 201 POST http://10.180.1.21/identity/v3/auth/tokens 0.080s
2025-04-16 07:38:12.181 67375 INFO tempest.lib.common.rest_client [req-ea584139-8edc-4989-b357-db323628cc08 req-ea584139-8edc-4989-b357-db323628cc08 ] Request (InstanceActionsV221TestJSON:test_get_list_deleted_instance_actions): 200 GET http://10.180.1.21/compute/v2.1/servers/28bf23c6-d36a-4822-9569-c825a7366ed4 2.282s
2025-04-16 07:38:12.189 67397 INFO tempest.lib.common.rest_client [req-5161eee1-084f-4e41-8d7d-1f672095d0c5 req-5161eee1-084f-4e41-8d7d-1f672095d0c5 ] Request (ServerRescueTestJSON:tearDownClass): 200 GET http://10.180.1.21:9696/networking/v2.0/security-groups?tenant_id=3e6ec87f76fb4985b80800f4d2f53033&name=default 0.163s
2025-04-16 07:38:12.192 67371 INFO tempest.lib.common.rest_client [req-daabc9dc-0290-4865-b747-a20e16063038 req-daabc9dc-0290-4865-b747-a20e16063038 ] Request (VolumesAssistedSnapshotsTest:test_volume_assisted_snapshot_create_delete): 200 GET http://10.180.1.21/compute/v2.1/servers/9ebfb760-6b10-4ea7-8276-f5e8b1ec6208 2.131s
2025-04-16 07:38:12.200 67401 INFO tempest.lib.common.rest_client [req-0110b930-b5c0-47a6-84a9-493e849b3763 req-0110b930-b5c0-47a6-84a9-493e849b3763 ] Request (FlavorsAdminTestJSON:test_is_public_string_variations): 200 GET http://10.180.1.21/compute/v2.1/flavors/detail?is_public=1 2.010s
2025-04-16 07:38:12.206 67377 INFO tempest.lib.common.rest_client [req-b10902a0-a3b7-4656-88ca-7df16c2d852c req-b10902a0-a3b7-4656-88ca-7df16c2d852c ] Request (AggregatesAdminNegativeTestJSON:_run_cleanups): 200 DELETE http://10.180.1.21/compute/v2.1/os-aggregates/8 1.998s
2025-04-16 07:38:12.208 67413 INFO tempest.lib.common.rest_client [req-686c4268-5021-4a78-9039-5ba0bd504637 req-686c4268-5021-4a78-9039-5ba0bd504637 ] Request (ServicesAdminNegativeTestJSON:tearDownClass): 200 GET http://10.180.1.21:9696/networking/v2.0/security-groups?tenant_id=bde03d776e8249919a12a50bdf4b167b&name=default 0.560s
2025-04-16 07:38:12.208 67403 INFO tempest.lib.common.rest_client [req-d0c2a45a-1d38-4820-9baf-1afd723dc068 req-d0c2a45a-1d38-4820-9baf-1afd723dc068 ] Request (VolumesNegativeTest:test_delete_volume_without_passing_volume_id): 404 DELETE http://10.180.1.21/compute/v2.1/os-volumes/ 1.941s
2025-04-16 07:38:12.314 67397 INFO tempest.lib.common.rest_client [req-0ec7baf2-2706-4569-acb4-0fc4827af683 req-0ec7baf2-2706-4569-acb4-0fc4827af683 ] Request (ServerRescueTestJSON:tearDownClass): 204 DELETE http://10.180.1.21:9696/networking/v2.0/security-groups/50896375-f360-4ec3-815d-2a7d52eccefd 0.124s
2025-04-16 07:38:12.336 67377 INFO tempest.lib.common.rest_client [req-681d4d28-241e-4292-91f6-83aa379ecc37 req-681d4d28-241e-4292-91f6-83aa379ecc37 ] Request (AggregatesAdminNegativeTestJSON:tearDownClass): 204 DELETE http://10.180.1.21/identity/v3/users/b9076617b5404109ae9fb8976e3a17b0 0.128s
2025-04-16 07:38:12.434 67413 INFO tempest.lib.common.rest_client [req-6a4ce026-d586-41df-820f-c72fc1109899 req-6a4ce026-d586-41df-820f-c72fc1109899 ] Request (ServicesAdminNegativeTestJSON:tearDownClass): 204 DELETE http://10.180.1.21:9696/networking/v2.0/security-groups/02f01e6c-538a-46c1-a0e9-25843d37ab1b 0.225s
2025-04-16 07:38:12.438 67397 INFO tempest.lib.common.rest_client [req-85188d1e-4f7e-4d03-8a39-31ae3156acff req-85188d1e-4f7e-4d03-8a39-31ae3156acff ] Request (ServerRescueTestJSON:tearDownClass): 204 DELETE http://10.180.1.21/identity/v3/projects/3e6ec87f76fb4985b80800f4d2f53033 0.124s
2025-04-16 07:38:12.453 67377 INFO tempest.lib.common.rest_client [req-aa3fb3f4-503e-4a11-b682-f75982dd11c3 req-aa3fb3f4-503e-4a11-b682-f75982dd11c3 ] Request (AggregatesAdminNegativeTestJSON:tearDownClass): 204 DELETE http://10.180.1.21/identity/v3/users/ef2fef57469d4b2aa6432230e497669e 0.116s
2025-04-16 07:38:12.453 67377 INFO tempest.lib.common.dynamic_creds [-] Deleting project and security group for project: cb25c248266e494e9f79527201490a4a
2025-04-16 07:38:12.483 67387 INFO tempest.lib.common.rest_client [req-289930c3-0f78-4b5f-a5bb-0a7e9389c9b0 req-289930c3-0f78-4b5f-a5bb-0a7e9389c9b0 ] Request (ServersTestBootFromVolume:setUpClass): 201 POST http://10.180.1.21:9696/networking/v2.0/subnets 0.897s
2025-04-16 07:38:12.526 67377 INFO tempest.lib.common.rest_client [req-17608f6c-d913-49ca-a256-d12c5ddea92a req-17608f6c-d913-49ca-a256-d12c5ddea92a ] Request (AggregatesAdminNegativeTestJSON:tearDownClass): 201 POST http://10.180.1.21/identity/v3/auth/tokens 0.073s
2025-04-16 07:38:12.562 67413 INFO tempest.lib.common.rest_client [req-b9c2efb2-710d-478a-96d0-73be7875e3fc req-b9c2efb2-710d-478a-96d0-73be7875e3fc ] Request (ServicesAdminNegativeTestJSON:tearDownClass): 204 DELETE http://10.180.1.21/identity/v3/projects/bde03d776e8249919a12a50bdf4b167b 0.128s
2025-04-16 07:38:12.563 67413 INFO tempest.test [-] raised in UpdateMultiattachVolumeNegativeTest.setUpClass. Invoking tearDownClass.
2025-04-16 07:38:12.632 67413 INFO tempest.lib.common.rest_client [req-8d84701b-283c-4bf5-9e49-5b5650c0d541 req-8d84701b-283c-4bf5-9e49-5b5650c0d541 ] Request (ServersTestJSON:setUpClass): 201 POST http://10.180.1.21/identity/v3/auth/tokens 0.064s
2025-04-16 07:38:12.664 67413 INFO tempest.lib.common.rest_client [req-8c2d4e61-735b-4916-a559-03afd9d3d6a5 req-8c2d4e61-735b-4916-a559-03afd9d3d6a5 ] Request (ServersTestJSON:setUpClass): 201 POST http://10.180.1.21/identity/v3/auth/tokens 0.030s
2025-04-16 07:38:12.685 67413 INFO tempest.lib.common.rest_client [req-76682321-942e-4616-b1ab-fa66ab5bc1fe req-76682321-942e-4616-b1ab-fa66ab5bc1fe ] Request (ServersTestJSON:setUpClass): 200 GET http://10.180.1.21/identity/v3/domains?name=Default 0.021s
2025-04-16 07:38:12.694 67390 INFO tempest.lib.common.rest_client [req-d21fefa8-0870-42d1-8ae5-8d2b0074fe25 req-d21fefa8-0870-42d1-8ae5-8d2b0074fe25 ] Request (VolumesAdminNegativeTest:tearDownClass): 200 PUT http://10.180.1.21:9696/networking/v2.0/routers/20ac4f26-26f6-4ea4-b4ad-03813263b494/remove_router_interface 3.333s
2025-04-16 07:38:12.722 67413 INFO tempest.lib.common.rest_client [req-1f3d6d69-e021-4e3a-b7bc-ecfb7b46721b req-1f3d6d69-e021-4e3a-b7bc-ecfb7b46721b ] Request (ServersTestJSON:setUpClass): 201 POST http://10.180.1.21/identity/v3/projects 0.035s
2025-04-16 07:38:12.792 67413 INFO tempest.lib.common.rest_client [req-81b0f62e-454e-4b91-a7f6-2b428ad8f540 req-81b0f62e-454e-4b91-a7f6-2b428ad8f540 ] Request (ServersTestJSON:setUpClass): 201 POST http://10.180.1.21/identity/v3/users 0.070s
2025-04-16 07:38:12.814 67413 INFO tempest.lib.common.rest_client [req-9703509a-11eb-4a15-9bf1-e15cc493c107 req-9703509a-11eb-4a15-9bf1-e15cc493c107 ] Request (ServersTestJSON:setUpClass): 200 GET http://10.180.1.21/identity/v3/roles 0.021s
2025-04-16 07:38:12.853 67413 INFO tempest.lib.common.rest_client [req-4c56ab64-9824-47a0-b443-26ad79b86f7d req-4c56ab64-9824-47a0-b443-26ad79b86f7d ] Request (ServersTestJSON:setUpClass): 204 PUT http://10.180.1.21/identity/v3/projects/cd99741d739b41389af2fda011bf2072/users/ad0899d61f214e3385c593094a4202c8/roles/0a93d49902d5432d97d631ca2f66ddb7 0.038s
2025-04-16 07:38:12.853 67413 INFO tempest.lib.common.dynamic_creds [-] Dynamic test user ad0899d61f214e3385c593094a4202c8 is created with scope project and roles: ['member']
2025-04-16 07:38:12.853 67413 INFO tempest.lib.common.dynamic_creds [-] Acquired dynamic creds: credentials: Credentials: {'domain_id': 'default', 'domain_name': 'Default', 'username': 'tempest-ServersTestJSON-1541738038-project-member', 'project_domain_id': 'default', 'project_domain_name': 'Default', 'project_id': 'cd99741d739b41389af2fda011bf2072', 'project_name': 'tempest-ServersTestJSON-1541738038', 'tenant_id': 'cd99741d739b41389af2fda011bf2072', 'tenant_name': 'tempest-ServersTestJSON-1541738038', 'user_domain_id': 'default', 'user_domain_name': 'Default', 'user_id': 'ad0899d61f214e3385c593094a4202c8', 'system': None}, Network: None, Subnet: None, Router: None
2025-04-16 07:38:12.915 67413 INFO tempest.lib.common.rest_client [req-32706daa-d60b-48b2-b8c4-d13ead6023f8 req-32706daa-d60b-48b2-b8c4-d13ead6023f8 ] Request (ServersTestJSON:setUpClass): 201 POST http://10.180.1.21/identity/v3/auth/tokens 0.061s
2025-04-16 07:38:12.920 67377 INFO tempest.lib.common.rest_client [req-e37e8d8c-4bb2-4d18-a770-b959a18d4278 req-e37e8d8c-4bb2-4d18-a770-b959a18d4278 ] Request (AggregatesAdminNegativeTestJSON:tearDownClass): 200 GET http://10.180.1.21:9696/networking/v2.0/security-groups?tenant_id=cb25c248266e494e9f79527201490a4a&name=default 0.393s
2025-04-16 07:38:13.004 67357 INFO tempest.lib.common.rest_client [req-bba46320-217d-42f4-b38f-e351c0508148 req-bba46320-217d-42f4-b38f-e351c0508148 ] Request (ServerActionsTestJSON:setUpClass): 202 POST http://10.180.1.21/compute/v2.1/servers 2.766s
2025-04-16 07:38:13.347 67377 INFO tempest.lib.common.rest_client [req-ba1d66f4-5c19-4bd6-867f-bc06bf236afc req-ba1d66f4-5c19-4bd6-867f-bc06bf236afc ] Request (AggregatesAdminNegativeTestJSON:tearDownClass): 204 DELETE http://10.180.1.21:9696/networking/v2.0/security-groups/f8032169-3f21-42e6-bbc6-2d70208c966a 0.427s
2025-04-16 07:38:13.418 67409 INFO tempest.lib.common.rest_client [req-9264441e-8dc9-4ea6-9b39-382295ec9c63 req-9264441e-8dc9-4ea6-9b39-382295ec9c63 ] Request (ServersAdminNegativeTestJSON:setUpClass): 200 GET http://10.180.1.21/compute/v2.1/servers/b47e3b03-7b84-4305-a55c-577401e5acf3 3.072s
2025-04-16 07:38:13.441 67377 INFO tempest.lib.common.rest_client [req-4e5f641c-edeb-4ce4-ab05-d80ddcd3e3b0 req-4e5f641c-edeb-4ce4-ab05-d80ddcd3e3b0 ] Request (AggregatesAdminNegativeTestJSON:tearDownClass): 204 DELETE http://10.180.1.21/identity/v3/projects/cb25c248266e494e9f79527201490a4a 0.093s
2025-04-16 07:38:13.441 67377 INFO tempest.lib.common.dynamic_creds [-] Deleting project and security group for project: a56f143fa5d7497ab3e20623dbceaf6d
2025-04-16 07:38:13.707 67377 INFO tempest.lib.common.rest_client [req-6957caec-4571-4686-b777-300868628e9f req-6957caec-4571-4686-b777-300868628e9f ] Request (AggregatesAdminNegativeTestJSON:tearDownClass): 200 GET http://10.180.1.21:9696/networking/v2.0/security-groups?tenant_id=a56f143fa5d7497ab3e20623dbceaf6d&name=default 0.266s
2025-04-16 07:38:13.755 67413 INFO tempest.lib.common.rest_client [req-36007f80-aea7-4c5e-aafc-c2ba1613b837 req-36007f80-aea7-4c5e-aafc-c2ba1613b837 ] Request (ServersTestJSON:setUpClass): 201 POST http://10.180.1.21:9696/networking/v2.0/networks 0.840s
2025-04-16 07:38:13.814 67361 INFO tempest.lib.common.rest_client [req-0f536360-2b27-4c15-bb02-7e873f4a1261 req-0f536360-2b27-4c15-bb02-7e873f4a1261 ] Request (SecurityGroupsTestJSON:test_security_groups_create_list_delete): 202 DELETE http://10.180.1.21/compute/v2.1/os-security-groups/c167facd-0b77-4a51-ad27-af9054d646c8 3.222s
2025-04-16 07:38:13.882 67405 INFO tempest.lib.common.rest_client [req-37af8965-05ee-4af1-a1bc-b2a4e6eee9e1 req-37af8965-05ee-4af1-a1bc-b2a4e6eee9e1 ] Request (ServersTestMultiNic:test_verify_duplicate_network_nics): 202 POST http://10.180.1.21/compute/v2.1/servers 3.573s
2025-04-16 07:38:13.923 67377 INFO tempest.lib.common.rest_client [req-9d8be829-016f-4322-9b72-0a72446ccc75 req-9d8be829-016f-4322-9b72-0a72446ccc75 ] Request (AggregatesAdminNegativeTestJSON:tearDownClass): 204 DELETE http://10.180.1.21:9696/networking/v2.0/security-groups/267ce4d1-ece2-4ec6-9a40-e524b6181342 0.214s
2025-04-16 07:38:13.978 67399 INFO tempest.lib.common.rest_client [req-f40e5e7e-5305-4b90-8a6c-b05998723985 req-f40e5e7e-5305-4b90-8a6c-b05998723985 ] Request (ServersAdminTestJSON:setUpClass): 200 PUT http://10.180.1.21:9696/networking/v2.0/routers/a692582f-b58b-455a-a762-d88df904000f/add_router_interface 3.474s
2025-04-16 07:38:13.978 67399 INFO tempest.lib.common.dynamic_creds [-] Created isolated network resources for: credentials: Credentials: {'domain_id': 'default', 'domain_name': 'Default', 'username': 'tempest-ServersAdminTestJSON-1224387270-project-member', 'project_domain_id': 'default', 'project_domain_name': 'Default', 'project_id': 'bd928c127fda4f18b2e0d88e98aa1691', 'project_name': 'tempest-ServersAdminTestJSON-1224387270', 'tenant_id': 'bd928c127fda4f18b2e0d88e98aa1691', 'tenant_name': 'tempest-ServersAdminTestJSON-1224387270', 'user_domain_id': 'default', 'user_domain_name': 'Default', 'user_id': '9df0e19972d9477386e4fc56ac48fc7c', 'system': None}, Network: {'id': 'af295a9e-efd6-4477-80aa-4a5a693c5086', 'name': 'tempest-ServersAdminTestJSON-885137633-network', 'tenant_id': 'bd928c127fda4f18b2e0d88e98aa1691', 'admin_state_up': True, 'mtu': 8950, 'status': 'ACTIVE', 'subnets': [], 'shared': False, 'project_id': 'bd928c127fda4f18b2e0d88e98aa1691', 'port_security_enabled': True, 'router:external': False, 'provider:network_type': 'vlan', 'provider:physical_network': 'default', 'provider:segmentation_id': 486, 'is_default': False, 'availability_zone_hints': [], 'availability_zones': [], 'ipv4_address_scope': None, 'ipv6_address_scope': None, 'description': '', 'tags': [], 'created_at': '2025-04-16T07:38:03Z', 'updated_at': '2025-04-16T07:38:04Z', 'revision_number': 1}, Subnet: {'id': '2f64f90c-4b81-4e56-b654-40585fa120af', 'name': 'tempest-ServersAdminTestJSON-885137633-subnet', 'tenant_id': 'bd928c127fda4f18b2e0d88e98aa1691', 'network_id': 'af295a9e-efd6-4477-80aa-4a5a693c5086', 'ip_version': 4, 'subnetpool_id': None, 'enable_dhcp': True, 'ipv6_ra_mode': None, 'ipv6_address_mode': None, 'gateway_ip': '192.168.128.1', 'cidr': '192.168.128.0/28', 'allocation_pools': [{'start': '192.168.128.2', 'end': '192.168.128.14'}], 'host_routes': [], 'dns_nameservers': [], 'description': '', 'service_types': [], 'tags': [], 'created_at': '2025-04-16T07:38:05Z', 'updated_at': '2025-04-16T07:38:05Z', 'revision_number': 0, 'project_id': 'bd928c127fda4f18b2e0d88e98aa1691'}, Router: {'id': 'a692582f-b58b-455a-a762-d88df904000f', 'name': 'tempest-ServersAdminTestJSON-885137633-router', 'tenant_id': 'bd928c127fda4f18b2e0d88e98aa1691', 'admin_state_up': True, 'status': 'ACTIVE', 'external_gateway_info': {'network_id': '3092fbe0-a651-478d-8e1c-8ad0287a4f20', 'external_fixed_ips': [{'subnet_id': '2e3246ae-f0e4-475d-8163-dcc370a40f01', 'ip_address': '10.180.180.203'}], 'enable_snat': True}, 'description': '', 'availability_zones': [], 'distributed': False, 'ha': False, 'availability_zone_hints': [], 'routes': [], 'flavor_id': None, 'tags': [], 'created_at': '2025-04-16T07:38:05Z', 'updated_at': '2025-04-16T07:38:08Z', 'revision_number': 2, 'project_id': 'bd928c127fda4f18b2e0d88e98aa1691'}
2025-04-16 07:38:13.983 67390 INFO tempest.lib.common.rest_client [req-9076b8d0-11ef-4b52-bde5-3142878d8ae5 req-9076b8d0-11ef-4b52-bde5-3142878d8ae5 ] Request (VolumesAdminNegativeTest:tearDownClass): 204 DELETE http://10.180.1.21:9696/networking/v2.0/routers/20ac4f26-26f6-4ea4-b4ad-03813263b494 1.288s
2025-04-16 07:38:14.029 67377 INFO tempest.lib.common.rest_client [req-08e79969-db5b-460e-878a-9a3a220135fb req-08e79969-db5b-460e-878a-9a3a220135fb ] Request (AggregatesAdminNegativeTestJSON:tearDownClass): 204 DELETE http://10.180.1.21/identity/v3/projects/a56f143fa5d7497ab3e20623dbceaf6d 0.106s
2025-04-16 07:38:14.030 67377 INFO tempest.test [-] raised in LiveMigrationTest.setUpClass. Invoking tearDownClass.
2025-04-16 07:38:14.059 67399 INFO tempest.lib.common.rest_client [req-28f18332-0415-4d83-ab8c-47620dcdd1fb req-28f18332-0415-4d83-ab8c-47620dcdd1fb ] Request (ServersAdminTestJSON:setUpClass): 201 POST http://10.180.1.21/identity/v3/auth/tokens 0.076s
2025-04-16 07:38:14.066 67415 INFO tempest.lib.common.rest_client [req-94717a6e-c9c5-4f99-b796-90e659df87e6 req-94717a6e-c9c5-4f99-b796-90e659df87e6 ] Request (ImagesNegativeTestJSON:test_create_image_from_deleted_server): 200 GET http://10.180.1.21/compute/v2.1/servers/47856710-dd0d-4d4a-9af4-ae3db29510e9 2.893s
2025-04-16 07:38:14.093 67377 INFO tempest.lib.common.rest_client [req-cadcbe88-390a-4977-b5a5-8a2215b1975b req-cadcbe88-390a-4977-b5a5-8a2215b1975b ] Request (ServerDiagnosticsNegativeTest:setUpClass): 201 POST http://10.180.1.21/identity/v3/auth/tokens 0.062s
2025-04-16 07:38:14.126 67377 INFO tempest.lib.common.rest_client [req-fe741417-c923-4812-a2e2-3609b4e8a3e8 req-fe741417-c923-4812-a2e2-3609b4e8a3e8 ] Request (ServerDiagnosticsNegativeTest:setUpClass): 201 POST http://10.180.1.21/identity/v3/auth/tokens 0.029s
2025-04-16 07:38:14.134 67417 INFO tempest.lib.common.rest_client [req-60309417-b51f-40cb-b0a3-6585f316725b req-60309417-b51f-40cb-b0a3-6585f316725b ] Request (ServersTestFqdnHostnames:test_create_server_with_fqdn_name): 200 GET http://10.180.1.21/compute/v2.1/servers/7e46e878-1564-4f3b-baa5-5c99d7e04d80 3.352s
2025-04-16 07:38:14.136 67399 INFO tempest.lib.common.rest_client [req-a274ec9b-767a-460a-8eb1-c61d7b1e6c05 req-a274ec9b-767a-460a-8eb1-c61d7b1e6c05 ] Request (ServersAdminTestJSON:setUpClass): 201 POST http://10.180.1.21/identity/v3/projects 0.076s
2025-04-16 07:38:14.151 67377 INFO tempest.lib.common.rest_client [req-47be6913-b07a-4928-b62c-7d896ed65684 req-47be6913-b07a-4928-b62c-7d896ed65684 ] Request (ServerDiagnosticsNegativeTest:setUpClass): 200 GET http://10.180.1.21/identity/v3/domains?name=Default 0.025s
2025-04-16 07:38:14.152 67391 INFO tempest.lib.common.rest_client [req-21632308-3fb6-4646-a061-711a9e09576d req-21632308-3fb6-4646-a061-711a9e09576d ] Request (ServerActionsTestOtherB:setUpClass): 200 GET http://10.180.1.21/compute/v2.1/servers/09351c39-4398-4eba-8dfc-fe393ec8f5fe 2.958s
2025-04-16 07:38:14.202 67399 INFO tempest.lib.common.rest_client [req-03cefc8f-1764-423f-a9eb-84363b87e831 req-03cefc8f-1764-423f-a9eb-84363b87e831 ] Request (ServersAdminTestJSON:setUpClass): 201 POST http://10.180.1.21/identity/v3/users 0.065s
2025-04-16 07:38:14.219 67390 INFO tempest.lib.common.rest_client [req-a7d8d792-30cd-4743-95a6-fa3c5a658f13 req-a7d8d792-30cd-4743-95a6-fa3c5a658f13 ] Request (VolumesAdminNegativeTest:tearDownClass): 204 DELETE http://10.180.1.21:9696/networking/v2.0/subnets/309ae1e4-72ef-49c9-baae-edce4a2235d5 0.235s
2025-04-16 07:38:14.219 67377 INFO tempest.lib.common.rest_client [req-278104d3-eb24-4372-b62f-71d23219602f req-278104d3-eb24-4372-b62f-71d23219602f ] Request (ServerDiagnosticsNegativeTest:setUpClass): 201 POST http://10.180.1.21/identity/v3/projects 0.064s
2025-04-16 07:38:14.220 67399 INFO tempest.lib.common.rest_client [req-59628970-cbe0-4ee4-936a-1de582a6dff1 req-59628970-cbe0-4ee4-936a-1de582a6dff1 ] Request (ServersAdminTestJSON:setUpClass): 200 GET http://10.180.1.21/identity/v3/roles 0.018s
2025-04-16 07:38:14.227 67413 INFO tempest.lib.common.rest_client [req-c3a64b74-4623-4107-9f11-ed08f5a32e28 req-c3a64b74-4623-4107-9f11-ed08f5a32e28 ] Request (ServersTestJSON:setUpClass): 201 POST http://10.180.1.21:9696/networking/v2.0/subnets 0.471s
2025-04-16 07:38:14.248 67387 INFO tempest.lib.common.rest_client [req-936108dd-6724-42b4-9253-2d47ee1cc6f5 req-936108dd-6724-42b4-9253-2d47ee1cc6f5 ] Request (ServersTestBootFromVolume:setUpClass): 201 POST http://10.180.1.21:9696/networking/v2.0/routers 1.765s
2025-04-16 07:38:14.276 67377 INFO tempest.lib.common.rest_client [req-5b518139-bc63-4717-9082-a9149ba95e10 req-5b518139-bc63-4717-9082-a9149ba95e10 ] Request (ServerDiagnosticsNegativeTest:setUpClass): 201 POST http://10.180.1.21/identity/v3/users 0.056s
2025-04-16 07:38:14.284 67399 INFO tempest.lib.common.rest_client [req-0461e390-4759-4cca-9a62-a9e26930c0b3 req-0461e390-4759-4cca-9a62-a9e26930c0b3 ] Request (ServersAdminTestJSON:setUpClass): 204 PUT http://10.180.1.21/identity/v3/projects/21900936c08f4079b62831d643fda182/users/2228fdd364ea456dbbe4bcae57f04da8/roles/de7e1ddeb0c9474d8fd73500f13b7c68 0.063s
2025-04-16 07:38:14.323 67377 INFO tempest.lib.common.rest_client [req-c9c8ad4a-aeb3-4991-a8c7-67b5cb91cc74 req-c9c8ad4a-aeb3-4991-a8c7-67b5cb91cc74 ] Request (ServerDiagnosticsNegativeTest:setUpClass): 200 GET http://10.180.1.21/identity/v3/roles 0.046s
2025-04-16 07:38:14.335 67399 INFO tempest.lib.common.rest_client [req-93389ecb-fffe-4f06-9286-c0abbcab2594 req-93389ecb-fffe-4f06-9286-c0abbcab2594 ] Request (ServersAdminTestJSON:setUpClass): 200 GET http://10.180.1.21/identity/v3/roles 0.050s
2025-04-16 07:38:14.350 67377 INFO tempest.lib.common.rest_client [req-77551205-294d-47ee-971e-dfb5cee3172f req-77551205-294d-47ee-971e-dfb5cee3172f ] Request (ServerDiagnosticsNegativeTest:setUpClass): 204 PUT http://10.180.1.21/identity/v3/projects/df0955c5637244dcac65f5cb902c9952/users/7f2bcc65d16a4c67adeb8a2e99aeed7b/roles/0a93d49902d5432d97d631ca2f66ddb7 0.027s
2025-04-16 07:38:14.350 67377 INFO tempest.lib.common.dynamic_creds [-] Dynamic test user 7f2bcc65d16a4c67adeb8a2e99aeed7b is created with scope project and roles: ['member']
2025-04-16 07:38:14.351 67377 INFO tempest.lib.common.dynamic_creds [-] Acquired dynamic creds: credentials: Credentials: {'domain_id': 'default', 'domain_name': 'Default', 'username': 'tempest-ServerDiagnosticsNegativeTest-1005014099-project-member', 'project_domain_id': 'default', 'project_domain_name': 'Default', 'project_id': 'df0955c5637244dcac65f5cb902c9952', 'project_name': 'tempest-ServerDiagnosticsNegativeTest-1005014099', 'tenant_id': 'df0955c5637244dcac65f5cb902c9952', 'tenant_name': 'tempest-ServerDiagnosticsNegativeTest-1005014099', 'user_domain_id': 'default', 'user_domain_name': 'Default', 'user_id': '7f2bcc65d16a4c67adeb8a2e99aeed7b', 'system': None}, Network: None, Subnet: None, Router: None
2025-04-16 07:38:14.351 67377 INFO tempest.lib.common.dynamic_creds [-] Created isolated network resources for: credentials: Credentials: {'domain_id': 'default', 'domain_name': 'Default', 'username': 'tempest-ServerDiagnosticsNegativeTest-1005014099-project-member', 'project_domain_id': 'default', 'project_domain_name': 'Default', 'project_id': 'df0955c5637244dcac65f5cb902c9952', 'project_name': 'tempest-ServerDiagnosticsNegativeTest-1005014099', 'tenant_id': 'df0955c5637244dcac65f5cb902c9952', 'tenant_name': 'tempest-ServerDiagnosticsNegativeTest-1005014099', 'user_domain_id': 'default', 'user_domain_name': 'Default', 'user_id': '7f2bcc65d16a4c67adeb8a2e99aeed7b', 'system': None}, Network: None, Subnet: None, Router: None
2025-04-16 07:38:14.356 67399 INFO tempest.lib.common.rest_client [req-49a074fc-af18-45d0-a51c-2134dd39f80e req-49a074fc-af18-45d0-a51c-2134dd39f80e ] Request (ServersAdminTestJSON:setUpClass): 204 PUT http://10.180.1.21/identity/v3/projects/21900936c08f4079b62831d643fda182/users/2228fdd364ea456dbbe4bcae57f04da8/roles/de7e1ddeb0c9474d8fd73500f13b7c68 0.021s
2025-04-16 07:38:14.357 67399 INFO tempest.lib.common.dynamic_creds [-] Dynamic test user 2228fdd364ea456dbbe4bcae57f04da8 is created with scope project and roles: ['admin']
2025-04-16 07:38:14.357 67399 INFO tempest.lib.common.dynamic_creds [-] Acquired dynamic creds: credentials: Credentials: {'domain_id': 'default', 'domain_name': 'Default', 'username': 'tempest-ServersAdminTestJSON-941498835-project-admin', 'project_domain_id': 'default', 'project_domain_name': 'Default', 'project_id': '21900936c08f4079b62831d643fda182', 'project_name': 'tempest-ServersAdminTestJSON-941498835', 'tenant_id': '21900936c08f4079b62831d643fda182', 'tenant_name': 'tempest-ServersAdminTestJSON-941498835', 'user_domain_id': 'default', 'user_domain_name': 'Default', 'user_id': '2228fdd364ea456dbbe4bcae57f04da8', 'system': None}, Network: None, Subnet: None, Router: None
2025-04-16 07:38:14.423 67377 INFO tempest.lib.common.rest_client [req-ac913f9c-1c08-4547-a782-842a9eeb0a20 req-ac913f9c-1c08-4547-a782-842a9eeb0a20 ] Request (ServerDiagnosticsNegativeTest:setUpClass): 201 POST http://10.180.1.21/identity/v3/auth/tokens 0.065s
2025-04-16 07:38:14.438 67393 INFO tempest.lib.common.rest_client [req-1cb0bc89-86de-4bf4-be64-db0070dd4488 req-1cb0bc89-86de-4bf4-be64-db0070dd4488 ] Request (SecurityGroupRulesNegativeTestJSON:tearDownClass): 202 DELETE http://10.180.1.21/compute/v2.1/os-security-groups/6c465a90-f564-4f2c-8c9e-bd38c8704798 2.797s
2025-04-16 07:38:14.468 67379 INFO tempest.lib.common.rest_client [req-02f3630c-7e43-4f9e-af5e-ac7fb6fb75b2 req-02f3630c-7e43-4f9e-af5e-ac7fb6fb75b2 ] Request (AttachInterfacesV270Test:test_create_get_list_interfaces): 404 GET http://10.180.1.21/compute/v2.1/servers/85929b04-535b-4c88-9159-4f07431d5ab5 2.476s
2025-04-16 07:38:14.493 67377 INFO tempest.lib.common.rest_client [req-ebb3134e-8651-4cbc-b7c2-2b7ee45d8bf3 req-ebb3134e-8651-4cbc-b7c2-2b7ee45d8bf3 ] Request (ServerDiagnosticsNegativeTest:setUpClass): 201 POST http://10.180.1.21/identity/v3/projects 0.070s
2025-04-16 07:38:14.568 67377 INFO tempest.lib.common.rest_client [req-403d4073-c93e-408c-aa7f-3e2a1ae903a6 req-403d4073-c93e-408c-aa7f-3e2a1ae903a6 ] Request (ServerDiagnosticsNegativeTest:setUpClass): 201 POST http://10.180.1.21/identity/v3/users 0.074s
2025-04-16 07:38:14.597 67377 INFO tempest.lib.common.rest_client [req-ce323fee-dbf6-48fc-90fc-b6045011f8fe req-ce323fee-dbf6-48fc-90fc-b6045011f8fe ] Request (ServerDiagnosticsNegativeTest:setUpClass): 200 GET http://10.180.1.21/identity/v3/roles 0.029s
2025-04-16 07:38:14.639 67377 INFO tempest.lib.common.rest_client [req-04f61303-5875-4289-a4c1-790b826976d0 req-04f61303-5875-4289-a4c1-790b826976d0 ] Request (ServerDiagnosticsNegativeTest:setUpClass): 204 PUT http://10.180.1.21/identity/v3/projects/4c95eaabb6e542fd9f02ff07dbc8616a/users/f8a5c75862df4cac9f3097e0b9921e45/roles/de7e1ddeb0c9474d8fd73500f13b7c68 0.042s
2025-04-16 07:38:14.691 67377 INFO tempest.lib.common.rest_client [req-dc8dab73-7e8e-4213-a8ce-a911173bc79f req-dc8dab73-7e8e-4213-a8ce-a911173bc79f ] Request (ServerDiagnosticsNegativeTest:setUpClass): 200 GET http://10.180.1.21/identity/v3/roles 0.050s
2025-04-16 07:38:14.714 67377 INFO tempest.lib.common.rest_client [req-ed93e471-6ec7-4abe-af0a-3c2a2860ba41 req-ed93e471-6ec7-4abe-af0a-3c2a2860ba41 ] Request (ServerDiagnosticsNegativeTest:setUpClass): 204 PUT http://10.180.1.21/identity/v3/projects/4c95eaabb6e542fd9f02ff07dbc8616a/users/f8a5c75862df4cac9f3097e0b9921e45/roles/de7e1ddeb0c9474d8fd73500f13b7c68 0.023s
2025-04-16 07:38:14.716 67377 INFO tempest.lib.common.dynamic_creds [-] Dynamic test user f8a5c75862df4cac9f3097e0b9921e45 is created with scope project and roles: ['admin']
2025-04-16 07:38:14.716 67377 INFO tempest.lib.common.dynamic_creds [-] Acquired dynamic creds: credentials: Credentials: {'domain_id': 'default', 'domain_name': 'Default', 'username': 'tempest-ServerDiagnosticsNegativeTest-1037148630-project-admin', 'project_domain_id': 'default', 'project_domain_name': 'Default', 'project_id': '4c95eaabb6e542fd9f02ff07dbc8616a', 'project_name': 'tempest-ServerDiagnosticsNegativeTest-1037148630', 'tenant_id': '4c95eaabb6e542fd9f02ff07dbc8616a', 'tenant_name': 'tempest-ServerDiagnosticsNegativeTest-1037148630', 'user_domain_id': 'default', 'user_domain_name': 'Default', 'user_id': 'f8a5c75862df4cac9f3097e0b9921e45', 'system': None}, Network: None, Subnet: None, Router: None
2025-04-16 07:38:14.716 67377 INFO tempest.lib.common.dynamic_creds [-] Created isolated network resources for: credentials: Credentials: {'domain_id': 'default', 'domain_name': 'Default', 'username': 'tempest-ServerDiagnosticsNegativeTest-1037148630-project-admin', 'project_domain_id': 'default', 'project_domain_name': 'Default', 'project_id': '4c95eaabb6e542fd9f02ff07dbc8616a', 'project_name': 'tempest-ServerDiagnosticsNegativeTest-1037148630', 'tenant_id': '4c95eaabb6e542fd9f02ff07dbc8616a', 'tenant_name': 'tempest-ServerDiagnosticsNegativeTest-1037148630', 'user_domain_id': 'default', 'user_domain_name': 'Default', 'user_id': 'f8a5c75862df4cac9f3097e0b9921e45', 'system': None}, Network: None, Subnet: None, Router: None
2025-04-16 07:38:14.805 67377 INFO tempest.lib.common.rest_client [req-6d998b02-493d-4bcb-8893-15cfdf26b0b7 req-6d998b02-493d-4bcb-8893-15cfdf26b0b7 ] Request (ServerDiagnosticsNegativeTest:setUpClass): 201 POST http://10.180.1.21/identity/v3/auth/tokens 0.086s
2025-04-16 07:38:14.856 67377 INFO tempest.lib.common.rest_client [req-0cdfb89d-14e0-4e70-ae9e-b3de429734ac req-0cdfb89d-14e0-4e70-ae9e-b3de429734ac ] Request (ServerDiagnosticsNegativeTest:test_get_server_diagnostics_by_non_admin): 201 POST http://10.180.1.21/identity/v3/auth/tokens 0.048s
2025-04-16 07:38:14.857 67377 INFO tempest.lib.common.fixed_network [-] (ServerDiagnosticsNegativeTest:test_get_server_diagnostics_by_non_admin) Found network None available for tenant
2025-04-16 07:38:14.927 67399 INFO tempest.lib.common.rest_client [req-a7936f74-b32b-494e-a5e9-d1bb99fc59ec req-a7936f74-b32b-494e-a5e9-d1bb99fc59ec ] Request (ServersAdminTestJSON:setUpClass): 201 POST http://10.180.1.21:9696/networking/v2.0/networks 0.570s
2025-04-16 07:38:15.059 67390 INFO tempest.lib.common.rest_client [req-690fb919-09a2-4a02-bfe4-64cb58d19a0f req-690fb919-09a2-4a02-bfe4-64cb58d19a0f ] Request (VolumesAdminNegativeTest:tearDownClass): 204 DELETE http://10.180.1.21:9696/networking/v2.0/networks/e5720e37-c160-4442-a47d-8e27a2b9d7a6 0.839s
2025-04-16 07:38:15.090 67395 INFO tempest.lib.common.rest_client [req-c29b86f2-e67a-4146-8932-3dd98de048db req-c29b86f2-e67a-4146-8932-3dd98de048db ] Request (SecurityGroupRulesTestJSON:test_security_group_rules_create): 200 POST http://10.180.1.21/compute/v2.1/os-security-group-rules 3.085s
2025-04-16 07:38:15.167 67390 INFO tempest.lib.common.rest_client [req-4831b591-ecce-4afe-92c8-6f8a91ab5813 req-4831b591-ecce-4afe-92c8-6f8a91ab5813 ] Request (VolumesAdminNegativeTest:tearDownClass): 204 DELETE http://10.180.1.21/identity/v3/users/6cf73b02daf3498889096f1adedfec04 0.108s
2025-04-16 07:38:15.252 67359 INFO tempest.lib.common.rest_client [req-754af42d-8744-405c-8f65-8ca6a6e01e1d req-754af42d-8744-405c-8f65-8ca6a6e01e1d ] Request (AttachInterfacesTestJSON:test_create_list_show_delete_interfaces_by_fixed_ip): 202 POST http://10.180.1.21/compute/v2.1/servers 3.666s
2025-04-16 07:38:15.301 67373 INFO tempest.lib.common.rest_client [req-0c028697-722f-439c-bd6e-170dc873c3ad req-0c028697-722f-439c-bd6e-170dc873c3ad ] Request (ImagesOneServerNegativeTestJSON:setUpClass): 200 GET http://10.180.1.21/compute/v2.1/servers/f2ce3bf9-e6fe-4b9b-8af1-5c18b4a7b605 3.289s
2025-04-16 07:38:15.306 67390 INFO tempest.lib.common.rest_client [req-e20fae24-5683-4b2e-9364-ebfb5caea595 req-e20fae24-5683-4b2e-9364-ebfb5caea595 ] Request (VolumesAdminNegativeTest:tearDownClass): 204 DELETE http://10.180.1.21/identity/v3/users/f1d1c2c0ca054f2e884da78f62bd5e12 0.139s
2025-04-16 07:38:15.306 67390 INFO tempest.lib.common.dynamic_creds [-] Deleting project and security group for project: 785eda1ed2ff474a96a99adf8a1b543a
2025-04-16 07:38:15.349 67385 INFO tempest.lib.common.rest_client [req-7bb6ed52-6238-46d9-ac0c-9f3391f0a5a5 req-7bb6ed52-6238-46d9-ac0c-9f3391f0a5a5 ] Request (ServerGroupTestJSON:test_create_delete_multiple_server_groups_with_same_name_policy): 200 POST http://10.180.1.21/compute/v2.1/os-server-groups 3.289s
2025-04-16 07:38:15.402 67390 INFO tempest.lib.common.rest_client [req-7c00cbf9-91db-40d9-9d08-c5f84eed02a6 req-7c00cbf9-91db-40d9-9d08-c5f84eed02a6 ] Request (VolumesAdminNegativeTest:tearDownClass): 200 GET http://10.180.1.21:9696/networking/v2.0/security-groups?tenant_id=785eda1ed2ff474a96a99adf8a1b543a&name=default 0.095s
2025-04-16 07:38:15.409 67399 INFO tempest.lib.common.rest_client [req-4d660e14-bb91-48c6-b45e-dce041193fef req-4d660e14-bb91-48c6-b45e-dce041193fef ] Request (ServersAdminTestJSON:setUpClass): 201 POST http://10.180.1.21:9696/networking/v2.0/subnets 0.481s
2025-04-16 07:38:15.498 67390 INFO tempest.lib.common.rest_client [req-94456a60-aee7-4ca4-9b72-cc2a1f4048da req-94456a60-aee7-4ca4-9b72-cc2a1f4048da ] Request (VolumesAdminNegativeTest:tearDownClass): 204 DELETE http://10.180.1.21:9696/networking/v2.0/security-groups/8a3902d9-5953-4f86-86dd-286bdc19f028 0.095s
2025-04-16 07:38:15.500 67367 INFO tempest.lib.common.rest_client [req-4c1234db-dc36-40b8-84f2-70a9da09e3af req-4c1234db-dc36-40b8-84f2-70a9da09e3af ] Request (ValidationResourcesFixture:setUp): 200 POST http://10.180.1.21/compute/v2.1/os-keypairs 3.339s
2025-04-16 07:38:15.517 67401 INFO tempest.lib.common.rest_client [req-06dfefee-3aa8-4bd1-af73-9520df4a6c62 req-06dfefee-3aa8-4bd1-af73-9520df4a6c62 ] Request (FlavorsAdminTestJSON:_run_cleanups): 202 DELETE http://10.180.1.21/compute/v2.1/flavors/574394264 3.308s
2025-04-16 07:38:15.520 67403 INFO tempest.lib.common.rest_client [req-b829188f-5ad5-4761-b90e-096574bf8a6f req-b829188f-5ad5-4761-b90e-096574bf8a6f ] Request (VolumesNegativeTest:test_get_volume_without_passing_volume_id): 404 GET http://10.180.1.21/compute/v2.1/os-volumes/ 3.311s
2025-04-16 07:38:15.603 67390 INFO tempest.lib.common.rest_client [req-2e627d25-2beb-4cbd-8583-a68ce2421720 req-2e627d25-2beb-4cbd-8583-a68ce2421720 ] Request (VolumesAdminNegativeTest:tearDownClass): 204 DELETE http://10.180.1.21/identity/v3/projects/785eda1ed2ff474a96a99adf8a1b543a 0.104s
2025-04-16 07:38:15.603 67390 INFO tempest.lib.common.dynamic_creds [-] Deleting project and security group for project: 1db717decf394272ae2f94c112de1cf2
2025-04-16 07:38:15.662 67390 INFO tempest.lib.common.rest_client [req-c14939a2-a2a8-47b2-826a-83ae50925a9c req-c14939a2-a2a8-47b2-826a-83ae50925a9c ] Request (VolumesAdminNegativeTest:tearDownClass): 200 GET http://10.180.1.21:9696/networking/v2.0/security-groups?tenant_id=1db717decf394272ae2f94c112de1cf2&name=default 0.059s
2025-04-16 07:38:15.704 67367 INFO tempest.lib.common.rest_client [req-329564b6-da0e-4db5-8ed8-a0ae8c1397bf req-329564b6-da0e-4db5-8ed8-a0ae8c1397bf ] Request (ValidationResourcesFixture:setUp): 201 POST http://10.180.1.21:9696/networking/v2.0/security-groups 0.202s
2025-04-16 07:38:15.865 67411 INFO tempest.lib.common.rest_client [req-acfbfc87-497e-4805-9eb5-2b92034691fa req-acfbfc87-497e-4805-9eb5-2b92034691fa ] Request (MigrationsAdminTest:test_list_migrations_in_flavor_resize_situation): 200 GET http://10.180.1.21/compute/v2.1/servers/39b67ef8-fce0-4bf3-b161-b5fbd588214b 3.320s
2025-04-16 07:38:15.872 67390 INFO tempest.lib.common.rest_client [req-ec72635a-883f-4efc-bccf-6ffbfd101baa req-ec72635a-883f-4efc-bccf-6ffbfd101baa ] Request (VolumesAdminNegativeTest:tearDownClass): 204 DELETE http://10.180.1.21:9696/networking/v2.0/security-groups/a17c8a9a-7f74-4076-aec4-6297fd077438 0.209s
2025-04-16 07:38:15.908 67367 INFO tempest.lib.common.rest_client [req-62e5cf18-7646-4c53-937b-3f146b67d8e9 req-62e5cf18-7646-4c53-937b-3f146b67d8e9 ] Request (ValidationResourcesFixture:setUp): 201 POST http://10.180.1.21:9696/networking/v2.0/security-group-rules 0.204s
2025-04-16 07:38:15.966 67390 INFO tempest.lib.common.rest_client [req-01bd5af1-89f5-4bc3-bc24-8960345cd419 req-01bd5af1-89f5-4bc3-bc24-8960345cd419 ] Request (VolumesAdminNegativeTest:tearDownClass): 204 DELETE http://10.180.1.21/identity/v3/projects/1db717decf394272ae2f94c112de1cf2 0.093s
2025-04-16 07:38:16.029 67390 INFO tempest.lib.common.rest_client [req-e565af13-41a1-46e3-95e8-fe7008e57818 req-e565af13-41a1-46e3-95e8-fe7008e57818 ] Request (ServerDiskConfigTestJSON:setUpClass): 201 POST http://10.180.1.21/identity/v3/auth/tokens 0.061s
2025-04-16 07:38:16.058 67367 INFO tempest.lib.common.rest_client [req-bc856e6f-d672-4e65-91f4-92615c6500c4 req-bc856e6f-d672-4e65-91f4-92615c6500c4 ] Request (ValidationResourcesFixture:setUp): 201 POST http://10.180.1.21:9696/networking/v2.0/security-group-rules 0.150s
2025-04-16 07:38:16.059 67390 INFO tempest.lib.common.rest_client [req-ee65e631-4820-4ad3-b610-7ae47a4a6caf req-ee65e631-4820-4ad3-b610-7ae47a4a6caf ] Request (ServerDiskConfigTestJSON:setUpClass): 201 POST http://10.180.1.21/identity/v3/auth/tokens 0.027s
2025-04-16 07:38:16.083 67390 INFO tempest.lib.common.rest_client [req-79dd0f69-4a12-4b58-a422-3edd776f6c6d req-79dd0f69-4a12-4b58-a422-3edd776f6c6d ] Request (ServerDiskConfigTestJSON:setUpClass): 200 GET http://10.180.1.21/identity/v3/domains?name=Default 0.024s
2025-04-16 07:38:16.117 67390 INFO tempest.lib.common.rest_client [req-f33d7e0d-e46d-480d-9bfb-b1a0fd15be11 req-f33d7e0d-e46d-480d-9bfb-b1a0fd15be11 ] Request (ServerDiskConfigTestJSON:setUpClass): 201 POST http://10.180.1.21/identity/v3/projects 0.034s
2025-04-16 07:38:16.183 67390 INFO tempest.lib.common.rest_client [req-881a70fa-c481-4a03-836d-d45847bf004e req-881a70fa-c481-4a03-836d-d45847bf004e ] Request (ServerDiskConfigTestJSON:setUpClass): 201 POST http://10.180.1.21/identity/v3/users 0.065s
2025-04-16 07:38:16.218 67390 INFO tempest.lib.common.rest_client [req-4a96437c-9d3f-4476-bfbe-c1050a6d1e22 req-4a96437c-9d3f-4476-bfbe-c1050a6d1e22 ] Request (ServerDiskConfigTestJSON:setUpClass): 200 GET http://10.180.1.21/identity/v3/roles 0.035s
2025-04-16 07:38:16.252 67387 INFO tempest.lib.common.rest_client [req-5a122d8f-5453-43d0-a5d2-c045db6f8096 req-5a122d8f-5453-43d0-a5d2-c045db6f8096 ] Request (ServersTestBootFromVolume:setUpClass): 200 PUT http://10.180.1.21:9696/networking/v2.0/routers/4a8b2605-267e-4641-83d5-d323d7e38b30/add_router_interface 2.003s
2025-04-16 07:38:16.252 67387 INFO tempest.lib.common.dynamic_creds [-] Created isolated network resources for: credentials: Credentials: {'domain_id': 'default', 'domain_name': 'Default', 'username': 'tempest-ServersTestBootFromVolume-1447370321-project-member', 'project_domain_id': 'default', 'project_domain_name': 'Default', 'project_id': 'e68e6421e8624ab894cb258ea9e958ec', 'project_name': 'tempest-ServersTestBootFromVolume-1447370321', 'tenant_id': 'e68e6421e8624ab894cb258ea9e958ec', 'tenant_name': 'tempest-ServersTestBootFromVolume-1447370321', 'user_domain_id': 'default', 'user_domain_name': 'Default', 'user_id': '4f5a2152838f4e7ca09580370f4da41c', 'system': None}, Network: {'id': '2f49b78e-edac-475d-93cd-f51ff7aac266', 'name': 'tempest-ServersTestBootFromVolume-1611809006-network', 'tenant_id': 'e68e6421e8624ab894cb258ea9e958ec', 'admin_state_up': True, 'mtu': 8950, 'status': 'ACTIVE', 'subnets': [], 'shared': False, 'project_id': 'e68e6421e8624ab894cb258ea9e958ec', 'port_security_enabled': True, 'router:external': False, 'provider:network_type': 'vlan', 'provider:physical_network': 'default', 'provider:segmentation_id': 676, 'is_default': False, 'availability_zone_hints': [], 'availability_zones': [], 'ipv4_address_scope': None, 'ipv6_address_scope': None, 'description': '', 'tags': [], 'created_at': '2025-04-16T07:38:11Z', 'updated_at': '2025-04-16T07:38:11Z', 'revision_number': 1}, Subnet: {'id': '96350deb-8045-40bc-bdd3-a98abc8a6c58', 'name': 'tempest-ServersTestBootFromVolume-1611809006-subnet', 'tenant_id': 'e68e6421e8624ab894cb258ea9e958ec', 'network_id': '2f49b78e-edac-475d-93cd-f51ff7aac266', 'ip_version': 4, 'subnetpool_id': None, 'enable_dhcp': True, 'ipv6_ra_mode': None, 'ipv6_address_mode': None, 'gateway_ip': '192.168.128.1', 'cidr': '192.168.128.0/28', 'allocation_pools': [{'start': '192.168.128.2', 'end': '192.168.128.14'}], 'host_routes': [], 'dns_nameservers': [], 'description': '', 'service_types': [], 'tags': [], 'created_at': '2025-04-16T07:38:11Z', 'updated_at': '2025-04-16T07:38:11Z', 'revision_number': 0, 'project_id': 'e68e6421e8624ab894cb258ea9e958ec'}, Router: {'id': '4a8b2605-267e-4641-83d5-d323d7e38b30', 'name': 'tempest-ServersTestBootFromVolume-1611809006-router', 'tenant_id': 'e68e6421e8624ab894cb258ea9e958ec', 'admin_state_up': True, 'status': 'ACTIVE', 'external_gateway_info': {'network_id': '3092fbe0-a651-478d-8e1c-8ad0287a4f20', 'external_fixed_ips': [{'subnet_id': '2e3246ae-f0e4-475d-8163-dcc370a40f01', 'ip_address': '10.180.180.235'}], 'enable_snat': True}, 'description': '', 'availability_zones': [], 'distributed': False, 'ha': False, 'availability_zone_hints': [], 'routes': [], 'flavor_id': None, 'tags': [], 'created_at': '2025-04-16T07:38:12Z', 'updated_at': '2025-04-16T07:38:13Z', 'revision_number': 2, 'project_id': 'e68e6421e8624ab894cb258ea9e958ec'}
2025-04-16 07:38:16.268 67390 INFO tempest.lib.common.rest_client [req-5539ed29-571d-4792-980c-20495ab630c9 req-5539ed29-571d-4792-980c-20495ab630c9 ] Request (ServerDiskConfigTestJSON:setUpClass): 204 PUT http://10.180.1.21/identity/v3/projects/58295faf384543e18474769b40dbeb22/users/28d70a310b37415f90d70cc76634c682/roles/0a93d49902d5432d97d631ca2f66ddb7 0.049s
2025-04-16 07:38:16.268 67390 INFO tempest.lib.common.dynamic_creds [-] Dynamic test user 28d70a310b37415f90d70cc76634c682 is created with scope project and roles: ['member']
2025-04-16 07:38:16.268 67390 INFO tempest.lib.common.dynamic_creds [-] Acquired dynamic creds: credentials: Credentials: {'domain_id': 'default', 'domain_name': 'Default', 'username': 'tempest-ServerDiskConfigTestJSON-643728301-project-member', 'project_domain_id': 'default', 'project_domain_name': 'Default', 'project_id': '58295faf384543e18474769b40dbeb22', 'project_name': 'tempest-ServerDiskConfigTestJSON-643728301', 'tenant_id': '58295faf384543e18474769b40dbeb22', 'tenant_name': 'tempest-ServerDiskConfigTestJSON-643728301', 'user_domain_id': 'default', 'user_domain_name': 'Default', 'user_id': '28d70a310b37415f90d70cc76634c682', 'system': None}, Network: None, Subnet: None, Router: None
2025-04-16 07:38:16.322 67390 INFO tempest.lib.common.rest_client [req-5edfb834-1c6c-4b78-8ec0-d1e9c399bce0 req-5edfb834-1c6c-4b78-8ec0-d1e9c399bce0 ] Request (ServerDiskConfigTestJSON:setUpClass): 201 POST http://10.180.1.21/identity/v3/auth/tokens 0.053s
2025-04-16 07:38:16.329 67387 INFO tempest.lib.common.rest_client [req-bc80cc13-3412-4c6c-93b5-eb5b9da24ca0 req-bc80cc13-3412-4c6c-93b5-eb5b9da24ca0 ] Request (ServersTestBootFromVolume:setUpClass): 201 POST http://10.180.1.21/identity/v3/auth/tokens 0.072s
2025-04-16 07:38:16.376 67363 INFO tempest.lib.common.rest_client [req-b42fa761-866d-46b0-9ad7-ca67a07638a3 req-b42fa761-866d-46b0-9ad7-ca67a07638a3 ] Request (ServerExternalEventsTest:test_create_server_external_events): 200 GET http://10.180.1.21/compute/v2.1/servers/c9a491fe-aff4-4b4f-bcfb-dd56f1010576 3.801s
2025-04-16 07:38:16.468 67365 INFO tempest.lib.common.rest_client [req-a36bcebc-a48b-4bb1-9a35-6564c656c1d0 req-a36bcebc-a48b-4bb1-9a35-6564c656c1d0 ] Request (ServerDiagnosticsV248Test:test_get_server_diagnostics): 200 GET http://10.180.1.21/compute/v2.1/servers/cf2feb3e-6cf3-4db2-83fd-beb5e8387e81 3.731s
2025-04-16 07:38:16.557 67381 INFO tempest.lib.common.rest_client [req-c36dbd31-b74d-4ae4-8856-ab1c75eed739 req-c36dbd31-b74d-4ae4-8856-ab1c75eed739 ] Request (FloatingIPsAssociationTestJSON:setUpClass): 202 POST http://10.180.1.21/compute/v2.1/servers 4.454s
2025-04-16 07:38:16.652 67357 INFO tempest.lib.common.rest_client [req-b93d2425-740b-4bf9-9033-2cca42614e70 req-b93d2425-740b-4bf9-9033-2cca42614e70 ] Request (ServerActionsTestJSON:setUpClass): 200 GET http://10.180.1.21/compute/v2.1/servers/26584d84-1dc8-42d1-942f-0ac840947425 3.646s
2025-04-16 07:38:16.832 67413 INFO tempest.lib.common.rest_client [req-0e27b5ef-601d-4e16-8d53-8ef64675611e req-0e27b5ef-601d-4e16-8d53-8ef64675611e ] Request (ServersTestJSON:setUpClass): 201 POST http://10.180.1.21:9696/networking/v2.0/routers 2.605s
2025-04-16 07:38:16.845 67390 INFO tempest.lib.common.rest_client [req-0e175587-abcd-4d68-9e22-b93957c31eb8 req-0e175587-abcd-4d68-9e22-b93957c31eb8 ] Request (ServerDiskConfigTestJSON:setUpClass): 201 POST http://10.180.1.21:9696/networking/v2.0/networks 0.522s
2025-04-16 07:38:16.863 67367 INFO tempest.lib.common.rest_client [req-05096834-02f8-4743-b3b5-1066f5531312 req-05096834-02f8-4743-b3b5-1066f5531312 ] Request (ValidationResourcesFixture:setUp): 201 POST http://10.180.1.21:9696/networking/v2.0/floatingips 0.803s
2025-04-16 07:38:16.893 67369 INFO tempest.lib.common.rest_client [req-e38bc73a-d092-4e59-bdba-ce29a8d818d7 req-e38bc73a-d092-4e59-bdba-ce29a8d818d7 ] Request (ServerDiagnosticsTest:test_get_server_diagnostics): 200 GET http://10.180.1.21/compute/v2.1/servers/e55f1592-024d-431d-b3a9-63b27513cac4 4.106s
2025-04-16 07:38:16.937 67367 INFO tempest.lib.common.rest_client [req-223f2f6e-b959-4671-b540-b36bcefa1f6a req-223f2f6e-b959-4671-b540-b36bcefa1f6a ] Request (AttachVolumeNegativeTest:test_attach_attached_volume_to_different_server): 201 POST http://10.180.1.21/identity/v3/auth/tokens 0.071s
2025-04-16 07:38:16.938 67367 INFO tempest.lib.common.fixed_network [-] (AttachVolumeNegativeTest:test_attach_attached_volume_to_different_server) Found network {'id': 'a568d3c8-ebfa-4b54-8e37-1a82717a0ed2', 'name': 'tempest-AttachVolumeNegativeTest-172146224-network', 'tenant_id': '3b7e2cd467d640f2bb507edfd8999144', 'admin_state_up': True, 'mtu': 8950, 'status': 'ACTIVE', 'subnets': [], 'shared': False, 'project_id': '3b7e2cd467d640f2bb507edfd8999144', 'port_security_enabled': True, 'router:external': False, 'provider:network_type': 'vlan', 'provider:physical_network': 'default', 'provider:segmentation_id': 250, 'is_default': False, 'availability_zone_hints': [], 'availability_zones': [], 'ipv4_address_scope': None, 'ipv6_address_scope': None, 'description': '', 'tags': [], 'created_at': '2025-04-16T07:38:04Z', 'updated_at': '2025-04-16T07:38:04Z', 'revision_number': 1} available for tenant
