2025-05-14 00:57:33.653 67682 INFO tempest.lib.common.rest_client [req-b8b98772-99b7-4ffa-b04c-387189fc2321 req-b8b98772-99b7-4ffa-b04c-387189fc2321 ] Request (ServerShowV254Test:test_rebuild_server): 201 POST http://10.180.1.21/identity/v3/auth/tokens 0.043s
2025-05-14 00:57:33.653 67682 INFO tempest.lib.common.fixed_network [-] (ServerShowV254Test:test_rebuild_server) Found network None available for tenant
2025-05-14 00:57:33.669 67680 INFO tempest.lib.common.rest_client [req-45e93a60-ed0a-4158-9bf9-9be6cf99ea4b req-45e93a60-ed0a-4158-9bf9-9be6cf99ea4b ] Request (HypervisorAdminNegativeUnderV252Test:tearDownClass): 200 GET http://10.180.1.21:9696/networking/v2.0/security-groups?tenant_id=390c0e64d96a46fda5a2e3c28c9a3720&name=default 0.233s
2025-05-14 00:57:33.697 67727 INFO tempest.lib.common.rest_client [req-027f97f9-b848-4c88-b8e8-1001198dc973 req-027f97f9-b848-4c88-b8e8-1001198dc973 ] Request (VolumesAdminNegativeTest:test_update_attached_volume_with_nonexistent_volume_in_body): 200 GET http://10.180.1.21/compute/v2.1/servers/f42f9cc0-c33a-4bdc-b16c-8dec61896b27 0.568s
2025-05-14 00:57:33.711 67735 INFO tempest.lib.common.rest_client [req-9082cb8e-ea6f-43fc-8a53-8e150af30807 req-9082cb8e-ea6f-43fc-8a53-8e150af30807 ] Request (FlavorsV255TestJSON:tearDownClass): 204 DELETE http://10.180.1.21:9696/networking/v2.0/security-groups/4553a369-1163-4268-b963-77dd392da81d 0.199s
2025-05-14 00:57:33.761 67730 INFO tempest.lib.common.rest_client [req-2e5ef990-dac0-4c39-bd17-4c26819d78ca req-2e5ef990-dac0-4c39-bd17-4c26819d78ca ] Request (DeleteServersTestJSON:test_delete_server_while_in_shelved_state): 200 GET http://10.180.1.21/compute/v2.1/servers/2a6c8de3-8974-4533-a474-c4242fd735c6 0.608s
2025-05-14 00:57:33.824 67735 INFO tempest.lib.common.rest_client [req-7867d255-489d-4d67-85d8-25a8602df4ec req-7867d255-489d-4d67-85d8-25a8602df4ec ] Request (FlavorsV255TestJSON:tearDownClass): 204 DELETE http://10.180.1.21/identity/v3/projects/4752ed7ad116445baec591b9723b704f 0.113s
2025-05-14 00:57:33.824 67697 INFO tempest.lib.common.rest_client [req-c481976a-5212-4258-905a-350ed244b21b req-c481976a-5212-4258-905a-350ed244b21b ] Request (ServerActionsV293TestJSON:setUpClass): 200 GET http://10.180.1.21/compute/v2.1/servers/1000d79b-b491-4071-8ab0-aac90dac6b51 0.608s
2025-05-14 00:57:33.881 67724 INFO tempest.lib.common.rest_client [req-bf530c8a-11ad-4058-9211-265e5f7d864a req-bf530c8a-11ad-4058-9211-265e5f7d864a ] Request (ServersNegativeTestJSON:setUpClass): 200 GET http://10.180.1.21/compute/v2.1/servers/4a1a791f-36f3-48af-9792-4a9eaeba26c9 0.652s
2025-05-14 00:57:33.894 67735 INFO tempest.lib.common.rest_client [req-0decdef0-f105-45e2-87ab-b7383a62f655 req-0decdef0-f105-45e2-87ab-b7383a62f655 ] Request (ServersV294TestFqdnHostnames:setUpClass): 201 POST http://10.180.1.21/identity/v3/auth/tokens 0.069s
2025-05-14 00:57:33.928 67735 INFO tempest.lib.common.rest_client [req-ab15e3c4-e160-40f2-a855-7a13680cb082 req-ab15e3c4-e160-40f2-a855-7a13680cb082 ] Request (ServersV294TestFqdnHostnames:setUpClass): 201 POST http://10.180.1.21/identity/v3/auth/tokens 0.031s
2025-05-14 00:57:33.938 67710 INFO tempest.lib.common.rest_client [req-fc606bc7-4e7c-4ddf-b706-8fafcbbec6e6 req-fc606bc7-4e7c-4ddf-b706-8fafcbbec6e6 ] Request (AttachInterfacesTestJSON:test_create_list_show_delete_interfaces_by_network_port): 200 GET http://10.180.1.21/compute/v2.1/servers/69980b41-9514-4d97-aa75-ea68dd05b241 0.656s
2025-05-14 00:57:33.950 67735 INFO tempest.lib.common.rest_client [req-1a17a9be-a580-4959-ae4b-2e36dd8247ed req-1a17a9be-a580-4959-ae4b-2e36dd8247ed ] Request (ServersV294TestFqdnHostnames:setUpClass): 200 GET http://10.180.1.21/identity/v3/domains?name=Default 0.021s
2025-05-14 00:57:33.962 67732 INFO tempest.lib.common.rest_client [req-4833f915-d920-4905-9bbd-d5192f7b5514 req-4833f915-d920-4905-9bbd-d5192f7b5514 ] Request (ServerMetadataNegativeTestJSON:setUpClass): 201 POST http://10.180.1.21:9696/networking/v2.0/routers 1.396s
2025-05-14 00:57:33.983 67735 INFO tempest.lib.common.rest_client [req-0dbe58c3-5bec-49dc-acc3-1054561a4156 req-0dbe58c3-5bec-49dc-acc3-1054561a4156 ] Request (ServersV294TestFqdnHostnames:setUpClass): 201 POST http://10.180.1.21/identity/v3/projects 0.033s
2025-05-14 00:57:34.020 67680 INFO tempest.lib.common.rest_client [req-689f98d6-c687-4c7c-bdc4-20c00792c27a req-689f98d6-c687-4c7c-bdc4-20c00792c27a ] Request (HypervisorAdminNegativeUnderV252Test:tearDownClass): 204 DELETE http://10.180.1.21:9696/networking/v2.0/security-groups/16a590a6-a035-4dc4-8426-b049e211a839 0.350s
2025-05-14 00:57:34.041 67735 INFO tempest.lib.common.rest_client [req-a08249d7-f4b7-4f3a-96a4-7109ee603257 req-a08249d7-f4b7-4f3a-96a4-7109ee603257 ] Request (ServersV294TestFqdnHostnames:setUpClass): 201 POST http://10.180.1.21/identity/v3/users 0.057s
2025-05-14 00:57:34.061 67735 INFO tempest.lib.common.rest_client [req-562ba3d0-c399-4ff1-9fe3-14eda4d3a665 req-562ba3d0-c399-4ff1-9fe3-14eda4d3a665 ] Request (ServersV294TestFqdnHostnames:setUpClass): 200 GET http://10.180.1.21/identity/v3/roles 0.019s
2025-05-14 00:57:34.085 67692 INFO tempest.lib.common.rest_client [req-234d378a-ec12-41c0-b538-1e003f1506f2 req-234d378a-ec12-41c0-b538-1e003f1506f2 ] Request (ServersAdminNegativeTestJSON:setUpClass): 200 GET http://10.180.1.21/compute/v2.1/servers/c847f4cb-1914-497b-8d63-5b99a237e5e6 0.761s
2025-05-14 00:57:34.096 67680 INFO tempest.lib.common.rest_client [req-486d71a6-65c1-48eb-a46e-52dda1106c5a req-486d71a6-65c1-48eb-a46e-52dda1106c5a ] Request (HypervisorAdminNegativeUnderV252Test:tearDownClass): 204 DELETE http://10.180.1.21/identity/v3/projects/390c0e64d96a46fda5a2e3c28c9a3720 0.076s
2025-05-14 00:57:34.115 67686 INFO tempest.lib.common.rest_client [req-93251977-26dd-41aa-b8e3-b10604cd7e16 req-93251977-26dd-41aa-b8e3-b10604cd7e16 ] Request (ServerActionsTestOtherA:setUpClass): 202 POST http://10.180.1.21/compute/v2.1/servers 1.038s
2025-05-14 00:57:34.153 67704 INFO tempest.lib.common.rest_client [req-fe2234b3-f51d-4815-9890-86c356c21524 req-fe2234b3-f51d-4815-9890-86c356c21524 ] Request (MultipleCreateTestJSON:test_multiple_create_with_reservation_return): 200 GET http://10.180.1.21/compute/v2.1/servers/4c9dbddd-4c74-4ee0-a1be-e7a5c7cfc344 0.812s
2025-05-14 00:57:34.156 67735 INFO tempest.lib.common.rest_client [req-02c27620-fc2a-4702-a21a-e39534a68173 req-02c27620-fc2a-4702-a21a-e39534a68173 ] Request (ServersV294TestFqdnHostnames:setUpClass): 204 PUT http://10.180.1.21/identity/v3/projects/f3eef4bcb81f47de92ba414db2779e37/users/7e970183d12c4deeb6dfa1734471585e/roles/b3a028a593cd4a6c86f8674581b21fcc 0.093s
2025-05-14 00:57:34.156 67735 INFO tempest.lib.common.dynamic_creds [-] Dynamic test user 7e970183d12c4deeb6dfa1734471585e is created with scope project and roles: ['member']
2025-05-14 00:57:34.156 67735 INFO tempest.lib.common.dynamic_creds [-] Acquired dynamic creds: credentials: Credentials: {'domain_id': 'default', 'domain_name': 'Default', 'username': 'tempest-ServersV294TestFqdnHostnames-831052524-project-member', 'project_domain_id': 'default', 'project_domain_name': 'Default', 'project_id': 'f3eef4bcb81f47de92ba414db2779e37', 'project_name': 'tempest-ServersV294TestFqdnHostnames-831052524', 'tenant_id': 'f3eef4bcb81f47de92ba414db2779e37', 'tenant_name': 'tempest-ServersV294TestFqdnHostnames-831052524', 'user_domain_id': 'default', 'user_domain_name': 'Default', 'user_id': '7e970183d12c4deeb6dfa1734471585e', 'system': None}, Network: None, Subnet: None, Router: None
2025-05-14 00:57:34.173 67680 INFO tempest.lib.common.rest_client [req-5bd86426-bafc-4815-ac5b-ff93a2bb1374 req-5bd86426-bafc-4815-ac5b-ff93a2bb1374 ] Request (ServerRescueTestJSONUnderV235:setUpClass): 201 POST http://10.180.1.21/identity/v3/auth/tokens 0.076s
2025-05-14 00:57:34.180 67714 INFO tempest.lib.common.rest_client [req-c699c107-866e-4883-a013-9205c93ed66c req-c699c107-866e-4883-a013-9205c93ed66c ] Request (ServerTagsTestJSON:setUpClass): 200 GET http://10.180.1.21/compute/v2.1/servers/907dfc72-e766-4a24-a4e7-df762db37824 0.794s
2025-05-14 00:57:34.204 67728 INFO tempest.lib.common.rest_client [req-2ac027c9-ade1-4c7c-976b-683a60d521ae req-2ac027c9-ade1-4c7c-976b-683a60d521ae ] Request (ImagesOneServerNegativeTestJSON:setUpClass): 200 GET http://10.180.1.21/compute/v2.1/servers/cbe3ecc4-3c5b-4749-a21c-c0376583c4aa 0.800s
2025-05-14 00:57:34.232 67735 INFO tempest.lib.common.rest_client [req-cf2ef9fc-1d38-472a-9702-753cc486cb24 req-cf2ef9fc-1d38-472a-9702-753cc486cb24 ] Request (ServersV294TestFqdnHostnames:setUpClass): 201 POST http://10.180.1.21/identity/v3/auth/tokens 0.075s
2025-05-14 00:57:34.242 67718 INFO tempest.lib.common.rest_client [req-81cc98fb-9a6a-44ee-83de-e868ead1beb7 req-81cc98fb-9a6a-44ee-83de-e868ead1beb7 ] Request (ServerShowV247Test:test_update_rebuild_list_server): 200 GET http://10.180.1.21/compute/v2.1/servers/8ddc70e6-ec6f-4740-8109-6ba2c5d00536 0.796s
2025-05-14 00:57:34.260 67680 INFO tempest.lib.common.rest_client [req-ac18b1ed-b2a7-4290-8562-238a974a858f req-ac18b1ed-b2a7-4290-8562-238a974a858f ] Request (ServerRescueTestJSONUnderV235:setUpClass): 201 POST http://10.180.1.21/identity/v3/auth/tokens 0.083s
2025-05-14 00:57:34.272 67678 INFO tempest.lib.common.rest_client [req-f41bd76d-d644-4d1f-8248-707e8273d4cd req-f41bd76d-d644-4d1f-8248-707e8273d4cd ] Request (ServersTestManualDisk:setUpClass): 200 GET http://10.180.1.21/compute/v2.1/servers/4dce8f09-ce7e-419c-90b4-48ee54d8c604 0.783s
2025-05-14 00:57:34.322 67680 INFO tempest.lib.common.rest_client [req-261ccdba-2aac-481c-aae0-730e1fbac1e7 req-261ccdba-2aac-481c-aae0-730e1fbac1e7 ] Request (ServerRescueTestJSONUnderV235:setUpClass): 200 GET http://10.180.1.21/identity/v3/domains?name=Default 0.061s
2025-05-14 00:57:34.350 67680 INFO tempest.lib.common.rest_client [req-b8ca09e5-9c8e-4337-8283-473b97cae744 req-b8ca09e5-9c8e-4337-8283-473b97cae744 ] Request (ServerRescueTestJSONUnderV235:setUpClass): 201 POST http://10.180.1.21/identity/v3/projects 0.027s
2025-05-14 00:57:34.395 67690 INFO tempest.lib.common.rest_client [req-292ec182-8f16-4c00-ba43-f51bc981e446 req-292ec182-8f16-4c00-ba43-f51bc981e446 ] Request (DeleteServersAdminTestJSON:test_admin_delete_servers_of_others): 200 GET http://10.180.1.21/compute/v2.1/servers/c2867798-9109-4f85-ae60-3830a711f21f 0.723s
2025-05-14 00:57:34.422 67680 INFO tempest.lib.common.rest_client [req-7a07600f-f85a-47ac-ae49-958b449da355 req-7a07600f-f85a-47ac-ae49-958b449da355 ] Request (ServerRescueTestJSONUnderV235:setUpClass): 201 POST http://10.180.1.21/identity/v3/users 0.070s
2025-05-14 00:57:34.444 67680 INFO tempest.lib.common.rest_client [req-88774a8c-2411-4031-afd7-b7f4daf01257 req-88774a8c-2411-4031-afd7-b7f4daf01257 ] Request (ServerRescueTestJSONUnderV235:setUpClass): 200 GET http://10.180.1.21/identity/v3/roles 0.022s
2025-05-14 00:57:34.465 67682 INFO tempest.lib.common.rest_client [req-ad659196-710f-478e-a478-1981e05dc130 req-ad659196-710f-478e-a478-1981e05dc130 ] Request (ServerShowV254Test:test_rebuild_server): 202 POST http://10.180.1.21/compute/v2.1/servers 0.811s
2025-05-14 00:57:34.484 67735 INFO tempest.lib.common.rest_client [req-eec82b36-fc0f-409b-bf9f-b0dace6db0d3 req-eec82b36-fc0f-409b-bf9f-b0dace6db0d3 ] Request (ServersV294TestFqdnHostnames:setUpClass): 201 POST http://10.180.1.21:9696/networking/v2.0/networks 0.251s
2025-05-14 00:57:34.494 67680 INFO tempest.lib.common.rest_client [req-6e0473e2-5d16-45e2-a996-1575551ec651 req-6e0473e2-5d16-45e2-a996-1575551ec651 ] Request (ServerRescueTestJSONUnderV235:setUpClass): 204 PUT http://10.180.1.21/identity/v3/projects/948309f650a8405199bdea3a688dbc1a/users/5ac0b31bfde44512b366bf9a06c01e9c/roles/b3a028a593cd4a6c86f8674581b21fcc 0.049s
2025-05-14 00:57:34.494 67680 INFO tempest.lib.common.dynamic_creds [-] Dynamic test user 5ac0b31bfde44512b366bf9a06c01e9c is created with scope project and roles: ['member']
2025-05-14 00:57:34.494 67680 INFO tempest.lib.common.dynamic_creds [-] Acquired dynamic creds: credentials: Credentials: {'domain_id': 'default', 'domain_name': 'Default', 'username': 'tempest-ServerRescueTestJSONUnderV235-461983559-project-member', 'project_domain_id': 'default', 'project_domain_name': 'Default', 'project_id': '948309f650a8405199bdea3a688dbc1a', 'project_name': 'tempest-ServerRescueTestJSONUnderV235-461983559', 'tenant_id': '948309f650a8405199bdea3a688dbc1a', 'tenant_name': 'tempest-ServerRescueTestJSONUnderV235-461983559', 'user_domain_id': 'default', 'user_domain_name': 'Default', 'user_id': '5ac0b31bfde44512b366bf9a06c01e9c', 'system': None}, Network: None, Subnet: None, Router: None
2025-05-14 00:57:34.520 67699 INFO tempest.lib.common.rest_client [req-c1ff9c9b-78b9-4fa9-ad05-2d0ce78104a5 req-c1ff9c9b-78b9-4fa9-ad05-2d0ce78104a5 ] Request (ServerExternalEventsTest:test_create_server_external_events): 200 GET http://10.180.1.21/compute/v2.1/servers/379f5a6d-d6d4-434a-b401-1b027434e6fd 0.684s
2025-05-14 00:57:34.527 67694 INFO tempest.lib.common.rest_client [req-47cdefeb-81ab-43aa-a04f-6c4f76c424ff req-47cdefeb-81ab-43aa-a04f-6c4f76c424ff ] Request (ServerDiagnosticsV248Test:test_get_server_diagnostics): 200 GET http://10.180.1.21/compute/v2.1/servers/8b43a9a6-b28c-43ed-9f83-02424f73dc3c 0.617s
2025-05-14 00:57:34.571 67680 INFO tempest.lib.common.rest_client [req-46b642f8-e081-45d2-af18-f4dd7c2d1a4b req-46b642f8-e081-45d2-af18-f4dd7c2d1a4b ] Request (ServerRescueTestJSONUnderV235:setUpClass): 201 POST http://10.180.1.21/identity/v3/auth/tokens 0.077s
2025-05-14 00:57:34.578 67676 INFO tempest.lib.common.rest_client [req-6bcf173c-973a-4df5-9611-ac8dfbad32ab req-6bcf173c-973a-4df5-9611-ac8dfbad32ab ] Request (ServerAddressesNegativeTestJSON:setUpClass): 200 GET http://10.180.1.21/compute/v2.1/servers/87ef9733-e8d6-429e-b23f-8b8aadef784c 0.607s
2025-05-14 00:57:34.584 67708 INFO tempest.lib.common.rest_client [req-66b50c38-7cf2-436c-87e3-9a023d3ca143 req-66b50c38-7cf2-436c-87e3-9a023d3ca143 ] Request (ServerDiskConfigTestJSON:test_resize_server_from_auto_to_manual): 200 GET http://10.180.1.21/compute/v2.1/servers/49292f00-1457-438b-b5b7-2ac35dd464d2 0.550s
2025-05-14 00:57:34.668 67702 INFO tempest.lib.common.rest_client [req-35941b70-2fdd-44ea-becc-874aeccc2e0c req-35941b70-2fdd-44ea-becc-874aeccc2e0c ] Request (ListServerFiltersTestJSON:setUpClass): 200 GET http://10.180.1.21/compute/v2.1/servers/2de499d5-2eb3-4138-8c6b-41fb94ff27eb 0.552s
2025-05-14 00:57:34.724 67686 INFO tempest.lib.common.rest_client [req-9bce19de-1eac-49a5-898f-d87a3c9438e2 req-9bce19de-1eac-49a5-898f-d87a3c9438e2 ] Request (ServerActionsTestOtherA:setUpClass): 200 GET http://10.180.1.21/compute/v2.1/servers/c372287f-35e3-402a-9841-6f55ea471d3d 0.606s
2025-05-14 00:57:34.728 67735 INFO tempest.lib.common.rest_client [req-e34fdfbc-dbbc-4c77-926d-3e66ec8c3f94 req-e34fdfbc-dbbc-4c77-926d-3e66ec8c3f94 ] Request (ServersV294TestFqdnHostnames:setUpClass): 201 POST http://10.180.1.21:9696/networking/v2.0/subnets 0.243s
2025-05-14 00:57:34.742 67700 INFO tempest.lib.common.rest_client [req-34bbde65-5377-4d08-a3c9-b16a3eeaf6d3 req-34bbde65-5377-4d08-a3c9-b16a3eeaf6d3 ] Request (ServerActionsTestJSON:setUpClass): 200 GET http://10.180.1.21/compute/v2.1/servers/a073c7a9-d7ee-4d9e-be23-4345ed5f9047 0.659s
2025-05-14 00:57:34.966 67712 INFO tempest.lib.common.rest_client [req-8a58a6b8-98ff-48e4-a47d-e5ef2bcbc8fc req-8a58a6b8-98ff-48e4-a47d-e5ef2bcbc8fc ] Request (TenantUsagesTestJSON:setUpClass): 200 GET http://10.180.1.21/compute/v2.1/servers/a51d9480-1aa1-48c9-a05c-943589d6a224 0.732s
2025-05-14 00:57:35.020 67684 INFO tempest.lib.common.rest_client [req-6229549d-0e69-41a5-a22c-e98e320ffab1 req-6229549d-0e69-41a5-a22c-e98e320ffab1 ] Request (ServerPasswordTestJSON:setUpClass): 200 GET http://10.180.1.21/compute/v2.1/servers/2f050e13-5621-4dda-ade1-cfbef017e57e 0.724s
2025-05-14 00:57:35.082 67722 INFO tempest.lib.common.rest_client [req-564924ed-ee38-4d19-85d8-4f9c27bcce14 req-564924ed-ee38-4d19-85d8-4f9c27bcce14 ] Request (ServerRescueNegativeTestJSON:setUpClass): 200 GET http://10.180.1.21/compute/v2.1/servers/a9aaa31c-5228-4210-b3c0-ca8c5a8c6213 0.733s
2025-05-14 00:57:35.118 67674 INFO tempest.lib.common.rest_client [req-56a76d31-0732-4ef1-b3af-12ccdb00d3a0 req-56a76d31-0732-4ef1-b3af-12ccdb00d3a0 ] Request (MigrationsAdminTest:test_list_migrations_in_flavor_resize_situation): 200 GET http://10.180.1.21/compute/v2.1/servers/5d61c322-6a7d-4991-8cc4-6dcb1be74256 0.835s
2025-05-14 00:57:35.135 67682 INFO tempest.lib.common.rest_client [req-1a9b64f7-5690-4a46-b676-96d9350ecccc req-1a9b64f7-5690-4a46-b676-96d9350ecccc ] Request (ServerShowV254Test:test_rebuild_server): 200 GET http://10.180.1.21/compute/v2.1/servers/2de2d5d9-2644-408a-8957-2c169b2793ce 0.668s
2025-05-14 00:57:35.211 67680 INFO tempest.lib.common.rest_client [req-0d6ab6c6-8a02-4e19-a435-2c2254b76b69 req-0d6ab6c6-8a02-4e19-a435-2c2254b76b69 ] Request (ServerRescueTestJSONUnderV235:setUpClass): 201 POST http://10.180.1.21:9696/networking/v2.0/networks 0.639s
2025-05-14 00:57:35.254 67736 INFO tempest.lib.common.rest_client [req-aab39beb-b34b-48ce-a27b-19fa6b9bd102 req-aab39beb-b34b-48ce-a27b-19fa6b9bd102 ] Request (ServerDiagnosticsNegativeTest:test_get_server_diagnostics_by_non_admin): 200 GET http://10.180.1.21/compute/v2.1/servers/1e482ed7-9c9f-4713-abde-291417686a78 0.610s
2025-05-14 00:57:35.293 67720 INFO tempest.lib.common.rest_client [req-3b7516b3-2454-4602-a483-2c8bed41e44b req-3b7516b3-2454-4602-a483-2c8bed41e44b ] Request (ServerDiagnosticsTest:test_get_server_diagnostics): 200 GET http://10.180.1.21/compute/v2.1/servers/4a086288-b773-40aa-b39a-e3f3b9784a05 0.798s
2025-05-14 00:57:35.328 67727 INFO tempest.lib.common.rest_client [req-deb66ca3-786c-41f4-b1d3-5e31b3f92428 req-deb66ca3-786c-41f4-b1d3-5e31b3f92428 ] Request (VolumesAdminNegativeTest:test_update_attached_volume_with_nonexistent_volume_in_body): 200 GET http://10.180.1.21/compute/v2.1/servers/f42f9cc0-c33a-4bdc-b16c-8dec61896b27 0.625s
2025-05-14 00:57:35.362 67730 INFO tempest.lib.common.rest_client [req-87c466f8-9393-403f-9f59-b5fb429ecb9d req-87c466f8-9393-403f-9f59-b5fb429ecb9d ] Request (DeleteServersTestJSON:test_delete_server_while_in_shelved_state): 200 GET http://10.180.1.21/compute/v2.1/servers/2a6c8de3-8974-4533-a474-c4242fd735c6 0.592s
2025-05-14 00:57:35.403 67697 INFO tempest.lib.common.rest_client [req-72a32ded-0d75-48c4-9869-d8b9d3303f5e req-72a32ded-0d75-48c4-9869-d8b9d3303f5e ] Request (ServerActionsV293TestJSON:setUpClass): 200 GET http://10.180.1.21/compute/v2.1/servers/1000d79b-b491-4071-8ab0-aac90dac6b51 0.567s
2025-05-14 00:57:35.427 67724 INFO tempest.lib.common.rest_client [req-45ac0982-83a9-41da-a2bd-76334511a038 req-45ac0982-83a9-41da-a2bd-76334511a038 ] Request (ServersNegativeTestJSON:setUpClass): 200 GET http://10.180.1.21/compute/v2.1/servers/4a1a791f-36f3-48af-9792-4a9eaeba26c9 0.537s
2025-05-14 00:57:35.483 67710 INFO tempest.lib.common.rest_client [req-897dc3cc-0c8e-44a5-b197-eb638d3b9399 req-897dc3cc-0c8e-44a5-b197-eb638d3b9399 ] Request (AttachInterfacesTestJSON:test_create_list_show_delete_interfaces_by_network_port): 200 GET http://10.180.1.21/compute/v2.1/servers/69980b41-9514-4d97-aa75-ea68dd05b241 0.536s
2025-05-14 00:57:35.559 67732 INFO tempest.lib.common.rest_client [req-57508834-e4b0-482c-97e5-0b01849d538f req-57508834-e4b0-482c-97e5-0b01849d538f ] Request (ServerMetadataNegativeTestJSON:setUpClass): 200 PUT http://10.180.1.21:9696/networking/v2.0/routers/f7b6dffd-094f-4ca1-a51a-820192ba78c8/add_router_interface 1.596s
2025-05-14 00:57:35.559 67732 INFO tempest.lib.common.dynamic_creds [-] Created isolated network resources for: credentials: Credentials: {'domain_id': 'default', 'domain_name': 'Default', 'username': 'tempest-ServerMetadataNegativeTestJSON-173231563-project-member', 'project_domain_id': 'default', 'project_domain_name': 'Default', 'project_id': '08d51caa892442399c5ff40fe6815dc2', 'project_name': 'tempest-ServerMetadataNegativeTestJSON-173231563', 'tenant_id': '08d51caa892442399c5ff40fe6815dc2', 'tenant_name': 'tempest-ServerMetadataNegativeTestJSON-173231563', 'user_domain_id': 'default', 'user_domain_name': 'Default', 'user_id': 'c7632b1cd5d347b0899840adf181c326', 'system': None}, Network: {'id': '9fba5647-96a2-4183-8925-22bd4ccd209b', 'name': 'tempest-ServerMetadataNegativeTestJSON-734742194-network', 'tenant_id': '08d51caa892442399c5ff40fe6815dc2', 'admin_state_up': True, 'mtu': 8950, 'status': 'ACTIVE', 'subnets': [], 'shared': False, 'project_id': '08d51caa892442399c5ff40fe6815dc2', 'port_security_enabled': True, 'router:external': False, 'provider:network_type': 'vlan', 'provider:physical_network': 'default', 'provider:segmentation_id': 910, 'is_default': False, 'availability_zone_hints': [], 'availability_zones': [], 'ipv4_address_scope': None, 'ipv6_address_scope': None, 'description': '', 'tags': [], 'created_at': '2025-05-14T00:57:32Z', 'updated_at': '2025-05-14T00:57:32Z', 'revision_number': 1}, Subnet: {'id': 'f5eb244d-570a-40e5-9d98-2f813115961f', 'name': 'tempest-ServerMetadataNegativeTestJSON-734742194-subnet', 'tenant_id': '08d51caa892442399c5ff40fe6815dc2', 'network_id': '9fba5647-96a2-4183-8925-22bd4ccd209b', 'ip_version': 4, 'subnetpool_id': None, 'enable_dhcp': True, 'ipv6_ra_mode': None, 'ipv6_address_mode': None, 'gateway_ip': '192.168.128.1', 'cidr': '192.168.128.0/28', 'allocation_pools': [{'start': '192.168.128.2', 'end': '192.168.128.14'}], 'host_routes': [], 'dns_nameservers': [], 'description': '', 'service_types': [], 'tags': [], 'created_at': '2025-05-14T00:57:32Z', 'updated_at': '2025-05-14T00:57:32Z', 'revision_number': 0, 'project_id': '08d51caa892442399c5ff40fe6815dc2'}, Router: {'id': 'f7b6dffd-094f-4ca1-a51a-820192ba78c8', 'name': 'tempest-ServerMetadataNegativeTestJSON-734742194-router', 'tenant_id': '08d51caa892442399c5ff40fe6815dc2', 'admin_state_up': True, 'status': 'ACTIVE', 'external_gateway_info': {'network_id': '13f0b44b-322b-4fdb-8acf-c14e4cc1ea96', 'external_fixed_ips': [{'subnet_id': '5cde9d0b-5ce3-4fdc-8189-928d0cdfe5ec', 'ip_address': '10.180.180.207'}], 'enable_snat': True}, 'description': '', 'availability_zones': [], 'distributed': False, 'ha': False, 'availability_zone_hints': [], 'routes': [], 'flavor_id': None, 'tags': [], 'created_at': '2025-05-14T00:57:32Z', 'updated_at': '2025-05-14T00:57:33Z', 'revision_number': 2, 'project_id': '08d51caa892442399c5ff40fe6815dc2'}
2025-05-14 00:57:35.563 67704 INFO tempest.lib.common.rest_client [req-5491398a-2b0f-47b3-bac4-81f6e85bfa75 req-5491398a-2b0f-47b3-bac4-81f6e85bfa75 ] Request (MultipleCreateTestJSON:test_multiple_create_with_reservation_return): 200 GET http://10.180.1.21/compute/v2.1/servers/4c9dbddd-4c74-4ee0-a1be-e7a5c7cfc344 0.403s
2025-05-14 00:57:35.577 67692 INFO tempest.lib.common.rest_client [req-573e8805-2e49-4c19-869d-ec75d56b891b req-573e8805-2e49-4c19-869d-ec75d56b891b ] Request (ServersAdminNegativeTestJSON:setUpClass): 200 GET http://10.180.1.21/compute/v2.1/servers/c847f4cb-1914-497b-8d63-5b99a237e5e6 0.481s
2025-05-14 00:57:35.640 67728 INFO tempest.lib.common.rest_client [req-2a6b68bb-5a0a-4981-82b9-dfea9241f292 req-2a6b68bb-5a0a-4981-82b9-dfea9241f292 ] Request (ImagesOneServerNegativeTestJSON:setUpClass): 200 GET http://10.180.1.21/compute/v2.1/servers/cbe3ecc4-3c5b-4749-a21c-c0376583c4aa 0.424s
2025-05-14 00:57:35.640 67714 INFO tempest.lib.common.rest_client [req-260bb54c-40e7-4f0c-84cd-df587f7a29b1 req-260bb54c-40e7-4f0c-84cd-df587f7a29b1 ] Request (ServerTagsTestJSON:setUpClass): 200 GET http://10.180.1.21/compute/v2.1/servers/907dfc72-e766-4a24-a4e7-df762db37824 0.453s
2025-05-14 00:57:35.648 67680 INFO tempest.lib.common.rest_client [req-ca7b28c9-a2f0-4c72-bd46-2618d0e31f1f req-ca7b28c9-a2f0-4c72-bd46-2618d0e31f1f ] Request (ServerRescueTestJSONUnderV235:setUpClass): 201 POST http://10.180.1.21:9696/networking/v2.0/subnets 0.436s
2025-05-14 00:57:35.658 67732 INFO tempest.lib.common.rest_client [req-eda6dde4-7855-43b4-bcec-09f1143ecc8b req-eda6dde4-7855-43b4-bcec-09f1143ecc8b ] Request (ServerMetadataNegativeTestJSON:setUpClass): 201 POST http://10.180.1.21/identity/v3/auth/tokens 0.092s
2025-05-14 00:57:35.658 67732 WARNING tempest.lib.common.rest_client [-] Deprecated: "tenant_id" property is deprecated for removal, use "project_id" instead
2025-05-14 00:57:35.697 67732 INFO tempest.lib.common.rest_client [req-2e7b5e54-4164-4de3-832a-878f37f3d020 req-2e7b5e54-4164-4de3-832a-878f37f3d020 ] Request (ServerMetadataNegativeTestJSON:setUpClass): 201 POST http://10.180.1.21/identity/v3/auth/tokens 0.035s
2025-05-14 00:57:35.698 67732 INFO tempest.lib.common.fixed_network [-] (ServerMetadataNegativeTestJSON:setUpClass) Found network {'id': '9fba5647-96a2-4183-8925-22bd4ccd209b', 'name': 'tempest-ServerMetadataNegativeTestJSON-734742194-network', 'tenant_id': '08d51caa892442399c5ff40fe6815dc2', 'admin_state_up': True, 'mtu': 8950, 'status': 'ACTIVE', 'subnets': [], 'shared': False, 'project_id': '08d51caa892442399c5ff40fe6815dc2', 'port_security_enabled': True, 'router:external': False, 'provider:network_type': 'vlan', 'provider:physical_network': 'default', 'provider:segmentation_id': 910, 'is_default': False, 'availability_zone_hints': [], 'availability_zones': [], 'ipv4_address_scope': None, 'ipv6_address_scope': None, 'description': '', 'tags': [], 'created_at': '2025-05-14T00:57:32Z', 'updated_at': '2025-05-14T00:57:32Z', 'revision_number': 1} available for tenant
2025-05-14 00:57:35.700 67718 INFO tempest.lib.common.rest_client [req-03e2d60e-6e08-4c0a-a8ba-b186da0208db req-03e2d60e-6e08-4c0a-a8ba-b186da0208db ] Request (ServerShowV247Test:test_update_rebuild_list_server): 200 GET http://10.180.1.21/compute/v2.1/servers/8ddc70e6-ec6f-4740-8109-6ba2c5d00536 0.450s
2025-05-14 00:57:35.704 67678 INFO tempest.lib.common.rest_client [req-f988790d-1c39-4efb-a944-2c173d99e4ac req-f988790d-1c39-4efb-a944-2c173d99e4ac ] Request (ServersTestManualDisk:setUpClass): 200 GET http://10.180.1.21/compute/v2.1/servers/4dce8f09-ce7e-419c-90b4-48ee54d8c604 0.422s
2025-05-14 00:57:35.821 67699 INFO tempest.lib.common.rest_client [req-85e8fc5f-6e39-44c2-8cad-45fa25c050b1 req-85e8fc5f-6e39-44c2-8cad-45fa25c050b1 ] Request (ServerExternalEventsTest:test_create_server_external_events): 200 GET http://10.180.1.21/compute/v2.1/servers/379f5a6d-d6d4-434a-b401-1b027434e6fd 0.294s
2025-05-14 00:57:35.856 67690 INFO tempest.lib.common.rest_client [req-6a104ad3-fb65-4a5d-a22c-ec852e5b839a req-6a104ad3-fb65-4a5d-a22c-ec852e5b839a ] Request (DeleteServersAdminTestJSON:test_admin_delete_servers_of_others): 200 GET http://10.180.1.21/compute/v2.1/servers/c2867798-9109-4f85-ae60-3830a711f21f 0.453s
2025-05-14 00:57:35.893 67694 INFO tempest.lib.common.rest_client [req-00cd79c9-2941-44ba-9fbb-caa37be16b44 req-00cd79c9-2941-44ba-9fbb-caa37be16b44 ] Request (ServerDiagnosticsV248Test:test_get_server_diagnostics): 200 GET http://10.180.1.21/compute/v2.1/servers/8b43a9a6-b28c-43ed-9f83-02424f73dc3c 0.352s
2025-05-14 00:57:35.921 67735 INFO tempest.lib.common.rest_client [req-2600e0f5-6438-4445-8ea2-15c10c3e2436 req-2600e0f5-6438-4445-8ea2-15c10c3e2436 ] Request (ServersV294TestFqdnHostnames:setUpClass): 201 POST http://10.180.1.21:9696/networking/v2.0/routers 1.192s
2025-05-14 00:57:35.931 67676 INFO tempest.lib.common.rest_client [req-2262d14b-d288-4b6c-9d3e-deef5c89e6b8 req-2262d14b-d288-4b6c-9d3e-deef5c89e6b8 ] Request (ServerAddressesNegativeTestJSON:setUpClass): 200 GET http://10.180.1.21/compute/v2.1/servers/87ef9733-e8d6-429e-b23f-8b8aadef784c 0.339s
2025-05-14 00:57:35.960 67708 INFO tempest.lib.common.rest_client [req-38ed7828-c752-4623-b38a-e808959555e0 req-38ed7828-c752-4623-b38a-e808959555e0 ] Request (ServerDiskConfigTestJSON:test_resize_server_from_auto_to_manual): 200 GET http://10.180.1.21/compute/v2.1/servers/49292f00-1457-438b-b5b7-2ac35dd464d2 0.364s
2025-05-14 00:57:35.998 67702 INFO tempest.lib.common.rest_client [req-78a7cb9d-45ae-48d3-90f4-c395e7aeaf78 req-78a7cb9d-45ae-48d3-90f4-c395e7aeaf78 ] Request (ListServerFiltersTestJSON:setUpClass): 200 GET http://10.180.1.21/compute/v2.1/servers/2de499d5-2eb3-4138-8c6b-41fb94ff27eb 0.323s
2025-05-14 00:57:36.091 67686 INFO tempest.lib.common.rest_client [req-175bcd9f-66b7-4119-84f2-1b5c4faf7f83 req-175bcd9f-66b7-4119-84f2-1b5c4faf7f83 ] Request (ServerActionsTestOtherA:setUpClass): 200 GET http://10.180.1.21/compute/v2.1/servers/c372287f-35e3-402a-9841-6f55ea471d3d 0.355s
2025-05-14 00:57:36.241 67700 INFO tempest.lib.common.rest_client [req-b1417b3b-ec62-47d0-a602-b6e721bba956 req-b1417b3b-ec62-47d0-a602-b6e721bba956 ] Request (ServerActionsTestJSON:setUpClass): 200 GET http://10.180.1.21/compute/v2.1/servers/a073c7a9-d7ee-4d9e-be23-4345ed5f9047 0.488s
2025-05-14 00:57:36.390 67712 INFO tempest.lib.common.rest_client [req-ca738c4d-b997-4651-876e-48be9c1a61a1 req-ca738c4d-b997-4651-876e-48be9c1a61a1 ] Request (TenantUsagesTestJSON:setUpClass): 200 GET http://10.180.1.21/compute/v2.1/servers/a51d9480-1aa1-48c9-a05c-943589d6a224 0.416s
2025-05-14 00:57:36.450 67684 INFO tempest.lib.common.rest_client [req-78c121f7-18e0-4bef-8e9f-dfb98cef146b req-78c121f7-18e0-4bef-8e9f-dfb98cef146b ] Request (ServerPasswordTestJSON:setUpClass): 200 GET http://10.180.1.21/compute/v2.1/servers/2f050e13-5621-4dda-ade1-cfbef017e57e 0.415s
2025-05-14 00:57:36.515 67722 INFO tempest.lib.common.rest_client [req-e5924ea3-03b4-41f0-b78c-df56ce16a881 req-e5924ea3-03b4-41f0-b78c-df56ce16a881 ] Request (ServerRescueNegativeTestJSON:setUpClass): 200 GET http://10.180.1.21/compute/v2.1/servers/a9aaa31c-5228-4210-b3c0-ca8c5a8c6213 0.427s
2025-05-14 00:57:36.684 67680 INFO tempest.lib.common.rest_client [req-b3da61dc-f5d2-47d2-9825-b8b3b4f0cde3 req-b3da61dc-f5d2-47d2-9825-b8b3b4f0cde3 ] Request (ServerRescueTestJSONUnderV235:setUpClass): 201 POST http://10.180.1.21:9696/networking/v2.0/routers 1.035s
2025-05-14 00:57:36.747 67674 INFO tempest.lib.common.rest_client [req-6b8ba682-afb2-4261-8a9f-3ee889124f6d req-6b8ba682-afb2-4261-8a9f-3ee889124f6d ] Request (MigrationsAdminTest:test_list_migrations_in_flavor_resize_situation): 200 GET http://10.180.1.21/compute/v2.1/servers/5d61c322-6a7d-4991-8cc4-6dcb1be74256 0.621s
2025-05-14 00:57:36.779 67732 INFO tempest.lib.common.rest_client [req-3d7e1c0a-a54e-436f-8bdb-6cc2c6f2b3fb req-3d7e1c0a-a54e-436f-8bdb-6cc2c6f2b3fb ] Request (ServerMetadataNegativeTestJSON:setUpClass): 202 POST http://10.180.1.21/compute/v2.1/servers 1.080s
2025-05-14 00:57:36.930 67736 INFO tempest.lib.common.rest_client [req-b8ef28b9-6d7d-4392-8277-04cc7ccb958e req-b8ef28b9-6d7d-4392-8277-04cc7ccb958e ] Request (ServerDiagnosticsNegativeTest:test_get_server_diagnostics_by_non_admin): 200 GET http://10.180.1.21/compute/v2.1/servers/1e482ed7-9c9f-4713-abde-291417686a78 0.670s
2025-05-14 00:57:37.014 67682 INFO tempest.lib.common.rest_client [req-dea0f237-ab3d-49bb-83e5-58870768af5b req-dea0f237-ab3d-49bb-83e5-58870768af5b ] Request (ServerShowV254Test:test_rebuild_server): 200 GET http://10.180.1.21/compute/v2.1/servers/2de2d5d9-2644-408a-8957-2c169b2793ce 0.871s
2025-05-14 00:57:37.072 67727 INFO tempest.lib.common.rest_client [req-3dc0069a-d96b-4fb6-a922-494bca7b11a2 req-3dc0069a-d96b-4fb6-a922-494bca7b11a2 ] Request (VolumesAdminNegativeTest:test_update_attached_volume_with_nonexistent_volume_in_body): 200 GET http://10.180.1.21/compute/v2.1/servers/f42f9cc0-c33a-4bdc-b16c-8dec61896b27 0.734s
2025-05-14 00:57:37.146 67730 INFO tempest.lib.common.rest_client [req-c9fe54d4-b68b-4479-aca7-c3b957b3c085 req-c9fe54d4-b68b-4479-aca7-c3b957b3c085 ] Request (DeleteServersTestJSON:test_delete_server_while_in_shelved_state): 200 GET http://10.180.1.21/compute/v2.1/servers/2a6c8de3-8974-4533-a474-c4242fd735c6 0.774s
2025-05-14 00:57:37.217 67697 INFO tempest.lib.common.rest_client [req-ab8a13a5-d43a-4ddc-a274-bc5e56de08cd req-ab8a13a5-d43a-4ddc-a274-bc5e56de08cd ] Request (ServerActionsV293TestJSON:setUpClass): 200 GET http://10.180.1.21/compute/v2.1/servers/1000d79b-b491-4071-8ab0-aac90dac6b51 0.800s
2025-05-14 00:57:37.258 67720 INFO tempest.lib.common.rest_client [req-c99f02a0-f42e-4f65-9542-794ce17c62af req-c99f02a0-f42e-4f65-9542-794ce17c62af ] Request (ServerDiagnosticsTest:test_get_server_diagnostics): 200 GET http://10.180.1.21/compute/v2.1/servers/4a086288-b773-40aa-b39a-e3f3b9784a05 0.953s
2025-05-14 00:57:37.271 67724 INFO tempest.lib.common.rest_client [req-32f91de4-787a-49b1-b1ab-748120db655c req-32f91de4-787a-49b1-b1ab-748120db655c ] Request (ServersNegativeTestJSON:setUpClass): 200 GET http://10.180.1.21/compute/v2.1/servers/4a1a791f-36f3-48af-9792-4a9eaeba26c9 0.838s
2025-05-14 00:57:37.320 67710 INFO tempest.lib.common.rest_client [req-4f5be8d6-8922-4433-a873-f145bb15462e req-4f5be8d6-8922-4433-a873-f145bb15462e ] Request (AttachInterfacesTestJSON:test_create_list_show_delete_interfaces_by_network_port): 200 GET http://10.180.1.21/compute/v2.1/servers/69980b41-9514-4d97-aa75-ea68dd05b241 0.829s
2025-05-14 00:57:37.334 67704 INFO tempest.lib.common.rest_client [req-39d1ff5e-c5a5-4581-a6ed-ec6d7fd7b328 req-39d1ff5e-c5a5-4581-a6ed-ec6d7fd7b328 ] Request (MultipleCreateTestJSON:test_multiple_create_with_reservation_return): 200 GET http://10.180.1.21/compute/v2.1/servers/4c9dbddd-4c74-4ee0-a1be-e7a5c7cfc344 0.763s
2025-05-14 00:57:37.404 67728 INFO tempest.lib.common.rest_client [req-3a9a1002-fa17-4a27-866e-ee07b113c7bb req-3a9a1002-fa17-4a27-866e-ee07b113c7bb ] Request (ImagesOneServerNegativeTestJSON:setUpClass): 200 GET http://10.180.1.21/compute/v2.1/servers/cbe3ecc4-3c5b-4749-a21c-c0376583c4aa 0.756s
2025-05-14 00:57:37.473 67714 INFO tempest.lib.common.rest_client [req-c0ffe519-4659-4540-8678-545f085bf112 req-c0ffe519-4659-4540-8678-545f085bf112 ] Request (ServerTagsTestJSON:setUpClass): 200 GET http://10.180.1.21/compute/v2.1/servers/907dfc72-e766-4a24-a4e7-df762db37824 0.822s
2025-05-14 00:57:37.482 67692 INFO tempest.lib.common.rest_client [req-5b7ac3d4-ed3b-41b1-aabd-13b07bc55193 req-5b7ac3d4-ed3b-41b1-aabd-13b07bc55193 ] Request (ServersAdminNegativeTestJSON:setUpClass): 200 GET http://10.180.1.21/compute/v2.1/servers/c847f4cb-1914-497b-8d63-5b99a237e5e6 0.896s
2025-05-14 00:57:37.492 67735 INFO tempest.lib.common.rest_client [req-a34b9008-c906-4374-93e8-c2d25ce0e97e req-a34b9008-c906-4374-93e8-c2d25ce0e97e ] Request (ServersV294TestFqdnHostnames:setUpClass): 200 PUT http://10.180.1.21:9696/networking/v2.0/routers/222b721e-b9b0-41bc-9f38-231373f9b2e4/add_router_interface 1.571s
2025-05-14 00:57:37.493 67735 INFO tempest.lib.common.dynamic_creds [-] Created isolated network resources for: credentials: Credentials: {'domain_id': 'default', 'domain_name': 'Default', 'username': 'tempest-ServersV294TestFqdnHostnames-831052524-project-member', 'project_domain_id': 'default', 'project_domain_name': 'Default', 'project_id': 'f3eef4bcb81f47de92ba414db2779e37', 'project_name': 'tempest-ServersV294TestFqdnHostnames-831052524', 'tenant_id': 'f3eef4bcb81f47de92ba414db2779e37', 'tenant_name': 'tempest-ServersV294TestFqdnHostnames-831052524', 'user_domain_id': 'default', 'user_domain_name': 'Default', 'user_id': '7e970183d12c4deeb6dfa1734471585e', 'system': None}, Network: {'id': 'e6c124cc-f2f3-4fcf-bc45-244a343e51ff', 'name': 'tempest-ServersV294TestFqdnHostnames-914454982-network', 'tenant_id': 'f3eef4bcb81f47de92ba414db2779e37', 'admin_state_up': True, 'mtu': 8950, 'status': 'ACTIVE', 'subnets': [], 'shared': False, 'project_id': 'f3eef4bcb81f47de92ba414db2779e37', 'port_security_enabled': True, 'router:external': False, 'provider:network_type': 'vlan', 'provider:physical_network': 'default', 'provider:segmentation_id': 35, 'is_default': False, 'availability_zone_hints': [], 'availability_zones': [], 'ipv4_address_scope': None, 'ipv6_address_scope': None, 'description': '', 'tags': [], 'created_at': '2025-05-14T00:57:34Z', 'updated_at': '2025-05-14T00:57:34Z', 'revision_number': 1}, Subnet: {'id': '05265cc0-b117-4442-aaac-c172ab41232e', 'name': 'tempest-ServersV294TestFqdnHostnames-914454982-subnet', 'tenant_id': 'f3eef4bcb81f47de92ba414db2779e37', 'network_id': 'e6c124cc-f2f3-4fcf-bc45-244a343e51ff', 'ip_version': 4, 'subnetpool_id': None, 'enable_dhcp': True, 'ipv6_ra_mode': None, 'ipv6_address_mode': None, 'gateway_ip': '192.168.128.1', 'cidr': '192.168.128.0/28', 'allocation_pools': [{'start': '192.168.128.2', 'end': '192.168.128.14'}], 'host_routes': [], 'dns_nameservers': [], 'description': '', 'service_types': [], 'tags': [], 'created_at': '2025-05-14T00:57:34Z', 'updated_at': '2025-05-14T00:57:34Z', 'revision_number': 0, 'project_id': 'f3eef4bcb81f47de92ba414db2779e37'}, Router: {'id': '222b721e-b9b0-41bc-9f38-231373f9b2e4', 'name': 'tempest-ServersV294TestFqdnHostnames-914454982-router', 'tenant_id': 'f3eef4bcb81f47de92ba414db2779e37', 'admin_state_up': True, 'status': 'ACTIVE', 'external_gateway_info': {'network_id': '13f0b44b-322b-4fdb-8acf-c14e4cc1ea96', 'external_fixed_ips': [{'subnet_id': '5cde9d0b-5ce3-4fdc-8189-928d0cdfe5ec', 'ip_address': '10.180.180.212'}], 'enable_snat': True}, 'description': '', 'availability_zones': [], 'distributed': False, 'ha': False, 'availability_zone_hints': [], 'routes': [], 'flavor_id': None, 'tags': [], 'created_at': '2025-05-14T00:57:34Z', 'updated_at': '2025-05-14T00:57:35Z', 'revision_number': 2, 'project_id': 'f3eef4bcb81f47de92ba414db2779e37'}
2025-05-14 00:57:37.534 67678 INFO tempest.lib.common.rest_client [req-4ce1fe03-d5f9-4051-8d8f-8d6f989c5641 req-4ce1fe03-d5f9-4051-8d8f-8d6f989c5641 ] Request (ServersTestManualDisk:setUpClass): 200 GET http://10.180.1.21/compute/v2.1/servers/4dce8f09-ce7e-419c-90b4-48ee54d8c604 0.821s
2025-05-14 00:57:37.548 67718 INFO tempest.lib.common.rest_client [req-edb673f7-8379-48be-9db1-c7cd71770a85 req-edb673f7-8379-48be-9db1-c7cd71770a85 ] Request (ServerShowV247Test:test_update_rebuild_list_server): 200 GET http://10.180.1.21/compute/v2.1/servers/8ddc70e6-ec6f-4740-8109-6ba2c5d00536 0.835s
2025-05-14 00:57:37.607 67735 INFO tempest.lib.common.rest_client [req-d4870964-8de2-4137-b39e-88c799449f6d req-d4870964-8de2-4137-b39e-88c799449f6d ] Request (ServersV294TestFqdnHostnames:setUpClass): 201 POST http://10.180.1.21/identity/v3/auth/tokens 0.109s
2025-05-14 00:57:37.616 67732 INFO tempest.lib.common.rest_client [req-39d36bb2-0650-4301-9f8b-97cdd82f5b7b req-39d36bb2-0650-4301-9f8b-97cdd82f5b7b ] Request (ServerMetadataNegativeTestJSON:setUpClass): 200 GET http://10.180.1.21/compute/v2.1/servers/65422c06-b1cf-4868-8f38-391b08038fc9 0.835s
2025-05-14 00:57:37.659 67699 INFO tempest.lib.common.rest_client [req-05facb45-10f2-41c3-9825-0cd54661cb22 req-05facb45-10f2-41c3-9825-0cd54661cb22 ] Request (ServerExternalEventsTest:test_create_server_external_events): 200 GET http://10.180.1.21/compute/v2.1/servers/379f5a6d-d6d4-434a-b401-1b027434e6fd 0.832s
2025-05-14 00:57:37.720 67694 INFO tempest.lib.common.rest_client [req-8463a32e-f386-4d4e-a63e-d0273ab91677 req-8463a32e-f386-4d4e-a63e-d0273ab91677 ] Request (ServerDiagnosticsV248Test:test_get_server_diagnostics): 200 GET http://10.180.1.21/compute/v2.1/servers/8b43a9a6-b28c-43ed-9f83-02424f73dc3c 0.814s
2025-05-14 00:57:37.772 67690 INFO tempest.lib.common.rest_client [req-6a75425e-1863-437d-b587-2318218f970c req-6a75425e-1863-437d-b587-2318218f970c ] Request (DeleteServersAdminTestJSON:test_admin_delete_servers_of_others): 200 GET http://10.180.1.21/compute/v2.1/servers/c2867798-9109-4f85-ae60-3830a711f21f 0.907s
2025-05-14 00:57:37.785 67676 INFO tempest.lib.common.rest_client [req-2748e4a9-ae61-4ca4-bd01-ab07a7f6b52a req-2748e4a9-ae61-4ca4-bd01-ab07a7f6b52a ] Request (ServerAddressesNegativeTestJSON:setUpClass): 200 GET http://10.180.1.21/compute/v2.1/servers/87ef9733-e8d6-429e-b23f-8b8aadef784c 0.848s
2025-05-14 00:57:37.835 67702 INFO tempest.lib.common.rest_client [req-a280cf62-af2f-47d4-a03f-66bfb3c70323 req-a280cf62-af2f-47d4-a03f-66bfb3c70323 ] Request (ListServerFiltersTestJSON:setUpClass): 200 GET http://10.180.1.21/compute/v2.1/servers/2de499d5-2eb3-4138-8c6b-41fb94ff27eb 0.828s
2025-05-14 00:57:37.837 67708 INFO tempest.lib.common.rest_client [req-926d6012-6ae9-4e6f-ac6a-72512f90ce20 req-926d6012-6ae9-4e6f-ac6a-72512f90ce20 ] Request (ServerDiskConfigTestJSON:test_resize_server_from_auto_to_manual): 200 GET http://10.180.1.21/compute/v2.1/servers/49292f00-1457-438b-b5b7-2ac35dd464d2 0.864s
2025-05-14 00:57:37.886 67686 INFO tempest.lib.common.rest_client [req-b6b0b6e3-6a61-4964-a4ec-eae044ad6e7e req-b6b0b6e3-6a61-4964-a4ec-eae044ad6e7e ] Request (ServerActionsTestOtherA:setUpClass): 200 GET http://10.180.1.21/compute/v2.1/servers/c372287f-35e3-402a-9841-6f55ea471d3d 0.790s
2025-05-14 00:57:37.983 67712 INFO tempest.lib.common.rest_client [req-642d2d9d-c4ea-4316-8395-bf8214843b36 req-642d2d9d-c4ea-4316-8395-bf8214843b36 ] Request (TenantUsagesTestJSON:setUpClass): 200 GET http://10.180.1.21/compute/v2.1/servers/a51d9480-1aa1-48c9-a05c-943589d6a224 0.585s
2025-05-14 00:57:38.038 67684 INFO tempest.lib.common.rest_client [req-b97ad312-f4ec-4d9f-a5c4-4be5c15c71eb req-b97ad312-f4ec-4d9f-a5c4-4be5c15c71eb ] Request (ServerPasswordTestJSON:setUpClass): 200 GET http://10.180.1.21/compute/v2.1/servers/2f050e13-5621-4dda-ade1-cfbef017e57e 0.577s
2025-05-14 00:57:38.051 67700 INFO tempest.lib.common.rest_client [req-87377b75-f749-4e0c-9cfe-45c5e6f7c875 req-87377b75-f749-4e0c-9cfe-45c5e6f7c875 ] Request (ServerActionsTestJSON:setUpClass): 200 GET http://10.180.1.21/compute/v2.1/servers/a073c7a9-d7ee-4d9e-be23-4345ed5f9047 0.799s
2025-05-14 00:57:38.100 67722 INFO tempest.lib.common.rest_client [req-c8245d43-afa6-40f6-a2fd-eb01fd3d2a9d req-c8245d43-afa6-40f6-a2fd-eb01fd3d2a9d ] Request (ServerRescueNegativeTestJSON:setUpClass): 200 GET http://10.180.1.21/compute/v2.1/servers/a9aaa31c-5228-4210-b3c0-ca8c5a8c6213 0.578s
2025-05-14 00:57:38.117 67735 INFO tempest.lib.common.rest_client [req-ebee52de-e211-47cd-b20a-57bba462d65d req-ebee52de-e211-47cd-b20a-57bba462d65d ] Request (ServersV294TestFqdnHostnames:setUpClass): 201 POST http://10.180.1.21/compute/v2.1/os-keypairs 0.507s
2025-05-14 00:57:38.220 67674 INFO tempest.lib.common.rest_client [req-93a86850-1126-4378-9d55-ad5f24029473 req-93a86850-1126-4378-9d55-ad5f24029473 ] Request (MigrationsAdminTest:test_list_migrations_in_flavor_resize_situation): 200 GET http://10.180.1.21/compute/v2.1/servers/5d61c322-6a7d-4991-8cc4-6dcb1be74256 0.460s
2025-05-14 00:57:38.243 67735 INFO tempest.lib.common.rest_client [req-a64554e7-0f26-4cab-abfc-5f596af39bb4 req-a64554e7-0f26-4cab-abfc-5f596af39bb4 ] Request (ServersV294TestFqdnHostnames:setUpClass): 201 POST http://10.180.1.21:9696/networking/v2.0/security-groups 0.124s
2025-05-14 00:57:38.300 67682 INFO tempest.lib.common.rest_client [req-96c5571b-46de-44e4-9398-b6be2fb3f53e req-96c5571b-46de-44e4-9398-b6be2fb3f53e ] Request (ServerShowV254Test:test_rebuild_server): 200 GET http://10.180.1.21/compute/v2.1/servers/2de2d5d9-2644-408a-8957-2c169b2793ce 0.276s
2025-05-14 00:57:38.320 67736 INFO tempest.lib.common.rest_client [req-c85a668f-acd3-4185-a84b-e9309ab2627e req-c85a668f-acd3-4185-a84b-e9309ab2627e ] Request (ServerDiagnosticsNegativeTest:test_get_server_diagnostics_by_non_admin): 200 GET http://10.180.1.21/compute/v2.1/servers/1e482ed7-9c9f-4713-abde-291417686a78 0.381s
2025-05-14 00:57:38.338 67735 INFO tempest.lib.common.rest_client [req-2ee075d2-fe37-436e-80e4-c942f055f733 req-2ee075d2-fe37-436e-80e4-c942f055f733 ] Request (ServersV294TestFqdnHostnames:setUpClass): 201 POST http://10.180.1.21:9696/networking/v2.0/security-group-rules 0.095s
2025-05-14 00:57:38.380 67727 INFO tempest.lib.common.rest_client [req-dec4eeb6-b132-413f-82dc-57ea070f8074 req-dec4eeb6-b132-413f-82dc-57ea070f8074 ] Request (VolumesAdminNegativeTest:test_update_attached_volume_with_nonexistent_volume_in_body): 200 GET http://10.180.1.21/compute/v2.1/servers/f42f9cc0-c33a-4bdc-b16c-8dec61896b27 0.299s
2025-05-14 00:57:38.402 67730 INFO tempest.lib.common.rest_client [req-70243bca-a81c-45a9-aa42-2d7f3bfba7a9 req-70243bca-a81c-45a9-aa42-2d7f3bfba7a9 ] Request (DeleteServersTestJSON:test_delete_server_while_in_shelved_state): 200 GET http://10.180.1.21/compute/v2.1/servers/2a6c8de3-8974-4533-a474-c4242fd735c6 0.248s
2025-05-14 00:57:38.445 67697 INFO tempest.lib.common.rest_client [req-a9599351-18b2-4a24-876e-8ff667d7d7a6 req-a9599351-18b2-4a24-876e-8ff667d7d7a6 ] Request (ServerActionsV293TestJSON:setUpClass): 200 GET http://10.180.1.21/compute/v2.1/servers/1000d79b-b491-4071-8ab0-aac90dac6b51 0.219s
2025-05-14 00:57:38.499 67724 INFO tempest.lib.common.rest_client [req-7ed111a5-3d83-4ae8-9a54-319aef9e2251 req-7ed111a5-3d83-4ae8-9a54-319aef9e2251 ] Request (ServersNegativeTestJSON:setUpClass): 200 GET http://10.180.1.21/compute/v2.1/servers/4a1a791f-36f3-48af-9792-4a9eaeba26c9 0.217s
2025-05-14 00:57:38.562 67735 INFO tempest.lib.common.rest_client [req-5d421bae-a43d-4516-ad4f-fa0f63418abd req-5d421bae-a43d-4516-ad4f-fa0f63418abd ] Request (ServersV294TestFqdnHostnames:setUpClass): 201 POST http://10.180.1.21:9696/networking/v2.0/security-group-rules 0.223s
2025-05-14 00:57:38.580 67680 INFO tempest.lib.common.rest_client [req-8d473995-ecbb-4f34-8e7a-1d894f50bfd9 req-8d473995-ecbb-4f34-8e7a-1d894f50bfd9 ] Request (ServerRescueTestJSONUnderV235:setUpClass): 200 PUT http://10.180.1.21:9696/networking/v2.0/routers/1817ec7b-e38f-4a9b-8637-f35c03bde495/add_router_interface 1.896s
2025-05-14 00:57:38.580 67710 INFO tempest.lib.common.rest_client [req-61c95e17-3ae7-47ed-ae63-8792bb94193c req-61c95e17-3ae7-47ed-ae63-8792bb94193c ] Request (AttachInterfacesTestJSON:test_create_list_show_delete_interfaces_by_network_port): 200 GET http://10.180.1.21/compute/v2.1/servers/69980b41-9514-4d97-aa75-ea68dd05b241 0.252s
2025-05-14 00:57:38.581 67680 INFO tempest.lib.common.dynamic_creds [-] Created isolated network resources for: credentials: Credentials: {'domain_id': 'default', 'domain_name': 'Default', 'username': 'tempest-ServerRescueTestJSONUnderV235-461983559-project-member', 'project_domain_id': 'default', 'project_domain_name': 'Default', 'project_id': '948309f650a8405199bdea3a688dbc1a', 'project_name': 'tempest-ServerRescueTestJSONUnderV235-461983559', 'tenant_id': '948309f650a8405199bdea3a688dbc1a', 'tenant_name': 'tempest-ServerRescueTestJSONUnderV235-461983559', 'user_domain_id': 'default', 'user_domain_name': 'Default', 'user_id': '5ac0b31bfde44512b366bf9a06c01e9c', 'system': None}, Network: {'id': 'a429b9c0-566b-4b12-a130-b37d0fff352f', 'name': 'tempest-ServerRescueTestJSONUnderV235-1873656826-network', 'tenant_id': '948309f650a8405199bdea3a688dbc1a', 'admin_state_up': True, 'mtu': 8950, 'status': 'ACTIVE', 'subnets': [], 'shared': False, 'project_id': '948309f650a8405199bdea3a688dbc1a', 'port_security_enabled': True, 'router:external': False, 'provider:network_type': 'vlan', 'provider:physical_network': 'default', 'provider:segmentation_id': 21, 'is_default': False, 'availability_zone_hints': [], 'availability_zones': [], 'ipv4_address_scope': None, 'ipv6_address_scope': None, 'description': '', 'tags': [], 'created_at': '2025-05-14T00:57:35Z', 'updated_at': '2025-05-14T00:57:35Z', 'revision_number': 1}, Subnet: {'id': 'cf1dcd3a-5742-4653-ab78-1347bcd10c1e', 'name': 'tempest-ServerRescueTestJSONUnderV235-1873656826-subnet', 'tenant_id': '948309f650a8405199bdea3a688dbc1a', 'network_id': 'a429b9c0-566b-4b12-a130-b37d0fff352f', 'ip_version': 4, 'subnetpool_id': None, 'enable_dhcp': False, 'ipv6_ra_mode': None, 'ipv6_address_mode': None, 'gateway_ip': '192.168.128.1', 'cidr': '192.168.128.0/28', 'allocation_pools': [{'start': '192.168.128.2', 'end': '192.168.128.14'}], 'host_routes': [], 'dns_nameservers': [], 'description': '', 'service_types': [], 'tags': [], 'created_at': '2025-05-14T00:57:35Z', 'updated_at': '2025-05-14T00:57:35Z', 'revision_number': 0, 'project_id': '948309f650a8405199bdea3a688dbc1a'}, Router: {'id': '1817ec7b-e38f-4a9b-8637-f35c03bde495', 'name': 'tempest-ServerRescueTestJSONUnderV235-1873656826-router', 'tenant_id': '948309f650a8405199bdea3a688dbc1a', 'admin_state_up': True, 'status': 'ACTIVE', 'external_gateway_info': {'network_id': '13f0b44b-322b-4fdb-8acf-c14e4cc1ea96', 'external_fixed_ips': [{'subnet_id': '5cde9d0b-5ce3-4fdc-8189-928d0cdfe5ec', 'ip_address': '10.180.180.174'}], 'enable_snat': True}, 'description': '', 'availability_zones': [], 'distributed': False, 'ha': False, 'availability_zone_hints': [], 'routes': [], 'flavor_id': None, 'tags': [], 'created_at': '2025-05-14T00:57:35Z', 'updated_at': '2025-05-14T00:57:36Z', 'revision_number': 2, 'project_id': '948309f650a8405199bdea3a688dbc1a'}
2025-05-14 00:57:38.632 67704 INFO tempest.lib.common.rest_client [req-51725d52-2162-4f5f-8d12-2d8f5e23a72d req-51725d52-2162-4f5f-8d12-2d8f5e23a72d ] Request (MultipleCreateTestJSON:test_multiple_create_with_reservation_return): 200 GET http://10.180.1.21/compute/v2.1/servers/4c9dbddd-4c74-4ee0-a1be-e7a5c7cfc344 0.291s
2025-05-14 00:57:38.638 67720 INFO tempest.lib.common.rest_client [req-8d31473a-e149-4c81-bf9b-2a2a2f607ab8 req-8d31473a-e149-4c81-bf9b-2a2a2f607ab8 ] Request (ServerDiagnosticsTest:test_get_server_diagnostics): 200 GET http://10.180.1.21/compute/v2.1/servers/4a086288-b773-40aa-b39a-e3f3b9784a05 0.373s
2025-05-14 00:57:38.676 67680 INFO tempest.lib.common.rest_client [req-78839884-dee8-4ed6-a917-f6a03a097fc4 req-78839884-dee8-4ed6-a917-f6a03a097fc4 ] Request (ServerRescueTestJSONUnderV235:setUpClass): 201 POST http://10.180.1.21/identity/v3/auth/tokens 0.090s
2025-05-14 00:57:38.686 67728 INFO tempest.lib.common.rest_client [req-26fd0e62-7b6a-4dfe-9c6f-a9bbb769a7a2 req-26fd0e62-7b6a-4dfe-9c6f-a9bbb769a7a2 ] Request (ImagesOneServerNegativeTestJSON:setUpClass): 200 GET http://10.180.1.21/compute/v2.1/servers/cbe3ecc4-3c5b-4749-a21c-c0376583c4aa 0.275s
2025-05-14 00:57:38.708 67714 INFO tempest.lib.common.rest_client [req-8089c408-f52c-4621-adc8-6d049b416cb3 req-8089c408-f52c-4621-adc8-6d049b416cb3 ] Request (ServerTagsTestJSON:setUpClass): 200 GET http://10.180.1.21/compute/v2.1/servers/907dfc72-e766-4a24-a4e7-df762db37824 0.227s
