2025-05-14 00:58:48.972 67736 INFO tempest.lib.common.rest_client [req-c85ebd25-741f-4b75-b217-ba6813b3fc1f req-c85ebd25-741f-4b75-b217-ba6813b3fc1f ] Request (ValidationResourcesFixture:setUp): 201 POST http://10.180.1.21:9696/networking/v2.0/security-group-rules 0.100s
2025-05-14 00:58:48.979 67727 INFO tempest.lib.common.rest_client [req-2cb29714-542f-4e1b-bed0-0cabbd380f16 req-2cb29714-542f-4e1b-bed0-0cabbd380f16 ] Request (VolumesAdminNegativeTest:test_update_attached_volume_with_nonexistent_volume_in_body): 200 GET http://10.180.1.21/compute/v2.1/servers/f42f9cc0-c33a-4bdc-b16c-8dec61896b27 0.133s
2025-05-14 00:58:49.016 67718 INFO tempest.lib.common.rest_client [req-b1613500-7586-4cd8-bed0-e7f4d2937aca req-b1613500-7586-4cd8-bed0-e7f4d2937aca ] Request (ServerShowV247Test:test_update_rebuild_list_server): 200 GET http://10.180.1.21/compute/v2.1/servers/8ddc70e6-ec6f-4740-8109-6ba2c5d00536 0.145s
2025-05-14 00:58:49.040 67694 INFO tempest.lib.common.rest_client [req-f2e517c9-8019-42ab-8a3e-4098b02348f1 req-f2e517c9-8019-42ab-8a3e-4098b02348f1 ] Request (ServerDiagnosticsV248Test:test_get_server_diagnostics): 200 GET http://10.180.1.21/compute/v2.1/servers/8b43a9a6-b28c-43ed-9f83-02424f73dc3c 0.102s
2025-05-14 00:58:49.053 67736 INFO tempest.lib.common.rest_client [req-8ff66285-9452-4933-bd29-a036c6b9eb67 req-8ff66285-9452-4933-bd29-a036c6b9eb67 ] Request (ValidationResourcesFixture:setUp): 201 POST http://10.180.1.21:9696/networking/v2.0/security-group-rules 0.079s
2025-05-14 00:58:49.091 67678 INFO tempest.lib.common.rest_client [req-5fabe0d4-22b8-4c0d-9329-0437c0b88d4b req-5fabe0d4-22b8-4c0d-9329-0437c0b88d4b ] Request (ServersTestManualDisk:setUpClass): 200 GET http://10.180.1.21/compute/v2.1/servers/4dce8f09-ce7e-419c-90b4-48ee54d8c604 0.096s
2025-05-14 00:58:49.110 67720 INFO tempest.lib.common.rest_client [req-f5d4d1d9-9e2f-4c51-ab7e-97c2e90a8b1c req-f5d4d1d9-9e2f-4c51-ab7e-97c2e90a8b1c ] Request (ServerDiagnosticsTest:test_get_server_diagnostics): 200 GET http://10.180.1.21/compute/v2.1/servers/4a086288-b773-40aa-b39a-e3f3b9784a05 0.126s
2025-05-14 00:58:49.142 67676 INFO tempest.lib.common.rest_client [req-d6b4cfd2-b565-4342-a232-6db1cfc9ec3f req-d6b4cfd2-b565-4342-a232-6db1cfc9ec3f ] Request (ServerAddressesNegativeTestJSON:setUpClass): 200 GET http://10.180.1.21/compute/v2.1/servers/87ef9733-e8d6-429e-b23f-8b8aadef784c 0.104s
2025-05-14 00:58:49.160 67714 INFO tempest.lib.common.rest_client [req-86006a45-fe41-4644-a61c-b82450f5cd60 req-86006a45-fe41-4644-a61c-b82450f5cd60 ] Request (ServerTagsTestJSON:setUpClass): 200 GET http://10.180.1.21/compute/v2.1/servers/907dfc72-e766-4a24-a4e7-df762db37824 0.116s
2025-05-14 00:58:49.198 67732 INFO tempest.lib.common.rest_client [req-3af44c90-33ed-47be-944c-c33dfe359229 req-3af44c90-33ed-47be-944c-c33dfe359229 ] Request (ServerMetadataNegativeTestJSON:setUpClass): 200 GET http://10.180.1.21/compute/v2.1/servers/65422c06-b1cf-4868-8f38-391b08038fc9 0.098s
2025-05-14 00:58:49.207 67708 INFO tempest.lib.common.rest_client [req-e8d6077c-c276-4445-9c25-768b3ac42fd7 req-e8d6077c-c276-4445-9c25-768b3ac42fd7 ] Request (ServerDiskConfigTestJSON:test_resize_server_from_auto_to_manual): 200 GET http://10.180.1.21/compute/v2.1/servers/49292f00-1457-438b-b5b7-2ac35dd464d2 0.103s
2025-05-14 00:58:49.252 67686 INFO tempest.lib.common.rest_client [req-04140e97-8627-45dc-9cd3-80a048161470 req-04140e97-8627-45dc-9cd3-80a048161470 ] Request (ServerActionsTestOtherA:setUpClass): 200 GET http://10.180.1.21/compute/v2.1/servers/c372287f-35e3-402a-9841-6f55ea471d3d 0.109s
2025-05-14 00:58:49.259 67722 INFO tempest.lib.common.rest_client [req-9c17f216-bd28-4580-a423-a086fd07cf10 req-9c17f216-bd28-4580-a423-a086fd07cf10 ] Request (ServerRescueNegativeTestJSON:setUpClass): 200 GET http://10.180.1.21/compute/v2.1/servers/a9aaa31c-5228-4210-b3c0-ca8c5a8c6213 0.049s
2025-05-14 00:58:49.429 67735 INFO tempest.lib.common.rest_client [req-f2cc8d65-3d4c-488c-a618-6c13f540edaf req-f2cc8d65-3d4c-488c-a618-6c13f540edaf ] Request (ServersV294TestFqdnHostnames:setUpClass): 200 GET http://10.180.1.21/compute/v2.1/servers/662bb470-e6ed-4a37-bb23-74a0a36dff0c 0.060s
2025-05-14 00:58:49.436 67712 INFO tempest.lib.common.rest_client [req-c073856f-cb80-40d7-9f3a-6f059f7669c0 req-c073856f-cb80-40d7-9f3a-6f059f7669c0 ] Request (TenantUsagesTestJSON:setUpClass): 200 GET http://10.180.1.21/compute/v2.1/servers/a51d9480-1aa1-48c9-a05c-943589d6a224 0.118s
2025-05-14 00:58:49.481 67690 INFO tempest.lib.common.rest_client [req-f743413a-5753-4ceb-a52b-0caf91eb17bf req-f743413a-5753-4ceb-a52b-0caf91eb17bf ] Request (DeleteServersAdminTestJSON:test_delete_server_while_in_error_state): 200 GET http://10.180.1.21/compute/v2.1/servers/25cc189a-383b-450c-810d-85ea2b48fdca 0.063s
2025-05-14 00:58:49.488 67684 INFO tempest.lib.common.rest_client [req-34c75167-d7e2-43ec-98a8-5b797d898f70 req-34c75167-d7e2-43ec-98a8-5b797d898f70 ] Request (ServerPasswordTestJSON:setUpClass): 200 GET http://10.180.1.21/compute/v2.1/servers/2f050e13-5621-4dda-ade1-cfbef017e57e 0.052s
2025-05-14 00:58:49.540 67682 INFO tempest.lib.common.rest_client [req-f830d4a6-2d6b-4e5c-8209-4fe936f32da8 req-f830d4a6-2d6b-4e5c-8209-4fe936f32da8 ] Request (ServerShowV254Test:test_rebuild_server): 200 GET http://10.180.1.21/compute/v2.1/servers/2de2d5d9-2644-408a-8957-2c169b2793ce 0.061s
2025-05-14 00:58:49.558 67730 INFO tempest.lib.common.rest_client [req-d0bbc700-1b33-4aad-adcd-40543ae98e6a req-d0bbc700-1b33-4aad-adcd-40543ae98e6a ] Request (DeleteServersTestJSON:test_delete_server_while_in_shelved_state): 200 GET http://10.180.1.21/compute/v2.1/servers/2a6c8de3-8974-4533-a474-c4242fd735c6 0.063s
2025-05-14 00:58:49.559 67736 INFO tempest.lib.common.rest_client [req-64c0e794-592c-4c31-8b95-895f172a5c5d req-64c0e794-592c-4c31-8b95-895f172a5c5d ] Request (ValidationResourcesFixture:setUp): 201 POST http://10.180.1.21:9696/networking/v2.0/floatingips 0.506s
2025-05-14 00:58:49.585 67736 INFO tempest.lib.common.rest_client [req-81a53f17-dc27-422d-b6b9-ebc08baacb39 req-81a53f17-dc27-422d-b6b9-ebc08baacb39 ] Request (AttachVolumeTestJSON:test_attach_detach_volume): 201 POST http://10.180.1.21/identity/v3/auth/tokens 0.023s
2025-05-14 00:58:49.585 67736 INFO tempest.lib.common.fixed_network [-] (AttachVolumeTestJSON:test_attach_detach_volume) Found network {'id': 'e1d7c20d-759c-483a-8455-b951c180a23b', 'name': 'tempest-AttachVolumeTestJSON-646774569-network', 'tenant_id': 'ea5f48a6b9e14d2aab7a954c6598b674', 'admin_state_up': True, 'mtu': 8950, 'status': 'ACTIVE', 'subnets': [], 'shared': False, 'project_id': 'ea5f48a6b9e14d2aab7a954c6598b674', 'port_security_enabled': True, 'router:external': False, 'provider:network_type': 'vlan', 'provider:physical_network': 'default', 'provider:segmentation_id': 772, 'is_default': False, 'availability_zone_hints': [], 'availability_zones': [], 'ipv4_address_scope': None, 'ipv6_address_scope': None, 'description': '', 'tags': [], 'created_at': '2025-05-14T00:58:45Z', 'updated_at': '2025-05-14T00:58:45Z', 'revision_number': 1} available for tenant
2025-05-14 00:58:49.612 67680 INFO tempest.lib.common.rest_client [req-24b36333-2cc8-4080-a120-b60c8835ad94 req-24b36333-2cc8-4080-a120-b60c8835ad94 ] Request (ServerRescueTestJSONUnderV235:setUpClass): 200 GET http://10.180.1.21/compute/v2.1/servers/e976fd9e-95a3-4564-9bd6-08ee3f15a188 0.057s
2025-05-14 00:58:49.701 67700 INFO tempest.lib.common.rest_client [req-316d4552-4202-49b5-b008-67133fc7f186 req-316d4552-4202-49b5-b008-67133fc7f186 ] Request (ServerActionsTestJSON:setUpClass): 200 GET http://10.180.1.21/compute/v2.1/servers/a073c7a9-d7ee-4d9e-be23-4345ed5f9047 0.114s
2025-05-14 00:58:49.796 67674 INFO tempest.lib.common.rest_client [req-348b8607-ff78-41bb-ade6-1ccdf2ce2332 req-348b8607-ff78-41bb-ade6-1ccdf2ce2332 ] Request (MigrationsAdminTest:test_list_migrations_in_flavor_resize_situation): 200 GET http://10.180.1.21/compute/v2.1/servers/5d61c322-6a7d-4991-8cc4-6dcb1be74256 0.156s
2025-05-14 00:58:49.883 67702 INFO tempest.lib.common.rest_client [req-88439e5e-978f-45f5-8534-f0e6be62ab29 req-88439e5e-978f-45f5-8534-f0e6be62ab29 ] Request (ListServerFiltersTestJSON:setUpClass): 200 GET http://10.180.1.21/compute/v2.1/servers/2de499d5-2eb3-4138-8c6b-41fb94ff27eb 0.199s
2025-05-14 00:58:49.934 67697 INFO tempest.lib.common.rest_client [req-7105905b-51ea-4489-9892-847fb6faff93 req-7105905b-51ea-4489-9892-847fb6faff93 ] Request (ServerActionsV293TestJSON:setUpClass): 200 GET http://10.180.1.21/compute/v2.1/servers/1000d79b-b491-4071-8ab0-aac90dac6b51 0.237s
2025-05-14 00:58:49.940 67736 INFO tempest.lib.common.rest_client [req-f48fb29f-d785-4af4-9c0d-aca12dc1dd2a req-f48fb29f-d785-4af4-9c0d-aca12dc1dd2a ] Request (AttachVolumeTestJSON:test_attach_detach_volume): 202 POST http://10.180.1.21/compute/v2.1/servers 0.354s
2025-05-14 00:58:49.979 67704 INFO tempest.lib.common.rest_client [req-0d9c8e3a-d997-442a-a292-5a8624d2bb47 req-0d9c8e3a-d997-442a-a292-5a8624d2bb47 ] Request (MultipleCreateTestJSON:test_multiple_create_with_reservation_return): 200 GET http://10.180.1.21/compute/v2.1/servers/4c9dbddd-4c74-4ee0-a1be-e7a5c7cfc344 0.234s
2025-05-14 00:58:49.988 67724 INFO tempest.lib.common.rest_client [req-2c7da1c5-5f44-4bc3-87c5-3d40e9c19362 req-2c7da1c5-5f44-4bc3-87c5-3d40e9c19362 ] Request (ServersNegativeTestJSON:setUpClass): 200 GET http://10.180.1.21/compute/v2.1/servers/4a1a791f-36f3-48af-9792-4a9eaeba26c9 0.200s
2025-05-14 00:58:50.025 67728 INFO tempest.lib.common.rest_client [req-89db53b7-9334-466c-a96f-46f028a1495e req-89db53b7-9334-466c-a96f-46f028a1495e ] Request (ImagesOneServerNegativeTestJSON:setUpClass): 200 GET http://10.180.1.21/compute/v2.1/servers/cbe3ecc4-3c5b-4749-a21c-c0376583c4aa 0.200s
2025-05-14 00:58:50.030 67710 INFO tempest.lib.common.rest_client [req-d280f185-ad2f-4082-afae-403db0b76c47 req-d280f185-ad2f-4082-afae-403db0b76c47 ] Request (AttachInterfacesTestJSON:test_create_list_show_delete_interfaces_by_network_port): 200 GET http://10.180.1.21/compute/v2.1/servers/69980b41-9514-4d97-aa75-ea68dd05b241 0.193s
2025-05-14 00:58:50.063 67736 INFO tempest.lib.common.rest_client [req-ca1fb43c-01d9-467f-a3f8-edbbd20a1cbc req-ca1fb43c-01d9-467f-a3f8-edbbd20a1cbc ] Request (AttachVolumeTestJSON:test_attach_detach_volume): 200 GET http://10.180.1.21/compute/v2.1/servers/2752b528-20ab-4565-ac12-042e327f1688 0.121s
2025-05-14 00:58:50.115 67699 INFO tempest.lib.common.rest_client [req-1ad2e0da-3697-42c5-a5d8-2b83a61d3dfc req-1ad2e0da-3697-42c5-a5d8-2b83a61d3dfc ] Request (ServerExternalEventsTest:test_create_server_external_events): 200 GET http://10.180.1.21/compute/v2.1/servers/379f5a6d-d6d4-434a-b401-1b027434e6fd 0.182s
2025-05-14 00:58:50.149 67692 INFO tempest.lib.common.rest_client [req-444db9dd-e7c6-47d9-a8b7-b33499b4d846 req-444db9dd-e7c6-47d9-a8b7-b33499b4d846 ] Request (ServersAdminNegativeTestJSON:setUpClass): 200 GET http://10.180.1.21/compute/v2.1/servers/c847f4cb-1914-497b-8d63-5b99a237e5e6 0.188s
2025-05-14 00:58:50.160 67727 INFO tempest.lib.common.rest_client [req-0c207a93-b954-44e0-b434-49b812c3707c req-0c207a93-b954-44e0-b434-49b812c3707c ] Request (VolumesAdminNegativeTest:test_update_attached_volume_with_nonexistent_volume_in_body): 200 GET http://10.180.1.21/compute/v2.1/servers/f42f9cc0-c33a-4bdc-b16c-8dec61896b27 0.175s
2025-05-14 00:58:50.200 67718 INFO tempest.lib.common.rest_client [req-61ca496a-e149-45de-96bf-adf79d8e11b2 req-61ca496a-e149-45de-96bf-adf79d8e11b2 ] Request (ServerShowV247Test:test_update_rebuild_list_server): 200 GET http://10.180.1.21/compute/v2.1/servers/8ddc70e6-ec6f-4740-8109-6ba2c5d00536 0.176s
2025-05-14 00:58:50.206 67694 INFO tempest.lib.common.rest_client [req-71347e52-210e-4387-a8f0-b26bb2b85c96 req-71347e52-210e-4387-a8f0-b26bb2b85c96 ] Request (ServerDiagnosticsV248Test:test_get_server_diagnostics): 200 GET http://10.180.1.21/compute/v2.1/servers/8b43a9a6-b28c-43ed-9f83-02424f73dc3c 0.147s
2025-05-14 00:58:50.245 67678 INFO tempest.lib.common.rest_client [req-2f453070-2b78-4434-8773-7de268ce2296 req-2f453070-2b78-4434-8773-7de268ce2296 ] Request (ServersTestManualDisk:setUpClass): 200 GET http://10.180.1.21/compute/v2.1/servers/4dce8f09-ce7e-419c-90b4-48ee54d8c604 0.148s
2025-05-14 00:58:50.288 67676 INFO tempest.lib.common.rest_client [req-661bb8b1-ef50-4c3e-afa5-9eb407980eb9 req-661bb8b1-ef50-4c3e-afa5-9eb407980eb9 ] Request (ServerAddressesNegativeTestJSON:setUpClass): 200 GET http://10.180.1.21/compute/v2.1/servers/87ef9733-e8d6-429e-b23f-8b8aadef784c 0.138s
2025-05-14 00:58:50.288 67720 INFO tempest.lib.common.rest_client [req-4c5db877-8ec4-424f-9789-934693c09609 req-4c5db877-8ec4-424f-9789-934693c09609 ] Request (ServerDiagnosticsTest:test_get_server_diagnostics): 200 GET http://10.180.1.21/compute/v2.1/servers/4a086288-b773-40aa-b39a-e3f3b9784a05 0.172s
2025-05-14 00:58:50.330 67732 INFO tempest.lib.common.rest_client [req-3856d90e-e171-49cd-81dd-cbef2ced4c51 req-3856d90e-e171-49cd-81dd-cbef2ced4c51 ] Request (ServerMetadataNegativeTestJSON:setUpClass): 200 GET http://10.180.1.21/compute/v2.1/servers/65422c06-b1cf-4868-8f38-391b08038fc9 0.122s
2025-05-14 00:58:50.334 67714 INFO tempest.lib.common.rest_client [req-083c66a5-d917-46d5-bd20-8ae52c297e89 req-083c66a5-d917-46d5-bd20-8ae52c297e89 ] Request (ServerTagsTestJSON:setUpClass): 200 GET http://10.180.1.21/compute/v2.1/servers/907dfc72-e766-4a24-a4e7-df762db37824 0.165s
2025-05-14 00:58:50.375 67708 INFO tempest.lib.common.rest_client [req-97aa4e14-ba31-4d2f-a4fb-07b64f4ebf4c req-97aa4e14-ba31-4d2f-a4fb-07b64f4ebf4c ] Request (ServerDiskConfigTestJSON:test_resize_server_from_auto_to_manual): 200 GET http://10.180.1.21/compute/v2.1/servers/49292f00-1457-438b-b5b7-2ac35dd464d2 0.160s
2025-05-14 00:58:50.376 67686 INFO tempest.lib.common.rest_client [req-0078dfc3-9937-4923-8302-5ef5f0b77d6b req-0078dfc3-9937-4923-8302-5ef5f0b77d6b ] Request (ServerActionsTestOtherA:setUpClass): 200 GET http://10.180.1.21/compute/v2.1/servers/c372287f-35e3-402a-9841-6f55ea471d3d 0.117s
2025-05-14 00:58:50.417 67722 INFO tempest.lib.common.rest_client [req-35612f8c-c37e-4116-b2b4-0ecce3165f25 req-35612f8c-c37e-4116-b2b4-0ecce3165f25 ] Request (ServerRescueNegativeTestJSON:setUpClass): 200 GET http://10.180.1.21/compute/v2.1/servers/a9aaa31c-5228-4210-b3c0-ca8c5a8c6213 0.152s
2025-05-14 00:58:50.489 67735 INFO tempest.lib.common.rest_client [req-cb6026f1-787b-4968-bfaa-b273507bd885 req-cb6026f1-787b-4968-bfaa-b273507bd885 ] Request (ServersV294TestFqdnHostnames:setUpClass): 200 GET http://10.180.1.21/compute/v2.1/servers/662bb470-e6ed-4a37-bb23-74a0a36dff0c 0.050s
2025-05-14 00:58:50.527 67712 INFO tempest.lib.common.rest_client [req-818e353d-0328-4cf6-bfc2-6835304f0b0e req-818e353d-0328-4cf6-bfc2-6835304f0b0e ] Request (TenantUsagesTestJSON:setUpClass): 200 GET http://10.180.1.21/compute/v2.1/servers/a51d9480-1aa1-48c9-a05c-943589d6a224 0.084s
2025-05-14 00:58:50.537 67690 INFO tempest.lib.common.rest_client [req-57e24cae-7d0f-413c-8f5f-f050d5d74bf3 req-57e24cae-7d0f-413c-8f5f-f050d5d74bf3 ] Request (DeleteServersAdminTestJSON:test_delete_server_while_in_error_state): 200 GET http://10.180.1.21/compute/v2.1/servers/25cc189a-383b-450c-810d-85ea2b48fdca 0.050s
2025-05-14 00:58:50.570 67684 INFO tempest.lib.common.rest_client [req-7395812b-736c-4a7d-9435-092729c37ec4 req-7395812b-736c-4a7d-9435-092729c37ec4 ] Request (ServerPasswordTestJSON:setUpClass): 200 GET http://10.180.1.21/compute/v2.1/servers/2f050e13-5621-4dda-ade1-cfbef017e57e 0.076s
2025-05-14 00:58:50.597 67682 INFO tempest.lib.common.rest_client [req-b732e609-6cde-4201-95f7-bc09805bbfd1 req-b732e609-6cde-4201-95f7-bc09805bbfd1 ] Request (ServerShowV254Test:test_rebuild_server): 200 GET http://10.180.1.21/compute/v2.1/servers/2de2d5d9-2644-408a-8957-2c169b2793ce 0.049s
2025-05-14 00:58:50.614 67730 INFO tempest.lib.common.rest_client [req-f79129da-86c5-4d22-b15a-4f7fe3b3cada req-f79129da-86c5-4d22-b15a-4f7fe3b3cada ] Request (DeleteServersTestJSON:test_delete_server_while_in_shelved_state): 200 GET http://10.180.1.21/compute/v2.1/servers/2a6c8de3-8974-4533-a474-c4242fd735c6 0.049s
2025-05-14 00:58:50.666 67680 INFO tempest.lib.common.rest_client [req-a502ecbf-fadf-491d-85b2-175999f65d14 req-a502ecbf-fadf-491d-85b2-175999f65d14 ] Request (ServerRescueTestJSONUnderV235:setUpClass): 200 GET http://10.180.1.21/compute/v2.1/servers/e976fd9e-95a3-4564-9bd6-08ee3f15a188 0.045s
2025-05-14 00:58:50.792 67700 INFO tempest.lib.common.rest_client [req-e3fcae42-fab2-4de1-8aff-125f3d2c68d2 req-e3fcae42-fab2-4de1-8aff-125f3d2c68d2 ] Request (ServerActionsTestJSON:setUpClass): 200 GET http://10.180.1.21/compute/v2.1/servers/a073c7a9-d7ee-4d9e-be23-4345ed5f9047 0.084s
2025-05-14 00:58:50.890 67674 INFO tempest.lib.common.rest_client [req-0ed5cf22-883c-4b39-aebd-32356c82824e req-0ed5cf22-883c-4b39-aebd-32356c82824e ] Request (MigrationsAdminTest:test_list_migrations_in_flavor_resize_situation): 200 GET http://10.180.1.21/compute/v2.1/servers/5d61c322-6a7d-4991-8cc4-6dcb1be74256 0.087s
2025-05-14 00:58:50.979 67702 INFO tempest.lib.common.rest_client [req-fe9178b2-142e-4f86-a284-823505a847d1 req-fe9178b2-142e-4f86-a284-823505a847d1 ] Request (ListServerFiltersTestJSON:setUpClass): 200 GET http://10.180.1.21/compute/v2.1/servers/2de499d5-2eb3-4138-8c6b-41fb94ff27eb 0.088s
2025-05-14 00:58:50.994 67697 INFO tempest.lib.common.rest_client [req-72a8ee27-6c32-4f68-8480-e8b27e71ffaa req-72a8ee27-6c32-4f68-8480-e8b27e71ffaa ] Request (ServerActionsV293TestJSON:setUpClass): 200 GET http://10.180.1.21/compute/v2.1/servers/1000d79b-b491-4071-8ab0-aac90dac6b51 0.052s
2025-05-14 00:58:51.034 67704 INFO tempest.lib.common.rest_client [req-f51b55be-4269-4e09-b64d-ccefa8be63b8 req-f51b55be-4269-4e09-b64d-ccefa8be63b8 ] Request (MultipleCreateTestJSON:test_multiple_create_with_reservation_return): 200 GET http://10.180.1.21/compute/v2.1/servers/4c9dbddd-4c74-4ee0-a1be-e7a5c7cfc344 0.049s
2025-05-14 00:58:51.038 67724 INFO tempest.lib.common.rest_client [req-1d2d1a9b-3730-4261-a958-7e59d2cc7177 req-1d2d1a9b-3730-4261-a958-7e59d2cc7177 ] Request (ServersNegativeTestJSON:setUpClass): 200 GET http://10.180.1.21/compute/v2.1/servers/4a1a791f-36f3-48af-9792-4a9eaeba26c9 0.043s
2025-05-14 00:58:51.076 67728 INFO tempest.lib.common.rest_client [req-52a4a650-5cbc-405a-a813-2e626237c635 req-52a4a650-5cbc-405a-a813-2e626237c635 ] Request (ImagesOneServerNegativeTestJSON:setUpClass): 200 GET http://10.180.1.21/compute/v2.1/servers/cbe3ecc4-3c5b-4749-a21c-c0376583c4aa 0.045s
2025-05-14 00:58:51.081 67710 INFO tempest.lib.common.rest_client [req-ede36b35-71c3-4dac-a1e4-00fe78e0807b req-ede36b35-71c3-4dac-a1e4-00fe78e0807b ] Request (AttachInterfacesTestJSON:test_create_list_show_delete_interfaces_by_network_port): 200 GET http://10.180.1.21/compute/v2.1/servers/69980b41-9514-4d97-aa75-ea68dd05b241 0.045s
2025-05-14 00:58:51.124 67736 INFO tempest.lib.common.rest_client [req-0e426c0c-b9e8-4217-81eb-9eca81d1489d req-0e426c0c-b9e8-4217-81eb-9eca81d1489d ] Request (AttachVolumeTestJSON:test_attach_detach_volume): 200 GET http://10.180.1.21/compute/v2.1/servers/2752b528-20ab-4565-ac12-042e327f1688 0.056s
2025-05-14 00:58:51.130 67736 INFO tempest.common.waiters [-] State transition "BUILD/scheduling" ==> "ERROR/None" after 1 second wait
2025-05-14 00:58:51.209 67699 INFO tempest.lib.common.rest_client [req-a658626b-f548-4efc-8f48-ba0e33d97c28 req-a658626b-f548-4efc-8f48-ba0e33d97c28 ] Request (ServerExternalEventsTest:test_create_server_external_events): 200 GET http://10.180.1.21/compute/v2.1/servers/379f5a6d-d6d4-434a-b401-1b027434e6fd 0.088s
2025-05-14 00:58:51.282 67736 INFO tempest.lib.common.rest_client [req-ac7a9246-7721-48cc-9e93-a7cf929bac4a req-ac7a9246-7721-48cc-9e93-a7cf929bac4a ] Request (AttachVolumeTestJSON:test_attach_detach_volume): 204 DELETE http://10.180.1.21/compute/v2.1/servers/2752b528-20ab-4565-ac12-042e327f1688 0.152s
2025-05-14 00:58:51.291 67692 INFO tempest.lib.common.rest_client [req-3e093080-35e4-42a3-a3e3-2f5c8656eeca req-3e093080-35e4-42a3-a3e3-2f5c8656eeca ] Request (ServersAdminNegativeTestJSON:setUpClass): 200 GET http://10.180.1.21/compute/v2.1/servers/c847f4cb-1914-497b-8d63-5b99a237e5e6 0.135s
2025-05-14 00:58:51.326 67727 INFO tempest.lib.common.rest_client [req-7805f373-dd7a-48e9-ae05-1311d5bef863 req-7805f373-dd7a-48e9-ae05-1311d5bef863 ] Request (VolumesAdminNegativeTest:test_update_attached_volume_with_nonexistent_volume_in_body): 200 GET http://10.180.1.21/compute/v2.1/servers/f42f9cc0-c33a-4bdc-b16c-8dec61896b27 0.160s
2025-05-14 00:58:51.336 67718 INFO tempest.lib.common.rest_client [req-14f81fad-23b5-4ee5-b147-9e02a8eee55f req-14f81fad-23b5-4ee5-b147-9e02a8eee55f ] Request (ServerShowV247Test:test_update_rebuild_list_server): 200 GET http://10.180.1.21/compute/v2.1/servers/8ddc70e6-ec6f-4740-8109-6ba2c5d00536 0.128s
2025-05-14 00:58:51.372 67694 INFO tempest.lib.common.rest_client [req-86409500-0761-4cec-8da0-142f55fd0b85 req-86409500-0761-4cec-8da0-142f55fd0b85 ] Request (ServerDiagnosticsV248Test:test_get_server_diagnostics): 200 GET http://10.180.1.21/compute/v2.1/servers/8b43a9a6-b28c-43ed-9f83-02424f73dc3c 0.158s
2025-05-14 00:58:51.379 67678 INFO tempest.lib.common.rest_client [req-cc124b9d-be26-4c1d-94b6-1eda23e911d8 req-cc124b9d-be26-4c1d-94b6-1eda23e911d8 ] Request (ServersTestManualDisk:setUpClass): 200 GET http://10.180.1.21/compute/v2.1/servers/4dce8f09-ce7e-419c-90b4-48ee54d8c604 0.127s
2025-05-14 00:58:51.387 67736 INFO tempest.lib.common.rest_client [req-11322bba-f837-4adf-8515-5a6bf080ba9a req-11322bba-f837-4adf-8515-5a6bf080ba9a ] Request (AttachVolumeTestJSON:test_attach_detach_volume): 404 GET http://10.180.1.21/compute/v2.1/servers/2752b528-20ab-4565-ac12-042e327f1688 0.104s
2025-05-14 00:58:51.430 67676 INFO tempest.lib.common.rest_client [req-6b6bf43b-90b5-4cb1-b9b5-66e3a4ad9389 req-6b6bf43b-90b5-4cb1-b9b5-66e3a4ad9389 ] Request (ServerAddressesNegativeTestJSON:setUpClass): 200 GET http://10.180.1.21/compute/v2.1/servers/87ef9733-e8d6-429e-b23f-8b8aadef784c 0.136s
2025-05-14 00:58:51.462 67720 INFO tempest.lib.common.rest_client [req-29ad9ca1-bc8e-4ada-b731-d663a1747f8e req-29ad9ca1-bc8e-4ada-b731-d663a1747f8e ] Request (ServerDiagnosticsTest:test_get_server_diagnostics): 200 GET http://10.180.1.21/compute/v2.1/servers/4a086288-b773-40aa-b39a-e3f3b9784a05 0.168s
2025-05-14 00:58:51.472 67732 INFO tempest.lib.common.rest_client [req-3b57ffa9-efd6-4271-81ce-70b2e3d4d941 req-3b57ffa9-efd6-4271-81ce-70b2e3d4d941 ] Request (ServerMetadataNegativeTestJSON:setUpClass): 200 GET http://10.180.1.21/compute/v2.1/servers/65422c06-b1cf-4868-8f38-391b08038fc9 0.135s
2025-05-14 00:58:51.508 67714 INFO tempest.lib.common.rest_client [req-93f8e46a-ce69-43bc-b7df-de18d2512b59 req-93f8e46a-ce69-43bc-b7df-de18d2512b59 ] Request (ServerTagsTestJSON:setUpClass): 200 GET http://10.180.1.21/compute/v2.1/servers/907dfc72-e766-4a24-a4e7-df762db37824 0.166s
2025-05-14 00:58:51.514 67708 INFO tempest.lib.common.rest_client [req-5da9a393-45e0-4a4f-b4c7-7662f0a5f6aa req-5da9a393-45e0-4a4f-b4c7-7662f0a5f6aa ] Request (ServerDiskConfigTestJSON:test_resize_server_from_auto_to_manual): 200 GET http://10.180.1.21/compute/v2.1/servers/49292f00-1457-438b-b5b7-2ac35dd464d2 0.133s
2025-05-14 00:58:51.527 67736 INFO tempest.lib.common.rest_client [req-ef5fb50a-0ec9-4ae5-ad8d-c765f10a5107 req-ef5fb50a-0ec9-4ae5-ad8d-c765f10a5107 ] Request (AttachVolumeTestJSON:_run_cleanups): 202 DELETE http://10.180.1.21/compute/v2.1/os-keypairs/tempest-keypair-1216509108 0.139s
2025-05-14 00:58:51.560 67686 INFO tempest.lib.common.rest_client [req-7817c22a-54a6-4a62-ab07-d181df4c9948 req-7817c22a-54a6-4a62-ab07-d181df4c9948 ] Request (ServerActionsTestOtherA:setUpClass): 200 GET http://10.180.1.21/compute/v2.1/servers/c372287f-35e3-402a-9841-6f55ea471d3d 0.177s
2025-05-14 00:58:51.571 67722 INFO tempest.lib.common.rest_client [req-d4409e39-3f2f-48f6-990d-3af185c46c09 req-d4409e39-3f2f-48f6-990d-3af185c46c09 ] Request (ServerRescueNegativeTestJSON:setUpClass): 200 GET http://10.180.1.21/compute/v2.1/servers/a9aaa31c-5228-4210-b3c0-ca8c5a8c6213 0.147s
2025-05-14 00:58:51.611 67735 INFO tempest.lib.common.rest_client [req-7a17c0f3-2c21-4993-b32a-300764a81081 req-7a17c0f3-2c21-4993-b32a-300764a81081 ] Request (ServersV294TestFqdnHostnames:setUpClass): 200 GET http://10.180.1.21/compute/v2.1/servers/662bb470-e6ed-4a37-bb23-74a0a36dff0c 0.115s
2025-05-14 00:58:51.615 67736 INFO tempest.lib.common.rest_client [req-2943b951-7972-40c6-99b0-0cd957266a8c req-2943b951-7972-40c6-99b0-0cd957266a8c ] Request (AttachVolumeTestJSON:_run_cleanups): 204 DELETE http://10.180.1.21:9696/networking/v2.0/security-groups/883747ab-507a-471a-b339-c2bf24b5c56a 0.087s
2025-05-14 00:58:51.628 67736 INFO tempest.lib.common.rest_client [req-6f9f343b-cede-43d9-9693-e13a7b8bd082 req-6f9f343b-cede-43d9-9693-e13a7b8bd082 ] Request (AttachVolumeTestJSON:_run_cleanups): 404 GET http://10.180.1.21:9696/networking/v2.0/security-groups/883747ab-507a-471a-b339-c2bf24b5c56a 0.013s
2025-05-14 00:58:51.660 67712 INFO tempest.lib.common.rest_client [req-22ee2342-889f-4fef-a293-45f1d55e3ce2 req-22ee2342-889f-4fef-a293-45f1d55e3ce2 ] Request (TenantUsagesTestJSON:setUpClass): 200 GET http://10.180.1.21/compute/v2.1/servers/a51d9480-1aa1-48c9-a05c-943589d6a224 0.126s
2025-05-14 00:58:51.667 67690 INFO tempest.lib.common.rest_client [req-93fc6dca-194c-4cb4-aff6-5ebce39d78c7 req-93fc6dca-194c-4cb4-aff6-5ebce39d78c7 ] Request (DeleteServersAdminTestJSON:test_delete_server_while_in_error_state): 200 GET http://10.180.1.21/compute/v2.1/servers/25cc189a-383b-450c-810d-85ea2b48fdca 0.123s
2025-05-14 00:58:51.703 67684 INFO tempest.lib.common.rest_client [req-bbecfc29-aa2b-4d12-8f9f-67939a24901e req-bbecfc29-aa2b-4d12-8f9f-67939a24901e ] Request (ServerPasswordTestJSON:setUpClass): 200 GET http://10.180.1.21/compute/v2.1/servers/2f050e13-5621-4dda-ade1-cfbef017e57e 0.126s
2025-05-14 00:58:51.729 67682 INFO tempest.lib.common.rest_client [req-7961129d-3744-4683-960b-dac1e52b055b req-7961129d-3744-4683-960b-dac1e52b055b ] Request (ServerShowV254Test:test_rebuild_server): 200 GET http://10.180.1.21/compute/v2.1/servers/2de2d5d9-2644-408a-8957-2c169b2793ce 0.125s
2025-05-14 00:58:51.748 67730 INFO tempest.lib.common.rest_client [req-b3e4e382-1c94-4173-9434-4c68aee6a368 req-b3e4e382-1c94-4173-9434-4c68aee6a368 ] Request (DeleteServersTestJSON:test_delete_server_while_in_shelved_state): 200 GET http://10.180.1.21/compute/v2.1/servers/2a6c8de3-8974-4533-a474-c4242fd735c6 0.127s
2025-05-14 00:58:51.775 67680 INFO tempest.lib.common.rest_client [req-dfa052ed-3d5e-4bf0-810c-9f92f9dc0913 req-dfa052ed-3d5e-4bf0-810c-9f92f9dc0913 ] Request (ServerRescueTestJSONUnderV235:setUpClass): 200 GET http://10.180.1.21/compute/v2.1/servers/e976fd9e-95a3-4564-9bd6-08ee3f15a188 0.104s
2025-05-14 00:58:51.869 67736 INFO tempest.lib.common.rest_client [req-53dd1dc9-4476-4a86-bc1a-ef9cb5e0e767 req-53dd1dc9-4476-4a86-bc1a-ef9cb5e0e767 ] Request (AttachVolumeTestJSON:_run_cleanups): 204 DELETE http://10.180.1.21:9696/networking/v2.0/floatingips/acfed04a-a8d0-4095-8d99-187456580b14 0.241s
2025-05-14 00:58:51.888 67700 INFO tempest.lib.common.rest_client [req-9403c3bd-e5f9-47f1-a0e5-05c7897f4129 req-9403c3bd-e5f9-47f1-a0e5-05c7897f4129 ] Request (ServerActionsTestJSON:setUpClass): 200 GET http://10.180.1.21/compute/v2.1/servers/a073c7a9-d7ee-4d9e-be23-4345ed5f9047 0.090s
2025-05-14 00:58:51.901 67736 INFO tempest.lib.common.rest_client [req-5efb58f2-3727-4769-80d5-eb2b72ae5ce0 req-5efb58f2-3727-4769-80d5-eb2b72ae5ce0 ] Request (ValidationResourcesFixture:setUp): 200 POST http://10.180.1.21/compute/v2.1/os-keypairs 0.029s
2025-05-14 00:58:52.008 67674 INFO tempest.lib.common.rest_client [req-9f8d9d3a-2b50-4e22-915e-895f059f63ea req-9f8d9d3a-2b50-4e22-915e-895f059f63ea ] Request (MigrationsAdminTest:test_list_migrations_in_flavor_resize_situation): 200 GET http://10.180.1.21/compute/v2.1/servers/5d61c322-6a7d-4991-8cc4-6dcb1be74256 0.112s
2025-05-14 00:58:52.010 67736 INFO tempest.lib.common.rest_client [req-cdc4203e-0445-471b-872f-54fca94639e8 req-cdc4203e-0445-471b-872f-54fca94639e8 ] Request (ValidationResourcesFixture:setUp): 201 POST http://10.180.1.21:9696/networking/v2.0/security-groups 0.107s
2025-05-14 00:58:52.066 67697 INFO tempest.lib.common.rest_client [req-d62d1217-7533-4fc8-b25a-f3f39aa0cfbb req-d62d1217-7533-4fc8-b25a-f3f39aa0cfbb ] Request (ServerActionsV293TestJSON:setUpClass): 200 GET http://10.180.1.21/compute/v2.1/servers/1000d79b-b491-4071-8ab0-aac90dac6b51 0.060s
2025-05-14 00:58:52.086 67736 INFO tempest.lib.common.rest_client [req-93f2e39c-7c42-47b6-b975-aadce68bc4be req-93f2e39c-7c42-47b6-b975-aadce68bc4be ] Request (ValidationResourcesFixture:setUp): 201 POST http://10.180.1.21:9696/networking/v2.0/security-group-rules 0.075s
2025-05-14 00:58:52.114 67704 INFO tempest.lib.common.rest_client [req-53dfa370-4f8d-445c-b71e-ca66b65265c2 req-53dfa370-4f8d-445c-b71e-ca66b65265c2 ] Request (MultipleCreateTestJSON:test_multiple_create_with_reservation_return): 200 GET http://10.180.1.21/compute/v2.1/servers/4c9dbddd-4c74-4ee0-a1be-e7a5c7cfc344 0.071s
2025-05-14 00:58:52.131 67702 INFO tempest.lib.common.rest_client [req-8756e97d-18b8-428a-af6c-83173010be9f req-8756e97d-18b8-428a-af6c-83173010be9f ] Request (ListServerFiltersTestJSON:setUpClass): 200 GET http://10.180.1.21/compute/v2.1/servers/2de499d5-2eb3-4138-8c6b-41fb94ff27eb 0.145s
2025-05-14 00:58:52.160 67724 INFO tempest.lib.common.rest_client [req-876d6774-fbc8-45be-81c5-1d3549f9eadf req-876d6774-fbc8-45be-81c5-1d3549f9eadf ] Request (ServersNegativeTestJSON:setUpClass): 200 GET http://10.180.1.21/compute/v2.1/servers/4a1a791f-36f3-48af-9792-4a9eaeba26c9 0.114s
2025-05-14 00:58:52.174 67736 INFO tempest.lib.common.rest_client [req-e19722a3-d0e6-4320-9314-465db7764722 req-e19722a3-d0e6-4320-9314-465db7764722 ] Request (ValidationResourcesFixture:setUp): 201 POST http://10.180.1.21:9696/networking/v2.0/security-group-rules 0.088s
2025-05-14 00:58:52.184 67728 INFO tempest.lib.common.rest_client [req-08ad4a09-3cf4-4196-a23a-edb7d9d8592c req-08ad4a09-3cf4-4196-a23a-edb7d9d8592c ] Request (ImagesOneServerNegativeTestJSON:setUpClass): 200 GET http://10.180.1.21/compute/v2.1/servers/cbe3ecc4-3c5b-4749-a21c-c0376583c4aa 0.101s
2025-05-14 00:58:52.207 67710 INFO tempest.lib.common.rest_client [req-2f8f4f6f-e2c7-42d5-a17c-17231a4ea7df req-2f8f4f6f-e2c7-42d5-a17c-17231a4ea7df ] Request (AttachInterfacesTestJSON:test_create_list_show_delete_interfaces_by_network_port): 200 GET http://10.180.1.21/compute/v2.1/servers/69980b41-9514-4d97-aa75-ea68dd05b241 0.119s
2025-05-14 00:58:52.300 67699 INFO tempest.lib.common.rest_client [req-a7249254-a707-4f34-995e-ef44996b8e85 req-a7249254-a707-4f34-995e-ef44996b8e85 ] Request (ServerExternalEventsTest:test_create_server_external_events): 200 GET http://10.180.1.21/compute/v2.1/servers/379f5a6d-d6d4-434a-b401-1b027434e6fd 0.085s
2025-05-14 00:58:52.386 67727 INFO tempest.lib.common.rest_client [req-969db29c-911c-486c-99c1-de09907c33e7 req-969db29c-911c-486c-99c1-de09907c33e7 ] Request (VolumesAdminNegativeTest:test_update_attached_volume_with_nonexistent_volume_in_body): 200 GET http://10.180.1.21/compute/v2.1/servers/f42f9cc0-c33a-4bdc-b16c-8dec61896b27 0.053s
2025-05-14 00:58:52.415 67692 INFO tempest.lib.common.rest_client [req-deda4f23-119c-4783-a0b5-c9629aa7bab8 req-deda4f23-119c-4783-a0b5-c9629aa7bab8 ] Request (ServersAdminNegativeTestJSON:setUpClass): 200 GET http://10.180.1.21/compute/v2.1/servers/c847f4cb-1914-497b-8d63-5b99a237e5e6 0.119s
2025-05-14 00:58:52.437 67718 INFO tempest.lib.common.rest_client [req-62b8e3cd-eee2-438f-9161-fec48894a108 req-62b8e3cd-eee2-438f-9161-fec48894a108 ] Request (ServerShowV247Test:test_update_rebuild_list_server): 200 GET http://10.180.1.21/compute/v2.1/servers/8ddc70e6-ec6f-4740-8109-6ba2c5d00536 0.093s
2025-05-14 00:58:52.484 67678 INFO tempest.lib.common.rest_client [req-bbf60722-b486-4e6e-9771-b1dd4fbfc648 req-bbf60722-b486-4e6e-9771-b1dd4fbfc648 ] Request (ServersTestManualDisk:setUpClass): 200 GET http://10.180.1.21/compute/v2.1/servers/4dce8f09-ce7e-419c-90b4-48ee54d8c604 0.099s
2025-05-14 00:58:52.486 67694 INFO tempest.lib.common.rest_client [req-1fa2c559-2558-4d63-ad76-17900c6e19f5 req-1fa2c559-2558-4d63-ad76-17900c6e19f5 ] Request (ServerDiagnosticsV248Test:test_get_server_diagnostics): 200 GET http://10.180.1.21/compute/v2.1/servers/8b43a9a6-b28c-43ed-9f83-02424f73dc3c 0.106s
2025-05-14 00:58:52.528 67676 INFO tempest.lib.common.rest_client [req-c85326b0-709f-4570-897e-e20ac0dd2aa9 req-c85326b0-709f-4570-897e-e20ac0dd2aa9 ] Request (ServerAddressesNegativeTestJSON:setUpClass): 200 GET http://10.180.1.21/compute/v2.1/servers/87ef9733-e8d6-429e-b23f-8b8aadef784c 0.092s
2025-05-14 00:58:52.577 67732 INFO tempest.lib.common.rest_client [req-800d4ef6-333b-4251-a2cf-e9ef0c9a00eb req-800d4ef6-333b-4251-a2cf-e9ef0c9a00eb ] Request (ServerMetadataNegativeTestJSON:setUpClass): 200 GET http://10.180.1.21/compute/v2.1/servers/65422c06-b1cf-4868-8f38-391b08038fc9 0.098s
2025-05-14 00:58:52.615 67720 INFO tempest.lib.common.rest_client [req-667af377-6b73-4faf-a574-888de5136aae req-667af377-6b73-4faf-a574-888de5136aae ] Request (ServerDiagnosticsTest:test_get_server_diagnostics): 200 GET http://10.180.1.21/compute/v2.1/servers/4a086288-b773-40aa-b39a-e3f3b9784a05 0.147s
2025-05-14 00:58:52.629 67714 INFO tempest.lib.common.rest_client [req-eace5e14-8dcf-4911-85d5-b8909bb708b3 req-eace5e14-8dcf-4911-85d5-b8909bb708b3 ] Request (ServerTagsTestJSON:setUpClass): 200 GET http://10.180.1.21/compute/v2.1/servers/907dfc72-e766-4a24-a4e7-df762db37824 0.112s
2025-05-14 00:58:52.671 67686 INFO tempest.lib.common.rest_client [req-7403cc90-2eee-4313-93e0-ec9b5255978a req-7403cc90-2eee-4313-93e0-ec9b5255978a ] Request (ServerActionsTestOtherA:setUpClass): 200 GET http://10.180.1.21/compute/v2.1/servers/c372287f-35e3-402a-9841-6f55ea471d3d 0.105s
2025-05-14 00:58:52.676 67708 INFO tempest.lib.common.rest_client [req-a945922e-312c-4625-a9bc-c67f68a0af1d req-a945922e-312c-4625-a9bc-c67f68a0af1d ] Request (ServerDiskConfigTestJSON:test_resize_server_from_auto_to_manual): 200 GET http://10.180.1.21/compute/v2.1/servers/49292f00-1457-438b-b5b7-2ac35dd464d2 0.155s
2025-05-14 00:58:52.679 67736 INFO tempest.lib.common.rest_client [req-d1eaa9ef-cdaf-41f6-8b67-27e47d2e3e82 req-d1eaa9ef-cdaf-41f6-8b67-27e47d2e3e82 ] Request (ValidationResourcesFixture:setUp): 201 POST http://10.180.1.21:9696/networking/v2.0/floatingips 0.504s
2025-05-14 00:58:52.706 67736 INFO tempest.lib.common.rest_client [req-c9d2c478-8c20-46e8-a8f9-51a86a44e78f req-c9d2c478-8c20-46e8-a8f9-51a86a44e78f ] Request (AttachVolumeTestJSON:test_list_get_volume_attachments): 201 POST http://10.180.1.21/identity/v3/auth/tokens 0.024s
2025-05-14 00:58:52.706 67736 INFO tempest.lib.common.fixed_network [-] (AttachVolumeTestJSON:test_list_get_volume_attachments) Found network {'id': 'e1d7c20d-759c-483a-8455-b951c180a23b', 'name': 'tempest-AttachVolumeTestJSON-646774569-network', 'tenant_id': 'ea5f48a6b9e14d2aab7a954c6598b674', 'admin_state_up': True, 'mtu': 8950, 'status': 'ACTIVE', 'subnets': [], 'shared': False, 'project_id': 'ea5f48a6b9e14d2aab7a954c6598b674', 'port_security_enabled': True, 'router:external': False, 'provider:network_type': 'vlan', 'provider:physical_network': 'default', 'provider:segmentation_id': 772, 'is_default': False, 'availability_zone_hints': [], 'availability_zones': [], 'ipv4_address_scope': None, 'ipv6_address_scope': None, 'description': '', 'tags': [], 'created_at': '2025-05-14T00:58:45Z', 'updated_at': '2025-05-14T00:58:45Z', 'revision_number': 1} available for tenant
2025-05-14 00:58:52.717 67722 INFO tempest.lib.common.rest_client [req-997c67b6-2bcf-4479-9ae0-a0cfae444146 req-997c67b6-2bcf-4479-9ae0-a0cfae444146 ] Request (ServerRescueNegativeTestJSON:setUpClass): 200 GET http://10.180.1.21/compute/v2.1/servers/a9aaa31c-5228-4210-b3c0-ca8c5a8c6213 0.141s
2025-05-14 00:58:52.729 67735 INFO tempest.lib.common.rest_client [req-bc336f48-bf3e-4353-82ff-0a4f2aa78070 req-bc336f48-bf3e-4353-82ff-0a4f2aa78070 ] Request (ServersV294TestFqdnHostnames:setUpClass): 200 GET http://10.180.1.21/compute/v2.1/servers/662bb470-e6ed-4a37-bb23-74a0a36dff0c 0.108s
2025-05-14 00:58:52.770 67690 INFO tempest.lib.common.rest_client [req-eaa64157-bc72-4f68-903d-fa19fac487e9 req-eaa64157-bc72-4f68-903d-fa19fac487e9 ] Request (DeleteServersAdminTestJSON:test_delete_server_while_in_error_state): 200 GET http://10.180.1.21/compute/v2.1/servers/25cc189a-383b-450c-810d-85ea2b48fdca 0.092s
2025-05-14 00:58:52.838 67712 INFO tempest.lib.common.rest_client [req-50153482-749e-4c5e-8c5f-906eedcf2c1c req-50153482-749e-4c5e-8c5f-906eedcf2c1c ] Request (TenantUsagesTestJSON:setUpClass): 200 GET http://10.180.1.21/compute/v2.1/servers/a51d9480-1aa1-48c9-a05c-943589d6a224 0.171s
2025-05-14 00:58:52.881 67684 INFO tempest.lib.common.rest_client [req-a472b725-531f-4100-a8c1-7a39f9fc21b9 req-a472b725-531f-4100-a8c1-7a39f9fc21b9 ] Request (ServerPasswordTestJSON:setUpClass): 200 GET http://10.180.1.21/compute/v2.1/servers/2f050e13-5621-4dda-ade1-cfbef017e57e 0.170s
2025-05-14 00:58:52.926 67682 INFO tempest.lib.common.rest_client [req-d455ae2c-2ed5-4347-b93b-e2686cf5964e req-d455ae2c-2ed5-4347-b93b-e2686cf5964e ] Request (ServerShowV254Test:test_rebuild_server): 200 GET http://10.180.1.21/compute/v2.1/servers/2de2d5d9-2644-408a-8957-2c169b2793ce 0.189s
2025-05-14 00:58:52.968 67730 INFO tempest.lib.common.rest_client [req-ce70293f-0c05-447d-8d89-815304fa0a23 req-ce70293f-0c05-447d-8d89-815304fa0a23 ] Request (DeleteServersTestJSON:test_delete_server_while_in_shelved_state): 200 GET http://10.180.1.21/compute/v2.1/servers/2a6c8de3-8974-4533-a474-c4242fd735c6 0.214s
2025-05-14 00:58:53.010 67680 INFO tempest.lib.common.rest_client [req-49d5e29d-2a0a-40a2-ba8a-8339721b6431 req-49d5e29d-2a0a-40a2-ba8a-8339721b6431 ] Request (ServerRescueTestJSONUnderV235:setUpClass): 200 GET http://10.180.1.21/compute/v2.1/servers/e976fd9e-95a3-4564-9bd6-08ee3f15a188 0.229s
2025-05-14 00:58:53.106 67736 INFO tempest.lib.common.rest_client [req-3e156b51-016a-47d7-965b-3da8d749df83 req-3e156b51-016a-47d7-965b-3da8d749df83 ] Request (AttachVolumeTestJSON:test_list_get_volume_attachments): 202 POST http://10.180.1.21/compute/v2.1/servers 0.399s
2025-05-14 00:58:53.138 67700 INFO tempest.lib.common.rest_client [req-4f9cc7e8-714a-4641-86b9-383b46d3c40f req-4f9cc7e8-714a-4641-86b9-383b46d3c40f ] Request (ServerActionsTestJSON:setUpClass): 200 GET http://10.180.1.21/compute/v2.1/servers/a073c7a9-d7ee-4d9e-be23-4345ed5f9047 0.243s
2025-05-14 00:58:53.189 67697 INFO tempest.lib.common.rest_client [req-f205e19d-1cca-437d-a9d1-cc3b27e768e5 req-f205e19d-1cca-437d-a9d1-cc3b27e768e5 ] Request (ServerActionsV293TestJSON:setUpClass): 200 GET http://10.180.1.21/compute/v2.1/servers/1000d79b-b491-4071-8ab0-aac90dac6b51 0.115s
2025-05-14 00:58:53.222 67736 INFO tempest.lib.common.rest_client [req-a13144bf-a719-4df1-8ed4-0d021c4820f1 req-a13144bf-a719-4df1-8ed4-0d021c4820f1 ] Request (AttachVolumeTestJSON:test_list_get_volume_attachments): 200 GET http://10.180.1.21/compute/v2.1/servers/fa9c19af-e85e-415b-9827-8aac1990b12c 0.115s
2025-05-14 00:58:53.270 67704 INFO tempest.lib.common.rest_client [req-8f0d7cfc-61ec-4bd0-ae29-dc0f27d02e31 req-8f0d7cfc-61ec-4bd0-ae29-dc0f27d02e31 ] Request (MultipleCreateTestJSON:test_multiple_create_with_reservation_return): 200 GET http://10.180.1.21/compute/v2.1/servers/4c9dbddd-4c74-4ee0-a1be-e7a5c7cfc344 0.149s
2025-05-14 00:58:53.353 67702 INFO tempest.lib.common.rest_client [req-d6d10add-930c-4dc7-91e0-c6c2791b31dd req-d6d10add-930c-4dc7-91e0-c6c2791b31dd ] Request (ListServerFiltersTestJSON:setUpClass): 200 GET http://10.180.1.21/compute/v2.1/servers/2de499d5-2eb3-4138-8c6b-41fb94ff27eb 0.216s
2025-05-14 00:58:53.381 67674 INFO tempest.lib.common.rest_client [req-b9377527-9b09-43d7-b20e-4d652b8898cf req-b9377527-9b09-43d7-b20e-4d652b8898cf ] Request (MigrationsAdminTest:test_list_migrations_in_flavor_resize_situation): 200 GET http://10.180.1.21/compute/v2.1/servers/5d61c322-6a7d-4991-8cc4-6dcb1be74256 0.367s
2025-05-14 00:58:53.395 67724 INFO tempest.lib.common.rest_client [req-9457e74c-fe51-406f-b142-5b6804fae986 req-9457e74c-fe51-406f-b142-5b6804fae986 ] Request (ServersNegativeTestJSON:setUpClass): 200 GET http://10.180.1.21/compute/v2.1/servers/4a1a791f-36f3-48af-9792-4a9eaeba26c9 0.227s
2025-05-14 00:58:53.425 67728 INFO tempest.lib.common.rest_client [req-b27c245a-5436-4262-ac58-5b3ecef85c6b req-b27c245a-5436-4262-ac58-5b3ecef85c6b ] Request (ImagesOneServerNegativeTestJSON:setUpClass): 200 GET http://10.180.1.21/compute/v2.1/servers/cbe3ecc4-3c5b-4749-a21c-c0376583c4aa 0.236s
2025-05-14 00:58:53.436 67710 INFO tempest.lib.common.rest_client [req-0092a65c-553a-4b8c-bc2e-5ab2ec1f9981 req-0092a65c-553a-4b8c-bc2e-5ab2ec1f9981 ] Request (AttachInterfacesTestJSON:test_create_list_show_delete_interfaces_by_network_port): 200 GET http://10.180.1.21/compute/v2.1/servers/69980b41-9514-4d97-aa75-ea68dd05b241 0.222s
2025-05-14 00:58:53.478 67727 INFO tempest.lib.common.rest_client [req-d2518c29-1983-4613-952c-714851d0cd92 req-d2518c29-1983-4613-952c-714851d0cd92 ] Request (VolumesAdminNegativeTest:test_update_attached_volume_with_nonexistent_volume_in_body): 200 GET http://10.180.1.21/compute/v2.1/servers/f42f9cc0-c33a-4bdc-b16c-8dec61896b27 0.084s
2025-05-14 00:58:53.549 67699 INFO tempest.lib.common.rest_client [req-95f15226-8dff-4170-b823-bbd303f09685 req-95f15226-8dff-4170-b823-bbd303f09685 ] Request (ServerExternalEventsTest:test_create_server_external_events): 200 GET http://10.180.1.21/compute/v2.1/servers/379f5a6d-d6d4-434a-b401-1b027434e6fd 0.237s
2025-05-14 00:58:53.563 67692 INFO tempest.lib.common.rest_client [req-598fc629-3d49-4949-8b48-4404749fa360 req-598fc629-3d49-4949-8b48-4404749fa360 ] Request (ServersAdminNegativeTestJSON:setUpClass): 200 GET http://10.180.1.21/compute/v2.1/servers/c847f4cb-1914-497b-8d63-5b99a237e5e6 0.137s
2025-05-14 00:58:53.594 67718 INFO tempest.lib.common.rest_client [req-0130681a-b0b6-4818-854e-df8dd4ca8669 req-0130681a-b0b6-4818-854e-df8dd4ca8669 ] Request (ServerShowV247Test:test_update_rebuild_list_server): 200 GET http://10.180.1.21/compute/v2.1/servers/8ddc70e6-ec6f-4740-8109-6ba2c5d00536 0.149s
2025-05-14 00:58:53.608 67678 INFO tempest.lib.common.rest_client [req-6428c100-f28d-4d73-9bb7-3496c007d42b req-6428c100-f28d-4d73-9bb7-3496c007d42b ] Request (ServersTestManualDisk:setUpClass): 200 GET http://10.180.1.21/compute/v2.1/servers/4dce8f09-ce7e-419c-90b4-48ee54d8c604 0.119s
2025-05-14 00:58:53.639 67694 INFO tempest.lib.common.rest_client [req-09722ba8-431b-449b-93d8-670c5a4e7da7 req-09722ba8-431b-449b-93d8-670c5a4e7da7 ] Request (ServerDiagnosticsV248Test:test_get_server_diagnostics): 200 GET http://10.180.1.21/compute/v2.1/servers/8b43a9a6-b28c-43ed-9f83-02424f73dc3c 0.145s
2025-05-14 00:58:53.651 67676 INFO tempest.lib.common.rest_client [req-bebdfab3-f9ec-4551-948f-130dc26594c8 req-bebdfab3-f9ec-4551-948f-130dc26594c8 ] Request (ServerAddressesNegativeTestJSON:setUpClass): 200 GET http://10.180.1.21/compute/v2.1/servers/87ef9733-e8d6-429e-b23f-8b8aadef784c 0.114s
2025-05-14 00:58:53.682 67732 INFO tempest.lib.common.rest_client [req-1828f47a-3c89-4f2d-8533-240cccef28ce req-1828f47a-3c89-4f2d-8533-240cccef28ce ] Request (ServerMetadataNegativeTestJSON:setUpClass): 200 GET http://10.180.1.21/compute/v2.1/servers/65422c06-b1cf-4868-8f38-391b08038fc9 0.096s
2025-05-14 00:58:53.728 67714 INFO tempest.lib.common.rest_client [req-1e182c9c-2316-4f5b-b973-ac3c9038bcdc req-1e182c9c-2316-4f5b-b973-ac3c9038bcdc ] Request (ServerTagsTestJSON:setUpClass): 200 GET http://10.180.1.21/compute/v2.1/servers/907dfc72-e766-4a24-a4e7-df762db37824 0.089s
2025-05-14 00:58:53.740 67720 INFO tempest.lib.common.rest_client [req-a787962e-887c-479e-a52e-6cb73d6d720c req-a787962e-887c-479e-a52e-6cb73d6d720c ] Request (ServerDiagnosticsTest:test_get_server_diagnostics): 200 GET http://10.180.1.21/compute/v2.1/servers/4a086288-b773-40aa-b39a-e3f3b9784a05 0.117s
2025-05-14 00:58:53.773 67686 INFO tempest.lib.common.rest_client [req-f47b4392-7715-411f-a04c-1e31035d92ff req-f47b4392-7715-411f-a04c-1e31035d92ff ] Request (ServerActionsTestOtherA:setUpClass): 200 GET http://10.180.1.21/compute/v2.1/servers/c372287f-35e3-402a-9841-6f55ea471d3d 0.096s
2025-05-14 00:58:53.783 67708 INFO tempest.lib.common.rest_client [req-7e28616d-92e6-44fb-901f-f3cdc602193a req-7e28616d-92e6-44fb-901f-f3cdc602193a ] Request (ServerDiskConfigTestJSON:test_resize_server_from_auto_to_manual): 200 GET http://10.180.1.21/compute/v2.1/servers/49292f00-1457-438b-b5b7-2ac35dd464d2 0.099s
2025-05-14 00:58:53.819 67722 INFO tempest.lib.common.rest_client [req-2cb9da62-28c4-4ba7-99cb-34e902ba5c31 req-2cb9da62-28c4-4ba7-99cb-34e902ba5c31 ] Request (ServerRescueNegativeTestJSON:setUpClass): 200 GET http://10.180.1.21/compute/v2.1/servers/a9aaa31c-5228-4210-b3c0-ca8c5a8c6213 0.095s
2025-05-14 00:58:53.830 67735 INFO tempest.lib.common.rest_client [req-702bee6e-af64-469e-b75f-9064b052cf27 req-702bee6e-af64-469e-b75f-9064b052cf27 ] Request (ServersV294TestFqdnHostnames:setUpClass): 200 GET http://10.180.1.21/compute/v2.1/servers/662bb470-e6ed-4a37-bb23-74a0a36dff0c 0.094s
2025-05-14 00:58:53.861 67690 INFO tempest.lib.common.rest_client [req-d78304bd-99ed-4b74-87d5-7b69553c9001 req-d78304bd-99ed-4b74-87d5-7b69553c9001 ] Request (DeleteServersAdminTestJSON:test_delete_server_while_in_error_state): 200 GET http://10.180.1.21/compute/v2.1/servers/25cc189a-383b-450c-810d-85ea2b48fdca 0.085s
2025-05-14 00:58:53.928 67712 INFO tempest.lib.common.rest_client [req-231d1af2-a7ed-4316-8c4f-611082f0863b req-231d1af2-a7ed-4316-8c4f-611082f0863b ] Request (TenantUsagesTestJSON:setUpClass): 200 GET http://10.180.1.21/compute/v2.1/servers/a51d9480-1aa1-48c9-a05c-943589d6a224 0.084s
2025-05-14 00:58:53.936 67684 INFO tempest.lib.common.rest_client [req-32340f7b-bfed-4799-95f9-28b275a0c723 req-32340f7b-bfed-4799-95f9-28b275a0c723 ] Request (ServerPasswordTestJSON:setUpClass): 200 GET http://10.180.1.21/compute/v2.1/servers/2f050e13-5621-4dda-ade1-cfbef017e57e 0.048s
2025-05-14 00:58:53.986 67682 INFO tempest.lib.common.rest_client [req-239d56de-f0c0-45c7-9e67-5db3a616889b req-239d56de-f0c0-45c7-9e67-5db3a616889b ] Request (ServerShowV254Test:test_rebuild_server): 200 GET http://10.180.1.21/compute/v2.1/servers/2de2d5d9-2644-408a-8957-2c169b2793ce 0.053s
2025-05-14 00:58:54.021 67730 INFO tempest.lib.common.rest_client [req-c7dbf925-a166-4d49-94fd-841d83ef644c req-c7dbf925-a166-4d49-94fd-841d83ef644c ] Request (DeleteServersTestJSON:test_delete_server_while_in_shelved_state): 200 GET http://10.180.1.21/compute/v2.1/servers/2a6c8de3-8974-4533-a474-c4242fd735c6 0.047s
2025-05-14 00:58:54.064 67680 INFO tempest.lib.common.rest_client [req-20909879-1a6b-4e02-8081-bbe258bfcc4c req-20909879-1a6b-4e02-8081-bbe258bfcc4c ] Request (ServerRescueTestJSONUnderV235:setUpClass): 200 GET http://10.180.1.21/compute/v2.1/servers/e976fd9e-95a3-4564-9bd6-08ee3f15a188 0.046s
2025-05-14 00:58:54.251 67697 INFO tempest.lib.common.rest_client [req-22180ae6-8e94-4253-b2b3-ca12bce808b0 req-22180ae6-8e94-4253-b2b3-ca12bce808b0 ] Request (ServerActionsV293TestJSON:setUpClass): 200 GET http://10.180.1.21/compute/v2.1/servers/1000d79b-b491-4071-8ab0-aac90dac6b51 0.053s
2025-05-14 00:58:54.269 67700 INFO tempest.lib.common.rest_client [req-53c95f47-0e89-4f2e-8a84-af5db35a0345 req-53c95f47-0e89-4f2e-8a84-af5db35a0345 ] Request (ServerActionsTestJSON:setUpClass): 200 GET http://10.180.1.21/compute/v2.1/servers/a073c7a9-d7ee-4d9e-be23-4345ed5f9047 0.125s
2025-05-14 00:58:54.300 67736 INFO tempest.lib.common.rest_client [req-a22ba30f-ebe0-4a03-a446-93dc0248071a req-a22ba30f-ebe0-4a03-a446-93dc0248071a ] Request (AttachVolumeTestJSON:test_list_get_volume_attachments): 200 GET http://10.180.1.21/compute/v2.1/servers/fa9c19af-e85e-415b-9827-8aac1990b12c 0.072s
2025-05-14 00:58:54.305 67736 INFO tempest.common.waiters [-] State transition "BUILD/scheduling" ==> "ERROR/None" after 1 second wait
2025-05-14 00:58:54.324 67704 INFO tempest.lib.common.rest_client [req-ae575332-0ef3-4c12-b463-0622746ee1e7 req-ae575332-0ef3-4c12-b463-0622746ee1e7 ] Request (MultipleCreateTestJSON:test_multiple_create_with_reservation_return): 200 GET http://10.180.1.21/compute/v2.1/servers/4c9dbddd-4c74-4ee0-a1be-e7a5c7cfc344 0.046s
2025-05-14 00:58:54.460 67736 INFO tempest.lib.common.rest_client [req-a67eeeb5-78f1-4a4f-9805-5644461b4058 req-a67eeeb5-78f1-4a4f-9805-5644461b4058 ] Request (AttachVolumeTestJSON:test_list_get_volume_attachments): 204 DELETE http://10.180.1.21/compute/v2.1/servers/fa9c19af-e85e-415b-9827-8aac1990b12c 0.154s
2025-05-14 00:58:54.481 67702 INFO tempest.lib.common.rest_client [req-01eb1c15-527b-4256-823c-16299a5dc255 req-01eb1c15-527b-4256-823c-16299a5dc255 ] Request (ListServerFiltersTestJSON:setUpClass): 200 GET http://10.180.1.21/compute/v2.1/servers/2de499d5-2eb3-4138-8c6b-41fb94ff27eb 0.122s
2025-05-14 00:58:54.524 67724 INFO tempest.lib.common.rest_client [req-1f155195-57df-41e7-91d7-fea4850c67bd req-1f155195-57df-41e7-91d7-fea4850c67bd ] Request (ServersNegativeTestJSON:setUpClass): 200 GET http://10.180.1.21/compute/v2.1/servers/4a1a791f-36f3-48af-9792-4a9eaeba26c9 0.123s
2025-05-14 00:58:54.544 67674 INFO tempest.lib.common.rest_client [req-77865484-3036-4802-8743-a7d60f59d147 req-77865484-3036-4802-8743-a7d60f59d147 ] Request (MigrationsAdminTest:test_list_migrations_in_flavor_resize_situation): 200 GET http://10.180.1.21/compute/v2.1/servers/5d61c322-6a7d-4991-8cc4-6dcb1be74256 0.156s
2025-05-14 00:58:54.568 67728 INFO tempest.lib.common.rest_client [req-c924ac6c-df6c-4102-b1d2-36caa698acf2 req-c924ac6c-df6c-4102-b1d2-36caa698acf2 ] Request (ImagesOneServerNegativeTestJSON:setUpClass): 200 GET http://10.180.1.21/compute/v2.1/servers/cbe3ecc4-3c5b-4749-a21c-c0376583c4aa 0.137s
