2025-05-14 00:58:38.728 67720 INFO tempest.lib.common.rest_client [req-ed089c7b-7892-48b0-b0dd-b00d47bac23e req-ed089c7b-7892-48b0-b0dd-b00d47bac23e ] Request (ServerDiagnosticsTest:test_get_server_diagnostics): 200 GET http://10.180.1.21/compute/v2.1/servers/4a086288-b773-40aa-b39a-e3f3b9784a05 0.170s
2025-05-14 00:58:38.766 67736 INFO tempest.lib.common.rest_client [req-bc3af15d-fbe7-484b-89f5-2e266e9a61c9 req-bc3af15d-fbe7-484b-89f5-2e266e9a61c9 ] Request (SecurityGroupsTestJSON:test_server_security_groups): 200 POST http://10.180.1.21/compute/v2.1/os-security-groups 0.164s
2025-05-14 00:58:38.770 67728 INFO tempest.lib.common.rest_client [req-7db2caff-994d-493b-93ea-f41bf5141b8e req-7db2caff-994d-493b-93ea-f41bf5141b8e ] Request (ImagesOneServerNegativeTestJSON:setUpClass): 200 GET http://10.180.1.21/compute/v2.1/servers/cbe3ecc4-3c5b-4749-a21c-c0376583c4aa 0.168s
2025-05-14 00:58:38.800 67736 INFO tempest.lib.common.rest_client [req-35c94c8a-0deb-4326-9a1e-27ac0abb33fa req-35c94c8a-0deb-4326-9a1e-27ac0abb33fa ] Request (SecurityGroupsTestJSON:test_server_security_groups): 201 POST http://10.180.1.21/identity/v3/auth/tokens 0.029s
2025-05-14 00:58:38.800 67736 INFO tempest.lib.common.fixed_network [-] (SecurityGroupsTestJSON:test_server_security_groups) Found network {'id': '1611b696-31f1-45bd-96c1-810fb480f3c1', 'name': 'tempest-SecurityGroupsTestJSON-1718541274-network', 'tenant_id': '353cf41b8cb7424589da9986302e45be', 'admin_state_up': True, 'mtu': 8950, 'status': 'ACTIVE', 'subnets': [], 'shared': False, 'project_id': '353cf41b8cb7424589da9986302e45be', 'port_security_enabled': True, 'router:external': False, 'provider:network_type': 'vlan', 'provider:physical_network': 'default', 'provider:segmentation_id': 723, 'is_default': False, 'availability_zone_hints': [], 'availability_zones': [], 'ipv4_address_scope': None, 'ipv6_address_scope': None, 'description': '', 'tags': [], 'created_at': '2025-05-14T00:58:31Z', 'updated_at': '2025-05-14T00:58:31Z', 'revision_number': 1} available for tenant
2025-05-14 00:58:38.815 67727 INFO tempest.lib.common.rest_client [req-659f6f8c-98de-41f6-912c-2a716765e230 req-659f6f8c-98de-41f6-912c-2a716765e230 ] Request (VolumesAdminNegativeTest:test_update_attached_volume_with_nonexistent_volume_in_body): 200 GET http://10.180.1.21/compute/v2.1/servers/f42f9cc0-c33a-4bdc-b16c-8dec61896b27 0.124s
2025-05-14 00:58:38.815 67710 INFO tempest.lib.common.rest_client [req-9fd86521-aabd-44e0-ae6b-1d7704a9b569 req-9fd86521-aabd-44e0-ae6b-1d7704a9b569 ] Request (AttachInterfacesTestJSON:test_create_list_show_delete_interfaces_by_network_port): 200 GET http://10.180.1.21/compute/v2.1/servers/69980b41-9514-4d97-aa75-ea68dd05b241 0.171s
2025-05-14 00:58:38.860 67718 INFO tempest.lib.common.rest_client [req-805d1440-77fe-405c-aa3d-3a16ac133451 req-805d1440-77fe-405c-aa3d-3a16ac133451 ] Request (ServerShowV247Test:test_update_rebuild_list_server): 200 GET http://10.180.1.21/compute/v2.1/servers/8ddc70e6-ec6f-4740-8109-6ba2c5d00536 0.121s
2025-05-14 00:58:38.900 67712 INFO tempest.lib.common.rest_client [req-14daa7c4-0aeb-4ff8-82a5-a0a0a78b1dbc req-14daa7c4-0aeb-4ff8-82a5-a0a0a78b1dbc ] Request (TenantUsagesTestJSON:setUpClass): 200 GET http://10.180.1.21/compute/v2.1/servers/a51d9480-1aa1-48c9-a05c-943589d6a224 0.143s
2025-05-14 00:58:38.904 67714 INFO tempest.lib.common.rest_client [req-68dd9915-63b5-478d-b335-d8930975c25a req-68dd9915-63b5-478d-b335-d8930975c25a ] Request (ServerTagsTestJSON:setUpClass): 200 GET http://10.180.1.21/compute/v2.1/servers/907dfc72-e766-4a24-a4e7-df762db37824 0.121s
2025-05-14 00:58:38.952 67694 INFO tempest.lib.common.rest_client [req-99fedfec-dd7d-49d3-98c0-aa2b44f76b6d req-99fedfec-dd7d-49d3-98c0-aa2b44f76b6d ] Request (ServerDiagnosticsV248Test:test_get_server_diagnostics): 200 GET http://10.180.1.21/compute/v2.1/servers/8b43a9a6-b28c-43ed-9f83-02424f73dc3c 0.143s
2025-05-14 00:58:38.996 67678 INFO tempest.lib.common.rest_client [req-a63ded2d-50ce-4c54-80e5-3b61af6bf9e4 req-a63ded2d-50ce-4c54-80e5-3b61af6bf9e4 ] Request (ServersTestManualDisk:setUpClass): 200 GET http://10.180.1.21/compute/v2.1/servers/4dce8f09-ce7e-419c-90b4-48ee54d8c604 0.149s
2025-05-14 00:58:39.040 67676 INFO tempest.lib.common.rest_client [req-9a9f9ee3-8e7a-41ea-b2ab-13bab77f277b req-9a9f9ee3-8e7a-41ea-b2ab-13bab77f277b ] Request (ServerAddressesNegativeTestJSON:setUpClass): 200 GET http://10.180.1.21/compute/v2.1/servers/87ef9733-e8d6-429e-b23f-8b8aadef784c 0.189s
2025-05-14 00:58:39.082 67732 INFO tempest.lib.common.rest_client [req-1f89959c-3b85-4033-9724-30222def9920 req-1f89959c-3b85-4033-9724-30222def9920 ] Request (ServerMetadataNegativeTestJSON:setUpClass): 200 GET http://10.180.1.21/compute/v2.1/servers/65422c06-b1cf-4868-8f38-391b08038fc9 0.180s
2025-05-14 00:58:39.125 67708 INFO tempest.lib.common.rest_client [req-52904a2d-87cf-413d-89b4-04d25cf926cd req-52904a2d-87cf-413d-89b4-04d25cf926cd ] Request (ServerDiskConfigTestJSON:test_resize_server_from_auto_to_manual): 200 GET http://10.180.1.21/compute/v2.1/servers/49292f00-1457-438b-b5b7-2ac35dd464d2 0.173s
2025-05-14 00:58:39.168 67686 INFO tempest.lib.common.rest_client [req-bc243ac1-6de7-4f20-9f29-4c598e03db55 req-bc243ac1-6de7-4f20-9f29-4c598e03db55 ] Request (ServerActionsTestOtherA:setUpClass): 200 GET http://10.180.1.21/compute/v2.1/servers/c372287f-35e3-402a-9841-6f55ea471d3d 0.168s
2025-05-14 00:58:39.208 67736 INFO tempest.lib.common.rest_client [req-107c0d1b-70ea-457f-912c-a920595b8ec1 req-107c0d1b-70ea-457f-912c-a920595b8ec1 ] Request (SecurityGroupsTestJSON:test_server_security_groups): 202 POST http://10.180.1.21/compute/v2.1/servers 0.407s
2025-05-14 00:58:39.211 67722 INFO tempest.lib.common.rest_client [req-2d6481d7-29cb-4213-9568-629883d7016a req-2d6481d7-29cb-4213-9568-629883d7016a ] Request (ServerRescueNegativeTestJSON:setUpClass): 200 GET http://10.180.1.21/compute/v2.1/servers/a9aaa31c-5228-4210-b3c0-ca8c5a8c6213 0.191s
2025-05-14 00:58:39.252 67736 INFO tempest.lib.common.rest_client [req-b11c4c50-13be-473d-bc9e-1809d6f290f2 req-b11c4c50-13be-473d-bc9e-1809d6f290f2 ] Request (SecurityGroupsTestJSON:test_server_security_groups): 200 GET http://10.180.1.21/compute/v2.1/servers/627ac1c1-ad9a-4ff9-b6ff-e89d6679acb2 0.042s
2025-05-14 00:58:39.260 67735 INFO tempest.lib.common.rest_client [req-0fbdf104-b033-4665-99e1-a3c01696008a req-0fbdf104-b033-4665-99e1-a3c01696008a ] Request (ServersV294TestFqdnHostnames:setUpClass): 200 GET http://10.180.1.21/compute/v2.1/servers/662bb470-e6ed-4a37-bb23-74a0a36dff0c 0.091s
2025-05-14 00:58:39.336 67700 INFO tempest.lib.common.rest_client [req-491387f3-005f-4b73-8e6a-bc4a665fa93c req-491387f3-005f-4b73-8e6a-bc4a665fa93c ] Request (ServerActionsTestJSON:setUpClass): 200 GET http://10.180.1.21/compute/v2.1/servers/a073c7a9-d7ee-4d9e-be23-4345ed5f9047 0.086s
2025-05-14 00:58:39.348 67682 INFO tempest.lib.common.rest_client [req-69fb9367-6f79-42bc-aab2-34c5ff0e8dc4 req-69fb9367-6f79-42bc-aab2-34c5ff0e8dc4 ] Request (ServerShowV254Test:test_rebuild_server): 200 GET http://10.180.1.21/compute/v2.1/servers/2de2d5d9-2644-408a-8957-2c169b2793ce 0.049s
2025-05-14 00:58:39.408 67684 INFO tempest.lib.common.rest_client [req-10f408f5-43f4-4e20-8302-f2edfbbcf5b8 req-10f408f5-43f4-4e20-8302-f2edfbbcf5b8 ] Request (ServerPasswordTestJSON:setUpClass): 200 GET http://10.180.1.21/compute/v2.1/servers/2f050e13-5621-4dda-ade1-cfbef017e57e 0.049s
2025-05-14 00:58:39.420 67702 INFO tempest.lib.common.rest_client [req-7fef478e-154f-4b77-8e8f-674889640603 req-7fef478e-154f-4b77-8e8f-674889640603 ] Request (ListServerFiltersTestJSON:setUpClass): 200 GET http://10.180.1.21/compute/v2.1/servers/2de499d5-2eb3-4138-8c6b-41fb94ff27eb 0.106s
2025-05-14 00:58:39.464 67690 INFO tempest.lib.common.rest_client [req-8de55a2b-de46-44e1-b188-4346333082fe req-8de55a2b-de46-44e1-b188-4346333082fe ] Request (DeleteServersAdminTestJSON:test_delete_server_while_in_error_state): 200 GET http://10.180.1.21/compute/v2.1/servers/25cc189a-383b-450c-810d-85ea2b48fdca 0.062s
2025-05-14 00:58:39.492 67674 INFO tempest.lib.common.rest_client [req-347f6ee3-9df1-4b07-98d1-64e8dcfb5f0d req-347f6ee3-9df1-4b07-98d1-64e8dcfb5f0d ] Request (MigrationsAdminTest:test_list_migrations_in_flavor_resize_situation): 200 GET http://10.180.1.21/compute/v2.1/servers/5d61c322-6a7d-4991-8cc4-6dcb1be74256 0.095s
2025-05-14 00:58:39.506 67730 INFO tempest.lib.common.rest_client [req-fa775e26-6cf7-4690-a3a3-4f12910e7091 req-fa775e26-6cf7-4690-a3a3-4f12910e7091 ] Request (DeleteServersTestJSON:test_delete_server_while_in_shelved_state): 200 GET http://10.180.1.21/compute/v2.1/servers/2a6c8de3-8974-4533-a474-c4242fd735c6 0.066s
2025-05-14 00:58:39.575 67680 INFO tempest.lib.common.rest_client [req-7ee2eb0a-8ccd-4f26-b9bc-b26fbe873bfa req-7ee2eb0a-8ccd-4f26-b9bc-b26fbe873bfa ] Request (ServerRescueTestJSONUnderV235:setUpClass): 200 GET http://10.180.1.21/compute/v2.1/servers/e976fd9e-95a3-4564-9bd6-08ee3f15a188 0.044s
2025-05-14 00:58:39.604 67699 INFO tempest.lib.common.rest_client [req-b7700e2a-d046-4a3d-88a7-dee20557b76f req-b7700e2a-d046-4a3d-88a7-dee20557b76f ] Request (ServerExternalEventsTest:test_create_server_external_events): 200 GET http://10.180.1.21/compute/v2.1/servers/379f5a6d-d6d4-434a-b401-1b027434e6fd 0.083s
2025-05-14 00:58:39.689 67692 INFO tempest.lib.common.rest_client [req-746bdf58-7efd-4960-b9f3-517e086600e1 req-746bdf58-7efd-4960-b9f3-517e086600e1 ] Request (ServersAdminNegativeTestJSON:setUpClass): 200 GET http://10.180.1.21/compute/v2.1/servers/c847f4cb-1914-497b-8d63-5b99a237e5e6 0.085s
2025-05-14 00:58:39.707 67697 INFO tempest.lib.common.rest_client [req-865d4acb-8ac2-462e-91cc-b2a0ecc04b4f req-865d4acb-8ac2-462e-91cc-b2a0ecc04b4f ] Request (ServerActionsV293TestJSON:setUpClass): 200 GET http://10.180.1.21/compute/v2.1/servers/1000d79b-b491-4071-8ab0-aac90dac6b51 0.054s
2025-05-14 00:58:39.733 67704 INFO tempest.lib.common.rest_client [req-241fa0d2-8f7a-4984-b208-a1151129d384 req-241fa0d2-8f7a-4984-b208-a1151129d384 ] Request (MultipleCreateTestJSON:test_multiple_create_with_reservation_return): 200 GET http://10.180.1.21/compute/v2.1/servers/4c9dbddd-4c74-4ee0-a1be-e7a5c7cfc344 0.077s
2025-05-14 00:58:39.753 67724 INFO tempest.lib.common.rest_client [req-758e6b28-ddeb-46ca-bcd5-2e3ee33691fb req-758e6b28-ddeb-46ca-bcd5-2e3ee33691fb ] Request (ServersNegativeTestJSON:setUpClass): 200 GET http://10.180.1.21/compute/v2.1/servers/4a1a791f-36f3-48af-9792-4a9eaeba26c9 0.055s
2025-05-14 00:58:39.819 67720 INFO tempest.lib.common.rest_client [req-f0fd6d5b-a5b2-494b-9848-d335230d5009 req-f0fd6d5b-a5b2-494b-9848-d335230d5009 ] Request (ServerDiagnosticsTest:test_get_server_diagnostics): 200 GET http://10.180.1.21/compute/v2.1/servers/4a086288-b773-40aa-b39a-e3f3b9784a05 0.083s
2025-05-14 00:58:39.825 67728 INFO tempest.lib.common.rest_client [req-9a9cb80a-bfac-4140-9299-64b6be80d4d1 req-9a9cb80a-bfac-4140-9299-64b6be80d4d1 ] Request (ImagesOneServerNegativeTestJSON:setUpClass): 200 GET http://10.180.1.21/compute/v2.1/servers/cbe3ecc4-3c5b-4749-a21c-c0376583c4aa 0.047s
2025-05-14 00:58:39.867 67710 INFO tempest.lib.common.rest_client [req-d719c837-6c6d-417d-8aa5-f91ab1e2d382 req-d719c837-6c6d-417d-8aa5-f91ab1e2d382 ] Request (AttachInterfacesTestJSON:test_create_list_show_delete_interfaces_by_network_port): 200 GET http://10.180.1.21/compute/v2.1/servers/69980b41-9514-4d97-aa75-ea68dd05b241 0.045s
2025-05-14 00:58:39.869 67727 INFO tempest.lib.common.rest_client [req-13c152da-cb5b-49f5-82d5-f3c2f6590e5f req-13c152da-cb5b-49f5-82d5-f3c2f6590e5f ] Request (VolumesAdminNegativeTest:test_update_attached_volume_with_nonexistent_volume_in_body): 200 GET http://10.180.1.21/compute/v2.1/servers/f42f9cc0-c33a-4bdc-b16c-8dec61896b27 0.045s
2025-05-14 00:58:39.912 67718 INFO tempest.lib.common.rest_client [req-33c94018-f8d8-4378-adab-18627c0f1f10 req-33c94018-f8d8-4378-adab-18627c0f1f10 ] Request (ServerShowV247Test:test_update_rebuild_list_server): 200 GET http://10.180.1.21/compute/v2.1/servers/8ddc70e6-ec6f-4740-8109-6ba2c5d00536 0.046s
2025-05-14 00:58:39.955 67714 INFO tempest.lib.common.rest_client [req-e97c7f21-fc53-4ee0-94cc-4c863803acdf req-e97c7f21-fc53-4ee0-94cc-4c863803acdf ] Request (ServerTagsTestJSON:setUpClass): 200 GET http://10.180.1.21/compute/v2.1/servers/907dfc72-e766-4a24-a4e7-df762db37824 0.045s
2025-05-14 00:58:39.989 67712 INFO tempest.lib.common.rest_client [req-6049c8ce-eef3-492d-af41-aa3b08cc4b0b req-6049c8ce-eef3-492d-af41-aa3b08cc4b0b ] Request (TenantUsagesTestJSON:setUpClass): 200 GET http://10.180.1.21/compute/v2.1/servers/a51d9480-1aa1-48c9-a05c-943589d6a224 0.082s
2025-05-14 00:58:40.010 67694 INFO tempest.lib.common.rest_client [req-1c292f0a-decb-4868-aab6-37f1cf2d2ec2 req-1c292f0a-decb-4868-aab6-37f1cf2d2ec2 ] Request (ServerDiagnosticsV248Test:test_get_server_diagnostics): 200 GET http://10.180.1.21/compute/v2.1/servers/8b43a9a6-b28c-43ed-9f83-02424f73dc3c 0.051s
2025-05-14 00:58:40.051 67678 INFO tempest.lib.common.rest_client [req-de9079a2-4c89-4357-806b-1ea4fc5d3540 req-de9079a2-4c89-4357-806b-1ea4fc5d3540 ] Request (ServersTestManualDisk:setUpClass): 200 GET http://10.180.1.21/compute/v2.1/servers/4dce8f09-ce7e-419c-90b4-48ee54d8c604 0.048s
2025-05-14 00:58:40.094 67676 INFO tempest.lib.common.rest_client [req-846a8253-5a94-4002-9cbb-0fb38cfc1c9f req-846a8253-5a94-4002-9cbb-0fb38cfc1c9f ] Request (ServerAddressesNegativeTestJSON:setUpClass): 200 GET http://10.180.1.21/compute/v2.1/servers/87ef9733-e8d6-429e-b23f-8b8aadef784c 0.048s
2025-05-14 00:58:40.138 67732 INFO tempest.lib.common.rest_client [req-ddcf32f0-169f-49bf-b8e2-cfc4e844e82a req-ddcf32f0-169f-49bf-b8e2-cfc4e844e82a ] Request (ServerMetadataNegativeTestJSON:setUpClass): 200 GET http://10.180.1.21/compute/v2.1/servers/65422c06-b1cf-4868-8f38-391b08038fc9 0.049s
2025-05-14 00:58:40.177 67708 INFO tempest.lib.common.rest_client [req-2fd21579-f49e-477b-bc73-0e616849427c req-2fd21579-f49e-477b-bc73-0e616849427c ] Request (ServerDiskConfigTestJSON:test_resize_server_from_auto_to_manual): 200 GET http://10.180.1.21/compute/v2.1/servers/49292f00-1457-438b-b5b7-2ac35dd464d2 0.046s
2025-05-14 00:58:40.219 67686 INFO tempest.lib.common.rest_client [req-a6557b78-7a44-455d-a32c-9144b23b9341 req-a6557b78-7a44-455d-a32c-9144b23b9341 ] Request (ServerActionsTestOtherA:setUpClass): 200 GET http://10.180.1.21/compute/v2.1/servers/c372287f-35e3-402a-9841-6f55ea471d3d 0.045s
2025-05-14 00:58:40.262 67722 INFO tempest.lib.common.rest_client [req-7cccc023-95fd-47bb-ba34-ce8f840f528e req-7cccc023-95fd-47bb-ba34-ce8f840f528e ] Request (ServerRescueNegativeTestJSON:setUpClass): 200 GET http://10.180.1.21/compute/v2.1/servers/a9aaa31c-5228-4210-b3c0-ca8c5a8c6213 0.045s
2025-05-14 00:58:40.308 67736 INFO tempest.lib.common.rest_client [req-adecb03f-d2d9-4157-af12-f29fed9f0090 req-adecb03f-d2d9-4157-af12-f29fed9f0090 ] Request (SecurityGroupsTestJSON:test_server_security_groups): 200 GET http://10.180.1.21/compute/v2.1/servers/627ac1c1-ad9a-4ff9-b6ff-e89d6679acb2 0.050s
2025-05-14 00:58:40.313 67736 INFO tempest.common.waiters [-] State transition "BUILD/scheduling" ==> "ERROR/None" after 1 second wait
2025-05-14 00:58:40.314 67735 INFO tempest.lib.common.rest_client [req-456be270-2f15-4628-8063-03c117a78b52 req-456be270-2f15-4628-8063-03c117a78b52 ] Request (ServersV294TestFqdnHostnames:setUpClass): 200 GET http://10.180.1.21/compute/v2.1/servers/662bb470-e6ed-4a37-bb23-74a0a36dff0c 0.047s
2025-05-14 00:58:40.467 67736 INFO tempest.lib.common.rest_client [req-d8e74055-99cd-4556-b414-af6198d05bbc req-d8e74055-99cd-4556-b414-af6198d05bbc ] Request (SecurityGroupsTestJSON:test_server_security_groups): 204 DELETE http://10.180.1.21/compute/v2.1/servers/627ac1c1-ad9a-4ff9-b6ff-e89d6679acb2 0.153s
2025-05-14 00:58:40.470 67700 INFO tempest.lib.common.rest_client [req-ea70b653-3459-4471-b718-e8840c4840c0 req-ea70b653-3459-4471-b718-e8840c4840c0 ] Request (ServerActionsTestJSON:setUpClass): 200 GET http://10.180.1.21/compute/v2.1/servers/a073c7a9-d7ee-4d9e-be23-4345ed5f9047 0.127s
2025-05-14 00:58:40.515 67684 INFO tempest.lib.common.rest_client [req-d7e9ab2f-c0a5-4049-b761-7105a8c8764f req-d7e9ab2f-c0a5-4049-b761-7105a8c8764f ] Request (ServerPasswordTestJSON:setUpClass): 200 GET http://10.180.1.21/compute/v2.1/servers/2f050e13-5621-4dda-ade1-cfbef017e57e 0.100s
2025-05-14 00:58:40.516 67682 INFO tempest.lib.common.rest_client [req-d8250a99-2427-48e4-865c-0eac5caa43b4 req-d8250a99-2427-48e4-865c-0eac5caa43b4 ] Request (ServerShowV254Test:test_rebuild_server): 200 GET http://10.180.1.21/compute/v2.1/servers/2de2d5d9-2644-408a-8957-2c169b2793ce 0.160s
2025-05-14 00:58:40.532 67736 INFO tempest.lib.common.rest_client [req-4a487379-61d0-4c92-b210-ac8e77cc62fb req-4a487379-61d0-4c92-b210-ac8e77cc62fb ] Request (SecurityGroupsTestJSON:test_server_security_groups): 404 GET http://10.180.1.21/compute/v2.1/servers/627ac1c1-ad9a-4ff9-b6ff-e89d6679acb2 0.064s
2025-05-14 00:58:40.578 67690 INFO tempest.lib.common.rest_client [req-21a17aa9-655d-4a13-b055-ac5f53716ecd req-21a17aa9-655d-4a13-b055-ac5f53716ecd ] Request (DeleteServersAdminTestJSON:test_delete_server_while_in_error_state): 200 GET http://10.180.1.21/compute/v2.1/servers/25cc189a-383b-450c-810d-85ea2b48fdca 0.107s
2025-05-14 00:58:40.599 67702 INFO tempest.lib.common.rest_client [req-7faae238-439b-4800-82e2-20f40b8b78ca req-7faae238-439b-4800-82e2-20f40b8b78ca ] Request (ListServerFiltersTestJSON:setUpClass): 200 GET http://10.180.1.21/compute/v2.1/servers/2de499d5-2eb3-4138-8c6b-41fb94ff27eb 0.173s
2025-05-14 00:58:40.641 67730 INFO tempest.lib.common.rest_client [req-f0243f4f-1ebe-48c5-9617-f4baa0522c59 req-f0243f4f-1ebe-48c5-9617-f4baa0522c59 ] Request (DeleteServersTestJSON:test_delete_server_while_in_shelved_state): 200 GET http://10.180.1.21/compute/v2.1/servers/2a6c8de3-8974-4533-a474-c4242fd735c6 0.129s
2025-05-14 00:58:40.661 67674 INFO tempest.lib.common.rest_client [req-f0cfded5-c675-4a02-b116-85dcf33a134c req-f0cfded5-c675-4a02-b116-85dcf33a134c ] Request (MigrationsAdminTest:test_list_migrations_in_flavor_resize_situation): 200 GET http://10.180.1.21/compute/v2.1/servers/5d61c322-6a7d-4991-8cc4-6dcb1be74256 0.163s
2025-05-14 00:58:40.706 67680 INFO tempest.lib.common.rest_client [req-5e8dec46-ce52-4328-aa84-44305a75742c req-5e8dec46-ce52-4328-aa84-44305a75742c ] Request (ServerRescueTestJSONUnderV235:setUpClass): 200 GET http://10.180.1.21/compute/v2.1/servers/e976fd9e-95a3-4564-9bd6-08ee3f15a188 0.126s
2025-05-14 00:58:40.714 67736 INFO tempest.lib.common.rest_client [req-f2c14caa-b840-41ca-9400-cfa027ca2482 req-f2c14caa-b840-41ca-9400-cfa027ca2482 ] Request (SecurityGroupsTestJSON:test_update_security_groups): 200 POST http://10.180.1.21/compute/v2.1/os-security-groups 0.180s
2025-05-14 00:58:40.794 67699 INFO tempest.lib.common.rest_client [req-a31515d0-9e36-4c8e-a0d2-d4f252e7d220 req-a31515d0-9e36-4c8e-a0d2-d4f252e7d220 ] Request (ServerExternalEventsTest:test_create_server_external_events): 200 GET http://10.180.1.21/compute/v2.1/servers/379f5a6d-d6d4-434a-b401-1b027434e6fd 0.183s
2025-05-14 00:58:40.796 67692 INFO tempest.lib.common.rest_client [req-552796f2-7fb5-4868-a3fa-05a3cfb146d0 req-552796f2-7fb5-4868-a3fa-05a3cfb146d0 ] Request (ServersAdminNegativeTestJSON:setUpClass): 200 GET http://10.180.1.21/compute/v2.1/servers/c847f4cb-1914-497b-8d63-5b99a237e5e6 0.102s
2025-05-14 00:58:40.849 67697 INFO tempest.lib.common.rest_client [req-0219659c-4335-4551-a62a-1039ef742b41 req-0219659c-4335-4551-a62a-1039ef742b41 ] Request (ServerActionsV293TestJSON:setUpClass): 200 GET http://10.180.1.21/compute/v2.1/servers/1000d79b-b491-4071-8ab0-aac90dac6b51 0.132s
2025-05-14 00:58:40.878 67736 INFO tempest.lib.common.rest_client [req-70d4e7ef-439c-45fe-b879-2624a6f58338 req-70d4e7ef-439c-45fe-b879-2624a6f58338 ] Request (SecurityGroupsTestJSON:test_update_security_groups): 200 PUT http://10.180.1.21/compute/v2.1/os-security-groups/3346ab93-b763-42d6-bf12-6417fdc89235 0.162s
2025-05-14 00:58:40.894 67704 INFO tempest.lib.common.rest_client [req-b6cceba4-e2dd-4f13-b064-ae8f63cbec8c req-b6cceba4-e2dd-4f13-b064-ae8f63cbec8c ] Request (MultipleCreateTestJSON:test_multiple_create_with_reservation_return): 200 GET http://10.180.1.21/compute/v2.1/servers/4c9dbddd-4c74-4ee0-a1be-e7a5c7cfc344 0.156s
2025-05-14 00:58:40.925 67724 INFO tempest.lib.common.rest_client [req-8c4c9633-4bf9-484b-ae35-1b0813e780e4 req-8c4c9633-4bf9-484b-ae35-1b0813e780e4 ] Request (ServersNegativeTestJSON:setUpClass): 200 GET http://10.180.1.21/compute/v2.1/servers/4a1a791f-36f3-48af-9792-4a9eaeba26c9 0.167s
2025-05-14 00:58:40.972 67728 INFO tempest.lib.common.rest_client [req-3d2a022e-4ef8-45e0-a315-f5e91800df7f req-3d2a022e-4ef8-45e0-a315-f5e91800df7f ] Request (ImagesOneServerNegativeTestJSON:setUpClass): 200 GET http://10.180.1.21/compute/v2.1/servers/cbe3ecc4-3c5b-4749-a21c-c0376583c4aa 0.141s
2025-05-14 00:58:40.985 67720 INFO tempest.lib.common.rest_client [req-2b1f3ccd-e5f2-4b73-b4f7-14dcc657bd80 req-2b1f3ccd-e5f2-4b73-b4f7-14dcc657bd80 ] Request (ServerDiagnosticsTest:test_get_server_diagnostics): 200 GET http://10.180.1.21/compute/v2.1/servers/4a086288-b773-40aa-b39a-e3f3b9784a05 0.159s
2025-05-14 00:58:41.019 67710 INFO tempest.lib.common.rest_client [req-9299c4e6-b03b-4e7d-80ec-cf1bbc53072b req-9299c4e6-b03b-4e7d-80ec-cf1bbc53072b ] Request (AttachInterfacesTestJSON:test_create_list_show_delete_interfaces_by_network_port): 200 GET http://10.180.1.21/compute/v2.1/servers/69980b41-9514-4d97-aa75-ea68dd05b241 0.146s
2025-05-14 00:58:41.029 67727 INFO tempest.lib.common.rest_client [req-7f5f45d4-cb30-4778-8425-d195761268cf req-7f5f45d4-cb30-4778-8425-d195761268cf ] Request (VolumesAdminNegativeTest:test_update_attached_volume_with_nonexistent_volume_in_body): 200 GET http://10.180.1.21/compute/v2.1/servers/f42f9cc0-c33a-4bdc-b16c-8dec61896b27 0.154s
2025-05-14 00:58:41.048 67736 INFO tempest.lib.common.rest_client [req-17a05ae7-f81f-4f10-8e2a-bb1967cf2f61 req-17a05ae7-f81f-4f10-8e2a-bb1967cf2f61 ] Request (SecurityGroupsTestJSON:test_update_security_groups): 200 GET http://10.180.1.21/compute/v2.1/os-security-groups/3346ab93-b763-42d6-bf12-6417fdc89235 0.167s
2025-05-14 00:58:41.078 67718 INFO tempest.lib.common.rest_client [req-d97df107-fbce-4e57-85ad-88b9bbf5fdb7 req-d97df107-fbce-4e57-85ad-88b9bbf5fdb7 ] Request (ServerShowV247Test:test_update_rebuild_list_server): 200 GET http://10.180.1.21/compute/v2.1/servers/8ddc70e6-ec6f-4740-8109-6ba2c5d00536 0.158s
2025-05-14 00:58:41.097 67714 INFO tempest.lib.common.rest_client [req-e024523d-0d16-4d70-a3fa-4e9fb16fc006 req-e024523d-0d16-4d70-a3fa-4e9fb16fc006 ] Request (ServerTagsTestJSON:setUpClass): 200 GET http://10.180.1.21/compute/v2.1/servers/907dfc72-e766-4a24-a4e7-df762db37824 0.134s
2025-05-14 00:58:41.147 67694 INFO tempest.lib.common.rest_client [req-1a16c865-8613-4b7e-b0e4-5231af5b5e0c req-1a16c865-8613-4b7e-b0e4-5231af5b5e0c ] Request (ServerDiagnosticsV248Test:test_get_server_diagnostics): 200 GET http://10.180.1.21/compute/v2.1/servers/8b43a9a6-b28c-43ed-9f83-02424f73dc3c 0.129s
2025-05-14 00:58:41.167 67712 INFO tempest.lib.common.rest_client [req-bf06703d-f8f1-45bf-9ec9-e66e782b3322 req-bf06703d-f8f1-45bf-9ec9-e66e782b3322 ] Request (TenantUsagesTestJSON:setUpClass): 200 GET http://10.180.1.21/compute/v2.1/servers/a51d9480-1aa1-48c9-a05c-943589d6a224 0.171s
2025-05-14 00:58:41.216 67678 INFO tempest.lib.common.rest_client [req-477cd5e1-9458-4e30-a27e-d1302f02d6c0 req-477cd5e1-9458-4e30-a27e-d1302f02d6c0 ] Request (ServersTestManualDisk:setUpClass): 200 GET http://10.180.1.21/compute/v2.1/servers/4dce8f09-ce7e-419c-90b4-48ee54d8c604 0.159s
2025-05-14 00:58:41.244 67736 INFO tempest.lib.common.rest_client [req-e174c98d-b9dd-4518-896f-39e672c8faab req-e174c98d-b9dd-4518-896f-39e672c8faab ] Request (SecurityGroupsTestJSON:tearDownClass): 202 DELETE http://10.180.1.21/compute/v2.1/os-security-groups/3346ab93-b763-42d6-bf12-6417fdc89235 0.193s
2025-05-14 00:58:41.264 67676 INFO tempest.lib.common.rest_client [req-11f145db-5a44-45c9-ae29-dbf66731cd00 req-11f145db-5a44-45c9-ae29-dbf66731cd00 ] Request (ServerAddressesNegativeTestJSON:setUpClass): 200 GET http://10.180.1.21/compute/v2.1/servers/87ef9733-e8d6-429e-b23f-8b8aadef784c 0.163s
2025-05-14 00:58:41.294 67732 INFO tempest.lib.common.rest_client [req-cd86647d-c741-4dd2-bfe3-66411ef960bc req-cd86647d-c741-4dd2-bfe3-66411ef960bc ] Request (ServerMetadataNegativeTestJSON:setUpClass): 200 GET http://10.180.1.21/compute/v2.1/servers/65422c06-b1cf-4868-8f38-391b08038fc9 0.149s
2025-05-14 00:58:41.317 67708 INFO tempest.lib.common.rest_client [req-c974c16d-29b3-4e82-8f0d-2394d9e0b2bc req-c974c16d-29b3-4e82-8f0d-2394d9e0b2bc ] Request (ServerDiskConfigTestJSON:test_resize_server_from_auto_to_manual): 200 GET http://10.180.1.21/compute/v2.1/servers/49292f00-1457-438b-b5b7-2ac35dd464d2 0.133s
2025-05-14 00:58:41.347 67686 INFO tempest.lib.common.rest_client [req-c2d01fd6-d294-464d-913f-dc946648f33b req-c2d01fd6-d294-464d-913f-dc946648f33b ] Request (ServerActionsTestOtherA:setUpClass): 200 GET http://10.180.1.21/compute/v2.1/servers/c372287f-35e3-402a-9841-6f55ea471d3d 0.122s
2025-05-14 00:58:41.396 67722 INFO tempest.lib.common.rest_client [req-53eef12a-ba58-4c29-ae82-e4d0524b5857 req-53eef12a-ba58-4c29-ae82-e4d0524b5857 ] Request (ServerRescueNegativeTestJSON:setUpClass): 200 GET http://10.180.1.21/compute/v2.1/servers/a9aaa31c-5228-4210-b3c0-ca8c5a8c6213 0.129s
2025-05-14 00:58:41.410 67736 INFO tempest.lib.common.rest_client [req-15ffb610-f6cd-4ccc-9e73-f1873f1cbace req-15ffb610-f6cd-4ccc-9e73-f1873f1cbace ] Request (SecurityGroupsTestJSON:tearDownClass): 202 DELETE http://10.180.1.21/compute/v2.1/os-security-groups/5a81ef53-2ee9-4863-94e9-1c40af1c9b65 0.165s
2025-05-14 00:58:41.450 67735 INFO tempest.lib.common.rest_client [req-efa7c58d-f556-4fa3-b948-94178382bcd4 req-efa7c58d-f556-4fa3-b948-94178382bcd4 ] Request (ServersV294TestFqdnHostnames:setUpClass): 200 GET http://10.180.1.21/compute/v2.1/servers/662bb470-e6ed-4a37-bb23-74a0a36dff0c 0.128s
2025-05-14 00:58:41.506 67736 INFO tempest.lib.common.rest_client [req-da402315-4c14-48e5-a3d1-a5c452e236a1 req-da402315-4c14-48e5-a3d1-a5c452e236a1 ] Request (SecurityGroupsTestJSON:tearDownClass): 202 DELETE http://10.180.1.21/compute/v2.1/os-security-groups/5a72ff95-c148-4f20-9fa5-09dd1eaa9f52 0.095s
2025-05-14 00:58:41.523 67736 INFO tempest.lib.common.rest_client [req-1c36dade-b6b1-43a4-964a-612da5fe09e0 req-1c36dade-b6b1-43a4-964a-612da5fe09e0 ] Request (SecurityGroupsTestJSON:tearDownClass): 404 DELETE http://10.180.1.21/compute/v2.1/os-security-groups/7778e588-ac42-4ab4-9bdf-d83fe27ebb36 0.017s
2025-05-14 00:58:41.570 67684 INFO tempest.lib.common.rest_client [req-1f2b99b5-ec28-4ff4-88ee-8c9839bc019a req-1f2b99b5-ec28-4ff4-88ee-8c9839bc019a ] Request (ServerPasswordTestJSON:setUpClass): 200 GET http://10.180.1.21/compute/v2.1/servers/2f050e13-5621-4dda-ade1-cfbef017e57e 0.048s
2025-05-14 00:58:41.586 67736 INFO tempest.lib.common.rest_client [req-f62b24b1-80f1-4148-85fe-38511606e648 req-f62b24b1-80f1-4148-85fe-38511606e648 ] Request (SecurityGroupsTestJSON:tearDownClass): 404 DELETE http://10.180.1.21/compute/v2.1/os-security-groups/360b9e41-77c9-4ab7-a6bc-04ef14e278fe 0.062s
2025-05-14 00:58:41.610 67700 INFO tempest.lib.common.rest_client [req-1d2eeeb0-5965-429a-b01e-345ab9305b13 req-1d2eeeb0-5965-429a-b01e-345ab9305b13 ] Request (ServerActionsTestJSON:setUpClass): 200 GET http://10.180.1.21/compute/v2.1/servers/a073c7a9-d7ee-4d9e-be23-4345ed5f9047 0.133s
2025-05-14 00:58:41.634 67682 INFO tempest.lib.common.rest_client [req-3110c2eb-7fc6-492e-a5f1-33bbe82d4cec req-3110c2eb-7fc6-492e-a5f1-33bbe82d4cec ] Request (ServerShowV254Test:test_rebuild_server): 200 GET http://10.180.1.21/compute/v2.1/servers/2de2d5d9-2644-408a-8957-2c169b2793ce 0.109s
2025-05-14 00:58:41.651 67736 INFO tempest.lib.common.rest_client [req-23df2253-439d-4030-97ad-6e40f0ec462b req-23df2253-439d-4030-97ad-6e40f0ec462b ] Request (SecurityGroupsTestJSON:tearDownClass): 404 DELETE http://10.180.1.21/compute/v2.1/os-security-groups/4b2afab9-7a87-4ad7-bf30-256db44098dc 0.064s
2025-05-14 00:58:41.655 67690 INFO tempest.lib.common.rest_client [req-34fe9abb-0ef3-4b8b-90a5-1a324f6907fe req-34fe9abb-0ef3-4b8b-90a5-1a324f6907fe ] Request (DeleteServersAdminTestJSON:test_delete_server_while_in_error_state): 200 GET http://10.180.1.21/compute/v2.1/servers/25cc189a-383b-450c-810d-85ea2b48fdca 0.071s
2025-05-14 00:58:41.702 67730 INFO tempest.lib.common.rest_client [req-0316234b-a969-48de-b613-6d1492b2a24e req-0316234b-a969-48de-b613-6d1492b2a24e ] Request (DeleteServersTestJSON:test_delete_server_while_in_shelved_state): 200 GET http://10.180.1.21/compute/v2.1/servers/2a6c8de3-8974-4533-a474-c4242fd735c6 0.054s
2025-05-14 00:58:41.717 67736 INFO tempest.lib.common.rest_client [req-52b59d5c-08f4-4ede-9dc3-feeb9f3c68ca req-52b59d5c-08f4-4ede-9dc3-feeb9f3c68ca ] Request (SecurityGroupsTestJSON:tearDownClass): 404 DELETE http://10.180.1.21/compute/v2.1/os-security-groups/1514db9e-303c-4c9b-a613-7c80158bb561 0.066s
2025-05-14 00:58:41.741 67702 INFO tempest.lib.common.rest_client [req-b7853a28-349b-43c8-a596-8afc02b4f1ce req-b7853a28-349b-43c8-a596-8afc02b4f1ce ] Request (ListServerFiltersTestJSON:setUpClass): 200 GET http://10.180.1.21/compute/v2.1/servers/2de499d5-2eb3-4138-8c6b-41fb94ff27eb 0.135s
2025-05-14 00:58:41.852 67674 INFO tempest.lib.common.rest_client [req-0a594baf-2576-48d1-a41e-b08285907a6e req-0a594baf-2576-48d1-a41e-b08285907a6e ] Request (MigrationsAdminTest:test_list_migrations_in_flavor_resize_situation): 200 GET http://10.180.1.21/compute/v2.1/servers/5d61c322-6a7d-4991-8cc4-6dcb1be74256 0.184s
2025-05-14 00:58:41.950 67736 INFO tempest.lib.common.rest_client [req-9c4ef3ab-79fc-4b7f-8d34-d058cfa3155c req-9c4ef3ab-79fc-4b7f-8d34-d058cfa3155c ] Request (SecurityGroupsTestJSON:tearDownClass): 202 DELETE http://10.180.1.21/compute/v2.1/os-security-groups/b117483f-11e7-49aa-bd56-50af55c7439e 0.233s
2025-05-14 00:58:41.975 67680 INFO tempest.lib.common.rest_client [req-25087022-eeb3-4a6b-8abe-ad0c13ca6df6 req-25087022-eeb3-4a6b-8abe-ad0c13ca6df6 ] Request (ServerRescueTestJSONUnderV235:setUpClass): 200 GET http://10.180.1.21/compute/v2.1/servers/e976fd9e-95a3-4564-9bd6-08ee3f15a188 0.262s
2025-05-14 00:58:42.048 67699 INFO tempest.lib.common.rest_client [req-a6b9d93b-bef1-47e6-a8b9-b28d42e7c64c req-a6b9d93b-bef1-47e6-a8b9-b28d42e7c64c ] Request (ServerExternalEventsTest:test_create_server_external_events): 200 GET http://10.180.1.21/compute/v2.1/servers/379f5a6d-d6d4-434a-b401-1b027434e6fd 0.244s
2025-05-14 00:58:42.062 67692 INFO tempest.lib.common.rest_client [req-6bc08bf9-8863-4518-b399-28c891424772 req-6bc08bf9-8863-4518-b399-28c891424772 ] Request (ServersAdminNegativeTestJSON:setUpClass): 200 GET http://10.180.1.21/compute/v2.1/servers/c847f4cb-1914-497b-8d63-5b99a237e5e6 0.257s
2025-05-14 00:58:42.102 67697 INFO tempest.lib.common.rest_client [req-19e839d5-461a-4f5f-9f9e-54d211f89c1d req-19e839d5-461a-4f5f-9f9e-54d211f89c1d ] Request (ServerActionsV293TestJSON:setUpClass): 200 GET http://10.180.1.21/compute/v2.1/servers/1000d79b-b491-4071-8ab0-aac90dac6b51 0.244s
2025-05-14 00:58:42.108 67704 INFO tempest.lib.common.rest_client [req-208f3d74-96c0-499c-ad90-7fcb8fd1565d req-208f3d74-96c0-499c-ad90-7fcb8fd1565d ] Request (MultipleCreateTestJSON:test_multiple_create_with_reservation_return): 200 GET http://10.180.1.21/compute/v2.1/servers/4c9dbddd-4c74-4ee0-a1be-e7a5c7cfc344 0.208s
2025-05-14 00:58:42.158 67724 INFO tempest.lib.common.rest_client [req-b2f0b139-2a41-4c65-8634-a92b3add9870 req-b2f0b139-2a41-4c65-8634-a92b3add9870 ] Request (ServersNegativeTestJSON:setUpClass): 200 GET http://10.180.1.21/compute/v2.1/servers/4a1a791f-36f3-48af-9792-4a9eaeba26c9 0.227s
2025-05-14 00:58:42.205 67728 INFO tempest.lib.common.rest_client [req-00c457e9-013e-42a3-9cdb-32beb36813dc req-00c457e9-013e-42a3-9cdb-32beb36813dc ] Request (ImagesOneServerNegativeTestJSON:setUpClass): 200 GET http://10.180.1.21/compute/v2.1/servers/cbe3ecc4-3c5b-4749-a21c-c0376583c4aa 0.226s
2025-05-14 00:58:42.212 67736 INFO tempest.lib.common.rest_client [req-924c512a-2925-4974-8e3f-e3f391d66661 req-924c512a-2925-4974-8e3f-e3f391d66661 ] Request (SecurityGroupsTestJSON:tearDownClass): 202 DELETE http://10.180.1.21/compute/v2.1/os-security-groups/95aa000f-7397-4573-a8f3-02fbd2efdec4 0.261s
2025-05-14 00:58:42.259 67710 INFO tempest.lib.common.rest_client [req-8706ddf6-3ce5-4973-be33-f9b8993f4aed req-8706ddf6-3ce5-4973-be33-f9b8993f4aed ] Request (AttachInterfacesTestJSON:test_create_list_show_delete_interfaces_by_network_port): 200 GET http://10.180.1.21/compute/v2.1/servers/69980b41-9514-4d97-aa75-ea68dd05b241 0.232s
2025-05-14 00:58:42.308 67727 INFO tempest.lib.common.rest_client [req-11fbc52a-0809-4896-aa1e-a5938b179a55 req-11fbc52a-0809-4896-aa1e-a5938b179a55 ] Request (VolumesAdminNegativeTest:test_update_attached_volume_with_nonexistent_volume_in_body): 200 GET http://10.180.1.21/compute/v2.1/servers/f42f9cc0-c33a-4bdc-b16c-8dec61896b27 0.272s
2025-05-14 00:58:42.343 67720 INFO tempest.lib.common.rest_client [req-1b2bfff9-45b4-4c5e-b3ac-42b2efbe7efa req-1b2bfff9-45b4-4c5e-b3ac-42b2efbe7efa ] Request (ServerDiagnosticsTest:test_get_server_diagnostics): 200 GET http://10.180.1.21/compute/v2.1/servers/4a086288-b773-40aa-b39a-e3f3b9784a05 0.351s
2025-05-14 00:58:42.361 67718 INFO tempest.lib.common.rest_client [req-e31d9166-4f85-401c-99f3-152d4f34ee5b req-e31d9166-4f85-401c-99f3-152d4f34ee5b ] Request (ServerShowV247Test:test_update_rebuild_list_server): 200 GET http://10.180.1.21/compute/v2.1/servers/8ddc70e6-ec6f-4740-8109-6ba2c5d00536 0.274s
2025-05-14 00:58:42.400 67714 INFO tempest.lib.common.rest_client [req-b26d20f4-c2dc-4328-9fef-bf7d309aeda8 req-b26d20f4-c2dc-4328-9fef-bf7d309aeda8 ] Request (ServerTagsTestJSON:setUpClass): 200 GET http://10.180.1.21/compute/v2.1/servers/907dfc72-e766-4a24-a4e7-df762db37824 0.291s
2025-05-14 00:58:42.414 67694 INFO tempest.lib.common.rest_client [req-70bee5eb-9234-468d-8d80-1ad85d78ea49 req-70bee5eb-9234-468d-8d80-1ad85d78ea49 ] Request (ServerDiagnosticsV248Test:test_get_server_diagnostics): 200 GET http://10.180.1.21/compute/v2.1/servers/8b43a9a6-b28c-43ed-9f83-02424f73dc3c 0.257s
2025-05-14 00:58:42.467 67678 INFO tempest.lib.common.rest_client [req-95a4e8d8-5d54-4089-92c2-19166a43900b req-95a4e8d8-5d54-4089-92c2-19166a43900b ] Request (ServersTestManualDisk:setUpClass): 200 GET http://10.180.1.21/compute/v2.1/servers/4dce8f09-ce7e-419c-90b4-48ee54d8c604 0.244s
2025-05-14 00:58:42.514 67676 INFO tempest.lib.common.rest_client [req-f455f2db-8184-4de1-b49d-ae2d2c2ca3df req-f455f2db-8184-4de1-b49d-ae2d2c2ca3df ] Request (ServerAddressesNegativeTestJSON:setUpClass): 200 GET http://10.180.1.21/compute/v2.1/servers/87ef9733-e8d6-429e-b23f-8b8aadef784c 0.243s
2025-05-14 00:58:42.546 67712 INFO tempest.lib.common.rest_client [req-b9980bb1-563d-4284-be39-63f698196bc3 req-b9980bb1-563d-4284-be39-63f698196bc3 ] Request (TenantUsagesTestJSON:setUpClass): 200 GET http://10.180.1.21/compute/v2.1/servers/a51d9480-1aa1-48c9-a05c-943589d6a224 0.373s
2025-05-14 00:58:42.563 67732 INFO tempest.lib.common.rest_client [req-b7bd0f73-6eb2-41bc-bc72-5d1263506ae4 req-b7bd0f73-6eb2-41bc-bc72-5d1263506ae4 ] Request (ServerMetadataNegativeTestJSON:setUpClass): 200 GET http://10.180.1.21/compute/v2.1/servers/65422c06-b1cf-4868-8f38-391b08038fc9 0.262s
2025-05-14 00:58:42.604 67708 INFO tempest.lib.common.rest_client [req-a66a134e-394e-4da4-b545-73c28992a465 req-a66a134e-394e-4da4-b545-73c28992a465 ] Request (ServerDiskConfigTestJSON:test_resize_server_from_auto_to_manual): 200 GET http://10.180.1.21/compute/v2.1/servers/49292f00-1457-438b-b5b7-2ac35dd464d2 0.280s
2025-05-14 00:58:42.616 67686 INFO tempest.lib.common.rest_client [req-ee58537e-81f3-4de1-8353-063f87c90e0a req-ee58537e-81f3-4de1-8353-063f87c90e0a ] Request (ServerActionsTestOtherA:setUpClass): 200 GET http://10.180.1.21/compute/v2.1/servers/c372287f-35e3-402a-9841-6f55ea471d3d 0.259s
2025-05-14 00:58:42.661 67722 INFO tempest.lib.common.rest_client [req-b173272b-3dc2-42b2-8406-6e886ba54343 req-b173272b-3dc2-42b2-8406-6e886ba54343 ] Request (ServerRescueNegativeTestJSON:setUpClass): 200 GET http://10.180.1.21/compute/v2.1/servers/a9aaa31c-5228-4210-b3c0-ca8c5a8c6213 0.258s
2025-05-14 00:58:42.669 67735 INFO tempest.lib.common.rest_client [req-d9c0d1a3-24d3-474a-9e37-b72aaec87015 req-d9c0d1a3-24d3-474a-9e37-b72aaec87015 ] Request (ServersV294TestFqdnHostnames:setUpClass): 200 GET http://10.180.1.21/compute/v2.1/servers/662bb470-e6ed-4a37-bb23-74a0a36dff0c 0.211s
2025-05-14 00:58:42.716 67684 INFO tempest.lib.common.rest_client [req-866513a1-8938-4e92-b0d0-43d7493ae344 req-866513a1-8938-4e92-b0d0-43d7493ae344 ] Request (ServerPasswordTestJSON:setUpClass): 200 GET http://10.180.1.21/compute/v2.1/servers/2f050e13-5621-4dda-ade1-cfbef017e57e 0.138s
2025-05-14 00:58:42.760 67700 INFO tempest.lib.common.rest_client [req-7cfa7630-efc7-4852-8cdd-ef99b99380a8 req-7cfa7630-efc7-4852-8cdd-ef99b99380a8 ] Request (ServerActionsTestJSON:setUpClass): 200 GET http://10.180.1.21/compute/v2.1/servers/a073c7a9-d7ee-4d9e-be23-4345ed5f9047 0.144s
2025-05-14 00:58:42.770 67682 INFO tempest.lib.common.rest_client [req-002bd476-1846-4475-8e64-870cdb0d6b9f req-002bd476-1846-4475-8e64-870cdb0d6b9f ] Request (ServerShowV254Test:test_rebuild_server): 200 GET http://10.180.1.21/compute/v2.1/servers/2de2d5d9-2644-408a-8957-2c169b2793ce 0.128s
2025-05-14 00:58:42.807 67690 INFO tempest.lib.common.rest_client [req-8c5661c5-006f-472d-8bbc-b22e4a1fe922 req-8c5661c5-006f-472d-8bbc-b22e4a1fe922 ] Request (DeleteServersAdminTestJSON:test_delete_server_while_in_error_state): 200 GET http://10.180.1.21/compute/v2.1/servers/25cc189a-383b-450c-810d-85ea2b48fdca 0.145s
2025-05-14 00:58:42.825 67730 INFO tempest.lib.common.rest_client [req-bddb07e4-55fe-4930-8963-ff9abae272cc req-bddb07e4-55fe-4930-8963-ff9abae272cc ] Request (DeleteServersTestJSON:test_delete_server_while_in_shelved_state): 200 GET http://10.180.1.21/compute/v2.1/servers/2a6c8de3-8974-4533-a474-c4242fd735c6 0.116s
2025-05-14 00:58:42.906 67702 INFO tempest.lib.common.rest_client [req-bced1d55-87cf-4e86-9ec8-1c1bca4ce8db req-bced1d55-87cf-4e86-9ec8-1c1bca4ce8db ] Request (ListServerFiltersTestJSON:setUpClass): 200 GET http://10.180.1.21/compute/v2.1/servers/2de499d5-2eb3-4138-8c6b-41fb94ff27eb 0.159s
2025-05-14 00:58:42.993 67674 INFO tempest.lib.common.rest_client [req-d2804a53-6429-4b44-b27a-8d615f26b917 req-d2804a53-6429-4b44-b27a-8d615f26b917 ] Request (MigrationsAdminTest:test_list_migrations_in_flavor_resize_situation): 200 GET http://10.180.1.21/compute/v2.1/servers/5d61c322-6a7d-4991-8cc4-6dcb1be74256 0.134s
2025-05-14 00:58:43.035 67680 INFO tempest.lib.common.rest_client [req-00afbc0d-d795-4762-9b8a-7a32197826d4 req-00afbc0d-d795-4762-9b8a-7a32197826d4 ] Request (ServerRescueTestJSONUnderV235:setUpClass): 200 GET http://10.180.1.21/compute/v2.1/servers/e976fd9e-95a3-4564-9bd6-08ee3f15a188 0.053s
2025-05-14 00:58:43.194 67692 INFO tempest.lib.common.rest_client [req-d0c19c4a-a0f6-49d4-b076-ebdf15b07357 req-d0c19c4a-a0f6-49d4-b076-ebdf15b07357 ] Request (ServersAdminNegativeTestJSON:setUpClass): 200 GET http://10.180.1.21/compute/v2.1/servers/c847f4cb-1914-497b-8d63-5b99a237e5e6 0.126s
2025-05-14 00:58:43.246 67697 INFO tempest.lib.common.rest_client [req-bbb4595d-6dc6-4fcc-a237-f1245a0d981f req-bbb4595d-6dc6-4fcc-a237-f1245a0d981f ] Request (ServerActionsV293TestJSON:setUpClass): 200 GET http://10.180.1.21/compute/v2.1/servers/1000d79b-b491-4071-8ab0-aac90dac6b51 0.133s
2025-05-14 00:58:43.293 67704 INFO tempest.lib.common.rest_client [req-d17560d1-00f2-473b-af53-1fa610102097 req-d17560d1-00f2-473b-af53-1fa610102097 ] Request (MultipleCreateTestJSON:test_multiple_create_with_reservation_return): 200 GET http://10.180.1.21/compute/v2.1/servers/4c9dbddd-4c74-4ee0-a1be-e7a5c7cfc344 0.179s
2025-05-14 00:58:43.333 67736 INFO tempest.lib.common.rest_client [req-d2cc01a6-4523-4eec-ab45-d62b81b403a9 req-d2cc01a6-4523-4eec-ab45-d62b81b403a9 ] Request (SecurityGroupsTestJSON:tearDownClass): 200 PUT http://10.180.1.21:9696/networking/v2.0/routers/8d6a6f23-d9d9-4a55-a267-3db4f4741e71/remove_router_interface 1.120s
2025-05-14 00:58:43.338 67724 INFO tempest.lib.common.rest_client [req-08858ab5-f5cf-4067-adf0-fb7a2625751a req-08858ab5-f5cf-4067-adf0-fb7a2625751a ] Request (ServersNegativeTestJSON:setUpClass): 200 GET http://10.180.1.21/compute/v2.1/servers/4a1a791f-36f3-48af-9792-4a9eaeba26c9 0.173s
2025-05-14 00:58:43.357 67699 INFO tempest.lib.common.rest_client [req-8cd99ce1-ceab-4d12-88cf-52197136ba5a req-8cd99ce1-ceab-4d12-88cf-52197136ba5a ] Request (ServerExternalEventsTest:test_create_server_external_events): 200 GET http://10.180.1.21/compute/v2.1/servers/379f5a6d-d6d4-434a-b401-1b027434e6fd 0.304s
2025-05-14 00:58:43.394 67728 INFO tempest.lib.common.rest_client [req-ec93c219-15f2-47fe-9108-d9e267bac748 req-ec93c219-15f2-47fe-9108-d9e267bac748 ] Request (ImagesOneServerNegativeTestJSON:setUpClass): 200 GET http://10.180.1.21/compute/v2.1/servers/cbe3ecc4-3c5b-4749-a21c-c0376583c4aa 0.182s
2025-05-14 00:58:43.409 67710 INFO tempest.lib.common.rest_client [req-4316a4c9-6b3f-402d-a059-1917f2e40cac req-4316a4c9-6b3f-402d-a059-1917f2e40cac ] Request (AttachInterfacesTestJSON:test_create_list_show_delete_interfaces_by_network_port): 200 GET http://10.180.1.21/compute/v2.1/servers/69980b41-9514-4d97-aa75-ea68dd05b241 0.143s
2025-05-14 00:58:43.451 67727 INFO tempest.lib.common.rest_client [req-ab2ca56d-e1ff-40aa-aaf6-1e049d2fc8d8 req-ab2ca56d-e1ff-40aa-aaf6-1e049d2fc8d8 ] Request (VolumesAdminNegativeTest:test_update_attached_volume_with_nonexistent_volume_in_body): 200 GET http://10.180.1.21/compute/v2.1/servers/f42f9cc0-c33a-4bdc-b16c-8dec61896b27 0.137s
2025-05-14 00:58:43.493 67720 INFO tempest.lib.common.rest_client [req-2c735b4d-c200-4c7c-869b-d4046663ed65 req-2c735b4d-c200-4c7c-869b-d4046663ed65 ] Request (ServerDiagnosticsTest:test_get_server_diagnostics): 200 GET http://10.180.1.21/compute/v2.1/servers/4a086288-b773-40aa-b39a-e3f3b9784a05 0.142s
2025-05-14 00:58:43.504 67718 INFO tempest.lib.common.rest_client [req-9a75db56-81fe-42f4-b20c-62d5541e38c9 req-9a75db56-81fe-42f4-b20c-62d5541e38c9 ] Request (ServerShowV247Test:test_update_rebuild_list_server): 200 GET http://10.180.1.21/compute/v2.1/servers/8ddc70e6-ec6f-4740-8109-6ba2c5d00536 0.134s
2025-05-14 00:58:43.555 67714 INFO tempest.lib.common.rest_client [req-11ba33f5-d01f-49e9-a262-bef5facef92e req-11ba33f5-d01f-49e9-a262-bef5facef92e ] Request (ServerTagsTestJSON:setUpClass): 200 GET http://10.180.1.21/compute/v2.1/servers/907dfc72-e766-4a24-a4e7-df762db37824 0.148s
2025-05-14 00:58:43.562 67694 INFO tempest.lib.common.rest_client [req-3dadf2cf-90aa-40b9-b6d1-c862202825cd req-3dadf2cf-90aa-40b9-b6d1-c862202825cd ] Request (ServerDiagnosticsV248Test:test_get_server_diagnostics): 200 GET http://10.180.1.21/compute/v2.1/servers/8b43a9a6-b28c-43ed-9f83-02424f73dc3c 0.142s
2025-05-14 00:58:43.609 67678 INFO tempest.lib.common.rest_client [req-5fdbe85f-9bea-4f53-b19b-399eaa42481b req-5fdbe85f-9bea-4f53-b19b-399eaa42481b ] Request (ServersTestManualDisk:setUpClass): 200 GET http://10.180.1.21/compute/v2.1/servers/4dce8f09-ce7e-419c-90b4-48ee54d8c604 0.135s
2025-05-14 00:58:43.614 67676 INFO tempest.lib.common.rest_client [req-81cbc383-fd8c-4150-9ac8-aa110357bc16 req-81cbc383-fd8c-4150-9ac8-aa110357bc16 ] Request (ServerAddressesNegativeTestJSON:setUpClass): 200 GET http://10.180.1.21/compute/v2.1/servers/87ef9733-e8d6-429e-b23f-8b8aadef784c 0.093s
2025-05-14 00:58:43.673 67732 INFO tempest.lib.common.rest_client [req-556627ab-0626-4a40-aa92-5f6587a4b3e7 req-556627ab-0626-4a40-aa92-5f6587a4b3e7 ] Request (ServerMetadataNegativeTestJSON:setUpClass): 200 GET http://10.180.1.21/compute/v2.1/servers/65422c06-b1cf-4868-8f38-391b08038fc9 0.099s
2025-05-14 00:58:43.710 67712 INFO tempest.lib.common.rest_client [req-26b8651f-422a-4ce3-b1d1-e86c900e8956 req-26b8651f-422a-4ce3-b1d1-e86c900e8956 ] Request (TenantUsagesTestJSON:setUpClass): 200 GET http://10.180.1.21/compute/v2.1/servers/a51d9480-1aa1-48c9-a05c-943589d6a224 0.156s
2025-05-14 00:58:43.735 67708 INFO tempest.lib.common.rest_client [req-b758f149-786b-4329-b836-6ab8411cfe3d req-b758f149-786b-4329-b836-6ab8411cfe3d ] Request (ServerDiskConfigTestJSON:test_resize_server_from_auto_to_manual): 200 GET http://10.180.1.21/compute/v2.1/servers/49292f00-1457-438b-b5b7-2ac35dd464d2 0.119s
2025-05-14 00:58:43.761 67686 INFO tempest.lib.common.rest_client [req-3c571c7c-694e-4f2e-a8c7-3b6cc3cb9e2a req-3c571c7c-694e-4f2e-a8c7-3b6cc3cb9e2a ] Request (ServerActionsTestOtherA:setUpClass): 200 GET http://10.180.1.21/compute/v2.1/servers/c372287f-35e3-402a-9841-6f55ea471d3d 0.138s
2025-05-14 00:58:43.797 67722 INFO tempest.lib.common.rest_client [req-24a36609-78b5-4221-9ef9-e3207bf996cd req-24a36609-78b5-4221-9ef9-e3207bf996cd ] Request (ServerRescueNegativeTestJSON:setUpClass): 200 GET http://10.180.1.21/compute/v2.1/servers/a9aaa31c-5228-4210-b3c0-ca8c5a8c6213 0.129s
2025-05-14 00:58:43.812 67735 INFO tempest.lib.common.rest_client [req-ddcd6c78-bdbe-4459-b630-a7805d3455ae req-ddcd6c78-bdbe-4459-b630-a7805d3455ae ] Request (ServersV294TestFqdnHostnames:setUpClass): 200 GET http://10.180.1.21/compute/v2.1/servers/662bb470-e6ed-4a37-bb23-74a0a36dff0c 0.133s
2025-05-14 00:58:43.816 67736 INFO tempest.lib.common.rest_client [req-d1720270-6e6a-4cb5-9a4c-da8f699720b4 req-d1720270-6e6a-4cb5-9a4c-da8f699720b4 ] Request (SecurityGroupsTestJSON:tearDownClass): 204 DELETE http://10.180.1.21:9696/networking/v2.0/routers/8d6a6f23-d9d9-4a55-a267-3db4f4741e71 0.483s
2025-05-14 00:58:43.853 67684 INFO tempest.lib.common.rest_client [req-4b81431c-8ee3-43e4-b4f6-d493be7491b9 req-4b81431c-8ee3-43e4-b4f6-d493be7491b9 ] Request (ServerPasswordTestJSON:setUpClass): 200 GET http://10.180.1.21/compute/v2.1/servers/2f050e13-5621-4dda-ade1-cfbef017e57e 0.132s
2025-05-14 00:58:43.904 67700 INFO tempest.lib.common.rest_client [req-52f443c9-3ecf-41ec-8a98-1f708bab9a54 req-52f443c9-3ecf-41ec-8a98-1f708bab9a54 ] Request (ServerActionsTestJSON:setUpClass): 200 GET http://10.180.1.21/compute/v2.1/servers/a073c7a9-d7ee-4d9e-be23-4345ed5f9047 0.138s
2025-05-14 00:58:43.908 67682 INFO tempest.lib.common.rest_client [req-cc8c09c9-ee27-48f8-b797-36e27ffc7783 req-cc8c09c9-ee27-48f8-b797-36e27ffc7783 ] Request (ServerShowV254Test:test_rebuild_server): 200 GET http://10.180.1.21/compute/v2.1/servers/2de2d5d9-2644-408a-8957-2c169b2793ce 0.130s
2025-05-14 00:58:43.952 67690 INFO tempest.lib.common.rest_client [req-ea54445d-105d-46ee-8c05-b86fca6f1a12 req-ea54445d-105d-46ee-8c05-b86fca6f1a12 ] Request (DeleteServersAdminTestJSON:test_delete_server_while_in_error_state): 200 GET http://10.180.1.21/compute/v2.1/servers/25cc189a-383b-450c-810d-85ea2b48fdca 0.138s
2025-05-14 00:58:43.962 67730 INFO tempest.lib.common.rest_client [req-297fd24f-39ad-4514-bbda-7c05295d1b66 req-297fd24f-39ad-4514-bbda-7c05295d1b66 ] Request (DeleteServersTestJSON:test_delete_server_while_in_shelved_state): 200 GET http://10.180.1.21/compute/v2.1/servers/2a6c8de3-8974-4533-a474-c4242fd735c6 0.128s
2025-05-14 00:58:43.980 67736 INFO tempest.lib.common.rest_client [req-1965fd81-af98-4837-91bd-96098d3d40db req-1965fd81-af98-4837-91bd-96098d3d40db ] Request (SecurityGroupsTestJSON:tearDownClass): 204 DELETE http://10.180.1.21:9696/networking/v2.0/subnets/cf968020-f3c8-468c-99bc-5ce39ad3cb39 0.163s
2025-05-14 00:58:44.089 67674 INFO tempest.lib.common.rest_client [req-f7ca78ca-026b-4597-9b8b-9a3f9a5c28d2 req-f7ca78ca-026b-4597-9b8b-9a3f9a5c28d2 ] Request (MigrationsAdminTest:test_list_migrations_in_flavor_resize_situation): 200 GET http://10.180.1.21/compute/v2.1/servers/5d61c322-6a7d-4991-8cc4-6dcb1be74256 0.090s
2025-05-14 00:58:44.131 67702 INFO tempest.lib.common.rest_client [req-cf222ffb-aa76-4138-83ae-05de012aeb64 req-cf222ffb-aa76-4138-83ae-05de012aeb64 ] Request (ListServerFiltersTestJSON:setUpClass): 200 GET http://10.180.1.21/compute/v2.1/servers/2de499d5-2eb3-4138-8c6b-41fb94ff27eb 0.218s
2025-05-14 00:58:44.141 67680 INFO tempest.lib.common.rest_client [req-5e6ee6ad-2aa4-45d8-b4e4-bd9e168c002b req-5e6ee6ad-2aa4-45d8-b4e4-bd9e168c002b ] Request (ServerRescueTestJSONUnderV235:setUpClass): 200 GET http://10.180.1.21/compute/v2.1/servers/e976fd9e-95a3-4564-9bd6-08ee3f15a188 0.100s
2025-05-14 00:58:44.304 67697 INFO tempest.lib.common.rest_client [req-018d65c3-6072-499a-bd14-8f44e9170616 req-018d65c3-6072-499a-bd14-8f44e9170616 ] Request (ServerActionsV293TestJSON:setUpClass): 200 GET http://10.180.1.21/compute/v2.1/servers/1000d79b-b491-4071-8ab0-aac90dac6b51 0.051s
2025-05-14 00:58:44.315 67692 INFO tempest.lib.common.rest_client [req-11f32717-f26a-4b81-a0c2-1a9592e03c15 req-11f32717-f26a-4b81-a0c2-1a9592e03c15 ] Request (ServersAdminNegativeTestJSON:setUpClass): 200 GET http://10.180.1.21/compute/v2.1/servers/c847f4cb-1914-497b-8d63-5b99a237e5e6 0.114s
2025-05-14 00:58:44.351 67704 INFO tempest.lib.common.rest_client [req-118b465e-5ff0-45ac-a471-59bd71118bfa req-118b465e-5ff0-45ac-a471-59bd71118bfa ] Request (MultipleCreateTestJSON:test_multiple_create_with_reservation_return): 200 GET http://10.180.1.21/compute/v2.1/servers/4c9dbddd-4c74-4ee0-a1be-e7a5c7cfc344 0.051s
2025-05-14 00:58:44.357 67736 INFO tempest.lib.common.rest_client [req-bb122dfe-cb1f-4667-9415-21ecd39fc4f2 req-bb122dfe-cb1f-4667-9415-21ecd39fc4f2 ] Request (SecurityGroupsTestJSON:tearDownClass): 204 DELETE http://10.180.1.21:9696/networking/v2.0/networks/1611b696-31f1-45bd-96c1-810fb480f3c1 0.377s
2025-05-14 00:58:44.393 67724 INFO tempest.lib.common.rest_client [req-455a1b77-1471-407f-afbe-72453deeff8f req-455a1b77-1471-407f-afbe-72453deeff8f ] Request (ServersNegativeTestJSON:setUpClass): 200 GET http://10.180.1.21/compute/v2.1/servers/4a1a791f-36f3-48af-9792-4a9eaeba26c9 0.048s
