2025-05-14 00:58:03.204 67684 INFO tempest.lib.common.rest_client [req-d0831293-e196-44ab-9b02-4115cf958637 req-d0831293-e196-44ab-9b02-4115cf958637 ] Request (ServerPasswordTestJSON:setUpClass): 200 GET http://10.180.1.21/compute/v2.1/servers/2f050e13-5621-4dda-ade1-cfbef017e57e 0.088s
2025-05-14 00:58:03.227 67722 INFO tempest.lib.common.rest_client [req-6807ec2c-5183-499c-8828-ee01999327b4 req-6807ec2c-5183-499c-8828-ee01999327b4 ] Request (ServerRescueNegativeTestJSON:setUpClass): 200 GET http://10.180.1.21/compute/v2.1/servers/a9aaa31c-5228-4210-b3c0-ca8c5a8c6213 0.064s
2025-05-14 00:58:03.302 67682 INFO tempest.lib.common.rest_client [req-9b85c21b-be61-4323-a052-a6112392d891 req-9b85c21b-be61-4323-a052-a6112392d891 ] Request (ServerShowV254Test:test_rebuild_server): 200 GET http://10.180.1.21/compute/v2.1/servers/2de2d5d9-2644-408a-8957-2c169b2793ce 0.054s
2025-05-14 00:58:03.326 67727 INFO tempest.lib.common.rest_client [req-71de0f6c-c8e6-4aba-922c-688a76a81413 req-71de0f6c-c8e6-4aba-922c-688a76a81413 ] Request (VolumesAdminNegativeTest:test_update_attached_volume_with_nonexistent_volume_in_body): 200 GET http://10.180.1.21/compute/v2.1/servers/f42f9cc0-c33a-4bdc-b16c-8dec61896b27 0.046s
2025-05-14 00:58:03.367 67690 INFO tempest.lib.common.rest_client [req-3a565884-05d7-423e-bdb2-d139f4844caa req-3a565884-05d7-423e-bdb2-d139f4844caa ] Request (DeleteServersAdminTestJSON:test_delete_server_while_in_error_state): 200 GET http://10.180.1.21/compute/v2.1/servers/25cc189a-383b-450c-810d-85ea2b48fdca 0.044s
2025-05-14 00:58:03.413 67730 INFO tempest.lib.common.rest_client [req-0f826f71-f553-4607-979c-7d6b0e76a9ce req-0f826f71-f553-4607-979c-7d6b0e76a9ce ] Request (DeleteServersTestJSON:test_delete_server_while_in_shelved_state): 200 GET http://10.180.1.21/compute/v2.1/servers/2a6c8de3-8974-4533-a474-c4242fd735c6 0.047s
2025-05-14 00:58:03.451 67736 INFO tempest.lib.common.rest_client [req-3233650f-dd2b-419d-834e-62fadb61e98a req-3233650f-dd2b-419d-834e-62fadb61e98a ] Request (ServerDiagnosticsNegativeTest:test_get_server_diagnostics_by_non_admin): 200 GET http://10.180.1.21/compute/v2.1/servers/1e482ed7-9c9f-4713-abde-291417686a78 0.083s
2025-05-14 00:58:03.518 67697 INFO tempest.lib.common.rest_client [req-da72e92a-0063-44f5-b474-94edbd4f3cc7 req-da72e92a-0063-44f5-b474-94edbd4f3cc7 ] Request (ServerActionsV293TestJSON:setUpClass): 200 GET http://10.180.1.21/compute/v2.1/servers/1000d79b-b491-4071-8ab0-aac90dac6b51 0.052s
2025-05-14 00:58:03.549 67724 INFO tempest.lib.common.rest_client [req-46ff9808-488e-4b5c-b316-d9104e74fffe req-46ff9808-488e-4b5c-b316-d9104e74fffe ] Request (ServersNegativeTestJSON:setUpClass): 200 GET http://10.180.1.21/compute/v2.1/servers/4a1a791f-36f3-48af-9792-4a9eaeba26c9 0.047s
2025-05-14 00:58:03.593 67680 INFO tempest.lib.common.rest_client [req-a8700296-0c83-4b24-934d-9463794eb47d req-a8700296-0c83-4b24-934d-9463794eb47d ] Request (ServerRescueTestJSONUnderV235:setUpClass): 200 GET http://10.180.1.21/compute/v2.1/servers/e976fd9e-95a3-4564-9bd6-08ee3f15a188 0.046s
2025-05-14 00:58:03.634 67692 INFO tempest.lib.common.rest_client [req-95defc30-4ffd-4acc-a116-17d0372d5f22 req-95defc30-4ffd-4acc-a116-17d0372d5f22 ] Request (ServersAdminNegativeTestJSON:setUpClass): 200 GET http://10.180.1.21/compute/v2.1/servers/c847f4cb-1914-497b-8d63-5b99a237e5e6 0.085s
2025-05-14 00:58:03.642 67704 INFO tempest.lib.common.rest_client [req-5c68f29d-d840-4b99-9fc9-956c77ba063d req-5c68f29d-d840-4b99-9fc9-956c77ba063d ] Request (MultipleCreateTestJSON:test_multiple_create_with_reservation_return): 200 GET http://10.180.1.21/compute/v2.1/servers/4c9dbddd-4c74-4ee0-a1be-e7a5c7cfc344 0.048s
2025-05-14 00:58:03.690 67728 INFO tempest.lib.common.rest_client [req-4dc1ea6c-fbbc-414f-a432-5a645b5f618b req-4dc1ea6c-fbbc-414f-a432-5a645b5f618b ] Request (ImagesOneServerNegativeTestJSON:setUpClass): 200 GET http://10.180.1.21/compute/v2.1/servers/cbe3ecc4-3c5b-4749-a21c-c0376583c4aa 0.052s
2025-05-14 00:58:03.727 67720 INFO tempest.lib.common.rest_client [req-0b9bd236-fd70-4b12-84d2-2e52bf156e16 req-0b9bd236-fd70-4b12-84d2-2e52bf156e16 ] Request (ServerDiagnosticsTest:test_get_server_diagnostics): 200 GET http://10.180.1.21/compute/v2.1/servers/4a086288-b773-40aa-b39a-e3f3b9784a05 0.093s
2025-05-14 00:58:03.734 67710 INFO tempest.lib.common.rest_client [req-6c5b4169-fb12-488f-bdfe-7b7b4733cd8a req-6c5b4169-fb12-488f-bdfe-7b7b4733cd8a ] Request (AttachInterfacesTestJSON:test_create_list_show_delete_interfaces_by_network_port): 200 GET http://10.180.1.21/compute/v2.1/servers/69980b41-9514-4d97-aa75-ea68dd05b241 0.056s
2025-05-14 00:58:03.784 67732 INFO tempest.lib.common.rest_client [req-82a959f0-644b-47b8-9e6e-2feeb7666dae req-82a959f0-644b-47b8-9e6e-2feeb7666dae ] Request (ServerMetadataNegativeTestJSON:setUpClass): 200 GET http://10.180.1.21/compute/v2.1/servers/65422c06-b1cf-4868-8f38-391b08038fc9 0.044s
2025-05-14 00:58:03.813 67699 INFO tempest.lib.common.rest_client [req-d8a3aaec-10f2-482b-950a-4ef7d7672372 req-d8a3aaec-10f2-482b-950a-4ef7d7672372 ] Request (ServerExternalEventsTest:test_create_server_external_events): 200 GET http://10.180.1.21/compute/v2.1/servers/379f5a6d-d6d4-434a-b401-1b027434e6fd 0.091s
2025-05-14 00:58:03.880 67714 INFO tempest.lib.common.rest_client [req-982cf664-ef22-4997-af41-353356d69d9e req-982cf664-ef22-4997-af41-353356d69d9e ] Request (ServerTagsTestJSON:setUpClass): 200 GET http://10.180.1.21/compute/v2.1/servers/907dfc72-e766-4a24-a4e7-df762db37824 0.048s
2025-05-14 00:58:03.927 67718 INFO tempest.lib.common.rest_client [req-3ba58ed6-1c13-4c29-9d4e-f2331c546ad2 req-3ba58ed6-1c13-4c29-9d4e-f2331c546ad2 ] Request (ServerShowV247Test:test_update_rebuild_list_server): 200 GET http://10.180.1.21/compute/v2.1/servers/8ddc70e6-ec6f-4740-8109-6ba2c5d00536 0.060s
2025-05-14 00:58:03.936 67712 INFO tempest.lib.common.rest_client [req-8e46cca4-0a38-4623-845d-957397a54989 req-8e46cca4-0a38-4623-845d-957397a54989 ] Request (TenantUsagesTestJSON:setUpClass): 200 GET http://10.180.1.21/compute/v2.1/servers/a51d9480-1aa1-48c9-a05c-943589d6a224 0.130s
2025-05-14 00:58:03.975 67694 INFO tempest.lib.common.rest_client [req-b6c7f8ff-6f33-4df2-96f2-d315bc6e9328 req-b6c7f8ff-6f33-4df2-96f2-d315bc6e9328 ] Request (ServerDiagnosticsV248Test:test_get_server_diagnostics): 200 GET http://10.180.1.21/compute/v2.1/servers/8b43a9a6-b28c-43ed-9f83-02424f73dc3c 0.051s
2025-05-14 00:58:04.009 67678 INFO tempest.lib.common.rest_client [req-e4142f85-98aa-4933-b859-07ad80c205c3 req-e4142f85-98aa-4933-b859-07ad80c205c3 ] Request (ServersTestManualDisk:setUpClass): 200 GET http://10.180.1.21/compute/v2.1/servers/4dce8f09-ce7e-419c-90b4-48ee54d8c604 0.047s
2025-05-14 00:58:04.055 67676 INFO tempest.lib.common.rest_client [req-a9fca8c7-b186-4caf-9469-50aaaf04593c req-a9fca8c7-b186-4caf-9469-50aaaf04593c ] Request (ServerAddressesNegativeTestJSON:setUpClass): 200 GET http://10.180.1.21/compute/v2.1/servers/87ef9733-e8d6-429e-b23f-8b8aadef784c 0.048s
2025-05-14 00:58:04.097 67702 INFO tempest.lib.common.rest_client [req-c47a00c9-3868-4591-bb2f-f90ddde2492e req-c47a00c9-3868-4591-bb2f-f90ddde2492e ] Request (ListServerFiltersTestJSON:setUpClass): 200 GET http://10.180.1.21/compute/v2.1/servers/2de499d5-2eb3-4138-8c6b-41fb94ff27eb 0.044s
2025-05-14 00:58:04.142 67686 INFO tempest.lib.common.rest_client [req-7fa3f9ac-b12a-43d5-9f59-b3b342b2c6e2 req-7fa3f9ac-b12a-43d5-9f59-b3b342b2c6e2 ] Request (ServerActionsTestOtherA:setUpClass): 200 GET http://10.180.1.21/compute/v2.1/servers/c372287f-35e3-402a-9841-6f55ea471d3d 0.046s
2025-05-14 00:58:04.171 67700 INFO tempest.lib.common.rest_client [req-65162e4a-507b-4300-b74a-7d8ebf676540 req-65162e4a-507b-4300-b74a-7d8ebf676540 ] Request (ServerActionsTestJSON:setUpClass): 200 GET http://10.180.1.21/compute/v2.1/servers/a073c7a9-d7ee-4d9e-be23-4345ed5f9047 0.125s
2025-05-14 00:58:04.186 67708 INFO tempest.lib.common.rest_client [req-16c60ed4-f6f3-41ff-995f-e11dbc6b7a08 req-16c60ed4-f6f3-41ff-995f-e11dbc6b7a08 ] Request (ServerDiskConfigTestJSON:test_resize_server_from_auto_to_manual): 200 GET http://10.180.1.21/compute/v2.1/servers/49292f00-1457-438b-b5b7-2ac35dd464d2 0.046s
2025-05-14 00:58:04.244 67735 INFO tempest.lib.common.rest_client [req-fbb9b79e-e4d2-4433-ae71-9303cfe115b1 req-fbb9b79e-e4d2-4433-ae71-9303cfe115b1 ] Request (ServersV294TestFqdnHostnames:setUpClass): 200 GET http://10.180.1.21/compute/v2.1/servers/662bb470-e6ed-4a37-bb23-74a0a36dff0c 0.054s
2025-05-14 00:58:04.254 67674 INFO tempest.lib.common.rest_client [req-e972104d-2cca-41d2-bb7b-87434c429568 req-e972104d-2cca-41d2-bb7b-87434c429568 ] Request (MigrationsAdminTest:test_list_migrations_in_flavor_resize_situation): 200 GET http://10.180.1.21/compute/v2.1/servers/5d61c322-6a7d-4991-8cc4-6dcb1be74256 0.087s
2025-05-14 00:58:04.288 67684 INFO tempest.lib.common.rest_client [req-4abead9b-a6d7-48bf-9b05-5112dcab607f req-4abead9b-a6d7-48bf-9b05-5112dcab607f ] Request (ServerPasswordTestJSON:setUpClass): 200 GET http://10.180.1.21/compute/v2.1/servers/2f050e13-5621-4dda-ade1-cfbef017e57e 0.077s
2025-05-14 00:58:04.298 67722 INFO tempest.lib.common.rest_client [req-4e3138b9-5e3b-4fc7-9a05-3f595ce06b12 req-4e3138b9-5e3b-4fc7-9a05-3f595ce06b12 ] Request (ServerRescueNegativeTestJSON:setUpClass): 200 GET http://10.180.1.21/compute/v2.1/servers/a9aaa31c-5228-4210-b3c0-ca8c5a8c6213 0.064s
2025-05-14 00:58:04.357 67682 INFO tempest.lib.common.rest_client [req-34f2bcc1-3bc4-4731-b8bd-b6c0f90e7b62 req-34f2bcc1-3bc4-4731-b8bd-b6c0f90e7b62 ] Request (ServerShowV254Test:test_rebuild_server): 200 GET http://10.180.1.21/compute/v2.1/servers/2de2d5d9-2644-408a-8957-2c169b2793ce 0.048s
2025-05-14 00:58:04.381 67727 INFO tempest.lib.common.rest_client [req-a4a76e17-1e05-4c0d-8521-4c8b8d5f0fb4 req-a4a76e17-1e05-4c0d-8521-4c8b8d5f0fb4 ] Request (VolumesAdminNegativeTest:test_update_attached_volume_with_nonexistent_volume_in_body): 200 GET http://10.180.1.21/compute/v2.1/servers/f42f9cc0-c33a-4bdc-b16c-8dec61896b27 0.049s
2025-05-14 00:58:04.418 67690 INFO tempest.lib.common.rest_client [req-f75cd175-38a2-4fd0-8682-e813e084aec5 req-f75cd175-38a2-4fd0-8682-e813e084aec5 ] Request (DeleteServersAdminTestJSON:test_delete_server_while_in_error_state): 200 GET http://10.180.1.21/compute/v2.1/servers/25cc189a-383b-450c-810d-85ea2b48fdca 0.045s
2025-05-14 00:58:04.465 67730 INFO tempest.lib.common.rest_client [req-eb81c4a2-f070-4725-8a0c-a1733a6026db req-eb81c4a2-f070-4725-8a0c-a1733a6026db ] Request (DeleteServersTestJSON:test_delete_server_while_in_shelved_state): 200 GET http://10.180.1.21/compute/v2.1/servers/2a6c8de3-8974-4533-a474-c4242fd735c6 0.046s
2025-05-14 00:58:04.547 67736 INFO tempest.lib.common.rest_client [req-384a78f6-fb4c-406a-a25d-396284d91085 req-384a78f6-fb4c-406a-a25d-396284d91085 ] Request (ServerDiagnosticsNegativeTest:test_get_server_diagnostics_by_non_admin): 200 GET http://10.180.1.21/compute/v2.1/servers/1e482ed7-9c9f-4713-abde-291417686a78 0.089s
2025-05-14 00:58:04.578 67697 INFO tempest.lib.common.rest_client [req-703f6caa-83b0-4626-ac25-f72a658a0353 req-703f6caa-83b0-4626-ac25-f72a658a0353 ] Request (ServerActionsV293TestJSON:setUpClass): 200 GET http://10.180.1.21/compute/v2.1/servers/1000d79b-b491-4071-8ab0-aac90dac6b51 0.051s
2025-05-14 00:58:04.601 67724 INFO tempest.lib.common.rest_client [req-040e8095-0659-4b5a-9a67-7070b5a14473 req-040e8095-0659-4b5a-9a67-7070b5a14473 ] Request (ServersNegativeTestJSON:setUpClass): 200 GET http://10.180.1.21/compute/v2.1/servers/4a1a791f-36f3-48af-9792-4a9eaeba26c9 0.046s
2025-05-14 00:58:04.648 67680 INFO tempest.lib.common.rest_client [req-f3eeacf8-e25f-44c2-bd1b-1ec6a4c20889 req-f3eeacf8-e25f-44c2-bd1b-1ec6a4c20889 ] Request (ServerRescueTestJSONUnderV235:setUpClass): 200 GET http://10.180.1.21/compute/v2.1/servers/e976fd9e-95a3-4564-9bd6-08ee3f15a188 0.048s
2025-05-14 00:58:04.694 67704 INFO tempest.lib.common.rest_client [req-1f91c6ee-68ba-4090-8103-d5d6ef9e3f03 req-1f91c6ee-68ba-4090-8103-d5d6ef9e3f03 ] Request (MultipleCreateTestJSON:test_multiple_create_with_reservation_return): 200 GET http://10.180.1.21/compute/v2.1/servers/4c9dbddd-4c74-4ee0-a1be-e7a5c7cfc344 0.045s
2025-05-14 00:58:04.731 67692 INFO tempest.lib.common.rest_client [req-662f4006-58d3-4d0d-a3b0-49e1e56a88c4 req-662f4006-58d3-4d0d-a3b0-49e1e56a88c4 ] Request (ServersAdminNegativeTestJSON:setUpClass): 200 GET http://10.180.1.21/compute/v2.1/servers/c847f4cb-1914-497b-8d63-5b99a237e5e6 0.090s
2025-05-14 00:58:04.744 67728 INFO tempest.lib.common.rest_client [req-0d28589e-780d-4b71-9751-535039bb84c4 req-0d28589e-780d-4b71-9751-535039bb84c4 ] Request (ImagesOneServerNegativeTestJSON:setUpClass): 200 GET http://10.180.1.21/compute/v2.1/servers/cbe3ecc4-3c5b-4749-a21c-c0376583c4aa 0.048s
2025-05-14 00:58:04.792 67710 INFO tempest.lib.common.rest_client [req-0103eb32-adda-44bb-8ea9-3731c6752357 req-0103eb32-adda-44bb-8ea9-3731c6752357 ] Request (AttachInterfacesTestJSON:test_create_list_show_delete_interfaces_by_network_port): 200 GET http://10.180.1.21/compute/v2.1/servers/69980b41-9514-4d97-aa75-ea68dd05b241 0.051s
2025-05-14 00:58:04.829 67720 INFO tempest.lib.common.rest_client [req-6d27be35-d023-4f69-8172-0f358820a61c req-6d27be35-d023-4f69-8172-0f358820a61c ] Request (ServerDiagnosticsTest:test_get_server_diagnostics): 200 GET http://10.180.1.21/compute/v2.1/servers/4a086288-b773-40aa-b39a-e3f3b9784a05 0.095s
2025-05-14 00:58:04.840 67732 INFO tempest.lib.common.rest_client [req-a47e89cc-faf1-4c8b-a500-beff56b634de req-a47e89cc-faf1-4c8b-a500-beff56b634de ] Request (ServerMetadataNegativeTestJSON:setUpClass): 200 GET http://10.180.1.21/compute/v2.1/servers/65422c06-b1cf-4868-8f38-391b08038fc9 0.049s
2025-05-14 00:58:04.915 67699 INFO tempest.lib.common.rest_client [req-d7cfc549-12c8-44ca-87cb-f565dcc62562 req-d7cfc549-12c8-44ca-87cb-f565dcc62562 ] Request (ServerExternalEventsTest:test_create_server_external_events): 200 GET http://10.180.1.21/compute/v2.1/servers/379f5a6d-d6d4-434a-b401-1b027434e6fd 0.096s
2025-05-14 00:58:04.938 67714 INFO tempest.lib.common.rest_client [req-55a5c773-ea60-4662-8099-cee4668b7d9e req-55a5c773-ea60-4662-8099-cee4668b7d9e ] Request (ServerTagsTestJSON:setUpClass): 200 GET http://10.180.1.21/compute/v2.1/servers/907dfc72-e766-4a24-a4e7-df762db37824 0.051s
2025-05-14 00:58:04.988 67718 INFO tempest.lib.common.rest_client [req-c6b6e0b3-5d7c-4f03-b0e9-f2cff3a976fa req-c6b6e0b3-5d7c-4f03-b0e9-f2cff3a976fa ] Request (ServerShowV247Test:test_update_rebuild_list_server): 200 GET http://10.180.1.21/compute/v2.1/servers/8ddc70e6-ec6f-4740-8109-6ba2c5d00536 0.053s
2025-05-14 00:58:05.037 67712 INFO tempest.lib.common.rest_client [req-e480230a-c58e-4617-a2fe-8a14c899ed46 req-e480230a-c58e-4617-a2fe-8a14c899ed46 ] Request (TenantUsagesTestJSON:setUpClass): 200 GET http://10.180.1.21/compute/v2.1/servers/a51d9480-1aa1-48c9-a05c-943589d6a224 0.096s
2025-05-14 00:58:05.039 67694 INFO tempest.lib.common.rest_client [req-b712c680-60f7-4790-a343-0de8b1036fbf req-b712c680-60f7-4790-a343-0de8b1036fbf ] Request (ServerDiagnosticsV248Test:test_get_server_diagnostics): 200 GET http://10.180.1.21/compute/v2.1/servers/8b43a9a6-b28c-43ed-9f83-02424f73dc3c 0.056s
2025-05-14 00:58:05.086 67678 INFO tempest.lib.common.rest_client [req-7fd62c10-405a-4fb7-a1bb-54799199e491 req-7fd62c10-405a-4fb7-a1bb-54799199e491 ] Request (ServersTestManualDisk:setUpClass): 200 GET http://10.180.1.21/compute/v2.1/servers/4dce8f09-ce7e-419c-90b4-48ee54d8c604 0.070s
2025-05-14 00:58:05.112 67676 INFO tempest.lib.common.rest_client [req-18850368-bdee-4ed3-8eca-33fad712cd29 req-18850368-bdee-4ed3-8eca-33fad712cd29 ] Request (ServerAddressesNegativeTestJSON:setUpClass): 200 GET http://10.180.1.21/compute/v2.1/servers/87ef9733-e8d6-429e-b23f-8b8aadef784c 0.050s
2025-05-14 00:58:05.152 67702 INFO tempest.lib.common.rest_client [req-e7277de0-b4b8-41c9-8afb-7a5b37091016 req-e7277de0-b4b8-41c9-8afb-7a5b37091016 ] Request (ListServerFiltersTestJSON:setUpClass): 200 GET http://10.180.1.21/compute/v2.1/servers/2de499d5-2eb3-4138-8c6b-41fb94ff27eb 0.048s
2025-05-14 00:58:05.200 67686 INFO tempest.lib.common.rest_client [req-04bfab42-0b0d-45c7-8387-cd0399d79144 req-04bfab42-0b0d-45c7-8387-cd0399d79144 ] Request (ServerActionsTestOtherA:setUpClass): 200 GET http://10.180.1.21/compute/v2.1/servers/c372287f-35e3-402a-9841-6f55ea471d3d 0.050s
2025-05-14 00:58:05.245 67708 INFO tempest.lib.common.rest_client [req-bdfa8e05-4c44-449c-ae15-bbfe77e764c8 req-bdfa8e05-4c44-449c-ae15-bbfe77e764c8 ] Request (ServerDiskConfigTestJSON:test_resize_server_from_auto_to_manual): 200 GET http://10.180.1.21/compute/v2.1/servers/49292f00-1457-438b-b5b7-2ac35dd464d2 0.052s
2025-05-14 00:58:05.272 67700 INFO tempest.lib.common.rest_client [req-3317d606-2611-454e-872b-82c7b021d3fa req-3317d606-2611-454e-872b-82c7b021d3fa ] Request (ServerActionsTestJSON:setUpClass): 200 GET http://10.180.1.21/compute/v2.1/servers/a073c7a9-d7ee-4d9e-be23-4345ed5f9047 0.095s
2025-05-14 00:58:05.304 67735 INFO tempest.lib.common.rest_client [req-e2c65851-d329-4bc8-9485-6fdcdf222cc3 req-e2c65851-d329-4bc8-9485-6fdcdf222cc3 ] Request (ServersV294TestFqdnHostnames:setUpClass): 200 GET http://10.180.1.21/compute/v2.1/servers/662bb470-e6ed-4a37-bb23-74a0a36dff0c 0.052s
2025-05-14 00:58:05.348 67684 INFO tempest.lib.common.rest_client [req-3946fe47-09ac-415b-830a-62e5b62b4308 req-3946fe47-09ac-415b-830a-62e5b62b4308 ] Request (ServerPasswordTestJSON:setUpClass): 200 GET http://10.180.1.21/compute/v2.1/servers/2f050e13-5621-4dda-ade1-cfbef017e57e 0.053s
2025-05-14 00:58:05.355 67674 INFO tempest.lib.common.rest_client [req-7ed0dec4-5f3f-40d3-8791-a2afe9ebc56a req-7ed0dec4-5f3f-40d3-8791-a2afe9ebc56a ] Request (MigrationsAdminTest:test_list_migrations_in_flavor_resize_situation): 200 GET http://10.180.1.21/compute/v2.1/servers/5d61c322-6a7d-4991-8cc4-6dcb1be74256 0.095s
2025-05-14 00:58:05.392 67722 INFO tempest.lib.common.rest_client [req-70ce496c-d124-4857-9b07-00fb3bb459a6 req-70ce496c-d124-4857-9b07-00fb3bb459a6 ] Request (ServerRescueNegativeTestJSON:setUpClass): 200 GET http://10.180.1.21/compute/v2.1/servers/a9aaa31c-5228-4210-b3c0-ca8c5a8c6213 0.089s
2025-05-14 00:58:05.415 67682 INFO tempest.lib.common.rest_client [req-4fd6bce7-8e4e-41e4-b974-b8d0bd78e706 req-4fd6bce7-8e4e-41e4-b974-b8d0bd78e706 ] Request (ServerShowV254Test:test_rebuild_server): 200 GET http://10.180.1.21/compute/v2.1/servers/2de2d5d9-2644-408a-8957-2c169b2793ce 0.051s
2025-05-14 00:58:05.439 67727 INFO tempest.lib.common.rest_client [req-abface5d-10be-4010-864a-2f4bd46e54d8 req-abface5d-10be-4010-864a-2f4bd46e54d8 ] Request (VolumesAdminNegativeTest:test_update_attached_volume_with_nonexistent_volume_in_body): 200 GET http://10.180.1.21/compute/v2.1/servers/f42f9cc0-c33a-4bdc-b16c-8dec61896b27 0.052s
2025-05-14 00:58:05.476 67690 INFO tempest.lib.common.rest_client [req-1b2c38fd-0c25-4e1e-84ee-92f8d35a1a8d req-1b2c38fd-0c25-4e1e-84ee-92f8d35a1a8d ] Request (DeleteServersAdminTestJSON:test_delete_server_while_in_error_state): 200 GET http://10.180.1.21/compute/v2.1/servers/25cc189a-383b-450c-810d-85ea2b48fdca 0.050s
2025-05-14 00:58:05.523 67730 INFO tempest.lib.common.rest_client [req-9de3a259-07c3-4abb-95d3-8911b6a799fd req-9de3a259-07c3-4abb-95d3-8911b6a799fd ] Request (DeleteServersTestJSON:test_delete_server_while_in_shelved_state): 200 GET http://10.180.1.21/compute/v2.1/servers/2a6c8de3-8974-4533-a474-c4242fd735c6 0.050s
2025-05-14 00:58:05.636 67697 INFO tempest.lib.common.rest_client [req-b299afd1-4fb2-4a5f-b684-dc4ab057a232 req-b299afd1-4fb2-4a5f-b684-dc4ab057a232 ] Request (ServerActionsV293TestJSON:setUpClass): 200 GET http://10.180.1.21/compute/v2.1/servers/1000d79b-b491-4071-8ab0-aac90dac6b51 0.050s
2025-05-14 00:58:05.642 67736 INFO tempest.lib.common.rest_client [req-15a5b435-b2f6-4a15-8037-db035255ccae req-15a5b435-b2f6-4a15-8037-db035255ccae ] Request (ServerDiagnosticsNegativeTest:test_get_server_diagnostics_by_non_admin): 200 GET http://10.180.1.21/compute/v2.1/servers/1e482ed7-9c9f-4713-abde-291417686a78 0.086s
2025-05-14 00:58:05.679 67724 INFO tempest.lib.common.rest_client [req-0ea198a4-0120-4ad9-8b6f-e9c45f7a34fe req-0ea198a4-0120-4ad9-8b6f-e9c45f7a34fe ] Request (ServersNegativeTestJSON:setUpClass): 200 GET http://10.180.1.21/compute/v2.1/servers/4a1a791f-36f3-48af-9792-4a9eaeba26c9 0.071s
2025-05-14 00:58:05.703 67680 INFO tempest.lib.common.rest_client [req-b8809f85-357b-450b-936d-2ad8257e286b req-b8809f85-357b-450b-936d-2ad8257e286b ] Request (ServerRescueTestJSONUnderV235:setUpClass): 200 GET http://10.180.1.21/compute/v2.1/servers/e976fd9e-95a3-4564-9bd6-08ee3f15a188 0.047s
2025-05-14 00:58:05.745 67704 INFO tempest.lib.common.rest_client [req-a5af456a-2a0c-460e-a8da-ce4f7072c0aa req-a5af456a-2a0c-460e-a8da-ce4f7072c0aa ] Request (MultipleCreateTestJSON:test_multiple_create_with_reservation_return): 200 GET http://10.180.1.21/compute/v2.1/servers/4c9dbddd-4c74-4ee0-a1be-e7a5c7cfc344 0.046s
2025-05-14 00:58:05.797 67728 INFO tempest.lib.common.rest_client [req-53f1b8db-9021-473b-be20-8de956e2cdb7 req-53f1b8db-9021-473b-be20-8de956e2cdb7 ] Request (ImagesOneServerNegativeTestJSON:setUpClass): 200 GET http://10.180.1.21/compute/v2.1/servers/cbe3ecc4-3c5b-4749-a21c-c0376583c4aa 0.047s
2025-05-14 00:58:05.826 67692 INFO tempest.lib.common.rest_client [req-aff68342-cbdf-4568-a0d8-48495a785e34 req-aff68342-cbdf-4568-a0d8-48495a785e34 ] Request (ServersAdminNegativeTestJSON:setUpClass): 200 GET http://10.180.1.21/compute/v2.1/servers/c847f4cb-1914-497b-8d63-5b99a237e5e6 0.088s
2025-05-14 00:58:05.843 67710 INFO tempest.lib.common.rest_client [req-6512d4d8-5a3d-4d02-8782-f4b4c21719fb req-6512d4d8-5a3d-4d02-8782-f4b4c21719fb ] Request (AttachInterfacesTestJSON:test_create_list_show_delete_interfaces_by_network_port): 200 GET http://10.180.1.21/compute/v2.1/servers/69980b41-9514-4d97-aa75-ea68dd05b241 0.044s
2025-05-14 00:58:05.894 67732 INFO tempest.lib.common.rest_client [req-f97ff6f6-745a-409a-af9a-3ef784b92254 req-f97ff6f6-745a-409a-af9a-3ef784b92254 ] Request (ServerMetadataNegativeTestJSON:setUpClass): 200 GET http://10.180.1.21/compute/v2.1/servers/65422c06-b1cf-4868-8f38-391b08038fc9 0.047s
2025-05-14 00:58:05.928 67720 INFO tempest.lib.common.rest_client [req-3dee9c60-ab70-4d4f-b006-8fd6b6e27d5f req-3dee9c60-ab70-4d4f-b006-8fd6b6e27d5f ] Request (ServerDiagnosticsTest:test_get_server_diagnostics): 200 GET http://10.180.1.21/compute/v2.1/servers/4a086288-b773-40aa-b39a-e3f3b9784a05 0.088s
2025-05-14 00:58:05.995 67714 INFO tempest.lib.common.rest_client [req-d6f52301-bc02-4a92-925c-5a8f7a889f9b req-d6f52301-bc02-4a92-925c-5a8f7a889f9b ] Request (ServerTagsTestJSON:setUpClass): 200 GET http://10.180.1.21/compute/v2.1/servers/907dfc72-e766-4a24-a4e7-df762db37824 0.049s
2025-05-14 00:58:06.064 67718 INFO tempest.lib.common.rest_client [req-ddfadcc5-62ae-4f23-8551-f73d9a00691d req-ddfadcc5-62ae-4f23-8551-f73d9a00691d ] Request (ServerShowV247Test:test_update_rebuild_list_server): 200 GET http://10.180.1.21/compute/v2.1/servers/8ddc70e6-ec6f-4740-8109-6ba2c5d00536 0.068s
2025-05-14 00:58:06.152 67712 INFO tempest.lib.common.rest_client [req-693ee8a4-8457-4852-a727-e9f9b989621d req-693ee8a4-8457-4852-a727-e9f9b989621d ] Request (TenantUsagesTestJSON:setUpClass): 200 GET http://10.180.1.21/compute/v2.1/servers/a51d9480-1aa1-48c9-a05c-943589d6a224 0.108s
2025-05-14 00:58:06.197 67694 INFO tempest.lib.common.rest_client [req-9445086c-19b5-4c6e-8e19-db594a208af1 req-9445086c-19b5-4c6e-8e19-db594a208af1 ] Request (ServerDiagnosticsV248Test:test_get_server_diagnostics): 200 GET http://10.180.1.21/compute/v2.1/servers/8b43a9a6-b28c-43ed-9f83-02424f73dc3c 0.150s
2025-05-14 00:58:06.203 67699 INFO tempest.lib.common.rest_client [req-4914706a-01ef-482c-9ea7-82217e2bf301 req-4914706a-01ef-482c-9ea7-82217e2bf301 ] Request (ServerExternalEventsTest:test_create_server_external_events): 200 GET http://10.180.1.21/compute/v2.1/servers/379f5a6d-d6d4-434a-b401-1b027434e6fd 0.282s
2025-05-14 00:58:06.243 67678 INFO tempest.lib.common.rest_client [req-1a2d7669-213b-4b47-b55f-384319997771 req-1a2d7669-213b-4b47-b55f-384319997771 ] Request (ServersTestManualDisk:setUpClass): 200 GET http://10.180.1.21/compute/v2.1/servers/4dce8f09-ce7e-419c-90b4-48ee54d8c604 0.148s
2025-05-14 00:58:06.249 67676 INFO tempest.lib.common.rest_client [req-00c79e2d-c569-4242-bd18-21f1c0cdfb53 req-00c79e2d-c569-4242-bd18-21f1c0cdfb53 ] Request (ServerAddressesNegativeTestJSON:setUpClass): 200 GET http://10.180.1.21/compute/v2.1/servers/87ef9733-e8d6-429e-b23f-8b8aadef784c 0.131s
2025-05-14 00:58:06.287 67702 INFO tempest.lib.common.rest_client [req-1ad1c9a1-aac1-4314-8450-171c3efd948f req-1ad1c9a1-aac1-4314-8450-171c3efd948f ] Request (ListServerFiltersTestJSON:setUpClass): 200 GET http://10.180.1.21/compute/v2.1/servers/2de499d5-2eb3-4138-8c6b-41fb94ff27eb 0.130s
2025-05-14 00:58:06.293 67686 INFO tempest.lib.common.rest_client [req-410da687-3545-47a1-903c-947350f9eebd req-410da687-3545-47a1-903c-947350f9eebd ] Request (ServerActionsTestOtherA:setUpClass): 200 GET http://10.180.1.21/compute/v2.1/servers/c372287f-35e3-402a-9841-6f55ea471d3d 0.087s
2025-05-14 00:58:06.331 67708 INFO tempest.lib.common.rest_client [req-0dbbce30-146f-4ccd-ab30-1a64d6972e17 req-0dbbce30-146f-4ccd-ab30-1a64d6972e17 ] Request (ServerDiskConfigTestJSON:test_resize_server_from_auto_to_manual): 200 GET http://10.180.1.21/compute/v2.1/servers/49292f00-1457-438b-b5b7-2ac35dd464d2 0.080s
2025-05-14 00:58:06.376 67700 INFO tempest.lib.common.rest_client [req-8458dd82-d3ab-4fbb-a5c6-7dee81ba6a4e req-8458dd82-d3ab-4fbb-a5c6-7dee81ba6a4e ] Request (ServerActionsTestJSON:setUpClass): 200 GET http://10.180.1.21/compute/v2.1/servers/a073c7a9-d7ee-4d9e-be23-4345ed5f9047 0.098s
2025-05-14 00:58:06.378 67735 INFO tempest.lib.common.rest_client [req-50240fbf-0b9c-4bfb-9e5e-1dd2c3f73fc3 req-50240fbf-0b9c-4bfb-9e5e-1dd2c3f73fc3 ] Request (ServersV294TestFqdnHostnames:setUpClass): 200 GET http://10.180.1.21/compute/v2.1/servers/662bb470-e6ed-4a37-bb23-74a0a36dff0c 0.067s
2025-05-14 00:58:06.420 67684 INFO tempest.lib.common.rest_client [req-8c21b1fa-ff47-4b21-a0f2-58a3db950ba8 req-8c21b1fa-ff47-4b21-a0f2-58a3db950ba8 ] Request (ServerPasswordTestJSON:setUpClass): 200 GET http://10.180.1.21/compute/v2.1/servers/2f050e13-5621-4dda-ade1-cfbef017e57e 0.066s
2025-05-14 00:58:06.458 67674 INFO tempest.lib.common.rest_client [req-282d6586-25d3-4a7b-8bdb-0576a1f0092d req-282d6586-25d3-4a7b-8bdb-0576a1f0092d ] Request (MigrationsAdminTest:test_list_migrations_in_flavor_resize_situation): 200 GET http://10.180.1.21/compute/v2.1/servers/5d61c322-6a7d-4991-8cc4-6dcb1be74256 0.096s
2025-05-14 00:58:06.462 67722 INFO tempest.lib.common.rest_client [req-fcf8188d-04c3-4453-9b93-25ba923a3f81 req-fcf8188d-04c3-4453-9b93-25ba923a3f81 ] Request (ServerRescueNegativeTestJSON:setUpClass): 200 GET http://10.180.1.21/compute/v2.1/servers/a9aaa31c-5228-4210-b3c0-ca8c5a8c6213 0.063s
2025-05-14 00:58:06.504 67682 INFO tempest.lib.common.rest_client [req-62d9ef0c-3321-47eb-9e5b-cf7ec1fd4bb7 req-62d9ef0c-3321-47eb-9e5b-cf7ec1fd4bb7 ] Request (ServerShowV254Test:test_rebuild_server): 200 GET http://10.180.1.21/compute/v2.1/servers/2de2d5d9-2644-408a-8957-2c169b2793ce 0.081s
2025-05-14 00:58:06.505 67727 INFO tempest.lib.common.rest_client [req-f3fe6cd4-5269-4eae-a4f6-4571a5dfe236 req-f3fe6cd4-5269-4eae-a4f6-4571a5dfe236 ] Request (VolumesAdminNegativeTest:test_update_attached_volume_with_nonexistent_volume_in_body): 200 GET http://10.180.1.21/compute/v2.1/servers/f42f9cc0-c33a-4bdc-b16c-8dec61896b27 0.060s
2025-05-14 00:58:06.548 67690 INFO tempest.lib.common.rest_client [req-9948455b-df3c-4742-96b0-b8c0a520960b req-9948455b-df3c-4742-96b0-b8c0a520960b ] Request (DeleteServersAdminTestJSON:test_delete_server_while_in_error_state): 200 GET http://10.180.1.21/compute/v2.1/servers/25cc189a-383b-450c-810d-85ea2b48fdca 0.066s
2025-05-14 00:58:06.576 67730 INFO tempest.lib.common.rest_client [req-02b653bc-b4df-4407-8953-c349ef9abecc req-02b653bc-b4df-4407-8953-c349ef9abecc ] Request (DeleteServersTestJSON:test_delete_server_while_in_shelved_state): 200 GET http://10.180.1.21/compute/v2.1/servers/2a6c8de3-8974-4533-a474-c4242fd735c6 0.046s
2025-05-14 00:58:06.696 67697 INFO tempest.lib.common.rest_client [req-6f17a73a-eeee-42df-81f7-2ae28d9486af req-6f17a73a-eeee-42df-81f7-2ae28d9486af ] Request (ServerActionsV293TestJSON:setUpClass): 200 GET http://10.180.1.21/compute/v2.1/servers/1000d79b-b491-4071-8ab0-aac90dac6b51 0.052s
2025-05-14 00:58:06.734 67736 INFO tempest.lib.common.rest_client [req-7d341ed2-5788-4416-b4ce-208f9ec0b0d9 req-7d341ed2-5788-4416-b4ce-208f9ec0b0d9 ] Request (ServerDiagnosticsNegativeTest:test_get_server_diagnostics_by_non_admin): 200 GET http://10.180.1.21/compute/v2.1/servers/1e482ed7-9c9f-4713-abde-291417686a78 0.085s
2025-05-14 00:58:06.739 67724 INFO tempest.lib.common.rest_client [req-52dbfb5b-9c3b-4ee3-bf7b-a5f44c6f359e req-52dbfb5b-9c3b-4ee3-bf7b-a5f44c6f359e ] Request (ServersNegativeTestJSON:setUpClass): 200 GET http://10.180.1.21/compute/v2.1/servers/4a1a791f-36f3-48af-9792-4a9eaeba26c9 0.054s
2025-05-14 00:58:06.777 67680 INFO tempest.lib.common.rest_client [req-0a3da2c5-765e-404a-9271-bc0b9f945ad9 req-0a3da2c5-765e-404a-9271-bc0b9f945ad9 ] Request (ServerRescueTestJSONUnderV235:setUpClass): 200 GET http://10.180.1.21/compute/v2.1/servers/e976fd9e-95a3-4564-9bd6-08ee3f15a188 0.067s
2025-05-14 00:58:06.810 67704 INFO tempest.lib.common.rest_client [req-81ed8c84-658c-4983-b617-75a11a574281 req-81ed8c84-658c-4983-b617-75a11a574281 ] Request (MultipleCreateTestJSON:test_multiple_create_with_reservation_return): 200 GET http://10.180.1.21/compute/v2.1/servers/4c9dbddd-4c74-4ee0-a1be-e7a5c7cfc344 0.057s
2025-05-14 00:58:06.853 67728 INFO tempest.lib.common.rest_client [req-a25af5bc-0bc7-48bc-8d0f-2ac6a319505f req-a25af5bc-0bc7-48bc-8d0f-2ac6a319505f ] Request (ImagesOneServerNegativeTestJSON:setUpClass): 200 GET http://10.180.1.21/compute/v2.1/servers/cbe3ecc4-3c5b-4749-a21c-c0376583c4aa 0.050s
2025-05-14 00:58:06.897 67710 INFO tempest.lib.common.rest_client [req-e0191e0f-a91e-406c-ba1d-c5f251fb5395 req-e0191e0f-a91e-406c-ba1d-c5f251fb5395 ] Request (AttachInterfacesTestJSON:test_create_list_show_delete_interfaces_by_network_port): 200 GET http://10.180.1.21/compute/v2.1/servers/69980b41-9514-4d97-aa75-ea68dd05b241 0.048s
2025-05-14 00:58:06.918 67692 INFO tempest.lib.common.rest_client [req-a370d708-027f-4b25-bdd6-b72a3b7dcc04 req-a370d708-027f-4b25-bdd6-b72a3b7dcc04 ] Request (ServersAdminNegativeTestJSON:setUpClass): 200 GET http://10.180.1.21/compute/v2.1/servers/c847f4cb-1914-497b-8d63-5b99a237e5e6 0.087s
2025-05-14 00:58:06.945 67732 INFO tempest.lib.common.rest_client [req-42a7eb3a-8948-420c-b3e2-c9905f3afa85 req-42a7eb3a-8948-420c-b3e2-c9905f3afa85 ] Request (ServerMetadataNegativeTestJSON:setUpClass): 200 GET http://10.180.1.21/compute/v2.1/servers/65422c06-b1cf-4868-8f38-391b08038fc9 0.044s
2025-05-14 00:58:07.019 67720 INFO tempest.lib.common.rest_client [req-643adaf8-b19e-4252-a49c-4523c6a55abd req-643adaf8-b19e-4252-a49c-4523c6a55abd ] Request (ServerDiagnosticsTest:test_get_server_diagnostics): 200 GET http://10.180.1.21/compute/v2.1/servers/4a086288-b773-40aa-b39a-e3f3b9784a05 0.085s
2025-05-14 00:58:07.049 67714 INFO tempest.lib.common.rest_client [req-a63a7555-a00e-45e2-baf8-f89686441d71 req-a63a7555-a00e-45e2-baf8-f89686441d71 ] Request (ServerTagsTestJSON:setUpClass): 200 GET http://10.180.1.21/compute/v2.1/servers/907dfc72-e766-4a24-a4e7-df762db37824 0.047s
2025-05-14 00:58:07.123 67718 INFO tempest.lib.common.rest_client [req-f80d0c56-958d-43c6-8bba-5e04c85984c3 req-f80d0c56-958d-43c6-8bba-5e04c85984c3 ] Request (ServerShowV247Test:test_update_rebuild_list_server): 200 GET http://10.180.1.21/compute/v2.1/servers/8ddc70e6-ec6f-4740-8109-6ba2c5d00536 0.051s
2025-05-14 00:58:07.248 67712 INFO tempest.lib.common.rest_client [req-61cbe859-6aac-4e9e-9daa-8806c2eca2a1 req-61cbe859-6aac-4e9e-9daa-8806c2eca2a1 ] Request (TenantUsagesTestJSON:setUpClass): 200 GET http://10.180.1.21/compute/v2.1/servers/a51d9480-1aa1-48c9-a05c-943589d6a224 0.090s
2025-05-14 00:58:07.255 67694 INFO tempest.lib.common.rest_client [req-96f83285-f585-4988-b53c-c3850365f85e req-96f83285-f585-4988-b53c-c3850365f85e ] Request (ServerDiagnosticsV248Test:test_get_server_diagnostics): 200 GET http://10.180.1.21/compute/v2.1/servers/8b43a9a6-b28c-43ed-9f83-02424f73dc3c 0.050s
2025-05-14 00:58:07.297 67678 INFO tempest.lib.common.rest_client [req-3e15781b-99fe-4b2d-9889-aca461aea249 req-3e15781b-99fe-4b2d-9889-aca461aea249 ] Request (ServersTestManualDisk:setUpClass): 200 GET http://10.180.1.21/compute/v2.1/servers/4dce8f09-ce7e-419c-90b4-48ee54d8c604 0.049s
2025-05-14 00:58:07.337 67699 INFO tempest.lib.common.rest_client [req-58d9f410-1671-4736-bfe1-81adc1bb790e req-58d9f410-1671-4736-bfe1-81adc1bb790e ] Request (ServerExternalEventsTest:test_create_server_external_events): 200 GET http://10.180.1.21/compute/v2.1/servers/379f5a6d-d6d4-434a-b401-1b027434e6fd 0.127s
2025-05-14 00:58:07.348 67676 INFO tempest.lib.common.rest_client [req-d1393d92-9687-498f-a702-3c8ac8ea3295 req-d1393d92-9687-498f-a702-3c8ac8ea3295 ] Request (ServerAddressesNegativeTestJSON:setUpClass): 200 GET http://10.180.1.21/compute/v2.1/servers/87ef9733-e8d6-429e-b23f-8b8aadef784c 0.093s
2025-05-14 00:58:07.381 67702 INFO tempest.lib.common.rest_client [req-94d843c4-c6b8-4cbd-a128-03369fe82b44 req-94d843c4-c6b8-4cbd-a128-03369fe82b44 ] Request (ListServerFiltersTestJSON:setUpClass): 200 GET http://10.180.1.21/compute/v2.1/servers/2de499d5-2eb3-4138-8c6b-41fb94ff27eb 0.087s
2025-05-14 00:58:07.426 67708 INFO tempest.lib.common.rest_client [req-e633247d-0a15-406d-b828-7af849967b4d req-e633247d-0a15-406d-b828-7af849967b4d ] Request (ServerDiskConfigTestJSON:test_resize_server_from_auto_to_manual): 200 GET http://10.180.1.21/compute/v2.1/servers/49292f00-1457-438b-b5b7-2ac35dd464d2 0.089s
2025-05-14 00:58:07.548 67700 INFO tempest.lib.common.rest_client [req-ae9326e5-f22b-4a68-b4b5-e8719ed8cc6a req-ae9326e5-f22b-4a68-b4b5-e8719ed8cc6a ] Request (ServerActionsTestJSON:setUpClass): 200 GET http://10.180.1.21/compute/v2.1/servers/a073c7a9-d7ee-4d9e-be23-4345ed5f9047 0.165s
2025-05-14 00:58:07.572 67686 INFO tempest.lib.common.rest_client [req-ecd6d9b3-16b6-4103-9eb2-c281b60b75ac req-ecd6d9b3-16b6-4103-9eb2-c281b60b75ac ] Request (ServerActionsTestOtherA:setUpClass): 200 GET http://10.180.1.21/compute/v2.1/servers/c372287f-35e3-402a-9841-6f55ea471d3d 0.272s
2025-05-14 00:58:07.597 67735 INFO tempest.lib.common.rest_client [req-364e5cc7-6ea8-491c-8ecd-1c04a50a2eb1 req-364e5cc7-6ea8-491c-8ecd-1c04a50a2eb1 ] Request (ServersV294TestFqdnHostnames:setUpClass): 200 GET http://10.180.1.21/compute/v2.1/servers/662bb470-e6ed-4a37-bb23-74a0a36dff0c 0.210s
2025-05-14 00:58:07.615 67684 INFO tempest.lib.common.rest_client [req-b934a5e8-0a68-47e9-a006-403775e45a76 req-b934a5e8-0a68-47e9-a006-403775e45a76 ] Request (ServerPasswordTestJSON:setUpClass): 200 GET http://10.180.1.21/compute/v2.1/servers/2f050e13-5621-4dda-ade1-cfbef017e57e 0.189s
2025-05-14 00:58:07.657 67722 INFO tempest.lib.common.rest_client [req-34b9450d-c966-4967-a13f-3dec57f262d4 req-34b9450d-c966-4967-a13f-3dec57f262d4 ] Request (ServerRescueNegativeTestJSON:setUpClass): 200 GET http://10.180.1.21/compute/v2.1/servers/a9aaa31c-5228-4210-b3c0-ca8c5a8c6213 0.189s
2025-05-14 00:58:07.682 67674 INFO tempest.lib.common.rest_client [req-1b0a3382-534b-4287-975e-8eda294b9528 req-1b0a3382-534b-4287-975e-8eda294b9528 ] Request (MigrationsAdminTest:test_list_migrations_in_flavor_resize_situation): 200 GET http://10.180.1.21/compute/v2.1/servers/5d61c322-6a7d-4991-8cc4-6dcb1be74256 0.217s
2025-05-14 00:58:07.702 67682 INFO tempest.lib.common.rest_client [req-4bcc7e14-8312-4753-993b-ab40ef1c4a59 req-4bcc7e14-8312-4753-993b-ab40ef1c4a59 ] Request (ServerShowV254Test:test_rebuild_server): 200 GET http://10.180.1.21/compute/v2.1/servers/2de2d5d9-2644-408a-8957-2c169b2793ce 0.190s
2025-05-14 00:58:07.726 67727 INFO tempest.lib.common.rest_client [req-77cb2bb5-4634-4eff-8eef-1795fa107a46 req-77cb2bb5-4634-4eff-8eef-1795fa107a46 ] Request (VolumesAdminNegativeTest:test_update_attached_volume_with_nonexistent_volume_in_body): 200 GET http://10.180.1.21/compute/v2.1/servers/f42f9cc0-c33a-4bdc-b16c-8dec61896b27 0.214s
2025-05-14 00:58:07.745 67690 INFO tempest.lib.common.rest_client [req-808657c8-34f1-40e7-a6cf-2a0ec0e168c7 req-808657c8-34f1-40e7-a6cf-2a0ec0e168c7 ] Request (DeleteServersAdminTestJSON:test_delete_server_while_in_error_state): 200 GET http://10.180.1.21/compute/v2.1/servers/25cc189a-383b-450c-810d-85ea2b48fdca 0.190s
2025-05-14 00:58:07.770 67730 INFO tempest.lib.common.rest_client [req-2c40a4ba-7d46-4165-a378-efd802806c0a req-2c40a4ba-7d46-4165-a378-efd802806c0a ] Request (DeleteServersTestJSON:test_delete_server_while_in_shelved_state): 200 GET http://10.180.1.21/compute/v2.1/servers/2a6c8de3-8974-4533-a474-c4242fd735c6 0.188s
2025-05-14 00:58:07.795 67697 INFO tempest.lib.common.rest_client [req-79e0b49e-231b-4747-b918-20e2029a845e req-79e0b49e-231b-4747-b918-20e2029a845e ] Request (ServerActionsV293TestJSON:setUpClass): 200 GET http://10.180.1.21/compute/v2.1/servers/1000d79b-b491-4071-8ab0-aac90dac6b51 0.091s
2025-05-14 00:58:07.842 67724 INFO tempest.lib.common.rest_client [req-6529f970-3fe4-42ad-acad-dac4ae406033 req-6529f970-3fe4-42ad-acad-dac4ae406033 ] Request (ServersNegativeTestJSON:setUpClass): 200 GET http://10.180.1.21/compute/v2.1/servers/4a1a791f-36f3-48af-9792-4a9eaeba26c9 0.096s
2025-05-14 00:58:07.855 67736 INFO tempest.lib.common.rest_client [req-31cf4e32-f885-49de-8697-4cce92ea34b4 req-31cf4e32-f885-49de-8697-4cce92ea34b4 ] Request (ServerDiagnosticsNegativeTest:test_get_server_diagnostics_by_non_admin): 200 GET http://10.180.1.21/compute/v2.1/servers/1e482ed7-9c9f-4713-abde-291417686a78 0.115s
2025-05-14 00:58:07.887 67680 INFO tempest.lib.common.rest_client [req-505ca356-6d4a-44e9-b2f7-c5e4f41e1571 req-505ca356-6d4a-44e9-b2f7-c5e4f41e1571 ] Request (ServerRescueTestJSONUnderV235:setUpClass): 200 GET http://10.180.1.21/compute/v2.1/servers/e976fd9e-95a3-4564-9bd6-08ee3f15a188 0.104s
2025-05-14 00:58:07.900 67704 INFO tempest.lib.common.rest_client [req-c0667c53-0051-49d0-a7e2-a8bcaa34d86e req-c0667c53-0051-49d0-a7e2-a8bcaa34d86e ] Request (MultipleCreateTestJSON:test_multiple_create_with_reservation_return): 200 GET http://10.180.1.21/compute/v2.1/servers/4c9dbddd-4c74-4ee0-a1be-e7a5c7cfc344 0.085s
2025-05-14 00:58:07.931 67728 INFO tempest.lib.common.rest_client [req-0a3fea87-4269-4498-9451-7b1fd8c0cfb1 req-0a3fea87-4269-4498-9451-7b1fd8c0cfb1 ] Request (ImagesOneServerNegativeTestJSON:setUpClass): 200 GET http://10.180.1.21/compute/v2.1/servers/cbe3ecc4-3c5b-4749-a21c-c0376583c4aa 0.069s
2025-05-14 00:58:07.949 67710 INFO tempest.lib.common.rest_client [req-5b830ff9-4baf-4fcf-b5b9-5045e3669018 req-5b830ff9-4baf-4fcf-b5b9-5045e3669018 ] Request (AttachInterfacesTestJSON:test_create_list_show_delete_interfaces_by_network_port): 200 GET http://10.180.1.21/compute/v2.1/servers/69980b41-9514-4d97-aa75-ea68dd05b241 0.045s
2025-05-14 00:58:07.996 67732 INFO tempest.lib.common.rest_client [req-5d4bbb67-07f9-4cef-9de8-d2ac05fc43f1 req-5d4bbb67-07f9-4cef-9de8-d2ac05fc43f1 ] Request (ServerMetadataNegativeTestJSON:setUpClass): 200 GET http://10.180.1.21/compute/v2.1/servers/65422c06-b1cf-4868-8f38-391b08038fc9 0.045s
2025-05-14 00:58:08.015 67692 INFO tempest.lib.common.rest_client [req-8855961a-84b5-4caa-92a2-097ad22430cd req-8855961a-84b5-4caa-92a2-097ad22430cd ] Request (ServersAdminNegativeTestJSON:setUpClass): 200 GET http://10.180.1.21/compute/v2.1/servers/c847f4cb-1914-497b-8d63-5b99a237e5e6 0.090s
2025-05-14 00:58:08.106 67714 INFO tempest.lib.common.rest_client [req-4a918163-41e9-475a-be83-534f6df49626 req-4a918163-41e9-475a-be83-534f6df49626 ] Request (ServerTagsTestJSON:setUpClass): 200 GET http://10.180.1.21/compute/v2.1/servers/907dfc72-e766-4a24-a4e7-df762db37824 0.050s
2025-05-14 00:58:08.116 67720 INFO tempest.lib.common.rest_client [req-d24da7b2-64d1-4872-954e-e1f5c427e7a4 req-d24da7b2-64d1-4872-954e-e1f5c427e7a4 ] Request (ServerDiagnosticsTest:test_get_server_diagnostics): 200 GET http://10.180.1.21/compute/v2.1/servers/4a086288-b773-40aa-b39a-e3f3b9784a05 0.090s
2025-05-14 00:58:08.181 67718 INFO tempest.lib.common.rest_client [req-d14c41c7-9e67-4889-81a6-00ee7e770b9a req-d14c41c7-9e67-4889-81a6-00ee7e770b9a ] Request (ServerShowV247Test:test_update_rebuild_list_server): 200 GET http://10.180.1.21/compute/v2.1/servers/8ddc70e6-ec6f-4740-8109-6ba2c5d00536 0.050s
2025-05-14 00:58:08.313 67694 INFO tempest.lib.common.rest_client [req-a37376a0-8224-44a4-9fa7-f3d9f351c4d7 req-a37376a0-8224-44a4-9fa7-f3d9f351c4d7 ] Request (ServerDiagnosticsV248Test:test_get_server_diagnostics): 200 GET http://10.180.1.21/compute/v2.1/servers/8b43a9a6-b28c-43ed-9f83-02424f73dc3c 0.050s
2025-05-14 00:58:08.358 67678 INFO tempest.lib.common.rest_client [req-077d772f-6268-4611-b04a-6b7f3cf1d3ea req-077d772f-6268-4611-b04a-6b7f3cf1d3ea ] Request (ServersTestManualDisk:setUpClass): 200 GET http://10.180.1.21/compute/v2.1/servers/4dce8f09-ce7e-419c-90b4-48ee54d8c604 0.054s
2025-05-14 00:58:08.388 67712 INFO tempest.lib.common.rest_client [req-20562e4c-6e95-44ae-bc87-e8019f2ceef3 req-20562e4c-6e95-44ae-bc87-e8019f2ceef3 ] Request (TenantUsagesTestJSON:setUpClass): 200 GET http://10.180.1.21/compute/v2.1/servers/a51d9480-1aa1-48c9-a05c-943589d6a224 0.133s
2025-05-14 00:58:08.434 67676 INFO tempest.lib.common.rest_client [req-84a6f06c-62ee-425b-afa0-c3a3c33ccc81 req-84a6f06c-62ee-425b-afa0-c3a3c33ccc81 ] Request (ServerAddressesNegativeTestJSON:setUpClass): 200 GET http://10.180.1.21/compute/v2.1/servers/87ef9733-e8d6-429e-b23f-8b8aadef784c 0.081s
2025-05-14 00:58:08.446 67699 INFO tempest.lib.common.rest_client [req-8e833c52-80f1-456c-98ad-fac9e4c51a4f req-8e833c52-80f1-456c-98ad-fac9e4c51a4f ] Request (ServerExternalEventsTest:test_create_server_external_events): 200 GET http://10.180.1.21/compute/v2.1/servers/379f5a6d-d6d4-434a-b401-1b027434e6fd 0.102s
2025-05-14 00:58:08.481 67702 INFO tempest.lib.common.rest_client [req-03bc3e21-2aa3-400b-9269-bbdc834b5f98 req-03bc3e21-2aa3-400b-9269-bbdc834b5f98 ] Request (ListServerFiltersTestJSON:setUpClass): 200 GET http://10.180.1.21/compute/v2.1/servers/2de499d5-2eb3-4138-8c6b-41fb94ff27eb 0.093s
2025-05-14 00:58:08.492 67708 INFO tempest.lib.common.rest_client [req-9184bfb9-83f3-49b8-9089-253de92dcfee req-9184bfb9-83f3-49b8-9089-253de92dcfee ] Request (ServerDiskConfigTestJSON:test_resize_server_from_auto_to_manual): 200 GET http://10.180.1.21/compute/v2.1/servers/49292f00-1457-438b-b5b7-2ac35dd464d2 0.059s
2025-05-14 00:58:08.625 67686 INFO tempest.lib.common.rest_client [req-f8888117-6fc7-43dd-8f18-171a37dab3e7 req-f8888117-6fc7-43dd-8f18-171a37dab3e7 ] Request (ServerActionsTestOtherA:setUpClass): 200 GET http://10.180.1.21/compute/v2.1/servers/c372287f-35e3-402a-9841-6f55ea471d3d 0.048s
2025-05-14 00:58:08.658 67700 INFO tempest.lib.common.rest_client [req-2f938229-60a3-4560-80b4-61bca6a609dd req-2f938229-60a3-4560-80b4-61bca6a609dd ] Request (ServerActionsTestJSON:setUpClass): 200 GET http://10.180.1.21/compute/v2.1/servers/a073c7a9-d7ee-4d9e-be23-4345ed5f9047 0.103s
2025-05-14 00:58:08.677 67735 INFO tempest.lib.common.rest_client [req-5208c13d-65f2-4d4e-a393-d8ecd67fafb0 req-5208c13d-65f2-4d4e-a393-d8ecd67fafb0 ] Request (ServersV294TestFqdnHostnames:setUpClass): 200 GET http://10.180.1.21/compute/v2.1/servers/662bb470-e6ed-4a37-bb23-74a0a36dff0c 0.072s
2025-05-14 00:58:08.702 67684 INFO tempest.lib.common.rest_client [req-96a6a842-9a89-45ce-8a18-2a640ddec9bc req-96a6a842-9a89-45ce-8a18-2a640ddec9bc ] Request (ServerPasswordTestJSON:setUpClass): 200 GET http://10.180.1.21/compute/v2.1/servers/2f050e13-5621-4dda-ade1-cfbef017e57e 0.081s
2025-05-14 00:58:08.720 67722 INFO tempest.lib.common.rest_client [req-7cdeb5d3-55f6-49eb-990a-f1286a37b2a1 req-7cdeb5d3-55f6-49eb-990a-f1286a37b2a1 ] Request (ServerRescueNegativeTestJSON:setUpClass): 200 GET http://10.180.1.21/compute/v2.1/servers/a9aaa31c-5228-4210-b3c0-ca8c5a8c6213 0.057s
2025-05-14 00:58:08.765 67682 INFO tempest.lib.common.rest_client [req-a822b8f6-745b-42b2-ade6-a61079b9d6db req-a822b8f6-745b-42b2-ade6-a61079b9d6db ] Request (ServerShowV254Test:test_rebuild_server): 200 GET http://10.180.1.21/compute/v2.1/servers/2de2d5d9-2644-408a-8957-2c169b2793ce 0.055s
2025-05-14 00:58:08.785 67674 INFO tempest.lib.common.rest_client [req-2d5a26ba-1366-4f91-9f81-e8b958dba3f0 req-2d5a26ba-1366-4f91-9f81-e8b958dba3f0 ] Request (MigrationsAdminTest:test_list_migrations_in_flavor_resize_situation): 200 GET http://10.180.1.21/compute/v2.1/servers/5d61c322-6a7d-4991-8cc4-6dcb1be74256 0.096s
2025-05-14 00:58:08.810 67727 INFO tempest.lib.common.rest_client [req-9c2a2bc7-525b-4b60-9d42-bf2522fb9184 req-9c2a2bc7-525b-4b60-9d42-bf2522fb9184 ] Request (VolumesAdminNegativeTest:test_update_attached_volume_with_nonexistent_volume_in_body): 200 GET http://10.180.1.21/compute/v2.1/servers/f42f9cc0-c33a-4bdc-b16c-8dec61896b27 0.078s
2025-05-14 00:58:08.832 67690 INFO tempest.lib.common.rest_client [req-f61722da-2967-4ad1-8a4c-33ca1d272635 req-f61722da-2967-4ad1-8a4c-33ca1d272635 ] Request (DeleteServersAdminTestJSON:test_delete_server_while_in_error_state): 200 GET http://10.180.1.21/compute/v2.1/servers/25cc189a-383b-450c-810d-85ea2b48fdca 0.081s
2025-05-14 00:58:08.856 67730 INFO tempest.lib.common.rest_client [req-bac38227-8712-4ffc-9885-de9e3f666a94 req-bac38227-8712-4ffc-9885-de9e3f666a94 ] Request (DeleteServersTestJSON:test_delete_server_while_in_shelved_state): 200 GET http://10.180.1.21/compute/v2.1/servers/2a6c8de3-8974-4533-a474-c4242fd735c6 0.079s
2025-05-14 00:58:08.882 67697 INFO tempest.lib.common.rest_client [req-47fc1975-7eb3-471e-b93a-5a50e2814da4 req-47fc1975-7eb3-471e-b93a-5a50e2814da4 ] Request (ServerActionsV293TestJSON:setUpClass): 200 GET http://10.180.1.21/compute/v2.1/servers/1000d79b-b491-4071-8ab0-aac90dac6b51 0.079s
2025-05-14 00:58:08.900 67724 INFO tempest.lib.common.rest_client [req-0b8819fd-c9de-49a0-a877-e8ff1e0e39d7 req-0b8819fd-c9de-49a0-a877-e8ff1e0e39d7 ] Request (ServersNegativeTestJSON:setUpClass): 200 GET http://10.180.1.21/compute/v2.1/servers/4a1a791f-36f3-48af-9792-4a9eaeba26c9 0.052s
2025-05-14 00:58:08.947 67680 INFO tempest.lib.common.rest_client [req-1c68739d-4f8c-4d3a-970f-ec3ddac34dd6 req-1c68739d-4f8c-4d3a-970f-ec3ddac34dd6 ] Request (ServerRescueTestJSONUnderV235:setUpClass): 200 GET http://10.180.1.21/compute/v2.1/servers/e976fd9e-95a3-4564-9bd6-08ee3f15a188 0.054s
2025-05-14 00:58:08.968 67736 INFO tempest.lib.common.rest_client [req-a2d391f4-b596-47ff-adae-7636297c6652 req-a2d391f4-b596-47ff-adae-7636297c6652 ] Request (ServerDiagnosticsNegativeTest:test_get_server_diagnostics_by_non_admin): 200 GET http://10.180.1.21/compute/v2.1/servers/1e482ed7-9c9f-4713-abde-291417686a78 0.108s
2025-05-14 00:58:08.989 67704 INFO tempest.lib.common.rest_client [req-e8d490f0-beef-4bdb-8983-0107c9cc7e72 req-e8d490f0-beef-4bdb-8983-0107c9cc7e72 ] Request (MultipleCreateTestJSON:test_multiple_create_with_reservation_return): 200 GET http://10.180.1.21/compute/v2.1/servers/4c9dbddd-4c74-4ee0-a1be-e7a5c7cfc344 0.083s
2025-05-14 00:58:09.014 67728 INFO tempest.lib.common.rest_client [req-a684229a-b2bc-4fc1-aaeb-1319cf1b3fac req-a684229a-b2bc-4fc1-aaeb-1319cf1b3fac ] Request (ImagesOneServerNegativeTestJSON:setUpClass): 200 GET http://10.180.1.21/compute/v2.1/servers/cbe3ecc4-3c5b-4749-a21c-c0376583c4aa 0.076s
2025-05-14 00:58:09.033 67710 INFO tempest.lib.common.rest_client [req-4fdcd239-5ba2-4112-bf0a-ba937ee0e8b8 req-4fdcd239-5ba2-4112-bf0a-ba937ee0e8b8 ] Request (AttachInterfacesTestJSON:test_create_list_show_delete_interfaces_by_network_port): 200 GET http://10.180.1.21/compute/v2.1/servers/69980b41-9514-4d97-aa75-ea68dd05b241 0.079s
2025-05-14 00:58:09.060 67732 INFO tempest.lib.common.rest_client [req-63e67cde-fc7a-4b0a-80d4-22c92a5f68af req-63e67cde-fc7a-4b0a-80d4-22c92a5f68af ] Request (ServerMetadataNegativeTestJSON:setUpClass): 200 GET http://10.180.1.21/compute/v2.1/servers/65422c06-b1cf-4868-8f38-391b08038fc9 0.057s
2025-05-14 00:58:09.157 67692 INFO tempest.lib.common.rest_client [req-9bb8b411-8b54-474c-885e-991551e39101 req-9bb8b411-8b54-474c-885e-991551e39101 ] Request (ServersAdminNegativeTestJSON:setUpClass): 200 GET http://10.180.1.21/compute/v2.1/servers/c847f4cb-1914-497b-8d63-5b99a237e5e6 0.136s
2025-05-14 00:58:09.163 67714 INFO tempest.lib.common.rest_client [req-21a80cc3-227c-411c-9f1a-251a19c431c4 req-21a80cc3-227c-411c-9f1a-251a19c431c4 ] Request (ServerTagsTestJSON:setUpClass): 200 GET http://10.180.1.21/compute/v2.1/servers/907dfc72-e766-4a24-a4e7-df762db37824 0.050s
2025-05-14 00:58:09.239 67718 INFO tempest.lib.common.rest_client [req-d2592216-50b8-49ba-a061-8fa893006d1f req-d2592216-50b8-49ba-a061-8fa893006d1f ] Request (ServerShowV247Test:test_update_rebuild_list_server): 200 GET http://10.180.1.21/compute/v2.1/servers/8ddc70e6-ec6f-4740-8109-6ba2c5d00536 0.051s
2025-05-14 00:58:09.243 67720 INFO tempest.lib.common.rest_client [req-1fc60faa-0889-4e35-a9e3-c90c7f778be3 req-1fc60faa-0889-4e35-a9e3-c90c7f778be3 ] Request (ServerDiagnosticsTest:test_get_server_diagnostics): 200 GET http://10.180.1.21/compute/v2.1/servers/4a086288-b773-40aa-b39a-e3f3b9784a05 0.121s
2025-05-14 00:58:09.372 67694 INFO tempest.lib.common.rest_client [req-03dde465-ef2c-43f0-8430-04afc842f99f req-03dde465-ef2c-43f0-8430-04afc842f99f ] Request (ServerDiagnosticsV248Test:test_get_server_diagnostics): 200 GET http://10.180.1.21/compute/v2.1/servers/8b43a9a6-b28c-43ed-9f83-02424f73dc3c 0.051s
2025-05-14 00:58:09.410 67678 INFO tempest.lib.common.rest_client [req-1d15bfda-caeb-45b3-905c-66e64433a204 req-1d15bfda-caeb-45b3-905c-66e64433a204 ] Request (ServersTestManualDisk:setUpClass): 200 GET http://10.180.1.21/compute/v2.1/servers/4dce8f09-ce7e-419c-90b4-48ee54d8c604 0.046s
