2025-04-17 06:33:45.242 70249 INFO tempest.lib.common.rest_client [req-af7e822a-9409-44d1-bad2-3041e8cdd2a1 req-af7e822a-9409-44d1-bad2-3041e8cdd2a1 ] Request (ImagesNegativeTestJSON:test_create_image_from_deleted_server): 200 GET http://10.180.1.21/compute/v2.1/servers/74d236c3-e499-4b37-abc2-ad8fb5a81a4a 0.160s
2025-04-17 06:33:45.244 70245 INFO tempest.lib.common.rest_client [req-ab27f302-081f-4845-b673-39e29665def0 req-ab27f302-081f-4845-b673-39e29665def0 ] Request (ServersAdminNegativeTestJSON:setUpClass): 200 GET http://10.180.1.21/compute/v2.1/servers/bb7f5f01-e6c5-4b39-90d1-32900180ea30 0.106s
2025-04-17 06:33:45.332 70233 INFO tempest.lib.common.rest_client [req-2a901262-c006-4577-92e7-80b850457a6b req-2a901262-c006-4577-92e7-80b850457a6b ] Request (MigrationsAdminTest:test_list_migrations_in_flavor_resize_situation): 200 GET http://10.180.1.21/compute/v2.1/servers/56f6e706-fab6-4a88-94f1-dd371d165fce 0.180s
2025-04-17 06:33:45.353 70229 INFO tempest.lib.common.rest_client [req-e3345447-a421-471b-b8fc-71f69104f4b5 req-e3345447-a421-471b-b8fc-71f69104f4b5 ] Request (AttachInterfacesTestJSON:setUpClass): 200 PUT http://10.180.1.21:9696/networking/v2.0/routers/494e6a31-22b8-480f-b4c8-9ebb23936972/add_router_interface 0.754s
2025-04-17 06:33:45.354 70229 INFO tempest.lib.common.dynamic_creds [-] Created isolated network resources for: credentials: Credentials: {'domain_id': 'default', 'domain_name': 'Default', 'username': 'tempest-AttachInterfacesTestJSON-1609584389-project-member', 'project_domain_id': 'default', 'project_domain_name': 'Default', 'project_id': 'd5d0471cfd604c8980c807cc92223c65', 'project_name': 'tempest-AttachInterfacesTestJSON-1609584389', 'tenant_id': 'd5d0471cfd604c8980c807cc92223c65', 'tenant_name': 'tempest-AttachInterfacesTestJSON-1609584389', 'user_domain_id': 'default', 'user_domain_name': 'Default', 'user_id': '484831c7536849c8a3ec3a6a054e3664', 'system': None}, Network: {'id': '63783a5a-b47c-421f-a699-a3875de89fbb', 'name': 'tempest-AttachInterfacesTestJSON-66536653-network', 'tenant_id': 'd5d0471cfd604c8980c807cc92223c65', 'admin_state_up': True, 'mtu': 8950, 'status': 'ACTIVE', 'subnets': [], 'shared': False, 'project_id': 'd5d0471cfd604c8980c807cc92223c65', 'port_security_enabled': True, 'router:external': False, 'provider:network_type': 'vlan', 'provider:physical_network': 'default', 'provider:segmentation_id': 283, 'availability_zone_hints': [], 'availability_zones': [], 'ipv4_address_scope': None, 'ipv6_address_scope': None, 'description': '', 'tags': [], 'created_at': '2025-04-17T06:33:43Z', 'updated_at': '2025-04-17T06:33:43Z', 'revision_number': 1}, Subnet: {'id': '59b6ade9-3e5c-4a7c-bc9c-1e2c7698d2f8', 'name': 'tempest-AttachInterfacesTestJSON-66536653-subnet', 'tenant_id': 'd5d0471cfd604c8980c807cc92223c65', 'network_id': '63783a5a-b47c-421f-a699-a3875de89fbb', 'ip_version': 4, 'subnetpool_id': None, 'enable_dhcp': True, 'ipv6_ra_mode': None, 'ipv6_address_mode': None, 'gateway_ip': '192.168.128.1', 'cidr': '192.168.128.0/28', 'allocation_pools': [{'start': '192.168.128.2', 'end': '192.168.128.14'}], 'host_routes': [], 'dns_nameservers': [], 'description': '', 'router:external': False, 'service_types': [], 'tags': [], 'created_at': '2025-04-17T06:33:43Z', 'updated_at': '2025-04-17T06:33:43Z', 'revision_number': 0, 'project_id': 'd5d0471cfd604c8980c807cc92223c65'}, Router: {'id': '494e6a31-22b8-480f-b4c8-9ebb23936972', 'name': 'tempest-AttachInterfacesTestJSON-66536653-router', 'tenant_id': 'd5d0471cfd604c8980c807cc92223c65', 'admin_state_up': True, 'status': 'ACTIVE', 'external_gateway_info': {'network_id': 'ff77a3b4-795c-49b1-a85e-5213f9577ebc', 'external_fixed_ips': [{'subnet_id': 'ed9b07ea-5cbe-42b2-9b82-ee952284c3f6', 'ip_address': '10.180.180.220'}], 'enable_snat': True}, 'description': '', 'availability_zones': [], 'distributed': False, 'ha': False, 'availability_zone_hints': [], 'routes': [], 'flavor_id': None, 'tags': [], 'created_at': '2025-04-17T06:33:43Z', 'updated_at': '2025-04-17T06:33:44Z', 'revision_number': 2, 'project_id': 'd5d0471cfd604c8980c807cc92223c65'}
2025-04-17 06:33:45.425 70247 INFO tempest.lib.common.rest_client [req-0da673c0-6ace-4cca-a0ae-1bc67956f58b req-0da673c0-6ace-4cca-a0ae-1bc67956f58b ] Request (ServerAddressesTestJSON:setUpClass): 200 GET http://10.180.1.21/compute/v2.1/servers/0aa89c17-e719-47b3-afad-0cfda90cb504 0.047s
2025-04-17 06:33:45.432 70229 INFO tempest.lib.common.rest_client [req-7cecec2b-9ec8-4cfe-81d9-f831827d6077 req-7cecec2b-9ec8-4cfe-81d9-f831827d6077 ] Request (AttachInterfacesTestJSON:setUpClass): 201 POST http://10.180.1.21/identity/v3/auth/tokens 0.075s
2025-04-17 06:33:45.484 70269 INFO tempest.lib.common.rest_client [req-de1fe42c-225d-4bc9-8550-bfc77fcddc78 req-de1fe42c-225d-4bc9-8550-bfc77fcddc78 ] Request (ServersTestJSON:test_create_server_with_ipv6_addr_only): 200 GET http://10.180.1.21/compute/v2.1/servers/2349e89a-3181-440a-bcf3-58df8abe2499 0.045s
2025-04-17 06:33:45.525 70229 INFO tempest.lib.common.rest_client [req-148eeeec-e953-40e6-9b46-9db546c4d3cb req-148eeeec-e953-40e6-9b46-9db546c4d3cb ] Request (ValidationResourcesFixture:setUp): 200 POST http://10.180.1.21/compute/v2.1/os-keypairs 0.090s
2025-04-17 06:33:45.556 70223 INFO tempest.lib.common.rest_client [req-9b9ff065-c95a-48d9-b82f-695e94430fc6 req-9b9ff065-c95a-48d9-b82f-695e94430fc6 ] Request (DeleteServersAdminTestJSON:test_delete_server_while_in_error_state): 200 GET http://10.180.1.21/compute/v2.1/servers/59d6c8b0-988f-4f6c-a230-5add6097b6d2 0.051s
2025-04-17 06:33:45.570 70265 INFO tempest.lib.common.rest_client [req-33c40050-56fa-41cf-8f17-72d8eafd6a92 req-33c40050-56fa-41cf-8f17-72d8eafd6a92 ] Request (ListServerFiltersTestJSON:setUpClass): 200 GET http://10.180.1.21/compute/v2.1/servers/515d9097-3179-42e1-a47c-74bb5678555d 0.062s
2025-04-17 06:33:45.601 70219 INFO tempest.lib.common.rest_client [req-bbb0800f-aab5-417b-a52c-e5fc9fe0605b req-bbb0800f-aab5-417b-a52c-e5fc9fe0605b ] Request (FloatingIPsAssociationTestJSON:test_associate_already_associated_floating_ip): 200 GET http://10.180.1.21/compute/v2.1/servers/9d70c5fd-3c56-45f1-aa22-586d36e35bcd 0.046s
2025-04-17 06:33:45.653 70229 INFO tempest.lib.common.rest_client [req-1f87d3a1-c13f-4c91-a57d-89e8bf32e31a req-1f87d3a1-c13f-4c91-a57d-89e8bf32e31a ] Request (ValidationResourcesFixture:setUp): 201 POST http://10.180.1.21:9696/networking/v2.0/security-groups 0.127s
2025-04-17 06:33:45.692 70227 INFO tempest.lib.common.rest_client [req-443dedbd-7753-4a88-b37a-5cd3af6d1d8a req-443dedbd-7753-4a88-b37a-5cd3af6d1d8a ] Request (ServersTestMultiNic:test_verify_duplicate_network_nics): 200 GET http://10.180.1.21/compute/v2.1/servers/c894da8f-c72c-4396-9491-a7fea9fe2773 0.078s
2025-04-17 06:33:45.751 70229 INFO tempest.lib.common.rest_client [req-ffe6c8ec-e598-40cc-9330-fdc5ecc98efd req-ffe6c8ec-e598-40cc-9330-fdc5ecc98efd ] Request (ValidationResourcesFixture:setUp): 201 POST http://10.180.1.21:9696/networking/v2.0/security-group-rules 0.097s
2025-04-17 06:33:45.908 70229 INFO tempest.lib.common.rest_client [req-39060ec3-1bed-4afe-9744-7a6fbc83e9de req-39060ec3-1bed-4afe-9744-7a6fbc83e9de ] Request (ValidationResourcesFixture:setUp): 201 POST http://10.180.1.21:9696/networking/v2.0/security-group-rules 0.156s
2025-04-17 06:33:45.910 70241 INFO tempest.lib.common.rest_client [req-7e949b77-23d6-4384-b927-d637d5bae4be req-7e949b77-23d6-4384-b927-d637d5bae4be ] Request (AttachInterfacesUnderV243Test:_run_cleanups): 200 GET http://10.180.1.21/compute/v2.1/servers/f2f6633f-3356-49d2-91a8-840284285eb4 0.096s
2025-04-17 06:33:45.964 70253 INFO tempest.lib.common.rest_client [req-d42f6938-153c-4e70-94fe-af7ace574a1e req-d42f6938-153c-4e70-94fe-af7ace574a1e ] Request (VolumesAdminNegativeTest:test_update_attached_volume_with_nonexistent_volume_in_body): 200 GET http://10.180.1.21/compute/v2.1/servers/5842217c-1476-4585-9770-b5dd4445e453 0.190s
2025-04-17 06:33:45.970 70217 INFO tempest.lib.common.rest_client [req-524dca63-7f03-47ff-b575-d03f48ae368f req-524dca63-7f03-47ff-b575-d03f48ae368f ] Request (ImagesTestJSON:test_create_image_from_suspended_server): 200 GET http://10.180.1.21/compute/v2.1/servers/445dc180-6776-4284-b8c2-d025e9df982c 0.133s
2025-04-17 06:33:46.038 70237 INFO tempest.lib.common.rest_client [req-35411633-c884-43c0-bdf2-99966818127e req-35411633-c884-43c0-bdf2-99966818127e ] Request (SecurityGroupsTestJSON:test_server_security_groups): 200 GET http://10.180.1.21/compute/v2.1/servers/c092aa49-0ff0-45b6-933b-03a485e43c57 0.144s
2025-04-17 06:33:46.068 70235 INFO tempest.lib.common.rest_client [req-d2c4068d-732b-43f5-8fd8-ca0f6fd460da req-d2c4068d-732b-43f5-8fd8-ca0f6fd460da ] Request (InstanceActionsV221TestJSON:test_get_list_deleted_instance_actions): 200 GET http://10.180.1.21/compute/v2.1/servers/84ded1d2-9a4c-4c61-b2aa-f7dc87c244f1 0.187s
2025-04-17 06:33:46.113 70225 INFO tempest.lib.common.rest_client [req-f6baddf5-b288-4ea6-8f6f-089fc55d4a89 req-f6baddf5-b288-4ea6-8f6f-089fc55d4a89 ] Request (ServersAdminTestJSON:test_create_server_with_scheduling_hint): 200 GET http://10.180.1.21/compute/v2.1/servers/39bea95a-5af1-4ace-8557-675aa2473560 0.165s
2025-04-17 06:33:46.158 70271 INFO tempest.lib.common.rest_client [req-10d458f4-710c-4b39-b360-fd49bd199d51 req-10d458f4-710c-4b39-b360-fd49bd199d51 ] Request (DeleteServersTestJSON:test_delete_active_server): 200 GET http://10.180.1.21/compute/v2.1/servers/fa91b2e2-a46a-48b9-abc7-f5d38c476534 0.207s
2025-04-17 06:33:46.185 70261 INFO tempest.lib.common.rest_client [req-00409514-5ff2-4592-82f4-e7a773de0c92 req-00409514-5ff2-4592-82f4-e7a773de0c92 ] Request (ServersV294TestFqdnHostnames:setUpClass): 200 GET http://10.180.1.21/compute/v2.1/servers/53b0f0d7-e6ed-4fcc-ace2-9fe7046bafbc 0.166s
2025-04-17 06:33:46.242 70255 INFO tempest.lib.common.rest_client [req-a1ecf61e-b11b-45ec-964e-15d4834d8e6e req-a1ecf61e-b11b-45ec-964e-15d4834d8e6e ] Request (MultipleCreateTestJSON:_run_cleanups): 404 GET http://10.180.1.21/compute/v2.1/servers/06d30534-b9cb-4d8b-8a70-3a0941d5c718 0.113s
2025-04-17 06:33:46.329 70255 INFO tempest.lib.common.rest_client [req-e1e6d48a-6dbf-425e-87f3-9af9beb307d0 req-e1e6d48a-6dbf-425e-87f3-9af9beb307d0 ] Request (MultipleCreateTestJSON:test_multiple_create_with_reservation_return): 201 POST http://10.180.1.21/identity/v3/auth/tokens 0.081s
2025-04-17 06:33:46.329 70255 INFO tempest.lib.common.fixed_network [-] (MultipleCreateTestJSON:test_multiple_create_with_reservation_return) Found network {'id': '63bbb428-8353-4724-bb4c-58f7b53a75a6', 'name': 'tempest-MultipleCreateTestJSON-188281159-network', 'tenant_id': '07fec4a0e72c4ea3b2cfc413ffe4b90a', 'admin_state_up': True, 'mtu': 8950, 'status': 'ACTIVE', 'subnets': [], 'shared': False, 'project_id': '07fec4a0e72c4ea3b2cfc413ffe4b90a', 'port_security_enabled': True, 'router:external': False, 'provider:network_type': 'vlan', 'provider:physical_network': 'default', 'provider:segmentation_id': 116, 'availability_zone_hints': [], 'availability_zones': [], 'ipv4_address_scope': None, 'ipv6_address_scope': None, 'description': '', 'tags': [], 'created_at': '2025-04-17T06:32:08Z', 'updated_at': '2025-04-17T06:32:08Z', 'revision_number': 1} available for tenant
2025-04-17 06:33:46.438 70263 INFO tempest.lib.common.rest_client [req-5f771564-0e72-40b8-929a-d944c3b8ed1d req-5f771564-0e72-40b8-929a-d944c3b8ed1d ] Request (ServerRescueTestJSONUnderV235:tearDownClass): 200 GET http://10.180.1.21/compute/v2.1/servers/43e4da4f-1e2e-4f76-b788-dd6ca8493941 0.300s
2025-04-17 06:33:46.440 70213 INFO tempest.lib.common.rest_client [req-87543b55-000c-4105-a6ed-7772406535ca req-87543b55-000c-4105-a6ed-7772406535ca ] Request (ImagesOneServerNegativeTestJSON:setUpClass): 200 GET http://10.180.1.21/compute/v2.1/servers/af403aa5-ea7f-4770-8664-a870e83f4565 0.413s
2025-04-17 06:33:46.494 70215 INFO tempest.lib.common.rest_client [req-c30b7352-1039-468d-ab06-438c9bf6d1df req-c30b7352-1039-468d-ab06-438c9bf6d1df ] Request (ServerExternalEventsTest:test_create_server_external_events): 200 GET http://10.180.1.21/compute/v2.1/servers/040f1d17-73f4-44a1-9302-d67de3eac768 0.319s
2025-04-17 06:33:46.506 70259 INFO tempest.lib.common.rest_client [req-a96f1533-7f06-40ea-94b2-591d4c3fd901 req-a96f1533-7f06-40ea-94b2-591d4c3fd901 ] Request (ImagesOneServerTestJSON:setUpClass): 200 GET http://10.180.1.21/compute/v2.1/servers/318fc7d7-ef9d-4ddc-82dd-54f715fd70aa 0.310s
2025-04-17 06:33:46.551 70249 INFO tempest.lib.common.rest_client [req-5aa74e68-3156-4718-ad28-a1c6fff9deff req-5aa74e68-3156-4718-ad28-a1c6fff9deff ] Request (ImagesNegativeTestJSON:test_create_image_from_deleted_server): 200 GET http://10.180.1.21/compute/v2.1/servers/74d236c3-e499-4b37-abc2-ad8fb5a81a4a 0.301s
2025-04-17 06:33:46.564 70245 INFO tempest.lib.common.rest_client [req-1f2b9ad0-9a6d-4ba1-969f-4701e8b3b5cb req-1f2b9ad0-9a6d-4ba1-969f-4701e8b3b5cb ] Request (ServersAdminNegativeTestJSON:setUpClass): 200 GET http://10.180.1.21/compute/v2.1/servers/bb7f5f01-e6c5-4b39-90d1-32900180ea30 0.311s
2025-04-17 06:33:46.714 70233 INFO tempest.lib.common.rest_client [req-287d49cf-1479-4bea-b5f4-5d5a8c98502b req-287d49cf-1479-4bea-b5f4-5d5a8c98502b ] Request (MigrationsAdminTest:test_list_migrations_in_flavor_resize_situation): 200 GET http://10.180.1.21/compute/v2.1/servers/56f6e706-fab6-4a88-94f1-dd371d165fce 0.374s
2025-04-17 06:33:46.779 70247 INFO tempest.lib.common.rest_client [req-ac96f2fe-1ecc-4623-9591-3eb63787e463 req-ac96f2fe-1ecc-4623-9591-3eb63787e463 ] Request (ServerAddressesTestJSON:setUpClass): 200 GET http://10.180.1.21/compute/v2.1/servers/0aa89c17-e719-47b3-afad-0cfda90cb504 0.345s
2025-04-17 06:33:46.850 70269 INFO tempest.lib.common.rest_client [req-0b16a196-feef-48b5-bbf5-69758a315544 req-0b16a196-feef-48b5-bbf5-69758a315544 ] Request (ServersTestJSON:test_create_server_with_ipv6_addr_only): 200 GET http://10.180.1.21/compute/v2.1/servers/2349e89a-3181-440a-bcf3-58df8abe2499 0.357s
2025-04-17 06:33:46.920 70223 INFO tempest.lib.common.rest_client [req-c202996e-b4af-4bd2-8004-fe004dec4d71 req-c202996e-b4af-4bd2-8004-fe004dec4d71 ] Request (DeleteServersAdminTestJSON:test_delete_server_while_in_error_state): 200 GET http://10.180.1.21/compute/v2.1/servers/59d6c8b0-988f-4f6c-a230-5add6097b6d2 0.353s
2025-04-17 06:33:46.987 70265 INFO tempest.lib.common.rest_client [req-5b17f7bb-bb3b-408e-9b40-f3344de8d0f1 req-5b17f7bb-bb3b-408e-9b40-f3344de8d0f1 ] Request (ListServerFiltersTestJSON:setUpClass): 200 GET http://10.180.1.21/compute/v2.1/servers/515d9097-3179-42e1-a47c-74bb5678555d 0.408s
2025-04-17 06:33:46.991 70229 INFO tempest.lib.common.rest_client [req-4e974456-4de1-4233-9dd7-8f6d3c4d9258 req-4e974456-4de1-4233-9dd7-8f6d3c4d9258 ] Request (ValidationResourcesFixture:setUp): 201 POST http://10.180.1.21:9696/networking/v2.0/floatingips 1.083s
2025-04-17 06:33:47.032 70229 INFO tempest.lib.common.rest_client [req-195a8275-9d01-48b6-b966-4fde5acc223b req-195a8275-9d01-48b6-b966-4fde5acc223b ] Request (AttachInterfacesTestJSON:test_create_list_show_delete_interfaces_by_fixed_ip): 201 POST http://10.180.1.21/identity/v3/auth/tokens 0.037s
2025-04-17 06:33:47.033 70229 INFO tempest.lib.common.fixed_network [-] (AttachInterfacesTestJSON:test_create_list_show_delete_interfaces_by_fixed_ip) Found network {'id': '63783a5a-b47c-421f-a699-a3875de89fbb', 'name': 'tempest-AttachInterfacesTestJSON-66536653-network', 'tenant_id': 'd5d0471cfd604c8980c807cc92223c65', 'admin_state_up': True, 'mtu': 8950, 'status': 'ACTIVE', 'subnets': [], 'shared': False, 'project_id': 'd5d0471cfd604c8980c807cc92223c65', 'port_security_enabled': True, 'router:external': False, 'provider:network_type': 'vlan', 'provider:physical_network': 'default', 'provider:segmentation_id': 283, 'availability_zone_hints': [], 'availability_zones': [], 'ipv4_address_scope': None, 'ipv6_address_scope': None, 'description': '', 'tags': [], 'created_at': '2025-04-17T06:33:43Z', 'updated_at': '2025-04-17T06:33:43Z', 'revision_number': 1} available for tenant
2025-04-17 06:33:47.051 70219 INFO tempest.lib.common.rest_client [req-749dfdce-eef4-4229-a350-ca7917590a2a req-749dfdce-eef4-4229-a350-ca7917590a2a ] Request (FloatingIPsAssociationTestJSON:test_associate_already_associated_floating_ip): 200 GET http://10.180.1.21/compute/v2.1/servers/9d70c5fd-3c56-45f1-aa22-586d36e35bcd 0.442s
2025-04-17 06:33:47.105 70255 INFO tempest.lib.common.rest_client [req-f73dacfe-6598-4d79-af68-2c0917e9bb8f req-f73dacfe-6598-4d79-af68-2c0917e9bb8f ] Request (MultipleCreateTestJSON:test_multiple_create_with_reservation_return): 202 POST http://10.180.1.21/compute/v2.1/servers 0.772s
2025-04-17 06:33:47.111 70227 INFO tempest.lib.common.rest_client [req-e52b44df-31e8-4b8a-9814-a9c422c53ec9 req-e52b44df-31e8-4b8a-9814-a9c422c53ec9 ] Request (ServersTestMultiNic:test_verify_duplicate_network_nics): 200 GET http://10.180.1.21/compute/v2.1/servers/c894da8f-c72c-4396-9491-a7fea9fe2773 0.407s
2025-04-17 06:33:47.195 70241 INFO tempest.lib.common.rest_client [req-cbfa9b1c-a46a-4621-b5df-8f6b399b6d3b req-cbfa9b1c-a46a-4621-b5df-8f6b399b6d3b ] Request (AttachInterfacesUnderV243Test:_run_cleanups): 200 GET http://10.180.1.21/compute/v2.1/servers/f2f6633f-3356-49d2-91a8-840284285eb4 0.270s
2025-04-17 06:33:47.217 70253 INFO tempest.lib.common.rest_client [req-7f009c4c-a6b7-4d1d-a91e-8ad898479f34 req-7f009c4c-a6b7-4d1d-a91e-8ad898479f34 ] Request (VolumesAdminNegativeTest:test_update_attached_volume_with_nonexistent_volume_in_body): 200 GET http://10.180.1.21/compute/v2.1/servers/5842217c-1476-4585-9770-b5dd4445e453 0.243s
2025-04-17 06:33:47.254 70217 INFO tempest.lib.common.rest_client [req-262764e0-3afe-40f7-beed-8362efffba6b req-262764e0-3afe-40f7-beed-8362efffba6b ] Request (ImagesTestJSON:test_create_image_from_suspended_server): 200 GET http://10.180.1.21/compute/v2.1/servers/445dc180-6776-4284-b8c2-d025e9df982c 0.273s
2025-04-17 06:33:47.316 70237 INFO tempest.lib.common.rest_client [req-7a03e346-716a-42a8-8a5d-4685d74048cc req-7a03e346-716a-42a8-8a5d-4685d74048cc ] Request (SecurityGroupsTestJSON:test_server_security_groups): 200 GET http://10.180.1.21/compute/v2.1/servers/c092aa49-0ff0-45b6-933b-03a485e43c57 0.266s
2025-04-17 06:33:47.380 70235 INFO tempest.lib.common.rest_client [req-05b90161-f0f3-47b4-804d-1478dca003e5 req-05b90161-f0f3-47b4-804d-1478dca003e5 ] Request (InstanceActionsV221TestJSON:test_get_list_deleted_instance_actions): 200 GET http://10.180.1.21/compute/v2.1/servers/84ded1d2-9a4c-4c61-b2aa-f7dc87c244f1 0.298s
2025-04-17 06:33:47.435 70255 INFO tempest.lib.common.rest_client [req-570006c4-7822-43b9-84ce-37d70a054d8b req-570006c4-7822-43b9-84ce-37d70a054d8b ] Request (MultipleCreateTestJSON:test_multiple_create_with_reservation_return): 200 GET http://10.180.1.21/compute/v2.1/servers 0.329s
2025-04-17 06:33:47.494 70225 INFO tempest.lib.common.rest_client [req-2dd7a7af-dd86-4749-8023-7b21d2e0945d req-2dd7a7af-dd86-4749-8023-7b21d2e0945d ] Request (ServersAdminTestJSON:test_create_server_with_scheduling_hint): 200 GET http://10.180.1.21/compute/v2.1/servers/39bea95a-5af1-4ace-8557-675aa2473560 0.374s
2025-04-17 06:33:47.551 70271 INFO tempest.lib.common.rest_client [req-995f1b05-b630-4170-84d4-18a16c4a9714 req-995f1b05-b630-4170-84d4-18a16c4a9714 ] Request (DeleteServersTestJSON:test_delete_active_server): 200 GET http://10.180.1.21/compute/v2.1/servers/fa91b2e2-a46a-48b9-abc7-f5d38c476534 0.380s
2025-04-17 06:33:47.615 70229 INFO tempest.lib.common.rest_client [req-c3114043-253d-44fb-a46d-e6e53da3f9ed req-c3114043-253d-44fb-a46d-e6e53da3f9ed ] Request (AttachInterfacesTestJSON:test_create_list_show_delete_interfaces_by_fixed_ip): 202 POST http://10.180.1.21/compute/v2.1/servers 0.581s
2025-04-17 06:33:47.626 70261 INFO tempest.lib.common.rest_client [req-723d0236-0589-4a13-af8e-ad1fdad3b58a req-723d0236-0589-4a13-af8e-ad1fdad3b58a ] Request (ServersV294TestFqdnHostnames:setUpClass): 200 GET http://10.180.1.21/compute/v2.1/servers/53b0f0d7-e6ed-4fcc-ace2-9fe7046bafbc 0.422s
2025-04-17 06:33:47.665 70255 INFO tempest.lib.common.rest_client [req-45b6be3a-f53d-4777-b599-394ba97905f2 req-45b6be3a-f53d-4777-b599-394ba97905f2 ] Request (MultipleCreateTestJSON:test_multiple_create_with_reservation_return): 200 GET http://10.180.1.21/compute/v2.1/servers/840ae833-2177-4456-9b59-47b400843963 0.228s
2025-04-17 06:33:47.702 70263 INFO tempest.lib.common.rest_client [req-e47859a3-1cf2-40a4-8752-370407b19870 req-e47859a3-1cf2-40a4-8752-370407b19870 ] Request (ServerRescueTestJSONUnderV235:tearDownClass): 200 GET http://10.180.1.21/compute/v2.1/servers/43e4da4f-1e2e-4f76-b788-dd6ca8493941 0.256s
2025-04-17 06:33:47.710 70263 INFO tempest.common.waiters [-] State transition "RESCUE/deleting" ==> "DELETED/None" after 4 second wait
2025-04-17 06:33:47.731 70213 INFO tempest.lib.common.rest_client [req-686bc020-543b-4f03-93ae-112f1738a6a1 req-686bc020-543b-4f03-93ae-112f1738a6a1 ] Request (ImagesOneServerNegativeTestJSON:setUpClass): 200 GET http://10.180.1.21/compute/v2.1/servers/af403aa5-ea7f-4770-8664-a870e83f4565 0.282s
2025-04-17 06:33:47.767 70215 INFO tempest.lib.common.rest_client [req-fb7ae0a5-fdd4-4376-9bd1-02257cebec8f req-fb7ae0a5-fdd4-4376-9bd1-02257cebec8f ] Request (ServerExternalEventsTest:test_create_server_external_events): 200 GET http://10.180.1.21/compute/v2.1/servers/040f1d17-73f4-44a1-9302-d67de3eac768 0.262s
2025-04-17 06:33:47.803 70259 INFO tempest.lib.common.rest_client [req-c18b3a45-9b67-470c-8965-ecd1bba753b7 req-c18b3a45-9b67-470c-8965-ecd1bba753b7 ] Request (ImagesOneServerTestJSON:setUpClass): 200 GET http://10.180.1.21/compute/v2.1/servers/318fc7d7-ef9d-4ddc-82dd-54f715fd70aa 0.288s
2025-04-17 06:33:47.831 70249 INFO tempest.lib.common.rest_client [req-1e99a62d-8700-4b6a-bf01-d0f979ee9c0f req-1e99a62d-8700-4b6a-bf01-d0f979ee9c0f ] Request (ImagesNegativeTestJSON:test_create_image_from_deleted_server): 200 GET http://10.180.1.21/compute/v2.1/servers/74d236c3-e499-4b37-abc2-ad8fb5a81a4a 0.270s
2025-04-17 06:33:47.863 70245 INFO tempest.lib.common.rest_client [req-1f09d3f2-f191-423f-8c21-57f379a6823b req-1f09d3f2-f191-423f-8c21-57f379a6823b ] Request (ServersAdminNegativeTestJSON:setUpClass): 200 GET http://10.180.1.21/compute/v2.1/servers/bb7f5f01-e6c5-4b39-90d1-32900180ea30 0.289s
2025-04-17 06:33:47.873 70229 INFO tempest.lib.common.rest_client [req-f94ac897-d3e2-416c-b870-5b3754e29cac req-f94ac897-d3e2-416c-b870-5b3754e29cac ] Request (AttachInterfacesTestJSON:test_create_list_show_delete_interfaces_by_fixed_ip): 200 GET http://10.180.1.21/compute/v2.1/servers/fbeb4673-2718-4e9c-9336-bd138bb898b1 0.256s
2025-04-17 06:33:47.943 70247 INFO tempest.lib.common.rest_client [req-941a11f5-eb2b-4aaa-9b91-a64827f132b9 req-941a11f5-eb2b-4aaa-9b91-a64827f132b9 ] Request (ServerAddressesTestJSON:setUpClass): 200 GET http://10.180.1.21/compute/v2.1/servers/0aa89c17-e719-47b3-afad-0cfda90cb504 0.152s
2025-04-17 06:33:47.998 70269 INFO tempest.lib.common.rest_client [req-8d8a0147-c12c-4f23-a07e-9c5ba9dd8e56 req-8d8a0147-c12c-4f23-a07e-9c5ba9dd8e56 ] Request (ServersTestJSON:test_create_server_with_ipv6_addr_only): 200 GET http://10.180.1.21/compute/v2.1/servers/2349e89a-3181-440a-bcf3-58df8abe2499 0.140s
2025-04-17 06:33:48.012 70233 INFO tempest.lib.common.rest_client [req-54835b9d-848e-431b-a9f4-657f536ea2bf req-54835b9d-848e-431b-a9f4-657f536ea2bf ] Request (MigrationsAdminTest:test_list_migrations_in_flavor_resize_situation): 200 GET http://10.180.1.21/compute/v2.1/servers/56f6e706-fab6-4a88-94f1-dd371d165fce 0.289s
2025-04-17 06:33:48.062 70223 INFO tempest.lib.common.rest_client [req-210af339-0c2f-422d-a985-4e8d2421fbce req-210af339-0c2f-422d-a985-4e8d2421fbce ] Request (DeleteServersAdminTestJSON:test_delete_server_while_in_error_state): 200 GET http://10.180.1.21/compute/v2.1/servers/59d6c8b0-988f-4f6c-a230-5add6097b6d2 0.130s
2025-04-17 06:33:48.068 70265 INFO tempest.lib.common.rest_client [req-81a6042e-81c9-4f9b-8b4c-c19785ac22a9 req-81a6042e-81c9-4f9b-8b4c-c19785ac22a9 ] Request (ListServerFiltersTestJSON:setUpClass): 200 GET http://10.180.1.21/compute/v2.1/servers/515d9097-3179-42e1-a47c-74bb5678555d 0.069s
2025-04-17 06:33:48.115 70219 INFO tempest.lib.common.rest_client [req-a8451a4c-45a1-456c-b9eb-126d9c0b50e9 req-a8451a4c-45a1-456c-b9eb-126d9c0b50e9 ] Request (FloatingIPsAssociationTestJSON:test_associate_already_associated_floating_ip): 200 GET http://10.180.1.21/compute/v2.1/servers/9d70c5fd-3c56-45f1-aa22-586d36e35bcd 0.052s
2025-04-17 06:33:48.176 70227 INFO tempest.lib.common.rest_client [req-38c7e7ee-6ea4-4a94-b7d4-3f327fc62b11 req-38c7e7ee-6ea4-4a94-b7d4-3f327fc62b11 ] Request (ServersTestMultiNic:test_verify_duplicate_network_nics): 200 GET http://10.180.1.21/compute/v2.1/servers/c894da8f-c72c-4396-9491-a7fea9fe2773 0.051s
2025-04-17 06:33:48.264 70241 INFO tempest.lib.common.rest_client [req-6a209a68-7880-465c-884d-4096d9f09272 req-6a209a68-7880-465c-884d-4096d9f09272 ] Request (AttachInterfacesUnderV243Test:_run_cleanups): 200 GET http://10.180.1.21/compute/v2.1/servers/f2f6633f-3356-49d2-91a8-840284285eb4 0.060s
2025-04-17 06:33:48.319 70217 INFO tempest.lib.common.rest_client [req-8772d1e2-45f5-436e-a416-37815b00857c req-8772d1e2-45f5-436e-a416-37815b00857c ] Request (ImagesTestJSON:test_create_image_from_suspended_server): 200 GET http://10.180.1.21/compute/v2.1/servers/445dc180-6776-4284-b8c2-d025e9df982c 0.055s
2025-04-17 06:33:48.376 70253 INFO tempest.lib.common.rest_client [req-16f85992-0bf7-4a1e-91c0-e0d46753a847 req-16f85992-0bf7-4a1e-91c0-e0d46753a847 ] Request (VolumesAdminNegativeTest:test_update_attached_volume_with_nonexistent_volume_in_body): 200 GET http://10.180.1.21/compute/v2.1/servers/5842217c-1476-4585-9770-b5dd4445e453 0.151s
2025-04-17 06:33:48.382 70237 INFO tempest.lib.common.rest_client [req-fdaf0140-2bd2-4a50-9cde-8edfff341aa2 req-fdaf0140-2bd2-4a50-9cde-8edfff341aa2 ] Request (SecurityGroupsTestJSON:test_server_security_groups): 200 GET http://10.180.1.21/compute/v2.1/servers/c092aa49-0ff0-45b6-933b-03a485e43c57 0.058s
2025-04-17 06:33:48.463 70235 INFO tempest.lib.common.rest_client [req-0deec092-49a8-42e8-9487-36ea2f1702a9 req-0deec092-49a8-42e8-9487-36ea2f1702a9 ] Request (InstanceActionsV221TestJSON:test_get_list_deleted_instance_actions): 200 GET http://10.180.1.21/compute/v2.1/servers/84ded1d2-9a4c-4c61-b2aa-f7dc87c244f1 0.067s
2025-04-17 06:33:48.552 70225 INFO tempest.lib.common.rest_client [req-319cc3dc-783c-4e27-bc34-b9c58bd69625 req-319cc3dc-783c-4e27-bc34-b9c58bd69625 ] Request (ServersAdminTestJSON:test_create_server_with_scheduling_hint): 200 GET http://10.180.1.21/compute/v2.1/servers/39bea95a-5af1-4ace-8557-675aa2473560 0.048s
2025-04-17 06:33:48.604 70271 INFO tempest.lib.common.rest_client [req-4e061f82-56b4-477f-b1ee-164bc85dafb5 req-4e061f82-56b4-477f-b1ee-164bc85dafb5 ] Request (DeleteServersTestJSON:test_delete_active_server): 200 GET http://10.180.1.21/compute/v2.1/servers/fa91b2e2-a46a-48b9-abc7-f5d38c476534 0.044s
2025-04-17 06:33:48.695 70261 INFO tempest.lib.common.rest_client [req-46c91ef7-ef57-4cdc-b86f-b3cbbf91789a req-46c91ef7-ef57-4cdc-b86f-b3cbbf91789a ] Request (ServersV294TestFqdnHostnames:setUpClass): 200 GET http://10.180.1.21/compute/v2.1/servers/53b0f0d7-e6ed-4fcc-ace2-9fe7046bafbc 0.058s
2025-04-17 06:33:48.721 70255 INFO tempest.lib.common.rest_client [req-0eabf3a2-68c4-4577-85e2-c7f9d6626dcf req-0eabf3a2-68c4-4577-85e2-c7f9d6626dcf ] Request (MultipleCreateTestJSON:test_multiple_create_with_reservation_return): 200 GET http://10.180.1.21/compute/v2.1/servers/840ae833-2177-4456-9b59-47b400843963 0.046s
2025-04-17 06:33:48.761 70263 INFO tempest.lib.common.rest_client [req-28c9aed3-8362-49b3-b5ab-0281d28c66d3 req-28c9aed3-8362-49b3-b5ab-0281d28c66d3 ] Request (ServerRescueTestJSONUnderV235:tearDownClass): 200 GET http://10.180.1.21/compute/v2.1/servers/43e4da4f-1e2e-4f76-b788-dd6ca8493941 0.051s
2025-04-17 06:33:48.797 70213 INFO tempest.lib.common.rest_client [req-ff25c6b3-47d6-4f2a-b910-5cc1b0d9d8ce req-ff25c6b3-47d6-4f2a-b910-5cc1b0d9d8ce ] Request (ImagesOneServerNegativeTestJSON:setUpClass): 200 GET http://10.180.1.21/compute/v2.1/servers/af403aa5-ea7f-4770-8664-a870e83f4565 0.050s
2025-04-17 06:33:48.830 70215 INFO tempest.lib.common.rest_client [req-056e7de7-720d-4a43-a89c-1f292e5fae09 req-056e7de7-720d-4a43-a89c-1f292e5fae09 ] Request (ServerExternalEventsTest:test_create_server_external_events): 200 GET http://10.180.1.21/compute/v2.1/servers/040f1d17-73f4-44a1-9302-d67de3eac768 0.053s
2025-04-17 06:33:48.859 70259 INFO tempest.lib.common.rest_client [req-48ffddfb-212d-4ee6-b951-d9df97884b9c req-48ffddfb-212d-4ee6-b951-d9df97884b9c ] Request (ImagesOneServerTestJSON:setUpClass): 200 GET http://10.180.1.21/compute/v2.1/servers/318fc7d7-ef9d-4ddc-82dd-54f715fd70aa 0.048s
2025-04-17 06:33:48.894 70249 INFO tempest.lib.common.rest_client [req-d2e65f46-c6da-4a31-90fb-baede6cc5b0a req-d2e65f46-c6da-4a31-90fb-baede6cc5b0a ] Request (ImagesNegativeTestJSON:test_create_image_from_deleted_server): 200 GET http://10.180.1.21/compute/v2.1/servers/74d236c3-e499-4b37-abc2-ad8fb5a81a4a 0.053s
2025-04-17 06:33:48.924 70245 INFO tempest.lib.common.rest_client [req-24d11923-a768-4900-92c4-7e2cfcf5e346 req-24d11923-a768-4900-92c4-7e2cfcf5e346 ] Request (ServersAdminNegativeTestJSON:setUpClass): 200 GET http://10.180.1.21/compute/v2.1/servers/bb7f5f01-e6c5-4b39-90d1-32900180ea30 0.045s
2025-04-17 06:33:48.936 70229 INFO tempest.lib.common.rest_client [req-cde38b92-95c8-416a-8450-66bc85051499 req-cde38b92-95c8-416a-8450-66bc85051499 ] Request (AttachInterfacesTestJSON:test_create_list_show_delete_interfaces_by_fixed_ip): 200 GET http://10.180.1.21/compute/v2.1/servers/fbeb4673-2718-4e9c-9336-bd138bb898b1 0.054s
2025-04-17 06:33:49.003 70247 INFO tempest.lib.common.rest_client [req-f93b00f6-8406-497a-b1bf-bda4ac5f297a req-f93b00f6-8406-497a-b1bf-bda4ac5f297a ] Request (ServerAddressesTestJSON:setUpClass): 200 GET http://10.180.1.21/compute/v2.1/servers/0aa89c17-e719-47b3-afad-0cfda90cb504 0.052s
2025-04-17 06:33:49.055 70269 INFO tempest.lib.common.rest_client [req-31caa5a0-36ef-49fe-a1b7-b9a1e420dea4 req-31caa5a0-36ef-49fe-a1b7-b9a1e420dea4 ] Request (ServersTestJSON:test_create_server_with_ipv6_addr_only): 200 GET http://10.180.1.21/compute/v2.1/servers/2349e89a-3181-440a-bcf3-58df8abe2499 0.048s
2025-04-17 06:33:49.062 70269 INFO tempest.common.waiters [-] State transition "BUILD/None" ==> "BUILD/networking" after 64 second wait
2025-04-17 06:33:49.101 70233 INFO tempest.lib.common.rest_client [req-c2b9c45f-76fc-481f-ad49-0e2d37c51c7c req-c2b9c45f-76fc-481f-ad49-0e2d37c51c7c ] Request (MigrationsAdminTest:test_list_migrations_in_flavor_resize_situation): 200 GET http://10.180.1.21/compute/v2.1/servers/56f6e706-fab6-4a88-94f1-dd371d165fce 0.081s
2025-04-17 06:33:49.112 70223 INFO tempest.lib.common.rest_client [req-fcc4a45a-2747-40bb-8617-cf4d0cd53747 req-fcc4a45a-2747-40bb-8617-cf4d0cd53747 ] Request (DeleteServersAdminTestJSON:test_delete_server_while_in_error_state): 200 GET http://10.180.1.21/compute/v2.1/servers/59d6c8b0-988f-4f6c-a230-5add6097b6d2 0.042s
2025-04-17 06:33:49.144 70265 INFO tempest.lib.common.rest_client [req-2ec00a2b-a1b0-4077-baec-106d0be77d9c req-2ec00a2b-a1b0-4077-baec-106d0be77d9c ] Request (ListServerFiltersTestJSON:setUpClass): 200 GET http://10.180.1.21/compute/v2.1/servers/515d9097-3179-42e1-a47c-74bb5678555d 0.062s
2025-04-17 06:33:49.170 70219 INFO tempest.lib.common.rest_client [req-4ead3540-4f11-4d43-b353-5560d1954163 req-4ead3540-4f11-4d43-b353-5560d1954163 ] Request (FloatingIPsAssociationTestJSON:test_associate_already_associated_floating_ip): 200 GET http://10.180.1.21/compute/v2.1/servers/9d70c5fd-3c56-45f1-aa22-586d36e35bcd 0.047s
2025-04-17 06:33:49.233 70227 INFO tempest.lib.common.rest_client [req-52ed904d-51dc-42c4-b350-4676151d29b2 req-52ed904d-51dc-42c4-b350-4676151d29b2 ] Request (ServersTestMultiNic:test_verify_duplicate_network_nics): 200 GET http://10.180.1.21/compute/v2.1/servers/c894da8f-c72c-4396-9491-a7fea9fe2773 0.048s
2025-04-17 06:33:49.334 70241 INFO tempest.lib.common.rest_client [req-85988551-6b9f-43af-b674-4c0f670f92ab req-85988551-6b9f-43af-b674-4c0f670f92ab ] Request (AttachInterfacesUnderV243Test:_run_cleanups): 200 GET http://10.180.1.21/compute/v2.1/servers/f2f6633f-3356-49d2-91a8-840284285eb4 0.062s
2025-04-17 06:33:49.352 70257 WARNING tempest.lib.common.ssh [-] Failed to establish authenticated ssh connection to cirros@10.180.180.141 ([Errno None] Unable to connect to port 22 on 10.180.180.141). Number attempts: 8. Retry after 9 seconds.: paramiko.ssh_exception.NoValidConnectionsError: [Errno None] Unable to connect to port 22 on 10.180.180.141
2025-04-17 06:33:49.387 70217 INFO tempest.lib.common.rest_client [req-f737c2b1-3b46-44aa-a8c8-ea664825877f req-f737c2b1-3b46-44aa-a8c8-ea664825877f ] Request (ImagesTestJSON:test_create_image_from_suspended_server): 200 GET http://10.180.1.21/compute/v2.1/servers/445dc180-6776-4284-b8c2-d025e9df982c 0.060s
2025-04-17 06:33:49.452 70237 INFO tempest.lib.common.rest_client [req-37045f86-3ebf-4777-a7f3-9c2d9b5aeb9c req-37045f86-3ebf-4777-a7f3-9c2d9b5aeb9c ] Request (SecurityGroupsTestJSON:test_server_security_groups): 200 GET http://10.180.1.21/compute/v2.1/servers/c092aa49-0ff0-45b6-933b-03a485e43c57 0.062s
2025-04-17 06:33:49.544 70235 INFO tempest.lib.common.rest_client [req-c4ddb478-7ff1-4a39-b3ae-489cbfb8b0fb req-c4ddb478-7ff1-4a39-b3ae-489cbfb8b0fb ] Request (InstanceActionsV221TestJSON:test_get_list_deleted_instance_actions): 200 GET http://10.180.1.21/compute/v2.1/servers/84ded1d2-9a4c-4c61-b2aa-f7dc87c244f1 0.072s
2025-04-17 06:33:49.546 70253 INFO tempest.lib.common.rest_client [req-c40b5135-044f-4d43-a5b8-d156baee1fad req-c40b5135-044f-4d43-a5b8-d156baee1fad ] Request (VolumesAdminNegativeTest:test_update_attached_volume_with_nonexistent_volume_in_body): 200 GET http://10.180.1.21/compute/v2.1/servers/5842217c-1476-4585-9770-b5dd4445e453 0.161s
2025-04-17 06:33:49.613 70225 INFO tempest.lib.common.rest_client [req-35008970-5fe6-42ba-855c-310129d28fbe req-35008970-5fe6-42ba-855c-310129d28fbe ] Request (ServersAdminTestJSON:test_create_server_with_scheduling_hint): 200 GET http://10.180.1.21/compute/v2.1/servers/39bea95a-5af1-4ace-8557-675aa2473560 0.053s
2025-04-17 06:33:49.683 70271 INFO tempest.lib.common.rest_client [req-0e2f0a36-ece2-4ffc-89c8-7b2acb079e48 req-0e2f0a36-ece2-4ffc-89c8-7b2acb079e48 ] Request (DeleteServersTestJSON:test_delete_active_server): 200 GET http://10.180.1.21/compute/v2.1/servers/fa91b2e2-a46a-48b9-abc7-f5d38c476534 0.072s
2025-04-17 06:33:49.787 70261 INFO tempest.lib.common.rest_client [req-69145368-d73a-466b-9136-e973db5aaed3 req-69145368-d73a-466b-9136-e973db5aaed3 ] Request (ServersV294TestFqdnHostnames:setUpClass): 200 GET http://10.180.1.21/compute/v2.1/servers/53b0f0d7-e6ed-4fcc-ace2-9fe7046bafbc 0.080s
2025-04-17 06:33:49.792 70255 INFO tempest.lib.common.rest_client [req-43ff2155-6f9f-44bb-96d4-184935dd534b req-43ff2155-6f9f-44bb-96d4-184935dd534b ] Request (MultipleCreateTestJSON:test_multiple_create_with_reservation_return): 200 GET http://10.180.1.21/compute/v2.1/servers/840ae833-2177-4456-9b59-47b400843963 0.063s
2025-04-17 06:33:49.875 70213 INFO tempest.lib.common.rest_client [req-718890c4-761c-493a-baea-df132b7f8d5b req-718890c4-761c-493a-baea-df132b7f8d5b ] Request (ImagesOneServerNegativeTestJSON:setUpClass): 200 GET http://10.180.1.21/compute/v2.1/servers/af403aa5-ea7f-4770-8664-a870e83f4565 0.070s
2025-04-17 06:33:49.891 70263 INFO tempest.lib.common.rest_client [req-008e7216-7fdf-47f1-839c-95b144338b2a req-008e7216-7fdf-47f1-839c-95b144338b2a ] Request (ServerRescueTestJSONUnderV235:tearDownClass): 200 GET http://10.180.1.21/compute/v2.1/servers/43e4da4f-1e2e-4f76-b788-dd6ca8493941 0.123s
2025-04-17 06:33:49.932 70215 INFO tempest.lib.common.rest_client [req-035b0d58-e388-4919-a75f-0c67b9802cef req-035b0d58-e388-4919-a75f-0c67b9802cef ] Request (ServerExternalEventsTest:test_create_server_external_events): 200 GET http://10.180.1.21/compute/v2.1/servers/040f1d17-73f4-44a1-9302-d67de3eac768 0.095s
2025-04-17 06:33:49.957 70259 INFO tempest.lib.common.rest_client [req-3e9a3d4a-852f-49d2-871f-9bd693cbc4e1 req-3e9a3d4a-852f-49d2-871f-9bd693cbc4e1 ] Request (ImagesOneServerTestJSON:setUpClass): 200 GET http://10.180.1.21/compute/v2.1/servers/318fc7d7-ef9d-4ddc-82dd-54f715fd70aa 0.090s
2025-04-17 06:33:49.998 70249 INFO tempest.lib.common.rest_client [req-22575342-9233-4cbd-96d4-670dcedb2b19 req-22575342-9233-4cbd-96d4-670dcedb2b19 ] Request (ImagesNegativeTestJSON:test_create_image_from_deleted_server): 200 GET http://10.180.1.21/compute/v2.1/servers/74d236c3-e499-4b37-abc2-ad8fb5a81a4a 0.097s
2025-04-17 06:33:50.019 70245 INFO tempest.lib.common.rest_client [req-3662cef9-2f98-41a6-abe7-34d99edc384a req-3662cef9-2f98-41a6-abe7-34d99edc384a ] Request (ServersAdminNegativeTestJSON:setUpClass): 200 GET http://10.180.1.21/compute/v2.1/servers/bb7f5f01-e6c5-4b39-90d1-32900180ea30 0.088s
2025-04-17 06:33:50.065 70229 INFO tempest.lib.common.rest_client [req-552b88de-04c3-4196-b065-14e1040b1e94 req-552b88de-04c3-4196-b065-14e1040b1e94 ] Request (AttachInterfacesTestJSON:test_create_list_show_delete_interfaces_by_fixed_ip): 200 GET http://10.180.1.21/compute/v2.1/servers/fbeb4673-2718-4e9c-9336-bd138bb898b1 0.121s
2025-04-17 06:33:50.081 70247 INFO tempest.lib.common.rest_client [req-ac169f4a-2af8-4011-9e11-20fbe8d9c78a req-ac169f4a-2af8-4011-9e11-20fbe8d9c78a ] Request (ServerAddressesTestJSON:setUpClass): 200 GET http://10.180.1.21/compute/v2.1/servers/0aa89c17-e719-47b3-afad-0cfda90cb504 0.071s
2025-04-17 06:33:50.166 70275 WARNING tempest.lib.common.ssh [-] Failed to establish authenticated ssh connection to cirros@10.180.180.166 ([Errno None] Unable to connect to port 22 on 10.180.180.166). Number attempts: 3. Retry after 4 seconds.: paramiko.ssh_exception.NoValidConnectionsError: [Errno None] Unable to connect to port 22 on 10.180.180.166
2025-04-17 06:33:50.189 70269 INFO tempest.lib.common.rest_client [req-0502d66e-ec9a-425e-9e21-e08f62ccc607 req-0502d66e-ec9a-425e-9e21-e08f62ccc607 ] Request (ServersTestJSON:test_create_server_with_ipv6_addr_only): 200 GET http://10.180.1.21/compute/v2.1/servers/2349e89a-3181-440a-bcf3-58df8abe2499 0.125s
2025-04-17 06:33:50.196 70269 INFO tempest.common.waiters [-] State transition "BUILD/networking" ==> "BUILD/block_device_mapping" after 65 second wait
2025-04-17 06:33:50.244 70223 INFO tempest.lib.common.rest_client [req-89dfb6d7-9074-48b4-9037-245bccc7103d req-89dfb6d7-9074-48b4-9037-245bccc7103d ] Request (DeleteServersAdminTestJSON:test_delete_server_while_in_error_state): 200 GET http://10.180.1.21/compute/v2.1/servers/59d6c8b0-988f-4f6c-a230-5add6097b6d2 0.125s
2025-04-17 06:33:50.296 70265 INFO tempest.lib.common.rest_client [req-231b7f1c-c809-4be2-b10e-c42752b88de2 req-231b7f1c-c809-4be2-b10e-c42752b88de2 ] Request (ListServerFiltersTestJSON:setUpClass): 200 GET http://10.180.1.21/compute/v2.1/servers/515d9097-3179-42e1-a47c-74bb5678555d 0.144s
2025-04-17 06:33:50.348 70219 INFO tempest.lib.common.rest_client [req-66fd8b65-b0be-4540-a468-6df906fc2859 req-66fd8b65-b0be-4540-a468-6df906fc2859 ] Request (FloatingIPsAssociationTestJSON:test_associate_already_associated_floating_ip): 200 GET http://10.180.1.21/compute/v2.1/servers/9d70c5fd-3c56-45f1-aa22-586d36e35bcd 0.169s
2025-04-17 06:33:50.407 70227 INFO tempest.lib.common.rest_client [req-216c384f-dcef-4501-9eb1-e87b7835574f req-216c384f-dcef-4501-9eb1-e87b7835574f ] Request (ServersTestMultiNic:test_verify_duplicate_network_nics): 200 GET http://10.180.1.21/compute/v2.1/servers/c894da8f-c72c-4396-9491-a7fea9fe2773 0.167s
2025-04-17 06:33:50.471 70241 INFO tempest.lib.common.rest_client [req-b80e3fc5-81e8-4fb4-8c92-b0c18ebf4a1a req-b80e3fc5-81e8-4fb4-8c92-b0c18ebf4a1a ] Request (AttachInterfacesUnderV243Test:_run_cleanups): 200 GET http://10.180.1.21/compute/v2.1/servers/f2f6633f-3356-49d2-91a8-840284285eb4 0.129s
2025-04-17 06:33:50.540 70217 INFO tempest.lib.common.rest_client [req-4d02e32f-e433-47a9-977c-e55ace56cb3c req-4d02e32f-e433-47a9-977c-e55ace56cb3c ] Request (ImagesTestJSON:test_create_image_from_suspended_server): 200 GET http://10.180.1.21/compute/v2.1/servers/445dc180-6776-4284-b8c2-d025e9df982c 0.145s
2025-04-17 06:33:50.566 70233 INFO tempest.lib.common.rest_client [req-cd5cf301-b701-4aed-ae3b-75a26e5bcb89 req-cd5cf301-b701-4aed-ae3b-75a26e5bcb89 ] Request (MigrationsAdminTest:test_list_migrations_in_flavor_resize_situation): 200 GET http://10.180.1.21/compute/v2.1/servers/56f6e706-fab6-4a88-94f1-dd371d165fce 0.456s
2025-04-17 06:33:50.593 70237 INFO tempest.lib.common.rest_client [req-48a18905-7483-4060-9a7b-d1a71ba0b507 req-48a18905-7483-4060-9a7b-d1a71ba0b507 ] Request (SecurityGroupsTestJSON:test_server_security_groups): 200 GET http://10.180.1.21/compute/v2.1/servers/c092aa49-0ff0-45b6-933b-03a485e43c57 0.134s
2025-04-17 06:33:50.647 70235 INFO tempest.lib.common.rest_client [req-7ed828ef-fa63-411e-a588-d6854e4419a0 req-7ed828ef-fa63-411e-a588-d6854e4419a0 ] Request (InstanceActionsV221TestJSON:test_get_list_deleted_instance_actions): 200 GET http://10.180.1.21/compute/v2.1/servers/84ded1d2-9a4c-4c61-b2aa-f7dc87c244f1 0.093s
2025-04-17 06:33:50.684 70253 INFO tempest.lib.common.rest_client [req-b532c529-e4b3-42dc-9ed2-74dedca5d3b9 req-b532c529-e4b3-42dc-9ed2-74dedca5d3b9 ] Request (VolumesAdminNegativeTest:test_update_attached_volume_with_nonexistent_volume_in_body): 200 GET http://10.180.1.21/compute/v2.1/servers/5842217c-1476-4585-9770-b5dd4445e453 0.129s
2025-04-17 06:33:50.709 70225 INFO tempest.lib.common.rest_client [req-c35354b2-5cec-4565-bdfc-588408c6e2c3 req-c35354b2-5cec-4565-bdfc-588408c6e2c3 ] Request (ServersAdminTestJSON:test_create_server_with_scheduling_hint): 200 GET http://10.180.1.21/compute/v2.1/servers/39bea95a-5af1-4ace-8557-675aa2473560 0.088s
2025-04-17 06:33:50.744 70271 INFO tempest.lib.common.rest_client [req-9a220627-e94a-4def-b7aa-2c004d42fd87 req-9a220627-e94a-4def-b7aa-2c004d42fd87 ] Request (DeleteServersTestJSON:test_delete_active_server): 200 GET http://10.180.1.21/compute/v2.1/servers/fa91b2e2-a46a-48b9-abc7-f5d38c476534 0.053s
2025-04-17 06:33:50.764 70221 WARNING tempest.lib.common.ssh [-] Failed to establish authenticated ssh connection to cirros@10.180.180.200 ([Errno None] Unable to connect to port 22 on 10.180.180.200). Number attempts: 6. Retry after 7 seconds.: paramiko.ssh_exception.NoValidConnectionsError: [Errno None] Unable to connect to port 22 on 10.180.180.200
2025-04-17 06:33:50.867 70261 INFO tempest.lib.common.rest_client [req-9cef4185-7ea7-4755-8981-d3072558ce51 req-9cef4185-7ea7-4755-8981-d3072558ce51 ] Request (ServersV294TestFqdnHostnames:setUpClass): 200 GET http://10.180.1.21/compute/v2.1/servers/53b0f0d7-e6ed-4fcc-ace2-9fe7046bafbc 0.068s
2025-04-17 06:33:50.873 70255 INFO tempest.lib.common.rest_client [req-2c65e96f-6769-4280-9fda-e0bde61e4a1d req-2c65e96f-6769-4280-9fda-e0bde61e4a1d ] Request (MultipleCreateTestJSON:test_multiple_create_with_reservation_return): 200 GET http://10.180.1.21/compute/v2.1/servers/840ae833-2177-4456-9b59-47b400843963 0.069s
2025-04-17 06:33:50.935 70213 INFO tempest.lib.common.rest_client [req-038b32c9-4195-4e78-ada3-07e264adae82 req-038b32c9-4195-4e78-ada3-07e264adae82 ] Request (ImagesOneServerNegativeTestJSON:setUpClass): 200 GET http://10.180.1.21/compute/v2.1/servers/af403aa5-ea7f-4770-8664-a870e83f4565 0.050s
2025-04-17 06:33:50.965 70263 INFO tempest.lib.common.rest_client [req-04150005-532d-49dc-aa49-0364212ae498 req-04150005-532d-49dc-aa49-0364212ae498 ] Request (ServerRescueTestJSONUnderV235:tearDownClass): 200 GET http://10.180.1.21/compute/v2.1/servers/43e4da4f-1e2e-4f76-b788-dd6ca8493941 0.065s
2025-04-17 06:33:50.976 70273 WARNING tempest.lib.common.ssh [-] Failed to establish authenticated ssh connection to cirros@10.180.180.221 ([Errno None] Unable to connect to port 22 on 10.180.180.221). Number attempts: 7. Retry after 8 seconds.: paramiko.ssh_exception.NoValidConnectionsError: [Errno None] Unable to connect to port 22 on 10.180.180.221
2025-04-17 06:33:50.999 70215 INFO tempest.lib.common.rest_client [req-da16996c-cabf-4bce-a163-7bea9bc8e4e3 req-da16996c-cabf-4bce-a163-7bea9bc8e4e3 ] Request (ServerExternalEventsTest:test_create_server_external_events): 200 GET http://10.180.1.21/compute/v2.1/servers/040f1d17-73f4-44a1-9302-d67de3eac768 0.059s
2025-04-17 06:33:51.022 70259 INFO tempest.lib.common.rest_client [req-e68f3ea7-2b68-4b91-814e-e8a04d817fa1 req-e68f3ea7-2b68-4b91-814e-e8a04d817fa1 ] Request (ImagesOneServerTestJSON:setUpClass): 200 GET http://10.180.1.21/compute/v2.1/servers/318fc7d7-ef9d-4ddc-82dd-54f715fd70aa 0.057s
2025-04-17 06:33:51.072 70249 INFO tempest.lib.common.rest_client [req-a6b8ed8c-26e0-4b2c-ba3f-e469541a1cba req-a6b8ed8c-26e0-4b2c-ba3f-e469541a1cba ] Request (ImagesNegativeTestJSON:test_create_image_from_deleted_server): 200 GET http://10.180.1.21/compute/v2.1/servers/74d236c3-e499-4b37-abc2-ad8fb5a81a4a 0.064s
2025-04-17 06:33:51.084 70245 INFO tempest.lib.common.rest_client [req-b5eb8471-6cbe-4110-9643-c982ca4a6537 req-b5eb8471-6cbe-4110-9643-c982ca4a6537 ] Request (ServersAdminNegativeTestJSON:setUpClass): 200 GET http://10.180.1.21/compute/v2.1/servers/bb7f5f01-e6c5-4b39-90d1-32900180ea30 0.052s
2025-04-17 06:33:51.128 70229 INFO tempest.lib.common.rest_client [req-c67143e6-5db8-4700-8587-694bcbec7619 req-c67143e6-5db8-4700-8587-694bcbec7619 ] Request (AttachInterfacesTestJSON:test_create_list_show_delete_interfaces_by_fixed_ip): 200 GET http://10.180.1.21/compute/v2.1/servers/fbeb4673-2718-4e9c-9336-bd138bb898b1 0.052s
2025-04-17 06:33:51.141 70247 INFO tempest.lib.common.rest_client [req-7a7415ab-03d0-4917-8e13-caed46ae5dd3 req-7a7415ab-03d0-4917-8e13-caed46ae5dd3 ] Request (ServerAddressesTestJSON:setUpClass): 200 GET http://10.180.1.21/compute/v2.1/servers/0aa89c17-e719-47b3-afad-0cfda90cb504 0.052s
2025-04-17 06:33:51.323 70223 INFO tempest.lib.common.rest_client [req-27680916-ab00-4f50-a449-15cf9077ddab req-27680916-ab00-4f50-a449-15cf9077ddab ] Request (DeleteServersAdminTestJSON:test_delete_server_while_in_error_state): 200 GET http://10.180.1.21/compute/v2.1/servers/59d6c8b0-988f-4f6c-a230-5add6097b6d2 0.070s
2025-04-17 06:33:51.337 70269 INFO tempest.lib.common.rest_client [req-7ab53cef-b0ef-411b-85ee-1a704b8eedb1 req-7ab53cef-b0ef-411b-85ee-1a704b8eedb1 ] Request (ServersTestJSON:test_create_server_with_ipv6_addr_only): 200 GET http://10.180.1.21/compute/v2.1/servers/2349e89a-3181-440a-bcf3-58df8abe2499 0.140s
2025-04-17 06:33:51.344 70269 INFO tempest.common.waiters [-] State transition "BUILD/block_device_mapping" ==> "BUILD/spawning" after 66 second wait
2025-04-17 06:33:51.386 70265 INFO tempest.lib.common.rest_client [req-8d4f434d-4512-4b4f-a98f-e00128bb2064 req-8d4f434d-4512-4b4f-a98f-e00128bb2064 ] Request (ListServerFiltersTestJSON:setUpClass): 200 GET http://10.180.1.21/compute/v2.1/servers/515d9097-3179-42e1-a47c-74bb5678555d 0.076s
2025-04-17 06:33:51.440 70219 INFO tempest.lib.common.rest_client [req-d8418e6b-4bb0-4d5a-b8ad-e587dfac3c59 req-d8418e6b-4bb0-4d5a-b8ad-e587dfac3c59 ] Request (FloatingIPsAssociationTestJSON:test_associate_already_associated_floating_ip): 200 GET http://10.180.1.21/compute/v2.1/servers/9d70c5fd-3c56-45f1-aa22-586d36e35bcd 0.082s
2025-04-17 06:33:51.485 70227 INFO tempest.lib.common.rest_client [req-fac6491b-4e94-4c0f-9a7c-707f9b261d41 req-fac6491b-4e94-4c0f-9a7c-707f9b261d41 ] Request (ServersTestMultiNic:test_verify_duplicate_network_nics): 200 GET http://10.180.1.21/compute/v2.1/servers/c894da8f-c72c-4396-9491-a7fea9fe2773 0.065s
2025-04-17 06:33:51.550 70241 INFO tempest.lib.common.rest_client [req-d2268c2d-6db8-4bb7-a2f6-2f87f06dc078 req-d2268c2d-6db8-4bb7-a2f6-2f87f06dc078 ] Request (AttachInterfacesUnderV243Test:_run_cleanups): 200 GET http://10.180.1.21/compute/v2.1/servers/f2f6633f-3356-49d2-91a8-840284285eb4 0.071s
2025-04-17 06:33:51.598 70217 INFO tempest.lib.common.rest_client [req-f7cd7967-d0dd-4645-972a-37134c754fe1 req-f7cd7967-d0dd-4645-972a-37134c754fe1 ] Request (ImagesTestJSON:test_create_image_from_suspended_server): 200 GET http://10.180.1.21/compute/v2.1/servers/445dc180-6776-4284-b8c2-d025e9df982c 0.050s
2025-04-17 06:33:51.652 70237 INFO tempest.lib.common.rest_client [req-58437c98-e5ce-4370-b04b-f214fae290ee req-58437c98-e5ce-4370-b04b-f214fae290ee ] Request (SecurityGroupsTestJSON:test_server_security_groups): 200 GET http://10.180.1.21/compute/v2.1/servers/c092aa49-0ff0-45b6-933b-03a485e43c57 0.049s
2025-04-17 06:33:51.669 70233 INFO tempest.lib.common.rest_client [req-ad00bc21-535c-4bdd-8df2-f303b72d37fd req-ad00bc21-535c-4bdd-8df2-f303b72d37fd ] Request (MigrationsAdminTest:test_list_migrations_in_flavor_resize_situation): 200 GET http://10.180.1.21/compute/v2.1/servers/56f6e706-fab6-4a88-94f1-dd371d165fce 0.095s
2025-04-17 06:33:51.676 70233 INFO tempest.common.waiters [-] State transition "VERIFY_RESIZE/None" ==> "ACTIVE/None" after 39 second wait
2025-04-17 06:33:51.711 70235 INFO tempest.lib.common.rest_client [req-b00cef00-3455-4762-b602-7ea3389c7217 req-b00cef00-3455-4762-b602-7ea3389c7217 ] Request (InstanceActionsV221TestJSON:test_get_list_deleted_instance_actions): 200 GET http://10.180.1.21/compute/v2.1/servers/84ded1d2-9a4c-4c61-b2aa-f7dc87c244f1 0.055s
2025-04-17 06:33:51.772 70233 INFO tempest.lib.common.rest_client [req-327bb763-c952-4c3e-a8e9-d991eca4c02b req-327bb763-c952-4c3e-a8e9-d991eca4c02b ] Request (MigrationsAdminTest:test_list_migrations_in_flavor_resize_situation): 200 GET http://10.180.1.21/compute/v2.1/servers/56f6e706-fab6-4a88-94f1-dd371d165fce 0.095s
2025-04-17 06:33:51.800 70253 INFO tempest.lib.common.rest_client [req-9a3c2d02-71f6-45a2-8b34-d7af33a64ea2 req-9a3c2d02-71f6-45a2-8b34-d7af33a64ea2 ] Request (VolumesAdminNegativeTest:test_update_attached_volume_with_nonexistent_volume_in_body): 200 GET http://10.180.1.21/compute/v2.1/servers/5842217c-1476-4585-9770-b5dd4445e453 0.108s
