2025-04-17 06:32:58.962 70269 INFO tempest.lib.common.rest_client [req-cf95df38-a16a-4cdf-b28b-84131a97d066 req-cf95df38-a16a-4cdf-b28b-84131a97d066 ] Request (ServersTestJSON:test_create_server_with_ipv6_addr_only): 200 GET http://10.180.1.21/compute/v2.1/servers/2349e89a-3181-440a-bcf3-58df8abe2499 2.003s
2025-04-17 06:32:59.021 70213 INFO tempest.lib.common.rest_client [req-1713fa48-65b7-4a43-a81b-b0d6257ecd37 req-1713fa48-65b7-4a43-a81b-b0d6257ecd37 ] Request (QuotaClassesAdminTestJSON:setUpClass): 201 POST http://10.180.1.21/identity/v3/users 0.127s
2025-04-17 06:32:59.028 70237 INFO tempest.lib.common.rest_client [req-180b7291-9405-4e57-9419-6da9a2d25af0 req-180b7291-9405-4e57-9419-6da9a2d25af0 ] Request (SecurityGroupsTestJSON:test_list_security_groups_by_server): 200 GET http://10.180.1.21/compute/v2.1/servers/69bb138f-ff3e-4e52-af29-1113d378eced 1.761s
2025-04-17 06:32:59.047 70213 INFO tempest.lib.common.rest_client [req-06544fd7-9f2a-4e46-8136-be56ea3a6442 req-06544fd7-9f2a-4e46-8136-be56ea3a6442 ] Request (QuotaClassesAdminTestJSON:setUpClass): 200 GET http://10.180.1.21/identity/v3/roles 0.025s
2025-04-17 06:32:59.047 70243 INFO tempest.lib.common.rest_client [req-5def03b2-3873-488a-9d00-f5a8393de95e req-5def03b2-3873-488a-9d00-f5a8393de95e ] Request (ServersAdmin275Test:_run_cleanups): 200 GET http://10.180.1.21/compute/v2.1/servers/1e74eb41-3368-47e2-a17f-2a239b873b67 1.840s
2025-04-17 06:32:59.058 70243 INFO tempest.common.waiters [-] State transition "REBUILD/rebuild_spawning" ==> "ACTIVE/None" after 12 second wait
2025-04-17 06:32:59.080 70213 INFO tempest.lib.common.rest_client [req-82a4a012-d46a-4da6-a86c-7570253cd44c req-82a4a012-d46a-4da6-a86c-7570253cd44c ] Request (QuotaClassesAdminTestJSON:setUpClass): 204 PUT http://10.180.1.21/identity/v3/projects/650737c61c2c45ceaff439376360db87/users/6cafdad9ba8b4c0c878a3d9e05b04468/roles/07abacaef8804f1eb4496b0884cb5c67 0.032s
2025-04-17 06:32:59.080 70213 INFO tempest.lib.common.dynamic_creds [-] Dynamic test user 6cafdad9ba8b4c0c878a3d9e05b04468 is created with scope project and roles: ['member']
2025-04-17 06:32:59.080 70213 INFO tempest.lib.common.dynamic_creds [-] Acquired dynamic creds: credentials: Credentials: {'domain_id': 'default', 'domain_name': 'Default', 'username': 'tempest-QuotaClassesAdminTestJSON-817704871-project-member', 'project_domain_id': 'default', 'project_domain_name': 'Default', 'project_id': '650737c61c2c45ceaff439376360db87', 'project_name': 'tempest-QuotaClassesAdminTestJSON-817704871', 'tenant_id': '650737c61c2c45ceaff439376360db87', 'tenant_name': 'tempest-QuotaClassesAdminTestJSON-817704871', 'user_domain_id': 'default', 'user_domain_name': 'Default', 'user_id': '6cafdad9ba8b4c0c878a3d9e05b04468', 'system': None}, Network: None, Subnet: None, Router: None
2025-04-17 06:32:59.080 70213 INFO tempest.lib.common.dynamic_creds [-] Created isolated network resources for: credentials: Credentials: {'domain_id': 'default', 'domain_name': 'Default', 'username': 'tempest-QuotaClassesAdminTestJSON-817704871-project-member', 'project_domain_id': 'default', 'project_domain_name': 'Default', 'project_id': '650737c61c2c45ceaff439376360db87', 'project_name': 'tempest-QuotaClassesAdminTestJSON-817704871', 'tenant_id': '650737c61c2c45ceaff439376360db87', 'tenant_name': 'tempest-QuotaClassesAdminTestJSON-817704871', 'user_domain_id': 'default', 'user_domain_name': 'Default', 'user_id': '6cafdad9ba8b4c0c878a3d9e05b04468', 'system': None}, Network: None, Subnet: None, Router: None
2025-04-17 06:32:59.086 70215 INFO tempest.lib.common.rest_client [req-e85906a9-a585-4ed0-b3e5-7792cc668bf9 req-e85906a9-a585-4ed0-b3e5-7792cc668bf9 ] Request (ServerExternalEventsTest:setUpClass): 201 POST http://10.180.1.21/identity/v3/auth/tokens 0.134s
2025-04-17 06:32:59.131 70219 INFO tempest.lib.common.rest_client [req-1be9b0f7-a0c9-4149-8d12-f1424b55e1bb req-1be9b0f7-a0c9-4149-8d12-f1424b55e1bb ] Request (FloatingIPsAssociationTestJSON:setUpClass): 200 GET http://10.180.1.21/compute/v2.1/servers/51f89421-5ba3-4a3c-bc62-6cd4173328ef 1.208s
2025-04-17 06:32:59.156 70215 INFO tempest.lib.common.rest_client [req-4382c3c7-4334-4596-bb77-1c47b9a035d7 req-4382c3c7-4334-4596-bb77-1c47b9a035d7 ] Request (ServerExternalEventsTest:test_create_server_external_events): 201 POST http://10.180.1.21/identity/v3/auth/tokens 0.065s
2025-04-17 06:32:59.157 70215 INFO tempest.lib.common.fixed_network [-] (ServerExternalEventsTest:test_create_server_external_events) Found network None available for tenant
2025-04-17 06:32:59.162 70213 INFO tempest.lib.common.rest_client [req-99e1d7f9-20a5-4416-8e82-31630e6301e6 req-99e1d7f9-20a5-4416-8e82-31630e6301e6 ] Request (QuotaClassesAdminTestJSON:setUpClass): 201 POST http://10.180.1.21/identity/v3/auth/tokens 0.078s
2025-04-17 06:32:59.170 70273 INFO tempest.lib.common.rest_client [req-e2fcdf22-525e-4bd8-a2ac-9463237663d4 req-e2fcdf22-525e-4bd8-a2ac-9463237663d4 ] Request (ServersTestBootFromVolume:setUpClass): 200 GET http://10.180.1.21/compute/v2.1/servers/33c412e2-353f-4fef-bed7-8879d0286b19/os-interface 1.864s
2025-04-17 06:32:59.216 70217 INFO tempest.lib.common.rest_client [req-8d441ca6-e733-4ea7-b24d-89555466e2eb req-8d441ca6-e733-4ea7-b24d-89555466e2eb ] Request (ImagesTestJSON:test_create_image_from_stopped_server): 200 GET http://10.180.1.21/compute/v2.1/images/cc60bb8e-b696-4032-9cd0-235962094888 0.864s
2025-04-17 06:32:59.220 70235 INFO tempest.lib.common.rest_client [req-0f1da3f5-7cf1-40e1-b699-bf8b77f27c1a req-0f1da3f5-7cf1-40e1-b699-bf8b77f27c1a ] Request (InstanceActionsV221TestJSON:test_get_list_deleted_instance_actions): 200 GET http://10.180.1.21/compute/v2.1/servers/84ded1d2-9a4c-4c61-b2aa-f7dc87c244f1 1.114s
2025-04-17 06:32:59.237 70213 INFO tempest.lib.common.rest_client [req-4f5800a8-5fb9-4b3f-8b76-47cc3f303d99 req-4f5800a8-5fb9-4b3f-8b76-47cc3f303d99 ] Request (QuotaClassesAdminTestJSON:setUpClass): 201 POST http://10.180.1.21/identity/v3/projects 0.074s
2025-04-17 06:32:59.254 70271 INFO tempest.lib.common.rest_client [req-b3a08349-cc5d-4185-bb06-4a629bc196c9 req-b3a08349-cc5d-4185-bb06-4a629bc196c9 ] Request (TenantUsagesTestJSON:test_get_usage_tenant_with_non_admin_user): 200 GET http://10.180.1.21/compute/v2.1/os-simple-tenant-usage/34ce48118ef44e0ea018fb306c9a2d7d?start=2025-04-16T06%3A32%3A56.854689&end=2025-04-18T06%3A32%3A56.854689 0.630s
2025-04-17 06:32:59.273 70227 INFO tempest.lib.common.rest_client [req-a8c760db-c87a-483c-a306-64cfcc2567ea req-a8c760db-c87a-483c-a306-64cfcc2567ea ] Request (FlavorsAdminTestJSON:_run_cleanups): 202 DELETE http://10.180.1.21/compute/v2.1/flavors/2084345400 0.435s
2025-04-17 06:32:59.314 70213 INFO tempest.lib.common.rest_client [req-2feb397c-2ad9-4df0-9f50-9ce75b48235e req-2feb397c-2ad9-4df0-9f50-9ce75b48235e ] Request (QuotaClassesAdminTestJSON:setUpClass): 201 POST http://10.180.1.21/identity/v3/users 0.076s
2025-04-17 06:32:59.327 70239 WARNING tempest.lib.common.ssh [-] Failed to establish authenticated ssh connection to cirros@10.180.180.227 ([Errno None] Unable to connect to port 22 on 10.180.180.227). Number attempts: 2. Retry after 3 seconds.: paramiko.ssh_exception.NoValidConnectionsError: [Errno None] Unable to connect to port 22 on 10.180.180.227
2025-04-17 06:32:59.328 70257 WARNING tempest.lib.common.ssh [-] Failed to establish authenticated ssh connection to cirros@10.180.180.141 ([Errno None] Unable to connect to port 22 on 10.180.180.141). Number attempts: 1. Retry after 2 seconds.: paramiko.ssh_exception.NoValidConnectionsError: [Errno None] Unable to connect to port 22 on 10.180.180.141
2025-04-17 06:32:59.338 70213 INFO tempest.lib.common.rest_client [req-4d40e14e-d11e-4bf7-b988-7b23da0030e0 req-4d40e14e-d11e-4bf7-b988-7b23da0030e0 ] Request (QuotaClassesAdminTestJSON:setUpClass): 200 GET http://10.180.1.21/identity/v3/roles 0.023s
2025-04-17 06:32:59.358 70261 INFO tempest.lib.common.rest_client [req-485cd888-6efa-4661-ba72-dd482a38c83c req-485cd888-6efa-4661-ba72-dd482a38c83c ] Request (ServersV294TestFqdnHostnames:setUpClass): 201 POST http://10.180.1.21:9696/networking/v2.0/networks 0.527s
2025-04-17 06:32:59.366 70213 INFO tempest.lib.common.rest_client [req-ef6fec57-8ad2-4257-b49f-dd8827a83c2a req-ef6fec57-8ad2-4257-b49f-dd8827a83c2a ] Request (QuotaClassesAdminTestJSON:setUpClass): 204 PUT http://10.180.1.21/identity/v3/projects/d869a10bcf3a4a058caefa4620fda29a/users/f61037edd0b240a68f4c33fca4512cbd/roles/54b5961c243a424483181f2b63863a51 0.028s
2025-04-17 06:32:59.372 70255 INFO tempest.lib.common.rest_client [req-17a1084a-e714-4700-aa7c-5f13bee6f85e req-17a1084a-e714-4700-aa7c-5f13bee6f85e ] Request (MultipleCreateTestJSON:test_multiple_create): 200 GET http://10.180.1.21/compute/v2.1/servers/06d30534-b9cb-4d8b-8a70-3a0941d5c718 0.752s
2025-04-17 06:32:59.426 70213 INFO tempest.lib.common.rest_client [req-d37e2797-e0ac-496b-b462-75c8b8763091 req-d37e2797-e0ac-496b-b462-75c8b8763091 ] Request (QuotaClassesAdminTestJSON:setUpClass): 200 GET http://10.180.1.21/identity/v3/roles 0.059s
2025-04-17 06:32:59.443 70213 INFO tempest.lib.common.rest_client [req-df0fe06d-c6b4-4cf3-aa3e-b8055baf3413 req-df0fe06d-c6b4-4cf3-aa3e-b8055baf3413 ] Request (QuotaClassesAdminTestJSON:setUpClass): 204 PUT http://10.180.1.21/identity/v3/projects/d869a10bcf3a4a058caefa4620fda29a/users/f61037edd0b240a68f4c33fca4512cbd/roles/54b5961c243a424483181f2b63863a51 0.016s
2025-04-17 06:32:59.443 70213 INFO tempest.lib.common.dynamic_creds [-] Dynamic test user f61037edd0b240a68f4c33fca4512cbd is created with scope project and roles: ['admin']
2025-04-17 06:32:59.443 70213 INFO tempest.lib.common.dynamic_creds [-] Acquired dynamic creds: credentials: Credentials: {'domain_id': 'default', 'domain_name': 'Default', 'username': 'tempest-QuotaClassesAdminTestJSON-1755796230-project-admin', 'project_domain_id': 'default', 'project_domain_name': 'Default', 'project_id': 'd869a10bcf3a4a058caefa4620fda29a', 'project_name': 'tempest-QuotaClassesAdminTestJSON-1755796230', 'tenant_id': 'd869a10bcf3a4a058caefa4620fda29a', 'tenant_name': 'tempest-QuotaClassesAdminTestJSON-1755796230', 'user_domain_id': 'default', 'user_domain_name': 'Default', 'user_id': 'f61037edd0b240a68f4c33fca4512cbd', 'system': None}, Network: None, Subnet: None, Router: None
2025-04-17 06:32:59.443 70213 INFO tempest.lib.common.dynamic_creds [-] Created isolated network resources for: credentials: Credentials: {'domain_id': 'default', 'domain_name': 'Default', 'username': 'tempest-QuotaClassesAdminTestJSON-1755796230-project-admin', 'project_domain_id': 'default', 'project_domain_name': 'Default', 'project_id': 'd869a10bcf3a4a058caefa4620fda29a', 'project_name': 'tempest-QuotaClassesAdminTestJSON-1755796230', 'tenant_id': 'd869a10bcf3a4a058caefa4620fda29a', 'tenant_name': 'tempest-QuotaClassesAdminTestJSON-1755796230', 'user_domain_id': 'default', 'user_domain_name': 'Default', 'user_id': 'f61037edd0b240a68f4c33fca4512cbd', 'system': None}, Network: None, Subnet: None, Router: None
2025-04-17 06:32:59.450 70233 INFO tempest.lib.common.rest_client [req-a5647562-9588-48e2-9a84-af9713405131 req-a5647562-9588-48e2-9a84-af9713405131 ] Request (MigrationsAdminTest:test_list_migrations_in_flavor_resize_situation): 200 GET http://10.180.1.21/compute/v2.1/servers/56f6e706-fab6-4a88-94f1-dd371d165fce 0.585s
2025-04-17 06:32:59.458 70233 INFO tempest.common.waiters [-] State transition "RESIZE/resize_prep" ==> "RESIZE/resize_migrating" after 22 second wait
2025-04-17 06:32:59.530 70259 INFO tempest.lib.common.rest_client [req-1624225a-8c68-45f1-ab66-26101988c7f4 req-1624225a-8c68-45f1-ab66-26101988c7f4 ] Request (ImagesOneServerTestJSON:setUpClass): 200 GET http://10.180.1.21/compute/v2.1/servers/318fc7d7-ef9d-4ddc-82dd-54f715fd70aa 0.588s
2025-04-17 06:32:59.540 70213 INFO tempest.lib.common.rest_client [req-dccaebf3-20a9-4a3e-9108-47a53ebde965 req-dccaebf3-20a9-4a3e-9108-47a53ebde965 ] Request (QuotaClassesAdminTestJSON:setUpClass): 201 POST http://10.180.1.21/identity/v3/auth/tokens 0.094s
2025-04-17 06:32:59.616 70261 INFO tempest.lib.common.rest_client [req-6ebb1be3-4073-4462-a2c7-3bccec510bce req-6ebb1be3-4073-4462-a2c7-3bccec510bce ] Request (ServersV294TestFqdnHostnames:setUpClass): 201 POST http://10.180.1.21:9696/networking/v2.0/subnets 0.257s
2025-04-17 06:32:59.759 70251 INFO tempest.lib.common.rest_client [req-7e18a6c6-53a1-447b-be95-3cb8551b9728 req-7e18a6c6-53a1-447b-be95-3cb8551b9728 ] Request (SecurityGroupsTestAdminJSON:test_list_security_groups_list_all_tenants_filter): 200 GET http://10.180.1.21/compute/v2.1/os-security-groups?all_tenants=true 0.856s
2025-04-17 06:32:59.775 70245 INFO tempest.lib.common.rest_client [req-eac39e94-d8a8-47ed-ba74-0ae3c7bd36c6 req-eac39e94-d8a8-47ed-ba74-0ae3c7bd36c6 ] Request (ServersAdminNegativeTestJSON:setUpClass): 200 GET http://10.180.1.21/compute/v2.1/servers/bb7f5f01-e6c5-4b39-90d1-32900180ea30 0.741s
2025-04-17 06:32:59.849 70225 INFO tempest.lib.common.rest_client [req-e7a15676-9d9c-49ec-95f6-e8d0d3352e7c req-e7a15676-9d9c-49ec-95f6-e8d0d3352e7c ] Request (ServersAdminTestJSON:setUpClass): 200 GET http://10.180.1.21/compute/v2.1/servers/0fe5eaca-9df4-4352-beae-da23a386aa2a 0.739s
2025-04-17 06:32:59.866 70243 INFO tempest.lib.common.rest_client [req-1e29cbfe-a6cc-4dff-ab3d-5d3001bd5597 req-1e29cbfe-a6cc-4dff-ab3d-5d3001bd5597 ] Request (ServersAdmin275Test:tearDownClass): 204 DELETE http://10.180.1.21/compute/v2.1/servers/1e74eb41-3368-47e2-a17f-2a239b873b67 0.806s
2025-04-17 06:32:59.931 70275 INFO tempest.lib.common.rest_client [req-3ec4efcf-6789-4709-8c04-069f1c345ddd req-3ec4efcf-6789-4709-8c04-069f1c345ddd ] Request (ServerActionsTestJSON:setUpClass): 200 GET http://10.180.1.21/compute/v2.1/servers/bbf445db-282d-4c48-a947-c412207b74ae 0.735s
2025-04-17 06:32:59.983 70271 INFO tempest.lib.common.rest_client [req-717cd24d-6574-4c13-aa2a-a6c389ce689b req-717cd24d-6574-4c13-aa2a-a6c389ce689b ] Request (TenantUsagesTestJSON:test_list_usage_all_tenants): 200 GET http://10.180.1.21/compute/v2.1/os-simple-tenant-usage?start=2025-04-16T06%3A32%3A56.854689&end=2025-04-18T06%3A32%3A56.854689&detailed=1 0.724s
2025-04-17 06:33:00.017 70227 INFO tempest.lib.common.rest_client [req-837633db-cfef-4181-9ef5-5c8557efc046 req-837633db-cfef-4181-9ef5-5c8557efc046 ] Request (FlavorsAdminTestJSON:_run_cleanups): 200 GET http://10.180.1.21/compute/v2.1/flavors/detail 0.741s
2025-04-17 06:33:00.098 70221 INFO tempest.lib.common.rest_client [req-388d0ee6-7fca-4662-a33b-3dc38f620de1 req-388d0ee6-7fca-4662-a33b-3dc38f620de1 ] Request (ServersTestJSON:setUpClass): 200 GET http://10.180.1.21/compute/v2.1/servers/b9463fd0-5f03-40a6-a034-45a65ecfac47 0.823s
2025-04-17 06:33:00.160 70247 INFO tempest.lib.common.rest_client [req-acaea749-62ee-40dd-aa5a-089030739120 req-acaea749-62ee-40dd-aa5a-089030739120 ] Request (ServerAddressesTestJSON:setUpClass): 200 GET http://10.180.1.21/compute/v2.1/servers/0aa89c17-e719-47b3-afad-0cfda90cb504 0.818s
2025-04-17 06:33:00.178 70273 INFO tempest.lib.common.rest_client [req-1c190da9-3aeb-4de3-9474-b51201a3a2d6 req-1c190da9-3aeb-4de3-9474-b51201a3a2d6 ] Request (ServersTestBootFromVolume:setUpClass): 200 PUT http://10.180.1.21:9696/networking/v2.0/floatingips/a73721a9-6c01-4c34-83a6-5be04ca9daac 1.004s
2025-04-17 06:33:00.215 70249 INFO tempest.lib.common.rest_client [req-76a81a8a-182d-410c-b3cd-429035f4c719 req-76a81a8a-182d-410c-b3cd-429035f4c719 ] Request (ImagesNegativeTestJSON:test_create_image_from_deleted_server): 200 GET http://10.180.1.21/compute/v2.1/servers/74d236c3-e499-4b37-abc2-ad8fb5a81a4a 0.809s
2025-04-17 06:33:00.277 70223 INFO tempest.lib.common.rest_client [req-7e52e599-d867-4d02-9844-5521a614b046 req-7e52e599-d867-4d02-9844-5521a614b046 ] Request (DeleteServersAdminTestJSON:test_delete_server_while_in_error_state): 200 GET http://10.180.1.21/compute/v2.1/servers/59d6c8b0-988f-4f6c-a230-5add6097b6d2 0.822s
2025-04-17 06:33:00.294 70215 INFO tempest.lib.common.rest_client [req-52025858-9ec8-429c-8b98-9746a37d3295 req-52025858-9ec8-429c-8b98-9746a37d3295 ] Request (ServerExternalEventsTest:test_create_server_external_events): 202 POST http://10.180.1.21/compute/v2.1/servers 1.137s
2025-04-17 06:33:00.324 70213 INFO tempest.lib.common.rest_client [req-fa66c4d4-6245-40ea-93de-01e807e8b13b req-fa66c4d4-6245-40ea-93de-01e807e8b13b ] Request (QuotaClassesAdminTestJSON:test_update_default_quotas): 200 GET http://10.180.1.21/compute/v2.1/os-quota-class-sets/default 0.782s
2025-04-17 06:33:00.373 70267 INFO tempest.lib.common.rest_client [req-107bdc2d-cbbd-4e2c-83c7-4e4927d32a66 req-107bdc2d-cbbd-4e2c-83c7-4e4927d32a66 ] Request (ServerDiagnosticsTest:tearDownClass): 200 GET http://10.180.1.21/compute/v2.1/servers/f7b42285-781e-4ace-a575-befaf310196f 0.663s
2025-04-17 06:33:00.434 70261 INFO tempest.lib.common.rest_client [req-c17ce712-d93c-4423-be47-ab93422176df req-c17ce712-d93c-4423-be47-ab93422176df ] Request (ServersV294TestFqdnHostnames:setUpClass): 201 POST http://10.180.1.21:9696/networking/v2.0/routers 0.817s
2025-04-17 06:33:00.438 70265 INFO tempest.lib.common.rest_client [req-8f95dde3-423b-40b4-8768-1b6e27c4eed6 req-8f95dde3-423b-40b4-8768-1b6e27c4eed6 ] Request (InstanceActionsTestJSON:tearDownClass): 200 GET http://10.180.1.21/compute/v2.1/servers/a9714630-63fc-40ae-959d-d86efa039ff6 0.626s
2025-04-17 06:33:00.466 70251 INFO tempest.lib.common.rest_client [req-068a6e18-2db8-4e0e-ac1b-8ea1afa773f0 req-068a6e18-2db8-4e0e-ac1b-8ea1afa773f0 ] Request (SecurityGroupsTestAdminJSON:_run_cleanups): 202 DELETE http://10.180.1.21/compute/v2.1/os-security-groups/0c89f62b-11c3-4abb-936f-f04945322a08 0.701s
2025-04-17 06:33:00.510 70243 INFO tempest.lib.common.rest_client [req-635171b3-bfd6-491f-b83d-949d2946520e req-635171b3-bfd6-491f-b83d-949d2946520e ] Request (ServersAdmin275Test:tearDownClass): 200 GET http://10.180.1.21/compute/v2.1/servers/1e74eb41-3368-47e2-a17f-2a239b873b67 0.644s
2025-04-17 06:33:00.534 70263 INFO tempest.lib.common.rest_client [req-d96d78f8-97bf-4c4b-80a6-36c73a994f4d req-d96d78f8-97bf-4c4b-80a6-36c73a994f4d ] Request (ServerRescueTestJSONUnderV235:setUpClass): 200 GET http://10.180.1.21/compute/v2.1/servers/43e4da4f-1e2e-4f76-b788-dd6ca8493941 0.631s
2025-04-17 06:33:00.565 70253 INFO tempest.lib.common.rest_client [req-26691835-7740-476c-ac17-cf4ba7a734ad req-26691835-7740-476c-ac17-cf4ba7a734ad ] Request (VolumesAdminNegativeTest:test_update_attached_volume_with_nonexistent_volume_in_body): 200 GET http://10.180.1.21/compute/v2.1/servers/5842217c-1476-4585-9770-b5dd4445e453 0.600s
2025-04-17 06:33:00.588 70269 INFO tempest.lib.common.rest_client [req-69f4e217-3d46-45d9-a993-cdbaaac9e0b4 req-69f4e217-3d46-45d9-a993-cdbaaac9e0b4 ] Request (ServersTestJSON:test_create_server_with_ipv6_addr_only): 200 GET http://10.180.1.21/compute/v2.1/servers/2349e89a-3181-440a-bcf3-58df8abe2499 0.616s
2025-04-17 06:33:00.606 70227 INFO tempest.lib.common.rest_client [req-e243dcb0-290e-4835-b006-b36c9c93778c req-e243dcb0-290e-4835-b006-b36c9c93778c ] Request (FlavorsAdminTestJSON:_run_cleanups): 202 DELETE http://10.180.1.21/compute/v2.1/flavors/2012357958 0.584s
2025-04-17 06:33:00.648 70271 INFO tempest.lib.common.rest_client [req-6d0359e1-8d10-44cc-ad14-c65931aad429 req-6d0359e1-8d10-44cc-ad14-c65931aad429 ] Request (TenantUsagesTestJSON:tearDownClass): 204 DELETE http://10.180.1.21/compute/v2.1/servers/ceabd946-b81f-47f3-8faa-1c4c858b5a9e 0.655s
2025-04-17 06:33:00.666 70237 INFO tempest.lib.common.rest_client [req-23da6f1e-d379-4610-ae1e-530e1fe6bcf6 req-23da6f1e-d379-4610-ae1e-530e1fe6bcf6 ] Request (SecurityGroupsTestJSON:test_list_security_groups_by_server): 200 GET http://10.180.1.21/compute/v2.1/servers/69bb138f-ff3e-4e52-af29-1113d378eced 0.629s
2025-04-17 06:33:00.701 70219 INFO tempest.lib.common.rest_client [req-1a60c30e-3758-4993-9556-ea6df0a58b05 req-1a60c30e-3758-4993-9556-ea6df0a58b05 ] Request (FloatingIPsAssociationTestJSON:setUpClass): 200 GET http://10.180.1.21/compute/v2.1/servers/51f89421-5ba3-4a3c-bc62-6cd4173328ef 0.561s
2025-04-17 06:33:00.738 70217 INFO tempest.lib.common.rest_client [req-78f780ba-86c0-4815-94dd-84768b523258 req-78f780ba-86c0-4815-94dd-84768b523258 ] Request (ImagesTestJSON:test_create_image_from_stopped_server): 200 GET http://10.180.1.21/compute/v2.1/images/cc60bb8e-b696-4032-9cd0-235962094888 0.518s
2025-04-17 06:33:00.793 70235 INFO tempest.lib.common.rest_client [req-2c00606a-1922-4160-a446-dc6a21a56ac6 req-2c00606a-1922-4160-a446-dc6a21a56ac6 ] Request (InstanceActionsV221TestJSON:test_get_list_deleted_instance_actions): 200 GET http://10.180.1.21/compute/v2.1/servers/84ded1d2-9a4c-4c61-b2aa-f7dc87c244f1 0.553s
2025-04-17 06:33:00.812 70273 INFO tempest.lib.common.rest_client [req-cf32b84f-9a7b-4e67-9b1b-07f4064b173b req-cf32b84f-9a7b-4e67-9b1b-07f4064b173b ] Request (ServersTestBootFromVolume:setUpClass): 200 GET http://10.180.1.21/compute/v2.1/servers/33c412e2-353f-4fef-bed7-8879d0286b19 0.634s
2025-04-17 06:33:00.824 70273 INFO tempest.lib.common.ssh [-] Creating ssh connection to '10.180.180.221:22' as 'cirros' with public key authentication
2025-04-17 06:33:00.844 70215 INFO tempest.lib.common.rest_client [req-b9492f11-6194-4432-9127-bc69fe376b29 req-b9492f11-6194-4432-9127-bc69fe376b29 ] Request (ServerExternalEventsTest:test_create_server_external_events): 200 GET http://10.180.1.21/compute/v2.1/servers/040f1d17-73f4-44a1-9302-d67de3eac768 0.548s
2025-04-17 06:33:00.941 70213 INFO tempest.lib.common.rest_client [req-ffe26ddf-d60f-4c1e-9d51-ca9f66435af1 req-ffe26ddf-d60f-4c1e-9d51-ca9f66435af1 ] Request (QuotaClassesAdminTestJSON:test_update_default_quotas): 200 PUT http://10.180.1.21/compute/v2.1/os-quota-class-sets/default 0.613s
2025-04-17 06:33:00.945 70255 INFO tempest.lib.common.rest_client [req-9cb53c9b-e18a-48bb-bad9-a0466c511af2 req-9cb53c9b-e18a-48bb-bad9-a0466c511af2 ] Request (MultipleCreateTestJSON:test_multiple_create): 200 GET http://10.180.1.21/compute/v2.1/servers/06d30534-b9cb-4d8b-8a70-3a0941d5c718 0.565s
2025-04-17 06:33:01.078 70233 INFO tempest.lib.common.rest_client [req-55b3264e-83a7-477a-bf5a-36b25e51dacc req-55b3264e-83a7-477a-bf5a-36b25e51dacc ] Request (MigrationsAdminTest:test_list_migrations_in_flavor_resize_situation): 200 GET http://10.180.1.21/compute/v2.1/servers/56f6e706-fab6-4a88-94f1-dd371d165fce 0.619s
2025-04-17 06:33:01.086 70251 INFO tempest.lib.common.rest_client [req-8760342c-36e2-48e0-8f4b-79d86de39f95 req-8760342c-36e2-48e0-8f4b-79d86de39f95 ] Request (SecurityGroupsTestAdminJSON:_run_cleanups): 202 DELETE http://10.180.1.21/compute/v2.1/os-security-groups/d8f549c3-4836-4049-bdfa-b140bd8e2a5c 0.620s
2025-04-17 06:33:01.117 70227 INFO tempest.lib.common.rest_client [req-f87e46b1-1a2b-4537-b7be-11859d908f5e req-f87e46b1-1a2b-4537-b7be-11859d908f5e ] Request (FlavorsAdminTestJSON:_run_cleanups): 200 GET http://10.180.1.21/compute/v2.1/flavors/detail 0.510s
2025-04-17 06:33:01.159 70259 INFO tempest.lib.common.rest_client [req-473079c8-413f-49ce-8563-b602cc32e069 req-473079c8-413f-49ce-8563-b602cc32e069 ] Request (ImagesOneServerTestJSON:setUpClass): 200 GET http://10.180.1.21/compute/v2.1/servers/318fc7d7-ef9d-4ddc-82dd-54f715fd70aa 0.616s
2025-04-17 06:33:01.211 70245 INFO tempest.lib.common.rest_client [req-7463dbab-beaf-4267-8c6c-59476cfb30a7 req-7463dbab-beaf-4267-8c6c-59476cfb30a7 ] Request (ServersAdminNegativeTestJSON:setUpClass): 200 GET http://10.180.1.21/compute/v2.1/servers/bb7f5f01-e6c5-4b39-90d1-32900180ea30 0.429s
2025-04-17 06:33:01.226 70271 INFO tempest.lib.common.rest_client [req-69f16c08-e654-4669-b9fe-5b81d9314b0c req-69f16c08-e654-4669-b9fe-5b81d9314b0c ] Request (TenantUsagesTestJSON:tearDownClass): 200 GET http://10.180.1.21/compute/v2.1/servers/ceabd946-b81f-47f3-8faa-1c4c858b5a9e 0.578s
2025-04-17 06:33:01.260 70225 INFO tempest.lib.common.rest_client [req-0063d544-cf5f-4c52-8ffa-11f01dec4233 req-0063d544-cf5f-4c52-8ffa-11f01dec4233 ] Request (ServersAdminTestJSON:setUpClass): 200 GET http://10.180.1.21/compute/v2.1/servers/0fe5eaca-9df4-4352-beae-da23a386aa2a 0.402s
2025-04-17 06:33:01.272 70213 INFO tempest.lib.common.rest_client [req-d2c7f0a9-31f6-4ac5-a421-7e13a87b1e98 req-d2c7f0a9-31f6-4ac5-a421-7e13a87b1e98 ] Request (QuotaClassesAdminTestJSON:test_update_default_quotas): 200 GET http://10.180.1.21/compute/v2.1/os-quota-class-sets/default 0.329s
2025-04-17 06:33:01.280 70275 INFO tempest.lib.common.rest_client [req-bb14c685-8211-42dd-a522-3b54cf1d9a28 req-bb14c685-8211-42dd-a522-3b54cf1d9a28 ] Request (ServerActionsTestJSON:setUpClass): 200 GET http://10.180.1.21/compute/v2.1/servers/bbf445db-282d-4c48-a947-c412207b74ae 0.336s
2025-04-17 06:33:01.345 70221 INFO tempest.lib.common.rest_client [req-6b039ad2-9c50-4111-8be0-ff9533999649 req-6b039ad2-9c50-4111-8be0-ff9533999649 ] Request (ServersTestJSON:setUpClass): 200 GET http://10.180.1.21/compute/v2.1/servers/b9463fd0-5f03-40a6-a034-45a65ecfac47 0.239s
2025-04-17 06:33:01.353 70221 INFO tempest.common.waiters [-] State transition "BUILD/None" ==> "BUILD/networking" after 30 second wait
2025-04-17 06:33:01.360 70227 INFO tempest.lib.common.rest_client [req-27e37a3a-8581-4314-b527-447b6adcb6ef req-27e37a3a-8581-4314-b527-447b6adcb6ef ] Request (FlavorsAdminTestJSON:test_list_non_public_flavor): 200 POST http://10.180.1.21/compute/v2.1/flavors 0.237s
2025-04-17 06:33:01.373 70251 INFO tempest.lib.common.rest_client [req-04ab7c6c-964b-4a79-ac4a-6d6051406618 req-04ab7c6c-964b-4a79-ac4a-6d6051406618 ] Request (SecurityGroupsTestAdminJSON:_run_cleanups): 202 DELETE http://10.180.1.21/compute/v2.1/os-security-groups/818d681c-d9e8-4f71-bca8-ad4cc4115002 0.286s
2025-04-17 06:33:01.433 70247 INFO tempest.lib.common.rest_client [req-ba3dc3a8-624b-4204-97f9-7ae26e9b6a23 req-ba3dc3a8-624b-4204-97f9-7ae26e9b6a23 ] Request (ServerAddressesTestJSON:setUpClass): 200 GET http://10.180.1.21/compute/v2.1/servers/0aa89c17-e719-47b3-afad-0cfda90cb504 0.264s
2025-04-17 06:33:01.450 70249 INFO tempest.lib.common.rest_client [req-78f5dede-c193-44ee-97a0-4efa3b4c4131 req-78f5dede-c193-44ee-97a0-4efa3b4c4131 ] Request (ImagesNegativeTestJSON:test_create_image_from_deleted_server): 200 GET http://10.180.1.21/compute/v2.1/servers/74d236c3-e499-4b37-abc2-ad8fb5a81a4a 0.221s
2025-04-17 06:33:01.477 70213 INFO tempest.lib.common.rest_client [req-c819d9f5-25f1-4fef-9391-b2a5fbf8e2ab req-c819d9f5-25f1-4fef-9391-b2a5fbf8e2ab ] Request (QuotaClassesAdminTestJSON:_run_cleanups): 200 PUT http://10.180.1.21/compute/v2.1/os-quota-class-sets/default 0.203s
2025-04-17 06:33:01.515 70223 INFO tempest.lib.common.rest_client [req-6d256c7a-9039-44cb-8fa8-67647fe3f2e3 req-6d256c7a-9039-44cb-8fa8-67647fe3f2e3 ] Request (DeleteServersAdminTestJSON:test_delete_server_while_in_error_state): 200 GET http://10.180.1.21/compute/v2.1/servers/59d6c8b0-988f-4f6c-a230-5add6097b6d2 0.228s
2025-04-17 06:33:01.532 70227 INFO tempest.lib.common.rest_client [req-5432a27a-d0c3-4b61-8f1c-c727fabe66cb req-5432a27a-d0c3-4b61-8f1c-c727fabe66cb ] Request (FlavorsAdminTestJSON:test_list_non_public_flavor): 200 GET http://10.180.1.21/compute/v2.1/flavors/detail 0.168s
2025-04-17 06:33:01.607 70267 INFO tempest.lib.common.rest_client [req-40a0cc0f-3ea7-43d6-ae8a-b7ccaf362652 req-40a0cc0f-3ea7-43d6-ae8a-b7ccaf362652 ] Request (ServerDiagnosticsTest:tearDownClass): 200 GET http://10.180.1.21/compute/v2.1/servers/f7b42285-781e-4ace-a575-befaf310196f 0.223s
2025-04-17 06:33:01.649 70213 INFO tempest.lib.common.rest_client [req-3b0513eb-63c6-48df-8bc1-da7fad8d87dd req-3b0513eb-63c6-48df-8bc1-da7fad8d87dd ] Request (QuotaClassesAdminTestJSON:tearDownClass): 204 DELETE http://10.180.1.21/identity/v3/users/6cafdad9ba8b4c0c878a3d9e05b04468 0.167s
2025-04-17 06:33:01.705 70265 INFO tempest.lib.common.rest_client [req-a1aecec3-fc5c-4540-8e2f-d8aa8febc384 req-a1aecec3-fc5c-4540-8e2f-d8aa8febc384 ] Request (InstanceActionsTestJSON:tearDownClass): 200 GET http://10.180.1.21/compute/v2.1/servers/a9714630-63fc-40ae-959d-d86efa039ff6 0.259s
2025-04-17 06:33:01.747 70251 INFO tempest.lib.common.rest_client [req-1dd69de8-b7f0-4170-b847-eb88ea798d46 req-1dd69de8-b7f0-4170-b847-eb88ea798d46 ] Request (SecurityGroupsTestAdminJSON:_run_cleanups): 202 DELETE http://10.180.1.21/compute/v2.1/os-security-groups/f29d9c0d-3418-4409-bd71-a9859654d888 0.370s
2025-04-17 06:33:01.775 70227 INFO tempest.lib.common.rest_client [req-48c391f3-6430-4ae7-bddc-fe911e75a6bb req-48c391f3-6430-4ae7-bddc-fe911e75a6bb ] Request (FlavorsAdminTestJSON:test_list_non_public_flavor): 200 GET http://10.180.1.21/compute/v2.1/flavors/detail 0.234s
2025-04-17 06:33:01.792 70243 INFO tempest.lib.common.rest_client [req-f7410498-9629-499a-a4e1-d322d4d39551 req-f7410498-9629-499a-a4e1-d322d4d39551 ] Request (ServersAdmin275Test:tearDownClass): 200 GET http://10.180.1.21/compute/v2.1/servers/1e74eb41-3368-47e2-a17f-2a239b873b67 0.267s
2025-04-17 06:33:01.800 70213 INFO tempest.lib.common.rest_client [req-c2dd91e1-0e22-4937-ad0b-0341c233efe1 req-c2dd91e1-0e22-4937-ad0b-0341c233efe1 ] Request (QuotaClassesAdminTestJSON:tearDownClass): 204 DELETE http://10.180.1.21/identity/v3/users/f61037edd0b240a68f4c33fca4512cbd 0.150s
2025-04-17 06:33:01.800 70213 INFO tempest.lib.common.dynamic_creds [-] Deleting project and security group for project: d869a10bcf3a4a058caefa4620fda29a
2025-04-17 06:33:01.882 70263 INFO tempest.lib.common.rest_client [req-48721431-5762-48c1-8f88-4ab1c28be509 req-48721431-5762-48c1-8f88-4ab1c28be509 ] Request (ServerRescueTestJSONUnderV235:setUpClass): 200 GET http://10.180.1.21/compute/v2.1/servers/43e4da4f-1e2e-4f76-b788-dd6ca8493941 0.339s
2025-04-17 06:33:01.895 70253 INFO tempest.lib.common.rest_client [req-20b4ff5f-4552-4436-b29f-64657ee78309 req-20b4ff5f-4552-4436-b29f-64657ee78309 ] Request (VolumesAdminNegativeTest:test_update_attached_volume_with_nonexistent_volume_in_body): 200 GET http://10.180.1.21/compute/v2.1/servers/5842217c-1476-4585-9770-b5dd4445e453 0.321s
2025-04-17 06:33:01.903 70213 INFO tempest.lib.common.rest_client [req-4c03a44a-8529-4ea7-ab95-0f1b2a68637f req-4c03a44a-8529-4ea7-ab95-0f1b2a68637f ] Request (QuotaClassesAdminTestJSON:tearDownClass): 201 POST http://10.180.1.21/identity/v3/auth/tokens 0.102s
2025-04-17 06:33:01.910 70251 INFO tempest.lib.common.rest_client [req-79cee5fc-b41e-40b3-8ca4-1d4df2038083 req-79cee5fc-b41e-40b3-8ca4-1d4df2038083 ] Request (SecurityGroupsTestAdminJSON:tearDownClass): 204 DELETE http://10.180.1.21/identity/v3/users/666f3e6c717e4a47980c631fc2b373b1 0.161s
2025-04-17 06:33:01.938 70261 INFO tempest.lib.common.rest_client [req-52c4bf02-a6c0-4964-905f-8a988f3d0477 req-52c4bf02-a6c0-4964-905f-8a988f3d0477 ] Request (ServersV294TestFqdnHostnames:setUpClass): 200 PUT http://10.180.1.21:9696/networking/v2.0/routers/fe879755-e62b-4134-b979-9fe506984305/add_router_interface 1.503s
2025-04-17 06:33:01.939 70261 INFO tempest.lib.common.dynamic_creds [-] Created isolated network resources for: credentials: Credentials: {'domain_id': 'default', 'domain_name': 'Default', 'username': 'tempest-ServersV294TestFqdnHostnames-1768375002-project-member', 'project_domain_id': 'default', 'project_domain_name': 'Default', 'project_id': 'f7ab6d8b9fd9429f9146f260b95f2005', 'project_name': 'tempest-ServersV294TestFqdnHostnames-1768375002', 'tenant_id': 'f7ab6d8b9fd9429f9146f260b95f2005', 'tenant_name': 'tempest-ServersV294TestFqdnHostnames-1768375002', 'user_domain_id': 'default', 'user_domain_name': 'Default', 'user_id': 'c65645e200d2492ea84c28943c029518', 'system': None}, Network: {'id': '422e6785-4afd-4aef-8298-fac33b31191d', 'name': 'tempest-ServersV294TestFqdnHostnames-2091276256-network', 'tenant_id': 'f7ab6d8b9fd9429f9146f260b95f2005', 'admin_state_up': True, 'mtu': 8950, 'status': 'ACTIVE', 'subnets': [], 'shared': False, 'project_id': 'f7ab6d8b9fd9429f9146f260b95f2005', 'port_security_enabled': True, 'router:external': False, 'provider:network_type': 'vlan', 'provider:physical_network': 'default', 'provider:segmentation_id': 682, 'availability_zone_hints': [], 'availability_zones': [], 'ipv4_address_scope': None, 'ipv6_address_scope': None, 'description': '', 'tags': [], 'created_at': '2025-04-17T06:32:59Z', 'updated_at': '2025-04-17T06:32:59Z', 'revision_number': 1}, Subnet: {'id': '2a6081eb-b981-47c3-ad8e-b4cff77afb61', 'name': 'tempest-ServersV294TestFqdnHostnames-2091276256-subnet', 'tenant_id': 'f7ab6d8b9fd9429f9146f260b95f2005', 'network_id': '422e6785-4afd-4aef-8298-fac33b31191d', 'ip_version': 4, 'subnetpool_id': None, 'enable_dhcp': True, 'ipv6_ra_mode': None, 'ipv6_address_mode': None, 'gateway_ip': '192.168.128.1', 'cidr': '192.168.128.0/28', 'allocation_pools': [{'start': '192.168.128.2', 'end': '192.168.128.14'}], 'host_routes': [], 'dns_nameservers': [], 'description': '', 'router:external': False, 'service_types': [], 'tags': [], 'created_at': '2025-04-17T06:32:59Z', 'updated_at': '2025-04-17T06:32:59Z', 'revision_number': 0, 'project_id': 'f7ab6d8b9fd9429f9146f260b95f2005'}, Router: {'id': 'fe879755-e62b-4134-b979-9fe506984305', 'name': 'tempest-ServersV294TestFqdnHostnames-2091276256-router', 'tenant_id': 'f7ab6d8b9fd9429f9146f260b95f2005', 'admin_state_up': True, 'status': 'ACTIVE', 'external_gateway_info': {'network_id': 'ff77a3b4-795c-49b1-a85e-5213f9577ebc', 'external_fixed_ips': [{'subnet_id': 'ed9b07ea-5cbe-42b2-9b82-ee952284c3f6', 'ip_address': '10.180.180.137'}], 'enable_snat': True}, 'description': '', 'availability_zones': [], 'distributed': False, 'ha': False, 'availability_zone_hints': [], 'routes': [], 'flavor_id': None, 'tags': [], 'created_at': '2025-04-17T06:32:59Z', 'updated_at': '2025-04-17T06:33:00Z', 'revision_number': 2, 'project_id': 'f7ab6d8b9fd9429f9146f260b95f2005'}
2025-04-17 06:33:01.971 70269 INFO tempest.lib.common.rest_client [req-2940cb0a-6ed7-4b73-aa85-cb1e2fb0f635 req-2940cb0a-6ed7-4b73-aa85-cb1e2fb0f635 ] Request (ServersTestJSON:test_create_server_with_ipv6_addr_only): 200 GET http://10.180.1.21/compute/v2.1/servers/2349e89a-3181-440a-bcf3-58df8abe2499 0.370s
2025-04-17 06:33:01.989 70237 INFO tempest.lib.common.rest_client [req-90d8ea5f-2b44-41ed-b1d6-50bbf3523a28 req-90d8ea5f-2b44-41ed-b1d6-50bbf3523a28 ] Request (SecurityGroupsTestJSON:test_list_security_groups_by_server): 200 GET http://10.180.1.21/compute/v2.1/servers/69bb138f-ff3e-4e52-af29-1113d378eced 0.314s
2025-04-17 06:33:02.045 70217 INFO tempest.lib.common.rest_client [req-d50c67de-870e-40cd-beeb-72ba4123dd66 req-d50c67de-870e-40cd-beeb-72ba4123dd66 ] Request (ImagesTestJSON:test_create_image_from_stopped_server): 200 GET http://10.180.1.21/compute/v2.1/images/cc60bb8e-b696-4032-9cd0-235962094888 0.301s
2025-04-17 06:33:02.050 70251 INFO tempest.lib.common.rest_client [req-d3bae027-9f66-4daf-8a18-14feed563ea0 req-d3bae027-9f66-4daf-8a18-14feed563ea0 ] Request (SecurityGroupsTestAdminJSON:tearDownClass): 204 DELETE http://10.180.1.21/identity/v3/users/2596af016f7a4780a8e84517e82e9c17 0.140s
2025-04-17 06:33:02.050 70251 INFO tempest.lib.common.dynamic_creds [-] Deleting project and security group for project: 791ab6c41154481dbb52113284e560bb
2025-04-17 06:33:02.057 70219 INFO tempest.lib.common.rest_client [req-e36ecfad-9dd6-4029-a121-b3b0ead8ccd9 req-e36ecfad-9dd6-4029-a121-b3b0ead8ccd9 ] Request (FloatingIPsAssociationTestJSON:setUpClass): 200 GET http://10.180.1.21/compute/v2.1/servers/51f89421-5ba3-4a3c-bc62-6cd4173328ef 0.346s
2025-04-17 06:33:02.081 70227 INFO tempest.lib.common.rest_client [req-c37b4dab-e26c-4d3d-93a7-f909a4d86255 req-c37b4dab-e26c-4d3d-93a7-f909a4d86255 ] Request (FlavorsAdminTestJSON:_run_cleanups): 202 DELETE http://10.180.1.21/compute/v2.1/flavors/817374472 0.297s
2025-04-17 06:33:02.117 70235 INFO tempest.lib.common.rest_client [req-f331a46d-fb18-49b3-84a7-473fa8fbf161 req-f331a46d-fb18-49b3-84a7-473fa8fbf161 ] Request (InstanceActionsV221TestJSON:test_get_list_deleted_instance_actions): 200 GET http://10.180.1.21/compute/v2.1/servers/84ded1d2-9a4c-4c61-b2aa-f7dc87c244f1 0.312s
2025-04-17 06:33:02.125 70251 INFO tempest.lib.common.rest_client [req-66e968cf-9472-4955-b61f-beb185ab49f6 req-66e968cf-9472-4955-b61f-beb185ab49f6 ] Request (SecurityGroupsTestAdminJSON:tearDownClass): 201 POST http://10.180.1.21/identity/v3/auth/tokens 0.075s
2025-04-17 06:33:02.143 70215 INFO tempest.lib.common.rest_client [req-e83803ad-5946-4848-8bfa-0046fd36b2ca req-e83803ad-5946-4848-8bfa-0046fd36b2ca ] Request (ServerExternalEventsTest:test_create_server_external_events): 200 GET http://10.180.1.21/compute/v2.1/servers/040f1d17-73f4-44a1-9302-d67de3eac768 0.286s
2025-04-17 06:33:02.144 70261 INFO tempest.lib.common.rest_client [req-90e42a19-6a97-4954-b1c2-2cb5324dd667 req-90e42a19-6a97-4954-b1c2-2cb5324dd667 ] Request (ServersV294TestFqdnHostnames:setUpClass): 201 POST http://10.180.1.21/identity/v3/auth/tokens 0.198s
2025-04-17 06:33:02.170 70213 INFO tempest.lib.common.rest_client [req-5a3789ab-1a06-4579-aec0-24185db7c9e3 req-5a3789ab-1a06-4579-aec0-24185db7c9e3 ] Request (QuotaClassesAdminTestJSON:tearDownClass): 200 GET http://10.180.1.21:9696/networking/v2.0/security-groups?tenant_id=d869a10bcf3a4a058caefa4620fda29a&name=default 0.267s
2025-04-17 06:33:02.192 70227 INFO tempest.lib.common.rest_client [req-759582cb-4b21-48b7-8604-724138b9ea83 req-759582cb-4b21-48b7-8604-724138b9ea83 ] Request (FlavorsAdminTestJSON:_run_cleanups): 200 GET http://10.180.1.21/compute/v2.1/flavors/detail 0.111s
2025-04-17 06:33:02.271 70231 WARNING tempest.lib.common.ssh [-] Failed to establish authenticated ssh connection to cirros@10.180.180.237 ([Errno None] Unable to connect to port 22 on 10.180.180.237). Number attempts: 3. Retry after 4 seconds.: paramiko.ssh_exception.NoValidConnectionsError: [Errno None] Unable to connect to port 22 on 10.180.180.237
2025-04-17 06:33:02.296 70251 INFO tempest.lib.common.rest_client [req-7126805e-0a1d-4340-b2a7-d2e64589aa75 req-7126805e-0a1d-4340-b2a7-d2e64589aa75 ] Request (SecurityGroupsTestAdminJSON:tearDownClass): 200 GET http://10.180.1.21:9696/networking/v2.0/security-groups?tenant_id=791ab6c41154481dbb52113284e560bb&name=default 0.170s
2025-04-17 06:33:02.367 70255 INFO tempest.lib.common.rest_client [req-0ccbcd7a-cf60-4605-aacb-d3e5ac5bf7d5 req-0ccbcd7a-cf60-4605-aacb-d3e5ac5bf7d5 ] Request (MultipleCreateTestJSON:test_multiple_create): 200 GET http://10.180.1.21/compute/v2.1/servers/06d30534-b9cb-4d8b-8a70-3a0941d5c718 0.411s
2025-04-17 06:33:02.378 70251 INFO tempest.lib.common.rest_client [req-ec8e3ced-db0a-4721-b938-0ee256752eca req-ec8e3ced-db0a-4721-b938-0ee256752eca ] Request (SecurityGroupsTestAdminJSON:tearDownClass): 204 DELETE http://10.180.1.21:9696/networking/v2.0/security-groups/406cd941-a37e-4513-9b6d-bef8741fcebf 0.082s
2025-04-17 06:33:02.399 70257 WARNING tempest.lib.common.ssh [-] Failed to establish authenticated ssh connection to cirros@10.180.180.141 ([Errno None] Unable to connect to port 22 on 10.180.180.141). Number attempts: 2. Retry after 3 seconds.: paramiko.ssh_exception.NoValidConnectionsError: [Errno None] Unable to connect to port 22 on 10.180.180.141
2025-04-17 06:33:02.412 70213 INFO tempest.lib.common.rest_client [req-d7e34a22-1dbb-4c0e-86ae-1c6403a03712 req-d7e34a22-1dbb-4c0e-86ae-1c6403a03712 ] Request (QuotaClassesAdminTestJSON:tearDownClass): 204 DELETE http://10.180.1.21:9696/networking/v2.0/security-groups/7e080a6d-926d-4f43-b678-230a872ffe2c 0.241s
2025-04-17 06:33:02.450 70233 INFO tempest.lib.common.rest_client [req-3e6baadc-78c7-41ab-bd4a-5d83d41ad793 req-3e6baadc-78c7-41ab-bd4a-5d83d41ad793 ] Request (MigrationsAdminTest:test_list_migrations_in_flavor_resize_situation): 200 GET http://10.180.1.21/compute/v2.1/servers/56f6e706-fab6-4a88-94f1-dd371d165fce 0.360s
2025-04-17 06:33:02.454 70251 INFO tempest.lib.common.rest_client [req-8f7bfb5a-44cc-411d-8a66-cf84acf6aff6 req-8f7bfb5a-44cc-411d-8a66-cf84acf6aff6 ] Request (SecurityGroupsTestAdminJSON:tearDownClass): 204 DELETE http://10.180.1.21/identity/v3/projects/791ab6c41154481dbb52113284e560bb 0.075s
2025-04-17 06:33:02.455 70251 INFO tempest.lib.common.dynamic_creds [-] Deleting project and security group for project: 4a17c465ddb54a3ebe2bdc7f0100a67a
2025-04-17 06:33:02.497 70251 INFO tempest.lib.common.rest_client [req-d9678b74-4473-446a-a08c-954217d022bd req-d9678b74-4473-446a-a08c-954217d022bd ] Request (SecurityGroupsTestAdminJSON:tearDownClass): 200 GET http://10.180.1.21:9696/networking/v2.0/security-groups?tenant_id=4a17c465ddb54a3ebe2bdc7f0100a67a&name=default 0.042s
2025-04-17 06:33:02.518 70259 INFO tempest.lib.common.rest_client [req-833f2e2d-a321-4b00-8bb5-5b7d809d6895 req-833f2e2d-a321-4b00-8bb5-5b7d809d6895 ] Request (ImagesOneServerTestJSON:setUpClass): 200 GET http://10.180.1.21/compute/v2.1/servers/318fc7d7-ef9d-4ddc-82dd-54f715fd70aa 0.351s
2025-04-17 06:33:02.539 70227 INFO tempest.lib.common.rest_client [req-8a29437a-3985-4a9d-a723-3c7d7ad6a3e8 req-8a29437a-3985-4a9d-a723-3c7d7ad6a3e8 ] Request (FlavorsAdminTestJSON:test_list_public_flavor_with_other_user): 200 POST http://10.180.1.21/compute/v2.1/flavors 0.339s
2025-04-17 06:33:02.555 70213 INFO tempest.lib.common.rest_client [req-f79266ec-f495-4d72-ae1c-84f5fb072fee req-f79266ec-f495-4d72-ae1c-84f5fb072fee ] Request (QuotaClassesAdminTestJSON:tearDownClass): 204 DELETE http://10.180.1.21/identity/v3/projects/d869a10bcf3a4a058caefa4620fda29a 0.142s
2025-04-17 06:33:02.555 70213 INFO tempest.lib.common.dynamic_creds [-] Deleting project and security group for project: 650737c61c2c45ceaff439376360db87
2025-04-17 06:33:02.566 70261 INFO tempest.lib.common.rest_client [req-d8ef813a-8c88-4f79-bf03-62f4d91275df req-d8ef813a-8c88-4f79-bf03-62f4d91275df ] Request (ServersV294TestFqdnHostnames:setUpClass): 201 POST http://10.180.1.21/compute/v2.1/os-keypairs 0.420s
2025-04-17 06:33:02.611 70251 INFO tempest.lib.common.rest_client [req-6d759935-c634-4120-8ce1-21c635933ed9 req-6d759935-c634-4120-8ce1-21c635933ed9 ] Request (SecurityGroupsTestAdminJSON:tearDownClass): 204 DELETE http://10.180.1.21:9696/networking/v2.0/security-groups/19cb85cc-9e55-4821-b4d1-29e5f2e63430 0.113s
2025-04-17 06:33:02.706 70213 INFO tempest.lib.common.rest_client [req-80253aeb-03de-4c58-9566-31d86a2a4934 req-80253aeb-03de-4c58-9566-31d86a2a4934 ] Request (QuotaClassesAdminTestJSON:tearDownClass): 200 GET http://10.180.1.21:9696/networking/v2.0/security-groups?tenant_id=650737c61c2c45ceaff439376360db87&name=default 0.150s
2025-04-17 06:33:02.731 70271 INFO tempest.lib.common.rest_client [req-b19d94be-c069-485b-951d-f87c61f818b3 req-b19d94be-c069-485b-951d-f87c61f818b3 ] Request (TenantUsagesTestJSON:tearDownClass): 200 GET http://10.180.1.21/compute/v2.1/servers/ceabd946-b81f-47f3-8faa-1c4c858b5a9e 0.497s
2025-04-17 06:33:02.744 70251 INFO tempest.lib.common.rest_client [req-639ee682-a92d-46f8-89ce-a90c77008f02 req-639ee682-a92d-46f8-89ce-a90c77008f02 ] Request (SecurityGroupsTestAdminJSON:tearDownClass): 204 DELETE http://10.180.1.21/identity/v3/projects/4a17c465ddb54a3ebe2bdc7f0100a67a 0.132s
2025-04-17 06:33:02.767 70261 INFO tempest.lib.common.rest_client [req-1a975e89-9086-4de4-a297-328c65be2710 req-1a975e89-9086-4de4-a297-328c65be2710 ] Request (ServersV294TestFqdnHostnames:setUpClass): 201 POST http://10.180.1.21:9696/networking/v2.0/security-groups 0.199s
2025-04-17 06:33:02.798 70241 INFO paramiko.transport [-] Connected (version 2.0, client dropbear_2020.81)
2025-04-17 06:33:02.818 70225 INFO tempest.lib.common.rest_client [req-96e7aa61-a0a9-4aab-9915-ae384f514757 req-96e7aa61-a0a9-4aab-9915-ae384f514757 ] Request (ServersAdminTestJSON:setUpClass): 200 GET http://10.180.1.21/compute/v2.1/servers/0fe5eaca-9df4-4352-beae-da23a386aa2a 0.550s
2025-04-17 06:33:02.825 70251 INFO tempest.lib.common.rest_client [req-92bbb15f-ee63-4e68-8f98-65cc0c79519e req-92bbb15f-ee63-4e68-8f98-65cc0c79519e ] Request (MultipleCreateNegativeTestJSON:setUpClass): 201 POST http://10.180.1.21/identity/v3/auth/tokens 0.078s
2025-04-17 06:33:02.843 70213 INFO tempest.lib.common.rest_client [req-5ef1c0b1-2955-48f3-8ea3-3eaef382902a req-5ef1c0b1-2955-48f3-8ea3-3eaef382902a ] Request (QuotaClassesAdminTestJSON:tearDownClass): 204 DELETE http://10.180.1.21:9696/networking/v2.0/security-groups/e74ab30f-d805-482f-afda-e890873b5784 0.137s
2025-04-17 06:33:02.844 70245 INFO tempest.lib.common.rest_client [req-fdedd3df-cf96-4b66-b041-d3b54f90a6ab req-fdedd3df-cf96-4b66-b041-d3b54f90a6ab ] Request (ServersAdminNegativeTestJSON:setUpClass): 200 GET http://10.180.1.21/compute/v2.1/servers/bb7f5f01-e6c5-4b39-90d1-32900180ea30 0.625s
2025-04-17 06:33:02.859 70241 INFO paramiko.transport [-] Authentication (publickey) successful!
2025-04-17 06:33:02.863 70241 INFO tempest.lib.common.ssh [-] ssh connection to cirros@10.180.180.211 successfully created
2025-04-17 06:33:02.866 70251 INFO tempest.lib.common.rest_client [req-042da28a-382b-4920-8ad3-d28446475e53 req-042da28a-382b-4920-8ad3-d28446475e53 ] Request (MultipleCreateNegativeTestJSON:setUpClass): 201 POST http://10.180.1.21/identity/v3/auth/tokens 0.037s
2025-04-17 06:33:02.892 70275 INFO tempest.lib.common.rest_client [req-6bd03cce-7c57-4a90-9d89-48d491cc6f6c req-6bd03cce-7c57-4a90-9d89-48d491cc6f6c ] Request (ServerActionsTestJSON:setUpClass): 200 GET http://10.180.1.21/compute/v2.1/servers/bbf445db-282d-4c48-a947-c412207b74ae 0.602s
2025-04-17 06:33:02.903 70213 INFO tempest.lib.common.rest_client [req-ef23dd36-5b45-4a5a-b5be-5b2191116e11 req-ef23dd36-5b45-4a5a-b5be-5b2191116e11 ] Request (QuotaClassesAdminTestJSON:tearDownClass): 204 DELETE http://10.180.1.21/identity/v3/projects/650737c61c2c45ceaff439376360db87 0.059s
2025-04-17 06:33:02.960 70251 INFO tempest.lib.common.rest_client [req-17f49c63-ea0c-4c0b-a6cb-e249eacdf038 req-17f49c63-ea0c-4c0b-a6cb-e249eacdf038 ] Request (MultipleCreateNegativeTestJSON:setUpClass): 200 GET http://10.180.1.21/identity/v3/domains?name=Default 0.093s
2025-04-17 06:33:02.973 70213 INFO tempest.lib.common.rest_client [req-a8098493-2f48-4020-ae44-0ed07d25eb81 req-a8098493-2f48-4020-ae44-0ed07d25eb81 ] Request (ImagesOneServerNegativeTestJSON:setUpClass): 201 POST http://10.180.1.21/identity/v3/auth/tokens 0.068s
2025-04-17 06:33:02.987 70247 INFO tempest.lib.common.rest_client [req-d7f1a1b1-d5d5-4012-9284-b6dbe1da39e6 req-d7f1a1b1-d5d5-4012-9284-b6dbe1da39e6 ] Request (ServerAddressesTestJSON:setUpClass): 200 GET http://10.180.1.21/compute/v2.1/servers/0aa89c17-e719-47b3-afad-0cfda90cb504 0.541s
2025-04-17 06:33:03.011 70251 INFO tempest.lib.common.rest_client [req-a7ff85cd-d71d-46b1-96df-d63244aa6657 req-a7ff85cd-d71d-46b1-96df-d63244aa6657 ] Request (MultipleCreateNegativeTestJSON:setUpClass): 201 POST http://10.180.1.21/identity/v3/projects 0.050s
2025-04-17 06:33:03.012 70213 INFO tempest.lib.common.rest_client [req-ce9af8c5-dcf7-4597-991a-af1498e8f4ff req-ce9af8c5-dcf7-4597-991a-af1498e8f4ff ] Request (ImagesOneServerNegativeTestJSON:setUpClass): 201 POST http://10.180.1.21/identity/v3/auth/tokens 0.036s
2025-04-17 06:33:03.015 70261 INFO tempest.lib.common.rest_client [req-55a2acd3-7501-4f98-8bd5-b77c7bfdfa37 req-55a2acd3-7501-4f98-8bd5-b77c7bfdfa37 ] Request (ServersV294TestFqdnHostnames:setUpClass): 201 POST http://10.180.1.21:9696/networking/v2.0/security-group-rules 0.247s
2025-04-17 06:33:03.034 70221 INFO tempest.lib.common.rest_client [req-8d914e0b-53ab-4367-a422-5fb24a298a0f req-8d914e0b-53ab-4367-a422-5fb24a298a0f ] Request (ServersTestJSON:setUpClass): 200 GET http://10.180.1.21/compute/v2.1/servers/b9463fd0-5f03-40a6-a034-45a65ecfac47 0.680s
2025-04-17 06:33:03.042 70221 INFO tempest.common.waiters [-] State transition "BUILD/networking" ==> "BUILD/spawning" after 32 second wait
2025-04-17 06:33:03.055 70249 INFO tempest.lib.common.rest_client [req-d1f641fe-9058-48b5-b19c-7ae7a544aece req-d1f641fe-9058-48b5-b19c-7ae7a544aece ] Request (ImagesNegativeTestJSON:test_create_image_from_deleted_server): 200 GET http://10.180.1.21/compute/v2.1/servers/74d236c3-e499-4b37-abc2-ad8fb5a81a4a 0.596s
2025-04-17 06:33:03.071 70213 INFO tempest.lib.common.rest_client [req-4533b29b-218c-490d-8116-727f7d9e3b3f req-4533b29b-218c-490d-8116-727f7d9e3b3f ] Request (ImagesOneServerNegativeTestJSON:setUpClass): 200 GET http://10.180.1.21/identity/v3/domains?name=Default 0.059s
2025-04-17 06:33:03.077 70251 INFO tempest.lib.common.rest_client [req-14278a32-03d7-4fe2-8805-c881785fa752 req-14278a32-03d7-4fe2-8805-c881785fa752 ] Request (MultipleCreateNegativeTestJSON:setUpClass): 201 POST http://10.180.1.21/identity/v3/users 0.066s
2025-04-17 06:33:03.086 70227 INFO tempest.lib.common.rest_client [req-850f4980-99c0-49fe-af30-02d86d78eba6 req-850f4980-99c0-49fe-af30-02d86d78eba6 ] Request (FlavorsAdminTestJSON:test_list_public_flavor_with_other_user): 200 GET http://10.180.1.21/compute/v2.1/flavors/detail 0.542s
2025-04-17 06:33:03.099 70213 INFO tempest.lib.common.rest_client [req-48e141e9-9917-4987-85a5-891dcb6b61db req-48e141e9-9917-4987-85a5-891dcb6b61db ] Request (ImagesOneServerNegativeTestJSON:setUpClass): 201 POST http://10.180.1.21/identity/v3/projects 0.027s
2025-04-17 06:33:03.099 70251 INFO tempest.lib.common.rest_client [req-5f779e81-394f-45b7-bacb-8b8d28f95a6a req-5f779e81-394f-45b7-bacb-8b8d28f95a6a ] Request (MultipleCreateNegativeTestJSON:setUpClass): 200 GET http://10.180.1.21/identity/v3/roles 0.021s
2025-04-17 06:33:03.109 70223 INFO tempest.lib.common.rest_client [req-4f998ae3-efbe-41a1-a15b-7dd00b51a16a req-4f998ae3-efbe-41a1-a15b-7dd00b51a16a ] Request (DeleteServersAdminTestJSON:test_delete_server_while_in_error_state): 200 GET http://10.180.1.21/compute/v2.1/servers/59d6c8b0-988f-4f6c-a230-5add6097b6d2 0.580s
2025-04-17 06:33:03.159 70267 INFO tempest.lib.common.rest_client [req-9c234cd5-62ff-4e23-9bd3-658f19194ba1 req-9c234cd5-62ff-4e23-9bd3-658f19194ba1 ] Request (ServerDiagnosticsTest:tearDownClass): 200 GET http://10.180.1.21/compute/v2.1/servers/f7b42285-781e-4ace-a575-befaf310196f 0.536s
