2025-04-17 06:31:58.916 70267 INFO tempest.lib.common.rest_client [req-647bab54-7854-4c64-b8d9-7446168ca0e4 req-647bab54-7854-4c64-b8d9-7446168ca0e4 ] Request (KeyPairsV210TestJSON:setUpClass): 201 POST http://10.180.1.21/identity/v3/auth/tokens 0.731s
2025-04-17 06:31:58.977 70269 INFO tempest.lib.common.rest_client [req-0585318f-4ad5-4d96-8e6c-ff05486c009a req-0585318f-4ad5-4d96-8e6c-ff05486c009a ] Request (ServersTestJSON:setUpClass): 204 PUT http://10.180.1.21/identity/v3/projects/99bb930be1a2410f81d50a330799e2e0/users/b29aa77a35744f68a2ee626cfc34f48b/roles/07abacaef8804f1eb4496b0884cb5c67 0.720s
2025-04-17 06:31:58.977 70269 INFO tempest.lib.common.dynamic_creds [-] Dynamic test user b29aa77a35744f68a2ee626cfc34f48b is created with scope project and roles: ['member']
2025-04-17 06:31:58.977 70269 INFO tempest.lib.common.dynamic_creds [-] Acquired dynamic creds: credentials: Credentials: {'domain_id': 'default', 'domain_name': 'Default', 'username': 'tempest-ServersTestJSON-1310960034-project-member', 'project_domain_id': 'default', 'project_domain_name': 'Default', 'project_id': '99bb930be1a2410f81d50a330799e2e0', 'project_name': 'tempest-ServersTestJSON-1310960034', 'tenant_id': '99bb930be1a2410f81d50a330799e2e0', 'tenant_name': 'tempest-ServersTestJSON-1310960034', 'user_domain_id': 'default', 'user_domain_name': 'Default', 'user_id': 'b29aa77a35744f68a2ee626cfc34f48b', 'system': None}, Network: None, Subnet: None, Router: None
2025-04-17 06:31:58.979 70215 INFO tempest.lib.common.rest_client [req-e4150d47-1205-42e5-b51a-aeacbb2acc0a req-e4150d47-1205-42e5-b51a-aeacbb2acc0a ] Request (FlavorsAccessNegativeTestJSON:setUpClass): 201 POST http://10.180.1.21/identity/v3/auth/tokens 0.726s
2025-04-17 06:31:58.980 70215 WARNING tempest.lib.common.rest_client [-] Deprecated: "tenant_id" property is deprecated for removal, use "project_id" instead
2025-04-17 06:31:59.028 70231 INFO tempest.lib.common.rest_client [req-a2abccae-75f9-4731-85ed-c856065852e1 req-a2abccae-75f9-4731-85ed-c856065852e1 ] Request (ServersTestManualDisk:setUpClass): 200 GET http://10.180.1.21/identity/v3/domains?name=Default 0.628s
2025-04-17 06:31:59.032 70265 INFO tempest.lib.common.rest_client [req-68cdfb41-03f3-4637-b4d6-13114f7287e0 req-68cdfb41-03f3-4637-b4d6-13114f7287e0 ] Request (InstanceActionsTestJSON:setUpClass): 201 POST http://10.180.1.21/identity/v3/auth/tokens 0.607s
2025-04-17 06:31:59.108 70255 INFO tempest.lib.common.rest_client [req-15f915fa-1a79-42c0-a28f-aead7e98e50f req-15f915fa-1a79-42c0-a28f-aead7e98e50f ] Request (ListImagesTestJSON:setUpClass): 200 GET http://10.180.1.21/identity/v3/domains?name=Default 0.387s
2025-04-17 06:31:59.152 70273 INFO tempest.lib.common.rest_client [req-2f501929-4701-457c-ae5d-43f7a554192e req-2f501929-4701-457c-ae5d-43f7a554192e ] Request (ServersTestBootFromVolume:setUpClass): 201 POST http://10.180.1.21/identity/v3/auth/tokens 0.420s
2025-04-17 06:31:59.152 70273 INFO tempest.lib.common.fixed_network [-] (ServersTestBootFromVolume:setUpClass) Found network {'id': '5d6f71a6-31e8-49f0-aa63-0c7cd8346993', 'name': 'tempest-ServersTestBootFromVolume-347132019-network', 'tenant_id': '83768146a2fe49a4aef8e9495df8ef94', 'admin_state_up': True, 'mtu': 8950, 'status': 'ACTIVE', 'subnets': [], 'shared': False, 'project_id': '83768146a2fe49a4aef8e9495df8ef94', 'port_security_enabled': True, 'router:external': False, 'provider:network_type': 'vlan', 'provider:physical_network': 'default', 'provider:segmentation_id': 365, 'availability_zone_hints': [], 'availability_zones': [], 'ipv4_address_scope': None, 'ipv6_address_scope': None, 'description': '', 'tags': [], 'created_at': '2025-04-17T06:31:53Z', 'updated_at': '2025-04-17T06:31:53Z', 'revision_number': 1} available for tenant
2025-04-17 06:31:59.186 70225 INFO tempest.lib.common.rest_client [req-fc1cdce8-04fb-455c-8593-4d5575071fec req-fc1cdce8-04fb-455c-8593-4d5575071fec ] Request (HostsAdminTestJSON:setUpClass): 201 POST http://10.180.1.21/identity/v3/auth/tokens 0.436s
2025-04-17 06:31:59.202 70241 INFO tempest.lib.common.rest_client [req-366c95d8-8456-412d-a3ce-d6b01a566eaf req-366c95d8-8456-412d-a3ce-d6b01a566eaf ] Request (ValidationResourcesFixture:setUp): 201 POST http://10.180.1.21:9696/networking/v2.0/floatingips 0.749s
2025-04-17 06:31:59.209 70239 INFO tempest.lib.common.rest_client [req-93055ef9-5dd1-4768-af2e-a4440673b339 req-93055ef9-5dd1-4768-af2e-a4440673b339 ] Request (VolumesAssistedSnapshotsTest:setUpClass): 200 GET http://10.180.1.21/identity/v3/roles 0.386s
2025-04-17 06:31:59.221 70227 INFO tempest.lib.common.rest_client [req-7498352d-6d24-4544-8514-f3616691c8e0 req-7498352d-6d24-4544-8514-f3616691c8e0 ] Request (FlavorsAdminTestJSON:test_create_flavor_using_string_ram): 200 POST http://10.180.1.21/compute/v2.1/flavors 1.955s
2025-04-17 06:31:59.237 70269 INFO tempest.lib.common.rest_client [req-71a75389-e3ea-4993-8073-33d3970cee57 req-71a75389-e3ea-4993-8073-33d3970cee57 ] Request (ServersTestJSON:setUpClass): 201 POST http://10.180.1.21/identity/v3/auth/tokens 0.259s
2025-04-17 06:31:59.256 70243 INFO tempest.lib.common.rest_client [req-e7ba981a-4123-4cb7-9bfe-4cbb76819c1a req-e7ba981a-4123-4cb7-9bfe-4cbb76819c1a ] Request (QuotasSecurityGroupAdminNegativeTest:tearDownClass): 204 DELETE http://10.180.1.21/identity/v3/users/9c631b499c9e48ab99572ec64d34f222 0.340s
2025-04-17 06:31:59.256 70243 INFO tempest.lib.common.dynamic_creds [-] Deleting project and security group for project: f06b9730afce4f8d9cd77d1833d5621e
2025-04-17 06:31:59.293 70231 INFO tempest.lib.common.rest_client [req-181a7ba8-8103-4f77-8059-3db5cc6e7eed req-181a7ba8-8103-4f77-8059-3db5cc6e7eed ] Request (ServersTestManualDisk:setUpClass): 201 POST http://10.180.1.21/identity/v3/projects 0.264s
2025-04-17 06:31:59.309 70265 INFO tempest.lib.common.rest_client [req-d8c58594-36b3-4bcd-9a2e-905fa4564312 req-d8c58594-36b3-4bcd-9a2e-905fa4564312 ] Request (InstanceActionsTestJSON:setUpClass): 201 POST http://10.180.1.21/identity/v3/auth/tokens 0.275s
2025-04-17 06:31:59.319 70235 INFO tempest.lib.common.rest_client [req-521580cf-3ad1-4fb5-a303-4f5dcceca695 req-521580cf-3ad1-4fb5-a303-4f5dcceca695 ] Request (AZAdminV2TestJSON:tearDownClass): 200 GET http://10.180.1.21:9696/networking/v2.0/security-groups?tenant_id=4c98aaa42ae544039a0b27e7e0cac59c&name=default 0.780s
2025-04-17 06:31:59.392 70235 INFO tempest.lib.common.rest_client [req-d57fadf5-1830-45e9-8084-7f4f5fbe531f req-d57fadf5-1830-45e9-8084-7f4f5fbe531f ] Request (AZAdminV2TestJSON:tearDownClass): 204 DELETE http://10.180.1.21:9696/networking/v2.0/security-groups/d62c2016-b342-4ab5-9e1f-962a3313066a 0.073s
2025-04-17 06:31:59.399 70255 INFO tempest.lib.common.rest_client [req-9ca51a46-70fc-4a72-968c-3c37f111f6f7 req-9ca51a46-70fc-4a72-968c-3c37f111f6f7 ] Request (ListImagesTestJSON:setUpClass): 201 POST http://10.180.1.21/identity/v3/projects 0.290s
2025-04-17 06:31:59.404 70225 INFO tempest.lib.common.rest_client [req-a2073c60-27bf-4ec1-b40e-e953416fbfd2 req-a2073c60-27bf-4ec1-b40e-e953416fbfd2 ] Request (HostsAdminTestJSON:setUpClass): 200 GET http://10.180.1.21/identity/v3/domains?name=Default 0.217s
2025-04-17 06:31:59.445 70241 INFO tempest.lib.common.rest_client [req-34f02337-4fd1-40af-90a5-32e4ccae0f96 req-34f02337-4fd1-40af-90a5-32e4ccae0f96 ] Request (AttachInterfacesUnderV243Test:test_add_remove_fixed_ip): 201 POST http://10.180.1.21/identity/v3/auth/tokens 0.240s
2025-04-17 06:31:59.445 70241 INFO tempest.lib.common.fixed_network [-] (AttachInterfacesUnderV243Test:test_add_remove_fixed_ip) Found network {'id': '3120da73-bd28-43ed-97ab-dd01fe9d6de8', 'name': 'tempest-AttachInterfacesUnderV243Test-2126850290-network', 'tenant_id': '91e4204007a740629457c42156817854', 'admin_state_up': True, 'mtu': 8950, 'status': 'ACTIVE', 'subnets': [], 'shared': False, 'project_id': '91e4204007a740629457c42156817854', 'port_security_enabled': True, 'router:external': False, 'provider:network_type': 'vlan', 'provider:physical_network': 'default', 'provider:segmentation_id': 915, 'availability_zone_hints': [], 'availability_zones': [], 'ipv4_address_scope': None, 'ipv6_address_scope': None, 'description': '', 'tags': [], 'created_at': '2025-04-17T06:31:53Z', 'updated_at': '2025-04-17T06:31:53Z', 'revision_number': 1} available for tenant
2025-04-17 06:31:59.466 70239 INFO tempest.lib.common.rest_client [req-46d54f1b-e0e7-4834-951c-ac78bfd86920 req-46d54f1b-e0e7-4834-951c-ac78bfd86920 ] Request (VolumesAssistedSnapshotsTest:setUpClass): 204 PUT http://10.180.1.21/identity/v3/projects/814af3148cc14f38a296a9781a21165e/users/08aa6e20e3164a9283b192c2da954922/roles/54b5961c243a424483181f2b63863a51 0.257s
2025-04-17 06:31:59.529 70243 INFO tempest.lib.common.rest_client [req-d9290a3b-b230-4d54-b419-afaad0278c65 req-d9290a3b-b230-4d54-b419-afaad0278c65 ] Request (QuotasSecurityGroupAdminNegativeTest:tearDownClass): 201 POST http://10.180.1.21/identity/v3/auth/tokens 0.273s
2025-04-17 06:31:59.556 70231 INFO tempest.lib.common.rest_client [req-d4dd98f2-94cb-4f4d-8aca-fc04ffbaa0ee req-d4dd98f2-94cb-4f4d-8aca-fc04ffbaa0ee ] Request (ServersTestManualDisk:setUpClass): 201 POST http://10.180.1.21/identity/v3/users 0.263s
2025-04-17 06:31:59.580 70265 INFO tempest.lib.common.rest_client [req-1da5e38c-afa0-4a14-b408-48b2167c52b2 req-1da5e38c-afa0-4a14-b408-48b2167c52b2 ] Request (InstanceActionsTestJSON:setUpClass): 200 GET http://10.180.1.21/identity/v3/domains?name=Default 0.269s
2025-04-17 06:31:59.635 70257 INFO tempest.lib.common.rest_client [req-591e04bb-40f4-42bb-983e-47187118eb69 req-591e04bb-40f4-42bb-983e-47187118eb69 ] Request (ServersWithSpecificFlavorTestJSON:setUpClass): 200 PUT http://10.180.1.21:9696/networking/v2.0/routers/6f0099ff-c52c-470b-b2c3-4545cde70908/add_router_interface 1.170s
2025-04-17 06:31:59.635 70257 INFO tempest.lib.common.dynamic_creds [-] Created isolated network resources for: credentials: Credentials: {'domain_id': 'default', 'domain_name': 'Default', 'username': 'tempest-ServersWithSpecificFlavorTestJSON-961568236-project-admin', 'project_domain_id': 'default', 'project_domain_name': 'Default', 'project_id': '916b78c2b0e84afb84d48dff163a9a69', 'project_name': 'tempest-ServersWithSpecificFlavorTestJSON-961568236', 'tenant_id': '916b78c2b0e84afb84d48dff163a9a69', 'tenant_name': 'tempest-ServersWithSpecificFlavorTestJSON-961568236', 'user_domain_id': 'default', 'user_domain_name': 'Default', 'user_id': 'f2d52557d7c64ac7bb9bcd4dee29340b', 'system': None}, Network: {'id': '84bc5037-f4cb-4820-b936-e8775f50440c', 'name': 'tempest-ServersWithSpecificFlavorTestJSON-793324551-network', 'tenant_id': '916b78c2b0e84afb84d48dff163a9a69', 'admin_state_up': True, 'mtu': 8950, 'status': 'ACTIVE', 'subnets': [], 'shared': False, 'project_id': '916b78c2b0e84afb84d48dff163a9a69', 'port_security_enabled': True, 'router:external': False, 'provider:network_type': 'vlan', 'provider:physical_network': 'default', 'provider:segmentation_id': 83, 'availability_zone_hints': [], 'availability_zones': [], 'ipv4_address_scope': None, 'ipv6_address_scope': None, 'description': '', 'tags': [], 'created_at': '2025-04-17T06:31:57Z', 'updated_at': '2025-04-17T06:31:57Z', 'revision_number': 1}, Subnet: {'id': 'f56c0f08-3fac-4c71-b7e4-4689c194e88b', 'name': 'tempest-ServersWithSpecificFlavorTestJSON-793324551-subnet', 'tenant_id': '916b78c2b0e84afb84d48dff163a9a69', 'network_id': '84bc5037-f4cb-4820-b936-e8775f50440c', 'ip_version': 4, 'subnetpool_id': None, 'enable_dhcp': True, 'ipv6_ra_mode': None, 'ipv6_address_mode': None, 'gateway_ip': '192.168.128.1', 'cidr': '192.168.128.0/28', 'allocation_pools': [{'start': '192.168.128.2', 'end': '192.168.128.14'}], 'host_routes': [], 'dns_nameservers': [], 'description': '', 'router:external': False, 'service_types': [], 'tags': [], 'created_at': '2025-04-17T06:31:57Z', 'updated_at': '2025-04-17T06:31:57Z', 'revision_number': 0, 'project_id': '916b78c2b0e84afb84d48dff163a9a69'}, Router: {'id': '6f0099ff-c52c-470b-b2c3-4545cde70908', 'name': 'tempest-ServersWithSpecificFlavorTestJSON-793324551-router', 'tenant_id': '916b78c2b0e84afb84d48dff163a9a69', 'admin_state_up': True, 'status': 'ACTIVE', 'external_gateway_info': {'network_id': 'ff77a3b4-795c-49b1-a85e-5213f9577ebc', 'external_fixed_ips': [{'subnet_id': 'ed9b07ea-5cbe-42b2-9b82-ee952284c3f6', 'ip_address': '10.180.180.217'}], 'enable_snat': True}, 'description': '', 'availability_zones': [], 'distributed': False, 'ha': False, 'availability_zone_hints': [], 'routes': [], 'flavor_id': None, 'tags': [], 'created_at': '2025-04-17T06:31:57Z', 'updated_at': '2025-04-17T06:31:57Z', 'revision_number': 2, 'project_id': '916b78c2b0e84afb84d48dff163a9a69'}
2025-04-17 06:31:59.711 70255 INFO tempest.lib.common.rest_client [req-b452202a-ff46-476e-a5db-366c6658af40 req-b452202a-ff46-476e-a5db-366c6658af40 ] Request (ListImagesTestJSON:setUpClass): 201 POST http://10.180.1.21/identity/v3/users 0.312s
2025-04-17 06:31:59.717 70235 INFO tempest.lib.common.rest_client [req-8ec59731-562f-4734-8c01-1e1667837e7c req-8ec59731-562f-4734-8c01-1e1667837e7c ] Request (AZAdminV2TestJSON:tearDownClass): 204 DELETE http://10.180.1.21/identity/v3/projects/4c98aaa42ae544039a0b27e7e0cac59c 0.324s
2025-04-17 06:31:59.718 70235 INFO tempest.lib.common.dynamic_creds [-] Deleting project and security group for project: d8f3c63d040b41478fede57980d9905b
2025-04-17 06:31:59.766 70225 INFO tempest.lib.common.rest_client [req-61fd77ba-e02b-436b-9eb6-d31a47e45f17 req-61fd77ba-e02b-436b-9eb6-d31a47e45f17 ] Request (HostsAdminTestJSON:setUpClass): 201 POST http://10.180.1.21/identity/v3/projects 0.361s
2025-04-17 06:31:59.792 70269 INFO tempest.lib.common.rest_client [req-d490e119-99d2-4ec7-8f7e-ed7af5d15b9e req-d490e119-99d2-4ec7-8f7e-ed7af5d15b9e ] Request (ServersTestJSON:setUpClass): 201 POST http://10.180.1.21:9696/networking/v2.0/networks 0.554s
2025-04-17 06:31:59.821 70239 INFO tempest.lib.common.rest_client [req-49586f84-cfac-4dd9-9690-871b4a919bac req-49586f84-cfac-4dd9-9690-871b4a919bac ] Request (VolumesAssistedSnapshotsTest:setUpClass): 200 GET http://10.180.1.21/identity/v3/roles 0.355s
2025-04-17 06:31:59.829 70235 INFO tempest.lib.common.rest_client [req-34a6b176-abad-495e-be95-3109d6c8c4c4 req-34a6b176-abad-495e-be95-3109d6c8c4c4 ] Request (AZAdminV2TestJSON:tearDownClass): 200 GET http://10.180.1.21:9696/networking/v2.0/security-groups?tenant_id=d8f3c63d040b41478fede57980d9905b&name=default 0.111s
2025-04-17 06:31:59.843 70231 INFO tempest.lib.common.rest_client [req-3a7bd0da-c37b-4098-9622-30f22101c903 req-3a7bd0da-c37b-4098-9622-30f22101c903 ] Request (ServersTestManualDisk:setUpClass): 200 GET http://10.180.1.21/identity/v3/roles 0.286s
2025-04-17 06:31:59.875 70265 INFO tempest.lib.common.rest_client [req-a3ca058a-68a9-477b-a176-dbb7dd248c92 req-a3ca058a-68a9-477b-a176-dbb7dd248c92 ] Request (InstanceActionsTestJSON:setUpClass): 201 POST http://10.180.1.21/identity/v3/projects 0.295s
2025-04-17 06:31:59.928 70235 INFO tempest.lib.common.rest_client [req-f6b8f249-7db7-4803-bba5-611354be5dff req-f6b8f249-7db7-4803-bba5-611354be5dff ] Request (AZAdminV2TestJSON:tearDownClass): 204 DELETE http://10.180.1.21:9696/networking/v2.0/security-groups/554ac419-2e55-4fec-a517-f159cf70b48d 0.099s
2025-04-17 06:31:59.930 70257 INFO tempest.lib.common.rest_client [req-9882167c-9ced-483a-90b4-cce793a430e6 req-9882167c-9ced-483a-90b4-cce793a430e6 ] Request (ServersWithSpecificFlavorTestJSON:setUpClass): 201 POST http://10.180.1.21/identity/v3/auth/tokens 0.293s
2025-04-17 06:31:59.967 70245 INFO tempest.lib.common.rest_client [req-96a2da87-1734-4fae-8219-a3ef9a2bc774 req-96a2da87-1734-4fae-8219-a3ef9a2bc774 ] Request (ServerDiagnosticsNegativeTest:test_get_server_diagnostics_by_non_admin): 202 POST http://10.180.1.21/compute/v2.1/servers 2.858s
2025-04-17 06:31:59.988 70243 INFO tempest.lib.common.rest_client [req-0ba61129-dd44-4b8a-a849-6517e544e28d req-0ba61129-dd44-4b8a-a849-6517e544e28d ] Request (QuotasSecurityGroupAdminNegativeTest:tearDownClass): 200 GET http://10.180.1.21:9696/networking/v2.0/security-groups?tenant_id=f06b9730afce4f8d9cd77d1833d5621e&name=default 0.458s
2025-04-17 06:32:00.036 70255 INFO tempest.lib.common.rest_client [req-a6e653fe-5d4b-4856-9b46-14c0c393d6fb req-a6e653fe-5d4b-4856-9b46-14c0c393d6fb ] Request (ListImagesTestJSON:setUpClass): 200 GET http://10.180.1.21/identity/v3/roles 0.324s
2025-04-17 06:32:00.045 70269 INFO tempest.lib.common.rest_client [req-2276b7cc-fe52-4f23-99ff-20b90457c09f req-2276b7cc-fe52-4f23-99ff-20b90457c09f ] Request (ServersTestJSON:setUpClass): 201 POST http://10.180.1.21:9696/networking/v2.0/subnets 0.252s
2025-04-17 06:32:00.052 70239 INFO tempest.lib.common.rest_client [req-6d2ff411-546c-41db-8aa9-45ca978195b0 req-6d2ff411-546c-41db-8aa9-45ca978195b0 ] Request (VolumesAssistedSnapshotsTest:setUpClass): 204 PUT http://10.180.1.21/identity/v3/projects/814af3148cc14f38a296a9781a21165e/users/08aa6e20e3164a9283b192c2da954922/roles/54b5961c243a424483181f2b63863a51 0.230s
2025-04-17 06:32:00.052 70239 INFO tempest.lib.common.dynamic_creds [-] Dynamic test user 08aa6e20e3164a9283b192c2da954922 is created with scope project and roles: ['admin']
2025-04-17 06:32:00.052 70239 INFO tempest.lib.common.dynamic_creds [-] Acquired dynamic creds: credentials: Credentials: {'domain_id': 'default', 'domain_name': 'Default', 'username': 'tempest-VolumesAssistedSnapshotsTest-736430596-project-admin', 'project_domain_id': 'default', 'project_domain_name': 'Default', 'project_id': '814af3148cc14f38a296a9781a21165e', 'project_name': 'tempest-VolumesAssistedSnapshotsTest-736430596', 'tenant_id': '814af3148cc14f38a296a9781a21165e', 'tenant_name': 'tempest-VolumesAssistedSnapshotsTest-736430596', 'user_domain_id': 'default', 'user_domain_name': 'Default', 'user_id': '08aa6e20e3164a9283b192c2da954922', 'system': None}, Network: None, Subnet: None, Router: None
2025-04-17 06:32:00.079 70243 INFO tempest.lib.common.rest_client [req-85c52f63-df7f-4b1a-ad73-224c4c313214 req-85c52f63-df7f-4b1a-ad73-224c4c313214 ] Request (QuotasSecurityGroupAdminNegativeTest:tearDownClass): 204 DELETE http://10.180.1.21:9696/networking/v2.0/security-groups/3837116d-4217-43f8-a2d8-9668f315f3e8 0.091s
2025-04-17 06:32:00.102 70225 INFO tempest.lib.common.rest_client [req-96353fc5-72dc-4036-8066-7216f5ebc480 req-96353fc5-72dc-4036-8066-7216f5ebc480 ] Request (HostsAdminTestJSON:setUpClass): 201 POST http://10.180.1.21/identity/v3/users 0.336s
2025-04-17 06:32:00.114 70231 INFO tempest.lib.common.rest_client [req-31ba38d8-245a-416d-b274-e778d625b864 req-31ba38d8-245a-416d-b274-e778d625b864 ] Request (ServersTestManualDisk:setUpClass): 204 PUT http://10.180.1.21/identity/v3/projects/04d160dbf6344fa2b87c7aee35815757/users/2ad379706c6547eaa58da2429a03ea84/roles/07abacaef8804f1eb4496b0884cb5c67 0.270s
2025-04-17 06:32:00.114 70231 INFO tempest.lib.common.dynamic_creds [-] Dynamic test user 2ad379706c6547eaa58da2429a03ea84 is created with scope project and roles: ['member']
2025-04-17 06:32:00.114 70231 INFO tempest.lib.common.dynamic_creds [-] Acquired dynamic creds: credentials: Credentials: {'domain_id': 'default', 'domain_name': 'Default', 'username': 'tempest-ServersTestManualDisk-98898606-project-member', 'project_domain_id': 'default', 'project_domain_name': 'Default', 'project_id': '04d160dbf6344fa2b87c7aee35815757', 'project_name': 'tempest-ServersTestManualDisk-98898606', 'tenant_id': '04d160dbf6344fa2b87c7aee35815757', 'tenant_name': 'tempest-ServersTestManualDisk-98898606', 'user_domain_id': 'default', 'user_domain_name': 'Default', 'user_id': '2ad379706c6547eaa58da2429a03ea84', 'system': None}, Network: None, Subnet: None, Router: None
2025-04-17 06:32:00.122 70265 INFO tempest.lib.common.rest_client [req-a95914a5-8a55-4a8c-a498-3de3b30a090b req-a95914a5-8a55-4a8c-a498-3de3b30a090b ] Request (InstanceActionsTestJSON:setUpClass): 201 POST http://10.180.1.21/identity/v3/users 0.246s
2025-04-17 06:32:00.203 70235 INFO tempest.lib.common.rest_client [req-f1725816-fe2b-4c4d-bb88-d5d94f576ac7 req-f1725816-fe2b-4c4d-bb88-d5d94f576ac7 ] Request (AZAdminV2TestJSON:tearDownClass): 204 DELETE http://10.180.1.21/identity/v3/projects/d8f3c63d040b41478fede57980d9905b 0.274s
2025-04-17 06:32:00.222 70239 INFO tempest.lib.common.rest_client [req-0cd88227-68ec-4ef0-94f7-2f80b33fe5e6 req-0cd88227-68ec-4ef0-94f7-2f80b33fe5e6 ] Request (VolumesAssistedSnapshotsTest:setUpClass): 201 POST http://10.180.1.21:9696/networking/v2.0/networks 0.169s
2025-04-17 06:32:00.373 70255 INFO tempest.lib.common.rest_client [req-ecee03b3-3305-49b9-bdfe-31b35195be1e req-ecee03b3-3305-49b9-bdfe-31b35195be1e ] Request (ListImagesTestJSON:setUpClass): 204 PUT http://10.180.1.21/identity/v3/projects/baeae0d4164a4deb98d8700552f96185/users/035b8fd8c45743ae9fae08a95120fae8/roles/07abacaef8804f1eb4496b0884cb5c67 0.336s
2025-04-17 06:32:00.373 70255 INFO tempest.lib.common.dynamic_creds [-] Dynamic test user 035b8fd8c45743ae9fae08a95120fae8 is created with scope project and roles: ['member']
2025-04-17 06:32:00.373 70255 INFO tempest.lib.common.dynamic_creds [-] Acquired dynamic creds: credentials: Credentials: {'domain_id': 'default', 'domain_name': 'Default', 'username': 'tempest-ListImagesTestJSON-1214220665-project-member', 'project_domain_id': 'default', 'project_domain_name': 'Default', 'project_id': 'baeae0d4164a4deb98d8700552f96185', 'project_name': 'tempest-ListImagesTestJSON-1214220665', 'tenant_id': 'baeae0d4164a4deb98d8700552f96185', 'tenant_name': 'tempest-ListImagesTestJSON-1214220665', 'user_domain_id': 'default', 'user_domain_name': 'Default', 'user_id': '035b8fd8c45743ae9fae08a95120fae8', 'system': None}, Network: None, Subnet: None, Router: None
2025-04-17 06:32:00.373 70255 INFO tempest.lib.common.dynamic_creds [-] Created isolated network resources for: credentials: Credentials: {'domain_id': 'default', 'domain_name': 'Default', 'username': 'tempest-ListImagesTestJSON-1214220665-project-member', 'project_domain_id': 'default', 'project_domain_name': 'Default', 'project_id': 'baeae0d4164a4deb98d8700552f96185', 'project_name': 'tempest-ListImagesTestJSON-1214220665', 'tenant_id': 'baeae0d4164a4deb98d8700552f96185', 'tenant_name': 'tempest-ListImagesTestJSON-1214220665', 'user_domain_id': 'default', 'user_domain_name': 'Default', 'user_id': '035b8fd8c45743ae9fae08a95120fae8', 'system': None}, Network: None, Subnet: None, Router: None
2025-04-17 06:32:00.394 70239 INFO tempest.lib.common.rest_client [req-49a991f3-942d-4ed5-bf79-26bdc7a7c4bf req-49a991f3-942d-4ed5-bf79-26bdc7a7c4bf ] Request (VolumesAssistedSnapshotsTest:setUpClass): 201 POST http://10.180.1.21:9696/networking/v2.0/subnets 0.171s
2025-04-17 06:32:00.425 70243 INFO tempest.lib.common.rest_client [req-7d94abaa-0d20-4a7d-9023-e4cc33381a6a req-7d94abaa-0d20-4a7d-9023-e4cc33381a6a ] Request (QuotasSecurityGroupAdminNegativeTest:tearDownClass): 204 DELETE http://10.180.1.21/identity/v3/projects/f06b9730afce4f8d9cd77d1833d5621e 0.345s
2025-04-17 06:32:00.425 70243 INFO tempest.lib.common.dynamic_creds [-] Deleting project and security group for project: ab6177306c134d23af4def9bfda078cd
2025-04-17 06:32:00.484 70225 INFO tempest.lib.common.rest_client [req-83a3af03-4174-459d-9f00-509ae683dceb req-83a3af03-4174-459d-9f00-509ae683dceb ] Request (HostsAdminTestJSON:setUpClass): 200 GET http://10.180.1.21/identity/v3/roles 0.381s
2025-04-17 06:32:00.487 70231 INFO tempest.lib.common.rest_client [req-444776b0-a99f-4411-bc20-6af491833f29 req-444776b0-a99f-4411-bc20-6af491833f29 ] Request (ServersTestManualDisk:setUpClass): 201 POST http://10.180.1.21/identity/v3/auth/tokens 0.372s
2025-04-17 06:32:00.508 70265 INFO tempest.lib.common.rest_client [req-50fcab77-0ed6-4391-b57a-0fdc026848dc req-50fcab77-0ed6-4391-b57a-0fdc026848dc ] Request (InstanceActionsTestJSON:setUpClass): 200 GET http://10.180.1.21/identity/v3/roles 0.385s
2025-04-17 06:32:00.535 70235 INFO tempest.lib.common.rest_client [req-f593d768-0db6-4fa2-93be-9c83c8738236 req-f593d768-0db6-4fa2-93be-9c83c8738236 ] Request (HypervisorAdminNegativeUnderV252Test:setUpClass): 201 POST http://10.180.1.21/identity/v3/auth/tokens 0.330s
2025-04-17 06:32:00.561 70217 INFO tempest.lib.common.rest_client [req-fcf52d45-8d47-4eac-b71a-f3736f2c8610 req-fcf52d45-8d47-4eac-b71a-f3736f2c8610 ] Request (FlavorsV2NegativeTest:test_boot_with_low_ram): 400 POST http://10.180.1.21/compute/v2.1/servers 3.145s
2025-04-17 06:32:00.607 70225 INFO tempest.lib.common.rest_client [req-3a947202-2e9c-470d-883a-d285fed83dea req-3a947202-2e9c-470d-883a-d285fed83dea ] Request (HostsAdminTestJSON:setUpClass): 204 PUT http://10.180.1.21/identity/v3/projects/a271d023b4b743648258532a0907d4c7/users/093dc1777d6d4c748427d335711729b4/roles/07abacaef8804f1eb4496b0884cb5c67 0.122s
2025-04-17 06:32:00.607 70225 INFO tempest.lib.common.dynamic_creds [-] Dynamic test user 093dc1777d6d4c748427d335711729b4 is created with scope project and roles: ['member']
2025-04-17 06:32:00.607 70225 INFO tempest.lib.common.dynamic_creds [-] Acquired dynamic creds: credentials: Credentials: {'domain_id': 'default', 'domain_name': 'Default', 'username': 'tempest-HostsAdminTestJSON-40204395-project-member', 'project_domain_id': 'default', 'project_domain_name': 'Default', 'project_id': 'a271d023b4b743648258532a0907d4c7', 'project_name': 'tempest-HostsAdminTestJSON-40204395', 'tenant_id': 'a271d023b4b743648258532a0907d4c7', 'tenant_name': 'tempest-HostsAdminTestJSON-40204395', 'user_domain_id': 'default', 'user_domain_name': 'Default', 'user_id': '093dc1777d6d4c748427d335711729b4', 'system': None}, Network: None, Subnet: None, Router: None
2025-04-17 06:32:00.607 70225 INFO tempest.lib.common.dynamic_creds [-] Created isolated network resources for: credentials: Credentials: {'domain_id': 'default', 'domain_name': 'Default', 'username': 'tempest-HostsAdminTestJSON-40204395-project-member', 'project_domain_id': 'default', 'project_domain_name': 'Default', 'project_id': 'a271d023b4b743648258532a0907d4c7', 'project_name': 'tempest-HostsAdminTestJSON-40204395', 'tenant_id': 'a271d023b4b743648258532a0907d4c7', 'tenant_name': 'tempest-HostsAdminTestJSON-40204395', 'user_domain_id': 'default', 'user_domain_name': 'Default', 'user_id': '093dc1777d6d4c748427d335711729b4', 'system': None}, Network: None, Subnet: None, Router: None
2025-04-17 06:32:00.636 70255 INFO tempest.lib.common.rest_client [req-1d1df466-38e9-49de-90bf-0c7d9a464264 req-1d1df466-38e9-49de-90bf-0c7d9a464264 ] Request (ListImagesTestJSON:setUpClass): 201 POST http://10.180.1.21/identity/v3/auth/tokens 0.257s
2025-04-17 06:32:00.669 70223 INFO tempest.lib.common.rest_client [req-01a07df8-2b9f-4e98-8283-5ed95fcdcf4a req-01a07df8-2b9f-4e98-8283-5ed95fcdcf4a ] Request (DeleteServersAdminTestJSON:test_admin_delete_servers_of_others): 202 POST http://10.180.1.21/compute/v2.1/servers 3.147s
2025-04-17 06:32:00.672 70243 INFO tempest.lib.common.rest_client [req-545ce45c-68d2-484f-b6bd-3203bf022a0d req-545ce45c-68d2-484f-b6bd-3203bf022a0d ] Request (QuotasSecurityGroupAdminNegativeTest:tearDownClass): 200 GET http://10.180.1.21:9696/networking/v2.0/security-groups?tenant_id=ab6177306c134d23af4def9bfda078cd&name=default 0.246s
2025-04-17 06:32:00.711 70265 INFO tempest.lib.common.rest_client [req-48c98731-2712-422b-ad47-f0999fe976c0 req-48c98731-2712-422b-ad47-f0999fe976c0 ] Request (InstanceActionsTestJSON:setUpClass): 204 PUT http://10.180.1.21/identity/v3/projects/7d7f27a407d647f6a5739730b0a57c91/users/5abc208767434ba184b395195e436fd6/roles/07abacaef8804f1eb4496b0884cb5c67 0.202s
2025-04-17 06:32:00.711 70265 INFO tempest.lib.common.dynamic_creds [-] Dynamic test user 5abc208767434ba184b395195e436fd6 is created with scope project and roles: ['member']
2025-04-17 06:32:00.712 70265 INFO tempest.lib.common.dynamic_creds [-] Acquired dynamic creds: credentials: Credentials: {'domain_id': 'default', 'domain_name': 'Default', 'username': 'tempest-InstanceActionsTestJSON-595249892-project-member', 'project_domain_id': 'default', 'project_domain_name': 'Default', 'project_id': '7d7f27a407d647f6a5739730b0a57c91', 'project_name': 'tempest-InstanceActionsTestJSON-595249892', 'tenant_id': '7d7f27a407d647f6a5739730b0a57c91', 'tenant_name': 'tempest-InstanceActionsTestJSON-595249892', 'user_domain_id': 'default', 'user_domain_name': 'Default', 'user_id': '5abc208767434ba184b395195e436fd6', 'system': None}, Network: None, Subnet: None, Router: None
2025-04-17 06:32:00.743 70235 INFO tempest.lib.common.rest_client [req-5fa23551-355e-46db-b326-476a19ea8f27 req-5fa23551-355e-46db-b326-476a19ea8f27 ] Request (HypervisorAdminNegativeUnderV252Test:setUpClass): 201 POST http://10.180.1.21/identity/v3/auth/tokens 0.206s
2025-04-17 06:32:00.756 70217 INFO tempest.lib.common.rest_client [req-14089a02-3f75-4251-a704-a4663121b36f req-14089a02-3f75-4251-a704-a4663121b36f ] Request (FlavorsV2NegativeTest:_run_cleanups): 204 DELETE http://10.180.1.21/image/v2/images/aee23edd-9ebd-4387-b3c3-d92e1b7fcc30 0.195s
2025-04-17 06:32:00.776 70273 INFO tempest.lib.common.rest_client [req-2255f75a-7e28-4e25-87f7-d09b2cc242b9 req-2255f75a-7e28-4e25-87f7-d09b2cc242b9 ] Request (ServersTestBootFromVolume:setUpClass): 202 POST http://10.180.1.21/volume/v3/volumes 1.623s
2025-04-17 06:32:00.805 70243 INFO tempest.lib.common.rest_client [req-b52429f8-1df4-45c6-8076-1536bd160173 req-b52429f8-1df4-45c6-8076-1536bd160173 ] Request (QuotasSecurityGroupAdminNegativeTest:tearDownClass): 204 DELETE http://10.180.1.21:9696/networking/v2.0/security-groups/20970575-d2cd-4acb-a30a-69bedcf0cf7d 0.132s
2025-04-17 06:32:00.856 70273 INFO tempest.lib.common.rest_client [req-21b84867-8885-4b8a-a714-6687e536ea87 req-21b84867-8885-4b8a-a714-6687e536ea87 ] Request (ServersTestBootFromVolume:setUpClass): 200 GET http://10.180.1.21/volume/v3/volumes/d693c684-fd99-4149-907a-f8cf065775d9 0.073s
2025-04-17 06:32:00.862 70259 INFO tempest.lib.common.rest_client [req-4cf7232c-897b-4aae-9c9e-0c276fedc42f req-4cf7232c-897b-4aae-9c9e-0c276fedc42f ] Request (ImagesMetadataTestJSON:setUpClass): 204 PUT http://10.180.1.21/image/v2/images/d2c5a443-1c52-4bd9-8e2d-d8aa4d80bd19/file 3.234s
2025-04-17 06:32:00.870 70225 INFO tempest.lib.common.rest_client [req-4ccb0288-28ca-4632-8440-81c40bb69981 req-4ccb0288-28ca-4632-8440-81c40bb69981 ] Request (HostsAdminTestJSON:setUpClass): 201 POST http://10.180.1.21/identity/v3/auth/tokens 0.257s
2025-04-17 06:32:00.895 70265 INFO tempest.lib.common.rest_client [req-b0f5a024-32a8-4035-af64-8ae2aba02db8 req-b0f5a024-32a8-4035-af64-8ae2aba02db8 ] Request (InstanceActionsTestJSON:setUpClass): 201 POST http://10.180.1.21/identity/v3/auth/tokens 0.183s
2025-04-17 06:32:00.921 70235 INFO tempest.lib.common.rest_client [req-b3e47278-d5af-4205-bbf1-24f583165c11 req-b3e47278-d5af-4205-bbf1-24f583165c11 ] Request (HypervisorAdminNegativeUnderV252Test:setUpClass): 200 GET http://10.180.1.21/identity/v3/domains?name=Default 0.178s
2025-04-17 06:32:00.953 70233 INFO tempest.lib.common.rest_client [req-84e79733-ba11-466d-a930-ec43d7d9e93f req-84e79733-ba11-466d-a930-ec43d7d9e93f ] Request (MigrationsAdminTest:test_list_migrations): 200 GET http://10.180.1.21/compute/v2.1/os-migrations 3.244s
2025-04-17 06:32:01.084 70269 INFO tempest.lib.common.rest_client [req-ceb026d2-4026-45de-bbfc-e4deebec45c8 req-ceb026d2-4026-45de-bbfc-e4deebec45c8 ] Request (ServersTestJSON:setUpClass): 201 POST http://10.180.1.21:9696/networking/v2.0/routers 1.038s
2025-04-17 06:32:01.116 70221 INFO tempest.lib.common.rest_client [req-dffb6f5a-8990-4636-b9ae-7e7aec0fa246 req-dffb6f5a-8990-4636-b9ae-7e7aec0fa246 ] Request (NetworksTest:test_get_network): 200 GET http://10.180.1.21/compute/v2.1/os-networks 3.503s
2025-04-17 06:32:01.187 70243 INFO tempest.lib.common.rest_client [req-ae6e09cc-29cf-429b-8294-2c9a615883f6 req-ae6e09cc-29cf-429b-8294-2c9a615883f6 ] Request (QuotasSecurityGroupAdminNegativeTest:tearDownClass): 204 DELETE http://10.180.1.21/identity/v3/projects/ab6177306c134d23af4def9bfda078cd 0.382s
2025-04-17 06:32:01.211 70231 INFO tempest.lib.common.rest_client [req-678d80ab-dcb7-4e0b-a2bf-2c477db0a792 req-678d80ab-dcb7-4e0b-a2bf-2c477db0a792 ] Request (ServersTestManualDisk:setUpClass): 201 POST http://10.180.1.21:9696/networking/v2.0/networks 0.723s
2025-04-17 06:32:01.213 70217 INFO tempest.lib.common.rest_client [req-4afa452e-3c00-46c9-8126-ebe96b1aa857 req-4afa452e-3c00-46c9-8126-ebe96b1aa857 ] Request (FlavorsV2NegativeTest:tearDownClass): 204 DELETE http://10.180.1.21/identity/v3/users/e039fb4081824363a15834e9f6725351 0.451s
2025-04-17 06:32:01.213 70217 INFO tempest.lib.common.dynamic_creds [-] Deleting project and security group for project: e0af13ebf6e94608a4093f6adc8194c3
2025-04-17 06:32:01.313 70225 INFO tempest.lib.common.rest_client [req-4be42ae2-410d-4fd3-938e-aa66cf5c695f req-4be42ae2-410d-4fd3-938e-aa66cf5c695f ] Request (HostsAdminTestJSON:setUpClass): 201 POST http://10.180.1.21/identity/v3/projects 0.442s
2025-04-17 06:32:01.327 70235 INFO tempest.lib.common.rest_client [req-10f0b890-00dc-472e-bd96-73216e8cc199 req-10f0b890-00dc-472e-bd96-73216e8cc199 ] Request (HypervisorAdminNegativeUnderV252Test:setUpClass): 201 POST http://10.180.1.21/identity/v3/projects 0.405s
2025-04-17 06:32:01.384 70233 INFO tempest.lib.common.rest_client [req-9e23064d-afc2-4508-89c9-95916f828aa1 req-9e23064d-afc2-4508-89c9-95916f828aa1 ] Request (MigrationsAdminTest:test_list_migrations_in_flavor_resize_situation): 201 POST http://10.180.1.21/identity/v3/auth/tokens 0.422s
2025-04-17 06:32:01.385 70233 INFO tempest.lib.common.fixed_network [-] (MigrationsAdminTest:test_list_migrations_in_flavor_resize_situation) Found network None available for tenant
2025-04-17 06:32:01.458 70263 INFO tempest.lib.common.rest_client [req-333fef0f-eb54-425b-b587-e9eeb9f3e262 req-333fef0f-eb54-425b-b587-e9eeb9f3e262 ] Request (SecurityGroupsNegativeTestJSON:test_delete_nonexistent_security_group): 404 DELETE http://10.180.1.21/compute/v2.1/os-security-groups/a92708af-6231-48d5-b9ab-1c29510faed3 3.533s
2025-04-17 06:32:01.467 70247 INFO tempest.lib.common.rest_client [req-53d103dc-79dc-4917-a8f9-ffee52cd9f68 req-53d103dc-79dc-4917-a8f9-ffee52cd9f68 ] Request (QuotaClassesAdmin257Test:test_update_default_quotas): 200 GET http://10.180.1.21/compute/v2.1/os-quota-class-sets/default 3.386s
2025-04-17 06:32:01.479 70239 INFO tempest.lib.common.rest_client [req-2b506712-c04f-477c-a0a0-37e0bff678a9 req-2b506712-c04f-477c-a0a0-37e0bff678a9 ] Request (VolumesAssistedSnapshotsTest:setUpClass): 201 POST http://10.180.1.21:9696/networking/v2.0/routers 1.085s
2025-04-17 06:32:01.511 70243 INFO tempest.lib.common.rest_client [req-cc07ac39-ee25-4e0a-a00f-062bd96ea836 req-cc07ac39-ee25-4e0a-a00f-062bd96ea836 ] Request (ServersAdmin275Test:setUpClass): 201 POST http://10.180.1.21/identity/v3/auth/tokens 0.321s
2025-04-17 06:32:01.513 70217 INFO tempest.lib.common.rest_client [req-ef065f96-40ef-4c21-a7b3-83c07944709a req-ef065f96-40ef-4c21-a7b3-83c07944709a ] Request (FlavorsV2NegativeTest:tearDownClass): 201 POST http://10.180.1.21/identity/v3/auth/tokens 0.300s
2025-04-17 06:32:01.535 70235 INFO tempest.lib.common.rest_client [req-992422d9-3e2d-47ec-938e-d79fc6ff3a5a req-992422d9-3e2d-47ec-938e-d79fc6ff3a5a ] Request (HypervisorAdminNegativeUnderV252Test:setUpClass): 201 POST http://10.180.1.21/identity/v3/users 0.207s
2025-04-17 06:32:01.536 70225 INFO tempest.lib.common.rest_client [req-93d51368-b339-4edd-8811-3bf19fc008e1 req-93d51368-b339-4edd-8811-3bf19fc008e1 ] Request (HostsAdminTestJSON:setUpClass): 201 POST http://10.180.1.21/identity/v3/users 0.223s
2025-04-17 06:32:01.605 70243 INFO tempest.lib.common.rest_client [req-72cc2410-ded1-49f4-9f76-4f0bbcc08215 req-72cc2410-ded1-49f4-9f76-4f0bbcc08215 ] Request (ServersAdmin275Test:setUpClass): 201 POST http://10.180.1.21/identity/v3/auth/tokens 0.090s
2025-04-17 06:32:01.607 70275 INFO tempest.lib.common.rest_client [req-da12a39c-2157-42ad-b210-f7b70bd33af2 req-da12a39c-2157-42ad-b210-f7b70bd33af2 ] Request (FlavorsV261TestJSON:test_crud_flavor): 200 POST http://10.180.1.21/compute/v2.1/flavors 3.269s
2025-04-17 06:32:01.621 70235 INFO tempest.lib.common.rest_client [req-9f334854-25cb-4a08-96ac-005c9764c6f9 req-9f334854-25cb-4a08-96ac-005c9764c6f9 ] Request (HypervisorAdminNegativeUnderV252Test:setUpClass): 200 GET http://10.180.1.21/identity/v3/roles 0.086s
2025-04-17 06:32:01.638 70225 INFO tempest.lib.common.rest_client [req-637ab25f-8285-4eb9-ba40-f9cbc2dee492 req-637ab25f-8285-4eb9-ba40-f9cbc2dee492 ] Request (HostsAdminTestJSON:setUpClass): 200 GET http://10.180.1.21/identity/v3/roles 0.102s
2025-04-17 06:32:01.659 70243 INFO tempest.lib.common.rest_client [req-45cbe314-1d97-4273-975d-40391f2bafad req-45cbe314-1d97-4273-975d-40391f2bafad ] Request (ServersAdmin275Test:setUpClass): 200 GET http://10.180.1.21/identity/v3/domains?name=Default 0.053s
2025-04-17 06:32:01.680 70251 INFO tempest.lib.common.rest_client [req-2fc1b46b-5639-4bd0-bddf-e5eda5aecd76 req-2fc1b46b-5639-4bd0-bddf-e5eda5aecd76 ] Request (HypervisorAdminV253TestBase:test_list_show_detail_hypervisors): 200 GET http://10.180.1.21/compute/v2.1/os-hypervisors/detail?with_servers=True 3.332s
2025-04-17 06:32:01.691 70235 INFO tempest.lib.common.rest_client [req-abbbda84-4b78-465a-8def-4eb44246f616 req-abbbda84-4b78-465a-8def-4eb44246f616 ] Request (HypervisorAdminNegativeUnderV252Test:setUpClass): 204 PUT http://10.180.1.21/identity/v3/projects/714c5045b0eb405881092ab35d006b54/users/ff02e450f982410c9b66b3554cadb7ba/roles/07abacaef8804f1eb4496b0884cb5c67 0.069s
2025-04-17 06:32:01.691 70235 INFO tempest.lib.common.dynamic_creds [-] Dynamic test user ff02e450f982410c9b66b3554cadb7ba is created with scope project and roles: ['member']
2025-04-17 06:32:01.691 70235 INFO tempest.lib.common.dynamic_creds [-] Acquired dynamic creds: credentials: Credentials: {'domain_id': 'default', 'domain_name': 'Default', 'username': 'tempest-HypervisorAdminNegativeUnderV252Test-1018153194-project-member', 'project_domain_id': 'default', 'project_domain_name': 'Default', 'project_id': '714c5045b0eb405881092ab35d006b54', 'project_name': 'tempest-HypervisorAdminNegativeUnderV252Test-1018153194', 'tenant_id': '714c5045b0eb405881092ab35d006b54', 'tenant_name': 'tempest-HypervisorAdminNegativeUnderV252Test-1018153194', 'user_domain_id': 'default', 'user_domain_name': 'Default', 'user_id': 'ff02e450f982410c9b66b3554cadb7ba', 'system': None}, Network: None, Subnet: None, Router: None
2025-04-17 06:32:01.692 70235 INFO tempest.lib.common.dynamic_creds [-] Created isolated network resources for: credentials: Credentials: {'domain_id': 'default', 'domain_name': 'Default', 'username': 'tempest-HypervisorAdminNegativeUnderV252Test-1018153194-project-member', 'project_domain_id': 'default', 'project_domain_name': 'Default', 'project_id': '714c5045b0eb405881092ab35d006b54', 'project_name': 'tempest-HypervisorAdminNegativeUnderV252Test-1018153194', 'tenant_id': '714c5045b0eb405881092ab35d006b54', 'tenant_name': 'tempest-HypervisorAdminNegativeUnderV252Test-1018153194', 'user_domain_id': 'default', 'user_domain_name': 'Default', 'user_id': 'ff02e450f982410c9b66b3554cadb7ba', 'system': None}, Network: None, Subnet: None, Router: None
2025-04-17 06:32:01.750 70237 INFO tempest.lib.common.rest_client [req-1d7c41ec-7211-44e2-83e7-cfa24430d8a3 req-1d7c41ec-7211-44e2-83e7-cfa24430d8a3 ] Request (InstanceUsageAuditLogTestJSON:test_get_instance_usage_audit_log): 200 GET http://10.180.1.21/compute/v2.1/os-instance_usage_audit_log/2025-04-17%2006%3A31%3A58 3.264s
2025-04-17 06:32:01.756 70231 INFO tempest.lib.common.rest_client [req-8cffbc37-5ebc-49f6-9b1f-9a1568b60f70 req-8cffbc37-5ebc-49f6-9b1f-9a1568b60f70 ] Request (ServersTestManualDisk:setUpClass): 201 POST http://10.180.1.21:9696/networking/v2.0/subnets 0.545s
2025-04-17 06:32:01.775 70225 INFO tempest.lib.common.rest_client [req-85ee9fe3-061f-499b-916c-4d64346c0685 req-85ee9fe3-061f-499b-916c-4d64346c0685 ] Request (HostsAdminTestJSON:setUpClass): 204 PUT http://10.180.1.21/identity/v3/projects/945c0bdf4c8b40fc96d35814d8f0ecd4/users/33b164256557472a9b9601940ab4afa8/roles/54b5961c243a424483181f2b63863a51 0.136s
2025-04-17 06:32:01.791 70243 INFO tempest.lib.common.rest_client [req-6716f840-e13f-4d0f-b13d-68c9f35f72ea req-6716f840-e13f-4d0f-b13d-68c9f35f72ea ] Request (ServersAdmin275Test:setUpClass): 201 POST http://10.180.1.21/identity/v3/projects 0.132s
2025-04-17 06:32:01.864 70235 INFO tempest.lib.common.rest_client [req-6a76b8b7-16c8-44c0-92ad-0463074e5470 req-6a76b8b7-16c8-44c0-92ad-0463074e5470 ] Request (HypervisorAdminNegativeUnderV252Test:setUpClass): 201 POST http://10.180.1.21/identity/v3/auth/tokens 0.167s
2025-04-17 06:32:01.896 70265 INFO tempest.lib.common.rest_client [req-43b09771-8361-41d5-b57b-18c4b67a9e09 req-43b09771-8361-41d5-b57b-18c4b67a9e09 ] Request (InstanceActionsTestJSON:setUpClass): 201 POST http://10.180.1.21:9696/networking/v2.0/networks 1.000s
2025-04-17 06:32:01.913 70219 INFO tempest.lib.common.rest_client [req-86f97df5-ff3f-4cf5-873f-e274a261cb0e req-86f97df5-ff3f-4cf5-873f-e274a261cb0e ] Request (FlavorsExtraSpecsNegativeTestJSON:setUpClass): 200 POST http://10.180.1.21/compute/v2.1/flavors 3.344s
2025-04-17 06:32:01.924 70273 INFO tempest.lib.common.rest_client [req-b5d8c51a-89b4-4d61-a4dd-6d3ad7b4e8e1 req-b5d8c51a-89b4-4d61-a4dd-6d3ad7b4e8e1 ] Request (ServersTestBootFromVolume:setUpClass): 200 GET http://10.180.1.21/volume/v3/volumes/d693c684-fd99-4149-907a-f8cf065775d9 0.057s
2025-04-17 06:32:01.938 70225 INFO tempest.lib.common.rest_client [req-847fb30f-0765-4ef4-957c-03468a593a1a req-847fb30f-0765-4ef4-957c-03468a593a1a ] Request (HostsAdminTestJSON:setUpClass): 200 GET http://10.180.1.21/identity/v3/roles 0.163s
2025-04-17 06:32:01.953 70253 INFO tempest.lib.common.rest_client [req-68e6e016-6aea-41cd-ac21-cf752f33886b req-68e6e016-6aea-41cd-ac21-cf752f33886b ] Request (FlavorsV255TestJSON:test_crud_flavor): 200 POST http://10.180.1.21/compute/v2.1/flavors 3.353s
2025-04-17 06:32:01.968 70235 INFO tempest.lib.common.rest_client [req-ab83a954-589d-4807-b0d8-d18a5adb725e req-ab83a954-589d-4807-b0d8-d18a5adb725e ] Request (HypervisorAdminNegativeUnderV252Test:setUpClass): 201 POST http://10.180.1.21/identity/v3/projects 0.103s
2025-04-17 06:32:01.980 70243 INFO tempest.lib.common.rest_client [req-6d9a7727-1d4a-46d9-b0c1-24a1e9b6e72c req-6d9a7727-1d4a-46d9-b0c1-24a1e9b6e72c ] Request (ServersAdmin275Test:setUpClass): 201 POST http://10.180.1.21/identity/v3/users 0.189s
2025-04-17 06:32:01.990 70213 INFO tempest.lib.common.rest_client [req-82877642-2e74-428a-83d5-4a0b01968cc3 req-82877642-2e74-428a-83d5-4a0b01968cc3 ] Request (AggregatesAdminNegativeTestJSON:test_aggregate_add_existent_host): 200 POST http://10.180.1.21/compute/v2.1/os-aggregates 3.250s
2025-04-17 06:32:02.045 70225 INFO tempest.lib.common.rest_client [req-41cddd22-f947-4727-90db-7a7a7b60a79f req-41cddd22-f947-4727-90db-7a7a7b60a79f ] Request (HostsAdminTestJSON:setUpClass): 204 PUT http://10.180.1.21/identity/v3/projects/945c0bdf4c8b40fc96d35814d8f0ecd4/users/33b164256557472a9b9601940ab4afa8/roles/54b5961c243a424483181f2b63863a51 0.106s
2025-04-17 06:32:02.045 70225 INFO tempest.lib.common.dynamic_creds [-] Dynamic test user 33b164256557472a9b9601940ab4afa8 is created with scope project and roles: ['admin']
2025-04-17 06:32:02.045 70225 INFO tempest.lib.common.dynamic_creds [-] Acquired dynamic creds: credentials: Credentials: {'domain_id': 'default', 'domain_name': 'Default', 'username': 'tempest-HostsAdminTestJSON-1919771931-project-admin', 'project_domain_id': 'default', 'project_domain_name': 'Default', 'project_id': '945c0bdf4c8b40fc96d35814d8f0ecd4', 'project_name': 'tempest-HostsAdminTestJSON-1919771931', 'tenant_id': '945c0bdf4c8b40fc96d35814d8f0ecd4', 'tenant_name': 'tempest-HostsAdminTestJSON-1919771931', 'user_domain_id': 'default', 'user_domain_name': 'Default', 'user_id': '33b164256557472a9b9601940ab4afa8', 'system': None}, Network: None, Subnet: None, Router: None
2025-04-17 06:32:02.045 70225 INFO tempest.lib.common.dynamic_creds [-] Created isolated network resources for: credentials: Credentials: {'domain_id': 'default', 'domain_name': 'Default', 'username': 'tempest-HostsAdminTestJSON-1919771931-project-admin', 'project_domain_id': 'default', 'project_domain_name': 'Default', 'project_id': '945c0bdf4c8b40fc96d35814d8f0ecd4', 'project_name': 'tempest-HostsAdminTestJSON-1919771931', 'tenant_id': '945c0bdf4c8b40fc96d35814d8f0ecd4', 'tenant_name': 'tempest-HostsAdminTestJSON-1919771931', 'user_domain_id': 'default', 'user_domain_name': 'Default', 'user_id': '33b164256557472a9b9601940ab4afa8', 'system': None}, Network: None, Subnet: None, Router: None
2025-04-17 06:32:02.349 70261 INFO tempest.lib.common.rest_client [req-24f732ea-32e8-4fbf-8c21-126ad76e190e req-24f732ea-32e8-4fbf-8c21-126ad76e190e ] Request (HostsAdminNegativeTestJSON:setUpClass): 200 GET http://10.180.1.21/compute/v2.1/os-hosts 3.715s
2025-04-17 06:32:02.357 70235 INFO tempest.lib.common.rest_client [req-284b3ddf-2687-4647-8e78-6444d25a9f36 req-284b3ddf-2687-4647-8e78-6444d25a9f36 ] Request (HypervisorAdminNegativeUnderV252Test:setUpClass): 201 POST http://10.180.1.21/identity/v3/users 0.388s
2025-04-17 06:32:02.365 70243 INFO tempest.lib.common.rest_client [req-33b67f52-f2ef-40c6-83ba-c98ee731cfe3 req-33b67f52-f2ef-40c6-83ba-c98ee731cfe3 ] Request (ServersAdmin275Test:setUpClass): 200 GET http://10.180.1.21/identity/v3/roles 0.384s
2025-04-17 06:32:02.384 70217 INFO tempest.lib.common.rest_client [req-1d271a65-236e-4fe7-a8c8-50844846db0f req-1d271a65-236e-4fe7-a8c8-50844846db0f ] Request (FlavorsV2NegativeTest:tearDownClass): 200 GET http://10.180.1.21:9696/networking/v2.0/security-groups?tenant_id=e0af13ebf6e94608a4093f6adc8194c3&name=default 0.870s
2025-04-17 06:32:02.435 70225 INFO tempest.lib.common.rest_client [req-fa5aeb9a-dd68-4598-840e-b4d18b261381 req-fa5aeb9a-dd68-4598-840e-b4d18b261381 ] Request (HostsAdminTestJSON:setUpClass): 201 POST http://10.180.1.21/identity/v3/auth/tokens 0.387s
2025-04-17 06:32:02.461 70265 INFO tempest.lib.common.rest_client [req-37c307b7-9b91-4c27-895e-1cb8dd799467 req-37c307b7-9b91-4c27-895e-1cb8dd799467 ] Request (InstanceActionsTestJSON:setUpClass): 201 POST http://10.180.1.21:9696/networking/v2.0/subnets 0.564s
2025-04-17 06:32:02.479 70271 INFO tempest.lib.common.rest_client [req-76076fd8-b362-45f4-8651-0d4bc8614e16 req-76076fd8-b362-45f4-8651-0d4bc8614e16 ] Request (HypervisorAdminNegativeTestJSON:test_get_hypervisor_list_details_with_non_admin_user): 403 GET http://10.180.1.21/compute/v2.1/os-hypervisors/detail 3.702s
2025-04-17 06:32:02.488 70235 INFO tempest.lib.common.rest_client [req-1748ecfe-1537-4f07-b1b9-7eaa16682f49 req-1748ecfe-1537-4f07-b1b9-7eaa16682f49 ] Request (HypervisorAdminNegativeUnderV252Test:setUpClass): 200 GET http://10.180.1.21/identity/v3/roles 0.131s
2025-04-17 06:32:02.499 70249 INFO tempest.lib.common.rest_client [req-0d0d929d-e452-477d-b091-d094a8276641 req-0d0d929d-e452-477d-b091-d094a8276641 ] Request (AZAdminNegativeTestJSON:test_get_availability_zone_list_detail_with_non_admin_user): 403 GET http://10.180.1.21/compute/v2.1/os-availability-zone/detail 3.660s
2025-04-17 06:32:02.525 70243 INFO tempest.lib.common.rest_client [req-d09fdea6-cca8-4249-ac99-eabc5c7a3c72 req-d09fdea6-cca8-4249-ac99-eabc5c7a3c72 ] Request (ServersAdmin275Test:setUpClass): 204 PUT http://10.180.1.21/identity/v3/projects/946cdf1da9a8443c9a5b7b09094cdaba/users/050f760dfba34ea191ae5a5ddaabcecf/roles/07abacaef8804f1eb4496b0884cb5c67 0.159s
2025-04-17 06:32:02.525 70243 INFO tempest.lib.common.dynamic_creds [-] Dynamic test user 050f760dfba34ea191ae5a5ddaabcecf is created with scope project and roles: ['member']
2025-04-17 06:32:02.526 70243 INFO tempest.lib.common.dynamic_creds [-] Acquired dynamic creds: credentials: Credentials: {'domain_id': 'default', 'domain_name': 'Default', 'username': 'tempest-ServersAdmin275Test-1081752503-project-member', 'project_domain_id': 'default', 'project_domain_name': 'Default', 'project_id': '946cdf1da9a8443c9a5b7b09094cdaba', 'project_name': 'tempest-ServersAdmin275Test-1081752503', 'tenant_id': '946cdf1da9a8443c9a5b7b09094cdaba', 'tenant_name': 'tempest-ServersAdmin275Test-1081752503', 'user_domain_id': 'default', 'user_domain_name': 'Default', 'user_id': '050f760dfba34ea191ae5a5ddaabcecf', 'system': None}, Network: None, Subnet: None, Router: None
2025-04-17 06:32:02.526 70243 INFO tempest.lib.common.dynamic_creds [-] Created isolated network resources for: credentials: Credentials: {'domain_id': 'default', 'domain_name': 'Default', 'username': 'tempest-ServersAdmin275Test-1081752503-project-member', 'project_domain_id': 'default', 'project_domain_name': 'Default', 'project_id': '946cdf1da9a8443c9a5b7b09094cdaba', 'project_name': 'tempest-ServersAdmin275Test-1081752503', 'tenant_id': '946cdf1da9a8443c9a5b7b09094cdaba', 'tenant_name': 'tempest-ServersAdmin275Test-1081752503', 'user_domain_id': 'default', 'user_domain_name': 'Default', 'user_id': '050f760dfba34ea191ae5a5ddaabcecf', 'system': None}, Network: None, Subnet: None, Router: None
2025-04-17 06:32:02.593 70235 INFO tempest.lib.common.rest_client [req-45e9269c-7af7-4973-a624-0129f36f0e74 req-45e9269c-7af7-4973-a624-0129f36f0e74 ] Request (HypervisorAdminNegativeUnderV252Test:setUpClass): 204 PUT http://10.180.1.21/identity/v3/projects/a69b1ccb96474bd69b6b9c42bb1165d7/users/4db4a7d170294d93869a40e7ba964c97/roles/54b5961c243a424483181f2b63863a51 0.104s
2025-04-17 06:32:02.602 70267 INFO tempest.lib.common.rest_client [req-f82274f4-2464-486d-8684-87b05e89c2b7 req-f82274f4-2464-486d-8684-87b05e89c2b7 ] Request (KeyPairsV210TestJSON:test_admin_manage_keypairs_for_other_users): 201 POST http://10.180.1.21/compute/v2.1/os-keypairs 3.683s
