2025-04-17 06:31:51.973 70237 INFO tempest.lib.common.dynamic_creds [-] Acquired dynamic creds: credentials: Credentials: {'domain_id': 'default', 'domain_name': 'Default', 'username': 'tempest-InstanceUsageAuditLogTestJSON-54417534-project-member', 'project_domain_id': 'default', 'project_domain_name': 'Default', 'project_id': '861afb40a49f4f15a001de1a5198ff80', 'project_name': 'tempest-InstanceUsageAuditLogTestJSON-54417534', 'tenant_id': '861afb40a49f4f15a001de1a5198ff80', 'tenant_name': 'tempest-InstanceUsageAuditLogTestJSON-54417534', 'user_domain_id': 'default', 'user_domain_name': 'Default', 'user_id': '07a2cf10644e46d4acbf31e475242c9a', 'system': None}, Network: None, Subnet: None, Router: None
2025-04-17 06:31:51.973 70237 INFO tempest.lib.common.dynamic_creds [-] Created isolated network resources for: credentials: Credentials: {'domain_id': 'default', 'domain_name': 'Default', 'username': 'tempest-InstanceUsageAuditLogTestJSON-54417534-project-member', 'project_domain_id': 'default', 'project_domain_name': 'Default', 'project_id': '861afb40a49f4f15a001de1a5198ff80', 'project_name': 'tempest-InstanceUsageAuditLogTestJSON-54417534', 'tenant_id': '861afb40a49f4f15a001de1a5198ff80', 'tenant_name': 'tempest-InstanceUsageAuditLogTestJSON-54417534', 'user_domain_id': 'default', 'user_domain_name': 'Default', 'user_id': '07a2cf10644e46d4acbf31e475242c9a', 'system': None}, Network: None, Subnet: None, Router: None
2025-04-17 06:31:52.023 70263 INFO tempest.lib.common.rest_client [req-68e28f93-b004-405d-9650-c7d81228a36a req-68e28f93-b004-405d-9650-c7d81228a36a ] Request (SecurityGroupsNegativeTestJSON:setUpClass): 204 PUT http://10.180.1.21/identity/v3/projects/e4c63e8eecd6494d8d6f2787f0c5b9e0/users/ddeb8d7ab88b48438759ea62b39c38c5/roles/07abacaef8804f1eb4496b0884cb5c67 0.689s
2025-04-17 06:31:52.023 70263 INFO tempest.lib.common.dynamic_creds [-] Dynamic test user ddeb8d7ab88b48438759ea62b39c38c5 is created with scope project and roles: ['member']
2025-04-17 06:31:52.024 70263 INFO tempest.lib.common.dynamic_creds [-] Acquired dynamic creds: credentials: Credentials: {'domain_id': 'default', 'domain_name': 'Default', 'username': 'tempest-SecurityGroupsNegativeTestJSON-1765261331-project-member', 'project_domain_id': 'default', 'project_domain_name': 'Default', 'project_id': 'e4c63e8eecd6494d8d6f2787f0c5b9e0', 'project_name': 'tempest-SecurityGroupsNegativeTestJSON-1765261331', 'tenant_id': 'e4c63e8eecd6494d8d6f2787f0c5b9e0', 'tenant_name': 'tempest-SecurityGroupsNegativeTestJSON-1765261331', 'user_domain_id': 'default', 'user_domain_name': 'Default', 'user_id': 'ddeb8d7ab88b48438759ea62b39c38c5', 'system': None}, Network: None, Subnet: None, Router: None
2025-04-17 06:31:52.042 70223 INFO tempest.lib.common.rest_client [req-a8f7bb31-7f77-4618-b953-0e164af1e568 req-a8f7bb31-7f77-4618-b953-0e164af1e568 ] Request (DeleteServersAdminTestJSON:setUpClass): 201 POST http://10.180.1.21/identity/v3/projects 0.729s
2025-04-17 06:31:52.091 70235 INFO tempest.lib.common.rest_client [req-a032dcb3-a249-403d-9076-a0c4e5a05aaf req-a032dcb3-a249-403d-9076-a0c4e5a05aaf ] Request (AZAdminV2TestJSON:setUpClass): 200 GET http://10.180.1.21/identity/v3/roles 0.754s
2025-04-17 06:31:52.097 70221 INFO tempest.lib.common.rest_client [req-5cbf6497-f2c8-4b86-8c10-c078b338e76d req-5cbf6497-f2c8-4b86-8c10-c078b338e76d ] Request (NetworksTest:setUpClass): 201 POST http://10.180.1.21/identity/v3/auth/tokens 0.689s
2025-04-17 06:31:52.121 70219 INFO tempest.lib.common.rest_client [req-6e40111f-c19b-455f-b95a-050b1c32630b req-6e40111f-c19b-455f-b95a-050b1c32630b ] Request (FlavorsExtraSpecsNegativeTestJSON:setUpClass): 204 PUT http://10.180.1.21/identity/v3/projects/d19338d3676841aa9c80c4e0c5675ce8/users/4a69aa5f3f754cf99e5d8850be665128/roles/07abacaef8804f1eb4496b0884cb5c67 0.701s
2025-04-17 06:31:52.121 70219 INFO tempest.lib.common.dynamic_creds [-] Dynamic test user 4a69aa5f3f754cf99e5d8850be665128 is created with scope project and roles: ['member']
2025-04-17 06:31:52.121 70219 INFO tempest.lib.common.dynamic_creds [-] Acquired dynamic creds: credentials: Credentials: {'domain_id': 'default', 'domain_name': 'Default', 'username': 'tempest-FlavorsExtraSpecsNegativeTestJSON-1576231593-project-member', 'project_domain_id': 'default', 'project_domain_name': 'Default', 'project_id': 'd19338d3676841aa9c80c4e0c5675ce8', 'project_name': 'tempest-FlavorsExtraSpecsNegativeTestJSON-1576231593', 'tenant_id': 'd19338d3676841aa9c80c4e0c5675ce8', 'tenant_name': 'tempest-FlavorsExtraSpecsNegativeTestJSON-1576231593', 'user_domain_id': 'default', 'user_domain_name': 'Default', 'user_id': '4a69aa5f3f754cf99e5d8850be665128', 'system': None}, Network: None, Subnet: None, Router: None
2025-04-17 06:31:52.121 70219 INFO tempest.lib.common.dynamic_creds [-] Created isolated network resources for: credentials: Credentials: {'domain_id': 'default', 'domain_name': 'Default', 'username': 'tempest-FlavorsExtraSpecsNegativeTestJSON-1576231593-project-member', 'project_domain_id': 'default', 'project_domain_name': 'Default', 'project_id': 'd19338d3676841aa9c80c4e0c5675ce8', 'project_name': 'tempest-FlavorsExtraSpecsNegativeTestJSON-1576231593', 'tenant_id': 'd19338d3676841aa9c80c4e0c5675ce8', 'tenant_name': 'tempest-FlavorsExtraSpecsNegativeTestJSON-1576231593', 'user_domain_id': 'default', 'user_domain_name': 'Default', 'user_id': '4a69aa5f3f754cf99e5d8850be665128', 'system': None}, Network: None, Subnet: None, Router: None
2025-04-17 06:31:52.146 70233 INFO tempest.lib.common.rest_client [req-8957d5ca-a715-4a67-bade-2911b168ab3b req-8957d5ca-a715-4a67-bade-2911b168ab3b ] Request (MigrationsAdminTest:setUpClass): 201 POST http://10.180.1.21/identity/v3/auth/tokens 0.735s
2025-04-17 06:31:52.166 70261 INFO tempest.lib.common.rest_client [req-60305828-dd38-487e-a1bd-3d139b13d16c req-60305828-dd38-487e-a1bd-3d139b13d16c ] Request (HostsAdminNegativeTestJSON:setUpClass): 204 PUT http://10.180.1.21/identity/v3/projects/4cfcdbf3b6b348ddad9c245583720da6/users/064bfc66f45b495189e6985cc932a45d/roles/07abacaef8804f1eb4496b0884cb5c67 0.703s
2025-04-17 06:31:52.167 70261 INFO tempest.lib.common.dynamic_creds [-] Dynamic test user 064bfc66f45b495189e6985cc932a45d is created with scope project and roles: ['member']
2025-04-17 06:31:52.167 70265 INFO tempest.lib.common.rest_client [req-baaec5d0-6fe0-430f-9505-de5343cd2930 req-baaec5d0-6fe0-430f-9505-de5343cd2930 ] Request (FlavorsV2TestJSON:setUpClass): 204 PUT http://10.180.1.21/identity/v3/projects/639ba5a0108b4c5eb9e0a8f75381bf36/users/9248fc2b87a645268bfb6e1fa44008c8/roles/07abacaef8804f1eb4496b0884cb5c67 0.725s
2025-04-17 06:31:52.167 70261 INFO tempest.lib.common.dynamic_creds [-] Acquired dynamic creds: credentials: Credentials: {'domain_id': 'default', 'domain_name': 'Default', 'username': 'tempest-HostsAdminNegativeTestJSON-951823980-project-member', 'project_domain_id': 'default', 'project_domain_name': 'Default', 'project_id': '4cfcdbf3b6b348ddad9c245583720da6', 'project_name': 'tempest-HostsAdminNegativeTestJSON-951823980', 'tenant_id': '4cfcdbf3b6b348ddad9c245583720da6', 'tenant_name': 'tempest-HostsAdminNegativeTestJSON-951823980', 'user_domain_id': 'default', 'user_domain_name': 'Default', 'user_id': '064bfc66f45b495189e6985cc932a45d', 'system': None}, Network: None, Subnet: None, Router: None
2025-04-17 06:31:52.167 70261 INFO tempest.lib.common.dynamic_creds [-] Created isolated network resources for: credentials: Credentials: {'domain_id': 'default', 'domain_name': 'Default', 'username': 'tempest-HostsAdminNegativeTestJSON-951823980-project-member', 'project_domain_id': 'default', 'project_domain_name': 'Default', 'project_id': '4cfcdbf3b6b348ddad9c245583720da6', 'project_name': 'tempest-HostsAdminNegativeTestJSON-951823980', 'tenant_id': '4cfcdbf3b6b348ddad9c245583720da6', 'tenant_name': 'tempest-HostsAdminNegativeTestJSON-951823980', 'user_domain_id': 'default', 'user_domain_name': 'Default', 'user_id': '064bfc66f45b495189e6985cc932a45d', 'system': None}, Network: None, Subnet: None, Router: None
2025-04-17 06:31:52.167 70265 INFO tempest.lib.common.dynamic_creds [-] Dynamic test user 9248fc2b87a645268bfb6e1fa44008c8 is created with scope project and roles: ['member']
2025-04-17 06:31:52.167 70265 INFO tempest.lib.common.dynamic_creds [-] Acquired dynamic creds: credentials: Credentials: {'domain_id': 'default', 'domain_name': 'Default', 'username': 'tempest-FlavorsV2TestJSON-718774703-project-member', 'project_domain_id': 'default', 'project_domain_name': 'Default', 'project_id': '639ba5a0108b4c5eb9e0a8f75381bf36', 'project_name': 'tempest-FlavorsV2TestJSON-718774703', 'tenant_id': '639ba5a0108b4c5eb9e0a8f75381bf36', 'tenant_name': 'tempest-FlavorsV2TestJSON-718774703', 'user_domain_id': 'default', 'user_domain_name': 'Default', 'user_id': '9248fc2b87a645268bfb6e1fa44008c8', 'system': None}, Network: None, Subnet: None, Router: None
2025-04-17 06:31:52.168 70265 INFO tempest.lib.common.dynamic_creds [-] Created isolated network resources for: credentials: Credentials: {'domain_id': 'default', 'domain_name': 'Default', 'username': 'tempest-FlavorsV2TestJSON-718774703-project-member', 'project_domain_id': 'default', 'project_domain_name': 'Default', 'project_id': '639ba5a0108b4c5eb9e0a8f75381bf36', 'project_name': 'tempest-FlavorsV2TestJSON-718774703', 'tenant_id': '639ba5a0108b4c5eb9e0a8f75381bf36', 'tenant_name': 'tempest-FlavorsV2TestJSON-718774703', 'user_domain_id': 'default', 'user_domain_name': 'Default', 'user_id': '9248fc2b87a645268bfb6e1fa44008c8', 'system': None}, Network: None, Subnet: None, Router: None
2025-04-17 06:31:52.218 70241 INFO tempest.lib.common.rest_client [req-5b929af0-81e5-410f-8e31-e363350860d9 req-5b929af0-81e5-410f-8e31-e363350860d9 ] Request (AttachInterfacesUnderV243Test:setUpClass): 201 POST http://10.180.1.21/identity/v3/auth/tokens 0.716s
2025-04-17 06:31:52.246 70253 INFO tempest.lib.common.rest_client [req-04d3688f-0327-4f7e-9165-6eedd83a8a8d req-04d3688f-0327-4f7e-9165-6eedd83a8a8d ] Request (FlavorsV255TestJSON:setUpClass): 204 PUT http://10.180.1.21/identity/v3/projects/77465a7fb8614e6bbde6e6f676b8c5c8/users/5f845d91e8f34029ae71f469f8a0fbdf/roles/07abacaef8804f1eb4496b0884cb5c67 0.762s
2025-04-17 06:31:52.247 70253 INFO tempest.lib.common.dynamic_creds [-] Dynamic test user 5f845d91e8f34029ae71f469f8a0fbdf is created with scope project and roles: ['member']
2025-04-17 06:31:52.247 70253 INFO tempest.lib.common.dynamic_creds [-] Acquired dynamic creds: credentials: Credentials: {'domain_id': 'default', 'domain_name': 'Default', 'username': 'tempest-FlavorsV255TestJSON-1775044575-project-member', 'project_domain_id': 'default', 'project_domain_name': 'Default', 'project_id': '77465a7fb8614e6bbde6e6f676b8c5c8', 'project_name': 'tempest-FlavorsV255TestJSON-1775044575', 'tenant_id': '77465a7fb8614e6bbde6e6f676b8c5c8', 'tenant_name': 'tempest-FlavorsV255TestJSON-1775044575', 'user_domain_id': 'default', 'user_domain_name': 'Default', 'user_id': '5f845d91e8f34029ae71f469f8a0fbdf', 'system': None}, Network: None, Subnet: None, Router: None
2025-04-17 06:31:52.247 70253 INFO tempest.lib.common.dynamic_creds [-] Created isolated network resources for: credentials: Credentials: {'domain_id': 'default', 'domain_name': 'Default', 'username': 'tempest-FlavorsV255TestJSON-1775044575-project-member', 'project_domain_id': 'default', 'project_domain_name': 'Default', 'project_id': '77465a7fb8614e6bbde6e6f676b8c5c8', 'project_name': 'tempest-FlavorsV255TestJSON-1775044575', 'tenant_id': '77465a7fb8614e6bbde6e6f676b8c5c8', 'tenant_name': 'tempest-FlavorsV255TestJSON-1775044575', 'user_domain_id': 'default', 'user_domain_name': 'Default', 'user_id': '5f845d91e8f34029ae71f469f8a0fbdf', 'system': None}, Network: None, Subnet: None, Router: None
2025-04-17 06:31:52.285 70255 INFO tempest.lib.common.rest_client [req-c8568a43-16df-46df-bdc6-f72a405349d9 req-c8568a43-16df-46df-bdc6-f72a405349d9 ] Request (HypervisorAdminV228Test:tearDownClass): 204 DELETE http://10.180.1.21/identity/v3/users/04e56e3528f14c7e9a1e8b4c02c82b1e 0.734s
2025-04-17 06:31:52.339 70257 INFO tempest.lib.common.rest_client [req-adaced50-2821-443b-a3d9-ed98b46f84b0 req-adaced50-2821-443b-a3d9-ed98b46f84b0 ] Request (ServersWithSpecificFlavorTestJSON:setUpClass): 201 POST http://10.180.1.21/identity/v3/auth/tokens 0.784s
2025-04-17 06:31:52.394 70271 INFO tempest.lib.common.rest_client [req-9a11a130-b5e8-41ac-89b6-aafa62cab0cd req-9a11a130-b5e8-41ac-89b6-aafa62cab0cd ] Request (HypervisorAdminNegativeTestJSON:setUpClass): 204 PUT http://10.180.1.21/identity/v3/projects/d23c41b0db4549e89e693f5894791b6c/users/6043ab36ba5b4858b9e422cde7d425ab/roles/07abacaef8804f1eb4496b0884cb5c67 0.836s
2025-04-17 06:31:52.394 70271 INFO tempest.lib.common.dynamic_creds [-] Dynamic test user 6043ab36ba5b4858b9e422cde7d425ab is created with scope project and roles: ['member']
2025-04-17 06:31:52.394 70271 INFO tempest.lib.common.dynamic_creds [-] Acquired dynamic creds: credentials: Credentials: {'domain_id': 'default', 'domain_name': 'Default', 'username': 'tempest-HypervisorAdminNegativeTestJSON-1917101087-project-member', 'project_domain_id': 'default', 'project_domain_name': 'Default', 'project_id': 'd23c41b0db4549e89e693f5894791b6c', 'project_name': 'tempest-HypervisorAdminNegativeTestJSON-1917101087', 'tenant_id': 'd23c41b0db4549e89e693f5894791b6c', 'tenant_name': 'tempest-HypervisorAdminNegativeTestJSON-1917101087', 'user_domain_id': 'default', 'user_domain_name': 'Default', 'user_id': '6043ab36ba5b4858b9e422cde7d425ab', 'system': None}, Network: None, Subnet: None, Router: None
2025-04-17 06:31:52.394 70271 INFO tempest.lib.common.dynamic_creds [-] Created isolated network resources for: credentials: Credentials: {'domain_id': 'default', 'domain_name': 'Default', 'username': 'tempest-HypervisorAdminNegativeTestJSON-1917101087-project-member', 'project_domain_id': 'default', 'project_domain_name': 'Default', 'project_id': 'd23c41b0db4549e89e693f5894791b6c', 'project_name': 'tempest-HypervisorAdminNegativeTestJSON-1917101087', 'tenant_id': 'd23c41b0db4549e89e693f5894791b6c', 'tenant_name': 'tempest-HypervisorAdminNegativeTestJSON-1917101087', 'user_domain_id': 'default', 'user_domain_name': 'Default', 'user_id': '6043ab36ba5b4858b9e422cde7d425ab', 'system': None}, Network: None, Subnet: None, Router: None
2025-04-17 06:31:52.399 70245 INFO tempest.lib.common.rest_client [req-67ebdc09-0b3c-49f3-b3f3-e1e4cd4e5a92 req-67ebdc09-0b3c-49f3-b3f3-e1e4cd4e5a92 ] Request (ServerDiagnosticsNegativeTest:setUpClass): 201 POST http://10.180.1.21/identity/v3/users 0.817s
2025-04-17 06:31:52.407 70231 INFO tempest.lib.common.rest_client [req-23edd942-9f88-430f-b593-9bc003101125 req-23edd942-9f88-430f-b593-9bc003101125 ] Request (KeyPairsV22TestJSON:test_get_keypair_detail): 201 POST http://10.180.1.21/compute/v2.1/os-keypairs 0.858s
2025-04-17 06:31:52.420 70231 INFO tempest.lib.common.rest_client [req-075fbedd-9591-4e90-95be-707203d58ae9 req-075fbedd-9591-4e90-95be-707203d58ae9 ] Request (KeyPairsV22TestJSON:test_get_keypair_detail): 200 GET http://10.180.1.21/compute/v2.1/os-keypairs/tempest-keypair-1903369349 0.009s
2025-04-17 06:31:52.437 70231 INFO tempest.lib.common.rest_client [req-25e55ba3-c81f-4a1a-8dac-617e2bc78aa1 req-25e55ba3-c81f-4a1a-8dac-617e2bc78aa1 ] Request (KeyPairsV22TestJSON:_run_cleanups): 204 DELETE http://10.180.1.21/compute/v2.1/os-keypairs/tempest-keypair-1903369349 0.015s
2025-04-17 06:31:52.453 70213 INFO tempest.lib.common.rest_client [req-0b9ecb53-1e51-413a-88a9-24f92183edb9 req-0b9ecb53-1e51-413a-88a9-24f92183edb9 ] Request (AggregatesAdminNegativeTestJSON:setUpClass): 201 POST http://10.180.1.21/identity/v3/projects 0.810s
2025-04-17 06:31:52.464 70231 INFO tempest.lib.common.rest_client [req-6ff9e010-d645-431e-8b52-ee7c3d377edd req-6ff9e010-d645-431e-8b52-ee7c3d377edd ] Request (KeyPairsV22TestJSON:test_keypair_create_delete): 201 POST http://10.180.1.21/compute/v2.1/os-keypairs 0.024s
2025-04-17 06:31:52.479 70231 INFO tempest.lib.common.rest_client [req-779b8fd2-4566-41e7-98b6-0f5c09ba23a0 req-779b8fd2-4566-41e7-98b6-0f5c09ba23a0 ] Request (KeyPairsV22TestJSON:_run_cleanups): 204 DELETE http://10.180.1.21/compute/v2.1/os-keypairs/tempest-keypair-1985695162 0.013s
2025-04-17 06:31:52.504 70231 INFO tempest.lib.common.rest_client [req-b22b4c69-2000-4ffc-888b-ddbf7e005516 req-b22b4c69-2000-4ffc-888b-ddbf7e005516 ] Request (KeyPairsV22TestJSON:test_keypair_create_with_pub_key): 201 POST http://10.180.1.21/compute/v2.1/os-keypairs 0.024s
2025-04-17 06:31:52.508 70249 INFO tempest.lib.common.rest_client [req-a401d252-c56e-4445-8a37-6ef60391456e req-a401d252-c56e-4445-8a37-6ef60391456e ] Request (AZAdminNegativeTestJSON:setUpClass): 204 PUT http://10.180.1.21/identity/v3/projects/570a290712124e8cad9fdc9e6dcd05f0/users/1e674f66c7da416785b2de7bc60a961c/roles/07abacaef8804f1eb4496b0884cb5c67 0.830s
2025-04-17 06:31:52.508 70249 INFO tempest.lib.common.dynamic_creds [-] Dynamic test user 1e674f66c7da416785b2de7bc60a961c is created with scope project and roles: ['member']
2025-04-17 06:31:52.508 70249 INFO tempest.lib.common.dynamic_creds [-] Acquired dynamic creds: credentials: Credentials: {'domain_id': 'default', 'domain_name': 'Default', 'username': 'tempest-AZAdminNegativeTestJSON-119093424-project-member', 'project_domain_id': 'default', 'project_domain_name': 'Default', 'project_id': '570a290712124e8cad9fdc9e6dcd05f0', 'project_name': 'tempest-AZAdminNegativeTestJSON-119093424', 'tenant_id': '570a290712124e8cad9fdc9e6dcd05f0', 'tenant_name': 'tempest-AZAdminNegativeTestJSON-119093424', 'user_domain_id': 'default', 'user_domain_name': 'Default', 'user_id': '1e674f66c7da416785b2de7bc60a961c', 'system': None}, Network: None, Subnet: None, Router: None
2025-04-17 06:31:52.508 70249 INFO tempest.lib.common.dynamic_creds [-] Created isolated network resources for: credentials: Credentials: {'domain_id': 'default', 'domain_name': 'Default', 'username': 'tempest-AZAdminNegativeTestJSON-119093424-project-member', 'project_domain_id': 'default', 'project_domain_name': 'Default', 'project_id': '570a290712124e8cad9fdc9e6dcd05f0', 'project_name': 'tempest-AZAdminNegativeTestJSON-119093424', 'tenant_id': '570a290712124e8cad9fdc9e6dcd05f0', 'tenant_name': 'tempest-AZAdminNegativeTestJSON-119093424', 'user_domain_id': 'default', 'user_domain_name': 'Default', 'user_id': '1e674f66c7da416785b2de7bc60a961c', 'system': None}, Network: None, Subnet: None, Router: None
2025-04-17 06:31:52.520 70227 INFO tempest.lib.common.rest_client [req-91760c76-a7fe-412c-94dc-5a7453fd347c req-91760c76-a7fe-412c-94dc-5a7453fd347c ] Request (FlavorsAdminTestJSON:setUpClass): 201 POST http://10.180.1.21/identity/v3/projects 0.819s
2025-04-17 06:31:52.520 70231 INFO tempest.lib.common.rest_client [req-a659de4a-d4a4-4fdc-8c71-a81ab6f45f6f req-a659de4a-d4a4-4fdc-8c71-a81ab6f45f6f ] Request (KeyPairsV22TestJSON:_run_cleanups): 204 DELETE http://10.180.1.21/compute/v2.1/os-keypairs/tempest-keypair-657664252 0.014s
2025-04-17 06:31:52.550 70231 INFO tempest.lib.common.rest_client [req-7326c3b9-b804-4d56-8f58-003943fbec78 req-7326c3b9-b804-4d56-8f58-003943fbec78 ] Request (KeyPairsV22TestJSON:test_keypairs_create_list_delete): 201 POST http://10.180.1.21/compute/v2.1/os-keypairs 0.027s
2025-04-17 06:31:52.563 70247 INFO tempest.lib.common.rest_client [req-2690e00a-8f82-481a-b305-0a3640844810 req-2690e00a-8f82-481a-b305-0a3640844810 ] Request (QuotaClassesAdmin257Test:setUpClass): 201 POST http://10.180.1.21/identity/v3/auth/tokens 0.808s
2025-04-17 06:31:52.578 70231 INFO tempest.lib.common.rest_client [req-f3062898-912c-4a8e-affa-bfb01bb81591 req-f3062898-912c-4a8e-affa-bfb01bb81591 ] Request (KeyPairsV22TestJSON:test_keypairs_create_list_delete): 201 POST http://10.180.1.21/compute/v2.1/os-keypairs 0.026s
2025-04-17 06:31:52.605 70231 INFO tempest.lib.common.rest_client [req-6d6821c7-1dc5-4e60-a3d2-3fb5ee451722 req-6d6821c7-1dc5-4e60-a3d2-3fb5ee451722 ] Request (KeyPairsV22TestJSON:test_keypairs_create_list_delete): 201 POST http://10.180.1.21/compute/v2.1/os-keypairs 0.025s
2025-04-17 06:31:52.613 70215 INFO tempest.lib.common.rest_client [req-5b53bc5b-d060-408c-b9a4-a25256860176 req-5b53bc5b-d060-408c-b9a4-a25256860176 ] Request (FlavorsAccessNegativeTestJSON:setUpClass): 204 PUT http://10.180.1.21/identity/v3/projects/4b687f238da04a9ba18263b7d09c31ad/users/c292cd3cc92a4cafba08040e8189da9b/roles/54b5961c243a424483181f2b63863a51 0.832s
2025-04-17 06:31:52.619 70231 INFO tempest.lib.common.rest_client [req-e23f7990-72b4-42c3-8d14-abd62d6e21e7 req-e23f7990-72b4-42c3-8d14-abd62d6e21e7 ] Request (KeyPairsV22TestJSON:test_keypairs_create_list_delete): 200 GET http://10.180.1.21/compute/v2.1/os-keypairs 0.012s
2025-04-17 06:31:52.636 70231 INFO tempest.lib.common.rest_client [req-4f0fd8e8-93d3-498f-b465-bf154499e4f6 req-4f0fd8e8-93d3-498f-b465-bf154499e4f6 ] Request (KeyPairsV22TestJSON:_run_cleanups): 204 DELETE http://10.180.1.21/compute/v2.1/os-keypairs/tempest-KeyPairsV22TestJSON-keypair-1396105530 0.015s
2025-04-17 06:31:52.655 70231 INFO tempest.lib.common.rest_client [req-18da6f75-10a0-4d64-9548-10c04521d4a3 req-18da6f75-10a0-4d64-9548-10c04521d4a3 ] Request (KeyPairsV22TestJSON:_run_cleanups): 204 DELETE http://10.180.1.21/compute/v2.1/os-keypairs/tempest-KeyPairsV22TestJSON-keypair-495949696 0.018s
2025-04-17 06:31:52.669 70225 INFO tempest.lib.common.rest_client [req-d077a898-d257-4b37-99a3-2c95f86cee28 req-d077a898-d257-4b37-99a3-2c95f86cee28 ] Request (FlavorMetadataValidation:test_flavor_update_with_custom_namespace): 200 POST http://10.180.1.21/compute/v2.1/flavors 0.906s
2025-04-17 06:31:52.670 70231 INFO tempest.lib.common.rest_client [req-c14d9c27-80bd-469f-a7c3-8a333f514b12 req-c14d9c27-80bd-469f-a7c3-8a333f514b12 ] Request (KeyPairsV22TestJSON:_run_cleanups): 204 DELETE http://10.180.1.21/compute/v2.1/os-keypairs/tempest-KeyPairsV22TestJSON-keypair-325093041 0.014s
2025-04-17 06:31:52.671 70229 INFO tempest.lib.common.rest_client [req-87ad9471-cb4f-4730-b549-ec2f92178ae5 req-87ad9471-cb4f-4730-b549-ec2f92178ae5 ] Request (QuotasAdminTestV236:setUpClass): 201 POST http://10.180.1.21/identity/v3/auth/tokens 0.843s
2025-04-17 06:31:52.699 70269 INFO tempest.lib.common.rest_client [req-afd48c5e-6c71-41dd-9e53-7b3c2b7012eb req-afd48c5e-6c71-41dd-9e53-7b3c2b7012eb ] Request (AZV2TestJSON:tearDownClass): 200 GET http://10.180.1.21:9696/networking/v2.0/security-groups?tenant_id=369a8122598c40f5905214610504df72&name=default 0.942s
2025-04-17 06:31:52.701 70273 INFO tempest.lib.common.rest_client [req-4bb4cc33-0be4-4957-853f-00d4a92eb307 req-4bb4cc33-0be4-4957-853f-00d4a92eb307 ] Request (ServersTestBootFromVolume:setUpClass): 201 POST http://10.180.1.21/identity/v3/auth/tokens 0.870s
2025-04-17 06:31:52.703 70231 INFO tempest.lib.common.rest_client [req-a814469d-26fc-4768-8abb-eb996c34db15 req-a814469d-26fc-4768-8abb-eb996c34db15 ] Request (KeyPairsV22TestJSON:test_keypairsv22_create_list_show): 201 POST http://10.180.1.21/compute/v2.1/os-keypairs 0.031s
2025-04-17 06:31:52.717 70231 INFO tempest.lib.common.rest_client [req-7e732258-b9d2-452c-bf37-bd8a363b29d4 req-7e732258-b9d2-452c-bf37-bd8a363b29d4 ] Request (KeyPairsV22TestJSON:test_keypairsv22_create_list_show): 200 GET http://10.180.1.21/compute/v2.1/os-keypairs/tempest-keypair-1942130694 0.012s
2025-04-17 06:31:52.730 70231 INFO tempest.lib.common.rest_client [req-725649d1-244a-45f9-a840-0a486c85a6c5 req-725649d1-244a-45f9-a840-0a486c85a6c5 ] Request (KeyPairsV22TestJSON:test_keypairsv22_create_list_show): 200 GET http://10.180.1.21/compute/v2.1/os-keypairs 0.011s
2025-04-17 06:31:52.730 70243 INFO tempest.lib.common.rest_client [req-a98da443-fb2c-4a08-b887-6698764dcc7b req-a98da443-fb2c-4a08-b887-6698764dcc7b ] Request (QuotasSecurityGroupAdminNegativeTest:setUpClass): 201 POST http://10.180.1.21/identity/v3/auth/tokens 0.852s
2025-04-17 06:31:52.734 70267 INFO tempest.lib.common.rest_client [req-5d356712-c96d-4dbc-80e5-94006b778a93 req-5d356712-c96d-4dbc-80e5-94006b778a93 ] Request (KeyPairsV210TestJSON:setUpClass): 204 PUT http://10.180.1.21/identity/v3/projects/53bdbffdca2a4941b317664a04286d2e/users/732c6910725f4333a464fa01ce1ee3b9/roles/07abacaef8804f1eb4496b0884cb5c67 0.852s
2025-04-17 06:31:52.734 70267 INFO tempest.lib.common.dynamic_creds [-] Dynamic test user 732c6910725f4333a464fa01ce1ee3b9 is created with scope project and roles: ['member']
2025-04-17 06:31:52.734 70267 INFO tempest.lib.common.dynamic_creds [-] Acquired dynamic creds: credentials: Credentials: {'domain_id': 'default', 'domain_name': 'Default', 'username': 'tempest-KeyPairsV210TestJSON-2058180034-project-member', 'project_domain_id': 'default', 'project_domain_name': 'Default', 'project_id': '53bdbffdca2a4941b317664a04286d2e', 'project_name': 'tempest-KeyPairsV210TestJSON-2058180034', 'tenant_id': '53bdbffdca2a4941b317664a04286d2e', 'tenant_name': 'tempest-KeyPairsV210TestJSON-2058180034', 'user_domain_id': 'default', 'user_domain_name': 'Default', 'user_id': '732c6910725f4333a464fa01ce1ee3b9', 'system': None}, Network: None, Subnet: None, Router: None
2025-04-17 06:31:52.735 70267 INFO tempest.lib.common.dynamic_creds [-] Created isolated network resources for: credentials: Credentials: {'domain_id': 'default', 'domain_name': 'Default', 'username': 'tempest-KeyPairsV210TestJSON-2058180034-project-member', 'project_domain_id': 'default', 'project_domain_name': 'Default', 'project_id': '53bdbffdca2a4941b317664a04286d2e', 'project_name': 'tempest-KeyPairsV210TestJSON-2058180034', 'tenant_id': '53bdbffdca2a4941b317664a04286d2e', 'tenant_name': 'tempest-KeyPairsV210TestJSON-2058180034', 'user_domain_id': 'default', 'user_domain_name': 'Default', 'user_id': '732c6910725f4333a464fa01ce1ee3b9', 'system': None}, Network: None, Subnet: None, Router: None
2025-04-17 06:31:52.748 70231 INFO tempest.lib.common.rest_client [req-137437e1-c9f7-40d1-a0af-192688214bbb req-137437e1-c9f7-40d1-a0af-192688214bbb ] Request (KeyPairsV22TestJSON:_run_cleanups): 204 DELETE http://10.180.1.21/compute/v2.1/os-keypairs/tempest-keypair-1942130694 0.016s
2025-04-17 06:31:52.775 70225 INFO tempest.lib.common.rest_client [req-e43f4b88-29c0-4c23-97e8-95d9b8ae56d4 req-e43f4b88-29c0-4c23-97e8-95d9b8ae56d4 ] Request (FlavorMetadataValidation:test_flavor_update_with_custom_namespace): 200 POST http://10.180.1.21/compute/v2.1/flavors/1364080444/os-extra_specs 0.098s
2025-04-17 06:31:52.778 70269 INFO tempest.lib.common.rest_client [req-86ddaa3a-8807-438e-bc75-b89d19a5fb8e req-86ddaa3a-8807-438e-bc75-b89d19a5fb8e ] Request (AZV2TestJSON:tearDownClass): 204 DELETE http://10.180.1.21:9696/networking/v2.0/security-groups/a282f610-096d-41d8-849f-cf540af60313 0.078s
2025-04-17 06:31:52.799 70225 INFO tempest.lib.common.rest_client [req-2e164dbd-6978-4f5c-8333-77ab1d7fd0cc req-2e164dbd-6978-4f5c-8333-77ab1d7fd0cc ] Request (FlavorMetadataValidation:_run_cleanups): 202 DELETE http://10.180.1.21/compute/v2.1/flavors/1364080444 0.022s
2025-04-17 06:31:52.804 70259 INFO tempest.lib.common.rest_client [req-d4f88a7a-a9ac-4d20-b349-08be82491dc2 req-d4f88a7a-a9ac-4d20-b349-08be82491dc2 ] Request (ImagesMetadataTestJSON:setUpClass): 204 PUT http://10.180.1.21/identity/v3/projects/0f66bed9923e48798a230bca7093fe7a/users/cfe15b3eee45477185e8bd38f85aaa25/roles/07abacaef8804f1eb4496b0884cb5c67 0.902s
2025-04-17 06:31:52.804 70259 INFO tempest.lib.common.dynamic_creds [-] Dynamic test user cfe15b3eee45477185e8bd38f85aaa25 is created with scope project and roles: ['member']
2025-04-17 06:31:52.805 70259 INFO tempest.lib.common.dynamic_creds [-] Acquired dynamic creds: credentials: Credentials: {'domain_id': 'default', 'domain_name': 'Default', 'username': 'tempest-ImagesMetadataTestJSON-463991157-project-member', 'project_domain_id': 'default', 'project_domain_name': 'Default', 'project_id': '0f66bed9923e48798a230bca7093fe7a', 'project_name': 'tempest-ImagesMetadataTestJSON-463991157', 'tenant_id': '0f66bed9923e48798a230bca7093fe7a', 'tenant_name': 'tempest-ImagesMetadataTestJSON-463991157', 'user_domain_id': 'default', 'user_domain_name': 'Default', 'user_id': 'cfe15b3eee45477185e8bd38f85aaa25', 'system': None}, Network: None, Subnet: None, Router: None
2025-04-17 06:31:52.805 70259 INFO tempest.lib.common.dynamic_creds [-] Created isolated network resources for: credentials: Credentials: {'domain_id': 'default', 'domain_name': 'Default', 'username': 'tempest-ImagesMetadataTestJSON-463991157-project-member', 'project_domain_id': 'default', 'project_domain_name': 'Default', 'project_id': '0f66bed9923e48798a230bca7093fe7a', 'project_name': 'tempest-ImagesMetadataTestJSON-463991157', 'tenant_id': '0f66bed9923e48798a230bca7093fe7a', 'tenant_name': 'tempest-ImagesMetadataTestJSON-463991157', 'user_domain_id': 'default', 'user_domain_name': 'Default', 'user_id': 'cfe15b3eee45477185e8bd38f85aaa25', 'system': None}, Network: None, Subnet: None, Router: None
2025-04-17 06:31:52.811 70275 INFO tempest.lib.common.rest_client [req-c1283ab8-c07f-412f-86c6-63f43502caef req-c1283ab8-c07f-412f-86c6-63f43502caef ] Request (FlavorsV261TestJSON:setUpClass): 201 POST http://10.180.1.21/identity/v3/auth/tokens 0.860s
2025-04-17 06:31:52.826 70225 INFO tempest.lib.common.rest_client [req-b4510bde-d577-4b5e-9580-0a54977e4184 req-b4510bde-d577-4b5e-9580-0a54977e4184 ] Request (FlavorMetadataValidation:_run_cleanups): 200 GET http://10.180.1.21/compute/v2.1/flavors/detail 0.027s
2025-04-17 06:31:52.882 70251 INFO tempest.lib.common.rest_client [req-5b99a472-fc59-4114-9cb7-982317fefd00 req-5b99a472-fc59-4114-9cb7-982317fefd00 ] Request (HypervisorAdminV253TestBase:setUpClass): 201 POST http://10.180.1.21/identity/v3/auth/tokens 0.879s
2025-04-17 06:31:52.905 70263 INFO tempest.lib.common.rest_client [req-22010e84-00db-44c3-ac72-800a787ebd59 req-22010e84-00db-44c3-ac72-800a787ebd59 ] Request (SecurityGroupsNegativeTestJSON:setUpClass): 201 POST http://10.180.1.21/identity/v3/auth/tokens 0.880s
2025-04-17 06:31:52.936 70223 INFO tempest.lib.common.rest_client [req-7cea2a54-87d5-4037-8dfa-bf2c5c4fc97c req-7cea2a54-87d5-4037-8dfa-bf2c5c4fc97c ] Request (DeleteServersAdminTestJSON:setUpClass): 201 POST http://10.180.1.21/identity/v3/users 0.894s
2025-04-17 06:31:52.952 70237 INFO tempest.lib.common.rest_client [req-f4831a18-1249-4f91-a821-4aff5883aa3d req-f4831a18-1249-4f91-a821-4aff5883aa3d ] Request (InstanceUsageAuditLogTestJSON:setUpClass): 201 POST http://10.180.1.21/identity/v3/auth/tokens 0.925s
2025-04-17 06:31:52.962 70235 INFO tempest.lib.common.rest_client [req-81030fb8-6c44-4c6a-96a0-5ef574e89d3f req-81030fb8-6c44-4c6a-96a0-5ef574e89d3f ] Request (AZAdminV2TestJSON:setUpClass): 204 PUT http://10.180.1.21/identity/v3/projects/4c98aaa42ae544039a0b27e7e0cac59c/users/60b4b5959c244a1c9703f3373f5670d6/roles/54b5961c243a424483181f2b63863a51 0.870s
2025-04-17 06:31:53.016 70221 INFO tempest.lib.common.rest_client [req-15d314ed-f53a-428e-9ed7-d50069975312 req-15d314ed-f53a-428e-9ed7-d50069975312 ] Request (NetworksTest:setUpClass): 201 POST http://10.180.1.21/identity/v3/projects 0.918s
2025-04-17 06:31:53.024 70233 INFO tempest.lib.common.rest_client [req-c098367a-7e82-4cd1-ab3a-70afeeccc1e3 req-c098367a-7e82-4cd1-ab3a-70afeeccc1e3 ] Request (MigrationsAdminTest:setUpClass): 201 POST http://10.180.1.21/identity/v3/projects 0.877s
2025-04-17 06:31:53.040 70231 INFO tempest.lib.common.rest_client [req-774d14dc-600f-4ea8-aca3-cc99d45a5aec req-774d14dc-600f-4ea8-aca3-cc99d45a5aec ] Request (KeyPairsV22TestJSON:test_keypairsv22_create_list_show_with_type): 201 POST http://10.180.1.21/compute/v2.1/os-keypairs 0.290s
2025-04-17 06:31:53.053 70239 INFO tempest.lib.common.rest_client [req-144ef323-a28a-460a-bade-35d5ac60a9e3 req-144ef323-a28a-460a-bade-35d5ac60a9e3 ] Request (VolumesAssistedSnapshotsTest:setUpClass): 201 POST http://10.180.1.21:9696/networking/v2.0/networks 1.099s
2025-04-17 06:31:53.056 70231 INFO tempest.lib.common.rest_client [req-e8f4ce4a-4da8-4fcf-acf2-6f948daf98cc req-e8f4ce4a-4da8-4fcf-acf2-6f948daf98cc ] Request (KeyPairsV22TestJSON:test_keypairsv22_create_list_show_with_type): 200 GET http://10.180.1.21/compute/v2.1/os-keypairs/tempest-keypair-1323729644 0.015s
2025-04-17 06:31:53.071 70231 INFO tempest.lib.common.rest_client [req-474eccf9-de3e-4ed3-8f3a-10f52ca73276 req-474eccf9-de3e-4ed3-8f3a-10f52ca73276 ] Request (KeyPairsV22TestJSON:test_keypairsv22_create_list_show_with_type): 200 GET http://10.180.1.21/compute/v2.1/os-keypairs 0.013s
2025-04-17 06:31:53.080 70219 INFO tempest.lib.common.rest_client [req-7f3adbc2-6141-4ca1-802e-f3df77207c29 req-7f3adbc2-6141-4ca1-802e-f3df77207c29 ] Request (FlavorsExtraSpecsNegativeTestJSON:setUpClass): 201 POST http://10.180.1.21/identity/v3/auth/tokens 0.920s
2025-04-17 06:31:53.085 70265 INFO tempest.lib.common.rest_client [req-1aab8d8a-d005-4bdc-a2cf-a0f54711b1c8 req-1aab8d8a-d005-4bdc-a2cf-a0f54711b1c8 ] Request (FlavorsV2TestJSON:setUpClass): 201 POST http://10.180.1.21/identity/v3/auth/tokens 0.874s
2025-04-17 06:31:53.094 70231 INFO tempest.lib.common.rest_client [req-8b208490-8346-4186-bff1-f592fb5a5b4b req-8b208490-8346-4186-bff1-f592fb5a5b4b ] Request (KeyPairsV22TestJSON:_run_cleanups): 204 DELETE http://10.180.1.21/compute/v2.1/os-keypairs/tempest-keypair-1323729644 0.021s
2025-04-17 06:31:53.135 70261 INFO tempest.lib.common.rest_client [req-19f281f6-3d81-40a1-a69b-eaaee14c9007 req-19f281f6-3d81-40a1-a69b-eaaee14c9007 ] Request (HostsAdminNegativeTestJSON:setUpClass): 201 POST http://10.180.1.21/identity/v3/auth/tokens 0.924s
2025-04-17 06:31:53.188 70253 INFO tempest.lib.common.rest_client [req-4060a556-a47d-43a7-b34f-befce66d1698 req-4060a556-a47d-43a7-b34f-befce66d1698 ] Request (FlavorsV255TestJSON:setUpClass): 201 POST http://10.180.1.21/identity/v3/auth/tokens 0.902s
2025-04-17 06:31:53.201 70255 INFO tempest.lib.common.rest_client [req-602537fa-6196-4d0b-85f2-40f2e8aa5a7e req-602537fa-6196-4d0b-85f2-40f2e8aa5a7e ] Request (HypervisorAdminV228Test:tearDownClass): 204 DELETE http://10.180.1.21/identity/v3/users/3b1366bb1fda4c10be6d94cd369ce477 0.916s
2025-04-17 06:31:53.202 70255 INFO tempest.lib.common.dynamic_creds [-] Deleting project and security group for project: fc97667d44b34bd9969cbe9e3975c464
2025-04-17 06:31:53.223 70239 INFO tempest.lib.common.rest_client [req-dd9cc8d7-0247-415f-b788-df5e4651c0c4 req-dd9cc8d7-0247-415f-b788-df5e4651c0c4 ] Request (VolumesAssistedSnapshotsTest:setUpClass): 201 POST http://10.180.1.21:9696/networking/v2.0/subnets 0.170s
2025-04-17 06:31:53.250 70245 INFO tempest.lib.common.rest_client [req-b8416332-1ea9-46fc-b22d-8e827461628c req-b8416332-1ea9-46fc-b22d-8e827461628c ] Request (ServerDiagnosticsNegativeTest:setUpClass): 200 GET http://10.180.1.21/identity/v3/roles 0.850s
2025-04-17 06:31:53.255 70257 INFO tempest.lib.common.rest_client [req-0606776e-dcae-4023-9296-e4d35aa3e48a req-0606776e-dcae-4023-9296-e4d35aa3e48a ] Request (ServersWithSpecificFlavorTestJSON:setUpClass): 201 POST http://10.180.1.21/identity/v3/projects 0.915s
2025-04-17 06:31:53.305 70271 INFO tempest.lib.common.rest_client [req-5f4c8ae8-c89c-43c9-96b1-a4cf49dc0dbf req-5f4c8ae8-c89c-43c9-96b1-a4cf49dc0dbf ] Request (HypervisorAdminNegativeTestJSON:setUpClass): 201 POST http://10.180.1.21/identity/v3/auth/tokens 0.868s
2025-04-17 06:31:53.309 70213 INFO tempest.lib.common.rest_client [req-6a3682c4-00b0-4d50-807c-090be609ca5d req-6a3682c4-00b0-4d50-807c-090be609ca5d ] Request (AggregatesAdminNegativeTestJSON:setUpClass): 201 POST http://10.180.1.21/identity/v3/users 0.855s
2025-04-17 06:31:53.329 70241 INFO tempest.lib.common.rest_client [req-2166545d-d483-4e3c-8699-0da2f6503488 req-2166545d-d483-4e3c-8699-0da2f6503488 ] Request (AttachInterfacesUnderV243Test:setUpClass): 201 POST http://10.180.1.21:9696/networking/v2.0/networks 1.110s
2025-04-17 06:31:53.334 70227 INFO tempest.lib.common.rest_client [req-c1eabb7f-bffe-44f6-aa40-eb81e9742e97 req-c1eabb7f-bffe-44f6-aa40-eb81e9742e97 ] Request (FlavorsAdminTestJSON:setUpClass): 201 POST http://10.180.1.21/identity/v3/users 0.814s
2025-04-17 06:31:53.416 70249 INFO tempest.lib.common.rest_client [req-5802714c-0adb-4f97-a26a-3da06bf12ee7 req-5802714c-0adb-4f97-a26a-3da06bf12ee7 ] Request (AZAdminNegativeTestJSON:setUpClass): 201 POST http://10.180.1.21/identity/v3/auth/tokens 0.862s
2025-04-17 06:31:53.420 70247 INFO tempest.lib.common.rest_client [req-98faed53-c006-4568-a76d-fa93d04f849c req-98faed53-c006-4568-a76d-fa93d04f849c ] Request (QuotaClassesAdmin257Test:setUpClass): 201 POST http://10.180.1.21/identity/v3/projects 0.856s
2025-04-17 06:31:53.477 70215 INFO tempest.lib.common.rest_client [req-a06688a6-c309-49e2-bd66-8c35ca146b1e req-a06688a6-c309-49e2-bd66-8c35ca146b1e ] Request (FlavorsAccessNegativeTestJSON:setUpClass): 200 GET http://10.180.1.21/identity/v3/roles 0.863s
2025-04-17 06:31:53.480 70229 INFO tempest.lib.common.rest_client [req-e00e3832-483a-4de6-bf1d-7ed5378f1b82 req-e00e3832-483a-4de6-bf1d-7ed5378f1b82 ] Request (QuotasAdminTestV236:setUpClass): 201 POST http://10.180.1.21/identity/v3/projects 0.808s
2025-04-17 06:31:53.499 70241 INFO tempest.lib.common.rest_client [req-b9ee9d45-1fbd-4707-bf1b-8f9e24e85b4f req-b9ee9d45-1fbd-4707-bf1b-8f9e24e85b4f ] Request (AttachInterfacesUnderV243Test:setUpClass): 201 POST http://10.180.1.21:9696/networking/v2.0/subnets 0.169s
2025-04-17 06:31:53.540 70243 INFO tempest.lib.common.rest_client [req-1a182b7f-29c4-4be6-9ff7-435f29669d74 req-1a182b7f-29c4-4be6-9ff7-435f29669d74 ] Request (QuotasSecurityGroupAdminNegativeTest:setUpClass): 201 POST http://10.180.1.21/identity/v3/projects 0.809s
2025-04-17 06:31:53.610 70267 INFO tempest.lib.common.rest_client [req-1ba93e0d-3ce9-470c-910c-c79e48e9e09a req-1ba93e0d-3ce9-470c-910c-c79e48e9e09a ] Request (KeyPairsV210TestJSON:setUpClass): 201 POST http://10.180.1.21/identity/v3/auth/tokens 0.816s
2025-04-17 06:31:53.619 70269 INFO tempest.lib.common.rest_client [req-c45b9778-3c8c-4f11-aa84-27d4b4e9b280 req-c45b9778-3c8c-4f11-aa84-27d4b4e9b280 ] Request (AZV2TestJSON:tearDownClass): 204 DELETE http://10.180.1.21/identity/v3/projects/369a8122598c40f5905214610504df72 0.841s
2025-04-17 06:31:53.621 70269 INFO tempest.test [-] raised in NoVNCConsoleTestJSON.setUpClass. Invoking tearDownClass.
2025-04-17 06:31:53.677 70275 INFO tempest.lib.common.rest_client [req-222d0ce0-8c55-4205-a0d9-04decb90bfeb req-222d0ce0-8c55-4205-a0d9-04decb90bfeb ] Request (FlavorsV261TestJSON:setUpClass): 201 POST http://10.180.1.21/identity/v3/projects 0.865s
2025-04-17 06:31:53.707 70225 INFO tempest.lib.common.rest_client [req-3956e350-9675-435e-9e6c-5840fc5773ea req-3956e350-9675-435e-9e6c-5840fc5773ea ] Request (FlavorMetadataValidation:tearDownClass): 204 DELETE http://10.180.1.21/identity/v3/users/44fac9280f1e4579a551874a13136e64 0.870s
2025-04-17 06:31:53.736 70259 INFO tempest.lib.common.rest_client [req-ffbd4805-2ae3-4327-838e-71bfeba56751 req-ffbd4805-2ae3-4327-838e-71bfeba56751 ] Request (ImagesMetadataTestJSON:setUpClass): 201 POST http://10.180.1.21/identity/v3/auth/tokens 0.873s
2025-04-17 06:31:53.767 70251 INFO tempest.lib.common.rest_client [req-ea93994b-c04f-4a12-9564-3a506786689a req-ea93994b-c04f-4a12-9564-3a506786689a ] Request (HypervisorAdminV253TestBase:setUpClass): 201 POST http://10.180.1.21/identity/v3/projects 0.884s
2025-04-17 06:31:53.815 70223 INFO tempest.lib.common.rest_client [req-db4bd595-855a-4505-b7f0-e6d6a647e66c req-db4bd595-855a-4505-b7f0-e6d6a647e66c ] Request (DeleteServersAdminTestJSON:setUpClass): 200 GET http://10.180.1.21/identity/v3/roles 0.877s
2025-04-17 06:31:53.835 70235 INFO tempest.lib.common.rest_client [req-a60a2355-84e1-4022-9338-bcda7de782f2 req-a60a2355-84e1-4022-9338-bcda7de782f2 ] Request (AZAdminV2TestJSON:setUpClass): 200 GET http://10.180.1.21/identity/v3/roles 0.873s
2025-04-17 06:31:53.841 70237 INFO tempest.lib.common.rest_client [req-583ad578-a5a8-4d88-b0c0-43388104f073 req-583ad578-a5a8-4d88-b0c0-43388104f073 ] Request (InstanceUsageAuditLogTestJSON:setUpClass): 201 POST http://10.180.1.21/identity/v3/projects 0.889s
2025-04-17 06:31:53.865 70273 INFO tempest.lib.common.rest_client [req-305a7860-d381-41c5-a3df-ae64d87003a0 req-305a7860-d381-41c5-a3df-ae64d87003a0 ] Request (ServersTestBootFromVolume:setUpClass): 201 POST http://10.180.1.21:9696/networking/v2.0/networks 1.164s
2025-04-17 06:31:53.897 70221 INFO tempest.lib.common.rest_client [req-1a5b5653-b2a7-4449-b5a0-942fbcc17d34 req-1a5b5653-b2a7-4449-b5a0-942fbcc17d34 ] Request (NetworksTest:setUpClass): 201 POST http://10.180.1.21/identity/v3/users 0.880s
2025-04-17 06:31:53.899 70233 INFO tempest.lib.common.rest_client [req-4fa9090b-7e3d-41c1-b6c2-4944dd31b18d req-4fa9090b-7e3d-41c1-b6c2-4944dd31b18d ] Request (MigrationsAdminTest:setUpClass): 201 POST http://10.180.1.21/identity/v3/users 0.875s
2025-04-17 06:31:53.929 70219 INFO tempest.lib.common.rest_client [req-71037288-0b48-436c-9ad4-715ad55b8d00 req-71037288-0b48-436c-9ad4-715ad55b8d00 ] Request (FlavorsExtraSpecsNegativeTestJSON:setUpClass): 201 POST http://10.180.1.21/identity/v3/projects 0.848s
2025-04-17 06:31:54.030 70231 INFO tempest.lib.common.rest_client [req-8fd4023d-6921-469d-a017-9723d3e18f96 req-8fd4023d-6921-469d-a017-9723d3e18f96 ] Request (KeyPairsV22TestJSON:tearDownClass): 204 DELETE http://10.180.1.21/identity/v3/users/764eaab1f880417e91afa3d69e158d66 0.935s
2025-04-17 06:31:54.031 70231 INFO tempest.lib.common.dynamic_creds [-] Deleting project and security group for project: 73cea49c07684681be172485a5f0c63b
2025-04-17 06:31:54.044 70265 INFO tempest.lib.common.rest_client [req-3e8d531f-fd68-46ba-a02f-0086c140cdd7 req-3e8d531f-fd68-46ba-a02f-0086c140cdd7 ] Request (FlavorsV2TestJSON:test_get_flavor): 200 GET http://10.180.1.21/compute/v2.1/flavors/42 0.957s
2025-04-17 06:31:54.083 70265 INFO tempest.lib.common.rest_client [req-5c0545b0-0d72-485d-8c33-b680c6dc0017 req-5c0545b0-0d72-485d-8c33-b680c6dc0017 ] Request (FlavorsV2TestJSON:test_list_flavors): 200 GET http://10.180.1.21/compute/v2.1/flavors 0.033s
2025-04-17 06:31:54.084 70261 INFO tempest.lib.common.rest_client [req-25058c52-b725-4369-a588-cabae748a13a req-25058c52-b725-4369-a588-cabae748a13a ] Request (HostsAdminNegativeTestJSON:setUpClass): 201 POST http://10.180.1.21/identity/v3/projects 0.948s
2025-04-17 06:31:54.101 70265 INFO tempest.lib.common.rest_client [req-efddff81-acbe-4068-b611-2cf8641c622e req-efddff81-acbe-4068-b611-2cf8641c622e ] Request (FlavorsV2TestJSON:test_list_flavors): 200 GET http://10.180.1.21/compute/v2.1/flavors/42 0.014s
2025-04-17 06:31:54.106 70253 INFO tempest.lib.common.rest_client [req-05298566-157e-4ee2-b71f-87c9158c0b42 req-05298566-157e-4ee2-b71f-87c9158c0b42 ] Request (FlavorsV255TestJSON:setUpClass): 201 POST http://10.180.1.21/identity/v3/projects 0.918s
2025-04-17 06:31:54.124 70265 INFO tempest.lib.common.rest_client [req-3350c908-777a-494b-9932-d02131a118de req-3350c908-777a-494b-9932-d02131a118de ] Request (FlavorsV2TestJSON:test_list_flavors_detailed_filter_by_min_disk): 200 GET http://10.180.1.21/compute/v2.1/flavors/42 0.020s
2025-04-17 06:31:54.142 70241 INFO tempest.lib.common.rest_client [req-17d43d37-fed3-4517-b386-49433ad4457c req-17d43d37-fed3-4517-b386-49433ad4457c ] Request (AttachInterfacesUnderV243Test:setUpClass): 201 POST http://10.180.1.21:9696/networking/v2.0/routers 0.643s
2025-04-17 06:31:54.143 70239 INFO tempest.lib.common.rest_client [req-49fa9d20-f63e-464f-a303-20e4c5fff340 req-49fa9d20-f63e-464f-a303-20e4c5fff340 ] Request (VolumesAssistedSnapshotsTest:setUpClass): 201 POST http://10.180.1.21:9696/networking/v2.0/routers 0.919s
2025-04-17 06:31:54.145 70255 INFO tempest.lib.common.rest_client [req-30b46233-e77b-483b-a4c0-ab191f1ef08c req-30b46233-e77b-483b-a4c0-ab191f1ef08c ] Request (HypervisorAdminV228Test:tearDownClass): 201 POST http://10.180.1.21/identity/v3/auth/tokens 0.943s
2025-04-17 06:31:54.159 70265 INFO tempest.lib.common.rest_client [req-7c98737f-9301-4db9-92ce-fb9cfd3d9322 req-7c98737f-9301-4db9-92ce-fb9cfd3d9322 ] Request (FlavorsV2TestJSON:test_list_flavors_detailed_filter_by_min_disk): 200 GET http://10.180.1.21/compute/v2.1/flavors/detail?minDisk=2 0.032s
2025-04-17 06:31:54.164 70245 INFO tempest.lib.common.rest_client [req-58ccf8c5-9845-41f5-b02d-9a4878205abf req-58ccf8c5-9845-41f5-b02d-9a4878205abf ] Request (ServerDiagnosticsNegativeTest:setUpClass): 204 PUT http://10.180.1.21/identity/v3/projects/3f95edb1e32d47f0989906e428d4da09/users/d19305dcfc6040c8aec98f1cd1a6427b/roles/54b5961c243a424483181f2b63863a51 0.913s
2025-04-17 06:31:54.165 70263 INFO tempest.lib.common.rest_client [req-5396c410-9579-45d7-a2d3-39fc55f5e1e3 req-5396c410-9579-45d7-a2d3-39fc55f5e1e3 ] Request (SecurityGroupsNegativeTestJSON:setUpClass): 201 POST http://10.180.1.21:9696/networking/v2.0/networks 1.260s
2025-04-17 06:31:54.173 70257 INFO tempest.lib.common.rest_client [req-9f314ae3-4e0a-48e5-a570-16947766cf0c req-9f314ae3-4e0a-48e5-a570-16947766cf0c ] Request (ServersWithSpecificFlavorTestJSON:setUpClass): 201 POST http://10.180.1.21/identity/v3/users 0.917s
2025-04-17 06:31:54.180 70265 INFO tempest.lib.common.rest_client [req-7fc58c44-f8a2-4cd8-934b-16afb426449d req-7fc58c44-f8a2-4cd8-934b-16afb426449d ] Request (FlavorsV2TestJSON:test_list_flavors_detailed_filter_by_min_ram): 200 GET http://10.180.1.21/compute/v2.1/flavors/42 0.016s
2025-04-17 06:31:54.215 70265 INFO tempest.lib.common.rest_client [req-ea854950-154d-4487-9913-a20cd7c53a23 req-ea854950-154d-4487-9913-a20cd7c53a23 ] Request (FlavorsV2TestJSON:test_list_flavors_detailed_filter_by_min_ram): 200 GET http://10.180.1.21/compute/v2.1/flavors/detail?minRam=193 0.032s
2025-04-17 06:31:54.219 70273 INFO tempest.lib.common.rest_client [req-cec95804-3778-4957-a05c-a3b7f047fa11 req-cec95804-3778-4957-a05c-a3b7f047fa11 ] Request (ServersTestBootFromVolume:setUpClass): 201 POST http://10.180.1.21:9696/networking/v2.0/subnets 0.353s
2025-04-17 06:31:54.222 70271 INFO tempest.lib.common.rest_client [req-1ea97863-f719-4559-a7e4-3ccc95f97793 req-1ea97863-f719-4559-a7e4-3ccc95f97793 ] Request (HypervisorAdminNegativeTestJSON:setUpClass): 201 POST http://10.180.1.21/identity/v3/projects 0.915s
2025-04-17 06:31:54.227 70213 INFO tempest.lib.common.rest_client [req-6f1a2a5c-8dfd-4204-8664-02d136c1c096 req-6f1a2a5c-8dfd-4204-8664-02d136c1c096 ] Request (AggregatesAdminNegativeTestJSON:setUpClass): 200 GET http://10.180.1.21/identity/v3/roles 0.917s
2025-04-17 06:31:54.244 70265 INFO tempest.lib.common.rest_client [req-d523b2bc-d5a3-4f0b-b34f-fc8593b4406c req-d523b2bc-d5a3-4f0b-b34f-fc8593b4406c ] Request (FlavorsV2TestJSON:test_list_flavors_detailed_limit_results): 200 GET http://10.180.1.21/compute/v2.1/flavors/detail?limit=1 0.019s
2025-04-17 06:31:54.271 70265 INFO tempest.lib.common.rest_client [req-7a21dd2c-4da3-4485-ad1d-88a1cb978704 req-7a21dd2c-4da3-4485-ad1d-88a1cb978704 ] Request (FlavorsV2TestJSON:test_list_flavors_detailed_using_marker): 200 GET http://10.180.1.21/compute/v2.1/flavors/42 0.022s
2025-04-17 06:31:54.276 70227 INFO tempest.lib.common.rest_client [req-16389d1d-6532-4138-8838-67483a8ebed6 req-16389d1d-6532-4138-8838-67483a8ebed6 ] Request (FlavorsAdminTestJSON:setUpClass): 200 GET http://10.180.1.21/identity/v3/roles 0.941s
2025-04-17 06:31:54.295 70249 INFO tempest.lib.common.rest_client [req-cb078c12-405c-4242-b8a4-af227f9cd6c4 req-cb078c12-405c-4242-b8a4-af227f9cd6c4 ] Request (AZAdminNegativeTestJSON:setUpClass): 201 POST http://10.180.1.21/identity/v3/projects 0.878s
2025-04-17 06:31:54.353 70247 INFO tempest.lib.common.rest_client [req-71f726f8-83a6-497e-8321-73f38be932df req-71f726f8-83a6-497e-8321-73f38be932df ] Request (QuotaClassesAdmin257Test:setUpClass): 201 POST http://10.180.1.21/identity/v3/users 0.932s
2025-04-17 06:31:54.364 70215 INFO tempest.lib.common.rest_client [req-609fc191-8adf-4455-b9e4-545e91c22ee8 req-609fc191-8adf-4455-b9e4-545e91c22ee8 ] Request (FlavorsAccessNegativeTestJSON:setUpClass): 204 PUT http://10.180.1.21/identity/v3/projects/4b687f238da04a9ba18263b7d09c31ad/users/c292cd3cc92a4cafba08040e8189da9b/roles/54b5961c243a424483181f2b63863a51 0.887s
2025-04-17 06:31:54.365 70215 INFO tempest.lib.common.dynamic_creds [-] Dynamic test user c292cd3cc92a4cafba08040e8189da9b is created with scope project and roles: ['admin']
2025-04-17 06:31:54.365 70215 INFO tempest.lib.common.dynamic_creds [-] Acquired dynamic creds: credentials: Credentials: {'domain_id': 'default', 'domain_name': 'Default', 'username': 'tempest-FlavorsAccessNegativeTestJSON-2063491488-project-admin', 'project_domain_id': 'default', 'project_domain_name': 'Default', 'project_id': '4b687f238da04a9ba18263b7d09c31ad', 'project_name': 'tempest-FlavorsAccessNegativeTestJSON-2063491488', 'tenant_id': '4b687f238da04a9ba18263b7d09c31ad', 'tenant_name': 'tempest-FlavorsAccessNegativeTestJSON-2063491488', 'user_domain_id': 'default', 'user_domain_name': 'Default', 'user_id': 'c292cd3cc92a4cafba08040e8189da9b', 'system': None}, Network: None, Subnet: None, Router: None
2025-04-17 06:31:54.365 70215 INFO tempest.lib.common.dynamic_creds [-] Created isolated network resources for: credentials: Credentials: {'domain_id': 'default', 'domain_name': 'Default', 'username': 'tempest-FlavorsAccessNegativeTestJSON-2063491488-project-admin', 'project_domain_id': 'default', 'project_domain_name': 'Default', 'project_id': '4b687f238da04a9ba18263b7d09c31ad', 'project_name': 'tempest-FlavorsAccessNegativeTestJSON-2063491488', 'tenant_id': '4b687f238da04a9ba18263b7d09c31ad', 'tenant_name': 'tempest-FlavorsAccessNegativeTestJSON-2063491488', 'user_domain_id': 'default', 'user_domain_name': 'Default', 'user_id': 'c292cd3cc92a4cafba08040e8189da9b', 'system': None}, Network: None, Subnet: None, Router: None
2025-04-17 06:31:54.413 70229 INFO tempest.lib.common.rest_client [req-aa4a8923-075f-4eb5-8d8c-3ea72f531743 req-aa4a8923-075f-4eb5-8d8c-3ea72f531743 ] Request (QuotasAdminTestV236:setUpClass): 201 POST http://10.180.1.21/identity/v3/users 0.933s
