2025-04-17 06:32:05.888 70271 INFO tempest.lib.common.rest_client [req-d31237c6-4fe1-4ae0-aea7-468dab430415 req-d31237c6-4fe1-4ae0-aea7-468dab430415 ] Request (HypervisorAdminNegativeTestJSON:test_get_hypervisor_stats_with_non_admin_user): 403 GET http://10.180.1.21/compute/v2.1/os-hypervisors/statistics 1.198s
2025-04-17 06:32:05.916 70225 INFO tempest.lib.common.rest_client [req-ad9bc561-d03d-4e52-aec4-1ef7c43432b3 req-ad9bc561-d03d-4e52-aec4-1ef7c43432b3 ] Request (HostsAdminTestJSON:test_list_hosts_with_a_blank_zone): 200 GET http://10.180.1.21/compute/v2.1/os-hosts?zone= 1.222s
2025-04-17 06:32:05.927 70267 INFO tempest.lib.common.rest_client [req-5aaa1d13-75c7-4939-874e-ebc5fa5715ec req-5aaa1d13-75c7-4939-874e-ebc5fa5715ec ] Request (KeyPairsV210TestJSON:test_admin_manage_keypairs_for_other_users): 200 GET http://10.180.1.21/compute/v2.1/os-keypairs/tempest-keypair-715969120?user_id=732c6910725f4333a464fa01ce1ee3b9 1.180s
2025-04-17 06:32:05.952 70227 INFO tempest.lib.common.rest_client [req-84ded902-dba9-492b-8c8b-3ce1ed129af3 req-84ded902-dba9-492b-8c8b-3ce1ed129af3 ] Request (FlavorsAdminTestJSON:test_create_flavor_verify_entry_in_list_details): 200 POST http://10.180.1.21/compute/v2.1/flavors 1.201s
2025-04-17 06:32:05.975 70217 INFO tempest.lib.common.rest_client [req-096c0855-23ab-431e-84d9-e95c00634c42 req-096c0855-23ab-431e-84d9-e95c00634c42 ] Request (ImagesTestJSON:setUpClass): 201 POST http://10.180.1.21:9696/networking/v2.0/routers 1.351s
2025-04-17 06:32:05.995 70237 INFO tempest.lib.common.rest_client [req-7e45f22b-4d62-4001-b397-ae12ca808a03 req-7e45f22b-4d62-4001-b397-ae12ca808a03 ] Request (InstanceUsageAuditLogTestJSON:tearDownClass): 200 GET http://10.180.1.21:9696/networking/v2.0/security-groups?tenant_id=39ebf0445b774d3fbb7b5d08845cb8df&name=default 0.679s
2025-04-17 06:32:05.999 70251 INFO tempest.lib.common.rest_client [req-484a1c54-4b9a-4c28-baa4-ac274bc2dae3 req-484a1c54-4b9a-4c28-baa4-ac274bc2dae3 ] Request (HypervisorAdminV253TestBase:tearDownClass): 204 DELETE http://10.180.1.21/identity/v3/users/d08085bb9c8a48268fb43f7351b35721 0.242s
2025-04-17 06:32:06.086 70265 INFO tempest.lib.common.rest_client [req-6c144895-8aa7-4d36-860e-3930e2cf09b7 req-6c144895-8aa7-4d36-860e-3930e2cf09b7 ] Request (InstanceActionsTestJSON:setUpClass): 200 PUT http://10.180.1.21:9696/networking/v2.0/routers/595f24f2-48f2-4a00-8db6-aa0a83a9e51d/add_router_interface 2.303s
2025-04-17 06:32:06.086 70265 INFO tempest.lib.common.dynamic_creds [-] Created isolated network resources for: credentials: Credentials: {'domain_id': 'default', 'domain_name': 'Default', 'username': 'tempest-InstanceActionsTestJSON-595249892-project-member', 'project_domain_id': 'default', 'project_domain_name': 'Default', 'project_id': '7d7f27a407d647f6a5739730b0a57c91', 'project_name': 'tempest-InstanceActionsTestJSON-595249892', 'tenant_id': '7d7f27a407d647f6a5739730b0a57c91', 'tenant_name': 'tempest-InstanceActionsTestJSON-595249892', 'user_domain_id': 'default', 'user_domain_name': 'Default', 'user_id': '5abc208767434ba184b395195e436fd6', 'system': None}, Network: {'id': '0dcc3572-9445-40cd-a114-19e98d2b5d19', 'name': 'tempest-InstanceActionsTestJSON-828498459-network', 'tenant_id': '7d7f27a407d647f6a5739730b0a57c91', 'admin_state_up': True, 'mtu': 8950, 'status': 'ACTIVE', 'subnets': [], 'shared': False, 'project_id': '7d7f27a407d647f6a5739730b0a57c91', 'port_security_enabled': True, 'router:external': False, 'provider:network_type': 'vlan', 'provider:physical_network': 'default', 'provider:segmentation_id': 279, 'availability_zone_hints': [], 'availability_zones': [], 'ipv4_address_scope': None, 'ipv6_address_scope': None, 'description': '', 'tags': [], 'created_at': '2025-04-17T06:32:01Z', 'updated_at': '2025-04-17T06:32:01Z', 'revision_number': 1}, Subnet: {'id': '08b98f6a-e2b0-43d6-9ac1-cf9eaba2941c', 'name': 'tempest-InstanceActionsTestJSON-828498459-subnet', 'tenant_id': '7d7f27a407d647f6a5739730b0a57c91', 'network_id': '0dcc3572-9445-40cd-a114-19e98d2b5d19', 'ip_version': 4, 'subnetpool_id': None, 'enable_dhcp': True, 'ipv6_ra_mode': None, 'ipv6_address_mode': None, 'gateway_ip': '192.168.128.1', 'cidr': '192.168.128.0/28', 'allocation_pools': [{'start': '192.168.128.2', 'end': '192.168.128.14'}], 'host_routes': [], 'dns_nameservers': [], 'description': '', 'router:external': False, 'service_types': [], 'tags': [], 'created_at': '2025-04-17T06:32:01Z', 'updated_at': '2025-04-17T06:32:01Z', 'revision_number': 0, 'project_id': '7d7f27a407d647f6a5739730b0a57c91'}, Router: {'id': '595f24f2-48f2-4a00-8db6-aa0a83a9e51d', 'name': 'tempest-InstanceActionsTestJSON-828498459-router', 'tenant_id': '7d7f27a407d647f6a5739730b0a57c91', 'admin_state_up': True, 'status': 'ACTIVE', 'external_gateway_info': {'network_id': 'ff77a3b4-795c-49b1-a85e-5213f9577ebc', 'external_fixed_ips': [{'subnet_id': 'ed9b07ea-5cbe-42b2-9b82-ee952284c3f6', 'ip_address': '10.180.180.157'}], 'enable_snat': True}, 'description': '', 'availability_zones': [], 'distributed': False, 'ha': False, 'availability_zone_hints': [], 'routes': [], 'flavor_id': None, 'tags': [], 'created_at': '2025-04-17T06:32:02Z', 'updated_at': '2025-04-17T06:32:03Z', 'revision_number': 2, 'project_id': '7d7f27a407d647f6a5739730b0a57c91'}
2025-04-17 06:32:06.098 70249 INFO tempest.lib.common.rest_client [req-50229891-9109-4fa4-908d-32d9db0521de req-50229891-9109-4fa4-908d-32d9db0521de ] Request (HypervisorAdminTestJSON:setUpClass): 204 PUT http://10.180.1.21/identity/v3/projects/b39e4481fa324a4f9a9552f70dbd0f1a/users/cbbefa87749e4902826a2f155f290e60/roles/54b5961c243a424483181f2b63863a51 0.241s
2025-04-17 06:32:06.098 70249 INFO tempest.lib.common.dynamic_creds [-] Dynamic test user cbbefa87749e4902826a2f155f290e60 is created with scope project and roles: ['admin']
2025-04-17 06:32:06.099 70249 INFO tempest.lib.common.dynamic_creds [-] Acquired dynamic creds: credentials: Credentials: {'domain_id': 'default', 'domain_name': 'Default', 'username': 'tempest-HypervisorAdminTestJSON-1377426116-project-admin', 'project_domain_id': 'default', 'project_domain_name': 'Default', 'project_id': 'b39e4481fa324a4f9a9552f70dbd0f1a', 'project_name': 'tempest-HypervisorAdminTestJSON-1377426116', 'tenant_id': 'b39e4481fa324a4f9a9552f70dbd0f1a', 'tenant_name': 'tempest-HypervisorAdminTestJSON-1377426116', 'user_domain_id': 'default', 'user_domain_name': 'Default', 'user_id': 'cbbefa87749e4902826a2f155f290e60', 'system': None}, Network: None, Subnet: None, Router: None
2025-04-17 06:32:06.099 70249 INFO tempest.lib.common.dynamic_creds [-] Created isolated network resources for: credentials: Credentials: {'domain_id': 'default', 'domain_name': 'Default', 'username': 'tempest-HypervisorAdminTestJSON-1377426116-project-admin', 'project_domain_id': 'default', 'project_domain_name': 'Default', 'project_id': 'b39e4481fa324a4f9a9552f70dbd0f1a', 'project_name': 'tempest-HypervisorAdminTestJSON-1377426116', 'tenant_id': 'b39e4481fa324a4f9a9552f70dbd0f1a', 'tenant_name': 'tempest-HypervisorAdminTestJSON-1377426116', 'user_domain_id': 'default', 'user_domain_name': 'Default', 'user_id': 'cbbefa87749e4902826a2f155f290e60', 'system': None}, Network: None, Subnet: None, Router: None
2025-04-17 06:32:06.122 70273 INFO tempest.lib.common.rest_client [req-b311f043-1004-4a92-931d-a521dae5bc8b req-b311f043-1004-4a92-931d-a521dae5bc8b ] Request (ServersTestBootFromVolume:setUpClass): 200 GET http://10.180.1.21/volume/v3/volumes/d693c684-fd99-4149-907a-f8cf065775d9 0.044s
2025-04-17 06:32:06.157 70221 INFO tempest.lib.common.rest_client [req-d45dfd59-1278-46bb-ad8a-49f5a0919fde req-d45dfd59-1278-46bb-ad8a-49f5a0919fde ] Request (NetworksTest:tearDownClass): 200 GET http://10.180.1.21:9696/networking/v2.0/security-groups?tenant_id=d03f23c1710543bcb9d7d0c69b0fa4e4&name=default 0.501s
2025-04-17 06:32:06.222 70251 INFO tempest.lib.common.rest_client [req-21427a34-8019-4f7a-b98f-5e8b543c5267 req-21427a34-8019-4f7a-b98f-5e8b543c5267 ] Request (HypervisorAdminV253TestBase:tearDownClass): 204 DELETE http://10.180.1.21/identity/v3/users/ec47cecc80494e93980aa41cd903b543 0.222s
2025-04-17 06:32:06.222 70251 INFO tempest.lib.common.dynamic_creds [-] Deleting project and security group for project: 4e9054b82af5418d8d48b3e5631b99ea
2025-04-17 06:32:06.245 70215 INFO tempest.lib.common.rest_client [req-ae02d3a4-a82c-47b3-a31a-eb402616ad75 req-ae02d3a4-a82c-47b3-a31a-eb402616ad75 ] Request (FlavorsAccessNegativeTestJSON:test_add_flavor_access_duplicate): 409 POST http://10.180.1.21/compute/v2.1/flavors/1048866076/action 1.402s
2025-04-17 06:32:06.266 70257 INFO tempest.lib.common.rest_client [req-20a7640d-ce87-4e63-b3f3-62061d570ba5 req-20a7640d-ce87-4e63-b3f3-62061d570ba5 ] Request (ServersWithSpecificFlavorTestJSON:test_verify_created_server_ephemeral_disk): 200 GET http://10.180.1.21/compute/v2.1/flavors/42/os-extra_specs 1.404s
2025-04-17 06:32:06.300 70249 INFO tempest.lib.common.rest_client [req-e36fe53a-60c8-4406-838f-b431d95af8f5 req-e36fe53a-60c8-4406-838f-b431d95af8f5 ] Request (HypervisorAdminTestJSON:setUpClass): 201 POST http://10.180.1.21/identity/v3/auth/tokens 0.199s
2025-04-17 06:32:06.308 70265 INFO tempest.lib.common.rest_client [req-73291696-3ae3-4061-8704-94ff9ef6640c req-73291696-3ae3-4061-8704-94ff9ef6640c ] Request (InstanceActionsTestJSON:setUpClass): 201 POST http://10.180.1.21/identity/v3/auth/tokens 0.217s
2025-04-17 06:32:06.379 70251 INFO tempest.lib.common.rest_client [req-6fa6faa5-49e6-4cf6-8d8f-4b4d260f604c req-6fa6faa5-49e6-4cf6-8d8f-4b4d260f604c ] Request (HypervisorAdminV253TestBase:tearDownClass): 201 POST http://10.180.1.21/identity/v3/auth/tokens 0.156s
2025-04-17 06:32:06.412 70265 INFO tempest.lib.common.rest_client [req-022a7fe8-b848-4165-9d63-2184e3fb55aa req-022a7fe8-b848-4165-9d63-2184e3fb55aa ] Request (InstanceActionsTestJSON:setUpClass): 201 POST http://10.180.1.21/identity/v3/auth/tokens 0.098s
2025-04-17 06:32:06.413 70265 INFO tempest.lib.common.fixed_network [-] (InstanceActionsTestJSON:setUpClass) Found network {'id': '0dcc3572-9445-40cd-a114-19e98d2b5d19', 'name': 'tempest-InstanceActionsTestJSON-828498459-network', 'tenant_id': '7d7f27a407d647f6a5739730b0a57c91', 'admin_state_up': True, 'mtu': 8950, 'status': 'ACTIVE', 'subnets': [], 'shared': False, 'project_id': '7d7f27a407d647f6a5739730b0a57c91', 'port_security_enabled': True, 'router:external': False, 'provider:network_type': 'vlan', 'provider:physical_network': 'default', 'provider:segmentation_id': 279, 'availability_zone_hints': [], 'availability_zones': [], 'ipv4_address_scope': None, 'ipv6_address_scope': None, 'description': '', 'tags': [], 'created_at': '2025-04-17T06:32:01Z', 'updated_at': '2025-04-17T06:32:01Z', 'revision_number': 1} available for tenant
2025-04-17 06:32:06.434 70235 INFO tempest.lib.common.rest_client [req-6e91f7da-09b9-40be-99b8-1305aa7e3b9e req-6e91f7da-09b9-40be-99b8-1305aa7e3b9e ] Request (HypervisorAdminNegativeUnderV252Test:test_search_hypervisor_with_non_admin_user): 403 GET http://10.180.1.21/compute/v2.1/os-hypervisors/domain-c8.fc996f14-c53b-4953-92e3-bdfa48f5cc28/search 1.480s
2025-04-17 06:32:06.486 70221 INFO tempest.lib.common.rest_client [req-6b4f4371-2af2-432e-a02d-cfb6e1f02861 req-6b4f4371-2af2-432e-a02d-cfb6e1f02861 ] Request (NetworksTest:tearDownClass): 204 DELETE http://10.180.1.21:9696/networking/v2.0/security-groups/d65c5012-8fc3-4eda-b1af-08708d4867ff 0.328s
2025-04-17 06:32:06.504 70255 INFO tempest.lib.common.rest_client [req-38aa3061-8dd7-4571-ba1d-dde5b7b1e019 req-38aa3061-8dd7-4571-ba1d-dde5b7b1e019 ] Request (ListImagesTestJSON:test_list_images_with_detail): 200 GET http://10.180.1.21/compute/v2.1/images/detail 1.468s
2025-04-17 06:32:06.527 70237 INFO tempest.lib.common.rest_client [req-73abc848-83aa-4763-aac2-e8e56b83cf17 req-73abc848-83aa-4763-aac2-e8e56b83cf17 ] Request (InstanceUsageAuditLogTestJSON:tearDownClass): 204 DELETE http://10.180.1.21:9696/networking/v2.0/security-groups/b5419324-50b5-4637-948a-b5b95f7e790c 0.531s
2025-04-17 06:32:06.542 70231 INFO tempest.lib.common.rest_client [req-5fcc90bd-bf9b-49be-ac0f-e71b803acc03 req-5fcc90bd-bf9b-49be-ac0f-e71b803acc03 ] Request (ServersTestManualDisk:setUpClass): 200 PUT http://10.180.1.21:9696/networking/v2.0/routers/fe478776-5820-42da-94fb-6b0b825b8473/add_router_interface 2.968s
2025-04-17 06:32:06.542 70231 INFO tempest.lib.common.dynamic_creds [-] Created isolated network resources for: credentials: Credentials: {'domain_id': 'default', 'domain_name': 'Default', 'username': 'tempest-ServersTestManualDisk-98898606-project-member', 'project_domain_id': 'default', 'project_domain_name': 'Default', 'project_id': '04d160dbf6344fa2b87c7aee35815757', 'project_name': 'tempest-ServersTestManualDisk-98898606', 'tenant_id': '04d160dbf6344fa2b87c7aee35815757', 'tenant_name': 'tempest-ServersTestManualDisk-98898606', 'user_domain_id': 'default', 'user_domain_name': 'Default', 'user_id': '2ad379706c6547eaa58da2429a03ea84', 'system': None}, Network: {'id': 'e12c86e7-7155-4e10-8d94-b77d0f0ea2ad', 'name': 'tempest-ServersTestManualDisk-937545576-network', 'tenant_id': '04d160dbf6344fa2b87c7aee35815757', 'admin_state_up': True, 'mtu': 8950, 'status': 'ACTIVE', 'subnets': [], 'shared': False, 'project_id': '04d160dbf6344fa2b87c7aee35815757', 'port_security_enabled': True, 'router:external': False, 'provider:network_type': 'vlan', 'provider:physical_network': 'default', 'provider:segmentation_id': 62, 'availability_zone_hints': [], 'availability_zones': [], 'ipv4_address_scope': None, 'ipv6_address_scope': None, 'description': '', 'tags': [], 'created_at': '2025-04-17T06:32:00Z', 'updated_at': '2025-04-17T06:32:00Z', 'revision_number': 1}, Subnet: {'id': '59ec5aa0-d50c-4274-a8c9-576f9bfd059f', 'name': 'tempest-ServersTestManualDisk-937545576-subnet', 'tenant_id': '04d160dbf6344fa2b87c7aee35815757', 'network_id': 'e12c86e7-7155-4e10-8d94-b77d0f0ea2ad', 'ip_version': 4, 'subnetpool_id': None, 'enable_dhcp': True, 'ipv6_ra_mode': None, 'ipv6_address_mode': None, 'gateway_ip': '192.168.128.1', 'cidr': '192.168.128.0/28', 'allocation_pools': [{'start': '192.168.128.2', 'end': '192.168.128.14'}], 'host_routes': [], 'dns_nameservers': [], 'description': '', 'router:external': False, 'service_types': [], 'tags': [], 'created_at': '2025-04-17T06:32:01Z', 'updated_at': '2025-04-17T06:32:01Z', 'revision_number': 0, 'project_id': '04d160dbf6344fa2b87c7aee35815757'}, Router: {'id': 'fe478776-5820-42da-94fb-6b0b825b8473', 'name': 'tempest-ServersTestManualDisk-937545576-router', 'tenant_id': '04d160dbf6344fa2b87c7aee35815757', 'admin_state_up': True, 'status': 'ACTIVE', 'external_gateway_info': {'network_id': 'ff77a3b4-795c-49b1-a85e-5213f9577ebc', 'external_fixed_ips': [{'subnet_id': 'ed9b07ea-5cbe-42b2-9b82-ee952284c3f6', 'ip_address': '10.180.180.129'}], 'enable_snat': True}, 'description': '', 'availability_zones': [], 'distributed': False, 'ha': False, 'availability_zone_hints': [], 'routes': [], 'flavor_id': None, 'tags': [], 'created_at': '2025-04-17T06:32:01Z', 'updated_at': '2025-04-17T06:32:02Z', 'revision_number': 2, 'project_id': '04d160dbf6344fa2b87c7aee35815757'}
2025-04-17 06:32:06.571 70221 INFO tempest.lib.common.rest_client [req-25a6e1d0-0ce3-4124-a365-034d9e27e04f req-25a6e1d0-0ce3-4124-a365-034d9e27e04f ] Request (NetworksTest:tearDownClass): 204 DELETE http://10.180.1.21/identity/v3/projects/d03f23c1710543bcb9d7d0c69b0fa4e4 0.085s
2025-04-17 06:32:06.571 70221 INFO tempest.lib.common.dynamic_creds [-] Deleting project and security group for project: 9ed764be1570466f93ff25d3bd3a0246
2025-04-17 06:32:06.607 70255 INFO tempest.lib.common.rest_client [req-feb40db6-0780-4471-8e34-abee836ec719 req-feb40db6-0780-4471-8e34-abee836ec719 ] Request (ListImagesTestJSON:tearDownClass): 204 DELETE http://10.180.1.21/identity/v3/users/035b8fd8c45743ae9fae08a95120fae8 0.094s
2025-04-17 06:32:06.607 70255 INFO tempest.lib.common.dynamic_creds [-] Deleting project and security group for project: baeae0d4164a4deb98d8700552f96185
2025-04-17 06:32:06.685 70251 INFO tempest.lib.common.rest_client [req-21bb2b45-8e6d-4568-bfa9-e87b46799133 req-21bb2b45-8e6d-4568-bfa9-e87b46799133 ] Request (HypervisorAdminV253TestBase:tearDownClass): 200 GET http://10.180.1.21:9696/networking/v2.0/security-groups?tenant_id=4e9054b82af5418d8d48b3e5631b99ea&name=default 0.305s
2025-04-17 06:32:06.700 70231 INFO tempest.lib.common.rest_client [req-006d445b-d0bf-468c-91d7-b8712a7fc49e req-006d445b-d0bf-468c-91d7-b8712a7fc49e ] Request (ServersTestManualDisk:setUpClass): 201 POST http://10.180.1.21/identity/v3/auth/tokens 0.152s
2025-04-17 06:32:06.709 70259 INFO tempest.lib.common.rest_client [req-f6e0eb9f-3627-4554-a2d4-878229c4c119 req-f6e0eb9f-3627-4554-a2d4-878229c4c119 ] Request (ImagesMetadataTestJSON:test_delete_image_metadata_item): 204 DELETE http://10.180.1.21/compute/v2.1/images/d2c5a443-1c52-4bd9-8e2d-d8aa4d80bd19/metadata/os_version 1.483s
2025-04-17 06:32:06.727 70237 INFO tempest.lib.common.rest_client [req-cad5b3f1-e0d7-4c9d-90b1-627b84cb229c req-cad5b3f1-e0d7-4c9d-90b1-627b84cb229c ] Request (InstanceUsageAuditLogTestJSON:tearDownClass): 204 DELETE http://10.180.1.21/identity/v3/projects/39ebf0445b774d3fbb7b5d08845cb8df 0.200s
2025-04-17 06:32:06.728 70237 INFO tempest.test [-] raised in LiveMigrationRemoteConsolesV26Test.setUpClass. Invoking tearDownClass.
2025-04-17 06:32:06.730 70237 INFO tempest.test [-] raised in UpdateMultiattachVolumeNegativeTest.setUpClass. Invoking tearDownClass.
2025-04-17 06:32:06.757 70255 INFO tempest.lib.common.rest_client [req-91f10479-9433-4530-9e37-31baac31fd0b req-91f10479-9433-4530-9e37-31baac31fd0b ] Request (ListImagesTestJSON:tearDownClass): 201 POST http://10.180.1.21/identity/v3/auth/tokens 0.149s
2025-04-17 06:32:06.768 70237 INFO tempest.lib.common.rest_client [req-7b8f13d6-99c9-4d87-a8d8-0031040f7d06 req-7b8f13d6-99c9-4d87-a8d8-0031040f7d06 ] Request (SecurityGroupsTestJSON:setUpClass): 201 POST http://10.180.1.21/identity/v3/auth/tokens 0.036s
2025-04-17 06:32:06.842 70237 INFO tempest.lib.common.rest_client [req-fad42f71-a3c4-4c36-ab38-b025e23d8826 req-fad42f71-a3c4-4c36-ab38-b025e23d8826 ] Request (SecurityGroupsTestJSON:setUpClass): 201 POST http://10.180.1.21/identity/v3/auth/tokens 0.070s
2025-04-17 06:32:06.869 70237 INFO tempest.lib.common.rest_client [req-caad36f8-ab9a-47b2-a0c6-0af086bd1dec req-caad36f8-ab9a-47b2-a0c6-0af086bd1dec ] Request (SecurityGroupsTestJSON:setUpClass): 200 GET http://10.180.1.21/identity/v3/domains?name=Default 0.027s
2025-04-17 06:32:06.903 70269 INFO tempest.lib.common.rest_client [req-101a8356-f706-4a69-988d-bd78ac79839d req-101a8356-f706-4a69-988d-bd78ac79839d ] Request (ServersTestJSON:test_create_server_specify_multibyte_character_name): 202 POST http://10.180.1.21/compute/v2.1/servers 2.580s
2025-04-17 06:32:06.912 70237 INFO tempest.lib.common.rest_client [req-a7e392cf-0c20-439c-a5f1-8dc5f435de87 req-a7e392cf-0c20-439c-a5f1-8dc5f435de87 ] Request (SecurityGroupsTestJSON:setUpClass): 201 POST http://10.180.1.21/identity/v3/projects 0.042s
2025-04-17 06:32:06.947 70263 INFO tempest.lib.common.rest_client [req-b5ae6bfe-3769-46b2-a3ac-f8b1b36ac1f1 req-b5ae6bfe-3769-46b2-a3ac-f8b1b36ac1f1 ] Request (SecurityGroupsNegativeTestJSON:test_delete_the_default_security_group): 400 DELETE http://10.180.1.21/compute/v2.1/os-security-groups/8d8e00f9-cce7-4337-aeec-700647eca6a7 1.537s
2025-04-17 06:32:06.966 70247 INFO tempest.lib.common.rest_client [req-38cf6c50-5bcc-49d0-87ff-f873adbe6989 req-38cf6c50-5bcc-49d0-87ff-f873adbe6989 ] Request (QuotaClassesAdmin257Test:_run_cleanups): 200 PUT http://10.180.1.21/compute/v2.1/os-quota-class-sets/default 1.541s
2025-04-17 06:32:06.983 70275 INFO tempest.lib.common.rest_client [req-b4d45c2e-fe56-4ac9-ad18-1129ff6d60c6 req-b4d45c2e-fe56-4ac9-ad18-1129ff6d60c6 ] Request (FlavorsV261TestJSON:test_crud_flavor): 200 GET http://10.180.1.21/compute/v2.1/flavors/detail 1.515s
2025-04-17 06:32:07.011 70219 INFO tempest.lib.common.rest_client [req-f6980bbc-87ee-4dea-b69e-d1a291fe93fa req-f6980bbc-87ee-4dea-b69e-d1a291fe93fa ] Request (FlavorsExtraSpecsNegativeTestJSON:test_flavor_non_admin_unset_keys): 200 POST http://10.180.1.21/compute/v2.1/flavors/1390346655/os-extra_specs 1.313s
2025-04-17 06:32:07.023 70221 INFO tempest.lib.common.rest_client [req-76b4d683-0e4a-4d10-9cb5-759ed6d699b2 req-76b4d683-0e4a-4d10-9cb5-759ed6d699b2 ] Request (NetworksTest:tearDownClass): 200 GET http://10.180.1.21:9696/networking/v2.0/security-groups?tenant_id=9ed764be1570466f93ff25d3bd3a0246&name=default 0.451s
2025-04-17 06:32:07.032 70251 INFO tempest.lib.common.rest_client [req-87dd26ea-c5c8-40af-94f1-c85eb2b6c7c8 req-87dd26ea-c5c8-40af-94f1-c85eb2b6c7c8 ] Request (HypervisorAdminV253TestBase:tearDownClass): 204 DELETE http://10.180.1.21:9696/networking/v2.0/security-groups/a57f967f-425c-4542-87ad-2adf146e33f5 0.347s
2025-04-17 06:32:07.036 70237 INFO tempest.lib.common.rest_client [req-74e3c1e5-2d8c-436d-9c04-9ace220a7347 req-74e3c1e5-2d8c-436d-9c04-9ace220a7347 ] Request (SecurityGroupsTestJSON:setUpClass): 201 POST http://10.180.1.21/identity/v3/users 0.123s
2025-04-17 06:32:07.044 70253 INFO tempest.lib.common.rest_client [req-bf97df73-d8a3-4540-bfa7-2fafc215bf06 req-bf97df73-d8a3-4540-bfa7-2fafc215bf06 ] Request (FlavorsV255TestJSON:test_crud_flavor): 200 GET http://10.180.1.21/compute/v2.1/flavors/detail 1.301s
2025-04-17 06:32:07.057 70261 INFO tempest.lib.common.rest_client [req-4b3069f7-442e-4f55-84bd-0ef638435079 req-4b3069f7-442e-4f55-84bd-0ef638435079 ] Request (HostsAdminNegativeTestJSON:test_reboot_nonexistent_host): 404 GET http://10.180.1.21/compute/v2.1/os-hosts/nonexistent_hostname/reboot 1.234s
2025-04-17 06:32:07.123 70247 INFO tempest.lib.common.rest_client [req-db512da7-ac77-4172-b75e-2579ab61e402 req-db512da7-ac77-4172-b75e-2579ab61e402 ] Request (QuotaClassesAdmin257Test:tearDownClass): 204 DELETE http://10.180.1.21/identity/v3/users/69580fe8c3ff40eea2b5cff7c200eb66 0.146s
2025-04-17 06:32:07.134 70243 INFO tempest.lib.common.rest_client [req-389e4bb1-c3eb-4889-9db6-b387cbc3b38c req-389e4bb1-c3eb-4889-9db6-b387cbc3b38c ] Request (ServersAdmin275Test:test_rebuild_update_server_275): 200 PUT http://10.180.1.21/compute/v2.1/servers/1e74eb41-3368-47e2-a17f-2a239b873b67 1.448s
2025-04-17 06:32:07.140 70229 INFO tempest.lib.common.rest_client [req-8c1fdb42-55ef-4848-a563-b26d389b6e54 req-8c1fdb42-55ef-4848-a563-b26d389b6e54 ] Request (QuotasAdminTestV236:test_get_updated_quotas): 200 GET http://10.180.1.21/identity/v3/domains?name=Default 0.112s
2025-04-17 06:32:07.141 70255 INFO tempest.lib.common.rest_client [req-d717323a-9894-4851-9b55-6372b313763a req-d717323a-9894-4851-9b55-6372b313763a ] Request (ListImagesTestJSON:tearDownClass): 200 GET http://10.180.1.21:9696/networking/v2.0/security-groups?tenant_id=baeae0d4164a4deb98d8700552f96185&name=default 0.384s
2025-04-17 06:32:07.167 70273 INFO tempest.lib.common.rest_client [req-f26aeea3-a2cb-4c60-bddc-28469cb27934 req-f26aeea3-a2cb-4c60-bddc-28469cb27934 ] Request (ServersTestBootFromVolume:setUpClass): 200 GET http://10.180.1.21/volume/v3/volumes/d693c684-fd99-4149-907a-f8cf065775d9 0.032s
2025-04-17 06:32:07.179 70213 INFO tempest.lib.common.rest_client [req-95f0f55f-fd1a-4e06-b50c-f1c47ea1a933 req-95f0f55f-fd1a-4e06-b50c-f1c47ea1a933 ] Request (AggregatesAdminNegativeTestJSON:_run_cleanups): 200 POST http://10.180.1.21/compute/v2.1/os-aggregates/1/action 1.296s
2025-04-17 06:32:07.198 70239 INFO tempest.lib.common.rest_client [req-de86c54b-24d4-4d9a-8aa0-1ffa98c1bcec req-de86c54b-24d4-4d9a-8aa0-1ffa98c1bcec ] Request (VolumesAssistedSnapshotsTest:setUpClass): 201 POST http://10.180.1.21:9696/networking/v2.0/routers 2.268s
2025-04-17 06:32:07.199 70225 INFO tempest.lib.common.rest_client [req-e181c7a0-155f-4486-b240-3bc16c28b34d req-e181c7a0-155f-4486-b240-3bc16c28b34d ] Request (HostsAdminTestJSON:test_list_hosts_with_nonexistent_zone): 200 GET http://10.180.1.21/compute/v2.1/os-hosts?zone=xxx 1.280s
2025-04-17 06:32:07.211 70237 INFO tempest.lib.common.rest_client [req-3f260597-af97-436f-abd3-c114a13dbb33 req-3f260597-af97-436f-abd3-c114a13dbb33 ] Request (SecurityGroupsTestJSON:setUpClass): 200 GET http://10.180.1.21/identity/v3/roles 0.174s
2025-04-17 06:32:07.233 70251 INFO tempest.lib.common.rest_client [req-5c5cf19c-9a1f-4a12-812f-b739ea8dde6d req-5c5cf19c-9a1f-4a12-812f-b739ea8dde6d ] Request (HypervisorAdminV253TestBase:tearDownClass): 204 DELETE http://10.180.1.21/identity/v3/projects/4e9054b82af5418d8d48b3e5631b99ea 0.200s
2025-04-17 06:32:07.233 70251 INFO tempest.lib.common.dynamic_creds [-] Deleting project and security group for project: d423f68661c94ba093e05944c9085589
2025-04-17 06:32:07.234 70267 INFO tempest.lib.common.rest_client [req-9c632ea0-b1b1-499a-896b-8ca9a09b2255 req-9c632ea0-b1b1-499a-896b-8ca9a09b2255 ] Request (KeyPairsV210TestJSON:test_admin_manage_keypairs_for_other_users): 201 POST http://10.180.1.21/compute/v2.1/os-keypairs 1.302s
2025-04-17 06:32:07.260 70227 INFO tempest.lib.common.rest_client [req-fbcdaf15-58a0-47a8-bb31-bba755200b3d req-fbcdaf15-58a0-47a8-bb31-bba755200b3d ] Request (FlavorsAdminTestJSON:test_create_flavor_verify_entry_in_list_details): 200 GET http://10.180.1.21/compute/v2.1/flavors/detail 1.303s
2025-04-17 06:32:07.271 70221 INFO tempest.lib.common.rest_client [req-4639750f-8621-4d4b-a4e2-71919cb9fc00 req-4639750f-8621-4d4b-a4e2-71919cb9fc00 ] Request (NetworksTest:tearDownClass): 204 DELETE http://10.180.1.21:9696/networking/v2.0/security-groups/37f6451f-bdf2-49db-88ae-b63aa908f929 0.247s
2025-04-17 06:32:07.317 70247 INFO tempest.lib.common.rest_client [req-c73081c9-62a8-40d1-9ac6-3fdc3f7313a3 req-c73081c9-62a8-40d1-9ac6-3fdc3f7313a3 ] Request (QuotaClassesAdmin257Test:tearDownClass): 204 DELETE http://10.180.1.21/identity/v3/users/a0f43c1dfb3e4ad79e7cf6ff54362c4e 0.194s
2025-04-17 06:32:07.318 70247 INFO tempest.lib.common.dynamic_creds [-] Deleting project and security group for project: 7ffbfb9889784bb5a72ce0facc963255
2025-04-17 06:32:07.350 70271 INFO tempest.lib.common.rest_client [req-3d77694c-386f-42cb-af62-16b635ad7d0f req-3d77694c-386f-42cb-af62-16b635ad7d0f ] Request (HypervisorAdminNegativeTestJSON:test_get_hypervisor_uptime_with_non_admin_user): 200 GET http://10.180.1.21/compute/v2.1/os-hypervisors 1.460s
2025-04-17 06:32:07.365 70255 INFO tempest.lib.common.rest_client [req-895d81e4-8bbe-42ef-8814-0a1677ae8fa1 req-895d81e4-8bbe-42ef-8814-0a1677ae8fa1 ] Request (ListImagesTestJSON:tearDownClass): 204 DELETE http://10.180.1.21:9696/networking/v2.0/security-groups/738a2a66-51ee-4988-a952-1fa9441ecbab 0.223s
2025-04-17 06:32:07.390 70229 INFO tempest.lib.common.rest_client [req-84f5922d-2807-49d3-9c68-276cc99452dd req-84f5922d-2807-49d3-9c68-276cc99452dd ] Request (QuotasAdminTestV236:test_get_updated_quotas): 201 POST http://10.180.1.21/identity/v3/projects 0.250s
2025-04-17 06:32:07.392 70257 INFO tempest.lib.common.rest_client [req-f91a72dd-be49-4cae-93a6-f90a7bc7dee0 req-f91a72dd-be49-4cae-93a6-f90a7bc7dee0 ] Request (ServersWithSpecificFlavorTestJSON:test_verify_created_server_ephemeral_disk): 200 POST http://10.180.1.21/compute/v2.1/flavors/1761551811/os-extra_specs 1.124s
2025-04-17 06:32:07.433 70237 INFO tempest.lib.common.rest_client [req-d84132ca-bc22-4a65-953a-0a7d960e3b5b req-d84132ca-bc22-4a65-953a-0a7d960e3b5b ] Request (SecurityGroupsTestJSON:setUpClass): 204 PUT http://10.180.1.21/identity/v3/projects/90153f3f91554b8d80b8654eb12c9677/users/349ad79032744e13b267c7d5d2f322e7/roles/07abacaef8804f1eb4496b0884cb5c67 0.221s
2025-04-17 06:32:07.433 70237 INFO tempest.lib.common.dynamic_creds [-] Dynamic test user 349ad79032744e13b267c7d5d2f322e7 is created with scope project and roles: ['member']
2025-04-17 06:32:07.434 70237 INFO tempest.lib.common.dynamic_creds [-] Acquired dynamic creds: credentials: Credentials: {'domain_id': 'default', 'domain_name': 'Default', 'username': 'tempest-SecurityGroupsTestJSON-1180571920-project-member', 'project_domain_id': 'default', 'project_domain_name': 'Default', 'project_id': '90153f3f91554b8d80b8654eb12c9677', 'project_name': 'tempest-SecurityGroupsTestJSON-1180571920', 'tenant_id': '90153f3f91554b8d80b8654eb12c9677', 'tenant_name': 'tempest-SecurityGroupsTestJSON-1180571920', 'user_domain_id': 'default', 'user_domain_name': 'Default', 'user_id': '349ad79032744e13b267c7d5d2f322e7', 'system': None}, Network: None, Subnet: None, Router: None
2025-04-17 06:32:07.518 70247 INFO tempest.lib.common.rest_client [req-05a02e82-4874-41e3-83d0-1a34627de6a3 req-05a02e82-4874-41e3-83d0-1a34627de6a3 ] Request (QuotaClassesAdmin257Test:tearDownClass): 201 POST http://10.180.1.21/identity/v3/auth/tokens 0.200s
2025-04-17 06:32:07.596 70221 INFO tempest.lib.common.rest_client [req-7eda63a4-e3e1-4ff6-ab53-2590a7d94ea0 req-7eda63a4-e3e1-4ff6-ab53-2590a7d94ea0 ] Request (NetworksTest:tearDownClass): 204 DELETE http://10.180.1.21/identity/v3/projects/9ed764be1570466f93ff25d3bd3a0246 0.325s
2025-04-17 06:32:07.603 70255 INFO tempest.lib.common.rest_client [req-9cb17c2b-8b28-445d-b92d-d4de1e357e5a req-9cb17c2b-8b28-445d-b92d-d4de1e357e5a ] Request (ListImagesTestJSON:tearDownClass): 204 DELETE http://10.180.1.21/identity/v3/projects/baeae0d4164a4deb98d8700552f96185 0.237s
2025-04-17 06:32:07.604 70251 INFO tempest.lib.common.rest_client [req-8b259724-de2a-4d2e-a05a-191cb0a20bb2 req-8b259724-de2a-4d2e-a05a-191cb0a20bb2 ] Request (HypervisorAdminV253TestBase:tearDownClass): 200 GET http://10.180.1.21:9696/networking/v2.0/security-groups?tenant_id=d423f68661c94ba093e05944c9085589&name=default 0.370s
2025-04-17 06:32:07.665 70229 INFO tempest.lib.common.rest_client [req-d0d3a723-8714-4ecb-a8ea-656b5eb4e6e9 req-d0d3a723-8714-4ecb-a8ea-656b5eb4e6e9 ] Request (QuotasAdminTestV236:test_get_updated_quotas): 200 GET http://10.180.1.21/identity/v3/domains?name=Default 0.274s
2025-04-17 06:32:07.703 70251 INFO tempest.lib.common.rest_client [req-e3fb6021-c729-4245-8613-569b9553d3c5 req-e3fb6021-c729-4245-8613-569b9553d3c5 ] Request (HypervisorAdminV253TestBase:tearDownClass): 204 DELETE http://10.180.1.21:9696/networking/v2.0/security-groups/a3734417-dc95-46fb-a8b3-6f88da234299 0.099s
2025-04-17 06:32:07.744 70215 INFO tempest.lib.common.rest_client [req-57199be8-558a-4eb4-8327-0cd23bb8f9cd req-57199be8-558a-4eb4-8327-0cd23bb8f9cd ] Request (FlavorsAccessNegativeTestJSON:_run_cleanups): 200 POST http://10.180.1.21/compute/v2.1/flavors/1048866076/action 1.498s
2025-04-17 06:32:07.776 70237 INFO tempest.lib.common.rest_client [req-b89920fe-f2e0-4e88-bca8-1ee92cb17c38 req-b89920fe-f2e0-4e88-bca8-1ee92cb17c38 ] Request (SecurityGroupsTestJSON:setUpClass): 201 POST http://10.180.1.21/identity/v3/auth/tokens 0.342s
2025-04-17 06:32:07.788 70249 INFO tempest.lib.common.rest_client [req-d95a22d8-a4c2-45d2-b455-d61b5fac6443 req-d95a22d8-a4c2-45d2-b455-d61b5fac6443 ] Request (HypervisorAdminTestJSON:test_get_hypervisor_list): 200 GET http://10.180.1.21/compute/v2.1/os-hypervisors 1.487s
2025-04-17 06:32:07.803 70221 INFO tempest.lib.common.rest_client [req-5748222f-1089-4a9b-9aab-5aab9b043d3b req-5748222f-1089-4a9b-9aab-5aab9b043d3b ] Request (ServersTestJSON:setUpClass): 201 POST http://10.180.1.21/identity/v3/auth/tokens 0.204s
2025-04-17 06:32:07.833 70255 INFO tempest.lib.common.rest_client [req-4545d422-ac0a-44a2-8003-dc7261e16a82 req-4545d422-ac0a-44a2-8003-dc7261e16a82 ] Request (MultipleCreateTestJSON:setUpClass): 201 POST http://10.180.1.21/identity/v3/auth/tokens 0.228s
2025-04-17 06:32:07.836 70241 INFO tempest.lib.common.rest_client [req-a99bb80f-e803-4839-ba54-e7caf0fb310f req-a99bb80f-e803-4839-ba54-e7caf0fb310f ] Request (AttachInterfacesUnderV243Test:test_add_remove_fixed_ip): 200 GET http://10.180.1.21/compute/v2.1/servers/f2f6633f-3356-49d2-91a8-840284285eb4 1.529s
2025-04-17 06:32:07.857 70235 INFO tempest.lib.common.rest_client [req-549e64ee-af7d-4c0f-aefe-9fe2667d3046 req-549e64ee-af7d-4c0f-aefe-9fe2667d3046 ] Request (HypervisorAdminNegativeUnderV252Test:test_search_nonexistent_hypervisor): 404 GET http://10.180.1.21/compute/v2.1/os-hypervisors/nonexistent_hypervisor_name/search 1.418s
2025-04-17 06:32:07.886 70251 INFO tempest.lib.common.rest_client [req-a47302b9-a34e-4104-bad9-fad53c53c346 req-a47302b9-a34e-4104-bad9-fad53c53c346 ] Request (HypervisorAdminV253TestBase:tearDownClass): 204 DELETE http://10.180.1.21/identity/v3/projects/d423f68661c94ba093e05944c9085589 0.182s
2025-04-17 06:32:07.957 70221 INFO tempest.lib.common.rest_client [req-174b4c0c-5231-46b3-b20c-c4678e44c55f req-174b4c0c-5231-46b3-b20c-c4678e44c55f ] Request (ServersTestJSON:setUpClass): 201 POST http://10.180.1.21/identity/v3/auth/tokens 0.151s
2025-04-17 06:32:07.963 70233 INFO tempest.lib.common.rest_client [req-bda76c4c-3039-4aae-a12f-0941dba2e9f6 req-bda76c4c-3039-4aae-a12f-0941dba2e9f6 ] Request (MigrationsAdminTest:test_list_migrations_in_flavor_resize_situation): 200 GET http://10.180.1.21/compute/v2.1/servers/56f6e706-fab6-4a88-94f1-dd371d165fce 1.366s
2025-04-17 06:32:07.990 70255 INFO tempest.lib.common.rest_client [req-b3595b58-5075-4995-a78d-bcad70f494fb req-b3595b58-5075-4995-a78d-bcad70f494fb ] Request (MultipleCreateTestJSON:setUpClass): 201 POST http://10.180.1.21/identity/v3/auth/tokens 0.154s
2025-04-17 06:32:07.995 70251 INFO tempest.lib.common.rest_client [req-de604196-0655-4319-8fa1-21704098748a req-de604196-0655-4319-8fa1-21704098748a ] Request (InstanceUsageAuditLogNegativeTestJSON:setUpClass): 201 POST http://10.180.1.21/identity/v3/auth/tokens 0.108s
2025-04-17 06:32:08.014 70221 INFO tempest.lib.common.rest_client [req-6af3dcca-0fbb-4cf8-9f3f-71fb781b3407 req-6af3dcca-0fbb-4cf8-9f3f-71fb781b3407 ] Request (ServersTestJSON:setUpClass): 200 GET http://10.180.1.21/identity/v3/domains?name=Default 0.057s
2025-04-17 06:32:08.025 70255 INFO tempest.lib.common.rest_client [req-89654bc6-5deb-4293-b318-24bb2548b3ca req-89654bc6-5deb-4293-b318-24bb2548b3ca ] Request (MultipleCreateTestJSON:setUpClass): 200 GET http://10.180.1.21/identity/v3/domains?name=Default 0.034s
2025-04-17 06:32:08.041 70251 INFO tempest.lib.common.rest_client [req-61adc654-08e9-4caa-b941-93ceb8ddd5cb req-61adc654-08e9-4caa-b941-93ceb8ddd5cb ] Request (InstanceUsageAuditLogNegativeTestJSON:setUpClass): 201 POST http://10.180.1.21/identity/v3/auth/tokens 0.043s
2025-04-17 06:32:08.054 70221 INFO tempest.lib.common.rest_client [req-81cbeaa6-8561-4101-a37a-957473afebbd req-81cbeaa6-8561-4101-a37a-957473afebbd ] Request (ServersTestJSON:setUpClass): 201 POST http://10.180.1.21/identity/v3/projects 0.039s
2025-04-17 06:32:08.067 70255 INFO tempest.lib.common.rest_client [req-be1c3fc3-b41e-4f66-827c-55ada5fd7677 req-be1c3fc3-b41e-4f66-827c-55ada5fd7677 ] Request (MultipleCreateTestJSON:setUpClass): 201 POST http://10.180.1.21/identity/v3/projects 0.041s
2025-04-17 06:32:08.099 70237 INFO tempest.lib.common.rest_client [req-33f18741-2a03-4627-ab13-4c876902a1dc req-33f18741-2a03-4627-ab13-4c876902a1dc ] Request (SecurityGroupsTestJSON:setUpClass): 201 POST http://10.180.1.21:9696/networking/v2.0/networks 0.323s
2025-04-17 06:32:08.127 70221 INFO tempest.lib.common.rest_client [req-29158259-d5d1-4f8d-aec5-4a9d74afcd48 req-29158259-d5d1-4f8d-aec5-4a9d74afcd48 ] Request (ServersTestJSON:setUpClass): 201 POST http://10.180.1.21/identity/v3/users 0.072s
2025-04-17 06:32:08.138 70251 INFO tempest.lib.common.rest_client [req-992169c4-4025-4480-a068-76145998cb79 req-992169c4-4025-4480-a068-76145998cb79 ] Request (InstanceUsageAuditLogNegativeTestJSON:setUpClass): 200 GET http://10.180.1.21/identity/v3/domains?name=Default 0.096s
2025-04-17 06:32:08.149 70255 INFO tempest.lib.common.rest_client [req-67e85cb8-07c8-4fb4-8d7b-f520f6e993db req-67e85cb8-07c8-4fb4-8d7b-f520f6e993db ] Request (MultipleCreateTestJSON:setUpClass): 201 POST http://10.180.1.21/identity/v3/users 0.082s
2025-04-17 06:32:08.157 70221 INFO tempest.lib.common.rest_client [req-36f47bc2-0589-48dd-aafe-f08780ddd5e5 req-36f47bc2-0589-48dd-aafe-f08780ddd5e5 ] Request (ServersTestJSON:setUpClass): 200 GET http://10.180.1.21/identity/v3/roles 0.030s
2025-04-17 06:32:08.173 70255 INFO tempest.lib.common.rest_client [req-e86ecf4b-50aa-4c1a-9083-37f440842677 req-e86ecf4b-50aa-4c1a-9083-37f440842677 ] Request (MultipleCreateTestJSON:setUpClass): 200 GET http://10.180.1.21/identity/v3/roles 0.023s
2025-04-17 06:32:08.174 70251 INFO tempest.lib.common.rest_client [req-ab145153-b42b-4f05-8980-695fcf57d64e req-ab145153-b42b-4f05-8980-695fcf57d64e ] Request (InstanceUsageAuditLogNegativeTestJSON:setUpClass): 201 POST http://10.180.1.21/identity/v3/projects 0.036s
2025-04-17 06:32:08.208 70273 INFO tempest.lib.common.rest_client [req-a9b45788-2bc9-4264-9ee1-dc44b2992a4b req-a9b45788-2bc9-4264-9ee1-dc44b2992a4b ] Request (ServersTestBootFromVolume:setUpClass): 200 GET http://10.180.1.21/volume/v3/volumes/d693c684-fd99-4149-907a-f8cf065775d9 0.031s
2025-04-17 06:32:08.227 70255 INFO tempest.lib.common.rest_client [req-c0117d8c-4cae-4a70-a7e4-538951a37fd4 req-c0117d8c-4cae-4a70-a7e4-538951a37fd4 ] Request (MultipleCreateTestJSON:setUpClass): 204 PUT http://10.180.1.21/identity/v3/projects/07fec4a0e72c4ea3b2cfc413ffe4b90a/users/9ea4ec89fc8d442197279456dce5de01/roles/07abacaef8804f1eb4496b0884cb5c67 0.053s
2025-04-17 06:32:08.227 70255 INFO tempest.lib.common.dynamic_creds [-] Dynamic test user 9ea4ec89fc8d442197279456dce5de01 is created with scope project and roles: ['member']
2025-04-17 06:32:08.227 70255 INFO tempest.lib.common.dynamic_creds [-] Acquired dynamic creds: credentials: Credentials: {'domain_id': 'default', 'domain_name': 'Default', 'username': 'tempest-MultipleCreateTestJSON-2006409850-project-member', 'project_domain_id': 'default', 'project_domain_name': 'Default', 'project_id': '07fec4a0e72c4ea3b2cfc413ffe4b90a', 'project_name': 'tempest-MultipleCreateTestJSON-2006409850', 'tenant_id': '07fec4a0e72c4ea3b2cfc413ffe4b90a', 'tenant_name': 'tempest-MultipleCreateTestJSON-2006409850', 'user_domain_id': 'default', 'user_domain_name': 'Default', 'user_id': '9ea4ec89fc8d442197279456dce5de01', 'system': None}, Network: None, Subnet: None, Router: None
2025-04-17 06:32:08.231 70221 INFO tempest.lib.common.rest_client [req-698b919a-d0ff-434b-9e47-c90acfd6a4b2 req-698b919a-d0ff-434b-9e47-c90acfd6a4b2 ] Request (ServersTestJSON:setUpClass): 204 PUT http://10.180.1.21/identity/v3/projects/97b2c9541bfa49d3b4ab325eb4c215e6/users/5feabbc22d5841cebbd8dd9d1c4cd0e8/roles/07abacaef8804f1eb4496b0884cb5c67 0.073s
2025-04-17 06:32:08.231 70221 INFO tempest.lib.common.dynamic_creds [-] Dynamic test user 5feabbc22d5841cebbd8dd9d1c4cd0e8 is created with scope project and roles: ['member']
2025-04-17 06:32:08.232 70221 INFO tempest.lib.common.dynamic_creds [-] Acquired dynamic creds: credentials: Credentials: {'domain_id': 'default', 'domain_name': 'Default', 'username': 'tempest-ServersTestJSON-2137292347-project-member', 'project_domain_id': 'default', 'project_domain_name': 'Default', 'project_id': '97b2c9541bfa49d3b4ab325eb4c215e6', 'project_name': 'tempest-ServersTestJSON-2137292347', 'tenant_id': '97b2c9541bfa49d3b4ab325eb4c215e6', 'tenant_name': 'tempest-ServersTestJSON-2137292347', 'user_domain_id': 'default', 'user_domain_name': 'Default', 'user_id': '5feabbc22d5841cebbd8dd9d1c4cd0e8', 'system': None}, Network: None, Subnet: None, Router: None
2025-04-17 06:32:08.245 70237 INFO tempest.lib.common.rest_client [req-63046142-f379-4eb5-ad2f-8ebb60b71115 req-63046142-f379-4eb5-ad2f-8ebb60b71115 ] Request (SecurityGroupsTestJSON:setUpClass): 201 POST http://10.180.1.21:9696/networking/v2.0/subnets 0.145s
2025-04-17 06:32:08.283 70255 INFO tempest.lib.common.rest_client [req-617f960b-eb09-4d71-ac65-1ce8657fac02 req-617f960b-eb09-4d71-ac65-1ce8657fac02 ] Request (MultipleCreateTestJSON:setUpClass): 201 POST http://10.180.1.21/identity/v3/auth/tokens 0.056s
2025-04-17 06:32:08.303 70251 INFO tempest.lib.common.rest_client [req-5e778c46-3f4e-4c59-a072-05b8760a860d req-5e778c46-3f4e-4c59-a072-05b8760a860d ] Request (InstanceUsageAuditLogNegativeTestJSON:setUpClass): 201 POST http://10.180.1.21/identity/v3/users 0.129s
2025-04-17 06:32:08.304 70221 INFO tempest.lib.common.rest_client [req-aecc3fac-0326-4a60-92bc-b51a0e50c937 req-aecc3fac-0326-4a60-92bc-b51a0e50c937 ] Request (ServersTestJSON:setUpClass): 201 POST http://10.180.1.21/identity/v3/auth/tokens 0.072s
2025-04-17 06:32:08.321 70251 INFO tempest.lib.common.rest_client [req-c9be9b1c-59f2-4a06-8b7a-f3fca4984114 req-c9be9b1c-59f2-4a06-8b7a-f3fca4984114 ] Request (InstanceUsageAuditLogNegativeTestJSON:setUpClass): 200 GET http://10.180.1.21/identity/v3/roles 0.017s
2025-04-17 06:32:08.356 70247 INFO tempest.lib.common.rest_client [req-4ec32d27-27d8-40c5-9955-d95b68f73f8f req-4ec32d27-27d8-40c5-9955-d95b68f73f8f ] Request (QuotaClassesAdmin257Test:tearDownClass): 200 GET http://10.180.1.21:9696/networking/v2.0/security-groups?tenant_id=7ffbfb9889784bb5a72ce0facc963255&name=default 0.838s
2025-04-17 06:32:08.371 70251 INFO tempest.lib.common.rest_client [req-41fa95f8-d666-4f17-9259-e60b01c334ab req-41fa95f8-d666-4f17-9259-e60b01c334ab ] Request (InstanceUsageAuditLogNegativeTestJSON:setUpClass): 204 PUT http://10.180.1.21/identity/v3/projects/c1c61055ad22413c9fdb4671764c9378/users/dcd7af45d97e465fb3f17411ffd8ffee/roles/07abacaef8804f1eb4496b0884cb5c67 0.049s
2025-04-17 06:32:08.371 70251 INFO tempest.lib.common.dynamic_creds [-] Dynamic test user dcd7af45d97e465fb3f17411ffd8ffee is created with scope project and roles: ['member']
2025-04-17 06:32:08.371 70251 INFO tempest.lib.common.dynamic_creds [-] Acquired dynamic creds: credentials: Credentials: {'domain_id': 'default', 'domain_name': 'Default', 'username': 'tempest-InstanceUsageAuditLogNegativeTestJSON-1829078393-project-member', 'project_domain_id': 'default', 'project_domain_name': 'Default', 'project_id': 'c1c61055ad22413c9fdb4671764c9378', 'project_name': 'tempest-InstanceUsageAuditLogNegativeTestJSON-1829078393', 'tenant_id': 'c1c61055ad22413c9fdb4671764c9378', 'tenant_name': 'tempest-InstanceUsageAuditLogNegativeTestJSON-1829078393', 'user_domain_id': 'default', 'user_domain_name': 'Default', 'user_id': 'dcd7af45d97e465fb3f17411ffd8ffee', 'system': None}, Network: None, Subnet: None, Router: None
2025-04-17 06:32:08.371 70251 INFO tempest.lib.common.dynamic_creds [-] Created isolated network resources for: credentials: Credentials: {'domain_id': 'default', 'domain_name': 'Default', 'username': 'tempest-InstanceUsageAuditLogNegativeTestJSON-1829078393-project-member', 'project_domain_id': 'default', 'project_domain_name': 'Default', 'project_id': 'c1c61055ad22413c9fdb4671764c9378', 'project_name': 'tempest-InstanceUsageAuditLogNegativeTestJSON-1829078393', 'tenant_id': 'c1c61055ad22413c9fdb4671764c9378', 'tenant_name': 'tempest-InstanceUsageAuditLogNegativeTestJSON-1829078393', 'user_domain_id': 'default', 'user_domain_name': 'Default', 'user_id': 'dcd7af45d97e465fb3f17411ffd8ffee', 'system': None}, Network: None, Subnet: None, Router: None
2025-04-17 06:32:08.449 70251 INFO tempest.lib.common.rest_client [req-7f18a82d-acc7-4bea-b906-19310ef52ee3 req-7f18a82d-acc7-4bea-b906-19310ef52ee3 ] Request (InstanceUsageAuditLogNegativeTestJSON:setUpClass): 201 POST http://10.180.1.21/identity/v3/auth/tokens 0.073s
2025-04-17 06:32:08.502 70245 INFO tempest.lib.common.rest_client [req-de127147-cd04-4fc2-95fe-3045d406b487 req-de127147-cd04-4fc2-95fe-3045d406b487 ] Request (ServerDiagnosticsNegativeTest:test_get_server_diagnostics_by_non_admin): 200 GET http://10.180.1.21/compute/v2.1/servers/bb1e2e51-0297-43ca-b6a8-a41410e219b8 1.808s
2025-04-17 06:32:08.512 70245 INFO tempest.common.waiters [-] State transition "BUILD/networking" ==> "BUILD/spawning" after 5 second wait
2025-04-17 06:32:08.517 70251 INFO tempest.lib.common.rest_client [req-a16f7af9-2551-4460-8a0c-546ce3a09cca req-a16f7af9-2551-4460-8a0c-546ce3a09cca ] Request (InstanceUsageAuditLogNegativeTestJSON:setUpClass): 201 POST http://10.180.1.21/identity/v3/projects 0.067s
2025-04-17 06:32:08.567 70251 INFO tempest.lib.common.rest_client [req-ebb10f6a-e6e6-4e79-9f29-942f91388e44 req-ebb10f6a-e6e6-4e79-9f29-942f91388e44 ] Request (InstanceUsageAuditLogNegativeTestJSON:setUpClass): 201 POST http://10.180.1.21/identity/v3/users 0.050s
2025-04-17 06:32:08.588 70251 INFO tempest.lib.common.rest_client [req-02834903-449e-4fe8-890d-944a9127657c req-02834903-449e-4fe8-890d-944a9127657c ] Request (InstanceUsageAuditLogNegativeTestJSON:setUpClass): 200 GET http://10.180.1.21/identity/v3/roles 0.020s
2025-04-17 06:32:08.619 70251 INFO tempest.lib.common.rest_client [req-069e21f4-c101-4944-8e7b-e661f593a156 req-069e21f4-c101-4944-8e7b-e661f593a156 ] Request (InstanceUsageAuditLogNegativeTestJSON:setUpClass): 204 PUT http://10.180.1.21/identity/v3/projects/3edd925c8bce4c7c9b51456c1a0672f9/users/826f4d3387ca4090ba9f03151fb7e6e4/roles/54b5961c243a424483181f2b63863a51 0.031s
2025-04-17 06:32:08.633 70247 INFO tempest.lib.common.rest_client [req-7c98ad8a-90ec-4adb-8a7f-ca22cdb19bcf req-7c98ad8a-90ec-4adb-8a7f-ca22cdb19bcf ] Request (QuotaClassesAdmin257Test:tearDownClass): 204 DELETE http://10.180.1.21:9696/networking/v2.0/security-groups/63585030-9950-406d-8512-365311605ca5 0.276s
2025-04-17 06:32:08.678 70251 INFO tempest.lib.common.rest_client [req-3229e31d-fbea-4820-91a2-78ecd792ce7d req-3229e31d-fbea-4820-91a2-78ecd792ce7d ] Request (InstanceUsageAuditLogNegativeTestJSON:setUpClass): 200 GET http://10.180.1.21/identity/v3/roles 0.059s
2025-04-17 06:32:08.684 70231 INFO tempest.lib.common.rest_client [req-7cee25f6-2d59-43d8-9878-2c0f2a71228e req-7cee25f6-2d59-43d8-9878-2c0f2a71228e ] Request (ServersTestManualDisk:setUpClass): 200 POST http://10.180.1.21/compute/v2.1/os-keypairs 1.982s
2025-04-17 06:32:08.704 70251 INFO tempest.lib.common.rest_client [req-84d705a2-8417-4d27-b219-43e38443bbab req-84d705a2-8417-4d27-b219-43e38443bbab ] Request (InstanceUsageAuditLogNegativeTestJSON:setUpClass): 204 PUT http://10.180.1.21/identity/v3/projects/3edd925c8bce4c7c9b51456c1a0672f9/users/826f4d3387ca4090ba9f03151fb7e6e4/roles/54b5961c243a424483181f2b63863a51 0.025s
2025-04-17 06:32:08.704 70251 INFO tempest.lib.common.dynamic_creds [-] Dynamic test user 826f4d3387ca4090ba9f03151fb7e6e4 is created with scope project and roles: ['admin']
2025-04-17 06:32:08.705 70251 INFO tempest.lib.common.dynamic_creds [-] Acquired dynamic creds: credentials: Credentials: {'domain_id': 'default', 'domain_name': 'Default', 'username': 'tempest-InstanceUsageAuditLogNegativeTestJSON-719530465-project-admin', 'project_domain_id': 'default', 'project_domain_name': 'Default', 'project_id': '3edd925c8bce4c7c9b51456c1a0672f9', 'project_name': 'tempest-InstanceUsageAuditLogNegativeTestJSON-719530465', 'tenant_id': '3edd925c8bce4c7c9b51456c1a0672f9', 'tenant_name': 'tempest-InstanceUsageAuditLogNegativeTestJSON-719530465', 'user_domain_id': 'default', 'user_domain_name': 'Default', 'user_id': '826f4d3387ca4090ba9f03151fb7e6e4', 'system': None}, Network: None, Subnet: None, Router: None
2025-04-17 06:32:08.705 70251 INFO tempest.lib.common.dynamic_creds [-] Created isolated network resources for: credentials: Credentials: {'domain_id': 'default', 'domain_name': 'Default', 'username': 'tempest-InstanceUsageAuditLogNegativeTestJSON-719530465-project-admin', 'project_domain_id': 'default', 'project_domain_name': 'Default', 'project_id': '3edd925c8bce4c7c9b51456c1a0672f9', 'project_name': 'tempest-InstanceUsageAuditLogNegativeTestJSON-719530465', 'tenant_id': '3edd925c8bce4c7c9b51456c1a0672f9', 'tenant_name': 'tempest-InstanceUsageAuditLogNegativeTestJSON-719530465', 'user_domain_id': 'default', 'user_domain_name': 'Default', 'user_id': '826f4d3387ca4090ba9f03151fb7e6e4', 'system': None}, Network: None, Subnet: None, Router: None
2025-04-17 06:32:08.732 70259 INFO tempest.lib.common.rest_client [req-18e12e10-3f5a-4e03-905f-1dc197742c15 req-18e12e10-3f5a-4e03-905f-1dc197742c15 ] Request (ImagesMetadataTestJSON:test_delete_image_metadata_item): 200 GET http://10.180.1.21/compute/v2.1/images/d2c5a443-1c52-4bd9-8e2d-d8aa4d80bd19/metadata 2.023s
2025-04-17 06:32:08.746 70247 INFO tempest.lib.common.rest_client [req-2d9f2f41-e030-4c7d-bcec-1621a26fd24b req-2d9f2f41-e030-4c7d-bcec-1621a26fd24b ] Request (QuotaClassesAdmin257Test:tearDownClass): 204 DELETE http://10.180.1.21/identity/v3/projects/7ffbfb9889784bb5a72ce0facc963255 0.112s
2025-04-17 06:32:08.746 70247 INFO tempest.lib.common.dynamic_creds [-] Deleting project and security group for project: 6c7d931257d34e00a849e4faf86a56e1
2025-04-17 06:32:08.800 70251 INFO tempest.lib.common.rest_client [req-cba62abe-5655-488d-a65a-188d1c3d1b6d req-cba62abe-5655-488d-a65a-188d1c3d1b6d ] Request (InstanceUsageAuditLogNegativeTestJSON:setUpClass): 201 POST http://10.180.1.21/identity/v3/auth/tokens 0.093s
2025-04-17 06:32:08.820 70217 INFO tempest.lib.common.rest_client [req-4b62d9d3-7e98-4857-806e-aaf8978bb2d1 req-4b62d9d3-7e98-4857-806e-aaf8978bb2d1 ] Request (ImagesTestJSON:setUpClass): 200 PUT http://10.180.1.21:9696/networking/v2.0/routers/895134ee-939f-4513-a67f-8b61082c12ab/add_router_interface 2.844s
