2025-04-17 06:32:42.982 70247 INFO tempest.lib.common.rest_client [req-070920c0-5030-4232-85ac-80d8bc202ff3 req-070920c0-5030-4232-85ac-80d8bc202ff3 ] Request (FloatingIPsTestJSON:test_delete_floating_ip): 404 GET http://10.180.1.21/compute/v2.1/os-floating-ips/c0124cfe-2624-419e-9020-672c365375c9 1.646s
2025-04-17 06:32:43.026 70271 INFO tempest.lib.common.rest_client [req-8a280e56-7bb7-4541-8218-7457948f46f8 req-8a280e56-7bb7-4541-8218-7457948f46f8 ] Request (TenantUsagesTestJSON:setUpClass): 200 GET http://10.180.1.21/compute/v2.1/servers/ceabd946-b81f-47f3-8faa-1c4c858b5a9e 1.646s
2025-04-17 06:32:43.044 70213 INFO tempest.lib.common.rest_client [req-38577fa4-fb4f-45be-ae42-0e8b5b55a918 req-38577fa4-fb4f-45be-ae42-0e8b5b55a918 ] Request (AggregatesAdminNegativeTestJSON:test_aggregate_delete_with_invalid_id): 404 DELETE http://10.180.1.21/compute/v2.1/os-aggregates/-1 1.611s
2025-04-17 06:32:43.123 70237 INFO tempest.lib.common.rest_client [req-594afc87-23da-451f-84d8-391eea8c9a42 req-594afc87-23da-451f-84d8-391eea8c9a42 ] Request (SecurityGroupsTestJSON:test_list_security_groups_by_server): 200 GET http://10.180.1.21/compute/v2.1/servers/69bb138f-ff3e-4e52-af29-1113d378eced 1.670s
2025-04-17 06:32:43.193 70273 INFO tempest.lib.common.rest_client [req-df826684-4264-417f-8e45-c56359d867c9 req-df826684-4264-417f-8e45-c56359d867c9 ] Request (ServersTestBootFromVolume:setUpClass): 200 GET http://10.180.1.21/compute/v2.1/servers/33c412e2-353f-4fef-bed7-8879d0286b19 1.664s
2025-04-17 06:32:43.199 70259 INFO tempest.lib.common.rest_client [req-1016f568-c91a-44f8-bbd8-46662e4fd276 req-1016f568-c91a-44f8-bbd8-46662e4fd276 ] Request (ImagesOneServerTestJSON:setUpClass): 200 PUT http://10.180.1.21:9696/networking/v2.0/routers/cc48499b-c0dc-44a1-9262-aadae7beb806/add_router_interface 1.834s
2025-04-17 06:32:43.199 70259 INFO tempest.lib.common.dynamic_creds [-] Created isolated network resources for: credentials: Credentials: {'domain_id': 'default', 'domain_name': 'Default', 'username': 'tempest-ImagesOneServerTestJSON-1879216777-project-member', 'project_domain_id': 'default', 'project_domain_name': 'Default', 'project_id': '9883d882e082460fab4ddda310431129', 'project_name': 'tempest-ImagesOneServerTestJSON-1879216777', 'tenant_id': '9883d882e082460fab4ddda310431129', 'tenant_name': 'tempest-ImagesOneServerTestJSON-1879216777', 'user_domain_id': 'default', 'user_domain_name': 'Default', 'user_id': '1469394a599b470eb77808c8fd10fdf6', 'system': None}, Network: {'id': 'ad36381b-96b6-47bf-9c73-bc13042eebbd', 'name': 'tempest-ImagesOneServerTestJSON-668922715-network', 'tenant_id': '9883d882e082460fab4ddda310431129', 'admin_state_up': True, 'mtu': 8950, 'status': 'ACTIVE', 'subnets': [], 'shared': False, 'project_id': '9883d882e082460fab4ddda310431129', 'port_security_enabled': True, 'router:external': False, 'provider:network_type': 'vlan', 'provider:physical_network': 'default', 'provider:segmentation_id': 935, 'availability_zone_hints': [], 'availability_zones': [], 'ipv4_address_scope': None, 'ipv6_address_scope': None, 'description': '', 'tags': [], 'created_at': '2025-04-17T06:32:38Z', 'updated_at': '2025-04-17T06:32:38Z', 'revision_number': 1}, Subnet: {'id': '99923261-7e95-444f-a642-71a91aad5065', 'name': 'tempest-ImagesOneServerTestJSON-668922715-subnet', 'tenant_id': '9883d882e082460fab4ddda310431129', 'network_id': 'ad36381b-96b6-47bf-9c73-bc13042eebbd', 'ip_version': 4, 'subnetpool_id': None, 'enable_dhcp': True, 'ipv6_ra_mode': None, 'ipv6_address_mode': None, 'gateway_ip': '192.168.128.1', 'cidr': '192.168.128.0/28', 'allocation_pools': [{'start': '192.168.128.2', 'end': '192.168.128.14'}], 'host_routes': [], 'dns_nameservers': [], 'description': '', 'router:external': False, 'service_types': [], 'tags': [], 'created_at': '2025-04-17T06:32:39Z', 'updated_at': '2025-04-17T06:32:39Z', 'revision_number': 0, 'project_id': '9883d882e082460fab4ddda310431129'}, Router: {'id': 'cc48499b-c0dc-44a1-9262-aadae7beb806', 'name': 'tempest-ImagesOneServerTestJSON-668922715-router', 'tenant_id': '9883d882e082460fab4ddda310431129', 'admin_state_up': True, 'status': 'ACTIVE', 'external_gateway_info': {'network_id': 'ff77a3b4-795c-49b1-a85e-5213f9577ebc', 'external_fixed_ips': [{'subnet_id': 'ed9b07ea-5cbe-42b2-9b82-ee952284c3f6', 'ip_address': '10.180.180.131'}], 'enable_snat': True}, 'description': '', 'availability_zones': [], 'distributed': False, 'ha': False, 'availability_zone_hints': [], 'routes': [], 'flavor_id': None, 'tags': [], 'created_at': '2025-04-17T06:32:39Z', 'updated_at': '2025-04-17T06:32:40Z', 'revision_number': 2, 'project_id': '9883d882e082460fab4ddda310431129'}
2025-04-17 06:32:43.222 70265 INFO tempest.lib.common.rest_client [req-882361f8-5c6b-4009-acc5-74edcfa9ae3c req-882361f8-5c6b-4009-acc5-74edcfa9ae3c ] Request (InstanceActionsTestJSON:test_list_instance_actions): 200 GET http://10.180.1.21/compute/v2.1/servers/a9714630-63fc-40ae-959d-d86efa039ff6 1.811s
2025-04-17 06:32:43.260 70219 INFO tempest.lib.common.rest_client [req-760f7d6f-b472-4a12-82ad-d8b59d394b15 req-760f7d6f-b472-4a12-82ad-d8b59d394b15 ] Request (FloatingIPsAssociationTestJSON:setUpClass): 200 GET http://10.180.1.21/compute/v2.1/servers/51f89421-5ba3-4a3c-bc62-6cd4173328ef 1.659s
2025-04-17 06:32:43.282 70215 INFO tempest.lib.common.rest_client [req-2d5648c9-c328-4a83-bb73-cd06526fa9c9 req-2d5648c9-c328-4a83-bb73-cd06526fa9c9 ] Request (FlavorsAccessNegativeTestJSON:test_remove_flavor_access_not_found): 200 POST http://10.180.1.21/compute/v2.1/flavors 1.465s
2025-04-17 06:32:43.299 70227 INFO tempest.lib.common.rest_client [req-b02b7f4f-9ab5-4b5c-a715-7e843881f0c6 req-b02b7f4f-9ab5-4b5c-a715-7e843881f0c6 ] Request (FlavorsAdminTestJSON:test_create_server_with_non_public_flavor): 200 POST http://10.180.1.21/compute/v2.1/flavors 1.481s
2025-04-17 06:32:43.308 70259 INFO tempest.lib.common.rest_client [req-30e5fdec-e196-4360-8c2c-d546a239f072 req-30e5fdec-e196-4360-8c2c-d546a239f072 ] Request (ImagesOneServerTestJSON:setUpClass): 201 POST http://10.180.1.21/identity/v3/auth/tokens 0.103s
2025-04-17 06:32:43.371 70259 INFO tempest.lib.common.rest_client [req-1f1d8377-55e3-4bb2-9c8c-fb06c916ad1d req-1f1d8377-55e3-4bb2-9c8c-fb06c916ad1d ] Request (ImagesOneServerTestJSON:setUpClass): 201 POST http://10.180.1.21/identity/v3/auth/tokens 0.054s
2025-04-17 06:32:43.372 70259 INFO tempest.lib.common.fixed_network [-] (ImagesOneServerTestJSON:setUpClass) Found network {'id': 'ad36381b-96b6-47bf-9c73-bc13042eebbd', 'name': 'tempest-ImagesOneServerTestJSON-668922715-network', 'tenant_id': '9883d882e082460fab4ddda310431129', 'admin_state_up': True, 'mtu': 8950, 'status': 'ACTIVE', 'subnets': [], 'shared': False, 'project_id': '9883d882e082460fab4ddda310431129', 'port_security_enabled': True, 'router:external': False, 'provider:network_type': 'vlan', 'provider:physical_network': 'default', 'provider:segmentation_id': 935, 'availability_zone_hints': [], 'availability_zones': [], 'ipv4_address_scope': None, 'ipv6_address_scope': None, 'description': '', 'tags': [], 'created_at': '2025-04-17T06:32:38Z', 'updated_at': '2025-04-17T06:32:38Z', 'revision_number': 1} available for tenant
2025-04-17 06:32:43.844 70269 INFO tempest.lib.common.rest_client [req-c7662ebc-65ef-4203-8fac-e92e2c61180e req-c7662ebc-65ef-4203-8fac-e92e2c61180e ] Request (ServersTestJSON:test_create_server_with_ipv6_addr_only): 202 POST http://10.180.1.21/compute/v2.1/servers 1.995s
2025-04-17 06:32:43.929 70251 INFO tempest.lib.common.rest_client [req-11330cd6-353d-46f9-9c9d-44b5e7d7aa2c req-11330cd6-353d-46f9-9c9d-44b5e7d7aa2c ] Request (QuotasAdminNegativeTest:test_create_server_when_memory_quota_is_full): 200 PUT http://10.180.1.21/compute/v2.1/os-quota-sets/5aed4868d8dc4927a70ee75c408c7cae 1.961s
2025-04-17 06:32:44.018 70251 INFO tempest.lib.common.rest_client [req-39632c37-91bd-45c7-b507-f73e5fb621f7 req-39632c37-91bd-45c7-b507-f73e5fb621f7 ] Request (QuotasAdminNegativeTest:test_create_server_when_memory_quota_is_full): 201 POST http://10.180.1.21/identity/v3/auth/tokens 0.084s
2025-04-17 06:32:44.018 70251 INFO tempest.lib.common.fixed_network [-] (QuotasAdminNegativeTest:test_create_server_when_memory_quota_is_full) Found network None available for tenant
2025-04-17 06:32:44.034 70261 INFO tempest.lib.common.rest_client [req-a8080d80-e3aa-45fc-8232-1bcccfddb65b req-a8080d80-e3aa-45fc-8232-1bcccfddb65b ] Request (FloatingIPDetailsTestJSON:setUpClass): 200 POST http://10.180.1.21/compute/v2.1/os-floating-ips 2.376s
2025-04-17 06:32:44.088 70255 INFO tempest.lib.common.rest_client [req-220ecc4d-7c4e-422f-804b-6fe3825e673a req-220ecc4d-7c4e-422f-804b-6fe3825e673a ] Request (MultipleCreateTestJSON:test_multiple_create): 200 GET http://10.180.1.21/compute/v2.1/servers/06d30534-b9cb-4d8b-8a70-3a0941d5c718 1.385s
2025-04-17 06:32:44.097 70233 INFO tempest.lib.common.rest_client [req-2f37adf8-cc01-41f5-b62a-eb3cdf472403 req-2f37adf8-cc01-41f5-b62a-eb3cdf472403 ] Request (MigrationsAdminTest:test_list_migrations_in_flavor_resize_situation): 200 GET http://10.180.1.21/compute/v2.1/servers/56f6e706-fab6-4a88-94f1-dd371d165fce 1.463s
2025-04-17 06:32:44.133 70235 INFO tempest.lib.common.rest_client [req-a7b94cc0-fa22-4031-adc7-1c382656b1c7 req-a7b94cc0-fa22-4031-adc7-1c382656b1c7 ] Request (InstanceActionsV221TestJSON:test_get_list_deleted_instance_actions): 200 GET http://10.180.1.21/compute/v2.1/servers/84ded1d2-9a4c-4c61-b2aa-f7dc87c244f1 1.397s
2025-04-17 06:32:44.147 70223 INFO tempest.lib.common.rest_client [req-3cb16aa1-9949-4cbf-a6fb-08a33464555c req-3cb16aa1-9949-4cbf-a6fb-08a33464555c ] Request (DeleteServersAdminTestJSON:test_admin_delete_servers_of_others): 200 GET http://10.180.1.21/compute/v2.1/servers/032b4471-fcd8-402c-98a8-f72519284b48 1.374s
2025-04-17 06:32:44.183 70225 INFO tempest.lib.common.rest_client [req-44605cc7-5a4f-4f9c-ad62-1ba72d0901a7 req-44605cc7-5a4f-4f9c-ad62-1ba72d0901a7 ] Request (ServersAdminTestJSON:setUpClass): 200 GET http://10.180.1.21/compute/v2.1/servers/0fe5eaca-9df4-4352-beae-da23a386aa2a 1.274s
2025-04-17 06:32:44.209 70217 INFO tempest.lib.common.rest_client [req-e689ba05-1cae-49d3-8f7d-4d4b6dca5021 req-e689ba05-1cae-49d3-8f7d-4d4b6dca5021 ] Request (ImagesTestJSON:test_create_image_from_stopped_server): 202 POST http://10.180.1.21/compute/v2.1/servers/ec22c619-d49c-4038-9fa9-c2fae1d46564/action 1.297s
2025-04-17 06:32:44.235 70275 INFO tempest.lib.common.rest_client [req-2697cdf6-a47d-4da3-bea6-9a46bf7968d7 req-2697cdf6-a47d-4da3-bea6-9a46bf7968d7 ] Request (ServerActionsTestJSON:setUpClass): 200 GET http://10.180.1.21/compute/v2.1/servers/bbf445db-282d-4c48-a947-c412207b74ae 1.316s
2025-04-17 06:32:44.238 70247 INFO tempest.lib.common.rest_client [req-521dd86d-b051-45e5-96e9-345e4fc768f4 req-521dd86d-b051-45e5-96e9-345e4fc768f4 ] Request (FloatingIPsTestJSON:_run_cleanups): 404 DELETE http://10.180.1.21/compute/v2.1/os-floating-ips/c0124cfe-2624-419e-9020-672c365375c9 1.255s
2025-04-17 06:32:44.266 70213 INFO tempest.lib.common.rest_client [req-ef938952-f97f-448c-9ba1-cbe10305cf55 req-ef938952-f97f-448c-9ba1-cbe10305cf55 ] Request (AggregatesAdminNegativeTestJSON:test_aggregate_get_details_as_user): 200 POST http://10.180.1.21/compute/v2.1/os-aggregates 1.221s
2025-04-17 06:32:44.310 70221 INFO tempest.lib.common.rest_client [req-d0eea039-557f-45e5-ba0b-eba2191288d8 req-d0eea039-557f-45e5-ba0b-eba2191288d8 ] Request (ServersTestJSON:setUpClass): 200 GET http://10.180.1.21/compute/v2.1/servers/b9463fd0-5f03-40a6-a034-45a65ecfac47 1.242s
2025-04-17 06:32:44.319 70221 INFO tempest.common.waiters [-] State transition "BUILD/scheduling" ==> "BUILD/None" after 13 second wait
2025-04-17 06:32:44.393 70245 INFO tempest.lib.common.rest_client [req-d740b423-3b17-4eb1-99ff-fec917040c03 req-d740b423-3b17-4eb1-99ff-fec917040c03 ] Request (ServerDiagnosticsNegativeTest:tearDownClass): 200 GET http://10.180.1.21/compute/v2.1/servers/bb1e2e51-0297-43ca-b6a8-a41410e219b8 1.236s
2025-04-17 06:32:44.460 70249 INFO tempest.lib.common.rest_client [req-1ba82dfe-e5de-4289-bcfc-370feedb8635 req-1ba82dfe-e5de-4289-bcfc-370feedb8635 ] Request (ImagesNegativeTestJSON:test_create_image_from_deleted_server): 200 GET http://10.180.1.21/compute/v2.1/servers/74d236c3-e499-4b37-abc2-ad8fb5a81a4a 1.282s
2025-04-17 06:32:44.476 70239 INFO tempest.lib.common.rest_client [req-9be7a5d9-c352-4b10-a13a-86317da2c8c4 req-9be7a5d9-c352-4b10-a13a-86317da2c8c4 ] Request (VolumesAssistedSnapshotsTest:test_volume_assisted_snapshot_create_delete): 200 GET http://10.180.1.21/compute/v2.1/servers/2bf15903-2275-4635-8d3b-a85568afe49f 1.360s
2025-04-17 06:32:44.531 70243 INFO tempest.lib.common.rest_client [req-656a7548-2bfa-4deb-ab92-c4906c3770fc req-656a7548-2bfa-4deb-ab92-c4906c3770fc ] Request (ServersAdmin275Test:test_rebuild_update_server_275): 200 GET http://10.180.1.21/compute/v2.1/servers/1e74eb41-3368-47e2-a17f-2a239b873b67 1.294s
2025-04-17 06:32:44.543 70243 INFO tempest.common.waiters [-] State transition "REBUILD/rebuild_spawning" ==> "ACTIVE/None" after 9 second wait
2025-04-17 06:32:44.544 70227 INFO tempest.lib.common.rest_client [req-21068ae9-618d-4afd-b705-9c4b939b663d req-21068ae9-618d-4afd-b705-9c4b939b663d ] Request (FlavorsAdminTestJSON:test_create_server_with_non_public_flavor): 400 POST http://10.180.1.21/compute/v2.1/servers 1.243s
2025-04-17 06:32:44.570 70215 INFO tempest.lib.common.rest_client [req-1d7950fa-cafe-4049-91ef-809587cf72f2 req-1d7950fa-cafe-4049-91ef-809587cf72f2 ] Request (FlavorsAccessNegativeTestJSON:test_remove_flavor_access_not_found): 404 POST http://10.180.1.21/compute/v2.1/flavors/1057578646/action 1.285s
2025-04-17 06:32:44.712 70257 INFO tempest.lib.common.rest_client [req-f220d781-d883-42b0-a8e3-5aa74f5054e0 req-f220d781-d883-42b0-a8e3-5aa74f5054e0 ] Request (ServersWithSpecificFlavorTestJSON:test_verify_created_server_ephemeral_disk): 200 GET http://10.180.1.21/compute/v2.1/servers/770fb26d-4319-4fdb-bf04-7c7fa6ae6df1 1.265s
2025-04-17 06:32:44.884 70231 INFO tempest.lib.common.rest_client [req-6359a0af-174e-40d3-9e5d-ba5923254a99 req-6359a0af-174e-40d3-9e5d-ba5923254a99 ] Request (ServersTestManualDisk:setUpClass): 200 GET http://10.180.1.21/compute/v2.1/servers/a4a84364-3f05-4be3-9a64-e38f293f0406 1.396s
2025-04-17 06:32:44.893 70231 INFO tempest.common.waiters [-] State transition "BUILD/spawning" ==> "ACTIVE/None" after 27 second wait
2025-04-17 06:32:44.980 70263 INFO tempest.lib.common.rest_client [req-d8ceff62-f116-43a4-b534-ecacd7561371 req-d8ceff62-f116-43a4-b534-ecacd7561371 ] Request (ServerRescueTestJSONUnderV235:setUpClass): 200 GET http://10.180.1.21/compute/v2.1/servers/43e4da4f-1e2e-4f76-b788-dd6ca8493941 1.460s
2025-04-17 06:32:45.076 70253 INFO tempest.lib.common.rest_client [req-9caf9501-14f1-4c7f-acc9-62e290b334e2 req-9caf9501-14f1-4c7f-acc9-62e290b334e2 ] Request (VolumesAdminNegativeTest:test_update_attached_volume_with_nonexistent_volume_in_body): 200 GET http://10.180.1.21/compute/v2.1/servers/5842217c-1476-4585-9770-b5dd4445e453 1.474s
2025-04-17 06:32:45.148 70259 INFO tempest.lib.common.rest_client [req-7f6dd788-cc78-42fc-bb1e-7f86c1eb970c req-7f6dd788-cc78-42fc-bb1e-7f86c1eb970c ] Request (ImagesOneServerTestJSON:setUpClass): 202 POST http://10.180.1.21/compute/v2.1/servers 1.773s
2025-04-17 06:32:45.205 70269 INFO tempest.lib.common.rest_client [req-cde15e58-d003-4d8f-8be7-bda144805be9 req-cde15e58-d003-4d8f-8be7-bda144805be9 ] Request (ServersTestJSON:test_create_server_with_ipv6_addr_only): 200 GET http://10.180.1.21/compute/v2.1/servers/2349e89a-3181-440a-bcf3-58df8abe2499 1.358s
2025-04-17 06:32:45.311 70229 INFO tempest.lib.common.rest_client [req-191670c6-f36a-45e9-b31c-330699c453b0 req-191670c6-f36a-45e9-b31c-330699c453b0 ] Request (ServerDiagnosticsV248Test:test_get_server_diagnostics): 200 GET http://10.180.1.21/compute/v2.1/servers/27c1e568-4fe8-467a-b3a6-04c42ece1515 1.332s
2025-04-17 06:32:45.364 70267 INFO tempest.lib.common.rest_client [req-b206dc17-f38b-4539-b5e1-f3466d2174d1 req-b206dc17-f38b-4539-b5e1-f3466d2174d1 ] Request (ServerDiagnosticsTest:test_get_server_diagnostics): 200 GET http://10.180.1.21/compute/v2.1/servers/f7b42285-781e-4ace-a575-befaf310196f 1.418s
2025-04-17 06:32:45.557 70271 INFO tempest.lib.common.rest_client [req-21517e9b-9074-4af6-b78f-a8622d9e2e90 req-21517e9b-9074-4af6-b78f-a8622d9e2e90 ] Request (TenantUsagesTestJSON:setUpClass): 200 GET http://10.180.1.21/compute/v2.1/servers/ceabd946-b81f-47f3-8faa-1c4c858b5a9e 1.520s
2025-04-17 06:32:45.564 70271 INFO tempest.common.waiters [-] State transition "BUILD/None" ==> "BUILD/spawning" after 16 second wait
2025-04-17 06:32:45.607 70247 INFO tempest.lib.common.rest_client [req-bc9c619b-8471-4aa3-a7f8-670a79dc5c59 req-bc9c619b-8471-4aa3-a7f8-670a79dc5c59 ] Request (FloatingIPsTestJSON:tearDownClass): 200 PUT http://10.180.1.21:9696/networking/v2.0/routers/fbe31ebb-684c-455c-a679-f70d353dd320/remove_router_interface 1.362s
2025-04-17 06:32:45.616 70251 INFO tempest.lib.common.rest_client [req-9f21ad05-ffbc-46d4-bc67-28b666bf0487 req-9f21ad05-ffbc-46d4-bc67-28b666bf0487 ] Request (QuotasAdminNegativeTest:test_create_server_when_memory_quota_is_full): 403 POST http://10.180.1.21/compute/v2.1/servers 1.597s
2025-04-17 06:32:45.680 70237 INFO tempest.lib.common.rest_client [req-7f3aa747-ffe3-40ef-9e09-725a341daacc req-7f3aa747-ffe3-40ef-9e09-725a341daacc ] Request (SecurityGroupsTestJSON:test_list_security_groups_by_server): 200 GET http://10.180.1.21/compute/v2.1/servers/69bb138f-ff3e-4e52-af29-1113d378eced 1.541s
2025-04-17 06:32:45.690 70237 INFO tempest.common.waiters [-] State transition "BUILD/scheduling" ==> "BUILD/None" after 12 second wait
2025-04-17 06:32:45.751 70273 INFO tempest.lib.common.rest_client [req-56614377-f588-42e9-802e-390a1b0b07f9 req-56614377-f588-42e9-802e-390a1b0b07f9 ] Request (ServersTestBootFromVolume:setUpClass): 200 GET http://10.180.1.21/compute/v2.1/servers/33c412e2-353f-4fef-bed7-8879d0286b19 1.549s
2025-04-17 06:32:45.980 70217 INFO tempest.lib.common.rest_client [req-32e6edcb-eb8b-417b-b42a-98ca358dfa7d req-32e6edcb-eb8b-417b-b42a-98ca358dfa7d ] Request (ImagesTestJSON:test_create_image_from_stopped_server): 200 GET http://10.180.1.21/compute/v2.1/servers/ec22c619-d49c-4038-9fa9-c2fae1d46564 1.771s
2025-04-17 06:32:46.099 70247 INFO tempest.lib.common.rest_client [req-b95baab2-f782-468b-b085-83d1d0475735 req-b95baab2-f782-468b-b085-83d1d0475735 ] Request (FloatingIPsTestJSON:tearDownClass): 204 DELETE http://10.180.1.21:9696/networking/v2.0/routers/fbe31ebb-684c-455c-a679-f70d353dd320 0.492s
2025-04-17 06:32:46.184 70265 INFO tempest.lib.common.rest_client [req-564e6661-b053-4df1-ada4-593ea8640c4f req-564e6661-b053-4df1-ada4-593ea8640c4f ] Request (InstanceActionsTestJSON:test_list_instance_actions): 200 GET http://10.180.1.21/compute/v2.1/servers/a9714630-63fc-40ae-959d-d86efa039ff6 1.951s
2025-04-17 06:32:46.192 70265 INFO tempest.common.waiters [-] State transition "HARD_REBOOT/rebooting_hard" ==> "ACTIVE/None" after 3 second wait
2025-04-17 06:32:46.194 70213 INFO tempest.lib.common.rest_client [req-2ff0ac3b-b6e2-4ec3-96fb-49953327d9eb req-2ff0ac3b-b6e2-4ec3-96fb-49953327d9eb ] Request (AggregatesAdminNegativeTestJSON:test_aggregate_get_details_as_user): 403 GET http://10.180.1.21/compute/v2.1/os-aggregates/6 1.926s
2025-04-17 06:32:46.261 70219 INFO tempest.lib.common.rest_client [req-1eb9594e-6b62-43e5-a702-35e7e9883c03 req-1eb9594e-6b62-43e5-a702-35e7e9883c03 ] Request (FloatingIPsAssociationTestJSON:setUpClass): 200 GET http://10.180.1.21/compute/v2.1/servers/51f89421-5ba3-4a3c-bc62-6cd4173328ef 1.987s
2025-04-17 06:32:46.270 70247 INFO tempest.lib.common.rest_client [req-5addaf3c-ff96-4b05-87f9-f444accf3b5f req-5addaf3c-ff96-4b05-87f9-f444accf3b5f ] Request (FloatingIPsTestJSON:tearDownClass): 204 DELETE http://10.180.1.21:9696/networking/v2.0/subnets/1c3b1d21-2ba2-4bd8-aece-4fc233e0e462 0.170s
2025-04-17 06:32:46.276 70241 WARNING tempest.lib.common.ssh [-] Failed to establish authenticated ssh connection to cirros@10.180.180.211 ([Errno None] Unable to connect to port 22 on 10.180.180.211). Number attempts: 3. Retry after 4 seconds.: paramiko.ssh_exception.NoValidConnectionsError: [Errno None] Unable to connect to port 22 on 10.180.180.211
2025-04-17 06:32:46.517 70261 INFO tempest.lib.common.rest_client [req-1dd4890d-5352-463e-88f7-d0cf7a0eb21e req-1dd4890d-5352-463e-88f7-d0cf7a0eb21e ] Request (FloatingIPDetailsTestJSON:test_get_floating_ip_details): 200 POST http://10.180.1.21/compute/v2.1/os-floating-ips 2.480s
2025-04-17 06:32:46.522 70247 INFO tempest.lib.common.rest_client [req-c95accd8-b613-49c8-b58d-503e93c0604c req-c95accd8-b613-49c8-b58d-503e93c0604c ] Request (FloatingIPsTestJSON:tearDownClass): 204 DELETE http://10.180.1.21:9696/networking/v2.0/networks/66f969c2-dd4d-404c-aaff-31926ed2f124 0.251s
2025-04-17 06:32:46.540 70227 INFO tempest.lib.common.rest_client [req-fa68aa7a-1bb5-4a4c-b01a-6f70e8b6f85c req-fa68aa7a-1bb5-4a4c-b01a-6f70e8b6f85c ] Request (FlavorsAdminTestJSON:_run_cleanups): 202 DELETE http://10.180.1.21/compute/v2.1/flavors/1517707846 1.995s
2025-04-17 06:32:46.559 70215 INFO tempest.lib.common.rest_client [req-9663c234-9a04-46f7-848e-c31544de22be req-9663c234-9a04-46f7-848e-c31544de22be ] Request (FlavorsAccessNegativeTestJSON:_run_cleanups): 202 DELETE http://10.180.1.21/compute/v2.1/flavors/1057578646 1.987s
2025-04-17 06:32:46.643 70231 INFO tempest.lib.common.rest_client [req-52e519c2-9fcc-4669-98ef-2ae2ad181ea5 req-52e519c2-9fcc-4669-98ef-2ae2ad181ea5 ] Request (ServersTestManualDisk:setUpClass): 200 GET http://10.180.1.21/compute/v2.1/servers/a4a84364-3f05-4be3-9a64-e38f293f0406/os-interface 1.750s
2025-04-17 06:32:46.655 70247 INFO tempest.lib.common.rest_client [req-b3bda281-03a1-4e6b-a0f5-25c46e665548 req-b3bda281-03a1-4e6b-a0f5-25c46e665548 ] Request (FloatingIPsTestJSON:tearDownClass): 204 DELETE http://10.180.1.21/identity/v3/users/3c356e066fb34986bfa495484ee497de 0.133s
2025-04-17 06:32:46.655 70247 INFO tempest.lib.common.dynamic_creds [-] Deleting project and security group for project: e02b35385e2a40f7908c9e6750ddb8ac
2025-04-17 06:32:46.670 70243 INFO tempest.lib.common.rest_client [req-7cd53af0-adaf-4dc4-bed6-7ad0825647ea req-7cd53af0-adaf-4dc4-bed6-7ad0825647ea ] Request (ServersAdmin275Test:test_rebuild_update_server_275): 202 POST http://10.180.1.21/compute/v2.1/servers/1e74eb41-3368-47e2-a17f-2a239b873b67/action 2.127s
2025-04-17 06:32:46.684 70247 INFO tempest.lib.common.rest_client [req-94c4979b-57f3-40b4-82d0-4e4e472a23e7 req-94c4979b-57f3-40b4-82d0-4e4e472a23e7 ] Request (FloatingIPsTestJSON:tearDownClass): 200 GET http://10.180.1.21:9696/networking/v2.0/security-groups?tenant_id=e02b35385e2a40f7908c9e6750ddb8ac&name=default 0.028s
2025-04-17 06:32:46.910 70255 INFO tempest.lib.common.rest_client [req-1ced8b5f-7199-4164-bd7f-5de4254468bb req-1ced8b5f-7199-4164-bd7f-5de4254468bb ] Request (MultipleCreateTestJSON:test_multiple_create): 200 GET http://10.180.1.21/compute/v2.1/servers/06d30534-b9cb-4d8b-8a70-3a0941d5c718 1.814s
2025-04-17 06:32:46.993 70235 INFO tempest.lib.common.rest_client [req-a43b2ded-e99c-44ce-bf46-e5c9a9c27490 req-a43b2ded-e99c-44ce-bf46-e5c9a9c27490 ] Request (InstanceActionsV221TestJSON:test_get_list_deleted_instance_actions): 200 GET http://10.180.1.21/compute/v2.1/servers/84ded1d2-9a4c-4c61-b2aa-f7dc87c244f1 1.851s
2025-04-17 06:32:47.018 70233 INFO tempest.lib.common.rest_client [req-4570ccc3-ab4c-4bc4-b060-e47fc7cd55b3 req-4570ccc3-ab4c-4bc4-b060-e47fc7cd55b3 ] Request (MigrationsAdminTest:test_list_migrations_in_flavor_resize_situation): 200 GET http://10.180.1.21/compute/v2.1/servers/56f6e706-fab6-4a88-94f1-dd371d165fce 1.913s
2025-04-17 06:32:47.055 70247 INFO tempest.lib.common.rest_client [req-d09c085e-6aa1-4de3-b03f-5771e4c80689 req-d09c085e-6aa1-4de3-b03f-5771e4c80689 ] Request (FloatingIPsTestJSON:tearDownClass): 204 DELETE http://10.180.1.21:9696/networking/v2.0/security-groups/f85d3b9c-d7e8-476b-9dd8-037faa9c1826 0.371s
2025-04-17 06:32:47.074 70259 INFO tempest.lib.common.rest_client [req-a003f0b6-504c-40f8-8c3e-f07b0058ba1d req-a003f0b6-504c-40f8-8c3e-f07b0058ba1d ] Request (ImagesOneServerTestJSON:setUpClass): 200 GET http://10.180.1.21/compute/v2.1/servers/318fc7d7-ef9d-4ddc-82dd-54f715fd70aa 1.924s
2025-04-17 06:32:47.098 70223 INFO tempest.lib.common.rest_client [req-4c576375-7e1d-4434-acc8-bc06d1b3763e req-4c576375-7e1d-4434-acc8-bc06d1b3763e ] Request (DeleteServersAdminTestJSON:test_admin_delete_servers_of_others): 200 GET http://10.180.1.21/compute/v2.1/servers/032b4471-fcd8-402c-98a8-f72519284b48 1.939s
2025-04-17 06:32:47.131 70225 INFO tempest.lib.common.rest_client [req-c1bcec9c-5910-47bc-8598-ddafd69a47cc req-c1bcec9c-5910-47bc-8598-ddafd69a47cc ] Request (ServersAdminTestJSON:setUpClass): 200 GET http://10.180.1.21/compute/v2.1/servers/0fe5eaca-9df4-4352-beae-da23a386aa2a 1.939s
2025-04-17 06:32:47.160 70275 INFO tempest.lib.common.rest_client [req-d9928f59-f823-46f2-a8f9-f9b175aed88e req-d9928f59-f823-46f2-a8f9-f9b175aed88e ] Request (ServerActionsTestJSON:setUpClass): 200 GET http://10.180.1.21/compute/v2.1/servers/bbf445db-282d-4c48-a947-c412207b74ae 1.911s
2025-04-17 06:32:47.196 70247 INFO tempest.lib.common.rest_client [req-8cc988f6-b16c-41b3-ba58-fc17e6c556c0 req-8cc988f6-b16c-41b3-ba58-fc17e6c556c0 ] Request (FloatingIPsTestJSON:tearDownClass): 204 DELETE http://10.180.1.21/identity/v3/projects/e02b35385e2a40f7908c9e6750ddb8ac 0.140s
2025-04-17 06:32:47.196 70221 INFO tempest.lib.common.rest_client [req-22a54cd6-2bed-4a8c-abf8-6fdc014c2c87 req-22a54cd6-2bed-4a8c-abf8-6fdc014c2c87 ] Request (ServersTestJSON:setUpClass): 200 GET http://10.180.1.21/compute/v2.1/servers/b9463fd0-5f03-40a6-a034-45a65ecfac47 1.876s
2025-04-17 06:32:47.225 70245 INFO tempest.lib.common.rest_client [req-3768122d-278b-4969-9bb4-d07dce895e44 req-3768122d-278b-4969-9bb4-d07dce895e44 ] Request (ServerDiagnosticsNegativeTest:tearDownClass): 200 GET http://10.180.1.21/compute/v2.1/servers/bb1e2e51-0297-43ca-b6a8-a41410e219b8 1.818s
2025-04-17 06:32:47.252 70247 INFO tempest.lib.common.rest_client [req-4944ab57-806e-4343-a476-370bfc2561d2 req-4944ab57-806e-4343-a476-370bfc2561d2 ] Request (ServerAddressesTestJSON:setUpClass): 201 POST http://10.180.1.21/identity/v3/auth/tokens 0.054s
2025-04-17 06:32:47.266 70249 INFO tempest.lib.common.rest_client [req-3335ad2b-0f4c-4fd7-9d9f-a39d7a7cf2df req-3335ad2b-0f4c-4fd7-9d9f-a39d7a7cf2df ] Request (ImagesNegativeTestJSON:test_create_image_from_deleted_server): 200 GET http://10.180.1.21/compute/v2.1/servers/74d236c3-e499-4b37-abc2-ad8fb5a81a4a 1.797s
2025-04-17 06:32:47.287 70247 INFO tempest.lib.common.rest_client [req-9585de10-2c84-425f-b43c-78524b0514e0 req-9585de10-2c84-425f-b43c-78524b0514e0 ] Request (ServerAddressesTestJSON:setUpClass): 201 POST http://10.180.1.21/identity/v3/auth/tokens 0.033s
2025-04-17 06:32:47.310 70247 INFO tempest.lib.common.rest_client [req-b9ac2dfd-8d0f-4f39-a41f-bcc23ae05239 req-b9ac2dfd-8d0f-4f39-a41f-bcc23ae05239 ] Request (ServerAddressesTestJSON:setUpClass): 200 GET http://10.180.1.21/identity/v3/domains?name=Default 0.022s
2025-04-17 06:32:47.322 70239 INFO tempest.lib.common.rest_client [req-436d05cf-cc55-4902-a20f-a52723f6c8d0 req-436d05cf-cc55-4902-a20f-a52723f6c8d0 ] Request (VolumesAssistedSnapshotsTest:test_volume_assisted_snapshot_create_delete): 200 GET http://10.180.1.21/compute/v2.1/servers/2bf15903-2275-4635-8d3b-a85568afe49f 1.836s
2025-04-17 06:32:47.342 70247 INFO tempest.lib.common.rest_client [req-21736a16-b167-4961-a6a0-2232f3eaf8a0 req-21736a16-b167-4961-a6a0-2232f3eaf8a0 ] Request (ServerAddressesTestJSON:setUpClass): 201 POST http://10.180.1.21/identity/v3/projects 0.031s
2025-04-17 06:32:47.398 70247 INFO tempest.lib.common.rest_client [req-beaacc7d-c714-48b3-ac70-dcd4a583d6b8 req-beaacc7d-c714-48b3-ac70-dcd4a583d6b8 ] Request (ServerAddressesTestJSON:setUpClass): 201 POST http://10.180.1.21/identity/v3/users 0.055s
2025-04-17 06:32:47.428 70247 INFO tempest.lib.common.rest_client [req-0ed1d735-0e47-44da-bd61-4fbb7e70968d req-0ed1d735-0e47-44da-bd61-4fbb7e70968d ] Request (ServerAddressesTestJSON:setUpClass): 200 GET http://10.180.1.21/identity/v3/roles 0.029s
2025-04-17 06:32:47.452 70251 INFO tempest.lib.common.rest_client [req-00919d34-2054-413b-af76-d247e026ff42 req-00919d34-2054-413b-af76-d247e026ff42 ] Request (QuotasAdminNegativeTest:_run_cleanups): 200 PUT http://10.180.1.21/compute/v2.1/os-quota-sets/5aed4868d8dc4927a70ee75c408c7cae 1.836s
2025-04-17 06:32:47.463 70247 INFO tempest.lib.common.rest_client [req-c4bde558-6063-40a2-8d12-dca67b9ca14d req-c4bde558-6063-40a2-8d12-dca67b9ca14d ] Request (ServerAddressesTestJSON:setUpClass): 204 PUT http://10.180.1.21/identity/v3/projects/288f7a170e4b4244aef43e347e6ed658/users/3790b1475e0044f7bcad0db757b9dc21/roles/07abacaef8804f1eb4496b0884cb5c67 0.035s
2025-04-17 06:32:47.463 70247 INFO tempest.lib.common.dynamic_creds [-] Dynamic test user 3790b1475e0044f7bcad0db757b9dc21 is created with scope project and roles: ['member']
2025-04-17 06:32:47.463 70247 INFO tempest.lib.common.dynamic_creds [-] Acquired dynamic creds: credentials: Credentials: {'domain_id': 'default', 'domain_name': 'Default', 'username': 'tempest-ServerAddressesTestJSON-509664914-project-member', 'project_domain_id': 'default', 'project_domain_name': 'Default', 'project_id': '288f7a170e4b4244aef43e347e6ed658', 'project_name': 'tempest-ServerAddressesTestJSON-509664914', 'tenant_id': '288f7a170e4b4244aef43e347e6ed658', 'tenant_name': 'tempest-ServerAddressesTestJSON-509664914', 'user_domain_id': 'default', 'user_domain_name': 'Default', 'user_id': '3790b1475e0044f7bcad0db757b9dc21', 'system': None}, Network: None, Subnet: None, Router: None
2025-04-17 06:32:47.476 70257 INFO tempest.lib.common.rest_client [req-f281420b-226d-4965-8ba5-fe6588840ddb req-f281420b-226d-4965-8ba5-fe6588840ddb ] Request (ServersWithSpecificFlavorTestJSON:test_verify_created_server_ephemeral_disk): 200 GET http://10.180.1.21/compute/v2.1/servers/770fb26d-4319-4fdb-bf04-7c7fa6ae6df1 1.749s
2025-04-17 06:32:47.524 70263 INFO tempest.lib.common.rest_client [req-e833b108-c52f-4f08-a649-e1b08c18e8db req-e833b108-c52f-4f08-a649-e1b08c18e8db ] Request (ServerRescueTestJSONUnderV235:setUpClass): 200 GET http://10.180.1.21/compute/v2.1/servers/43e4da4f-1e2e-4f76-b788-dd6ca8493941 1.524s
2025-04-17 06:32:47.537 70253 INFO tempest.lib.common.rest_client [req-11cd4f7c-4725-45b3-9db3-0041d352ab1a req-11cd4f7c-4725-45b3-9db3-0041d352ab1a ] Request (VolumesAdminNegativeTest:test_update_attached_volume_with_nonexistent_volume_in_body): 200 GET http://10.180.1.21/compute/v2.1/servers/5842217c-1476-4585-9770-b5dd4445e453 1.453s
2025-04-17 06:32:47.537 70247 INFO tempest.lib.common.rest_client [req-913ef6fb-a8ec-4f65-8ce8-77121f16f12d req-913ef6fb-a8ec-4f65-8ce8-77121f16f12d ] Request (ServerAddressesTestJSON:setUpClass): 201 POST http://10.180.1.21/identity/v3/auth/tokens 0.074s
2025-04-17 06:32:47.563 70213 INFO tempest.lib.common.rest_client [req-e25c080e-cf93-455b-b47f-f1b713ad616e req-e25c080e-cf93-455b-b47f-f1b713ad616e ] Request (AggregatesAdminNegativeTestJSON:_run_cleanups): 200 DELETE http://10.180.1.21/compute/v2.1/os-aggregates/6 1.365s
2025-04-17 06:32:47.572 70265 INFO tempest.lib.common.rest_client [req-e2c10870-c0c7-4980-99c0-9da9a85ad68c req-e2c10870-c0c7-4980-99c0-9da9a85ad68c ] Request (InstanceActionsTestJSON:test_list_instance_actions): 200 GET http://10.180.1.21/compute/v2.1/servers/a9714630-63fc-40ae-959d-d86efa039ff6/os-instance-actions 1.379s
2025-04-17 06:32:47.573 70231 INFO tempest.lib.common.rest_client [req-0692e7f2-09f6-4b17-a915-7a2ffaec61e4 req-0692e7f2-09f6-4b17-a915-7a2ffaec61e4 ] Request (ServersTestManualDisk:setUpClass): 200 PUT http://10.180.1.21:9696/networking/v2.0/floatingips/2afb2446-f660-4802-a753-03fa37f04df3 0.927s
2025-04-17 06:32:47.657 70269 INFO tempest.lib.common.rest_client [req-f3944462-0e1c-4bb9-b35e-bf4101415387 req-f3944462-0e1c-4bb9-b35e-bf4101415387 ] Request (ServersTestJSON:test_create_server_with_ipv6_addr_only): 200 GET http://10.180.1.21/compute/v2.1/servers/2349e89a-3181-440a-bcf3-58df8abe2499 1.439s
2025-04-17 06:32:47.663 70229 INFO tempest.lib.common.rest_client [req-832c7779-22b7-45b8-8b5b-7263d093a36f req-832c7779-22b7-45b8-8b5b-7263d093a36f ] Request (ServerDiagnosticsV248Test:test_get_server_diagnostics): 200 GET http://10.180.1.21/compute/v2.1/servers/27c1e568-4fe8-467a-b3a6-04c42ece1515 1.340s
2025-04-17 06:32:47.818 70261 INFO tempest.lib.common.rest_client [req-5d7ddb68-e540-4854-b601-0abb9cdc08d7 req-5d7ddb68-e540-4854-b601-0abb9cdc08d7 ] Request (FloatingIPDetailsTestJSON:test_get_floating_ip_details): 200 GET http://10.180.1.21/compute/v2.1/os-floating-ips/09403188-e2ed-4e58-9cb5-f5ec8e234c26 1.299s
2025-04-17 06:32:47.834 70267 INFO tempest.lib.common.rest_client [req-f0277476-70bf-4892-9b8e-c486ea6f0af0 req-f0277476-70bf-4892-9b8e-c486ea6f0af0 ] Request (ServerDiagnosticsTest:test_get_server_diagnostics): 200 GET http://10.180.1.21/compute/v2.1/servers/f7b42285-781e-4ace-a575-befaf310196f 1.460s
2025-04-17 06:32:47.846 70267 INFO tempest.common.waiters [-] State transition "BUILD/spawning" ==> "ACTIVE/None" after 24 second wait
2025-04-17 06:32:47.855 70227 INFO tempest.lib.common.rest_client [req-7192f1e4-c4f8-47db-a7a3-20f28a5ac92b req-7192f1e4-c4f8-47db-a7a3-20f28a5ac92b ] Request (FlavorsAdminTestJSON:_run_cleanups): 200 GET http://10.180.1.21/compute/v2.1/flavors/detail 1.315s
2025-04-17 06:32:47.859 70215 INFO tempest.lib.common.rest_client [req-5fa81fb5-2109-4d9d-8d4b-2e27f2bd8a83 req-5fa81fb5-2109-4d9d-8d4b-2e27f2bd8a83 ] Request (FlavorsAccessNegativeTestJSON:_run_cleanups): 200 GET http://10.180.1.21/compute/v2.1/flavors/detail 1.300s
2025-04-17 06:32:47.928 70247 INFO tempest.lib.common.rest_client [req-09f905f3-a614-4b78-8fbb-4f27f7a0bb42 req-09f905f3-a614-4b78-8fbb-4f27f7a0bb42 ] Request (ServerAddressesTestJSON:setUpClass): 201 POST http://10.180.1.21:9696/networking/v2.0/networks 0.388s
2025-04-17 06:32:47.958 70243 INFO tempest.lib.common.rest_client [req-bf5a6da6-b75a-4b95-8908-b638538b0fb7 req-bf5a6da6-b75a-4b95-8908-b638538b0fb7 ] Request (ServersAdmin275Test:_run_cleanups): 200 GET http://10.180.1.21/compute/v2.1/servers/1e74eb41-3368-47e2-a17f-2a239b873b67 1.277s
2025-04-17 06:32:47.970 70215 INFO tempest.lib.common.rest_client [req-f847b769-067a-4f05-a5b8-baa26b42fea3 req-f847b769-067a-4f05-a5b8-baa26b42fea3 ] Request (FlavorsAccessNegativeTestJSON:tearDownClass): 204 DELETE http://10.180.1.21/identity/v3/users/6fa55ffcad604dfebe5a5fcf9f93ce2f 0.100s
2025-04-17 06:32:47.979 70271 INFO tempest.lib.common.rest_client [req-95607860-3be2-4241-89f9-8b82e5fef196 req-95607860-3be2-4241-89f9-8b82e5fef196 ] Request (TenantUsagesTestJSON:setUpClass): 200 GET http://10.180.1.21/compute/v2.1/servers/ceabd946-b81f-47f3-8faa-1c4c858b5a9e 1.414s
2025-04-17 06:32:48.037 70237 INFO tempest.lib.common.rest_client [req-9f9f803e-550b-4705-93f3-9c863e72b3c4 req-9f9f803e-550b-4705-93f3-9c863e72b3c4 ] Request (SecurityGroupsTestJSON:test_list_security_groups_by_server): 200 GET http://10.180.1.21/compute/v2.1/servers/69bb138f-ff3e-4e52-af29-1113d378eced 1.346s
2025-04-17 06:32:48.126 70215 INFO tempest.lib.common.rest_client [req-58b42f26-7896-4f54-99bb-fe342bffcde5 req-58b42f26-7896-4f54-99bb-fe342bffcde5 ] Request (FlavorsAccessNegativeTestJSON:tearDownClass): 204 DELETE http://10.180.1.21/identity/v3/users/c292cd3cc92a4cafba08040e8189da9b 0.155s
2025-04-17 06:32:48.151 70273 INFO tempest.lib.common.rest_client [req-d629151c-32a0-4619-bb07-b8c46f1c4a71 req-d629151c-32a0-4619-bb07-b8c46f1c4a71 ] Request (ServersTestBootFromVolume:setUpClass): 200 GET http://10.180.1.21/compute/v2.1/servers/33c412e2-353f-4fef-bed7-8879d0286b19 1.385s
2025-04-17 06:32:48.162 70273 INFO tempest.common.waiters [-] State transition "BUILD/None" ==> "BUILD/block_device_mapping" after 19 second wait
2025-04-17 06:32:48.186 70247 INFO tempest.lib.common.rest_client [req-b8ad77bc-4039-4424-bb47-f9ae8ee96961 req-b8ad77bc-4039-4424-bb47-f9ae8ee96961 ] Request (ServerAddressesTestJSON:setUpClass): 201 POST http://10.180.1.21:9696/networking/v2.0/subnets 0.258s
2025-04-17 06:32:48.208 70217 INFO tempest.lib.common.rest_client [req-d5d9ba4d-d425-45b5-acdb-ce24f162eb70 req-d5d9ba4d-d425-45b5-acdb-ce24f162eb70 ] Request (ImagesTestJSON:test_create_image_from_stopped_server): 200 GET http://10.180.1.21/compute/v2.1/servers/ec22c619-d49c-4038-9fa9-c2fae1d46564 1.216s
2025-04-17 06:32:48.216 70251 INFO tempest.lib.common.rest_client [req-471141d5-5a74-4f64-bcfd-b5d5ab4c5f3f req-471141d5-5a74-4f64-bcfd-b5d5ab4c5f3f ] Request (QuotasAdminNegativeTest:test_update_quota_normal_user): 403 PUT http://10.180.1.21/compute/v2.1/os-quota-sets/5aed4868d8dc4927a70ee75c408c7cae 0.758s
2025-04-17 06:32:48.216 70217 INFO tempest.common.waiters [-] State transition "ACTIVE/powering-off" ==> "SHUTOFF/None" after 3 second wait
2025-04-17 06:32:48.231 70213 INFO tempest.lib.common.rest_client [req-b0dcdadd-fb2f-4a93-9f07-1c6c3d728dfa req-b0dcdadd-fb2f-4a93-9f07-1c6c3d728dfa ] Request (AggregatesAdminNegativeTestJSON:test_aggregate_get_details_with_invalid_id): 404 GET http://10.180.1.21/compute/v2.1/os-aggregates/-1 0.667s
2025-04-17 06:32:48.231 70219 INFO tempest.lib.common.rest_client [req-b9e0f8b0-4201-404c-a7e5-cf6eea65aee8 req-b9e0f8b0-4201-404c-a7e5-cf6eea65aee8 ] Request (FloatingIPsAssociationTestJSON:setUpClass): 200 GET http://10.180.1.21/compute/v2.1/servers/51f89421-5ba3-4a3c-bc62-6cd4173328ef 0.960s
2025-04-17 06:32:48.249 70215 INFO tempest.lib.common.rest_client [req-5238fc36-f4cd-4496-8da8-5ba34ee88559 req-5238fc36-f4cd-4496-8da8-5ba34ee88559 ] Request (FlavorsAccessNegativeTestJSON:tearDownClass): 204 DELETE http://10.180.1.21/identity/v3/users/5c71a89a16d24b8ca4b2411cdda6c9de 0.123s
2025-04-17 06:32:48.249 70215 INFO tempest.lib.common.dynamic_creds [-] Deleting project and security group for project: 4b687f238da04a9ba18263b7d09c31ad
2025-04-17 06:32:48.306 70215 INFO tempest.lib.common.rest_client [req-3bac7b96-8d19-443a-879e-a5d6b22e442a req-3bac7b96-8d19-443a-879e-a5d6b22e442a ] Request (FlavorsAccessNegativeTestJSON:tearDownClass): 201 POST http://10.180.1.21/identity/v3/auth/tokens 0.056s
2025-04-17 06:32:48.314 70265 INFO tempest.lib.common.rest_client [req-595e621d-e03f-4fed-ae9f-f66291f8617b req-595e621d-e03f-4fed-ae9f-f66291f8617b ] Request (InstanceActionsTestJSON:tearDownClass): 204 DELETE http://10.180.1.21/compute/v2.1/servers/a9714630-63fc-40ae-959d-d86efa039ff6 0.734s
2025-04-17 06:32:48.319 70251 INFO tempest.lib.common.rest_client [req-8d0df13d-0098-40f7-bbf2-2503ba79e91b req-8d0df13d-0098-40f7-bbf2-2503ba79e91b ] Request (QuotasAdminNegativeTest:tearDownClass): 204 DELETE http://10.180.1.21/identity/v3/users/5ec97e354478492d8169a41c95a35a60 0.102s
2025-04-17 06:32:48.411 70251 INFO tempest.lib.common.rest_client [req-1339cae5-41d1-4cd0-8e55-8d3dccbc03e6 req-1339cae5-41d1-4cd0-8e55-8d3dccbc03e6 ] Request (QuotasAdminNegativeTest:tearDownClass): 204 DELETE http://10.180.1.21/identity/v3/users/a12deb561c54431b8bbd865aea9e426c 0.091s
2025-04-17 06:32:48.412 70251 INFO tempest.lib.common.dynamic_creds [-] Deleting project and security group for project: 5aed4868d8dc4927a70ee75c408c7cae
2025-04-17 06:32:48.468 70251 INFO tempest.lib.common.rest_client [req-fb2001f5-76c7-4f5f-94f4-eaff92bf1ee3 req-fb2001f5-76c7-4f5f-94f4-eaff92bf1ee3 ] Request (QuotasAdminNegativeTest:tearDownClass): 201 POST http://10.180.1.21/identity/v3/auth/tokens 0.056s
2025-04-17 06:32:48.490 70215 INFO tempest.lib.common.rest_client [req-0c491360-880b-469a-b6e2-9806fa8e0543 req-0c491360-880b-469a-b6e2-9806fa8e0543 ] Request (FlavorsAccessNegativeTestJSON:tearDownClass): 200 GET http://10.180.1.21:9696/networking/v2.0/security-groups?tenant_id=4b687f238da04a9ba18263b7d09c31ad&name=default 0.183s
2025-04-17 06:32:48.495 70231 INFO tempest.lib.common.rest_client [req-cb17d99e-6f3a-48c5-afbc-2e9b26bbc3a9 req-cb17d99e-6f3a-48c5-afbc-2e9b26bbc3a9 ] Request (ServersTestManualDisk:setUpClass): 200 GET http://10.180.1.21/compute/v2.1/servers/a4a84364-3f05-4be3-9a64-e38f293f0406 0.922s
2025-04-17 06:32:48.507 70231 INFO tempest.lib.common.ssh [-] Creating ssh connection to '10.180.180.237:22' as 'cirros' with public key authentication
2025-04-17 06:32:48.600 70215 INFO tempest.lib.common.rest_client [req-512fcba3-870f-41a4-b38c-bd27e6cb361c req-512fcba3-870f-41a4-b38c-bd27e6cb361c ] Request (FlavorsAccessNegativeTestJSON:tearDownClass): 204 DELETE http://10.180.1.21:9696/networking/v2.0/security-groups/a22ea640-7bfe-4573-b502-14f1e2b4983e 0.110s
2025-04-17 06:32:48.659 70251 INFO tempest.lib.common.rest_client [req-a6cb968c-cd12-4639-9272-8c23384a2e05 req-a6cb968c-cd12-4639-9272-8c23384a2e05 ] Request (QuotasAdminNegativeTest:tearDownClass): 200 GET http://10.180.1.21:9696/networking/v2.0/security-groups?tenant_id=5aed4868d8dc4927a70ee75c408c7cae&name=default 0.191s
2025-04-17 06:32:48.677 70215 INFO tempest.lib.common.rest_client [req-bef82d06-89e5-4da2-9bec-e3e38fab427b req-bef82d06-89e5-4da2-9bec-e3e38fab427b ] Request (FlavorsAccessNegativeTestJSON:tearDownClass): 204 DELETE http://10.180.1.21/identity/v3/projects/4b687f238da04a9ba18263b7d09c31ad 0.076s
2025-04-17 06:32:48.678 70215 INFO tempest.lib.common.dynamic_creds [-] Deleting project and security group for project: d12ea00224864567af3d8d8aefbf4661
2025-04-17 06:32:48.774 70251 INFO tempest.lib.common.rest_client [req-569dd218-0b20-4d21-833e-74080bd5bf04 req-569dd218-0b20-4d21-833e-74080bd5bf04 ] Request (QuotasAdminNegativeTest:tearDownClass): 204 DELETE http://10.180.1.21:9696/networking/v2.0/security-groups/eb36e714-e15b-4f60-a5a0-762e642a3d8d 0.114s
2025-04-17 06:32:48.828 70215 INFO tempest.lib.common.rest_client [req-06a3e226-7429-49d7-a1d3-d5f7243d20fa req-06a3e226-7429-49d7-a1d3-d5f7243d20fa ] Request (FlavorsAccessNegativeTestJSON:tearDownClass): 200 GET http://10.180.1.21:9696/networking/v2.0/security-groups?tenant_id=d12ea00224864567af3d8d8aefbf4661&name=default 0.150s
2025-04-17 06:32:48.852 70261 INFO tempest.lib.common.rest_client [req-7ff65d6b-f9fd-482f-9da7-3257ed4765b6 req-7ff65d6b-f9fd-482f-9da7-3257ed4765b6 ] Request (FloatingIPDetailsTestJSON:_run_cleanups): 202 DELETE http://10.180.1.21/compute/v2.1/os-floating-ips/09403188-e2ed-4e58-9cb5-f5ec8e234c26 1.032s
2025-04-17 06:32:48.875 70227 INFO tempest.lib.common.rest_client [req-7d0f1f38-8d00-44c5-b544-728dc2bdee17 req-7d0f1f38-8d00-44c5-b544-728dc2bdee17 ] Request (FlavorsAdminTestJSON:test_is_public_string_variations): 200 POST http://10.180.1.21/compute/v2.1/flavors 1.013s
2025-04-17 06:32:48.891 70251 INFO tempest.lib.common.rest_client [req-58a02739-d59d-4634-9c3c-dc70d5f18b0a req-58a02739-d59d-4634-9c3c-dc70d5f18b0a ] Request (QuotasAdminNegativeTest:tearDownClass): 204 DELETE http://10.180.1.21/identity/v3/projects/5aed4868d8dc4927a70ee75c408c7cae 0.117s
2025-04-17 06:32:48.891 70251 INFO tempest.lib.common.dynamic_creds [-] Deleting project and security group for project: fea8f3c7ffa147bfa1493e5ff64cfe0b
2025-04-17 06:32:48.906 70215 INFO tempest.lib.common.rest_client [req-e6b24c57-1391-4a51-a741-04e449c0cb24 req-e6b24c57-1391-4a51-a741-04e449c0cb24 ] Request (FlavorsAccessNegativeTestJSON:tearDownClass): 204 DELETE http://10.180.1.21:9696/networking/v2.0/security-groups/b8c6d1c2-0546-4e50-ae46-038bf61f7df9 0.078s
2025-04-17 06:32:48.950 70255 INFO tempest.lib.common.rest_client [req-bf0cc180-b8f8-4632-9602-ed56344b552c req-bf0cc180-b8f8-4632-9602-ed56344b552c ] Request (MultipleCreateTestJSON:test_multiple_create): 200 GET http://10.180.1.21/compute/v2.1/servers/06d30534-b9cb-4d8b-8a70-3a0941d5c718 1.024s
2025-04-17 06:32:48.958 70255 INFO tempest.common.waiters [-] State transition "BUILD/None" ==> "BUILD/networking" after 14 second wait
2025-04-17 06:32:48.998 70251 INFO tempest.lib.common.rest_client [req-c471801e-574c-49b0-b13e-616c01fa8537 req-c471801e-574c-49b0-b13e-616c01fa8537 ] Request (QuotasAdminNegativeTest:tearDownClass): 200 GET http://10.180.1.21:9696/networking/v2.0/security-groups?tenant_id=fea8f3c7ffa147bfa1493e5ff64cfe0b&name=default 0.107s
2025-04-17 06:32:49.023 70215 INFO tempest.lib.common.rest_client [req-0cd2216a-9702-4afb-9ca6-daeac829aae6 req-0cd2216a-9702-4afb-9ca6-daeac829aae6 ] Request (FlavorsAccessNegativeTestJSON:tearDownClass): 204 DELETE http://10.180.1.21/identity/v3/projects/d12ea00224864567af3d8d8aefbf4661 0.116s
2025-04-17 06:32:49.023 70215 INFO tempest.lib.common.dynamic_creds [-] Deleting project and security group for project: f838da99c54944608fed67bb5b3251c8
2025-04-17 06:32:49.027 70235 INFO tempest.lib.common.rest_client [req-779a6cd8-ce91-45a1-bbc3-0c0f8e573f79 req-779a6cd8-ce91-45a1-bbc3-0c0f8e573f79 ] Request (InstanceActionsV221TestJSON:test_get_list_deleted_instance_actions): 200 GET http://10.180.1.21/compute/v2.1/servers/84ded1d2-9a4c-4c61-b2aa-f7dc87c244f1 1.023s
2025-04-17 06:32:49.035 70235 INFO tempest.common.waiters [-] State transition "BUILD/scheduling" ==> "BUILD/None" after 15 second wait
2025-04-17 06:32:49.104 70251 INFO tempest.lib.common.rest_client [req-14960083-0929-4bcb-951a-875e48ddb404 req-14960083-0929-4bcb-951a-875e48ddb404 ] Request (QuotasAdminNegativeTest:tearDownClass): 204 DELETE http://10.180.1.21:9696/networking/v2.0/security-groups/b246e694-6d21-4d62-a2ee-d8e32dbbf02b 0.105s
2025-04-17 06:32:49.160 70267 INFO tempest.lib.common.rest_client [req-b5b5da58-8174-4e96-9d17-9f0fe1740b84 req-b5b5da58-8174-4e96-9d17-9f0fe1740b84 ] Request (ServerDiagnosticsTest:test_get_server_diagnostics): 200 GET http://10.180.1.21/compute/v2.1/servers/f7b42285-781e-4ace-a575-befaf310196f/diagnostics 1.313s
2025-04-17 06:32:49.194 70215 INFO tempest.lib.common.rest_client [req-82dc00cb-6357-4407-a0c1-9df641ae3a8b req-82dc00cb-6357-4407-a0c1-9df641ae3a8b ] Request (FlavorsAccessNegativeTestJSON:tearDownClass): 200 GET http://10.180.1.21:9696/networking/v2.0/security-groups?tenant_id=f838da99c54944608fed67bb5b3251c8&name=default 0.170s
2025-04-17 06:32:49.198 70233 INFO tempest.lib.common.rest_client [req-6cde1a80-8c21-4684-9820-0edf04a7880d req-6cde1a80-8c21-4684-9820-0edf04a7880d ] Request (MigrationsAdminTest:test_list_migrations_in_flavor_resize_situation): 200 GET http://10.180.1.21/compute/v2.1/servers/56f6e706-fab6-4a88-94f1-dd371d165fce 1.171s
2025-04-17 06:32:49.251 70251 INFO tempest.lib.common.rest_client [req-61b65772-fb31-476f-b789-825dc4f304f9 req-61b65772-fb31-476f-b789-825dc4f304f9 ] Request (QuotasAdminNegativeTest:tearDownClass): 204 DELETE http://10.180.1.21/identity/v3/projects/fea8f3c7ffa147bfa1493e5ff64cfe0b 0.147s
2025-04-17 06:32:49.267 70259 INFO tempest.lib.common.rest_client [req-2ecbfd2f-32b9-4c3b-a331-c60681ea0723 req-2ecbfd2f-32b9-4c3b-a331-c60681ea0723 ] Request (ImagesOneServerTestJSON:setUpClass): 200 GET http://10.180.1.21/compute/v2.1/servers/318fc7d7-ef9d-4ddc-82dd-54f715fd70aa 1.185s
2025-04-17 06:32:49.307 70223 INFO tempest.lib.common.rest_client [req-f190d79d-f765-4abd-b462-ef6ec3ef20eb req-f190d79d-f765-4abd-b462-ef6ec3ef20eb ] Request (DeleteServersAdminTestJSON:test_admin_delete_servers_of_others): 200 GET http://10.180.1.21/compute/v2.1/servers/032b4471-fcd8-402c-98a8-f72519284b48 1.200s
2025-04-17 06:32:49.316 70251 INFO tempest.lib.common.rest_client [req-585e5efc-099d-473f-bee2-b6a6fb16756d req-585e5efc-099d-473f-bee2-b6a6fb16756d ] Request (SecurityGroupsTestAdminJSON:setUpClass): 201 POST http://10.180.1.21/identity/v3/auth/tokens 0.063s
2025-04-17 06:32:49.350 70251 INFO tempest.lib.common.rest_client [req-88afd005-924d-42fb-a6c4-79c4337a3112 req-88afd005-924d-42fb-a6c4-79c4337a3112 ] Request (SecurityGroupsTestAdminJSON:setUpClass): 201 POST http://10.180.1.21/identity/v3/auth/tokens 0.031s
2025-04-17 06:32:49.351 70225 INFO tempest.lib.common.rest_client [req-fcfc4363-cce5-4fee-8054-fd4006f9d166 req-fcfc4363-cce5-4fee-8054-fd4006f9d166 ] Request (ServersAdminTestJSON:setUpClass): 200 GET http://10.180.1.21/compute/v2.1/servers/0fe5eaca-9df4-4352-beae-da23a386aa2a 1.211s
2025-04-17 06:32:49.380 70275 INFO tempest.lib.common.rest_client [req-19540666-77b7-4b38-b010-f9bf69af35f7 req-19540666-77b7-4b38-b010-f9bf69af35f7 ] Request (ServerActionsTestJSON:setUpClass): 200 GET http://10.180.1.21/compute/v2.1/servers/bbf445db-282d-4c48-a947-c412207b74ae 1.209s
2025-04-17 06:32:49.381 70251 INFO tempest.lib.common.rest_client [req-2ddd34cc-c8d4-42fa-bdeb-73bc226771f1 req-2ddd34cc-c8d4-42fa-bdeb-73bc226771f1 ] Request (SecurityGroupsTestAdminJSON:setUpClass): 200 GET http://10.180.1.21/identity/v3/domains?name=Default 0.031s
2025-04-17 06:32:49.407 70215 INFO tempest.lib.common.rest_client [req-713b2f7a-e9f4-4a5f-8d4f-cddcafad9d7b req-713b2f7a-e9f4-4a5f-8d4f-cddcafad9d7b ] Request (FlavorsAccessNegativeTestJSON:tearDownClass): 204 DELETE http://10.180.1.21:9696/networking/v2.0/security-groups/97879335-d258-4299-a736-122756b3dba3 0.212s
2025-04-17 06:32:49.413 70221 INFO tempest.lib.common.rest_client [req-3e6b3fa3-4ebe-43d4-890b-9c77af909217 req-3e6b3fa3-4ebe-43d4-890b-9c77af909217 ] Request (ServersTestJSON:setUpClass): 200 GET http://10.180.1.21/compute/v2.1/servers/b9463fd0-5f03-40a6-a034-45a65ecfac47 1.207s
2025-04-17 06:32:49.423 70251 INFO tempest.lib.common.rest_client [req-15c35f87-5a2c-459f-9c08-7c8fc0c915e9 req-15c35f87-5a2c-459f-9c08-7c8fc0c915e9 ] Request (SecurityGroupsTestAdminJSON:setUpClass): 201 POST http://10.180.1.21/identity/v3/projects 0.041s
2025-04-17 06:32:49.426 70213 INFO tempest.lib.common.rest_client [req-9d933aac-7c46-494b-a4a1-3cf7736c826d req-9d933aac-7c46-494b-a4a1-3cf7736c826d ] Request (AggregatesAdminNegativeTestJSON:test_aggregate_list_as_user): 403 GET http://10.180.1.21/compute/v2.1/os-aggregates 1.193s
