2025-04-17 14:42:14.655 70836 INFO tempest.lib.common.rest_client [req-ee116e80-a59f-416f-9ac0-d07b362bdc5f req-ee116e80-a59f-416f-9ac0-d07b362bdc5f ] Request (ServerShowV257Test:test_rebuild_server): 200 GET http://10.180.1.21/compute/v2.1/servers/638038d2-367a-4b34-96fa-9117c427a22d 0.511s
2025-04-17 14:42:14.664 70836 INFO tempest.common.waiters [-] State transition "BUILD/spawning" ==> "ACTIVE/None" after 87 second wait
2025-04-17 14:42:14.693 70854 INFO tempest.lib.common.rest_client [req-929e7670-414a-433f-9eee-f94b79364660 req-929e7670-414a-433f-9eee-f94b79364660 ] Request (ListImageFiltersTestJSON:setUpClass): 200 GET http://10.180.1.21/compute/v2.1/images/a58041a0-6d0c-4611-920f-5a112c0b9cea 0.480s
2025-04-17 14:42:14.748 70833 INFO tempest.lib.common.rest_client [req-571a4e35-6af3-43e4-88b0-f9252156cbad req-571a4e35-6af3-43e4-88b0-f9252156cbad ] Request (ImagesOneServerNegativeTestJSON:_run_cleanups): 200 GET http://10.180.1.21/compute/v2.1/servers/527062ee-0659-45a7-96c8-1c8d6f272b86 0.551s
2025-04-17 14:42:14.772 70824 INFO tempest.lib.common.rest_client [req-c5628afc-2626-42f7-985e-2a99a9684c42 req-c5628afc-2626-42f7-985e-2a99a9684c42 ] Request (ServersListShow2100Test:test_list_show_rebuild_update_server_2100): 200 GET http://10.180.1.21/compute/v2.1/servers/c43ee496-ab93-4b23-951b-275c17b41b3f 0.472s
2025-04-17 14:42:14.853 70802 INFO tempest.lib.common.rest_client [req-67d9d9a0-8a4e-4b1e-9168-1e25d76ba0da req-67d9d9a0-8a4e-4b1e-9168-1e25d76ba0da ] Request (ServersTestMultiNic:test_verify_multiple_nics_order): 201 POST http://10.180.1.21:9696/networking/v2.0/subnets 0.544s
2025-04-17 14:42:14.892 70844 INFO tempest.lib.common.rest_client [req-e1aaa54c-1033-4b67-a237-c96df9d04c91 req-e1aaa54c-1033-4b67-a237-c96df9d04c91 ] Request (ServersTestJSON:tearDownClass): 200 GET http://10.180.1.21/compute/v2.1/servers/9f85ffda-955a-48a7-ad50-c704b320b7d3 0.520s
2025-04-17 14:42:14.909 70848 INFO tempest.lib.common.rest_client [req-35643a38-4daf-42ef-9da7-bdca22f13c11 req-35643a38-4daf-42ef-9da7-bdca22f13c11 ] Request (ServerActionsTestOtherB:test_resize_server_confirm_from_stopped): 200 GET http://10.180.1.21/compute/v2.1/servers/7586d90c-26f8-4054-8574-e4585eaadc45 0.547s
2025-04-17 14:42:14.930 70802 INFO tempest.lib.common.rest_client [req-48522f97-3672-4315-a2e0-61ecb487e3f1 req-48522f97-3672-4315-a2e0-61ecb487e3f1 ] Request (ServersTestMultiNic:test_verify_multiple_nics_order): 201 POST http://10.180.1.21/identity/v3/auth/tokens 0.073s
2025-04-17 14:42:14.931 70802 INFO tempest.lib.common.fixed_network [-] (ServersTestMultiNic:test_verify_multiple_nics_order) Found network {'id': '5078c325-df88-441c-8ba3-e0bc2b87dc8c', 'name': 'tempest-ServersTestMultiNic-1572373884-network', 'tenant_id': '7c7343a7fadb4b25b7f585cfd51c7993', 'admin_state_up': True, 'mtu': 8950, 'status': 'ACTIVE', 'subnets': [], 'shared': False, 'project_id': '7c7343a7fadb4b25b7f585cfd51c7993', 'port_security_enabled': True, 'router:external': False, 'provider:network_type': 'vlan', 'provider:physical_network': 'default', 'provider:segmentation_id': 928, 'availability_zone_hints': [], 'availability_zones': [], 'ipv4_address_scope': None, 'ipv6_address_scope': None, 'description': '', 'tags': [], 'created_at': '2025-04-17T14:40:04Z', 'updated_at': '2025-04-17T14:40:04Z', 'revision_number': 1} available for tenant
2025-04-17 14:42:14.970 70840 INFO tempest.lib.common.rest_client [req-a45114f9-6c9d-49c2-a892-6da6a4120591 req-a45114f9-6c9d-49c2-a892-6da6a4120591 ] Request (AttachInterfacesTestJSON:_run_cleanups): 200 GET http://10.180.1.21/compute/v2.1/servers/9dde88a1-377d-40a4-86d5-587cc3b81532 0.536s
2025-04-17 14:42:15.039 70820 INFO tempest.lib.common.rest_client [req-f853dd18-0414-46f5-ae45-189888037202 req-f853dd18-0414-46f5-ae45-189888037202 ] Request (ImagesTestJSON:test_create_image_from_suspended_server): 200 GET http://10.180.1.21/compute/v2.1/servers/97aa0528-ea97-494e-8563-d4dc7d92f96f 0.389s
2025-04-17 14:42:15.062 70850 INFO tempest.lib.common.rest_client [req-7223b2b0-b894-49d9-bffb-aa3432c83eeb req-7223b2b0-b894-49d9-bffb-aa3432c83eeb ] Request (ServerActionsTestJSON:test_lock_unlock_server): 200 GET http://10.180.1.21/compute/v2.1/servers/31adb50e-33e9-40cc-a8dc-14985336b34a 0.441s
2025-04-17 14:42:15.130 70808 INFO tempest.lib.common.rest_client [req-e2bd8b30-1994-4fc5-9bfd-f360c44e340b req-e2bd8b30-1994-4fc5-9bfd-f360c44e340b ] Request (ServersAdminNegativeTestJSON:test_migrate_server_invalid_state): 200 GET http://10.180.1.21/compute/v2.1/servers/8893e014-3c12-4a40-a955-6db575e3e926 0.452s
2025-04-17 14:42:15.201 70810 INFO tempest.lib.common.rest_client [req-3d20d60a-1da0-4d94-847d-ce26f75bc324 req-3d20d60a-1da0-4d94-847d-ce26f75bc324 ] Request (FloatingIPsAssociationTestJSON:tearDownClass): 200 GET http://10.180.1.21/compute/v2.1/servers/77c84798-aa60-45c9-903b-42ce69e2d371 0.453s
2025-04-17 14:42:15.259 70836 INFO tempest.lib.common.rest_client [req-e862c41c-d6b6-4900-a09a-96bc17d8a142 req-e862c41c-d6b6-4900-a09a-96bc17d8a142 ] Request (ServerShowV257Test:test_rebuild_server): 202 POST http://10.180.1.21/compute/v2.1/servers/638038d2-367a-4b34-96fa-9117c427a22d/action 0.594s
2025-04-17 14:42:15.311 70846 INFO tempest.lib.common.rest_client [req-85558792-f5ec-4112-8f5a-82fffde65604 req-85558792-f5ec-4112-8f5a-82fffde65604 ] Request (ImagesOneServerTestJSON:setUpClass): 200 GET http://10.180.1.21/compute/v2.1/servers/e86ddc51-1d63-44d5-bfbe-0bd486092869 0.244s
2025-04-17 14:42:15.319 70846 INFO tempest.common.waiters [-] State transition "BUILD/scheduling" ==> "BUILD/None" after 59 second wait
2025-04-17 14:42:15.461 70838 INFO tempest.lib.common.rest_client [req-1914323b-a18a-4038-83c2-dfa45482fd46 req-1914323b-a18a-4038-83c2-dfa45482fd46 ] Request (ImagesNegativeTestJSON:test_create_image_from_deleted_server): 200 GET http://10.180.1.21/compute/v2.1/servers/157588be-543f-4b12-93de-201a9d8fc10e 0.371s
2025-04-17 14:42:15.516 70814 INFO tempest.lib.common.rest_client [req-a1a0cf2c-83d4-49d7-b3ee-77cdf7319573 req-a1a0cf2c-83d4-49d7-b3ee-77cdf7319573 ] Request (MigrationsAdminTest:test_resize_server_revert_deleted_flavor): 200 GET http://10.180.1.21/compute/v2.1/servers/2671b8d3-14fe-439c-9f4e-e22ab8bcb498 0.354s
2025-04-17 14:42:15.578 70842 INFO tempest.lib.common.rest_client [req-8ac05738-a4f2-41da-91a8-2ac4ce88162e req-8ac05738-a4f2-41da-91a8-2ac4ce88162e ] Request (ServerRescueTestJSON:setUpClass): 200 GET http://10.180.1.21/compute/v2.1/servers/f61abfde-68ff-497e-8a99-cfae352de144 0.339s
2025-04-17 14:42:15.638 70836 INFO tempest.lib.common.rest_client [req-6e93d4d7-51a3-499f-b503-34c819a1d896 req-6e93d4d7-51a3-499f-b503-34c819a1d896 ] Request (ServerShowV257Test:test_rebuild_server): 200 GET http://10.180.1.21/compute/v2.1/servers/638038d2-367a-4b34-96fa-9117c427a22d 0.373s
2025-04-17 14:42:15.704 70818 INFO tempest.lib.common.rest_client [req-92330d84-2490-4113-bf0d-88009d762209 req-92330d84-2490-4113-bf0d-88009d762209 ] Request (ServersTestJSON:test_create_specify_keypair): 200 GET http://10.180.1.21/compute/v2.1/servers/c1e9b301-c1ee-47f1-8c47-7cb59cd95b15 0.406s
2025-04-17 14:42:15.711 70818 INFO tempest.common.waiters [-] State transition "BUILD/scheduling" ==> "BUILD/None" after 50 second wait
2025-04-17 14:42:15.799 70802 INFO tempest.lib.common.rest_client [req-9585b05a-7e9e-405c-ba68-d468d43c74c3 req-9585b05a-7e9e-405c-ba68-d468d43c74c3 ] Request (ServersTestMultiNic:test_verify_multiple_nics_order): 202 POST http://10.180.1.21/compute/v2.1/servers 0.867s
2025-04-17 14:42:15.858 70858 INFO tempest.lib.common.rest_client [req-339e0f91-3dff-40d3-a8c9-b43f86f082a0 req-339e0f91-3dff-40d3-a8c9-b43f86f082a0 ] Request (ServersAdminTestJSON:test_inject_network_info): 200 GET http://10.180.1.21/compute/v2.1/servers/1c1a03ee-0c26-464c-8f65-c093a73c833c 0.495s
2025-04-17 14:42:15.868 70828 INFO tempest.lib.common.rest_client [req-6fa7f70a-d4b5-455a-a37b-d35b6925b2ec req-6fa7f70a-d4b5-455a-a37b-d35b6925b2ec ] Request (AttachVolumeShelveTestJSON:test_attach_volume_shelved_or_offload_server): 200 GET http://10.180.1.21/compute/v2.1/servers/a3b5021f-9d1b-4462-8c6c-35dc0e3fa6ff 0.554s
2025-04-17 14:42:15.948 70816 INFO tempest.lib.common.rest_client [req-6eb7cb1b-2ab8-4fc2-abc9-8e8c5da289cb req-6eb7cb1b-2ab8-4fc2-abc9-8e8c5da289cb ] Request (ListServerFiltersTestJSON:tearDownClass): 200 GET http://10.180.1.21/compute/v2.1/servers/9e3b77e5-dd06-4b6a-8660-97d1e62adb4a 0.419s
2025-04-17 14:42:15.996 70822 INFO tempest.lib.common.rest_client [req-3a5614e5-7d75-4afb-8549-9f7cdc8a49d0 req-3a5614e5-7d75-4afb-8549-9f7cdc8a49d0 ] Request (ServerGroupTestJSON:test_create_server_with_scheduler_hint_group): 200 GET http://10.180.1.21/compute/v2.1/servers/6b746014-b163-4a17-a8c6-4b88eaed0ac1 0.481s
2025-04-17 14:42:16.019 70826 INFO tempest.lib.common.rest_client [req-46cf2fa3-5119-445f-aeae-cd2240577d12 req-46cf2fa3-5119-445f-aeae-cd2240577d12 ] Request (MultipleCreateTestJSON:test_multiple_create): 200 GET http://10.180.1.21/compute/v2.1/servers/e175f923-53c0-4e4c-875d-2e6d4e08714a 0.435s
2025-04-17 14:42:16.056 70852 INFO tempest.lib.common.rest_client [req-eb0d7c38-8fbc-4aa2-953c-e36bf5564e47 req-eb0d7c38-8fbc-4aa2-953c-e36bf5564e47 ] Request (VolumesAdminNegativeTest:test_update_attached_volume_with_nonexistent_volume_in_uri): 200 GET http://10.180.1.21/compute/v2.1/servers/a97dc332-4c51-4dcc-ac42-0b477aca5e3c 0.454s
2025-04-17 14:42:16.083 70862 INFO tempest.lib.common.rest_client [req-9fdd5a62-8c71-4959-8199-ec419637b960 req-9fdd5a62-8c71-4959-8199-ec419637b960 ] Request (DeleteServersTestJSON:test_delete_server_while_in_shelved_state): 200 GET http://10.180.1.21/compute/v2.1/servers/09654360-da5a-43e8-b884-e6423345750b 0.437s
2025-04-17 14:42:16.084 70854 INFO tempest.lib.common.rest_client [req-4fc4d060-7b6f-427f-b934-e016dac81341 req-4fc4d060-7b6f-427f-b934-e016dac81341 ] Request (ListImageFiltersTestJSON:setUpClass): 200 GET http://10.180.1.21/compute/v2.1/images/a58041a0-6d0c-4611-920f-5a112c0b9cea 0.387s
2025-04-17 14:42:16.188 70824 INFO tempest.lib.common.rest_client [req-1f536b77-e7d5-455c-b97c-47292c5632ba req-1f536b77-e7d5-455c-b97c-47292c5632ba ] Request (ServersListShow2100Test:test_list_show_rebuild_update_server_2100): 200 GET http://10.180.1.21/compute/v2.1/servers/c43ee496-ab93-4b23-951b-275c17b41b3f 0.399s
2025-04-17 14:42:16.246 70802 INFO tempest.lib.common.rest_client [req-7aeabe04-5bd4-4303-b53e-b27dab5c6b68 req-7aeabe04-5bd4-4303-b53e-b27dab5c6b68 ] Request (ServersTestMultiNic:test_verify_multiple_nics_order): 200 GET http://10.180.1.21/compute/v2.1/servers/60d03c81-1473-40f7-b80c-7e57d33fbee8 0.445s
2025-04-17 14:42:16.335 70844 INFO tempest.lib.common.rest_client [req-5258a4bd-6317-494f-ae23-286a35762331 req-5258a4bd-6317-494f-ae23-286a35762331 ] Request (ServersTestJSON:tearDownClass): 200 GET http://10.180.1.21/compute/v2.1/servers/9f85ffda-955a-48a7-ad50-c704b320b7d3 0.433s
2025-04-17 14:42:16.344 70833 INFO tempest.lib.common.rest_client [req-76e29228-1069-4b9c-83bb-3fb4c0c4f6ce req-76e29228-1069-4b9c-83bb-3fb4c0c4f6ce ] Request (ImagesOneServerNegativeTestJSON:_run_cleanups): 200 GET http://10.180.1.21/compute/v2.1/servers/527062ee-0659-45a7-96c8-1c8d6f272b86 0.586s
2025-04-17 14:42:16.447 70840 INFO tempest.lib.common.rest_client [req-48f6a828-d397-48a3-96c3-c29874c6ba1f req-48f6a828-d397-48a3-96c3-c29874c6ba1f ] Request (AttachInterfacesTestJSON:_run_cleanups): 200 GET http://10.180.1.21/compute/v2.1/servers/9dde88a1-377d-40a4-86d5-587cc3b81532 0.463s
2025-04-17 14:42:16.509 70820 INFO tempest.lib.common.rest_client [req-566b665b-5e13-403a-8673-51dbda6fe737 req-566b665b-5e13-403a-8673-51dbda6fe737 ] Request (ImagesTestJSON:test_create_image_from_suspended_server): 200 GET http://10.180.1.21/compute/v2.1/servers/97aa0528-ea97-494e-8563-d4dc7d92f96f 0.462s
2025-04-17 14:42:16.531 70848 INFO tempest.lib.common.rest_client [req-a53ecf21-53aa-400a-a95a-058716728aec req-a53ecf21-53aa-400a-a95a-058716728aec ] Request (ServerActionsTestOtherB:test_resize_server_confirm_from_stopped): 200 GET http://10.180.1.21/compute/v2.1/servers/7586d90c-26f8-4054-8574-e4585eaadc45 0.612s
2025-04-17 14:42:16.602 70808 INFO tempest.lib.common.rest_client [req-4751f95e-62d8-49c5-ace5-365cddcffcd1 req-4751f95e-62d8-49c5-ace5-365cddcffcd1 ] Request (ServersAdminNegativeTestJSON:test_migrate_server_invalid_state): 200 GET http://10.180.1.21/compute/v2.1/servers/8893e014-3c12-4a40-a955-6db575e3e926 0.460s
2025-04-17 14:42:16.620 70850 INFO tempest.lib.common.rest_client [req-116f0f19-fad5-42d0-938f-3d56afc5e1f7 req-116f0f19-fad5-42d0-938f-3d56afc5e1f7 ] Request (ServerActionsTestJSON:test_lock_unlock_server): 200 GET http://10.180.1.21/compute/v2.1/servers/31adb50e-33e9-40cc-a8dc-14985336b34a 0.546s
2025-04-17 14:42:16.671 70810 INFO tempest.lib.common.rest_client [req-779d1012-8878-47f5-b101-1cd83fe2ebff req-779d1012-8878-47f5-b101-1cd83fe2ebff ] Request (FloatingIPsAssociationTestJSON:tearDownClass): 200 GET http://10.180.1.21/compute/v2.1/servers/77c84798-aa60-45c9-903b-42ce69e2d371 0.462s
2025-04-17 14:42:16.672 70846 INFO tempest.lib.common.rest_client [req-7bbed22d-5343-45bc-9147-25eafbab34e6 req-7bbed22d-5343-45bc-9147-25eafbab34e6 ] Request (ImagesOneServerTestJSON:setUpClass): 200 GET http://10.180.1.21/compute/v2.1/servers/e86ddc51-1d63-44d5-bfbe-0bd486092869 0.352s
2025-04-17 14:42:16.722 70838 INFO tempest.lib.common.rest_client [req-c0fb38d5-95b7-42bf-bd79-26915634bfde req-c0fb38d5-95b7-42bf-bd79-26915634bfde ] Request (ImagesNegativeTestJSON:test_create_image_from_deleted_server): 200 GET http://10.180.1.21/compute/v2.1/servers/157588be-543f-4b12-93de-201a9d8fc10e 0.252s
2025-04-17 14:42:16.741 70814 INFO tempest.lib.common.rest_client [req-b680f6bb-5637-4d73-94f0-20bdd2285d8e req-b680f6bb-5637-4d73-94f0-20bdd2285d8e ] Request (MigrationsAdminTest:test_resize_server_revert_deleted_flavor): 200 GET http://10.180.1.21/compute/v2.1/servers/2671b8d3-14fe-439c-9f4e-e22ab8bcb498 0.216s
2025-04-17 14:42:16.768 70842 INFO tempest.lib.common.rest_client [req-866eb4c2-0e60-44a8-b6d0-336da33ea72d req-866eb4c2-0e60-44a8-b6d0-336da33ea72d ] Request (ServerRescueTestJSON:setUpClass): 200 GET http://10.180.1.21/compute/v2.1/servers/f61abfde-68ff-497e-8a99-cfae352de144 0.181s
2025-04-17 14:42:16.794 70836 INFO tempest.lib.common.rest_client [req-8d878e4e-90f9-42fa-a7aa-33a94f15fb12 req-8d878e4e-90f9-42fa-a7aa-33a94f15fb12 ] Request (ServerShowV257Test:test_rebuild_server): 200 GET http://10.180.1.21/compute/v2.1/servers/638038d2-367a-4b34-96fa-9117c427a22d 0.143s
2025-04-17 14:42:16.813 70818 INFO tempest.lib.common.rest_client [req-134b3a76-0c37-42e2-b5bc-eee49c90f967 req-134b3a76-0c37-42e2-b5bc-eee49c90f967 ] Request (ServersTestJSON:test_create_specify_keypair): 200 GET http://10.180.1.21/compute/v2.1/servers/c1e9b301-c1ee-47f1-8c47-7cb59cd95b15 0.100s
2025-04-17 14:42:16.931 70858 INFO tempest.lib.common.rest_client [req-ee3fbf76-70bf-4b0a-b02e-f9b99a175c50 req-ee3fbf76-70bf-4b0a-b02e-f9b99a175c50 ] Request (ServersAdminTestJSON:test_inject_network_info): 200 GET http://10.180.1.21/compute/v2.1/servers/1c1a03ee-0c26-464c-8f65-c093a73c833c 0.052s
2025-04-17 14:42:16.986 70828 INFO tempest.lib.common.rest_client [req-01f0e528-3cca-43fa-88dd-7e9ce6e3e834 req-01f0e528-3cca-43fa-88dd-7e9ce6e3e834 ] Request (AttachVolumeShelveTestJSON:test_attach_volume_shelved_or_offload_server): 200 GET http://10.180.1.21/compute/v2.1/servers/a3b5021f-9d1b-4462-8c6c-35dc0e3fa6ff 0.109s
2025-04-17 14:42:17.015 70816 INFO tempest.lib.common.rest_client [req-68808853-ea58-4414-8688-b959b69286bb req-68808853-ea58-4414-8688-b959b69286bb ] Request (ListServerFiltersTestJSON:tearDownClass): 200 GET http://10.180.1.21/compute/v2.1/servers/9e3b77e5-dd06-4b6a-8660-97d1e62adb4a 0.056s
2025-04-17 14:42:17.022 70816 INFO tempest.common.waiters [-] State transition "ACTIVE/deleting" ==> "DELETED/None" after 4 second wait
2025-04-17 14:42:17.090 70826 INFO tempest.lib.common.rest_client [req-dea98a4f-e717-4f41-afd3-91fc5a15e49c req-dea98a4f-e717-4f41-afd3-91fc5a15e49c ] Request (MultipleCreateTestJSON:test_multiple_create): 200 GET http://10.180.1.21/compute/v2.1/servers/e175f923-53c0-4e4c-875d-2e6d4e08714a 0.062s
2025-04-17 14:42:17.108 70822 INFO tempest.lib.common.rest_client [req-793f5ab3-2e5e-4468-b11c-c903373f3e01 req-793f5ab3-2e5e-4468-b11c-c903373f3e01 ] Request (ServerGroupTestJSON:test_create_server_with_scheduler_hint_group): 200 GET http://10.180.1.21/compute/v2.1/servers/6b746014-b163-4a17-a8c6-4b88eaed0ac1 0.103s
2025-04-17 14:42:17.142 70854 INFO tempest.lib.common.rest_client [req-d3b8c59f-2c48-4117-8e45-2ffca45cfc02 req-d3b8c59f-2c48-4117-8e45-2ffca45cfc02 ] Request (ListImageFiltersTestJSON:setUpClass): 200 GET http://10.180.1.21/compute/v2.1/images/a58041a0-6d0c-4611-920f-5a112c0b9cea 0.054s
2025-04-17 14:42:17.148 70852 INFO tempest.lib.common.rest_client [req-e2ab14b4-a25b-4c18-9c1e-ab1ae3b9177f req-e2ab14b4-a25b-4c18-9c1e-ab1ae3b9177f ] Request (VolumesAdminNegativeTest:test_update_attached_volume_with_nonexistent_volume_in_uri): 200 GET http://10.180.1.21/compute/v2.1/servers/a97dc332-4c51-4dcc-ac42-0b477aca5e3c 0.081s
2025-04-17 14:42:17.193 70862 INFO tempest.lib.common.rest_client [req-44823223-855c-4eae-8aa0-86d1a01add4e req-44823223-855c-4eae-8aa0-86d1a01add4e ] Request (DeleteServersTestJSON:test_delete_server_while_in_shelved_state): 200 GET http://10.180.1.21/compute/v2.1/servers/09654360-da5a-43e8-b884-e6423345750b 0.100s
2025-04-17 14:42:17.277 70824 INFO tempest.lib.common.rest_client [req-5c41c3ab-f1b1-40e4-a485-f9d4b92d27b7 req-5c41c3ab-f1b1-40e4-a485-f9d4b92d27b7 ] Request (ServersListShow2100Test:test_list_show_rebuild_update_server_2100): 200 GET http://10.180.1.21/compute/v2.1/servers/c43ee496-ab93-4b23-951b-275c17b41b3f 0.074s
2025-04-17 14:42:17.312 70802 INFO tempest.lib.common.rest_client [req-c2b321e5-eb3f-43f3-bc29-b830e1350a94 req-c2b321e5-eb3f-43f3-bc29-b830e1350a94 ] Request (ServersTestMultiNic:test_verify_multiple_nics_order): 200 GET http://10.180.1.21/compute/v2.1/servers/60d03c81-1473-40f7-b80c-7e57d33fbee8 0.052s
2025-04-17 14:42:17.426 70844 INFO tempest.lib.common.rest_client [req-4912952c-1a03-4e5a-9136-ce1c239b566d req-4912952c-1a03-4e5a-9136-ce1c239b566d ] Request (ServersTestJSON:tearDownClass): 200 GET http://10.180.1.21/compute/v2.1/servers/9f85ffda-955a-48a7-ad50-c704b320b7d3 0.081s
2025-04-17 14:42:17.467 70833 INFO tempest.lib.common.rest_client [req-1d619944-3019-453d-bc2a-99b4471c5385 req-1d619944-3019-453d-bc2a-99b4471c5385 ] Request (ImagesOneServerNegativeTestJSON:_run_cleanups): 200 GET http://10.180.1.21/compute/v2.1/servers/527062ee-0659-45a7-96c8-1c8d6f272b86 0.108s
2025-04-17 14:42:17.521 70840 INFO tempest.lib.common.rest_client [req-97a968d6-2c8a-4e16-bdb6-cf6a024ffcde req-97a968d6-2c8a-4e16-bdb6-cf6a024ffcde ] Request (AttachInterfacesTestJSON:_run_cleanups): 200 GET http://10.180.1.21/compute/v2.1/servers/9dde88a1-377d-40a4-86d5-587cc3b81532 0.062s
2025-04-17 14:42:17.573 70820 INFO tempest.lib.common.rest_client [req-65e14ceb-2bb8-401a-9095-649ee433fbf1 req-65e14ceb-2bb8-401a-9095-649ee433fbf1 ] Request (ImagesTestJSON:test_create_image_from_suspended_server): 200 GET http://10.180.1.21/compute/v2.1/servers/97aa0528-ea97-494e-8563-d4dc7d92f96f 0.055s
2025-04-17 14:42:17.686 70808 INFO tempest.lib.common.rest_client [req-3262a7f3-6a6c-4385-8390-d80a808aa458 req-3262a7f3-6a6c-4385-8390-d80a808aa458 ] Request (ServersAdminNegativeTestJSON:test_migrate_server_invalid_state): 200 GET http://10.180.1.21/compute/v2.1/servers/8893e014-3c12-4a40-a955-6db575e3e926 0.075s
2025-04-17 14:42:17.689 70848 INFO tempest.lib.common.rest_client [req-2b5809e7-3889-40c6-a560-417f2ba34911 req-2b5809e7-3889-40c6-a560-417f2ba34911 ] Request (ServerActionsTestOtherB:test_resize_server_confirm_from_stopped): 200 GET http://10.180.1.21/compute/v2.1/servers/7586d90c-26f8-4054-8574-e4585eaadc45 0.147s
2025-04-17 14:42:17.779 70810 INFO tempest.lib.common.rest_client [req-fb69db67-667f-4393-826a-f9ad9d849c03 req-fb69db67-667f-4393-826a-f9ad9d849c03 ] Request (FloatingIPsAssociationTestJSON:tearDownClass): 200 GET http://10.180.1.21/compute/v2.1/servers/77c84798-aa60-45c9-903b-42ce69e2d371 0.099s
2025-04-17 14:42:17.811 70850 INFO tempest.lib.common.rest_client [req-6bed0ea0-8dbb-49c8-b8dc-3be3a0302168 req-6bed0ea0-8dbb-49c8-b8dc-3be3a0302168 ] Request (ServerActionsTestJSON:test_lock_unlock_server): 200 GET http://10.180.1.21/compute/v2.1/servers/31adb50e-33e9-40cc-a8dc-14985336b34a 0.182s
2025-04-17 14:42:17.820 70850 INFO tempest.common.waiters [-] State transition "SHUTOFF/powering-on" ==> "ACTIVE/None" after 5 second wait
2025-04-17 14:42:17.850 70846 INFO tempest.lib.common.rest_client [req-7e13d781-7979-48a0-9aaf-76064d41a5fe req-7e13d781-7979-48a0-9aaf-76064d41a5fe ] Request (ImagesOneServerTestJSON:setUpClass): 200 GET http://10.180.1.21/compute/v2.1/servers/e86ddc51-1d63-44d5-bfbe-0bd486092869 0.171s
2025-04-17 14:42:17.877 70838 INFO tempest.lib.common.rest_client [req-2e76a0dc-9da3-4455-becc-34b81158930b req-2e76a0dc-9da3-4455-becc-34b81158930b ] Request (ImagesNegativeTestJSON:test_create_image_from_deleted_server): 200 GET http://10.180.1.21/compute/v2.1/servers/157588be-543f-4b12-93de-201a9d8fc10e 0.147s
2025-04-17 14:42:17.888 70838 INFO tempest.common.waiters [-] State transition "ACTIVE/deleting" ==> "DELETED/None" after 3 second wait
2025-04-17 14:42:17.901 70814 INFO tempest.lib.common.rest_client [req-4bb7a7f4-fa68-4aa5-b156-05e64121534d req-4bb7a7f4-fa68-4aa5-b156-05e64121534d ] Request (MigrationsAdminTest:test_resize_server_revert_deleted_flavor): 200 GET http://10.180.1.21/compute/v2.1/servers/2671b8d3-14fe-439c-9f4e-e22ab8bcb498 0.149s
2025-04-17 14:42:17.931 70842 INFO tempest.lib.common.rest_client [req-a54063a5-b52a-414e-8435-eb7ad2891343 req-a54063a5-b52a-414e-8435-eb7ad2891343 ] Request (ServerRescueTestJSON:setUpClass): 200 GET http://10.180.1.21/compute/v2.1/servers/f61abfde-68ff-497e-8a99-cfae352de144 0.154s
2025-04-17 14:42:17.966 70836 INFO tempest.lib.common.rest_client [req-99562ecb-83e7-4475-a24f-ae7607cde965 req-99562ecb-83e7-4475-a24f-ae7607cde965 ] Request (ServerShowV257Test:test_rebuild_server): 200 GET http://10.180.1.21/compute/v2.1/servers/638038d2-367a-4b34-96fa-9117c427a22d 0.163s
2025-04-17 14:42:18.022 70818 INFO tempest.lib.common.rest_client [req-5e20f78e-adb1-4097-98ff-ffffad95a16e req-5e20f78e-adb1-4097-98ff-ffffad95a16e ] Request (ServersTestJSON:test_create_specify_keypair): 200 GET http://10.180.1.21/compute/v2.1/servers/c1e9b301-c1ee-47f1-8c47-7cb59cd95b15 0.200s
2025-04-17 14:42:18.036 70850 INFO tempest.lib.common.rest_client [req-c5483a43-f59e-4f2a-9639-057e53c90faf req-c5483a43-f59e-4f2a-9639-057e53c90faf ] Request (ServerActionsTestJSON:tearDown): 200 GET http://10.180.1.21/compute/v2.1/servers/31adb50e-33e9-40cc-a8dc-14985336b34a 0.215s
2025-04-17 14:42:18.073 70858 INFO tempest.lib.common.rest_client [req-4ee78795-d030-4f26-afe0-7e6ab23d94a9 req-4ee78795-d030-4f26-afe0-7e6ab23d94a9 ] Request (ServersAdminTestJSON:test_inject_network_info): 200 GET http://10.180.1.21/compute/v2.1/servers/1c1a03ee-0c26-464c-8f65-c093a73c833c 0.134s
2025-04-17 14:42:18.130 70816 INFO tempest.lib.common.rest_client [req-ba0cdeea-41ce-472f-ac08-25c8f4ee9ff9 req-ba0cdeea-41ce-472f-ac08-25c8f4ee9ff9 ] Request (ListServerFiltersTestJSON:tearDownClass): 200 GET http://10.180.1.21/compute/v2.1/servers/9e3b77e5-dd06-4b6a-8660-97d1e62adb4a 0.107s
2025-04-17 14:42:18.144 70828 INFO tempest.lib.common.rest_client [req-a78e1876-c0fe-4b17-ac85-fc0a0689ce4c req-a78e1876-c0fe-4b17-ac85-fc0a0689ce4c ] Request (AttachVolumeShelveTestJSON:test_attach_volume_shelved_or_offload_server): 200 GET http://10.180.1.21/compute/v2.1/servers/a3b5021f-9d1b-4462-8c6c-35dc0e3fa6ff 0.144s
2025-04-17 14:42:18.197 70826 INFO tempest.lib.common.rest_client [req-7c879e59-acdd-4c31-9fb3-3d2b0e0f5b58 req-7c879e59-acdd-4c31-9fb3-3d2b0e0f5b58 ] Request (MultipleCreateTestJSON:test_multiple_create): 200 GET http://10.180.1.21/compute/v2.1/servers/e175f923-53c0-4e4c-875d-2e6d4e08714a 0.098s
2025-04-17 14:42:18.204 70826 INFO tempest.common.waiters [-] State transition "BUILD/None" ==> "BUILD/networking" after 80 second wait
2025-04-17 14:42:18.244 70850 INFO tempest.lib.common.rest_client [req-7a7267ac-e7e7-4a42-8cbc-a9d60a6cce87 req-7a7267ac-e7e7-4a42-8cbc-a9d60a6cce87 ] Request (ServerActionsTestJSON:_run_cleanups): 202 POST http://10.180.1.21/compute/v2.1/servers/31adb50e-33e9-40cc-a8dc-14985336b34a/action 0.202s
2025-04-17 14:42:18.290 70854 INFO tempest.lib.common.rest_client [req-faee0fea-b3a8-4cda-81ab-f2e2b5b08230 req-faee0fea-b3a8-4cda-81ab-f2e2b5b08230 ] Request (ListImageFiltersTestJSON:setUpClass): 200 GET http://10.180.1.21/compute/v2.1/images/a58041a0-6d0c-4611-920f-5a112c0b9cea 0.144s
2025-04-17 14:42:18.355 70852 INFO tempest.lib.common.rest_client [req-589eccc1-fd74-4cbb-bf11-a86826397e6e req-589eccc1-fd74-4cbb-bf11-a86826397e6e ] Request (VolumesAdminNegativeTest:test_update_attached_volume_with_nonexistent_volume_in_uri): 200 GET http://10.180.1.21/compute/v2.1/servers/a97dc332-4c51-4dcc-ac42-0b477aca5e3c 0.199s
2025-04-17 14:42:18.386 70822 INFO tempest.lib.common.rest_client [req-3c0064d4-3531-4d38-9495-d9979b92d0a3 req-3c0064d4-3531-4d38-9495-d9979b92d0a3 ] Request (ServerGroupTestJSON:test_create_server_with_scheduler_hint_group): 200 GET http://10.180.1.21/compute/v2.1/servers/6b746014-b163-4a17-a8c6-4b88eaed0ac1 0.269s
2025-04-17 14:42:18.418 70862 INFO tempest.lib.common.rest_client [req-87d70d8a-9f43-438b-85f1-7f3a755ae2bf req-87d70d8a-9f43-438b-85f1-7f3a755ae2bf ] Request (DeleteServersTestJSON:test_delete_server_while_in_shelved_state): 200 GET http://10.180.1.21/compute/v2.1/servers/09654360-da5a-43e8-b884-e6423345750b 0.216s
2025-04-17 14:42:18.507 70824 INFO tempest.lib.common.rest_client [req-30f002b6-4939-4244-8978-05498bd94e65 req-30f002b6-4939-4244-8978-05498bd94e65 ] Request (ServersListShow2100Test:test_list_show_rebuild_update_server_2100): 200 GET http://10.180.1.21/compute/v2.1/servers/c43ee496-ab93-4b23-951b-275c17b41b3f 0.217s
2025-04-17 14:42:18.525 70850 INFO tempest.lib.common.rest_client [req-23d07720-8ea3-4108-a34c-b1eac764b4f1 req-23d07720-8ea3-4108-a34c-b1eac764b4f1 ] Request (ServerActionsTestJSON:setUp): 200 GET http://10.180.1.21/compute/v2.1/servers/31adb50e-33e9-40cc-a8dc-14985336b34a 0.275s
2025-04-17 14:42:18.578 70802 INFO tempest.lib.common.rest_client [req-fed2f67b-0b55-40bc-8313-d4a087b96592 req-fed2f67b-0b55-40bc-8313-d4a087b96592 ] Request (ServersTestMultiNic:test_verify_multiple_nics_order): 200 GET http://10.180.1.21/compute/v2.1/servers/60d03c81-1473-40f7-b80c-7e57d33fbee8 0.258s
2025-04-17 14:42:18.599 70844 INFO tempest.lib.common.rest_client [req-6223a1aa-a7fd-4350-a3e6-c757f0e520d2 req-6223a1aa-a7fd-4350-a3e6-c757f0e520d2 ] Request (ServersTestJSON:tearDownClass): 200 GET http://10.180.1.21/compute/v2.1/servers/9f85ffda-955a-48a7-ad50-c704b320b7d3 0.165s
2025-04-17 14:42:18.681 70840 INFO tempest.lib.common.rest_client [req-0b665544-5caf-4f83-8724-5bf6e9348984 req-0b665544-5caf-4f83-8724-5bf6e9348984 ] Request (AttachInterfacesTestJSON:_run_cleanups): 200 GET http://10.180.1.21/compute/v2.1/servers/9dde88a1-377d-40a4-86d5-587cc3b81532 0.152s
2025-04-17 14:42:18.725 70833 INFO tempest.lib.common.rest_client [req-d64c0408-9f1a-4242-8237-9b016b395bbd req-d64c0408-9f1a-4242-8237-9b016b395bbd ] Request (ImagesOneServerNegativeTestJSON:_run_cleanups): 200 GET http://10.180.1.21/compute/v2.1/servers/527062ee-0659-45a7-96c8-1c8d6f272b86 0.250s
2025-04-17 14:42:18.798 70820 INFO tempest.lib.common.rest_client [req-72b1029f-f041-4f37-8db7-d4d56f068f24 req-72b1029f-f041-4f37-8db7-d4d56f068f24 ] Request (ImagesTestJSON:test_create_image_from_suspended_server): 200 GET http://10.180.1.21/compute/v2.1/servers/97aa0528-ea97-494e-8563-d4dc7d92f96f 0.216s
2025-04-17 14:42:18.867 70808 INFO tempest.lib.common.rest_client [req-991365de-2817-4fee-8f2d-405edd6424a8 req-991365de-2817-4fee-8f2d-405edd6424a8 ] Request (ServersAdminNegativeTestJSON:test_migrate_server_invalid_state): 200 GET http://10.180.1.21/compute/v2.1/servers/8893e014-3c12-4a40-a955-6db575e3e926 0.173s
2025-04-17 14:42:18.905 70850 INFO tempest.lib.common.rest_client [req-30d83e0d-ade7-44fa-9a19-c0d57f5d5a3a req-30d83e0d-ade7-44fa-9a19-c0d57f5d5a3a ] Request (ServerActionsTestJSON:test_reboot_server_hard): 200 GET http://10.180.1.21/compute/v2.1/servers/31adb50e-33e9-40cc-a8dc-14985336b34a 0.370s
2025-04-17 14:42:18.921 70850 INFO tempest.lib.common.ssh [-] Creating ssh connection to '10.180.180.133:22' as 'cirros' with public key authentication
2025-04-17 14:42:19.017 70810 INFO tempest.lib.common.rest_client [req-49cb16aa-d72d-4776-a880-4c1dbedd87e9 req-49cb16aa-d72d-4776-a880-4c1dbedd87e9 ] Request (FloatingIPsAssociationTestJSON:tearDownClass): 200 GET http://10.180.1.21/compute/v2.1/servers/77c84798-aa60-45c9-903b-42ce69e2d371 0.217s
2025-04-17 14:42:19.029 70848 INFO tempest.lib.common.rest_client [req-416786c2-98b1-4ec8-aaaa-156a56a93a35 req-416786c2-98b1-4ec8-aaaa-156a56a93a35 ] Request (ServerActionsTestOtherB:test_resize_server_confirm_from_stopped): 200 GET http://10.180.1.21/compute/v2.1/servers/7586d90c-26f8-4054-8574-e4585eaadc45 0.332s
2025-04-17 14:42:19.085 70846 INFO tempest.lib.common.rest_client [req-4c2b5ecf-b2c1-4bb7-b5a1-37814b5b39a6 req-4c2b5ecf-b2c1-4bb7-b5a1-37814b5b39a6 ] Request (ImagesOneServerTestJSON:setUpClass): 200 GET http://10.180.1.21/compute/v2.1/servers/e86ddc51-1d63-44d5-bfbe-0bd486092869 0.211s
2025-04-17 14:42:19.114 70838 INFO tempest.lib.common.rest_client [req-03286589-fe9f-47af-8b4b-54be003b9f40 req-03286589-fe9f-47af-8b4b-54be003b9f40 ] Request (ImagesNegativeTestJSON:test_create_image_from_deleted_server): 200 GET http://10.180.1.21/compute/v2.1/servers/157588be-543f-4b12-93de-201a9d8fc10e 0.224s
2025-04-17 14:42:19.165 70814 INFO tempest.lib.common.rest_client [req-ec19ee7b-53af-474f-9081-b0fe52e3001f req-ec19ee7b-53af-474f-9081-b0fe52e3001f ] Request (MigrationsAdminTest:test_resize_server_revert_deleted_flavor): 200 GET http://10.180.1.21/compute/v2.1/servers/2671b8d3-14fe-439c-9f4e-e22ab8bcb498 0.255s
2025-04-17 14:42:19.193 70842 INFO tempest.lib.common.rest_client [req-40f31898-7d69-4452-8bb8-7817b7af72b2 req-40f31898-7d69-4452-8bb8-7817b7af72b2 ] Request (ServerRescueTestJSON:setUpClass): 200 GET http://10.180.1.21/compute/v2.1/servers/f61abfde-68ff-497e-8a99-cfae352de144 0.253s
2025-04-17 14:42:19.227 70836 INFO tempest.lib.common.rest_client [req-0208a0f2-b522-4d7e-9d86-33b2ff5e119f req-0208a0f2-b522-4d7e-9d86-33b2ff5e119f ] Request (ServerShowV257Test:test_rebuild_server): 200 GET http://10.180.1.21/compute/v2.1/servers/638038d2-367a-4b34-96fa-9117c427a22d 0.250s
2025-04-17 14:42:19.237 70836 INFO tempest.common.waiters [-] State transition "REBUILD/rebuilding" ==> "REBUILD/rebuild_spawning" after 4 second wait
2025-04-17 14:42:19.253 70818 INFO tempest.lib.common.rest_client [req-7ebf821a-4b58-4a4b-965d-24549a361d06 req-7ebf821a-4b58-4a4b-965d-24549a361d06 ] Request (ServersTestJSON:test_create_specify_keypair): 200 GET http://10.180.1.21/compute/v2.1/servers/c1e9b301-c1ee-47f1-8c47-7cb59cd95b15 0.223s
2025-04-17 14:42:19.284 70858 INFO tempest.lib.common.rest_client [req-2778d837-7679-4b00-af94-5207bda95223 req-2778d837-7679-4b00-af94-5207bda95223 ] Request (ServersAdminTestJSON:test_inject_network_info): 200 GET http://10.180.1.21/compute/v2.1/servers/1c1a03ee-0c26-464c-8f65-c093a73c833c 0.203s
2025-04-17 14:42:19.320 70816 INFO tempest.lib.common.rest_client [req-430e0f7f-29c1-4704-89e7-c7599ed0d23b req-430e0f7f-29c1-4704-89e7-c7599ed0d23b ] Request (ListServerFiltersTestJSON:tearDownClass): 200 GET http://10.180.1.21/compute/v2.1/servers/9e3b77e5-dd06-4b6a-8660-97d1e62adb4a 0.181s
2025-04-17 14:42:19.456 70826 INFO tempest.lib.common.rest_client [req-8d28aa55-90cb-4df3-88a2-4b89331a2fcc req-8d28aa55-90cb-4df3-88a2-4b89331a2fcc ] Request (MultipleCreateTestJSON:test_multiple_create): 200 GET http://10.180.1.21/compute/v2.1/servers/e175f923-53c0-4e4c-875d-2e6d4e08714a 0.251s
2025-04-17 14:42:19.458 70828 INFO tempest.lib.common.rest_client [req-9fa17e8c-9e67-4ee2-bec2-71353e3aae0f req-9fa17e8c-9e67-4ee2-bec2-71353e3aae0f ] Request (AttachVolumeShelveTestJSON:test_attach_volume_shelved_or_offload_server): 200 GET http://10.180.1.21/compute/v2.1/servers/a3b5021f-9d1b-4462-8c6c-35dc0e3fa6ff 0.305s
2025-04-17 14:42:19.463 70826 INFO tempest.common.waiters [-] State transition "BUILD/networking" ==> "BUILD/spawning" after 81 second wait
2025-04-17 14:42:19.500 70854 INFO tempest.lib.common.rest_client [req-5f76451f-44a8-4e0b-a700-53075276748c req-5f76451f-44a8-4e0b-a700-53075276748c ] Request (ListImageFiltersTestJSON:setUpClass): 200 GET http://10.180.1.21/compute/v2.1/images/a58041a0-6d0c-4611-920f-5a112c0b9cea 0.206s
2025-04-17 14:42:19.509 70852 INFO tempest.lib.common.rest_client [req-c16bfdc2-622f-4109-9cf1-acd6bdea43bb req-c16bfdc2-622f-4109-9cf1-acd6bdea43bb ] Request (VolumesAdminNegativeTest:test_update_attached_volume_with_nonexistent_volume_in_uri): 200 GET http://10.180.1.21/compute/v2.1/servers/a97dc332-4c51-4dcc-ac42-0b477aca5e3c 0.145s
2025-04-17 14:42:19.571 70862 INFO tempest.lib.common.rest_client [req-f6ca1d20-9662-4ffd-9e45-1691d1b880e8 req-f6ca1d20-9662-4ffd-9e45-1691d1b880e8 ] Request (DeleteServersTestJSON:test_delete_server_while_in_shelved_state): 200 GET http://10.180.1.21/compute/v2.1/servers/09654360-da5a-43e8-b884-e6423345750b 0.144s
2025-04-17 14:42:19.641 70824 INFO tempest.lib.common.rest_client [req-350781f2-df61-4525-a321-175d77a2c925 req-350781f2-df61-4525-a321-175d77a2c925 ] Request (ServersListShow2100Test:test_list_show_rebuild_update_server_2100): 200 GET http://10.180.1.21/compute/v2.1/servers/c43ee496-ab93-4b23-951b-275c17b41b3f 0.119s
2025-04-17 14:42:19.652 70822 INFO tempest.lib.common.rest_client [req-f4019e2f-2151-419b-9974-9259e06db378 req-f4019e2f-2151-419b-9974-9259e06db378 ] Request (ServerGroupTestJSON:test_create_server_with_scheduler_hint_group): 200 GET http://10.180.1.21/compute/v2.1/servers/6b746014-b163-4a17-a8c6-4b88eaed0ac1 0.252s
2025-04-17 14:42:19.692 70802 INFO tempest.lib.common.rest_client [req-91c595bb-6b51-4e1b-886e-dccfdddd98ab req-91c595bb-6b51-4e1b-886e-dccfdddd98ab ] Request (ServersTestMultiNic:test_verify_multiple_nics_order): 200 GET http://10.180.1.21/compute/v2.1/servers/60d03c81-1473-40f7-b80c-7e57d33fbee8 0.106s
2025-04-17 14:42:19.716 70844 INFO tempest.lib.common.rest_client [req-76163dca-0a00-43a0-9239-1f7004ff9246 req-76163dca-0a00-43a0-9239-1f7004ff9246 ] Request (ServersTestJSON:tearDownClass): 200 GET http://10.180.1.21/compute/v2.1/servers/9f85ffda-955a-48a7-ad50-c704b320b7d3 0.107s
2025-04-17 14:42:19.768 70840 INFO tempest.lib.common.rest_client [req-4bcccc0b-cb7c-458d-8fe8-7acebdb082a3 req-4bcccc0b-cb7c-458d-8fe8-7acebdb082a3 ] Request (AttachInterfacesTestJSON:_run_cleanups): 200 GET http://10.180.1.21/compute/v2.1/servers/9dde88a1-377d-40a4-86d5-587cc3b81532 0.077s
2025-04-17 14:42:19.832 70833 INFO tempest.lib.common.rest_client [req-c0569393-a91e-4a73-8933-36f83c84f7ee req-c0569393-a91e-4a73-8933-36f83c84f7ee ] Request (ImagesOneServerNegativeTestJSON:_run_cleanups): 200 GET http://10.180.1.21/compute/v2.1/servers/527062ee-0659-45a7-96c8-1c8d6f272b86 0.093s
2025-04-17 14:42:19.871 70820 INFO tempest.lib.common.rest_client [req-521139d6-48d7-4c55-827c-7aab04ff072d req-521139d6-48d7-4c55-827c-7aab04ff072d ] Request (ImagesTestJSON:test_create_image_from_suspended_server): 200 GET http://10.180.1.21/compute/v2.1/servers/97aa0528-ea97-494e-8563-d4dc7d92f96f 0.063s
2025-04-17 14:42:19.930 70808 INFO tempest.lib.common.rest_client [req-34c56a60-5f08-4a17-8730-81d44e678218 req-34c56a60-5f08-4a17-8730-81d44e678218 ] Request (ServersAdminNegativeTestJSON:test_migrate_server_invalid_state): 200 GET http://10.180.1.21/compute/v2.1/servers/8893e014-3c12-4a40-a955-6db575e3e926 0.055s
2025-04-17 14:42:20.112 70810 INFO tempest.lib.common.rest_client [req-1a7b106c-3100-473c-afbf-b86d160de2e3 req-1a7b106c-3100-473c-afbf-b86d160de2e3 ] Request (FloatingIPsAssociationTestJSON:tearDownClass): 200 GET http://10.180.1.21/compute/v2.1/servers/77c84798-aa60-45c9-903b-42ce69e2d371 0.082s
2025-04-17 14:42:20.157 70848 INFO tempest.lib.common.rest_client [req-afd34ad8-a406-4d3d-9627-4fda7dae3065 req-afd34ad8-a406-4d3d-9627-4fda7dae3065 ] Request (ServerActionsTestOtherB:test_resize_server_confirm_from_stopped): 200 GET http://10.180.1.21/compute/v2.1/servers/7586d90c-26f8-4054-8574-e4585eaadc45 0.119s
2025-04-17 14:42:20.173 70846 INFO tempest.lib.common.rest_client [req-d7b262f0-5223-4683-a8ec-369f4ebf90aa req-d7b262f0-5223-4683-a8ec-369f4ebf90aa ] Request (ImagesOneServerTestJSON:setUpClass): 200 GET http://10.180.1.21/compute/v2.1/servers/e86ddc51-1d63-44d5-bfbe-0bd486092869 0.077s
2025-04-17 14:42:20.224 70838 INFO tempest.lib.common.rest_client [req-13f992ed-ff5f-4208-aa48-e6bd0c15462f req-13f992ed-ff5f-4208-aa48-e6bd0c15462f ] Request (ImagesNegativeTestJSON:test_create_image_from_deleted_server): 200 GET http://10.180.1.21/compute/v2.1/servers/157588be-543f-4b12-93de-201a9d8fc10e 0.098s
2025-04-17 14:42:20.241 70814 INFO tempest.lib.common.rest_client [req-46d21d71-f6ee-444a-b919-67a4b90f64c8 req-46d21d71-f6ee-444a-b919-67a4b90f64c8 ] Request (MigrationsAdminTest:test_resize_server_revert_deleted_flavor): 200 GET http://10.180.1.21/compute/v2.1/servers/2671b8d3-14fe-439c-9f4e-e22ab8bcb498 0.064s
2025-04-17 14:42:20.280 70842 INFO tempest.lib.common.rest_client [req-3c48b547-8608-478c-8512-1d34ced6d305 req-3c48b547-8608-478c-8512-1d34ced6d305 ] Request (ServerRescueTestJSON:setUpClass): 200 GET http://10.180.1.21/compute/v2.1/servers/f61abfde-68ff-497e-8a99-cfae352de144 0.076s
2025-04-17 14:42:20.298 70836 INFO tempest.lib.common.rest_client [req-b4db8b3e-1511-486a-944d-a4e4899eae8c req-b4db8b3e-1511-486a-944d-a4e4899eae8c ] Request (ServerShowV257Test:test_rebuild_server): 200 GET http://10.180.1.21/compute/v2.1/servers/638038d2-367a-4b34-96fa-9117c427a22d 0.059s
2025-04-17 14:42:20.352 70818 INFO tempest.lib.common.rest_client [req-be5f50c0-68cf-4546-99d8-fb1ca96a103e req-be5f50c0-68cf-4546-99d8-fb1ca96a103e ] Request (ServersTestJSON:test_create_specify_keypair): 200 GET http://10.180.1.21/compute/v2.1/servers/c1e9b301-c1ee-47f1-8c47-7cb59cd95b15 0.085s
2025-04-17 14:42:20.373 70858 INFO tempest.lib.common.rest_client [req-15683566-5082-44f9-b8db-f86356443848 req-15683566-5082-44f9-b8db-f86356443848 ] Request (ServersAdminTestJSON:test_inject_network_info): 200 GET http://10.180.1.21/compute/v2.1/servers/1c1a03ee-0c26-464c-8f65-c093a73c833c 0.080s
2025-04-17 14:42:20.418 70816 INFO tempest.lib.common.rest_client [req-9821c227-ff2e-4bb1-b9a2-b1b75066aa8a req-9821c227-ff2e-4bb1-b9a2-b1b75066aa8a ] Request (ListServerFiltersTestJSON:tearDownClass): 200 GET http://10.180.1.21/compute/v2.1/servers/9e3b77e5-dd06-4b6a-8660-97d1e62adb4a 0.088s
2025-04-17 14:42:20.629 70826 INFO tempest.lib.common.rest_client [req-60745093-0016-48f0-8ed7-5eaebc57c4d7 req-60745093-0016-48f0-8ed7-5eaebc57c4d7 ] Request (MultipleCreateTestJSON:test_multiple_create): 200 GET http://10.180.1.21/compute/v2.1/servers/e175f923-53c0-4e4c-875d-2e6d4e08714a 0.165s
2025-04-17 14:42:20.633 70828 INFO tempest.lib.common.rest_client [req-c88cf16e-afc8-460e-8c28-002229cf8af6 req-c88cf16e-afc8-460e-8c28-002229cf8af6 ] Request (AttachVolumeShelveTestJSON:test_attach_volume_shelved_or_offload_server): 200 GET http://10.180.1.21/compute/v2.1/servers/a3b5021f-9d1b-4462-8c6c-35dc0e3fa6ff 0.163s
2025-04-17 14:42:20.664 70854 INFO tempest.lib.common.rest_client [req-2418c1f4-4a04-47f1-9ad5-797ff205d184 req-2418c1f4-4a04-47f1-9ad5-797ff205d184 ] Request (ListImageFiltersTestJSON:setUpClass): 200 GET http://10.180.1.21/compute/v2.1/images/a58041a0-6d0c-4611-920f-5a112c0b9cea 0.158s
2025-04-17 14:42:20.690 70852 INFO tempest.lib.common.rest_client [req-9ef33d2d-fbc9-4eb2-9426-3daf4005d1dc req-9ef33d2d-fbc9-4eb2-9426-3daf4005d1dc ] Request (VolumesAdminNegativeTest:test_update_attached_volume_with_nonexistent_volume_in_uri): 200 GET http://10.180.1.21/compute/v2.1/servers/a97dc332-4c51-4dcc-ac42-0b477aca5e3c 0.168s
2025-04-17 14:42:20.723 70862 INFO tempest.lib.common.rest_client [req-83c24562-82e8-4e4f-9748-7b3689fc5fd8 req-83c24562-82e8-4e4f-9748-7b3689fc5fd8 ] Request (DeleteServersTestJSON:test_delete_server_while_in_shelved_state): 200 GET http://10.180.1.21/compute/v2.1/servers/09654360-da5a-43e8-b884-e6423345750b 0.143s
2025-04-17 14:42:20.756 70824 INFO tempest.lib.common.rest_client [req-efa5f4e8-4cc2-4d04-93ff-aecec4024493 req-efa5f4e8-4cc2-4d04-93ff-aecec4024493 ] Request (ServersListShow2100Test:test_list_show_rebuild_update_server_2100): 200 GET http://10.180.1.21/compute/v2.1/servers/c43ee496-ab93-4b23-951b-275c17b41b3f 0.100s
2025-04-17 14:42:20.808 70802 INFO tempest.lib.common.rest_client [req-df1223a1-b1c9-452f-b029-48583d703c9d req-df1223a1-b1c9-452f-b029-48583d703c9d ] Request (ServersTestMultiNic:test_verify_multiple_nics_order): 200 GET http://10.180.1.21/compute/v2.1/servers/60d03c81-1473-40f7-b80c-7e57d33fbee8 0.106s
2025-04-17 14:42:20.832 70822 INFO tempest.lib.common.rest_client [req-c071f5f6-c1e3-4f90-b9d2-94fd7c5ae797 req-c071f5f6-c1e3-4f90-b9d2-94fd7c5ae797 ] Request (ServerGroupTestJSON:test_create_server_with_scheduler_hint_group): 200 GET http://10.180.1.21/compute/v2.1/servers/6b746014-b163-4a17-a8c6-4b88eaed0ac1 0.172s
2025-04-17 14:42:20.839 70822 INFO tempest.common.waiters [-] State transition "BUILD/spawning" ==> "ACTIVE/None" after 90 second wait
2025-04-17 14:42:20.877 70844 INFO tempest.lib.common.rest_client [req-7152f32c-31c6-47c1-a400-15e8076f12c2 req-7152f32c-31c6-47c1-a400-15e8076f12c2 ] Request (ServersTestJSON:tearDownClass): 200 GET http://10.180.1.21/compute/v2.1/servers/9f85ffda-955a-48a7-ad50-c704b320b7d3 0.152s
2025-04-17 14:42:20.887 70840 INFO tempest.lib.common.rest_client [req-5dd20bc6-c9d1-4a53-bfc3-fdb58ed336d2 req-5dd20bc6-c9d1-4a53-bfc3-fdb58ed336d2 ] Request (AttachInterfacesTestJSON:_run_cleanups): 200 GET http://10.180.1.21/compute/v2.1/servers/9dde88a1-377d-40a4-86d5-587cc3b81532 0.111s
2025-04-17 14:42:20.911 70822 INFO tempest.lib.common.rest_client [req-30fad200-2db9-4edc-9fcc-e9903a82bdaa req-30fad200-2db9-4edc-9fcc-e9903a82bdaa ] Request (ServerGroupTestJSON:test_create_server_with_scheduler_hint_group): 200 GET http://10.180.1.21/compute/v2.1/os-server-groups/11bc3a9f-7e2c-4b49-af2e-a6ab78403862 0.071s
2025-04-17 14:42:20.983 70820 INFO tempest.lib.common.rest_client [req-4c821b87-6003-4b9f-998e-388fda90dc02 req-4c821b87-6003-4b9f-998e-388fda90dc02 ] Request (ImagesTestJSON:test_create_image_from_suspended_server): 200 GET http://10.180.1.21/compute/v2.1/servers/97aa0528-ea97-494e-8563-d4dc7d92f96f 0.104s
2025-04-17 14:42:21.009 70833 INFO tempest.lib.common.rest_client [req-e1f4ad6c-64f0-4582-82df-9da18a582695 req-e1f4ad6c-64f0-4582-82df-9da18a582695 ] Request (ImagesOneServerNegativeTestJSON:_run_cleanups): 200 GET http://10.180.1.21/compute/v2.1/servers/527062ee-0659-45a7-96c8-1c8d6f272b86 0.169s
2025-04-17 14:42:21.017 70833 INFO tempest.common.waiters [-] State transition "BUILD/spawning" ==> "ACTIVE/None" after 88 second wait
2025-04-17 14:42:21.061 70808 INFO tempest.lib.common.rest_client [req-d890064e-64d0-4ddb-9961-c7a0cf76ea46 req-d890064e-64d0-4ddb-9961-c7a0cf76ea46 ] Request (ServersAdminNegativeTestJSON:test_migrate_server_invalid_state): 200 GET http://10.180.1.21/compute/v2.1/servers/8893e014-3c12-4a40-a955-6db575e3e926 0.123s
2025-04-17 14:42:21.070 70822 INFO tempest.lib.common.rest_client [req-f6b518bc-a173-490b-add5-c5458b252041 req-f6b518bc-a173-490b-add5-c5458b252041 ] Request (ServerGroupTestJSON:_run_cleanups): 204 DELETE http://10.180.1.21/compute/v2.1/servers/6b746014-b163-4a17-a8c6-4b88eaed0ac1 0.157s
2025-04-17 14:42:21.218 70833 INFO tempest.lib.common.rest_client [req-10efbac8-66f1-4cb0-8c47-969edc7a1308 req-10efbac8-66f1-4cb0-8c47-969edc7a1308 ] Request (ImagesOneServerNegativeTestJSON:setUp): 200 GET http://10.180.1.21/compute/v2.1/servers/527062ee-0659-45a7-96c8-1c8d6f272b86 0.199s
2025-04-17 14:42:21.231 70822 INFO tempest.lib.common.rest_client [req-643ff890-32c5-4525-b2d0-7fed02803abf req-643ff890-32c5-4525-b2d0-7fed02803abf ] Request (ServerGroupTestJSON:_run_cleanups): 200 GET http://10.180.1.21/compute/v2.1/servers/6b746014-b163-4a17-a8c6-4b88eaed0ac1 0.160s
2025-04-17 14:42:21.304 70810 INFO tempest.lib.common.rest_client [req-ccae8ee8-2252-4e8e-b171-86f61bfa615f req-ccae8ee8-2252-4e8e-b171-86f61bfa615f ] Request (FloatingIPsAssociationTestJSON:tearDownClass): 200 GET http://10.180.1.21/compute/v2.1/servers/77c84798-aa60-45c9-903b-42ce69e2d371 0.183s
2025-04-17 14:42:21.358 70848 INFO tempest.lib.common.rest_client [req-96129e63-edc8-4823-8409-7498dc0f0e48 req-96129e63-edc8-4823-8409-7498dc0f0e48 ] Request (ServerActionsTestOtherB:test_resize_server_confirm_from_stopped): 200 GET http://10.180.1.21/compute/v2.1/servers/7586d90c-26f8-4054-8574-e4585eaadc45 0.193s
2025-04-17 14:42:21.365 70846 INFO tempest.lib.common.rest_client [req-07ba085b-43dd-4fac-bbba-0f6206f83c6d req-07ba085b-43dd-4fac-bbba-0f6206f83c6d ] Request (ImagesOneServerTestJSON:setUpClass): 200 GET http://10.180.1.21/compute/v2.1/servers/e86ddc51-1d63-44d5-bfbe-0bd486092869 0.184s
2025-04-17 14:42:21.432 70838 INFO tempest.lib.common.rest_client [req-377af6cf-982a-469c-b017-2dda435d17c0 req-377af6cf-982a-469c-b017-2dda435d17c0 ] Request (ImagesNegativeTestJSON:test_create_image_from_deleted_server): 200 GET http://10.180.1.21/compute/v2.1/servers/157588be-543f-4b12-93de-201a9d8fc10e 0.200s
2025-04-17 14:42:21.498 70814 INFO tempest.lib.common.rest_client [req-c78c6b96-0103-46ae-88f0-fbf88e68f9ce req-c78c6b96-0103-46ae-88f0-fbf88e68f9ce ] Request (MigrationsAdminTest:test_resize_server_revert_deleted_flavor): 200 GET http://10.180.1.21/compute/v2.1/servers/2671b8d3-14fe-439c-9f4e-e22ab8bcb498 0.249s
2025-04-17 14:42:21.833 70833 INFO tempest.lib.common.rest_client [req-0b0e13e7-3da4-4970-b4e8-bc361434660a req-0b0e13e7-3da4-4970-b4e8-bc361434660a ] Request (ImagesOneServerNegativeTestJSON:test_delete_image_that_is_not_yet_active): 202 POST http://10.180.1.21/compute/v2.1/servers/527062ee-0659-45a7-96c8-1c8d6f272b86/action 0.608s
2025-04-17 14:42:21.873 70842 INFO tempest.lib.common.rest_client [req-3ee63182-19b9-4173-b6af-454ced5cea59 req-3ee63182-19b9-4173-b6af-454ced5cea59 ] Request (ServerRescueTestJSON:setUpClass): 200 GET http://10.180.1.21/compute/v2.1/servers/f61abfde-68ff-497e-8a99-cfae352de144 0.584s
2025-04-17 14:42:21.885 70842 INFO tempest.common.waiters [-] State transition "BUILD/None" ==> "BUILD/block_device_mapping" after 77 second wait
2025-04-17 14:42:21.905 70836 INFO tempest.lib.common.rest_client [req-8d4bf0a1-ddd0-42d8-8e6d-d6655b06b98f req-8d4bf0a1-ddd0-42d8-8e6d-d6655b06b98f ] Request (ServerShowV257Test:test_rebuild_server): 200 GET http://10.180.1.21/compute/v2.1/servers/638038d2-367a-4b34-96fa-9117c427a22d 0.595s
2025-04-17 14:42:21.932 70818 INFO tempest.lib.common.rest_client [req-0947dfc5-120b-4a60-8425-f80cdc5fcb26 req-0947dfc5-120b-4a60-8425-f80cdc5fcb26 ] Request (ServersTestJSON:test_create_specify_keypair): 200 GET http://10.180.1.21/compute/v2.1/servers/c1e9b301-c1ee-47f1-8c47-7cb59cd95b15 0.569s
2025-04-17 14:42:21.961 70858 INFO tempest.lib.common.rest_client [req-67ad6130-052f-4007-b6ff-d8ae5b73e22e req-67ad6130-052f-4007-b6ff-d8ae5b73e22e ] Request (ServersAdminTestJSON:test_inject_network_info): 200 GET http://10.180.1.21/compute/v2.1/servers/1c1a03ee-0c26-464c-8f65-c093a73c833c 0.577s
2025-04-17 14:42:22.021 70816 INFO tempest.lib.common.rest_client [req-732b0f9d-6c7e-472e-9b51-4ec15128ee89 req-732b0f9d-6c7e-472e-9b51-4ec15128ee89 ] Request (ListServerFiltersTestJSON:tearDownClass): 200 GET http://10.180.1.21/compute/v2.1/servers/9e3b77e5-dd06-4b6a-8660-97d1e62adb4a 0.582s
2025-04-17 14:42:22.204 70828 INFO tempest.lib.common.rest_client [req-d0b41cbd-3e8c-49a1-9df6-bc0d778f4bfa req-d0b41cbd-3e8c-49a1-9df6-bc0d778f4bfa ] Request (AttachVolumeShelveTestJSON:test_attach_volume_shelved_or_offload_server): 200 GET http://10.180.1.21/compute/v2.1/servers/a3b5021f-9d1b-4462-8c6c-35dc0e3fa6ff 0.562s
2025-04-17 14:42:22.231 70826 INFO tempest.lib.common.rest_client [req-0b4d612c-2a37-42a1-af81-a8d03b44cc5d req-0b4d612c-2a37-42a1-af81-a8d03b44cc5d ] Request (MultipleCreateTestJSON:test_multiple_create): 200 GET http://10.180.1.21/compute/v2.1/servers/e175f923-53c0-4e4c-875d-2e6d4e08714a 0.594s
2025-04-17 14:42:22.246 70854 INFO tempest.lib.common.rest_client [req-058ade5b-cf31-4bfd-9afd-af1114a0daf5 req-058ade5b-cf31-4bfd-9afd-af1114a0daf5 ] Request (ListImageFiltersTestJSON:setUpClass): 200 GET http://10.180.1.21/compute/v2.1/images/a58041a0-6d0c-4611-920f-5a112c0b9cea 0.578s
2025-04-17 14:42:22.307 70852 INFO tempest.lib.common.rest_client [req-1f1acc03-ce8d-48ed-897f-4e6cbe0ec14e req-1f1acc03-ce8d-48ed-897f-4e6cbe0ec14e ] Request (VolumesAdminNegativeTest:test_update_attached_volume_with_nonexistent_volume_in_uri): 200 GET http://10.180.1.21/compute/v2.1/servers/a97dc332-4c51-4dcc-ac42-0b477aca5e3c 0.609s
2025-04-17 14:42:22.319 70862 INFO tempest.lib.common.rest_client [req-2f205eab-34a9-47f6-8393-8d4016ece283 req-2f205eab-34a9-47f6-8393-8d4016ece283 ] Request (DeleteServersTestJSON:test_delete_server_while_in_shelved_state): 200 GET http://10.180.1.21/compute/v2.1/servers/09654360-da5a-43e8-b884-e6423345750b 0.588s
2025-04-17 14:42:22.326 70862 INFO tempest.common.waiters [-] State transition "BUILD/scheduling" ==> "BUILD/None" after 52 second wait
2025-04-17 14:42:22.403 70824 INFO tempest.lib.common.rest_client [req-3f1c52b6-0c6f-4579-aa43-85ac19cc9356 req-3f1c52b6-0c6f-4579-aa43-85ac19cc9356 ] Request (ServersListShow2100Test:test_list_show_rebuild_update_server_2100): 200 GET http://10.180.1.21/compute/v2.1/servers/c43ee496-ab93-4b23-951b-275c17b41b3f 0.628s
