2025-04-17 14:40:23.482 70812 INFO tempest.lib.common.rest_client [req-da432fa3-b6c0-4a90-b84d-9ff7f1bc565f req-da432fa3-b6c0-4a90-b84d-9ff7f1bc565f ] Request (InstanceActionsV221TestJSON:test_get_list_deleted_instance_actions): 200 GET http://10.180.1.21/compute/v2.1/servers/375bd3df-c0cc-48ac-81a4-7a9133f5fd56 1.451s
2025-04-17 14:40:23.505 70850 INFO tempest.lib.common.rest_client [req-356f1355-6886-40a2-aece-c7e5d9d194f4 req-356f1355-6886-40a2-aece-c7e5d9d194f4 ] Request (ServerActionsTestJSON:setUpClass): 200 GET http://10.180.1.21/compute/v2.1/servers/31adb50e-33e9-40cc-a8dc-14985336b34a 1.403s
2025-04-17 14:40:23.708 70826 INFO tempest.lib.common.rest_client [req-e8a7fd5e-d730-4134-9210-46683df7f790 req-e8a7fd5e-d730-4134-9210-46683df7f790 ] Request (SecurityGroupsTestAdminJSON:test_list_security_groups_list_all_tenants_filter): 200 POST http://10.180.1.21/compute/v2.1/os-security-groups 1.513s
2025-04-17 14:40:23.840 70854 INFO tempest.lib.common.rest_client [req-c42d7ec3-39a2-4dbe-ba01-dd64c4619f27 req-c42d7ec3-39a2-4dbe-ba01-dd64c4619f27 ] Request (ListImageFiltersTestJSON:setUpClass): 202 POST http://10.180.1.21/compute/v2.1/servers 1.686s
2025-04-17 14:40:23.899 70840 INFO tempest.lib.common.rest_client [req-b4ed0889-34eb-4d03-ab06-89ad2dd36f00 req-b4ed0889-34eb-4d03-ab06-89ad2dd36f00 ] Request (AttachInterfacesTestJSON:test_create_list_show_delete_interfaces_by_fixed_ip): 200 GET http://10.180.1.21/compute/v2.1/servers/9dde88a1-377d-40a4-86d5-587cc3b81532 1.672s
2025-04-17 14:40:23.966 70824 INFO tempest.lib.common.rest_client [req-9b85a6e2-3425-45e5-aec4-2a9457aac231 req-9b85a6e2-3425-45e5-aec4-2a9457aac231 ] Request (ServerMetadataNegativeTestJSON:tearDownClass): 204 DELETE http://10.180.1.21/compute/v2.1/servers/42a9d8ed-30da-4630-b4d0-c7a73214ada3 1.614s
2025-04-17 14:40:24.058 70818 INFO tempest.lib.common.rest_client [req-aef6d44c-bdae-43d3-a002-533559048614 req-aef6d44c-bdae-43d3-a002-533559048614 ] Request (ServersTestJSON:test_create_server_with_ipv6_addr_only): 200 GET http://10.180.1.21/compute/v2.1/servers/fa971009-4d0a-4b6b-9440-9c34feb6d32d 1.570s
2025-04-17 14:40:24.062 70848 WARNING tempest.lib.common.ssh [-] Failed to establish authenticated ssh connection to cirros@10.180.180.251 ([Errno None] Unable to connect to port 22 on 10.180.180.251). Number attempts: 1. Retry after 2 seconds.: paramiko.ssh_exception.NoValidConnectionsError: [Errno None] Unable to connect to port 22 on 10.180.180.251
2025-04-17 14:40:24.161 70833 INFO tempest.lib.common.rest_client [req-88db8450-b200-42fa-91df-2ab819a4de88 req-88db8450-b200-42fa-91df-2ab819a4de88 ] Request (ImagesOneServerNegativeTestJSON:_run_cleanups): 200 GET http://10.180.1.21/compute/v2.1/servers/bcc80b1e-7f74-4c7b-b490-ec70a0474f01 1.590s
2025-04-17 14:40:24.192 70814 INFO tempest.lib.common.rest_client [req-1fd71620-ecd2-48b1-a2e1-f1b69bb70801 req-1fd71620-ecd2-48b1-a2e1-f1b69bb70801 ] Request (MigrationsAdminTest:test_list_migrations_in_flavor_resize_situation): 200 GET http://10.180.1.21/compute/v2.1/servers/7d971534-4425-456e-83e4-7c8d9ed7f435 1.805s
2025-04-17 14:40:24.232 70822 INFO tempest.lib.common.rest_client [req-e6aeeef7-e52c-4356-8398-8a9724b071fe req-e6aeeef7-e52c-4356-8398-8a9724b071fe ] Request (ImagesMetadataTestJSON:test_delete_image_metadata_item): 200 GET http://10.180.1.21/compute/v2.1/images/8ddae159-09c2-4023-aff7-ab10fd53eb55/metadata 1.654s
2025-04-17 14:40:24.322 70844 INFO tempest.lib.common.rest_client [req-7d078939-929a-4e19-8716-247aa9496c07 req-7d078939-929a-4e19-8716-247aa9496c07 ] Request (ServersTestJSON:setUpClass): 200 GET http://10.180.1.21/compute/v2.1/servers/9f85ffda-955a-48a7-ad50-c704b320b7d3 1.681s
2025-04-17 14:40:24.323 70834 INFO tempest.lib.common.rest_client [req-6492a23f-a0cd-46ae-831b-d91869af7382 req-6492a23f-a0cd-46ae-831b-d91869af7382 ] Request (ServerShowV254Test:test_rebuild_server): 200 GET http://10.180.1.21/compute/v2.1/servers/126e670b-cfa9-4316-b2e1-a6782d2b3684 1.621s
2025-04-17 14:40:24.400 70846 INFO tempest.lib.common.rest_client [req-b8c52552-8e78-48bd-bd07-eaf5768b47fe req-b8c52552-8e78-48bd-bd07-eaf5768b47fe ] Request (DeleteServersAdminTestJSON:test_delete_server_while_in_error_state): 202 POST http://10.180.1.21/compute/v2.1/servers/3b9cca60-6e8d-489e-800a-5277edfc0d3a/action 1.680s
2025-04-17 14:40:24.408 70816 INFO tempest.lib.common.rest_client [req-24782231-ed39-41ed-aa16-cb5b404f10cb req-24782231-ed39-41ed-aa16-cb5b404f10cb ] Request (ListServerFiltersTestJSON:setUpClass): 200 GET http://10.180.1.21/compute/v2.1/servers/9e3b77e5-dd06-4b6a-8660-97d1e62adb4a 1.653s
2025-04-17 14:40:24.483 70830 INFO tempest.lib.common.rest_client [req-e41f7505-4ecc-4a99-8750-f2be8ded6ab7 req-e41f7505-4ecc-4a99-8750-f2be8ded6ab7 ] Request (ServersAaction247Test:test_create_backup): 200 GET http://10.180.1.21/compute/v2.1/servers/e5585d3f-b6f3-4f69-8618-ad365b32f71a 1.303s
2025-04-17 14:40:24.487 70838 INFO tempest.lib.common.rest_client [req-2fa7a196-5891-4a3d-beb4-29b70422fc4e req-2fa7a196-5891-4a3d-beb4-29b70422fc4e ] Request (ServersAdmin275Test:tearDownClass): 200 GET http://10.180.1.21/compute/v2.1/servers/8b06d01e-de2a-402a-bd39-637ce148e693 1.720s
2025-04-17 14:40:24.542 70820 INFO tempest.lib.common.rest_client [req-c0a8ddfb-989e-4bce-b35b-b573bf474490 req-c0a8ddfb-989e-4bce-b35b-b573bf474490 ] Request (ImagesTestJSON:test_create_image_from_stopped_server): 200 GET http://10.180.1.21/compute/v2.1/servers/d2258803-84ff-4bba-af91-5815db4015d7 1.114s
2025-04-17 14:40:24.725 70858 INFO tempest.lib.common.rest_client [req-db12df5d-e752-4ae8-af85-db1b41d615f5 req-db12df5d-e752-4ae8-af85-db1b41d615f5 ] Request (ServersAdminTestJSON:setUpClass): 200 GET http://10.180.1.21/compute/v2.1/servers/223fc274-26bf-4dc7-a435-d368cc004a67 1.372s
2025-04-17 14:40:24.858 70826 INFO tempest.lib.common.rest_client [req-c94e31b7-7be8-4ace-9217-b0c2ce56c4ba req-c94e31b7-7be8-4ace-9217-b0c2ce56c4ba ] Request (SecurityGroupsTestAdminJSON:test_list_security_groups_list_all_tenants_filter): 200 POST http://10.180.1.21/compute/v2.1/os-security-groups 1.146s
2025-04-17 14:40:24.860 70828 INFO tempest.lib.common.rest_client [req-308ab431-cdde-4816-8003-75b4fea35863 req-308ab431-cdde-4816-8003-75b4fea35863 ] Request (InstanceActionsNegativeTestJSON:tearDownClass): 200 GET http://10.180.1.21/compute/v2.1/servers/b56bf94d-594d-4114-81a7-bf972e1ff48f 1.036s
2025-04-17 14:40:24.933 70854 INFO tempest.lib.common.rest_client [req-37b39f27-0aa9-48e4-9641-8da0bafcccf0 req-37b39f27-0aa9-48e4-9641-8da0bafcccf0 ] Request (ListImageFiltersTestJSON:setUpClass): 200 GET http://10.180.1.21/compute/v2.1/servers/58c2aa58-cefc-47ad-a6b2-1e266167c867 1.092s
2025-04-17 14:40:24.944 70802 INFO tempest.lib.common.rest_client [req-63df88ee-9740-4958-af41-78271b507a46 req-63df88ee-9740-4958-af41-78271b507a46 ] Request (ServersTestMultiNic:test_verify_duplicate_network_nics): 200 GET http://10.180.1.21/compute/v2.1/servers/4f732036-4f32-4829-bda3-c341355fd0b5 1.052s
2025-04-17 14:40:25.001 70810 INFO tempest.lib.common.rest_client [req-37aee9a5-5c7d-4323-bd13-372fe5c57389 req-37aee9a5-5c7d-4323-bd13-372fe5c57389 ] Request (FloatingIPsAssociationTestJSON:test_associate_already_associated_floating_ip): 200 GET http://10.180.1.21/compute/v2.1/servers/4732ccdb-9242-4feb-a4c4-ec145ae5a7cc 1.046s
2025-04-17 14:40:25.065 70842 INFO tempest.lib.common.rest_client [req-82929573-c2ee-4454-85c3-87579a57dc00 req-82929573-c2ee-4454-85c3-87579a57dc00 ] Request (ServersV294TestFqdnHostnames:tearDownClass): 200 GET http://10.180.1.21/compute/v2.1/servers/45512c2a-1c78-4f50-a995-01ec8108fe38 1.084s
2025-04-17 14:40:25.115 70824 INFO tempest.lib.common.rest_client [req-f6c1ee63-bea3-4c15-8789-1d8911e1ab5c req-f6c1ee63-bea3-4c15-8789-1d8911e1ab5c ] Request (ServerMetadataNegativeTestJSON:tearDownClass): 200 GET http://10.180.1.21/compute/v2.1/servers/42a9d8ed-30da-4630-b4d0-c7a73214ada3 1.149s
2025-04-17 14:40:25.158 70836 INFO tempest.lib.common.rest_client [req-a3e8a3f3-0856-4d8d-8349-d2bd492a1d3a req-a3e8a3f3-0856-4d8d-8349-d2bd492a1d3a ] Request (ServersListShow298Test:tearDownClass): 200 GET http://10.180.1.21/compute/v2.1/servers/59d0c92a-a41f-4eae-b381-8f11d1f68197 1.102s
2025-04-17 14:40:25.220 70808 INFO tempest.lib.common.rest_client [req-bad87c14-c577-4d38-a691-6ad7a3d1f089 req-bad87c14-c577-4d38-a691-6ad7a3d1f089 ] Request (ServersAdminNegativeTestJSON:setUpClass): 200 GET http://10.180.1.21/compute/v2.1/servers/de35e055-451f-4c4b-ab3a-9b5b6baa529c 0.932s
2025-04-17 14:40:25.317 70862 INFO tempest.lib.common.rest_client [req-e31bc6d0-86c7-4baf-b5e1-cc1f191b6994 req-e31bc6d0-86c7-4baf-b5e1-cc1f191b6994 ] Request (DeleteServersTestJSON:test_delete_server_while_in_attached_volume): 200 GET http://10.180.1.21/compute/v2.1/servers/3b9942d2-ff9e-4e8b-8d04-7f191d9563ff 0.983s
2025-04-17 14:40:25.386 70852 INFO tempest.lib.common.rest_client [req-6999d7b9-8425-4bb4-b6bb-b2384686ee6f req-6999d7b9-8425-4bb4-b6bb-b2384686ee6f ] Request (VolumesAdminNegativeTest:test_update_attached_volume_with_nonexistent_volume_in_body): 200 GET http://10.180.1.21/compute/v2.1/servers/e630f6cf-d91f-4ce9-a01e-a508523990ef 0.990s
2025-04-17 14:40:25.415 70822 INFO tempest.lib.common.rest_client [req-7eab5482-4763-4328-a897-aae438affbc9 req-7eab5482-4763-4328-a897-aae438affbc9 ] Request (ImagesMetadataTestJSON:setUp): 200 PUT http://10.180.1.21/compute/v2.1/images/8ddae159-09c2-4023-aff7-ab10fd53eb55/metadata 1.181s
2025-04-17 14:40:25.441 70864 INFO tempest.lib.common.rest_client [req-6c570d17-771b-4a74-8093-99b168c8a831 req-6c570d17-771b-4a74-8093-99b168c8a831 ] Request (ServerDiagnosticsV248Test:tearDownClass): 404 GET http://10.180.1.21/compute/v2.1/servers/5b8c2868-a8cc-48aa-894f-c0051e167bde 1.006s
2025-04-17 14:40:25.519 70860 INFO tempest.lib.common.rest_client [req-aede40ba-6dfd-422b-a68e-c93cacbd677f req-aede40ba-6dfd-422b-a68e-c93cacbd677f ] Request (InstanceActionsTestJSON:setUpClass): 200 GET http://10.180.1.21/compute/v2.1/servers/2de27262-fff1-459f-8a3a-555d09be09ff 1.065s
2025-04-17 14:40:25.528 70846 INFO tempest.lib.common.rest_client [req-b1a0ae7f-fc11-41c8-97df-7d06be2bd554 req-b1a0ae7f-fc11-41c8-97df-7d06be2bd554 ] Request (DeleteServersAdminTestJSON:test_delete_server_while_in_error_state): 200 GET http://10.180.1.21/compute/v2.1/servers/3b9cca60-6e8d-489e-800a-5277edfc0d3a 1.127s
2025-04-17 14:40:25.580 70812 INFO tempest.lib.common.rest_client [req-3ff6bbdb-d641-4861-adf4-3b886ec4f32a req-3ff6bbdb-d641-4861-adf4-3b886ec4f32a ] Request (InstanceActionsV221TestJSON:test_get_list_deleted_instance_actions): 200 GET http://10.180.1.21/compute/v2.1/servers/375bd3df-c0cc-48ac-81a4-7a9133f5fd56 1.088s
2025-04-17 14:40:25.588 70850 INFO tempest.lib.common.rest_client [req-bde318b3-a40f-4471-aad5-676a155f4c4e req-bde318b3-a40f-4471-aad5-676a155f4c4e ] Request (ServerActionsTestJSON:setUpClass): 200 GET http://10.180.1.21/compute/v2.1/servers/31adb50e-33e9-40cc-a8dc-14985336b34a 1.074s
2025-04-17 14:40:25.666 70864 INFO tempest.lib.common.rest_client [req-8b583e8b-7fdd-45cb-9a66-377d9192429f req-8b583e8b-7fdd-45cb-9a66-377d9192429f ] Request (ServerDiagnosticsV248Test:tearDownClass): 204 DELETE http://10.180.1.21/identity/v3/users/b4a6824a879a4880bdc361ab0ea49fdc 0.224s
2025-04-17 14:40:25.776 70826 INFO tempest.lib.common.rest_client [req-6815ae78-eed2-4de3-80dd-65317688a52f req-6815ae78-eed2-4de3-80dd-65317688a52f ] Request (SecurityGroupsTestAdminJSON:test_list_security_groups_list_all_tenants_filter): 200 POST http://10.180.1.21/compute/v2.1/os-security-groups 0.916s
2025-04-17 14:40:25.781 70864 INFO tempest.lib.common.rest_client [req-34816280-273d-435e-8aa0-176995c63883 req-34816280-273d-435e-8aa0-176995c63883 ] Request (ServerDiagnosticsV248Test:tearDownClass): 204 DELETE http://10.180.1.21/identity/v3/users/6da17a3bf7cd4c67accce201382c7cd8 0.115s
2025-04-17 14:40:25.782 70864 INFO tempest.lib.common.dynamic_creds [-] Deleting project and security group for project: 49497a598c484abeb77c57249b744eb3
2025-04-17 14:40:25.800 70840 INFO tempest.lib.common.rest_client [req-f2615396-f8c8-4bd9-9e65-4ec716c5fe48 req-f2615396-f8c8-4bd9-9e65-4ec716c5fe48 ] Request (AttachInterfacesTestJSON:test_create_list_show_delete_interfaces_by_fixed_ip): 200 GET http://10.180.1.21/compute/v2.1/servers/9dde88a1-377d-40a4-86d5-587cc3b81532 0.888s
2025-04-17 14:40:25.842 70864 INFO tempest.lib.common.rest_client [req-e739c5d7-8b4d-4f98-a72b-17a009ec3676 req-e739c5d7-8b4d-4f98-a72b-17a009ec3676 ] Request (ServerDiagnosticsV248Test:tearDownClass): 201 POST http://10.180.1.21/identity/v3/auth/tokens 0.060s
2025-04-17 14:40:25.860 70818 INFO tempest.lib.common.rest_client [req-cf2be5cf-34f8-47d3-b806-4a4229e2fc76 req-cf2be5cf-34f8-47d3-b806-4a4229e2fc76 ] Request (ServersTestJSON:test_create_server_with_ipv6_addr_only): 200 GET http://10.180.1.21/compute/v2.1/servers/fa971009-4d0a-4b6b-9440-9c34feb6d32d 0.793s
2025-04-17 14:40:25.873 70833 INFO tempest.lib.common.rest_client [req-07626286-48c5-4d64-9e06-4bf25c1be0f8 req-07626286-48c5-4d64-9e06-4bf25c1be0f8 ] Request (ImagesOneServerNegativeTestJSON:_run_cleanups): 200 GET http://10.180.1.21/compute/v2.1/servers/bcc80b1e-7f74-4c7b-b490-ec70a0474f01 0.702s
2025-04-17 14:40:25.960 70814 INFO tempest.lib.common.rest_client [req-5b4da179-ffc1-4697-909f-3e542a8a8367 req-5b4da179-ffc1-4697-909f-3e542a8a8367 ] Request (MigrationsAdminTest:test_list_migrations_in_flavor_resize_situation): 200 GET http://10.180.1.21/compute/v2.1/servers/7d971534-4425-456e-83e4-7c8d9ed7f435 0.756s
2025-04-17 14:40:25.973 70834 INFO tempest.lib.common.rest_client [req-b5ab0f8c-cefc-41bf-ba2b-0e154ea303b5 req-b5ab0f8c-cefc-41bf-ba2b-0e154ea303b5 ] Request (ServerShowV254Test:test_rebuild_server): 200 GET http://10.180.1.21/compute/v2.1/servers/126e670b-cfa9-4316-b2e1-a6782d2b3684 0.638s
2025-04-17 14:40:26.027 70844 INFO tempest.lib.common.rest_client [req-aea4083e-1cf4-4da2-828a-0c0e1fb5a060 req-aea4083e-1cf4-4da2-828a-0c0e1fb5a060 ] Request (ServersTestJSON:setUpClass): 200 GET http://10.180.1.21/compute/v2.1/servers/9f85ffda-955a-48a7-ad50-c704b320b7d3 0.691s
2025-04-17 14:40:26.031 70864 INFO tempest.lib.common.rest_client [req-6566ec67-c51a-46a7-89db-8b4af84faa5a req-6566ec67-c51a-46a7-89db-8b4af84faa5a ] Request (ServerDiagnosticsV248Test:tearDownClass): 200 GET http://10.180.1.21:9696/networking/v2.0/security-groups?tenant_id=49497a598c484abeb77c57249b744eb3&name=default 0.188s
2025-04-17 14:40:26.036 70822 INFO tempest.lib.common.rest_client [req-d6e51ad7-8aed-4fd7-9567-5d7fc0ff8c42 req-d6e51ad7-8aed-4fd7-9567-5d7fc0ff8c42 ] Request (ImagesMetadataTestJSON:test_get_image_metadata_item): 200 GET http://10.180.1.21/compute/v2.1/images/8ddae159-09c2-4023-aff7-ab10fd53eb55/metadata/os_distro 0.619s
2025-04-17 14:40:26.087 70816 INFO tempest.lib.common.rest_client [req-1751df8b-2cd8-4cdc-9a88-d7867f6111db req-1751df8b-2cd8-4cdc-9a88-d7867f6111db ] Request (ListServerFiltersTestJSON:setUpClass): 200 GET http://10.180.1.21/compute/v2.1/servers/9e3b77e5-dd06-4b6a-8660-97d1e62adb4a 0.667s
2025-04-17 14:40:26.093 70830 INFO tempest.lib.common.rest_client [req-7c63fa3f-08fd-4165-bc17-4cc69d5d3612 req-7c63fa3f-08fd-4165-bc17-4cc69d5d3612 ] Request (ServersAaction247Test:test_create_backup): 200 GET http://10.180.1.21/compute/v2.1/servers/e5585d3f-b6f3-4f69-8618-ad365b32f71a 0.596s
2025-04-17 14:40:26.153 70838 INFO tempest.lib.common.rest_client [req-d84a72f9-00ec-4a9f-90ed-f10d60bc84eb req-d84a72f9-00ec-4a9f-90ed-f10d60bc84eb ] Request (ServersAdmin275Test:tearDownClass): 200 GET http://10.180.1.21/compute/v2.1/servers/8b06d01e-de2a-402a-bd39-637ce148e693 0.654s
2025-04-17 14:40:26.201 70864 INFO tempest.lib.common.rest_client [req-315f6a00-9575-43f9-bd92-b156a10343ec req-315f6a00-9575-43f9-bd92-b156a10343ec ] Request (ServerDiagnosticsV248Test:tearDownClass): 204 DELETE http://10.180.1.21:9696/networking/v2.0/security-groups/e7682037-5e29-4a1f-a849-18ab64246349 0.169s
2025-04-17 14:40:26.207 70820 INFO tempest.lib.common.rest_client [req-cff44dc7-262f-4760-a73a-cfb4785e0491 req-cff44dc7-262f-4760-a73a-cfb4785e0491 ] Request (ImagesTestJSON:test_create_image_from_stopped_server): 200 GET http://10.180.1.21/compute/v2.1/servers/d2258803-84ff-4bba-af91-5815db4015d7 0.658s
2025-04-17 14:40:26.219 70846 INFO tempest.lib.common.rest_client [req-3aaa3326-2431-4f99-a5e6-fb0844b2692a req-3aaa3326-2431-4f99-a5e6-fb0844b2692a ] Request (DeleteServersAdminTestJSON:test_delete_server_while_in_error_state): 204 DELETE http://10.180.1.21/compute/v2.1/servers/3b9cca60-6e8d-489e-800a-5277edfc0d3a 0.683s
2025-04-17 14:40:26.335 70864 INFO tempest.lib.common.rest_client [req-16d7e9d7-2829-4c96-bb74-5b5bab7e0ac6 req-16d7e9d7-2829-4c96-bb74-5b5bab7e0ac6 ] Request (ServerDiagnosticsV248Test:tearDownClass): 204 DELETE http://10.180.1.21/identity/v3/projects/49497a598c484abeb77c57249b744eb3 0.134s
2025-04-17 14:40:26.335 70864 INFO tempest.lib.common.dynamic_creds [-] Deleting project and security group for project: ffd6067fef23463faba17f80eb7a104f
2025-04-17 14:40:26.437 70858 INFO tempest.lib.common.rest_client [req-0ad1ee91-2f65-4117-a889-7453b932abbe req-0ad1ee91-2f65-4117-a889-7453b932abbe ] Request (ServersAdminTestJSON:setUpClass): 200 GET http://10.180.1.21/compute/v2.1/servers/223fc274-26bf-4dc7-a435-d368cc004a67 0.703s
2025-04-17 14:40:26.575 70828 INFO tempest.lib.common.rest_client [req-bedd0b8e-813b-496d-be69-2ecfa58acff1 req-bedd0b8e-813b-496d-be69-2ecfa58acff1 ] Request (InstanceActionsNegativeTestJSON:tearDownClass): 200 GET http://10.180.1.21/compute/v2.1/servers/b56bf94d-594d-4114-81a7-bf972e1ff48f 0.705s
2025-04-17 14:40:26.585 70864 INFO tempest.lib.common.rest_client [req-847927d6-1316-4019-a254-cc57133df846 req-847927d6-1316-4019-a254-cc57133df846 ] Request (ServerDiagnosticsV248Test:tearDownClass): 200 GET http://10.180.1.21:9696/networking/v2.0/security-groups?tenant_id=ffd6067fef23463faba17f80eb7a104f&name=default 0.250s
2025-04-17 14:40:26.658 70854 INFO tempest.lib.common.rest_client [req-4f8bead6-c41e-4737-848c-3a121585c8c0 req-4f8bead6-c41e-4737-848c-3a121585c8c0 ] Request (ListImageFiltersTestJSON:setUpClass): 200 GET http://10.180.1.21/compute/v2.1/servers/58c2aa58-cefc-47ad-a6b2-1e266167c867 0.714s
2025-04-17 14:40:26.732 70802 INFO tempest.lib.common.rest_client [req-4cc8d53b-f927-465b-a910-8996c248785a req-4cc8d53b-f927-465b-a910-8996c248785a ] Request (ServersTestMultiNic:test_verify_duplicate_network_nics): 200 GET http://10.180.1.21/compute/v2.1/servers/4f732036-4f32-4829-bda3-c341355fd0b5 0.778s
2025-04-17 14:40:26.751 70864 INFO tempest.lib.common.rest_client [req-92dc389c-a565-47e0-af06-21f4cbcabde4 req-92dc389c-a565-47e0-af06-21f4cbcabde4 ] Request (ServerDiagnosticsV248Test:tearDownClass): 204 DELETE http://10.180.1.21:9696/networking/v2.0/security-groups/d8a50469-86d1-4461-a832-59bd4fb750af 0.165s
2025-04-17 14:40:26.799 70810 INFO tempest.lib.common.rest_client [req-8d49be9a-6eea-411e-8470-9c17118e1f1c req-8d49be9a-6eea-411e-8470-9c17118e1f1c ] Request (FloatingIPsAssociationTestJSON:test_associate_already_associated_floating_ip): 200 GET http://10.180.1.21/compute/v2.1/servers/4732ccdb-9242-4feb-a4c4-ec145ae5a7cc 0.789s
2025-04-17 14:40:26.960 70864 INFO tempest.lib.common.rest_client [req-4173bd6b-f816-491f-b1ec-feef1921f8fc req-4173bd6b-f816-491f-b1ec-feef1921f8fc ] Request (ServerDiagnosticsV248Test:tearDownClass): 204 DELETE http://10.180.1.21/identity/v3/projects/ffd6067fef23463faba17f80eb7a104f 0.209s
2025-04-17 14:40:27.011 70822 INFO tempest.lib.common.rest_client [req-15545345-0629-4c12-971f-54c9a16750d7 req-15545345-0629-4c12-971f-54c9a16750d7 ] Request (ImagesMetadataTestJSON:setUp): 200 PUT http://10.180.1.21/compute/v2.1/images/8ddae159-09c2-4023-aff7-ab10fd53eb55/metadata 0.973s
2025-04-17 14:40:27.025 70864 INFO tempest.lib.common.rest_client [req-864c1d7e-b618-4702-a8de-65876b19b78a req-864c1d7e-b618-4702-a8de-65876b19b78a ] Request (ImagesMetadataNegativeTestJSON:setUpClass): 201 POST http://10.180.1.21/identity/v3/auth/tokens 0.063s
2025-04-17 14:40:27.063 70864 INFO tempest.lib.common.rest_client [req-c42bc589-78a4-4cbc-99a0-6bcdd2961bea req-c42bc589-78a4-4cbc-99a0-6bcdd2961bea ] Request (ImagesMetadataNegativeTestJSON:setUpClass): 201 POST http://10.180.1.21/identity/v3/auth/tokens 0.035s
2025-04-17 14:40:27.090 70864 INFO tempest.lib.common.rest_client [req-48c95930-f5b2-4761-a5c0-a76dc4284fee req-48c95930-f5b2-4761-a5c0-a76dc4284fee ] Request (ImagesMetadataNegativeTestJSON:setUpClass): 200 GET http://10.180.1.21/identity/v3/domains?name=Default 0.027s
2025-04-17 14:40:27.125 70842 INFO tempest.lib.common.rest_client [req-c24ee2bd-23db-4b42-a58a-21322cb414d0 req-c24ee2bd-23db-4b42-a58a-21322cb414d0 ] Request (ServersV294TestFqdnHostnames:tearDownClass): 200 GET http://10.180.1.21/compute/v2.1/servers/45512c2a-1c78-4f50-a995-01ec8108fe38 1.047s
2025-04-17 14:40:27.134 70848 WARNING tempest.lib.common.ssh [-] Failed to establish authenticated ssh connection to cirros@10.180.180.251 ([Errno None] Unable to connect to port 22 on 10.180.180.251). Number attempts: 2. Retry after 3 seconds.: paramiko.ssh_exception.NoValidConnectionsError: [Errno None] Unable to connect to port 22 on 10.180.180.251
2025-04-17 14:40:27.134 70842 INFO tempest.common.waiters [-] State transition "ACTIVE/deleting" ==> "DELETED/None" after 5 second wait
2025-04-17 14:40:27.135 70864 INFO tempest.lib.common.rest_client [req-1ece86f7-f55e-49ae-bf33-415fb50722ec req-1ece86f7-f55e-49ae-bf33-415fb50722ec ] Request (ImagesMetadataNegativeTestJSON:setUpClass): 201 POST http://10.180.1.21/identity/v3/projects 0.044s
2025-04-17 14:40:27.180 70824 INFO tempest.lib.common.rest_client [req-18c64971-81a8-484f-8e10-c07814b4952c req-18c64971-81a8-484f-8e10-c07814b4952c ] Request (ServerMetadataNegativeTestJSON:tearDownClass): 200 GET http://10.180.1.21/compute/v2.1/servers/42a9d8ed-30da-4630-b4d0-c7a73214ada3 1.054s
2025-04-17 14:40:27.208 70864 INFO tempest.lib.common.rest_client [req-ac0cab52-29cb-403c-b511-aa81f33e286b req-ac0cab52-29cb-403c-b511-aa81f33e286b ] Request (ImagesMetadataNegativeTestJSON:setUpClass): 201 POST http://10.180.1.21/identity/v3/users 0.073s
2025-04-17 14:40:27.242 70864 INFO tempest.lib.common.rest_client [req-513ca031-119c-4b78-8bfc-33e0b4b6c1ee req-513ca031-119c-4b78-8bfc-33e0b4b6c1ee ] Request (ImagesMetadataNegativeTestJSON:setUpClass): 200 GET http://10.180.1.21/identity/v3/roles 0.033s
2025-04-17 14:40:27.264 70836 INFO tempest.lib.common.rest_client [req-9b5ebcfc-cd5b-463d-a567-92a017fdb40f req-9b5ebcfc-cd5b-463d-a567-92a017fdb40f ] Request (ServersListShow298Test:tearDownClass): 200 GET http://10.180.1.21/compute/v2.1/servers/59d0c92a-a41f-4eae-b381-8f11d1f68197 1.091s
2025-04-17 14:40:27.274 70864 INFO tempest.lib.common.rest_client [req-b43ecab9-fd49-4c68-a4fd-0947fe23f62d req-b43ecab9-fd49-4c68-a4fd-0947fe23f62d ] Request (ImagesMetadataNegativeTestJSON:setUpClass): 204 PUT http://10.180.1.21/identity/v3/projects/2d8347b6fdbd471181ff2e731ac8d8f0/users/755b938be10c447b899577f1cd495d52/roles/8ad5a48326e3443c88e4506d9107a889 0.032s
2025-04-17 14:40:27.275 70864 INFO tempest.lib.common.dynamic_creds [-] Dynamic test user 755b938be10c447b899577f1cd495d52 is created with scope project and roles: ['member']
2025-04-17 14:40:27.275 70864 INFO tempest.lib.common.dynamic_creds [-] Acquired dynamic creds: credentials: Credentials: {'domain_id': 'default', 'domain_name': 'Default', 'username': 'tempest-ImagesMetadataNegativeTestJSON-1949012204-project-member', 'project_domain_id': 'default', 'project_domain_name': 'Default', 'project_id': '2d8347b6fdbd471181ff2e731ac8d8f0', 'project_name': 'tempest-ImagesMetadataNegativeTestJSON-1949012204', 'tenant_id': '2d8347b6fdbd471181ff2e731ac8d8f0', 'tenant_name': 'tempest-ImagesMetadataNegativeTestJSON-1949012204', 'user_domain_id': 'default', 'user_domain_name': 'Default', 'user_id': '755b938be10c447b899577f1cd495d52', 'system': None}, Network: None, Subnet: None, Router: None
2025-04-17 14:40:27.275 70864 INFO tempest.lib.common.dynamic_creds [-] Created isolated network resources for: credentials: Credentials: {'domain_id': 'default', 'domain_name': 'Default', 'username': 'tempest-ImagesMetadataNegativeTestJSON-1949012204-project-member', 'project_domain_id': 'default', 'project_domain_name': 'Default', 'project_id': '2d8347b6fdbd471181ff2e731ac8d8f0', 'project_name': 'tempest-ImagesMetadataNegativeTestJSON-1949012204', 'tenant_id': '2d8347b6fdbd471181ff2e731ac8d8f0', 'tenant_name': 'tempest-ImagesMetadataNegativeTestJSON-1949012204', 'user_domain_id': 'default', 'user_domain_name': 'Default', 'user_id': '755b938be10c447b899577f1cd495d52', 'system': None}, Network: None, Subnet: None, Router: None
2025-04-17 14:40:27.375 70864 INFO tempest.lib.common.rest_client [req-7306fee4-5792-4feb-82f1-2cf425560e2a req-7306fee4-5792-4feb-82f1-2cf425560e2a ] Request (ImagesMetadataNegativeTestJSON:setUpClass): 201 POST http://10.180.1.21/identity/v3/auth/tokens 0.097s
2025-04-17 14:40:27.451 70806 WARNING tempest.lib.common.ssh [-] Failed to establish authenticated ssh connection to cirros@10.180.180.234 ([Errno None] Unable to connect to port 22 on 10.180.180.234). Number attempts: 5. Retry after 6 seconds.: paramiko.ssh_exception.NoValidConnectionsError: [Errno None] Unable to connect to port 22 on 10.180.180.234
2025-04-17 14:40:27.469 70846 INFO tempest.lib.common.rest_client [req-decad248-0028-47d0-b6ca-1da81119c45c req-decad248-0028-47d0-b6ca-1da81119c45c ] Request (DeleteServersAdminTestJSON:test_delete_server_while_in_error_state): 200 GET http://10.180.1.21/compute/v2.1/servers/3b9cca60-6e8d-489e-800a-5277edfc0d3a 1.248s
2025-04-17 14:40:27.533 70808 INFO tempest.lib.common.rest_client [req-0848dcba-8872-44ea-b01b-316f1bc67b05 req-0848dcba-8872-44ea-b01b-316f1bc67b05 ] Request (ServersAdminNegativeTestJSON:setUpClass): 200 GET http://10.180.1.21/compute/v2.1/servers/de35e055-451f-4c4b-ab3a-9b5b6baa529c 1.303s
2025-04-17 14:40:27.707 70862 INFO tempest.lib.common.rest_client [req-f780af56-6149-4150-b348-f83276e16763 req-f780af56-6149-4150-b348-f83276e16763 ] Request (DeleteServersTestJSON:test_delete_server_while_in_attached_volume): 200 GET http://10.180.1.21/compute/v2.1/servers/3b9942d2-ff9e-4e8b-8d04-7f191d9563ff 1.382s
2025-04-17 14:40:27.763 70852 INFO tempest.lib.common.rest_client [req-49ecb213-acf5-4f5c-8db3-53141a604653 req-49ecb213-acf5-4f5c-8db3-53141a604653 ] Request (VolumesAdminNegativeTest:test_update_attached_volume_with_nonexistent_volume_in_body): 200 GET http://10.180.1.21/compute/v2.1/servers/e630f6cf-d91f-4ce9-a01e-a508523990ef 1.368s
2025-04-17 14:40:27.813 70860 INFO tempest.lib.common.rest_client [req-5ec06fe3-37c6-42b6-9338-ab8a848f3efd req-5ec06fe3-37c6-42b6-9338-ab8a848f3efd ] Request (InstanceActionsTestJSON:setUpClass): 200 GET http://10.180.1.21/compute/v2.1/servers/2de27262-fff1-459f-8a3a-555d09be09ff 1.286s
2025-04-17 14:40:27.863 70812 INFO tempest.lib.common.rest_client [req-870aa1e2-cdae-43cb-8d79-7b36a63818e2 req-870aa1e2-cdae-43cb-8d79-7b36a63818e2 ] Request (InstanceActionsV221TestJSON:test_get_list_deleted_instance_actions): 200 GET http://10.180.1.21/compute/v2.1/servers/375bd3df-c0cc-48ac-81a4-7a9133f5fd56 1.270s
2025-04-17 14:40:27.909 70850 INFO tempest.lib.common.rest_client [req-f4a02f05-1e77-4e8f-9d1c-e32bce69c5d1 req-f4a02f05-1e77-4e8f-9d1c-e32bce69c5d1 ] Request (ServerActionsTestJSON:setUpClass): 200 GET http://10.180.1.21/compute/v2.1/servers/31adb50e-33e9-40cc-a8dc-14985336b34a 1.313s
2025-04-17 14:40:28.075 70840 INFO tempest.lib.common.rest_client [req-59959261-0c71-4848-9cf4-8890f732663d req-59959261-0c71-4848-9cf4-8890f732663d ] Request (AttachInterfacesTestJSON:test_create_list_show_delete_interfaces_by_fixed_ip): 200 GET http://10.180.1.21/compute/v2.1/servers/9dde88a1-377d-40a4-86d5-587cc3b81532 1.267s
2025-04-17 14:40:28.082 70840 INFO tempest.common.waiters [-] State transition "BUILD/spawning" ==> "ACTIVE/None" after 34 second wait
2025-04-17 14:40:28.229 70818 INFO tempest.lib.common.rest_client [req-66aa9290-4a8f-4c49-b4f5-fcd859a694aa req-66aa9290-4a8f-4c49-b4f5-fcd859a694aa ] Request (ServersTestJSON:test_create_server_with_ipv6_addr_only): 200 GET http://10.180.1.21/compute/v2.1/servers/fa971009-4d0a-4b6b-9440-9c34feb6d32d 1.362s
2025-04-17 14:40:28.236 70818 INFO tempest.common.waiters [-] State transition "BUILD/None" ==> "BUILD/block_device_mapping" after 29 second wait
2025-04-17 14:40:28.321 70833 INFO tempest.lib.common.rest_client [req-3f26d1b4-27f8-41fd-aee2-465ede7d9f13 req-3f26d1b4-27f8-41fd-aee2-465ede7d9f13 ] Request (ImagesOneServerNegativeTestJSON:_run_cleanups): 200 GET http://10.180.1.21/compute/v2.1/servers/bcc80b1e-7f74-4c7b-b490-ec70a0474f01 1.440s
2025-04-17 14:40:28.423 70826 INFO tempest.lib.common.rest_client [req-03dd8002-d367-4aac-8129-8f0754879b43 req-03dd8002-d367-4aac-8129-8f0754879b43 ] Request (SecurityGroupsTestAdminJSON:test_list_security_groups_list_all_tenants_filter): 200 GET http://10.180.1.21/compute/v2.1/os-security-groups?all_tenants=true 2.642s
2025-04-17 14:40:28.439 70814 INFO tempest.lib.common.rest_client [req-8b9de6b5-f04a-4d8b-be06-f30119d9c1ae req-8b9de6b5-f04a-4d8b-be06-f30119d9c1ae ] Request (MigrationsAdminTest:test_list_migrations_in_flavor_resize_situation): 200 GET http://10.180.1.21/compute/v2.1/servers/7d971534-4425-456e-83e4-7c8d9ed7f435 1.471s
2025-04-17 14:40:28.486 70834 INFO tempest.lib.common.rest_client [req-8605f35f-9e0c-427c-b4d4-1e4f5d2f3b3f req-8605f35f-9e0c-427c-b4d4-1e4f5d2f3b3f ] Request (ServerShowV254Test:test_rebuild_server): 200 GET http://10.180.1.21/compute/v2.1/servers/126e670b-cfa9-4316-b2e1-a6782d2b3684 1.502s
2025-04-17 14:40:28.512 70822 INFO tempest.lib.common.rest_client [req-3465eacf-ac86-4225-ba41-30c6a0fa8227 req-3465eacf-ac86-4225-ba41-30c6a0fa8227 ] Request (ImagesMetadataTestJSON:test_list_image_metadata): 200 GET http://10.180.1.21/compute/v2.1/images/8ddae159-09c2-4023-aff7-ab10fd53eb55/metadata 1.500s
2025-04-17 14:40:28.544 70844 INFO tempest.lib.common.rest_client [req-d4769f9d-8f86-49ea-b72c-a9a8c384cd1c req-d4769f9d-8f86-49ea-b72c-a9a8c384cd1c ] Request (ServersTestJSON:setUpClass): 200 GET http://10.180.1.21/compute/v2.1/servers/9f85ffda-955a-48a7-ad50-c704b320b7d3 1.508s
2025-04-17 14:40:28.558 70816 INFO tempest.lib.common.rest_client [req-3222d010-fb7b-45f5-9537-7aa2dc1fceff req-3222d010-fb7b-45f5-9537-7aa2dc1fceff ] Request (ListServerFiltersTestJSON:setUpClass): 200 GET http://10.180.1.21/compute/v2.1/servers/9e3b77e5-dd06-4b6a-8660-97d1e62adb4a 1.463s
2025-04-17 14:40:28.593 70830 INFO tempest.lib.common.rest_client [req-00d20ffc-f156-4a5e-aace-0aba55dd5454 req-00d20ffc-f156-4a5e-aace-0aba55dd5454 ] Request (ServersAaction247Test:test_create_backup): 200 GET http://10.180.1.21/compute/v2.1/servers/e5585d3f-b6f3-4f69-8618-ad365b32f71a 1.488s
2025-04-17 14:40:28.602 70830 INFO tempest.common.waiters [-] State transition "BUILD/scheduling" ==> "BUILD/None" after 16 second wait
2025-04-17 14:40:28.632 70838 INFO tempest.lib.common.rest_client [req-6241c3a4-7a77-472b-af47-697d588233fd req-6241c3a4-7a77-472b-af47-697d588233fd ] Request (ServersAdmin275Test:tearDownClass): 200 GET http://10.180.1.21/compute/v2.1/servers/8b06d01e-de2a-402a-bd39-637ce148e693 1.469s
2025-04-17 14:40:28.662 70820 INFO tempest.lib.common.rest_client [req-35c71db7-4fac-4808-b5a7-e223dcfd01a4 req-35c71db7-4fac-4808-b5a7-e223dcfd01a4 ] Request (ImagesTestJSON:test_create_image_from_stopped_server): 200 GET http://10.180.1.21/compute/v2.1/servers/d2258803-84ff-4bba-af91-5815db4015d7 1.446s
2025-04-17 14:40:28.741 70864 INFO tempest.lib.common.rest_client [req-74002478-72e4-490c-85f4-ff1067f7f180 req-74002478-72e4-490c-85f4-ff1067f7f180 ] Request (ImagesMetadataNegativeTestJSON:test_delete_nonexistent_image_metadata_item): 404 DELETE http://10.180.1.21/compute/v2.1/images/bdfe2dcd-9d90-4435-9598-494a72f5c7c5/metadata/os_distro 1.365s
2025-04-17 14:40:28.763 70858 INFO tempest.lib.common.rest_client [req-b0a64b22-9384-4ef1-914f-2ff0aee4ce03 req-b0a64b22-9384-4ef1-914f-2ff0aee4ce03 ] Request (ServersAdminTestJSON:setUpClass): 200 GET http://10.180.1.21/compute/v2.1/servers/223fc274-26bf-4dc7-a435-d368cc004a67 1.309s
2025-04-17 14:40:28.807 70828 INFO tempest.lib.common.rest_client [req-8e57fca0-8180-47bf-b6b5-003571e41a2a req-8e57fca0-8180-47bf-b6b5-003571e41a2a ] Request (InstanceActionsNegativeTestJSON:tearDownClass): 200 GET http://10.180.1.21/compute/v2.1/servers/b56bf94d-594d-4114-81a7-bf972e1ff48f 1.223s
2025-04-17 14:40:28.834 70854 INFO tempest.lib.common.rest_client [req-f6b23efd-da88-49a2-a59f-4f4d434c9ea4 req-f6b23efd-da88-49a2-a59f-4f4d434c9ea4 ] Request (ListImageFiltersTestJSON:setUpClass): 200 GET http://10.180.1.21/compute/v2.1/servers/58c2aa58-cefc-47ad-a6b2-1e266167c867 1.164s
2025-04-17 14:40:28.859 70802 INFO tempest.lib.common.rest_client [req-a197947c-ae97-4e6b-9670-fb45022d6b3b req-a197947c-ae97-4e6b-9670-fb45022d6b3b ] Request (ServersTestMultiNic:test_verify_duplicate_network_nics): 200 GET http://10.180.1.21/compute/v2.1/servers/4f732036-4f32-4829-bda3-c341355fd0b5 1.112s
2025-04-17 14:40:28.890 70810 INFO tempest.lib.common.rest_client [req-393c37e2-7663-4465-8197-83633ef5d0fb req-393c37e2-7663-4465-8197-83633ef5d0fb ] Request (FloatingIPsAssociationTestJSON:test_associate_already_associated_floating_ip): 200 GET http://10.180.1.21/compute/v2.1/servers/4732ccdb-9242-4feb-a4c4-ec145ae5a7cc 1.083s
2025-04-17 14:40:28.898 70810 INFO tempest.common.waiters [-] State transition "BUILD/scheduling" ==> "BUILD/None" after 15 second wait
2025-04-17 14:40:28.953 70840 INFO tempest.lib.common.rest_client [req-58b75706-ca58-450f-99d7-970734049f54 req-58b75706-ca58-450f-99d7-970734049f54 ] Request (AttachInterfacesTestJSON:test_create_list_show_delete_interfaces_by_fixed_ip): 200 GET http://10.180.1.21/compute/v2.1/servers/9dde88a1-377d-40a4-86d5-587cc3b81532/os-interface 0.870s
2025-04-17 14:40:28.980 70842 INFO tempest.lib.common.rest_client [req-eb31bbe1-421b-4489-95b0-56d43197a428 req-eb31bbe1-421b-4489-95b0-56d43197a428 ] Request (ServersV294TestFqdnHostnames:tearDownClass): 200 GET http://10.180.1.21/compute/v2.1/servers/45512c2a-1c78-4f50-a995-01ec8108fe38 0.845s
2025-04-17 14:40:29.041 70824 INFO tempest.lib.common.rest_client [req-3b21fd0f-f69a-48e6-93ae-48bd04a17955 req-3b21fd0f-f69a-48e6-93ae-48bd04a17955 ] Request (ServerMetadataNegativeTestJSON:tearDownClass): 200 GET http://10.180.1.21/compute/v2.1/servers/42a9d8ed-30da-4630-b4d0-c7a73214ada3 0.850s
2025-04-17 14:40:29.048 70824 INFO tempest.common.waiters [-] State transition "ACTIVE/deleting" ==> "DELETED/None" after 4 second wait
2025-04-17 14:40:29.082 70836 INFO tempest.lib.common.rest_client [req-2fb509a7-6fcc-4c84-9caf-8f0aa9839f24 req-2fb509a7-6fcc-4c84-9caf-8f0aa9839f24 ] Request (ServersListShow298Test:tearDownClass): 200 GET http://10.180.1.21/compute/v2.1/servers/59d0c92a-a41f-4eae-b381-8f11d1f68197 0.805s
2025-04-17 14:40:29.194 70826 INFO tempest.lib.common.rest_client [req-556207dc-8dc2-4d85-86bd-a1db591ac10c req-556207dc-8dc2-4d85-86bd-a1db591ac10c ] Request (SecurityGroupsTestAdminJSON:test_list_security_groups_list_all_tenants_filter): 200 GET http://10.180.1.21/compute/v2.1/os-security-groups?all_tenants=true 0.759s
2025-04-17 14:40:29.289 70846 INFO tempest.lib.common.rest_client [req-8afeb9fa-10b1-4c29-b7bb-c1f1bd568755 req-8afeb9fa-10b1-4c29-b7bb-c1f1bd568755 ] Request (DeleteServersAdminTestJSON:test_delete_server_while_in_error_state): 200 GET http://10.180.1.21/compute/v2.1/servers/3b9cca60-6e8d-489e-800a-5277edfc0d3a 0.810s
2025-04-17 14:40:29.376 70808 INFO tempest.lib.common.rest_client [req-50366268-d1f7-45c8-8fb9-e4f842714986 req-50366268-d1f7-45c8-8fb9-e4f842714986 ] Request (ServersAdminNegativeTestJSON:setUpClass): 200 GET http://10.180.1.21/compute/v2.1/servers/de35e055-451f-4c4b-ab3a-9b5b6baa529c 0.835s
2025-04-17 14:40:29.391 70822 INFO tempest.lib.common.rest_client [req-4de0850c-b07f-445c-8857-97be1bda4b34 req-4de0850c-b07f-445c-8857-97be1bda4b34 ] Request (ImagesMetadataTestJSON:setUp): 200 PUT http://10.180.1.21/compute/v2.1/images/8ddae159-09c2-4023-aff7-ab10fd53eb55/metadata 0.877s
2025-04-17 14:40:29.425 70864 INFO tempest.lib.common.rest_client [req-dccb76ff-911a-4feb-bed4-22e015e1516d req-dccb76ff-911a-4feb-bed4-22e015e1516d ] Request (ImagesMetadataNegativeTestJSON:test_get_nonexistent_image_metadata_item): 404 GET http://10.180.1.21/compute/v2.1/images/9d160373-f6d4-4bc2-9458-9f3511d454e8/metadata/os_version 0.682s
2025-04-17 14:40:29.487 70852 INFO tempest.lib.common.rest_client [req-2699c975-82c5-47db-9144-d41d3699d671 req-2699c975-82c5-47db-9144-d41d3699d671 ] Request (VolumesAdminNegativeTest:test_update_attached_volume_with_nonexistent_volume_in_body): 200 GET http://10.180.1.21/compute/v2.1/servers/e630f6cf-d91f-4ce9-a01e-a508523990ef 0.715s
2025-04-17 14:40:29.557 70860 INFO tempest.lib.common.rest_client [req-39d12b2e-71da-4984-bf4b-2d363f6d88f1 req-39d12b2e-71da-4984-bf4b-2d363f6d88f1 ] Request (InstanceActionsTestJSON:setUpClass): 200 GET http://10.180.1.21/compute/v2.1/servers/2de27262-fff1-459f-8a3a-555d09be09ff 0.737s
2025-04-17 14:40:29.557 70862 INFO tempest.lib.common.rest_client [req-f915a347-c58b-42a8-86c5-d427d42cfc7b req-f915a347-c58b-42a8-86c5-d427d42cfc7b ] Request (DeleteServersTestJSON:test_delete_server_while_in_attached_volume): 200 GET http://10.180.1.21/compute/v2.1/servers/3b9942d2-ff9e-4e8b-8d04-7f191d9563ff 0.841s
2025-04-17 14:40:29.614 70850 INFO tempest.lib.common.rest_client [req-133d7514-d140-4ea2-af70-25ea058d8f20 req-133d7514-d140-4ea2-af70-25ea058d8f20 ] Request (ServerActionsTestJSON:setUpClass): 200 GET http://10.180.1.21/compute/v2.1/servers/31adb50e-33e9-40cc-a8dc-14985336b34a 0.697s
2025-04-17 14:40:29.616 70812 INFO tempest.lib.common.rest_client [req-144364c5-74fd-4256-84de-ddb5f5c4527b req-144364c5-74fd-4256-84de-ddb5f5c4527b ] Request (InstanceActionsV221TestJSON:test_get_list_deleted_instance_actions): 200 GET http://10.180.1.21/compute/v2.1/servers/375bd3df-c0cc-48ac-81a4-7a9133f5fd56 0.742s
2025-04-17 14:40:29.774 70818 INFO tempest.lib.common.rest_client [req-e0d7bb12-80a6-4be2-a66c-acb2349043ac req-e0d7bb12-80a6-4be2-a66c-acb2349043ac ] Request (ServersTestJSON:test_create_server_with_ipv6_addr_only): 200 GET http://10.180.1.21/compute/v2.1/servers/fa971009-4d0a-4b6b-9440-9c34feb6d32d 0.536s
2025-04-17 14:40:29.775 70826 INFO tempest.lib.common.rest_client [req-bf563f4d-9d8a-4cb4-af53-1c046edddd12 req-bf563f4d-9d8a-4cb4-af53-1c046edddd12 ] Request (SecurityGroupsTestAdminJSON:_run_cleanups): 202 DELETE http://10.180.1.21/compute/v2.1/os-security-groups/1716342d-75c2-47ab-84ed-bf9b6fed7f6d 0.578s
2025-04-17 14:40:29.782 70818 INFO tempest.common.waiters [-] State transition "BUILD/block_device_mapping" ==> "BUILD/spawning" after 30 second wait
2025-04-17 14:40:29.849 70840 INFO tempest.lib.common.rest_client [req-1f5ee0ca-c397-43ba-a728-2840c90078a2 req-1f5ee0ca-c397-43ba-a728-2840c90078a2 ] Request (AttachInterfacesTestJSON:test_create_list_show_delete_interfaces_by_fixed_ip): 200 PUT http://10.180.1.21:9696/networking/v2.0/floatingips/9e1dc5cf-2f86-4d56-bc30-f44f16f09d02 0.893s
2025-04-17 14:40:29.855 70833 INFO tempest.lib.common.rest_client [req-9bb524f8-8f76-4704-8553-77ff9496d583 req-9bb524f8-8f76-4704-8553-77ff9496d583 ] Request (ImagesOneServerNegativeTestJSON:_run_cleanups): 200 GET http://10.180.1.21/compute/v2.1/servers/bcc80b1e-7f74-4c7b-b490-ec70a0474f01 0.525s
2025-04-17 14:40:29.872 70864 INFO tempest.lib.common.rest_client [req-dd85e443-5a9b-486b-a920-2394cda63aae req-dd85e443-5a9b-486b-a920-2394cda63aae ] Request (ImagesMetadataNegativeTestJSON:test_list_nonexistent_image_metadata): 404 GET http://10.180.1.21/compute/v2.1/images/065ea46a-d586-448c-9c74-f08949e46217/metadata 0.445s
2025-04-17 14:40:29.967 70814 INFO tempest.lib.common.rest_client [req-69c951cd-7a02-4ffe-bf56-371a104960c0 req-69c951cd-7a02-4ffe-bf56-371a104960c0 ] Request (MigrationsAdminTest:test_list_migrations_in_flavor_resize_situation): 200 GET http://10.180.1.21/compute/v2.1/servers/7d971534-4425-456e-83e4-7c8d9ed7f435 0.519s
2025-04-17 14:40:30.039 70834 INFO tempest.lib.common.rest_client [req-98105e98-4221-4cc3-9bb7-7805fb29a963 req-98105e98-4221-4cc3-9bb7-7805fb29a963 ] Request (ServerShowV254Test:test_rebuild_server): 200 GET http://10.180.1.21/compute/v2.1/servers/126e670b-cfa9-4316-b2e1-a6782d2b3684 0.543s
2025-04-17 14:40:30.086 70822 INFO tempest.lib.common.rest_client [req-f1af82af-69e9-4824-8fe7-9e249cc0836d req-f1af82af-69e9-4824-8fe7-9e249cc0836d ] Request (ImagesMetadataTestJSON:test_set_image_metadata): 200 PUT http://10.180.1.21/compute/v2.1/images/8ddae159-09c2-4023-aff7-ab10fd53eb55/metadata 0.694s
2025-04-17 14:40:30.162 70816 INFO tempest.lib.common.rest_client [req-b2865580-999a-4b30-ac79-48e637025113 req-b2865580-999a-4b30-ac79-48e637025113 ] Request (ListServerFiltersTestJSON:setUpClass): 200 GET http://10.180.1.21/compute/v2.1/servers/9e3b77e5-dd06-4b6a-8660-97d1e62adb4a 0.594s
2025-04-17 14:40:30.162 70844 INFO tempest.lib.common.rest_client [req-f1cc00b6-bec5-45aa-8744-8fb13adf57dd req-f1cc00b6-bec5-45aa-8744-8fb13adf57dd ] Request (ServersTestJSON:setUpClass): 200 GET http://10.180.1.21/compute/v2.1/servers/9f85ffda-955a-48a7-ad50-c704b320b7d3 0.608s
2025-04-17 14:40:30.200 70838 INFO tempest.lib.common.rest_client [req-7ca80ea5-044f-45d0-8bfb-e6c57d325d7c req-7ca80ea5-044f-45d0-8bfb-e6c57d325d7c ] Request (ServersAdmin275Test:tearDownClass): 404 GET http://10.180.1.21/compute/v2.1/servers/8b06d01e-de2a-402a-bd39-637ce148e693 0.554s
2025-04-17 14:40:30.246 70830 INFO tempest.lib.common.rest_client [req-fdfe56f7-6033-4972-936a-f71a7bcce804 req-fdfe56f7-6033-4972-936a-f71a7bcce804 ] Request (ServersAaction247Test:test_create_backup): 200 GET http://10.180.1.21/compute/v2.1/servers/e5585d3f-b6f3-4f69-8618-ad365b32f71a 0.643s
2025-04-17 14:40:30.255 70820 INFO tempest.lib.common.rest_client [req-f1df89a9-7cf2-4b23-8416-a6e4afcd094c req-f1df89a9-7cf2-4b23-8416-a6e4afcd094c ] Request (ImagesTestJSON:test_create_image_from_stopped_server): 200 GET http://10.180.1.21/compute/v2.1/servers/d2258803-84ff-4bba-af91-5815db4015d7 0.585s
2025-04-17 14:40:30.475 70858 INFO tempest.lib.common.rest_client [req-f96664f7-e14a-4087-8825-7b36d7f71859 req-f96664f7-e14a-4087-8825-7b36d7f71859 ] Request (ServersAdminTestJSON:setUpClass): 200 GET http://10.180.1.21/compute/v2.1/servers/223fc274-26bf-4dc7-a435-d368cc004a67 0.703s
2025-04-17 14:40:30.492 70838 INFO tempest.lib.common.rest_client [req-35b7754f-c47f-46e1-bef0-122cd762f532 req-35b7754f-c47f-46e1-bef0-122cd762f532 ] Request (ServersAdmin275Test:tearDownClass): 204 DELETE http://10.180.1.21/identity/v3/users/f6e32ec024734866854a091f1f68d3f4 0.291s
2025-04-17 14:40:30.499 70826 INFO tempest.lib.common.rest_client [req-ebfdf40c-8296-4efc-bef0-e5064ff8bb01 req-ebfdf40c-8296-4efc-bef0-e5064ff8bb01 ] Request (SecurityGroupsTestAdminJSON:_run_cleanups): 202 DELETE http://10.180.1.21/compute/v2.1/os-security-groups/9b877304-29cf-47e6-8e0f-eeb1740f5561 0.724s
2025-04-17 14:40:30.587 70828 INFO tempest.lib.common.rest_client [req-d7f30a2a-3cd7-4ea4-8aa8-cfbabfca3c4c req-d7f30a2a-3cd7-4ea4-8aa8-cfbabfca3c4c ] Request (InstanceActionsNegativeTestJSON:tearDownClass): 200 GET http://10.180.1.21/compute/v2.1/servers/b56bf94d-594d-4114-81a7-bf972e1ff48f 0.772s
2025-04-17 14:40:30.588 70854 INFO tempest.lib.common.rest_client [req-26530472-819c-46ef-9c88-a6d55090a053 req-26530472-819c-46ef-9c88-a6d55090a053 ] Request (ListImageFiltersTestJSON:setUpClass): 200 GET http://10.180.1.21/compute/v2.1/servers/58c2aa58-cefc-47ad-a6b2-1e266167c867 0.747s
2025-04-17 14:40:30.642 70802 INFO tempest.lib.common.rest_client [req-3b9a8f2d-ab30-496b-a18f-4a6ad649cc09 req-3b9a8f2d-ab30-496b-a18f-4a6ad649cc09 ] Request (ServersTestMultiNic:test_verify_duplicate_network_nics): 200 GET http://10.180.1.21/compute/v2.1/servers/4f732036-4f32-4829-bda3-c341355fd0b5 0.773s
2025-04-17 14:40:30.662 70864 INFO tempest.lib.common.rest_client [req-b1f80e2f-10cd-4f20-a04e-191f41a94793 req-b1f80e2f-10cd-4f20-a04e-191f41a94793 ] Request (ImagesMetadataNegativeTestJSON:test_set_nonexistent_image_metadata): 404 PUT http://10.180.1.21/compute/v2.1/images/97a60ab1-77a1-441c-b07d-a4282212f805/metadata 0.789s
2025-04-17 14:40:30.687 70838 INFO tempest.lib.common.rest_client [req-79ff4308-06ba-43c7-9913-0e4993616704 req-79ff4308-06ba-43c7-9913-0e4993616704 ] Request (ServersAdmin275Test:tearDownClass): 204 DELETE http://10.180.1.21/identity/v3/users/51adcb5c3046497fac37312dbbdd97ae 0.195s
2025-04-17 14:40:30.687 70838 INFO tempest.lib.common.dynamic_creds [-] Deleting project and security group for project: 6d37cae7d9074f2b9a36b7f92657b9e1
2025-04-17 14:40:30.712 70810 INFO tempest.lib.common.rest_client [req-0aaf3698-9ffd-436e-8e4b-44494be7ac24 req-0aaf3698-9ffd-436e-8e4b-44494be7ac24 ] Request (FloatingIPsAssociationTestJSON:test_associate_already_associated_floating_ip): 200 GET http://10.180.1.21/compute/v2.1/servers/4732ccdb-9242-4feb-a4c4-ec145ae5a7cc 0.812s
2025-04-17 14:40:30.715 70840 INFO tempest.lib.common.rest_client [req-729b3b34-9ba1-47d3-9244-9cbddf4a22aa req-729b3b34-9ba1-47d3-9244-9cbddf4a22aa ] Request (AttachInterfacesTestJSON:test_create_list_show_delete_interfaces_by_fixed_ip): 200 GET http://10.180.1.21/compute/v2.1/servers/9dde88a1-377d-40a4-86d5-587cc3b81532 0.866s
2025-04-17 14:40:30.723 70840 INFO tempest.lib.common.ssh [-] Creating ssh connection to '10.180.180.194:22' as 'cirros' with public key authentication
2025-04-17 14:40:30.749 70838 INFO tempest.lib.common.rest_client [req-9059832c-550c-4a18-9df1-7bda40ba96e4 req-9059832c-550c-4a18-9df1-7bda40ba96e4 ] Request (ServersAdmin275Test:tearDownClass): 201 POST http://10.180.1.21/identity/v3/auth/tokens 0.061s
2025-04-17 14:40:30.781 70824 INFO tempest.lib.common.rest_client [req-5a80bb96-27b6-4549-9c0d-ea311fb9a0b1 req-5a80bb96-27b6-4549-9c0d-ea311fb9a0b1 ] Request (ServerMetadataNegativeTestJSON:tearDownClass): 200 GET http://10.180.1.21/compute/v2.1/servers/42a9d8ed-30da-4630-b4d0-c7a73214ada3 0.732s
2025-04-17 14:40:30.800 70842 INFO tempest.lib.common.rest_client [req-ee6c6c92-439b-4ee3-909c-7c3ff362f260 req-ee6c6c92-439b-4ee3-909c-7c3ff362f260 ] Request (ServersV294TestFqdnHostnames:tearDownClass): 200 GET http://10.180.1.21/compute/v2.1/servers/45512c2a-1c78-4f50-a995-01ec8108fe38 0.805s
2025-04-17 14:40:30.838 70822 INFO tempest.lib.common.rest_client [req-4156bdcb-26e4-4bde-97d3-bd0c46f6fe25 req-4156bdcb-26e4-4bde-97d3-bd0c46f6fe25 ] Request (ImagesMetadataTestJSON:test_set_image_metadata): 200 GET http://10.180.1.21/compute/v2.1/images/8ddae159-09c2-4023-aff7-ab10fd53eb55/metadata 0.751s
2025-04-17 14:40:30.894 70836 INFO tempest.lib.common.rest_client [req-382fde29-5e97-45ed-93c5-ba1acbb60db7 req-382fde29-5e97-45ed-93c5-ba1acbb60db7 ] Request (ServersListShow298Test:tearDownClass): 200 GET http://10.180.1.21/compute/v2.1/servers/59d0c92a-a41f-4eae-b381-8f11d1f68197 0.798s
2025-04-17 14:40:30.901 70846 INFO tempest.lib.common.rest_client [req-e4375c94-7c87-41d4-8f69-9bffd42bf500 req-e4375c94-7c87-41d4-8f69-9bffd42bf500 ] Request (DeleteServersAdminTestJSON:test_delete_server_while_in_error_state): 200 GET http://10.180.1.21/compute/v2.1/servers/3b9cca60-6e8d-489e-800a-5277edfc0d3a 0.603s
2025-04-17 14:40:30.912 70846 INFO tempest.common.waiters [-] State transition "ERROR/deleting" ==> "DELETED/None" after 3 second wait
2025-04-17 14:40:30.978 70808 INFO tempest.lib.common.rest_client [req-f81ab71a-a9ee-4b3d-8136-f2bd6996386f req-f81ab71a-a9ee-4b3d-8136-f2bd6996386f ] Request (ServersAdminNegativeTestJSON:setUpClass): 200 GET http://10.180.1.21/compute/v2.1/servers/de35e055-451f-4c4b-ab3a-9b5b6baa529c 0.594s
2025-04-17 14:40:30.988 70852 INFO tempest.lib.common.rest_client [req-8c0f7eb1-adbd-47c9-8e0e-e4f1974b3956 req-8c0f7eb1-adbd-47c9-8e0e-e4f1974b3956 ] Request (VolumesAdminNegativeTest:test_update_attached_volume_with_nonexistent_volume_in_body): 200 GET http://10.180.1.21/compute/v2.1/servers/e630f6cf-d91f-4ce9-a01e-a508523990ef 0.492s
2025-04-17 14:40:30.998 70838 INFO tempest.lib.common.rest_client [req-ad7d1a56-d54c-4f89-aac9-eba6eb0bcb24 req-ad7d1a56-d54c-4f89-aac9-eba6eb0bcb24 ] Request (ServersAdmin275Test:tearDownClass): 200 GET http://10.180.1.21:9696/networking/v2.0/security-groups?tenant_id=6d37cae7d9074f2b9a36b7f92657b9e1&name=default 0.249s
2025-04-17 14:40:31.062 70860 INFO tempest.lib.common.rest_client [req-c202e439-bc13-4b3d-9b54-144fb973852b req-c202e439-bc13-4b3d-9b54-144fb973852b ] Request (InstanceActionsTestJSON:setUpClass): 200 GET http://10.180.1.21/compute/v2.1/servers/2de27262-fff1-459f-8a3a-555d09be09ff 0.497s
2025-04-17 14:40:31.192 70826 INFO tempest.lib.common.rest_client [req-12e6f345-edb8-437e-a00d-05ea34ee4c65 req-12e6f345-edb8-437e-a00d-05ea34ee4c65 ] Request (SecurityGroupsTestAdminJSON:_run_cleanups): 202 DELETE http://10.180.1.21/compute/v2.1/os-security-groups/3fed85e5-bf67-4c5e-bcf4-67a414bf7f16 0.692s
2025-04-17 14:40:31.197 70838 INFO tempest.lib.common.rest_client [req-dbc3c846-ab69-4fca-aa97-6af62d27e681 req-dbc3c846-ab69-4fca-aa97-6af62d27e681 ] Request (ServersAdmin275Test:tearDownClass): 204 DELETE http://10.180.1.21:9696/networking/v2.0/security-groups/fd40f0e0-e715-4336-a5fb-44ecdc3694d7 0.199s
2025-04-17 14:40:31.246 70850 INFO tempest.lib.common.rest_client [req-903dfa0b-1106-4506-9eb0-2cba7f95d2b5 req-903dfa0b-1106-4506-9eb0-2cba7f95d2b5 ] Request (ServerActionsTestJSON:setUpClass): 200 GET http://10.180.1.21/compute/v2.1/servers/31adb50e-33e9-40cc-a8dc-14985336b34a 0.623s
2025-04-17 14:40:31.290 70812 INFO tempest.lib.common.rest_client [req-8b061b60-fc0e-490e-b200-0fe7974a81da req-8b061b60-fc0e-490e-b200-0fe7974a81da ] Request (InstanceActionsV221TestJSON:test_get_list_deleted_instance_actions): 200 GET http://10.180.1.21/compute/v2.1/servers/375bd3df-c0cc-48ac-81a4-7a9133f5fd56 0.664s
