2025-04-17 14:42:07.911 70816 INFO tempest.lib.common.rest_client [req-81502b27-637c-4a30-9d36-f702ad29a822 req-81502b27-637c-4a30-9d36-f702ad29a822 ] Request (ListServerFiltersTestJSON:test_list_servers_filter_by_zero_limit): 200 GET http://10.180.1.21/compute/v2.1/servers?limit=0 0.183s
2025-04-17 14:42:07.972 70836 INFO tempest.lib.common.rest_client [req-64c559b3-0362-4961-97c5-3611e2828dfa req-64c559b3-0362-4961-97c5-3611e2828dfa ] Request (ServerShowV257Test:test_rebuild_server): 200 GET http://10.180.1.21/compute/v2.1/servers/638038d2-367a-4b34-96fa-9117c427a22d 0.199s
2025-04-17 14:42:07.989 70802 INFO tempest.lib.common.rest_client [req-47cf8f1e-2923-4e7f-ac28-d9e2e3c55e6a req-47cf8f1e-2923-4e7f-ac28-d9e2e3c55e6a ] Request (ServersTestMultiNic:_run_cleanups): 200 GET http://10.180.1.21/compute/v2.1/servers/4f732036-4f32-4829-bda3-c341355fd0b5 0.210s
2025-04-17 14:42:08.039 70854 INFO tempest.lib.common.rest_client [req-993515a4-b914-47d2-80d7-5648c9c79d7b req-993515a4-b914-47d2-80d7-5648c9c79d7b ] Request (ListImageFiltersTestJSON:setUpClass): 200 GET http://10.180.1.21/compute/v2.1/images/ec794a9a-7041-4640-9478-27f061783eb5 0.236s
2025-04-17 14:42:08.066 70850 INFO tempest.lib.common.rest_client [req-75b45c60-d76a-47e0-a2c7-a1b17304c053 req-75b45c60-d76a-47e0-a2c7-a1b17304c053 ] Request (ServerActionsTestJSON:test_lock_unlock_server): 409 POST http://10.180.1.21/compute/v2.1/servers/31adb50e-33e9-40cc-a8dc-14985336b34a/action 0.216s
2025-04-17 14:42:08.227 70860 INFO tempest.lib.common.rest_client [req-6aaf436d-d683-43c6-ade4-bb98e8d6d3d4 req-6aaf436d-d683-43c6-ade4-bb98e8d6d3d4 ] Request (InstanceActionsTestJSON:tearDownClass): 200 PUT http://10.180.1.21:9696/networking/v2.0/routers/992fc9f6-8a73-466d-93d7-c6ec1d122d81/remove_router_interface 0.954s
2025-04-17 14:42:08.265 70848 INFO tempest.lib.common.rest_client [req-772fbdb7-7898-4746-bc7d-f78230e3ff8f req-772fbdb7-7898-4746-bc7d-f78230e3ff8f ] Request (ServerActionsTestOtherB:test_resize_server_confirm_from_stopped): 200 GET http://10.180.1.21/compute/v2.1/servers/7586d90c-26f8-4054-8574-e4585eaadc45 0.379s
2025-04-17 14:42:08.369 70824 INFO tempest.lib.common.rest_client [req-de9745fa-14b2-4fbf-8216-0be8e90eff7b req-de9745fa-14b2-4fbf-8216-0be8e90eff7b ] Request (ServersListShow2100Test:test_list_show_rebuild_update_server_2100): 200 GET http://10.180.1.21/compute/v2.1/servers/c43ee496-ab93-4b23-951b-275c17b41b3f 0.482s
2025-04-17 14:42:08.452 70858 INFO tempest.lib.common.rest_client [req-79967389-c9c7-44ad-a11d-de3554df5c70 req-79967389-c9c7-44ad-a11d-de3554df5c70 ] Request (ServersAdminTestJSON:test_inject_network_info): 202 POST http://10.180.1.21/compute/v2.1/servers 0.650s
2025-04-17 14:42:08.512 70816 INFO tempest.lib.common.rest_client [req-7eb6eb79-dce3-4fee-9f4c-d870c5438e4b req-7eb6eb79-dce3-4fee-9f4c-d870c5438e4b ] Request (ListServerFiltersTestJSON:test_list_servers_filtered_by_ip): 200 GET http://10.180.1.21/compute/v2.1/servers/afa74f93-41d6-447c-b11f-eaaca0e6bc98 0.597s
2025-04-17 14:42:08.540 70844 INFO tempest.lib.common.rest_client [req-25deb297-b9bc-488c-b52d-75c9c91ab4ee req-25deb297-b9bc-488c-b52d-75c9c91ab4ee ] Request (ServersTestJSON:tearDownClass): 200 GET http://10.180.1.21/compute/v2.1/servers/9f85ffda-955a-48a7-ad50-c704b320b7d3 0.591s
2025-04-17 14:42:08.611 70850 INFO tempest.lib.common.rest_client [req-6cb4efc0-6bc8-4942-93ae-7921e97e41da req-6cb4efc0-6bc8-4942-93ae-7921e97e41da ] Request (ServerActionsTestJSON:test_lock_unlock_server): 202 POST http://10.180.1.21/compute/v2.1/servers/31adb50e-33e9-40cc-a8dc-14985336b34a/action 0.544s
2025-04-17 14:42:08.678 70840 INFO tempest.lib.common.rest_client [req-363306f8-afac-4099-8c60-18dfc7df5093 req-363306f8-afac-4099-8c60-18dfc7df5093 ] Request (AttachInterfacesTestJSON:_run_cleanups): 200 GET http://10.180.1.21/compute/v2.1/servers/9dde88a1-377d-40a4-86d5-587cc3b81532 0.538s
2025-04-17 14:42:08.737 70838 INFO tempest.lib.common.rest_client [req-efdbd832-504f-47cb-99b1-9afd2b7964ad req-efdbd832-504f-47cb-99b1-9afd2b7964ad ] Request (ImagesNegativeTestJSON:test_create_image_from_deleted_server): 200 GET http://10.180.1.21/compute/v2.1/servers/157588be-543f-4b12-93de-201a9d8fc10e 0.753s
2025-04-17 14:42:08.757 70820 INFO tempest.lib.common.rest_client [req-4b515248-b76c-4140-8b89-fe9aa29ea820 req-4b515248-b76c-4140-8b89-fe9aa29ea820 ] Request (ImagesTestJSON:test_create_image_from_suspended_server): 200 GET http://10.180.1.21/compute/v2.1/servers/97aa0528-ea97-494e-8563-d4dc7d92f96f 0.593s
2025-04-17 14:42:08.826 70808 INFO tempest.lib.common.rest_client [req-c8667ea6-063a-47ac-9510-26cda3fb4d6b req-c8667ea6-063a-47ac-9510-26cda3fb4d6b ] Request (ServersAdminNegativeTestJSON:test_migrate_server_invalid_state): 200 GET http://10.180.1.21/compute/v2.1/servers/8893e014-3c12-4a40-a955-6db575e3e926 0.604s
2025-04-17 14:42:08.838 70810 INFO tempest.lib.common.rest_client [req-208b6db1-f50d-4fc2-bfc6-e0bbfdacd40a req-208b6db1-f50d-4fc2-bfc6-e0bbfdacd40a ] Request (FloatingIPsAssociationTestJSON:tearDownClass): 200 GET http://10.180.1.21/compute/v2.1/servers/77c84798-aa60-45c9-903b-42ce69e2d371 0.637s
2025-04-17 14:42:08.855 70860 INFO tempest.lib.common.rest_client [req-15ab9a1a-ace0-4611-8e3d-15bd973b2194 req-15ab9a1a-ace0-4611-8e3d-15bd973b2194 ] Request (InstanceActionsTestJSON:tearDownClass): 204 DELETE http://10.180.1.21:9696/networking/v2.0/routers/992fc9f6-8a73-466d-93d7-c6ec1d122d81 0.627s
2025-04-17 14:42:08.887 70846 INFO tempest.lib.common.rest_client [req-9e29699e-024d-4c74-95e4-56de8d57687f req-9e29699e-024d-4c74-95e4-56de8d57687f ] Request (ImagesOneServerTestJSON:setUpClass): 200 GET http://10.180.1.21/compute/v2.1/servers/e86ddc51-1d63-44d5-bfbe-0bd486092869 0.640s
2025-04-17 14:42:08.919 70828 INFO tempest.lib.common.rest_client [req-2be4d7e1-4fc0-4dd3-9b60-4fdf2fd62977 req-2be4d7e1-4fc0-4dd3-9b60-4fdf2fd62977 ] Request (AttachVolumeShelveTestJSON:test_attach_volume_shelved_or_offload_server): 200 GET http://10.180.1.21/compute/v2.1/servers/a3b5021f-9d1b-4462-8c6c-35dc0e3fa6ff 0.611s
2025-04-17 14:42:08.951 70814 INFO tempest.lib.common.rest_client [req-db244741-ea7c-4d4b-953e-b9f6dd199d14 req-db244741-ea7c-4d4b-953e-b9f6dd199d14 ] Request (MigrationsAdminTest:test_resize_server_revert_deleted_flavor): 200 GET http://10.180.1.21/compute/v2.1/servers/2671b8d3-14fe-439c-9f4e-e22ab8bcb498 0.598s
2025-04-17 14:42:08.999 70860 INFO tempest.lib.common.rest_client [req-735c506f-0334-46b7-8c7c-98bb4936e594 req-735c506f-0334-46b7-8c7c-98bb4936e594 ] Request (InstanceActionsTestJSON:tearDownClass): 204 DELETE http://10.180.1.21:9696/networking/v2.0/subnets/51c27cfc-6b7d-43c7-874a-99a1614f97c9 0.136s
2025-04-17 14:42:09.008 70842 INFO tempest.lib.common.rest_client [req-a0b50967-ea12-4178-a245-07d0627e2c54 req-a0b50967-ea12-4178-a245-07d0627e2c54 ] Request (ServerRescueTestJSON:setUpClass): 200 GET http://10.180.1.21/compute/v2.1/servers/f61abfde-68ff-497e-8a99-cfae352de144 0.604s
2025-04-17 14:42:09.087 70818 INFO tempest.lib.common.rest_client [req-92d7257e-c7b1-4227-9ae8-fc560ad5de98 req-92d7257e-c7b1-4227-9ae8-fc560ad5de98 ] Request (ServersTestJSON:test_create_specify_keypair): 200 GET http://10.180.1.21/compute/v2.1/servers/c1e9b301-c1ee-47f1-8c47-7cb59cd95b15 0.673s
2025-04-17 14:42:09.101 70822 INFO tempest.lib.common.rest_client [req-d99e077f-3ea1-47f4-ab48-31144235a555 req-d99e077f-3ea1-47f4-ab48-31144235a555 ] Request (ServerGroupTestJSON:test_create_server_with_scheduler_hint_group): 200 GET http://10.180.1.21/compute/v2.1/servers/6b746014-b163-4a17-a8c6-4b88eaed0ac1 0.737s
2025-04-17 14:42:09.112 70822 INFO tempest.common.waiters [-] State transition "BUILD/None" ==> "BUILD/block_device_mapping" after 79 second wait
2025-04-17 14:42:09.147 70858 INFO tempest.lib.common.rest_client [req-6aef0e78-10a6-4a6a-bbc6-1173afe2b73a req-6aef0e78-10a6-4a6a-bbc6-1173afe2b73a ] Request (ServersAdminTestJSON:test_inject_network_info): 200 GET http://10.180.1.21/compute/v2.1/servers/1c1a03ee-0c26-464c-8f65-c093a73c833c 0.692s
2025-04-17 14:42:09.218 70850 INFO tempest.lib.common.rest_client [req-b5dfb7e6-5e88-4810-a1ab-47c7cbb38527 req-b5dfb7e6-5e88-4810-a1ab-47c7cbb38527 ] Request (ServerActionsTestJSON:test_lock_unlock_server): 202 POST http://10.180.1.21/compute/v2.1/servers/31adb50e-33e9-40cc-a8dc-14985336b34a/action 0.607s
2025-04-17 14:42:09.292 70860 INFO tempest.lib.common.rest_client [req-ed758411-873e-48e9-b90e-f7663bab146a req-ed758411-873e-48e9-b90e-f7663bab146a ] Request (InstanceActionsTestJSON:tearDownClass): 204 DELETE http://10.180.1.21:9696/networking/v2.0/networks/2561c8d3-a3d2-4883-93b1-7f7ae69661b8 0.292s
2025-04-17 14:42:09.296 70852 INFO tempest.lib.common.rest_client [req-65bbb59c-8736-4feb-a2d8-0e83ced13821 req-65bbb59c-8736-4feb-a2d8-0e83ced13821 ] Request (VolumesAdminNegativeTest:test_update_attached_volume_with_nonexistent_volume_in_uri): 200 GET http://10.180.1.21/compute/v2.1/servers/a97dc332-4c51-4dcc-ac42-0b477aca5e3c 0.497s
2025-04-17 14:42:09.334 70816 INFO tempest.lib.common.rest_client [req-4091e416-d58a-4f78-bc0b-86d585752987 req-4091e416-d58a-4f78-bc0b-86d585752987 ] Request (ListServerFiltersTestJSON:test_list_servers_filtered_by_ip): 200 GET http://10.180.1.21/compute/v2.1/servers/e833538a-8a5b-488c-9115-a6ab57e38f83 0.814s
2025-04-17 14:42:09.360 70826 INFO tempest.lib.common.rest_client [req-cd367d39-f2b4-425c-80c4-9192f7f5fcba req-cd367d39-f2b4-425c-80c4-9192f7f5fcba ] Request (MultipleCreateTestJSON:test_multiple_create): 200 GET http://10.180.1.21/compute/v2.1/servers/e175f923-53c0-4e4c-875d-2e6d4e08714a 0.503s
2025-04-17 14:42:09.434 70860 INFO tempest.lib.common.rest_client [req-98349a8c-ad8b-4ccb-80b7-2318216fe330 req-98349a8c-ad8b-4ccb-80b7-2318216fe330 ] Request (InstanceActionsTestJSON:tearDownClass): 204 DELETE http://10.180.1.21/identity/v3/users/a951ac5c7b2c479cb00dcbdcbaaf261b 0.141s
2025-04-17 14:42:09.434 70860 INFO tempest.lib.common.dynamic_creds [-] Deleting project and security group for project: 64d3fbac98d14d5cac16b97c3269f4e2
2025-04-17 14:42:09.435 70862 INFO tempest.lib.common.rest_client [req-6d58c892-fa1f-41b2-8723-8b6974ef2cb5 req-6d58c892-fa1f-41b2-8723-8b6974ef2cb5 ] Request (DeleteServersTestJSON:test_delete_server_while_in_shelved_state): 200 GET http://10.180.1.21/compute/v2.1/servers/09654360-da5a-43e8-b884-e6423345750b 0.529s
2025-04-17 14:42:09.454 70833 INFO tempest.lib.common.rest_client [req-04c157fd-6452-4198-bfb2-4fedc2c76012 req-04c157fd-6452-4198-bfb2-4fedc2c76012 ] Request (ImagesOneServerNegativeTestJSON:_run_cleanups): 200 GET http://10.180.1.21/compute/v2.1/servers/527062ee-0659-45a7-96c8-1c8d6f272b86 0.541s
2025-04-17 14:42:09.478 70860 INFO tempest.lib.common.rest_client [req-e965adb3-764f-4224-a9d9-546c13361b48 req-e965adb3-764f-4224-a9d9-546c13361b48 ] Request (InstanceActionsTestJSON:tearDownClass): 200 GET http://10.180.1.21:9696/networking/v2.0/security-groups?tenant_id=64d3fbac98d14d5cac16b97c3269f4e2&name=default 0.044s
2025-04-17 14:42:09.514 70836 INFO tempest.lib.common.rest_client [req-a87d43ea-e63f-4adc-86a1-f7496eee55b0 req-a87d43ea-e63f-4adc-86a1-f7496eee55b0 ] Request (ServerShowV257Test:test_rebuild_server): 200 GET http://10.180.1.21/compute/v2.1/servers/638038d2-367a-4b34-96fa-9117c427a22d 0.529s
2025-04-17 14:42:09.522 70802 INFO tempest.lib.common.rest_client [req-d2d50106-8179-4cc4-8969-0f13726eca64 req-d2d50106-8179-4cc4-8969-0f13726eca64 ] Request (ServersTestMultiNic:_run_cleanups): 200 GET http://10.180.1.21/compute/v2.1/servers/4f732036-4f32-4829-bda3-c341355fd0b5 0.524s
2025-04-17 14:42:09.558 70854 INFO tempest.lib.common.rest_client [req-78cea147-5cf7-4778-abf5-52e3f616db32 req-78cea147-5cf7-4778-abf5-52e3f616db32 ] Request (ListImageFiltersTestJSON:setUpClass): 200 GET http://10.180.1.21/compute/v2.1/images/ec794a9a-7041-4640-9478-27f061783eb5 0.516s
2025-04-17 14:42:09.572 70860 INFO tempest.lib.common.rest_client [req-efbda4f8-d4d0-44ae-8b2a-5a94aa6bafeb req-efbda4f8-d4d0-44ae-8b2a-5a94aa6bafeb ] Request (InstanceActionsTestJSON:tearDownClass): 204 DELETE http://10.180.1.21:9696/networking/v2.0/security-groups/076400fd-40e2-4258-95f8-25adcfa54baf 0.093s
2025-04-17 14:42:09.630 70850 INFO tempest.lib.common.rest_client [req-200cdd55-267b-4eaa-99a9-59bf4ac5e3d9 req-200cdd55-267b-4eaa-99a9-59bf4ac5e3d9 ] Request (ServerActionsTestJSON:test_lock_unlock_server): 200 GET http://10.180.1.21/compute/v2.1/servers/31adb50e-33e9-40cc-a8dc-14985336b34a 0.411s
2025-04-17 14:42:09.670 70848 INFO tempest.lib.common.rest_client [req-7253791e-3b75-424f-8af1-c490c0ae29c4 req-7253791e-3b75-424f-8af1-c490c0ae29c4 ] Request (ServerActionsTestOtherB:test_resize_server_confirm_from_stopped): 200 GET http://10.180.1.21/compute/v2.1/servers/7586d90c-26f8-4054-8574-e4585eaadc45 0.392s
2025-04-17 14:42:09.673 70860 INFO tempest.lib.common.rest_client [req-de23caef-0a4e-4347-b5ca-5ffaa886b5c8 req-de23caef-0a4e-4347-b5ca-5ffaa886b5c8 ] Request (InstanceActionsTestJSON:tearDownClass): 204 DELETE http://10.180.1.21/identity/v3/projects/64d3fbac98d14d5cac16b97c3269f4e2 0.101s
2025-04-17 14:42:09.724 70816 INFO tempest.lib.common.rest_client [req-8b01a383-be32-413e-8584-7dc60dedd422 req-8b01a383-be32-413e-8584-7dc60dedd422 ] Request (ListServerFiltersTestJSON:test_list_servers_filtered_by_ip): 200 GET http://10.180.1.21/compute/v2.1/servers/9e3b77e5-dd06-4b6a-8660-97d1e62adb4a 0.377s
2025-04-17 14:42:09.753 70824 INFO tempest.lib.common.rest_client [req-b412447d-0270-4855-8009-a646236c949b req-b412447d-0270-4855-8009-a646236c949b ] Request (ServersListShow2100Test:test_list_show_rebuild_update_server_2100): 200 GET http://10.180.1.21/compute/v2.1/servers/c43ee496-ab93-4b23-951b-275c17b41b3f 0.362s
2025-04-17 14:42:09.765 70824 INFO tempest.common.waiters [-] State transition "BUILD/scheduling" ==> "BUILD/None" after 63 second wait
2025-04-17 14:42:09.785 70854 INFO tempest.lib.common.rest_client [req-4003059a-96d3-4de3-8da2-c341b966f713 req-4003059a-96d3-4de3-8da2-c341b966f713 ] Request (ListImageFiltersTestJSON:setUpClass): 200 GET http://10.180.1.21/compute/v2.1/images/ec794a9a-7041-4640-9478-27f061783eb5 0.223s
2025-04-17 14:42:09.790 70844 INFO tempest.lib.common.rest_client [req-fe1fa2af-c577-4983-8cfa-5c1a08d9c3f8 req-fe1fa2af-c577-4983-8cfa-5c1a08d9c3f8 ] Request (ServersTestJSON:tearDownClass): 200 GET http://10.180.1.21/compute/v2.1/servers/9f85ffda-955a-48a7-ad50-c704b320b7d3 0.239s
2025-04-17 14:42:09.868 70840 INFO tempest.lib.common.rest_client [req-9779a98a-9b70-4c55-9876-748938760af9 req-9779a98a-9b70-4c55-9876-748938760af9 ] Request (AttachInterfacesTestJSON:_run_cleanups): 200 GET http://10.180.1.21/compute/v2.1/servers/9dde88a1-377d-40a4-86d5-587cc3b81532 0.180s
2025-04-17 14:42:09.948 70816 INFO tempest.lib.common.rest_client [req-91e7679b-7741-4e7e-bb51-5e3303f13071 req-91e7679b-7741-4e7e-bb51-5e3303f13071 ] Request (ListServerFiltersTestJSON:test_list_servers_filtered_by_ip): 200 GET http://10.180.1.21/compute/v2.1/servers?ip=192.168.128.9 0.217s
2025-04-17 14:42:09.971 70838 INFO tempest.lib.common.rest_client [req-d21c6561-7960-4eb7-84a1-9280ee4115b1 req-d21c6561-7960-4eb7-84a1-9280ee4115b1 ] Request (ImagesNegativeTestJSON:test_create_image_from_deleted_server): 200 GET http://10.180.1.21/compute/v2.1/servers/157588be-543f-4b12-93de-201a9d8fc10e 0.219s
2025-04-17 14:42:09.998 70820 INFO tempest.lib.common.rest_client [req-a522d53b-6b3d-4700-9424-e4535cab2a40 req-a522d53b-6b3d-4700-9424-e4535cab2a40 ] Request (ImagesTestJSON:test_create_image_from_suspended_server): 200 GET http://10.180.1.21/compute/v2.1/servers/97aa0528-ea97-494e-8563-d4dc7d92f96f 0.225s
2025-04-17 14:42:10.060 70808 INFO tempest.lib.common.rest_client [req-0d1a8101-179c-460f-9e89-18c66034fa39 req-0d1a8101-179c-460f-9e89-18c66034fa39 ] Request (ServersAdminNegativeTestJSON:test_migrate_server_invalid_state): 200 GET http://10.180.1.21/compute/v2.1/servers/8893e014-3c12-4a40-a955-6db575e3e926 0.221s
2025-04-17 14:42:10.100 70854 INFO tempest.lib.common.rest_client [req-b5ceca9a-e450-43f6-b019-dba3574901fd req-b5ceca9a-e450-43f6-b019-dba3574901fd ] Request (ListImageFiltersTestJSON:setUpClass): 200 GET http://10.180.1.21/compute/v2.1/servers/d40867a1-e0a1-44e8-9dbd-81e075551092 0.305s
2025-04-17 14:42:10.117 70810 INFO tempest.lib.common.rest_client [req-c8d1c745-6bb9-4251-97bd-2b0944fa75bb req-c8d1c745-6bb9-4251-97bd-2b0944fa75bb ] Request (FloatingIPsAssociationTestJSON:tearDownClass): 200 GET http://10.180.1.21/compute/v2.1/servers/77c84798-aa60-45c9-903b-42ce69e2d371 0.271s
2025-04-17 14:42:10.153 70846 INFO tempest.lib.common.rest_client [req-a37cb79f-55e9-4ca0-a1a0-34ce8bd3089a req-a37cb79f-55e9-4ca0-a1a0-34ce8bd3089a ] Request (ImagesOneServerTestJSON:setUpClass): 200 GET http://10.180.1.21/compute/v2.1/servers/e86ddc51-1d63-44d5-bfbe-0bd486092869 0.252s
2025-04-17 14:42:10.165 70828 INFO tempest.lib.common.rest_client [req-102a503d-f0d6-45bf-8c66-2763d73c23d6 req-102a503d-f0d6-45bf-8c66-2763d73c23d6 ] Request (AttachVolumeShelveTestJSON:test_attach_volume_shelved_or_offload_server): 200 GET http://10.180.1.21/compute/v2.1/servers/a3b5021f-9d1b-4462-8c6c-35dc0e3fa6ff 0.235s
2025-04-17 14:42:10.231 70814 INFO tempest.lib.common.rest_client [req-f18af45f-098f-4776-8c12-105f70305e4d req-f18af45f-098f-4776-8c12-105f70305e4d ] Request (MigrationsAdminTest:test_resize_server_revert_deleted_flavor): 200 GET http://10.180.1.21/compute/v2.1/servers/2671b8d3-14fe-439c-9f4e-e22ab8bcb498 0.270s
2025-04-17 14:42:10.270 70816 INFO tempest.lib.common.rest_client [req-4bad0bab-ae69-483b-a389-11bbaf6a07da req-4bad0bab-ae69-483b-a389-11bbaf6a07da ] Request (ListServerFiltersTestJSON:test_list_servers_filtered_by_ip_regex): 200 GET http://10.180.1.21/compute/v2.1/servers/afa74f93-41d6-447c-b11f-eaaca0e6bc98 0.319s
2025-04-17 14:42:10.287 70842 INFO tempest.lib.common.rest_client [req-f83bf247-5f1a-4bd7-9aab-3dcd75b196aa req-f83bf247-5f1a-4bd7-9aab-3dcd75b196aa ] Request (ServerRescueTestJSON:setUpClass): 200 GET http://10.180.1.21/compute/v2.1/servers/f61abfde-68ff-497e-8a99-cfae352de144 0.264s
2025-04-17 14:42:10.313 70818 INFO tempest.lib.common.rest_client [req-a128426b-e722-4a6c-ad91-1c51cc265385 req-a128426b-e722-4a6c-ad91-1c51cc265385 ] Request (ServersTestJSON:test_create_specify_keypair): 200 GET http://10.180.1.21/compute/v2.1/servers/c1e9b301-c1ee-47f1-8c47-7cb59cd95b15 0.213s
2025-04-17 14:42:10.363 70858 INFO tempest.lib.common.rest_client [req-ba05f316-e091-4286-8ada-1f7e849dc7ca req-ba05f316-e091-4286-8ada-1f7e849dc7ca ] Request (ServersAdminTestJSON:test_inject_network_info): 200 GET http://10.180.1.21/compute/v2.1/servers/1c1a03ee-0c26-464c-8f65-c093a73c833c 0.204s
2025-04-17 14:42:10.383 70822 INFO tempest.lib.common.rest_client [req-7a01f01c-0743-43ec-a199-7575959dacb8 req-7a01f01c-0743-43ec-a199-7575959dacb8 ] Request (ServerGroupTestJSON:test_create_server_with_scheduler_hint_group): 200 GET http://10.180.1.21/compute/v2.1/servers/6b746014-b163-4a17-a8c6-4b88eaed0ac1 0.270s
2025-04-17 14:42:10.390 70822 INFO tempest.common.waiters [-] State transition "BUILD/block_device_mapping" ==> "BUILD/spawning" after 80 second wait
2025-04-17 14:42:10.443 70852 INFO tempest.lib.common.rest_client [req-47010fbe-7fe6-478e-a93e-753b29d0946c req-47010fbe-7fe6-478e-a93e-753b29d0946c ] Request (VolumesAdminNegativeTest:test_update_attached_volume_with_nonexistent_volume_in_uri): 200 GET http://10.180.1.21/compute/v2.1/servers/a97dc332-4c51-4dcc-ac42-0b477aca5e3c 0.135s
2025-04-17 14:42:10.460 70816 INFO tempest.lib.common.rest_client [req-5a7635d5-8089-4966-b09e-96e3b09e7599 req-5a7635d5-8089-4966-b09e-96e3b09e7599 ] Request (ListServerFiltersTestJSON:test_list_servers_filtered_by_ip_regex): 200 GET http://10.180.1.21/compute/v2.1/servers/e833538a-8a5b-488c-9115-a6ab57e38f83 0.183s
2025-04-17 14:42:10.492 70826 INFO tempest.lib.common.rest_client [req-b99ec74e-2145-4e88-b2b9-1c065a246919 req-b99ec74e-2145-4e88-b2b9-1c065a246919 ] Request (MultipleCreateTestJSON:test_multiple_create): 200 GET http://10.180.1.21/compute/v2.1/servers/e175f923-53c0-4e4c-875d-2e6d4e08714a 0.122s
2025-04-17 14:42:10.512 70862 INFO tempest.lib.common.rest_client [req-5804b885-f6a3-49a9-b501-6176593f57d1 req-5804b885-f6a3-49a9-b501-6176593f57d1 ] Request (DeleteServersTestJSON:test_delete_server_while_in_shelved_state): 200 GET http://10.180.1.21/compute/v2.1/servers/09654360-da5a-43e8-b884-e6423345750b 0.067s
2025-04-17 14:42:10.645 70816 INFO tempest.lib.common.rest_client [req-9aaf197c-e27a-4efd-b694-44380aecc694 req-9aaf197c-e27a-4efd-b694-44380aecc694 ] Request (ListServerFiltersTestJSON:test_list_servers_filtered_by_ip_regex): 200 GET http://10.180.1.21/compute/v2.1/servers/9e3b77e5-dd06-4b6a-8660-97d1e62adb4a 0.178s
2025-04-17 14:42:10.705 70836 INFO tempest.lib.common.rest_client [req-f9afa46a-486f-4958-a6a0-93cdc9d8e5a2 req-f9afa46a-486f-4958-a6a0-93cdc9d8e5a2 ] Request (ServerShowV257Test:test_rebuild_server): 200 GET http://10.180.1.21/compute/v2.1/servers/638038d2-367a-4b34-96fa-9117c427a22d 0.178s
2025-04-17 14:42:10.709 70833 INFO tempest.lib.common.rest_client [req-3699615e-1f90-4613-bd81-76d4c838f185 req-3699615e-1f90-4613-bd81-76d4c838f185 ] Request (ImagesOneServerNegativeTestJSON:_run_cleanups): 200 GET http://10.180.1.21/compute/v2.1/servers/527062ee-0659-45a7-96c8-1c8d6f272b86 0.244s
2025-04-17 14:42:10.716 70833 INFO tempest.common.waiters [-] State transition "BUILD/None" ==> "BUILD/block_device_mapping" after 77 second wait
2025-04-17 14:42:10.782 70802 INFO tempest.lib.common.rest_client [req-ac84dada-cb21-40b6-bc8d-9f97f13eecde req-ac84dada-cb21-40b6-bc8d-9f97f13eecde ] Request (ServersTestMultiNic:_run_cleanups): 200 GET http://10.180.1.21/compute/v2.1/servers/4f732036-4f32-4829-bda3-c341355fd0b5 0.249s
2025-04-17 14:42:10.838 70850 INFO tempest.lib.common.rest_client [req-5f2dad13-f103-45f8-98e1-0aa92babc04b req-5f2dad13-f103-45f8-98e1-0aa92babc04b ] Request (ServerActionsTestJSON:test_lock_unlock_server): 200 GET http://10.180.1.21/compute/v2.1/servers/31adb50e-33e9-40cc-a8dc-14985336b34a 0.197s
2025-04-17 14:42:10.996 70816 INFO tempest.lib.common.rest_client [req-2c4b8cc8-b156-44d4-b6b7-9efdb2573818 req-2c4b8cc8-b156-44d4-b6b7-9efdb2573818 ] Request (ListServerFiltersTestJSON:test_list_servers_filtered_by_ip_regex): 200 GET http://10.180.1.21/compute/v2.1/servers/detail 0.338s
2025-04-17 14:42:11.052 70848 INFO tempest.lib.common.rest_client [req-7919e973-ba94-4f0f-89e3-8dceca6346a5 req-7919e973-ba94-4f0f-89e3-8dceca6346a5 ] Request (ServerActionsTestOtherB:test_resize_server_confirm_from_stopped): 200 GET http://10.180.1.21/compute/v2.1/servers/7586d90c-26f8-4054-8574-e4585eaadc45 0.374s
2025-04-17 14:42:11.062 70824 INFO tempest.lib.common.rest_client [req-80fc4d36-5972-4080-b975-1be1d467de8d req-80fc4d36-5972-4080-b975-1be1d467de8d ] Request (ServersListShow2100Test:test_list_show_rebuild_update_server_2100): 200 GET http://10.180.1.21/compute/v2.1/servers/c43ee496-ab93-4b23-951b-275c17b41b3f 0.295s
2025-04-17 14:42:11.124 70844 INFO tempest.lib.common.rest_client [req-cd74d9c2-6f73-4c19-b120-ee1cbd58c5a2 req-cd74d9c2-6f73-4c19-b120-ee1cbd58c5a2 ] Request (ServersTestJSON:tearDownClass): 200 GET http://10.180.1.21/compute/v2.1/servers/9f85ffda-955a-48a7-ad50-c704b320b7d3 0.319s
2025-04-17 14:42:11.143 70840 INFO tempest.lib.common.rest_client [req-988dc0fa-cc2d-4e00-84e4-b6597a47aacd req-988dc0fa-cc2d-4e00-84e4-b6597a47aacd ] Request (AttachInterfacesTestJSON:_run_cleanups): 200 GET http://10.180.1.21/compute/v2.1/servers/9dde88a1-377d-40a4-86d5-587cc3b81532 0.263s
2025-04-17 14:42:11.150 70840 INFO tempest.common.waiters [-] State transition "ACTIVE/deleting" ==> "DELETED/None" after 5 second wait
2025-04-17 14:42:11.236 70838 INFO tempest.lib.common.rest_client [req-46f467b4-a3fd-4ce0-a63e-ad3581f9ae9f req-46f467b4-a3fd-4ce0-a63e-ad3581f9ae9f ] Request (ImagesNegativeTestJSON:test_create_image_from_deleted_server): 200 GET http://10.180.1.21/compute/v2.1/servers/157588be-543f-4b12-93de-201a9d8fc10e 0.251s
2025-04-17 14:42:11.246 70816 INFO tempest.lib.common.rest_client [req-c9cd00ed-f1af-4c30-b609-86764e1cac51 req-c9cd00ed-f1af-4c30-b609-86764e1cac51 ] Request (ListServerFiltersTestJSON:test_list_servers_filtered_by_ip_regex): 200 GET http://10.180.1.21/compute/v2.1/servers?ip=192.168.128. 0.239s
2025-04-17 14:42:11.285 70820 INFO tempest.lib.common.rest_client [req-f8fc10f5-a874-4918-8710-3210876bba7b req-f8fc10f5-a874-4918-8710-3210876bba7b ] Request (ImagesTestJSON:test_create_image_from_suspended_server): 200 GET http://10.180.1.21/compute/v2.1/servers/97aa0528-ea97-494e-8563-d4dc7d92f96f 0.276s
2025-04-17 14:42:11.297 70808 INFO tempest.lib.common.rest_client [req-daf58d8f-e118-477c-b59b-ff1e31cd3a8a req-daf58d8f-e118-477c-b59b-ff1e31cd3a8a ] Request (ServersAdminNegativeTestJSON:test_migrate_server_invalid_state): 200 GET http://10.180.1.21/compute/v2.1/servers/8893e014-3c12-4a40-a955-6db575e3e926 0.230s
2025-04-17 14:42:11.366 70810 INFO tempest.lib.common.rest_client [req-2de9557d-e77d-46be-874b-f626a4808ec3 req-2de9557d-e77d-46be-874b-f626a4808ec3 ] Request (FloatingIPsAssociationTestJSON:tearDownClass): 200 GET http://10.180.1.21/compute/v2.1/servers/77c84798-aa60-45c9-903b-42ce69e2d371 0.239s
2025-04-17 14:42:11.379 70854 INFO tempest.lib.common.rest_client [req-4bdf47bd-b9f7-40cb-afc1-d78986b2595d req-4bdf47bd-b9f7-40cb-afc1-d78986b2595d ] Request (ListImageFiltersTestJSON:setUpClass): 200 GET http://10.180.1.21/compute/v2.1/servers/d40867a1-e0a1-44e8-9dbd-81e075551092 0.266s
2025-04-17 14:42:11.386 70854 INFO tempest.common.waiters [-] State transition "ACTIVE/image_uploading" ==> "ACTIVE/None" after 1 second wait
2025-04-17 14:42:11.412 70846 INFO tempest.lib.common.rest_client [req-12509289-b080-4ea9-9638-22333f2c7f3f req-12509289-b080-4ea9-9638-22333f2c7f3f ] Request (ImagesOneServerTestJSON:setUpClass): 200 GET http://10.180.1.21/compute/v2.1/servers/e86ddc51-1d63-44d5-bfbe-0bd486092869 0.252s
2025-04-17 14:42:11.426 70828 INFO tempest.lib.common.rest_client [req-607953da-5c03-48a6-8cd3-1f77685b0f74 req-607953da-5c03-48a6-8cd3-1f77685b0f74 ] Request (AttachVolumeShelveTestJSON:test_attach_volume_shelved_or_offload_server): 200 GET http://10.180.1.21/compute/v2.1/servers/a3b5021f-9d1b-4462-8c6c-35dc0e3fa6ff 0.252s
2025-04-17 14:42:11.457 70814 INFO tempest.lib.common.rest_client [req-93476a0c-f747-401e-8100-9a098783438b req-93476a0c-f747-401e-8100-9a098783438b ] Request (MigrationsAdminTest:test_resize_server_revert_deleted_flavor): 200 GET http://10.180.1.21/compute/v2.1/servers/2671b8d3-14fe-439c-9f4e-e22ab8bcb498 0.215s
2025-04-17 14:42:11.471 70816 INFO tempest.lib.common.rest_client [req-a2153ef7-96fd-4883-a624-12aac03254b0 req-a2153ef7-96fd-4883-a624-12aac03254b0 ] Request (ListServerFiltersTestJSON:test_list_servers_filtered_by_name_regex): 200 GET http://10.180.1.21/compute/v2.1/servers?name=%5E.%2A%5C-instance%5C-%5B0-9%5D%2B%24 0.222s
2025-04-17 14:42:11.500 70842 INFO tempest.lib.common.rest_client [req-a06d03b6-9390-4c43-b156-85914d6ce645 req-a06d03b6-9390-4c43-b156-85914d6ce645 ] Request (ServerRescueTestJSON:setUpClass): 200 GET http://10.180.1.21/compute/v2.1/servers/f61abfde-68ff-497e-8a99-cfae352de144 0.205s
2025-04-17 14:42:11.518 70818 INFO tempest.lib.common.rest_client [req-2d5305cf-41dd-4270-bfac-cade0c4bba76 req-2d5305cf-41dd-4270-bfac-cade0c4bba76 ] Request (ServersTestJSON:test_create_specify_keypair): 200 GET http://10.180.1.21/compute/v2.1/servers/c1e9b301-c1ee-47f1-8c47-7cb59cd95b15 0.196s
2025-04-17 14:42:11.558 70858 INFO tempest.lib.common.rest_client [req-4df4cf09-f773-4ac8-8747-dc2acde56ec2 req-4df4cf09-f773-4ac8-8747-dc2acde56ec2 ] Request (ServersAdminTestJSON:test_inject_network_info): 200 GET http://10.180.1.21/compute/v2.1/servers/1c1a03ee-0c26-464c-8f65-c093a73c833c 0.187s
2025-04-17 14:42:11.641 70822 INFO tempest.lib.common.rest_client [req-7f532bd6-215f-491f-974e-3df05c39f490 req-7f532bd6-215f-491f-974e-3df05c39f490 ] Request (ServerGroupTestJSON:test_create_server_with_scheduler_hint_group): 200 GET http://10.180.1.21/compute/v2.1/servers/6b746014-b163-4a17-a8c6-4b88eaed0ac1 0.250s
2025-04-17 14:42:11.689 70852 INFO tempest.lib.common.rest_client [req-f65bde02-cff3-46f1-8f54-17a96fec73ee req-f65bde02-cff3-46f1-8f54-17a96fec73ee ] Request (VolumesAdminNegativeTest:test_update_attached_volume_with_nonexistent_volume_in_uri): 200 GET http://10.180.1.21/compute/v2.1/servers/a97dc332-4c51-4dcc-ac42-0b477aca5e3c 0.229s
2025-04-17 14:42:11.766 70816 INFO tempest.lib.common.rest_client [req-bec720f3-d6f2-4767-84c7-41391c838c23 req-bec720f3-d6f2-4767-84c7-41391c838c23 ] Request (ListServerFiltersTestJSON:test_list_servers_filtered_by_name_regex): 200 GET http://10.180.1.21/compute/v2.1/servers?name=%5E.%2A%5C-instance%5C-.%2A%24 0.292s
2025-04-17 14:42:11.819 70826 INFO tempest.lib.common.rest_client [req-fe5d6ae8-4bef-4208-a719-e2b0897f6e12 req-fe5d6ae8-4bef-4208-a719-e2b0897f6e12 ] Request (MultipleCreateTestJSON:test_multiple_create): 200 GET http://10.180.1.21/compute/v2.1/servers/e175f923-53c0-4e4c-875d-2e6d4e08714a 0.312s
2025-04-17 14:42:11.865 70862 INFO tempest.lib.common.rest_client [req-95c9bd40-134d-4614-af2a-1d6c2e46619b req-95c9bd40-134d-4614-af2a-1d6c2e46619b ] Request (DeleteServersTestJSON:test_delete_server_while_in_shelved_state): 200 GET http://10.180.1.21/compute/v2.1/servers/09654360-da5a-43e8-b884-e6423345750b 0.343s
2025-04-17 14:42:11.935 70836 INFO tempest.lib.common.rest_client [req-8842cb00-8163-4dcf-a43e-a17b973709a0 req-8842cb00-8163-4dcf-a43e-a17b973709a0 ] Request (ServerShowV257Test:test_rebuild_server): 200 GET http://10.180.1.21/compute/v2.1/servers/638038d2-367a-4b34-96fa-9117c427a22d 0.219s
2025-04-17 14:42:11.939 70854 INFO tempest.lib.common.rest_client [req-0f6ea187-f5cc-4108-baf6-1b29e3fe07e6 req-0f6ea187-f5cc-4108-baf6-1b29e3fe07e6 ] Request (ListImageFiltersTestJSON:setUpClass): 202 POST http://10.180.1.21/compute/v2.1/servers/58c2aa58-cefc-47ad-a6b2-1e266167c867/action 0.552s
2025-04-17 14:42:11.980 70816 INFO tempest.lib.common.rest_client [req-f7e23cc6-bcbe-44ec-9b50-0d12af658e2d req-f7e23cc6-bcbe-44ec-9b50-0d12af658e2d ] Request (ListServerFiltersTestJSON:test_list_servers_filtered_by_name_regex): 200 GET http://10.180.1.21/compute/v2.1/servers?name=1849674709 0.212s
2025-04-17 14:42:12.018 70833 INFO tempest.lib.common.rest_client [req-46af389e-870f-48cb-b65b-8adad0bc6c84 req-46af389e-870f-48cb-b65b-8adad0bc6c84 ] Request (ImagesOneServerNegativeTestJSON:_run_cleanups): 200 GET http://10.180.1.21/compute/v2.1/servers/527062ee-0659-45a7-96c8-1c8d6f272b86 0.299s
2025-04-17 14:42:12.029 70802 INFO tempest.lib.common.rest_client [req-66e72e3b-7af4-49a8-956c-b6c7a66fdca5 req-66e72e3b-7af4-49a8-956c-b6c7a66fdca5 ] Request (ServersTestMultiNic:_run_cleanups): 200 GET http://10.180.1.21/compute/v2.1/servers/4f732036-4f32-4829-bda3-c341355fd0b5 0.232s
2025-04-17 14:42:12.029 70833 INFO tempest.common.waiters [-] State transition "BUILD/block_device_mapping" ==> "BUILD/spawning" after 79 second wait
2025-04-17 14:42:12.059 70854 INFO tempest.lib.common.rest_client [req-c852f7f1-cebd-4038-8185-0d5d53341329 req-c852f7f1-cebd-4038-8185-0d5d53341329 ] Request (ListImageFiltersTestJSON:setUpClass): 200 GET http://10.180.1.21/compute/v2.1/images/a58041a0-6d0c-4611-920f-5a112c0b9cea 0.118s
2025-04-17 14:42:12.082 70806 WARNING tempest.lib.common.ssh [-] Failed to establish authenticated ssh connection to cirros@10.180.180.234 ([Errno None] Unable to connect to port 22 on 10.180.180.234). Number attempts: 13. Retry after 14 seconds.: paramiko.ssh_exception.NoValidConnectionsError: [Errno None] Unable to connect to port 22 on 10.180.180.234
2025-04-17 14:42:12.122 70850 INFO tempest.lib.common.rest_client [req-671c60ad-b33e-42d3-9d77-f2c01bcdf5c9 req-671c60ad-b33e-42d3-9d77-f2c01bcdf5c9 ] Request (ServerActionsTestJSON:test_lock_unlock_server): 200 GET http://10.180.1.21/compute/v2.1/servers/31adb50e-33e9-40cc-a8dc-14985336b34a 0.272s
2025-04-17 14:42:12.125 70816 INFO tempest.lib.common.rest_client [req-e8fa3bad-7fd4-4c81-9c6b-eea31a42a68b req-e8fa3bad-7fd4-4c81-9c6b-eea31a42a68b ] Request (ListServerFiltersTestJSON:test_list_servers_filtered_by_name_wildcard): 200 GET http://10.180.1.21/compute/v2.1/servers?name=-instance 0.141s
2025-04-17 14:42:12.130 70850 INFO tempest.common.waiters [-] State transition "ACTIVE/powering-off" ==> "SHUTOFF/None" after 3 second wait
2025-04-17 14:42:12.195 70824 INFO tempest.lib.common.rest_client [req-ecade85b-0f78-407a-a861-8a662a962850 req-ecade85b-0f78-407a-a861-8a662a962850 ] Request (ServersListShow2100Test:test_list_show_rebuild_update_server_2100): 200 GET http://10.180.1.21/compute/v2.1/servers/c43ee496-ab93-4b23-951b-275c17b41b3f 0.120s
2025-04-17 14:42:12.239 70848 INFO tempest.lib.common.rest_client [req-8a0b67db-0b5f-428c-933e-65a10a021421 req-8a0b67db-0b5f-428c-933e-65a10a021421 ] Request (ServerActionsTestOtherB:test_resize_server_confirm_from_stopped): 200 GET http://10.180.1.21/compute/v2.1/servers/7586d90c-26f8-4054-8574-e4585eaadc45 0.176s
2025-04-17 14:42:12.241 70816 INFO tempest.lib.common.rest_client [req-0fa4f529-14cc-486a-b0b6-c27fd790992e req-0fa4f529-14cc-486a-b0b6-c27fd790992e ] Request (ListServerFiltersTestJSON:test_list_servers_filtered_by_name_wildcard): 200 GET http://10.180.1.21/compute/v2.1/servers?name=t-ListServerFiltersTestJSON-instance-184967470 0.113s
2025-04-17 14:42:12.287 70850 INFO tempest.lib.common.rest_client [req-deb686b3-5e54-460b-a0d7-c755b93a5029 req-deb686b3-5e54-460b-a0d7-c755b93a5029 ] Request (ServerActionsTestJSON:test_lock_unlock_server): 202 POST http://10.180.1.21/compute/v2.1/servers/31adb50e-33e9-40cc-a8dc-14985336b34a/action 0.156s
2025-04-17 14:42:12.296 70844 INFO tempest.lib.common.rest_client [req-f4c1b420-897f-4b50-bf33-e566fea55ea8 req-f4c1b420-897f-4b50-bf33-e566fea55ea8 ] Request (ServersTestJSON:tearDownClass): 200 GET http://10.180.1.21/compute/v2.1/servers/9f85ffda-955a-48a7-ad50-c704b320b7d3 0.161s
2025-04-17 14:42:12.345 70840 INFO tempest.lib.common.rest_client [req-6c9d36f8-bc3a-426a-984a-cdf5bebfa2cf req-6c9d36f8-bc3a-426a-984a-cdf5bebfa2cf ] Request (AttachInterfacesTestJSON:_run_cleanups): 200 GET http://10.180.1.21/compute/v2.1/servers/9dde88a1-377d-40a4-86d5-587cc3b81532 0.194s
2025-04-17 14:42:12.389 70838 INFO tempest.lib.common.rest_client [req-f9f618df-1d78-450d-b45b-c1c54c8b548b req-f9f618df-1d78-450d-b45b-c1c54c8b548b ] Request (ImagesNegativeTestJSON:test_create_image_from_deleted_server): 200 GET http://10.180.1.21/compute/v2.1/servers/157588be-543f-4b12-93de-201a9d8fc10e 0.146s
2025-04-17 14:42:12.477 70850 INFO tempest.lib.common.rest_client [req-90dcf3be-706d-4a05-9d3f-045a0b689769 req-90dcf3be-706d-4a05-9d3f-045a0b689769 ] Request (ServerActionsTestJSON:test_lock_unlock_server): 200 GET http://10.180.1.21/compute/v2.1/servers/31adb50e-33e9-40cc-a8dc-14985336b34a 0.190s
2025-04-17 14:42:12.527 70820 INFO tempest.lib.common.rest_client [req-59648038-ae03-43e9-bc53-6f02d083c93a req-59648038-ae03-43e9-bc53-6f02d083c93a ] Request (ImagesTestJSON:test_create_image_from_suspended_server): 200 GET http://10.180.1.21/compute/v2.1/servers/97aa0528-ea97-494e-8563-d4dc7d92f96f 0.233s
2025-04-17 14:42:12.572 70808 INFO tempest.lib.common.rest_client [req-8ab537b4-d311-4d84-acc5-ac9bda368310 req-8ab537b4-d311-4d84-acc5-ac9bda368310 ] Request (ServersAdminNegativeTestJSON:test_migrate_server_invalid_state): 200 GET http://10.180.1.21/compute/v2.1/servers/8893e014-3c12-4a40-a955-6db575e3e926 0.268s
2025-04-17 14:42:12.625 70810 INFO tempest.lib.common.rest_client [req-98d3e5ae-d71d-45b0-a262-84e43d2766b1 req-98d3e5ae-d71d-45b0-a262-84e43d2766b1 ] Request (FloatingIPsAssociationTestJSON:tearDownClass): 200 GET http://10.180.1.21/compute/v2.1/servers/77c84798-aa60-45c9-903b-42ce69e2d371 0.249s
2025-04-17 14:42:12.681 70846 INFO tempest.lib.common.rest_client [req-0e6a7edc-5139-405f-9370-b92d81aebcd1 req-0e6a7edc-5139-405f-9370-b92d81aebcd1 ] Request (ImagesOneServerTestJSON:setUpClass): 200 GET http://10.180.1.21/compute/v2.1/servers/e86ddc51-1d63-44d5-bfbe-0bd486092869 0.261s
2025-04-17 14:42:12.685 70816 INFO tempest.lib.common.rest_client [req-af3ce14e-3763-453b-b33b-0434c2a1ba99 req-af3ce14e-3763-453b-b33b-0434c2a1ba99 ] Request (ListServerFiltersTestJSON:tearDownClass): 204 DELETE http://10.180.1.21/compute/v2.1/servers/9e3b77e5-dd06-4b6a-8660-97d1e62adb4a 0.441s
2025-04-17 14:42:12.725 70828 INFO tempest.lib.common.rest_client [req-4fe9e5d5-c09f-4b10-b349-34c4d43507b5 req-4fe9e5d5-c09f-4b10-b349-34c4d43507b5 ] Request (AttachVolumeShelveTestJSON:test_attach_volume_shelved_or_offload_server): 200 GET http://10.180.1.21/compute/v2.1/servers/a3b5021f-9d1b-4462-8c6c-35dc0e3fa6ff 0.289s
2025-04-17 14:42:12.733 70828 INFO tempest.common.waiters [-] State transition "BUILD/None" ==> "BUILD/networking" after 79 second wait
2025-04-17 14:42:12.734 70814 INFO tempest.lib.common.rest_client [req-6fdaa26b-4881-4858-9362-315c4f89bf7e req-6fdaa26b-4881-4858-9362-315c4f89bf7e ] Request (MigrationsAdminTest:test_resize_server_revert_deleted_flavor): 200 GET http://10.180.1.21/compute/v2.1/servers/2671b8d3-14fe-439c-9f4e-e22ab8bcb498 0.268s
2025-04-17 14:42:12.770 70842 INFO tempest.lib.common.rest_client [req-6ae55b11-cf06-4a58-bdac-28b2b283c00d req-6ae55b11-cf06-4a58-bdac-28b2b283c00d ] Request (ServerRescueTestJSON:setUpClass): 200 GET http://10.180.1.21/compute/v2.1/servers/f61abfde-68ff-497e-8a99-cfae352de144 0.258s
2025-04-17 14:42:12.788 70818 INFO tempest.lib.common.rest_client [req-9888872a-ff0a-438e-a03c-a80d81ac25aa req-9888872a-ff0a-438e-a03c-a80d81ac25aa ] Request (ServersTestJSON:test_create_specify_keypair): 200 GET http://10.180.1.21/compute/v2.1/servers/c1e9b301-c1ee-47f1-8c47-7cb59cd95b15 0.258s
2025-04-17 14:42:12.843 70858 INFO tempest.lib.common.rest_client [req-dcbbf6a2-13fa-4ef0-af3f-e2fbad77e905 req-dcbbf6a2-13fa-4ef0-af3f-e2fbad77e905 ] Request (ServersAdminTestJSON:test_inject_network_info): 200 GET http://10.180.1.21/compute/v2.1/servers/1c1a03ee-0c26-464c-8f65-c093a73c833c 0.276s
2025-04-17 14:42:12.931 70822 INFO tempest.lib.common.rest_client [req-49009b83-ef49-4ab2-96df-e951681abc62 req-49009b83-ef49-4ab2-96df-e951681abc62 ] Request (ServerGroupTestJSON:test_create_server_with_scheduler_hint_group): 200 GET http://10.180.1.21/compute/v2.1/servers/6b746014-b163-4a17-a8c6-4b88eaed0ac1 0.281s
2025-04-17 14:42:12.997 70816 INFO tempest.lib.common.rest_client [req-80d26531-cfcb-4bf3-8c54-8d0f047f7321 req-80d26531-cfcb-4bf3-8c54-8d0f047f7321 ] Request (ListServerFiltersTestJSON:tearDownClass): 200 GET http://10.180.1.21/compute/v2.1/servers/9e3b77e5-dd06-4b6a-8660-97d1e62adb4a 0.311s
2025-04-17 14:42:13.007 70852 INFO tempest.lib.common.rest_client [req-72d36c03-1272-4f69-8e4d-b5aa7376833b req-72d36c03-1272-4f69-8e4d-b5aa7376833b ] Request (VolumesAdminNegativeTest:test_update_attached_volume_with_nonexistent_volume_in_uri): 200 GET http://10.180.1.21/compute/v2.1/servers/a97dc332-4c51-4dcc-ac42-0b477aca5e3c 0.310s
2025-04-17 14:42:13.057 70826 INFO tempest.lib.common.rest_client [req-e5d4950f-6d40-46d6-96a3-561aab3853b4 req-e5d4950f-6d40-46d6-96a3-561aab3853b4 ] Request (MultipleCreateTestJSON:test_multiple_create): 200 GET http://10.180.1.21/compute/v2.1/servers/e175f923-53c0-4e4c-875d-2e6d4e08714a 0.230s
2025-04-17 14:42:13.071 70862 INFO tempest.lib.common.rest_client [req-67818f21-c269-4c49-ad73-d80988478c39 req-67818f21-c269-4c49-ad73-d80988478c39 ] Request (DeleteServersTestJSON:test_delete_server_while_in_shelved_state): 200 GET http://10.180.1.21/compute/v2.1/servers/09654360-da5a-43e8-b884-e6423345750b 0.198s
2025-04-17 14:42:13.132 70836 INFO tempest.lib.common.rest_client [req-f9de5284-5915-4bbd-92aa-a8c26f728d94 req-f9de5284-5915-4bbd-92aa-a8c26f728d94 ] Request (ServerShowV257Test:test_rebuild_server): 200 GET http://10.180.1.21/compute/v2.1/servers/638038d2-367a-4b34-96fa-9117c427a22d 0.186s
2025-04-17 14:42:13.166 70802 INFO tempest.lib.common.rest_client [req-97142a65-f536-4e6f-a44d-3966c61c9445 req-97142a65-f536-4e6f-a44d-3966c61c9445 ] Request (ServersTestMultiNic:_run_cleanups): 404 GET http://10.180.1.21/compute/v2.1/servers/4f732036-4f32-4829-bda3-c341355fd0b5 0.129s
2025-04-17 14:42:13.187 70833 INFO tempest.lib.common.rest_client [req-8a68a1f5-c8dd-4af2-b50f-f0a753edd72c req-8a68a1f5-c8dd-4af2-b50f-f0a753edd72c ] Request (ImagesOneServerNegativeTestJSON:_run_cleanups): 200 GET http://10.180.1.21/compute/v2.1/servers/527062ee-0659-45a7-96c8-1c8d6f272b86 0.156s
2025-04-17 14:42:13.208 70854 INFO tempest.lib.common.rest_client [req-7edf060e-0c7d-4fb2-9463-479b6a02446c req-7edf060e-0c7d-4fb2-9463-479b6a02446c ] Request (ListImageFiltersTestJSON:setUpClass): 200 GET http://10.180.1.21/compute/v2.1/images/a58041a0-6d0c-4611-920f-5a112c0b9cea 0.145s
2025-04-17 14:42:13.287 70824 INFO tempest.lib.common.rest_client [req-33560554-20f7-419a-bd1a-7c5280978be8 req-33560554-20f7-419a-bd1a-7c5280978be8 ] Request (ServersListShow2100Test:test_list_show_rebuild_update_server_2100): 200 GET http://10.180.1.21/compute/v2.1/servers/c43ee496-ab93-4b23-951b-275c17b41b3f 0.079s
2025-04-17 14:42:13.308 70802 INFO tempest.lib.common.rest_client [req-1456b768-e229-42b6-b856-11cba1b824b1 req-1456b768-e229-42b6-b856-11cba1b824b1 ] Request (ServersTestMultiNic:_run_cleanups): 204 DELETE http://10.180.1.21:9696/networking/v2.0/subnets/12911c5c-c96c-44bc-be27-178b7661dbed 0.141s
2025-04-17 14:42:13.350 70848 INFO tempest.lib.common.rest_client [req-0630669e-e207-4502-9d8d-a0b3e70d3b47 req-0630669e-e207-4502-9d8d-a0b3e70d3b47 ] Request (ServerActionsTestOtherB:test_resize_server_confirm_from_stopped): 200 GET http://10.180.1.21/compute/v2.1/servers/7586d90c-26f8-4054-8574-e4585eaadc45 0.103s
2025-04-17 14:42:13.365 70844 INFO tempest.lib.common.rest_client [req-5957caa4-809a-4a6d-b118-6503e2808d82 req-5957caa4-809a-4a6d-b118-6503e2808d82 ] Request (ServersTestJSON:tearDownClass): 200 GET http://10.180.1.21/compute/v2.1/servers/9f85ffda-955a-48a7-ad50-c704b320b7d3 0.061s
2025-04-17 14:42:13.421 70840 INFO tempest.lib.common.rest_client [req-36bdc1de-4dcc-44dc-b355-94364748201f req-36bdc1de-4dcc-44dc-b355-94364748201f ] Request (AttachInterfacesTestJSON:_run_cleanups): 200 GET http://10.180.1.21/compute/v2.1/servers/9dde88a1-377d-40a4-86d5-587cc3b81532 0.066s
2025-04-17 14:42:13.500 70838 INFO tempest.lib.common.rest_client [req-96a2dcf1-d347-4e5b-837b-3ec5eb595df6 req-96a2dcf1-d347-4e5b-837b-3ec5eb595df6 ] Request (ImagesNegativeTestJSON:test_create_image_from_deleted_server): 200 GET http://10.180.1.21/compute/v2.1/servers/157588be-543f-4b12-93de-201a9d8fc10e 0.103s
2025-04-17 14:42:13.509 70838 INFO tempest.common.waiters [-] State transition "BUILD/spawning" ==> "ACTIVE/None" after 93 second wait
2025-04-17 14:42:13.535 70802 INFO tempest.lib.common.rest_client [req-725833fc-6e03-4dc1-81a7-396ab0993820 req-725833fc-6e03-4dc1-81a7-396ab0993820 ] Request (ServersTestMultiNic:_run_cleanups): 204 DELETE http://10.180.1.21:9696/networking/v2.0/networks/fc4a3bc5-b0a8-4fb2-865f-10cacf259deb 0.227s
2025-04-17 14:42:13.586 70838 INFO tempest.lib.common.rest_client [req-760cbc09-d25a-406f-9b73-6936ab5eef32 req-760cbc09-d25a-406f-9b73-6936ab5eef32 ] Request (ImagesNegativeTestJSON:test_create_image_from_deleted_server): 204 DELETE http://10.180.1.21/compute/v2.1/servers/157588be-543f-4b12-93de-201a9d8fc10e 0.076s
2025-04-17 14:42:13.612 70850 INFO tempest.lib.common.rest_client [req-b9db9c93-98f7-49e9-bfb0-107849672def req-b9db9c93-98f7-49e9-bfb0-107849672def ] Request (ServerActionsTestJSON:test_lock_unlock_server): 200 GET http://10.180.1.21/compute/v2.1/servers/31adb50e-33e9-40cc-a8dc-14985336b34a 0.126s
2025-04-17 14:42:13.640 70820 INFO tempest.lib.common.rest_client [req-d9fe4e5d-a9bd-4dab-8367-311bd905557b req-d9fe4e5d-a9bd-4dab-8367-311bd905557b ] Request (ImagesTestJSON:test_create_image_from_suspended_server): 200 GET http://10.180.1.21/compute/v2.1/servers/97aa0528-ea97-494e-8563-d4dc7d92f96f 0.103s
2025-04-17 14:42:13.647 70802 INFO tempest.lib.common.rest_client [req-28dd4f99-7e7e-4fa4-9893-676fe627a037 req-28dd4f99-7e7e-4fa4-9893-676fe627a037 ] Request (ServersTestMultiNic:_run_cleanups): 204 DELETE http://10.180.1.21:9696/networking/v2.0/subnets/20cce34c-c727-4056-872f-0854d2de71f0 0.112s
2025-04-17 14:42:13.670 70808 INFO tempest.lib.common.rest_client [req-b3b8cc74-9f08-43a4-bf7c-0d1dd2b58533 req-b3b8cc74-9f08-43a4-bf7c-0d1dd2b58533 ] Request (ServersAdminNegativeTestJSON:test_migrate_server_invalid_state): 200 GET http://10.180.1.21/compute/v2.1/servers/8893e014-3c12-4a40-a955-6db575e3e926 0.084s
2025-04-17 14:42:13.737 70810 INFO tempest.lib.common.rest_client [req-9d2fabb0-ed4b-4a68-a3d5-5634d45d5809 req-9d2fabb0-ed4b-4a68-a3d5-5634d45d5809 ] Request (FloatingIPsAssociationTestJSON:tearDownClass): 200 GET http://10.180.1.21/compute/v2.1/servers/77c84798-aa60-45c9-903b-42ce69e2d371 0.102s
2025-04-17 14:42:13.867 70802 INFO tempest.lib.common.rest_client [req-ae2cf630-6993-4dd7-bb04-d0a08262e647 req-ae2cf630-6993-4dd7-bb04-d0a08262e647 ] Request (ServersTestMultiNic:_run_cleanups): 204 DELETE http://10.180.1.21:9696/networking/v2.0/networks/b6c63408-1557-457b-803e-25dc125af065 0.219s
2025-04-17 14:42:13.968 70802 INFO tempest.lib.common.rest_client [req-1f052d3b-2324-49c7-b570-9700948c14f9 req-1f052d3b-2324-49c7-b570-9700948c14f9 ] Request (ServersTestMultiNic:test_verify_multiple_nics_order): 201 POST http://10.180.1.21:9696/networking/v2.0/networks 0.099s
2025-04-17 14:42:14.052 70846 INFO tempest.lib.common.rest_client [req-19662d57-df8a-4acf-86bc-6174dae38962 req-19662d57-df8a-4acf-86bc-6174dae38962 ] Request (ImagesOneServerTestJSON:setUpClass): 200 GET http://10.180.1.21/compute/v2.1/servers/e86ddc51-1d63-44d5-bfbe-0bd486092869 0.364s
2025-04-17 14:42:14.078 70838 INFO tempest.lib.common.rest_client [req-03decc4a-0125-4e0b-968f-855e4f769fc3 req-03decc4a-0125-4e0b-968f-855e4f769fc3 ] Request (ImagesNegativeTestJSON:test_create_image_from_deleted_server): 200 GET http://10.180.1.21/compute/v2.1/servers/157588be-543f-4b12-93de-201a9d8fc10e 0.491s
2025-04-17 14:42:14.152 70802 INFO tempest.lib.common.rest_client [req-5b5ad463-e64f-4c69-9949-711d214a3422 req-5b5ad463-e64f-4c69-9949-711d214a3422 ] Request (ServersTestMultiNic:test_verify_multiple_nics_order): 201 POST http://10.180.1.21:9696/networking/v2.0/subnets 0.184s
2025-04-17 14:42:14.154 70814 INFO tempest.lib.common.rest_client [req-a571e375-5cfd-4e09-b7df-ca4d193c9d0b req-a571e375-5cfd-4e09-b7df-ca4d193c9d0b ] Request (MigrationsAdminTest:test_resize_server_revert_deleted_flavor): 200 GET http://10.180.1.21/compute/v2.1/servers/2671b8d3-14fe-439c-9f4e-e22ab8bcb498 0.409s
2025-04-17 14:42:14.230 70842 INFO tempest.lib.common.rest_client [req-cdeb1dd0-c92b-4cb4-8657-94ede3b1fcbb req-cdeb1dd0-c92b-4cb4-8657-94ede3b1fcbb ] Request (ServerRescueTestJSON:setUpClass): 200 GET http://10.180.1.21/compute/v2.1/servers/f61abfde-68ff-497e-8a99-cfae352de144 0.453s
2025-04-17 14:42:14.280 70818 INFO tempest.lib.common.rest_client [req-cac16d6e-5393-4de0-bd52-f441b19436eb req-cac16d6e-5393-4de0-bd52-f441b19436eb ] Request (ServersTestJSON:test_create_specify_keypair): 200 GET http://10.180.1.21/compute/v2.1/servers/c1e9b301-c1ee-47f1-8c47-7cb59cd95b15 0.481s
2025-04-17 14:42:14.301 70828 INFO tempest.lib.common.rest_client [req-5ead3b8c-5ccd-4283-9f82-f2ec8c868968 req-5ead3b8c-5ccd-4283-9f82-f2ec8c868968 ] Request (AttachVolumeShelveTestJSON:test_attach_volume_shelved_or_offload_server): 200 GET http://10.180.1.21/compute/v2.1/servers/a3b5021f-9d1b-4462-8c6c-35dc0e3fa6ff 0.566s
2025-04-17 14:42:14.308 70802 INFO tempest.lib.common.rest_client [req-47420821-ded4-42e7-9cf0-022ee19b3e95 req-47420821-ded4-42e7-9cf0-022ee19b3e95 ] Request (ServersTestMultiNic:test_verify_multiple_nics_order): 201 POST http://10.180.1.21:9696/networking/v2.0/networks 0.155s
2025-04-17 14:42:14.313 70828 INFO tempest.common.waiters [-] State transition "BUILD/networking" ==> "BUILD/spawning" after 81 second wait
2025-04-17 14:42:14.353 70858 INFO tempest.lib.common.rest_client [req-f6c85767-4cc9-4a24-a509-651b7d50b099 req-f6c85767-4cc9-4a24-a509-651b7d50b099 ] Request (ServersAdminTestJSON:test_inject_network_info): 200 GET http://10.180.1.21/compute/v2.1/servers/1c1a03ee-0c26-464c-8f65-c093a73c833c 0.500s
2025-04-17 14:42:14.505 70822 INFO tempest.lib.common.rest_client [req-2e2a113c-b061-41d2-972e-ddeb877cdbeb req-2e2a113c-b061-41d2-972e-ddeb877cdbeb ] Request (ServerGroupTestJSON:test_create_server_with_scheduler_hint_group): 200 GET http://10.180.1.21/compute/v2.1/servers/6b746014-b163-4a17-a8c6-4b88eaed0ac1 0.566s
2025-04-17 14:42:14.519 70816 INFO tempest.lib.common.rest_client [req-0a43c17b-8697-445b-9ba0-87b74d73a4f5 req-0a43c17b-8697-445b-9ba0-87b74d73a4f5 ] Request (ListServerFiltersTestJSON:tearDownClass): 200 GET http://10.180.1.21/compute/v2.1/servers/9e3b77e5-dd06-4b6a-8660-97d1e62adb4a 0.511s
2025-04-17 14:42:14.574 70826 INFO tempest.lib.common.rest_client [req-0607d4df-79a5-4bad-b68c-a4a52568a865 req-0607d4df-79a5-4bad-b68c-a4a52568a865 ] Request (MultipleCreateTestJSON:test_multiple_create): 200 GET http://10.180.1.21/compute/v2.1/servers/e175f923-53c0-4e4c-875d-2e6d4e08714a 0.503s
2025-04-17 14:42:14.587 70852 INFO tempest.lib.common.rest_client [req-e08dbba8-b71d-499b-b777-940dfe929357 req-e08dbba8-b71d-499b-b777-940dfe929357 ] Request (VolumesAdminNegativeTest:test_update_attached_volume_with_nonexistent_volume_in_uri): 200 GET http://10.180.1.21/compute/v2.1/servers/a97dc332-4c51-4dcc-ac42-0b477aca5e3c 0.568s
2025-04-17 14:42:14.638 70862 INFO tempest.lib.common.rest_client [req-dfb0285a-1726-4d2d-95ee-de7f71322734 req-dfb0285a-1726-4d2d-95ee-de7f71322734 ] Request (DeleteServersTestJSON:test_delete_server_while_in_shelved_state): 200 GET http://10.180.1.21/compute/v2.1/servers/09654360-da5a-43e8-b884-e6423345750b 0.559s
