2025-04-17 14:40:43.664 70828 INFO tempest.lib.common.rest_client [req-67887262-e0b6-4a2b-82b3-be96db56abce req-67887262-e0b6-4a2b-82b3-be96db56abce ] Request (InstanceActionsNegativeTestJSON:tearDownClass): 200 GET http://10.180.1.21:9696/networking/v2.0/security-groups?tenant_id=a646e9ad28c645a88ac438e0592933cb&name=default 0.036s
2025-04-17 14:40:43.666 70842 INFO tempest.lib.common.rest_client [req-32b2acc9-8b8d-4cc1-a047-913d132b95f9 req-32b2acc9-8b8d-4cc1-a047-913d132b95f9 ] Request (ServersV294TestFqdnHostnames:tearDownClass): 200 GET http://10.180.1.21/compute/v2.1/servers/45512c2a-1c78-4f50-a995-01ec8108fe38 0.363s
2025-04-17 14:40:43.712 70844 INFO tempest.lib.common.rest_client [req-a9b3d1ee-ecf7-420a-a6e5-34ef10608e17 req-a9b3d1ee-ecf7-420a-a6e5-34ef10608e17 ] Request (ServersTestJSON:setUpClass): 200 GET http://10.180.1.21/compute/v2.1/servers/9f85ffda-955a-48a7-ad50-c704b320b7d3 0.493s
2025-04-17 14:40:43.721 70844 INFO tempest.common.waiters [-] State transition "BUILD/spawning" ==> "ACTIVE/None" after 44 second wait
2025-04-17 14:40:43.793 70818 INFO tempest.lib.common.rest_client [req-339a86bd-4705-40a8-b3ea-a02c99b9cee1 req-339a86bd-4705-40a8-b3ea-a02c99b9cee1 ] Request (ServersTestJSON:_run_cleanups): 200 GET http://10.180.1.21/compute/v2.1/servers/fa971009-4d0a-4b6b-9440-9c34feb6d32d 0.458s
2025-04-17 14:40:43.820 70828 INFO tempest.lib.common.rest_client [req-7b064fe0-4104-4ca4-bf12-f58525896b18 req-7b064fe0-4104-4ca4-bf12-f58525896b18 ] Request (InstanceActionsNegativeTestJSON:tearDownClass): 204 DELETE http://10.180.1.21:9696/networking/v2.0/security-groups/65d6766d-0129-4506-bb27-918f8fa77a3a 0.156s
2025-04-17 14:40:43.846 70822 INFO tempest.lib.common.rest_client [req-272d5b68-c470-4105-a620-8887773f38f4 req-272d5b68-c470-4105-a620-8887773f38f4 ] Request (ServerGroupTestJSON:test_create_delete_multiple_server_groups_with_same_name_policy): 200 POST http://10.180.1.21/compute/v2.1/os-server-groups 0.479s
2025-04-17 14:40:43.856 70826 INFO tempest.lib.common.rest_client [req-a2671ff8-37b2-4f50-afbe-3114e7091c06 req-a2671ff8-37b2-4f50-afbe-3114e7091c06 ] Request (SecurityGroupRulesNegativeTestJSON:test_create_security_group_rule_with_invalid_id): 400 POST http://10.180.1.21/compute/v2.1/os-security-group-rules 0.307s
2025-04-17 14:40:43.905 70836 INFO tempest.lib.common.rest_client [req-325440e8-82d3-4540-b9e5-901f3aa1e71f req-325440e8-82d3-4540-b9e5-901f3aa1e71f ] Request (ServersListShow298Test:tearDownClass): 200 GET http://10.180.1.21/compute/v2.1/servers/59d0c92a-a41f-4eae-b381-8f11d1f68197 0.519s
2025-04-17 14:40:43.922 70864 INFO tempest.lib.common.rest_client [req-e7fd229c-7fef-448b-ba45-8ff54e114350 req-e7fd229c-7fef-448b-ba45-8ff54e114350 ] Request (KeyPairsV22TestJSON:_run_cleanups): 204 DELETE http://10.180.1.21/compute/v2.1/os-keypairs/tempest-KeyPairsV22TestJSON-keypair-1937928658 0.348s
2025-04-17 14:40:43.945 70846 INFO tempest.lib.common.rest_client [req-1b8eb352-bcca-4305-8a71-b38d4c9e114a req-1b8eb352-bcca-4305-8a71-b38d4c9e114a ] Request (DeleteServersAdminTestJSON:test_delete_server_while_in_error_state): 200 GET http://10.180.1.21/compute/v2.1/servers/3b9cca60-6e8d-489e-800a-5277edfc0d3a 0.380s
2025-04-17 14:40:43.964 70828 INFO tempest.lib.common.rest_client [req-15ab24cf-a427-4053-b253-8ba5917e9783 req-15ab24cf-a427-4053-b253-8ba5917e9783 ] Request (InstanceActionsNegativeTestJSON:tearDownClass): 204 DELETE http://10.180.1.21/identity/v3/projects/a646e9ad28c645a88ac438e0592933cb 0.143s
2025-04-17 14:40:44.008 70860 INFO tempest.lib.common.rest_client [req-6200285d-9a8c-4dd2-aabf-cb56c8691d67 req-6200285d-9a8c-4dd2-aabf-cb56c8691d67 ] Request (InstanceActionsTestJSON:setUpClass): 200 GET http://10.180.1.21/compute/v2.1/servers/2de27262-fff1-459f-8a3a-555d09be09ff 0.355s
2025-04-17 14:40:44.027 70808 INFO tempest.lib.common.rest_client [req-40b3ab7b-8643-4e04-9a34-a59ed30ee9cb req-40b3ab7b-8643-4e04-9a34-a59ed30ee9cb ] Request (ServersAdminNegativeTestJSON:setUpClass): 200 GET http://10.180.1.21/compute/v2.1/servers/de35e055-451f-4c4b-ab3a-9b5b6baa529c 0.367s
2025-04-17 14:40:44.074 70828 INFO tempest.lib.common.rest_client [req-cc5798d9-7023-40c5-b17d-53af4be1da68 req-cc5798d9-7023-40c5-b17d-53af4be1da68 ] Request (TestVersions:setUpClass): 201 POST http://10.180.1.21/identity/v3/auth/tokens 0.109s
2025-04-17 14:40:44.108 70850 INFO tempest.lib.common.rest_client [req-066ef378-979a-466e-92ef-5cd10cbbbcf3 req-066ef378-979a-466e-92ef-5cd10cbbbcf3 ] Request (ServerActionsTestJSON:setUpClass): 200 GET http://10.180.1.21/compute/v2.1/servers/31adb50e-33e9-40cc-a8dc-14985336b34a 0.386s
2025-04-17 14:40:44.128 70844 INFO tempest.lib.common.rest_client [req-813423c6-9d03-48fc-a887-4d79e547b576 req-813423c6-9d03-48fc-a887-4d79e547b576 ] Request (ServersTestJSON:setUpClass): 200 GET http://10.180.1.21/compute/v2.1/servers/9f85ffda-955a-48a7-ad50-c704b320b7d3/os-interface 0.406s
2025-04-17 14:40:44.140 70828 INFO tempest.lib.common.rest_client [req-6c45eb63-d1ef-4a0c-9cd2-9cf7dce677df req-6c45eb63-d1ef-4a0c-9cd2-9cf7dce677df ] Request (TestVersions:setUpClass): 201 POST http://10.180.1.21/identity/v3/auth/tokens 0.063s
2025-04-17 14:40:44.191 70828 INFO tempest.lib.common.rest_client [req-16aedf86-a42e-4c24-9921-0abd1791ebbc req-16aedf86-a42e-4c24-9921-0abd1791ebbc ] Request (TestVersions:setUpClass): 200 GET http://10.180.1.21/identity/v3/domains?name=Default 0.051s
2025-04-17 14:40:44.232 70822 INFO tempest.lib.common.rest_client [req-a1467e75-14bc-4043-9dbf-6f51e311629c req-a1467e75-14bc-4043-9dbf-6f51e311629c ] Request (ServerGroupTestJSON:test_create_delete_multiple_server_groups_with_same_name_policy): 200 POST http://10.180.1.21/compute/v2.1/os-server-groups 0.384s
2025-04-17 14:40:44.256 70828 INFO tempest.lib.common.rest_client [req-750316a1-11a3-402f-a31d-5cf1b571389e req-750316a1-11a3-402f-a31d-5cf1b571389e ] Request (TestVersions:setUpClass): 201 POST http://10.180.1.21/identity/v3/projects 0.064s
2025-04-17 14:40:44.313 70812 INFO tempest.lib.common.rest_client [req-6cc22b52-c27c-4b54-bfce-c6bc2f685f8f req-6cc22b52-c27c-4b54-bfce-c6bc2f685f8f ] Request (InstanceActionsV221TestJSON:test_get_list_deleted_instance_actions): 200 GET http://10.180.1.21/compute/v2.1/servers/375bd3df-c0cc-48ac-81a4-7a9133f5fd56 0.574s
2025-04-17 14:40:44.327 70812 INFO tempest.common.waiters [-] State transition "BUILD/networking" ==> "BUILD/spawning" after 44 second wait
2025-04-17 14:40:44.331 70828 INFO tempest.lib.common.rest_client [req-cc91ea17-fa83-4963-a34f-74e96ecdaec9 req-cc91ea17-fa83-4963-a34f-74e96ecdaec9 ] Request (TestVersions:setUpClass): 201 POST http://10.180.1.21/identity/v3/users 0.075s
2025-04-17 14:40:44.363 70828 INFO tempest.lib.common.rest_client [req-e49cf99d-0e79-47ab-aa7f-5fb33c6f6244 req-e49cf99d-0e79-47ab-aa7f-5fb33c6f6244 ] Request (TestVersions:setUpClass): 200 GET http://10.180.1.21/identity/v3/roles 0.032s
2025-04-17 14:40:44.394 70828 INFO tempest.lib.common.rest_client [req-a9c59881-8c2a-4c0f-bb0b-5ca417e0415c req-a9c59881-8c2a-4c0f-bb0b-5ca417e0415c ] Request (TestVersions:setUpClass): 204 PUT http://10.180.1.21/identity/v3/projects/1bc40dbda2b34c0fab27c0a9acd535b6/users/4d87fb85d71b49989d770423a6f55b30/roles/8ad5a48326e3443c88e4506d9107a889 0.030s
2025-04-17 14:40:44.394 70828 INFO tempest.lib.common.dynamic_creds [-] Dynamic test user 4d87fb85d71b49989d770423a6f55b30 is created with scope project and roles: ['member']
2025-04-17 14:40:44.394 70828 INFO tempest.lib.common.dynamic_creds [-] Acquired dynamic creds: credentials: Credentials: {'domain_id': 'default', 'domain_name': 'Default', 'username': 'tempest-TestVersions-792054511-project-member', 'project_domain_id': 'default', 'project_domain_name': 'Default', 'project_id': '1bc40dbda2b34c0fab27c0a9acd535b6', 'project_name': 'tempest-TestVersions-792054511', 'tenant_id': '1bc40dbda2b34c0fab27c0a9acd535b6', 'tenant_name': 'tempest-TestVersions-792054511', 'user_domain_id': 'default', 'user_domain_name': 'Default', 'user_id': '4d87fb85d71b49989d770423a6f55b30', 'system': None}, Network: None, Subnet: None, Router: None
2025-04-17 14:40:44.395 70828 INFO tempest.lib.common.dynamic_creds [-] Created isolated network resources for: credentials: Credentials: {'domain_id': 'default', 'domain_name': 'Default', 'username': 'tempest-TestVersions-792054511-project-member', 'project_domain_id': 'default', 'project_domain_name': 'Default', 'project_id': '1bc40dbda2b34c0fab27c0a9acd535b6', 'project_name': 'tempest-TestVersions-792054511', 'tenant_id': '1bc40dbda2b34c0fab27c0a9acd535b6', 'tenant_name': 'tempest-TestVersions-792054511', 'user_domain_id': 'default', 'user_domain_name': 'Default', 'user_id': '4d87fb85d71b49989d770423a6f55b30', 'system': None}, Network: None, Subnet: None, Router: None
2025-04-17 14:40:44.416 70833 INFO tempest.lib.common.rest_client [req-cd583830-2f1a-469d-888c-77e484c3287a req-cd583830-2f1a-469d-888c-77e484c3287a ] Request (ImagesOneServerNegativeTestJSON:_run_cleanups): 200 GET http://10.180.1.21/compute/v2.1/servers/bcc80b1e-7f74-4c7b-b490-ec70a0474f01 0.530s
2025-04-17 14:40:44.440 70864 INFO tempest.lib.common.rest_client [req-e1f3290a-79ad-4ac1-801a-8daeb85ee6b7 req-e1f3290a-79ad-4ac1-801a-8daeb85ee6b7 ] Request (KeyPairsV22TestJSON:_run_cleanups): 204 DELETE http://10.180.1.21/compute/v2.1/os-keypairs/tempest-KeyPairsV22TestJSON-keypair-730461671 0.517s
2025-04-17 14:40:44.476 70840 WARNING tempest.lib.common.ssh [-] Failed to establish authenticated ssh connection to cirros@10.180.180.194 ([Errno None] Unable to connect to port 22 on 10.180.180.194). Number attempts: 3. Retry after 4 seconds.: paramiko.ssh_exception.NoValidConnectionsError: [Errno None] Unable to connect to port 22 on 10.180.180.194
2025-04-17 14:40:44.509 70828 INFO tempest.lib.common.rest_client [req-9f5d4cb0-63e8-4da5-a7eb-739c71ed8977 req-9f5d4cb0-63e8-4da5-a7eb-739c71ed8977 ] Request (TestVersions:setUpClass): 201 POST http://10.180.1.21/identity/v3/auth/tokens 0.110s
2025-04-17 14:40:44.554 70862 INFO tempest.lib.common.rest_client [req-2b6a3cd1-69ba-4ea5-aedb-25f4ff3930d3 req-2b6a3cd1-69ba-4ea5-aedb-25f4ff3930d3 ] Request (DeleteServersTestJSON:test_delete_server_while_in_attached_volume): 200 GET http://10.180.1.21/volume/v3/volumes/7b710425-e379-465a-bbd7-459ebd705ffa 0.065s
2025-04-17 14:40:44.622 70826 INFO tempest.lib.common.rest_client [req-0b52d228-2f2f-46af-8600-6109c669f715 req-0b52d228-2f2f-46af-8600-6109c669f715 ] Request (SecurityGroupRulesNegativeTestJSON:test_create_security_group_rule_with_invalid_ip_protocol): 200 POST http://10.180.1.21/compute/v2.1/os-security-groups 0.763s
2025-04-17 14:40:44.664 70852 INFO tempest.lib.common.rest_client [req-5d805742-81cc-4f4b-af65-de7df43b47d6 req-5d805742-81cc-4f4b-af65-de7df43b47d6 ] Request (VolumesAdminNegativeTest:test_update_attached_volume_with_nonexistent_volume_in_body): 200 GET http://10.180.1.21/compute/v2.1/servers/e630f6cf-d91f-4ce9-a01e-a508523990ef 0.740s
2025-04-17 14:40:44.721 70834 INFO tempest.lib.common.rest_client [req-126d3e87-082d-46ff-bb6d-2f78f298624c req-126d3e87-082d-46ff-bb6d-2f78f298624c ] Request (ServerShowV254Test:test_rebuild_server): 200 GET http://10.180.1.21/compute/v2.1/servers/126e670b-cfa9-4316-b2e1-a6782d2b3684 0.736s
2025-04-17 14:40:44.740 70858 INFO tempest.lib.common.rest_client [req-f5c28bda-37e6-437a-a59f-ecfaa7fd91b0 req-f5c28bda-37e6-437a-a59f-ecfaa7fd91b0 ] Request (ServersAdminTestJSON:test_create_server_with_scheduling_hint): 200 GET http://10.180.1.21/compute/v2.1/servers/5ab5b747-1655-4116-bdfa-46b8dcfec6b8 0.694s
2025-04-17 14:40:44.791 70816 INFO tempest.lib.common.rest_client [req-0ec157c5-c150-4f88-8681-250a1e21054b req-0ec157c5-c150-4f88-8681-250a1e21054b ] Request (ListServerFiltersTestJSON:setUpClass): 200 GET http://10.180.1.21/compute/v2.1/servers/9e3b77e5-dd06-4b6a-8660-97d1e62adb4a 0.684s
2025-04-17 14:40:44.812 70830 INFO tempest.lib.common.rest_client [req-92b109ae-15c8-4d0f-b0e4-b47802f1fc82 req-92b109ae-15c8-4d0f-b0e4-b47802f1fc82 ] Request (ServersAaction247Test:test_create_backup): 200 GET http://10.180.1.21/compute/v2.1/servers/e5585d3f-b6f3-4f69-8618-ad365b32f71a 0.599s
2025-04-17 14:40:44.835 70822 INFO tempest.lib.common.rest_client [req-52a2bc5e-9cf7-410e-a462-b4529809b981 req-52a2bc5e-9cf7-410e-a462-b4529809b981 ] Request (ServerGroupTestJSON:test_create_delete_multiple_server_groups_with_same_name_policy): 204 DELETE http://10.180.1.21/compute/v2.1/os-server-groups/e58d8e2a-fd73-4c67-8b6d-6ed7214625b1 0.602s
2025-04-17 14:40:45.093 70820 INFO tempest.lib.common.rest_client [req-d16726ec-5b79-4f57-8a4c-fd715997ac97 req-d16726ec-5b79-4f57-8a4c-fd715997ac97 ] Request (ImagesTestJSON:test_create_image_from_stopped_server): 200 GET http://10.180.1.21/compute/v2.1/servers/d2258803-84ff-4bba-af91-5815db4015d7 0.853s
2025-04-17 14:40:45.157 70854 INFO tempest.lib.common.rest_client [req-1148d722-d5c1-4c0f-a10e-799398975ed0 req-1148d722-d5c1-4c0f-a10e-799398975ed0 ] Request (ListImageFiltersTestJSON:setUpClass): 200 GET http://10.180.1.21/compute/v2.1/servers/58c2aa58-cefc-47ad-a6b2-1e266167c867 0.738s
2025-04-17 14:40:45.190 70814 INFO tempest.lib.common.rest_client [req-96bf2219-9ef3-4022-826d-00d0c2b46852 req-96bf2219-9ef3-4022-826d-00d0c2b46852 ] Request (MigrationsAdminTest:test_list_migrations_in_flavor_resize_situation): 200 GET http://10.180.1.21/compute/v2.1/servers/7d971534-4425-456e-83e4-7c8d9ed7f435 0.845s
2025-04-17 14:40:45.215 70810 INFO tempest.lib.common.rest_client [req-9f4bdef1-ca9e-436b-a1f5-a4175dfad835 req-9f4bdef1-ca9e-436b-a1f5-a4175dfad835 ] Request (FloatingIPsAssociationTestJSON:test_associate_already_associated_floating_ip): 200 GET http://10.180.1.21/compute/v2.1/servers/4732ccdb-9242-4feb-a4c4-ec145ae5a7cc 0.774s
2025-04-17 14:40:45.240 70864 INFO tempest.lib.common.rest_client [req-aa3fdf68-c83e-4f16-a9f0-2326770d66ce req-aa3fdf68-c83e-4f16-a9f0-2326770d66ce ] Request (KeyPairsV22TestJSON:test_keypairsv22_create_list_show): 201 POST http://10.180.1.21/compute/v2.1/os-keypairs 0.799s
2025-04-17 14:40:45.246 70828 INFO tempest.lib.common.rest_client [-] Request (TestVersions:test_get_version_details): 200 GET http://10.180.1.21/compute/ 0.736s
2025-04-17 14:40:45.276 70802 INFO tempest.lib.common.rest_client [req-f092ed5d-119d-4fcc-b855-82dbb1ed6a97 req-f092ed5d-119d-4fcc-b855-82dbb1ed6a97 ] Request (ServersTestMultiNic:test_verify_duplicate_network_nics): 200 GET http://10.180.1.21/compute/v2.1/servers/4f732036-4f32-4829-bda3-c341355fd0b5 0.792s
2025-04-17 14:40:45.314 70824 INFO tempest.lib.common.rest_client [req-80cd0e8f-04bf-4cfb-8891-669c636b326f req-80cd0e8f-04bf-4cfb-8891-669c636b326f ] Request (ServerMetadataNegativeTestJSON:tearDownClass): 200 GET http://10.180.1.21/compute/v2.1/servers/42a9d8ed-30da-4630-b4d0-c7a73214ada3 0.770s
2025-04-17 14:40:45.331 70838 INFO tempest.lib.common.rest_client [req-498ab8b4-41c6-427b-bb22-2b7d94dee825 req-498ab8b4-41c6-427b-bb22-2b7d94dee825 ] Request (ImagesNegativeTestJSON:test_create_image_from_deleted_server): 200 GET http://10.180.1.21/compute/v2.1/servers/157588be-543f-4b12-93de-201a9d8fc10e 0.723s
2025-04-17 14:40:45.339 70844 INFO tempest.lib.common.rest_client [req-7cac16e8-dfc8-4c57-be0f-ed44971287e0 req-7cac16e8-dfc8-4c57-be0f-ed44971287e0 ] Request (ServersTestJSON:setUpClass): 200 PUT http://10.180.1.21:9696/networking/v2.0/floatingips/45f9c412-752d-42f5-818f-8f30b75da592 1.209s
2025-04-17 14:40:45.354 70826 INFO tempest.lib.common.rest_client [req-ee4fa782-095e-4881-8cd9-83412c6c5a81 req-ee4fa782-095e-4881-8cd9-83412c6c5a81 ] Request (SecurityGroupRulesNegativeTestJSON:test_create_security_group_rule_with_invalid_ip_protocol): 400 POST http://10.180.1.21/compute/v2.1/os-security-group-rules 0.728s
2025-04-17 14:40:45.401 70842 INFO tempest.lib.common.rest_client [req-5b3d883f-fe72-4fbf-8762-d8edd425a4d7 req-5b3d883f-fe72-4fbf-8762-d8edd425a4d7 ] Request (ServersV294TestFqdnHostnames:tearDownClass): 200 GET http://10.180.1.21/compute/v2.1/servers/45512c2a-1c78-4f50-a995-01ec8108fe38 0.719s
2025-04-17 14:40:45.406 70818 INFO tempest.lib.common.rest_client [req-098e48ac-3fb8-4a61-9707-dbd4bd8fb43e req-098e48ac-3fb8-4a61-9707-dbd4bd8fb43e ] Request (ServersTestJSON:_run_cleanups): 200 GET http://10.180.1.21/compute/v2.1/servers/fa971009-4d0a-4b6b-9440-9c34feb6d32d 0.605s
2025-04-17 14:40:45.421 70822 INFO tempest.lib.common.rest_client [req-49bf3b0d-ffb3-4677-ae05-f1748cc992f2 req-49bf3b0d-ffb3-4677-ae05-f1748cc992f2 ] Request (ServerGroupTestJSON:test_create_delete_multiple_server_groups_with_same_name_policy): 200 GET http://10.180.1.21/compute/v2.1/os-server-groups 0.585s
2025-04-17 14:40:45.443 70836 INFO tempest.lib.common.rest_client [req-db8a0537-78b1-45e8-ac77-ef350359ecc4 req-db8a0537-78b1-45e8-ac77-ef350359ecc4 ] Request (ServersListShow298Test:tearDownClass): 404 GET http://10.180.1.21/compute/v2.1/servers/59d0c92a-a41f-4eae-b381-8f11d1f68197 0.525s
2025-04-17 14:40:45.494 70846 INFO tempest.lib.common.rest_client [req-3b277a50-71dc-4b6d-9528-d134191380ce req-3b277a50-71dc-4b6d-9528-d134191380ce ] Request (DeleteServersAdminTestJSON:test_delete_server_while_in_error_state): 200 GET http://10.180.1.21/compute/v2.1/servers/3b9cca60-6e8d-489e-800a-5277edfc0d3a 0.538s
2025-04-17 14:40:45.496 70860 INFO tempest.lib.common.rest_client [req-c82bf9ce-ab7e-458f-b29e-ea7f4580c07c req-c82bf9ce-ab7e-458f-b29e-ea7f4580c07c ] Request (InstanceActionsTestJSON:setUpClass): 200 GET http://10.180.1.21/compute/v2.1/servers/2de27262-fff1-459f-8a3a-555d09be09ff 0.475s
2025-04-17 14:40:45.548 70808 INFO tempest.lib.common.rest_client [req-b4607850-a9f1-4b19-be47-6d16514bc293 req-b4607850-a9f1-4b19-be47-6d16514bc293 ] Request (ServersAdminNegativeTestJSON:setUpClass): 200 GET http://10.180.1.21/compute/v2.1/servers/de35e055-451f-4c4b-ab3a-9b5b6baa529c 0.508s
2025-04-17 14:40:45.553 70850 INFO tempest.lib.common.rest_client [req-a41842af-b896-4588-a64c-44a8f78b55aa req-a41842af-b896-4588-a64c-44a8f78b55aa ] Request (ServerActionsTestJSON:setUpClass): 200 GET http://10.180.1.21/compute/v2.1/servers/31adb50e-33e9-40cc-a8dc-14985336b34a 0.433s
2025-04-17 14:40:45.556 70864 INFO tempest.lib.common.rest_client [req-af1e51c1-4739-49ae-827e-3fd0890b90e0 req-af1e51c1-4739-49ae-827e-3fd0890b90e0 ] Request (KeyPairsV22TestJSON:test_keypairsv22_create_list_show): 200 GET http://10.180.1.21/compute/v2.1/os-keypairs/tempest-keypair-1696798008 0.310s
2025-04-17 14:40:45.558 70828 INFO tempest.lib.common.rest_client [req-3964c281-24b2-4117-973c-879f87aae4c9 req-3964c281-24b2-4117-973c-879f87aae4c9 ] Request (TestVersions:test_get_version_details): 200 GET http://10.180.1.21/compute/v2/ 0.309s
2025-04-17 14:40:45.563 70850 INFO tempest.common.waiters [-] State transition "BUILD/scheduling" ==> "BUILD/None" after 27 second wait
2025-04-17 14:40:45.609 70862 INFO tempest.lib.common.rest_client [req-f9fe8716-6582-4900-b6d0-e2f18fa281d8 req-f9fe8716-6582-4900-b6d0-e2f18fa281d8 ] Request (DeleteServersTestJSON:test_delete_server_while_in_attached_volume): 200 GET http://10.180.1.21/volume/v3/volumes/7b710425-e379-465a-bbd7-459ebd705ffa 0.048s
2025-04-17 14:40:45.628 70836 INFO tempest.lib.common.rest_client [req-da75d912-4e0b-49bc-aeef-efed9a2e7eaa req-da75d912-4e0b-49bc-aeef-efed9a2e7eaa ] Request (ServersListShow298Test:tearDownClass): 204 DELETE http://10.180.1.21/identity/v3/users/b74d059812f04a10a9986ae3159524b9 0.184s
2025-04-17 14:40:45.628 70836 INFO tempest.lib.common.dynamic_creds [-] Deleting project and security group for project: ef03f257ad1c4cbfaac0180e0f4e628c
2025-04-17 14:40:45.676 70812 INFO tempest.lib.common.rest_client [req-e029df05-67ce-483a-80b7-659021b8b550 req-e029df05-67ce-483a-80b7-659021b8b550 ] Request (InstanceActionsV221TestJSON:test_get_list_deleted_instance_actions): 200 GET http://10.180.1.21/compute/v2.1/servers/375bd3df-c0cc-48ac-81a4-7a9133f5fd56 0.346s
2025-04-17 14:40:45.680 70836 INFO tempest.lib.common.rest_client [req-7318dee3-afce-4c77-8fdf-7253e893a90e req-7318dee3-afce-4c77-8fdf-7253e893a90e ] Request (ServersListShow298Test:tearDownClass): 201 POST http://10.180.1.21/identity/v3/auth/tokens 0.051s
2025-04-17 14:40:45.790 70844 INFO tempest.lib.common.rest_client [req-42bc5061-1740-481a-8b34-8999252e6524 req-42bc5061-1740-481a-8b34-8999252e6524 ] Request (ServersTestJSON:setUpClass): 200 GET http://10.180.1.21/compute/v2.1/servers/9f85ffda-955a-48a7-ad50-c704b320b7d3 0.450s
2025-04-17 14:40:45.803 70844 INFO tempest.lib.common.ssh [-] Creating ssh connection to '10.180.180.218:22' as 'cirros' with public key authentication
2025-04-17 14:40:45.841 70822 INFO tempest.lib.common.rest_client [req-d3233b7a-f6df-4cf0-bb86-c7c78a9b690a req-d3233b7a-f6df-4cf0-bb86-c7c78a9b690a ] Request (ServerGroupTestJSON:test_create_delete_multiple_server_groups_with_same_name_policy): 204 DELETE http://10.180.1.21/compute/v2.1/os-server-groups/a945d31e-5352-4c9f-881f-71b440409d11 0.418s
2025-04-17 14:40:45.846 70836 INFO tempest.lib.common.rest_client [req-f3b08547-876f-4cef-817d-edde565c034a req-f3b08547-876f-4cef-817d-edde565c034a ] Request (ServersListShow298Test:tearDownClass): 200 GET http://10.180.1.21:9696/networking/v2.0/security-groups?tenant_id=ef03f257ad1c4cbfaac0180e0f4e628c&name=default 0.166s
2025-04-17 14:40:45.911 70826 INFO tempest.lib.common.rest_client [req-a207e6b4-a537-4918-b930-4d927a473dfa req-a207e6b4-a537-4918-b930-4d927a473dfa ] Request (SecurityGroupRulesNegativeTestJSON:test_create_security_group_rule_with_invalid_port_range): 200 POST http://10.180.1.21/compute/v2.1/os-security-groups 0.555s
2025-04-17 14:40:45.911 70833 INFO tempest.lib.common.rest_client [req-63d799aa-ac3a-4b04-84fd-25470c32bb8c req-63d799aa-ac3a-4b04-84fd-25470c32bb8c ] Request (ImagesOneServerNegativeTestJSON:_run_cleanups): 200 GET http://10.180.1.21/compute/v2.1/servers/bcc80b1e-7f74-4c7b-b490-ec70a0474f01 0.485s
2025-04-17 14:40:45.916 70828 INFO tempest.lib.common.rest_client [req-ba20f06b-5e96-4305-b8f9-7a26c8d220cf req-ba20f06b-5e96-4305-b8f9-7a26c8d220cf ] Request (TestVersions:test_get_version_details): 200 GET http://10.180.1.21/compute/v2.1/ 0.355s
2025-04-17 14:40:45.925 70864 INFO tempest.lib.common.rest_client [req-20e2cba0-2f42-43e7-be9a-fb28aeeb312a req-20e2cba0-2f42-43e7-be9a-fb28aeeb312a ] Request (KeyPairsV22TestJSON:test_keypairsv22_create_list_show): 200 GET http://10.180.1.21/compute/v2.1/os-keypairs 0.367s
2025-04-17 14:40:45.994 70834 INFO tempest.lib.common.rest_client [req-b67bbdcb-6ca0-4cf6-bbe6-ff2529ea99e8 req-b67bbdcb-6ca0-4cf6-bbe6-ff2529ea99e8 ] Request (ServerShowV254Test:test_rebuild_server): 200 GET http://10.180.1.21/compute/v2.1/servers/126e670b-cfa9-4316-b2e1-a6782d2b3684 0.258s
2025-04-17 14:40:46.058 70836 INFO tempest.lib.common.rest_client [req-8f0eda1e-10c5-425c-8525-838474d60cfe req-8f0eda1e-10c5-425c-8525-838474d60cfe ] Request (ServersListShow298Test:tearDownClass): 204 DELETE http://10.180.1.21:9696/networking/v2.0/security-groups/060a622c-49a9-4e1e-85ba-696111ecb3df 0.211s
2025-04-17 14:40:46.061 70858 INFO tempest.lib.common.rest_client [req-159bdc6e-7e96-49f5-80a7-740dcc61a303 req-159bdc6e-7e96-49f5-80a7-740dcc61a303 ] Request (ServersAdminTestJSON:test_create_server_with_scheduling_hint): 200 GET http://10.180.1.21/compute/v2.1/servers/5ab5b747-1655-4116-bdfa-46b8dcfec6b8 0.312s
2025-04-17 14:40:46.070 70852 INFO tempest.lib.common.rest_client [req-bf5b0115-6d75-4c87-bf86-76f0d1fa031c req-bf5b0115-6d75-4c87-bf86-76f0d1fa031c ] Request (VolumesAdminNegativeTest:test_update_attached_volume_with_nonexistent_volume_in_body): 200 GET http://10.180.1.21/compute/v2.1/servers/e630f6cf-d91f-4ce9-a01e-a508523990ef 0.397s
2025-04-17 14:40:46.139 70816 INFO tempest.lib.common.rest_client [req-e22890e2-9d6b-4350-af1f-424b81ca6dd2 req-e22890e2-9d6b-4350-af1f-424b81ca6dd2 ] Request (ListServerFiltersTestJSON:setUpClass): 200 GET http://10.180.1.21/compute/v2.1/servers/9e3b77e5-dd06-4b6a-8660-97d1e62adb4a 0.334s
2025-04-17 14:40:46.140 70830 INFO tempest.lib.common.rest_client [req-127bbf23-fd1e-4e4a-9208-2fbfc823b06f req-127bbf23-fd1e-4e4a-9208-2fbfc823b06f ] Request (ServersAaction247Test:test_create_backup): 200 GET http://10.180.1.21/compute/v2.1/servers/e5585d3f-b6f3-4f69-8618-ad365b32f71a 0.303s
2025-04-17 14:40:46.153 70822 INFO tempest.lib.common.rest_client [req-dd3030bb-1b90-48fe-86d7-8fe371b34690 req-dd3030bb-1b90-48fe-86d7-8fe371b34690 ] Request (ServerGroupTestJSON:test_create_delete_multiple_server_groups_with_same_name_policy): 200 GET http://10.180.1.21/compute/v2.1/os-server-groups 0.311s
2025-04-17 14:40:46.154 70836 INFO tempest.lib.common.rest_client [req-09a33968-09b1-4c9d-8584-0055172dd464 req-09a33968-09b1-4c9d-8584-0055172dd464 ] Request (ServersListShow298Test:tearDownClass): 204 DELETE http://10.180.1.21/identity/v3/projects/ef03f257ad1c4cbfaac0180e0f4e628c 0.096s
2025-04-17 14:40:46.155 70828 INFO tempest.lib.common.rest_client [-] Request (TestVersions:test_list_api_versions): 200 GET http://10.180.1.21/compute/ 0.235s
2025-04-17 14:40:46.181 70864 INFO tempest.lib.common.rest_client [req-1190e0d9-b438-4cdb-b202-8fb76d1a34ac req-1190e0d9-b438-4cdb-b202-8fb76d1a34ac ] Request (KeyPairsV22TestJSON:_run_cleanups): 204 DELETE http://10.180.1.21/compute/v2.1/os-keypairs/tempest-keypair-1696798008 0.254s
2025-04-17 14:40:46.218 70826 INFO tempest.lib.common.rest_client [req-166f8f8d-072a-4c8b-ae4c-e6ecd817a7ed req-166f8f8d-072a-4c8b-ae4c-e6ecd817a7ed ] Request (SecurityGroupRulesNegativeTestJSON:test_create_security_group_rule_with_invalid_port_range): 400 POST http://10.180.1.21/compute/v2.1/os-security-group-rules 0.304s
2025-04-17 14:40:46.236 70836 INFO tempest.lib.common.rest_client [req-4c8d24a7-7263-4ae4-833e-16a7d1e8ee4a req-4c8d24a7-7263-4ae4-833e-16a7d1e8ee4a ] Request (ServerShowV257Test:setUpClass): 201 POST http://10.180.1.21/identity/v3/auth/tokens 0.080s
2025-04-17 14:40:46.299 70820 INFO tempest.lib.common.rest_client [req-5c66cddc-d373-499f-858d-4eaa2958443d req-5c66cddc-d373-499f-858d-4eaa2958443d ] Request (ImagesTestJSON:test_create_image_from_stopped_server): 200 GET http://10.180.1.21/compute/v2.1/servers/d2258803-84ff-4bba-af91-5815db4015d7 0.193s
2025-04-17 14:40:46.308 70828 INFO tempest.lib.common.rest_client [req-5e92090d-76ef-4ea7-9c35-9d0420179b99 req-5e92090d-76ef-4ea7-9c35-9d0420179b99 ] Request (TestVersions:tearDownClass): 204 DELETE http://10.180.1.21/identity/v3/users/4d87fb85d71b49989d770423a6f55b30 0.150s
2025-04-17 14:40:46.309 70828 INFO tempest.lib.common.dynamic_creds [-] Deleting project and security group for project: 1bc40dbda2b34c0fab27c0a9acd535b6
2025-04-17 14:40:46.315 70822 INFO tempest.lib.common.rest_client [req-b1c6929b-8de1-457b-b0e6-d63fa3d8a6fb req-b1c6929b-8de1-457b-b0e6-d63fa3d8a6fb ] Request (ServerGroupTestJSON:test_create_delete_server_group_with_affinity_policy): 200 POST http://10.180.1.21/compute/v2.1/os-server-groups 0.159s
2025-04-17 14:40:46.316 70836 INFO tempest.lib.common.rest_client [req-937a0a80-0ef1-4dce-b55c-ffff218dd383 req-937a0a80-0ef1-4dce-b55c-ffff218dd383 ] Request (ServerShowV257Test:setUpClass): 201 POST http://10.180.1.21/identity/v3/auth/tokens 0.077s
2025-04-17 14:40:46.372 70854 INFO tempest.lib.common.rest_client [req-503279b6-517d-4a56-a578-799dbeb95b5a req-503279b6-517d-4a56-a578-799dbeb95b5a ] Request (ListImageFiltersTestJSON:setUpClass): 200 GET http://10.180.1.21/compute/v2.1/servers/58c2aa58-cefc-47ad-a6b2-1e266167c867 0.204s
2025-04-17 14:40:46.386 70828 INFO tempest.lib.common.rest_client [req-69738642-59c3-4304-b690-c6da73ca10ef req-69738642-59c3-4304-b690-c6da73ca10ef ] Request (TestVersions:tearDownClass): 201 POST http://10.180.1.21/identity/v3/auth/tokens 0.077s
2025-04-17 14:40:46.390 70836 INFO tempest.lib.common.rest_client [req-1d739cd9-2f95-4963-a004-a91a4b4f4674 req-1d739cd9-2f95-4963-a004-a91a4b4f4674 ] Request (ServerShowV257Test:setUpClass): 200 GET http://10.180.1.21/identity/v3/domains?name=Default 0.073s
2025-04-17 14:40:46.430 70836 INFO tempest.lib.common.rest_client [req-792bb89d-6657-44dd-86ba-c561b3a9b371 req-792bb89d-6657-44dd-86ba-c561b3a9b371 ] Request (ServerShowV257Test:setUpClass): 201 POST http://10.180.1.21/identity/v3/projects 0.038s
2025-04-17 14:40:46.526 70836 INFO tempest.lib.common.rest_client [req-8b8b2202-6c15-479a-8191-578145e27a14 req-8b8b2202-6c15-479a-8191-578145e27a14 ] Request (ServerShowV257Test:setUpClass): 201 POST http://10.180.1.21/identity/v3/users 0.096s
2025-04-17 14:40:46.530 70814 INFO tempest.lib.common.rest_client [req-4b6754f7-c718-480e-9b13-4a32e8b8dfa2 req-4b6754f7-c718-480e-9b13-4a32e8b8dfa2 ] Request (MigrationsAdminTest:test_list_migrations_in_flavor_resize_situation): 200 GET http://10.180.1.21/compute/v2.1/servers/7d971534-4425-456e-83e4-7c8d9ed7f435 0.333s
2025-04-17 14:40:46.550 70836 INFO tempest.lib.common.rest_client [req-b1dbe96d-28ac-4f8b-9457-86915e317133 req-b1dbe96d-28ac-4f8b-9457-86915e317133 ] Request (ServerShowV257Test:setUpClass): 200 GET http://10.180.1.21/identity/v3/roles 0.023s
2025-04-17 14:40:46.584 70836 INFO tempest.lib.common.rest_client [req-ff867789-101d-4c0e-8255-a27b4ee4e49c req-ff867789-101d-4c0e-8255-a27b4ee4e49c ] Request (ServerShowV257Test:setUpClass): 204 PUT http://10.180.1.21/identity/v3/projects/8df0594044aa47f88e94932188fa45aa/users/4527cdc908dd460795842964b05f8328/roles/8ad5a48326e3443c88e4506d9107a889 0.034s
2025-04-17 14:40:46.584 70836 INFO tempest.lib.common.dynamic_creds [-] Dynamic test user 4527cdc908dd460795842964b05f8328 is created with scope project and roles: ['member']
2025-04-17 14:40:46.584 70836 INFO tempest.lib.common.dynamic_creds [-] Acquired dynamic creds: credentials: Credentials: {'domain_id': 'default', 'domain_name': 'Default', 'username': 'tempest-ServerShowV257Test-1700569933-project-member', 'project_domain_id': 'default', 'project_domain_name': 'Default', 'project_id': '8df0594044aa47f88e94932188fa45aa', 'project_name': 'tempest-ServerShowV257Test-1700569933', 'tenant_id': '8df0594044aa47f88e94932188fa45aa', 'tenant_name': 'tempest-ServerShowV257Test-1700569933', 'user_domain_id': 'default', 'user_domain_name': 'Default', 'user_id': '4527cdc908dd460795842964b05f8328', 'system': None}, Network: None, Subnet: None, Router: None
2025-04-17 14:40:46.585 70836 INFO tempest.lib.common.dynamic_creds [-] Created isolated network resources for: credentials: Credentials: {'domain_id': 'default', 'domain_name': 'Default', 'username': 'tempest-ServerShowV257Test-1700569933-project-member', 'project_domain_id': 'default', 'project_domain_name': 'Default', 'project_id': '8df0594044aa47f88e94932188fa45aa', 'project_name': 'tempest-ServerShowV257Test-1700569933', 'tenant_id': '8df0594044aa47f88e94932188fa45aa', 'tenant_name': 'tempest-ServerShowV257Test-1700569933', 'user_domain_id': 'default', 'user_domain_name': 'Default', 'user_id': '4527cdc908dd460795842964b05f8328', 'system': None}, Network: None, Subnet: None, Router: None
2025-04-17 14:40:46.595 70864 INFO tempest.lib.common.rest_client [req-cf33203d-dbfb-4cec-8542-e8bce4852d3f req-cf33203d-dbfb-4cec-8542-e8bce4852d3f ] Request (KeyPairsV22TestJSON:test_keypairsv22_create_list_show_with_type): 201 POST http://10.180.1.21/compute/v2.1/os-keypairs 0.410s
2025-04-17 14:40:46.641 70862 INFO tempest.lib.common.rest_client [req-004918a5-6826-459d-849c-4a03b9768bb9 req-004918a5-6826-459d-849c-4a03b9768bb9 ] Request (DeleteServersTestJSON:test_delete_server_while_in_attached_volume): 200 GET http://10.180.1.21/volume/v3/volumes/7b710425-e379-465a-bbd7-459ebd705ffa 0.025s
2025-04-17 14:40:46.649 70862 INFO tempest.common.waiters [-] Attachment 07049fb4-2ce7-49f7-b8c1-698b3f436f92 created for volume 7b710425-e379-465a-bbd7-459ebd705ffa to server 3b9942d2-ff9e-4e8b-8d04-7f191d9563ff after waiting for 8.649557 seconds
2025-04-17 14:40:46.657 70836 INFO tempest.lib.common.rest_client [req-ed363a45-3573-41de-ba72-51ed00858e82 req-ed363a45-3573-41de-ba72-51ed00858e82 ] Request (ServerShowV257Test:setUpClass): 201 POST http://10.180.1.21/identity/v3/auth/tokens 0.070s
2025-04-17 14:40:46.669 70810 INFO tempest.lib.common.rest_client [req-6424fc07-aa2b-46e1-8e9d-f448487458bf req-6424fc07-aa2b-46e1-8e9d-f448487458bf ] Request (FloatingIPsAssociationTestJSON:test_associate_already_associated_floating_ip): 200 GET http://10.180.1.21/compute/v2.1/servers/4732ccdb-9242-4feb-a4c4-ec145ae5a7cc 0.446s
2025-04-17 14:40:46.681 70828 INFO tempest.lib.common.rest_client [req-2286ece5-88df-44a2-b3da-d5ceed281ab6 req-2286ece5-88df-44a2-b3da-d5ceed281ab6 ] Request (TestVersions:tearDownClass): 200 GET http://10.180.1.21:9696/networking/v2.0/security-groups?tenant_id=1bc40dbda2b34c0fab27c0a9acd535b6&name=default 0.295s
2025-04-17 14:40:46.692 70862 INFO tempest.lib.common.rest_client [req-6340c99b-1153-479b-933e-732210444648 req-6340c99b-1153-479b-933e-732210444648 ] Request (DeleteServersTestJSON:test_delete_server_while_in_attached_volume): 200 GET http://10.180.1.21/volume/v3/volumes/7b710425-e379-465a-bbd7-459ebd705ffa 0.043s
2025-04-17 14:40:46.696 70836 INFO tempest.lib.common.rest_client [req-1038abfa-0533-4e85-be01-e2f6f60fb769 req-1038abfa-0533-4e85-be01-e2f6f60fb769 ] Request (ServerShowV257Test:test_rebuild_server): 201 POST http://10.180.1.21/identity/v3/auth/tokens 0.032s
2025-04-17 14:40:46.696 70836 INFO tempest.lib.common.fixed_network [-] (ServerShowV257Test:test_rebuild_server) Found network None available for tenant
2025-04-17 14:40:46.699 70862 INFO tempest.common.waiters [-] volume 7b710425-e379-465a-bbd7-459ebd705ffa reached in-use after waiting for 0.699146 seconds
2025-04-17 14:40:46.710 70826 INFO tempest.lib.common.rest_client [req-5823a6a8-4588-419f-b98a-ec6cdaa6f4e5 req-5823a6a8-4588-419f-b98a-ec6cdaa6f4e5 ] Request (SecurityGroupRulesNegativeTestJSON:test_create_security_group_rule_with_invalid_to_port): 200 POST http://10.180.1.21/compute/v2.1/os-security-groups 0.491s
2025-04-17 14:40:46.722 70802 INFO tempest.lib.common.rest_client [req-cb236fe4-bc89-427e-9913-18fb726db204 req-cb236fe4-bc89-427e-9913-18fb726db204 ] Request (ServersTestMultiNic:test_verify_duplicate_network_nics): 200 GET http://10.180.1.21/compute/v2.1/servers/4f732036-4f32-4829-bda3-c341355fd0b5 0.438s
2025-04-17 14:40:46.740 70822 INFO tempest.lib.common.rest_client [req-85c31d77-c17c-4bc1-a3a0-4bda7867621a req-85c31d77-c17c-4bc1-a3a0-4bda7867621a ] Request (ServerGroupTestJSON:test_create_delete_server_group_with_affinity_policy): 204 DELETE http://10.180.1.21/compute/v2.1/os-server-groups/9af8cb77-77fb-4147-8628-797114e0b8b2 0.423s
2025-04-17 14:40:46.793 70824 INFO tempest.lib.common.rest_client [req-ab42df4a-6948-46ba-b0a0-8cbc3afde88d req-ab42df4a-6948-46ba-b0a0-8cbc3afde88d ] Request (ServerMetadataNegativeTestJSON:tearDownClass): 200 GET http://10.180.1.21/compute/v2.1/servers/42a9d8ed-30da-4630-b4d0-c7a73214ada3 0.472s
2025-04-17 14:40:46.800 70828 INFO tempest.lib.common.rest_client [req-473642c6-8d98-42f8-9407-ea88f3acc70f req-473642c6-8d98-42f8-9407-ea88f3acc70f ] Request (TestVersions:tearDownClass): 204 DELETE http://10.180.1.21:9696/networking/v2.0/security-groups/ddb22ac9-5bd5-41a5-b4a9-0633faab1ee5 0.118s
2025-04-17 14:40:46.804 70838 INFO tempest.lib.common.rest_client [req-990c8ac5-9367-4e49-ab09-ebd126c7e40b req-990c8ac5-9367-4e49-ab09-ebd126c7e40b ] Request (ImagesNegativeTestJSON:test_create_image_from_deleted_server): 200 GET http://10.180.1.21/compute/v2.1/servers/157588be-543f-4b12-93de-201a9d8fc10e 0.464s
2025-04-17 14:40:46.859 70818 INFO tempest.lib.common.rest_client [req-68ee1c4f-cd42-4d93-ab9e-e8aef821b349 req-68ee1c4f-cd42-4d93-ab9e-e8aef821b349 ] Request (ServersTestJSON:_run_cleanups): 200 GET http://10.180.1.21/compute/v2.1/servers/fa971009-4d0a-4b6b-9440-9c34feb6d32d 0.446s
2025-04-17 14:40:46.861 70842 INFO tempest.lib.common.rest_client [req-251562b1-4973-4813-b250-3b51590b0864 req-251562b1-4973-4813-b250-3b51590b0864 ] Request (ServersV294TestFqdnHostnames:tearDownClass): 200 GET http://10.180.1.21/compute/v2.1/servers/45512c2a-1c78-4f50-a995-01ec8108fe38 0.447s
2025-04-17 14:40:46.866 70818 INFO tempest.common.waiters [-] State transition "ACTIVE/deleting" ==> "DELETED/None" after 4 second wait
2025-04-17 14:40:46.894 70828 INFO tempest.lib.common.rest_client [req-aae1fad7-f981-452d-aa3a-a787d257c304 req-aae1fad7-f981-452d-aa3a-a787d257c304 ] Request (TestVersions:tearDownClass): 204 DELETE http://10.180.1.21/identity/v3/projects/1bc40dbda2b34c0fab27c0a9acd535b6 0.091s
2025-04-17 14:40:46.909 70860 INFO tempest.lib.common.rest_client [req-8225cf4c-c6fd-4852-a135-595cdf9319ab req-8225cf4c-c6fd-4852-a135-595cdf9319ab ] Request (InstanceActionsTestJSON:setUpClass): 200 GET http://10.180.1.21/compute/v2.1/servers/2de27262-fff1-459f-8a3a-555d09be09ff 0.405s
2025-04-17 14:40:46.915 70846 INFO tempest.lib.common.rest_client [req-c2bff462-7bab-471e-aa2f-e292aa50aea6 req-c2bff462-7bab-471e-aa2f-e292aa50aea6 ] Request (DeleteServersAdminTestJSON:test_delete_server_while_in_error_state): 200 GET http://10.180.1.21/compute/v2.1/servers/3b9cca60-6e8d-489e-800a-5277edfc0d3a 0.412s
2025-04-17 14:40:46.945 70828 INFO tempest.lib.common.rest_client [req-802b81e5-4050-4a63-a0a6-7326790afe29 req-802b81e5-4050-4a63-a0a6-7326790afe29 ] Request (AttachVolumeShelveTestJSON:setUpClass): 201 POST http://10.180.1.21/identity/v3/auth/tokens 0.048s
2025-04-17 14:40:46.955 70808 INFO tempest.lib.common.rest_client [req-a6a106f3-23af-4549-b43c-8a87966583fd req-a6a106f3-23af-4549-b43c-8a87966583fd ] Request (ServersAdminNegativeTestJSON:setUpClass): 200 GET http://10.180.1.21/compute/v2.1/servers/de35e055-451f-4c4b-ab3a-9b5b6baa529c 0.400s
2025-04-17 14:40:46.962 70864 INFO tempest.lib.common.rest_client [req-a869db5e-13a9-47db-865a-2917ec152bea req-a869db5e-13a9-47db-865a-2917ec152bea ] Request (KeyPairsV22TestJSON:test_keypairsv22_create_list_show_with_type): 200 GET http://10.180.1.21/compute/v2.1/os-keypairs/tempest-keypair-165762032 0.365s
2025-04-17 14:40:46.966 70850 INFO tempest.lib.common.rest_client [req-8cfec032-2c48-4878-a57d-c647c2da60a4 req-8cfec032-2c48-4878-a57d-c647c2da60a4 ] Request (ServerActionsTestJSON:setUpClass): 200 GET http://10.180.1.21/compute/v2.1/servers/31adb50e-33e9-40cc-a8dc-14985336b34a 0.401s
2025-04-17 14:40:46.972 70828 INFO tempest.lib.common.rest_client [req-35f03c63-c40c-4a60-8226-50ac371af96b req-35f03c63-c40c-4a60-8226-50ac371af96b ] Request (AttachVolumeShelveTestJSON:setUpClass): 201 POST http://10.180.1.21/identity/v3/auth/tokens 0.025s
2025-04-17 14:40:46.993 70828 INFO tempest.lib.common.rest_client [req-8e63ea5f-f015-42c8-b5f6-e05f8e59cec8 req-8e63ea5f-f015-42c8-b5f6-e05f8e59cec8 ] Request (AttachVolumeShelveTestJSON:setUpClass): 200 GET http://10.180.1.21/identity/v3/domains?name=Default 0.021s
2025-04-17 14:40:47.028 70828 INFO tempest.lib.common.rest_client [req-c11b701f-864e-47b2-bb0c-3c899fb1d5ee req-c11b701f-864e-47b2-bb0c-3c899fb1d5ee ] Request (AttachVolumeShelveTestJSON:setUpClass): 201 POST http://10.180.1.21/identity/v3/projects 0.034s
2025-04-17 14:40:47.054 70812 INFO tempest.lib.common.rest_client [req-44cf92a9-04ef-4008-82e4-7a4bd079ade6 req-44cf92a9-04ef-4008-82e4-7a4bd079ade6 ] Request (InstanceActionsV221TestJSON:test_get_list_deleted_instance_actions): 200 GET http://10.180.1.21/compute/v2.1/servers/375bd3df-c0cc-48ac-81a4-7a9133f5fd56 0.368s
2025-04-17 14:40:47.096 70828 INFO tempest.lib.common.rest_client [req-f077e74c-cf14-4e8f-a049-0107cfced7d8 req-f077e74c-cf14-4e8f-a049-0107cfced7d8 ] Request (AttachVolumeShelveTestJSON:setUpClass): 201 POST http://10.180.1.21/identity/v3/users 0.067s
2025-04-17 14:40:47.126 70828 INFO tempest.lib.common.rest_client [req-5961ebce-fdeb-4224-aaf3-497a8d19e587 req-5961ebce-fdeb-4224-aaf3-497a8d19e587 ] Request (AttachVolumeShelveTestJSON:setUpClass): 200 GET http://10.180.1.21/identity/v3/roles 0.029s
2025-04-17 14:40:47.167 70828 INFO tempest.lib.common.rest_client [req-8efc6c25-fb5e-40d5-8fd7-e88223fa6c66 req-8efc6c25-fb5e-40d5-8fd7-e88223fa6c66 ] Request (AttachVolumeShelveTestJSON:setUpClass): 204 PUT http://10.180.1.21/identity/v3/projects/8f5421924aec4a0eb2dce7ace32bf86c/users/1277a71adda84684a4226f6648544d6b/roles/8ad5a48326e3443c88e4506d9107a889 0.040s
2025-04-17 14:40:47.168 70828 INFO tempest.lib.common.dynamic_creds [-] Dynamic test user 1277a71adda84684a4226f6648544d6b is created with scope project and roles: ['member']
2025-04-17 14:40:47.168 70828 INFO tempest.lib.common.dynamic_creds [-] Acquired dynamic creds: credentials: Credentials: {'domain_id': 'default', 'domain_name': 'Default', 'username': 'tempest-AttachVolumeShelveTestJSON-389757913-project-member', 'project_domain_id': 'default', 'project_domain_name': 'Default', 'project_id': '8f5421924aec4a0eb2dce7ace32bf86c', 'project_name': 'tempest-AttachVolumeShelveTestJSON-389757913', 'tenant_id': '8f5421924aec4a0eb2dce7ace32bf86c', 'tenant_name': 'tempest-AttachVolumeShelveTestJSON-389757913', 'user_domain_id': 'default', 'user_domain_name': 'Default', 'user_id': '1277a71adda84684a4226f6648544d6b', 'system': None}, Network: None, Subnet: None, Router: None
2025-04-17 14:40:47.170 70862 INFO tempest.lib.common.rest_client [req-ef775849-3a0c-47bc-acaa-d39015dd915b req-ef775849-3a0c-47bc-acaa-d39015dd915b ] Request (DeleteServersTestJSON:test_delete_server_while_in_attached_volume): 204 DELETE http://10.180.1.21/compute/v2.1/servers/3b9942d2-ff9e-4e8b-8d04-7f191d9563ff 0.471s
2025-04-17 14:40:47.231 70826 INFO tempest.lib.common.rest_client [req-b4420278-a68a-4016-bef5-d4a0e09b9837 req-b4420278-a68a-4016-bef5-d4a0e09b9837 ] Request (SecurityGroupRulesNegativeTestJSON:test_create_security_group_rule_with_invalid_to_port): 400 POST http://10.180.1.21/compute/v2.1/os-security-group-rules 0.516s
2025-04-17 14:40:47.254 70822 INFO tempest.lib.common.rest_client [req-65ff9884-9f29-49a2-830c-9266d624e930 req-65ff9884-9f29-49a2-830c-9266d624e930 ] Request (ServerGroupTestJSON:test_create_delete_server_group_with_affinity_policy): 200 GET http://10.180.1.21/compute/v2.1/os-server-groups 0.513s
2025-04-17 14:40:47.260 70828 INFO tempest.lib.common.rest_client [req-4af13be7-237f-4c12-a116-2ff25aede81d req-4af13be7-237f-4c12-a116-2ff25aede81d ] Request (AttachVolumeShelveTestJSON:setUpClass): 201 POST http://10.180.1.21/identity/v3/auth/tokens 0.092s
2025-04-17 14:40:47.305 70836 INFO tempest.lib.common.rest_client [req-871978f6-43d1-46be-b1c3-c875a6514bdb req-871978f6-43d1-46be-b1c3-c875a6514bdb ] Request (ServerShowV257Test:test_rebuild_server): 202 POST http://10.180.1.21/compute/v2.1/servers 0.608s
2025-04-17 14:40:47.323 70864 INFO tempest.lib.common.rest_client [req-40ab7559-0896-4710-acbd-630cb8d5482c req-40ab7559-0896-4710-acbd-630cb8d5482c ] Request (KeyPairsV22TestJSON:test_keypairsv22_create_list_show_with_type): 200 GET http://10.180.1.21/compute/v2.1/os-keypairs 0.359s
2025-04-17 14:40:47.358 70833 INFO tempest.lib.common.rest_client [req-ea486ead-4e0c-4ede-b9a3-00f771a4c899 req-ea486ead-4e0c-4ede-b9a3-00f771a4c899 ] Request (ImagesOneServerNegativeTestJSON:_run_cleanups): 200 GET http://10.180.1.21/compute/v2.1/servers/bcc80b1e-7f74-4c7b-b490-ec70a0474f01 0.434s
2025-04-17 14:40:47.393 70834 INFO tempest.lib.common.rest_client [req-ea8bec93-b25e-4285-af38-151721cbf04d req-ea8bec93-b25e-4285-af38-151721cbf04d ] Request (ServerShowV254Test:test_rebuild_server): 200 GET http://10.180.1.21/compute/v2.1/servers/126e670b-cfa9-4316-b2e1-a6782d2b3684 0.381s
2025-04-17 14:40:47.421 70858 INFO tempest.lib.common.rest_client [req-1f5086c0-930c-4272-a551-fdeae636f1cc req-1f5086c0-930c-4272-a551-fdeae636f1cc ] Request (ServersAdminTestJSON:test_create_server_with_scheduling_hint): 200 GET http://10.180.1.21/compute/v2.1/servers/5ab5b747-1655-4116-bdfa-46b8dcfec6b8 0.351s
2025-04-17 14:40:47.491 70816 INFO tempest.lib.common.rest_client [req-ca57b904-756a-46dd-96b3-7c679b7a393a req-ca57b904-756a-46dd-96b3-7c679b7a393a ] Request (ListServerFiltersTestJSON:setUpClass): 200 GET http://10.180.1.21/compute/v2.1/servers/9e3b77e5-dd06-4b6a-8660-97d1e62adb4a 0.342s
2025-04-17 14:40:47.555 70852 INFO tempest.lib.common.rest_client [req-05dd12aa-5cff-4806-b74b-e31c1661d634 req-05dd12aa-5cff-4806-b74b-e31c1661d634 ] Request (VolumesAdminNegativeTest:test_update_attached_volume_with_nonexistent_volume_in_body): 200 GET http://10.180.1.21/compute/v2.1/servers/e630f6cf-d91f-4ce9-a01e-a508523990ef 0.476s
2025-04-17 14:40:47.564 70852 INFO tempest.common.waiters [-] State transition "BUILD/spawning" ==> "ACTIVE/None" after 47 second wait
2025-04-17 14:40:47.566 70830 INFO tempest.lib.common.rest_client [req-7fed8c64-e3ea-4c80-8589-d6d8f4facee5 req-7fed8c64-e3ea-4c80-8589-d6d8f4facee5 ] Request (ServersAaction247Test:test_create_backup): 200 GET http://10.180.1.21/compute/v2.1/servers/e5585d3f-b6f3-4f69-8618-ad365b32f71a 0.413s
2025-04-17 14:40:47.594 70826 INFO tempest.lib.common.rest_client [req-bff0a0bd-f7b9-4f34-8509-86e73e7be69f req-bff0a0bd-f7b9-4f34-8509-86e73e7be69f ] Request (SecurityGroupRulesNegativeTestJSON:test_create_security_group_rule_with_non_existent_id): 404 POST http://10.180.1.21/compute/v2.1/os-security-group-rules 0.361s
2025-04-17 14:40:47.613 70806 WARNING tempest.lib.common.ssh [-] Failed to establish authenticated ssh connection to cirros@10.180.180.234 ([Errno None] Unable to connect to port 22 on 10.180.180.234). Number attempts: 7. Retry after 8 seconds.: paramiko.ssh_exception.NoValidConnectionsError: [Errno None] Unable to connect to port 22 on 10.180.180.234
2025-04-17 14:40:47.656 70822 INFO tempest.lib.common.rest_client [req-d8e41144-1a38-4e42-8c26-b0eef378f9bd req-d8e41144-1a38-4e42-8c26-b0eef378f9bd ] Request (ServerGroupTestJSON:test_create_delete_server_group_with_anti_affinity_policy): 200 POST http://10.180.1.21/compute/v2.1/os-server-groups 0.399s
2025-04-17 14:40:47.700 70828 INFO tempest.lib.common.rest_client [req-454a7f2e-04bb-4ea4-b096-26e3e6193e76 req-454a7f2e-04bb-4ea4-b096-26e3e6193e76 ] Request (AttachVolumeShelveTestJSON:setUpClass): 201 POST http://10.180.1.21:9696/networking/v2.0/networks 0.439s
2025-04-17 14:40:47.706 70836 INFO tempest.lib.common.rest_client [req-8e553069-afe2-4a98-9dfa-50511aabc8ca req-8e553069-afe2-4a98-9dfa-50511aabc8ca ] Request (ServerShowV257Test:test_rebuild_server): 200 GET http://10.180.1.21/compute/v2.1/servers/638038d2-367a-4b34-96fa-9117c427a22d 0.399s
2025-04-17 14:40:47.729 70862 INFO tempest.lib.common.rest_client [req-2eea2564-dea9-4020-a861-fab54b26de92 req-2eea2564-dea9-4020-a861-fab54b26de92 ] Request (DeleteServersTestJSON:test_delete_server_while_in_attached_volume): 200 GET http://10.180.1.21/compute/v2.1/servers/3b9942d2-ff9e-4e8b-8d04-7f191d9563ff 0.559s
2025-04-17 14:40:47.750 70864 INFO tempest.lib.common.rest_client [req-23aa2a42-fb56-48a9-89a5-e58e81358e9c req-23aa2a42-fb56-48a9-89a5-e58e81358e9c ] Request (KeyPairsV22TestJSON:_run_cleanups): 204 DELETE http://10.180.1.21/compute/v2.1/os-keypairs/tempest-keypair-165762032 0.425s
2025-04-17 14:40:47.758 70820 INFO tempest.lib.common.rest_client [req-fa2e7b74-4d80-4657-b233-1f6a63804b5c req-fa2e7b74-4d80-4657-b233-1f6a63804b5c ] Request (ImagesTestJSON:test_create_image_from_stopped_server): 200 GET http://10.180.1.21/compute/v2.1/servers/d2258803-84ff-4bba-af91-5815db4015d7 0.450s
2025-04-17 14:40:47.809 70854 INFO tempest.lib.common.rest_client [req-ccb40dc2-b821-48b3-885b-fcb233d44128 req-ccb40dc2-b821-48b3-885b-fcb233d44128 ] Request (ListImageFiltersTestJSON:setUpClass): 200 GET http://10.180.1.21/compute/v2.1/servers/58c2aa58-cefc-47ad-a6b2-1e266167c867 0.427s
2025-04-17 14:40:47.939 70814 INFO tempest.lib.common.rest_client [req-503598ea-9580-4042-8ace-85e064f78a67 req-503598ea-9580-4042-8ace-85e064f78a67 ] Request (MigrationsAdminTest:test_list_migrations_in_flavor_resize_situation): 200 GET http://10.180.1.21/compute/v2.1/servers/7d971534-4425-456e-83e4-7c8d9ed7f435 0.399s
2025-04-17 14:40:47.946 70852 INFO tempest.lib.common.rest_client [req-7eb06d36-0b17-4ac8-a678-e606f0ef762c req-7eb06d36-0b17-4ac8-a678-e606f0ef762c ] Request (VolumesAdminNegativeTest:test_update_attached_volume_with_nonexistent_volume_in_body): 200 GET http://10.180.1.21/compute/v2.1/servers/e630f6cf-d91f-4ce9-a01e-a508523990ef/os-interface 0.381s
2025-04-17 14:40:47.961 70826 INFO tempest.lib.common.rest_client [req-92988981-75ac-48a9-b566-328e731939c1 req-92988981-75ac-48a9-b566-328e731939c1 ] Request (SecurityGroupRulesNegativeTestJSON:test_delete_security_group_rule_with_non_existent_id): 404 DELETE http://10.180.1.21/compute/v2.1/os-security-group-rules/540af319-0dcf-437e-8eaf-6b6d71370275 0.366s
2025-04-17 14:40:47.968 70864 INFO tempest.lib.common.rest_client [req-b9400021-3705-4ce0-9818-4086da8f511f req-b9400021-3705-4ce0-9818-4086da8f511f ] Request (KeyPairsV22TestJSON:tearDownClass): 204 DELETE http://10.180.1.21/identity/v3/users/07bf87caeb05427a89235e4a86877232 0.215s
2025-04-17 14:40:47.968 70864 INFO tempest.lib.common.dynamic_creds [-] Deleting project and security group for project: de4ca5b7d95141079bf588dcc5e178a5
2025-04-17 14:40:47.999 70822 INFO tempest.lib.common.rest_client [req-2635356d-a46b-4019-b40e-d0289d1e5f4f req-2635356d-a46b-4019-b40e-d0289d1e5f4f ] Request (ServerGroupTestJSON:test_create_delete_server_group_with_anti_affinity_policy): 204 DELETE http://10.180.1.21/compute/v2.1/os-server-groups/9143f828-5b73-479e-93c2-b44176ffa74b 0.341s
2025-04-17 14:40:48.006 70828 INFO tempest.lib.common.rest_client [req-05a76b7a-e399-4a4b-bed2-a9449c7fa849 req-05a76b7a-e399-4a4b-bed2-a9449c7fa849 ] Request (AttachVolumeShelveTestJSON:setUpClass): 201 POST http://10.180.1.21:9696/networking/v2.0/subnets 0.306s
2025-04-17 14:40:48.050 70810 INFO tempest.lib.common.rest_client [req-46fbe772-3c6f-40cd-8447-b891fb313b53 req-46fbe772-3c6f-40cd-8447-b891fb313b53 ] Request (FloatingIPsAssociationTestJSON:test_associate_already_associated_floating_ip): 200 GET http://10.180.1.21/compute/v2.1/servers/4732ccdb-9242-4feb-a4c4-ec145ae5a7cc 0.373s
