2025-04-17 15:11:26.345 69968 INFO tempest.lib.common.dynamic_creds [-] Created isolated network resources for: credentials: Credentials: {'domain_id': 'default', 'domain_name': 'Default', 'username': 'tempest-ExtensionsTest-1732180359-project-member', 'project_domain_id': 'default', 'project_domain_name': 'Default', 'project_id': 'fea9081bff1543c3b0ccabb6ac29d55d', 'project_name': 'tempest-ExtensionsTest-1732180359', 'tenant_id': 'fea9081bff1543c3b0ccabb6ac29d55d', 'tenant_name': 'tempest-ExtensionsTest-1732180359', 'user_domain_id': 'default', 'user_domain_name': 'Default', 'user_id': 'e1fe64467b344cf795d2f15ff73c5971', 'system': None}, Network: None, Subnet: None, Router: None
2025-04-17 15:11:26.424 69968 INFO tempest.lib.common.rest_client [req-35f47f2d-ebcb-4d6b-82be-14fcd76c57c5 req-35f47f2d-ebcb-4d6b-82be-14fcd76c57c5 ] Request (ExtensionsTest:setUpClass): 201 POST http://10.180.1.21/identity/v3/auth/tokens 0.074s
2025-04-17 15:11:26.509 69970 INFO tempest.lib.common.rest_client [req-99d2242a-d13c-4fb4-9128-57958170166e req-99d2242a-d13c-4fb4-9128-57958170166e ] Request (QuotaClassesAdmin257Test:test_update_default_quotas): 200 GET http://10.180.1.21/compute/v2.1/os-quota-class-sets/default 1.733s
2025-04-17 15:11:26.517 69942 INFO tempest.lib.common.rest_client [req-ce957f66-bfda-428c-aa6d-f2dafbd0d330 req-ce957f66-bfda-428c-aa6d-f2dafbd0d330 ] Request (VolumesAdminNegativeTest:setUpClass): 201 POST http://10.180.1.21:9696/networking/v2.0/routers 1.739s
2025-04-17 15:11:26.525 69930 INFO tempest.lib.common.rest_client [req-af490ea8-c3dd-4cbe-9d99-9404efaa36f4 req-af490ea8-c3dd-4cbe-9d99-9404efaa36f4 ] Request (MigrationsAdminTest:test_list_migrations_in_flavor_resize_situation): 202 POST http://10.180.1.21/compute/v2.1/servers 1.834s
2025-04-17 15:11:26.613 69978 INFO tempest.lib.common.rest_client [req-f6475649-5f60-4768-9dd5-b9243e28d101 req-f6475649-5f60-4768-9dd5-b9243e28d101 ] Request (ServersTestManualDisk:setUpClass): 200 POST http://10.180.1.21/compute/v2.1/os-keypairs 1.638s
2025-04-17 15:11:26.642 69948 INFO tempest.lib.common.rest_client [req-951593a6-d779-42a6-9fe9-2f7f7fdc78ee req-951593a6-d779-42a6-9fe9-2f7f7fdc78ee ] Request (SecurityGroupsTestJSON:test_list_security_groups_by_server): 200 POST http://10.180.1.21/compute/v2.1/os-security-groups 1.825s
2025-04-17 15:11:26.710 69948 INFO tempest.lib.common.rest_client [req-b7463ad3-b024-4844-a2d1-52de7565a1c2 req-b7463ad3-b024-4844-a2d1-52de7565a1c2 ] Request (SecurityGroupsTestJSON:test_list_security_groups_by_server): 201 POST http://10.180.1.21/identity/v3/auth/tokens 0.062s
2025-04-17 15:11:26.711 69948 INFO tempest.lib.common.fixed_network [-] (SecurityGroupsTestJSON:test_list_security_groups_by_server) Found network {'id': 'b2dffa2f-fbb2-484d-8088-c9e0bcea8ae0', 'name': 'tempest-SecurityGroupsTestJSON-1645583158-network', 'tenant_id': '6c219c115c0742f49bd00fcae2dd6a0c', 'admin_state_up': True, 'mtu': 8950, 'status': 'ACTIVE', 'subnets': [], 'shared': False, 'project_id': '6c219c115c0742f49bd00fcae2dd6a0c', 'port_security_enabled': True, 'router:external': False, 'provider:network_type': 'vlan', 'provider:physical_network': 'default', 'provider:segmentation_id': 501, 'availability_zone_hints': [], 'availability_zones': [], 'ipv4_address_scope': None, 'ipv6_address_scope': None, 'description': '', 'tags': [], 'created_at': '2025-04-17T15:11:18Z', 'updated_at': '2025-04-17T15:11:18Z', 'revision_number': 1} available for tenant
2025-04-17 15:11:26.756 69978 INFO tempest.lib.common.rest_client [req-4d539df9-fd86-489c-ad76-f599b55a4fff req-4d539df9-fd86-489c-ad76-f599b55a4fff ] Request (ServersTestManualDisk:setUpClass): 201 POST http://10.180.1.21:9696/networking/v2.0/security-groups 0.142s
2025-04-17 15:11:26.774 69980 INFO tempest.lib.common.rest_client [req-05070346-668e-46fb-aba9-0d8fd231e09e req-05070346-668e-46fb-aba9-0d8fd231e09e ] Request (FlavorsAccessNegativeTestJSON:test_flavor_non_admin_remove): 200 POST http://10.180.1.21/compute/v2.1/flavors/182456641/action 1.259s
2025-04-17 15:11:26.806 69964 INFO tempest.lib.common.rest_client [req-be824a93-bdb6-44cd-a8c9-bd8980025cfc req-be824a93-bdb6-44cd-a8c9-bd8980025cfc ] Request (ImagesDeleteNegativeTestJSON:test_delete_image_negative_image_id): 404 DELETE http://10.180.1.21/compute/v2.1/images/-1 1.142s
2025-04-17 15:11:26.958 69978 INFO tempest.lib.common.rest_client [req-c93202d7-5614-4d86-a28e-a60b0d6ae5c4 req-c93202d7-5614-4d86-a28e-a60b0d6ae5c4 ] Request (ServersTestManualDisk:setUpClass): 201 POST http://10.180.1.21:9696/networking/v2.0/security-group-rules 0.201s
2025-04-17 15:11:27.024 69936 INFO tempest.lib.common.rest_client [req-84c49f4e-f48b-411c-b597-1a4066900c70 req-84c49f4e-f48b-411c-b597-1a4066900c70 ] Request (SecurityGroupsTestAdminJSON:test_list_security_groups_list_all_tenants_filter): 200 POST http://10.180.1.21/compute/v2.1/os-security-groups 1.752s
2025-04-17 15:11:27.051 69928 INFO tempest.lib.common.rest_client [req-76cd684a-da4a-4bf3-83a4-df817cd75293 req-76cd684a-da4a-4bf3-83a4-df817cd75293 ] Request (ServerAddressesNegativeTestJSON:setUpClass): 200 GET http://10.180.1.21/compute/v2.1/servers/2cc0cac7-996e-492f-b09f-5921f3cfa2f5 1.275s
2025-04-17 15:11:27.071 69960 INFO tempest.lib.common.rest_client [req-9ac5f5e6-700a-44c0-88ba-eba4fc3ec0f8 req-9ac5f5e6-700a-44c0-88ba-eba4fc3ec0f8 ] Request (FlavorsAdminTestJSON:test_create_list_flavor_without_extra_data): 200 POST http://10.180.1.21/compute/v2.1/flavors 1.196s
2025-04-17 15:11:27.097 69974 INFO tempest.lib.common.rest_client [req-af9fe8a1-0390-4499-acc4-0e0288a6a9b9 req-af9fe8a1-0390-4499-acc4-0e0288a6a9b9 ] Request (FloatingIPsAssociationTestJSON:setUpClass): 200 GET http://10.180.1.21/compute/v2.1/servers/77e4d517-af5f-491b-a44f-fd3e4954dbdc 1.236s
2025-04-17 15:11:27.104 69978 INFO tempest.lib.common.rest_client [req-4cec83ea-97dc-4d1a-af73-fe195c971a80 req-4cec83ea-97dc-4d1a-af73-fe195c971a80 ] Request (ServersTestManualDisk:setUpClass): 201 POST http://10.180.1.21:9696/networking/v2.0/security-group-rules 0.146s
2025-04-17 15:11:27.195 69972 INFO tempest.lib.common.rest_client [req-e1de54aa-ec44-422f-aea6-d2b55ddbb0e9 req-e1de54aa-ec44-422f-aea6-d2b55ddbb0e9 ] Request (AbsoluteLimitsTestJSON:test_absLimits_get): 200 GET http://10.180.1.21/compute/v2.1/limits 1.315s
2025-04-17 15:11:27.256 69922 INFO tempest.lib.common.rest_client [req-5f68064b-d069-459c-b9d2-536c05b4321d req-5f68064b-d069-459c-b9d2-536c05b4321d ] Request (NetworksTest:test_list_all_networks): 200 GET http://10.180.1.21/compute/v2.1/os-networks 1.350s
2025-04-17 15:11:27.283 69977 INFO tempest.lib.common.rest_client [req-5fbed8fc-058b-42e1-9d37-78d5eaf98888 req-5fbed8fc-058b-42e1-9d37-78d5eaf98888 ] Request (AggregatesAdminNegativeTestJSON:test_aggregate_create_with_existent_aggregate_name): 200 POST http://10.180.1.21/compute/v2.1/os-aggregates 1.365s
2025-04-17 15:11:27.293 69952 INFO tempest.lib.common.rest_client [req-0295fe40-e2b7-4e2f-8ad0-9a21d87f687a req-0295fe40-e2b7-4e2f-8ad0-9a21d87f687a ] Request (ImagesTestJSON:test_create_image_from_stopped_server): 200 GET http://10.180.1.21/compute/v2.1/servers/e5be0f40-0eff-4e9e-b214-4084e7369bba 1.384s
2025-04-17 15:11:27.347 69972 INFO tempest.lib.common.rest_client [req-fdf4e267-641a-4e00-91fb-8096ebc31615 req-fdf4e267-641a-4e00-91fb-8096ebc31615 ] Request (AbsoluteLimitsTestJSON:tearDownClass): 204 DELETE http://10.180.1.21/identity/v3/users/013d4101961d4f30b8ad97c0da70ddaf 0.144s
2025-04-17 15:11:27.347 69972 INFO tempest.lib.common.dynamic_creds [-] Deleting project and security group for project: 3b32c73454df4f4bba3e8f07751ae2d1
2025-04-17 15:11:27.366 69940 INFO tempest.lib.common.rest_client [req-a02ec8bb-fde7-446a-a64d-af1b59f329a2 req-a02ec8bb-fde7-446a-a64d-af1b59f329a2 ] Request (ServerDiagnosticsV248Test:test_get_server_diagnostics): 200 GET http://10.180.1.21/compute/v2.1/servers/f9bbe81f-2cc4-4e4b-ad4c-ec555d17f0cd 1.421s
2025-04-17 15:11:27.381 69956 INFO tempest.lib.common.rest_client [req-4fdbef2c-4d41-4e65-a427-70d3becffb71 req-4fdbef2c-4d41-4e65-a427-70d3becffb71 ] Request (HypervisorAdminNegativeUnderV252Test:test_search_nonexistent_hypervisor): 404 GET http://10.180.1.21/compute/v2.1/os-hypervisors/nonexistent_hypervisor_name/search 1.319s
2025-04-17 15:11:27.393 69920 INFO tempest.lib.common.rest_client [req-3b654afb-eda9-4cdc-85be-0cc74ad33fe2 req-3b654afb-eda9-4cdc-85be-0cc74ad33fe2 ] Request (FlavorsV2TestJSON:test_list_flavors): 200 GET http://10.180.1.21/compute/v2.1/flavors/42 1.305s
2025-04-17 15:11:27.411 69972 INFO tempest.lib.common.rest_client [req-a6d0c666-739c-4ad9-bab1-f370146f4eff req-a6d0c666-739c-4ad9-bab1-f370146f4eff ] Request (AbsoluteLimitsTestJSON:tearDownClass): 201 POST http://10.180.1.21/identity/v3/auth/tokens 0.063s
2025-04-17 15:11:27.412 69924 INFO tempest.lib.common.rest_client [req-83876f1f-4574-467f-90ef-0dce2c2a254f req-83876f1f-4574-467f-90ef-0dce2c2a254f ] Request (InstanceUsageAuditLogTestJSON:test_list_instance_usage_audit_logs): 200 GET http://10.180.1.21/compute/v2.1/os-instance_usage_audit_log 1.291s
2025-04-17 15:11:27.420 69922 INFO tempest.lib.common.rest_client [req-c3e1d494-f2e1-4a7e-b26d-5b95fb680688 req-c3e1d494-f2e1-4a7e-b26d-5b95fb680688 ] Request (NetworksTest:tearDownClass): 204 DELETE http://10.180.1.21/identity/v3/users/598747f4bc214878bec13d49783492c6 0.163s
2025-04-17 15:11:27.524 69924 INFO tempest.lib.common.rest_client [req-e8fd7eb5-b18d-4276-bc40-847c05b2fea6 req-e8fd7eb5-b18d-4276-bc40-847c05b2fea6 ] Request (InstanceUsageAuditLogTestJSON:tearDownClass): 204 DELETE http://10.180.1.21/identity/v3/users/d5ef872e87704d05975e6be90156f854 0.109s
2025-04-17 15:11:27.627 69924 INFO tempest.lib.common.rest_client [req-428e2246-9511-4fd0-94a6-456e483ed187 req-428e2246-9511-4fd0-94a6-456e483ed187 ] Request (InstanceUsageAuditLogTestJSON:tearDownClass): 204 DELETE http://10.180.1.21/identity/v3/users/afcb42ef9e974046a4f9770cb534145f 0.102s
2025-04-17 15:11:27.627 69924 INFO tempest.lib.common.dynamic_creds [-] Deleting project and security group for project: deadd49732f34e608f28e0c19b90c822
2025-04-17 15:11:27.633 69922 INFO tempest.lib.common.rest_client [req-b7c9139a-a33e-4449-aecd-72675d0bf8f8 req-b7c9139a-a33e-4449-aecd-72675d0bf8f8 ] Request (NetworksTest:tearDownClass): 204 DELETE http://10.180.1.21/identity/v3/users/a722340263d24c169f7f1e8e963efae4 0.212s
2025-04-17 15:11:27.634 69922 INFO tempest.lib.common.dynamic_creds [-] Deleting project and security group for project: 22dc21d289d74824b9fc15d79e12b507
2025-04-17 15:11:27.657 69958 INFO tempest.lib.common.rest_client [req-d3947c2d-d087-471c-a1d4-ae0d1eed92dc req-d3947c2d-d087-471c-a1d4-ae0d1eed92dc ] Request (ServerExternalEventsTest:test_create_server_external_events): 200 GET http://10.180.1.21/compute/v2.1/servers/a3c897a7-2a7e-4308-bb68-c707147f0ee0 1.500s
2025-04-17 15:11:27.688 69924 INFO tempest.lib.common.rest_client [req-074e9f67-0e38-46fb-a4ec-873ee70c1d97 req-074e9f67-0e38-46fb-a4ec-873ee70c1d97 ] Request (InstanceUsageAuditLogTestJSON:tearDownClass): 201 POST http://10.180.1.21/identity/v3/auth/tokens 0.061s
2025-04-17 15:11:27.695 69950 INFO tempest.lib.common.rest_client [req-42a64fa2-c4f2-4500-b7a8-a801f12c9d6c req-42a64fa2-c4f2-4500-b7a8-a801f12c9d6c ] Request (ListImageFiltersTestJSON:setUpClass): 202 POST http://10.180.1.21/compute/v2.1/servers 1.695s
2025-04-17 15:11:27.728 69922 INFO tempest.lib.common.rest_client [req-0d8f6cb7-529f-4b57-8e1c-d3b9fe902295 req-0d8f6cb7-529f-4b57-8e1c-d3b9fe902295 ] Request (NetworksTest:tearDownClass): 201 POST http://10.180.1.21/identity/v3/auth/tokens 0.094s
2025-04-17 15:11:27.756 69918 INFO tempest.lib.common.rest_client [req-79437c98-d2cf-4acf-b029-04e4a4da0590 req-79437c98-d2cf-4acf-b029-04e4a4da0590 ] Request (ServersWithSpecificFlavorTestJSON:test_verify_created_server_ephemeral_disk): 200 GET http://10.180.1.21/compute/v2.1/servers/b628745a-e944-4112-b4b9-644333d17d53 1.399s
2025-04-17 15:11:27.763 69972 INFO tempest.lib.common.rest_client [req-334d8818-b6d6-40b9-ad0f-4171e4bba0cc req-334d8818-b6d6-40b9-ad0f-4171e4bba0cc ] Request (AbsoluteLimitsTestJSON:tearDownClass): 200 GET http://10.180.1.21:9696/networking/v2.0/security-groups?tenant_id=3b32c73454df4f4bba3e8f07751ae2d1&name=default 0.352s
2025-04-17 15:11:27.803 69950 INFO tempest.lib.common.rest_client [req-113690d7-37aa-4c5f-b45c-10514599ed75 req-113690d7-37aa-4c5f-b45c-10514599ed75 ] Request (ListImageFiltersTestJSON:setUpClass): 201 POST http://10.180.1.21/identity/v3/auth/tokens 0.104s
2025-04-17 15:11:27.803 69950 INFO tempest.lib.common.fixed_network [-] (ListImageFiltersTestJSON:setUpClass) Found network None available for tenant
2025-04-17 15:11:27.953 69968 INFO tempest.lib.common.rest_client [req-94a30489-5fea-4734-9ec1-f79062da6f54 req-94a30489-5fea-4734-9ec1-f79062da6f54 ] Request (ExtensionsTest:test_get_extension): 200 GET http://10.180.1.21/compute/v2.1/extensions/os-consoles 1.527s
2025-04-17 15:11:27.958 69945 INFO tempest.lib.common.rest_client [req-df06b9f6-aa28-4dc3-b5e5-3e6dae542a8a req-df06b9f6-aa28-4dc3-b5e5-3e6dae542a8a ] Request (DeleteServersAdminTestJSON:test_admin_delete_servers_of_others): 200 GET http://10.180.1.21/compute/v2.1/servers/f6c90dc2-21c0-4ca4-bf33-fca2ac1adce1 1.595s
2025-04-17 15:11:28.054 69942 INFO tempest.lib.common.rest_client [req-dfbfb79e-0a31-4a8c-a3b9-f4a73381e519 req-dfbfb79e-0a31-4a8c-a3b9-f4a73381e519 ] Request (VolumesAdminNegativeTest:setUpClass): 200 PUT http://10.180.1.21:9696/networking/v2.0/routers/939dc056-576a-42a3-bb99-8bde2b744a73/add_router_interface 1.535s
2025-04-17 15:11:28.054 69942 INFO tempest.lib.common.dynamic_creds [-] Created isolated network resources for: credentials: Credentials: {'domain_id': 'default', 'domain_name': 'Default', 'username': 'tempest-VolumesAdminNegativeTest-1559494602-project-member', 'project_domain_id': 'default', 'project_domain_name': 'Default', 'project_id': '54ea3107451142698dc1671e2f399372', 'project_name': 'tempest-VolumesAdminNegativeTest-1559494602', 'tenant_id': '54ea3107451142698dc1671e2f399372', 'tenant_name': 'tempest-VolumesAdminNegativeTest-1559494602', 'user_domain_id': 'default', 'user_domain_name': 'Default', 'user_id': '3b53c5856f19469d93d989d0f1740826', 'system': None}, Network: {'id': '39e96192-ce1e-4c0d-8dcd-ae082f56ff77', 'name': 'tempest-VolumesAdminNegativeTest-516278543-network', 'tenant_id': '54ea3107451142698dc1671e2f399372', 'admin_state_up': True, 'mtu': 8950, 'status': 'ACTIVE', 'subnets': [], 'shared': False, 'project_id': '54ea3107451142698dc1671e2f399372', 'port_security_enabled': True, 'router:external': False, 'provider:network_type': 'vlan', 'provider:physical_network': 'default', 'provider:segmentation_id': 585, 'availability_zone_hints': [], 'availability_zones': [], 'ipv4_address_scope': None, 'ipv6_address_scope': None, 'description': '', 'tags': [], 'created_at': '2025-04-17T15:11:23Z', 'updated_at': '2025-04-17T15:11:24Z', 'revision_number': 1}, Subnet: {'id': '22ecfbb5-02d9-4712-bd74-8ccb1cc2a55f', 'name': 'tempest-VolumesAdminNegativeTest-516278543-subnet', 'tenant_id': '54ea3107451142698dc1671e2f399372', 'network_id': '39e96192-ce1e-4c0d-8dcd-ae082f56ff77', 'ip_version': 4, 'subnetpool_id': None, 'enable_dhcp': True, 'ipv6_ra_mode': None, 'ipv6_address_mode': None, 'gateway_ip': '192.168.128.1', 'cidr': '192.168.128.0/28', 'allocation_pools': [{'start': '192.168.128.2', 'end': '192.168.128.14'}], 'host_routes': [], 'dns_nameservers': [], 'description': '', 'router:external': False, 'service_types': [], 'tags': [], 'created_at': '2025-04-17T15:11:24Z', 'updated_at': '2025-04-17T15:11:24Z', 'revision_number': 0, 'project_id': '54ea3107451142698dc1671e2f399372'}, Router: {'id': '939dc056-576a-42a3-bb99-8bde2b744a73', 'name': 'tempest-VolumesAdminNegativeTest-516278543-router', 'tenant_id': '54ea3107451142698dc1671e2f399372', 'admin_state_up': True, 'status': 'ACTIVE', 'external_gateway_info': {'network_id': '499a006a-d760-4170-b841-362dc6542482', 'external_fixed_ips': [{'subnet_id': '369d038c-2b61-4d3f-ba3e-fa12c834d1ef', 'ip_address': '10.180.180.241'}], 'enable_snat': True}, 'description': '', 'availability_zones': [], 'distributed': False, 'ha': False, 'availability_zone_hints': [], 'routes': [], 'flavor_id': None, 'tags': [], 'created_at': '2025-04-17T15:11:24Z', 'updated_at': '2025-04-17T15:11:25Z', 'revision_number': 2, 'project_id': '54ea3107451142698dc1671e2f399372'}
2025-04-17 15:11:28.089 69972 INFO tempest.lib.common.rest_client [req-6cc46795-e0c3-49cd-8819-5944c34bface req-6cc46795-e0c3-49cd-8819-5944c34bface ] Request (AbsoluteLimitsTestJSON:tearDownClass): 204 DELETE http://10.180.1.21:9696/networking/v2.0/security-groups/32ea4db9-5749-48a9-87d8-1bd1bdcb7c9f 0.325s
2025-04-17 15:11:28.135 69942 INFO tempest.lib.common.rest_client [req-3ba191b4-d2ff-4bd2-8b81-5e13a4a3edc4 req-3ba191b4-d2ff-4bd2-8b81-5e13a4a3edc4 ] Request (VolumesAdminNegativeTest:setUpClass): 201 POST http://10.180.1.21/identity/v3/auth/tokens 0.078s
2025-04-17 15:11:28.146 69924 INFO tempest.lib.common.rest_client [req-3439e6f9-6bfb-471c-b01b-f198bb21b8ba req-3439e6f9-6bfb-471c-b01b-f198bb21b8ba ] Request (InstanceUsageAuditLogTestJSON:tearDownClass): 200 GET http://10.180.1.21:9696/networking/v2.0/security-groups?tenant_id=deadd49732f34e608f28e0c19b90c822&name=default 0.457s
2025-04-17 15:11:28.148 69922 INFO tempest.lib.common.rest_client [req-fe4f746c-5153-4d2c-acc6-5cc3630b832d req-fe4f746c-5153-4d2c-acc6-5cc3630b832d ] Request (NetworksTest:tearDownClass): 200 GET http://10.180.1.21:9696/networking/v2.0/security-groups?tenant_id=22dc21d289d74824b9fc15d79e12b507&name=default 0.420s
2025-04-17 15:11:28.164 69932 INFO tempest.lib.common.rest_client [req-3c10ee37-3470-442a-841c-8dd70e03b229 req-3c10ee37-3470-442a-841c-8dd70e03b229 ] Request (ServerDiagnosticsNegativeTest:test_get_server_diagnostics_by_non_admin): 200 GET http://10.180.1.21/compute/v2.1/servers/9e47d8be-78a2-44ba-b45e-4ea081dc2ad6 1.661s
2025-04-17 15:11:28.165 69972 INFO tempest.lib.common.rest_client [req-efd43dde-1a73-4742-9082-2516107e2697 req-efd43dde-1a73-4742-9082-2516107e2697 ] Request (AbsoluteLimitsTestJSON:tearDownClass): 204 DELETE http://10.180.1.21/identity/v3/projects/3b32c73454df4f4bba3e8f07751ae2d1 0.076s
2025-04-17 15:11:28.198 69972 INFO tempest.lib.common.rest_client [req-fa41254c-b093-4041-b3bd-0fdae4f816f6 req-fa41254c-b093-4041-b3bd-0fdae4f816f6 ] Request (ServersTestJSON:setUpClass): 201 POST http://10.180.1.21/identity/v3/auth/tokens 0.031s
2025-04-17 15:11:28.199 69966 INFO tempest.lib.common.rest_client [req-ffadd3e5-1a22-49b3-b9fa-4f88d135ad6c req-ffadd3e5-1a22-49b3-b9fa-4f88d135ad6c ] Request (ImagesOneServerTestJSON:setUpClass): 200 GET http://10.180.1.21/compute/v2.1/servers/a72614a2-7921-4c8c-9777-49fb6cc798ca 1.762s
2025-04-17 15:11:28.210 69966 INFO tempest.common.waiters [-] State transition "BUILD/networking" ==> "BUILD/spawning" after 16 second wait
2025-04-17 15:11:28.210 69978 INFO tempest.lib.common.rest_client [req-a3235e75-649b-4149-91b7-be5376669422 req-a3235e75-649b-4149-91b7-be5376669422 ] Request (ServersTestManualDisk:setUpClass): 201 POST http://10.180.1.21:9696/networking/v2.0/floatingips 1.105s
2025-04-17 15:11:28.228 69942 INFO tempest.lib.common.rest_client [req-5f43f5ec-bd9f-4ac8-9f72-d0bb95ddfcd9 req-5f43f5ec-bd9f-4ac8-9f72-d0bb95ddfcd9 ] Request (VolumesAdminNegativeTest:setUpClass): 201 POST http://10.180.1.21/identity/v3/projects 0.093s
2025-04-17 15:11:28.235 69935 INFO tempest.lib.common.rest_client [req-12ba51e3-3df0-4bf0-9bc3-fe01c7c733ab req-12ba51e3-3df0-4bf0-9bc3-fe01c7c733ab ] Request (AttachInterfacesV270Test:test_create_get_list_interfaces): 200 GET http://10.180.1.21/compute/v2.1/servers/7276c8fa-dcb8-4b41-8d2b-e6c763093b5f 1.727s
2025-04-17 15:11:28.248 69935 INFO tempest.common.waiters [-] State transition "BUILD/None" ==> "BUILD/networking" after 16 second wait
2025-04-17 15:11:28.273 69972 INFO tempest.lib.common.rest_client [req-b5083d8a-7089-4b9c-ad16-e0fd1891535c req-b5083d8a-7089-4b9c-ad16-e0fd1891535c ] Request (ServersTestJSON:setUpClass): 201 POST http://10.180.1.21/identity/v3/auth/tokens 0.072s
2025-04-17 15:11:28.279 69970 INFO tempest.lib.common.rest_client [req-74e3b623-cdfc-47d9-8fcc-e6632d8ea181 req-74e3b623-cdfc-47d9-8fcc-e6632d8ea181 ] Request (QuotaClassesAdmin257Test:test_update_default_quotas): 200 PUT http://10.180.1.21/compute/v2.1/os-quota-class-sets/default 1.765s
2025-04-17 15:11:28.286 69978 INFO tempest.lib.common.rest_client [req-76a1dabf-0a94-486d-9373-ead64ecf5455 req-76a1dabf-0a94-486d-9373-ead64ecf5455 ] Request (ServersTestManualDisk:setUpClass): 201 POST http://10.180.1.21/identity/v3/auth/tokens 0.072s
2025-04-17 15:11:28.286 69978 INFO tempest.lib.common.fixed_network [-] (ServersTestManualDisk:setUpClass) Found network {'id': '3e7c7bfc-6eca-4a8e-bcee-7e5f4e819386', 'name': 'tempest-ServersTestManualDisk-580649768-network', 'tenant_id': '8a9c2b1dead64386817b11179f5b0a40', 'admin_state_up': True, 'mtu': 8950, 'status': 'ACTIVE', 'subnets': [], 'shared': False, 'project_id': '8a9c2b1dead64386817b11179f5b0a40', 'port_security_enabled': True, 'router:external': False, 'provider:network_type': 'vlan', 'provider:physical_network': 'default', 'provider:segmentation_id': 981, 'availability_zone_hints': [], 'availability_zones': [], 'ipv4_address_scope': None, 'ipv6_address_scope': None, 'description': '', 'tags': [], 'created_at': '2025-04-17T15:11:20Z', 'updated_at': '2025-04-17T15:11:20Z', 'revision_number': 1} available for tenant
2025-04-17 15:11:28.301 69930 INFO tempest.lib.common.rest_client [req-88200b24-3ace-4671-a66c-d770ce3dc393 req-88200b24-3ace-4671-a66c-d770ce3dc393 ] Request (MigrationsAdminTest:test_list_migrations_in_flavor_resize_situation): 200 GET http://10.180.1.21/compute/v2.1/servers/3d99f616-a6a4-471c-9665-4f32f1a585ea 1.774s
2025-04-17 15:11:28.308 69942 INFO tempest.lib.common.rest_client [req-70716e6b-0635-41ad-8bcf-725cd0584819 req-70716e6b-0635-41ad-8bcf-725cd0584819 ] Request (VolumesAdminNegativeTest:setUpClass): 201 POST http://10.180.1.21/identity/v3/users 0.079s
2025-04-17 15:11:28.308 69972 INFO tempest.lib.common.rest_client [req-3839823c-ea9c-4d77-8189-06068da0b226 req-3839823c-ea9c-4d77-8189-06068da0b226 ] Request (ServersTestJSON:setUpClass): 200 GET http://10.180.1.21/identity/v3/domains?name=Default 0.035s
2025-04-17 15:11:28.313 69980 INFO tempest.lib.common.rest_client [req-89928b04-9746-43fa-b19d-0212eccd7cb9 req-89928b04-9746-43fa-b19d-0212eccd7cb9 ] Request (FlavorsAccessNegativeTestJSON:test_flavor_non_admin_remove): 403 POST http://10.180.1.21/compute/v2.1/flavors/182456641/action 1.537s
2025-04-17 15:11:28.329 69924 INFO tempest.lib.common.rest_client [req-2ee119f4-fbb8-490e-a97a-404a8bcc9250 req-2ee119f4-fbb8-490e-a97a-404a8bcc9250 ] Request (InstanceUsageAuditLogTestJSON:tearDownClass): 204 DELETE http://10.180.1.21:9696/networking/v2.0/security-groups/05533603-0fe6-4646-9473-7e44d4bdc31d 0.183s
2025-04-17 15:11:28.336 69942 INFO tempest.lib.common.rest_client [req-9884e2e6-da8b-471b-b664-69532b72eaa0 req-9884e2e6-da8b-471b-b664-69532b72eaa0 ] Request (VolumesAdminNegativeTest:setUpClass): 200 GET http://10.180.1.21/identity/v3/roles 0.028s
2025-04-17 15:11:28.342 69964 INFO tempest.lib.common.rest_client [req-4c8e12f5-80f3-47e4-a2f0-cebbeb1c41f8 req-4c8e12f5-80f3-47e4-a2f0-cebbeb1c41f8 ] Request (ImagesDeleteNegativeTestJSON:test_delete_image_non_hex_string_id): 404 DELETE http://10.180.1.21/compute/v2.1/images/35d1a930-3968-41e5-b780-6fcd89cef81j 1.531s
2025-04-17 15:11:28.343 69922 INFO tempest.lib.common.rest_client [req-71f74140-ecfd-4e81-854a-60f82dd8b201 req-71f74140-ecfd-4e81-854a-60f82dd8b201 ] Request (NetworksTest:tearDownClass): 204 DELETE http://10.180.1.21:9696/networking/v2.0/security-groups/7a355191-3e82-4f95-aa90-610e619e9274 0.194s
2025-04-17 15:11:28.355 69972 INFO tempest.lib.common.rest_client [req-05ae42a7-7bd3-41b1-9c55-7ad52dccfe93 req-05ae42a7-7bd3-41b1-9c55-7ad52dccfe93 ] Request (ServersTestJSON:setUpClass): 201 POST http://10.180.1.21/identity/v3/projects 0.046s
2025-04-17 15:11:28.396 69924 INFO tempest.lib.common.rest_client [req-bee7f37d-57f9-41bd-a7ad-4d2345915df1 req-bee7f37d-57f9-41bd-a7ad-4d2345915df1 ] Request (InstanceUsageAuditLogTestJSON:tearDownClass): 204 DELETE http://10.180.1.21/identity/v3/projects/deadd49732f34e608f28e0c19b90c822 0.065s
2025-04-17 15:11:28.397 69924 INFO tempest.lib.common.dynamic_creds [-] Deleting project and security group for project: 505f9157aaaf4f918e2fc463ff1bd3eb
2025-04-17 15:11:28.465 69942 INFO tempest.lib.common.rest_client [req-ebad69f8-c091-461e-bc3c-d2d41e52bae1 req-ebad69f8-c091-461e-bc3c-d2d41e52bae1 ] Request (VolumesAdminNegativeTest:setUpClass): 204 PUT http://10.180.1.21/identity/v3/projects/b1937b930b394f1386243578a90d0bdd/users/dd6ca3f67b2847d6b7c5bba23537cc76/roles/3f0b925379a84f719b5e8292208ee60e 0.128s
2025-04-17 15:11:28.481 69922 INFO tempest.lib.common.rest_client [req-d6309017-b318-473a-9120-9acb14bccf5f req-d6309017-b318-473a-9120-9acb14bccf5f ] Request (NetworksTest:tearDownClass): 204 DELETE http://10.180.1.21/identity/v3/projects/22dc21d289d74824b9fc15d79e12b507 0.138s
2025-04-17 15:11:28.481 69922 INFO tempest.lib.common.dynamic_creds [-] Deleting project and security group for project: f0a3435e2d2048f9ba574ac06075d0f7
2025-04-17 15:11:28.526 69972 INFO tempest.lib.common.rest_client [req-60bf2573-2122-4ab5-af82-1ff0284c8eeb req-60bf2573-2122-4ab5-af82-1ff0284c8eeb ] Request (ServersTestJSON:setUpClass): 201 POST http://10.180.1.21/identity/v3/users 0.170s
2025-04-17 15:11:28.532 69942 INFO tempest.lib.common.rest_client [req-a58260d4-b67d-4640-9ff6-89fe584ede9d req-a58260d4-b67d-4640-9ff6-89fe584ede9d ] Request (VolumesAdminNegativeTest:setUpClass): 200 GET http://10.180.1.21/identity/v3/roles 0.066s
2025-04-17 15:11:28.550 69942 INFO tempest.lib.common.rest_client [req-11805444-424d-4ae0-a366-d8a9a6737edd req-11805444-424d-4ae0-a366-d8a9a6737edd ] Request (VolumesAdminNegativeTest:setUpClass): 204 PUT http://10.180.1.21/identity/v3/projects/b1937b930b394f1386243578a90d0bdd/users/dd6ca3f67b2847d6b7c5bba23537cc76/roles/3f0b925379a84f719b5e8292208ee60e 0.018s
2025-04-17 15:11:28.551 69942 INFO tempest.lib.common.dynamic_creds [-] Dynamic test user dd6ca3f67b2847d6b7c5bba23537cc76 is created with scope project and roles: ['admin']
2025-04-17 15:11:28.551 69942 INFO tempest.lib.common.dynamic_creds [-] Acquired dynamic creds: credentials: Credentials: {'domain_id': 'default', 'domain_name': 'Default', 'username': 'tempest-VolumesAdminNegativeTest-1504284591-project-admin', 'project_domain_id': 'default', 'project_domain_name': 'Default', 'project_id': 'b1937b930b394f1386243578a90d0bdd', 'project_name': 'tempest-VolumesAdminNegativeTest-1504284591', 'tenant_id': 'b1937b930b394f1386243578a90d0bdd', 'tenant_name': 'tempest-VolumesAdminNegativeTest-1504284591', 'user_domain_id': 'default', 'user_domain_name': 'Default', 'user_id': 'dd6ca3f67b2847d6b7c5bba23537cc76', 'system': None}, Network: None, Subnet: None, Router: None
2025-04-17 15:11:28.558 69972 INFO tempest.lib.common.rest_client [req-09221256-e709-4fa6-a594-b394e31c3257 req-09221256-e709-4fa6-a594-b394e31c3257 ] Request (ServersTestJSON:setUpClass): 200 GET http://10.180.1.21/identity/v3/roles 0.032s
2025-04-17 15:11:28.622 69972 INFO tempest.lib.common.rest_client [req-5e1f4aaf-4d44-4d43-bb2f-e7a4510ede54 req-5e1f4aaf-4d44-4d43-bb2f-e7a4510ede54 ] Request (ServersTestJSON:setUpClass): 204 PUT http://10.180.1.21/identity/v3/projects/3b6ede380d2f4f3cb17e0b1521dc41e2/users/043cc1fbb38a437aa22789b94c96d4aa/roles/1c78e99dd06042ba8dc1122e93ececfb 0.063s
2025-04-17 15:11:28.622 69972 INFO tempest.lib.common.dynamic_creds [-] Dynamic test user 043cc1fbb38a437aa22789b94c96d4aa is created with scope project and roles: ['member']
2025-04-17 15:11:28.622 69972 INFO tempest.lib.common.dynamic_creds [-] Acquired dynamic creds: credentials: Credentials: {'domain_id': 'default', 'domain_name': 'Default', 'username': 'tempest-ServersTestJSON-1970008089-project-member', 'project_domain_id': 'default', 'project_domain_name': 'Default', 'project_id': '3b6ede380d2f4f3cb17e0b1521dc41e2', 'project_name': 'tempest-ServersTestJSON-1970008089', 'tenant_id': '3b6ede380d2f4f3cb17e0b1521dc41e2', 'tenant_name': 'tempest-ServersTestJSON-1970008089', 'user_domain_id': 'default', 'user_domain_name': 'Default', 'user_id': '043cc1fbb38a437aa22789b94c96d4aa', 'system': None}, Network: None, Subnet: None, Router: None
2025-04-17 15:11:28.660 69924 INFO tempest.lib.common.rest_client [req-9f59165a-fcca-4aab-9bd8-6ebbaec49c38 req-9f59165a-fcca-4aab-9bd8-6ebbaec49c38 ] Request (InstanceUsageAuditLogTestJSON:tearDownClass): 200 GET http://10.180.1.21:9696/networking/v2.0/security-groups?tenant_id=505f9157aaaf4f918e2fc463ff1bd3eb&name=default 0.262s
2025-04-17 15:11:28.670 69946 INFO tempest.lib.common.rest_client [req-fd34d023-d249-465b-9b7b-eabfdeb495b3 req-fd34d023-d249-465b-9b7b-eabfdeb495b3 ] Request (ServerDiagnosticsTest:test_get_server_diagnostics): 200 GET http://10.180.1.21/compute/v2.1/servers/b67ec752-446a-4610-853f-d24e2153e23b 1.823s
2025-04-17 15:11:28.681 69972 INFO tempest.lib.common.rest_client [req-b8857560-c1a1-4adc-a100-042e562c28eb req-b8857560-c1a1-4adc-a100-042e562c28eb ] Request (ServersTestJSON:setUpClass): 201 POST http://10.180.1.21/identity/v3/auth/tokens 0.059s
2025-04-17 15:11:28.766 69922 INFO tempest.lib.common.rest_client [req-b9c3c01f-2da1-4719-b0ef-607d168a73ae req-b9c3c01f-2da1-4719-b0ef-607d168a73ae ] Request (NetworksTest:tearDownClass): 200 GET http://10.180.1.21:9696/networking/v2.0/security-groups?tenant_id=f0a3435e2d2048f9ba574ac06075d0f7&name=default 0.284s
2025-04-17 15:11:28.901 69924 INFO tempest.lib.common.rest_client [req-875c7470-83e7-4f8e-8f16-9bbe90b2a8bb req-875c7470-83e7-4f8e-8f16-9bbe90b2a8bb ] Request (InstanceUsageAuditLogTestJSON:tearDownClass): 204 DELETE http://10.180.1.21:9696/networking/v2.0/security-groups/e5084b93-4830-4a35-b82c-1dba23d82367 0.240s
2025-04-17 15:11:28.934 69942 INFO tempest.lib.common.rest_client [req-9967c4b7-4ae1-4936-809f-8a67d6fefbf1 req-9967c4b7-4ae1-4936-809f-8a67d6fefbf1 ] Request (VolumesAdminNegativeTest:setUpClass): 201 POST http://10.180.1.21:9696/networking/v2.0/networks 0.383s
2025-04-17 15:11:28.991 69924 INFO tempest.lib.common.rest_client [req-182f41b3-f88e-44e1-a7ba-d85d073c01a4 req-182f41b3-f88e-44e1-a7ba-d85d073c01a4 ] Request (InstanceUsageAuditLogTestJSON:tearDownClass): 204 DELETE http://10.180.1.21/identity/v3/projects/505f9157aaaf4f918e2fc463ff1bd3eb 0.090s
2025-04-17 15:11:28.992 69924 INFO tempest.test [-] raised in SpiceDirectConsoleTestJSON.setUpClass. Invoking tearDownClass.
2025-04-17 15:11:29.001 69936 INFO tempest.lib.common.rest_client [req-62fe67a7-815e-4090-8d04-1e538bccc1e0 req-62fe67a7-815e-4090-8d04-1e538bccc1e0 ] Request (SecurityGroupsTestAdminJSON:test_list_security_groups_list_all_tenants_filter): 200 POST http://10.180.1.21/compute/v2.1/os-security-groups 1.973s
2025-04-17 15:11:29.020 69922 INFO tempest.lib.common.rest_client [req-acdb4597-d1ba-47b2-8da1-bac9006de250 req-acdb4597-d1ba-47b2-8da1-bac9006de250 ] Request (NetworksTest:tearDownClass): 204 DELETE http://10.180.1.21:9696/networking/v2.0/security-groups/6e5e4843-e58f-4654-88d7-ed4f331d9032 0.254s
2025-04-17 15:11:29.024 69960 INFO tempest.lib.common.rest_client [req-770bd7fd-0a2b-4d82-8e4a-dd3c7adbc09e req-770bd7fd-0a2b-4d82-8e4a-dd3c7adbc09e ] Request (FlavorsAdminTestJSON:test_create_list_flavor_without_extra_data): 200 GET http://10.180.1.21/compute/v2.1/flavors/1058340307 1.950s
2025-04-17 15:11:29.066 69948 INFO tempest.lib.common.rest_client [req-fc82ace9-00db-4f51-a8c1-2fa36908bf25 req-fc82ace9-00db-4f51-a8c1-2fa36908bf25 ] Request (SecurityGroupsTestJSON:test_list_security_groups_by_server): 202 POST http://10.180.1.21/compute/v2.1/servers 2.354s
2025-04-17 15:11:29.094 69924 INFO tempest.lib.common.rest_client [req-2ad5dbcc-c4c5-49ca-94fc-89c97451fbb8 req-2ad5dbcc-c4c5-49ca-94fc-89c97451fbb8 ] Request (FloatingIPsAssociationNegativeTestJSON:setUpClass): 201 POST http://10.180.1.21/identity/v3/auth/tokens 0.099s
2025-04-17 15:11:29.120 69926 INFO tempest.lib.common.rest_client [req-ffe37e1e-b255-4af8-8c0f-82a8c0ff2708 req-ffe37e1e-b255-4af8-8c0f-82a8c0ff2708 ] Request (ImagesOneServerNegativeTestJSON:setUpClass): 200 GET http://10.180.1.21/compute/v2.1/servers/28ade5ff-7678-4ff1-91f0-ca8340dfa3c8 1.938s
2025-04-17 15:11:29.133 69977 INFO tempest.lib.common.rest_client [req-6403f93c-a0c1-4c0f-952f-fbd7a28b0ca4 req-6403f93c-a0c1-4c0f-952f-fbd7a28b0ca4 ] Request (AggregatesAdminNegativeTestJSON:test_aggregate_create_with_existent_aggregate_name): 409 POST http://10.180.1.21/compute/v2.1/os-aggregates 1.847s
2025-04-17 15:11:29.153 69922 INFO tempest.lib.common.rest_client [req-239a6c92-0a35-407f-86cd-a8f0666457dd req-239a6c92-0a35-407f-86cd-a8f0666457dd ] Request (NetworksTest:tearDownClass): 204 DELETE http://10.180.1.21/identity/v3/projects/f0a3435e2d2048f9ba574ac06075d0f7 0.132s
2025-04-17 15:11:29.156 69938 INFO tempest.lib.common.rest_client [req-eccb57ef-a4ff-47eb-b666-6e3a2c0a61ea req-eccb57ef-a4ff-47eb-b666-6e3a2c0a61ea ] Request (ServersAdminNegativeTestJSON:setUpClass): 200 GET http://10.180.1.21/compute/v2.1/servers/cc094eb0-4c88-4c87-b650-39ac0deaafbf 1.947s
2025-04-17 15:11:29.183 69956 INFO tempest.lib.common.rest_client [req-a9a44839-c836-447d-a051-1645d219897d req-a9a44839-c836-447d-a051-1645d219897d ] Request (HypervisorAdminNegativeUnderV252Test:test_show_servers_with_non_admin_user): 200 GET http://10.180.1.21/compute/v2.1/os-hypervisors 1.801s
2025-04-17 15:11:29.196 69920 INFO tempest.lib.common.rest_client [req-99f84023-3f53-4ad9-bf2a-4cfec809de0c req-99f84023-3f53-4ad9-bf2a-4cfec809de0c ] Request (FlavorsV2TestJSON:test_list_flavors_detailed_filter_by_min_disk): 200 GET http://10.180.1.21/compute/v2.1/flavors/42 1.795s
2025-04-17 15:11:29.201 69954 INFO tempest.lib.common.rest_client [req-0da7a41a-d5bb-42c1-aeca-6109269afbf8 req-0da7a41a-d5bb-42c1-aeca-6109269afbf8 ] Request (VolumesAssistedSnapshotsTest:test_volume_assisted_snapshot_create_delete): 200 GET http://10.180.1.21/compute/v2.1/servers/503c8979-4c4e-4a8d-a06c-5a2e240437a6 1.898s
2025-04-17 15:11:29.210 69924 INFO tempest.lib.common.rest_client [req-b3c6ce6d-d9cc-4bc2-98e1-ad93ad64a460 req-b3c6ce6d-d9cc-4bc2-98e1-ad93ad64a460 ] Request (FloatingIPsAssociationNegativeTestJSON:setUpClass): 201 POST http://10.180.1.21/identity/v3/auth/tokens 0.113s
2025-04-17 15:11:29.221 69942 INFO tempest.lib.common.rest_client [req-0dedd6c9-37f4-45ee-b047-0d0ee3d373ae req-0dedd6c9-37f4-45ee-b047-0d0ee3d373ae ] Request (VolumesAdminNegativeTest:setUpClass): 201 POST http://10.180.1.21:9696/networking/v2.0/subnets 0.286s
2025-04-17 15:11:29.224 69968 INFO tempest.lib.common.rest_client [req-b81f4974-2cca-47c2-a36f-6ee729c9a1ce req-b81f4974-2cca-47c2-a36f-6ee729c9a1ce ] Request (ExtensionsTest:test_list_extensions): 200 GET http://10.180.1.21/compute/v2.1/extensions 1.267s
2025-04-17 15:11:29.240 69922 INFO tempest.lib.common.rest_client [req-677d1ade-9bda-470f-b573-85827ef1124f req-677d1ade-9bda-470f-b573-85827ef1124f ] Request (ServersAdmin275Test:setUpClass): 201 POST http://10.180.1.21/identity/v3/auth/tokens 0.085s
2025-04-17 15:11:29.249 69972 INFO tempest.lib.common.rest_client [req-f7dce7eb-aa52-4063-b8b6-74975f9633c5 req-f7dce7eb-aa52-4063-b8b6-74975f9633c5 ] Request (ServersTestJSON:setUpClass): 201 POST http://10.180.1.21:9696/networking/v2.0/networks 0.567s
2025-04-17 15:11:29.254 69924 INFO tempest.lib.common.rest_client [req-b2cd804b-ba5e-4527-829a-fb637edb7c9f req-b2cd804b-ba5e-4527-829a-fb637edb7c9f ] Request (FloatingIPsAssociationNegativeTestJSON:setUpClass): 200 GET http://10.180.1.21/identity/v3/domains?name=Default 0.042s
2025-04-17 15:11:29.291 69922 INFO tempest.lib.common.rest_client [req-8679324e-b84e-4c0c-b133-0a1dcb87a1f1 req-8679324e-b84e-4c0c-b133-0a1dcb87a1f1 ] Request (ServersAdmin275Test:setUpClass): 201 POST http://10.180.1.21/identity/v3/auth/tokens 0.048s
2025-04-17 15:11:29.336 69968 INFO tempest.lib.common.rest_client [req-ffe3ef85-b9c7-4f3d-bd66-e44255e2e80e req-ffe3ef85-b9c7-4f3d-bd66-e44255e2e80e ] Request (ExtensionsTest:tearDownClass): 204 DELETE http://10.180.1.21/identity/v3/users/e1fe64467b344cf795d2f15ff73c5971 0.092s
2025-04-17 15:11:29.336 69968 INFO tempest.lib.common.dynamic_creds [-] Deleting project and security group for project: fea9081bff1543c3b0ccabb6ac29d55d
2025-04-17 15:11:29.361 69924 INFO tempest.lib.common.rest_client [req-8373ee34-f602-40ea-b460-20d7016a4a8b req-8373ee34-f602-40ea-b460-20d7016a4a8b ] Request (FloatingIPsAssociationNegativeTestJSON:setUpClass): 201 POST http://10.180.1.21/identity/v3/projects 0.107s
2025-04-17 15:11:29.399 69972 INFO tempest.lib.common.rest_client [req-d9fa0ce3-87db-4252-a9fc-8a4b50aa8725 req-d9fa0ce3-87db-4252-a9fc-8a4b50aa8725 ] Request (ServersTestJSON:setUpClass): 201 POST http://10.180.1.21:9696/networking/v2.0/subnets 0.149s
2025-04-17 15:11:29.421 69968 INFO tempest.lib.common.rest_client [req-36860250-f97f-4ca7-ac52-b4aa469211d7 req-36860250-f97f-4ca7-ac52-b4aa469211d7 ] Request (ExtensionsTest:tearDownClass): 201 POST http://10.180.1.21/identity/v3/auth/tokens 0.084s
2025-04-17 15:11:29.431 69922 INFO tempest.lib.common.rest_client [req-e003b91a-53a6-4938-a5fc-5ce5a278081a req-e003b91a-53a6-4938-a5fc-5ce5a278081a ] Request (ServersAdmin275Test:setUpClass): 200 GET http://10.180.1.21/identity/v3/domains?name=Default 0.140s
2025-04-17 15:11:29.441 69928 INFO tempest.lib.common.rest_client [req-d3932305-4f74-47dd-9032-2cc63241a19c req-d3932305-4f74-47dd-9032-2cc63241a19c ] Request (ServerAddressesNegativeTestJSON:setUpClass): 200 GET http://10.180.1.21/compute/v2.1/servers/2cc0cac7-996e-492f-b09f-5921f3cfa2f5 1.377s
2025-04-17 15:11:29.453 69928 INFO tempest.common.waiters [-] State transition "BUILD/spawning" ==> "ACTIVE/None" after 19 second wait
2025-04-17 15:11:29.464 69924 INFO tempest.lib.common.rest_client [req-8a0e10c1-59e6-49bb-922f-07614930aefa req-8a0e10c1-59e6-49bb-922f-07614930aefa ] Request (FloatingIPsAssociationNegativeTestJSON:setUpClass): 201 POST http://10.180.1.21/identity/v3/users 0.102s
2025-04-17 15:11:29.496 69922 INFO tempest.lib.common.rest_client [req-d994c72d-aa0f-42d9-9281-1446e9486eda req-d994c72d-aa0f-42d9-9281-1446e9486eda ] Request (ServersAdmin275Test:setUpClass): 201 POST http://10.180.1.21/identity/v3/projects 0.064s
2025-04-17 15:11:29.540 69974 INFO tempest.lib.common.rest_client [req-99f87373-5075-454e-bd88-c4348e51ff16 req-99f87373-5075-454e-bd88-c4348e51ff16 ] Request (FloatingIPsAssociationTestJSON:setUpClass): 200 GET http://10.180.1.21/compute/v2.1/servers/77e4d517-af5f-491b-a44f-fd3e4954dbdc 1.434s
2025-04-17 15:11:29.553 69924 INFO tempest.lib.common.rest_client [req-07aef62a-ab5f-4bc1-9db8-f2beca6618f3 req-07aef62a-ab5f-4bc1-9db8-f2beca6618f3 ] Request (FloatingIPsAssociationNegativeTestJSON:setUpClass): 200 GET http://10.180.1.21/identity/v3/roles 0.089s
2025-04-17 15:11:29.557 69970 INFO tempest.lib.common.rest_client [req-664a92f0-9609-4535-b490-b6487c6c60f4 req-664a92f0-9609-4535-b490-b6487c6c60f4 ] Request (QuotaClassesAdmin257Test:test_update_default_quotas): 200 GET http://10.180.1.21/compute/v2.1/os-quota-class-sets/default 1.274s
2025-04-17 15:11:29.572 69922 INFO tempest.lib.common.rest_client [req-a355b2b2-65e0-415a-a707-9c76b99f7423 req-a355b2b2-65e0-415a-a707-9c76b99f7423 ] Request (ServersAdmin275Test:setUpClass): 201 POST http://10.180.1.21/identity/v3/users 0.076s
2025-04-17 15:11:29.595 69924 INFO tempest.lib.common.rest_client [req-814d4573-e566-4d4a-9649-8e36092a2956 req-814d4573-e566-4d4a-9649-8e36092a2956 ] Request (FloatingIPsAssociationNegativeTestJSON:setUpClass): 204 PUT http://10.180.1.21/identity/v3/projects/8ba3cddee2e64c32abd45a93a54f718e/users/d85a1e079f5e41fe9d234a1686cefd25/roles/1c78e99dd06042ba8dc1122e93ececfb 0.041s
2025-04-17 15:11:29.595 69924 INFO tempest.lib.common.dynamic_creds [-] Dynamic test user d85a1e079f5e41fe9d234a1686cefd25 is created with scope project and roles: ['member']
2025-04-17 15:11:29.595 69924 INFO tempest.lib.common.dynamic_creds [-] Acquired dynamic creds: credentials: Credentials: {'domain_id': 'default', 'domain_name': 'Default', 'username': 'tempest-FloatingIPsAssociationNegativeTestJSON-761664588-project-member', 'project_domain_id': 'default', 'project_domain_name': 'Default', 'project_id': '8ba3cddee2e64c32abd45a93a54f718e', 'project_name': 'tempest-FloatingIPsAssociationNegativeTestJSON-761664588', 'tenant_id': '8ba3cddee2e64c32abd45a93a54f718e', 'tenant_name': 'tempest-FloatingIPsAssociationNegativeTestJSON-761664588', 'user_domain_id': 'default', 'user_domain_name': 'Default', 'user_id': 'd85a1e079f5e41fe9d234a1686cefd25', 'system': None}, Network: None, Subnet: None, Router: None
2025-04-17 15:11:29.597 69922 INFO tempest.lib.common.rest_client [req-5a201c90-40b7-4b91-b0a9-cc51cf64c666 req-5a201c90-40b7-4b91-b0a9-cc51cf64c666 ] Request (ServersAdmin275Test:setUpClass): 200 GET http://10.180.1.21/identity/v3/roles 0.025s
2025-04-17 15:11:29.660 69924 INFO tempest.lib.common.rest_client [req-0608ca74-6c38-49fd-81c3-7bd18f8269d6 req-0608ca74-6c38-49fd-81c3-7bd18f8269d6 ] Request (FloatingIPsAssociationNegativeTestJSON:setUpClass): 201 POST http://10.180.1.21/identity/v3/auth/tokens 0.064s
2025-04-17 15:11:29.662 69950 INFO tempest.lib.common.rest_client [req-563f26a4-cb60-4c89-b8e2-5c70b48645f0 req-563f26a4-cb60-4c89-b8e2-5c70b48645f0 ] Request (ListImageFiltersTestJSON:setUpClass): 202 POST http://10.180.1.21/compute/v2.1/servers 1.858s
2025-04-17 15:11:29.676 69922 INFO tempest.lib.common.rest_client [req-1fd9a5d6-1a88-4262-b635-8d8cae2153a0 req-1fd9a5d6-1a88-4262-b635-8d8cae2153a0 ] Request (ServersAdmin275Test:setUpClass): 204 PUT http://10.180.1.21/identity/v3/projects/e9235b6cf37f4098b48ffd50c16f2e1d/users/eb6202e9947b482b9e01a9c294d6ebc2/roles/1c78e99dd06042ba8dc1122e93ececfb 0.078s
2025-04-17 15:11:29.676 69922 INFO tempest.lib.common.dynamic_creds [-] Dynamic test user eb6202e9947b482b9e01a9c294d6ebc2 is created with scope project and roles: ['member']
2025-04-17 15:11:29.677 69922 INFO tempest.lib.common.dynamic_creds [-] Acquired dynamic creds: credentials: Credentials: {'domain_id': 'default', 'domain_name': 'Default', 'username': 'tempest-ServersAdmin275Test-667242764-project-member', 'project_domain_id': 'default', 'project_domain_name': 'Default', 'project_id': 'e9235b6cf37f4098b48ffd50c16f2e1d', 'project_name': 'tempest-ServersAdmin275Test-667242764', 'tenant_id': 'e9235b6cf37f4098b48ffd50c16f2e1d', 'tenant_name': 'tempest-ServersAdmin275Test-667242764', 'user_domain_id': 'default', 'user_domain_name': 'Default', 'user_id': 'eb6202e9947b482b9e01a9c294d6ebc2', 'system': None}, Network: None, Subnet: None, Router: None
2025-04-17 15:11:29.677 69922 INFO tempest.lib.common.dynamic_creds [-] Created isolated network resources for: credentials: Credentials: {'domain_id': 'default', 'domain_name': 'Default', 'username': 'tempest-ServersAdmin275Test-667242764-project-member', 'project_domain_id': 'default', 'project_domain_name': 'Default', 'project_id': 'e9235b6cf37f4098b48ffd50c16f2e1d', 'project_name': 'tempest-ServersAdmin275Test-667242764', 'tenant_id': 'e9235b6cf37f4098b48ffd50c16f2e1d', 'tenant_name': 'tempest-ServersAdmin275Test-667242764', 'user_domain_id': 'default', 'user_domain_name': 'Default', 'user_id': 'eb6202e9947b482b9e01a9c294d6ebc2', 'system': None}, Network: None, Subnet: None, Router: None
2025-04-17 15:11:29.704 69968 INFO tempest.lib.common.rest_client [req-c9c27a1c-f370-4a6b-8bc4-7ebb42159725 req-c9c27a1c-f370-4a6b-8bc4-7ebb42159725 ] Request (ExtensionsTest:tearDownClass): 200 GET http://10.180.1.21:9696/networking/v2.0/security-groups?tenant_id=fea9081bff1543c3b0ccabb6ac29d55d&name=default 0.283s
2025-04-17 15:11:29.755 69952 INFO tempest.lib.common.rest_client [req-a3210c4e-71bf-4a92-a377-192743b9b77d req-a3210c4e-71bf-4a92-a377-192743b9b77d ] Request (ImagesTestJSON:test_create_image_from_stopped_server): 200 GET http://10.180.1.21/compute/v2.1/servers/e5be0f40-0eff-4e9e-b214-4084e7369bba 1.448s
2025-04-17 15:11:29.825 69922 INFO tempest.lib.common.rest_client [req-8d1a0de0-320c-40fa-8aa5-d74afb6e5c8b req-8d1a0de0-320c-40fa-8aa5-d74afb6e5c8b ] Request (ServersAdmin275Test:setUpClass): 201 POST http://10.180.1.21/identity/v3/auth/tokens 0.142s
2025-04-17 15:11:29.835 69968 INFO tempest.lib.common.rest_client [req-634d2c0d-5d68-48e4-a439-bfc895a1a2cf req-634d2c0d-5d68-48e4-a439-bfc895a1a2cf ] Request (ExtensionsTest:tearDownClass): 204 DELETE http://10.180.1.21:9696/networking/v2.0/security-groups/50b17939-7f0d-4e7b-9c23-19a47462ac3a 0.130s
2025-04-17 15:11:29.869 69922 INFO tempest.lib.common.rest_client [req-a8252c47-684d-49cc-ab56-3f16eb81c1b5 req-a8252c47-684d-49cc-ab56-3f16eb81c1b5 ] Request (ServersAdmin275Test:setUpClass): 201 POST http://10.180.1.21/identity/v3/projects 0.043s
2025-04-17 15:11:30.003 69968 INFO tempest.lib.common.rest_client [req-4481ea5a-7519-49e2-ab0b-19d8e90e1731 req-4481ea5a-7519-49e2-ab0b-19d8e90e1731 ] Request (ExtensionsTest:tearDownClass): 204 DELETE http://10.180.1.21/identity/v3/projects/fea9081bff1543c3b0ccabb6ac29d55d 0.167s
2025-04-17 15:11:30.091 69980 INFO tempest.lib.common.rest_client [req-e00faa14-6225-40f2-bddc-4ac3a06972d2 req-e00faa14-6225-40f2-bddc-4ac3a06972d2 ] Request (FlavorsAccessNegativeTestJSON:_run_cleanups): 200 POST http://10.180.1.21/compute/v2.1/flavors/182456641/action 1.778s
2025-04-17 15:11:30.094 69922 INFO tempest.lib.common.rest_client [req-e574ffb7-7196-470c-acea-002f567d990b req-e574ffb7-7196-470c-acea-002f567d990b ] Request (ServersAdmin275Test:setUpClass): 201 POST http://10.180.1.21/identity/v3/users 0.225s
2025-04-17 15:11:30.107 69964 INFO tempest.lib.common.rest_client [req-3fd690d3-97b5-4cbb-8a65-a2c55c8f3dee req-3fd690d3-97b5-4cbb-8a65-a2c55c8f3dee ] Request (ImagesDeleteNegativeTestJSON:test_delete_image_with_id_over_character_limit): 404 DELETE http://10.180.1.21/compute/v2.1/images/70b27eba-221f-488c-aa92-ff028f9206291 1.764s
2025-04-17 15:11:30.120 69922 INFO tempest.lib.common.rest_client [req-e055225e-5fe7-49e6-9cf9-cb483143ddee req-e055225e-5fe7-49e6-9cf9-cb483143ddee ] Request (ServersAdmin275Test:setUpClass): 200 GET http://10.180.1.21/identity/v3/roles 0.024s
2025-04-17 15:11:30.161 69922 INFO tempest.lib.common.rest_client [req-3e2d6cfd-095b-49bd-82e8-318bd7c6ee54 req-3e2d6cfd-095b-49bd-82e8-318bd7c6ee54 ] Request (ServersAdmin275Test:setUpClass): 204 PUT http://10.180.1.21/identity/v3/projects/019055d53dd74791b71b195b72eb5cab/users/367a6e45446b4305919855513f9254f7/roles/3f0b925379a84f719b5e8292208ee60e 0.041s
2025-04-17 15:11:30.225 69940 INFO tempest.lib.common.rest_client [req-acb62e65-6881-41ad-adae-f69af97bd4ea req-acb62e65-6881-41ad-adae-f69af97bd4ea ] Request (ServerDiagnosticsV248Test:test_get_server_diagnostics): 200 GET http://10.180.1.21/compute/v2.1/servers/f9bbe81f-2cc4-4e4b-ad4c-ec555d17f0cd 1.843s
2025-04-17 15:11:30.235 69922 INFO tempest.lib.common.rest_client [req-850865a5-7e3d-4e7b-8b60-5cb1ccdae5b7 req-850865a5-7e3d-4e7b-8b60-5cb1ccdae5b7 ] Request (ServersAdmin275Test:setUpClass): 200 GET http://10.180.1.21/identity/v3/roles 0.073s
2025-04-17 15:11:30.241 69940 INFO tempest.common.waiters [-] State transition "BUILD/spawning" ==> "ACTIVE/None" after 19 second wait
2025-04-17 15:11:30.258 69922 INFO tempest.lib.common.rest_client [req-339ca6b5-2ad1-47b6-9024-b7775b3cb9a6 req-339ca6b5-2ad1-47b6-9024-b7775b3cb9a6 ] Request (ServersAdmin275Test:setUpClass): 204 PUT http://10.180.1.21/identity/v3/projects/019055d53dd74791b71b195b72eb5cab/users/367a6e45446b4305919855513f9254f7/roles/3f0b925379a84f719b5e8292208ee60e 0.023s
2025-04-17 15:11:30.258 69922 INFO tempest.lib.common.dynamic_creds [-] Dynamic test user 367a6e45446b4305919855513f9254f7 is created with scope project and roles: ['admin']
2025-04-17 15:11:30.258 69922 INFO tempest.lib.common.dynamic_creds [-] Acquired dynamic creds: credentials: Credentials: {'domain_id': 'default', 'domain_name': 'Default', 'username': 'tempest-ServersAdmin275Test-1744965343-project-admin', 'project_domain_id': 'default', 'project_domain_name': 'Default', 'project_id': '019055d53dd74791b71b195b72eb5cab', 'project_name': 'tempest-ServersAdmin275Test-1744965343', 'tenant_id': '019055d53dd74791b71b195b72eb5cab', 'tenant_name': 'tempest-ServersAdmin275Test-1744965343', 'user_domain_id': 'default', 'user_domain_name': 'Default', 'user_id': '367a6e45446b4305919855513f9254f7', 'system': None}, Network: None, Subnet: None, Router: None
2025-04-17 15:11:30.258 69922 INFO tempest.lib.common.dynamic_creds [-] Created isolated network resources for: credentials: Credentials: {'domain_id': 'default', 'domain_name': 'Default', 'username': 'tempest-ServersAdmin275Test-1744965343-project-admin', 'project_domain_id': 'default', 'project_domain_name': 'Default', 'project_id': '019055d53dd74791b71b195b72eb5cab', 'project_name': 'tempest-ServersAdmin275Test-1744965343', 'tenant_id': '019055d53dd74791b71b195b72eb5cab', 'tenant_name': 'tempest-ServersAdmin275Test-1744965343', 'user_domain_id': 'default', 'user_domain_name': 'Default', 'user_id': '367a6e45446b4305919855513f9254f7', 'system': None}, Network: None, Subnet: None, Router: None
2025-04-17 15:11:30.350 69922 INFO tempest.lib.common.rest_client [req-b2e02031-16d1-4e9a-b0f4-97762f535938 req-b2e02031-16d1-4e9a-b0f4-97762f535938 ] Request (ServersAdmin275Test:setUpClass): 201 POST http://10.180.1.21/identity/v3/auth/tokens 0.088s
2025-04-17 15:11:30.388 69978 INFO tempest.lib.common.rest_client [req-ef1764b3-236c-4622-ae68-a0339e13157c req-ef1764b3-236c-4622-ae68-a0339e13157c ] Request (ServersTestManualDisk:setUpClass): 202 POST http://10.180.1.21/compute/v2.1/servers 2.102s
