2025-04-17 15:12:50.312 69950 INFO tempest.lib.common.rest_client [req-cd356931-5b9a-4c7c-b3fb-5f242b3095d0 req-cd356931-5b9a-4c7c-b3fb-5f242b3095d0 ] Request (ListImageFiltersTestJSON:setUpClass): 200 GET http://10.180.1.21/compute/v2.1/images/61511367-f521-4e52-a67f-9f90305b7a6b 0.635s
2025-04-17 15:12:50.356 69930 INFO tempest.lib.common.rest_client [req-d121fadf-b6d3-4230-8efe-39fb888a9aee req-d121fadf-b6d3-4230-8efe-39fb888a9aee ] Request (MigrationsAdminTest:test_list_migrations_in_flavor_resize_situation): 200 GET http://10.180.1.21/compute/v2.1/servers/3d99f616-a6a4-471c-9665-4f32f1a585ea 0.768s
2025-04-17 15:12:50.415 69945 INFO tempest.lib.common.rest_client [req-c67cdd67-e109-497f-bbe1-fc0fdf47b6d9 req-c67cdd67-e109-497f-bbe1-fc0fdf47b6d9 ] Request (DeleteServersAdminTestJSON:test_delete_server_while_in_error_state): 200 GET http://10.180.1.21/compute/v2.1/servers/78a5569d-5d31-48f9-a9d0-ed9921385b3c 0.678s
2025-04-17 15:12:50.472 69980 INFO tempest.lib.common.rest_client [req-b712e671-d100-4bec-aa04-825b2dd71130 req-b712e671-d100-4bec-aa04-825b2dd71130 ] Request (ServersAdminTestJSON:setUpClass): 200 GET http://10.180.1.21/compute/v2.1/servers/8731c74f-1386-4369-a73a-f473279a0a86 0.733s
2025-04-17 15:12:50.529 69952 INFO tempest.lib.common.rest_client [req-ee148894-0207-402d-a24b-32b5105901f0 req-ee148894-0207-402d-a24b-32b5105901f0 ] Request (ImagesTestJSON:test_create_image_from_suspended_server): 200 GET http://10.180.1.21/compute/v2.1/servers/375f9fb9-2dcf-49a1-bc37-53daa213d575 0.711s
2025-04-17 15:12:50.533 69924 INFO tempest.lib.common.rest_client [req-f1a1e050-f7d3-45ec-bebe-782cd62c773e req-f1a1e050-f7d3-45ec-bebe-782cd62c773e ] Request (FloatingIPsAssociationNegativeTestJSON:tearDownClass): 200 GET http://10.180.1.21/compute/v2.1/servers/87fe142a-3f0f-44f3-a4f1-6aa63e283317 0.813s
2025-04-17 15:12:50.596 69938 INFO tempest.lib.common.rest_client [req-32523a7a-f510-446c-8ac2-5b1ab6ac8deb req-32523a7a-f510-446c-8ac2-5b1ab6ac8deb ] Request (ServersAdminNegativeTestJSON:test_migrate_server_invalid_state): 200 GET http://10.180.1.21/compute/v2.1/servers/3a6bc090-13ff-4df0-b89c-d7782488111f 0.500s
2025-04-17 15:12:50.914 69940 INFO tempest.lib.common.rest_client [req-31f60368-906e-499e-8bbe-2aace01b93b9 req-31f60368-906e-499e-8bbe-2aace01b93b9 ] Request (SecurityGroupRulesTestJSON:test_security_group_rules_list): 200 GET http://10.180.1.21/compute/v2.1/os-security-groups/0b317166-d9e2-4ab1-a631-b3739df59662 0.795s
2025-04-17 15:12:50.938 69964 INFO tempest.lib.common.rest_client [req-1c5ddeef-2aea-4872-a953-84143a27ab9b req-1c5ddeef-2aea-4872-a953-84143a27ab9b ] Request (AttachVolumeTestJSON:test_attach_detach_volume): 200 GET http://10.180.1.21/compute/v2.1/servers/d4000e4f-7369-4e8a-96ec-8cdd732a6294 1.116s
2025-04-17 15:12:50.946 69964 INFO tempest.common.waiters [-] State transition "BUILD/networking" ==> "BUILD/spawning" after 62 second wait
2025-04-17 15:12:51.001 69922 INFO tempest.lib.common.rest_client [req-aeba9d17-2121-4bda-bec9-6001bddf5b9b req-aeba9d17-2121-4bda-bec9-6001bddf5b9b ] Request (ServersAdmin275Test:_run_cleanups): 200 GET http://10.180.1.21/compute/v2.1/servers/ccea07bc-1f5c-4217-82c5-0a4852f6237b 0.838s
2025-04-17 15:12:51.024 69920 INFO tempest.lib.common.rest_client [req-87bdf139-5133-4372-bea3-6fbdc88132af req-87bdf139-5133-4372-bea3-6fbdc88132af ] Request (ServersNegativeTestMultiTenantJSON:setUpClass): 200 GET http://10.180.1.21/compute/v2.1/servers/61b80bcc-8603-48e4-9cef-493fea1eba57 0.787s
2025-04-17 15:12:51.109 69974 INFO tempest.lib.common.rest_client [req-7c90877d-629b-4b81-a7de-9ac7199344bc req-7c90877d-629b-4b81-a7de-9ac7199344bc ] Request (FloatingIPsAssociationTestJSON:test_associate_already_associated_floating_ip): 200 GET http://10.180.1.21/compute/v2.1/servers/b4c6a04c-a7f5-4796-ada2-0ca3431b947c 0.773s
2025-04-17 15:12:51.110 69958 INFO tempest.lib.common.rest_client [req-21c42a61-9d72-4857-bef8-0cf5ac00049c req-21c42a61-9d72-4857-bef8-0cf5ac00049c ] Request (ServerRescueTestJSONUnderV235:setUpClass): 200 GET http://10.180.1.21/compute/v2.1/servers/0bc05767-01e1-48da-ae01-2985abcd944c 0.473s
2025-04-17 15:12:51.172 69948 INFO tempest.lib.common.rest_client [req-bbbbfd0b-f8bc-4f6a-bfaf-2e342ada9d90 req-bbbbfd0b-f8bc-4f6a-bfaf-2e342ada9d90 ] Request (SecurityGroupsTestJSON:test_server_security_groups): 200 GET http://10.180.1.21/compute/v2.1/servers/85fd51f5-4335-48ec-a2d2-38aa5d209eba 0.526s
2025-04-17 15:12:51.201 69936 INFO tempest.lib.common.rest_client [req-7db08459-da6a-4ddc-b4ed-5daed8679bc2 req-7db08459-da6a-4ddc-b4ed-5daed8679bc2 ] Request (InstanceActionsNegativeTestJSON:setUpClass): 200 GET http://10.180.1.21/compute/v2.1/servers/8211b529-f910-42e0-a094-6df9e4c64f5c 0.500s
2025-04-17 15:12:51.231 69956 INFO tempest.lib.common.rest_client [req-e5b23cf5-e2ad-44ee-856c-684587522559 req-e5b23cf5-e2ad-44ee-856c-684587522559 ] Request (AttachInterfacesUnderV243Test:test_add_remove_fixed_ip): 200 GET http://10.180.1.21/compute/v2.1/servers/8814e29d-5c08-45f1-9a02-c30e4b7441db 0.475s
2025-04-17 15:12:51.268 69977 INFO tempest.lib.common.rest_client [req-d65ff400-df6f-4f14-b8a4-6ec82d786dad req-d65ff400-df6f-4f14-b8a4-6ec82d786dad ] Request (ServerDiskConfigTestJSON:test_rebuild_server_with_auto_disk_config): 200 GET http://10.180.1.21/compute/v2.1/servers/8da78725-c35d-41e6-a7dd-1a68e4458dac 0.480s
2025-04-17 15:12:51.313 69935 INFO tempest.lib.common.rest_client [req-f98db138-9d92-44e3-b8f6-7e08c91c9b3c req-f98db138-9d92-44e3-b8f6-7e08c91c9b3c ] Request (ServersV294TestFqdnHostnames:setUpClass): 200 GET http://10.180.1.21/compute/v2.1/servers/b2106f86-8b4e-4ea1-990e-8dda353eaef4 0.478s
2025-04-17 15:12:51.326 69942 INFO tempest.lib.common.rest_client [req-590a5277-b0b7-4ffd-84cd-e07e652b1f02 req-590a5277-b0b7-4ffd-84cd-e07e652b1f02 ] Request (VolumesAdminNegativeTest:test_update_attached_volume_with_nonexistent_volume_in_body): 200 PUT http://10.180.1.21:9696/networking/v2.0/floatingips/02c02851-1a29-4a2e-80d0-ba4fc0eb2a7d 1.194s
2025-04-17 15:12:51.328 69942 INFO tempest.lib.common.ssh [-] Creating ssh connection to '10.180.180.218:22' as 'cirros' with public key authentication
2025-04-17 15:12:51.340 69928 INFO tempest.lib.common.rest_client [req-764fc98c-2b3a-45bb-8cb0-89e21a84ee84 req-764fc98c-2b3a-45bb-8cb0-89e21a84ee84 ] Request (ServerRescueNegativeTestJSON:setUpClass): 200 GET http://10.180.1.21/compute/v2.1/servers/8448abb9-9e9d-4e1c-bb7c-ee29fad661da 0.495s
2025-04-17 15:12:51.374 69946 INFO tempest.lib.common.rest_client [req-25ff0f83-5e26-4d06-9abb-e99a840e34ab req-25ff0f83-5e26-4d06-9abb-e99a840e34ab ] Request (AttachInterfacesTestJSON:test_create_list_show_delete_interfaces_by_fixed_ip): 200 GET http://10.180.1.21/compute/v2.1/servers/1a96d3ed-c017-4fbb-8c55-4f42ba583d8e 0.492s
2025-04-17 15:12:51.413 69926 INFO tempest.lib.common.rest_client [req-b5870f81-9bf3-4981-a6f8-bd077aae7cbd req-b5870f81-9bf3-4981-a6f8-bd077aae7cbd ] Request (ImagesOneServerNegativeTestJSON:_run_cleanups): 200 GET http://10.180.1.21/compute/v2.1/servers/8511f125-1683-4be8-9948-4d9eda22c816 0.522s
2025-04-17 15:12:51.493 69972 INFO tempest.lib.common.rest_client [req-1a96ef0b-b17d-402c-9044-07b698716c4b req-1a96ef0b-b17d-402c-9044-07b698716c4b ] Request (ServersTestJSON:test_create_server_with_ipv6_addr_only): 200 GET http://10.180.1.21/compute/v2.1/servers/6cb7f54c-bdbc-429e-84ff-44b6cbfc78ee 0.556s
2025-04-17 15:12:51.572 69978 INFO tempest.lib.common.rest_client [req-d34fb835-8516-437c-be9d-842d993f948c req-d34fb835-8516-437c-be9d-842d993f948c ] Request (MultipleCreateTestJSON:test_multiple_create): 200 GET http://10.180.1.21/compute/v2.1/servers/23c2c79b-ce0d-41f0-a7d9-7808de4783aa 0.625s
2025-04-17 15:12:51.579 69940 INFO tempest.lib.common.rest_client [req-61aeb7ea-0b0f-4d15-ae6c-3b653e2a7578 req-61aeb7ea-0b0f-4d15-ae6c-3b653e2a7578 ] Request (SecurityGroupRulesTestJSON:_run_cleanups): 202 DELETE http://10.180.1.21/compute/v2.1/os-security-group-rules/8a2ca0f4-ec0a-458f-92ac-14d2adf481b9 0.660s
2025-04-17 15:12:51.649 69962 INFO tempest.lib.common.rest_client [req-269a8588-e412-4fad-a8dd-aad2743f36a8 req-269a8588-e412-4fad-a8dd-aad2743f36a8 ] Request (ServerGroupTestJSON:test_create_server_with_scheduler_hint_group): 200 GET http://10.180.1.21/compute/v2.1/servers/9708bf88-1a5c-423b-bb92-49e90d343844 0.654s
2025-04-17 15:12:51.655 69970 INFO tempest.lib.common.rest_client [req-7b0129a7-96d4-4c06-bc9c-2524c4300341 req-7b0129a7-96d4-4c06-bc9c-2524c4300341 ] Request (ServerShowV247Test:test_update_rebuild_list_server): 200 GET http://10.180.1.21/compute/v2.1/servers/f7c6c094-7f59-44f1-8107-e8b5f0850c68 0.591s
2025-04-17 15:12:51.667 69970 INFO tempest.common.waiters [-] State transition "REBUILD/rebuilding" ==> "REBUILD/rebuild_spawning" after 3 second wait
2025-04-17 15:12:51.702 69932 INFO tempest.lib.common.rest_client [req-51efd809-753b-4d9a-8a6b-b8467a78ee39 req-51efd809-753b-4d9a-8a6b-b8467a78ee39 ] Request (ImagesNegativeTestJSON:test_create_image_from_deleted_server): 200 GET http://10.180.1.21/compute/v2.1/servers/cff730ac-fa36-496c-bc48-3ec8354f193f 0.494s
2025-04-17 15:12:51.717 69966 INFO tempest.lib.common.rest_client [req-9453860c-9bb4-4784-813e-9d22e8ce294b req-9453860c-9bb4-4784-813e-9d22e8ce294b ] Request (ImagesOneServerTestJSON:tearDownClass): 200 GET http://10.180.1.21/compute/v2.1/servers/a72614a2-7921-4c8c-9777-49fb6cc798ca 0.428s
2025-04-17 15:12:51.757 69950 INFO tempest.lib.common.rest_client [req-29e4ae39-830e-4a9c-a8c7-e51c43e8ebd3 req-29e4ae39-830e-4a9c-a8c7-e51c43e8ebd3 ] Request (ListImageFiltersTestJSON:setUpClass): 200 GET http://10.180.1.21/compute/v2.1/images/61511367-f521-4e52-a67f-9f90305b7a6b 0.440s
2025-04-17 15:12:51.826 69945 INFO tempest.lib.common.rest_client [req-bc2fe20a-2f3e-4993-bea6-177b005c04d5 req-bc2fe20a-2f3e-4993-bea6-177b005c04d5 ] Request (DeleteServersAdminTestJSON:test_delete_server_while_in_error_state): 200 GET http://10.180.1.21/compute/v2.1/servers/78a5569d-5d31-48f9-a9d0-ed9921385b3c 0.403s
2025-04-17 15:12:51.842 69930 INFO tempest.lib.common.rest_client [req-1a0451ae-8fa2-4987-b2ed-156726bdca2c req-1a0451ae-8fa2-4987-b2ed-156726bdca2c ] Request (MigrationsAdminTest:test_list_migrations_in_flavor_resize_situation): 200 GET http://10.180.1.21/compute/v2.1/servers/3d99f616-a6a4-471c-9665-4f32f1a585ea 0.478s
2025-04-17 15:12:51.883 69980 INFO tempest.lib.common.rest_client [req-b9cbf095-a8bb-4de9-a15a-0359683f1969 req-b9cbf095-a8bb-4de9-a15a-0359683f1969 ] Request (ServersAdminTestJSON:setUpClass): 200 GET http://10.180.1.21/compute/v2.1/servers/8731c74f-1386-4369-a73a-f473279a0a86 0.402s
2025-04-17 15:12:51.911 69952 INFO tempest.lib.common.rest_client [req-bb4a48e7-52b1-424c-80d3-77dab63174b8 req-bb4a48e7-52b1-424c-80d3-77dab63174b8 ] Request (ImagesTestJSON:test_create_image_from_suspended_server): 200 GET http://10.180.1.21/compute/v2.1/servers/375f9fb9-2dcf-49a1-bc37-53daa213d575 0.373s
2025-04-17 15:12:52.074 69924 INFO tempest.lib.common.rest_client [req-2894aa2d-0188-4bc0-b498-077835abd951 req-2894aa2d-0188-4bc0-b498-077835abd951 ] Request (FloatingIPsAssociationNegativeTestJSON:tearDownClass): 200 GET http://10.180.1.21/compute/v2.1/servers/87fe142a-3f0f-44f3-a4f1-6aa63e283317 0.533s
2025-04-17 15:12:52.146 69940 INFO tempest.lib.common.rest_client [req-6fcf94cb-58e1-4fb3-ac43-07e5b6bc2a1b req-6fcf94cb-58e1-4fb3-ac43-07e5b6bc2a1b ] Request (SecurityGroupRulesTestJSON:tearDownClass): 202 DELETE http://10.180.1.21/compute/v2.1/os-security-groups/0b317166-d9e2-4ab1-a631-b3739df59662 0.563s
2025-04-17 15:12:52.169 69938 INFO tempest.lib.common.rest_client [req-0a9fe33f-51b3-4479-83e3-54ea8162d483 req-0a9fe33f-51b3-4479-83e3-54ea8162d483 ] Request (ServersAdminNegativeTestJSON:test_migrate_server_invalid_state): 200 GET http://10.180.1.21/compute/v2.1/servers/3a6bc090-13ff-4df0-b89c-d7782488111f 0.564s
2025-04-17 15:12:52.265 69922 INFO tempest.lib.common.rest_client [req-52b38d88-2b6c-4351-b2dd-7ac9c4fd2784 req-52b38d88-2b6c-4351-b2dd-7ac9c4fd2784 ] Request (ServersAdmin275Test:_run_cleanups): 200 GET http://10.180.1.21/compute/v2.1/servers/ccea07bc-1f5c-4217-82c5-0a4852f6237b 0.249s
2025-04-17 15:12:52.326 69964 INFO tempest.lib.common.rest_client [req-60d865b8-77c3-48a5-88c2-a93cac4fee2f req-60d865b8-77c3-48a5-88c2-a93cac4fee2f ] Request (AttachVolumeTestJSON:test_attach_detach_volume): 200 GET http://10.180.1.21/compute/v2.1/servers/d4000e4f-7369-4e8a-96ec-8cdd732a6294 0.377s
2025-04-17 15:12:52.341 69920 INFO tempest.lib.common.rest_client [req-d6b79b0e-a52b-46fa-ba22-9ab7b19e99d6 req-d6b79b0e-a52b-46fa-ba22-9ab7b19e99d6 ] Request (ServersNegativeTestMultiTenantJSON:setUpClass): 200 GET http://10.180.1.21/compute/v2.1/servers/61b80bcc-8603-48e4-9cef-493fea1eba57 0.308s
2025-04-17 15:12:52.384 69958 INFO tempest.lib.common.rest_client [req-592b1db1-a6cb-4847-b4fe-8af787f3f4db req-592b1db1-a6cb-4847-b4fe-8af787f3f4db ] Request (ServerRescueTestJSONUnderV235:setUpClass): 200 GET http://10.180.1.21/compute/v2.1/servers/0bc05767-01e1-48da-ae01-2985abcd944c 0.265s
2025-04-17 15:12:52.394 69974 INFO tempest.lib.common.rest_client [req-26335733-5592-47a9-824a-3122113c9f96 req-26335733-5592-47a9-824a-3122113c9f96 ] Request (FloatingIPsAssociationTestJSON:test_associate_already_associated_floating_ip): 200 GET http://10.180.1.21/compute/v2.1/servers/b4c6a04c-a7f5-4796-ada2-0ca3431b947c 0.275s
2025-04-17 15:12:52.403 69940 INFO tempest.lib.common.rest_client [req-7829f6a6-4f01-4173-8d17-17754bf84243 req-7829f6a6-4f01-4173-8d17-17754bf84243 ] Request (SecurityGroupRulesTestJSON:tearDownClass): 404 DELETE http://10.180.1.21/compute/v2.1/os-security-groups/2a2493e3-768b-4c78-94ae-97a4401e4d6a 0.257s
2025-04-17 15:12:52.446 69948 INFO tempest.lib.common.rest_client [req-7afd0821-2dc9-4488-b7aa-4513a2d27dbc req-7afd0821-2dc9-4488-b7aa-4513a2d27dbc ] Request (SecurityGroupsTestJSON:test_server_security_groups): 200 GET http://10.180.1.21/compute/v2.1/servers/85fd51f5-4335-48ec-a2d2-38aa5d209eba 0.266s
2025-04-17 15:12:52.458 69936 INFO tempest.lib.common.rest_client [req-09bcf019-1342-4a58-b6a0-fca71b841ba5 req-09bcf019-1342-4a58-b6a0-fca71b841ba5 ] Request (InstanceActionsNegativeTestJSON:setUpClass): 200 GET http://10.180.1.21/compute/v2.1/servers/8211b529-f910-42e0-a094-6df9e4c64f5c 0.248s
2025-04-17 15:12:52.508 69956 INFO tempest.lib.common.rest_client [req-268f51a9-0361-4965-aaf7-8dab84b22ed7 req-268f51a9-0361-4965-aaf7-8dab84b22ed7 ] Request (AttachInterfacesUnderV243Test:test_add_remove_fixed_ip): 200 GET http://10.180.1.21/compute/v2.1/servers/8814e29d-5c08-45f1-9a02-c30e4b7441db 0.264s
2025-04-17 15:12:52.514 69977 INFO tempest.lib.common.rest_client [req-51e0d44d-77f7-4c38-a855-dc37c6e964d5 req-51e0d44d-77f7-4c38-a855-dc37c6e964d5 ] Request (ServerDiskConfigTestJSON:test_rebuild_server_with_auto_disk_config): 200 GET http://10.180.1.21/compute/v2.1/servers/8da78725-c35d-41e6-a7dd-1a68e4458dac 0.235s
2025-04-17 15:12:52.576 69928 INFO tempest.lib.common.rest_client [req-a125245a-0eaf-45b0-82a6-a108a8d80434 req-a125245a-0eaf-45b0-82a6-a108a8d80434 ] Request (ServerRescueNegativeTestJSON:setUpClass): 200 GET http://10.180.1.21/compute/v2.1/servers/8448abb9-9e9d-4e1c-bb7c-ee29fad661da 0.221s
2025-04-17 15:12:52.577 69935 INFO tempest.lib.common.rest_client [req-3db6922f-0a4c-4d71-a726-ecc0a225a522 req-3db6922f-0a4c-4d71-a726-ecc0a225a522 ] Request (ServersV294TestFqdnHostnames:setUpClass): 200 GET http://10.180.1.21/compute/v2.1/servers/b2106f86-8b4e-4ea1-990e-8dda353eaef4 0.246s
2025-04-17 15:12:52.655 69946 INFO tempest.lib.common.rest_client [req-5f6dae53-1fdc-4105-90f7-6798d436c706 req-5f6dae53-1fdc-4105-90f7-6798d436c706 ] Request (AttachInterfacesTestJSON:test_create_list_show_delete_interfaces_by_fixed_ip): 200 GET http://10.180.1.21/compute/v2.1/servers/1a96d3ed-c017-4fbb-8c55-4f42ba583d8e 0.272s
2025-04-17 15:12:52.715 69926 INFO tempest.lib.common.rest_client [req-262d9956-1321-4950-a346-68896b0c0085 req-262d9956-1321-4950-a346-68896b0c0085 ] Request (ImagesOneServerNegativeTestJSON:_run_cleanups): 200 GET http://10.180.1.21/compute/v2.1/servers/8511f125-1683-4be8-9948-4d9eda22c816 0.292s
2025-04-17 15:12:52.783 69972 INFO tempest.lib.common.rest_client [req-9d5e64e2-3f27-49ef-9647-97e145ec1166 req-9d5e64e2-3f27-49ef-9647-97e145ec1166 ] Request (ServersTestJSON:test_create_server_with_ipv6_addr_only): 200 GET http://10.180.1.21/compute/v2.1/servers/6cb7f54c-bdbc-429e-84ff-44b6cbfc78ee 0.281s
2025-04-17 15:12:52.819 69940 INFO tempest.lib.common.rest_client [req-53326051-5392-440f-a69d-7c31479107fd req-53326051-5392-440f-a69d-7c31479107fd ] Request (SecurityGroupRulesTestJSON:tearDownClass): 202 DELETE http://10.180.1.21/compute/v2.1/os-security-groups/64963127-2823-4322-bbb8-6d9a3ecb6649 0.415s
2025-04-17 15:12:52.852 69978 INFO tempest.lib.common.rest_client [req-bc2aaf0b-cbcb-4070-a9a4-fc4a733294fb req-bc2aaf0b-cbcb-4070-a9a4-fc4a733294fb ] Request (MultipleCreateTestJSON:test_multiple_create): 200 GET http://10.180.1.21/compute/v2.1/servers/23c2c79b-ce0d-41f0-a7d9-7808de4783aa 0.266s
2025-04-17 15:12:52.902 69962 INFO tempest.lib.common.rest_client [req-85e23316-ea64-44c6-9202-a951f8312dea req-85e23316-ea64-44c6-9202-a951f8312dea ] Request (ServerGroupTestJSON:test_create_server_with_scheduler_hint_group): 200 GET http://10.180.1.21/compute/v2.1/servers/9708bf88-1a5c-423b-bb92-49e90d343844 0.244s
2025-04-17 15:12:52.922 69970 INFO tempest.lib.common.rest_client [req-d71f0019-53ed-4e1e-b5c5-04de58b34604 req-d71f0019-53ed-4e1e-b5c5-04de58b34604 ] Request (ServerShowV247Test:test_update_rebuild_list_server): 200 GET http://10.180.1.21/compute/v2.1/servers/f7c6c094-7f59-44f1-8107-e8b5f0850c68 0.254s
2025-04-17 15:12:52.963 69932 INFO tempest.lib.common.rest_client [req-b8c571e0-a9c1-4e75-adc0-3e0cb0856bdf req-b8c571e0-a9c1-4e75-adc0-3e0cb0856bdf ] Request (ImagesNegativeTestJSON:test_create_image_from_deleted_server): 200 GET http://10.180.1.21/compute/v2.1/servers/cff730ac-fa36-496c-bc48-3ec8354f193f 0.252s
2025-04-17 15:12:52.981 69966 INFO tempest.lib.common.rest_client [req-6f24b983-c21f-4aa9-8f07-8e05ffef55bb req-6f24b983-c21f-4aa9-8f07-8e05ffef55bb ] Request (ImagesOneServerTestJSON:tearDownClass): 200 GET http://10.180.1.21/compute/v2.1/servers/a72614a2-7921-4c8c-9777-49fb6cc798ca 0.254s
2025-04-17 15:12:53.004 69950 INFO tempest.lib.common.rest_client [req-d39a7929-8a9e-4b13-95e2-ca725ba690da req-d39a7929-8a9e-4b13-95e2-ca725ba690da ] Request (ListImageFiltersTestJSON:setUpClass): 200 GET http://10.180.1.21/compute/v2.1/images/61511367-f521-4e52-a67f-9f90305b7a6b 0.242s
2025-04-17 15:12:53.063 69945 INFO tempest.lib.common.rest_client [req-b00447b8-daa2-44b0-9aac-01e975676a2e req-b00447b8-daa2-44b0-9aac-01e975676a2e ] Request (DeleteServersAdminTestJSON:test_delete_server_while_in_error_state): 200 GET http://10.180.1.21/compute/v2.1/servers/78a5569d-5d31-48f9-a9d0-ed9921385b3c 0.226s
2025-04-17 15:12:53.138 69940 INFO tempest.lib.common.rest_client [req-3eb7f906-d869-435c-a591-f623e3382fa5 req-3eb7f906-d869-435c-a591-f623e3382fa5 ] Request (SecurityGroupRulesTestJSON:tearDownClass): 202 DELETE http://10.180.1.21/compute/v2.1/os-security-groups/c9e86e5f-792a-494e-8eed-0352e2384752 0.319s
2025-04-17 15:12:53.164 69930 INFO tempest.lib.common.rest_client [req-d7bd95b9-68bc-453c-a1e0-258e7ac5bfa4 req-d7bd95b9-68bc-453c-a1e0-258e7ac5bfa4 ] Request (MigrationsAdminTest:test_list_migrations_in_flavor_resize_situation): 200 GET http://10.180.1.21/compute/v2.1/servers/3d99f616-a6a4-471c-9665-4f32f1a585ea 0.308s
2025-04-17 15:12:53.172 69930 INFO tempest.common.waiters [-] State transition "RESIZE/resize_migrating" ==> "RESIZE/resize_migrated" after 41 second wait
2025-04-17 15:12:53.189 69980 INFO tempest.lib.common.rest_client [req-8f25075e-9fca-4ecb-bac3-32bb927f1570 req-8f25075e-9fca-4ecb-bac3-32bb927f1570 ] Request (ServersAdminTestJSON:setUpClass): 200 GET http://10.180.1.21/compute/v2.1/servers/8731c74f-1386-4369-a73a-f473279a0a86 0.293s
2025-04-17 15:12:53.214 69952 INFO tempest.lib.common.rest_client [req-fb77a7c1-34e7-40ec-8aa5-46058ba17750 req-fb77a7c1-34e7-40ec-8aa5-46058ba17750 ] Request (ImagesTestJSON:test_create_image_from_suspended_server): 200 GET http://10.180.1.21/compute/v2.1/servers/375f9fb9-2dcf-49a1-bc37-53daa213d575 0.296s
2025-04-17 15:12:53.245 69924 INFO tempest.lib.common.rest_client [req-d5b972be-b886-431e-94a5-4d3340f630fb req-d5b972be-b886-431e-94a5-4d3340f630fb ] Request (FloatingIPsAssociationNegativeTestJSON:tearDownClass): 200 GET http://10.180.1.21/compute/v2.1/servers/87fe142a-3f0f-44f3-a4f1-6aa63e283317 0.160s
2025-04-17 15:12:53.294 69938 INFO tempest.lib.common.rest_client [req-677a2579-36c3-4f17-b9cc-cc065df999b8 req-677a2579-36c3-4f17-b9cc-cc065df999b8 ] Request (ServersAdminNegativeTestJSON:test_migrate_server_invalid_state): 200 GET http://10.180.1.21/compute/v2.1/servers/3a6bc090-13ff-4df0-b89c-d7782488111f 0.117s
2025-04-17 15:12:53.314 69940 INFO tempest.lib.common.rest_client [req-5b7a03ee-6bb8-47f2-8416-1c4c4c2026af req-5b7a03ee-6bb8-47f2-8416-1c4c4c2026af ] Request (SecurityGroupRulesTestJSON:tearDownClass): 202 DELETE http://10.180.1.21/compute/v2.1/os-security-groups/1918b367-9184-4c50-b8c6-01ddbd7eff58 0.176s
2025-04-17 15:12:53.354 69922 INFO tempest.lib.common.rest_client [req-8bb49161-3a1c-4c4c-90c0-12481c49ba6a req-8bb49161-3a1c-4c4c-90c0-12481c49ba6a ] Request (ServersAdmin275Test:_run_cleanups): 200 GET http://10.180.1.21/compute/v2.1/servers/ccea07bc-1f5c-4217-82c5-0a4852f6237b 0.078s
2025-04-17 15:12:53.454 69940 INFO tempest.lib.common.rest_client [req-a4b6185f-294b-4fe4-8152-e82664cc3d63 req-a4b6185f-294b-4fe4-8152-e82664cc3d63 ] Request (SecurityGroupRulesTestJSON:tearDownClass): 202 DELETE http://10.180.1.21/compute/v2.1/os-security-groups/8f546d9a-50ea-4b05-b83b-bc2667d6dfcf 0.139s
2025-04-17 15:12:53.462 69964 INFO tempest.lib.common.rest_client [req-2c47efb2-db1c-4f8a-aa5a-2d1bc98e7068 req-2c47efb2-db1c-4f8a-aa5a-2d1bc98e7068 ] Request (AttachVolumeTestJSON:test_attach_detach_volume): 200 GET http://10.180.1.21/compute/v2.1/servers/d4000e4f-7369-4e8a-96ec-8cdd732a6294 0.127s
2025-04-17 15:12:53.507 69920 INFO tempest.lib.common.rest_client [req-e4e386ea-e2d1-4ac9-a31b-074c396a7dfa req-e4e386ea-e2d1-4ac9-a31b-074c396a7dfa ] Request (ServersNegativeTestMultiTenantJSON:setUpClass): 200 GET http://10.180.1.21/compute/v2.1/servers/61b80bcc-8603-48e4-9cef-493fea1eba57 0.158s
2025-04-17 15:12:53.513 69958 INFO tempest.lib.common.rest_client [req-ffcc609f-e77e-4849-accf-cf0f51c3fb32 req-ffcc609f-e77e-4849-accf-cf0f51c3fb32 ] Request (ServerRescueTestJSONUnderV235:setUpClass): 200 GET http://10.180.1.21/compute/v2.1/servers/0bc05767-01e1-48da-ae01-2985abcd944c 0.122s
2025-04-17 15:12:53.563 69974 INFO tempest.lib.common.rest_client [req-4ab359df-016e-4c3c-a953-73899f3e719e req-4ab359df-016e-4c3c-a953-73899f3e719e ] Request (FloatingIPsAssociationTestJSON:test_associate_already_associated_floating_ip): 200 GET http://10.180.1.21/compute/v2.1/servers/b4c6a04c-a7f5-4796-ada2-0ca3431b947c 0.161s
2025-04-17 15:12:53.628 69948 INFO tempest.lib.common.rest_client [req-758974d5-7db2-4a16-8aa1-fc1f8f305ebd req-758974d5-7db2-4a16-8aa1-fc1f8f305ebd ] Request (SecurityGroupsTestJSON:test_server_security_groups): 200 GET http://10.180.1.21/compute/v2.1/servers/85fd51f5-4335-48ec-a2d2-38aa5d209eba 0.172s
2025-04-17 15:12:53.685 69936 INFO tempest.lib.common.rest_client [req-b23f50d7-bc73-4c44-bf2d-88b3d7c9c9f3 req-b23f50d7-bc73-4c44-bf2d-88b3d7c9c9f3 ] Request (InstanceActionsNegativeTestJSON:setUpClass): 200 GET http://10.180.1.21/compute/v2.1/servers/8211b529-f910-42e0-a094-6df9e4c64f5c 0.219s
2025-04-17 15:12:53.687 69940 INFO tempest.lib.common.rest_client [req-b7408156-cd67-451e-8bb9-e2e5fd956dc4 req-b7408156-cd67-451e-8bb9-e2e5fd956dc4 ] Request (SecurityGroupRulesTestJSON:tearDownClass): 202 DELETE http://10.180.1.21/compute/v2.1/os-security-groups/ae0312ba-6d27-473f-bcec-10670f521ac3 0.233s
2025-04-17 15:12:53.787 69977 INFO tempest.lib.common.rest_client [req-15c59bb1-5915-4e42-80fa-cb9c376ed155 req-15c59bb1-5915-4e42-80fa-cb9c376ed155 ] Request (ServerDiskConfigTestJSON:test_rebuild_server_with_auto_disk_config): 200 GET http://10.180.1.21/compute/v2.1/servers/8da78725-c35d-41e6-a7dd-1a68e4458dac 0.264s
2025-04-17 15:12:53.793 69956 INFO tempest.lib.common.rest_client [req-3c9fd21a-df62-4e60-a95d-b30ee8e9f430 req-3c9fd21a-df62-4e60-a95d-b30ee8e9f430 ] Request (AttachInterfacesUnderV243Test:test_add_remove_fixed_ip): 200 GET http://10.180.1.21/compute/v2.1/servers/8814e29d-5c08-45f1-9a02-c30e4b7441db 0.277s
2025-04-17 15:12:53.802 69956 INFO tempest.common.waiters [-] State transition "BUILD/None" ==> "BUILD/networking" after 65 second wait
2025-04-17 15:12:53.870 69928 INFO tempest.lib.common.rest_client [req-c9012832-a47e-4e33-98ae-ef695ad2eadb req-c9012832-a47e-4e33-98ae-ef695ad2eadb ] Request (ServerRescueNegativeTestJSON:setUpClass): 200 GET http://10.180.1.21/compute/v2.1/servers/8448abb9-9e9d-4e1c-bb7c-ee29fad661da 0.286s
2025-04-17 15:12:53.887 69935 INFO tempest.lib.common.rest_client [req-3c7d36d8-c91f-4e1f-bd59-3efac777a4fa req-3c7d36d8-c91f-4e1f-bd59-3efac777a4fa ] Request (ServersV294TestFqdnHostnames:setUpClass): 200 GET http://10.180.1.21/compute/v2.1/servers/b2106f86-8b4e-4ea1-990e-8dda353eaef4 0.300s
2025-04-17 15:12:53.923 69946 INFO tempest.lib.common.rest_client [req-a5452a8d-9c55-4183-8c6b-dbcfa2e520ec req-a5452a8d-9c55-4183-8c6b-dbcfa2e520ec ] Request (AttachInterfacesTestJSON:test_create_list_show_delete_interfaces_by_fixed_ip): 200 GET http://10.180.1.21/compute/v2.1/servers/1a96d3ed-c017-4fbb-8c55-4f42ba583d8e 0.254s
2025-04-17 15:12:53.947 69926 INFO tempest.lib.common.rest_client [req-4a31ebf8-5edf-484e-986d-32bb9c7fdbc1 req-4a31ebf8-5edf-484e-986d-32bb9c7fdbc1 ] Request (ImagesOneServerNegativeTestJSON:_run_cleanups): 200 GET http://10.180.1.21/compute/v2.1/servers/8511f125-1683-4be8-9948-4d9eda22c816 0.220s
2025-04-17 15:12:54.007 69978 INFO tempest.lib.common.rest_client [req-079d8177-e30b-4f4b-a5ba-1b31df17bc7f req-079d8177-e30b-4f4b-a5ba-1b31df17bc7f ] Request (MultipleCreateTestJSON:test_multiple_create): 200 GET http://10.180.1.21/compute/v2.1/servers/23c2c79b-ce0d-41f0-a7d9-7808de4783aa 0.144s
2025-04-17 15:12:54.019 69972 INFO tempest.lib.common.rest_client [req-3da8d71a-bf8d-4f83-86c8-2084eeddaa9c req-3da8d71a-bf8d-4f83-86c8-2084eeddaa9c ] Request (ServersTestJSON:test_create_server_with_ipv6_addr_only): 200 GET http://10.180.1.21/compute/v2.1/servers/6cb7f54c-bdbc-429e-84ff-44b6cbfc78ee 0.225s
2025-04-17 15:12:54.060 69962 INFO tempest.lib.common.rest_client [req-e6ece1a1-8704-4b11-a3ef-a692462f85d3 req-e6ece1a1-8704-4b11-a3ef-a692462f85d3 ] Request (ServerGroupTestJSON:test_create_server_with_scheduler_hint_group): 200 GET http://10.180.1.21/compute/v2.1/servers/9708bf88-1a5c-423b-bb92-49e90d343844 0.147s
2025-04-17 15:12:54.093 69970 INFO tempest.lib.common.rest_client [req-ba4aec48-a404-42d3-b365-c8738c81d31d req-ba4aec48-a404-42d3-b365-c8738c81d31d ] Request (ServerShowV247Test:test_update_rebuild_list_server): 200 GET http://10.180.1.21/compute/v2.1/servers/f7c6c094-7f59-44f1-8107-e8b5f0850c68 0.160s
2025-04-17 15:12:54.109 69932 INFO tempest.lib.common.rest_client [req-e3a117a8-a846-4ba0-9f59-2ca3a5b564b4 req-e3a117a8-a846-4ba0-9f59-2ca3a5b564b4 ] Request (ImagesNegativeTestJSON:test_create_image_from_deleted_server): 200 GET http://10.180.1.21/compute/v2.1/servers/cff730ac-fa36-496c-bc48-3ec8354f193f 0.138s
2025-04-17 15:12:54.150 69950 INFO tempest.lib.common.rest_client [req-1af018a5-13e6-4d8a-9402-431edbb8025b req-1af018a5-13e6-4d8a-9402-431edbb8025b ] Request (ListImageFiltersTestJSON:setUpClass): 200 GET http://10.180.1.21/compute/v2.1/images/61511367-f521-4e52-a67f-9f90305b7a6b 0.141s
2025-04-17 15:12:54.179 69966 INFO tempest.lib.common.rest_client [req-aae6599c-e7a6-4dce-9d36-06e939ff8859 req-aae6599c-e7a6-4dce-9d36-06e939ff8859 ] Request (ImagesOneServerTestJSON:tearDownClass): 200 GET http://10.180.1.21/compute/v2.1/servers/a72614a2-7921-4c8c-9777-49fb6cc798ca 0.190s
2025-04-17 15:12:54.212 69945 INFO tempest.lib.common.rest_client [req-b857ac25-f312-4acd-913e-ec977d9e25ad req-b857ac25-f312-4acd-913e-ec977d9e25ad ] Request (DeleteServersAdminTestJSON:test_delete_server_while_in_error_state): 200 GET http://10.180.1.21/compute/v2.1/servers/78a5569d-5d31-48f9-a9d0-ed9921385b3c 0.137s
2025-04-17 15:12:54.291 69980 INFO tempest.lib.common.rest_client [req-c2f459eb-656f-4fdd-a52d-d7001bb973e3 req-c2f459eb-656f-4fdd-a52d-d7001bb973e3 ] Request (ServersAdminTestJSON:setUpClass): 200 GET http://10.180.1.21/compute/v2.1/servers/8731c74f-1386-4369-a73a-f473279a0a86 0.093s
2025-04-17 15:12:54.349 69930 INFO tempest.lib.common.rest_client [req-38b8d51c-1086-405d-9aff-035eb8183cd8 req-38b8d51c-1086-405d-9aff-035eb8183cd8 ] Request (MigrationsAdminTest:test_list_migrations_in_flavor_resize_situation): 200 GET http://10.180.1.21/compute/v2.1/servers/3d99f616-a6a4-471c-9665-4f32f1a585ea 0.177s
2025-04-17 15:12:54.361 69952 INFO tempest.lib.common.rest_client [req-bc385661-4a70-4cb9-a90c-6025d466f93f req-bc385661-4a70-4cb9-a90c-6025d466f93f ] Request (ImagesTestJSON:test_create_image_from_suspended_server): 200 GET http://10.180.1.21/compute/v2.1/servers/375f9fb9-2dcf-49a1-bc37-53daa213d575 0.139s
2025-04-17 15:12:54.432 69940 INFO tempest.lib.common.rest_client [req-63dc436d-b524-40ab-81e8-8bab0f73a0b5 req-63dc436d-b524-40ab-81e8-8bab0f73a0b5 ] Request (SecurityGroupRulesTestJSON:tearDownClass): 200 PUT http://10.180.1.21:9696/networking/v2.0/routers/6fd96830-fc3e-4b40-8f7b-fd3aff6ab35c/remove_router_interface 0.745s
2025-04-17 15:12:54.454 69924 INFO tempest.lib.common.rest_client [req-c69ca40b-a5f4-4183-9c97-5403c7f497ef req-c69ca40b-a5f4-4183-9c97-5403c7f497ef ] Request (FloatingIPsAssociationNegativeTestJSON:tearDownClass): 200 GET http://10.180.1.21/compute/v2.1/servers/87fe142a-3f0f-44f3-a4f1-6aa63e283317 0.198s
2025-04-17 15:12:54.458 69938 INFO tempest.lib.common.rest_client [req-74ab6909-5b2c-4028-9b3a-e4f512cb932c req-74ab6909-5b2c-4028-9b3a-e4f512cb932c ] Request (ServersAdminNegativeTestJSON:test_migrate_server_invalid_state): 200 GET http://10.180.1.21/compute/v2.1/servers/3a6bc090-13ff-4df0-b89c-d7782488111f 0.156s
2025-04-17 15:12:54.462 69924 INFO tempest.common.waiters [-] State transition "ACTIVE/deleting" ==> "DELETED/None" after 4 second wait
2025-04-17 15:12:54.542 69922 INFO tempest.lib.common.rest_client [req-3f2a7d51-de8e-4401-9ac4-08fdbfdd8999 req-3f2a7d51-de8e-4401-9ac4-08fdbfdd8999 ] Request (ServersAdmin275Test:_run_cleanups): 200 GET http://10.180.1.21/compute/v2.1/servers/ccea07bc-1f5c-4217-82c5-0a4852f6237b 0.178s
2025-04-17 15:12:54.554 69922 INFO tempest.common.waiters [-] State transition "REBUILD/rebuild_spawning" ==> "ACTIVE/None" after 10 second wait
2025-04-17 15:12:54.624 69920 INFO tempest.lib.common.rest_client [req-0a14a56b-9887-4cfa-b99b-0e1e371b56db req-0a14a56b-9887-4cfa-b99b-0e1e371b56db ] Request (ServersNegativeTestMultiTenantJSON:setUpClass): 200 GET http://10.180.1.21/compute/v2.1/servers/61b80bcc-8603-48e4-9cef-493fea1eba57 0.107s
2025-04-17 15:12:54.721 69958 INFO tempest.lib.common.rest_client [req-1d4ec0e1-ec02-4671-84be-39490b80e948 req-1d4ec0e1-ec02-4671-84be-39490b80e948 ] Request (ServerRescueTestJSONUnderV235:setUpClass): 200 GET http://10.180.1.21/compute/v2.1/servers/0bc05767-01e1-48da-ae01-2985abcd944c 0.200s
2025-04-17 15:12:54.811 69922 INFO tempest.lib.common.rest_client [req-8e32afb7-1676-4cc7-9413-673bc5450326 req-8e32afb7-1676-4cc7-9413-673bc5450326 ] Request (ServersAdmin275Test:tearDownClass): 204 DELETE http://10.180.1.21/compute/v2.1/servers/ccea07bc-1f5c-4217-82c5-0a4852f6237b 0.255s
2025-04-17 15:12:54.815 69940 INFO tempest.lib.common.rest_client [req-36a01de4-c40b-4fac-9eb6-c0617693a9ed req-36a01de4-c40b-4fac-9eb6-c0617693a9ed ] Request (SecurityGroupRulesTestJSON:tearDownClass): 204 DELETE http://10.180.1.21:9696/networking/v2.0/routers/6fd96830-fc3e-4b40-8f7b-fd3aff6ab35c 0.382s
2025-04-17 15:12:54.835 69964 INFO tempest.lib.common.rest_client [req-f2007062-1548-4cfb-8f6c-43791b6f569f req-f2007062-1548-4cfb-8f6c-43791b6f569f ] Request (AttachVolumeTestJSON:test_attach_detach_volume): 200 GET http://10.180.1.21/compute/v2.1/servers/d4000e4f-7369-4e8a-96ec-8cdd732a6294 0.364s
2025-04-17 15:12:54.913 69940 INFO tempest.lib.common.rest_client [req-e816bc5c-0543-4c9a-8ea5-d851b709a69b req-e816bc5c-0543-4c9a-8ea5-d851b709a69b ] Request (SecurityGroupRulesTestJSON:tearDownClass): 204 DELETE http://10.180.1.21:9696/networking/v2.0/subnets/724b8448-3ec2-4f2c-b8e6-6f196ed1bda1 0.097s
2025-04-17 15:12:55.033 69940 INFO tempest.lib.common.rest_client [req-e30b39b7-111d-45f2-977d-19a009dd30f3 req-e30b39b7-111d-45f2-977d-19a009dd30f3 ] Request (SecurityGroupRulesTestJSON:tearDownClass): 204 DELETE http://10.180.1.21:9696/networking/v2.0/networks/f4fecfa2-d1eb-4407-9f48-90d4898c6c23 0.120s
2025-04-17 15:12:55.128 69940 INFO tempest.lib.common.rest_client [req-47760a89-de1c-4bec-8720-d7716fea6773 req-47760a89-de1c-4bec-8720-d7716fea6773 ] Request (SecurityGroupRulesTestJSON:tearDownClass): 204 DELETE http://10.180.1.21/identity/v3/users/b13595388c5d471697696a94e5531253 0.094s
2025-04-17 15:12:55.128 69940 INFO tempest.lib.common.dynamic_creds [-] Deleting project and security group for project: 61443a78ed574425a5499242034c148d
2025-04-17 15:12:55.160 69940 INFO tempest.lib.common.rest_client [req-b0e92449-58a1-4741-aebc-4543206bc77a req-b0e92449-58a1-4741-aebc-4543206bc77a ] Request (SecurityGroupRulesTestJSON:tearDownClass): 200 GET http://10.180.1.21:9696/networking/v2.0/security-groups?tenant_id=61443a78ed574425a5499242034c148d&name=default 0.032s
2025-04-17 15:12:55.165 69948 INFO tempest.lib.common.rest_client [req-d65a0232-0bec-41e2-bdac-901fa5f95081 req-d65a0232-0bec-41e2-bdac-901fa5f95081 ] Request (SecurityGroupsTestJSON:test_server_security_groups): 200 GET http://10.180.1.21/compute/v2.1/servers/85fd51f5-4335-48ec-a2d2-38aa5d209eba 0.527s
2025-04-17 15:12:55.170 69974 INFO tempest.lib.common.rest_client [req-58fbf2e4-bc96-4250-a8e7-2d42b6642fa5 req-58fbf2e4-bc96-4250-a8e7-2d42b6642fa5 ] Request (FloatingIPsAssociationTestJSON:test_associate_already_associated_floating_ip): 200 GET http://10.180.1.21/compute/v2.1/servers/b4c6a04c-a7f5-4796-ada2-0ca3431b947c 0.599s
2025-04-17 15:12:55.262 69977 INFO tempest.lib.common.rest_client [req-bfb52dac-284e-481c-9951-34104a7c3b90 req-bfb52dac-284e-481c-9951-34104a7c3b90 ] Request (ServerDiskConfigTestJSON:test_rebuild_server_with_auto_disk_config): 200 GET http://10.180.1.21/compute/v2.1/servers/8da78725-c35d-41e6-a7dd-1a68e4458dac 0.463s
2025-04-17 15:12:55.264 69940 INFO tempest.lib.common.rest_client [req-cb4f23aa-343c-4b99-8f7c-7d5143550831 req-cb4f23aa-343c-4b99-8f7c-7d5143550831 ] Request (SecurityGroupRulesTestJSON:tearDownClass): 204 DELETE http://10.180.1.21:9696/networking/v2.0/security-groups/47fcc0ea-5e07-4f37-a1ba-a2e89c643fd7 0.103s
2025-04-17 15:12:55.267 69936 INFO tempest.lib.common.rest_client [req-c2795b39-8ee0-4bef-a390-b9fa56f23a85 req-c2795b39-8ee0-4bef-a390-b9fa56f23a85 ] Request (InstanceActionsNegativeTestJSON:setUpClass): 200 GET http://10.180.1.21/compute/v2.1/servers/8211b529-f910-42e0-a094-6df9e4c64f5c 0.574s
2025-04-17 15:12:55.347 69922 INFO tempest.lib.common.rest_client [req-26516ad2-65e8-4c20-9487-5a494e32c0b0 req-26516ad2-65e8-4c20-9487-5a494e32c0b0 ] Request (ServersAdmin275Test:tearDownClass): 200 GET http://10.180.1.21/compute/v2.1/servers/ccea07bc-1f5c-4217-82c5-0a4852f6237b 0.535s
2025-04-17 15:12:55.377 69940 INFO tempest.lib.common.rest_client [req-eeaee3a9-616e-488f-90b5-1291dde07b31 req-eeaee3a9-616e-488f-90b5-1291dde07b31 ] Request (SecurityGroupRulesTestJSON:tearDownClass): 204 DELETE http://10.180.1.21/identity/v3/projects/61443a78ed574425a5499242034c148d 0.112s
2025-04-17 15:12:55.382 69956 INFO tempest.lib.common.rest_client [req-0e944dad-f59a-481f-b1ba-16af37288366 req-0e944dad-f59a-481f-b1ba-16af37288366 ] Request (AttachInterfacesUnderV243Test:test_add_remove_fixed_ip): 200 GET http://10.180.1.21/compute/v2.1/servers/8814e29d-5c08-45f1-9a02-c30e4b7441db 0.579s
2025-04-17 15:12:55.391 69956 INFO tempest.common.waiters [-] State transition "BUILD/networking" ==> "BUILD/spawning" after 67 second wait
2025-04-17 15:12:55.396 69928 INFO tempest.lib.common.rest_client [req-b00f0356-195e-430d-93b3-68bc7e5fcf90 req-b00f0356-195e-430d-93b3-68bc7e5fcf90 ] Request (ServerRescueNegativeTestJSON:setUpClass): 200 GET http://10.180.1.21/compute/v2.1/servers/8448abb9-9e9d-4e1c-bb7c-ee29fad661da 0.514s
2025-04-17 15:12:55.439 69935 INFO tempest.lib.common.rest_client [req-cf2c63e4-278b-4638-8b14-3214bba3fd02 req-cf2c63e4-278b-4638-8b14-3214bba3fd02 ] Request (ServersV294TestFqdnHostnames:setUpClass): 200 GET http://10.180.1.21/compute/v2.1/servers/b2106f86-8b4e-4ea1-990e-8dda353eaef4 0.541s
2025-04-17 15:12:55.439 69940 INFO tempest.lib.common.rest_client [req-d7c5954d-51bc-4251-b4f3-a8de4798e873 req-d7c5954d-51bc-4251-b4f3-a8de4798e873 ] Request (ServerPasswordTestJSON:setUpClass): 201 POST http://10.180.1.21/identity/v3/auth/tokens 0.060s
2025-04-17 15:12:55.443 69946 INFO tempest.lib.common.rest_client [req-6d3fd3f8-9bc8-48ed-b5e6-1b20b060495f req-6d3fd3f8-9bc8-48ed-b5e6-1b20b060495f ] Request (AttachInterfacesTestJSON:test_create_list_show_delete_interfaces_by_fixed_ip): 200 GET http://10.180.1.21/compute/v2.1/servers/1a96d3ed-c017-4fbb-8c55-4f42ba583d8e 0.512s
2025-04-17 15:12:55.468 69940 INFO tempest.lib.common.rest_client [req-8ae140c7-cdab-43ee-882e-15519129322a req-8ae140c7-cdab-43ee-882e-15519129322a ] Request (ServerPasswordTestJSON:setUpClass): 201 POST http://10.180.1.21/identity/v3/auth/tokens 0.026s
2025-04-17 15:12:55.490 69940 INFO tempest.lib.common.rest_client [req-94387314-b624-4b6b-978f-6c5acba8288b req-94387314-b624-4b6b-978f-6c5acba8288b ] Request (ServerPasswordTestJSON:setUpClass): 200 GET http://10.180.1.21/identity/v3/domains?name=Default 0.021s
2025-04-17 15:12:55.491 69926 INFO tempest.lib.common.rest_client [req-397a3a01-ea7e-4a0f-b2bc-27423c3552e1 req-397a3a01-ea7e-4a0f-b2bc-27423c3552e1 ] Request (ImagesOneServerNegativeTestJSON:_run_cleanups): 200 GET http://10.180.1.21/compute/v2.1/servers/8511f125-1683-4be8-9948-4d9eda22c816 0.534s
2025-04-17 15:12:55.492 69978 INFO tempest.lib.common.rest_client [req-8e63956b-8b59-4232-82bd-2b599f4673d5 req-8e63956b-8b59-4232-82bd-2b599f4673d5 ] Request (MultipleCreateTestJSON:test_multiple_create): 200 GET http://10.180.1.21/compute/v2.1/servers/23c2c79b-ce0d-41f0-a7d9-7808de4783aa 0.474s
2025-04-17 15:12:55.518 69940 INFO tempest.lib.common.rest_client [req-c9cf51c5-9715-43ba-97af-be71a17796ec req-c9cf51c5-9715-43ba-97af-be71a17796ec ] Request (ServerPasswordTestJSON:setUpClass): 201 POST http://10.180.1.21/identity/v3/projects 0.028s
2025-04-17 15:12:55.546 69972 INFO tempest.lib.common.rest_client [req-fba8ee2a-1df0-41a8-a4c7-1648eb8832df req-fba8ee2a-1df0-41a8-a4c7-1648eb8832df ] Request (ServersTestJSON:test_create_server_with_ipv6_addr_only): 200 GET http://10.180.1.21/compute/v2.1/servers/6cb7f54c-bdbc-429e-84ff-44b6cbfc78ee 0.516s
2025-04-17 15:12:55.548 69962 INFO tempest.lib.common.rest_client [req-bff7e24a-f06f-4df5-ac93-38c35acf15ef req-bff7e24a-f06f-4df5-ac93-38c35acf15ef ] Request (ServerGroupTestJSON:test_create_server_with_scheduler_hint_group): 200 GET http://10.180.1.21/compute/v2.1/servers/9708bf88-1a5c-423b-bb92-49e90d343844 0.473s
2025-04-17 15:12:55.573 69940 INFO tempest.lib.common.rest_client [req-7c5f3d88-053b-42e3-bfe4-d82c9e0f30dd req-7c5f3d88-053b-42e3-bfe4-d82c9e0f30dd ] Request (ServerPasswordTestJSON:setUpClass): 201 POST http://10.180.1.21/identity/v3/users 0.054s
2025-04-17 15:12:55.598 69940 INFO tempest.lib.common.rest_client [req-9d643d75-f9fa-40f2-8790-0110a46f5ca1 req-9d643d75-f9fa-40f2-8790-0110a46f5ca1 ] Request (ServerPasswordTestJSON:setUpClass): 200 GET http://10.180.1.21/identity/v3/roles 0.025s
2025-04-17 15:12:55.600 69932 INFO tempest.lib.common.rest_client [req-5008010c-9147-40a3-b08f-626169beed3e req-5008010c-9147-40a3-b08f-626169beed3e ] Request (ImagesNegativeTestJSON:test_create_image_from_deleted_server): 200 GET http://10.180.1.21/compute/v2.1/servers/cff730ac-fa36-496c-bc48-3ec8354f193f 0.482s
2025-04-17 15:12:55.600 69970 INFO tempest.lib.common.rest_client [req-6603b7ee-8971-4db1-9089-b736028b2840 req-6603b7ee-8971-4db1-9089-b736028b2840 ] Request (ServerShowV247Test:test_update_rebuild_list_server): 200 GET http://10.180.1.21/compute/v2.1/servers/f7c6c094-7f59-44f1-8107-e8b5f0850c68 0.491s
2025-04-17 15:12:55.624 69940 INFO tempest.lib.common.rest_client [req-928bfaf0-2f3d-4037-9543-8014188d30ca req-928bfaf0-2f3d-4037-9543-8014188d30ca ] Request (ServerPasswordTestJSON:setUpClass): 204 PUT http://10.180.1.21/identity/v3/projects/2cb343b395894b9e821f1e5bf1cfc73e/users/8e99814533134519ba792eb9795af96f/roles/1c78e99dd06042ba8dc1122e93ececfb 0.025s
2025-04-17 15:12:55.624 69940 INFO tempest.lib.common.dynamic_creds [-] Dynamic test user 8e99814533134519ba792eb9795af96f is created with scope project and roles: ['member']
2025-04-17 15:12:55.624 69940 INFO tempest.lib.common.dynamic_creds [-] Acquired dynamic creds: credentials: Credentials: {'domain_id': 'default', 'domain_name': 'Default', 'username': 'tempest-ServerPasswordTestJSON-1903633156-project-member', 'project_domain_id': 'default', 'project_domain_name': 'Default', 'project_id': '2cb343b395894b9e821f1e5bf1cfc73e', 'project_name': 'tempest-ServerPasswordTestJSON-1903633156', 'tenant_id': '2cb343b395894b9e821f1e5bf1cfc73e', 'tenant_name': 'tempest-ServerPasswordTestJSON-1903633156', 'user_domain_id': 'default', 'user_domain_name': 'Default', 'user_id': '8e99814533134519ba792eb9795af96f', 'system': None}, Network: None, Subnet: None, Router: None
2025-04-17 15:12:55.637 69950 INFO tempest.lib.common.rest_client [req-2a47724e-dda8-4dc7-b1e0-87e7bb6f04ee req-2a47724e-dda8-4dc7-b1e0-87e7bb6f04ee ] Request (ListImageFiltersTestJSON:setUpClass): 200 GET http://10.180.1.21/compute/v2.1/images/61511367-f521-4e52-a67f-9f90305b7a6b 0.481s
2025-04-17 15:12:55.678 69940 INFO tempest.lib.common.rest_client [req-c8beab8f-e1c3-428c-9745-083e2230d604 req-c8beab8f-e1c3-428c-9745-083e2230d604 ] Request (ServerPasswordTestJSON:setUpClass): 201 POST http://10.180.1.21/identity/v3/auth/tokens 0.054s
2025-04-17 15:12:55.683 69945 INFO tempest.lib.common.rest_client [req-508600df-0284-4ee6-b60d-29881dfffe71 req-508600df-0284-4ee6-b60d-29881dfffe71 ] Request (DeleteServersAdminTestJSON:test_delete_server_while_in_error_state): 200 GET http://10.180.1.21/compute/v2.1/servers/78a5569d-5d31-48f9-a9d0-ed9921385b3c 0.459s
2025-04-17 15:12:55.738 69980 INFO tempest.lib.common.rest_client [req-60e71b7d-0d2e-4542-8e92-af6bd220240f req-60e71b7d-0d2e-4542-8e92-af6bd220240f ] Request (ServersAdminTestJSON:setUpClass): 200 GET http://10.180.1.21/compute/v2.1/servers/8731c74f-1386-4369-a73a-f473279a0a86 0.438s
2025-04-17 15:12:55.891 69966 INFO tempest.lib.common.rest_client [req-d0d12ba0-0ce0-4447-9312-753bdc96fb2f req-d0d12ba0-0ce0-4447-9312-753bdc96fb2f ] Request (ImagesOneServerTestJSON:tearDownClass): 200 GET http://10.180.1.21/compute/v2.1/servers/a72614a2-7921-4c8c-9777-49fb6cc798ca 0.699s
2025-04-17 15:12:55.909 69930 INFO tempest.lib.common.rest_client [req-cd3ac3f8-c579-40a2-9060-c230cc99f603 req-cd3ac3f8-c579-40a2-9060-c230cc99f603 ] Request (MigrationsAdminTest:test_list_migrations_in_flavor_resize_situation): 200 GET http://10.180.1.21/compute/v2.1/servers/3d99f616-a6a4-471c-9665-4f32f1a585ea 0.547s
2025-04-17 15:12:55.923 69940 INFO tempest.lib.common.rest_client [req-bacfeb76-7dad-4ea7-94e3-d46bd0bf1a27 req-bacfeb76-7dad-4ea7-94e3-d46bd0bf1a27 ] Request (ServerPasswordTestJSON:setUpClass): 201 POST http://10.180.1.21:9696/networking/v2.0/networks 0.244s
2025-04-17 15:12:55.958 69952 INFO tempest.lib.common.rest_client [req-06176df4-1760-4192-af52-07098c384e37 req-06176df4-1760-4192-af52-07098c384e37 ] Request (ImagesTestJSON:test_create_image_from_suspended_server): 200 GET http://10.180.1.21/compute/v2.1/servers/375f9fb9-2dcf-49a1-bc37-53daa213d575 0.583s
2025-04-17 15:12:55.974 69924 INFO tempest.lib.common.rest_client [req-bcdaabaf-c812-4d3f-81ef-49b359509f40 req-bcdaabaf-c812-4d3f-81ef-49b359509f40 ] Request (FloatingIPsAssociationNegativeTestJSON:tearDownClass): 200 GET http://10.180.1.21/compute/v2.1/servers/87fe142a-3f0f-44f3-a4f1-6aa63e283317 0.511s
2025-04-17 15:12:56.007 69938 INFO tempest.lib.common.rest_client [req-1bda3622-cc97-46b4-add5-647f61f6b46e req-1bda3622-cc97-46b4-add5-647f61f6b46e ] Request (ServersAdminNegativeTestJSON:test_migrate_server_invalid_state): 200 GET http://10.180.1.21/compute/v2.1/servers/3a6bc090-13ff-4df0-b89c-d7782488111f 0.539s
2025-04-17 15:12:56.023 69920 INFO tempest.lib.common.rest_client [req-f71fb3ca-806f-4ce4-82d5-a4b3085e36b4 req-f71fb3ca-806f-4ce4-82d5-a4b3085e36b4 ] Request (ServersNegativeTestMultiTenantJSON:setUpClass): 200 GET http://10.180.1.21/compute/v2.1/servers/61b80bcc-8603-48e4-9cef-493fea1eba57 0.389s
2025-04-17 15:12:56.038 69950 INFO tempest.lib.common.rest_client [req-c8533625-419a-468b-9d27-7ba99fcf0520 req-c8533625-419a-468b-9d27-7ba99fcf0520 ] Request (ListImageFiltersTestJSON:setUpClass): 200 GET http://10.180.1.21/compute/v2.1/images/61511367-f521-4e52-a67f-9f90305b7a6b 0.398s
2025-04-17 15:12:56.076 69958 INFO tempest.lib.common.rest_client [req-797cd812-8f3b-4a7c-9df0-33d990b463bf req-797cd812-8f3b-4a7c-9df0-33d990b463bf ] Request (ServerRescueTestJSONUnderV235:setUpClass): 200 GET http://10.180.1.21/compute/v2.1/servers/0bc05767-01e1-48da-ae01-2985abcd944c 0.346s
2025-04-17 15:12:56.190 69964 INFO tempest.lib.common.rest_client [req-9ee12ae1-6bb8-47fa-83b6-e765e6f19474 req-9ee12ae1-6bb8-47fa-83b6-e765e6f19474 ] Request (AttachVolumeTestJSON:test_attach_detach_volume): 200 GET http://10.180.1.21/compute/v2.1/servers/d4000e4f-7369-4e8a-96ec-8cdd732a6294 0.347s
2025-04-17 15:12:56.201 69950 INFO tempest.lib.common.rest_client [req-db7597f1-0b44-48b8-b6c8-3b0ae0a763e3 req-db7597f1-0b44-48b8-b6c8-3b0ae0a763e3 ] Request (ListImageFiltersTestJSON:setUpClass): 200 GET http://10.180.1.21/compute/v2.1/servers/86b7096c-bb42-4ef5-befb-e9d228d2f03c 0.155s
2025-04-17 15:12:56.233 69940 INFO tempest.lib.common.rest_client [req-8413138c-b3ec-41a6-ae7e-8127ef85489b req-8413138c-b3ec-41a6-ae7e-8127ef85489b ] Request (ServerPasswordTestJSON:setUpClass): 201 POST http://10.180.1.21:9696/networking/v2.0/subnets 0.309s
2025-04-17 15:12:56.242 69948 INFO tempest.lib.common.rest_client [req-8913d475-0828-4a5f-a40c-be6c842dc74e req-8913d475-0828-4a5f-a40c-be6c842dc74e ] Request (SecurityGroupsTestJSON:test_server_security_groups): 200 GET http://10.180.1.21/compute/v2.1/servers/85fd51f5-4335-48ec-a2d2-38aa5d209eba 0.067s
2025-04-17 15:12:56.252 69974 INFO tempest.lib.common.rest_client [req-0c54c25d-02c3-4345-a872-13cb45364439 req-0c54c25d-02c3-4345-a872-13cb45364439 ] Request (FloatingIPsAssociationTestJSON:test_associate_already_associated_floating_ip): 200 GET http://10.180.1.21/compute/v2.1/servers/b4c6a04c-a7f5-4796-ada2-0ca3431b947c 0.070s
2025-04-17 15:12:56.343 69977 INFO tempest.lib.common.rest_client [req-362ff0c3-0d97-457a-b3cb-22eab905ce12 req-362ff0c3-0d97-457a-b3cb-22eab905ce12 ] Request (ServerDiskConfigTestJSON:test_rebuild_server_with_auto_disk_config): 200 GET http://10.180.1.21/compute/v2.1/servers/8da78725-c35d-41e6-a7dd-1a68e4458dac 0.072s
2025-04-17 15:12:56.355 69936 INFO tempest.lib.common.rest_client [req-ce78d751-017e-49d2-8b3a-6ca14920497d req-ce78d751-017e-49d2-8b3a-6ca14920497d ] Request (InstanceActionsNegativeTestJSON:setUpClass): 200 GET http://10.180.1.21/compute/v2.1/servers/8211b529-f910-42e0-a094-6df9e4c64f5c 0.079s
2025-04-17 15:12:56.363 69936 INFO tempest.common.waiters [-] State transition "BUILD/None" ==> "BUILD/networking" after 66 second wait
2025-04-17 15:12:56.460 69922 INFO tempest.lib.common.rest_client [req-3bd4642f-d968-46af-98b1-1ba8a9d42aba req-3bd4642f-d968-46af-98b1-1ba8a9d42aba ] Request (ServersAdmin275Test:tearDownClass): 200 GET http://10.180.1.21/compute/v2.1/servers/ccea07bc-1f5c-4217-82c5-0a4852f6237b 0.101s
2025-04-17 15:12:56.482 69942 WARNING tempest.lib.common.ssh [-] Failed to establish authenticated ssh connection to cirros@10.180.180.218 ([Errno None] Unable to connect to port 22 on 10.180.180.218). Number attempts: 1. Retry after 2 seconds.: paramiko.ssh_exception.NoValidConnectionsError: [Errno None] Unable to connect to port 22 on 10.180.180.218
2025-04-17 15:12:56.548 69928 INFO tempest.lib.common.rest_client [req-13d89b7b-1702-496b-af29-a8c0f4e85ca1 req-13d89b7b-1702-496b-af29-a8c0f4e85ca1 ] Request (ServerRescueNegativeTestJSON:setUpClass): 200 GET http://10.180.1.21/compute/v2.1/servers/8448abb9-9e9d-4e1c-bb7c-ee29fad661da 0.144s
2025-04-17 15:12:56.605 69956 INFO tempest.lib.common.rest_client [req-3261df5a-f46d-49f2-8277-b46a35fb8dad req-3261df5a-f46d-49f2-8277-b46a35fb8dad ] Request (AttachInterfacesUnderV243Test:test_add_remove_fixed_ip): 200 GET http://10.180.1.21/compute/v2.1/servers/8814e29d-5c08-45f1-9a02-c30e4b7441db 0.212s
2025-04-17 15:12:56.640 69935 INFO tempest.lib.common.rest_client [req-7e07eb70-f4d9-458f-8934-9653a808660d req-7e07eb70-f4d9-458f-8934-9653a808660d ] Request (ServersV294TestFqdnHostnames:setUpClass): 200 GET http://10.180.1.21/compute/v2.1/servers/b2106f86-8b4e-4ea1-990e-8dda353eaef4 0.189s
2025-04-17 15:12:56.671 69946 INFO tempest.lib.common.rest_client [req-0016b44e-c44b-4990-8dea-5dd6570c2616 req-0016b44e-c44b-4990-8dea-5dd6570c2616 ] Request (AttachInterfacesTestJSON:test_create_list_show_delete_interfaces_by_fixed_ip): 200 GET http://10.180.1.21/compute/v2.1/servers/1a96d3ed-c017-4fbb-8c55-4f42ba583d8e 0.219s
