2025-04-17 15:11:47.978 69978 INFO tempest.common.waiters [-] State transition "BUILD/scheduling" ==> "BUILD/None" after 14 second wait
2025-04-17 15:11:48.038 69964 INFO tempest.lib.common.rest_client [req-d149d7dd-dc23-4591-9078-81bfbd29c934 req-d149d7dd-dc23-4591-9078-81bfbd29c934 ] Request (AttachVolumeTestJSON:test_attach_detach_volume): 200 GET http://10.180.1.21/compute/v2.1/servers/d4000e4f-7369-4e8a-96ec-8cdd732a6294 2.258s
2025-04-17 15:11:48.202 69938 INFO tempest.lib.common.rest_client [req-90292889-2d61-4702-97a4-6af08ac280e6 req-90292889-2d61-4702-97a4-6af08ac280e6 ] Request (ServersAdminNegativeTestJSON:setUpClass): 200 GET http://10.180.1.21/compute/v2.1/servers/cc094eb0-4c88-4c87-b650-39ac0deaafbf 2.388s
2025-04-17 15:11:48.269 69958 INFO tempest.lib.common.rest_client [req-343541fd-7c4c-4472-9218-10e871fbe78b req-343541fd-7c4c-4472-9218-10e871fbe78b ] Request (ServerExternalEventsTest:tearDownClass): 200 GET http://10.180.1.21/compute/v2.1/servers/a3c897a7-2a7e-4308-bb68-c707147f0ee0 2.379s
2025-04-17 15:11:48.380 69974 INFO tempest.lib.common.rest_client [req-3d9e4259-3d34-47a8-ba93-ae5c838a73c1 req-3d9e4259-3d34-47a8-ba93-ae5c838a73c1 ] Request (FloatingIPsAssociationTestJSON:setUpClass): 200 GET http://10.180.1.21/compute/v2.1/servers/77e4d517-af5f-491b-a44f-fd3e4954dbdc 2.104s
2025-04-17 15:11:48.389 69974 INFO tempest.common.waiters [-] State transition "BUILD/spawning" ==> "ACTIVE/None" after 33 second wait
2025-04-17 15:11:48.444 69956 INFO tempest.lib.common.rest_client [req-7e1279b9-d2b6-4eb1-bf51-20227aab665e req-7e1279b9-d2b6-4eb1-bf51-20227aab665e ] Request (AttachInterfacesUnderV243Test:test_add_remove_fixed_ip): 200 GET http://10.180.1.21/compute/v2.1/servers/8814e29d-5c08-45f1-9a02-c30e4b7441db 2.069s
2025-04-17 15:11:48.451 69935 INFO tempest.lib.common.rest_client [req-997119d5-48dd-441f-b367-3faf123f25d6 req-997119d5-48dd-441f-b367-3faf123f25d6 ] Request (AttachInterfacesV270Test:test_create_get_list_interfaces): 400 POST http://10.180.1.21/compute/v2.1/servers/7276c8fa-dcb8-4b41-8d2b-e6c763093b5f/os-interface 4.863s
2025-04-17 15:11:48.529 69952 INFO tempest.lib.common.rest_client [req-3b70c1eb-7ca6-4b61-8ff0-b3b556186925 req-3b70c1eb-7ca6-4b61-8ff0-b3b556186925 ] Request (ImagesTestJSON:test_create_image_from_stopped_server): 202 POST http://10.180.1.21/compute/v2.1/servers/e5be0f40-0eff-4e9e-b214-4084e7369bba/action 1.982s
2025-04-17 15:11:48.559 69920 INFO tempest.lib.common.rest_client [req-4df5bffe-8e36-4494-af37-ee71ccf29bca req-4df5bffe-8e36-4494-af37-ee71ccf29bca ] Request (FlavorsV2TestJSON:test_list_flavors_filter_by_min_ram): 200 GET http://10.180.1.21/compute/v2.1/flavors?minRam=193 1.637s
2025-04-17 15:11:48.710 69932 INFO tempest.lib.common.rest_client [req-46898d5b-e0f9-4f1b-8e64-d8e8b06f7509 req-46898d5b-e0f9-4f1b-8e64-d8e8b06f7509 ] Request (ServerDiagnosticsNegativeTest:tearDownClass): 200 GET http://10.180.1.21/compute/v2.1/servers/9e47d8be-78a2-44ba-b45e-4ea081dc2ad6 1.822s
2025-04-17 15:11:48.804 69918 INFO tempest.lib.common.rest_client [req-ce69329e-de98-45d7-aa48-4729be4a502e req-ce69329e-de98-45d7-aa48-4729be4a502e ] Request (ServersWithSpecificFlavorTestJSON:test_verify_created_server_ephemeral_disk): 200 GET http://10.180.1.21/compute/v2.1/servers/b628745a-e944-4112-b4b9-644333d17d53 1.841s
2025-04-17 15:11:48.825 69960 INFO tempest.lib.common.rest_client [req-b5735e97-2d71-4f06-ab6b-3977f2b086bd req-b5735e97-2d71-4f06-ab6b-3977f2b086bd ] Request (FlavorsAdminTestJSON:test_is_public_string_variations): 200 GET http://10.180.1.21/compute/v2.1/flavors/detail?is_public=false 1.779s
2025-04-17 15:11:48.880 69977 INFO tempest.lib.common.rest_client [req-68073b51-02df-4824-b632-5394936f4d6e req-68073b51-02df-4824-b632-5394936f4d6e ] Request (AggregatesAdminNegativeTestJSON:test_aggregate_remove_host_as_user): 200 POST http://10.180.1.21/compute/v2.1/os-aggregates 1.833s
2025-04-17 15:11:48.989 69962 INFO tempest.lib.common.rest_client [req-1f5d4f2c-1379-4d1b-9537-31cbf4178804 req-1f5d4f2c-1379-4d1b-9537-31cbf4178804 ] Request (ServerGroupTestJSON:test_create_delete_multiple_server_groups_with_same_name_policy): 200 POST http://10.180.1.21/compute/v2.1/os-server-groups 1.395s
2025-04-17 15:11:49.050 69948 INFO tempest.lib.common.rest_client [req-e4184714-7092-48e9-8f21-89abcb33b281 req-e4184714-7092-48e9-8f21-89abcb33b281 ] Request (SecurityGroupsTestJSON:test_list_security_groups_by_server): 200 GET http://10.180.1.21/compute/v2.1/servers/ea73f497-64b3-4b6a-a2d6-6c290c634e2c 1.419s
2025-04-17 15:11:49.114 69940 INFO tempest.lib.common.rest_client [req-f95f7485-286e-4430-b8a8-ebf0d19e0f96 req-f95f7485-286e-4430-b8a8-ebf0d19e0f96 ] Request (ServerDiagnosticsV248Test:tearDownClass): 200 GET http://10.180.1.21/compute/v2.1/servers/f9bbe81f-2cc4-4e4b-ad4c-ec555d17f0cd 1.435s
2025-04-17 15:11:49.171 69972 INFO tempest.lib.common.rest_client [req-b651954d-980c-477f-9311-84c6e3193cf4 req-b651954d-980c-477f-9311-84c6e3193cf4 ] Request (ServersTestJSON:test_create_server_specify_multibyte_character_name): 200 GET http://10.180.1.21/compute/v2.1/servers/5b5ee86c-11a2-43a9-8e9b-a5bc53efcb8f 1.474s
2025-04-17 15:11:49.173 69936 INFO tempest.lib.common.rest_client [req-181599a1-0786-4155-815d-e1dafe9854d2 req-181599a1-0786-4155-815d-e1dafe9854d2 ] Request (InstanceActionsNegativeTestJSON:setUpClass): 202 POST http://10.180.1.21/compute/v2.1/servers 2.242s
2025-04-17 15:11:49.202 69980 INFO tempest.lib.common.rest_client [req-d58f0aad-d422-4251-8098-00086cbfa69e req-d58f0aad-d422-4251-8098-00086cbfa69e ] Request (ServersAdminTestJSON:setUpClass): 201 POST http://10.180.1.21:9696/networking/v2.0/routers 1.263s
2025-04-17 15:11:49.267 69970 INFO tempest.lib.common.rest_client [req-471bb331-0c9a-45f7-86fa-aad234507618 req-471bb331-0c9a-45f7-86fa-aad234507618 ] Request (ServerShowV247Test:test_update_rebuild_list_server): 200 GET http://10.180.1.21/compute/v2.1/servers/f7c6c094-7f59-44f1-8107-e8b5f0850c68 1.409s
2025-04-17 15:11:49.269 69922 INFO tempest.lib.common.rest_client [req-f0580eb3-64c5-41f3-8ffd-00924930e8d9 req-f0580eb3-64c5-41f3-8ffd-00924930e8d9 ] Request (ServersAdmin275Test:test_rebuild_update_server_275): 200 GET http://10.180.1.21/compute/v2.1/servers/ccea07bc-1f5c-4217-82c5-0a4852f6237b 1.500s
2025-04-17 15:11:49.328 69930 INFO tempest.lib.common.rest_client [req-eb4628da-af24-4fe7-af51-0c61354d2ed8 req-eb4628da-af24-4fe7-af51-0c61354d2ed8 ] Request (MigrationsAdminTest:test_list_migrations_in_flavor_resize_situation): 200 GET http://10.180.1.21/compute/v2.1/servers/3d99f616-a6a4-471c-9665-4f32f1a585ea 1.417s
2025-04-17 15:11:49.341 69950 INFO tempest.lib.common.rest_client [req-bf0e4241-9855-481a-b0de-5d98236a9ac4 req-bf0e4241-9855-481a-b0de-5d98236a9ac4 ] Request (ListImageFiltersTestJSON:setUpClass): 200 GET http://10.180.1.21/compute/v2.1/servers/86b7096c-bb42-4ef5-befb-e9d228d2f03c 1.362s
2025-04-17 15:11:49.391 69924 INFO tempest.lib.common.rest_client [req-9563441f-f0a3-455c-a5e8-0c6ccd33f9fb req-9563441f-f0a3-455c-a5e8-0c6ccd33f9fb ] Request (FloatingIPsAssociationNegativeTestJSON:setUpClass): 200 GET http://10.180.1.21/compute/v2.1/servers/87fe142a-3f0f-44f3-a4f1-6aa63e283317 1.356s
2025-04-17 15:11:49.407 69945 INFO tempest.lib.common.rest_client [req-434386b2-ec43-43aa-a840-31792f813b4d req-434386b2-ec43-43aa-a840-31792f813b4d ] Request (DeleteServersAdminTestJSON:test_admin_delete_servers_of_others): 200 GET http://10.180.1.21/compute/v2.1/servers/f6c90dc2-21c0-4ca4-bf33-fca2ac1adce1 1.256s
2025-04-17 15:11:49.459 69942 INFO tempest.lib.common.rest_client [req-16932a4d-c13e-4788-a747-1647d593da59 req-16932a4d-c13e-4788-a747-1647d593da59 ] Request (VolumesAdminNegativeTest:test_update_attached_volume_with_nonexistent_volume_in_body): 200 GET http://10.180.1.21/compute/v2.1/servers/e44b6009-d869-4820-8da1-e4c8f2343035 1.112s
2025-04-17 15:11:49.542 69926 INFO tempest.lib.common.rest_client [req-f6cbea81-a03d-42cd-957b-1732c4596efe req-f6cbea81-a03d-42cd-957b-1732c4596efe ] Request (ImagesOneServerNegativeTestJSON:setUpClass): 200 GET http://10.180.1.21/compute/v2.1/servers/28ade5ff-7678-4ff1-91f0-ca8340dfa3c8 1.256s
2025-04-17 15:11:49.553 69926 INFO tempest.common.waiters [-] State transition "BUILD/spawning" ==> "ACTIVE/None" after 33 second wait
2025-04-17 15:11:49.601 69928 INFO tempest.lib.common.rest_client [req-7997a095-6c72-4d0c-b694-327dd970ec38 req-7997a095-6c72-4d0c-b694-327dd970ec38 ] Request (ServerAddressesNegativeTestJSON:tearDownClass): 200 GET http://10.180.1.21/compute/v2.1/servers/2cc0cac7-996e-492f-b09f-5921f3cfa2f5 1.181s
2025-04-17 15:11:49.672 69935 INFO tempest.lib.common.rest_client [req-53aba5f9-c9cc-4c6f-834c-0722ec199493 req-53aba5f9-c9cc-4c6f-834c-0722ec199493 ] Request (AttachInterfacesV270Test:tearDownClass): 204 DELETE http://10.180.1.21/compute/v2.1/servers/7276c8fa-dcb8-4b41-8d2b-e6c763093b5f 1.215s
2025-04-17 15:11:49.866 69952 INFO tempest.lib.common.rest_client [req-ca3fb7d3-f4c8-4759-91e7-25a384325ab3 req-ca3fb7d3-f4c8-4759-91e7-25a384325ab3 ] Request (ImagesTestJSON:test_create_image_from_stopped_server): 200 GET http://10.180.1.21/compute/v2.1/servers/e5be0f40-0eff-4e9e-b214-4084e7369bba 1.337s
2025-04-17 15:11:49.884 69920 INFO tempest.lib.common.rest_client [req-68c0668d-d4b0-4418-9638-9f6d937622a1 req-68c0668d-d4b0-4418-9638-9f6d937622a1 ] Request (FlavorsV2TestJSON:test_list_flavors_limit_results): 200 GET http://10.180.1.21/compute/v2.1/flavors?limit=1 1.319s
2025-04-17 15:11:49.963 69946 INFO tempest.lib.common.rest_client [req-534e7cd5-ac0d-4604-9556-0b25c884835f req-534e7cd5-ac0d-4604-9556-0b25c884835f ] Request (ServerDiagnosticsTest:tearDownClass): 200 GET http://10.180.1.21/compute/v2.1/servers/b67ec752-446a-4610-853f-d24e2153e23b 1.203s
2025-04-17 15:11:49.977 69960 INFO tempest.lib.common.rest_client [req-7a22f1ff-68fc-4db2-8d91-63c3cdb61883 req-7a22f1ff-68fc-4db2-8d91-63c3cdb61883 ] Request (FlavorsAdminTestJSON:test_is_public_string_variations): 200 GET http://10.180.1.21/compute/v2.1/flavors/detail?is_public=no 1.147s
2025-04-17 15:11:50.117 69977 INFO tempest.lib.common.rest_client [req-50857507-a1b9-418c-bd41-f520d1a12dd0 req-50857507-a1b9-418c-bd41-f520d1a12dd0 ] Request (AggregatesAdminNegativeTestJSON:test_aggregate_remove_host_as_user): 200 POST http://10.180.1.21/compute/v2.1/os-aggregates/7/action 1.234s
2025-04-17 15:11:50.169 69974 INFO tempest.lib.common.rest_client [req-5c9fdefe-d148-47c8-a3d0-60c47c2d4f11 req-5c9fdefe-d148-47c8-a3d0-60c47c2d4f11 ] Request (FloatingIPsAssociationTestJSON:setUpClass): 200 POST http://10.180.1.21/compute/v2.1/os-floating-ips 1.780s
2025-04-17 15:11:50.171 69980 INFO tempest.lib.common.rest_client [req-6ab10b6e-24a4-4d9f-a751-edb3d35c7754 req-6ab10b6e-24a4-4d9f-a751-edb3d35c7754 ] Request (ServersAdminTestJSON:setUpClass): 200 PUT http://10.180.1.21:9696/networking/v2.0/routers/2b19cc16-6552-43f4-83d5-ab34573d17fa/add_router_interface 0.968s
2025-04-17 15:11:50.172 69980 INFO tempest.lib.common.dynamic_creds [-] Created isolated network resources for: credentials: Credentials: {'domain_id': 'default', 'domain_name': 'Default', 'username': 'tempest-ServersAdminTestJSON-267603619-project-admin', 'project_domain_id': 'default', 'project_domain_name': 'Default', 'project_id': '0ee8cb399fc94023a88c277f43cd3eb7', 'project_name': 'tempest-ServersAdminTestJSON-267603619', 'tenant_id': '0ee8cb399fc94023a88c277f43cd3eb7', 'tenant_name': 'tempest-ServersAdminTestJSON-267603619', 'user_domain_id': 'default', 'user_domain_name': 'Default', 'user_id': 'a0e50205c2d34be790ec46f2b8afdf43', 'system': None}, Network: {'id': '77c46457-4a05-4479-80da-47eaa6024153', 'name': 'tempest-ServersAdminTestJSON-1129416243-network', 'tenant_id': '0ee8cb399fc94023a88c277f43cd3eb7', 'admin_state_up': True, 'mtu': 8950, 'status': 'ACTIVE', 'subnets': [], 'shared': False, 'project_id': '0ee8cb399fc94023a88c277f43cd3eb7', 'port_security_enabled': True, 'router:external': False, 'provider:network_type': 'vlan', 'provider:physical_network': 'default', 'provider:segmentation_id': 887, 'availability_zone_hints': [], 'availability_zones': [], 'ipv4_address_scope': None, 'ipv6_address_scope': None, 'description': '', 'tags': [], 'created_at': '2025-04-17T15:11:47Z', 'updated_at': '2025-04-17T15:11:47Z', 'revision_number': 1}, Subnet: {'id': '1f363da0-4710-4ca7-90ed-e78093b7b8f7', 'name': 'tempest-ServersAdminTestJSON-1129416243-subnet', 'tenant_id': '0ee8cb399fc94023a88c277f43cd3eb7', 'network_id': '77c46457-4a05-4479-80da-47eaa6024153', 'ip_version': 4, 'subnetpool_id': None, 'enable_dhcp': True, 'ipv6_ra_mode': None, 'ipv6_address_mode': None, 'gateway_ip': '192.168.128.1', 'cidr': '192.168.128.0/28', 'allocation_pools': [{'start': '192.168.128.2', 'end': '192.168.128.14'}], 'host_routes': [], 'dns_nameservers': [], 'description': '', 'router:external': False, 'service_types': [], 'tags': [], 'created_at': '2025-04-17T15:11:47Z', 'updated_at': '2025-04-17T15:11:47Z', 'revision_number': 0, 'project_id': '0ee8cb399fc94023a88c277f43cd3eb7'}, Router: {'id': '2b19cc16-6552-43f4-83d5-ab34573d17fa', 'name': 'tempest-ServersAdminTestJSON-1129416243-router', 'tenant_id': '0ee8cb399fc94023a88c277f43cd3eb7', 'admin_state_up': True, 'status': 'ACTIVE', 'external_gateway_info': {'network_id': '499a006a-d760-4170-b841-362dc6542482', 'external_fixed_ips': [{'subnet_id': '369d038c-2b61-4d3f-ba3e-fa12c834d1ef', 'ip_address': '10.180.180.168'}], 'enable_snat': True}, 'description': '', 'availability_zones': [], 'distributed': False, 'ha': False, 'availability_zone_hints': [], 'routes': [], 'flavor_id': None, 'tags': [], 'created_at': '2025-04-17T15:11:47Z', 'updated_at': '2025-04-17T15:11:48Z', 'revision_number': 2, 'project_id': '0ee8cb399fc94023a88c277f43cd3eb7'}
2025-04-17 15:11:50.228 69966 INFO tempest.lib.common.rest_client [req-34332fbb-fe19-428d-942c-ee0125474242 req-34332fbb-fe19-428d-942c-ee0125474242 ] Request (ImagesOneServerTestJSON:test_create_delete_image): 200 GET http://10.180.1.21/compute/v2.1/images/d5d3e3e1-cb39-47c6-bdf1-9c1e996a721d 1.312s
2025-04-17 15:11:50.266 69954 INFO tempest.lib.common.rest_client [req-e3dff86d-3efe-4b11-ae53-84a1d2042a7d req-e3dff86d-3efe-4b11-ae53-84a1d2042a7d ] Request (VolumesAssistedSnapshotsTest:test_volume_assisted_snapshot_create_delete): 200 GET http://10.180.1.21/compute/v2.1/servers/503c8979-4c4e-4a8d-a06c-5a2e240437a6 1.382s
2025-04-17 15:11:50.266 69974 INFO tempest.lib.common.rest_client [req-fecae4ed-042f-4a3f-9fa0-3146c9ba6220 req-fecae4ed-042f-4a3f-9fa0-3146c9ba6220 ] Request (FloatingIPsAssociationTestJSON:test_associate_already_associated_floating_ip): 201 POST http://10.180.1.21/identity/v3/auth/tokens 0.090s
2025-04-17 15:11:50.267 69974 INFO tempest.lib.common.fixed_network [-] (FloatingIPsAssociationTestJSON:test_associate_already_associated_floating_ip) Found network {'id': '680463cd-fb3e-4f8d-bf26-9cc0ba759f22', 'name': 'tempest-FloatingIPsAssociationTestJSON-1546586908-network', 'tenant_id': 'db8188a95d8747e6b838ca9fbc0b22ae', 'admin_state_up': True, 'mtu': 8950, 'status': 'ACTIVE', 'subnets': [], 'shared': False, 'project_id': 'db8188a95d8747e6b838ca9fbc0b22ae', 'port_security_enabled': True, 'router:external': False, 'provider:network_type': 'vlan', 'provider:physical_network': 'default', 'provider:segmentation_id': 98, 'availability_zone_hints': [], 'availability_zones': [], 'ipv4_address_scope': None, 'ipv6_address_scope': None, 'description': '', 'tags': [], 'created_at': '2025-04-17T15:11:08Z', 'updated_at': '2025-04-17T15:11:08Z', 'revision_number': 1} available for tenant
2025-04-17 15:11:50.288 69978 INFO tempest.lib.common.rest_client [req-2d504d1a-9c9e-4196-b7ca-7a225c026788 req-2d504d1a-9c9e-4196-b7ca-7a225c026788 ] Request (ServersTestManualDisk:setUpClass): 200 GET http://10.180.1.21/compute/v2.1/servers/7e5056e6-6511-4756-9094-72b0a2230aae 1.309s
2025-04-17 15:11:50.298 69980 INFO tempest.lib.common.rest_client [req-a5c4b637-7089-4e1b-b89f-b41ffe34bad9 req-a5c4b637-7089-4e1b-b89f-b41ffe34bad9 ] Request (ServersAdminTestJSON:setUpClass): 201 POST http://10.180.1.21/identity/v3/auth/tokens 0.122s
2025-04-17 15:11:50.360 69962 INFO tempest.lib.common.rest_client [req-b299ef15-5373-43bc-b14e-de664e7c6201 req-b299ef15-5373-43bc-b14e-de664e7c6201 ] Request (ServerGroupTestJSON:test_create_delete_multiple_server_groups_with_same_name_policy): 200 POST http://10.180.1.21/compute/v2.1/os-server-groups 1.369s
2025-04-17 15:11:50.364 69964 INFO tempest.lib.common.rest_client [req-99c84eb2-02fb-47c1-8adc-21c1023b84bb req-99c84eb2-02fb-47c1-8adc-21c1023b84bb ] Request (AttachVolumeTestJSON:test_attach_detach_volume): 200 GET http://10.180.1.21/compute/v2.1/servers/d4000e4f-7369-4e8a-96ec-8cdd732a6294 1.312s
2025-04-17 15:11:50.371 69980 INFO tempest.lib.common.rest_client [req-4ff547ec-8310-420d-b66b-1ab9e0803656 req-4ff547ec-8310-420d-b66b-1ab9e0803656 ] Request (ServersAdminTestJSON:setUpClass): 201 POST http://10.180.1.21/identity/v3/auth/tokens 0.068s
2025-04-17 15:11:50.372 69980 INFO tempest.lib.common.fixed_network [-] (ServersAdminTestJSON:setUpClass) Found network {'id': '5d193c58-fc45-43d3-9e81-358dd9133dda', 'name': 'tempest-ServersAdminTestJSON-1583724184-network', 'tenant_id': '4331322a5654401cb3ce867c27db3a97', 'admin_state_up': True, 'mtu': 8950, 'status': 'ACTIVE', 'subnets': [], 'shared': False, 'project_id': '4331322a5654401cb3ce867c27db3a97', 'port_security_enabled': True, 'router:external': False, 'provider:network_type': 'vlan', 'provider:physical_network': 'default', 'provider:segmentation_id': 825, 'availability_zone_hints': [], 'availability_zones': [], 'ipv4_address_scope': None, 'ipv6_address_scope': None, 'description': '', 'tags': [], 'created_at': '2025-04-17T15:11:44Z', 'updated_at': '2025-04-17T15:11:44Z', 'revision_number': 1} available for tenant
2025-04-17 15:11:50.411 69936 INFO tempest.lib.common.rest_client [req-6c6109d3-3d49-46e1-83fb-5056fb4b28ab req-6c6109d3-3d49-46e1-83fb-5056fb4b28ab ] Request (InstanceActionsNegativeTestJSON:setUpClass): 200 GET http://10.180.1.21/compute/v2.1/servers/8211b529-f910-42e0-a094-6df9e4c64f5c 1.233s
2025-04-17 15:11:50.482 69958 INFO tempest.lib.common.rest_client [req-02c5b01c-b042-4634-8121-ee08e398f9f5 req-02c5b01c-b042-4634-8121-ee08e398f9f5 ] Request (ServerExternalEventsTest:tearDownClass): 200 GET http://10.180.1.21/compute/v2.1/servers/a3c897a7-2a7e-4308-bb68-c707147f0ee0 1.200s
2025-04-17 15:11:50.531 69938 INFO tempest.lib.common.rest_client [req-287af8cb-7936-4a53-af27-2833437f018b req-287af8cb-7936-4a53-af27-2833437f018b ] Request (ServersAdminNegativeTestJSON:setUpClass): 200 GET http://10.180.1.21/compute/v2.1/servers/cc094eb0-4c88-4c87-b650-39ac0deaafbf 1.318s
2025-04-17 15:11:50.539 69938 INFO tempest.common.waiters [-] State transition "BUILD/spawning" ==> "ACTIVE/None" after 27 second wait
2025-04-17 15:11:50.540 69956 INFO tempest.lib.common.rest_client [req-f1a5dcc0-ec6b-4ce5-a494-1c95db94bf6d req-f1a5dcc0-ec6b-4ce5-a494-1c95db94bf6d ] Request (AttachInterfacesUnderV243Test:test_add_remove_fixed_ip): 200 GET http://10.180.1.21/compute/v2.1/servers/8814e29d-5c08-45f1-9a02-c30e4b7441db 1.077s
2025-04-17 15:11:50.649 69926 INFO tempest.lib.common.rest_client [req-354b701b-8a48-449f-a89c-5fdb9c02a140 req-354b701b-8a48-449f-a89c-5fdb9c02a140 ] Request (ImagesOneServerNegativeTestJSON:setUp): 200 GET http://10.180.1.21/compute/v2.1/servers/28ade5ff-7678-4ff1-91f0-ca8340dfa3c8 1.094s
2025-04-17 15:11:50.708 69935 INFO tempest.lib.common.rest_client [req-308a936e-d3c2-466f-ab49-31adb184c2f5 req-308a936e-d3c2-466f-ab49-31adb184c2f5 ] Request (AttachInterfacesV270Test:tearDownClass): 200 GET http://10.180.1.21/compute/v2.1/servers/7276c8fa-dcb8-4b41-8d2b-e6c763093b5f 1.035s
2025-04-17 15:11:50.717 69932 INFO tempest.lib.common.rest_client [req-cfac88f0-5cc5-4a20-ab31-41c23b073c38 req-cfac88f0-5cc5-4a20-ab31-41c23b073c38 ] Request (ServerDiagnosticsNegativeTest:tearDownClass): 200 GET http://10.180.1.21/compute/v2.1/servers/9e47d8be-78a2-44ba-b45e-4ea081dc2ad6 0.996s
2025-04-17 15:11:50.735 69920 INFO tempest.lib.common.rest_client [req-7211a265-03bf-4c44-ae65-9418caf7b04b req-7211a265-03bf-4c44-ae65-9418caf7b04b ] Request (FlavorsV2TestJSON:test_list_flavors_using_marker): 200 GET http://10.180.1.21/compute/v2.1/flavors/42 0.844s
2025-04-17 15:11:50.755 69960 INFO tempest.lib.common.rest_client [req-1a989356-dce9-4563-8655-4140451423c5 req-1a989356-dce9-4563-8655-4140451423c5 ] Request (FlavorsAdminTestJSON:test_is_public_string_variations): 200 GET http://10.180.1.21/compute/v2.1/flavors/detail?is_public=0 0.774s
2025-04-17 15:11:50.789 69918 INFO tempest.lib.common.rest_client [req-5e27ea26-f971-41b9-ba4e-894b1de7afae req-5e27ea26-f971-41b9-ba4e-894b1de7afae ] Request (ServersWithSpecificFlavorTestJSON:test_verify_created_server_ephemeral_disk): 200 GET http://10.180.1.21/compute/v2.1/servers/b628745a-e944-4112-b4b9-644333d17d53 0.974s
2025-04-17 15:11:50.796 69977 INFO tempest.lib.common.rest_client [req-773ce834-a934-4864-8834-fb9766e15bde req-773ce834-a934-4864-8834-fb9766e15bde ] Request (AggregatesAdminNegativeTestJSON:test_aggregate_remove_host_as_user): 403 POST http://10.180.1.21/compute/v2.1/os-aggregates/7/action 0.677s
2025-04-17 15:11:50.812 69948 INFO tempest.lib.common.rest_client [req-dc76e212-3165-4349-b24f-b634a550bad4 req-dc76e212-3165-4349-b24f-b634a550bad4 ] Request (SecurityGroupsTestJSON:test_list_security_groups_by_server): 200 GET http://10.180.1.21/compute/v2.1/servers/ea73f497-64b3-4b6a-a2d6-6c290c634e2c 0.750s
2025-04-17 15:11:50.881 69940 INFO tempest.lib.common.rest_client [req-9dc23163-f73d-4a68-a709-0095ac872266 req-9dc23163-f73d-4a68-a709-0095ac872266 ] Request (ServerDiagnosticsV248Test:tearDownClass): 200 GET http://10.180.1.21/compute/v2.1/servers/f9bbe81f-2cc4-4e4b-ad4c-ec555d17f0cd 0.752s
2025-04-17 15:11:50.882 69972 INFO tempest.lib.common.rest_client [req-db168e07-bc0c-4fc4-89c9-cf52822807e8 req-db168e07-bc0c-4fc4-89c9-cf52822807e8 ] Request (ServersTestJSON:test_create_server_specify_multibyte_character_name): 200 GET http://10.180.1.21/compute/v2.1/servers/5b5ee86c-11a2-43a9-8e9b-a5bc53efcb8f 0.696s
2025-04-17 15:11:50.891 69972 INFO tempest.common.waiters [-] State transition "BUILD/scheduling" ==> "BUILD/None" after 13 second wait
2025-04-17 15:11:50.960 69970 INFO tempest.lib.common.rest_client [req-7aef4b13-4a0e-4c37-a431-86a17c664f71 req-7aef4b13-4a0e-4c37-a431-86a17c664f71 ] Request (ServerShowV247Test:test_update_rebuild_list_server): 200 GET http://10.180.1.21/compute/v2.1/servers/f7c6c094-7f59-44f1-8107-e8b5f0850c68 0.682s
2025-04-17 15:11:51.038 69922 INFO tempest.lib.common.rest_client [req-ad6737de-2396-4862-ae72-ad8bf4bd55da req-ad6737de-2396-4862-ae72-ad8bf4bd55da ] Request (ServersAdmin275Test:test_rebuild_update_server_275): 200 GET http://10.180.1.21/compute/v2.1/servers/ccea07bc-1f5c-4217-82c5-0a4852f6237b 0.756s
2025-04-17 15:11:51.115 69930 INFO tempest.lib.common.rest_client [req-fbbce099-ec11-4900-bc44-5d5d77b8af8e req-fbbce099-ec11-4900-bc44-5d5d77b8af8e ] Request (MigrationsAdminTest:test_list_migrations_in_flavor_resize_situation): 200 GET http://10.180.1.21/compute/v2.1/servers/3d99f616-a6a4-471c-9665-4f32f1a585ea 0.776s
2025-04-17 15:11:51.189 69950 INFO tempest.lib.common.rest_client [req-ffb31ab0-152d-4128-aa43-9684ef966992 req-ffb31ab0-152d-4128-aa43-9684ef966992 ] Request (ListImageFiltersTestJSON:setUpClass): 200 GET http://10.180.1.21/compute/v2.1/servers/86b7096c-bb42-4ef5-befb-e9d228d2f03c 0.835s
2025-04-17 15:11:51.228 69962 INFO tempest.lib.common.rest_client [req-d0dd53e3-7a4c-43bc-8d65-402abe41f953 req-d0dd53e3-7a4c-43bc-8d65-402abe41f953 ] Request (ServerGroupTestJSON:test_create_delete_multiple_server_groups_with_same_name_policy): 204 DELETE http://10.180.1.21/compute/v2.1/os-server-groups/4904c313-bd46-41be-b7fc-57b7624d00a2 0.866s
2025-04-17 15:11:51.457 69974 INFO tempest.lib.common.rest_client [req-cece1a2d-9feb-4042-b01b-6b5ce157b7a1 req-cece1a2d-9feb-4042-b01b-6b5ce157b7a1 ] Request (FloatingIPsAssociationTestJSON:test_associate_already_associated_floating_ip): 202 POST http://10.180.1.21/compute/v2.1/servers 1.190s
2025-04-17 15:11:51.528 69924 INFO tempest.lib.common.rest_client [req-d26bad35-adbc-4161-a365-9efd6bdd8675 req-d26bad35-adbc-4161-a365-9efd6bdd8675 ] Request (FloatingIPsAssociationNegativeTestJSON:setUpClass): 200 GET http://10.180.1.21/compute/v2.1/servers/87fe142a-3f0f-44f3-a4f1-6aa63e283317 1.127s
2025-04-17 15:11:51.597 69945 INFO tempest.lib.common.rest_client [req-42bb11e0-53ff-41fc-8122-cde458b6ec10 req-42bb11e0-53ff-41fc-8122-cde458b6ec10 ] Request (DeleteServersAdminTestJSON:test_admin_delete_servers_of_others): 200 GET http://10.180.1.21/compute/v2.1/servers/f6c90dc2-21c0-4ca4-bf33-fca2ac1adce1 1.182s
2025-04-17 15:11:51.649 69980 INFO tempest.lib.common.rest_client [req-92acb029-a311-4689-a474-d92629318d25 req-92acb029-a311-4689-a474-d92629318d25 ] Request (ServersAdminTestJSON:setUpClass): 202 POST http://10.180.1.21/compute/v2.1/servers 1.277s
2025-04-17 15:11:51.663 69942 INFO tempest.lib.common.rest_client [req-179909be-31fa-46f3-a3ad-76fa893c6454 req-179909be-31fa-46f3-a3ad-76fa893c6454 ] Request (VolumesAdminNegativeTest:test_update_attached_volume_with_nonexistent_volume_in_body): 200 GET http://10.180.1.21/compute/v2.1/servers/e44b6009-d869-4820-8da1-e4c8f2343035 1.192s
2025-04-17 15:11:51.690 69980 INFO tempest.lib.common.rest_client [req-770c4511-93e0-49bd-a7d9-895557e3b2c6 req-770c4511-93e0-49bd-a7d9-895557e3b2c6 ] Request (ServersAdminTestJSON:setUpClass): 201 POST http://10.180.1.21/identity/v3/auth/tokens 0.035s
2025-04-17 15:11:51.691 69980 INFO tempest.lib.common.fixed_network [-] (ServersAdminTestJSON:setUpClass) Found network {'id': '5d193c58-fc45-43d3-9e81-358dd9133dda', 'name': 'tempest-ServersAdminTestJSON-1583724184-network', 'tenant_id': '4331322a5654401cb3ce867c27db3a97', 'admin_state_up': True, 'mtu': 8950, 'status': 'ACTIVE', 'subnets': [], 'shared': False, 'project_id': '4331322a5654401cb3ce867c27db3a97', 'port_security_enabled': True, 'router:external': False, 'provider:network_type': 'vlan', 'provider:physical_network': 'default', 'provider:segmentation_id': 825, 'availability_zone_hints': [], 'availability_zones': [], 'ipv4_address_scope': None, 'ipv6_address_scope': None, 'description': '', 'tags': [], 'created_at': '2025-04-17T15:11:44Z', 'updated_at': '2025-04-17T15:11:44Z', 'revision_number': 1} available for tenant
2025-04-17 15:11:51.750 69928 INFO tempest.lib.common.rest_client [req-d9ccf43d-abca-43d5-9ac2-0d98c4cd7f68 req-d9ccf43d-abca-43d5-9ac2-0d98c4cd7f68 ] Request (ServerAddressesNegativeTestJSON:tearDownClass): 200 GET http://10.180.1.21/compute/v2.1/servers/2cc0cac7-996e-492f-b09f-5921f3cfa2f5 1.137s
2025-04-17 15:11:51.755 69926 INFO tempest.lib.common.rest_client [req-f280c16f-3571-4ac8-a838-49f5070dec99 req-f280c16f-3571-4ac8-a838-49f5070dec99 ] Request (ImagesOneServerNegativeTestJSON:test_create_image_specify_invalid_metadata): 400 POST http://10.180.1.21/compute/v2.1/servers/28ade5ff-7678-4ff1-91f0-ca8340dfa3c8/action 1.096s
2025-04-17 15:11:51.760 69938 INFO tempest.lib.common.rest_client [req-9107e429-de62-4467-a923-ce871246ce36 req-9107e429-de62-4467-a923-ce871246ce36 ] Request (ServersAdminNegativeTestJSON:test_migrate_non_existent_server): 404 POST http://10.180.1.21/compute/v2.1/servers/7e17f58a-b3dd-4eee-8a12-d41a55fe97c8/action 1.220s
2025-04-17 15:11:51.783 69920 INFO tempest.lib.common.rest_client [req-7017709c-0077-4d49-8d9f-bf49bc6b723f req-7017709c-0077-4d49-8d9f-bf49bc6b723f ] Request (FlavorsV2TestJSON:test_list_flavors_using_marker): 200 GET http://10.180.1.21/compute/v2.1/flavors?marker=42 1.046s
2025-04-17 15:11:51.793 69960 INFO tempest.lib.common.rest_client [req-2f3dc655-b267-427b-86ae-8bc5ffc4a9b0 req-2f3dc655-b267-427b-86ae-8bc5ffc4a9b0 ] Request (FlavorsAdminTestJSON:test_is_public_string_variations): 200 GET http://10.180.1.21/compute/v2.1/flavors/detail?is_public=t 1.035s
2025-04-17 15:11:51.864 69938 INFO tempest.lib.common.rest_client [req-7d787222-85d7-4e40-b0f8-53ee37089e20 req-7d787222-85d7-4e40-b0f8-53ee37089e20 ] Request (ServersAdminNegativeTestJSON:test_migrate_server_invalid_state): 201 POST http://10.180.1.21/identity/v3/auth/tokens 0.100s
2025-04-17 15:11:51.865 69938 INFO tempest.lib.common.fixed_network [-] (ServersAdminNegativeTestJSON:test_migrate_server_invalid_state) Found network None available for tenant
2025-04-17 15:11:51.952 69977 INFO tempest.lib.common.rest_client [req-4b8d8bd1-f7f4-4405-ba7f-8c64666a29a1 req-4b8d8bd1-f7f4-4405-ba7f-8c64666a29a1 ] Request (AggregatesAdminNegativeTestJSON:_run_cleanups): 200 POST http://10.180.1.21/compute/v2.1/os-aggregates/7/action 1.156s
2025-04-17 15:11:51.984 69952 INFO tempest.lib.common.rest_client [req-b6fbc4db-3840-4de2-828c-0e12a5acc331 req-b6fbc4db-3840-4de2-828c-0e12a5acc331 ] Request (ImagesTestJSON:test_create_image_from_stopped_server): 200 GET http://10.180.1.21/compute/v2.1/servers/e5be0f40-0eff-4e9e-b214-4084e7369bba 1.105s
2025-04-17 15:11:51.992 69952 INFO tempest.common.waiters [-] State transition "ACTIVE/powering-off" ==> "SHUTOFF/None" after 2 second wait
2025-04-17 15:11:52.005 69962 INFO tempest.lib.common.rest_client [req-79dd3db9-7075-4713-b5b3-adb5f8c5fe1f req-79dd3db9-7075-4713-b5b3-adb5f8c5fe1f ] Request (ServerGroupTestJSON:test_create_delete_multiple_server_groups_with_same_name_policy): 200 GET http://10.180.1.21/compute/v2.1/os-server-groups 0.776s
2025-04-17 15:11:52.023 69946 INFO tempest.lib.common.rest_client [req-93cb150f-2800-4a56-82a9-178f0f5cb119 req-93cb150f-2800-4a56-82a9-178f0f5cb119 ] Request (ServerDiagnosticsTest:tearDownClass): 200 GET http://10.180.1.21/compute/v2.1/servers/b67ec752-446a-4610-853f-d24e2153e23b 1.049s
2025-04-17 15:11:52.062 69966 INFO tempest.lib.common.rest_client [req-08670189-9373-41c4-b54e-e0095d610d59 req-08670189-9373-41c4-b54e-e0095d610d59 ] Request (ImagesOneServerTestJSON:test_create_delete_image): 200 GET http://10.180.1.21/compute/v2.1/images/d5d3e3e1-cb39-47c6-bdf1-9c1e996a721d 0.827s
2025-04-17 15:11:52.158 69978 INFO tempest.lib.common.rest_client [req-013ce7d5-1416-415e-98e3-c5faa16cfbf6 req-013ce7d5-1416-415e-98e3-c5faa16cfbf6 ] Request (ServersTestManualDisk:setUpClass): 200 GET http://10.180.1.21/compute/v2.1/servers/7e5056e6-6511-4756-9094-72b0a2230aae 0.856s
2025-04-17 15:11:52.178 69954 INFO tempest.lib.common.rest_client [req-fa9e02a7-e6e2-474d-ae1b-bb973709dfa7 req-fa9e02a7-e6e2-474d-ae1b-bb973709dfa7 ] Request (VolumesAssistedSnapshotsTest:test_volume_assisted_snapshot_create_delete): 200 GET http://10.180.1.21/compute/v2.1/servers/503c8979-4c4e-4a8d-a06c-5a2e240437a6 0.901s
2025-04-17 15:11:52.227 69964 INFO tempest.lib.common.rest_client [req-03412e90-cdbd-475d-9b97-4674f5e52a70 req-03412e90-cdbd-475d-9b97-4674f5e52a70 ] Request (AttachVolumeTestJSON:test_attach_detach_volume): 200 GET http://10.180.1.21/compute/v2.1/servers/d4000e4f-7369-4e8a-96ec-8cdd732a6294 0.853s
2025-04-17 15:11:52.258 69936 INFO tempest.lib.common.rest_client [req-eb077096-2ccd-49b4-8bea-f716247f7a7c req-eb077096-2ccd-49b4-8bea-f716247f7a7c ] Request (InstanceActionsNegativeTestJSON:setUpClass): 200 GET http://10.180.1.21/compute/v2.1/servers/8211b529-f910-42e0-a094-6df9e4c64f5c 0.836s
2025-04-17 15:11:52.283 69974 INFO tempest.lib.common.rest_client [req-af0d45fc-ff24-4db6-9bc1-291e3be5bb9f req-af0d45fc-ff24-4db6-9bc1-291e3be5bb9f ] Request (FloatingIPsAssociationTestJSON:test_associate_already_associated_floating_ip): 200 GET http://10.180.1.21/compute/v2.1/servers/b4c6a04c-a7f5-4796-ada2-0ca3431b947c 0.823s
2025-04-17 15:11:52.339 69958 INFO tempest.lib.common.rest_client [req-78ad7c72-5749-4f5b-b62f-42884f6bbe89 req-78ad7c72-5749-4f5b-b62f-42884f6bbe89 ] Request (ServerExternalEventsTest:tearDownClass): 200 GET http://10.180.1.21/compute/v2.1/servers/a3c897a7-2a7e-4308-bb68-c707147f0ee0 0.848s
2025-04-17 15:11:52.340 69956 INFO tempest.lib.common.rest_client [req-dcd164df-6a33-4a02-8119-2a634676d794 req-dcd164df-6a33-4a02-8119-2a634676d794 ] Request (AttachInterfacesUnderV243Test:test_add_remove_fixed_ip): 200 GET http://10.180.1.21/compute/v2.1/servers/8814e29d-5c08-45f1-9a02-c30e4b7441db 0.789s
2025-04-17 15:11:52.406 69935 INFO tempest.lib.common.rest_client [req-114f1ac0-d41a-44f9-ba0d-9ee1ea0f24a3 req-114f1ac0-d41a-44f9-ba0d-9ee1ea0f24a3 ] Request (AttachInterfacesV270Test:tearDownClass): 200 GET http://10.180.1.21/compute/v2.1/servers/7276c8fa-dcb8-4b41-8d2b-e6c763093b5f 0.685s
2025-04-17 15:11:52.476 69932 INFO tempest.lib.common.rest_client [req-1a0dc0b5-0b42-43c8-b7bd-1b8295bbfc51 req-1a0dc0b5-0b42-43c8-b7bd-1b8295bbfc51 ] Request (ServerDiagnosticsNegativeTest:tearDownClass): 200 GET http://10.180.1.21/compute/v2.1/servers/9e47d8be-78a2-44ba-b45e-4ea081dc2ad6 0.748s
2025-04-17 15:11:52.602 69926 INFO tempest.lib.common.rest_client [req-a9bdb602-ea5c-4ff4-9af7-426700a25b9c req-a9bdb602-ea5c-4ff4-9af7-426700a25b9c ] Request (ImagesOneServerNegativeTestJSON:tearDown): 200 GET http://10.180.1.21/compute/v2.1/servers/28ade5ff-7678-4ff1-91f0-ca8340dfa3c8 0.846s
2025-04-17 15:11:52.625 69920 INFO tempest.lib.common.rest_client [req-793d88ff-8067-412d-8eb7-1b2bcf2396d2 req-793d88ff-8067-412d-8eb7-1b2bcf2396d2 ] Request (FlavorsV2TestJSON:test_list_flavors_with_detail): 200 GET http://10.180.1.21/compute/v2.1/flavors/detail 0.833s
2025-04-17 15:11:52.651 69960 INFO tempest.lib.common.rest_client [req-1b752a73-1ad2-457c-8f71-52c0429a6fe6 req-1b752a73-1ad2-457c-8f71-52c0429a6fe6 ] Request (FlavorsAdminTestJSON:test_is_public_string_variations): 200 GET http://10.180.1.21/compute/v2.1/flavors/detail?is_public=true 0.850s
2025-04-17 15:11:52.672 69980 INFO tempest.lib.common.rest_client [req-2853e704-54e3-4330-9df9-b0bde967f489 req-2853e704-54e3-4330-9df9-b0bde967f489 ] Request (ServersAdminTestJSON:setUpClass): 202 POST http://10.180.1.21/compute/v2.1/servers 0.981s
2025-04-17 15:11:52.706 69918 INFO tempest.lib.common.rest_client [req-8ba13ea3-6455-40e5-bf6d-18a05f0dbf9c req-8ba13ea3-6455-40e5-bf6d-18a05f0dbf9c ] Request (ServersWithSpecificFlavorTestJSON:test_verify_created_server_ephemeral_disk): 200 GET http://10.180.1.21/compute/v2.1/servers/b628745a-e944-4112-b4b9-644333d17d53 0.905s
2025-04-17 15:11:52.728 69948 INFO tempest.lib.common.rest_client [req-3bd54aa8-bed0-4921-88e3-50dfd1c0d511 req-3bd54aa8-bed0-4921-88e3-50dfd1c0d511 ] Request (SecurityGroupsTestJSON:test_list_security_groups_by_server): 200 GET http://10.180.1.21/compute/v2.1/servers/ea73f497-64b3-4b6a-a2d6-6c290c634e2c 0.907s
2025-04-17 15:11:52.805 69972 INFO tempest.lib.common.rest_client [req-33d0bb91-9e46-4adf-bd17-bc4d3675fa37 req-33d0bb91-9e46-4adf-bd17-bc4d3675fa37 ] Request (ServersTestJSON:test_create_server_specify_multibyte_character_name): 200 GET http://10.180.1.21/compute/v2.1/servers/5b5ee86c-11a2-43a9-8e9b-a5bc53efcb8f 0.910s
2025-04-17 15:11:52.883 69940 INFO tempest.lib.common.rest_client [req-5e70a711-d892-4ab8-8ca4-bf7a1e460330 req-5e70a711-d892-4ab8-8ca4-bf7a1e460330 ] Request (ServerDiagnosticsV248Test:tearDownClass): 200 GET http://10.180.1.21/compute/v2.1/servers/f9bbe81f-2cc4-4e4b-ad4c-ec555d17f0cd 0.984s
2025-04-17 15:11:52.894 69940 INFO tempest.common.waiters [-] State transition "ACTIVE/deleting" ==> "DELETED/None" after 3 second wait
2025-04-17 15:11:52.907 69977 INFO tempest.lib.common.rest_client [req-554c174a-c603-4ccb-8442-8037d7322610 req-554c174a-c603-4ccb-8442-8037d7322610 ] Request (AggregatesAdminNegativeTestJSON:_run_cleanups): 200 DELETE http://10.180.1.21/compute/v2.1/os-aggregates/7 0.952s
2025-04-17 15:11:52.961 69970 INFO tempest.lib.common.rest_client [req-f7078403-9afa-43e9-8c40-06a63355e878 req-f7078403-9afa-43e9-8c40-06a63355e878 ] Request (ServerShowV247Test:test_update_rebuild_list_server): 200 GET http://10.180.1.21/compute/v2.1/servers/f7c6c094-7f59-44f1-8107-e8b5f0850c68 0.989s
2025-04-17 15:11:52.963 69938 INFO tempest.lib.common.rest_client [req-9978d343-715d-489f-8686-f17ce7e1a0ce req-9978d343-715d-489f-8686-f17ce7e1a0ce ] Request (ServersAdminNegativeTestJSON:test_migrate_server_invalid_state): 202 POST http://10.180.1.21/compute/v2.1/servers 1.098s
2025-04-17 15:11:52.984 69962 INFO tempest.lib.common.rest_client [req-2c915586-49ea-4ed5-8b1a-1a1ec8094638 req-2c915586-49ea-4ed5-8b1a-1a1ec8094638 ] Request (ServerGroupTestJSON:test_create_delete_multiple_server_groups_with_same_name_policy): 204 DELETE http://10.180.1.21/compute/v2.1/os-server-groups/11c7a5a7-71c1-48ef-b7b1-c555a3d20f64 0.974s
2025-04-17 15:11:53.038 69922 INFO tempest.lib.common.rest_client [req-5e7efe68-d980-43af-b4ae-86c00962b064 req-5e7efe68-d980-43af-b4ae-86c00962b064 ] Request (ServersAdmin275Test:test_rebuild_update_server_275): 200 GET http://10.180.1.21/compute/v2.1/servers/ccea07bc-1f5c-4217-82c5-0a4852f6237b 0.987s
2025-04-17 15:11:53.089 69930 INFO tempest.lib.common.rest_client [req-31025f5c-1909-472d-ad3e-f68289e366b1 req-31025f5c-1909-472d-ad3e-f68289e366b1 ] Request (MigrationsAdminTest:test_list_migrations_in_flavor_resize_situation): 200 GET http://10.180.1.21/compute/v2.1/servers/3d99f616-a6a4-471c-9665-4f32f1a585ea 0.967s
2025-04-17 15:11:53.137 69950 INFO tempest.lib.common.rest_client [req-fadb44c7-d974-48ad-94f2-9c3e31815b33 req-fadb44c7-d974-48ad-94f2-9c3e31815b33 ] Request (ListImageFiltersTestJSON:setUpClass): 200 GET http://10.180.1.21/compute/v2.1/servers/86b7096c-bb42-4ef5-befb-e9d228d2f03c 0.934s
2025-04-17 15:11:53.204 69924 INFO tempest.lib.common.rest_client [req-64f9faaf-ef18-46af-b25a-5f2023f4f8ea req-64f9faaf-ef18-46af-b25a-5f2023f4f8ea ] Request (FloatingIPsAssociationNegativeTestJSON:setUpClass): 200 GET http://10.180.1.21/compute/v2.1/servers/87fe142a-3f0f-44f3-a4f1-6aa63e283317 0.667s
2025-04-17 15:11:53.212 69924 INFO tempest.common.waiters [-] State transition "BUILD/scheduling" ==> "BUILD/None" after 15 second wait
2025-04-17 15:11:53.260 69945 INFO tempest.lib.common.rest_client [req-32d0346f-e011-448f-b7a2-617cdc7ff59f req-32d0346f-e011-448f-b7a2-617cdc7ff59f ] Request (DeleteServersAdminTestJSON:test_admin_delete_servers_of_others): 200 GET http://10.180.1.21/compute/v2.1/servers/f6c90dc2-21c0-4ca4-bf33-fca2ac1adce1 0.653s
2025-04-17 15:11:53.348 69926 INFO tempest.lib.common.rest_client [req-4e25f0d4-adc2-484e-87bc-414eeccf05fb req-4e25f0d4-adc2-484e-87bc-414eeccf05fb ] Request (ImagesOneServerNegativeTestJSON:setUp): 200 GET http://10.180.1.21/compute/v2.1/servers/28ade5ff-7678-4ff1-91f0-ca8340dfa3c8 0.736s
2025-04-17 15:11:53.364 69920 INFO tempest.lib.common.rest_client [req-5ef06a6f-5f0a-4313-a763-a1445f7a4601 req-5ef06a6f-5f0a-4313-a763-a1445f7a4601 ] Request (FlavorsV2TestJSON:test_list_flavors_with_detail): 200 GET http://10.180.1.21/compute/v2.1/flavors/42 0.734s
2025-04-17 15:11:53.400 69960 INFO tempest.lib.common.rest_client [req-da79f292-b057-4cc3-a445-506261224907 req-da79f292-b057-4cc3-a445-506261224907 ] Request (FlavorsAdminTestJSON:test_is_public_string_variations): 200 GET http://10.180.1.21/compute/v2.1/flavors/detail?is_public=yes 0.744s
2025-04-17 15:11:53.418 69952 INFO tempest.lib.common.rest_client [req-2955e5dd-2852-4abe-bd22-052a05b29ad1 req-2955e5dd-2852-4abe-bd22-052a05b29ad1 ] Request (ImagesTestJSON:test_create_image_from_stopped_server): 202 POST http://10.180.1.21/compute/v2.1/servers/e5be0f40-0eff-4e9e-b214-4084e7369bba/action 1.425s
2025-04-17 15:11:53.455 69942 INFO tempest.lib.common.rest_client [req-7dfe1eb8-08ff-41c7-a933-56f825b05630 req-7dfe1eb8-08ff-41c7-a933-56f825b05630 ] Request (VolumesAdminNegativeTest:test_update_attached_volume_with_nonexistent_volume_in_body): 200 GET http://10.180.1.21/compute/v2.1/servers/e44b6009-d869-4820-8da1-e4c8f2343035 0.784s
2025-04-17 15:11:53.468 69980 INFO tempest.lib.common.rest_client [req-2243989e-696b-4f01-bede-0a6d05651f0c req-2243989e-696b-4f01-bede-0a6d05651f0c ] Request (ServersAdminTestJSON:setUpClass): 200 GET http://10.180.1.21/compute/v2.1/servers/8731c74f-1386-4369-a73a-f473279a0a86 0.794s
2025-04-17 15:11:53.482 69920 INFO tempest.lib.common.rest_client [req-1a46ae51-e16d-4785-b807-c8fcc670fdc8 req-1a46ae51-e16d-4785-b807-c8fcc670fdc8 ] Request (FlavorsV2TestJSON:tearDownClass): 204 DELETE http://10.180.1.21/identity/v3/users/f397574380d24e99867472ab74ae884a 0.114s
2025-04-17 15:11:53.482 69920 INFO tempest.lib.common.dynamic_creds [-] Deleting project and security group for project: 895ccede576d4f27bd5927bbf5f530e7
2025-04-17 15:11:53.491 69977 INFO tempest.lib.common.rest_client [req-3881c34f-e776-46f8-a2eb-b9ec087578bf req-3881c34f-e776-46f8-a2eb-b9ec087578bf ] Request (AggregatesAdminNegativeTestJSON:test_aggregate_remove_nonexistent_host): 200 POST http://10.180.1.21/compute/v2.1/os-aggregates 0.582s
2025-04-17 15:11:53.517 69928 INFO tempest.lib.common.rest_client [req-4fb51a42-d007-4f51-83df-8b4f69a50709 req-4fb51a42-d007-4f51-83df-8b4f69a50709 ] Request (ServerAddressesNegativeTestJSON:tearDownClass): 200 GET http://10.180.1.21/compute/v2.1/servers/2cc0cac7-996e-492f-b09f-5921f3cfa2f5 0.758s
2025-04-17 15:11:53.529 69962 INFO tempest.lib.common.rest_client [req-f9a1eec6-390e-42b6-b5eb-bf5f24a3f346 req-f9a1eec6-390e-42b6-b5eb-bf5f24a3f346 ] Request (ServerGroupTestJSON:test_create_delete_multiple_server_groups_with_same_name_policy): 200 GET http://10.180.1.21/compute/v2.1/os-server-groups 0.544s
2025-04-17 15:11:53.533 69938 INFO tempest.lib.common.rest_client [req-6caf171d-5919-44bc-b2f2-17400fcc90dc req-6caf171d-5919-44bc-b2f2-17400fcc90dc ] Request (ServersAdminNegativeTestJSON:test_migrate_server_invalid_state): 200 GET http://10.180.1.21/compute/v2.1/servers/3a6bc090-13ff-4df0-b89c-d7782488111f 0.568s
2025-04-17 15:11:53.548 69920 INFO tempest.lib.common.rest_client [req-299d5e21-6d79-4fe9-a8b8-a36fcd546745 req-299d5e21-6d79-4fe9-a8b8-a36fcd546745 ] Request (FlavorsV2TestJSON:tearDownClass): 201 POST http://10.180.1.21/identity/v3/auth/tokens 0.066s
2025-04-17 15:11:53.571 69966 INFO tempest.lib.common.rest_client [req-4b4ecd91-11f0-4095-836c-42399a730437 req-4b4ecd91-11f0-4095-836c-42399a730437 ] Request (ImagesOneServerTestJSON:test_create_delete_image): 200 GET http://10.180.1.21/compute/v2.1/images/d5d3e3e1-cb39-47c6-bdf1-9c1e996a721d 0.505s
2025-04-17 15:11:53.588 69946 INFO tempest.lib.common.rest_client [req-8d4ff442-a921-4760-9dd3-52d4114e826c req-8d4ff442-a921-4760-9dd3-52d4114e826c ] Request (ServerDiagnosticsTest:tearDownClass): 200 GET http://10.180.1.21/compute/v2.1/servers/b67ec752-446a-4610-853f-d24e2153e23b 0.544s
2025-04-17 15:11:53.628 69978 INFO tempest.lib.common.rest_client [req-82e94357-6e66-414d-9447-a67c15f988b5 req-82e94357-6e66-414d-9447-a67c15f988b5 ] Request (ServersTestManualDisk:setUpClass): 200 GET http://10.180.1.21/compute/v2.1/servers/7e5056e6-6511-4756-9094-72b0a2230aae 0.461s
2025-04-17 15:11:53.692 69964 INFO tempest.lib.common.rest_client [req-3ec29131-def3-4744-848d-b744495be7e3 req-3ec29131-def3-4744-848d-b744495be7e3 ] Request (AttachVolumeTestJSON:test_attach_detach_volume): 200 GET http://10.180.1.21/compute/v2.1/servers/d4000e4f-7369-4e8a-96ec-8cdd732a6294 0.455s
2025-04-17 15:11:53.751 69936 INFO tempest.lib.common.rest_client [req-ce4b08fd-39e8-4d81-90b6-c1b8cce9c1f2 req-ce4b08fd-39e8-4d81-90b6-c1b8cce9c1f2 ] Request (InstanceActionsNegativeTestJSON:setUpClass): 200 GET http://10.180.1.21/compute/v2.1/servers/8211b529-f910-42e0-a094-6df9e4c64f5c 0.485s
2025-04-17 15:11:53.752 69954 INFO tempest.lib.common.rest_client [req-7716d8de-5e86-431b-8973-d8a028d3bc8c req-7716d8de-5e86-431b-8973-d8a028d3bc8c ] Request (VolumesAssistedSnapshotsTest:test_volume_assisted_snapshot_create_delete): 200 GET http://10.180.1.21/compute/v2.1/servers/503c8979-4c4e-4a8d-a06c-5a2e240437a6 0.562s
2025-04-17 15:11:53.790 69920 INFO tempest.lib.common.rest_client [req-bdd49812-6b6a-403f-ac0e-0b62a5265389 req-bdd49812-6b6a-403f-ac0e-0b62a5265389 ] Request (FlavorsV2TestJSON:tearDownClass): 200 GET http://10.180.1.21:9696/networking/v2.0/security-groups?tenant_id=895ccede576d4f27bd5927bbf5f530e7&name=default 0.241s
2025-04-17 15:11:53.813 69974 INFO tempest.lib.common.rest_client [req-c353f48e-d67c-41cc-9891-744e358812a2 req-c353f48e-d67c-41cc-9891-744e358812a2 ] Request (FloatingIPsAssociationTestJSON:test_associate_already_associated_floating_ip): 200 GET http://10.180.1.21/compute/v2.1/servers/b4c6a04c-a7f5-4796-ada2-0ca3431b947c 0.522s
2025-04-17 15:11:53.829 69958 INFO tempest.lib.common.rest_client [req-e737c21b-f962-434e-8258-4256f13307c3 req-e737c21b-f962-434e-8258-4256f13307c3 ] Request (ServerExternalEventsTest:tearDownClass): 200 GET http://10.180.1.21/compute/v2.1/servers/a3c897a7-2a7e-4308-bb68-c707147f0ee0 0.480s
2025-04-17 15:11:53.835 69926 INFO tempest.lib.common.rest_client [req-09c15ab5-1193-45de-98b1-655f6c52c05f req-09c15ab5-1193-45de-98b1-655f6c52c05f ] Request (ImagesOneServerNegativeTestJSON:test_create_image_specify_metadata_over_limits): 400 POST http://10.180.1.21/compute/v2.1/servers/28ade5ff-7678-4ff1-91f0-ca8340dfa3c8/action 0.479s
2025-04-17 15:11:53.862 69960 INFO tempest.lib.common.rest_client [req-12a15427-c09a-47ea-b463-d07c9c73a839 req-12a15427-c09a-47ea-b463-d07c9c73a839 ] Request (FlavorsAdminTestJSON:test_is_public_string_variations): 200 GET http://10.180.1.21/compute/v2.1/flavors/detail?is_public=1 0.457s
2025-04-17 15:11:53.865 69956 INFO tempest.lib.common.rest_client [req-85032ac5-19c6-4ef8-8520-fa969c57c543 req-85032ac5-19c6-4ef8-8520-fa969c57c543 ] Request (AttachInterfacesUnderV243Test:test_add_remove_fixed_ip): 200 GET http://10.180.1.21/compute/v2.1/servers/8814e29d-5c08-45f1-9a02-c30e4b7441db 0.515s
2025-04-17 15:11:53.918 69952 INFO tempest.lib.common.rest_client [req-15e302bc-af41-4cc1-9c6d-28682886bc70 req-15e302bc-af41-4cc1-9c6d-28682886bc70 ] Request (ImagesTestJSON:test_create_image_from_stopped_server): 200 GET http://10.180.1.21/compute/v2.1/images/ba9dce81-d144-437c-b01b-2a20df90b749 0.497s
2025-04-17 15:11:53.924 69920 INFO tempest.lib.common.rest_client [req-11c74a19-dcdf-41bb-ae5f-3443a9b29ed3 req-11c74a19-dcdf-41bb-ae5f-3443a9b29ed3 ] Request (FlavorsV2TestJSON:tearDownClass): 204 DELETE http://10.180.1.21:9696/networking/v2.0/security-groups/603ebf32-5800-4921-8f6d-83c184851c8d 0.134s
2025-04-17 15:11:53.930 69935 INFO tempest.lib.common.rest_client [req-c4226cb3-1bac-4fe7-a1df-bb7e017328d5 req-c4226cb3-1bac-4fe7-a1df-bb7e017328d5 ] Request (AttachInterfacesV270Test:tearDownClass): 200 GET http://10.180.1.21/compute/v2.1/servers/7276c8fa-dcb8-4b41-8d2b-e6c763093b5f 0.514s
2025-04-17 15:11:53.940 69935 INFO tempest.common.waiters [-] State transition "ACTIVE/deleting" ==> "DELETED/None" after 3 second wait
2025-04-17 15:11:53.972 69977 INFO tempest.lib.common.rest_client [req-88a57039-4640-439e-9b41-acafa2a612a2 req-88a57039-4640-439e-9b41-acafa2a612a2 ] Request (AggregatesAdminNegativeTestJSON:test_aggregate_remove_nonexistent_host): 404 POST http://10.180.1.21/compute/v2.1/os-aggregates/8/action 0.479s
2025-04-17 15:11:53.994 69932 INFO tempest.lib.common.rest_client [req-964334e2-c9cd-4093-b9b3-ee3412a6092b req-964334e2-c9cd-4093-b9b3-ee3412a6092b ] Request (ServerDiagnosticsNegativeTest:tearDownClass): 200 GET http://10.180.1.21/compute/v2.1/servers/9e47d8be-78a2-44ba-b45e-4ea081dc2ad6 0.509s
2025-04-17 15:11:54.019 69920 INFO tempest.lib.common.rest_client [req-4123d2ca-bc15-4aee-a930-2b13b793d051 req-4123d2ca-bc15-4aee-a930-2b13b793d051 ] Request (FlavorsV2TestJSON:tearDownClass): 204 DELETE http://10.180.1.21/identity/v3/projects/895ccede576d4f27bd5927bbf5f530e7 0.095s
2025-04-17 15:11:54.046 69918 INFO tempest.lib.common.rest_client [req-9a82c7b5-9889-4723-b167-4a7611ad4517 req-9a82c7b5-9889-4723-b167-4a7611ad4517 ] Request (ServersWithSpecificFlavorTestJSON:test_verify_created_server_ephemeral_disk): 200 GET http://10.180.1.21/compute/v2.1/servers/b628745a-e944-4112-b4b9-644333d17d53 0.332s
2025-04-17 15:11:54.046 69962 INFO tempest.lib.common.rest_client [req-9a20ee3a-ba48-4ddf-8beb-308e3a824455 req-9a20ee3a-ba48-4ddf-8beb-308e3a824455 ] Request (ServerGroupTestJSON:test_create_delete_server_group_with_affinity_policy): 200 POST http://10.180.1.21/compute/v2.1/os-server-groups 0.514s
2025-04-17 15:11:54.057 69918 INFO tempest.common.waiters [-] State transition "BUILD/None" ==> "BUILD/networking" after 29 second wait
2025-04-17 15:11:54.104 69920 INFO tempest.lib.common.rest_client [req-31e291a8-dc52-479c-b7fe-a28a6a35eeb6 req-31e291a8-dc52-479c-b7fe-a28a6a35eeb6 ] Request (FloatingIPDetailsTestJSON:setUpClass): 201 POST http://10.180.1.21/identity/v3/auth/tokens 0.083s
2025-04-17 15:11:54.108 69972 INFO tempest.lib.common.rest_client [req-c4845148-2ab1-4c0a-8fab-c4c941b5c2ce req-c4845148-2ab1-4c0a-8fab-c4c941b5c2ce ] Request (ServersTestJSON:test_create_server_specify_multibyte_character_name): 200 GET http://10.180.1.21/compute/v2.1/servers/5b5ee86c-11a2-43a9-8e9b-a5bc53efcb8f 0.294s
2025-04-17 15:11:54.113 69948 INFO tempest.lib.common.rest_client [req-55a1e3a2-af8f-404e-be7b-48c1c0e235e8 req-55a1e3a2-af8f-404e-be7b-48c1c0e235e8 ] Request (SecurityGroupsTestJSON:test_list_security_groups_by_server): 200 GET http://10.180.1.21/compute/v2.1/servers/ea73f497-64b3-4b6a-a2d6-6c290c634e2c 0.376s
2025-04-17 15:11:54.138 69920 INFO tempest.lib.common.rest_client [req-b5331b72-e915-4945-a485-fb79beaf2250 req-b5331b72-e915-4945-a485-fb79beaf2250 ] Request (FloatingIPDetailsTestJSON:setUpClass): 201 POST http://10.180.1.21/identity/v3/auth/tokens 0.032s
2025-04-17 15:11:54.140 69960 INFO tempest.lib.common.rest_client [req-4aaeb810-929d-4e92-84d4-80d4d682f2cd req-4aaeb810-929d-4e92-84d4-80d4d682f2cd ] Request (FlavorsAdminTestJSON:_run_cleanups): 202 DELETE http://10.180.1.21/compute/v2.1/flavors/1687099773 0.273s
2025-04-17 15:11:54.168 69920 INFO tempest.lib.common.rest_client [req-1d483363-7bf5-4c29-b871-790c509bf728 req-1d483363-7bf5-4c29-b871-790c509bf728 ] Request (FloatingIPDetailsTestJSON:setUpClass): 200 GET http://10.180.1.21/identity/v3/domains?name=Default 0.029s
