2025-04-17 15:11:54.202 69920 INFO tempest.lib.common.rest_client [req-b66f6369-df81-4342-af99-47be66084299 req-b66f6369-df81-4342-af99-47be66084299 ] Request (FloatingIPDetailsTestJSON:setUpClass): 201 POST http://10.180.1.21/identity/v3/projects 0.032s
2025-04-17 15:11:54.208 69940 INFO tempest.lib.common.rest_client [req-5e04a28d-bdeb-4aa9-b7fa-0573c5c47612 req-5e04a28d-bdeb-4aa9-b7fa-0573c5c47612 ] Request (ServerDiagnosticsV248Test:tearDownClass): 200 GET http://10.180.1.21/compute/v2.1/servers/f9bbe81f-2cc4-4e4b-ad4c-ec555d17f0cd 0.312s
2025-04-17 15:11:54.227 69977 INFO tempest.lib.common.rest_client [req-c054261b-6aa4-4b6e-b4de-08f3d15e3429 req-c054261b-6aa4-4b6e-b4de-08f3d15e3429 ] Request (AggregatesAdminNegativeTestJSON:_run_cleanups): 200 DELETE http://10.180.1.21/compute/v2.1/os-aggregates/8 0.254s
2025-04-17 15:11:54.242 69926 INFO tempest.lib.common.rest_client [req-be070571-ad77-4918-9abf-e27332498ebc req-be070571-ad77-4918-9abf-e27332498ebc ] Request (ImagesOneServerNegativeTestJSON:tearDown): 200 GET http://10.180.1.21/compute/v2.1/servers/28ade5ff-7678-4ff1-91f0-ca8340dfa3c8 0.407s
2025-04-17 15:11:54.264 69962 INFO tempest.lib.common.rest_client [req-6e92e3c2-ef9a-413a-8ac9-7dab5b461232 req-6e92e3c2-ef9a-413a-8ac9-7dab5b461232 ] Request (ServerGroupTestJSON:test_create_delete_server_group_with_affinity_policy): 204 DELETE http://10.180.1.21/compute/v2.1/os-server-groups/9d9ac44d-c24c-4fd8-a929-e12e76a2e308 0.216s
2025-04-17 15:11:54.269 69920 INFO tempest.lib.common.rest_client [req-1bae1212-b2be-4fbf-ad18-1e44f0146bd1 req-1bae1212-b2be-4fbf-ad18-1e44f0146bd1 ] Request (FloatingIPDetailsTestJSON:setUpClass): 201 POST http://10.180.1.21/identity/v3/users 0.067s
2025-04-17 15:11:54.285 69970 INFO tempest.lib.common.rest_client [req-0075bf48-4371-414b-904d-f027ca30fb3c req-0075bf48-4371-414b-904d-f027ca30fb3c ] Request (ServerShowV247Test:test_update_rebuild_list_server): 200 GET http://10.180.1.21/compute/v2.1/servers/f7c6c094-7f59-44f1-8107-e8b5f0850c68 0.314s
2025-04-17 15:11:54.289 69920 INFO tempest.lib.common.rest_client [req-047a35db-ad8b-4bf2-9e77-9f904a9332db req-047a35db-ad8b-4bf2-9e77-9f904a9332db ] Request (FloatingIPDetailsTestJSON:setUpClass): 200 GET http://10.180.1.21/identity/v3/roles 0.019s
2025-04-17 15:11:54.314 69920 INFO tempest.lib.common.rest_client [req-2b87b8c9-b590-4b74-af8e-c24ca105a01f req-2b87b8c9-b590-4b74-af8e-c24ca105a01f ] Request (FloatingIPDetailsTestJSON:setUpClass): 204 PUT http://10.180.1.21/identity/v3/projects/7c453466c72245d99793291c30c3b391/users/c39f852df1624b60ac466c0dd3c6c0d5/roles/1c78e99dd06042ba8dc1122e93ececfb 0.024s
2025-04-17 15:11:54.314 69920 INFO tempest.lib.common.dynamic_creds [-] Dynamic test user c39f852df1624b60ac466c0dd3c6c0d5 is created with scope project and roles: ['member']
2025-04-17 15:11:54.314 69920 INFO tempest.lib.common.dynamic_creds [-] Acquired dynamic creds: credentials: Credentials: {'domain_id': 'default', 'domain_name': 'Default', 'username': 'tempest-FloatingIPDetailsTestJSON-877198933-project-member', 'project_domain_id': 'default', 'project_domain_name': 'Default', 'project_id': '7c453466c72245d99793291c30c3b391', 'project_name': 'tempest-FloatingIPDetailsTestJSON-877198933', 'tenant_id': '7c453466c72245d99793291c30c3b391', 'tenant_name': 'tempest-FloatingIPDetailsTestJSON-877198933', 'user_domain_id': 'default', 'user_domain_name': 'Default', 'user_id': 'c39f852df1624b60ac466c0dd3c6c0d5', 'system': None}, Network: None, Subnet: None, Router: None
2025-04-17 15:11:54.333 69977 INFO tempest.lib.common.rest_client [req-ff80c5a8-ecf0-4db3-999b-454baeed926f req-ff80c5a8-ecf0-4db3-999b-454baeed926f ] Request (AggregatesAdminNegativeTestJSON:tearDownClass): 204 DELETE http://10.180.1.21/identity/v3/users/94ffb45763524cfabd4aedda81393945 0.104s
2025-04-17 15:11:54.430 69977 INFO tempest.lib.common.rest_client [req-104b6818-47f8-45de-b204-159922bfede7 req-104b6818-47f8-45de-b204-159922bfede7 ] Request (AggregatesAdminNegativeTestJSON:tearDownClass): 204 DELETE http://10.180.1.21/identity/v3/users/ca57a9a08c364bd4a632690ad2af669f 0.096s
2025-04-17 15:11:54.430 69977 INFO tempest.lib.common.dynamic_creds [-] Deleting project and security group for project: b29621422cae4b9bb01e9d0a9d5aa475
2025-04-17 15:11:54.507 69977 INFO tempest.lib.common.rest_client [req-3c6b2cd2-f060-4f00-8675-db63e1395459 req-3c6b2cd2-f060-4f00-8675-db63e1395459 ] Request (AggregatesAdminNegativeTestJSON:tearDownClass): 201 POST http://10.180.1.21/identity/v3/auth/tokens 0.076s
2025-04-17 15:11:54.515 69922 INFO tempest.lib.common.rest_client [req-cb6f6499-0d43-45c0-8796-1e15dd72df29 req-cb6f6499-0d43-45c0-8796-1e15dd72df29 ] Request (ServersAdmin275Test:test_rebuild_update_server_275): 200 GET http://10.180.1.21/compute/v2.1/servers/ccea07bc-1f5c-4217-82c5-0a4852f6237b 0.461s
2025-04-17 15:11:54.519 69930 INFO tempest.lib.common.rest_client [req-3ea38303-6550-43ba-81b4-155e6564c61e req-3ea38303-6550-43ba-81b4-155e6564c61e ] Request (MigrationsAdminTest:test_list_migrations_in_flavor_resize_situation): 200 GET http://10.180.1.21/compute/v2.1/servers/3d99f616-a6a4-471c-9665-4f32f1a585ea 0.422s
2025-04-17 15:11:54.524 69920 INFO tempest.lib.common.rest_client [req-d3382952-7bee-4f9b-b53e-6ba54005dec8 req-d3382952-7bee-4f9b-b53e-6ba54005dec8 ] Request (FloatingIPDetailsTestJSON:setUpClass): 201 POST http://10.180.1.21/identity/v3/auth/tokens 0.210s
2025-04-17 15:11:54.572 69960 INFO tempest.lib.common.rest_client [req-a3da8865-b4b4-4984-af71-5dfe3e7f6b98 req-a3da8865-b4b4-4984-af71-5dfe3e7f6b98 ] Request (FlavorsAdminTestJSON:_run_cleanups): 200 GET http://10.180.1.21/compute/v2.1/flavors/detail 0.431s
2025-04-17 15:11:54.591 69950 INFO tempest.lib.common.rest_client [req-aa470872-ef06-43b4-9490-06fdee1115b8 req-aa470872-ef06-43b4-9490-06fdee1115b8 ] Request (ListImageFiltersTestJSON:setUpClass): 200 GET http://10.180.1.21/compute/v2.1/servers/86b7096c-bb42-4ef5-befb-e9d228d2f03c 0.446s
2025-04-17 15:11:54.659 69924 INFO tempest.lib.common.rest_client [req-11680cd0-2f8e-40ea-9673-0197d8cc24e3 req-11680cd0-2f8e-40ea-9673-0197d8cc24e3 ] Request (FloatingIPsAssociationNegativeTestJSON:setUpClass): 200 GET http://10.180.1.21/compute/v2.1/servers/87fe142a-3f0f-44f3-a4f1-6aa63e283317 0.445s
2025-04-17 15:11:54.669 69962 INFO tempest.lib.common.rest_client [req-31fec107-77db-40b6-8934-c97602fc82c9 req-31fec107-77db-40b6-8934-c97602fc82c9 ] Request (ServerGroupTestJSON:test_create_delete_server_group_with_affinity_policy): 200 GET http://10.180.1.21/compute/v2.1/os-server-groups 0.404s
2025-04-17 15:11:54.758 69945 INFO tempest.lib.common.rest_client [req-4575564f-b085-42f2-867f-e87f0ee6b240 req-4575564f-b085-42f2-867f-e87f0ee6b240 ] Request (DeleteServersAdminTestJSON:test_admin_delete_servers_of_others): 200 GET http://10.180.1.21/compute/v2.1/servers/f6c90dc2-21c0-4ca4-bf33-fca2ac1adce1 0.490s
2025-04-17 15:11:54.855 69942 INFO tempest.lib.common.rest_client [req-ae09c5d8-7d9d-4ac7-839e-b44d74037a0b req-ae09c5d8-7d9d-4ac7-839e-b44d74037a0b ] Request (VolumesAdminNegativeTest:test_update_attached_volume_with_nonexistent_volume_in_body): 200 GET http://10.180.1.21/compute/v2.1/servers/e44b6009-d869-4820-8da1-e4c8f2343035 0.393s
2025-04-17 15:11:54.945 69980 INFO tempest.lib.common.rest_client [req-0eb185b4-8cb2-4862-848a-7d5a2ad84d79 req-0eb185b4-8cb2-4862-848a-7d5a2ad84d79 ] Request (ServersAdminTestJSON:setUpClass): 200 GET http://10.180.1.21/compute/v2.1/servers/8731c74f-1386-4369-a73a-f473279a0a86 0.460s
2025-04-17 15:11:54.957 69977 INFO tempest.lib.common.rest_client [req-8f44f3b2-67f8-4974-81ee-d48dd7a9e551 req-8f44f3b2-67f8-4974-81ee-d48dd7a9e551 ] Request (AggregatesAdminNegativeTestJSON:tearDownClass): 200 GET http://10.180.1.21:9696/networking/v2.0/security-groups?tenant_id=b29621422cae4b9bb01e9d0a9d5aa475&name=default 0.450s
2025-04-17 15:11:54.977 69926 INFO tempest.lib.common.rest_client [req-66fcf6a6-8673-42fb-aafb-ae7bc51379d4 req-66fcf6a6-8673-42fb-aafb-ae7bc51379d4 ] Request (ImagesOneServerNegativeTestJSON:setUp): 200 GET http://10.180.1.21/compute/v2.1/servers/28ade5ff-7678-4ff1-91f0-ca8340dfa3c8 0.726s
2025-04-17 15:11:55.038 69928 INFO tempest.lib.common.rest_client [req-2f46b8b5-27ea-4919-8c41-14918aa1eae2 req-2f46b8b5-27ea-4919-8c41-14918aa1eae2 ] Request (ServerAddressesNegativeTestJSON:tearDownClass): 200 GET http://10.180.1.21/compute/v2.1/servers/2cc0cac7-996e-492f-b09f-5921f3cfa2f5 0.514s
2025-04-17 15:11:55.041 69938 INFO tempest.lib.common.rest_client [req-77895c89-9fe6-4e47-b922-41268a739238 req-77895c89-9fe6-4e47-b922-41268a739238 ] Request (ServersAdminNegativeTestJSON:test_migrate_server_invalid_state): 200 GET http://10.180.1.21/compute/v2.1/servers/3a6bc090-13ff-4df0-b89c-d7782488111f 0.498s
2025-04-17 15:11:55.044 69977 INFO tempest.lib.common.rest_client [req-fb75ce08-185f-42ca-830e-1321276fa93b req-fb75ce08-185f-42ca-830e-1321276fa93b ] Request (AggregatesAdminNegativeTestJSON:tearDownClass): 204 DELETE http://10.180.1.21:9696/networking/v2.0/security-groups/79fdf40c-2629-4a91-b64e-a2323fb491f6 0.086s
2025-04-17 15:11:55.072 69960 INFO tempest.lib.common.rest_client [req-4a400492-b1e0-4922-bac3-2b2bc0b15220 req-4a400492-b1e0-4922-bac3-2b2bc0b15220 ] Request (FlavorsAdminTestJSON:_run_cleanups): 202 DELETE http://10.180.1.21/compute/v2.1/flavors/568764363 0.493s
2025-04-17 15:11:55.095 69966 INFO tempest.lib.common.rest_client [req-b77b6153-cd86-4f12-9f80-e0e019ab82d9 req-b77b6153-cd86-4f12-9f80-e0e019ab82d9 ] Request (ImagesOneServerTestJSON:test_create_delete_image): 200 GET http://10.180.1.21/compute/v2.1/images/d5d3e3e1-cb39-47c6-bdf1-9c1e996a721d 0.519s
2025-04-17 15:11:55.102 69920 INFO tempest.lib.common.rest_client [req-76ff02d7-edf7-404f-9636-b8b12b1c2585 req-76ff02d7-edf7-404f-9636-b8b12b1c2585 ] Request (FloatingIPDetailsTestJSON:setUpClass): 201 POST http://10.180.1.21:9696/networking/v2.0/networks 0.574s
2025-04-17 15:11:55.141 69977 INFO tempest.lib.common.rest_client [req-1767b668-732b-4f6c-8977-2113563c49cc req-1767b668-732b-4f6c-8977-2113563c49cc ] Request (AggregatesAdminNegativeTestJSON:tearDownClass): 204 DELETE http://10.180.1.21/identity/v3/projects/b29621422cae4b9bb01e9d0a9d5aa475 0.097s
2025-04-17 15:11:55.142 69977 INFO tempest.lib.common.dynamic_creds [-] Deleting project and security group for project: 4be9ce7ee8dd4e1bbe32cfe54ab1ba35
2025-04-17 15:11:55.147 69946 INFO tempest.lib.common.rest_client [req-8c910147-d94a-4a19-868b-0b60614da947 req-8c910147-d94a-4a19-868b-0b60614da947 ] Request (ServerDiagnosticsTest:tearDownClass): 200 GET http://10.180.1.21/compute/v2.1/servers/b67ec752-446a-4610-853f-d24e2153e23b 0.549s
2025-04-17 15:11:55.168 69978 INFO tempest.lib.common.rest_client [req-5ca599b3-300a-4f28-94f6-23099c38cb38 req-5ca599b3-300a-4f28-94f6-23099c38cb38 ] Request (ServersTestManualDisk:setUpClass): 200 GET http://10.180.1.21/compute/v2.1/servers/7e5056e6-6511-4756-9094-72b0a2230aae 0.529s
2025-04-17 15:11:55.213 69962 INFO tempest.lib.common.rest_client [req-22edb8b9-f71f-4444-a3c5-d84a2a7baa7e req-22edb8b9-f71f-4444-a3c5-d84a2a7baa7e ] Request (ServerGroupTestJSON:test_create_delete_server_group_with_anti_affinity_policy): 200 POST http://10.180.1.21/compute/v2.1/os-server-groups 0.541s
2025-04-17 15:11:55.243 69964 INFO tempest.lib.common.rest_client [req-a3cead0d-6953-40dc-82c8-0025aa1459db req-a3cead0d-6953-40dc-82c8-0025aa1459db ] Request (AttachVolumeTestJSON:test_attach_detach_volume): 200 GET http://10.180.1.21/compute/v2.1/servers/d4000e4f-7369-4e8a-96ec-8cdd732a6294 0.543s
2025-04-17 15:11:55.251 69977 INFO tempest.lib.common.rest_client [req-ebc1a80e-c394-4668-804a-b414cdf6645c req-ebc1a80e-c394-4668-804a-b414cdf6645c ] Request (AggregatesAdminNegativeTestJSON:tearDownClass): 200 GET http://10.180.1.21:9696/networking/v2.0/security-groups?tenant_id=4be9ce7ee8dd4e1bbe32cfe54ab1ba35&name=default 0.109s
2025-04-17 15:11:55.273 69936 INFO tempest.lib.common.rest_client [req-53ed2d38-d44b-4974-a491-0c0424daaee5 req-53ed2d38-d44b-4974-a491-0c0424daaee5 ] Request (InstanceActionsNegativeTestJSON:setUpClass): 200 GET http://10.180.1.21/compute/v2.1/servers/8211b529-f910-42e0-a094-6df9e4c64f5c 0.511s
2025-04-17 15:11:55.321 69977 INFO tempest.lib.common.rest_client [req-fa64befd-0570-4ce5-bc04-d1a04c9dd2e1 req-fa64befd-0570-4ce5-bc04-d1a04c9dd2e1 ] Request (AggregatesAdminNegativeTestJSON:tearDownClass): 204 DELETE http://10.180.1.21:9696/networking/v2.0/security-groups/cefe0e1a-66d0-4900-80e1-3adab5978fdb 0.070s
2025-04-17 15:11:55.337 69974 INFO tempest.lib.common.rest_client [req-e7a3eb0a-2885-4f64-8fc4-1d2b4d97fb16 req-e7a3eb0a-2885-4f64-8fc4-1d2b4d97fb16 ] Request (FloatingIPsAssociationTestJSON:test_associate_already_associated_floating_ip): 200 GET http://10.180.1.21/compute/v2.1/servers/b4c6a04c-a7f5-4796-ada2-0ca3431b947c 0.514s
2025-04-17 15:11:55.408 69977 INFO tempest.lib.common.rest_client [req-257cec81-87c9-47ee-b33c-330ed84226df req-257cec81-87c9-47ee-b33c-330ed84226df ] Request (AggregatesAdminNegativeTestJSON:tearDownClass): 204 DELETE http://10.180.1.21/identity/v3/projects/4be9ce7ee8dd4e1bbe32cfe54ab1ba35 0.086s
2025-04-17 15:11:55.423 69958 INFO tempest.lib.common.rest_client [req-1d12bc23-93f7-457f-a7f3-15af8a138507 req-1d12bc23-93f7-457f-a7f3-15af8a138507 ] Request (ServerExternalEventsTest:tearDownClass): 200 GET http://10.180.1.21/compute/v2.1/servers/a3c897a7-2a7e-4308-bb68-c707147f0ee0 0.585s
2025-04-17 15:11:55.457 69954 INFO tempest.lib.common.rest_client [req-a1ee38e2-f8e7-4f75-95c2-26ef9d04b525 req-a1ee38e2-f8e7-4f75-95c2-26ef9d04b525 ] Request (VolumesAssistedSnapshotsTest:test_volume_assisted_snapshot_create_delete): 200 GET http://10.180.1.21/compute/v2.1/servers/503c8979-4c4e-4a8d-a06c-5a2e240437a6 0.694s
2025-04-17 15:11:55.464 69954 INFO tempest.common.waiters [-] State transition "BUILD/spawning" ==> "ACTIVE/None" after 32 second wait
2025-04-17 15:11:55.477 69956 INFO tempest.lib.common.rest_client [req-8c7e9918-8bd2-4101-96f5-9cb480564635 req-8c7e9918-8bd2-4101-96f5-9cb480564635 ] Request (AttachInterfacesUnderV243Test:test_add_remove_fixed_ip): 200 GET http://10.180.1.21/compute/v2.1/servers/8814e29d-5c08-45f1-9a02-c30e4b7441db 0.602s
2025-04-17 15:11:55.481 69977 INFO tempest.lib.common.rest_client [req-ff196f7a-68f9-459a-a90b-bd501affc223 req-ff196f7a-68f9-459a-a90b-bd501affc223 ] Request (ServerDiskConfigTestJSON:setUpClass): 201 POST http://10.180.1.21/identity/v3/auth/tokens 0.071s
2025-04-17 15:11:55.498 69952 INFO tempest.lib.common.rest_client [req-4b53d57e-f962-4a7c-8783-db39fe85032f req-4b53d57e-f962-4a7c-8783-db39fe85032f ] Request (ImagesTestJSON:test_create_image_from_stopped_server): 200 GET http://10.180.1.21/compute/v2.1/images/ba9dce81-d144-437c-b01b-2a20df90b749 0.575s
2025-04-17 15:11:55.506 69926 INFO tempest.lib.common.rest_client [req-b0636785-911d-442d-a93f-5190eed1feb0 req-b0636785-911d-442d-a93f-5190eed1feb0 ] Request (ImagesOneServerNegativeTestJSON:test_create_image_specify_name_over_character_limit): 400 POST http://10.180.1.21/compute/v2.1/servers/28ade5ff-7678-4ff1-91f0-ca8340dfa3c8/action 0.521s
2025-04-17 15:11:55.512 69920 INFO tempest.lib.common.rest_client [req-e229be95-5813-4eb3-8dfb-1eed01117282 req-e229be95-5813-4eb3-8dfb-1eed01117282 ] Request (FloatingIPDetailsTestJSON:setUpClass): 201 POST http://10.180.1.21:9696/networking/v2.0/subnets 0.408s
2025-04-17 15:11:55.520 69977 INFO tempest.lib.common.rest_client [req-0d4582d8-20ef-49ce-b6c5-df45bf43f037 req-0d4582d8-20ef-49ce-b6c5-df45bf43f037 ] Request (ServerDiskConfigTestJSON:setUpClass): 201 POST http://10.180.1.21/identity/v3/auth/tokens 0.033s
2025-04-17 15:11:55.552 69935 INFO tempest.lib.common.rest_client [req-f0117b4b-3bca-4247-afaf-bd1cac7d8313 req-f0117b4b-3bca-4247-afaf-bd1cac7d8313 ] Request (AttachInterfacesV270Test:tearDownClass): 200 GET http://10.180.1.21/compute/v2.1/servers/7276c8fa-dcb8-4b41-8d2b-e6c763093b5f 0.610s
2025-04-17 15:11:55.555 69977 INFO tempest.lib.common.rest_client [req-5122259f-f667-45fd-8901-1bcf14b6eb24 req-5122259f-f667-45fd-8901-1bcf14b6eb24 ] Request (ServerDiskConfigTestJSON:setUpClass): 200 GET http://10.180.1.21/identity/v3/domains?name=Default 0.034s
2025-04-17 15:11:55.577 69932 INFO tempest.lib.common.rest_client [req-2c965008-3624-4914-950f-424ad3aeed3e req-2c965008-3624-4914-950f-424ad3aeed3e ] Request (ServerDiagnosticsNegativeTest:tearDownClass): 200 GET http://10.180.1.21/compute/v2.1/servers/9e47d8be-78a2-44ba-b45e-4ea081dc2ad6 0.574s
2025-04-17 15:11:55.588 69977 INFO tempest.lib.common.rest_client [req-97c800f0-6e9e-4168-8a56-d47b92e245db req-97c800f0-6e9e-4168-8a56-d47b92e245db ] Request (ServerDiskConfigTestJSON:setUpClass): 201 POST http://10.180.1.21/identity/v3/projects 0.033s
2025-04-17 15:11:55.601 69960 INFO tempest.lib.common.rest_client [req-2dc715a4-42f3-4b7c-a359-bc62fc6539e4 req-2dc715a4-42f3-4b7c-a359-bc62fc6539e4 ] Request (FlavorsAdminTestJSON:_run_cleanups): 200 GET http://10.180.1.21/compute/v2.1/flavors/detail 0.528s
2025-04-17 15:11:55.661 69972 INFO tempest.lib.common.rest_client [req-618943a4-9e03-43d5-a343-f273ff240391 req-618943a4-9e03-43d5-a343-f273ff240391 ] Request (ServersTestJSON:test_create_server_specify_multibyte_character_name): 200 GET http://10.180.1.21/compute/v2.1/servers/5b5ee86c-11a2-43a9-8e9b-a5bc53efcb8f 0.543s
2025-04-17 15:11:55.665 69977 INFO tempest.lib.common.rest_client [req-c1ce13c1-a0b9-4f14-96bd-c3ce1bf52a9c req-c1ce13c1-a0b9-4f14-96bd-c3ce1bf52a9c ] Request (ServerDiskConfigTestJSON:setUpClass): 201 POST http://10.180.1.21/identity/v3/users 0.075s
2025-04-17 15:11:55.690 69918 INFO tempest.lib.common.rest_client [req-a9375d73-cd80-4653-a058-ee6527791bda req-a9375d73-cd80-4653-a058-ee6527791bda ] Request (ServersWithSpecificFlavorTestJSON:test_verify_created_server_ephemeral_disk): 200 GET http://10.180.1.21/compute/v2.1/servers/b628745a-e944-4112-b4b9-644333d17d53 0.632s
2025-04-17 15:11:55.690 69977 INFO tempest.lib.common.rest_client [req-22c5c90f-424d-4361-8cb6-dc734568d59a req-22c5c90f-424d-4361-8cb6-dc734568d59a ] Request (ServerDiskConfigTestJSON:setUpClass): 200 GET http://10.180.1.21/identity/v3/roles 0.025s
2025-04-17 15:11:55.697 69918 INFO tempest.common.waiters [-] State transition "BUILD/networking" ==> "BUILD/spawning" after 30 second wait
2025-04-17 15:11:55.719 69962 INFO tempest.lib.common.rest_client [req-bf65da49-8eeb-4eda-807d-ea7318dfa386 req-bf65da49-8eeb-4eda-807d-ea7318dfa386 ] Request (ServerGroupTestJSON:test_create_delete_server_group_with_anti_affinity_policy): 204 DELETE http://10.180.1.21/compute/v2.1/os-server-groups/8ed86f31-5b0c-4dc9-99a9-6cbe3d587bcd 0.504s
2025-04-17 15:11:55.720 69948 INFO tempest.lib.common.rest_client [req-018e94bb-6003-4faa-97c9-be882812278f req-018e94bb-6003-4faa-97c9-be882812278f ] Request (SecurityGroupsTestJSON:test_list_security_groups_by_server): 200 GET http://10.180.1.21/compute/v2.1/servers/ea73f497-64b3-4b6a-a2d6-6c290c634e2c 0.597s
2025-04-17 15:11:55.724 69977 INFO tempest.lib.common.rest_client [req-f468284f-7422-45ae-94cb-0ccfa08e422a req-f468284f-7422-45ae-94cb-0ccfa08e422a ] Request (ServerDiskConfigTestJSON:setUpClass): 204 PUT http://10.180.1.21/identity/v3/projects/7d262283422a4d428e400360c4f93acf/users/9748d3cdac584efd84dbcbe97ce0ee19/roles/1c78e99dd06042ba8dc1122e93ececfb 0.033s
2025-04-17 15:11:55.724 69977 INFO tempest.lib.common.dynamic_creds [-] Dynamic test user 9748d3cdac584efd84dbcbe97ce0ee19 is created with scope project and roles: ['member']
2025-04-17 15:11:55.725 69977 INFO tempest.lib.common.dynamic_creds [-] Acquired dynamic creds: credentials: Credentials: {'domain_id': 'default', 'domain_name': 'Default', 'username': 'tempest-ServerDiskConfigTestJSON-1960270546-project-member', 'project_domain_id': 'default', 'project_domain_name': 'Default', 'project_id': '7d262283422a4d428e400360c4f93acf', 'project_name': 'tempest-ServerDiskConfigTestJSON-1960270546', 'tenant_id': '7d262283422a4d428e400360c4f93acf', 'tenant_name': 'tempest-ServerDiskConfigTestJSON-1960270546', 'user_domain_id': 'default', 'user_domain_name': 'Default', 'user_id': '9748d3cdac584efd84dbcbe97ce0ee19', 'system': None}, Network: None, Subnet: None, Router: None
2025-04-17 15:11:55.790 69977 INFO tempest.lib.common.rest_client [req-ff0744d7-5b1a-4b70-aef5-1b9367828249 req-ff0744d7-5b1a-4b70-aef5-1b9367828249 ] Request (ServerDiskConfigTestJSON:setUpClass): 201 POST http://10.180.1.21/identity/v3/auth/tokens 0.065s
2025-04-17 15:11:55.805 69970 INFO tempest.lib.common.rest_client [req-b7fef9e7-3dec-4724-b0cf-28d37cd39d56 req-b7fef9e7-3dec-4724-b0cf-28d37cd39d56 ] Request (ServerShowV247Test:test_update_rebuild_list_server): 200 GET http://10.180.1.21/compute/v2.1/servers/f7c6c094-7f59-44f1-8107-e8b5f0850c68 0.510s
2025-04-17 15:11:55.825 69940 INFO tempest.lib.common.rest_client [req-f71b79a7-04fc-4806-98b1-2a77e7fccaab req-f71b79a7-04fc-4806-98b1-2a77e7fccaab ] Request (ServerDiagnosticsV248Test:tearDownClass): 200 GET http://10.180.1.21/compute/v2.1/servers/f9bbe81f-2cc4-4e4b-ad4c-ec555d17f0cd 0.605s
2025-04-17 15:11:55.903 69954 INFO tempest.lib.common.rest_client [req-5b2940ce-d126-49c1-9ef7-c6ec7916e3ba req-5b2940ce-d126-49c1-9ef7-c6ec7916e3ba ] Request (VolumesAssistedSnapshotsTest:test_volume_assisted_snapshot_create_delete): 200 GET http://10.180.1.21/compute/v2.1/servers/503c8979-4c4e-4a8d-a06c-5a2e240437a6/os-interface 0.438s
2025-04-17 15:11:55.978 69930 INFO tempest.lib.common.rest_client [req-6fda35fc-4dd1-4853-8c3b-f1b75ac8e1e4 req-6fda35fc-4dd1-4853-8c3b-f1b75ac8e1e4 ] Request (MigrationsAdminTest:test_list_migrations_in_flavor_resize_situation): 200 GET http://10.180.1.21/compute/v2.1/servers/3d99f616-a6a4-471c-9665-4f32f1a585ea 0.450s
2025-04-17 15:11:56.013 69926 INFO tempest.lib.common.rest_client [req-63d4ced7-d77c-4202-949e-fe615ea5351a req-63d4ced7-d77c-4202-949e-fe615ea5351a ] Request (ImagesOneServerNegativeTestJSON:tearDown): 200 GET http://10.180.1.21/compute/v2.1/servers/28ade5ff-7678-4ff1-91f0-ca8340dfa3c8 0.506s
2025-04-17 15:11:56.051 69922 INFO tempest.lib.common.rest_client [req-9e30b4cc-a662-4b0a-a17c-7f9580bdd13b req-9e30b4cc-a662-4b0a-a17c-7f9580bdd13b ] Request (ServersAdmin275Test:test_rebuild_update_server_275): 200 GET http://10.180.1.21/compute/v2.1/servers/ccea07bc-1f5c-4217-82c5-0a4852f6237b 0.514s
2025-04-17 15:11:56.071 69960 INFO tempest.lib.common.rest_client [req-1b059c3c-9110-4989-9f20-2316f41a0624 req-1b059c3c-9110-4989-9f20-2316f41a0624 ] Request (FlavorsAdminTestJSON:test_list_non_public_flavor): 200 POST http://10.180.1.21/compute/v2.1/flavors 0.462s
2025-04-17 15:11:56.079 69950 INFO tempest.lib.common.rest_client [req-c967617d-e1bb-469f-a05a-143917be18a3 req-c967617d-e1bb-469f-a05a-143917be18a3 ] Request (ListImageFiltersTestJSON:setUpClass): 200 GET http://10.180.1.21/compute/v2.1/servers/86b7096c-bb42-4ef5-befb-e9d228d2f03c 0.479s
2025-04-17 15:11:56.101 69962 INFO tempest.lib.common.rest_client [req-eea6254a-7360-46db-8ae7-4fe1ae4bd9ed req-eea6254a-7360-46db-8ae7-4fe1ae4bd9ed ] Request (ServerGroupTestJSON:test_create_delete_server_group_with_anti_affinity_policy): 200 GET http://10.180.1.21/compute/v2.1/os-server-groups 0.381s
2025-04-17 15:11:56.131 69924 INFO tempest.lib.common.rest_client [req-7b7f74d1-1145-423b-a553-dd328ba91f8d req-7b7f74d1-1145-423b-a553-dd328ba91f8d ] Request (FloatingIPsAssociationNegativeTestJSON:setUpClass): 200 GET http://10.180.1.21/compute/v2.1/servers/87fe142a-3f0f-44f3-a4f1-6aa63e283317 0.464s
2025-04-17 15:11:56.175 69945 INFO tempest.lib.common.rest_client [req-86218201-ec83-4af8-a32c-c95aebd9c16b req-86218201-ec83-4af8-a32c-c95aebd9c16b ] Request (DeleteServersAdminTestJSON:test_admin_delete_servers_of_others): 200 GET http://10.180.1.21/compute/v2.1/servers/f6c90dc2-21c0-4ca4-bf33-fca2ac1adce1 0.402s
2025-04-17 15:11:56.177 69962 INFO tempest.lib.common.rest_client [req-29c0e3ec-ec84-4a2a-b2e6-60765007dedb req-29c0e3ec-ec84-4a2a-b2e6-60765007dedb ] Request (ServerGroupTestJSON:test_create_server_with_scheduler_hint_group): 201 POST http://10.180.1.21/identity/v3/auth/tokens 0.067s
2025-04-17 15:11:56.177 69962 INFO tempest.lib.common.fixed_network [-] (ServerGroupTestJSON:test_create_server_with_scheduler_hint_group) Found network {'id': '1cb592ed-4083-4333-b674-2835ecbef5ce', 'name': 'tempest-ServerGroupTestJSON-696182142-network', 'tenant_id': '68f371f204de4af1b146795b1734f188', 'admin_state_up': True, 'mtu': 8950, 'status': 'ACTIVE', 'subnets': [], 'shared': False, 'project_id': '68f371f204de4af1b146795b1734f188', 'port_security_enabled': True, 'router:external': False, 'provider:network_type': 'vlan', 'provider:physical_network': 'default', 'provider:segmentation_id': 684, 'availability_zone_hints': [], 'availability_zones': [], 'ipv4_address_scope': None, 'ipv6_address_scope': None, 'description': '', 'tags': [], 'created_at': '2025-04-17T15:11:39Z', 'updated_at': '2025-04-17T15:11:39Z', 'revision_number': 1} available for tenant
2025-04-17 15:11:56.191 69942 INFO tempest.lib.common.rest_client [req-3d2e1043-9f59-4c41-ba84-c77eaf7b10e2 req-3d2e1043-9f59-4c41-ba84-c77eaf7b10e2 ] Request (VolumesAdminNegativeTest:test_update_attached_volume_with_nonexistent_volume_in_body): 200 GET http://10.180.1.21/compute/v2.1/servers/e44b6009-d869-4820-8da1-e4c8f2343035 0.327s
2025-04-17 15:11:56.231 69980 INFO tempest.lib.common.rest_client [req-c8ea6789-e542-4b1b-b3fe-8bfbe6e20cd2 req-c8ea6789-e542-4b1b-b3fe-8bfbe6e20cd2 ] Request (ServersAdminTestJSON:setUpClass): 200 GET http://10.180.1.21/compute/v2.1/servers/8731c74f-1386-4369-a73a-f473279a0a86 0.274s
2025-04-17 15:11:56.240 69977 INFO tempest.lib.common.rest_client [req-e6d1259d-bf9f-4656-ba07-2534b2bd9e5b req-e6d1259d-bf9f-4656-ba07-2534b2bd9e5b ] Request (ServerDiskConfigTestJSON:setUpClass): 201 POST http://10.180.1.21:9696/networking/v2.0/networks 0.449s
2025-04-17 15:11:56.292 69938 INFO tempest.lib.common.rest_client [req-30ce4db9-9290-4148-87f7-13b66529e9c7 req-30ce4db9-9290-4148-87f7-13b66529e9c7 ] Request (ServersAdminNegativeTestJSON:test_migrate_server_invalid_state): 200 GET http://10.180.1.21/compute/v2.1/servers/3a6bc090-13ff-4df0-b89c-d7782488111f 0.241s
2025-04-17 15:11:56.317 69926 INFO tempest.lib.common.rest_client [req-01e43949-1918-494b-897e-40ff11b653a3 req-01e43949-1918-494b-897e-40ff11b653a3 ] Request (ImagesOneServerNegativeTestJSON:setUp): 200 GET http://10.180.1.21/compute/v2.1/servers/28ade5ff-7678-4ff1-91f0-ca8340dfa3c8 0.295s
2025-04-17 15:11:56.342 69960 INFO tempest.lib.common.rest_client [req-a7731816-6873-4a61-8b70-7fd56ebc79b3 req-a7731816-6873-4a61-8b70-7fd56ebc79b3 ] Request (FlavorsAdminTestJSON:test_list_non_public_flavor): 200 GET http://10.180.1.21/compute/v2.1/flavors/detail 0.268s
2025-04-17 15:11:56.360 69928 INFO tempest.lib.common.rest_client [req-48279585-bdab-4639-b829-45bc30e229a4 req-48279585-bdab-4639-b829-45bc30e229a4 ] Request (ServerAddressesNegativeTestJSON:tearDownClass): 200 GET http://10.180.1.21/compute/v2.1/servers/2cc0cac7-996e-492f-b09f-5921f3cfa2f5 0.307s
2025-04-17 15:11:56.375 69966 INFO tempest.lib.common.rest_client [req-41b9b217-62d7-4985-a5d1-13509fa4b2e7 req-41b9b217-62d7-4985-a5d1-13509fa4b2e7 ] Request (ImagesOneServerTestJSON:test_create_delete_image): 200 GET http://10.180.1.21/compute/v2.1/images/d5d3e3e1-cb39-47c6-bdf1-9c1e996a721d 0.268s
2025-04-17 15:11:56.417 69946 INFO tempest.lib.common.rest_client [req-9d0da2f3-2d5a-44ea-9270-c12ffc84e3d3 req-9d0da2f3-2d5a-44ea-9270-c12ffc84e3d3 ] Request (ServerDiagnosticsTest:tearDownClass): 200 GET http://10.180.1.21/compute/v2.1/servers/b67ec752-446a-4610-853f-d24e2153e23b 0.261s
2025-04-17 15:11:56.479 69978 INFO tempest.lib.common.rest_client [req-46d44cad-7575-4c2a-87da-0073f8d67108 req-46d44cad-7575-4c2a-87da-0073f8d67108 ] Request (ServersTestManualDisk:setUpClass): 200 GET http://10.180.1.21/compute/v2.1/servers/7e5056e6-6511-4756-9094-72b0a2230aae 0.298s
2025-04-17 15:11:56.485 69977 INFO tempest.lib.common.rest_client [req-affe35a2-c416-4895-892a-bacdc31443ea req-affe35a2-c416-4895-892a-bacdc31443ea ] Request (ServerDiskConfigTestJSON:setUpClass): 201 POST http://10.180.1.21:9696/networking/v2.0/subnets 0.244s
2025-04-17 15:11:56.552 69964 INFO tempest.lib.common.rest_client [req-87897c78-93cc-4c86-8215-07be10173292 req-87897c78-93cc-4c86-8215-07be10173292 ] Request (AttachVolumeTestJSON:test_attach_detach_volume): 200 GET http://10.180.1.21/compute/v2.1/servers/d4000e4f-7369-4e8a-96ec-8cdd732a6294 0.298s
2025-04-17 15:11:56.613 69936 INFO tempest.lib.common.rest_client [req-347e5997-7349-48b0-b079-90a4404f8b01 req-347e5997-7349-48b0-b079-90a4404f8b01 ] Request (InstanceActionsNegativeTestJSON:setUpClass): 200 GET http://10.180.1.21/compute/v2.1/servers/8211b529-f910-42e0-a094-6df9e4c64f5c 0.331s
2025-04-17 15:11:56.767 69920 INFO tempest.lib.common.rest_client [req-7ddf04d8-c7b7-4b42-8221-e72fda769b5c req-7ddf04d8-c7b7-4b42-8221-e72fda769b5c ] Request (FloatingIPDetailsTestJSON:setUpClass): 201 POST http://10.180.1.21:9696/networking/v2.0/routers 1.254s
2025-04-17 15:11:56.896 69954 INFO tempest.lib.common.rest_client [req-6742b01e-4406-480d-99a0-cf93f47e2518 req-6742b01e-4406-480d-99a0-cf93f47e2518 ] Request (VolumesAssistedSnapshotsTest:test_volume_assisted_snapshot_create_delete): 200 PUT http://10.180.1.21:9696/networking/v2.0/floatingips/b1aac368-9409-4904-8501-4975b9519dbd 0.990s
2025-04-17 15:11:56.898 69954 INFO tempest.lib.common.ssh [-] Creating ssh connection to '10.180.180.198:22' as 'cirros' with public key authentication
2025-04-17 15:11:56.986 69962 INFO tempest.lib.common.rest_client [req-3ec81ec4-c048-45f5-a3b1-2166605a6abd req-3ec81ec4-c048-45f5-a3b1-2166605a6abd ] Request (ServerGroupTestJSON:test_create_server_with_scheduler_hint_group): 202 POST http://10.180.1.21/compute/v2.1/servers 0.808s
2025-04-17 15:11:57.017 69960 INFO tempest.lib.common.rest_client [req-67374c8b-a19f-43a9-985e-7fc3ec4dd577 req-67374c8b-a19f-43a9-985e-7fc3ec4dd577 ] Request (FlavorsAdminTestJSON:test_list_non_public_flavor): 200 GET http://10.180.1.21/compute/v2.1/flavors/detail 0.670s
2025-04-17 15:11:57.109 69974 INFO tempest.lib.common.rest_client [req-53cc35cc-67d8-4035-9fa0-165a6ea2a47b req-53cc35cc-67d8-4035-9fa0-165a6ea2a47b ] Request (FloatingIPsAssociationTestJSON:test_associate_already_associated_floating_ip): 200 GET http://10.180.1.21/compute/v2.1/servers/b4c6a04c-a7f5-4796-ada2-0ca3431b947c 0.758s
2025-04-17 15:11:57.215 69958 INFO tempest.lib.common.rest_client [req-b3457224-833b-4bfd-98cb-f5d3e934e30d req-b3457224-833b-4bfd-98cb-f5d3e934e30d ] Request (ServerExternalEventsTest:tearDownClass): 200 GET http://10.180.1.21/compute/v2.1/servers/a3c897a7-2a7e-4308-bb68-c707147f0ee0 0.780s
2025-04-17 15:11:57.285 69926 INFO tempest.lib.common.rest_client [req-74d30731-dd36-4aaf-a90a-cbd01b5c5d67 req-74d30731-dd36-4aaf-a90a-cbd01b5c5d67 ] Request (ImagesOneServerNegativeTestJSON:test_create_second_image_when_first_image_is_being_saved): 202 POST http://10.180.1.21/compute/v2.1/servers/28ade5ff-7678-4ff1-91f0-ca8340dfa3c8/action 0.956s
2025-04-17 15:11:57.319 69956 INFO tempest.lib.common.rest_client [req-8ed58b2c-b4d1-443f-bd26-8c84626e6e8b req-8ed58b2c-b4d1-443f-bd26-8c84626e6e8b ] Request (AttachInterfacesUnderV243Test:test_add_remove_fixed_ip): 200 GET http://10.180.1.21/compute/v2.1/servers/8814e29d-5c08-45f1-9a02-c30e4b7441db 0.833s
2025-04-17 15:11:57.323 69952 INFO tempest.lib.common.rest_client [req-31b79e9c-c73c-454f-9a51-f85bedf7a172 req-31b79e9c-c73c-454f-9a51-f85bedf7a172 ] Request (ImagesTestJSON:test_create_image_from_stopped_server): 200 GET http://10.180.1.21/compute/v2.1/images/ba9dce81-d144-437c-b01b-2a20df90b749 0.816s
2025-04-17 15:11:57.441 69935 INFO tempest.lib.common.rest_client [req-7f2f6049-5af7-4de5-8991-a3c46fb71c04 req-7f2f6049-5af7-4de5-8991-a3c46fb71c04 ] Request (AttachInterfacesV270Test:tearDownClass): 200 GET http://10.180.1.21/compute/v2.1/servers/7276c8fa-dcb8-4b41-8d2b-e6c763093b5f 0.874s
2025-04-17 15:11:57.463 69932 INFO tempest.lib.common.rest_client [req-106ac6b4-d6bd-4dbf-8712-6f05825dab50 req-106ac6b4-d6bd-4dbf-8712-6f05825dab50 ] Request (ServerDiagnosticsNegativeTest:tearDownClass): 200 GET http://10.180.1.21/compute/v2.1/servers/9e47d8be-78a2-44ba-b45e-4ea081dc2ad6 0.878s
2025-04-17 15:11:57.531 69972 INFO tempest.lib.common.rest_client [req-d73e3cbb-bf81-4fb5-9558-12e390250262 req-d73e3cbb-bf81-4fb5-9558-12e390250262 ] Request (ServersTestJSON:test_create_server_specify_multibyte_character_name): 200 GET http://10.180.1.21/compute/v2.1/servers/5b5ee86c-11a2-43a9-8e9b-a5bc53efcb8f 0.860s
2025-04-17 15:11:57.617 69948 INFO tempest.lib.common.rest_client [req-ad71d8ff-c7d0-48bc-b422-01fa27479326 req-ad71d8ff-c7d0-48bc-b422-01fa27479326 ] Request (SecurityGroupsTestJSON:test_list_security_groups_by_server): 200 GET http://10.180.1.21/compute/v2.1/servers/ea73f497-64b3-4b6a-a2d6-6c290c634e2c 0.885s
2025-04-17 15:11:57.722 69970 INFO tempest.lib.common.rest_client [req-dda420d7-89b8-4b3e-aa4e-23115a556fd9 req-dda420d7-89b8-4b3e-aa4e-23115a556fd9 ] Request (ServerShowV247Test:test_update_rebuild_list_server): 200 GET http://10.180.1.21/compute/v2.1/servers/f7c6c094-7f59-44f1-8107-e8b5f0850c68 0.902s
2025-04-17 15:11:57.764 69918 INFO tempest.lib.common.rest_client [req-673bedfe-9420-4c66-8861-d5200bfc4aa9 req-673bedfe-9420-4c66-8861-d5200bfc4aa9 ] Request (ServersWithSpecificFlavorTestJSON:test_verify_created_server_ephemeral_disk): 200 GET http://10.180.1.21/compute/v2.1/servers/b628745a-e944-4112-b4b9-644333d17d53 1.066s
2025-04-17 15:11:57.825 69940 INFO tempest.lib.common.rest_client [req-0c135b4f-9087-45c0-872b-afd7fa9a7ce0 req-0c135b4f-9087-45c0-872b-afd7fa9a7ce0 ] Request (ServerDiagnosticsV248Test:tearDownClass): 200 GET http://10.180.1.21/compute/v2.1/servers/f9bbe81f-2cc4-4e4b-ad4c-ec555d17f0cd 0.988s
2025-04-17 15:11:58.109 69962 INFO tempest.lib.common.rest_client [req-cea9e926-9d2f-4910-92da-0e1be8c8d834 req-cea9e926-9d2f-4910-92da-0e1be8c8d834 ] Request (ServerGroupTestJSON:test_create_server_with_scheduler_hint_group): 200 GET http://10.180.1.21/compute/v2.1/servers/9708bf88-1a5c-423b-bb92-49e90d343844 1.122s
2025-04-17 15:11:58.110 69930 INFO tempest.lib.common.rest_client [req-fe076ab5-184c-4506-9f48-879cff90af4e req-fe076ab5-184c-4506-9f48-879cff90af4e ] Request (MigrationsAdminTest:test_list_migrations_in_flavor_resize_situation): 200 GET http://10.180.1.21/compute/v2.1/servers/3d99f616-a6a4-471c-9665-4f32f1a585ea 1.119s
2025-04-17 15:11:58.119 69930 INFO tempest.common.waiters [-] State transition "BUILD/None" ==> "BUILD/block_device_mapping" after 30 second wait
2025-04-17 15:11:58.124 69960 INFO tempest.lib.common.rest_client [req-71deb990-0de6-4a15-9b3e-8c76349a6c61 req-71deb990-0de6-4a15-9b3e-8c76349a6c61 ] Request (FlavorsAdminTestJSON:_run_cleanups): 202 DELETE http://10.180.1.21/compute/v2.1/flavors/165796478 1.102s
2025-04-17 15:11:58.214 69950 INFO tempest.lib.common.rest_client [req-26a8955c-db4d-4243-9e42-d62ac1a268d8 req-26a8955c-db4d-4243-9e42-d62ac1a268d8 ] Request (ListImageFiltersTestJSON:setUpClass): 200 GET http://10.180.1.21/compute/v2.1/servers/86b7096c-bb42-4ef5-befb-e9d228d2f03c 1.116s
2025-04-17 15:11:58.224 69922 INFO tempest.lib.common.rest_client [req-0f995d45-94f1-44a3-8895-c43df6cbb9ce req-0f995d45-94f1-44a3-8895-c43df6cbb9ce ] Request (ServersAdmin275Test:test_rebuild_update_server_275): 200 GET http://10.180.1.21/compute/v2.1/servers/ccea07bc-1f5c-4217-82c5-0a4852f6237b 1.159s
2025-04-17 15:11:58.328 69924 INFO tempest.lib.common.rest_client [req-69176c02-1535-4d95-9cf0-fdfce30e4f00 req-69176c02-1535-4d95-9cf0-fdfce30e4f00 ] Request (FloatingIPsAssociationNegativeTestJSON:setUpClass): 200 GET http://10.180.1.21/compute/v2.1/servers/87fe142a-3f0f-44f3-a4f1-6aa63e283317 1.187s
2025-04-17 15:11:58.340 69945 INFO tempest.lib.common.rest_client [req-96f0ab0c-c335-4ef2-9930-865746094644 req-96f0ab0c-c335-4ef2-9930-865746094644 ] Request (DeleteServersAdminTestJSON:test_admin_delete_servers_of_others): 200 GET http://10.180.1.21/compute/v2.1/servers/f6c90dc2-21c0-4ca4-bf33-fca2ac1adce1 1.156s
2025-04-17 15:11:58.429 69942 INFO tempest.lib.common.rest_client [req-3d4475be-1b39-42df-bac0-311b75da40d0 req-3d4475be-1b39-42df-bac0-311b75da40d0 ] Request (VolumesAdminNegativeTest:test_update_attached_volume_with_nonexistent_volume_in_body): 200 GET http://10.180.1.21/compute/v2.1/servers/e44b6009-d869-4820-8da1-e4c8f2343035 1.230s
2025-04-17 15:11:58.467 69926 INFO tempest.lib.common.rest_client [req-cd658f8c-2a96-4bf4-9b5d-8a1e050ad926 req-cd658f8c-2a96-4bf4-9b5d-8a1e050ad926 ] Request (ImagesOneServerNegativeTestJSON:test_create_second_image_when_first_image_is_being_saved): 409 POST http://10.180.1.21/compute/v2.1/servers/28ade5ff-7678-4ff1-91f0-ca8340dfa3c8/action 1.177s
2025-04-17 15:11:58.483 69980 INFO tempest.lib.common.rest_client [req-f275facd-6f92-4e6c-a8e8-089db25863db req-f275facd-6f92-4e6c-a8e8-089db25863db ] Request (ServersAdminTestJSON:setUpClass): 200 GET http://10.180.1.21/compute/v2.1/servers/8731c74f-1386-4369-a73a-f473279a0a86 1.242s
2025-04-17 15:11:58.551 69938 INFO tempest.lib.common.rest_client [req-459520d7-1170-4642-91d9-e04f27556bfd req-459520d7-1170-4642-91d9-e04f27556bfd ] Request (ServersAdminNegativeTestJSON:test_migrate_server_invalid_state): 200 GET http://10.180.1.21/compute/v2.1/servers/3a6bc090-13ff-4df0-b89c-d7782488111f 1.249s
2025-04-17 15:11:58.587 69966 INFO tempest.lib.common.rest_client [req-203a28fb-afb5-404e-9d04-3cd370bcfa44 req-203a28fb-afb5-404e-9d04-3cd370bcfa44 ] Request (ImagesOneServerTestJSON:test_create_delete_image): 200 GET http://10.180.1.21/compute/v2.1/images/d5d3e3e1-cb39-47c6-bdf1-9c1e996a721d 1.208s
2025-04-17 15:11:58.594 69928 INFO tempest.lib.common.rest_client [req-9b16dd60-f16c-4af7-9e84-699c71b747d7 req-9b16dd60-f16c-4af7-9e84-699c71b747d7 ] Request (ServerAddressesNegativeTestJSON:tearDownClass): 200 GET http://10.180.1.21/compute/v2.1/servers/2cc0cac7-996e-492f-b09f-5921f3cfa2f5 1.226s
2025-04-17 15:11:58.698 69946 INFO tempest.lib.common.rest_client [req-2041df4a-c3f4-4a57-9e03-ee1138b3a7cd req-2041df4a-c3f4-4a57-9e03-ee1138b3a7cd ] Request (ServerDiagnosticsTest:tearDownClass): 200 GET http://10.180.1.21/compute/v2.1/servers/b67ec752-446a-4610-853f-d24e2153e23b 1.270s
2025-04-17 15:11:58.711 69978 INFO tempest.lib.common.rest_client [req-bed4011d-cabe-46b2-abcb-e7476eda33ad req-bed4011d-cabe-46b2-abcb-e7476eda33ad ] Request (ServersTestManualDisk:setUpClass): 200 GET http://10.180.1.21/compute/v2.1/servers/7e5056e6-6511-4756-9094-72b0a2230aae 1.221s
2025-04-17 15:11:58.793 69964 INFO tempest.lib.common.rest_client [req-364634e9-e873-4fe1-9d07-6507939a29a9 req-364634e9-e873-4fe1-9d07-6507939a29a9 ] Request (AttachVolumeTestJSON:test_attach_detach_volume): 200 GET http://10.180.1.21/compute/v2.1/servers/d4000e4f-7369-4e8a-96ec-8cdd732a6294 1.231s
2025-04-17 15:11:58.809 69936 INFO tempest.lib.common.rest_client [req-56e49fda-1a77-41a7-a778-cc8226d67139 req-56e49fda-1a77-41a7-a778-cc8226d67139 ] Request (InstanceActionsNegativeTestJSON:setUpClass): 200 GET http://10.180.1.21/compute/v2.1/servers/8211b529-f910-42e0-a094-6df9e4c64f5c 1.187s
2025-04-17 15:11:58.869 69960 INFO tempest.lib.common.rest_client [req-a046efd3-7611-401e-b387-adbc74298a67 req-a046efd3-7611-401e-b387-adbc74298a67 ] Request (FlavorsAdminTestJSON:_run_cleanups): 200 GET http://10.180.1.21/compute/v2.1/flavors/detail 0.744s
2025-04-17 15:11:58.884 69977 INFO tempest.lib.common.rest_client [req-30cd0be5-e529-47e6-9432-d7f499899179 req-30cd0be5-e529-47e6-9432-d7f499899179 ] Request (ServerDiskConfigTestJSON:setUpClass): 201 POST http://10.180.1.21:9696/networking/v2.0/routers 2.399s
2025-04-17 15:11:58.904 69974 INFO tempest.lib.common.rest_client [req-69ca8f45-39d3-4aa2-9321-1b86dc954b7c req-69ca8f45-39d3-4aa2-9321-1b86dc954b7c ] Request (FloatingIPsAssociationTestJSON:test_associate_already_associated_floating_ip): 200 GET http://10.180.1.21/compute/v2.1/servers/b4c6a04c-a7f5-4796-ada2-0ca3431b947c 0.782s
2025-04-17 15:11:58.959 69952 INFO tempest.lib.common.rest_client [req-abbeb3f3-abe2-4397-beb7-69b1b55e48e3 req-abbeb3f3-abe2-4397-beb7-69b1b55e48e3 ] Request (ImagesTestJSON:test_create_image_from_stopped_server): 200 GET http://10.180.1.21/compute/v2.1/images/ba9dce81-d144-437c-b01b-2a20df90b749 0.630s
2025-04-17 15:11:58.961 69958 INFO tempest.lib.common.rest_client [req-ec4bb4e6-82af-4292-b05f-10adcbe9b916 req-ec4bb4e6-82af-4292-b05f-10adcbe9b916 ] Request (ServerExternalEventsTest:tearDownClass): 200 GET http://10.180.1.21/compute/v2.1/servers/a3c897a7-2a7e-4308-bb68-c707147f0ee0 0.733s
2025-04-17 15:11:59.053 69935 INFO tempest.lib.common.rest_client [req-004f049d-76b8-438e-90f6-f6a351d8f321 req-004f049d-76b8-438e-90f6-f6a351d8f321 ] Request (AttachInterfacesV270Test:tearDownClass): 200 GET http://10.180.1.21/compute/v2.1/servers/7276c8fa-dcb8-4b41-8d2b-e6c763093b5f 0.597s
2025-04-17 15:11:59.057 69956 INFO tempest.lib.common.rest_client [req-8efd9e8d-4e17-4197-8e03-f4be64781caf req-8efd9e8d-4e17-4197-8e03-f4be64781caf ] Request (AttachInterfacesUnderV243Test:test_add_remove_fixed_ip): 200 GET http://10.180.1.21/compute/v2.1/servers/8814e29d-5c08-45f1-9a02-c30e4b7441db 0.724s
2025-04-17 15:11:59.151 69932 INFO tempest.lib.common.rest_client [req-c1cca9f8-dffd-4b6c-aed6-74005e465648 req-c1cca9f8-dffd-4b6c-aed6-74005e465648 ] Request (ServerDiagnosticsNegativeTest:tearDownClass): 200 GET http://10.180.1.21/compute/v2.1/servers/9e47d8be-78a2-44ba-b45e-4ea081dc2ad6 0.677s
2025-04-17 15:11:59.155 69926 INFO tempest.lib.common.rest_client [req-699ff794-1c7d-44b1-a4bf-678b2d79d079 req-699ff794-1c7d-44b1-a4bf-678b2d79d079 ] Request (ImagesOneServerNegativeTestJSON:test_create_second_image_when_first_image_is_being_saved): 204 DELETE http://10.180.1.21/compute/v2.1/images/aa4b9081-8869-46f9-846c-72c63bd9a0d8 0.687s
2025-04-17 15:11:59.220 69972 INFO tempest.lib.common.rest_client [req-9820ced2-06eb-4d35-8a64-a00a3f53f75d req-9820ced2-06eb-4d35-8a64-a00a3f53f75d ] Request (ServersTestJSON:test_create_server_specify_multibyte_character_name): 200 GET http://10.180.1.21/compute/v2.1/servers/5b5ee86c-11a2-43a9-8e9b-a5bc53efcb8f 0.681s
2025-04-17 15:11:59.245 69948 INFO tempest.lib.common.rest_client [req-f9f495fd-1b00-42fa-af2e-de615eeee48a req-f9f495fd-1b00-42fa-af2e-de615eeee48a ] Request (SecurityGroupsTestJSON:test_list_security_groups_by_server): 200 GET http://10.180.1.21/compute/v2.1/servers/ea73f497-64b3-4b6a-a2d6-6c290c634e2c 0.615s
2025-04-17 15:11:59.295 69970 INFO tempest.lib.common.rest_client [req-351898f5-a23b-42f2-9f80-71379aeefdbb req-351898f5-a23b-42f2-9f80-71379aeefdbb ] Request (ServerShowV247Test:test_update_rebuild_list_server): 200 GET http://10.180.1.21/compute/v2.1/servers/f7c6c094-7f59-44f1-8107-e8b5f0850c68 0.563s
2025-04-17 15:11:59.379 69940 INFO tempest.lib.common.rest_client [req-3dd69dcf-a4ca-4aaf-af4a-4149fcad3678 req-3dd69dcf-a4ca-4aaf-af4a-4149fcad3678 ] Request (ServerDiagnosticsV248Test:tearDownClass): 200 GET http://10.180.1.21/compute/v2.1/servers/f9bbe81f-2cc4-4e4b-ad4c-ec555d17f0cd 0.542s
2025-04-17 15:11:59.400 69960 INFO tempest.lib.common.rest_client [req-ba7e550c-3160-4589-9370-b220f6e85f37 req-ba7e550c-3160-4589-9370-b220f6e85f37 ] Request (FlavorsAdminTestJSON:test_list_public_flavor_with_other_user): 200 POST http://10.180.1.21/compute/v2.1/flavors 0.525s
2025-04-17 15:11:59.480 69918 INFO tempest.lib.common.rest_client [req-bdf55d3e-8850-4595-921c-a860e7061500 req-bdf55d3e-8850-4595-921c-a860e7061500 ] Request (ServersWithSpecificFlavorTestJSON:test_verify_created_server_ephemeral_disk): 200 GET http://10.180.1.21/compute/v2.1/servers/b628745a-e944-4112-b4b9-644333d17d53 0.702s
2025-04-17 15:11:59.573 69962 INFO tempest.lib.common.rest_client [req-feea443d-fca5-48d0-9fd2-411868b0ce32 req-feea443d-fca5-48d0-9fd2-411868b0ce32 ] Request (ServerGroupTestJSON:test_create_server_with_scheduler_hint_group): 200 GET http://10.180.1.21/compute/v2.1/servers/9708bf88-1a5c-423b-bb92-49e90d343844 0.449s
2025-04-17 15:11:59.599 69930 INFO tempest.lib.common.rest_client [req-d58325a9-5b42-4a1e-a033-394bd8420dd5 req-d58325a9-5b42-4a1e-a033-394bd8420dd5 ] Request (MigrationsAdminTest:test_list_migrations_in_flavor_resize_situation): 200 GET http://10.180.1.21/compute/v2.1/servers/3d99f616-a6a4-471c-9665-4f32f1a585ea 0.478s
2025-04-17 15:11:59.608 69930 INFO tempest.common.waiters [-] State transition "BUILD/block_device_mapping" ==> "BUILD/spawning" after 31 second wait
2025-04-17 15:11:59.687 69950 INFO tempest.lib.common.rest_client [req-28fdeb48-fd09-489b-bff8-2baf9c47bf96 req-28fdeb48-fd09-489b-bff8-2baf9c47bf96 ] Request (ListImageFiltersTestJSON:setUpClass): 200 GET http://10.180.1.21/compute/v2.1/servers/86b7096c-bb42-4ef5-befb-e9d228d2f03c 0.458s
2025-04-17 15:11:59.744 69920 INFO tempest.lib.common.rest_client [req-3f3ec6e1-753a-4146-9a2b-cfc2ffebad2f req-3f3ec6e1-753a-4146-9a2b-cfc2ffebad2f ] Request (FloatingIPDetailsTestJSON:setUpClass): 200 PUT http://10.180.1.21:9696/networking/v2.0/routers/f7d465bc-0de3-4c0a-a8d5-896dbf0b2b53/add_router_interface 2.977s
2025-04-17 15:11:59.745 69920 INFO tempest.lib.common.dynamic_creds [-] Created isolated network resources for: credentials: Credentials: {'domain_id': 'default', 'domain_name': 'Default', 'username': 'tempest-FloatingIPDetailsTestJSON-877198933-project-member', 'project_domain_id': 'default', 'project_domain_name': 'Default', 'project_id': '7c453466c72245d99793291c30c3b391', 'project_name': 'tempest-FloatingIPDetailsTestJSON-877198933', 'tenant_id': '7c453466c72245d99793291c30c3b391', 'tenant_name': 'tempest-FloatingIPDetailsTestJSON-877198933', 'user_domain_id': 'default', 'user_domain_name': 'Default', 'user_id': 'c39f852df1624b60ac466c0dd3c6c0d5', 'system': None}, Network: {'id': '2635dcc5-bf6d-41fb-acd8-4e7af379a712', 'name': 'tempest-FloatingIPDetailsTestJSON-287013808-network', 'tenant_id': '7c453466c72245d99793291c30c3b391', 'admin_state_up': True, 'mtu': 8950, 'status': 'ACTIVE', 'subnets': [], 'shared': False, 'project_id': '7c453466c72245d99793291c30c3b391', 'port_security_enabled': True, 'router:external': False, 'provider:network_type': 'vlan', 'provider:physical_network': 'default', 'provider:segmentation_id': 551, 'availability_zone_hints': [], 'availability_zones': [], 'ipv4_address_scope': None, 'ipv6_address_scope': None, 'description': '', 'tags': [], 'created_at': '2025-04-17T15:11:54Z', 'updated_at': '2025-04-17T15:11:54Z', 'revision_number': 1}, Subnet: {'id': '352c1609-f26c-4451-9b44-886d55929781', 'name': 'tempest-FloatingIPDetailsTestJSON-287013808-subnet', 'tenant_id': '7c453466c72245d99793291c30c3b391', 'network_id': '2635dcc5-bf6d-41fb-acd8-4e7af379a712', 'ip_version': 4, 'subnetpool_id': None, 'enable_dhcp': True, 'ipv6_ra_mode': None, 'ipv6_address_mode': None, 'gateway_ip': '192.168.128.1', 'cidr': '192.168.128.0/28', 'allocation_pools': [{'start': '192.168.128.2', 'end': '192.168.128.14'}], 'host_routes': [], 'dns_nameservers': [], 'description': '', 'router:external': False, 'service_types': [], 'tags': [], 'created_at': '2025-04-17T15:11:55Z', 'updated_at': '2025-04-17T15:11:55Z', 'revision_number': 0, 'project_id': '7c453466c72245d99793291c30c3b391'}, Router: {'id': 'f7d465bc-0de3-4c0a-a8d5-896dbf0b2b53', 'name': 'tempest-FloatingIPDetailsTestJSON-287013808-router', 'tenant_id': '7c453466c72245d99793291c30c3b391', 'admin_state_up': True, 'status': 'ACTIVE', 'external_gateway_info': {'network_id': '499a006a-d760-4170-b841-362dc6542482', 'external_fixed_ips': [{'subnet_id': '369d038c-2b61-4d3f-ba3e-fa12c834d1ef', 'ip_address': '10.180.180.223'}], 'enable_snat': True}, 'description': '', 'availability_zones': [], 'distributed': False, 'ha': False, 'availability_zone_hints': [], 'routes': [], 'flavor_id': None, 'tags': [], 'created_at': '2025-04-17T15:11:55Z', 'updated_at': '2025-04-17T15:11:55Z', 'revision_number': 2, 'project_id': '7c453466c72245d99793291c30c3b391'}
2025-04-17 15:11:59.790 69922 INFO tempest.lib.common.rest_client [req-76ba28bd-7e09-4fc0-a099-e2a318ab851b req-76ba28bd-7e09-4fc0-a099-e2a318ab851b ] Request (ServersAdmin275Test:test_rebuild_update_server_275): 200 GET http://10.180.1.21/compute/v2.1/servers/ccea07bc-1f5c-4217-82c5-0a4852f6237b 0.552s
2025-04-17 15:11:59.807 69926 INFO tempest.lib.common.rest_client [req-6b59c5af-04f1-444f-8e29-bf928d1ed23b req-6b59c5af-04f1-444f-8e29-bf928d1ed23b ] Request (ImagesOneServerNegativeTestJSON:tearDown): 200 GET http://10.180.1.21/compute/v2.1/servers/28ade5ff-7678-4ff1-91f0-ca8340dfa3c8 0.651s
2025-04-17 15:11:59.870 69920 INFO tempest.lib.common.rest_client [req-81e47e2c-10d4-4179-a9bb-db07d1b11c89 req-81e47e2c-10d4-4179-a9bb-db07d1b11c89 ] Request (FloatingIPDetailsTestJSON:setUpClass): 201 POST http://10.180.1.21/identity/v3/auth/tokens 0.121s
2025-04-17 15:11:59.913 69924 INFO tempest.lib.common.rest_client [req-1944750f-6c25-488b-8040-3e8fb99ac264 req-1944750f-6c25-488b-8040-3e8fb99ac264 ] Request (FloatingIPsAssociationNegativeTestJSON:setUpClass): 200 GET http://10.180.1.21/compute/v2.1/servers/87fe142a-3f0f-44f3-a4f1-6aa63e283317 0.574s
2025-04-17 15:11:59.937 69945 INFO tempest.lib.common.rest_client [req-424c627c-839c-46c9-837c-11a9ec21f2fa req-424c627c-839c-46c9-837c-11a9ec21f2fa ] Request (DeleteServersAdminTestJSON:test_admin_delete_servers_of_others): 200 GET http://10.180.1.21/compute/v2.1/servers/f6c90dc2-21c0-4ca4-bf33-fca2ac1adce1 0.584s
2025-04-17 15:11:59.956 69960 INFO tempest.lib.common.rest_client [req-137d1125-bfb5-4a70-b159-504bf15a971d req-137d1125-bfb5-4a70-b159-504bf15a971d ] Request (FlavorsAdminTestJSON:test_list_public_flavor_with_other_user): 200 GET http://10.180.1.21/compute/v2.1/flavors/detail 0.554s
2025-04-17 15:11:59.958 69977 INFO tempest.lib.common.rest_client [req-d603f797-cdd3-4a36-ac4b-cbe3ef445d9c req-d603f797-cdd3-4a36-ac4b-cbe3ef445d9c ] Request (ServerDiskConfigTestJSON:setUpClass): 200 PUT http://10.180.1.21:9696/networking/v2.0/routers/6cb111cc-40db-4444-8cef-3b8a19b490c8/add_router_interface 1.073s
