2025-04-17 15:12:21.232 69964 INFO tempest.lib.common.rest_client [req-628bfbae-497a-4a14-bebc-53b7ba89e5cd req-628bfbae-497a-4a14-bebc-53b7ba89e5cd ] Request (AttachVolumeTestJSON:test_attach_detach_volume): 200 GET http://10.180.1.21/compute/v2.1/servers/d4000e4f-7369-4e8a-96ec-8cdd732a6294 0.593s
2025-04-17 15:12:21.256 69920 INFO tempest.lib.common.rest_client [req-aab26647-c963-49fa-8ed3-59a5f5a14318 req-aab26647-c963-49fa-8ed3-59a5f5a14318 ] Request (KeyPairsV2TestJSON:test_keypair_create_with_pub_key): 200 POST http://10.180.1.21/compute/v2.1/os-keypairs 0.576s
2025-04-17 15:12:21.289 69974 INFO tempest.lib.common.rest_client [req-08678e42-a77c-45d0-83c8-a7b71abb61b2 req-08678e42-a77c-45d0-83c8-a7b71abb61b2 ] Request (FloatingIPsAssociationTestJSON:test_associate_already_associated_floating_ip): 200 GET http://10.180.1.21/compute/v2.1/servers/b4c6a04c-a7f5-4796-ada2-0ca3431b947c 0.612s
2025-04-17 15:12:21.298 69974 INFO tempest.common.waiters [-] State transition "BUILD/scheduling" ==> "BUILD/None" after 29 second wait
2025-04-17 15:12:21.317 69936 INFO tempest.lib.common.rest_client [req-705ea032-5755-4d87-a34b-3b412255599e req-705ea032-5755-4d87-a34b-3b412255599e ] Request (InstanceActionsNegativeTestJSON:setUpClass): 200 GET http://10.180.1.21/compute/v2.1/servers/8211b529-f910-42e0-a094-6df9e4c64f5c 0.638s
2025-04-17 15:12:21.382 69958 INFO tempest.lib.common.rest_client [req-0bf65018-f1cd-4dcb-b60a-3d71429445fe req-0bf65018-f1cd-4dcb-b60a-3d71429445fe ] Request (ServerRescueTestJSONUnderV235:setUpClass): 200 GET http://10.180.1.21/compute/v2.1/servers/0bc05767-01e1-48da-ae01-2985abcd944c 0.657s
2025-04-17 15:12:21.423 69978 INFO tempest.lib.common.rest_client [req-cedd679e-5810-4126-b7bb-cf854a99b3bd req-cedd679e-5810-4126-b7bb-cf854a99b3bd ] Request (ServersTestManualDisk:tearDownClass): 200 PUT http://10.180.1.21:9696/networking/v2.0/routers/d9ecc2f7-b34a-46a5-b786-7e377a5cdd5f/remove_router_interface 1.218s
2025-04-17 15:12:21.443 69956 INFO tempest.lib.common.rest_client [req-eec7de37-45af-4ca6-94dd-a8a25c433cce req-eec7de37-45af-4ca6-94dd-a8a25c433cce ] Request (AttachInterfacesUnderV243Test:test_add_remove_fixed_ip): 200 GET http://10.180.1.21/compute/v2.1/servers/8814e29d-5c08-45f1-9a02-c30e4b7441db 0.534s
2025-04-17 15:12:21.481 69948 INFO tempest.lib.common.rest_client [req-3b90cfdc-2fad-492e-b1d0-772aed532983 req-3b90cfdc-2fad-492e-b1d0-772aed532983 ] Request (SecurityGroupsTestJSON:test_security_groups_create_list_delete): 200 POST http://10.180.1.21/compute/v2.1/os-security-groups 0.774s
2025-04-17 15:12:21.510 69935 INFO tempest.lib.common.rest_client [req-a78e8b99-5b59-4ebc-9983-04b4daffd880 req-a78e8b99-5b59-4ebc-9983-04b4daffd880 ] Request (AttachInterfacesV270Test:tearDownClass): 200 GET http://10.180.1.21/compute/v2.1/servers/7276c8fa-dcb8-4b41-8d2b-e6c763093b5f 0.588s
2025-04-17 15:12:21.522 69966 INFO tempest.lib.common.rest_client [req-c9b255c4-976e-4d11-a290-1497847a345d req-c9b255c4-976e-4d11-a290-1497847a345d ] Request (ImagesOneServerTestJSON:test_create_image_specify_multibyte_character_image_name): 200 GET http://10.180.1.21/compute/v2.1/images/b8b3a413-9e85-4f78-aa4d-44eea27bd3db 0.540s
2025-04-17 15:12:21.582 69977 INFO tempest.lib.common.rest_client [req-01fe60c0-902a-4452-b843-ae8273e9680e req-01fe60c0-902a-4452-b843-ae8273e9680e ] Request (ServerDiskConfigTestJSON:test_rebuild_server_with_auto_disk_config): 200 GET http://10.180.1.21/compute/v2.1/servers/8da78725-c35d-41e6-a7dd-1a68e4458dac 0.407s
2025-04-17 15:12:21.591 69946 INFO tempest.lib.common.rest_client [req-40c3c93d-9fdc-4003-8ded-880d9bf71069 req-40c3c93d-9fdc-4003-8ded-880d9bf71069 ] Request (KeyPairsV22TestJSON:test_keypairsv22_create_list_show_with_type): 200 GET http://10.180.1.21/compute/v2.1/os-keypairs/tempest-keypair-2067027788 0.363s
2025-04-17 15:12:21.607 69920 INFO tempest.lib.common.rest_client [req-c23c5e47-c710-4ce8-a034-51cd5460e0a0 req-c23c5e47-c710-4ce8-a034-51cd5460e0a0 ] Request (KeyPairsV2TestJSON:_run_cleanups): 202 DELETE http://10.180.1.21/compute/v2.1/os-keypairs/tempest-keypair-766895639 0.349s
2025-04-17 15:12:21.647 69930 INFO tempest.lib.common.rest_client [req-9255c0ef-a8f9-443e-b681-e5ee13a183a3 req-9255c0ef-a8f9-443e-b681-e5ee13a183a3 ] Request (MigrationsAdminTest:test_list_migrations_in_flavor_resize_situation): 200 GET http://10.180.1.21/compute/v2.1/servers/3d99f616-a6a4-471c-9665-4f32f1a585ea 0.541s
2025-04-17 15:12:21.662 69928 INFO tempest.lib.common.rest_client [req-80b92105-7f33-4be8-a5af-620de4cc3d60 req-80b92105-7f33-4be8-a5af-620de4cc3d60 ] Request (ServerRescueNegativeTestJSON:setUpClass): 200 GET http://10.180.1.21/compute/v2.1/servers/8448abb9-9e9d-4e1c-bb7c-ee29fad661da 0.385s
2025-04-17 15:12:21.722 69972 INFO tempest.lib.common.rest_client [req-0aeec8ed-e3b3-4d3b-8147-482f4cc8f752 req-0aeec8ed-e3b3-4d3b-8147-482f4cc8f752 ] Request (ServersTestJSON:test_create_server_specify_multibyte_character_name): 200 GET http://10.180.1.21/compute/v2.1/servers/5b5ee86c-11a2-43a9-8e9b-a5bc53efcb8f 0.279s
2025-04-17 15:12:21.724 69926 INFO tempest.lib.common.rest_client [req-2857969c-1497-421c-be1c-0f50f7fddb7e req-2857969c-1497-421c-be1c-0f50f7fddb7e ] Request (ImagesOneServerNegativeTestJSON:_run_cleanups): 200 GET http://10.180.1.21/compute/v2.1/servers/28ade5ff-7678-4ff1-91f0-ca8340dfa3c8 0.344s
2025-04-17 15:12:21.792 69978 INFO tempest.lib.common.rest_client [req-18fdc7b4-179e-422b-9894-7278215d027d req-18fdc7b4-179e-422b-9894-7278215d027d ] Request (ServersTestManualDisk:tearDownClass): 204 DELETE http://10.180.1.21:9696/networking/v2.0/routers/d9ecc2f7-b34a-46a5-b786-7e377a5cdd5f 0.368s
2025-04-17 15:12:21.795 69940 INFO tempest.lib.common.rest_client [req-498a3791-b18f-4650-b85e-d6353aebbeca req-498a3791-b18f-4650-b85e-d6353aebbeca ] Request (ServerDiagnosticsV248Test:tearDownClass): 200 GET http://10.180.1.21/compute/v2.1/servers/f9bbe81f-2cc4-4e4b-ad4c-ec555d17f0cd 0.274s
2025-04-17 15:12:21.804 69946 INFO tempest.lib.common.rest_client [req-f8456142-daf3-45d6-a1cc-b64db93f897b req-f8456142-daf3-45d6-a1cc-b64db93f897b ] Request (KeyPairsV22TestJSON:test_keypairsv22_create_list_show_with_type): 200 GET http://10.180.1.21/compute/v2.1/os-keypairs 0.211s
2025-04-17 15:12:21.840 69920 INFO tempest.lib.common.rest_client [req-97bf3f4d-533b-4d92-97fa-7b61a55795f8 req-97bf3f4d-533b-4d92-97fa-7b61a55795f8 ] Request (KeyPairsV2TestJSON:test_keypairs_create_list_delete): 200 POST http://10.180.1.21/compute/v2.1/os-keypairs 0.231s
2025-04-17 15:12:21.868 69948 INFO tempest.lib.common.rest_client [req-16cd8913-c4d7-499d-a66d-f7bdab31e9cb req-16cd8913-c4d7-499d-a66d-f7bdab31e9cb ] Request (SecurityGroupsTestJSON:test_security_groups_create_list_delete): 200 POST http://10.180.1.21/compute/v2.1/os-security-groups 0.384s
2025-04-17 15:12:21.905 69970 INFO tempest.lib.common.rest_client [req-b2e9a070-7b7d-409e-af8b-027aad126f2d req-b2e9a070-7b7d-409e-af8b-027aad126f2d ] Request (ServerShowV247Test:test_update_rebuild_list_server): 200 GET http://10.180.1.21/compute/v2.1/servers/f7c6c094-7f59-44f1-8107-e8b5f0850c68 0.226s
2025-04-17 15:12:21.933 69962 INFO tempest.lib.common.rest_client [req-41a1b207-7a72-4ac2-b02b-c98729384130 req-41a1b207-7a72-4ac2-b02b-c98729384130 ] Request (ServerGroupTestJSON:test_create_server_with_scheduler_hint_group): 200 GET http://10.180.1.21/compute/v2.1/servers/9708bf88-1a5c-423b-bb92-49e90d343844 0.189s
2025-04-17 15:12:21.959 69946 INFO tempest.lib.common.rest_client [req-7a407ea2-23e3-4ea7-86cf-5ca9d3c3c305 req-7a407ea2-23e3-4ea7-86cf-5ca9d3c3c305 ] Request (KeyPairsV22TestJSON:_run_cleanups): 204 DELETE http://10.180.1.21/compute/v2.1/os-keypairs/tempest-keypair-2067027788 0.154s
2025-04-17 15:12:21.969 69922 INFO tempest.lib.common.rest_client [req-382bac8d-d8fc-428f-8d61-383f5e9fd33a req-382bac8d-d8fc-428f-8d61-383f5e9fd33a ] Request (ServersAdmin275Test:test_rebuild_update_server_275): 200 GET http://10.180.1.21/compute/v2.1/servers/ccea07bc-1f5c-4217-82c5-0a4852f6237b 0.172s
2025-04-17 15:12:21.986 69978 INFO tempest.lib.common.rest_client [req-b9f5d35c-3ddf-4100-841e-b31d5db273cd req-b9f5d35c-3ddf-4100-841e-b31d5db273cd ] Request (ServersTestManualDisk:tearDownClass): 204 DELETE http://10.180.1.21:9696/networking/v2.0/subnets/12cfb338-7d21-4944-aa2c-07c28d363a5a 0.194s
2025-04-17 15:12:21.992 69922 INFO tempest.common.waiters [-] State transition "BUILD/None" ==> "BUILD/block_device_mapping" after 44 second wait
2025-04-17 15:12:22.003 69920 INFO tempest.lib.common.rest_client [req-bda0f11b-4572-4a11-ae2d-cb367b65f388 req-bda0f11b-4572-4a11-ae2d-cb367b65f388 ] Request (KeyPairsV2TestJSON:test_keypairs_create_list_delete): 200 POST http://10.180.1.21/compute/v2.1/os-keypairs 0.158s
2025-04-17 15:12:22.023 69932 INFO tempest.lib.common.rest_client [req-a24394e7-b346-4d34-aa97-161f2213a9a1 req-a24394e7-b346-4d34-aa97-161f2213a9a1 ] Request (ImagesNegativeTestJSON:test_create_image_from_deleted_server): 200 GET http://10.180.1.21/compute/v2.1/servers/cff730ac-fa36-496c-bc48-3ec8354f193f 0.197s
2025-04-17 15:12:22.051 69950 INFO tempest.lib.common.rest_client [req-b9f7f530-2220-43b5-8258-e68bb8074e61 req-b9f7f530-2220-43b5-8258-e68bb8074e61 ] Request (ListImageFiltersTestJSON:setUpClass): 200 GET http://10.180.1.21/compute/v2.1/images/02c05040-a647-4562-bebc-b61597d8471f 0.202s
2025-04-17 15:12:22.120 69946 INFO tempest.lib.common.rest_client [req-04de78f9-c195-474c-950a-7901fb399315 req-04de78f9-c195-474c-950a-7901fb399315 ] Request (KeyPairsV22TestJSON:tearDownClass): 204 DELETE http://10.180.1.21/identity/v3/users/fd3fdd02cf764907884f6529dcd3706f 0.159s
2025-04-17 15:12:22.123 69946 INFO tempest.lib.common.dynamic_creds [-] Deleting project and security group for project: f8fc41684eed46cfb746a7e9959c1c7e
2025-04-17 15:12:22.124 69945 INFO tempest.lib.common.rest_client [req-1a42db05-a514-4e9e-a4c8-ae0a8d6822e1 req-1a42db05-a514-4e9e-a4c8-ae0a8d6822e1 ] Request (DeleteServersAdminTestJSON:test_delete_server_while_in_error_state): 200 GET http://10.180.1.21/compute/v2.1/servers/78a5569d-5d31-48f9-a9d0-ed9921385b3c 0.195s
2025-04-17 15:12:22.174 69948 INFO tempest.lib.common.rest_client [req-3fc861d4-977e-4881-bbf2-3386d184d160 req-3fc861d4-977e-4881-bbf2-3386d184d160 ] Request (SecurityGroupsTestJSON:test_security_groups_create_list_delete): 200 GET http://10.180.1.21/compute/v2.1/os-security-groups 0.302s
2025-04-17 15:12:22.185 69952 INFO tempest.lib.common.rest_client [req-82d73323-6955-465f-abfd-7fa64ee7157a req-82d73323-6955-465f-abfd-7fa64ee7157a ] Request (ImagesTestJSON:test_create_image_from_suspended_server): 200 GET http://10.180.1.21/compute/v2.1/servers/375f9fb9-2dcf-49a1-bc37-53daa213d575 0.200s
2025-04-17 15:12:22.208 69946 INFO tempest.lib.common.rest_client [req-0b4f2f02-087f-4b64-bbb5-0598eb14759f req-0b4f2f02-087f-4b64-bbb5-0598eb14759f ] Request (KeyPairsV22TestJSON:tearDownClass): 201 POST http://10.180.1.21/identity/v3/auth/tokens 0.085s
2025-04-17 15:12:22.221 69920 INFO tempest.lib.common.rest_client [req-5d21998d-88a4-437a-896b-fb40b49d6f10 req-5d21998d-88a4-437a-896b-fb40b49d6f10 ] Request (KeyPairsV2TestJSON:test_keypairs_create_list_delete): 200 POST http://10.180.1.21/compute/v2.1/os-keypairs 0.215s
2025-04-17 15:12:22.242 69980 INFO tempest.lib.common.rest_client [req-4727f8b9-6554-4241-9667-8860f35f8c7c req-4727f8b9-6554-4241-9667-8860f35f8c7c ] Request (ServersAdminTestJSON:setUpClass): 200 GET http://10.180.1.21/compute/v2.1/servers/8731c74f-1386-4369-a73a-f473279a0a86 0.207s
2025-04-17 15:12:22.260 69978 INFO tempest.lib.common.rest_client [req-271a6612-c0b1-40e0-92a3-54d2d91f0652 req-271a6612-c0b1-40e0-92a3-54d2d91f0652 ] Request (ServersTestManualDisk:tearDownClass): 204 DELETE http://10.180.1.21:9696/networking/v2.0/networks/3e7c7bfc-6eca-4a8e-bcee-7e5f4e819386 0.273s
2025-04-17 15:12:22.287 69924 INFO tempest.lib.common.rest_client [req-89124fe1-bd9d-4715-b474-52385390c3a5 req-89124fe1-bd9d-4715-b474-52385390c3a5 ] Request (FloatingIPsAssociationNegativeTestJSON:setUpClass): 200 GET http://10.180.1.21/compute/v2.1/servers/87fe142a-3f0f-44f3-a4f1-6aa63e283317 0.220s
2025-04-17 15:12:22.297 69942 INFO tempest.lib.common.rest_client [req-21cacb63-c88b-4b94-ba51-6693a711ff18 req-21cacb63-c88b-4b94-ba51-6693a711ff18 ] Request (VolumesAdminNegativeTest:test_update_attached_volume_with_nonexistent_volume_in_body): 200 GET http://10.180.1.21/compute/v2.1/servers/e44b6009-d869-4820-8da1-e4c8f2343035 0.162s
2025-04-17 15:12:22.342 69978 INFO tempest.lib.common.rest_client [req-5f65dd79-fde9-4827-a1df-e32b4d2ce0bd req-5f65dd79-fde9-4827-a1df-e32b4d2ce0bd ] Request (ServersTestManualDisk:tearDownClass): 204 DELETE http://10.180.1.21/identity/v3/users/6dbcb44410a64babb19d54dd39223b6b 0.081s
2025-04-17 15:12:22.342 69978 INFO tempest.lib.common.dynamic_creds [-] Deleting project and security group for project: 8a9c2b1dead64386817b11179f5b0a40
2025-04-17 15:12:22.358 69938 INFO tempest.lib.common.rest_client [req-c9f58e36-530f-4c51-a7a3-ac98f0f20c62 req-c9f58e36-530f-4c51-a7a3-ac98f0f20c62 ] Request (ServersAdminNegativeTestJSON:test_migrate_server_invalid_state): 200 GET http://10.180.1.21/compute/v2.1/servers/3a6bc090-13ff-4df0-b89c-d7782488111f 0.174s
2025-04-17 15:12:22.371 69920 INFO tempest.lib.common.rest_client [req-0d7f9422-36c9-4029-bf7c-0d787eaf609d req-0d7f9422-36c9-4029-bf7c-0d787eaf609d ] Request (KeyPairsV2TestJSON:test_keypairs_create_list_delete): 200 GET http://10.180.1.21/compute/v2.1/os-keypairs 0.148s
2025-04-17 15:12:22.380 69946 INFO tempest.lib.common.rest_client [req-b868cc6f-dc9a-46eb-88a4-12741563d170 req-b868cc6f-dc9a-46eb-88a4-12741563d170 ] Request (KeyPairsV22TestJSON:tearDownClass): 200 GET http://10.180.1.21:9696/networking/v2.0/security-groups?tenant_id=f8fc41684eed46cfb746a7e9959c1c7e&name=default 0.172s
2025-04-17 15:12:22.383 69978 INFO tempest.lib.common.rest_client [req-f9b6aba4-9777-4a89-ad09-aab2affba75f req-f9b6aba4-9777-4a89-ad09-aab2affba75f ] Request (ServersTestManualDisk:tearDownClass): 200 GET http://10.180.1.21:9696/networking/v2.0/security-groups?tenant_id=8a9c2b1dead64386817b11179f5b0a40&name=default 0.041s
2025-04-17 15:12:22.436 69948 INFO tempest.lib.common.rest_client [req-3d9fd738-9d82-4d74-ba45-0499b0ed916d req-3d9fd738-9d82-4d74-ba45-0499b0ed916d ] Request (SecurityGroupsTestJSON:test_security_groups_create_list_delete): 202 DELETE http://10.180.1.21/compute/v2.1/os-security-groups/801951d1-d0a0-43c1-a4ca-f47ef31dcfb4 0.258s
2025-04-17 15:12:22.445 69964 INFO tempest.lib.common.rest_client [req-5f69cb39-152c-453f-a778-339740f48586 req-5f69cb39-152c-453f-a778-339740f48586 ] Request (AttachVolumeTestJSON:test_attach_detach_volume): 200 GET http://10.180.1.21/compute/v2.1/servers/d4000e4f-7369-4e8a-96ec-8cdd732a6294 0.205s
2025-04-17 15:12:22.473 69978 INFO tempest.lib.common.rest_client [req-05afa603-9a46-45f8-8289-b53b4af00b55 req-05afa603-9a46-45f8-8289-b53b4af00b55 ] Request (ServersTestManualDisk:tearDownClass): 204 DELETE http://10.180.1.21:9696/networking/v2.0/security-groups/5146d2af-e684-4c79-90d0-a9c41143a6ad 0.089s
2025-04-17 15:12:22.502 69936 INFO tempest.lib.common.rest_client [req-46fd352a-ea74-4c65-8503-4f9afe9c6e51 req-46fd352a-ea74-4c65-8503-4f9afe9c6e51 ] Request (InstanceActionsNegativeTestJSON:setUpClass): 200 GET http://10.180.1.21/compute/v2.1/servers/8211b529-f910-42e0-a094-6df9e4c64f5c 0.177s
2025-04-17 15:12:22.516 69974 INFO tempest.lib.common.rest_client [req-3a059eaa-4430-414f-a59c-f256ef089471 req-3a059eaa-4430-414f-a59c-f256ef089471 ] Request (FloatingIPsAssociationTestJSON:test_associate_already_associated_floating_ip): 200 GET http://10.180.1.21/compute/v2.1/servers/b4c6a04c-a7f5-4796-ada2-0ca3431b947c 0.217s
2025-04-17 15:12:22.517 69920 INFO tempest.lib.common.rest_client [req-ee159ef8-0a65-4496-a384-98b652789961 req-ee159ef8-0a65-4496-a384-98b652789961 ] Request (KeyPairsV2TestJSON:_run_cleanups): 202 DELETE http://10.180.1.21/compute/v2.1/os-keypairs/tempest-KeyPairsV2TestJSON-keypair-1011667973 0.143s
2025-04-17 15:12:22.520 69946 INFO tempest.lib.common.rest_client [req-b6f4a9eb-d451-4d7f-87bc-d8fd8a1ec711 req-b6f4a9eb-d451-4d7f-87bc-d8fd8a1ec711 ] Request (KeyPairsV22TestJSON:tearDownClass): 204 DELETE http://10.180.1.21:9696/networking/v2.0/security-groups/55ab8697-f247-4544-9876-b08c2596d864 0.139s
2025-04-17 15:12:22.539 69948 INFO tempest.lib.common.rest_client [req-427268fe-fd08-4bcc-8072-67d68602d31d req-427268fe-fd08-4bcc-8072-67d68602d31d ] Request (SecurityGroupsTestJSON:test_security_groups_create_list_delete): 404 GET http://10.180.1.21/compute/v2.1/os-security-groups/801951d1-d0a0-43c1-a4ca-f47ef31dcfb4 0.102s
2025-04-17 15:12:22.569 69958 INFO tempest.lib.common.rest_client [req-921b528d-d677-4d6e-a000-376e6daaafb1 req-921b528d-d677-4d6e-a000-376e6daaafb1 ] Request (ServerRescueTestJSONUnderV235:setUpClass): 200 GET http://10.180.1.21/compute/v2.1/servers/0bc05767-01e1-48da-ae01-2985abcd944c 0.177s
2025-04-17 15:12:22.583 69920 INFO tempest.lib.common.rest_client [req-0325d493-fe3c-4662-a970-de758ac7d2cb req-0325d493-fe3c-4662-a970-de758ac7d2cb ] Request (KeyPairsV2TestJSON:_run_cleanups): 202 DELETE http://10.180.1.21/compute/v2.1/os-keypairs/tempest-KeyPairsV2TestJSON-keypair-1079261715 0.065s
2025-04-17 15:12:22.588 69978 INFO tempest.lib.common.rest_client [req-258fc893-1f6f-49fd-b43f-01b97181d3c5 req-258fc893-1f6f-49fd-b43f-01b97181d3c5 ] Request (ServersTestManualDisk:tearDownClass): 204 DELETE http://10.180.1.21/identity/v3/projects/8a9c2b1dead64386817b11179f5b0a40 0.114s
2025-04-17 15:12:22.596 69956 INFO tempest.lib.common.rest_client [req-697505de-178d-4246-b577-90b4f089795a req-697505de-178d-4246-b577-90b4f089795a ] Request (AttachInterfacesUnderV243Test:test_add_remove_fixed_ip): 200 GET http://10.180.1.21/compute/v2.1/servers/8814e29d-5c08-45f1-9a02-c30e4b7441db 0.141s
2025-04-17 15:12:22.620 69978 INFO tempest.lib.common.rest_client [req-5faa824a-1dd8-46e8-8d15-5ef1412176bc req-5faa824a-1dd8-46e8-8d15-5ef1412176bc ] Request (MultipleCreateTestJSON:setUpClass): 201 POST http://10.180.1.21/identity/v3/auth/tokens 0.028s
2025-04-17 15:12:22.636 69966 INFO tempest.lib.common.rest_client [req-d4ca6e6c-f103-4c3d-ad4d-beea63820b24 req-d4ca6e6c-f103-4c3d-ad4d-beea63820b24 ] Request (ImagesOneServerTestJSON:test_create_image_specify_multibyte_character_image_name): 200 GET http://10.180.1.21/compute/v2.1/images/b8b3a413-9e85-4f78-aa4d-44eea27bd3db 0.109s
2025-04-17 15:12:22.648 69935 INFO tempest.lib.common.rest_client [req-1a58e18e-5c9d-4ed0-be27-83ae45f00f8d req-1a58e18e-5c9d-4ed0-be27-83ae45f00f8d ] Request (AttachInterfacesV270Test:tearDownClass): 200 GET http://10.180.1.21/compute/v2.1/servers/7276c8fa-dcb8-4b41-8d2b-e6c763093b5f 0.125s
2025-04-17 15:12:22.652 69946 INFO tempest.lib.common.rest_client [req-c851790a-ef3b-44b1-8c75-969fad45f391 req-c851790a-ef3b-44b1-8c75-969fad45f391 ] Request (KeyPairsV22TestJSON:tearDownClass): 204 DELETE http://10.180.1.21/identity/v3/projects/f8fc41684eed46cfb746a7e9959c1c7e 0.132s
2025-04-17 15:12:22.663 69920 INFO tempest.lib.common.rest_client [req-218c4d0e-43c3-467e-a972-6163fb143be0 req-218c4d0e-43c3-467e-a972-6163fb143be0 ] Request (KeyPairsV2TestJSON:_run_cleanups): 202 DELETE http://10.180.1.21/compute/v2.1/os-keypairs/tempest-KeyPairsV2TestJSON-keypair-1939355367 0.080s
2025-04-17 15:12:22.679 69978 INFO tempest.lib.common.rest_client [req-fe653228-5a40-406e-9d60-e3c4779c68b0 req-fe653228-5a40-406e-9d60-e3c4779c68b0 ] Request (MultipleCreateTestJSON:setUpClass): 201 POST http://10.180.1.21/identity/v3/auth/tokens 0.056s
2025-04-17 15:12:22.685 69946 INFO tempest.lib.common.rest_client [req-f5954460-d14f-4ab0-b4f2-b8e4a6aef3ef req-f5954460-d14f-4ab0-b4f2-b8e4a6aef3ef ] Request (AttachInterfacesTestJSON:setUpClass): 201 POST http://10.180.1.21/identity/v3/auth/tokens 0.031s
2025-04-17 15:12:22.705 69978 INFO tempest.lib.common.rest_client [req-c5e6424c-99fd-4efc-8472-f6afd319e2fe req-c5e6424c-99fd-4efc-8472-f6afd319e2fe ] Request (MultipleCreateTestJSON:setUpClass): 200 GET http://10.180.1.21/identity/v3/domains?name=Default 0.026s
2025-04-17 15:12:22.718 69977 INFO tempest.lib.common.rest_client [req-5e17e61d-e1ab-4297-91b8-aa3fcadfec55 req-5e17e61d-e1ab-4297-91b8-aa3fcadfec55 ] Request (ServerDiskConfigTestJSON:test_rebuild_server_with_auto_disk_config): 200 GET http://10.180.1.21/compute/v2.1/servers/8da78725-c35d-41e6-a7dd-1a68e4458dac 0.124s
2025-04-17 15:12:22.736 69948 INFO tempest.lib.common.rest_client [req-d03c4e18-3a2c-4b1c-a05c-06d2b14780f3 req-d03c4e18-3a2c-4b1c-a05c-06d2b14780f3 ] Request (SecurityGroupsTestJSON:test_security_groups_create_list_delete): 202 DELETE http://10.180.1.21/compute/v2.1/os-security-groups/d0dc82ee-0915-45eb-8f0c-520045f6e4b2 0.196s
2025-04-17 15:12:22.746 69920 INFO tempest.lib.common.rest_client [req-37a37a59-c64a-4c22-aeb7-41fb6877c0c7 req-37a37a59-c64a-4c22-aeb7-41fb6877c0c7 ] Request (KeyPairsV2TestJSON:tearDownClass): 204 DELETE http://10.180.1.21/identity/v3/users/5affa8169f664d76bdbf23787f92fba3 0.079s
2025-04-17 15:12:22.746 69920 INFO tempest.lib.common.dynamic_creds [-] Deleting project and security group for project: 50c5e62ef0414550bbf5a5c7c5e52029
2025-04-17 15:12:22.767 69946 INFO tempest.lib.common.rest_client [req-42ee9dbd-7ea2-4140-b30b-7f04cf45879e req-42ee9dbd-7ea2-4140-b30b-7f04cf45879e ] Request (AttachInterfacesTestJSON:setUpClass): 201 POST http://10.180.1.21/identity/v3/auth/tokens 0.078s
2025-04-17 15:12:22.795 69920 INFO tempest.lib.common.rest_client [req-b3f096d0-bcf6-42d0-9466-51b6d8f43029 req-b3f096d0-bcf6-42d0-9466-51b6d8f43029 ] Request (KeyPairsV2TestJSON:tearDownClass): 201 POST http://10.180.1.21/identity/v3/auth/tokens 0.049s
2025-04-17 15:12:22.807 69928 INFO tempest.lib.common.rest_client [req-8339d758-c7d6-4fe7-8938-d9e964be162f req-8339d758-c7d6-4fe7-8938-d9e964be162f ] Request (ServerRescueNegativeTestJSON:setUpClass): 200 GET http://10.180.1.21/compute/v2.1/servers/8448abb9-9e9d-4e1c-bb7c-ee29fad661da 0.136s
2025-04-17 15:12:22.813 69978 INFO tempest.lib.common.rest_client [req-0f3a2a30-d250-4128-af53-a45d76a2d611 req-0f3a2a30-d250-4128-af53-a45d76a2d611 ] Request (MultipleCreateTestJSON:setUpClass): 201 POST http://10.180.1.21/identity/v3/projects 0.107s
2025-04-17 15:12:22.822 69946 INFO tempest.lib.common.rest_client [req-af5d8d72-03a4-4d01-ae38-9da140e49b6f req-af5d8d72-03a4-4d01-ae38-9da140e49b6f ] Request (AttachInterfacesTestJSON:setUpClass): 200 GET http://10.180.1.21/identity/v3/domains?name=Default 0.054s
2025-04-17 15:12:22.835 69930 INFO tempest.lib.common.rest_client [req-f473fc0c-999f-4bd0-bee1-c1660b58c3ac req-f473fc0c-999f-4bd0-bee1-c1660b58c3ac ] Request (MigrationsAdminTest:test_list_migrations_in_flavor_resize_situation): 200 GET http://10.180.1.21/compute/v2.1/servers/3d99f616-a6a4-471c-9665-4f32f1a585ea 0.173s
2025-04-17 15:12:22.886 69978 INFO tempest.lib.common.rest_client [req-79056b1e-e3aa-4859-a928-1fa63b98500c req-79056b1e-e3aa-4859-a928-1fa63b98500c ] Request (MultipleCreateTestJSON:setUpClass): 201 POST http://10.180.1.21/identity/v3/users 0.071s
2025-04-17 15:12:22.886 69972 INFO tempest.lib.common.rest_client [req-000a2b6d-6d6c-4e92-a037-efd477adba30 req-000a2b6d-6d6c-4e92-a037-efd477adba30 ] Request (ServersTestJSON:test_create_server_specify_multibyte_character_name): 200 GET http://10.180.1.21/compute/v2.1/servers/5b5ee86c-11a2-43a9-8e9b-a5bc53efcb8f 0.156s
2025-04-17 15:12:22.900 69946 INFO tempest.lib.common.rest_client [req-07ec390b-479e-476c-983b-03d43df22d76 req-07ec390b-479e-476c-983b-03d43df22d76 ] Request (AttachInterfacesTestJSON:setUpClass): 201 POST http://10.180.1.21/identity/v3/projects 0.078s
2025-04-17 15:12:22.900 69926 INFO tempest.lib.common.rest_client [req-1c70e5b3-8842-4bdb-8284-4ee281477774 req-1c70e5b3-8842-4bdb-8284-4ee281477774 ] Request (ImagesOneServerNegativeTestJSON:_run_cleanups): 200 GET http://10.180.1.21/compute/v2.1/servers/28ade5ff-7678-4ff1-91f0-ca8340dfa3c8 0.167s
2025-04-17 15:12:22.909 69948 INFO tempest.lib.common.rest_client [req-5893e222-3c98-4e3d-9bba-c26cbff6440a req-5893e222-3c98-4e3d-9bba-c26cbff6440a ] Request (SecurityGroupsTestJSON:test_security_groups_create_list_delete): 404 GET http://10.180.1.21/compute/v2.1/os-security-groups/d0dc82ee-0915-45eb-8f0c-520045f6e4b2 0.172s
2025-04-17 15:12:22.911 69978 INFO tempest.lib.common.rest_client [req-fd8b3def-db66-40a6-b8e6-5655cc4e10e9 req-fd8b3def-db66-40a6-b8e6-5655cc4e10e9 ] Request (MultipleCreateTestJSON:setUpClass): 200 GET http://10.180.1.21/identity/v3/roles 0.025s
2025-04-17 15:12:22.970 69946 INFO tempest.lib.common.rest_client [req-355f549f-106a-4757-a0e2-8ebaa728a301 req-355f549f-106a-4757-a0e2-8ebaa728a301 ] Request (AttachInterfacesTestJSON:setUpClass): 201 POST http://10.180.1.21/identity/v3/users 0.070s
2025-04-17 15:12:22.974 69978 INFO tempest.lib.common.rest_client [req-7be8c37e-75bf-4a2c-8d77-5692fe9fa44c req-7be8c37e-75bf-4a2c-8d77-5692fe9fa44c ] Request (MultipleCreateTestJSON:setUpClass): 204 PUT http://10.180.1.21/identity/v3/projects/beb6b337d9ef49ce95f7f0f47c033245/users/31b2a22588864bb2b2e30a9e54bd87af/roles/1c78e99dd06042ba8dc1122e93ececfb 0.062s
2025-04-17 15:12:22.975 69978 INFO tempest.lib.common.dynamic_creds [-] Dynamic test user 31b2a22588864bb2b2e30a9e54bd87af is created with scope project and roles: ['member']
2025-04-17 15:12:22.975 69978 INFO tempest.lib.common.dynamic_creds [-] Acquired dynamic creds: credentials: Credentials: {'domain_id': 'default', 'domain_name': 'Default', 'username': 'tempest-MultipleCreateTestJSON-375855708-project-member', 'project_domain_id': 'default', 'project_domain_name': 'Default', 'project_id': 'beb6b337d9ef49ce95f7f0f47c033245', 'project_name': 'tempest-MultipleCreateTestJSON-375855708', 'tenant_id': 'beb6b337d9ef49ce95f7f0f47c033245', 'tenant_name': 'tempest-MultipleCreateTestJSON-375855708', 'user_domain_id': 'default', 'user_domain_name': 'Default', 'user_id': '31b2a22588864bb2b2e30a9e54bd87af', 'system': None}, Network: None, Subnet: None, Router: None
2025-04-17 15:12:22.977 69940 INFO tempest.lib.common.rest_client [req-daa8259b-3f4e-4154-8c60-87876aebae9c req-daa8259b-3f4e-4154-8c60-87876aebae9c ] Request (ServerDiagnosticsV248Test:tearDownClass): 200 GET http://10.180.1.21/compute/v2.1/servers/f9bbe81f-2cc4-4e4b-ad4c-ec555d17f0cd 0.164s
2025-04-17 15:12:22.991 69920 INFO tempest.lib.common.rest_client [req-4759c845-e2fc-4996-875d-ce1c238085a6 req-4759c845-e2fc-4996-875d-ce1c238085a6 ] Request (KeyPairsV2TestJSON:tearDownClass): 200 GET http://10.180.1.21:9696/networking/v2.0/security-groups?tenant_id=50c5e62ef0414550bbf5a5c7c5e52029&name=default 0.195s
2025-04-17 15:12:23.036 69946 INFO tempest.lib.common.rest_client [req-a93ca642-77b4-4f20-8c27-32dab7fad30d req-a93ca642-77b4-4f20-8c27-32dab7fad30d ] Request (AttachInterfacesTestJSON:setUpClass): 200 GET http://10.180.1.21/identity/v3/roles 0.065s
2025-04-17 15:12:23.038 69970 INFO tempest.lib.common.rest_client [req-b32dde3f-f2ad-4caf-84d8-f0a3e7a95348 req-b32dde3f-f2ad-4caf-84d8-f0a3e7a95348 ] Request (ServerShowV247Test:test_update_rebuild_list_server): 200 GET http://10.180.1.21/compute/v2.1/servers/f7c6c094-7f59-44f1-8107-e8b5f0850c68 0.122s
2025-04-17 15:12:23.043 69948 INFO tempest.lib.common.rest_client [req-c4cea423-6eaf-40f2-9dce-95e62abf94eb req-c4cea423-6eaf-40f2-9dce-95e62abf94eb ] Request (SecurityGroupsTestJSON:test_security_groups_create_list_delete): 202 DELETE http://10.180.1.21/compute/v2.1/os-security-groups/a8fd8121-957f-4397-a5e3-65509a02057d 0.133s
2025-04-17 15:12:23.044 69978 INFO tempest.lib.common.rest_client [req-637dd164-fa7f-4382-b54f-543171f70e0a req-637dd164-fa7f-4382-b54f-543171f70e0a ] Request (MultipleCreateTestJSON:setUpClass): 201 POST http://10.180.1.21/identity/v3/auth/tokens 0.069s
2025-04-17 15:12:23.066 69946 INFO tempest.lib.common.rest_client [req-d13327d3-27a4-4f57-bc7d-303ed8769716 req-d13327d3-27a4-4f57-bc7d-303ed8769716 ] Request (AttachInterfacesTestJSON:setUpClass): 204 PUT http://10.180.1.21/identity/v3/projects/e45969eb4ad041bab259e6c0a7e8cddf/users/4b5a559e296f4a44808838df8b2652b7/roles/1c78e99dd06042ba8dc1122e93ececfb 0.030s
2025-04-17 15:12:23.066 69946 INFO tempest.lib.common.dynamic_creds [-] Dynamic test user 4b5a559e296f4a44808838df8b2652b7 is created with scope project and roles: ['member']
2025-04-17 15:12:23.066 69946 INFO tempest.lib.common.dynamic_creds [-] Acquired dynamic creds: credentials: Credentials: {'domain_id': 'default', 'domain_name': 'Default', 'username': 'tempest-AttachInterfacesTestJSON-1802622032-project-member', 'project_domain_id': 'default', 'project_domain_name': 'Default', 'project_id': 'e45969eb4ad041bab259e6c0a7e8cddf', 'project_name': 'tempest-AttachInterfacesTestJSON-1802622032', 'tenant_id': 'e45969eb4ad041bab259e6c0a7e8cddf', 'tenant_name': 'tempest-AttachInterfacesTestJSON-1802622032', 'user_domain_id': 'default', 'user_domain_name': 'Default', 'user_id': '4b5a559e296f4a44808838df8b2652b7', 'system': None}, Network: None, Subnet: None, Router: None
2025-04-17 15:12:23.084 69920 INFO tempest.lib.common.rest_client [req-fceb0559-aede-4a7f-ab9b-e75e49f53a43 req-fceb0559-aede-4a7f-ab9b-e75e49f53a43 ] Request (KeyPairsV2TestJSON:tearDownClass): 204 DELETE http://10.180.1.21:9696/networking/v2.0/security-groups/e78e4f5b-e77d-4b62-999e-3182ed18b4d3 0.093s
2025-04-17 15:12:23.109 69962 INFO tempest.lib.common.rest_client [req-99b6ebd3-7acc-421b-ab7e-5f4df3ed617a req-99b6ebd3-7acc-421b-ab7e-5f4df3ed617a ] Request (ServerGroupTestJSON:test_create_server_with_scheduler_hint_group): 200 GET http://10.180.1.21/compute/v2.1/servers/9708bf88-1a5c-423b-bb92-49e90d343844 0.166s
2025-04-17 15:12:23.141 69922 INFO tempest.lib.common.rest_client [req-aa782bde-7153-482d-9527-606688f18020 req-aa782bde-7153-482d-9527-606688f18020 ] Request (ServersAdmin275Test:test_rebuild_update_server_275): 200 GET http://10.180.1.21/compute/v2.1/servers/ccea07bc-1f5c-4217-82c5-0a4852f6237b 0.148s
2025-04-17 15:12:23.146 69946 INFO tempest.lib.common.rest_client [req-e2eff383-990d-4938-9c3d-9ac0205249b0 req-e2eff383-990d-4938-9c3d-9ac0205249b0 ] Request (AttachInterfacesTestJSON:setUpClass): 201 POST http://10.180.1.21/identity/v3/auth/tokens 0.079s
2025-04-17 15:12:23.151 69922 INFO tempest.common.waiters [-] State transition "BUILD/block_device_mapping" ==> "BUILD/spawning" after 46 second wait
2025-04-17 15:12:23.172 69932 INFO tempest.lib.common.rest_client [req-88b0ad31-7b5d-4465-9e45-d4e799f801eb req-88b0ad31-7b5d-4465-9e45-d4e799f801eb ] Request (ImagesNegativeTestJSON:test_create_image_from_deleted_server): 200 GET http://10.180.1.21/compute/v2.1/servers/cff730ac-fa36-496c-bc48-3ec8354f193f 0.139s
2025-04-17 15:12:23.177 69948 INFO tempest.lib.common.rest_client [req-6dbbaa7b-71ec-4749-abad-bcc75e53731b req-6dbbaa7b-71ec-4749-abad-bcc75e53731b ] Request (SecurityGroupsTestJSON:test_security_groups_create_list_delete): 404 GET http://10.180.1.21/compute/v2.1/os-security-groups/a8fd8121-957f-4397-a5e3-65509a02057d 0.133s
2025-04-17 15:12:23.211 69950 INFO tempest.lib.common.rest_client [req-fd1b084c-80fb-4be3-a3d9-39947758371d req-fd1b084c-80fb-4be3-a3d9-39947758371d ] Request (ListImageFiltersTestJSON:setUpClass): 200 GET http://10.180.1.21/compute/v2.1/images/02c05040-a647-4562-bebc-b61597d8471f 0.156s
2025-04-17 15:12:23.214 69920 INFO tempest.lib.common.rest_client [req-516bcdd7-b845-41f0-9c8b-28068df521b7 req-516bcdd7-b845-41f0-9c8b-28068df521b7 ] Request (KeyPairsV2TestJSON:tearDownClass): 204 DELETE http://10.180.1.21/identity/v3/projects/50c5e62ef0414550bbf5a5c7c5e52029 0.129s
2025-04-17 15:12:23.261 69945 INFO tempest.lib.common.rest_client [req-06259db0-9078-4e09-8a4e-065a6dfab83e req-06259db0-9078-4e09-8a4e-065a6dfab83e ] Request (DeleteServersAdminTestJSON:test_delete_server_while_in_error_state): 200 GET http://10.180.1.21/compute/v2.1/servers/78a5569d-5d31-48f9-a9d0-ed9921385b3c 0.123s
2025-04-17 15:12:23.280 69920 INFO tempest.lib.common.rest_client [req-e3977d6b-d83a-4463-9ed9-ac0656180ea3 req-e3977d6b-d83a-4463-9ed9-ac0656180ea3 ] Request (ServersNegativeTestMultiTenantJSON:setUpClass): 201 POST http://10.180.1.21/identity/v3/auth/tokens 0.064s
2025-04-17 15:12:23.317 69920 INFO tempest.lib.common.rest_client [req-87a8ef9c-6880-4541-97f8-3504e96cfe5a req-87a8ef9c-6880-4541-97f8-3504e96cfe5a ] Request (ServersNegativeTestMultiTenantJSON:setUpClass): 201 POST http://10.180.1.21/identity/v3/auth/tokens 0.034s
2025-04-17 15:12:23.333 69952 INFO tempest.lib.common.rest_client [req-2ce6830c-bb94-413e-bc5f-5eba594a874e req-2ce6830c-bb94-413e-bc5f-5eba594a874e ] Request (ImagesTestJSON:test_create_image_from_suspended_server): 200 GET http://10.180.1.21/compute/v2.1/servers/375f9fb9-2dcf-49a1-bc37-53daa213d575 0.140s
2025-04-17 15:12:23.354 69920 INFO tempest.lib.common.rest_client [req-78ce1c9c-8d70-48af-9ce8-8bcdaee07e3a req-78ce1c9c-8d70-48af-9ce8-8bcdaee07e3a ] Request (ServersNegativeTestMultiTenantJSON:setUpClass): 200 GET http://10.180.1.21/identity/v3/domains?name=Default 0.037s
2025-04-17 15:12:23.385 69920 INFO tempest.lib.common.rest_client [req-79597778-3491-4f2c-99a0-cf5068818a45 req-79597778-3491-4f2c-99a0-cf5068818a45 ] Request (ServersNegativeTestMultiTenantJSON:setUpClass): 201 POST http://10.180.1.21/identity/v3/projects 0.030s
2025-04-17 15:12:23.392 69946 INFO tempest.lib.common.rest_client [req-625db6a7-0cdc-458a-9f69-77bdf72210b1 req-625db6a7-0cdc-458a-9f69-77bdf72210b1 ] Request (AttachInterfacesTestJSON:setUpClass): 201 POST http://10.180.1.21:9696/networking/v2.0/networks 0.246s
2025-04-17 15:12:23.395 69948 INFO tempest.lib.common.rest_client [req-a9a1d257-d53e-48b1-b5cb-b5d1cc32addf req-a9a1d257-d53e-48b1-b5cb-b5d1cc32addf ] Request (SecurityGroupsTestJSON:test_security_groups_create_list_delete): 200 GET http://10.180.1.21/compute/v2.1/os-security-groups 0.217s
2025-04-17 15:12:23.402 69980 INFO tempest.lib.common.rest_client [req-d618a7c9-3069-4c89-af09-c7e10d72943c req-d618a7c9-3069-4c89-af09-c7e10d72943c ] Request (ServersAdminTestJSON:setUpClass): 200 GET http://10.180.1.21/compute/v2.1/servers/8731c74f-1386-4369-a73a-f473279a0a86 0.149s
2025-04-17 15:12:23.456 69918 WARNING tempest.lib.common.ssh [-] Failed to establish authenticated ssh connection to cirros@10.180.180.128 ([Errno None] Unable to connect to port 22 on 10.180.180.128). Number attempts: 3. Retry after 4 seconds.: paramiko.ssh_exception.NoValidConnectionsError: [Errno None] Unable to connect to port 22 on 10.180.180.128
2025-04-17 15:12:23.458 69920 INFO tempest.lib.common.rest_client [req-d186f5b9-0cfd-41bd-8fb9-4300203b68b1 req-d186f5b9-0cfd-41bd-8fb9-4300203b68b1 ] Request (ServersNegativeTestMultiTenantJSON:setUpClass): 201 POST http://10.180.1.21/identity/v3/users 0.072s
2025-04-17 15:12:23.465 69924 INFO tempest.lib.common.rest_client [req-71687437-fb31-4611-b95c-f4f7fd7ff8fa req-71687437-fb31-4611-b95c-f4f7fd7ff8fa ] Request (FloatingIPsAssociationNegativeTestJSON:setUpClass): 200 GET http://10.180.1.21/compute/v2.1/servers/87fe142a-3f0f-44f3-a4f1-6aa63e283317 0.161s
2025-04-17 15:12:23.467 69942 INFO tempest.lib.common.rest_client [req-29234897-df17-4796-9e96-d110747e81b7 req-29234897-df17-4796-9e96-d110747e81b7 ] Request (VolumesAdminNegativeTest:test_update_attached_volume_with_nonexistent_volume_in_body): 200 GET http://10.180.1.21/compute/v2.1/servers/e44b6009-d869-4820-8da1-e4c8f2343035 0.161s
2025-04-17 15:12:23.478 69978 INFO tempest.lib.common.rest_client [req-6df6144c-38b0-40a4-aff0-808b86464907 req-6df6144c-38b0-40a4-aff0-808b86464907 ] Request (MultipleCreateTestJSON:setUpClass): 201 POST http://10.180.1.21:9696/networking/v2.0/networks 0.434s
2025-04-17 15:12:23.480 69920 INFO tempest.lib.common.rest_client [req-d39eac6d-18df-4194-8e68-ed6768f5ccc2 req-d39eac6d-18df-4194-8e68-ed6768f5ccc2 ] Request (ServersNegativeTestMultiTenantJSON:setUpClass): 200 GET http://10.180.1.21/identity/v3/roles 0.021s
2025-04-17 15:12:23.507 69920 INFO tempest.lib.common.rest_client [req-c6e129ac-1384-468f-8c6f-e4c5ee978575 req-c6e129ac-1384-468f-8c6f-e4c5ee978575 ] Request (ServersNegativeTestMultiTenantJSON:setUpClass): 204 PUT http://10.180.1.21/identity/v3/projects/74d9ab34d2f84b679c7d19c6d2c058d4/users/5d034ab13f3f47119ffecab1533674c7/roles/1c78e99dd06042ba8dc1122e93ececfb 0.027s
2025-04-17 15:12:23.507 69920 INFO tempest.lib.common.dynamic_creds [-] Dynamic test user 5d034ab13f3f47119ffecab1533674c7 is created with scope project and roles: ['member']
2025-04-17 15:12:23.507 69920 INFO tempest.lib.common.dynamic_creds [-] Acquired dynamic creds: credentials: Credentials: {'domain_id': 'default', 'domain_name': 'Default', 'username': 'tempest-ServersNegativeTestMultiTenantJSON-1659995773-project-member', 'project_domain_id': 'default', 'project_domain_name': 'Default', 'project_id': '74d9ab34d2f84b679c7d19c6d2c058d4', 'project_name': 'tempest-ServersNegativeTestMultiTenantJSON-1659995773', 'tenant_id': '74d9ab34d2f84b679c7d19c6d2c058d4', 'tenant_name': 'tempest-ServersNegativeTestMultiTenantJSON-1659995773', 'user_domain_id': 'default', 'user_domain_name': 'Default', 'user_id': '5d034ab13f3f47119ffecab1533674c7', 'system': None}, Network: None, Subnet: None, Router: None
2025-04-17 15:12:23.519 69938 INFO tempest.lib.common.rest_client [req-1f222495-c8b1-4c12-8a58-31372079ce93 req-1f222495-c8b1-4c12-8a58-31372079ce93 ] Request (ServersAdminNegativeTestJSON:test_migrate_server_invalid_state): 200 GET http://10.180.1.21/compute/v2.1/servers/3a6bc090-13ff-4df0-b89c-d7782488111f 0.152s
2025-04-17 15:12:23.573 69964 INFO tempest.lib.common.rest_client [req-38bea025-e758-4cf9-9414-5750911b034a req-38bea025-e758-4cf9-9414-5750911b034a ] Request (AttachVolumeTestJSON:test_attach_detach_volume): 200 GET http://10.180.1.21/compute/v2.1/servers/d4000e4f-7369-4e8a-96ec-8cdd732a6294 0.121s
2025-04-17 15:12:23.583 69920 INFO tempest.lib.common.rest_client [req-fd95d093-fb7e-47d5-a666-b0f8ff697cc0 req-fd95d093-fb7e-47d5-a666-b0f8ff697cc0 ] Request (ServersNegativeTestMultiTenantJSON:setUpClass): 201 POST http://10.180.1.21/identity/v3/auth/tokens 0.076s
2025-04-17 15:12:23.596 69948 INFO tempest.lib.common.rest_client [req-9972ab2b-8d4a-4d48-8d2e-6f1cc567a79f req-9972ab2b-8d4a-4d48-8d2e-6f1cc567a79f ] Request (SecurityGroupsTestJSON:test_server_security_groups): 200 POST http://10.180.1.21/compute/v2.1/os-security-groups 0.195s
2025-04-17 15:12:23.629 69936 INFO tempest.lib.common.rest_client [req-5cfe10b0-2c84-4049-b1a3-0f7cb7413eed req-5cfe10b0-2c84-4049-b1a3-0f7cb7413eed ] Request (InstanceActionsNegativeTestJSON:setUpClass): 200 GET http://10.180.1.21/compute/v2.1/servers/8211b529-f910-42e0-a094-6df9e4c64f5c 0.116s
2025-04-17 15:12:23.639 69946 INFO tempest.lib.common.rest_client [req-37b38adc-86de-4426-8db2-1e9b799964d6 req-37b38adc-86de-4426-8db2-1e9b799964d6 ] Request (AttachInterfacesTestJSON:setUpClass): 201 POST http://10.180.1.21:9696/networking/v2.0/subnets 0.246s
2025-04-17 15:12:23.656 69974 INFO tempest.lib.common.rest_client [req-7577695d-f62c-46f7-8536-31a4c962abb3 req-7577695d-f62c-46f7-8536-31a4c962abb3 ] Request (FloatingIPsAssociationTestJSON:test_associate_already_associated_floating_ip): 200 GET http://10.180.1.21/compute/v2.1/servers/b4c6a04c-a7f5-4796-ada2-0ca3431b947c 0.127s
2025-04-17 15:12:23.694 69958 INFO tempest.lib.common.rest_client [req-75139adc-f15f-4ac0-b134-4d652851b308 req-75139adc-f15f-4ac0-b134-4d652851b308 ] Request (ServerRescueTestJSONUnderV235:setUpClass): 200 GET http://10.180.1.21/compute/v2.1/servers/0bc05767-01e1-48da-ae01-2985abcd944c 0.111s
2025-04-17 15:12:23.747 69956 INFO tempest.lib.common.rest_client [req-2c3e5cde-5f89-4be7-9adf-aec7f284a6b7 req-2c3e5cde-5f89-4be7-9adf-aec7f284a6b7 ] Request (AttachInterfacesUnderV243Test:test_add_remove_fixed_ip): 200 GET http://10.180.1.21/compute/v2.1/servers/8814e29d-5c08-45f1-9a02-c30e4b7441db 0.138s
2025-04-17 15:12:23.789 69948 INFO tempest.lib.common.rest_client [req-d5fe36e8-ceaa-47be-bc01-316ae35b1c8f req-d5fe36e8-ceaa-47be-bc01-316ae35b1c8f ] Request (SecurityGroupsTestJSON:test_server_security_groups): 200 POST http://10.180.1.21/compute/v2.1/os-security-groups 0.190s
2025-04-17 15:12:23.800 69966 INFO tempest.lib.common.rest_client [req-d9421812-2834-4126-b79f-5f857c9adb25 req-d9421812-2834-4126-b79f-5f857c9adb25 ] Request (ImagesOneServerTestJSON:test_create_image_specify_multibyte_character_image_name): 200 GET http://10.180.1.21/compute/v2.1/images/b8b3a413-9e85-4f78-aa4d-44eea27bd3db 0.159s
2025-04-17 15:12:23.873 69977 INFO tempest.lib.common.rest_client [req-19437695-38a5-403b-a2f8-56f5746fb190 req-19437695-38a5-403b-a2f8-56f5746fb190 ] Request (ServerDiskConfigTestJSON:test_rebuild_server_with_auto_disk_config): 200 GET http://10.180.1.21/compute/v2.1/servers/8da78725-c35d-41e6-a7dd-1a68e4458dac 0.144s
2025-04-17 15:12:23.874 69948 INFO tempest.lib.common.rest_client [req-5c98d875-835d-4a93-a07d-bf5ba80b253e req-5c98d875-835d-4a93-a07d-bf5ba80b253e ] Request (SecurityGroupsTestJSON:test_server_security_groups): 201 POST http://10.180.1.21/identity/v3/auth/tokens 0.076s
2025-04-17 15:12:23.874 69948 INFO tempest.lib.common.fixed_network [-] (SecurityGroupsTestJSON:test_server_security_groups) Found network {'id': 'b2dffa2f-fbb2-484d-8088-c9e0bcea8ae0', 'name': 'tempest-SecurityGroupsTestJSON-1645583158-network', 'tenant_id': '6c219c115c0742f49bd00fcae2dd6a0c', 'admin_state_up': True, 'mtu': 8950, 'status': 'ACTIVE', 'subnets': [], 'shared': False, 'project_id': '6c219c115c0742f49bd00fcae2dd6a0c', 'port_security_enabled': True, 'router:external': False, 'provider:network_type': 'vlan', 'provider:physical_network': 'default', 'provider:segmentation_id': 501, 'availability_zone_hints': [], 'availability_zones': [], 'ipv4_address_scope': None, 'ipv6_address_scope': None, 'description': '', 'tags': [], 'created_at': '2025-04-17T15:11:18Z', 'updated_at': '2025-04-17T15:11:18Z', 'revision_number': 1} available for tenant
2025-04-17 15:12:23.884 69935 INFO tempest.lib.common.rest_client [req-32ad703a-b38d-4ff3-abda-066e532ccf92 req-32ad703a-b38d-4ff3-abda-066e532ccf92 ] Request (AttachInterfacesV270Test:tearDownClass): 200 GET http://10.180.1.21/compute/v2.1/servers/7276c8fa-dcb8-4b41-8d2b-e6c763093b5f 0.221s
2025-04-17 15:12:23.936 69928 INFO tempest.lib.common.rest_client [req-e017196d-db4a-4969-bc6c-92df7030d1fb req-e017196d-db4a-4969-bc6c-92df7030d1fb ] Request (ServerRescueNegativeTestJSON:setUpClass): 200 GET http://10.180.1.21/compute/v2.1/servers/8448abb9-9e9d-4e1c-bb7c-ee29fad661da 0.120s
2025-04-17 15:12:23.965 69978 INFO tempest.lib.common.rest_client [req-b0eaee9e-d66d-40db-9973-b526196bcd48 req-b0eaee9e-d66d-40db-9973-b526196bcd48 ] Request (MultipleCreateTestJSON:setUpClass): 201 POST http://10.180.1.21:9696/networking/v2.0/subnets 0.486s
2025-04-17 15:12:23.992 69930 INFO tempest.lib.common.rest_client [req-cb8e3f71-3b9e-4901-ba8a-4c470a2db5d2 req-cb8e3f71-3b9e-4901-ba8a-4c470a2db5d2 ] Request (MigrationsAdminTest:test_list_migrations_in_flavor_resize_situation): 200 GET http://10.180.1.21/compute/v2.1/servers/3d99f616-a6a4-471c-9665-4f32f1a585ea 0.146s
2025-04-17 15:12:24.080 69972 INFO tempest.lib.common.rest_client [req-80aca528-a575-494a-9c30-086734f8e6b7 req-80aca528-a575-494a-9c30-086734f8e6b7 ] Request (ServersTestJSON:test_create_server_specify_multibyte_character_name): 200 GET http://10.180.1.21/compute/v2.1/servers/5b5ee86c-11a2-43a9-8e9b-a5bc53efcb8f 0.186s
2025-04-17 15:12:24.087 69972 INFO tempest.common.waiters [-] State transition "BUILD/None" ==> "BUILD/networking" after 47 second wait
2025-04-17 15:12:24.154 69920 INFO tempest.lib.common.rest_client [req-10fd5b80-76c5-47d0-b374-2c12f1e6a0a0 req-10fd5b80-76c5-47d0-b374-2c12f1e6a0a0 ] Request (ServersNegativeTestMultiTenantJSON:setUpClass): 201 POST http://10.180.1.21:9696/networking/v2.0/networks 0.570s
2025-04-17 15:12:24.162 69926 INFO tempest.lib.common.rest_client [req-f79876ec-b22f-49ae-83ef-1f0e2ba80d32 req-f79876ec-b22f-49ae-83ef-1f0e2ba80d32 ] Request (ImagesOneServerNegativeTestJSON:_run_cleanups): 200 GET http://10.180.1.21/compute/v2.1/servers/28ade5ff-7678-4ff1-91f0-ca8340dfa3c8 0.253s
2025-04-17 15:12:24.248 69940 INFO tempest.lib.common.rest_client [req-60b69f74-ca15-4407-a7a1-c54074cf24c9 req-60b69f74-ca15-4407-a7a1-c54074cf24c9 ] Request (ServerDiagnosticsV248Test:tearDownClass): 200 GET http://10.180.1.21/compute/v2.1/servers/f9bbe81f-2cc4-4e4b-ad4c-ec555d17f0cd 0.260s
2025-04-17 15:12:24.348 69970 INFO tempest.lib.common.rest_client [req-1c5c66db-1079-441a-b0cc-04d98900d972 req-1c5c66db-1079-441a-b0cc-04d98900d972 ] Request (ServerShowV247Test:test_update_rebuild_list_server): 200 GET http://10.180.1.21/compute/v2.1/servers/f7c6c094-7f59-44f1-8107-e8b5f0850c68 0.295s
2025-04-17 15:12:24.413 69920 INFO tempest.lib.common.rest_client [req-918c0f32-94fe-430d-9eb3-640c0146a831 req-918c0f32-94fe-430d-9eb3-640c0146a831 ] Request (ServersNegativeTestMultiTenantJSON:setUpClass): 201 POST http://10.180.1.21:9696/networking/v2.0/subnets 0.258s
2025-04-17 15:12:24.636 69962 INFO tempest.lib.common.rest_client [req-ad7cb1fd-ddab-4742-981b-a761b4d68aee req-ad7cb1fd-ddab-4742-981b-a761b4d68aee ] Request (ServerGroupTestJSON:test_create_server_with_scheduler_hint_group): 200 GET http://10.180.1.21/compute/v2.1/servers/9708bf88-1a5c-423b-bb92-49e90d343844 0.516s
2025-04-17 15:12:24.719 69922 INFO tempest.lib.common.rest_client [req-2b505531-0ad8-43a2-aa83-398ab2534f04 req-2b505531-0ad8-43a2-aa83-398ab2534f04 ] Request (ServersAdmin275Test:test_rebuild_update_server_275): 200 GET http://10.180.1.21/compute/v2.1/servers/ccea07bc-1f5c-4217-82c5-0a4852f6237b 0.567s
2025-04-17 15:12:24.793 69932 INFO tempest.lib.common.rest_client [req-5ef16880-6358-4fde-b5d1-07ec78112e34 req-5ef16880-6358-4fde-b5d1-07ec78112e34 ] Request (ImagesNegativeTestJSON:test_create_image_from_deleted_server): 200 GET http://10.180.1.21/compute/v2.1/servers/cff730ac-fa36-496c-bc48-3ec8354f193f 0.610s
2025-04-17 15:12:24.851 69950 INFO tempest.lib.common.rest_client [req-1a4a7800-0b84-4fc9-80f3-d2db6f5573f9 req-1a4a7800-0b84-4fc9-80f3-d2db6f5573f9 ] Request (ListImageFiltersTestJSON:setUpClass): 200 GET http://10.180.1.21/compute/v2.1/images/02c05040-a647-4562-bebc-b61597d8471f 0.635s
2025-04-17 15:12:24.893 69948 INFO tempest.lib.common.rest_client [req-45a98264-c458-48f1-b3ba-db74f0459e97 req-45a98264-c458-48f1-b3ba-db74f0459e97 ] Request (SecurityGroupsTestJSON:test_server_security_groups): 202 POST http://10.180.1.21/compute/v2.1/servers 1.018s
2025-04-17 15:12:24.930 69945 INFO tempest.lib.common.rest_client [req-e96045fb-1573-4a97-b133-60d8b3bccc8e req-e96045fb-1573-4a97-b133-60d8b3bccc8e ] Request (DeleteServersAdminTestJSON:test_delete_server_while_in_error_state): 200 GET http://10.180.1.21/compute/v2.1/servers/78a5569d-5d31-48f9-a9d0-ed9921385b3c 0.658s
2025-04-17 15:12:24.959 69952 INFO tempest.lib.common.rest_client [req-cd45e28f-68c6-4e54-ae7f-b234c63873e4 req-cd45e28f-68c6-4e54-ae7f-b234c63873e4 ] Request (ImagesTestJSON:test_create_image_from_suspended_server): 200 GET http://10.180.1.21/compute/v2.1/servers/375f9fb9-2dcf-49a1-bc37-53daa213d575 0.618s
2025-04-17 15:12:24.976 69946 INFO tempest.lib.common.rest_client [req-74bb93d1-42a1-4db9-873c-aeb0b6c0a268 req-74bb93d1-42a1-4db9-873c-aeb0b6c0a268 ] Request (AttachInterfacesTestJSON:setUpClass): 201 POST http://10.180.1.21:9696/networking/v2.0/routers 1.336s
2025-04-17 15:12:25.014 69980 INFO tempest.lib.common.rest_client [req-92db2092-558c-4045-992b-5609ef490626 req-92db2092-558c-4045-992b-5609ef490626 ] Request (ServersAdminTestJSON:setUpClass): 200 GET http://10.180.1.21/compute/v2.1/servers/8731c74f-1386-4369-a73a-f473279a0a86 0.598s
2025-04-17 15:12:25.063 69942 INFO tempest.lib.common.rest_client [req-f3607624-b265-403d-a658-7e74a0f52cc4 req-f3607624-b265-403d-a658-7e74a0f52cc4 ] Request (VolumesAdminNegativeTest:test_update_attached_volume_with_nonexistent_volume_in_body): 200 GET http://10.180.1.21/compute/v2.1/servers/e44b6009-d869-4820-8da1-e4c8f2343035 0.587s
2025-04-17 15:12:25.117 69924 INFO tempest.lib.common.rest_client [req-a24dbd96-4a51-475e-b5a0-7ee7af96dc8c req-a24dbd96-4a51-475e-b5a0-7ee7af96dc8c ] Request (FloatingIPsAssociationNegativeTestJSON:setUpClass): 200 GET http://10.180.1.21/compute/v2.1/servers/87fe142a-3f0f-44f3-a4f1-6aa63e283317 0.641s
2025-04-17 15:12:25.147 69938 INFO tempest.lib.common.rest_client [req-7ad93357-7a36-4618-8eb6-5ddda2ebcfc5 req-7ad93357-7a36-4618-8eb6-5ddda2ebcfc5 ] Request (ServersAdminNegativeTestJSON:test_migrate_server_invalid_state): 200 GET http://10.180.1.21/compute/v2.1/servers/3a6bc090-13ff-4df0-b89c-d7782488111f 0.619s
2025-04-17 15:12:25.208 69964 INFO tempest.lib.common.rest_client [req-cb66d283-f836-4a0d-b8b4-3f84265bd916 req-cb66d283-f836-4a0d-b8b4-3f84265bd916 ] Request (AttachVolumeTestJSON:test_attach_detach_volume): 200 GET http://10.180.1.21/compute/v2.1/servers/d4000e4f-7369-4e8a-96ec-8cdd732a6294 0.626s
2025-04-17 15:12:25.256 69936 INFO tempest.lib.common.rest_client [req-e789161b-5b19-4229-b395-15a0c34942ff req-e789161b-5b19-4229-b395-15a0c34942ff ] Request (InstanceActionsNegativeTestJSON:setUpClass): 200 GET http://10.180.1.21/compute/v2.1/servers/8211b529-f910-42e0-a094-6df9e4c64f5c 0.613s
2025-04-17 15:12:25.284 69974 INFO tempest.lib.common.rest_client [req-fe19ad42-8eee-4477-9719-aee723e24c11 req-fe19ad42-8eee-4477-9719-aee723e24c11 ] Request (FloatingIPsAssociationTestJSON:test_associate_already_associated_floating_ip): 200 GET http://10.180.1.21/compute/v2.1/servers/b4c6a04c-a7f5-4796-ada2-0ca3431b947c 0.619s
2025-04-17 15:12:25.305 69920 INFO tempest.lib.common.rest_client [req-1b2350c5-898d-4718-9481-8920c6097da0 req-1b2350c5-898d-4718-9481-8920c6097da0 ] Request (ServersNegativeTestMultiTenantJSON:setUpClass): 201 POST http://10.180.1.21:9696/networking/v2.0/routers 0.891s
