2025-04-16 23:39:29.930 69720 INFO tempest.lib.common.dynamic_creds [-] Created isolated network resources for: credentials: Credentials: {'domain_id': 'default', 'domain_name': 'Default', 'username': 'tempest-SecurityGroupsNegativeTestJSON-539324411-project-member', 'project_domain_id': 'default', 'project_domain_name': 'Default', 'project_id': '154a8c816cc74751b7733b4df4007bc9', 'project_name': 'tempest-SecurityGroupsNegativeTestJSON-539324411', 'tenant_id': '154a8c816cc74751b7733b4df4007bc9', 'tenant_name': 'tempest-SecurityGroupsNegativeTestJSON-539324411', 'user_domain_id': 'default', 'user_domain_name': 'Default', 'user_id': '9ec68174a47241f09492435ad7b1d491', 'system': None}, Network: {'id': '7b4ea073-7da5-4698-bda7-6b9366e5cdbb', 'name': 'tempest-SecurityGroupsNegativeTestJSON-1651699840-network', 'tenant_id': '154a8c816cc74751b7733b4df4007bc9', 'admin_state_up': True, 'mtu': 8950, 'status': 'ACTIVE', 'subnets': [], 'shared': False, 'project_id': '154a8c816cc74751b7733b4df4007bc9', 'port_security_enabled': True, 'router:external': False, 'provider:network_type': 'vlan', 'provider:physical_network': 'default', 'provider:segmentation_id': 993, 'availability_zone_hints': [], 'availability_zones': [], 'ipv4_address_scope': None, 'ipv6_address_scope': None, 'description': '', 'tags': [], 'created_at': '2025-04-16T23:39:18Z', 'updated_at': '2025-04-16T23:39:19Z', 'revision_number': 1}, Subnet: {'id': '974e0348-7f36-4531-84eb-bf0df8969cf7', 'name': 'tempest-SecurityGroupsNegativeTestJSON-1651699840-subnet', 'tenant_id': '154a8c816cc74751b7733b4df4007bc9', 'network_id': '7b4ea073-7da5-4698-bda7-6b9366e5cdbb', 'ip_version': 4, 'subnetpool_id': None, 'enable_dhcp': True, 'ipv6_ra_mode': None, 'ipv6_address_mode': None, 'gateway_ip': '192.168.128.1', 'cidr': '192.168.128.0/28', 'allocation_pools': [{'start': '192.168.128.2', 'end': '192.168.128.14'}], 'host_routes': [], 'dns_nameservers': [], 'description': '', 'router:external': False, 'service_types': [], 'tags': [], 'created_at': '2025-04-16T23:39:19Z', 'updated_at': '2025-04-16T23:39:19Z', 'revision_number': 0, 'project_id': '154a8c816cc74751b7733b4df4007bc9'}, Router: {'id': 'c777f077-515c-4768-92e3-1354de989b0b', 'name': 'tempest-SecurityGroupsNegativeTestJSON-1651699840-router', 'tenant_id': '154a8c816cc74751b7733b4df4007bc9', 'admin_state_up': True, 'status': 'ACTIVE', 'external_gateway_info': {'network_id': 'e86a1172-7bc2-4c82-8f36-86413d166d45', 'external_fixed_ips': [{'subnet_id': 'e9babbed-aafe-42a6-8944-5dd034e64416', 'ip_address': '10.180.180.164'}], 'enable_snat': True}, 'description': '', 'availability_zones': [], 'distributed': False, 'ha': False, 'availability_zone_hints': [], 'routes': [], 'flavor_id': None, 'tags': [], 'created_at': '2025-04-16T23:39:20Z', 'updated_at': '2025-04-16T23:39:22Z', 'revision_number': 2, 'project_id': '154a8c816cc74751b7733b4df4007bc9'}
2025-04-16 23:39:29.944 69746 INFO tempest.lib.common.rest_client [req-1c05b52c-6f9d-4151-b998-abb99974c201 req-1c05b52c-6f9d-4151-b998-abb99974c201 ] Request (NetworksTest:setUpClass): 200 GET http://10.180.1.21/identity/v3/domains?name=Default 0.321s
2025-04-16 23:39:29.959 69718 INFO tempest.lib.common.rest_client [req-b2f04a12-c3ad-4b39-893a-a2d2929e8e49 req-b2f04a12-c3ad-4b39-893a-a2d2929e8e49 ] Request (QuotasAdminTestV257:setUpClass): 204 PUT http://10.180.1.21/identity/v3/projects/04b63d94083f426883e5c45021ec3a7f/users/9d3a638421ab4675ba58747d5dd8a0ee/roles/109eda69c16047ba9faece8810e38049 0.356s
2025-04-16 23:39:30.013 69736 INFO tempest.lib.common.rest_client [req-f3a4f941-2fa6-4e09-80e8-edeb7ec9a9e1 req-f3a4f941-2fa6-4e09-80e8-edeb7ec9a9e1 ] Request (HypervisorAdminNegativeTestJSON:setUpClass): 201 POST http://10.180.1.21/identity/v3/projects 0.334s
2025-04-16 23:39:30.020 69729 INFO tempest.lib.common.rest_client [req-ecc1459b-2371-4dbe-a104-2a59be2de638 req-ecc1459b-2371-4dbe-a104-2a59be2de638 ] Request (FloatingIPsAssociationNegativeTestJSON:setUpClass): 201 POST http://10.180.1.21/identity/v3/auth/tokens 0.281s
2025-04-16 23:39:30.051 69730 INFO tempest.lib.common.rest_client [req-4c0f6a63-a999-4fff-a63b-2624534d1bd5 req-4c0f6a63-a999-4fff-a63b-2624534d1bd5 ] Request (ServicesAdminNegativeV253TestJSON:tearDownClass): 200 GET http://10.180.1.21:9696/networking/v2.0/security-groups?tenant_id=2a1009c943024fc7acfe7f975f059878&name=default 1.402s
2025-04-16 23:39:30.070 69696 INFO tempest.lib.common.rest_client [req-7044b9e6-cd00-411d-9474-2260048d5f4b req-7044b9e6-cd00-411d-9474-2260048d5f4b ] Request (FloatingIPsNegativeTestJSON:tearDownClass): 204 DELETE http://10.180.1.21:9696/networking/v2.0/subnets/c8280899-4cb9-42a5-8b60-287bfa21877a 1.500s
2025-04-16 23:39:30.091 69744 INFO tempest.lib.common.rest_client [req-e6a90815-53f4-4acb-b08f-fd480db7f864 req-e6a90815-53f4-4acb-b08f-fd480db7f864 ] Request (FloatingIPDetailsNegativeTestJSON:setUpClass): 200 GET http://10.180.1.21/identity/v3/domains?name=Default 0.274s
2025-04-16 23:39:30.097 69690 INFO tempest.lib.common.rest_client [req-0f869878-6979-4137-a902-80fe6d01fae3 req-0f869878-6979-4137-a902-80fe6d01fae3 ] Request (QuotaClassesAdminTestJSON:setUpClass): 201 POST http://10.180.1.21/identity/v3/users 0.222s
2025-04-16 23:39:30.126 69732 INFO tempest.lib.common.rest_client [req-b4b7a977-ed46-4aec-a378-69b8d62b07af req-b4b7a977-ed46-4aec-a378-69b8d62b07af ] Request (AbsoluteLimitsTestJSON:setUpClass): 201 POST http://10.180.1.21/identity/v3/auth/tokens 0.244s
2025-04-16 23:39:30.192 69714 INFO tempest.lib.common.rest_client [req-28ffa242-6347-4001-bee3-2feb85c25904 req-28ffa242-6347-4001-bee3-2feb85c25904 ] Request (ServersTestJSON:setUpClass): 201 POST http://10.180.1.21:9696/networking/v2.0/networks 2.452s
2025-04-16 23:39:30.215 69720 INFO tempest.lib.common.rest_client [req-617bffb7-4f23-40c7-9ada-729fb07f58a2 req-617bffb7-4f23-40c7-9ada-729fb07f58a2 ] Request (SecurityGroupsNegativeTestJSON:setUpClass): 201 POST http://10.180.1.21/identity/v3/auth/tokens 0.279s
2025-04-16 23:39:30.221 69724 INFO tempest.lib.common.rest_client [req-68ef0875-1fd0-48df-8033-773c6355942c req-68ef0875-1fd0-48df-8033-773c6355942c ] Request (SecurityGroupRulesTestJSON:setUpClass): 200 PUT http://10.180.1.21:9696/networking/v2.0/routers/001a35f1-d237-4c54-bff1-cdbe2d76e0d8/add_router_interface 7.865s
2025-04-16 23:39:30.222 69724 INFO tempest.lib.common.dynamic_creds [-] Created isolated network resources for: credentials: Credentials: {'domain_id': 'default', 'domain_name': 'Default', 'username': 'tempest-SecurityGroupRulesTestJSON-370587668-project-member', 'project_domain_id': 'default', 'project_domain_name': 'Default', 'project_id': 'ad9b88143d0449c5b4f1a415bc23b060', 'project_name': 'tempest-SecurityGroupRulesTestJSON-370587668', 'tenant_id': 'ad9b88143d0449c5b4f1a415bc23b060', 'tenant_name': 'tempest-SecurityGroupRulesTestJSON-370587668', 'user_domain_id': 'default', 'user_domain_name': 'Default', 'user_id': '0b5143c7824b43c5a9bbbd31f1f30a77', 'system': None}, Network: {'id': '02e45e8b-d7e1-469d-ab54-7a54e6e6924b', 'name': 'tempest-SecurityGroupRulesTestJSON-524700176-network', 'tenant_id': 'ad9b88143d0449c5b4f1a415bc23b060', 'admin_state_up': True, 'mtu': 8950, 'status': 'ACTIVE', 'subnets': [], 'shared': False, 'project_id': 'ad9b88143d0449c5b4f1a415bc23b060', 'port_security_enabled': True, 'router:external': False, 'provider:network_type': 'vlan', 'provider:physical_network': 'default', 'provider:segmentation_id': 173, 'availability_zone_hints': [], 'availability_zones': [], 'ipv4_address_scope': None, 'ipv6_address_scope': None, 'description': '', 'tags': [], 'created_at': '2025-04-16T23:39:18Z', 'updated_at': '2025-04-16T23:39:18Z', 'revision_number': 1}, Subnet: {'id': '0ea5e183-6912-4cb0-a5f9-c969b4393aa5', 'name': 'tempest-SecurityGroupRulesTestJSON-524700176-subnet', 'tenant_id': 'ad9b88143d0449c5b4f1a415bc23b060', 'network_id': '02e45e8b-d7e1-469d-ab54-7a54e6e6924b', 'ip_version': 4, 'subnetpool_id': None, 'enable_dhcp': True, 'ipv6_ra_mode': None, 'ipv6_address_mode': None, 'gateway_ip': '192.168.128.1', 'cidr': '192.168.128.0/28', 'allocation_pools': [{'start': '192.168.128.2', 'end': '192.168.128.14'}], 'host_routes': [], 'dns_nameservers': [], 'description': '', 'router:external': False, 'service_types': [], 'tags': [], 'created_at': '2025-04-16T23:39:18Z', 'updated_at': '2025-04-16T23:39:18Z', 'revision_number': 0, 'project_id': 'ad9b88143d0449c5b4f1a415bc23b060'}, Router: {'id': '001a35f1-d237-4c54-bff1-cdbe2d76e0d8', 'name': 'tempest-SecurityGroupRulesTestJSON-524700176-router', 'tenant_id': 'ad9b88143d0449c5b4f1a415bc23b060', 'admin_state_up': True, 'status': 'ACTIVE', 'external_gateway_info': {'network_id': 'e86a1172-7bc2-4c82-8f36-86413d166d45', 'external_fixed_ips': [{'subnet_id': 'e9babbed-aafe-42a6-8944-5dd034e64416', 'ip_address': '10.180.180.244'}], 'enable_snat': True}, 'description': '', 'availability_zones': [], 'distributed': False, 'ha': False, 'availability_zone_hints': [], 'routes': [], 'flavor_id': None, 'tags': [], 'created_at': '2025-04-16T23:39:19Z', 'updated_at': '2025-04-16T23:39:20Z', 'revision_number': 2, 'project_id': 'ad9b88143d0449c5b4f1a415bc23b060'}
2025-04-16 23:39:30.256 69746 INFO tempest.lib.common.rest_client [req-97e933da-8b40-4e8b-b99c-7ed95fb70199 req-97e933da-8b40-4e8b-b99c-7ed95fb70199 ] Request (NetworksTest:setUpClass): 201 POST http://10.180.1.21/identity/v3/projects 0.310s
2025-04-16 23:39:30.301 69710 INFO tempest.lib.common.rest_client [req-72dd134a-f878-4d97-a3ec-d4d96d18fc2a req-72dd134a-f878-4d97-a3ec-d4d96d18fc2a ] Request (FlavorsV255TestJSON:tearDownClass): 204 DELETE http://10.180.1.21:9696/networking/v2.0/security-groups/e88897d7-1905-47b1-a489-abd9c6d76e91 0.923s
2025-04-16 23:39:30.325 69722 INFO tempest.lib.common.rest_client [req-d493512d-b27b-4be4-b5df-3d4b0587faa5 req-d493512d-b27b-4be4-b5df-3d4b0587faa5 ] Request (VolumesAssistedSnapshotsTest:test_volume_assisted_snapshot_create_delete): 200 GET http://10.180.1.21/volume/v3/volumes/190d92ab-fa64-443b-86be-933c1dc79c68 0.043s
2025-04-16 23:39:30.328 69718 INFO tempest.lib.common.rest_client [req-7373f8ec-94a2-400f-a7d0-0673ef423550 req-7373f8ec-94a2-400f-a7d0-0673ef423550 ] Request (QuotasAdminTestV257:setUpClass): 200 GET http://10.180.1.21/identity/v3/roles 0.369s
2025-04-16 23:39:30.334 69722 INFO tempest.common.waiters [-] volume 190d92ab-fa64-443b-86be-933c1dc79c68 reached available after waiting for 1.334735 seconds
2025-04-16 23:39:30.360 69709 INFO tempest.lib.common.rest_client [req-4c53f357-0e63-4fe4-8859-1dd96e6470ad req-4c53f357-0e63-4fe4-8859-1dd96e6470ad ] Request (QuotasAdminTestJSON:test_delete_quota): 200 GET http://10.180.1.21/compute/v2.1/os-quota-sets/a52d499a257a4739a9d6de5ed14676fd 1.777s
2025-04-16 23:39:30.362 69736 INFO tempest.lib.common.rest_client [req-d7aedb52-4a96-4d5c-8ef6-a9d13f2173df req-d7aedb52-4a96-4d5c-8ef6-a9d13f2173df ] Request (HypervisorAdminNegativeTestJSON:setUpClass): 201 POST http://10.180.1.21/identity/v3/users 0.348s
2025-04-16 23:39:30.380 69729 INFO tempest.lib.common.rest_client [req-11e14efa-c680-4b7f-a2b9-0e2b5f017607 req-11e14efa-c680-4b7f-a2b9-0e2b5f017607 ] Request (FloatingIPsAssociationNegativeTestJSON:setUpClass): 201 POST http://10.180.1.21/identity/v3/auth/tokens 0.358s
2025-04-16 23:39:30.400 69744 INFO tempest.lib.common.rest_client [req-5a3b8d0b-cdaa-4d06-9e59-be7a61ff4880 req-5a3b8d0b-cdaa-4d06-9e59-be7a61ff4880 ] Request (FloatingIPDetailsNegativeTestJSON:setUpClass): 201 POST http://10.180.1.21/identity/v3/projects 0.308s
2025-04-16 23:39:30.400 69690 INFO tempest.lib.common.rest_client [req-434773ab-28cd-43c0-955f-2f16fde3df44 req-434773ab-28cd-43c0-955f-2f16fde3df44 ] Request (QuotaClassesAdminTestJSON:setUpClass): 200 GET http://10.180.1.21/identity/v3/roles 0.302s
2025-04-16 23:39:30.467 69732 INFO tempest.lib.common.rest_client [req-c07c6bbc-658d-470d-8f7b-484bec0edde7 req-c07c6bbc-658d-470d-8f7b-484bec0edde7 ] Request (AbsoluteLimitsTestJSON:setUpClass): 201 POST http://10.180.1.21/identity/v3/auth/tokens 0.337s
2025-04-16 23:39:30.485 69694 INFO tempest.lib.common.rest_client [req-752be27e-2545-438c-8c9b-ff4d6a797449 req-752be27e-2545-438c-8c9b-ff4d6a797449 ] Request (ServersAdmin275Test:test_rebuild_update_server_275): 200 GET http://10.180.1.21/compute/v2.1/servers/d758e281-a701-418a-aa45-efabac0bdada 1.502s
2025-04-16 23:39:30.496 69746 INFO tempest.lib.common.rest_client [req-03f92486-afe6-42af-894c-d8926aafbd6e req-03f92486-afe6-42af-894c-d8926aafbd6e ] Request (NetworksTest:setUpClass): 201 POST http://10.180.1.21/identity/v3/users 0.239s
2025-04-16 23:39:30.506 69730 INFO tempest.lib.common.rest_client [req-6d7078c0-feda-448c-a7e6-511dd1a9c8e3 req-6d7078c0-feda-448c-a7e6-511dd1a9c8e3 ] Request (ServicesAdminNegativeV253TestJSON:tearDownClass): 204 DELETE http://10.180.1.21:9696/networking/v2.0/security-groups/b0b58a15-61f2-404c-8793-c43c660ec86c 0.454s
2025-04-16 23:39:30.509 69724 INFO tempest.lib.common.rest_client [req-87fde430-2bbd-4044-95cf-0b93827a35c2 req-87fde430-2bbd-4044-95cf-0b93827a35c2 ] Request (SecurityGroupRulesTestJSON:setUpClass): 201 POST http://10.180.1.21/identity/v3/auth/tokens 0.283s
2025-04-16 23:39:30.509 69694 INFO tempest.common.waiters [-] State transition "BUILD/spawning" ==> "ACTIVE/None" after 10 second wait
2025-04-16 23:39:30.536 69718 INFO tempest.lib.common.rest_client [req-849e3d1b-a6d9-4bc5-a34d-115e2e5827e4 req-849e3d1b-a6d9-4bc5-a34d-115e2e5827e4 ] Request (QuotasAdminTestV257:setUpClass): 204 PUT http://10.180.1.21/identity/v3/projects/04b63d94083f426883e5c45021ec3a7f/users/9d3a638421ab4675ba58747d5dd8a0ee/roles/109eda69c16047ba9faece8810e38049 0.207s
2025-04-16 23:39:30.537 69718 INFO tempest.lib.common.dynamic_creds [-] Dynamic test user 9d3a638421ab4675ba58747d5dd8a0ee is created with scope project and roles: ['admin']
2025-04-16 23:39:30.537 69718 INFO tempest.lib.common.dynamic_creds [-] Acquired dynamic creds: credentials: Credentials: {'domain_id': 'default', 'domain_name': 'Default', 'username': 'tempest-QuotasAdminTestV257-1821074992-project-admin', 'project_domain_id': 'default', 'project_domain_name': 'Default', 'project_id': '04b63d94083f426883e5c45021ec3a7f', 'project_name': 'tempest-QuotasAdminTestV257-1821074992', 'tenant_id': '04b63d94083f426883e5c45021ec3a7f', 'tenant_name': 'tempest-QuotasAdminTestV257-1821074992', 'user_domain_id': 'default', 'user_domain_name': 'Default', 'user_id': '9d3a638421ab4675ba58747d5dd8a0ee', 'system': None}, Network: None, Subnet: None, Router: None
2025-04-16 23:39:30.537 69718 INFO tempest.lib.common.dynamic_creds [-] Created isolated network resources for: credentials: Credentials: {'domain_id': 'default', 'domain_name': 'Default', 'username': 'tempest-QuotasAdminTestV257-1821074992-project-admin', 'project_domain_id': 'default', 'project_domain_name': 'Default', 'project_id': '04b63d94083f426883e5c45021ec3a7f', 'project_name': 'tempest-QuotasAdminTestV257-1821074992', 'tenant_id': '04b63d94083f426883e5c45021ec3a7f', 'tenant_name': 'tempest-QuotasAdminTestV257-1821074992', 'user_domain_id': 'default', 'user_domain_name': 'Default', 'user_id': '9d3a638421ab4675ba58747d5dd8a0ee', 'system': None}, Network: None, Subnet: None, Router: None
2025-04-16 23:39:30.547 69712 INFO tempest.lib.common.rest_client [req-2e42230a-9cde-43f2-bb0f-ed926c7549be req-2e42230a-9cde-43f2-bb0f-ed926c7549be ] Request (DeleteServersAdminTestJSON:test_admin_delete_servers_of_others): 200 GET http://10.180.1.21/compute/v2.1/servers/f89b5415-b21f-4f0f-8dfa-4fbd0ccbca87 1.773s
2025-04-16 23:39:30.564 69739 INFO tempest.lib.common.rest_client [req-e8655d13-9846-4ff0-a500-1d3399521fc9 req-e8655d13-9846-4ff0-a500-1d3399521fc9 ] Request (InstanceActionsNegativeTestJSON:setUpClass): 201 POST http://10.180.1.21:9696/networking/v2.0/networks 1.093s
2025-04-16 23:39:30.574 69702 INFO tempest.lib.common.rest_client [req-af8f50d7-18fe-4a4e-8a02-7bf03fcce0f9 req-af8f50d7-18fe-4a4e-8a02-7bf03fcce0f9 ] Request (FlavorsExtraSpecsTestJSON:test_flavor_non_admin_get_all_keys): 200 POST http://10.180.1.21/compute/v2.1/flavors/1307651256/os-extra_specs 1.025s
2025-04-16 23:39:30.579 69710 INFO tempest.lib.common.rest_client [req-022a51de-69a6-400e-b6c3-fc89fcdf28d6 req-022a51de-69a6-400e-b6c3-fc89fcdf28d6 ] Request (FlavorsV255TestJSON:tearDownClass): 204 DELETE http://10.180.1.21/identity/v3/projects/f2760fb2d9484ed6be0ebbacd23a2c5b 0.277s
2025-04-16 23:39:30.580 69710 INFO tempest.test [-] raised in LiveAutoBlockMigrationV225Test.setUpClass. Invoking tearDownClass.
2025-04-16 23:39:30.597 69692 INFO tempest.lib.common.rest_client [req-4a55b867-a9cf-44c6-b535-8276277cbc16 req-4a55b867-a9cf-44c6-b535-8276277cbc16 ] Request (ImagesTestJSON:test_create_image_from_stopped_server): 200 GET http://10.180.1.21/compute/v2.1/servers/5cb6b64d-c6ba-4e16-8ddb-9d0c9a15d645 1.306s
2025-04-16 23:39:30.598 69716 INFO tempest.lib.common.rest_client [req-84f5a1a9-09bd-40e0-998f-1ee8bcc785ee req-84f5a1a9-09bd-40e0-998f-1ee8bcc785ee ] Request (FlavorsAccessTestJSON:tearDownClass): 200 GET http://10.180.1.21:9696/networking/v2.0/security-groups?tenant_id=e16a5715f52d4accb95fdbc58b3a71d3&name=default 0.953s
2025-04-16 23:39:30.631 69706 INFO tempest.lib.common.rest_client [req-6f21870e-8699-4f94-bdfb-82870911cf8d req-6f21870e-8699-4f94-bdfb-82870911cf8d ] Request (FlavorsV2TestJSON:test_list_flavors): 200 GET http://10.180.1.21/compute/v2.1/flavors 1.022s
2025-04-16 23:39:30.644 69736 INFO tempest.lib.common.rest_client [req-ffef9ae7-c649-47ac-82d0-b51d4ab8f4c1 req-ffef9ae7-c649-47ac-82d0-b51d4ab8f4c1 ] Request (HypervisorAdminNegativeTestJSON:setUpClass): 200 GET http://10.180.1.21/identity/v3/roles 0.282s
2025-04-16 23:39:30.678 69709 INFO tempest.lib.common.rest_client [req-6191a748-e6c6-4e6e-8401-65a2799c24c8 req-6191a748-e6c6-4e6e-8401-65a2799c24c8 ] Request (QuotasAdminTestJSON:_run_cleanups): 204 DELETE http://10.180.1.21/identity/v3/projects/a52d499a257a4739a9d6de5ed14676fd 0.315s
2025-04-16 23:39:30.717 69729 INFO tempest.lib.common.rest_client [req-22376fbe-27b0-4d16-83b6-f5d0fa79356a req-22376fbe-27b0-4d16-83b6-f5d0fa79356a ] Request (FloatingIPsAssociationNegativeTestJSON:setUpClass): 200 GET http://10.180.1.21/identity/v3/domains?name=Default 0.335s
2025-04-16 23:39:30.746 69690 INFO tempest.lib.common.rest_client [req-5890174c-20d8-4b6c-bce9-03e402e087a8 req-5890174c-20d8-4b6c-bce9-03e402e087a8 ] Request (QuotaClassesAdminTestJSON:setUpClass): 204 PUT http://10.180.1.21/identity/v3/projects/f0ad5a8615c74736afe249f7a45b41e2/users/ce57955a2adb4c67a0ea2e75a8fbb28d/roles/db2d86fcd64841d59789ff79397c4994 0.345s
2025-04-16 23:39:30.747 69690 INFO tempest.lib.common.dynamic_creds [-] Dynamic test user ce57955a2adb4c67a0ea2e75a8fbb28d is created with scope project and roles: ['member']
2025-04-16 23:39:30.747 69690 INFO tempest.lib.common.dynamic_creds [-] Acquired dynamic creds: credentials: Credentials: {'domain_id': 'default', 'domain_name': 'Default', 'username': 'tempest-QuotaClassesAdminTestJSON-1842714957-project-member', 'project_domain_id': 'default', 'project_domain_name': 'Default', 'project_id': 'f0ad5a8615c74736afe249f7a45b41e2', 'project_name': 'tempest-QuotaClassesAdminTestJSON-1842714957', 'tenant_id': 'f0ad5a8615c74736afe249f7a45b41e2', 'tenant_name': 'tempest-QuotaClassesAdminTestJSON-1842714957', 'user_domain_id': 'default', 'user_domain_name': 'Default', 'user_id': 'ce57955a2adb4c67a0ea2e75a8fbb28d', 'system': None}, Network: None, Subnet: None, Router: None
2025-04-16 23:39:30.747 69690 INFO tempest.lib.common.dynamic_creds [-] Created isolated network resources for: credentials: Credentials: {'domain_id': 'default', 'domain_name': 'Default', 'username': 'tempest-QuotaClassesAdminTestJSON-1842714957-project-member', 'project_domain_id': 'default', 'project_domain_name': 'Default', 'project_id': 'f0ad5a8615c74736afe249f7a45b41e2', 'project_name': 'tempest-QuotaClassesAdminTestJSON-1842714957', 'tenant_id': 'f0ad5a8615c74736afe249f7a45b41e2', 'tenant_name': 'tempest-QuotaClassesAdminTestJSON-1842714957', 'user_domain_id': 'default', 'user_domain_name': 'Default', 'user_id': 'ce57955a2adb4c67a0ea2e75a8fbb28d', 'system': None}, Network: None, Subnet: None, Router: None
2025-04-16 23:39:30.749 69744 INFO tempest.lib.common.rest_client [req-e39a4f34-cd0f-4249-9b61-ff6ef63d8551 req-e39a4f34-cd0f-4249-9b61-ff6ef63d8551 ] Request (FloatingIPDetailsNegativeTestJSON:setUpClass): 201 POST http://10.180.1.21/identity/v3/users 0.349s
2025-04-16 23:39:30.810 69732 INFO tempest.lib.common.rest_client [req-fb5a798c-4ff9-4c65-8f88-00902b99b381 req-fb5a798c-4ff9-4c65-8f88-00902b99b381 ] Request (AbsoluteLimitsTestJSON:setUpClass): 200 GET http://10.180.1.21/identity/v3/domains?name=Default 0.343s
2025-04-16 23:39:30.838 69746 INFO tempest.lib.common.rest_client [req-8fea8747-0ed7-402a-932a-c29e6e9ac934 req-8fea8747-0ed7-402a-932a-c29e6e9ac934 ] Request (NetworksTest:setUpClass): 200 GET http://10.180.1.21/identity/v3/roles 0.341s
2025-04-16 23:39:30.873 69730 INFO tempest.lib.common.rest_client [req-b55fba63-2bfe-4d23-b489-b5dfd80dfa50 req-b55fba63-2bfe-4d23-b489-b5dfd80dfa50 ] Request (ServicesAdminNegativeV253TestJSON:tearDownClass): 204 DELETE http://10.180.1.21/identity/v3/projects/2a1009c943024fc7acfe7f975f059878 0.367s
2025-04-16 23:39:30.904 69718 INFO tempest.lib.common.rest_client [req-c4e8d6f7-06ec-434f-a41f-42027a04a024 req-c4e8d6f7-06ec-434f-a41f-42027a04a024 ] Request (QuotasAdminTestV257:setUpClass): 201 POST http://10.180.1.21/identity/v3/auth/tokens 0.360s
2025-04-16 23:39:30.905 69718 WARNING tempest.lib.common.rest_client [-] Deprecated: "tenant_id" property is deprecated for removal, use "project_id" instead
2025-04-16 23:39:30.925 69710 INFO tempest.lib.common.rest_client [req-27e1f8c6-749d-4760-b1c3-75f771520c40 req-27e1f8c6-749d-4760-b1c3-75f771520c40 ] Request (QuotasAdminNegativeTest:setUpClass): 201 POST http://10.180.1.21/identity/v3/auth/tokens 0.336s
2025-04-16 23:39:30.953 69729 INFO tempest.lib.common.rest_client [req-8ef41075-f013-444e-ae4a-d02b44cf0fef req-8ef41075-f013-444e-ae4a-d02b44cf0fef ] Request (FloatingIPsAssociationNegativeTestJSON:setUpClass): 201 POST http://10.180.1.21/identity/v3/projects 0.235s
2025-04-16 23:39:30.967 69736 INFO tempest.lib.common.rest_client [req-336f8f67-2d26-4cc9-9372-1ec7104787d8 req-336f8f67-2d26-4cc9-9372-1ec7104787d8 ] Request (HypervisorAdminNegativeTestJSON:setUpClass): 204 PUT http://10.180.1.21/identity/v3/projects/3c4a1ce263044886b3bed660d9061c36/users/89d059ff6a5d4696b41cab1ed760830f/roles/db2d86fcd64841d59789ff79397c4994 0.322s
2025-04-16 23:39:30.967 69736 INFO tempest.lib.common.dynamic_creds [-] Dynamic test user 89d059ff6a5d4696b41cab1ed760830f is created with scope project and roles: ['member']
2025-04-16 23:39:30.967 69736 INFO tempest.lib.common.dynamic_creds [-] Acquired dynamic creds: credentials: Credentials: {'domain_id': 'default', 'domain_name': 'Default', 'username': 'tempest-HypervisorAdminNegativeTestJSON-625503071-project-member', 'project_domain_id': 'default', 'project_domain_name': 'Default', 'project_id': '3c4a1ce263044886b3bed660d9061c36', 'project_name': 'tempest-HypervisorAdminNegativeTestJSON-625503071', 'tenant_id': '3c4a1ce263044886b3bed660d9061c36', 'tenant_name': 'tempest-HypervisorAdminNegativeTestJSON-625503071', 'user_domain_id': 'default', 'user_domain_name': 'Default', 'user_id': '89d059ff6a5d4696b41cab1ed760830f', 'system': None}, Network: None, Subnet: None, Router: None
2025-04-16 23:39:30.968 69736 INFO tempest.lib.common.dynamic_creds [-] Created isolated network resources for: credentials: Credentials: {'domain_id': 'default', 'domain_name': 'Default', 'username': 'tempest-HypervisorAdminNegativeTestJSON-625503071-project-member', 'project_domain_id': 'default', 'project_domain_name': 'Default', 'project_id': '3c4a1ce263044886b3bed660d9061c36', 'project_name': 'tempest-HypervisorAdminNegativeTestJSON-625503071', 'tenant_id': '3c4a1ce263044886b3bed660d9061c36', 'tenant_name': 'tempest-HypervisorAdminNegativeTestJSON-625503071', 'user_domain_id': 'default', 'user_domain_name': 'Default', 'user_id': '89d059ff6a5d4696b41cab1ed760830f', 'system': None}, Network: None, Subnet: None, Router: None
2025-04-16 23:39:31.023 69690 INFO tempest.lib.common.rest_client [req-303878ad-97e6-488f-8095-b37385d8d132 req-303878ad-97e6-488f-8095-b37385d8d132 ] Request (QuotaClassesAdminTestJSON:setUpClass): 201 POST http://10.180.1.21/identity/v3/auth/tokens 0.271s
2025-04-16 23:39:31.038 69744 INFO tempest.lib.common.rest_client [req-91c08eeb-12d0-4e4f-9f8c-cb5fea6cf441 req-91c08eeb-12d0-4e4f-9f8c-cb5fea6cf441 ] Request (FloatingIPDetailsNegativeTestJSON:setUpClass): 200 GET http://10.180.1.21/identity/v3/roles 0.288s
2025-04-16 23:39:31.054 69732 INFO tempest.lib.common.rest_client [req-98f8c411-424e-444d-903a-5d8a315f0215 req-98f8c411-424e-444d-903a-5d8a315f0215 ] Request (AbsoluteLimitsTestJSON:setUpClass): 201 POST http://10.180.1.21/identity/v3/projects 0.243s
2025-04-16 23:39:31.070 69746 INFO tempest.lib.common.rest_client [req-90471f12-66aa-4be2-a371-3b127bc6f786 req-90471f12-66aa-4be2-a371-3b127bc6f786 ] Request (NetworksTest:setUpClass): 204 PUT http://10.180.1.21/identity/v3/projects/fb8733dced9a4bc5be0a4ab434b0b29f/users/fd91e48a41c142179a23ad0b6e55139e/roles/db2d86fcd64841d59789ff79397c4994 0.232s
2025-04-16 23:39:31.070 69746 INFO tempest.lib.common.dynamic_creds [-] Dynamic test user fd91e48a41c142179a23ad0b6e55139e is created with scope project and roles: ['member']
2025-04-16 23:39:31.070 69746 INFO tempest.lib.common.dynamic_creds [-] Acquired dynamic creds: credentials: Credentials: {'domain_id': 'default', 'domain_name': 'Default', 'username': 'tempest-NetworksTest-1424561973-project-member', 'project_domain_id': 'default', 'project_domain_name': 'Default', 'project_id': 'fb8733dced9a4bc5be0a4ab434b0b29f', 'project_name': 'tempest-NetworksTest-1424561973', 'tenant_id': 'fb8733dced9a4bc5be0a4ab434b0b29f', 'tenant_name': 'tempest-NetworksTest-1424561973', 'user_domain_id': 'default', 'user_domain_name': 'Default', 'user_id': 'fd91e48a41c142179a23ad0b6e55139e', 'system': None}, Network: None, Subnet: None, Router: None
2025-04-16 23:39:31.070 69746 INFO tempest.lib.common.dynamic_creds [-] Created isolated network resources for: credentials: Credentials: {'domain_id': 'default', 'domain_name': 'Default', 'username': 'tempest-NetworksTest-1424561973-project-member', 'project_domain_id': 'default', 'project_domain_name': 'Default', 'project_id': 'fb8733dced9a4bc5be0a4ab434b0b29f', 'project_name': 'tempest-NetworksTest-1424561973', 'tenant_id': 'fb8733dced9a4bc5be0a4ab434b0b29f', 'tenant_name': 'tempest-NetworksTest-1424561973', 'user_domain_id': 'default', 'user_domain_name': 'Default', 'user_id': 'fd91e48a41c142179a23ad0b6e55139e', 'system': None}, Network: None, Subnet: None, Router: None
2025-04-16 23:39:31.073 69726 INFO tempest.lib.common.rest_client [req-9133a9de-32d8-4323-81e3-93fa24c49dc4 req-9133a9de-32d8-4323-81e3-93fa24c49dc4 ] Request (ImagesOneServerNegativeTestJSON:setUpClass): 200 GET http://10.180.1.21/compute/v2.1/servers/2dcd6c62-f9db-4618-b272-ed49c1f679d1 1.502s
2025-04-16 23:39:31.140 69730 INFO tempest.lib.common.rest_client [req-333793c1-ab85-4e9c-83a9-c8e0c0b2c11f req-333793c1-ab85-4e9c-83a9-c8e0c0b2c11f ] Request (ServersAaction247Test:setUpClass): 201 POST http://10.180.1.21/identity/v3/auth/tokens 0.266s
2025-04-16 23:39:31.165 69710 INFO tempest.lib.common.rest_client [req-0e6cc797-c506-4fd9-b05d-bae6de634acf req-0e6cc797-c506-4fd9-b05d-bae6de634acf ] Request (QuotasAdminNegativeTest:setUpClass): 201 POST http://10.180.1.21/identity/v3/auth/tokens 0.238s
2025-04-16 23:39:31.174 69714 INFO tempest.lib.common.rest_client [req-9afad214-4f9a-4040-a1c1-ee4e08e934e9 req-9afad214-4f9a-4040-a1c1-ee4e08e934e9 ] Request (ServersTestJSON:setUpClass): 201 POST http://10.180.1.21:9696/networking/v2.0/subnets 0.981s
2025-04-16 23:39:31.192 69729 INFO tempest.lib.common.rest_client [req-c02db513-f185-494b-9717-ea7aea741835 req-c02db513-f185-494b-9717-ea7aea741835 ] Request (FloatingIPsAssociationNegativeTestJSON:setUpClass): 201 POST http://10.180.1.21/identity/v3/users 0.238s
2025-04-16 23:39:31.200 69696 INFO tempest.lib.common.rest_client [req-c36d60ea-2ea2-4789-8832-3953301210a6 req-c36d60ea-2ea2-4789-8832-3953301210a6 ] Request (FloatingIPsNegativeTestJSON:tearDownClass): 204 DELETE http://10.180.1.21:9696/networking/v2.0/networks/ac82bd3d-25f7-497a-a4ee-759646918514 1.129s
2025-04-16 23:39:31.228 69686 INFO tempest.lib.common.rest_client [req-179183f3-70e3-437d-aa76-a3f2479fdd3b req-179183f3-70e3-437d-aa76-a3f2479fdd3b ] Request (FlavorsAccessNegativeTestJSON:test_flavor_non_admin_remove): 200 POST http://10.180.1.21/compute/v2.1/flavors/1909618614/action 1.488s
2025-04-16 23:39:31.255 69690 INFO tempest.lib.common.rest_client [req-840a433e-992e-4e18-b775-b4c4393b527b req-840a433e-992e-4e18-b775-b4c4393b527b ] Request (QuotaClassesAdminTestJSON:setUpClass): 201 POST http://10.180.1.21/identity/v3/projects 0.231s
2025-04-16 23:39:31.258 69736 INFO tempest.lib.common.rest_client [req-e6587ad9-628d-49bf-a8c7-de82ea8ccc5d req-e6587ad9-628d-49bf-a8c7-de82ea8ccc5d ] Request (HypervisorAdminNegativeTestJSON:setUpClass): 201 POST http://10.180.1.21/identity/v3/auth/tokens 0.286s
2025-04-16 23:39:31.316 69732 INFO tempest.lib.common.rest_client [req-71cde41f-81c8-400c-9235-15d99755374a req-71cde41f-81c8-400c-9235-15d99755374a ] Request (AbsoluteLimitsTestJSON:setUpClass): 201 POST http://10.180.1.21/identity/v3/users 0.262s
2025-04-16 23:39:31.317 69744 INFO tempest.lib.common.rest_client [req-770ee6c4-bc4d-4b0b-a4a1-22b86c390bcd req-770ee6c4-bc4d-4b0b-a4a1-22b86c390bcd ] Request (FloatingIPDetailsNegativeTestJSON:setUpClass): 204 PUT http://10.180.1.21/identity/v3/projects/3c76745c79364617b370aa31ff2344f1/users/8e7766c615ca4a8384c0f201136e0718/roles/db2d86fcd64841d59789ff79397c4994 0.279s
2025-04-16 23:39:31.317 69744 INFO tempest.lib.common.dynamic_creds [-] Dynamic test user 8e7766c615ca4a8384c0f201136e0718 is created with scope project and roles: ['member']
2025-04-16 23:39:31.317 69744 INFO tempest.lib.common.dynamic_creds [-] Acquired dynamic creds: credentials: Credentials: {'domain_id': 'default', 'domain_name': 'Default', 'username': 'tempest-FloatingIPDetailsNegativeTestJSON-760544461-project-member', 'project_domain_id': 'default', 'project_domain_name': 'Default', 'project_id': '3c76745c79364617b370aa31ff2344f1', 'project_name': 'tempest-FloatingIPDetailsNegativeTestJSON-760544461', 'tenant_id': '3c76745c79364617b370aa31ff2344f1', 'tenant_name': 'tempest-FloatingIPDetailsNegativeTestJSON-760544461', 'user_domain_id': 'default', 'user_domain_name': 'Default', 'user_id': '8e7766c615ca4a8384c0f201136e0718', 'system': None}, Network: None, Subnet: None, Router: None
2025-04-16 23:39:31.348 69716 INFO tempest.lib.common.rest_client [req-e8170b3d-3e65-4d2d-820e-1d52b66c7a4e req-e8170b3d-3e65-4d2d-820e-1d52b66c7a4e ] Request (FlavorsAccessTestJSON:tearDownClass): 204 DELETE http://10.180.1.21:9696/networking/v2.0/security-groups/3137d133-6667-4647-98bf-3ed172de2345 0.750s
2025-04-16 23:39:31.374 69698 INFO tempest.lib.common.rest_client [req-b17a55c8-fbf0-4118-848a-5fe4a32af3ea req-b17a55c8-fbf0-4118-848a-5fe4a32af3ea ] Request (ServersTestJSON:setUpClass): 200 GET http://10.180.1.21/compute/v2.1/servers/c14bd34b-f591-405c-a7b1-361b4b7fb6f2 1.459s
2025-04-16 23:39:31.378 69730 INFO tempest.lib.common.rest_client [req-306a94d5-4d38-4e0d-81b7-3a5876c8a3ee req-306a94d5-4d38-4e0d-81b7-3a5876c8a3ee ] Request (ServersAaction247Test:setUpClass): 201 POST http://10.180.1.21/identity/v3/auth/tokens 0.235s
2025-04-16 23:39:31.380 69746 INFO tempest.lib.common.rest_client [req-b4d1c116-d105-4701-b292-b9930ac073ab req-b4d1c116-d105-4701-b292-b9930ac073ab ] Request (NetworksTest:setUpClass): 201 POST http://10.180.1.21/identity/v3/auth/tokens 0.305s
2025-04-16 23:39:31.383 69698 INFO tempest.common.waiters [-] State transition "BUILD/None" ==> "BUILD/block_device_mapping" after 8 second wait
2025-04-16 23:39:31.397 69729 INFO tempest.lib.common.rest_client [req-0d6c0880-91f3-422d-a8cf-ef9c3416f637 req-0d6c0880-91f3-422d-a8cf-ef9c3416f637 ] Request (FloatingIPsAssociationNegativeTestJSON:setUpClass): 200 GET http://10.180.1.21/identity/v3/roles 0.204s
2025-04-16 23:39:31.403 69710 INFO tempest.lib.common.rest_client [req-3e1eaaac-8ac6-4ab7-89bf-9c7810435bc8 req-3e1eaaac-8ac6-4ab7-89bf-9c7810435bc8 ] Request (QuotasAdminNegativeTest:setUpClass): 200 GET http://10.180.1.21/identity/v3/domains?name=Default 0.237s
2025-04-16 23:39:31.428 69690 INFO tempest.lib.common.rest_client [req-c45ba22a-22fb-4d4a-a8cc-b78b921ac18b req-c45ba22a-22fb-4d4a-a8cc-b78b921ac18b ] Request (QuotaClassesAdminTestJSON:setUpClass): 201 POST http://10.180.1.21/identity/v3/users 0.172s
2025-04-16 23:39:31.452 69736 INFO tempest.lib.common.rest_client [req-0582284d-6f09-455f-89c7-dc6790eabece req-0582284d-6f09-455f-89c7-dc6790eabece ] Request (HypervisorAdminNegativeTestJSON:setUpClass): 201 POST http://10.180.1.21/identity/v3/projects 0.194s
2025-04-16 23:39:31.472 69696 INFO tempest.lib.common.rest_client [req-2127b15c-aca9-49e6-88a6-535a75d81694 req-2127b15c-aca9-49e6-88a6-535a75d81694 ] Request (FloatingIPsNegativeTestJSON:tearDownClass): 204 DELETE http://10.180.1.21/identity/v3/users/22e62355046d4d3ab6c85d5cc312244e 0.271s
2025-04-16 23:39:31.472 69696 INFO tempest.lib.common.dynamic_creds [-] Deleting project and security group for project: 0609ef4fb4e24d63b38830d84648ed18
2025-04-16 23:39:31.538 69744 INFO tempest.lib.common.rest_client [req-0b9061ae-0ed5-43e7-9ef8-b2b956729693 req-0b9061ae-0ed5-43e7-9ef8-b2b956729693 ] Request (FloatingIPDetailsNegativeTestJSON:setUpClass): 201 POST http://10.180.1.21/identity/v3/auth/tokens 0.220s
2025-04-16 23:39:31.568 69732 INFO tempest.lib.common.rest_client [req-489bebb7-da54-4688-aab5-15bb0f833ed6 req-489bebb7-da54-4688-aab5-15bb0f833ed6 ] Request (AbsoluteLimitsTestJSON:setUpClass): 200 GET http://10.180.1.21/identity/v3/roles 0.251s
2025-04-16 23:39:31.613 69704 INFO tempest.lib.common.rest_client [req-2af7a6a1-bcae-4ca9-b7fb-3669c5d62b9c req-2af7a6a1-bcae-4ca9-b7fb-3669c5d62b9c ] Request (MigrationsAdminTest:test_list_migrations_in_flavor_resize_situation): 200 GET http://10.180.1.21/compute/v2.1/servers/f1420621-d961-4ec4-a181-37b7b1284fe3 1.484s
2025-04-16 23:39:31.627 69704 INFO tempest.common.waiters [-] State transition "BUILD/block_device_mapping" ==> "BUILD/spawning" after 11 second wait
2025-04-16 23:39:31.674 69696 INFO tempest.lib.common.rest_client [req-26e05225-f7f8-49d6-84e5-121d2b10e28b req-26e05225-f7f8-49d6-84e5-121d2b10e28b ] Request (FloatingIPsNegativeTestJSON:tearDownClass): 200 GET http://10.180.1.21:9696/networking/v2.0/security-groups?tenant_id=0609ef4fb4e24d63b38830d84648ed18&name=default 0.201s
2025-04-16 23:39:31.688 69716 INFO tempest.lib.common.rest_client [req-e4c21793-d6ed-43ef-a6f0-f5fada38c42c req-e4c21793-d6ed-43ef-a6f0-f5fada38c42c ] Request (FlavorsAccessTestJSON:tearDownClass): 204 DELETE http://10.180.1.21/identity/v3/projects/e16a5715f52d4accb95fdbc58b3a71d3 0.340s
2025-04-16 23:39:31.756 69730 INFO tempest.lib.common.rest_client [req-e6cb26e9-45d6-4b1c-8707-4e0a777b7498 req-e6cb26e9-45d6-4b1c-8707-4e0a777b7498 ] Request (ServersAaction247Test:setUpClass): 200 GET http://10.180.1.21/identity/v3/domains?name=Default 0.378s
2025-04-16 23:39:31.810 69688 INFO tempest.lib.common.rest_client [req-a425a5b4-2dd8-4693-a227-500cc263c876 req-a425a5b4-2dd8-4693-a227-500cc263c876 ] Request (ImagesNegativeTestJSON:setUpClass): 201 POST http://10.180.1.21:9696/networking/v2.0/routers 6.656s
2025-04-16 23:39:31.810 69729 INFO tempest.lib.common.rest_client [req-a8c4f7f2-6283-4cf6-b8a3-fede10d1b40a req-a8c4f7f2-6283-4cf6-b8a3-fede10d1b40a ] Request (FloatingIPsAssociationNegativeTestJSON:setUpClass): 204 PUT http://10.180.1.21/identity/v3/projects/a413bc81cb0641bdb286ee4ad2c32f63/users/9da424714ab5467eac389016fc954be5/roles/db2d86fcd64841d59789ff79397c4994 0.412s
2025-04-16 23:39:31.814 69729 INFO tempest.lib.common.dynamic_creds [-] Dynamic test user 9da424714ab5467eac389016fc954be5 is created with scope project and roles: ['member']
2025-04-16 23:39:31.814 69729 INFO tempest.lib.common.dynamic_creds [-] Acquired dynamic creds: credentials: Credentials: {'domain_id': 'default', 'domain_name': 'Default', 'username': 'tempest-FloatingIPsAssociationNegativeTestJSON-939904867-project-member', 'project_domain_id': 'default', 'project_domain_name': 'Default', 'project_id': 'a413bc81cb0641bdb286ee4ad2c32f63', 'project_name': 'tempest-FloatingIPsAssociationNegativeTestJSON-939904867', 'tenant_id': 'a413bc81cb0641bdb286ee4ad2c32f63', 'tenant_name': 'tempest-FloatingIPsAssociationNegativeTestJSON-939904867', 'user_domain_id': 'default', 'user_domain_name': 'Default', 'user_id': '9da424714ab5467eac389016fc954be5', 'system': None}, Network: None, Subnet: None, Router: None
2025-04-16 23:39:31.816 69746 INFO tempest.lib.common.rest_client [req-faf0805e-3259-41e9-90e5-2b358b31e56f req-faf0805e-3259-41e9-90e5-2b358b31e56f ] Request (NetworksTest:setUpClass): 201 POST http://10.180.1.21/identity/v3/projects 0.435s
2025-04-16 23:39:31.827 69720 INFO tempest.lib.common.rest_client [req-96cf3bc4-23b1-48d1-8d5a-dfc30d3b7c3e req-96cf3bc4-23b1-48d1-8d5a-dfc30d3b7c3e ] Request (SecurityGroupsNegativeTestJSON:test_delete_nonexistent_security_group): 404 DELETE http://10.180.1.21/compute/v2.1/os-security-groups/d93a0c53-9515-44f5-b0ec-8f5cdc2ac80c 1.611s
2025-04-16 23:39:31.862 69734 INFO tempest.lib.common.rest_client [req-6f528dec-b8af-436d-a8bf-fc4e201e8fc8 req-6f528dec-b8af-436d-a8bf-fc4e201e8fc8 ] Request (ServerMetadataTestJSON:setUpClass): 200 PUT http://10.180.1.21:9696/networking/v2.0/routers/20709e13-29a6-4454-a71d-3b70cf410a44/add_router_interface 7.891s
2025-04-16 23:39:31.862 69734 INFO tempest.lib.common.dynamic_creds [-] Created isolated network resources for: credentials: Credentials: {'domain_id': 'default', 'domain_name': 'Default', 'username': 'tempest-ServerMetadataTestJSON-1342094692-project-member', 'project_domain_id': 'default', 'project_domain_name': 'Default', 'project_id': '72e2d3f5293e421890ea5605946afb40', 'project_name': 'tempest-ServerMetadataTestJSON-1342094692', 'tenant_id': '72e2d3f5293e421890ea5605946afb40', 'tenant_name': 'tempest-ServerMetadataTestJSON-1342094692', 'user_domain_id': 'default', 'user_domain_name': 'Default', 'user_id': '834c3b759b864eef99f1ad32294c1517', 'system': None}, Network: {'id': '0f9211ca-2d9a-4f76-a068-77a2af7732aa', 'name': 'tempest-ServerMetadataTestJSON-1546785447-network', 'tenant_id': '72e2d3f5293e421890ea5605946afb40', 'admin_state_up': True, 'mtu': 8950, 'status': 'ACTIVE', 'subnets': [], 'shared': False, 'project_id': '72e2d3f5293e421890ea5605946afb40', 'port_security_enabled': True, 'router:external': False, 'provider:network_type': 'vlan', 'provider:physical_network': 'default', 'provider:segmentation_id': 941, 'availability_zone_hints': [], 'availability_zones': [], 'ipv4_address_scope': None, 'ipv6_address_scope': None, 'description': '', 'tags': [], 'created_at': '2025-04-16T23:39:21Z', 'updated_at': '2025-04-16T23:39:21Z', 'revision_number': 1}, Subnet: {'id': 'bd831dd5-b1f9-4617-83de-96be75e4ad7e', 'name': 'tempest-ServerMetadataTestJSON-1546785447-subnet', 'tenant_id': '72e2d3f5293e421890ea5605946afb40', 'network_id': '0f9211ca-2d9a-4f76-a068-77a2af7732aa', 'ip_version': 4, 'subnetpool_id': None, 'enable_dhcp': True, 'ipv6_ra_mode': None, 'ipv6_address_mode': None, 'gateway_ip': '192.168.128.1', 'cidr': '192.168.128.0/28', 'allocation_pools': [{'start': '192.168.128.2', 'end': '192.168.128.14'}], 'host_routes': [], 'dns_nameservers': [], 'description': '', 'router:external': False, 'service_types': [], 'tags': [], 'created_at': '2025-04-16T23:39:21Z', 'updated_at': '2025-04-16T23:39:21Z', 'revision_number': 0, 'project_id': '72e2d3f5293e421890ea5605946afb40'}, Router: {'id': '20709e13-29a6-4454-a71d-3b70cf410a44', 'name': 'tempest-ServerMetadataTestJSON-1546785447-router', 'tenant_id': '72e2d3f5293e421890ea5605946afb40', 'admin_state_up': True, 'status': 'ACTIVE', 'external_gateway_info': {'network_id': 'e86a1172-7bc2-4c82-8f36-86413d166d45', 'external_fixed_ips': [{'subnet_id': 'e9babbed-aafe-42a6-8944-5dd034e64416', 'ip_address': '10.180.180.189'}], 'enable_snat': True}, 'description': '', 'availability_zones': [], 'distributed': False, 'ha': False, 'availability_zone_hints': [], 'routes': [], 'flavor_id': None, 'tags': [], 'created_at': '2025-04-16T23:39:21Z', 'updated_at': '2025-04-16T23:39:22Z', 'revision_number': 2, 'project_id': '72e2d3f5293e421890ea5605946afb40'}
2025-04-16 23:39:31.863 69696 INFO tempest.lib.common.rest_client [req-ae69390a-ffda-4ee8-9c26-e79c3c8b1ad9 req-ae69390a-ffda-4ee8-9c26-e79c3c8b1ad9 ] Request (FloatingIPsNegativeTestJSON:tearDownClass): 204 DELETE http://10.180.1.21:9696/networking/v2.0/security-groups/86aef9f9-b109-4917-ad27-f4d9c97cb22a 0.189s
2025-04-16 23:39:31.931 69690 INFO tempest.lib.common.rest_client [req-ea5a1dc3-bbe0-4163-8235-53eefcbf5764 req-ea5a1dc3-bbe0-4163-8235-53eefcbf5764 ] Request (QuotaClassesAdminTestJSON:setUpClass): 200 GET http://10.180.1.21/identity/v3/roles 0.502s
2025-04-16 23:39:31.973 69710 INFO tempest.lib.common.rest_client [req-ce2b5866-26f4-41dc-bfd7-5bf19b4c903c req-ce2b5866-26f4-41dc-bfd7-5bf19b4c903c ] Request (QuotasAdminNegativeTest:setUpClass): 201 POST http://10.180.1.21/identity/v3/projects 0.569s
2025-04-16 23:39:31.977 69736 INFO tempest.lib.common.rest_client [req-cc5b572c-f144-489c-9311-f489f9c59839 req-cc5b572c-f144-489c-9311-f489f9c59839 ] Request (HypervisorAdminNegativeTestJSON:setUpClass): 201 POST http://10.180.1.21/identity/v3/users 0.524s
2025-04-16 23:39:32.001 69739 INFO tempest.lib.common.rest_client [req-f20861cd-64b0-4237-80ab-a171e7fd26a4 req-f20861cd-64b0-4237-80ab-a171e7fd26a4 ] Request (InstanceActionsNegativeTestJSON:setUpClass): 201 POST http://10.180.1.21:9696/networking/v2.0/subnets 1.437s
2025-04-16 23:39:32.104 69732 INFO tempest.lib.common.rest_client [req-abfec1b0-9f9c-46fb-964c-8196713940a2 req-abfec1b0-9f9c-46fb-964c-8196713940a2 ] Request (AbsoluteLimitsTestJSON:setUpClass): 204 PUT http://10.180.1.21/identity/v3/projects/1981db0cde6d4a67a925ec460a946b50/users/2d114879b95149a9ae67db6ade3904eb/roles/db2d86fcd64841d59789ff79397c4994 0.535s
2025-04-16 23:39:32.104 69732 INFO tempest.lib.common.dynamic_creds [-] Dynamic test user 2d114879b95149a9ae67db6ade3904eb is created with scope project and roles: ['member']
2025-04-16 23:39:32.104 69732 INFO tempest.lib.common.dynamic_creds [-] Acquired dynamic creds: credentials: Credentials: {'domain_id': 'default', 'domain_name': 'Default', 'username': 'tempest-AbsoluteLimitsTestJSON-1886061967-project-member', 'project_domain_id': 'default', 'project_domain_name': 'Default', 'project_id': '1981db0cde6d4a67a925ec460a946b50', 'project_name': 'tempest-AbsoluteLimitsTestJSON-1886061967', 'tenant_id': '1981db0cde6d4a67a925ec460a946b50', 'tenant_name': 'tempest-AbsoluteLimitsTestJSON-1886061967', 'user_domain_id': 'default', 'user_domain_name': 'Default', 'user_id': '2d114879b95149a9ae67db6ade3904eb', 'system': None}, Network: None, Subnet: None, Router: None
2025-04-16 23:39:32.104 69732 INFO tempest.lib.common.dynamic_creds [-] Created isolated network resources for: credentials: Credentials: {'domain_id': 'default', 'domain_name': 'Default', 'username': 'tempest-AbsoluteLimitsTestJSON-1886061967-project-member', 'project_domain_id': 'default', 'project_domain_name': 'Default', 'project_id': '1981db0cde6d4a67a925ec460a946b50', 'project_name': 'tempest-AbsoluteLimitsTestJSON-1886061967', 'tenant_id': '1981db0cde6d4a67a925ec460a946b50', 'tenant_name': 'tempest-AbsoluteLimitsTestJSON-1886061967', 'user_domain_id': 'default', 'user_domain_name': 'Default', 'user_id': '2d114879b95149a9ae67db6ade3904eb', 'system': None}, Network: None, Subnet: None, Router: None
2025-04-16 23:39:32.378 69716 INFO tempest.lib.common.rest_client [req-8ef73676-1044-4c8b-a016-100994895b15 req-8ef73676-1044-4c8b-a016-100994895b15 ] Request (ServerAddressesNegativeTestJSON:setUpClass): 201 POST http://10.180.1.21/identity/v3/auth/tokens 0.688s
2025-04-16 23:39:32.389 69722 INFO tempest.lib.common.rest_client [req-3f3f5652-d496-45cd-9c15-1b2ee095b4a4 req-3f3f5652-d496-45cd-9c15-1b2ee095b4a4 ] Request (VolumesAssistedSnapshotsTest:test_volume_assisted_snapshot_create_delete): 200 POST http://10.180.1.21/compute/v2.1/os-keypairs 2.050s
2025-04-16 23:39:32.409 69729 INFO tempest.lib.common.rest_client [req-96ab0c2e-b4c2-4754-881b-d30895663229 req-96ab0c2e-b4c2-4754-881b-d30895663229 ] Request (FloatingIPsAssociationNegativeTestJSON:setUpClass): 201 POST http://10.180.1.21/identity/v3/auth/tokens 0.594s
2025-04-16 23:39:32.419 69730 INFO tempest.lib.common.rest_client [req-0ce29297-009a-45b4-b98c-bcb6aeb440fc req-0ce29297-009a-45b4-b98c-bcb6aeb440fc ] Request (ServersAaction247Test:setUpClass): 201 POST http://10.180.1.21/identity/v3/projects 0.663s
2025-04-16 23:39:32.437 69746 INFO tempest.lib.common.rest_client [req-a21da75d-2f43-4b58-ba71-be27ca633081 req-a21da75d-2f43-4b58-ba71-be27ca633081 ] Request (NetworksTest:setUpClass): 201 POST http://10.180.1.21/identity/v3/users 0.620s
2025-04-16 23:39:32.520 69742 INFO tempest.lib.common.rest_client [req-8e83a1f7-677d-4f2d-8ae1-05c2bcc069cc req-8e83a1f7-677d-4f2d-8ae1-05c2bcc069cc ] Request (ValidationResourcesFixture:setUp): 201 POST http://10.180.1.21:9696/networking/v2.0/floatingips 2.890s
2025-04-16 23:39:32.572 69696 INFO tempest.lib.common.rest_client [req-f819f2e2-34ef-451c-810e-a2c87fb6eda7 req-f819f2e2-34ef-451c-810e-a2c87fb6eda7 ] Request (FloatingIPsNegativeTestJSON:tearDownClass): 204 DELETE http://10.180.1.21/identity/v3/projects/0609ef4fb4e24d63b38830d84648ed18 0.708s
2025-04-16 23:39:32.582 69734 INFO tempest.lib.common.rest_client [req-2670ee17-e867-4ae7-b276-195e45635076 req-2670ee17-e867-4ae7-b276-195e45635076 ] Request (ServerMetadataTestJSON:setUpClass): 201 POST http://10.180.1.21/identity/v3/auth/tokens 0.714s
2025-04-16 23:39:32.649 69710 INFO tempest.lib.common.rest_client [req-5dfad40c-bbc2-4d6d-a28b-4a43d9056db4 req-5dfad40c-bbc2-4d6d-a28b-4a43d9056db4 ] Request (QuotasAdminNegativeTest:setUpClass): 201 POST http://10.180.1.21/identity/v3/users 0.673s
2025-04-16 23:39:32.657 69690 INFO tempest.lib.common.rest_client [req-c7df180f-1a10-44cb-a401-effb49cfd348 req-c7df180f-1a10-44cb-a401-effb49cfd348 ] Request (QuotaClassesAdminTestJSON:setUpClass): 204 PUT http://10.180.1.21/identity/v3/projects/e40f404003214bc487d840cbe714d7a3/users/4c1836b5f1844de79a5783c6ae163657/roles/109eda69c16047ba9faece8810e38049 0.725s
2025-04-16 23:39:32.711 69736 INFO tempest.lib.common.rest_client [req-ddc247b1-e724-4424-a099-0fa9feaa8218 req-ddc247b1-e724-4424-a099-0fa9feaa8218 ] Request (HypervisorAdminNegativeTestJSON:setUpClass): 200 GET http://10.180.1.21/identity/v3/roles 0.734s
2025-04-16 23:39:32.730 69732 INFO tempest.lib.common.rest_client [req-8eb9bb2c-f7ae-426f-b18b-b80a0d449621 req-8eb9bb2c-f7ae-426f-b18b-b80a0d449621 ] Request (AbsoluteLimitsTestJSON:setUpClass): 201 POST http://10.180.1.21/identity/v3/auth/tokens 0.620s
2025-04-16 23:39:32.740 69716 INFO tempest.lib.common.rest_client [req-e5c2be2d-5a17-46c3-a56d-112264e92964 req-e5c2be2d-5a17-46c3-a56d-112264e92964 ] Request (ServerAddressesNegativeTestJSON:setUpClass): 201 POST http://10.180.1.21/identity/v3/auth/tokens 0.360s
2025-04-16 23:39:32.751 69722 INFO tempest.lib.common.rest_client [req-9b104ecc-a4fa-4ab1-9ecd-6465ddaaf0cf req-9b104ecc-a4fa-4ab1-9ecd-6465ddaaf0cf ] Request (VolumesAssistedSnapshotsTest:test_volume_assisted_snapshot_create_delete): 201 POST http://10.180.1.21:9696/networking/v2.0/security-groups 0.361s
2025-04-16 23:39:32.767 69730 INFO tempest.lib.common.rest_client [req-fc091742-db0e-4bde-a80d-bfa32cf1bb03 req-fc091742-db0e-4bde-a80d-bfa32cf1bb03 ] Request (ServersAaction247Test:setUpClass): 201 POST http://10.180.1.21/identity/v3/users 0.346s
2025-04-16 23:39:32.795 69746 INFO tempest.lib.common.rest_client [req-86a5f5d2-3e23-4c36-b2cb-89641d749db8 req-86a5f5d2-3e23-4c36-b2cb-89641d749db8 ] Request (NetworksTest:setUpClass): 200 GET http://10.180.1.21/identity/v3/roles 0.358s
2025-04-16 23:39:32.825 69696 INFO tempest.lib.common.rest_client [req-3f5e12fd-4edc-4761-a7e6-b0a4d82ed43f req-3f5e12fd-4edc-4761-a7e6-b0a4d82ed43f ] Request (ImagesMetadataTestJSON:setUpClass): 201 POST http://10.180.1.21/identity/v3/auth/tokens 0.251s
2025-04-16 23:39:32.847 69742 INFO tempest.lib.common.rest_client [req-12ddbb9b-b6e6-48bb-8bb1-f889a3d75468 req-12ddbb9b-b6e6-48bb-8bb1-f889a3d75468 ] Request (ServersWithSpecificFlavorTestJSON:test_verify_created_server_ephemeral_disk): 201 POST http://10.180.1.21/identity/v3/auth/tokens 0.324s
2025-04-16 23:39:32.847 69742 INFO tempest.lib.common.fixed_network [-] (ServersWithSpecificFlavorTestJSON:test_verify_created_server_ephemeral_disk) Found network {'id': '29387dd8-ed33-4b7f-93c4-c3a57fd7fd5d', 'name': 'tempest-ServersWithSpecificFlavorTestJSON-221569669-network', 'tenant_id': '74a0a1f4ab684349926a8d03cbd63fa5', 'admin_state_up': True, 'mtu': 8950, 'status': 'ACTIVE', 'subnets': [], 'shared': False, 'project_id': '74a0a1f4ab684349926a8d03cbd63fa5', 'port_security_enabled': True, 'router:external': False, 'provider:network_type': 'vlan', 'provider:physical_network': 'default', 'provider:segmentation_id': 338, 'availability_zone_hints': [], 'availability_zones': [], 'ipv4_address_scope': None, 'ipv6_address_scope': None, 'description': '', 'tags': [], 'created_at': '2025-04-16T23:39:08Z', 'updated_at': '2025-04-16T23:39:08Z', 'revision_number': 1} available for tenant
2025-04-16 23:39:32.865 69710 INFO tempest.lib.common.rest_client [req-9a03639c-ca33-4fde-ac6c-7ac31c821bba req-9a03639c-ca33-4fde-ac6c-7ac31c821bba ] Request (QuotasAdminNegativeTest:setUpClass): 200 GET http://10.180.1.21/identity/v3/roles 0.216s
