2025-04-16 23:41:26.878 69686 INFO tempest.common.waiters [-] State transition "BUILD/block_device_mapping" ==> "BUILD/spawning" after 73 second wait
2025-04-16 23:41:26.914 69684 INFO tempest.lib.common.rest_client [req-23d72c37-04ea-4225-9977-8d719f68b0d3 req-23d72c37-04ea-4225-9977-8d719f68b0d3 ] Request (ServersTestManualDisk:tearDownClass): 200 GET http://10.180.1.21/compute/v2.1/servers/f5243452-580d-4894-8402-66c53ea540c4 0.143s
2025-04-16 23:41:26.923 69696 INFO tempest.lib.common.rest_client [req-8491ee10-73e5-4b07-9b37-36d0a69b0100 req-8491ee10-73e5-4b07-9b37-36d0a69b0100 ] Request (ServerDiskConfigTestJSON:test_rebuild_server_with_auto_disk_config): 200 GET http://10.180.1.21/compute/v2.1/servers/b2fdbbb6-3af6-4d61-a74b-eaa96705e1f2 0.106s
2025-04-16 23:41:26.959 69700 INFO tempest.lib.common.rest_client [req-160defc2-75f4-4c69-8e68-422a0f7dcf97 req-160defc2-75f4-4c69-8e68-422a0f7dcf97 ] Request (ServerActionsTestOtherB:setUpClass): 200 GET http://10.180.1.21/compute/v2.1/servers/07629f5e-e1b1-4aab-b422-8924b572449b 0.118s
2025-04-16 23:41:26.970 69704 INFO tempest.lib.common.rest_client [req-4b6c79be-e8da-4ca5-8cdb-14171115e8cf req-4b6c79be-e8da-4ca5-8cdb-14171115e8cf ] Request (MigrationsAdminTest:test_resize_server_revert_deleted_flavor): 200 GET http://10.180.1.21/compute/v2.1/servers/db7108fa-22fd-466f-ba5b-0a33046105d4 0.089s
2025-04-16 23:41:27.018 69702 INFO tempest.lib.common.rest_client [req-c47e410c-132a-428c-819b-b2fe7b925842 req-c47e410c-132a-428c-819b-b2fe7b925842 ] Request (ServersNegativeTestMultiTenantJSON:setUpClass): 200 GET http://10.180.1.21/compute/v2.1/servers/81f0f421-a960-4ce4-964d-86e334c66838 0.078s
2025-04-16 23:41:27.020 69724 INFO tempest.lib.common.rest_client [req-296032b8-203d-4d58-ac4b-d33413c4f5b2 req-296032b8-203d-4d58-ac4b-d33413c4f5b2 ] Request (ServerShowV254Test:test_rebuild_server): 200 GET http://10.180.1.21/compute/v2.1/servers/886cc949-7105-4dd5-a7fc-7bbc0390595d 0.101s
2025-04-16 23:41:27.082 69706 INFO tempest.lib.common.rest_client [req-886a04a2-a5e3-4ed2-b6da-afc1b8212d57 req-886a04a2-a5e3-4ed2-b6da-afc1b8212d57 ] Request (ServersListShow2100Test:test_list_show_rebuild_update_server_2100): 200 GET http://10.180.1.21/compute/v2.1/servers/4500afcc-0f0a-4dd9-ab54-893acc7cedc7 0.073s
2025-04-16 23:41:27.094 69729 INFO tempest.lib.common.rest_client [req-d9853bba-bd76-4a9d-85e9-60697352be21 req-d9853bba-bd76-4a9d-85e9-60697352be21 ] Request (FloatingIPsAssociationNegativeTestJSON:tearDownClass): 404 GET http://10.180.1.21/compute/v2.1/servers/5ef85594-2bab-4068-b93f-b725bdc4681e 0.026s
2025-04-16 23:41:27.194 69730 INFO tempest.lib.common.rest_client [req-7f0e515f-6d9a-4900-9f47-eae3432483d5 req-7f0e515f-6d9a-4900-9f47-eae3432483d5 ] Request (ServersListShow298Test:test_list_show_update_rebuild_server_298): 200 GET http://10.180.1.21/compute/v2.1/servers/52dd36de-05c4-482e-9df9-c117e8906b2b 0.086s
2025-04-16 23:41:27.212 69730 INFO tempest.common.waiters [-] State transition "BUILD/scheduling" ==> "BUILD/None" after 56 second wait
2025-04-16 23:41:27.353 69698 INFO tempest.lib.common.rest_client [req-cab8b840-fc1e-4cbb-85d1-e87e37430291 req-cab8b840-fc1e-4cbb-85d1-e87e37430291 ] Request (ServersTestMultiNic:test_verify_duplicate_network_nics): 200 GET http://10.180.1.21/compute/v2.1/servers/0c3e8051-8c92-4c49-ba19-f4f3bc00dbc1 0.080s
2025-04-16 23:41:27.402 69718 INFO tempest.lib.common.rest_client [req-73149ef4-eb84-4aec-aadc-d3f586a27433 req-73149ef4-eb84-4aec-aadc-d3f586a27433 ] Request (AttachInterfacesTestJSON:test_create_list_show_delete_interfaces_by_fixed_ip): 200 GET http://10.180.1.21/compute/v2.1/servers/ba25f42e-945b-4884-9fca-fecf9a2d294c 0.157s
2025-04-16 23:41:27.411 69692 INFO tempest.lib.common.rest_client [req-59c0b963-8856-4b54-951a-dba0b5bd2af3 req-59c0b963-8856-4b54-951a-dba0b5bd2af3 ] Request (ImagesTestJSON:test_create_image_from_suspended_server): 200 GET http://10.180.1.21/compute/v2.1/servers/126b7d32-2031-47e5-8601-29ec76a05c6c 0.086s
2025-04-16 23:41:27.437 69736 INFO tempest.lib.common.rest_client [req-eac15b82-6a18-4c61-9434-3affd610966c req-eac15b82-6a18-4c61-9434-3affd610966c ] Request (ImagesOneServerTestJSON:test_create_image_specify_multibyte_character_image_name): 200 GET http://10.180.1.21/compute/v2.1/images/5965a726-7421-4f46-9741-8a07d0dc2cac 0.079s
2025-04-16 23:41:27.464 69726 INFO tempest.lib.common.rest_client [req-6736b333-d224-4fed-aa4d-b7d9ac56960e req-6736b333-d224-4fed-aa4d-b7d9ac56960e ] Request (ImagesOneServerNegativeTestJSON:_run_cleanups): 200 GET http://10.180.1.21/compute/v2.1/servers/f6b3dab5-04f1-4db5-b4b2-74af69f5c966 0.057s
2025-04-16 23:41:27.663 69712 INFO tempest.lib.common.rest_client [req-613f8b69-ec4b-442b-b99a-498467157b62 req-613f8b69-ec4b-442b-b99a-498467157b62 ] Request (DeleteServersAdminTestJSON:test_delete_server_while_in_error_state): 200 GET http://10.180.1.21/compute/v2.1/servers/d427aa83-edf4-44e5-a860-36e1184ea51f 0.111s
2025-04-16 23:41:27.723 69732 INFO tempest.lib.common.rest_client [req-72e35b62-db1b-42f6-aa57-f6a28161b863 req-72e35b62-db1b-42f6-aa57-f6a28161b863 ] Request (ListServerFiltersTestJSON:tearDownClass): 200 GET http://10.180.1.21/compute/v2.1/servers/ca27cd4c-aee5-4d9e-8c50-20c7a6fad03e 0.107s
2025-04-16 23:41:27.748 69690 INFO tempest.lib.common.rest_client [req-48e17d24-1baa-432b-a322-6abc309ddaad req-48e17d24-1baa-432b-a322-6abc309ddaad ] Request (ServersAdminNegativeTestJSON:setUpClass): 200 GET http://10.180.1.21/compute/v2.1/servers/ac289b71-5a99-4a03-af24-e6843166dfd1 0.192s
2025-04-16 23:41:27.783 69722 INFO tempest.lib.common.rest_client [req-f556c44e-323a-4f59-a8e7-eaf381140052 req-f556c44e-323a-4f59-a8e7-eaf381140052 ] Request (VolumesAssistedSnapshotsTest:_run_cleanups): 200 GET http://10.180.1.21/compute/v2.1/servers/0b69b2e2-0fe7-4bc8-901d-70c60738f56a/os-volume_attachments 0.134s
2025-04-16 23:41:27.793 69688 INFO tempest.lib.common.rest_client [req-a32998a5-84df-4d61-a1d6-cb56eda4f19d req-a32998a5-84df-4d61-a1d6-cb56eda4f19d ] Request (ServersTestFqdnHostnames:test_create_server_with_fqdn_name): 200 GET http://10.180.1.21/compute/v2.1/servers/bdcd53fc-2733-4e88-8e45-1dcf23f3609d 0.174s
2025-04-16 23:41:27.857 69720 INFO tempest.lib.common.rest_client [req-9f7893f1-3ca9-4fc1-9cda-e9fddc4ecb80 req-9f7893f1-3ca9-4fc1-9cda-e9fddc4ecb80 ] Request (AttachInterfacesV270Test:tearDownClass): 200 GET http://10.180.1.21/compute/v2.1/servers/b19f9838-1483-4324-9039-92cf6737f88e 0.177s
2025-04-16 23:41:27.872 69709 INFO tempest.lib.common.rest_client [req-5e32f0f7-6d69-42d6-ba92-490fe5e1ecfe req-5e32f0f7-6d69-42d6-ba92-490fe5e1ecfe ] Request (ListServersNegativeTestJSON:setUpClass): 200 GET http://10.180.1.21/compute/v2.1/servers/fabfc95e-0186-4a67-9d10-61eeb2e56640 0.153s
2025-04-16 23:41:27.915 69746 INFO tempest.lib.common.rest_client [req-e22417d7-15eb-4a0e-9079-7dec307bc899 req-e22417d7-15eb-4a0e-9079-7dec307bc899 ] Request (FloatingIPsAssociationTestJSON:test_associate_already_associated_floating_ip): 200 GET http://10.180.1.21/compute/v2.1/servers/c39e4547-8e68-48d8-905b-520f917aa763 0.184s
2025-04-16 23:41:27.927 69714 INFO tempest.lib.common.rest_client [req-bf0aac2f-28c6-4d6f-990b-834c5bdd1123 req-bf0aac2f-28c6-4d6f-990b-834c5bdd1123 ] Request (ServersTestJSON:test_create_server_with_ipv6_addr_only): 200 GET http://10.180.1.21/compute/v2.1/servers/5cff61ed-95d2-4d54-b1ad-1afeee2641fb 0.157s
2025-04-16 23:41:27.976 69740 INFO tempest.lib.common.rest_client [req-91393692-e4fa-4d8b-8581-7e916f883b7a req-91393692-e4fa-4d8b-8581-7e916f883b7a ] Request (ServersAdminTestJSON:test_inject_network_info): 200 GET http://10.180.1.21/compute/v2.1/servers/43f0d345-d519-4ab3-80a9-4af262e02c5e 0.192s
2025-04-16 23:41:27.983 69739 INFO tempest.lib.common.rest_client [req-75b95733-6914-474e-a722-8c4ab657ae7d req-75b95733-6914-474e-a722-8c4ab657ae7d ] Request (ServerActionsTestOtherA:setUpClass): 200 GET http://10.180.1.21/compute/v2.1/servers/54494c65-4118-4c3d-8af2-cd772b783e1f 0.120s
2025-04-16 23:41:27.994 69729 INFO tempest.lib.common.rest_client [req-4084819d-c20c-4c2d-bab6-9b5cd3ca0de2 req-4084819d-c20c-4c2d-bab6-9b5cd3ca0de2 ] Request (FloatingIPsAssociationNegativeTestJSON:tearDownClass): 200 PUT http://10.180.1.21:9696/networking/v2.0/routers/3c0f434c-f08f-4c8f-aeca-81cf2ee17e55/remove_router_interface 0.899s
2025-04-16 23:41:28.053 69684 INFO tempest.lib.common.rest_client [req-92816bde-20ea-4c35-bd5c-0f1cf7406c8b req-92816bde-20ea-4c35-bd5c-0f1cf7406c8b ] Request (ServersTestManualDisk:tearDownClass): 200 GET http://10.180.1.21/compute/v2.1/servers/f5243452-580d-4894-8402-66c53ea540c4 0.131s
2025-04-16 23:41:28.110 69696 INFO tempest.lib.common.rest_client [req-4c673beb-6572-4329-ab52-8a8f3362480a req-4c673beb-6572-4329-ab52-8a8f3362480a ] Request (ServerDiskConfigTestJSON:test_rebuild_server_with_auto_disk_config): 200 GET http://10.180.1.21/compute/v2.1/servers/b2fdbbb6-3af6-4d61-a74b-eaa96705e1f2 0.179s
2025-04-16 23:41:28.118 69686 INFO tempest.lib.common.rest_client [req-dab2bb3c-d956-4c0c-b023-f3094f168587 req-dab2bb3c-d956-4c0c-b023-f3094f168587 ] Request (ServerExternalEventsTest:test_create_server_external_events): 200 GET http://10.180.1.21/compute/v2.1/servers/3de0cb15-65d2-4896-abe4-6d6546a03341 0.237s
2025-04-16 23:41:28.165 69700 INFO tempest.lib.common.rest_client [req-c3203001-aaf2-4c6c-a9de-0089cf5d5ad8 req-c3203001-aaf2-4c6c-a9de-0089cf5d5ad8 ] Request (ServerActionsTestOtherB:setUpClass): 200 GET http://10.180.1.21/compute/v2.1/servers/07629f5e-e1b1-4aab-b422-8924b572449b 0.198s
2025-04-16 23:41:28.187 69704 INFO tempest.lib.common.rest_client [req-c5e0e36d-0154-4a79-863e-8eaa2c95ce30 req-c5e0e36d-0154-4a79-863e-8eaa2c95ce30 ] Request (MigrationsAdminTest:test_resize_server_revert_deleted_flavor): 200 GET http://10.180.1.21/compute/v2.1/servers/db7108fa-22fd-466f-ba5b-0a33046105d4 0.208s
2025-04-16 23:41:28.226 69702 INFO tempest.lib.common.rest_client [req-2d9a8098-f758-4979-9a75-d9b94cb2b5fd req-2d9a8098-f758-4979-9a75-d9b94cb2b5fd ] Request (ServersNegativeTestMultiTenantJSON:setUpClass): 200 GET http://10.180.1.21/compute/v2.1/servers/81f0f421-a960-4ce4-964d-86e334c66838 0.200s
2025-04-16 23:41:28.244 69724 INFO tempest.lib.common.rest_client [req-e24363bb-3ff3-4e33-aff3-123866d4efaf req-e24363bb-3ff3-4e33-aff3-123866d4efaf ] Request (ServerShowV254Test:test_rebuild_server): 200 GET http://10.180.1.21/compute/v2.1/servers/886cc949-7105-4dd5-a7fc-7bbc0390595d 0.214s
2025-04-16 23:41:28.294 69706 INFO tempest.lib.common.rest_client [req-7ac7156b-4edc-4246-ad37-72d6589c3349 req-7ac7156b-4edc-4246-ad37-72d6589c3349 ] Request (ServersListShow2100Test:test_list_show_rebuild_update_server_2100): 200 GET http://10.180.1.21/compute/v2.1/servers/4500afcc-0f0a-4dd9-ab54-893acc7cedc7 0.200s
2025-04-16 23:41:28.316 69730 INFO tempest.lib.common.rest_client [req-eda00963-0fb1-4545-a58e-393d3e761a2e req-eda00963-0fb1-4545-a58e-393d3e761a2e ] Request (ServersListShow298Test:test_list_show_update_rebuild_server_298): 200 GET http://10.180.1.21/compute/v2.1/servers/52dd36de-05c4-482e-9df9-c117e8906b2b 0.102s
2025-04-16 23:41:28.426 69698 INFO tempest.lib.common.rest_client [req-7f6ebb2d-b157-4436-ba75-358d52808ca4 req-7f6ebb2d-b157-4436-ba75-358d52808ca4 ] Request (ServersTestMultiNic:test_verify_duplicate_network_nics): 200 GET http://10.180.1.21/compute/v2.1/servers/0c3e8051-8c92-4c49-ba19-f4f3bc00dbc1 0.065s
2025-04-16 23:41:28.492 69692 INFO tempest.lib.common.rest_client [req-84134cac-2618-4663-a30e-88a86f4d663a req-84134cac-2618-4663-a30e-88a86f4d663a ] Request (ImagesTestJSON:test_create_image_from_suspended_server): 200 GET http://10.180.1.21/compute/v2.1/servers/126b7d32-2031-47e5-8601-29ec76a05c6c 0.073s
2025-04-16 23:41:28.537 69736 INFO tempest.lib.common.rest_client [req-c1eae01d-311b-4e87-b04d-e931f6495a8b req-c1eae01d-311b-4e87-b04d-e931f6495a8b ] Request (ImagesOneServerTestJSON:test_create_image_specify_multibyte_character_image_name): 200 GET http://10.180.1.21/compute/v2.1/images/5965a726-7421-4f46-9741-8a07d0dc2cac 0.095s
2025-04-16 23:41:28.541 69729 INFO tempest.lib.common.rest_client [req-6f96efad-2164-4088-bfe0-f840d6e036c2 req-6f96efad-2164-4088-bfe0-f840d6e036c2 ] Request (FloatingIPsAssociationNegativeTestJSON:tearDownClass): 204 DELETE http://10.180.1.21:9696/networking/v2.0/routers/3c0f434c-f08f-4c8f-aeca-81cf2ee17e55 0.547s
2025-04-16 23:41:28.590 69718 INFO tempest.lib.common.rest_client [req-9a94d4f8-e34d-4e38-ac04-6bcf724c234c req-9a94d4f8-e34d-4e38-ac04-6bcf724c234c ] Request (AttachInterfacesTestJSON:test_create_list_show_delete_interfaces_by_fixed_ip): 200 GET http://10.180.1.21/compute/v2.1/servers/ba25f42e-945b-4884-9fca-fecf9a2d294c 0.179s
2025-04-16 23:41:28.597 69726 INFO tempest.lib.common.rest_client [req-4977e3ae-5e85-4bcb-85f6-34fccbf42716 req-4977e3ae-5e85-4bcb-85f6-34fccbf42716 ] Request (ImagesOneServerNegativeTestJSON:_run_cleanups): 200 GET http://10.180.1.21/compute/v2.1/servers/f6b3dab5-04f1-4db5-b4b2-74af69f5c966 0.122s
2025-04-16 23:41:28.686 69729 INFO tempest.lib.common.rest_client [req-ab9e8c65-1ed6-4fa1-b1f4-aa3e7aa0c8f0 req-ab9e8c65-1ed6-4fa1-b1f4-aa3e7aa0c8f0 ] Request (FloatingIPsAssociationNegativeTestJSON:tearDownClass): 204 DELETE http://10.180.1.21:9696/networking/v2.0/subnets/ba87bb60-c1f4-4f02-9a82-a9aec673f9d1 0.144s
2025-04-16 23:41:28.802 69732 INFO tempest.lib.common.rest_client [req-268d08d3-538d-488d-84e8-7a04f21b0042 req-268d08d3-538d-488d-84e8-7a04f21b0042 ] Request (ListServerFiltersTestJSON:tearDownClass): 200 GET http://10.180.1.21/compute/v2.1/servers/ca27cd4c-aee5-4d9e-8c50-20c7a6fad03e 0.070s
2025-04-16 23:41:28.815 69712 INFO tempest.lib.common.rest_client [req-7c0a9cc9-63a6-4dde-93e8-d83b055e9299 req-7c0a9cc9-63a6-4dde-93e8-d83b055e9299 ] Request (DeleteServersAdminTestJSON:test_delete_server_while_in_error_state): 200 GET http://10.180.1.21/compute/v2.1/servers/d427aa83-edf4-44e5-a860-36e1184ea51f 0.143s
2025-04-16 23:41:28.858 69722 INFO tempest.lib.common.rest_client [req-d99ee375-78d8-4abf-bde2-50667df60b36 req-d99ee375-78d8-4abf-bde2-50667df60b36 ] Request (VolumesAssistedSnapshotsTest:_run_cleanups): 200 GET http://10.180.1.21/compute/v2.1/servers/0b69b2e2-0fe7-4bc8-901d-70c60738f56a/os-volume_attachments 0.072s
2025-04-16 23:41:28.885 69722 INFO tempest.lib.common.rest_client [req-1833ff23-cddc-4375-a854-742390dc9196 req-1833ff23-cddc-4375-a854-742390dc9196 ] Request (VolumesAssistedSnapshotsTest:_run_cleanups): 200 GET http://10.180.1.21/volume/v3/volumes/190d92ab-fa64-443b-86be-933c1dc79c68 0.025s
2025-04-16 23:41:28.895 69722 INFO tempest.common.waiters [-] volume 190d92ab-fa64-443b-86be-933c1dc79c68 reached available after waiting for 0.895890 seconds
2025-04-16 23:41:28.908 69690 INFO tempest.lib.common.rest_client [req-85634f04-1f53-47b2-a766-225aac994b00 req-85634f04-1f53-47b2-a766-225aac994b00 ] Request (ServersAdminNegativeTestJSON:setUpClass): 200 GET http://10.180.1.21/compute/v2.1/servers/ac289b71-5a99-4a03-af24-e6843166dfd1 0.152s
2025-04-16 23:41:28.909 69688 INFO tempest.lib.common.rest_client [req-edc34db2-eda3-4d91-873d-2120e2a6778b req-edc34db2-eda3-4d91-873d-2120e2a6778b ] Request (ServersTestFqdnHostnames:test_create_server_with_fqdn_name): 200 GET http://10.180.1.21/compute/v2.1/servers/bdcd53fc-2733-4e88-8e45-1dcf23f3609d 0.107s
2025-04-16 23:41:28.915 69690 INFO tempest.common.waiters [-] State transition "BUILD/spawning" ==> "ACTIVE/None" after 80 second wait
2025-04-16 23:41:28.944 69722 INFO tempest.lib.common.rest_client [req-cc7af6de-589b-4604-abb6-4f73376f2759 req-cc7af6de-589b-4604-abb6-4f73376f2759 ] Request (VolumesAssistedSnapshotsTest:_run_cleanups): 202 DELETE http://10.180.1.21/volume/v3/volumes/190d92ab-fa64-443b-86be-933c1dc79c68 0.049s
2025-04-16 23:41:28.975 69720 INFO tempest.lib.common.rest_client [req-0535f1fb-25e1-48b7-88a6-fce4d04f2d66 req-0535f1fb-25e1-48b7-88a6-fce4d04f2d66 ] Request (AttachInterfacesV270Test:tearDownClass): 200 GET http://10.180.1.21/compute/v2.1/servers/b19f9838-1483-4324-9039-92cf6737f88e 0.103s
2025-04-16 23:41:28.975 69729 INFO tempest.lib.common.rest_client [req-4ca2d8f0-b003-45bd-8ca4-137d7c39a059 req-4ca2d8f0-b003-45bd-8ca4-137d7c39a059 ] Request (FloatingIPsAssociationNegativeTestJSON:tearDownClass): 204 DELETE http://10.180.1.21:9696/networking/v2.0/networks/b1153c46-ea56-444e-9c70-aa2ea9f5e724 0.288s
2025-04-16 23:41:28.975 69722 INFO tempest.lib.common.rest_client [req-ebc77f1c-1407-486e-a4af-4775ce609fd0 req-ebc77f1c-1407-486e-a4af-4775ce609fd0 ] Request (VolumesAssistedSnapshotsTest:_run_cleanups): 200 GET http://10.180.1.21/volume/v3/volumes/190d92ab-fa64-443b-86be-933c1dc79c68 0.030s
2025-04-16 23:41:29.004 69709 INFO tempest.lib.common.rest_client [req-cd74eddb-32f6-42dc-a81c-2a492c035fb1 req-cd74eddb-32f6-42dc-a81c-2a492c035fb1 ] Request (ListServersNegativeTestJSON:setUpClass): 200 GET http://10.180.1.21/compute/v2.1/servers/fabfc95e-0186-4a67-9d10-61eeb2e56640 0.115s
2025-04-16 23:41:29.053 69746 INFO tempest.lib.common.rest_client [req-cc20b852-334c-4351-8693-ecb842fe9a84 req-cc20b852-334c-4351-8693-ecb842fe9a84 ] Request (FloatingIPsAssociationTestJSON:test_associate_already_associated_floating_ip): 200 GET http://10.180.1.21/compute/v2.1/servers/c39e4547-8e68-48d8-905b-520f917aa763 0.128s
2025-04-16 23:41:29.094 69729 INFO tempest.lib.common.rest_client [req-13ee290c-2526-48e5-96bf-e3cf6e045de4 req-13ee290c-2526-48e5-96bf-e3cf6e045de4 ] Request (FloatingIPsAssociationNegativeTestJSON:tearDownClass): 204 DELETE http://10.180.1.21/identity/v3/users/9da424714ab5467eac389016fc954be5 0.118s
2025-04-16 23:41:29.094 69729 INFO tempest.lib.common.dynamic_creds [-] Deleting project and security group for project: a413bc81cb0641bdb286ee4ad2c32f63
2025-04-16 23:41:29.102 69714 INFO tempest.lib.common.rest_client [req-e72c2e59-dab7-4f04-aaea-ceab4296c2a1 req-e72c2e59-dab7-4f04-aaea-ceab4296c2a1 ] Request (ServersTestJSON:test_create_server_with_ipv6_addr_only): 200 GET http://10.180.1.21/compute/v2.1/servers/5cff61ed-95d2-4d54-b1ad-1afeee2641fb 0.160s
2025-04-16 23:41:29.120 69729 INFO tempest.lib.common.rest_client [req-9b685250-271b-496b-978a-42421be655b6 req-9b685250-271b-496b-978a-42421be655b6 ] Request (FloatingIPsAssociationNegativeTestJSON:tearDownClass): 200 GET http://10.180.1.21:9696/networking/v2.0/security-groups?tenant_id=a413bc81cb0641bdb286ee4ad2c32f63&name=default 0.026s
2025-04-16 23:41:29.123 69690 INFO tempest.lib.common.rest_client [req-d0a9175a-22cd-496f-8106-dd32ed414dae req-d0a9175a-22cd-496f-8106-dd32ed414dae ] Request (ServersAdminNegativeTestJSON:test_migrate_non_existent_server): 404 POST http://10.180.1.21/compute/v2.1/servers/1d662adc-7547-4ca6-ab0f-54e1f3777cdc/action 0.207s
2025-04-16 23:41:29.162 69740 INFO tempest.lib.common.rest_client [req-1e82cb10-6553-4996-8b0f-5db3473e0452 req-1e82cb10-6553-4996-8b0f-5db3473e0452 ] Request (ServersAdminTestJSON:test_inject_network_info): 200 GET http://10.180.1.21/compute/v2.1/servers/43f0d345-d519-4ab3-80a9-4af262e02c5e 0.175s
2025-04-16 23:41:29.188 69739 INFO tempest.lib.common.rest_client [req-ad206ba4-ce83-4f3e-9629-9a5e1c4341dc req-ad206ba4-ce83-4f3e-9629-9a5e1c4341dc ] Request (ServerActionsTestOtherA:setUpClass): 200 GET http://10.180.1.21/compute/v2.1/servers/54494c65-4118-4c3d-8af2-cd772b783e1f 0.194s
2025-04-16 23:41:29.195 69690 INFO tempest.lib.common.rest_client [req-34221e39-0b6d-4554-8eb9-8b109149b85c req-34221e39-0b6d-4554-8eb9-8b109149b85c ] Request (ServersAdminNegativeTestJSON:test_migrate_server_invalid_state): 201 POST http://10.180.1.21/identity/v3/auth/tokens 0.069s
2025-04-16 23:41:29.196 69690 INFO tempest.lib.common.fixed_network [-] (ServersAdminNegativeTestJSON:test_migrate_server_invalid_state) Found network None available for tenant
2025-04-16 23:41:29.232 69729 INFO tempest.lib.common.rest_client [req-d84f5db6-7845-4766-b2f2-70b4c1c8a13b req-d84f5db6-7845-4766-b2f2-70b4c1c8a13b ] Request (FloatingIPsAssociationNegativeTestJSON:tearDownClass): 204 DELETE http://10.180.1.21:9696/networking/v2.0/security-groups/ad2fd29d-e8c3-4394-a485-44391d15526c 0.111s
2025-04-16 23:41:29.244 69684 INFO tempest.lib.common.rest_client [req-8067fa82-fde3-4125-befd-e6e044d78c16 req-8067fa82-fde3-4125-befd-e6e044d78c16 ] Request (ServersTestManualDisk:tearDownClass): 200 GET http://10.180.1.21/compute/v2.1/servers/f5243452-580d-4894-8402-66c53ea540c4 0.181s
2025-04-16 23:41:29.259 69696 INFO tempest.lib.common.rest_client [req-8240fa7b-01b1-4e22-8086-d665e6de831a req-8240fa7b-01b1-4e22-8086-d665e6de831a ] Request (ServerDiskConfigTestJSON:test_rebuild_server_with_auto_disk_config): 200 GET http://10.180.1.21/compute/v2.1/servers/b2fdbbb6-3af6-4d61-a74b-eaa96705e1f2 0.137s
2025-04-16 23:41:29.321 69700 INFO tempest.lib.common.rest_client [req-787f0ab0-3596-448e-aebd-70f7f8984920 req-787f0ab0-3596-448e-aebd-70f7f8984920 ] Request (ServerActionsTestOtherB:setUpClass): 200 GET http://10.180.1.21/compute/v2.1/servers/07629f5e-e1b1-4aab-b422-8924b572449b 0.141s
2025-04-16 23:41:29.346 69729 INFO tempest.lib.common.rest_client [req-b4e6d353-bfd8-42f7-acbc-dec979368aca req-b4e6d353-bfd8-42f7-acbc-dec979368aca ] Request (FloatingIPsAssociationNegativeTestJSON:tearDownClass): 204 DELETE http://10.180.1.21/identity/v3/projects/a413bc81cb0641bdb286ee4ad2c32f63 0.113s
2025-04-16 23:41:29.408 69686 INFO tempest.lib.common.rest_client [req-f5c8ca77-b140-471b-8faf-e4908bd6e777 req-f5c8ca77-b140-471b-8faf-e4908bd6e777 ] Request (ServerExternalEventsTest:test_create_server_external_events): 200 GET http://10.180.1.21/compute/v2.1/servers/3de0cb15-65d2-4896-abe4-6d6546a03341 0.283s
2025-04-16 23:41:29.426 69729 INFO tempest.lib.common.rest_client [req-01ad343b-b225-4f51-8904-0b522ec0adf5 req-01ad343b-b225-4f51-8904-0b522ec0adf5 ] Request (KeyPairsNegativeTestJSON:setUpClass): 201 POST http://10.180.1.21/identity/v3/auth/tokens 0.078s
2025-04-16 23:41:29.468 69729 INFO tempest.lib.common.rest_client [req-7e5e5ddb-a3d7-4c2f-b399-bdfa270ddf55 req-7e5e5ddb-a3d7-4c2f-b399-bdfa270ddf55 ] Request (KeyPairsNegativeTestJSON:setUpClass): 201 POST http://10.180.1.21/identity/v3/auth/tokens 0.039s
2025-04-16 23:41:29.499 69729 INFO tempest.lib.common.rest_client [req-7165d487-b2ab-4f28-9c99-bfbd1aeaaab9 req-7165d487-b2ab-4f28-9c99-bfbd1aeaaab9 ] Request (KeyPairsNegativeTestJSON:setUpClass): 200 GET http://10.180.1.21/identity/v3/domains?name=Default 0.030s
2025-04-16 23:41:29.535 69729 INFO tempest.lib.common.rest_client [req-da610d6e-64a1-443f-8df9-293ed5156a1c req-da610d6e-64a1-443f-8df9-293ed5156a1c ] Request (KeyPairsNegativeTestJSON:setUpClass): 201 POST http://10.180.1.21/identity/v3/projects 0.035s
2025-04-16 23:41:29.589 69690 INFO tempest.lib.common.rest_client [req-90a43dea-5912-4842-b916-0a8c742b0aa7 req-90a43dea-5912-4842-b916-0a8c742b0aa7 ] Request (ServersAdminNegativeTestJSON:test_migrate_server_invalid_state): 202 POST http://10.180.1.21/compute/v2.1/servers 0.393s
2025-04-16 23:41:29.609 69729 INFO tempest.lib.common.rest_client [req-fd35b0c0-023c-4fb8-bb78-58b36c8cbe9b req-fd35b0c0-023c-4fb8-bb78-58b36c8cbe9b ] Request (KeyPairsNegativeTestJSON:setUpClass): 201 POST http://10.180.1.21/identity/v3/users 0.073s
2025-04-16 23:41:29.638 69729 INFO tempest.lib.common.rest_client [req-a594e592-6386-42f0-b787-86b445ea40de req-a594e592-6386-42f0-b787-86b445ea40de ] Request (KeyPairsNegativeTestJSON:setUpClass): 200 GET http://10.180.1.21/identity/v3/roles 0.028s
2025-04-16 23:41:29.657 69702 INFO tempest.lib.common.rest_client [req-9970bcfc-34ba-47d3-b3c8-5396facfd5f9 req-9970bcfc-34ba-47d3-b3c8-5396facfd5f9 ] Request (ServersNegativeTestMultiTenantJSON:setUpClass): 200 GET http://10.180.1.21/compute/v2.1/servers/81f0f421-a960-4ce4-964d-86e334c66838 0.419s
2025-04-16 23:41:29.679 69729 INFO tempest.lib.common.rest_client [req-96700792-f93a-4d29-9b4c-5077da906721 req-96700792-f93a-4d29-9b4c-5077da906721 ] Request (KeyPairsNegativeTestJSON:setUpClass): 204 PUT http://10.180.1.21/identity/v3/projects/0269990aa4b74c8783e2b6151bea2eaf/users/ffc12924686a4ca79445a9017ff225f8/roles/db2d86fcd64841d59789ff79397c4994 0.041s
2025-04-16 23:41:29.680 69729 INFO tempest.lib.common.dynamic_creds [-] Dynamic test user ffc12924686a4ca79445a9017ff225f8 is created with scope project and roles: ['member']
2025-04-16 23:41:29.680 69729 INFO tempest.lib.common.dynamic_creds [-] Acquired dynamic creds: credentials: Credentials: {'domain_id': 'default', 'domain_name': 'Default', 'username': 'tempest-KeyPairsNegativeTestJSON-987254071-project-member', 'project_domain_id': 'default', 'project_domain_name': 'Default', 'project_id': '0269990aa4b74c8783e2b6151bea2eaf', 'project_name': 'tempest-KeyPairsNegativeTestJSON-987254071', 'tenant_id': '0269990aa4b74c8783e2b6151bea2eaf', 'tenant_name': 'tempest-KeyPairsNegativeTestJSON-987254071', 'user_domain_id': 'default', 'user_domain_name': 'Default', 'user_id': 'ffc12924686a4ca79445a9017ff225f8', 'system': None}, Network: None, Subnet: None, Router: None
2025-04-16 23:41:29.680 69729 INFO tempest.lib.common.dynamic_creds [-] Created isolated network resources for: credentials: Credentials: {'domain_id': 'default', 'domain_name': 'Default', 'username': 'tempest-KeyPairsNegativeTestJSON-987254071-project-member', 'project_domain_id': 'default', 'project_domain_name': 'Default', 'project_id': '0269990aa4b74c8783e2b6151bea2eaf', 'project_name': 'tempest-KeyPairsNegativeTestJSON-987254071', 'tenant_id': '0269990aa4b74c8783e2b6151bea2eaf', 'tenant_name': 'tempest-KeyPairsNegativeTestJSON-987254071', 'user_domain_id': 'default', 'user_domain_name': 'Default', 'user_id': 'ffc12924686a4ca79445a9017ff225f8', 'system': None}, Network: None, Subnet: None, Router: None
2025-04-16 23:41:29.722 69704 INFO tempest.lib.common.rest_client [req-7ba81888-a21d-41a0-80c4-11687e2b9c50 req-7ba81888-a21d-41a0-80c4-11687e2b9c50 ] Request (MigrationsAdminTest:test_resize_server_revert_deleted_flavor): 200 GET http://10.180.1.21/compute/v2.1/servers/db7108fa-22fd-466f-ba5b-0a33046105d4 0.520s
2025-04-16 23:41:29.728 69724 INFO tempest.lib.common.rest_client [req-3d745b02-7ed1-4aca-bc40-8875b0eb8f2b req-3d745b02-7ed1-4aca-bc40-8875b0eb8f2b ] Request (ServerShowV254Test:test_rebuild_server): 200 GET http://10.180.1.21/compute/v2.1/servers/886cc949-7105-4dd5-a7fc-7bbc0390595d 0.472s
2025-04-16 23:41:29.779 69729 INFO tempest.lib.common.rest_client [req-ffe68817-1868-43eb-9079-65d45b4969da req-ffe68817-1868-43eb-9079-65d45b4969da ] Request (KeyPairsNegativeTestJSON:setUpClass): 201 POST http://10.180.1.21/identity/v3/auth/tokens 0.094s
2025-04-16 23:41:29.808 69706 INFO tempest.lib.common.rest_client [req-064b7769-7baf-44a3-ac88-b1487186a0e3 req-064b7769-7baf-44a3-ac88-b1487186a0e3 ] Request (ServersListShow2100Test:test_list_show_rebuild_update_server_2100): 200 GET http://10.180.1.21/compute/v2.1/servers/4500afcc-0f0a-4dd9-ab54-893acc7cedc7 0.499s
2025-04-16 23:41:29.810 69730 INFO tempest.lib.common.rest_client [req-df5daf3b-dc79-414a-9c33-3a5ddb4430f5 req-df5daf3b-dc79-414a-9c33-3a5ddb4430f5 ] Request (ServersListShow298Test:test_list_show_update_rebuild_server_298): 200 GET http://10.180.1.21/compute/v2.1/servers/52dd36de-05c4-482e-9df9-c117e8906b2b 0.482s
2025-04-16 23:41:29.851 69692 INFO tempest.lib.common.rest_client [req-71e60174-08a1-44bf-ad23-ed80a6c1c0f2 req-71e60174-08a1-44bf-ad23-ed80a6c1c0f2 ] Request (ImagesTestJSON:test_create_image_from_suspended_server): 200 GET http://10.180.1.21/compute/v2.1/servers/126b7d32-2031-47e5-8601-29ec76a05c6c 0.350s
2025-04-16 23:41:29.852 69698 INFO tempest.lib.common.rest_client [req-6a2ce415-0c67-4e6d-86d6-240dc7a5192c req-6a2ce415-0c67-4e6d-86d6-240dc7a5192c ] Request (ServersTestMultiNic:test_verify_duplicate_network_nics): 200 GET http://10.180.1.21/compute/v2.1/servers/0c3e8051-8c92-4c49-ba19-f4f3bc00dbc1 0.411s
2025-04-16 23:41:29.883 69736 INFO tempest.lib.common.rest_client [req-d64751d7-bac4-483b-acdf-15296c2ff29c req-d64751d7-bac4-483b-acdf-15296c2ff29c ] Request (ImagesOneServerTestJSON:test_create_image_specify_multibyte_character_image_name): 200 GET http://10.180.1.21/compute/v2.1/images/5965a726-7421-4f46-9741-8a07d0dc2cac 0.342s
2025-04-16 23:41:29.889 69690 INFO tempest.lib.common.rest_client [req-ae34cd13-e537-4322-8438-bf0c9880fea9 req-ae34cd13-e537-4322-8438-bf0c9880fea9 ] Request (ServersAdminNegativeTestJSON:test_migrate_server_invalid_state): 200 GET http://10.180.1.21/compute/v2.1/servers/39323cef-0de6-4c83-a359-4188bca9463e 0.298s
2025-04-16 23:41:29.940 69726 INFO tempest.lib.common.rest_client [req-576536de-2805-4d3a-8f81-11a397997e05 req-576536de-2805-4d3a-8f81-11a397997e05 ] Request (ImagesOneServerNegativeTestJSON:_run_cleanups): 200 GET http://10.180.1.21/compute/v2.1/servers/f6b3dab5-04f1-4db5-b4b2-74af69f5c966 0.336s
2025-04-16 23:41:30.016 69722 INFO tempest.lib.common.rest_client [req-8760d4fa-c844-403e-ba0d-4cb304ff246f req-8760d4fa-c844-403e-ba0d-4cb304ff246f ] Request (VolumesAssistedSnapshotsTest:_run_cleanups): 200 GET http://10.180.1.21/volume/v3/volumes/190d92ab-fa64-443b-86be-933c1dc79c68 0.032s
2025-04-16 23:41:30.024 69729 INFO tempest.lib.common.rest_client [req-87a02191-1c0a-4e94-93bf-f6b5727d54c0 req-87a02191-1c0a-4e94-93bf-f6b5727d54c0 ] Request (KeyPairsNegativeTestJSON:test_create_keypair_invalid_name): 400 POST http://10.180.1.21/compute/v2.1/os-keypairs 0.242s
2025-04-16 23:41:30.039 69718 INFO tempest.lib.common.rest_client [req-ea15fe7b-eacf-4e47-9283-4cf64dcfaa3e req-ea15fe7b-eacf-4e47-9283-4cf64dcfaa3e ] Request (AttachInterfacesTestJSON:test_create_list_show_delete_interfaces_by_fixed_ip): 200 GET http://10.180.1.21/compute/v2.1/servers/ba25f42e-945b-4884-9fca-fecf9a2d294c 0.440s
2025-04-16 23:41:30.092 69732 INFO tempest.lib.common.rest_client [req-eb7216c3-0f68-4517-a39f-37e7cf6c5414 req-eb7216c3-0f68-4517-a39f-37e7cf6c5414 ] Request (ListServerFiltersTestJSON:tearDownClass): 200 GET http://10.180.1.21/compute/v2.1/servers/ca27cd4c-aee5-4d9e-8c50-20c7a6fad03e 0.280s
2025-04-16 23:41:30.108 69712 INFO tempest.lib.common.rest_client [req-d6366dbb-dc79-4408-99d9-62d4b3729e5b req-d6366dbb-dc79-4408-99d9-62d4b3729e5b ] Request (DeleteServersAdminTestJSON:test_delete_server_while_in_error_state): 200 GET http://10.180.1.21/compute/v2.1/servers/d427aa83-edf4-44e5-a860-36e1184ea51f 0.279s
2025-04-16 23:41:30.115 69712 INFO tempest.common.waiters [-] State transition "ERROR/deleting" ==> "DELETED/None" after 4 second wait
2025-04-16 23:41:30.152 69688 INFO tempest.lib.common.rest_client [req-074dbe00-2d37-4488-8ceb-8b02272a8a9c req-074dbe00-2d37-4488-8ceb-8b02272a8a9c ] Request (ServersTestFqdnHostnames:test_create_server_with_fqdn_name): 200 GET http://10.180.1.21/compute/v2.1/servers/bdcd53fc-2733-4e88-8e45-1dcf23f3609d 0.230s
2025-04-16 23:41:30.172 69720 INFO tempest.lib.common.rest_client [req-f6b2240d-c002-4847-ae0e-051cccd22200 req-f6b2240d-c002-4847-ae0e-051cccd22200 ] Request (AttachInterfacesV270Test:tearDownClass): 200 GET http://10.180.1.21/compute/v2.1/servers/b19f9838-1483-4324-9039-92cf6737f88e 0.187s
2025-04-16 23:41:30.212 69729 INFO tempest.lib.common.rest_client [req-847918c6-76f9-4050-aa38-6cb4ca9ed84f req-847918c6-76f9-4050-aa38-6cb4ca9ed84f ] Request (KeyPairsNegativeTestJSON:test_create_keypair_when_public_key_bits_exceeds_maximum): 400 POST http://10.180.1.21/compute/v2.1/os-keypairs 0.186s
2025-04-16 23:41:30.227 69709 INFO tempest.lib.common.rest_client [req-42d510d3-cf3c-4aa0-817c-475d252ce1db req-42d510d3-cf3c-4aa0-817c-475d252ce1db ] Request (ListServersNegativeTestJSON:setUpClass): 200 GET http://10.180.1.21/compute/v2.1/servers/fabfc95e-0186-4a67-9d10-61eeb2e56640 0.215s
2025-04-16 23:41:30.288 69714 INFO tempest.lib.common.rest_client [req-d5dd12d6-a37d-49bd-9a02-c965c174828e req-d5dd12d6-a37d-49bd-9a02-c965c174828e ] Request (ServersTestJSON:test_create_server_with_ipv6_addr_only): 200 GET http://10.180.1.21/compute/v2.1/servers/5cff61ed-95d2-4d54-b1ad-1afeee2641fb 0.176s
2025-04-16 23:41:30.290 69746 INFO tempest.lib.common.rest_client [req-fef2ccea-c50c-4a6d-b1c9-0eca872f41bd req-fef2ccea-c50c-4a6d-b1c9-0eca872f41bd ] Request (FloatingIPsAssociationTestJSON:test_associate_already_associated_floating_ip): 200 GET http://10.180.1.21/compute/v2.1/servers/c39e4547-8e68-48d8-905b-520f917aa763 0.224s
2025-04-16 23:41:30.299 69746 INFO tempest.common.waiters [-] State transition "BUILD/scheduling" ==> "BUILD/None" after 41 second wait
2025-04-16 23:41:30.346 69739 INFO tempest.lib.common.rest_client [req-153dd189-6cb9-439a-b2ff-10023cf0f32e req-153dd189-6cb9-439a-b2ff-10023cf0f32e ] Request (ServerActionsTestOtherA:setUpClass): 200 GET http://10.180.1.21/compute/v2.1/servers/54494c65-4118-4c3d-8af2-cd772b783e1f 0.144s
2025-04-16 23:41:30.355 69740 INFO tempest.lib.common.rest_client [req-a607ff81-e08c-4115-934c-5e6098cbb77d req-a607ff81-e08c-4115-934c-5e6098cbb77d ] Request (ServersAdminTestJSON:test_inject_network_info): 200 GET http://10.180.1.21/compute/v2.1/servers/43f0d345-d519-4ab3-80a9-4af262e02c5e 0.180s
2025-04-16 23:41:30.380 69729 INFO tempest.lib.common.rest_client [req-0fab54cc-8099-405f-8111-d4d16a6412e7 req-0fab54cc-8099-405f-8111-d4d16a6412e7 ] Request (KeyPairsNegativeTestJSON:test_create_keypair_with_duplicate_name): 200 POST http://10.180.1.21/compute/v2.1/os-keypairs 0.165s
2025-04-16 23:41:30.433 69684 INFO tempest.lib.common.rest_client [req-c3d6b3a9-3f2b-4055-84ae-4bcbdf24d839 req-c3d6b3a9-3f2b-4055-84ae-4bcbdf24d839 ] Request (ServersTestManualDisk:tearDownClass): 200 GET http://10.180.1.21/compute/v2.1/servers/f5243452-580d-4894-8402-66c53ea540c4 0.181s
2025-04-16 23:41:30.496 69700 INFO tempest.lib.common.rest_client [req-24910d11-9724-41ab-bd2f-00a3aebe2688 req-24910d11-9724-41ab-bd2f-00a3aebe2688 ] Request (ServerActionsTestOtherB:setUpClass): 200 GET http://10.180.1.21/compute/v2.1/servers/07629f5e-e1b1-4aab-b422-8924b572449b 0.163s
2025-04-16 23:41:30.512 69696 INFO tempest.lib.common.rest_client [req-f7eb06bc-a7f1-4177-9569-b9b3dff60150 req-f7eb06bc-a7f1-4177-9569-b9b3dff60150 ] Request (ServerDiskConfigTestJSON:test_rebuild_server_with_auto_disk_config): 200 GET http://10.180.1.21/compute/v2.1/servers/b2fdbbb6-3af6-4d61-a74b-eaa96705e1f2 0.245s
2025-04-16 23:41:30.519 69696 INFO tempest.common.waiters [-] State transition "BUILD/None" ==> "BUILD/networking" after 77 second wait
2025-04-16 23:41:30.527 69729 INFO tempest.lib.common.rest_client [req-5cd2185e-be38-4faf-bd92-6a8710512fcc req-5cd2185e-be38-4faf-bd92-6a8710512fcc ] Request (KeyPairsNegativeTestJSON:test_create_keypair_with_duplicate_name): 409 POST http://10.180.1.21/compute/v2.1/os-keypairs 0.144s
2025-04-16 23:41:30.546 69729 INFO tempest.lib.common.rest_client [req-8671489d-25d4-433a-92d7-ab166e6ef9d8 req-8671489d-25d4-433a-92d7-ab166e6ef9d8 ] Request (KeyPairsNegativeTestJSON:test_create_keypair_with_duplicate_name): 202 DELETE http://10.180.1.21/compute/v2.1/os-keypairs/tempest-keypair-1673401094 0.018s
2025-04-16 23:41:30.556 69729 INFO tempest.lib.common.rest_client [req-354651e9-815f-4942-9201-d1c6d4ab490b req-354651e9-815f-4942-9201-d1c6d4ab490b ] Request (KeyPairsNegativeTestJSON:test_create_keypair_with_empty_name_string): 400 POST http://10.180.1.21/compute/v2.1/os-keypairs 0.008s
2025-04-16 23:41:30.592 69729 INFO tempest.lib.common.rest_client [req-906cd6f0-9723-46dd-baf4-7c030032f9a4 req-906cd6f0-9723-46dd-baf4-7c030032f9a4 ] Request (KeyPairsNegativeTestJSON:test_create_keypair_with_empty_public_key): 400 POST http://10.180.1.21/compute/v2.1/os-keypairs 0.034s
2025-04-16 23:41:30.604 69729 INFO tempest.lib.common.rest_client [req-9bed5449-006f-43fa-9a05-ca3a8cc88195 req-9bed5449-006f-43fa-9a05-ca3a8cc88195 ] Request (KeyPairsNegativeTestJSON:test_create_keypair_with_long_keynames): 400 POST http://10.180.1.21/compute/v2.1/os-keypairs 0.009s
2025-04-16 23:41:30.625 69686 INFO tempest.lib.common.rest_client [req-203b62a4-1e02-44da-a343-b622e172936c req-203b62a4-1e02-44da-a343-b622e172936c ] Request (ServerExternalEventsTest:test_create_server_external_events): 200 GET http://10.180.1.21/compute/v2.1/servers/3de0cb15-65d2-4896-abe4-6d6546a03341 0.207s
2025-04-16 23:41:30.643 69729 INFO tempest.lib.common.rest_client [req-51c20a48-3dfd-479d-9903-afb4b0c90450 req-51c20a48-3dfd-479d-9903-afb4b0c90450 ] Request (KeyPairsNegativeTestJSON:test_keypair_create_with_invalid_pub_key): 400 POST http://10.180.1.21/compute/v2.1/os-keypairs 0.037s
2025-04-16 23:41:30.661 69729 INFO tempest.lib.common.rest_client [req-0982c513-0633-4d5d-8999-f4a70ffee185 req-0982c513-0633-4d5d-8999-f4a70ffee185 ] Request (KeyPairsNegativeTestJSON:test_keypair_delete_nonexistent_key): 404 DELETE http://10.180.1.21/compute/v2.1/os-keypairs/tempest-keypair-non-existent-130706273 0.016s
2025-04-16 23:41:30.735 69702 INFO tempest.lib.common.rest_client [req-5f41b73a-5082-426b-9bb2-7ce4e6ea55b9 req-5f41b73a-5082-426b-9bb2-7ce4e6ea55b9 ] Request (ServersNegativeTestMultiTenantJSON:setUpClass): 200 GET http://10.180.1.21/compute/v2.1/servers/81f0f421-a960-4ce4-964d-86e334c66838 0.062s
2025-04-16 23:41:30.791 69729 INFO tempest.lib.common.rest_client [req-6fe874fb-0cbc-4c98-9cb5-e9d989b9e2fa req-6fe874fb-0cbc-4c98-9cb5-e9d989b9e2fa ] Request (KeyPairsNegativeTestJSON:tearDownClass): 204 DELETE http://10.180.1.21/identity/v3/users/ffc12924686a4ca79445a9017ff225f8 0.129s
2025-04-16 23:41:30.791 69729 INFO tempest.lib.common.dynamic_creds [-] Deleting project and security group for project: 0269990aa4b74c8783e2b6151bea2eaf
2025-04-16 23:41:30.796 69704 INFO tempest.lib.common.rest_client [req-48250f84-06f2-4599-a17e-d748b0ece67e req-48250f84-06f2-4599-a17e-d748b0ece67e ] Request (MigrationsAdminTest:test_resize_server_revert_deleted_flavor): 200 GET http://10.180.1.21/compute/v2.1/servers/db7108fa-22fd-466f-ba5b-0a33046105d4 0.058s
2025-04-16 23:41:30.806 69724 INFO tempest.lib.common.rest_client [req-a0a940d5-a575-4b5e-81f7-268611a0d34d req-a0a940d5-a575-4b5e-81f7-268611a0d34d ] Request (ServerShowV254Test:test_rebuild_server): 200 GET http://10.180.1.21/compute/v2.1/servers/886cc949-7105-4dd5-a7fc-7bbc0390595d 0.064s
2025-04-16 23:41:30.856 69729 INFO tempest.lib.common.rest_client [req-864e8f4a-b2d4-493f-9baa-7d2d95acdefa req-864e8f4a-b2d4-493f-9baa-7d2d95acdefa ] Request (KeyPairsNegativeTestJSON:tearDownClass): 201 POST http://10.180.1.21/identity/v3/auth/tokens 0.065s
2025-04-16 23:41:30.893 69706 INFO tempest.lib.common.rest_client [req-2a1a20c9-1f58-45f0-bb74-179a14bb0f38 req-2a1a20c9-1f58-45f0-bb74-179a14bb0f38 ] Request (ServersListShow2100Test:test_list_show_rebuild_update_server_2100): 200 GET http://10.180.1.21/compute/v2.1/servers/4500afcc-0f0a-4dd9-ab54-893acc7cedc7 0.071s
2025-04-16 23:41:30.900 69730 INFO tempest.lib.common.rest_client [req-9b4c2a68-6107-4a3b-8579-b303fd854722 req-9b4c2a68-6107-4a3b-8579-b303fd854722 ] Request (ServersListShow298Test:test_list_show_update_rebuild_server_298): 200 GET http://10.180.1.21/compute/v2.1/servers/52dd36de-05c4-482e-9df9-c117e8906b2b 0.078s
2025-04-16 23:41:30.955 69698 INFO tempest.lib.common.rest_client [req-118521fd-a400-4956-abf1-0ea1123d7edb req-118521fd-a400-4956-abf1-0ea1123d7edb ] Request (ServersTestMultiNic:test_verify_duplicate_network_nics): 200 GET http://10.180.1.21/compute/v2.1/servers/0c3e8051-8c92-4c49-ba19-f4f3bc00dbc1 0.093s
2025-04-16 23:41:30.958 69692 INFO tempest.lib.common.rest_client [req-32a38a3d-90ba-47a0-a612-21587100efb5 req-32a38a3d-90ba-47a0-a612-21587100efb5 ] Request (ImagesTestJSON:test_create_image_from_suspended_server): 200 GET http://10.180.1.21/compute/v2.1/servers/126b7d32-2031-47e5-8601-29ec76a05c6c 0.096s
2025-04-16 23:41:30.985 69736 INFO tempest.lib.common.rest_client [req-918d715a-b3f5-46d7-9512-9caa66d07324 req-918d715a-b3f5-46d7-9512-9caa66d07324 ] Request (ImagesOneServerTestJSON:test_create_image_specify_multibyte_character_image_name): 200 GET http://10.180.1.21/compute/v2.1/images/5965a726-7421-4f46-9741-8a07d0dc2cac 0.095s
2025-04-16 23:41:31.022 69690 INFO tempest.lib.common.rest_client [req-4a3581c4-e685-4ff1-8f03-d0236726b746 req-4a3581c4-e685-4ff1-8f03-d0236726b746 ] Request (ServersAdminNegativeTestJSON:test_migrate_server_invalid_state): 200 GET http://10.180.1.21/compute/v2.1/servers/39323cef-0de6-4c83-a359-4188bca9463e 0.123s
2025-04-16 23:41:31.056 69722 INFO tempest.lib.common.rest_client [req-53a8ceec-e627-47b3-a439-f52860fae666 req-53a8ceec-e627-47b3-a439-f52860fae666 ] Request (VolumesAssistedSnapshotsTest:_run_cleanups): 200 GET http://10.180.1.21/volume/v3/volumes/190d92ab-fa64-443b-86be-933c1dc79c68 0.032s
2025-04-16 23:41:31.060 69729 INFO tempest.lib.common.rest_client [req-684409f7-5c2f-457d-afa2-cd526775555b req-684409f7-5c2f-457d-afa2-cd526775555b ] Request (KeyPairsNegativeTestJSON:tearDownClass): 200 GET http://10.180.1.21:9696/networking/v2.0/security-groups?tenant_id=0269990aa4b74c8783e2b6151bea2eaf&name=default 0.204s
2025-04-16 23:41:31.066 69726 INFO tempest.lib.common.rest_client [req-3c90183a-237b-4825-aa14-9185dc431cb4 req-3c90183a-237b-4825-aa14-9185dc431cb4 ] Request (ImagesOneServerNegativeTestJSON:_run_cleanups): 200 GET http://10.180.1.21/compute/v2.1/servers/f6b3dab5-04f1-4db5-b4b2-74af69f5c966 0.115s
2025-04-16 23:41:31.148 69729 INFO tempest.lib.common.rest_client [req-153d92f6-c362-4674-8250-948f99f83630 req-153d92f6-c362-4674-8250-948f99f83630 ] Request (KeyPairsNegativeTestJSON:tearDownClass): 204 DELETE http://10.180.1.21:9696/networking/v2.0/security-groups/4ba966bc-dc98-432e-bbe5-75be6d47fd6d 0.087s
2025-04-16 23:41:31.171 69732 INFO tempest.lib.common.rest_client [req-a77614e5-aab4-4acd-93a2-828c197a7e0f req-a77614e5-aab4-4acd-93a2-828c197a7e0f ] Request (ListServerFiltersTestJSON:tearDownClass): 200 GET http://10.180.1.21/compute/v2.1/servers/ca27cd4c-aee5-4d9e-8c50-20c7a6fad03e 0.071s
2025-04-16 23:41:31.215 69718 INFO tempest.lib.common.rest_client [req-351db2ff-2d05-48ce-bd58-6d114ec5cd58 req-351db2ff-2d05-48ce-bd58-6d114ec5cd58 ] Request (AttachInterfacesTestJSON:test_create_list_show_delete_interfaces_by_fixed_ip): 200 GET http://10.180.1.21/compute/v2.1/servers/ba25f42e-945b-4884-9fca-fecf9a2d294c 0.165s
2025-04-16 23:41:31.227 69729 INFO tempest.lib.common.rest_client [req-bea3c1df-6539-498c-88b9-09780633350c req-bea3c1df-6539-498c-88b9-09780633350c ] Request (KeyPairsNegativeTestJSON:tearDownClass): 204 DELETE http://10.180.1.21/identity/v3/projects/0269990aa4b74c8783e2b6151bea2eaf 0.078s
2025-04-16 23:41:31.249 69712 INFO tempest.lib.common.rest_client [req-9c392358-a6ae-4761-a765-c9ce59bd7ea4 req-9c392358-a6ae-4761-a765-c9ce59bd7ea4 ] Request (DeleteServersAdminTestJSON:test_delete_server_while_in_error_state): 200 GET http://10.180.1.21/compute/v2.1/servers/d427aa83-edf4-44e5-a860-36e1184ea51f 0.132s
2025-04-16 23:41:31.276 69688 INFO tempest.lib.common.rest_client [req-36c90e0c-32e3-469d-996d-4eb9fa5ed227 req-36c90e0c-32e3-469d-996d-4eb9fa5ed227 ] Request (ServersTestFqdnHostnames:test_create_server_with_fqdn_name): 200 GET http://10.180.1.21/compute/v2.1/servers/bdcd53fc-2733-4e88-8e45-1dcf23f3609d 0.110s
2025-04-16 23:41:31.322 69729 INFO tempest.lib.common.rest_client [req-73a3f586-8bd1-4a82-bd71-ffbaf56c2700 req-73a3f586-8bd1-4a82-bd71-ffbaf56c2700 ] Request (ServerRescueNegativeTestJSON:setUpClass): 201 POST http://10.180.1.21/identity/v3/auth/tokens 0.093s
2025-04-16 23:41:31.326 69720 INFO tempest.lib.common.rest_client [req-b93a35ba-1e8b-4968-b19c-347faa75ea75 req-b93a35ba-1e8b-4968-b19c-347faa75ea75 ] Request (AttachInterfacesV270Test:tearDownClass): 200 GET http://10.180.1.21/compute/v2.1/servers/b19f9838-1483-4324-9039-92cf6737f88e 0.144s
2025-04-16 23:41:31.344 69709 INFO tempest.lib.common.rest_client [req-bdb043cd-7f3e-4155-b092-af87bef3e08a req-bdb043cd-7f3e-4155-b092-af87bef3e08a ] Request (ListServersNegativeTestJSON:setUpClass): 200 GET http://10.180.1.21/compute/v2.1/servers/fabfc95e-0186-4a67-9d10-61eeb2e56640 0.105s
2025-04-16 23:41:31.358 69729 INFO tempest.lib.common.rest_client [req-e76abe46-5530-45bf-a9eb-a8d105de8c16 req-e76abe46-5530-45bf-a9eb-a8d105de8c16 ] Request (ServerRescueNegativeTestJSON:setUpClass): 201 POST http://10.180.1.21/identity/v3/auth/tokens 0.031s
2025-04-16 23:41:31.384 69714 INFO tempest.lib.common.rest_client [req-7c3f63ba-5465-4760-9f10-420fd46765a2 req-7c3f63ba-5465-4760-9f10-420fd46765a2 ] Request (ServersTestJSON:test_create_server_with_ipv6_addr_only): 200 GET http://10.180.1.21/compute/v2.1/servers/5cff61ed-95d2-4d54-b1ad-1afeee2641fb 0.083s
2025-04-16 23:41:31.389 69729 INFO tempest.lib.common.rest_client [req-5d31a3c7-6f66-406c-a6b4-2010dc6e2199 req-5d31a3c7-6f66-406c-a6b4-2010dc6e2199 ] Request (ServerRescueNegativeTestJSON:setUpClass): 200 GET http://10.180.1.21/identity/v3/domains?name=Default 0.031s
2025-04-16 23:41:31.402 69746 INFO tempest.lib.common.rest_client [req-04b9be33-c806-42dd-a8bb-f0120a918117 req-04b9be33-c806-42dd-a8bb-f0120a918117 ] Request (FloatingIPsAssociationTestJSON:test_associate_already_associated_floating_ip): 200 GET http://10.180.1.21/compute/v2.1/servers/c39e4547-8e68-48d8-905b-520f917aa763 0.102s
2025-04-16 23:41:31.424 69729 INFO tempest.lib.common.rest_client [req-e0ed3cec-b046-4513-9685-2325b581f5be req-e0ed3cec-b046-4513-9685-2325b581f5be ] Request (ServerRescueNegativeTestJSON:setUpClass): 201 POST http://10.180.1.21/identity/v3/projects 0.034s
2025-04-16 23:41:31.446 69739 INFO tempest.lib.common.rest_client [req-0493a708-96f0-44bb-8afe-db8d3a454bc3 req-0493a708-96f0-44bb-8afe-db8d3a454bc3 ] Request (ServerActionsTestOtherA:setUpClass): 200 GET http://10.180.1.21/compute/v2.1/servers/54494c65-4118-4c3d-8af2-cd772b783e1f 0.090s
2025-04-16 23:41:31.468 69740 INFO tempest.lib.common.rest_client [req-de84fd02-0ba8-428d-9002-51148775bf91 req-de84fd02-0ba8-428d-9002-51148775bf91 ] Request (ServersAdminTestJSON:test_inject_network_info): 200 GET http://10.180.1.21/compute/v2.1/servers/43f0d345-d519-4ab3-80a9-4af262e02c5e 0.102s
2025-04-16 23:41:31.508 69729 INFO tempest.lib.common.rest_client [req-fbee7479-3cd3-48ff-8b8b-64339bc28a4d req-fbee7479-3cd3-48ff-8b8b-64339bc28a4d ] Request (ServerRescueNegativeTestJSON:setUpClass): 201 POST http://10.180.1.21/identity/v3/users 0.082s
2025-04-16 23:41:31.515 69684 INFO tempest.lib.common.rest_client [req-f4d5f151-e630-4a53-8cda-583e71f34a00 req-f4d5f151-e630-4a53-8cda-583e71f34a00 ] Request (ServersTestManualDisk:tearDownClass): 200 GET http://10.180.1.21/compute/v2.1/servers/f5243452-580d-4894-8402-66c53ea540c4 0.072s
2025-04-16 23:41:31.549 69729 INFO tempest.lib.common.rest_client [req-9d15e4d0-b7c4-4a75-b894-8881d34f779d req-9d15e4d0-b7c4-4a75-b894-8881d34f779d ] Request (ServerRescueNegativeTestJSON:setUpClass): 200 GET http://10.180.1.21/identity/v3/roles 0.041s
2025-04-16 23:41:31.566 69700 INFO tempest.lib.common.rest_client [req-47b5fa50-0e0c-4bde-9289-2ace5a0060fc req-47b5fa50-0e0c-4bde-9289-2ace5a0060fc ] Request (ServerActionsTestOtherB:setUpClass): 200 GET http://10.180.1.21/compute/v2.1/servers/07629f5e-e1b1-4aab-b422-8924b572449b 0.062s
2025-04-16 23:41:31.585 69729 INFO tempest.lib.common.rest_client [req-ed0e06c7-90fc-49a0-bf4f-d10f25502f94 req-ed0e06c7-90fc-49a0-bf4f-d10f25502f94 ] Request (ServerRescueNegativeTestJSON:setUpClass): 204 PUT http://10.180.1.21/identity/v3/projects/0262e671388f4a19a7414827f058739e/users/3cd0dee5b0564a01944b95792d2e3712/roles/db2d86fcd64841d59789ff79397c4994 0.035s
2025-04-16 23:41:31.585 69729 INFO tempest.lib.common.dynamic_creds [-] Dynamic test user 3cd0dee5b0564a01944b95792d2e3712 is created with scope project and roles: ['member']
2025-04-16 23:41:31.585 69729 INFO tempest.lib.common.dynamic_creds [-] Acquired dynamic creds: credentials: Credentials: {'domain_id': 'default', 'domain_name': 'Default', 'username': 'tempest-ServerRescueNegativeTestJSON-1118501628-project-member', 'project_domain_id': 'default', 'project_domain_name': 'Default', 'project_id': '0262e671388f4a19a7414827f058739e', 'project_name': 'tempest-ServerRescueNegativeTestJSON-1118501628', 'tenant_id': '0262e671388f4a19a7414827f058739e', 'tenant_name': 'tempest-ServerRescueNegativeTestJSON-1118501628', 'user_domain_id': 'default', 'user_domain_name': 'Default', 'user_id': '3cd0dee5b0564a01944b95792d2e3712', 'system': None}, Network: None, Subnet: None, Router: None
2025-04-16 23:41:31.634 69696 INFO tempest.lib.common.rest_client [req-0ad0fcb1-ac23-43b1-a239-b54735071523 req-0ad0fcb1-ac23-43b1-a239-b54735071523 ] Request (ServerDiskConfigTestJSON:test_rebuild_server_with_auto_disk_config): 200 GET http://10.180.1.21/compute/v2.1/servers/b2fdbbb6-3af6-4d61-a74b-eaa96705e1f2 0.114s
2025-04-16 23:41:31.641 69696 INFO tempest.common.waiters [-] State transition "BUILD/networking" ==> "BUILD/spawning" after 78 second wait
2025-04-16 23:41:31.645 69729 INFO tempest.lib.common.rest_client [req-3380eda9-4cbc-4e23-bdc9-6f3cac8bd28d req-3380eda9-4cbc-4e23-bdc9-6f3cac8bd28d ] Request (ServerRescueNegativeTestJSON:setUpClass): 201 POST http://10.180.1.21/identity/v3/auth/tokens 0.060s
2025-04-16 23:41:31.823 69702 INFO tempest.lib.common.rest_client [req-9194cade-e8ff-4e3e-ab23-f486d3a65560 req-9194cade-e8ff-4e3e-ab23-f486d3a65560 ] Request (ServersNegativeTestMultiTenantJSON:setUpClass): 200 GET http://10.180.1.21/compute/v2.1/servers/81f0f421-a960-4ce4-964d-86e334c66838 0.072s
2025-04-16 23:41:31.836 69686 INFO tempest.lib.common.rest_client [req-bf267ac4-0b6a-4700-9fe8-f160efa7d917 req-bf267ac4-0b6a-4700-9fe8-f160efa7d917 ] Request (ServerExternalEventsTest:test_create_server_external_events): 200 GET http://10.180.1.21/compute/v2.1/servers/3de0cb15-65d2-4896-abe4-6d6546a03341 0.202s
2025-04-16 23:41:31.876 69704 INFO tempest.lib.common.rest_client [req-afb155c8-4d98-40c0-bb11-6620b8f72311 req-afb155c8-4d98-40c0-bb11-6620b8f72311 ] Request (MigrationsAdminTest:test_resize_server_revert_deleted_flavor): 200 GET http://10.180.1.21/compute/v2.1/servers/db7108fa-22fd-466f-ba5b-0a33046105d4 0.071s
