2025-04-16 23:39:12.880 69722 INFO tempest.lib.common.rest_client [req-62bd5edd-c55c-4f10-8cf8-0c824018f8ba req-62bd5edd-c55c-4f10-8cf8-0c824018f8ba ] Request (VolumesAssistedSnapshotsTest:setUpClass): 201 POST http://10.180.1.21:9696/networking/v2.0/subnets 0.257s
2025-04-16 23:39:12.904 69734 INFO tempest.lib.common.rest_client [req-73a95e53-37ee-4318-9971-6d93920af168 req-73a95e53-37ee-4318-9971-6d93920af168 ] Request (ListImageFiltersNegativeTestJSON:setUpClass): 201 POST http://10.180.1.21/identity/v3/auth/tokens 0.810s
2025-04-16 23:39:12.910 69692 INFO tempest.lib.common.rest_client [req-cc8f4d75-b108-43fd-8393-12dbcd7b6afe req-cc8f4d75-b108-43fd-8393-12dbcd7b6afe ] Request (AggregatesAdminNegativeTestJSON:tearDownClass): 200 GET http://10.180.1.21:9696/networking/v2.0/security-groups?tenant_id=0837552bec254019bbba9c051fb327fa&name=default 0.944s
2025-04-16 23:39:12.946 69742 INFO tempest.lib.common.rest_client [req-3c99cdd1-af53-45c9-a49d-865bcbc25e3b req-3c99cdd1-af53-45c9-a49d-865bcbc25e3b ] Request (ServersWithSpecificFlavorTestJSON:setUpClass): 201 POST http://10.180.1.21/identity/v3/auth/tokens 0.793s
2025-04-16 23:39:12.953 69696 INFO tempest.lib.common.rest_client [req-f9840f09-7b12-4c80-aa37-d176de7ccf17 req-f9840f09-7b12-4c80-aa37-d176de7ccf17 ] Request (FloatingIPsNegativeTestJSON:setUpClass): 200 PUT http://10.180.1.21:9696/networking/v2.0/routers/15d1e053-b4c2-478d-aea9-c77d2bd209d8/add_router_interface 1.843s
2025-04-16 23:39:12.953 69696 INFO tempest.lib.common.dynamic_creds [-] Created isolated network resources for: credentials: Credentials: {'domain_id': 'default', 'domain_name': 'Default', 'username': 'tempest-FloatingIPsNegativeTestJSON-1596518247-project-member', 'project_domain_id': 'default', 'project_domain_name': 'Default', 'project_id': '0609ef4fb4e24d63b38830d84648ed18', 'project_name': 'tempest-FloatingIPsNegativeTestJSON-1596518247', 'tenant_id': '0609ef4fb4e24d63b38830d84648ed18', 'tenant_name': 'tempest-FloatingIPsNegativeTestJSON-1596518247', 'user_domain_id': 'default', 'user_domain_name': 'Default', 'user_id': '22e62355046d4d3ab6c85d5cc312244e', 'system': None}, Network: {'id': 'ac82bd3d-25f7-497a-a4ee-759646918514', 'name': 'tempest-FloatingIPsNegativeTestJSON-599671186-network', 'tenant_id': '0609ef4fb4e24d63b38830d84648ed18', 'admin_state_up': True, 'mtu': 8950, 'status': 'ACTIVE', 'subnets': [], 'shared': False, 'project_id': '0609ef4fb4e24d63b38830d84648ed18', 'port_security_enabled': True, 'router:external': False, 'provider:network_type': 'vlan', 'provider:physical_network': 'default', 'provider:segmentation_id': 97, 'availability_zone_hints': [], 'availability_zones': [], 'ipv4_address_scope': None, 'ipv6_address_scope': None, 'description': '', 'tags': [], 'created_at': '2025-04-16T23:39:09Z', 'updated_at': '2025-04-16T23:39:09Z', 'revision_number': 1}, Subnet: {'id': 'c8280899-4cb9-42a5-8b60-287bfa21877a', 'name': 'tempest-FloatingIPsNegativeTestJSON-599671186-subnet', 'tenant_id': '0609ef4fb4e24d63b38830d84648ed18', 'network_id': 'ac82bd3d-25f7-497a-a4ee-759646918514', 'ip_version': 4, 'subnetpool_id': None, 'enable_dhcp': True, 'ipv6_ra_mode': None, 'ipv6_address_mode': None, 'gateway_ip': '192.168.128.1', 'cidr': '192.168.128.0/28', 'allocation_pools': [{'start': '192.168.128.2', 'end': '192.168.128.14'}], 'host_routes': [], 'dns_nameservers': [], 'description': '', 'router:external': False, 'service_types': [], 'tags': [], 'created_at': '2025-04-16T23:39:09Z', 'updated_at': '2025-04-16T23:39:09Z', 'revision_number': 0, 'project_id': '0609ef4fb4e24d63b38830d84648ed18'}, Router: {'id': '15d1e053-b4c2-478d-aea9-c77d2bd209d8', 'name': 'tempest-FloatingIPsNegativeTestJSON-599671186-router', 'tenant_id': '0609ef4fb4e24d63b38830d84648ed18', 'admin_state_up': True, 'status': 'ACTIVE', 'external_gateway_info': {'network_id': 'e86a1172-7bc2-4c82-8f36-86413d166d45', 'external_fixed_ips': [{'subnet_id': 'e9babbed-aafe-42a6-8944-5dd034e64416', 'ip_address': '10.180.180.234'}], 'enable_snat': True}, 'description': '', 'availability_zones': [], 'distributed': False, 'ha': False, 'availability_zone_hints': [], 'routes': [], 'flavor_id': None, 'tags': [], 'created_at': '2025-04-16T23:39:10Z', 'updated_at': '2025-04-16T23:39:10Z', 'revision_number': 2, 'project_id': '0609ef4fb4e24d63b38830d84648ed18'}
2025-04-16 23:39:12.971 69706 INFO tempest.lib.common.rest_client [req-05cf911e-a0d5-4a9f-a612-680e407c5e61 req-05cf911e-a0d5-4a9f-a612-680e407c5e61 ] Request (InstanceUsageAuditLogTestJSON:setUpClass): 201 POST http://10.180.1.21/identity/v3/projects 0.793s
2025-04-16 23:39:12.971 69730 INFO tempest.lib.common.rest_client [req-aa72b21f-771c-4aa7-91c9-b6d944036e28 req-aa72b21f-771c-4aa7-91c9-b6d944036e28 ] Request (ServicesAdminNegativeV253TestJSON:setUpClass): 204 PUT http://10.180.1.21/identity/v3/projects/e7c670ff8fc244438205e092f7edc844/users/ec9902a1b60b43d2a97cf3e4a4f83e90/roles/109eda69c16047ba9faece8810e38049 0.767s
2025-04-16 23:39:12.972 69730 INFO tempest.lib.common.dynamic_creds [-] Dynamic test user ec9902a1b60b43d2a97cf3e4a4f83e90 is created with scope project and roles: ['admin']
2025-04-16 23:39:12.972 69730 INFO tempest.lib.common.dynamic_creds [-] Acquired dynamic creds: credentials: Credentials: {'domain_id': 'default', 'domain_name': 'Default', 'username': 'tempest-ServicesAdminNegativeV253TestJSON-1620552727-project-admin', 'project_domain_id': 'default', 'project_domain_name': 'Default', 'project_id': 'e7c670ff8fc244438205e092f7edc844', 'project_name': 'tempest-ServicesAdminNegativeV253TestJSON-1620552727', 'tenant_id': 'e7c670ff8fc244438205e092f7edc844', 'tenant_name': 'tempest-ServicesAdminNegativeV253TestJSON-1620552727', 'user_domain_id': 'default', 'user_domain_name': 'Default', 'user_id': 'ec9902a1b60b43d2a97cf3e4a4f83e90', 'system': None}, Network: None, Subnet: None, Router: None
2025-04-16 23:39:12.972 69730 INFO tempest.lib.common.dynamic_creds [-] Created isolated network resources for: credentials: Credentials: {'domain_id': 'default', 'domain_name': 'Default', 'username': 'tempest-ServicesAdminNegativeV253TestJSON-1620552727-project-admin', 'project_domain_id': 'default', 'project_domain_name': 'Default', 'project_id': 'e7c670ff8fc244438205e092f7edc844', 'project_name': 'tempest-ServicesAdminNegativeV253TestJSON-1620552727', 'tenant_id': 'e7c670ff8fc244438205e092f7edc844', 'tenant_name': 'tempest-ServicesAdminNegativeV253TestJSON-1620552727', 'user_domain_id': 'default', 'user_domain_name': 'Default', 'user_id': 'ec9902a1b60b43d2a97cf3e4a4f83e90', 'system': None}, Network: None, Subnet: None, Router: None
2025-04-16 23:39:13.050 69732 INFO tempest.lib.common.rest_client [req-8029efe7-02c7-429d-b56b-34c1e54ec32b req-8029efe7-02c7-429d-b56b-34c1e54ec32b ] Request (QuotasAdminTestV236:setUpClass): 204 PUT http://10.180.1.21/identity/v3/projects/4964323ef0c64b11929b10e0e0d3f98f/users/bf29a18a6dc348589f35c562f1633604/roles/109eda69c16047ba9faece8810e38049 0.838s
2025-04-16 23:39:13.050 69732 INFO tempest.lib.common.dynamic_creds [-] Dynamic test user bf29a18a6dc348589f35c562f1633604 is created with scope project and roles: ['admin']
2025-04-16 23:39:13.050 69732 INFO tempest.lib.common.dynamic_creds [-] Acquired dynamic creds: credentials: Credentials: {'domain_id': 'default', 'domain_name': 'Default', 'username': 'tempest-QuotasAdminTestV236-714035054-project-admin', 'project_domain_id': 'default', 'project_domain_name': 'Default', 'project_id': '4964323ef0c64b11929b10e0e0d3f98f', 'project_name': 'tempest-QuotasAdminTestV236-714035054', 'tenant_id': '4964323ef0c64b11929b10e0e0d3f98f', 'tenant_name': 'tempest-QuotasAdminTestV236-714035054', 'user_domain_id': 'default', 'user_domain_name': 'Default', 'user_id': 'bf29a18a6dc348589f35c562f1633604', 'system': None}, Network: None, Subnet: None, Router: None
2025-04-16 23:39:13.050 69732 INFO tempest.lib.common.dynamic_creds [-] Created isolated network resources for: credentials: Credentials: {'domain_id': 'default', 'domain_name': 'Default', 'username': 'tempest-QuotasAdminTestV236-714035054-project-admin', 'project_domain_id': 'default', 'project_domain_name': 'Default', 'project_id': '4964323ef0c64b11929b10e0e0d3f98f', 'project_name': 'tempest-QuotasAdminTestV236-714035054', 'tenant_id': '4964323ef0c64b11929b10e0e0d3f98f', 'tenant_name': 'tempest-QuotasAdminTestV236-714035054', 'user_domain_id': 'default', 'user_domain_name': 'Default', 'user_id': 'bf29a18a6dc348589f35c562f1633604', 'system': None}, Network: None, Subnet: None, Router: None
2025-04-16 23:39:13.059 69686 INFO tempest.lib.common.rest_client [req-42aabdbb-447a-4f58-8e9e-4c790d86e4af req-42aabdbb-447a-4f58-8e9e-4c790d86e4af ] Request (FlavorsAccessNegativeTestJSON:setUpClass): 201 POST http://10.180.1.21/identity/v3/auth/tokens 0.828s
2025-04-16 23:39:13.104 69714 INFO tempest.lib.common.rest_client [req-ce374c3d-0415-42aa-ae27-9b3804a7e228 req-ce374c3d-0415-42aa-ae27-9b3804a7e228 ] Request (HypervisorAdminV253TestBase:setUpClass): 204 PUT http://10.180.1.21/identity/v3/projects/ac2f49d74808425c8fa4018dc9a62a1b/users/ddb43e73a4d2444eade96275062f5d61/roles/109eda69c16047ba9faece8810e38049 0.868s
2025-04-16 23:39:13.105 69714 INFO tempest.lib.common.dynamic_creds [-] Dynamic test user ddb43e73a4d2444eade96275062f5d61 is created with scope project and roles: ['admin']
2025-04-16 23:39:13.105 69714 INFO tempest.lib.common.dynamic_creds [-] Acquired dynamic creds: credentials: Credentials: {'domain_id': 'default', 'domain_name': 'Default', 'username': 'tempest-HypervisorAdminV253TestBase-1677981375-project-admin', 'project_domain_id': 'default', 'project_domain_name': 'Default', 'project_id': 'ac2f49d74808425c8fa4018dc9a62a1b', 'project_name': 'tempest-HypervisorAdminV253TestBase-1677981375', 'tenant_id': 'ac2f49d74808425c8fa4018dc9a62a1b', 'tenant_name': 'tempest-HypervisorAdminV253TestBase-1677981375', 'user_domain_id': 'default', 'user_domain_name': 'Default', 'user_id': 'ddb43e73a4d2444eade96275062f5d61', 'system': None}, Network: None, Subnet: None, Router: None
2025-04-16 23:39:13.105 69714 INFO tempest.lib.common.dynamic_creds [-] Created isolated network resources for: credentials: Credentials: {'domain_id': 'default', 'domain_name': 'Default', 'username': 'tempest-HypervisorAdminV253TestBase-1677981375-project-admin', 'project_domain_id': 'default', 'project_domain_name': 'Default', 'project_id': 'ac2f49d74808425c8fa4018dc9a62a1b', 'project_name': 'tempest-HypervisorAdminV253TestBase-1677981375', 'tenant_id': 'ac2f49d74808425c8fa4018dc9a62a1b', 'tenant_name': 'tempest-HypervisorAdminV253TestBase-1677981375', 'user_domain_id': 'default', 'user_domain_name': 'Default', 'user_id': 'ddb43e73a4d2444eade96275062f5d61', 'system': None}, Network: None, Subnet: None, Router: None
2025-04-16 23:39:13.142 69692 INFO tempest.lib.common.rest_client [req-15a5feb9-019b-4561-93bd-48786522ebd9 req-15a5feb9-019b-4561-93bd-48786522ebd9 ] Request (AggregatesAdminNegativeTestJSON:tearDownClass): 204 DELETE http://10.180.1.21:9696/networking/v2.0/security-groups/b6ae60d2-adc0-431d-a9bc-7afb67386c25 0.232s
2025-04-16 23:39:13.160 69709 INFO tempest.lib.common.rest_client [req-59505182-0564-4d14-bfcb-3944ea0d69a7 req-59505182-0564-4d14-bfcb-3944ea0d69a7 ] Request (QuotasAdminTestJSON:setUpClass): 201 POST http://10.180.1.21/identity/v3/auth/tokens 0.861s
2025-04-16 23:39:13.162 69709 WARNING tempest.lib.common.rest_client [-] Deprecated: "tenant_id" property is deprecated for removal, use "project_id" instead
2025-04-16 23:39:13.169 69740 INFO tempest.lib.common.rest_client [req-994f7006-3ec2-4661-9aaf-572505735243 req-994f7006-3ec2-4661-9aaf-572505735243 ] Request (ServersAdminTestJSON:setUpClass): 201 POST http://10.180.1.21/identity/v3/auth/tokens 0.851s
2025-04-16 23:39:13.227 69724 INFO tempest.lib.common.rest_client [req-76e30aa2-a2fb-4320-ac12-7e6ef4df2aba req-76e30aa2-a2fb-4320-ac12-7e6ef4df2aba ] Request (KeyPairsV22TestJSON:tearDownClass): 201 POST http://10.180.1.21/identity/v3/auth/tokens 0.903s
2025-04-16 23:39:13.235 69702 INFO tempest.lib.common.rest_client [req-974809df-5412-41e3-871a-1f7d2a6a3652 req-974809df-5412-41e3-871a-1f7d2a6a3652 ] Request (FlavorMetadataValidation:setUpClass): 201 POST http://10.180.1.21/identity/v3/auth/tokens 0.853s
2025-04-16 23:39:13.290 69694 INFO tempest.lib.common.rest_client [req-8c571b43-9dda-4f93-bfe1-80cfac63cd7c req-8c571b43-9dda-4f93-bfe1-80cfac63cd7c ] Request (ServersAdmin275Test:test_rebuild_update_server_275): 201 POST http://10.180.1.21/identity/v3/auth/tokens 0.890s
2025-04-16 23:39:13.290 69694 INFO tempest.lib.common.fixed_network [-] (ServersAdmin275Test:test_rebuild_update_server_275) Found network None available for tenant
2025-04-16 23:39:13.307 69710 INFO tempest.lib.common.rest_client [req-0b77ce0d-770e-470e-95ca-9cfc46dc50d7 req-0b77ce0d-770e-470e-95ca-9cfc46dc50d7 ] Request (FlavorsV255TestJSON:setUpClass): 201 POST http://10.180.1.21/identity/v3/auth/tokens 0.878s
2025-04-16 23:39:13.334 69698 INFO tempest.lib.common.rest_client [req-147e8dc1-eaee-4ca7-837f-89d945544872 req-147e8dc1-eaee-4ca7-837f-89d945544872 ] Request (ServersTestJSON:setUpClass): 200 PUT http://10.180.1.21:9696/networking/v2.0/routers/725159d5-418f-4213-b1ed-b40ea661715a/add_router_interface 2.301s
2025-04-16 23:39:13.334 69698 INFO tempest.lib.common.dynamic_creds [-] Created isolated network resources for: credentials: Credentials: {'domain_id': 'default', 'domain_name': 'Default', 'username': 'tempest-ServersTestJSON-737576159-project-member', 'project_domain_id': 'default', 'project_domain_name': 'Default', 'project_id': 'f8d81df0231e4567b65284ee1c09793a', 'project_name': 'tempest-ServersTestJSON-737576159', 'tenant_id': 'f8d81df0231e4567b65284ee1c09793a', 'tenant_name': 'tempest-ServersTestJSON-737576159', 'user_domain_id': 'default', 'user_domain_name': 'Default', 'user_id': 'e8d2ad38cda94953bdd5d8485a59b86f', 'system': None}, Network: {'id': 'fc59f5bf-aa4e-44a1-b02b-70e29ded7b53', 'name': 'tempest-ServersTestJSON-2118963478-network', 'tenant_id': 'f8d81df0231e4567b65284ee1c09793a', 'admin_state_up': True, 'mtu': 8950, 'status': 'ACTIVE', 'subnets': [], 'shared': False, 'project_id': 'f8d81df0231e4567b65284ee1c09793a', 'port_security_enabled': True, 'router:external': False, 'provider:network_type': 'vlan', 'provider:physical_network': 'default', 'provider:segmentation_id': 88, 'availability_zone_hints': [], 'availability_zones': [], 'ipv4_address_scope': None, 'ipv6_address_scope': None, 'description': '', 'tags': [], 'created_at': '2025-04-16T23:39:08Z', 'updated_at': '2025-04-16T23:39:08Z', 'revision_number': 1}, Subnet: {'id': 'bdc04e8d-404d-4a56-ba60-621991928a73', 'name': 'tempest-ServersTestJSON-2118963478-subnet', 'tenant_id': 'f8d81df0231e4567b65284ee1c09793a', 'network_id': 'fc59f5bf-aa4e-44a1-b02b-70e29ded7b53', 'ip_version': 4, 'subnetpool_id': None, 'enable_dhcp': True, 'ipv6_ra_mode': None, 'ipv6_address_mode': None, 'gateway_ip': '192.168.128.1', 'cidr': '192.168.128.0/28', 'allocation_pools': [{'start': '192.168.128.2', 'end': '192.168.128.14'}], 'host_routes': [], 'dns_nameservers': [], 'description': '', 'router:external': False, 'service_types': [], 'tags': [], 'created_at': '2025-04-16T23:39:08Z', 'updated_at': '2025-04-16T23:39:08Z', 'revision_number': 0, 'project_id': 'f8d81df0231e4567b65284ee1c09793a'}, Router: {'id': '725159d5-418f-4213-b1ed-b40ea661715a', 'name': 'tempest-ServersTestJSON-2118963478-router', 'tenant_id': 'f8d81df0231e4567b65284ee1c09793a', 'admin_state_up': True, 'status': 'ACTIVE', 'external_gateway_info': {'network_id': 'e86a1172-7bc2-4c82-8f36-86413d166d45', 'external_fixed_ips': [{'subnet_id': 'e9babbed-aafe-42a6-8944-5dd034e64416', 'ip_address': '10.180.180.171'}], 'enable_snat': True}, 'description': '', 'availability_zones': [], 'distributed': False, 'ha': False, 'availability_zone_hints': [], 'routes': [], 'flavor_id': None, 'tags': [], 'created_at': '2025-04-16T23:39:09Z', 'updated_at': '2025-04-16T23:39:10Z', 'revision_number': 2, 'project_id': 'f8d81df0231e4567b65284ee1c09793a'}
2025-04-16 23:39:13.362 69718 INFO tempest.lib.common.rest_client [req-6d5db750-ae95-45b0-8f64-799f4dad3af7 req-6d5db750-ae95-45b0-8f64-799f4dad3af7 ] Request (FlavorsV261TestJSON:tearDownClass): 204 DELETE http://10.180.1.21/identity/v3/projects/09d5bbd245b545beb5bc142004b9449a 0.891s
2025-04-16 23:39:13.363 69718 INFO tempest.lib.common.dynamic_creds [-] Deleting project and security group for project: a15bd181a7814c3a9872f488f3a736b0
2025-04-16 23:39:13.376 69744 INFO tempest.lib.common.rest_client [req-1de54288-d225-447f-81b9-e35d830feeb0 req-1de54288-d225-447f-81b9-e35d830feeb0 ] Request (HostsAdminNegativeTestJSON:tearDownClass): 204 DELETE http://10.180.1.21/identity/v3/users/e7fd3cdf34264ddab77ebda769d0ee6f 0.887s
2025-04-16 23:39:13.376 69744 INFO tempest.lib.common.dynamic_creds [-] Deleting project and security group for project: 4bce00e6841c41ebba0f7c348fa03801
2025-04-16 23:39:13.441 69684 INFO tempest.lib.common.rest_client [req-28f88a7e-8c8d-4a1d-8371-10b9d44819c4 req-28f88a7e-8c8d-4a1d-8371-10b9d44819c4 ] Request (AZAdminNegativeTestJSON:setUpClass): 201 POST http://10.180.1.21/identity/v3/auth/tokens 0.898s
2025-04-16 23:39:13.507 69726 INFO tempest.lib.common.rest_client [req-aa02535d-8b3f-4bad-b77d-e8ef34f10886 req-aa02535d-8b3f-4bad-b77d-e8ef34f10886 ] Request (ImagesOneServerNegativeTestJSON:setUpClass): 201 POST http://10.180.1.21/identity/v3/auth/tokens 0.924s
2025-04-16 23:39:13.516 69690 INFO tempest.lib.common.rest_client [req-6b07145a-5b69-4f81-989d-2ce8e56a5366 req-6b07145a-5b69-4f81-989d-2ce8e56a5366 ] Request (HostsAdminTestJSON:test_list_hosts): 200 GET http://10.180.1.21/compute/v2.1/os-hosts 1.020s
2025-04-16 23:39:13.534 69718 INFO tempest.lib.common.rest_client [req-a4bfa31d-6912-400f-b89c-02576d37ecac req-a4bfa31d-6912-400f-b89c-02576d37ecac ] Request (FlavorsV261TestJSON:tearDownClass): 200 GET http://10.180.1.21:9696/networking/v2.0/security-groups?tenant_id=a15bd181a7814c3a9872f488f3a736b0&name=default 0.171s
2025-04-16 23:39:13.555 69716 INFO tempest.lib.common.rest_client [req-7a70432f-75fd-411c-add7-d2b7e43bf3ca req-7a70432f-75fd-411c-add7-d2b7e43bf3ca ] Request (FlavorsAccessTestJSON:setUpClass): 201 POST http://10.180.1.21/identity/v3/auth/tokens 0.966s
2025-04-16 23:39:13.556 69716 WARNING tempest.lib.common.rest_client [-] Deprecated: "tenant_id" property is deprecated for removal, use "project_id" instead
2025-04-16 23:39:13.596 69729 INFO tempest.lib.common.rest_client [req-a9b58eb0-7ee4-4a5c-9bcc-47e55b5649e6 req-a9b58eb0-7ee4-4a5c-9bcc-47e55b5649e6 ] Request (ServicesAdminNegativeTestJSON:setUpClass): 201 POST http://10.180.1.21/identity/v3/auth/tokens 0.967s
2025-04-16 23:39:13.618 69739 INFO tempest.lib.common.rest_client [req-c500a9f5-c758-4487-bad8-d04ae0702008 req-c500a9f5-c758-4487-bad8-d04ae0702008 ] Request (HypervisorAdminUnderV252Test:setUpClass): 204 PUT http://10.180.1.21/identity/v3/projects/8bdeea85b81c4440b3f3077649a0a3a8/users/dd065ad9743747ed85cb73bf6e20a1ae/roles/109eda69c16047ba9faece8810e38049 0.908s
2025-04-16 23:39:13.618 69739 INFO tempest.lib.common.dynamic_creds [-] Dynamic test user dd065ad9743747ed85cb73bf6e20a1ae is created with scope project and roles: ['admin']
2025-04-16 23:39:13.618 69739 INFO tempest.lib.common.dynamic_creds [-] Acquired dynamic creds: credentials: Credentials: {'domain_id': 'default', 'domain_name': 'Default', 'username': 'tempest-HypervisorAdminUnderV252Test-1596029112-project-admin', 'project_domain_id': 'default', 'project_domain_name': 'Default', 'project_id': '8bdeea85b81c4440b3f3077649a0a3a8', 'project_name': 'tempest-HypervisorAdminUnderV252Test-1596029112', 'tenant_id': '8bdeea85b81c4440b3f3077649a0a3a8', 'tenant_name': 'tempest-HypervisorAdminUnderV252Test-1596029112', 'user_domain_id': 'default', 'user_domain_name': 'Default', 'user_id': 'dd065ad9743747ed85cb73bf6e20a1ae', 'system': None}, Network: None, Subnet: None, Router: None
2025-04-16 23:39:13.619 69739 INFO tempest.lib.common.dynamic_creds [-] Created isolated network resources for: credentials: Credentials: {'domain_id': 'default', 'domain_name': 'Default', 'username': 'tempest-HypervisorAdminUnderV252Test-1596029112-project-admin', 'project_domain_id': 'default', 'project_domain_name': 'Default', 'project_id': '8bdeea85b81c4440b3f3077649a0a3a8', 'project_name': 'tempest-HypervisorAdminUnderV252Test-1596029112', 'tenant_id': '8bdeea85b81c4440b3f3077649a0a3a8', 'tenant_name': 'tempest-HypervisorAdminUnderV252Test-1596029112', 'user_domain_id': 'default', 'user_domain_name': 'Default', 'user_id': 'dd065ad9743747ed85cb73bf6e20a1ae', 'system': None}, Network: None, Subnet: None, Router: None
2025-04-16 23:39:13.624 69718 INFO tempest.lib.common.rest_client [req-92e62420-4d40-46c8-8aa4-8036241eeb19 req-92e62420-4d40-46c8-8aa4-8036241eeb19 ] Request (FlavorsV261TestJSON:tearDownClass): 204 DELETE http://10.180.1.21:9696/networking/v2.0/security-groups/c493ca1b-4189-429f-af7f-759d4c9ec477 0.089s
2025-04-16 23:39:13.687 69700 INFO tempest.lib.common.rest_client [req-110977d0-fc7e-4bb8-8451-e4e73041f05a req-110977d0-fc7e-4bb8-8451-e4e73041f05a ] Request (HypervisorAdminV228Test:setUpClass): 201 POST http://10.180.1.21/identity/v3/auth/tokens 0.975s
2025-04-16 23:39:13.694 69746 INFO tempest.lib.common.rest_client [req-57618b10-f6bc-4384-9090-9a5fe1ea0e2d req-57618b10-f6bc-4384-9090-9a5fe1ea0e2d ] Request (HypervisorAdminNegativeUnderV252Test:setUpClass): 201 POST http://10.180.1.21/identity/v3/auth/tokens 0.927s
2025-04-16 23:39:13.757 69736 INFO tempest.lib.common.rest_client [req-25f4d0ce-10c2-4ed4-9989-5752e2b3d73f req-25f4d0ce-10c2-4ed4-9989-5752e2b3d73f ] Request (HypervisorAdminTestJSON:setUpClass): 201 POST http://10.180.1.21/identity/v3/auth/tokens 0.917s
2025-04-16 23:39:13.783 69712 INFO tempest.lib.common.rest_client [req-1e23caa6-4af0-4909-b0df-083bba99947d req-1e23caa6-4af0-4909-b0df-083bba99947d ] Request (DeleteServersAdminTestJSON:setUpClass): 201 POST http://10.180.1.21/identity/v3/auth/tokens 0.901s
2025-04-16 23:39:13.809 69734 INFO tempest.lib.common.rest_client [req-56dfc28e-a423-484a-a2dd-80b4ff668ce0 req-56dfc28e-a423-484a-a2dd-80b4ff668ce0 ] Request (ListImageFiltersNegativeTestJSON:setUpClass): 201 POST http://10.180.1.21/identity/v3/auth/tokens 0.901s
2025-04-16 23:39:13.855 69742 INFO tempest.lib.common.rest_client [req-1f931e39-4944-47af-9c75-346fdbb9a1ff req-1f931e39-4944-47af-9c75-346fdbb9a1ff ] Request (ServersWithSpecificFlavorTestJSON:setUpClass): 201 POST http://10.180.1.21/identity/v3/projects 0.904s
2025-04-16 23:39:13.923 69706 INFO tempest.lib.common.rest_client [req-db90cb53-b30a-4bb2-bb8c-b29284e95a4a req-db90cb53-b30a-4bb2-bb8c-b29284e95a4a ] Request (InstanceUsageAuditLogTestJSON:setUpClass): 201 POST http://10.180.1.21/identity/v3/users 0.951s
2025-04-16 23:39:13.938 69730 INFO tempest.lib.common.rest_client [req-1f75e076-b516-4f32-b55a-2206ea6cc377 req-1f75e076-b516-4f32-b55a-2206ea6cc377 ] Request (ServicesAdminNegativeV253TestJSON:setUpClass): 201 POST http://10.180.1.21/identity/v3/auth/tokens 0.963s
2025-04-16 23:39:13.963 69722 INFO tempest.lib.common.rest_client [req-26a4108d-6f6b-4dff-a86f-94111345f357 req-26a4108d-6f6b-4dff-a86f-94111345f357 ] Request (VolumesAssistedSnapshotsTest:setUpClass): 201 POST http://10.180.1.21:9696/networking/v2.0/routers 1.081s
2025-04-16 23:39:14.000 69696 INFO tempest.lib.common.rest_client [req-fd9eb4bf-2485-4690-81f3-c84967d2b68e req-fd9eb4bf-2485-4690-81f3-c84967d2b68e ] Request (FloatingIPsNegativeTestJSON:setUpClass): 201 POST http://10.180.1.21/identity/v3/auth/tokens 0.997s
2025-04-16 23:39:14.035 69686 INFO tempest.lib.common.rest_client [req-5fc62854-eca1-4c65-bf0d-ca691a75cd27 req-5fc62854-eca1-4c65-bf0d-ca691a75cd27 ] Request (FlavorsAccessNegativeTestJSON:setUpClass): 201 POST http://10.180.1.21/identity/v3/projects 0.975s
2025-04-16 23:39:14.036 69732 INFO tempest.lib.common.rest_client [req-30d08d4e-2408-4938-a2fe-db53de38c78c req-30d08d4e-2408-4938-a2fe-db53de38c78c ] Request (QuotasAdminTestV236:setUpClass): 201 POST http://10.180.1.21/identity/v3/auth/tokens 0.982s
2025-04-16 23:39:14.037 69732 WARNING tempest.lib.common.rest_client [-] Deprecated: "tenant_id" property is deprecated for removal, use "project_id" instead
2025-04-16 23:39:14.113 69714 INFO tempest.lib.common.rest_client [req-9aefb358-4be1-4316-9ca0-8a544f2a0be7 req-9aefb358-4be1-4316-9ca0-8a544f2a0be7 ] Request (HypervisorAdminV253TestBase:setUpClass): 201 POST http://10.180.1.21/identity/v3/auth/tokens 1.003s
2025-04-16 23:39:14.154 69692 INFO tempest.lib.common.rest_client [req-e32120fb-0126-4957-96d3-39f327861ff0 req-e32120fb-0126-4957-96d3-39f327861ff0 ] Request (AggregatesAdminNegativeTestJSON:tearDownClass): 204 DELETE http://10.180.1.21/identity/v3/projects/0837552bec254019bbba9c051fb327fa 1.012s
2025-04-16 23:39:14.155 69692 INFO tempest.lib.common.dynamic_creds [-] Deleting project and security group for project: b25650b947e34d9096f79c7b011b6173
2025-04-16 23:39:14.195 69740 INFO tempest.lib.common.rest_client [req-9e765102-6212-480f-8ee3-90dd80ec9625 req-9e765102-6212-480f-8ee3-90dd80ec9625 ] Request (ServersAdminTestJSON:setUpClass): 201 POST http://10.180.1.21/identity/v3/projects 1.025s
2025-04-16 23:39:14.259 69744 INFO tempest.lib.common.rest_client [req-20f2638b-a8c0-4080-8eba-21b844be4285 req-20f2638b-a8c0-4080-8eba-21b844be4285 ] Request (HostsAdminNegativeTestJSON:tearDownClass): 201 POST http://10.180.1.21/identity/v3/auth/tokens 0.883s
2025-04-16 23:39:14.305 69692 INFO tempest.lib.common.rest_client [req-1fa76e10-8a41-4c85-9bc8-ee0d95cdfed5 req-1fa76e10-8a41-4c85-9bc8-ee0d95cdfed5 ] Request (AggregatesAdminNegativeTestJSON:tearDownClass): 200 GET http://10.180.1.21:9696/networking/v2.0/security-groups?tenant_id=b25650b947e34d9096f79c7b011b6173&name=default 0.150s
2025-04-16 23:39:14.318 69698 INFO tempest.lib.common.rest_client [req-0b4c0043-43a1-4288-b019-17549537d0ef req-0b4c0043-43a1-4288-b019-17549537d0ef ] Request (ServersTestJSON:setUpClass): 201 POST http://10.180.1.21/identity/v3/auth/tokens 0.926s
2025-04-16 23:39:14.342 69726 INFO tempest.lib.common.rest_client [req-5e9218f0-22d6-46b5-932f-800cb48c8124 req-5e9218f0-22d6-46b5-932f-800cb48c8124 ] Request (ImagesOneServerNegativeTestJSON:setUpClass): 201 POST http://10.180.1.21/identity/v3/auth/tokens 0.828s
2025-04-16 23:39:14.342 69726 INFO tempest.lib.common.fixed_network [-] (ImagesOneServerNegativeTestJSON:setUpClass) Found network {'id': 'de3d234a-b9f1-4fe1-8bf9-5f5bfd332a74', 'name': 'tempest-ImagesOneServerNegativeTestJSON-113912166-network', 'tenant_id': '3e873b4597734ea887a2cb435c3ec45e', 'admin_state_up': True, 'mtu': 8950, 'status': 'ACTIVE', 'subnets': [], 'shared': False, 'project_id': '3e873b4597734ea887a2cb435c3ec45e', 'port_security_enabled': True, 'router:external': False, 'provider:network_type': 'vlan', 'provider:physical_network': 'default', 'provider:segmentation_id': 269, 'availability_zone_hints': [], 'availability_zones': [], 'ipv4_address_scope': None, 'ipv6_address_scope': None, 'description': '', 'tags': [], 'created_at': '2025-04-16T23:39:09Z', 'updated_at': '2025-04-16T23:39:09Z', 'revision_number': 1} available for tenant
2025-04-16 23:39:14.385 69692 INFO tempest.lib.common.rest_client [req-1ffa38a2-8873-4c3f-887f-eebad2366e12 req-1ffa38a2-8873-4c3f-887f-eebad2366e12 ] Request (AggregatesAdminNegativeTestJSON:tearDownClass): 204 DELETE http://10.180.1.21:9696/networking/v2.0/security-groups/8e3f2ad8-241e-498f-824c-2ccaa1052b63 0.079s
2025-04-16 23:39:14.412 69718 INFO tempest.lib.common.rest_client [req-aee4ecf8-abc5-4dbf-9dee-502a81b1d853 req-aee4ecf8-abc5-4dbf-9dee-502a81b1d853 ] Request (FlavorsV261TestJSON:tearDownClass): 204 DELETE http://10.180.1.21/identity/v3/projects/a15bd181a7814c3a9872f488f3a736b0 0.788s
2025-04-16 23:39:14.430 69688 INFO tempest.lib.common.rest_client [req-fb3432d1-49d1-453c-96a7-5e402f577f14 req-fb3432d1-49d1-453c-96a7-5e402f577f14 ] Request (TenantUsagesNegativeTestJSON:test_get_usage_tenant_with_empty_tenant_id): 404 GET http://10.180.1.21/compute/v2.1/os-simple-tenant-usage/?start=2025-04-15T23%3A39%3A12.685365&end=2025-04-17T23%3A39%3A12.685365 1.742s
2025-04-16 23:39:14.437 69688 WARNING tempest.lib.common.rest_client [-] Deprecated: "tenant_id" property is deprecated for removal, use "project_id" instead
2025-04-16 23:39:14.467 69724 INFO tempest.lib.common.rest_client [req-3ab378b1-205c-4cb9-bbc7-d7b0ab50465b req-3ab378b1-205c-4cb9-bbc7-d7b0ab50465b ] Request (KeyPairsV22TestJSON:tearDownClass): 200 GET http://10.180.1.21:9696/networking/v2.0/security-groups?tenant_id=d332169f5e7149a1b4589f5fbf4c3e7a&name=default 1.239s
2025-04-16 23:39:14.474 69712 INFO tempest.lib.common.rest_client [req-ff5f8039-135d-4aa1-8134-e57a1a72096f req-ff5f8039-135d-4aa1-8134-e57a1a72096f ] Request (DeleteServersAdminTestJSON:test_admin_delete_servers_of_others): 201 POST http://10.180.1.21/identity/v3/auth/tokens 0.686s
2025-04-16 23:39:14.475 69712 INFO tempest.lib.common.fixed_network [-] (DeleteServersAdminTestJSON:test_admin_delete_servers_of_others) Found network None available for tenant
2025-04-16 23:39:14.485 69739 INFO tempest.lib.common.rest_client [req-5ce50acb-365b-4ccd-bdd9-6a3fa53d009d req-5ce50acb-365b-4ccd-bdd9-6a3fa53d009d ] Request (HypervisorAdminUnderV252Test:setUpClass): 201 POST http://10.180.1.21/identity/v3/auth/tokens 0.865s
2025-04-16 23:39:14.526 69734 INFO tempest.lib.common.rest_client [req-bf350530-c2c1-4b2a-9f56-5cffefc36695 req-bf350530-c2c1-4b2a-9f56-5cffefc36695 ] Request (ListImageFiltersNegativeTestJSON:setUpClass): 200 GET http://10.180.1.21/identity/v3/domains?name=Default 0.717s
2025-04-16 23:39:14.548 69724 INFO tempest.lib.common.rest_client [req-997122c8-60d2-45d0-993e-63a0f4b90594 req-997122c8-60d2-45d0-993e-63a0f4b90594 ] Request (KeyPairsV22TestJSON:tearDownClass): 204 DELETE http://10.180.1.21:9696/networking/v2.0/security-groups/23a3d588-9716-4c2b-bc2d-3cace639f2fe 0.080s
2025-04-16 23:39:14.565 69742 INFO tempest.lib.common.rest_client [req-84fb6aeb-3fa8-4d37-aa05-61f72d7e908b req-84fb6aeb-3fa8-4d37-aa05-61f72d7e908b ] Request (ServersWithSpecificFlavorTestJSON:setUpClass): 201 POST http://10.180.1.21/identity/v3/users 0.709s
2025-04-16 23:39:14.596 69706 INFO tempest.lib.common.rest_client [req-5e94c16b-f3a3-4883-ba87-8563d417d065 req-5e94c16b-f3a3-4883-ba87-8563d417d065 ] Request (InstanceUsageAuditLogTestJSON:setUpClass): 200 GET http://10.180.1.21/identity/v3/roles 0.673s
2025-04-16 23:39:14.608 69686 INFO tempest.lib.common.rest_client [req-9606b7ee-5998-4bb5-92fe-a607d8867246 req-9606b7ee-5998-4bb5-92fe-a607d8867246 ] Request (FlavorsAccessNegativeTestJSON:setUpClass): 201 POST http://10.180.1.21/identity/v3/users 0.572s
2025-04-16 23:39:14.639 69740 INFO tempest.lib.common.rest_client [req-86e2f8d6-2ba0-40fe-bc65-96d9abb98ee4 req-86e2f8d6-2ba0-40fe-bc65-96d9abb98ee4 ] Request (ServersAdminTestJSON:setUpClass): 201 POST http://10.180.1.21/identity/v3/users 0.443s
2025-04-16 23:39:14.702 69692 INFO tempest.lib.common.rest_client [req-a06c6c41-21cc-4872-b6ec-41b99a51b6df req-a06c6c41-21cc-4872-b6ec-41b99a51b6df ] Request (AggregatesAdminNegativeTestJSON:tearDownClass): 204 DELETE http://10.180.1.21/identity/v3/projects/b25650b947e34d9096f79c7b011b6173 0.317s
2025-04-16 23:39:14.703 69692 INFO tempest.test [-] raised in UpdateMultiattachVolumeNegativeTest.setUpClass. Invoking tearDownClass.
2025-04-16 23:39:14.711 69718 INFO tempest.lib.common.rest_client [req-eac93fcb-4b5d-46f3-a3b3-681cf90fc7e4 req-eac93fcb-4b5d-46f3-a3b3-681cf90fc7e4 ] Request (InstanceUsageAuditLogNegativeTestJSON:setUpClass): 201 POST http://10.180.1.21/identity/v3/auth/tokens 0.298s
2025-04-16 23:39:14.743 69734 INFO tempest.lib.common.rest_client [req-58fb6130-d016-4d1f-9d44-495a45b8c14e req-58fb6130-d016-4d1f-9d44-495a45b8c14e ] Request (ListImageFiltersNegativeTestJSON:setUpClass): 201 POST http://10.180.1.21/identity/v3/projects 0.216s
2025-04-16 23:39:14.822 69724 INFO tempest.lib.common.rest_client [req-9b87b1bb-cac1-4457-ac9a-7a0072036853 req-9b87b1bb-cac1-4457-ac9a-7a0072036853 ] Request (KeyPairsV22TestJSON:tearDownClass): 204 DELETE http://10.180.1.21/identity/v3/projects/d332169f5e7149a1b4589f5fbf4c3e7a 0.274s
2025-04-16 23:39:14.849 69704 INFO tempest.lib.common.rest_client [req-8f5abd0d-c93a-457a-a2ec-1456eae7e1c1 req-8f5abd0d-c93a-457a-a2ec-1456eae7e1c1 ] Request (MigrationsAdminTest:test_list_migrations): 200 GET http://10.180.1.21/compute/v2.1/os-migrations 2.011s
2025-04-16 23:39:14.862 69720 INFO tempest.lib.common.rest_client [req-967adfb3-eb85-4ec6-ba84-7bd3999fe917 req-967adfb3-eb85-4ec6-ba84-7bd3999fe917 ] Request (AbsoluteLimitsNegativeTestJSON:test_max_metadata_exceed_limit): 403 POST http://10.180.1.21/compute/v2.1/servers 4.570s
2025-04-16 23:39:14.872 69742 INFO tempest.lib.common.rest_client [req-294c870b-462d-477f-bcce-e8573103d162 req-294c870b-462d-477f-bcce-e8573103d162 ] Request (ServersWithSpecificFlavorTestJSON:setUpClass): 200 GET http://10.180.1.21/identity/v3/roles 0.306s
2025-04-16 23:39:14.892 69686 INFO tempest.lib.common.rest_client [req-9c8ac8b5-918f-4f6e-9659-a2aa24056e9e req-9c8ac8b5-918f-4f6e-9659-a2aa24056e9e ] Request (FlavorsAccessNegativeTestJSON:setUpClass): 200 GET http://10.180.1.21/identity/v3/roles 0.283s
2025-04-16 23:39:14.905 69706 INFO tempest.lib.common.rest_client [req-70d630f5-4fd8-443b-b728-c96a7c2ef8eb req-70d630f5-4fd8-443b-b728-c96a7c2ef8eb ] Request (InstanceUsageAuditLogTestJSON:setUpClass): 204 PUT http://10.180.1.21/identity/v3/projects/ee1e9e5439bf436b91e03c82e6539148/users/0edf72f41a5547cba4cdea115e82bcdf/roles/db2d86fcd64841d59789ff79397c4994 0.308s
2025-04-16 23:39:14.905 69706 INFO tempest.lib.common.dynamic_creds [-] Dynamic test user 0edf72f41a5547cba4cdea115e82bcdf is created with scope project and roles: ['member']
2025-04-16 23:39:14.905 69706 INFO tempest.lib.common.dynamic_creds [-] Acquired dynamic creds: credentials: Credentials: {'domain_id': 'default', 'domain_name': 'Default', 'username': 'tempest-InstanceUsageAuditLogTestJSON-1122518108-project-member', 'project_domain_id': 'default', 'project_domain_name': 'Default', 'project_id': 'ee1e9e5439bf436b91e03c82e6539148', 'project_name': 'tempest-InstanceUsageAuditLogTestJSON-1122518108', 'tenant_id': 'ee1e9e5439bf436b91e03c82e6539148', 'tenant_name': 'tempest-InstanceUsageAuditLogTestJSON-1122518108', 'user_domain_id': 'default', 'user_domain_name': 'Default', 'user_id': '0edf72f41a5547cba4cdea115e82bcdf', 'system': None}, Network: None, Subnet: None, Router: None
2025-04-16 23:39:14.905 69706 INFO tempest.lib.common.dynamic_creds [-] Created isolated network resources for: credentials: Credentials: {'domain_id': 'default', 'domain_name': 'Default', 'username': 'tempest-InstanceUsageAuditLogTestJSON-1122518108-project-member', 'project_domain_id': 'default', 'project_domain_name': 'Default', 'project_id': 'ee1e9e5439bf436b91e03c82e6539148', 'project_name': 'tempest-InstanceUsageAuditLogTestJSON-1122518108', 'tenant_id': 'ee1e9e5439bf436b91e03c82e6539148', 'tenant_name': 'tempest-InstanceUsageAuditLogTestJSON-1122518108', 'user_domain_id': 'default', 'user_domain_name': 'Default', 'user_id': '0edf72f41a5547cba4cdea115e82bcdf', 'system': None}, Network: None, Subnet: None, Router: None
2025-04-16 23:39:14.913 69740 INFO tempest.lib.common.rest_client [req-9413c055-c6d0-4c06-a3d7-5e62d9af9785 req-9413c055-c6d0-4c06-a3d7-5e62d9af9785 ] Request (ServersAdminTestJSON:setUpClass): 200 GET http://10.180.1.21/identity/v3/roles 0.274s
2025-04-16 23:39:14.924 69744 INFO tempest.lib.common.rest_client [req-8c5cbf6d-5594-4a93-bc4d-bfbee06d0fcc req-8c5cbf6d-5594-4a93-bc4d-bfbee06d0fcc ] Request (HostsAdminNegativeTestJSON:tearDownClass): 200 GET http://10.180.1.21:9696/networking/v2.0/security-groups?tenant_id=4bce00e6841c41ebba0f7c348fa03801&name=default 0.664s
2025-04-16 23:39:14.959 69692 INFO tempest.lib.common.rest_client [req-63dd2964-46ee-455a-8022-9b738a151cf7 req-63dd2964-46ee-455a-8022-9b738a151cf7 ] Request (ImagesTestJSON:setUpClass): 201 POST http://10.180.1.21/identity/v3/auth/tokens 0.253s
2025-04-16 23:39:14.970 69718 INFO tempest.lib.common.rest_client [req-30487301-6db4-41e4-974a-93c3478d655c req-30487301-6db4-41e4-974a-93c3478d655c ] Request (InstanceUsageAuditLogNegativeTestJSON:setUpClass): 201 POST http://10.180.1.21/identity/v3/auth/tokens 0.257s
2025-04-16 23:39:14.997 69722 INFO tempest.lib.common.rest_client [req-962b94e8-71f1-4605-86f2-dadb1cf1bd57 req-962b94e8-71f1-4605-86f2-dadb1cf1bd57 ] Request (VolumesAssistedSnapshotsTest:setUpClass): 200 PUT http://10.180.1.21:9696/networking/v2.0/routers/f27d1d20-2a3f-4325-bd7e-579b2270b303/add_router_interface 1.031s
2025-04-16 23:39:14.997 69722 INFO tempest.lib.common.dynamic_creds [-] Created isolated network resources for: credentials: Credentials: {'domain_id': 'default', 'domain_name': 'Default', 'username': 'tempest-VolumesAssistedSnapshotsTest-116727382-project-admin', 'project_domain_id': 'default', 'project_domain_name': 'Default', 'project_id': '830dc4440a254c6480dfe446d0566367', 'project_name': 'tempest-VolumesAssistedSnapshotsTest-116727382', 'tenant_id': '830dc4440a254c6480dfe446d0566367', 'tenant_name': 'tempest-VolumesAssistedSnapshotsTest-116727382', 'user_domain_id': 'default', 'user_domain_name': 'Default', 'user_id': 'd3e5169caddb4bc1a7918b7400812f74', 'system': None}, Network: {'id': '7aa9f4a5-c7ab-4202-bec1-3f8f160bad5f', 'name': 'tempest-VolumesAssistedSnapshotsTest-1605254573-network', 'tenant_id': '830dc4440a254c6480dfe446d0566367', 'admin_state_up': True, 'mtu': 8950, 'status': 'ACTIVE', 'subnets': [], 'shared': False, 'project_id': '830dc4440a254c6480dfe446d0566367', 'port_security_enabled': True, 'router:external': False, 'provider:network_type': 'vlan', 'provider:physical_network': 'default', 'provider:segmentation_id': 526, 'availability_zone_hints': [], 'availability_zones': [], 'ipv4_address_scope': None, 'ipv6_address_scope': None, 'description': '', 'tags': [], 'created_at': '2025-04-16T23:39:12Z', 'updated_at': '2025-04-16T23:39:12Z', 'revision_number': 1}, Subnet: {'id': '01a7e80a-d3fb-445c-8c4e-d0cad0ddb8c8', 'name': 'tempest-VolumesAssistedSnapshotsTest-1605254573-subnet', 'tenant_id': '830dc4440a254c6480dfe446d0566367', 'network_id': '7aa9f4a5-c7ab-4202-bec1-3f8f160bad5f', 'ip_version': 4, 'subnetpool_id': None, 'enable_dhcp': True, 'ipv6_ra_mode': None, 'ipv6_address_mode': None, 'gateway_ip': '192.168.128.1', 'cidr': '192.168.128.0/28', 'allocation_pools': [{'start': '192.168.128.2', 'end': '192.168.128.14'}], 'host_routes': [], 'dns_nameservers': [], 'description': '', 'router:external': False, 'service_types': [], 'tags': [], 'created_at': '2025-04-16T23:39:12Z', 'updated_at': '2025-04-16T23:39:12Z', 'revision_number': 0, 'project_id': '830dc4440a254c6480dfe446d0566367'}, Router: {'id': 'f27d1d20-2a3f-4325-bd7e-579b2270b303', 'name': 'tempest-VolumesAssistedSnapshotsTest-1605254573-router', 'tenant_id': '830dc4440a254c6480dfe446d0566367', 'admin_state_up': True, 'status': 'ACTIVE', 'external_gateway_info': {'network_id': 'e86a1172-7bc2-4c82-8f36-86413d166d45', 'external_fixed_ips': [{'subnet_id': 'e9babbed-aafe-42a6-8944-5dd034e64416', 'ip_address': '10.180.180.139'}], 'enable_snat': True}, 'description': '', 'availability_zones': [], 'distributed': False, 'ha': False, 'availability_zone_hints': [], 'routes': [], 'flavor_id': None, 'tags': [], 'created_at': '2025-04-16T23:39:12Z', 'updated_at': '2025-04-16T23:39:13Z', 'revision_number': 2, 'project_id': '830dc4440a254c6480dfe446d0566367'}
2025-04-16 23:39:15.000 69734 INFO tempest.lib.common.rest_client [req-3c051604-d6c7-42a8-817f-ee0c96cc4f52 req-3c051604-d6c7-42a8-817f-ee0c96cc4f52 ] Request (ListImageFiltersNegativeTestJSON:setUpClass): 201 POST http://10.180.1.21/identity/v3/users 0.257s
2025-04-16 23:39:15.001 69724 INFO tempest.lib.common.rest_client [req-73189175-8f4e-4610-aa95-dafd6797bf6f req-73189175-8f4e-4610-aa95-dafd6797bf6f ] Request (SecurityGroupRulesTestJSON:setUpClass): 201 POST http://10.180.1.21/identity/v3/auth/tokens 0.177s
2025-04-16 23:39:15.017 69744 INFO tempest.lib.common.rest_client [req-a4c0ada5-81c5-4aa3-9543-559c14ea6488 req-a4c0ada5-81c5-4aa3-9543-559c14ea6488 ] Request (HostsAdminNegativeTestJSON:tearDownClass): 204 DELETE http://10.180.1.21:9696/networking/v2.0/security-groups/fe555dda-cf37-4f06-b986-dc6f607cce17 0.093s
2025-04-16 23:39:15.144 69702 INFO tempest.lib.common.rest_client [req-e289bf90-fce1-4dea-827f-5df9c0707d78 req-e289bf90-fce1-4dea-827f-5df9c0707d78 ] Request (FlavorMetadataValidation:test_flavor_update_with_custom_namespace): 200 POST http://10.180.1.21/compute/v2.1/flavors 1.907s
2025-04-16 23:39:15.158 69704 INFO tempest.lib.common.rest_client [req-205aade8-b926-4af3-a449-ad02b68d4e5d req-205aade8-b926-4af3-a449-ad02b68d4e5d ] Request (MigrationsAdminTest:test_list_migrations_in_flavor_resize_situation): 201 POST http://10.180.1.21/identity/v3/auth/tokens 0.295s
2025-04-16 23:39:15.158 69704 INFO tempest.lib.common.fixed_network [-] (MigrationsAdminTest:test_list_migrations_in_flavor_resize_situation) Found network None available for tenant
2025-04-16 23:39:15.185 69720 INFO tempest.lib.common.rest_client [req-d0735015-cee6-46eb-8d9a-bdab2a2f1afd req-d0735015-cee6-46eb-8d9a-bdab2a2f1afd ] Request (AbsoluteLimitsNegativeTestJSON:tearDownClass): 204 DELETE http://10.180.1.21/identity/v3/users/3ca383091c1f4f9aa08dd68777bcc311 0.317s
2025-04-16 23:39:15.185 69720 INFO tempest.lib.common.dynamic_creds [-] Deleting project and security group for project: 0c61a5b83a2c4ef6af45258441a99aa7
2025-04-16 23:39:15.206 69742 INFO tempest.lib.common.rest_client [req-1bbdeb78-053c-41a6-b475-a681e59a565c req-1bbdeb78-053c-41a6-b475-a681e59a565c ] Request (ServersWithSpecificFlavorTestJSON:setUpClass): 204 PUT http://10.180.1.21/identity/v3/projects/dc6c5532ff604080b50b140f0776c9a8/users/83371cda61854e489acf7c299ad4a26e/roles/109eda69c16047ba9faece8810e38049 0.334s
2025-04-16 23:39:15.243 69694 INFO tempest.lib.common.rest_client [req-bf777d32-70db-4312-9e3e-aa514ec03d0e req-bf777d32-70db-4312-9e3e-aa514ec03d0e ] Request (ServersAdmin275Test:test_rebuild_update_server_275): 202 POST http://10.180.1.21/compute/v2.1/servers 1.952s
2025-04-16 23:39:15.263 69732 INFO tempest.lib.common.rest_client [req-c6084a50-0d0e-4829-83a1-6b6f993d504e req-c6084a50-0d0e-4829-83a1-6b6f993d504e ] Request (QuotasAdminTestV236:test_get_updated_quotas): 200 GET http://10.180.1.21/identity/v3/domains?name=Default 0.369s
2025-04-16 23:39:15.271 69686 INFO tempest.lib.common.rest_client [req-3cce49db-2a47-4e54-82e0-7259a42c7770 req-3cce49db-2a47-4e54-82e0-7259a42c7770 ] Request (FlavorsAccessNegativeTestJSON:setUpClass): 204 PUT http://10.180.1.21/identity/v3/projects/f4491ab384c647308e4bcf3690ffdf80/users/d9ecc00011c34258a7f90c300a8e68ea/roles/db2d86fcd64841d59789ff79397c4994 0.379s
2025-04-16 23:39:15.272 69686 INFO tempest.lib.common.dynamic_creds [-] Dynamic test user d9ecc00011c34258a7f90c300a8e68ea is created with scope project and roles: ['member']
2025-04-16 23:39:15.272 69686 INFO tempest.lib.common.dynamic_creds [-] Acquired dynamic creds: credentials: Credentials: {'domain_id': 'default', 'domain_name': 'Default', 'username': 'tempest-FlavorsAccessNegativeTestJSON-2050806734-project-member', 'project_domain_id': 'default', 'project_domain_name': 'Default', 'project_id': 'f4491ab384c647308e4bcf3690ffdf80', 'project_name': 'tempest-FlavorsAccessNegativeTestJSON-2050806734', 'tenant_id': 'f4491ab384c647308e4bcf3690ffdf80', 'tenant_name': 'tempest-FlavorsAccessNegativeTestJSON-2050806734', 'user_domain_id': 'default', 'user_domain_name': 'Default', 'user_id': 'd9ecc00011c34258a7f90c300a8e68ea', 'system': None}, Network: None, Subnet: None, Router: None
2025-04-16 23:39:15.272 69686 INFO tempest.lib.common.dynamic_creds [-] Created isolated network resources for: credentials: Credentials: {'domain_id': 'default', 'domain_name': 'Default', 'username': 'tempest-FlavorsAccessNegativeTestJSON-2050806734-project-member', 'project_domain_id': 'default', 'project_domain_name': 'Default', 'project_id': 'f4491ab384c647308e4bcf3690ffdf80', 'project_name': 'tempest-FlavorsAccessNegativeTestJSON-2050806734', 'tenant_id': 'f4491ab384c647308e4bcf3690ffdf80', 'tenant_name': 'tempest-FlavorsAccessNegativeTestJSON-2050806734', 'user_domain_id': 'default', 'user_domain_name': 'Default', 'user_id': 'd9ecc00011c34258a7f90c300a8e68ea', 'system': None}, Network: None, Subnet: None, Router: None
2025-04-16 23:39:15.328 69706 INFO tempest.lib.common.rest_client [req-a499666d-feef-474c-a9c3-37bf8bd4d0dc req-a499666d-feef-474c-a9c3-37bf8bd4d0dc ] Request (InstanceUsageAuditLogTestJSON:setUpClass): 201 POST http://10.180.1.21/identity/v3/auth/tokens 0.419s
2025-04-16 23:39:15.333 69740 INFO tempest.lib.common.rest_client [req-5067c0dc-84e4-4c12-8d49-36db34d2b1c6 req-5067c0dc-84e4-4c12-8d49-36db34d2b1c6 ] Request (ServersAdminTestJSON:setUpClass): 204 PUT http://10.180.1.21/identity/v3/projects/3d903d66b18542eb9f6a4b98e1b9afb5/users/6e5fbd2c6b3444c699346657748aab95/roles/109eda69c16047ba9faece8810e38049 0.420s
2025-04-16 23:39:15.388 69692 INFO tempest.lib.common.rest_client [req-1156b013-151d-4c1f-bc10-2964560c6150 req-1156b013-151d-4c1f-bc10-2964560c6150 ] Request (ImagesTestJSON:setUpClass): 201 POST http://10.180.1.21/identity/v3/auth/tokens 0.425s
2025-04-16 23:39:15.410 69718 INFO tempest.lib.common.rest_client [req-ee75f800-b3bf-4507-b92f-2943ae87bae5 req-ee75f800-b3bf-4507-b92f-2943ae87bae5 ] Request (InstanceUsageAuditLogNegativeTestJSON:setUpClass): 200 GET http://10.180.1.21/identity/v3/domains?name=Default 0.440s
2025-04-16 23:39:15.436 69734 INFO tempest.lib.common.rest_client [req-f0fbce5c-86b8-480a-b41c-92c8f92699b2 req-f0fbce5c-86b8-480a-b41c-92c8f92699b2 ] Request (ListImageFiltersNegativeTestJSON:setUpClass): 200 GET http://10.180.1.21/identity/v3/roles 0.435s
2025-04-16 23:39:15.450 69722 INFO tempest.lib.common.rest_client [req-28b75f5a-0a7d-4467-989d-f227eeca8ec7 req-28b75f5a-0a7d-4467-989d-f227eeca8ec7 ] Request (VolumesAssistedSnapshotsTest:setUpClass): 201 POST http://10.180.1.21/identity/v3/auth/tokens 0.450s
2025-04-16 23:39:15.459 69724 INFO tempest.lib.common.rest_client [req-94a96795-e114-40e9-810a-da4ff4b5eea6 req-94a96795-e114-40e9-810a-da4ff4b5eea6 ] Request (SecurityGroupRulesTestJSON:setUpClass): 201 POST http://10.180.1.21/identity/v3/auth/tokens 0.453s
2025-04-16 23:39:15.498 69744 INFO tempest.lib.common.rest_client [req-13f02fb0-0202-40ba-96c1-ebea34d1b71a req-13f02fb0-0202-40ba-96c1-ebea34d1b71a ] Request (HostsAdminNegativeTestJSON:tearDownClass): 204 DELETE http://10.180.1.21/identity/v3/projects/4bce00e6841c41ebba0f7c348fa03801 0.479s
2025-04-16 23:39:15.498 69744 INFO tempest.lib.common.dynamic_creds [-] Deleting project and security group for project: 512ea4ecf62947f19665218b6abc5529
2025-04-16 23:39:15.550 69720 INFO tempest.lib.common.rest_client [req-c33c6dbd-2b39-41e1-9728-15884c88f5de req-c33c6dbd-2b39-41e1-9728-15884c88f5de ] Request (AbsoluteLimitsNegativeTestJSON:tearDownClass): 201 POST http://10.180.1.21/identity/v3/auth/tokens 0.365s
2025-04-16 23:39:15.572 69742 INFO tempest.lib.common.rest_client [req-162e19d7-9f6f-4aac-af0d-044bd6f45fc3 req-162e19d7-9f6f-4aac-af0d-044bd6f45fc3 ] Request (ServersWithSpecificFlavorTestJSON:setUpClass): 200 GET http://10.180.1.21/identity/v3/roles 0.365s
2025-04-16 23:39:15.592 69710 INFO tempest.lib.common.rest_client [req-1866a69e-641c-4bcd-9a6d-9a13609993e7 req-1866a69e-641c-4bcd-9a6d-9a13609993e7 ] Request (FlavorsV255TestJSON:test_crud_flavor): 200 POST http://10.180.1.21/compute/v2.1/flavors 2.284s
2025-04-16 23:39:15.605 69744 INFO tempest.lib.common.rest_client [req-6131e8a0-f340-407b-b862-f378e5881012 req-6131e8a0-f340-407b-b862-f378e5881012 ] Request (HostsAdminNegativeTestJSON:tearDownClass): 200 GET http://10.180.1.21:9696/networking/v2.0/security-groups?tenant_id=512ea4ecf62947f19665218b6abc5529&name=default 0.106s
2025-04-16 23:39:15.617 69690 INFO tempest.lib.common.rest_client [req-49736f83-9531-45e3-ba10-4b1a7db60d04 req-49736f83-9531-45e3-ba10-4b1a7db60d04 ] Request (HostsAdminTestJSON:test_list_hosts_with_a_blank_zone): 200 GET http://10.180.1.21/compute/v2.1/os-hosts?zone= 2.092s
2025-04-16 23:39:15.628 69684 INFO tempest.lib.common.rest_client [req-cfb80f08-7a4f-4003-8074-b70b21e1fa14 req-cfb80f08-7a4f-4003-8074-b70b21e1fa14 ] Request (AZAdminNegativeTestJSON:test_get_availability_zone_list_detail_with_non_admin_user): 403 GET http://10.180.1.21/compute/v2.1/os-availability-zone/detail 2.185s
2025-04-16 23:39:15.642 69732 INFO tempest.lib.common.rest_client [req-b357ad44-cd64-4a77-846a-82a787b41716 req-b357ad44-cd64-4a77-846a-82a787b41716 ] Request (QuotasAdminTestV236:test_get_updated_quotas): 201 POST http://10.180.1.21/identity/v3/projects 0.379s
2025-04-16 23:39:15.681 69744 INFO tempest.lib.common.rest_client [req-dea9d56f-eac0-4078-aa12-ad0ffc8c9d76 req-dea9d56f-eac0-4078-aa12-ad0ffc8c9d76 ] Request (HostsAdminNegativeTestJSON:tearDownClass): 204 DELETE http://10.180.1.21:9696/networking/v2.0/security-groups/d2fe32c0-1ea6-4947-be73-d5cfd18e3a99 0.075s
2025-04-16 23:39:15.697 69686 INFO tempest.lib.common.rest_client [req-c7468556-974a-4af0-b654-44758d61d485 req-c7468556-974a-4af0-b654-44758d61d485 ] Request (FlavorsAccessNegativeTestJSON:setUpClass): 201 POST http://10.180.1.21/identity/v3/auth/tokens 0.420s
2025-04-16 23:39:15.698 69686 WARNING tempest.lib.common.rest_client [-] Deprecated: "tenant_id" property is deprecated for removal, use "project_id" instead
2025-04-16 23:39:15.756 69740 INFO tempest.lib.common.rest_client [req-5ca31ddb-47df-4027-808a-198de3a6ba68 req-5ca31ddb-47df-4027-808a-198de3a6ba68 ] Request (ServersAdminTestJSON:setUpClass): 200 GET http://10.180.1.21/identity/v3/roles 0.422s
