2025-04-16 23:41:16.525 69692 INFO tempest.lib.common.rest_client [req-e0d96346-8d09-411b-998f-d6c96c6142d8 req-e0d96346-8d09-411b-998f-d6c96c6142d8 ] Request (ImagesTestJSON:test_create_image_from_suspended_server): 200 GET http://10.180.1.21/compute/v2.1/servers/126b7d32-2031-47e5-8601-29ec76a05c6c 0.065s
2025-04-16 23:41:16.584 69732 INFO tempest.lib.common.rest_client [req-9aaa5227-0823-4353-bceb-c1d6566e3cd8 req-9aaa5227-0823-4353-bceb-c1d6566e3cd8 ] Request (ListServerFiltersTestJSON:tearDownClass): 200 GET http://10.180.1.21/compute/v2.1/servers/ca27cd4c-aee5-4d9e-8c50-20c7a6fad03e 0.062s
2025-04-16 23:41:16.650 69726 INFO tempest.lib.common.rest_client [req-df2fe052-6461-4089-8a10-f607e7fcc28b req-df2fe052-6461-4089-8a10-f607e7fcc28b ] Request (ImagesOneServerNegativeTestJSON:_run_cleanups): 200 GET http://10.180.1.21/compute/v2.1/servers/f6b3dab5-04f1-4db5-b4b2-74af69f5c966 0.078s
2025-04-16 23:41:16.690 69688 INFO tempest.lib.common.rest_client [req-693199e5-5aa0-4bb1-aca3-a56de6e8dc85 req-693199e5-5aa0-4bb1-aca3-a56de6e8dc85 ] Request (ServersTestFqdnHostnames:test_create_server_with_fqdn_name): 200 GET http://10.180.1.21/compute/v2.1/servers/bdcd53fc-2733-4e88-8e45-1dcf23f3609d 0.069s
2025-04-16 23:41:16.756 69720 INFO tempest.lib.common.rest_client [req-1156c92e-e35b-403b-b5d6-1a4a7b54c9c1 req-1156c92e-e35b-403b-b5d6-1a4a7b54c9c1 ] Request (AttachInterfacesV270Test:tearDownClass): 200 GET http://10.180.1.21/compute/v2.1/servers/b19f9838-1483-4324-9039-92cf6737f88e 0.074s
2025-04-16 23:41:16.790 69714 INFO tempest.lib.common.rest_client [req-2261d9cf-c494-4ff0-80cb-9bd739a552f4 req-2261d9cf-c494-4ff0-80cb-9bd739a552f4 ] Request (ServersTestJSON:test_create_server_with_ipv6_addr_only): 200 GET http://10.180.1.21/compute/v2.1/servers/5cff61ed-95d2-4d54-b1ad-1afeee2641fb 0.059s
2025-04-16 23:41:16.854 69746 INFO tempest.lib.common.rest_client [req-3c8cd60b-2fca-4111-b6db-60ca98a55515 req-3c8cd60b-2fca-4111-b6db-60ca98a55515 ] Request (FloatingIPsAssociationTestJSON:test_associate_already_associated_floating_ip): 200 GET http://10.180.1.21/compute/v2.1/servers/c39e4547-8e68-48d8-905b-520f917aa763 0.064s
2025-04-16 23:41:16.900 69740 INFO tempest.lib.common.rest_client [req-deb18785-ebca-4e46-95e4-2f7fae80d86b req-deb18785-ebca-4e46-95e4-2f7fae80d86b ] Request (ServersAdminTestJSON:test_inject_network_info): 200 GET http://10.180.1.21/compute/v2.1/servers/43f0d345-d519-4ab3-80a9-4af262e02c5e 0.063s
2025-04-16 23:41:16.998 69686 INFO tempest.lib.common.rest_client [req-adc2e747-62e8-472c-8f6f-79d321f6be1f req-adc2e747-62e8-472c-8f6f-79d321f6be1f ] Request (ServerExternalEventsTest:test_create_server_external_events): 200 GET http://10.180.1.21/compute/v2.1/servers/3de0cb15-65d2-4896-abe4-6d6546a03341 0.064s
2025-04-16 23:41:17.031 69684 INFO tempest.lib.common.rest_client [req-19a16427-8262-433b-90a0-4c4c31184745 req-19a16427-8262-433b-90a0-4c4c31184745 ] Request (ServersTestManualDisk:tearDownClass): 200 GET http://10.180.1.21/compute/v2.1/servers/f5243452-580d-4894-8402-66c53ea540c4 0.161s
2025-04-16 23:41:17.102 69696 INFO tempest.lib.common.rest_client [req-0213934e-eaa7-4068-b25f-f49b505ac575 req-0213934e-eaa7-4068-b25f-f49b505ac575 ] Request (ServerDiskConfigTestJSON:test_rebuild_server_with_auto_disk_config): 200 GET http://10.180.1.21/compute/v2.1/servers/b2fdbbb6-3af6-4d61-a74b-eaa96705e1f2 0.095s
2025-04-16 23:41:17.139 69709 INFO tempest.lib.common.rest_client [req-8f1494f6-085e-4f00-9f3c-bdaf73c6891d req-8f1494f6-085e-4f00-9f3c-bdaf73c6891d ] Request (ListServersNegativeTestJSON:setUpClass): 200 GET http://10.180.1.21/compute/v2.1/servers/ce04b55d-6066-4f68-8c8c-bc4cfa0f2461 0.204s
2025-04-16 23:41:17.148 69709 INFO tempest.common.waiters [-] State transition "BUILD/spawning" ==> "ACTIVE/None" after 4 second wait
2025-04-16 23:41:17.165 69722 INFO tempest.lib.common.rest_client [req-5855dacd-e341-4b7b-9a04-d806a63385fa req-5855dacd-e341-4b7b-9a04-d806a63385fa ] Request (VolumesAssistedSnapshotsTest:test_volume_assisted_snapshot_create_delete): 200 GET http://10.180.1.21/volume/v3/volumes/190d92ab-fa64-443b-86be-933c1dc79c68 0.048s
2025-04-16 23:41:17.200 69724 INFO tempest.lib.common.rest_client [req-d7e88067-350a-49ab-8cee-cc7a64e8e9d7 req-d7e88067-350a-49ab-8cee-cc7a64e8e9d7 ] Request (ServerShowV254Test:test_rebuild_server): 200 GET http://10.180.1.21/compute/v2.1/servers/886cc949-7105-4dd5-a7fc-7bbc0390595d 0.127s
2025-04-16 23:41:17.258 69700 INFO tempest.lib.common.rest_client [req-2d349742-55c4-42ca-8b28-abf123257c36 req-2d349742-55c4-42ca-8b28-abf123257c36 ] Request (ServerActionsTestOtherB:setUpClass): 200 GET http://10.180.1.21/compute/v2.1/servers/07629f5e-e1b1-4aab-b422-8924b572449b 0.180s
2025-04-16 23:41:17.303 69712 INFO tempest.lib.common.rest_client [req-54423fcf-163b-48d3-8b0c-273b09947da2 req-54423fcf-163b-48d3-8b0c-273b09947da2 ] Request (DeleteServersAdminTestJSON:test_delete_server_while_in_error_state): 200 GET http://10.180.1.21/compute/v2.1/servers/d427aa83-edf4-44e5-a860-36e1184ea51f 0.284s
2025-04-16 23:41:17.333 69704 INFO tempest.lib.common.rest_client [req-f60b11a4-f2ff-4626-b2f1-98124bc69a5e req-f60b11a4-f2ff-4626-b2f1-98124bc69a5e ] Request (MigrationsAdminTest:test_resize_server_revert_deleted_flavor): 200 GET http://10.180.1.21/compute/v2.1/servers/db7108fa-22fd-466f-ba5b-0a33046105d4 0.209s
2025-04-16 23:41:17.373 69702 INFO tempest.lib.common.rest_client [req-677a81ce-2184-429d-a62b-31233c355247 req-677a81ce-2184-429d-a62b-31233c355247 ] Request (ServersNegativeTestMultiTenantJSON:setUpClass): 200 GET http://10.180.1.21/compute/v2.1/servers/81f0f421-a960-4ce4-964d-86e334c66838 0.224s
2025-04-16 23:41:17.427 69736 INFO tempest.lib.common.rest_client [req-06353f9d-3476-4b35-b65c-08c5625f4cd7 req-06353f9d-3476-4b35-b65c-08c5625f4cd7 ] Request (ImagesOneServerTestJSON:test_create_delete_image): 200 GET http://10.180.1.21/compute/v2.1/images/8b49ed73-7fda-4208-86ae-d7f2b4531868 0.278s
2025-04-16 23:41:17.448 69709 INFO tempest.lib.common.rest_client [req-a63ca59a-b6bd-43a7-9e93-bee27976ee8c req-a63ca59a-b6bd-43a7-9e93-bee27976ee8c ] Request (ListServersNegativeTestJSON:setUpClass): 200 GET http://10.180.1.21/compute/v2.1/servers/fabfc95e-0186-4a67-9d10-61eeb2e56640 0.299s
2025-04-16 23:41:17.499 69729 INFO tempest.lib.common.rest_client [req-7c55cef6-d2c6-4175-a041-3af652aa6e74 req-7c55cef6-d2c6-4175-a041-3af652aa6e74 ] Request (FloatingIPsAssociationNegativeTestJSON:tearDownClass): 200 GET http://10.180.1.21/compute/v2.1/servers/5ef85594-2bab-4068-b93f-b725bdc4681e 0.283s
2025-04-16 23:41:17.516 69706 INFO tempest.lib.common.rest_client [req-94e7f463-5f39-485f-b81d-3003f13b6065 req-94e7f463-5f39-485f-b81d-3003f13b6065 ] Request (ServersListShow2100Test:test_list_show_rebuild_update_server_2100): 200 GET http://10.180.1.21/compute/v2.1/servers/4500afcc-0f0a-4dd9-ab54-893acc7cedc7 0.286s
2025-04-16 23:41:17.578 69718 INFO tempest.lib.common.rest_client [req-482c2145-8a41-48b2-80df-b0713617ab3a req-482c2145-8a41-48b2-80df-b0713617ab3a ] Request (AttachInterfacesTestJSON:test_create_list_show_delete_interfaces_by_fixed_ip): 200 GET http://10.180.1.21/compute/v2.1/servers/ba25f42e-945b-4884-9fca-fecf9a2d294c 0.303s
2025-04-16 23:41:17.588 69730 INFO tempest.lib.common.rest_client [req-de870693-7f3f-4618-b563-5fd365740cc2 req-de870693-7f3f-4618-b563-5fd365740cc2 ] Request (ServersListShow298Test:test_list_show_update_rebuild_server_298): 200 GET http://10.180.1.21/compute/v2.1/servers/52dd36de-05c4-482e-9df9-c117e8906b2b 0.191s
2025-04-16 23:41:17.644 69690 INFO tempest.lib.common.rest_client [req-3475ae33-6d4b-495a-b5a6-a9efe4287af6 req-3475ae33-6d4b-495a-b5a6-a9efe4287af6 ] Request (ServersAdminNegativeTestJSON:setUpClass): 200 GET http://10.180.1.21/compute/v2.1/servers/ac289b71-5a99-4a03-af24-e6843166dfd1 0.187s
2025-04-16 23:41:17.657 69690 INFO tempest.common.waiters [-] State transition "BUILD/None" ==> "BUILD/block_device_mapping" after 69 second wait
2025-04-16 23:41:17.687 69709 INFO tempest.lib.common.rest_client [req-497b97a9-86be-4d9f-b2da-df2b544ecda4 req-497b97a9-86be-4d9f-b2da-df2b544ecda4 ] Request (ListServersNegativeTestJSON:setUpClass): 204 DELETE http://10.180.1.21/compute/v2.1/servers/fabfc95e-0186-4a67-9d10-61eeb2e56640 0.230s
2025-04-16 23:41:17.700 69698 INFO tempest.lib.common.rest_client [req-134ba331-6fcd-44a5-a7a6-be5ef0e724d8 req-134ba331-6fcd-44a5-a7a6-be5ef0e724d8 ] Request (ServersTestMultiNic:test_verify_duplicate_network_nics): 200 GET http://10.180.1.21/compute/v2.1/servers/0c3e8051-8c92-4c49-ba19-f4f3bc00dbc1 0.215s
2025-04-16 23:41:17.768 69716 INFO tempest.lib.common.rest_client [req-62eadf0f-b746-4f7a-99f9-b8fefd646c05 req-62eadf0f-b746-4f7a-99f9-b8fefd646c05 ] Request (ServerAddressesNegativeTestJSON:tearDownClass): 200 GET http://10.180.1.21/compute/v2.1/servers/a383cea0-5c35-4981-b720-eb297678fd45 0.241s
2025-04-16 23:41:17.773 69692 INFO tempest.lib.common.rest_client [req-80492cd9-de0b-4c0b-9e4a-3b04c52de3cd req-80492cd9-de0b-4c0b-9e4a-3b04c52de3cd ] Request (ImagesTestJSON:test_create_image_from_suspended_server): 200 GET http://10.180.1.21/compute/v2.1/servers/126b7d32-2031-47e5-8601-29ec76a05c6c 0.240s
2025-04-16 23:41:17.851 69726 INFO tempest.lib.common.rest_client [req-dc1054ca-529c-43f1-89ab-26c0df21b3a3 req-dc1054ca-529c-43f1-89ab-26c0df21b3a3 ] Request (ImagesOneServerNegativeTestJSON:_run_cleanups): 200 GET http://10.180.1.21/compute/v2.1/servers/f6b3dab5-04f1-4db5-b4b2-74af69f5c966 0.190s
2025-04-16 23:41:17.897 69732 INFO tempest.lib.common.rest_client [req-70de0a13-adbf-4053-b2f4-59e8ac3da333 req-70de0a13-adbf-4053-b2f4-59e8ac3da333 ] Request (ListServerFiltersTestJSON:tearDownClass): 200 GET http://10.180.1.21/compute/v2.1/servers/ca27cd4c-aee5-4d9e-8c50-20c7a6fad03e 0.304s
2025-04-16 23:41:17.970 69709 INFO tempest.lib.common.rest_client [req-f9300598-3647-422d-9c30-db86a72c0cda req-f9300598-3647-422d-9c30-db86a72c0cda ] Request (ListServersNegativeTestJSON:setUpClass): 200 GET http://10.180.1.21/compute/v2.1/servers/fabfc95e-0186-4a67-9d10-61eeb2e56640 0.283s
2025-04-16 23:41:18.008 69688 INFO tempest.lib.common.rest_client [req-0ddae16c-1469-4cdc-bba5-c0abfbd92cf2 req-0ddae16c-1469-4cdc-bba5-c0abfbd92cf2 ] Request (ServersTestFqdnHostnames:test_create_server_with_fqdn_name): 200 GET http://10.180.1.21/compute/v2.1/servers/bdcd53fc-2733-4e88-8e45-1dcf23f3609d 0.309s
2025-04-16 23:41:18.034 69720 INFO tempest.lib.common.rest_client [req-08714467-340f-4425-b85a-b05b67c01a02 req-08714467-340f-4425-b85a-b05b67c01a02 ] Request (AttachInterfacesV270Test:tearDownClass): 200 GET http://10.180.1.21/compute/v2.1/servers/b19f9838-1483-4324-9039-92cf6737f88e 0.267s
2025-04-16 23:41:18.084 69714 INFO tempest.lib.common.rest_client [req-6a02badd-2623-4c77-b540-e113071d7507 req-6a02badd-2623-4c77-b540-e113071d7507 ] Request (ServersTestJSON:test_create_server_with_ipv6_addr_only): 200 GET http://10.180.1.21/compute/v2.1/servers/5cff61ed-95d2-4d54-b1ad-1afeee2641fb 0.284s
2025-04-16 23:41:18.085 69746 INFO tempest.lib.common.rest_client [req-baadfd9f-40ca-4daa-abaa-7c88d891a3bd req-baadfd9f-40ca-4daa-abaa-7c88d891a3bd ] Request (FloatingIPsAssociationTestJSON:test_associate_already_associated_floating_ip): 200 GET http://10.180.1.21/compute/v2.1/servers/c39e4547-8e68-48d8-905b-520f917aa763 0.221s
2025-04-16 23:41:18.137 69686 INFO tempest.lib.common.rest_client [req-7b00589d-2cb2-480a-b33a-da94cc3bc700 req-7b00589d-2cb2-480a-b33a-da94cc3bc700 ] Request (ServerExternalEventsTest:test_create_server_external_events): 200 GET http://10.180.1.21/compute/v2.1/servers/3de0cb15-65d2-4896-abe4-6d6546a03341 0.128s
2025-04-16 23:41:18.163 69740 INFO tempest.lib.common.rest_client [req-ac5788f5-2a7b-4f37-a4dd-2d83466d7d11 req-ac5788f5-2a7b-4f37-a4dd-2d83466d7d11 ] Request (ServersAdminTestJSON:test_inject_network_info): 200 GET http://10.180.1.21/compute/v2.1/servers/43f0d345-d519-4ab3-80a9-4af262e02c5e 0.252s
2025-04-16 23:41:18.211 69722 INFO tempest.lib.common.rest_client [req-0c8a94b5-34a4-4515-9f12-7a1ff14000f5 req-0c8a94b5-34a4-4515-9f12-7a1ff14000f5 ] Request (VolumesAssistedSnapshotsTest:test_volume_assisted_snapshot_create_delete): 200 GET http://10.180.1.21/volume/v3/volumes/190d92ab-fa64-443b-86be-933c1dc79c68 0.038s
2025-04-16 23:41:18.221 69739 INFO tempest.lib.common.rest_client [req-309247c7-137b-4014-943c-448dff1938b8 req-309247c7-137b-4014-943c-448dff1938b8 ] Request (ServerActionsTestOtherA:setUpClass): 200 PUT http://10.180.1.21:9696/networking/v2.0/routers/92c5f706-c11d-4dd2-85a9-0ec92906380c/add_router_interface 1.818s
2025-04-16 23:41:18.222 69739 INFO tempest.lib.common.dynamic_creds [-] Created isolated network resources for: credentials: Credentials: {'domain_id': 'default', 'domain_name': 'Default', 'username': 'tempest-ServerActionsTestOtherA-492908702-project-member', 'project_domain_id': 'default', 'project_domain_name': 'Default', 'project_id': 'b1390634bc5d43d2bd1beb23d5cd5375', 'project_name': 'tempest-ServerActionsTestOtherA-492908702', 'tenant_id': 'b1390634bc5d43d2bd1beb23d5cd5375', 'tenant_name': 'tempest-ServerActionsTestOtherA-492908702', 'user_domain_id': 'default', 'user_domain_name': 'Default', 'user_id': 'f4e8eab242c649ddbbed4342e2ff5c8a', 'system': None}, Network: {'id': 'c91e48bf-447c-4d3b-9b39-4682e675c3bb', 'name': 'tempest-ServerActionsTestOtherA-440598981-network', 'tenant_id': 'b1390634bc5d43d2bd1beb23d5cd5375', 'admin_state_up': True, 'mtu': 8950, 'status': 'ACTIVE', 'subnets': [], 'shared': False, 'project_id': 'b1390634bc5d43d2bd1beb23d5cd5375', 'port_security_enabled': True, 'router:external': False, 'provider:network_type': 'vlan', 'provider:physical_network': 'default', 'provider:segmentation_id': 339, 'availability_zone_hints': [], 'availability_zones': [], 'ipv4_address_scope': None, 'ipv6_address_scope': None, 'description': '', 'tags': [], 'created_at': '2025-04-16T23:41:15Z', 'updated_at': '2025-04-16T23:41:15Z', 'revision_number': 1}, Subnet: {'id': '04804561-b037-4d8f-bd0b-b8a71378a3b1', 'name': 'tempest-ServerActionsTestOtherA-440598981-subnet', 'tenant_id': 'b1390634bc5d43d2bd1beb23d5cd5375', 'network_id': 'c91e48bf-447c-4d3b-9b39-4682e675c3bb', 'ip_version': 4, 'subnetpool_id': None, 'enable_dhcp': True, 'ipv6_ra_mode': None, 'ipv6_address_mode': None, 'gateway_ip': '192.168.128.1', 'cidr': '192.168.128.0/28', 'allocation_pools': [{'start': '192.168.128.2', 'end': '192.168.128.14'}], 'host_routes': [], 'dns_nameservers': [], 'description': '', 'router:external': False, 'service_types': [], 'tags': [], 'created_at': '2025-04-16T23:41:15Z', 'updated_at': '2025-04-16T23:41:15Z', 'revision_number': 0, 'project_id': 'b1390634bc5d43d2bd1beb23d5cd5375'}, Router: {'id': '92c5f706-c11d-4dd2-85a9-0ec92906380c', 'name': 'tempest-ServerActionsTestOtherA-440598981-router', 'tenant_id': 'b1390634bc5d43d2bd1beb23d5cd5375', 'admin_state_up': True, 'status': 'ACTIVE', 'external_gateway_info': {'network_id': 'e86a1172-7bc2-4c82-8f36-86413d166d45', 'external_fixed_ips': [{'subnet_id': 'e9babbed-aafe-42a6-8944-5dd034e64416', 'ip_address': '10.180.180.219'}], 'enable_snat': True}, 'description': '', 'availability_zones': [], 'distributed': False, 'ha': False, 'availability_zone_hints': [], 'routes': [], 'flavor_id': None, 'tags': [], 'created_at': '2025-04-16T23:41:15Z', 'updated_at': '2025-04-16T23:41:16Z', 'revision_number': 2, 'project_id': 'b1390634bc5d43d2bd1beb23d5cd5375'}
2025-04-16 23:41:18.237 69684 INFO tempest.lib.common.rest_client [req-8a386212-c658-40c6-82d4-1c8b206d3d79 req-8a386212-c658-40c6-82d4-1c8b206d3d79 ] Request (ServersTestManualDisk:tearDownClass): 200 GET http://10.180.1.21/compute/v2.1/servers/f5243452-580d-4894-8402-66c53ea540c4 0.195s
2025-04-16 23:41:18.249 69696 INFO tempest.lib.common.rest_client [req-dacda4a3-a4f6-4a6e-985d-79492854dfb8 req-dacda4a3-a4f6-4a6e-985d-79492854dfb8 ] Request (ServerDiskConfigTestJSON:test_rebuild_server_with_auto_disk_config): 200 GET http://10.180.1.21/compute/v2.1/servers/b2fdbbb6-3af6-4d61-a74b-eaa96705e1f2 0.135s
2025-04-16 23:41:18.316 69724 INFO tempest.lib.common.rest_client [req-2216d170-59ec-4202-8aa3-bf38069b328a req-2216d170-59ec-4202-8aa3-bf38069b328a ] Request (ServerShowV254Test:test_rebuild_server): 200 GET http://10.180.1.21/compute/v2.1/servers/886cc949-7105-4dd5-a7fc-7bbc0390595d 0.101s
2025-04-16 23:41:18.334 69739 INFO tempest.lib.common.rest_client [req-15ef4feb-c3f7-4c39-bc8e-76c187d73ee3 req-15ef4feb-c3f7-4c39-bc8e-76c187d73ee3 ] Request (ServerActionsTestOtherA:setUpClass): 201 POST http://10.180.1.21/identity/v3/auth/tokens 0.106s
2025-04-16 23:41:18.363 69700 INFO tempest.lib.common.rest_client [req-80f4d87d-d6ae-45a6-b7a3-ce21b6e694a3 req-80f4d87d-d6ae-45a6-b7a3-ce21b6e694a3 ] Request (ServerActionsTestOtherB:setUpClass): 200 GET http://10.180.1.21/compute/v2.1/servers/07629f5e-e1b1-4aab-b422-8924b572449b 0.092s
2025-04-16 23:41:18.414 69712 INFO tempest.lib.common.rest_client [req-e6255e91-c6bb-46e1-9779-d9fda6171dfc req-e6255e91-c6bb-46e1-9779-d9fda6171dfc ] Request (DeleteServersAdminTestJSON:test_delete_server_while_in_error_state): 200 GET http://10.180.1.21/compute/v2.1/servers/d427aa83-edf4-44e5-a860-36e1184ea51f 0.102s
2025-04-16 23:41:18.481 69704 INFO tempest.lib.common.rest_client [req-363e0d9b-a5d5-4a16-a38c-8e3fdfd74115 req-363e0d9b-a5d5-4a16-a38c-8e3fdfd74115 ] Request (MigrationsAdminTest:test_resize_server_revert_deleted_flavor): 200 GET http://10.180.1.21/compute/v2.1/servers/db7108fa-22fd-466f-ba5b-0a33046105d4 0.139s
2025-04-16 23:41:18.507 69739 INFO tempest.lib.common.rest_client [req-06e95154-1757-4348-a226-7b19537c8efc req-06e95154-1757-4348-a226-7b19537c8efc ] Request (ServerActionsTestOtherA:setUpClass): 200 POST http://10.180.1.21/compute/v2.1/os-keypairs 0.172s
2025-04-16 23:41:18.558 69736 INFO tempest.lib.common.rest_client [req-964a3926-3996-4fba-b72a-adb78b6eb04c req-964a3926-3996-4fba-b72a-adb78b6eb04c ] Request (ImagesOneServerTestJSON:test_create_delete_image): 200 GET http://10.180.1.21/compute/v2.1/images/8b49ed73-7fda-4208-86ae-d7f2b4531868 0.126s
2025-04-16 23:41:18.564 69702 INFO tempest.lib.common.rest_client [req-e90af88a-c38e-4fee-ab37-189a85c0e0d6 req-e90af88a-c38e-4fee-ab37-189a85c0e0d6 ] Request (ServersNegativeTestMultiTenantJSON:setUpClass): 200 GET http://10.180.1.21/compute/v2.1/servers/81f0f421-a960-4ce4-964d-86e334c66838 0.179s
2025-04-16 23:41:18.574 69702 INFO tempest.common.waiters [-] State transition "BUILD/scheduling" ==> "BUILD/None" after 48 second wait
2025-04-16 23:41:18.647 69706 INFO tempest.lib.common.rest_client [req-65a40e2b-5c54-444b-a568-d074d2f5af80 req-65a40e2b-5c54-444b-a568-d074d2f5af80 ] Request (ServersListShow2100Test:test_list_show_rebuild_update_server_2100): 200 GET http://10.180.1.21/compute/v2.1/servers/4500afcc-0f0a-4dd9-ab54-893acc7cedc7 0.111s
2025-04-16 23:41:18.660 69739 INFO tempest.lib.common.rest_client [req-6093df3a-2f38-4c84-8627-bac9530b4c28 req-6093df3a-2f38-4c84-8627-bac9530b4c28 ] Request (ServerActionsTestOtherA:setUpClass): 201 POST http://10.180.1.21:9696/networking/v2.0/security-groups 0.151s
2025-04-16 23:41:18.710 69718 INFO tempest.lib.common.rest_client [req-00d852d4-a26c-428d-9f49-4d308566d927 req-00d852d4-a26c-428d-9f49-4d308566d927 ] Request (AttachInterfacesTestJSON:test_create_list_show_delete_interfaces_by_fixed_ip): 200 GET http://10.180.1.21/compute/v2.1/servers/ba25f42e-945b-4884-9fca-fecf9a2d294c 0.123s
2025-04-16 23:41:18.756 69729 INFO tempest.lib.common.rest_client [req-a89dc27d-4c6d-45f8-a29f-ea7e8f6a50cb req-a89dc27d-4c6d-45f8-a29f-ea7e8f6a50cb ] Request (FloatingIPsAssociationNegativeTestJSON:tearDownClass): 200 GET http://10.180.1.21/compute/v2.1/servers/5ef85594-2bab-4068-b93f-b725bdc4681e 0.247s
2025-04-16 23:41:18.773 69739 INFO tempest.lib.common.rest_client [req-ef9282fe-53c7-4ee9-b181-fef85ee03b50 req-ef9282fe-53c7-4ee9-b181-fef85ee03b50 ] Request (ServerActionsTestOtherA:setUpClass): 201 POST http://10.180.1.21:9696/networking/v2.0/security-group-rules 0.112s
2025-04-16 23:41:18.797 69730 INFO tempest.lib.common.rest_client [req-ca5aa851-5940-4e7c-9b51-60be37dcce68 req-ca5aa851-5940-4e7c-9b51-60be37dcce68 ] Request (ServersListShow298Test:test_list_show_update_rebuild_server_298): 200 GET http://10.180.1.21/compute/v2.1/servers/52dd36de-05c4-482e-9df9-c117e8906b2b 0.194s
2025-04-16 23:41:18.887 69698 INFO tempest.lib.common.rest_client [req-c0efb550-5313-49a8-8af0-ed64ed993ac4 req-c0efb550-5313-49a8-8af0-ed64ed993ac4 ] Request (ServersTestMultiNic:test_verify_duplicate_network_nics): 200 GET http://10.180.1.21/compute/v2.1/servers/0c3e8051-8c92-4c49-ba19-f4f3bc00dbc1 0.173s
2025-04-16 23:41:18.912 69716 INFO tempest.lib.common.rest_client [req-f2fb9906-8ec1-4dae-9e86-afbb949df281 req-f2fb9906-8ec1-4dae-9e86-afbb949df281 ] Request (ServerAddressesNegativeTestJSON:tearDownClass): 404 GET http://10.180.1.21/compute/v2.1/servers/a383cea0-5c35-4981-b720-eb297678fd45 0.135s
2025-04-16 23:41:18.980 69692 INFO tempest.lib.common.rest_client [req-a9972e1f-143c-4fdf-aebf-4e7d634c197e req-a9972e1f-143c-4fdf-aebf-4e7d634c197e ] Request (ImagesTestJSON:test_create_image_from_suspended_server): 200 GET http://10.180.1.21/compute/v2.1/servers/126b7d32-2031-47e5-8601-29ec76a05c6c 0.193s
2025-04-16 23:41:19.016 69690 INFO tempest.lib.common.rest_client [req-471b947f-7b1d-4733-8fca-7916085ac424 req-471b947f-7b1d-4733-8fca-7916085ac424 ] Request (ServersAdminNegativeTestJSON:setUpClass): 200 GET http://10.180.1.21/compute/v2.1/servers/ac289b71-5a99-4a03-af24-e6843166dfd1 0.358s
2025-04-16 23:41:19.025 69690 INFO tempest.common.waiters [-] State transition "BUILD/block_device_mapping" ==> "BUILD/spawning" after 71 second wait
2025-04-16 23:41:19.048 69726 INFO tempest.lib.common.rest_client [req-f282509c-634c-4094-bc37-725df77f5f79 req-f282509c-634c-4094-bc37-725df77f5f79 ] Request (ImagesOneServerNegativeTestJSON:_run_cleanups): 200 GET http://10.180.1.21/compute/v2.1/servers/f6b3dab5-04f1-4db5-b4b2-74af69f5c966 0.189s
2025-04-16 23:41:19.062 69739 INFO tempest.lib.common.rest_client [req-a9e87612-a554-4662-a1ed-036ade49eb5c req-a9e87612-a554-4662-a1ed-036ade49eb5c ] Request (ServerActionsTestOtherA:setUpClass): 201 POST http://10.180.1.21:9696/networking/v2.0/security-group-rules 0.288s
2025-04-16 23:41:19.091 69732 INFO tempest.lib.common.rest_client [req-6e7929d5-9b48-4d3e-bbb3-6f1d49015f23 req-6e7929d5-9b48-4d3e-bbb3-6f1d49015f23 ] Request (ListServerFiltersTestJSON:tearDownClass): 200 GET http://10.180.1.21/compute/v2.1/servers/ca27cd4c-aee5-4d9e-8c50-20c7a6fad03e 0.186s
2025-04-16 23:41:19.143 69688 INFO tempest.lib.common.rest_client [req-6fa245be-b144-4f50-af80-1c42f9eaf6be req-6fa245be-b144-4f50-af80-1c42f9eaf6be ] Request (ServersTestFqdnHostnames:test_create_server_with_fqdn_name): 200 GET http://10.180.1.21/compute/v2.1/servers/bdcd53fc-2733-4e88-8e45-1dcf23f3609d 0.125s
2025-04-16 23:41:19.213 69720 INFO tempest.lib.common.rest_client [req-1229f308-b582-4643-99fa-b554ee888bb8 req-1229f308-b582-4643-99fa-b554ee888bb8 ] Request (AttachInterfacesV270Test:tearDownClass): 200 GET http://10.180.1.21/compute/v2.1/servers/b19f9838-1483-4324-9039-92cf6737f88e 0.166s
2025-04-16 23:41:19.228 69709 INFO tempest.lib.common.rest_client [req-53a09e70-697f-470d-861e-b8a7024f792b req-53a09e70-697f-470d-861e-b8a7024f792b ] Request (ListServersNegativeTestJSON:setUpClass): 200 GET http://10.180.1.21/compute/v2.1/servers/fabfc95e-0186-4a67-9d10-61eeb2e56640 0.249s
2025-04-16 23:41:19.268 69722 INFO tempest.lib.common.rest_client [req-787b4c6b-fd95-4060-92f4-6af02a5623a2 req-787b4c6b-fd95-4060-92f4-6af02a5623a2 ] Request (VolumesAssistedSnapshotsTest:test_volume_assisted_snapshot_create_delete): 200 GET http://10.180.1.21/volume/v3/volumes/190d92ab-fa64-443b-86be-933c1dc79c68 0.045s
2025-04-16 23:41:19.294 69746 INFO tempest.lib.common.rest_client [req-7129014d-ae9d-4429-9534-caeabbfa7e4f req-7129014d-ae9d-4429-9534-caeabbfa7e4f ] Request (FloatingIPsAssociationTestJSON:test_associate_already_associated_floating_ip): 200 GET http://10.180.1.21/compute/v2.1/servers/c39e4547-8e68-48d8-905b-520f917aa763 0.200s
2025-04-16 23:41:19.352 69714 INFO tempest.lib.common.rest_client [req-26255c59-66f3-4569-baff-5fdc6f8d720a req-26255c59-66f3-4569-baff-5fdc6f8d720a ] Request (ServersTestJSON:test_create_server_with_ipv6_addr_only): 200 GET http://10.180.1.21/compute/v2.1/servers/5cff61ed-95d2-4d54-b1ad-1afeee2641fb 0.257s
2025-04-16 23:41:19.388 69686 INFO tempest.lib.common.rest_client [req-d80df8e4-f8c9-4614-be05-2fe4e3b9d997 req-d80df8e4-f8c9-4614-be05-2fe4e3b9d997 ] Request (ServerExternalEventsTest:test_create_server_external_events): 200 GET http://10.180.1.21/compute/v2.1/servers/3de0cb15-65d2-4896-abe4-6d6546a03341 0.244s
2025-04-16 23:41:19.428 69740 INFO tempest.lib.common.rest_client [req-96901f17-2a7a-4b4e-bb86-c98d5b9ed2e8 req-96901f17-2a7a-4b4e-bb86-c98d5b9ed2e8 ] Request (ServersAdminTestJSON:test_inject_network_info): 200 GET http://10.180.1.21/compute/v2.1/servers/43f0d345-d519-4ab3-80a9-4af262e02c5e 0.248s
2025-04-16 23:41:19.465 69684 INFO tempest.lib.common.rest_client [req-2b5b9499-f7af-4f65-b768-f7c126abb889 req-2b5b9499-f7af-4f65-b768-f7c126abb889 ] Request (ServersTestManualDisk:tearDownClass): 200 GET http://10.180.1.21/compute/v2.1/servers/f5243452-580d-4894-8402-66c53ea540c4 0.215s
2025-04-16 23:41:19.504 69696 INFO tempest.lib.common.rest_client [req-5837149a-2a89-4781-a6e9-bf8e9919092b req-5837149a-2a89-4781-a6e9-bf8e9919092b ] Request (ServerDiskConfigTestJSON:test_rebuild_server_with_auto_disk_config): 200 GET http://10.180.1.21/compute/v2.1/servers/b2fdbbb6-3af6-4d61-a74b-eaa96705e1f2 0.242s
2025-04-16 23:41:19.513 69742 WARNING tempest.lib.common.ssh [-] Failed to establish authenticated ssh connection to cirros@10.180.180.161 ([Errno None] Unable to connect to port 22 on 10.180.180.161). Number attempts: 9. Retry after 10 seconds.: paramiko.ssh_exception.NoValidConnectionsError: [Errno None] Unable to connect to port 22 on 10.180.180.161
2025-04-16 23:41:19.524 69724 INFO tempest.lib.common.rest_client [req-b6aa783f-70b4-4105-ba8f-c8ea6194a5de req-b6aa783f-70b4-4105-ba8f-c8ea6194a5de ] Request (ServerShowV254Test:test_rebuild_server): 200 GET http://10.180.1.21/compute/v2.1/servers/886cc949-7105-4dd5-a7fc-7bbc0390595d 0.198s
2025-04-16 23:41:19.565 69700 INFO tempest.lib.common.rest_client [req-2d1b77df-c6e3-4d65-82cd-81396e99d05b req-2d1b77df-c6e3-4d65-82cd-81396e99d05b ] Request (ServerActionsTestOtherB:setUpClass): 200 GET http://10.180.1.21/compute/v2.1/servers/07629f5e-e1b1-4aab-b422-8924b572449b 0.193s
2025-04-16 23:41:19.636 69704 INFO tempest.lib.common.rest_client [req-ffc9b41c-220e-46c3-8ed4-0c0c834624a6 req-ffc9b41c-220e-46c3-8ed4-0c0c834624a6 ] Request (MigrationsAdminTest:test_resize_server_revert_deleted_flavor): 200 GET http://10.180.1.21/compute/v2.1/servers/db7108fa-22fd-466f-ba5b-0a33046105d4 0.146s
2025-04-16 23:41:19.670 69736 INFO tempest.lib.common.rest_client [req-d3b9b0c0-6c31-4522-a8ac-71c97fb7dbf0 req-d3b9b0c0-6c31-4522-a8ac-71c97fb7dbf0 ] Request (ImagesOneServerTestJSON:test_create_delete_image): 200 GET http://10.180.1.21/compute/v2.1/images/8b49ed73-7fda-4208-86ae-d7f2b4531868 0.106s
2025-04-16 23:41:19.675 69712 INFO tempest.lib.common.rest_client [req-e67eb8bd-e2c0-4a1a-9d39-ca8fe9b3211e req-e67eb8bd-e2c0-4a1a-9d39-ca8fe9b3211e ] Request (DeleteServersAdminTestJSON:test_delete_server_while_in_error_state): 200 GET http://10.180.1.21/compute/v2.1/servers/d427aa83-edf4-44e5-a860-36e1184ea51f 0.250s
2025-04-16 23:41:19.731 69702 INFO tempest.lib.common.rest_client [req-ad7e9df1-8fae-477d-a9dd-9bba19b46f06 req-ad7e9df1-8fae-477d-a9dd-9bba19b46f06 ] Request (ServersNegativeTestMultiTenantJSON:setUpClass): 200 GET http://10.180.1.21/compute/v2.1/servers/81f0f421-a960-4ce4-964d-86e334c66838 0.156s
2025-04-16 23:41:19.743 69706 INFO tempest.lib.common.rest_client [req-23c2b221-fa1a-45f4-97c9-fb3d166bb927 req-23c2b221-fa1a-45f4-97c9-fb3d166bb927 ] Request (ServersListShow2100Test:test_list_show_rebuild_update_server_2100): 200 GET http://10.180.1.21/compute/v2.1/servers/4500afcc-0f0a-4dd9-ab54-893acc7cedc7 0.081s
2025-04-16 23:41:19.767 69736 INFO tempest.lib.common.rest_client [req-56cf0456-d910-47c2-a9e4-b23e05cf45e7 req-56cf0456-d910-47c2-a9e4-b23e05cf45e7 ] Request (ImagesOneServerTestJSON:test_create_delete_image): 200 GET http://10.180.1.21/compute/v2.1/images/8b49ed73-7fda-4208-86ae-d7f2b4531868 0.090s
2025-04-16 23:41:19.797 69718 INFO tempest.lib.common.rest_client [req-da389735-d79e-4621-8130-057ec30e9a39 req-da389735-d79e-4621-8130-057ec30e9a39 ] Request (AttachInterfacesTestJSON:test_create_list_show_delete_interfaces_by_fixed_ip): 200 GET http://10.180.1.21/compute/v2.1/servers/ba25f42e-945b-4884-9fca-fecf9a2d294c 0.072s
2025-04-16 23:41:19.856 69729 INFO tempest.lib.common.rest_client [req-190e276c-f898-474e-be2f-8b24ed67e110 req-190e276c-f898-474e-be2f-8b24ed67e110 ] Request (FloatingIPsAssociationNegativeTestJSON:tearDownClass): 200 GET http://10.180.1.21/compute/v2.1/servers/5ef85594-2bab-4068-b93f-b725bdc4681e 0.090s
2025-04-16 23:41:19.933 69730 INFO tempest.lib.common.rest_client [req-b8417015-d922-4da2-bf9f-0c8851a7f9fe req-b8417015-d922-4da2-bf9f-0c8851a7f9fe ] Request (ServersListShow298Test:test_list_show_update_rebuild_server_298): 200 GET http://10.180.1.21/compute/v2.1/servers/52dd36de-05c4-482e-9df9-c117e8906b2b 0.116s
2025-04-16 23:41:19.966 69739 INFO tempest.lib.common.rest_client [req-4ce315be-14df-4abf-a541-a056a0afe28d req-4ce315be-14df-4abf-a541-a056a0afe28d ] Request (ServerActionsTestOtherA:setUpClass): 201 POST http://10.180.1.21:9696/networking/v2.0/floatingips 0.904s
2025-04-16 23:41:19.991 69736 INFO tempest.lib.common.rest_client [req-ea903592-1136-4449-9a99-d3b1abc65629 req-ea903592-1136-4449-9a99-d3b1abc65629 ] Request (ImagesOneServerTestJSON:test_create_delete_image): 200 GET http://10.180.1.21/compute/v2.1/servers/9fbb3f83-183f-4e62-bf3e-48cc5431258f 0.220s
2025-04-16 23:41:20.020 69739 INFO tempest.lib.common.rest_client [req-b77a251e-a857-4c6a-b897-20b999db7d78 req-b77a251e-a857-4c6a-b897-20b999db7d78 ] Request (ServerActionsTestOtherA:setUpClass): 201 POST http://10.180.1.21/identity/v3/auth/tokens 0.051s
2025-04-16 23:41:20.020 69739 INFO tempest.lib.common.fixed_network [-] (ServerActionsTestOtherA:setUpClass) Found network {'id': 'c91e48bf-447c-4d3b-9b39-4682e675c3bb', 'name': 'tempest-ServerActionsTestOtherA-440598981-network', 'tenant_id': 'b1390634bc5d43d2bd1beb23d5cd5375', 'admin_state_up': True, 'mtu': 8950, 'status': 'ACTIVE', 'subnets': [], 'shared': False, 'project_id': 'b1390634bc5d43d2bd1beb23d5cd5375', 'port_security_enabled': True, 'router:external': False, 'provider:network_type': 'vlan', 'provider:physical_network': 'default', 'provider:segmentation_id': 339, 'availability_zone_hints': [], 'availability_zones': [], 'ipv4_address_scope': None, 'ipv6_address_scope': None, 'description': '', 'tags': [], 'created_at': '2025-04-16T23:41:15Z', 'updated_at': '2025-04-16T23:41:15Z', 'revision_number': 1} available for tenant
2025-04-16 23:41:20.029 69698 INFO tempest.lib.common.rest_client [req-0ba1fb1e-1f45-4655-a84d-5e33c8d6d5b0 req-0ba1fb1e-1f45-4655-a84d-5e33c8d6d5b0 ] Request (ServersTestMultiNic:test_verify_duplicate_network_nics): 200 GET http://10.180.1.21/compute/v2.1/servers/0c3e8051-8c92-4c49-ba19-f4f3bc00dbc1 0.127s
2025-04-16 23:41:20.059 69692 INFO tempest.lib.common.rest_client [req-4a25056f-99a5-4241-88b9-579f13eb7d1e req-4a25056f-99a5-4241-88b9-579f13eb7d1e ] Request (ImagesTestJSON:test_create_image_from_suspended_server): 200 GET http://10.180.1.21/compute/v2.1/servers/126b7d32-2031-47e5-8601-29ec76a05c6c 0.065s
2025-04-16 23:41:20.129 69716 INFO tempest.lib.common.rest_client [req-b5836722-be90-4ad1-bcb7-b0d31227259d req-b5836722-be90-4ad1-bcb7-b0d31227259d ] Request (ServerAddressesNegativeTestJSON:tearDownClass): 200 PUT http://10.180.1.21:9696/networking/v2.0/routers/fc3e875d-1e8f-4228-a049-bad245dff129/remove_router_interface 1.216s
2025-04-16 23:41:20.280 69690 INFO tempest.lib.common.rest_client [req-3dbdb545-80bf-43cb-b2eb-ce19ee4a5f3a req-3dbdb545-80bf-43cb-b2eb-ce19ee4a5f3a ] Request (ServersAdminNegativeTestJSON:setUpClass): 200 GET http://10.180.1.21/compute/v2.1/servers/ac289b71-5a99-4a03-af24-e6843166dfd1 0.254s
2025-04-16 23:41:20.319 69722 INFO tempest.lib.common.rest_client [req-6dda7085-2899-4324-83f0-a2150aaf94f5 req-6dda7085-2899-4324-83f0-a2150aaf94f5 ] Request (VolumesAssistedSnapshotsTest:test_volume_assisted_snapshot_create_delete): 200 GET http://10.180.1.21/volume/v3/volumes/190d92ab-fa64-443b-86be-933c1dc79c68 0.041s
2025-04-16 23:41:20.368 69726 INFO tempest.lib.common.rest_client [req-72fe2011-cb0b-4157-b09f-4c42b62ae071 req-72fe2011-cb0b-4157-b09f-4c42b62ae071 ] Request (ImagesOneServerNegativeTestJSON:_run_cleanups): 200 GET http://10.180.1.21/compute/v2.1/servers/f6b3dab5-04f1-4db5-b4b2-74af69f5c966 0.307s
2025-04-16 23:41:20.441 69732 INFO tempest.lib.common.rest_client [req-5d9937b2-58e4-4d29-810a-923143366ed5 req-5d9937b2-58e4-4d29-810a-923143366ed5 ] Request (ListServerFiltersTestJSON:tearDownClass): 200 GET http://10.180.1.21/compute/v2.1/servers/ca27cd4c-aee5-4d9e-8c50-20c7a6fad03e 0.338s
2025-04-16 23:41:20.495 69688 INFO tempest.lib.common.rest_client [req-bd4d109b-3199-4049-bb0a-7b0f8b28a73f req-bd4d109b-3199-4049-bb0a-7b0f8b28a73f ] Request (ServersTestFqdnHostnames:test_create_server_with_fqdn_name): 200 GET http://10.180.1.21/compute/v2.1/servers/bdcd53fc-2733-4e88-8e45-1dcf23f3609d 0.340s
2025-04-16 23:41:20.534 69739 INFO tempest.lib.common.rest_client [req-ca9b281e-b7cd-44ff-b081-13ac069775d4 req-ca9b281e-b7cd-44ff-b081-13ac069775d4 ] Request (ServerActionsTestOtherA:setUpClass): 202 POST http://10.180.1.21/compute/v2.1/servers 0.513s
2025-04-16 23:41:20.585 69720 INFO tempest.lib.common.rest_client [req-ce881672-d150-4612-9693-b454562f499c req-ce881672-d150-4612-9693-b454562f499c ] Request (AttachInterfacesV270Test:tearDownClass): 200 GET http://10.180.1.21/compute/v2.1/servers/b19f9838-1483-4324-9039-92cf6737f88e 0.346s
2025-04-16 23:41:20.627 69709 INFO tempest.lib.common.rest_client [req-40c0eb5b-5cb6-4a0d-ad5b-15d3c0d5779f req-40c0eb5b-5cb6-4a0d-ad5b-15d3c0d5779f ] Request (ListServersNegativeTestJSON:setUpClass): 200 GET http://10.180.1.21/compute/v2.1/servers/fabfc95e-0186-4a67-9d10-61eeb2e56640 0.387s
2025-04-16 23:41:20.642 69746 INFO tempest.lib.common.rest_client [req-345f9c60-9eb0-470e-9eb3-48f7609fa35d req-345f9c60-9eb0-470e-9eb3-48f7609fa35d ] Request (FloatingIPsAssociationTestJSON:test_associate_already_associated_floating_ip): 200 GET http://10.180.1.21/compute/v2.1/servers/c39e4547-8e68-48d8-905b-520f917aa763 0.334s
2025-04-16 23:41:20.657 69716 INFO tempest.lib.common.rest_client [req-cb687329-c3ad-4fe5-93e6-2c1b9ab3dd88 req-cb687329-c3ad-4fe5-93e6-2c1b9ab3dd88 ] Request (ServerAddressesNegativeTestJSON:tearDownClass): 204 DELETE http://10.180.1.21:9696/networking/v2.0/routers/fc3e875d-1e8f-4228-a049-bad245dff129 0.528s
2025-04-16 23:41:20.689 69714 INFO tempest.lib.common.rest_client [req-de0de523-c3f8-4a33-97a5-257145f14602 req-de0de523-c3f8-4a33-97a5-257145f14602 ] Request (ServersTestJSON:test_create_server_with_ipv6_addr_only): 200 GET http://10.180.1.21/compute/v2.1/servers/5cff61ed-95d2-4d54-b1ad-1afeee2641fb 0.320s
2025-04-16 23:41:20.698 69686 INFO tempest.lib.common.rest_client [req-77f99cdd-ec4a-45c2-87d3-3db33af9e388 req-77f99cdd-ec4a-45c2-87d3-3db33af9e388 ] Request (ServerExternalEventsTest:test_create_server_external_events): 200 GET http://10.180.1.21/compute/v2.1/servers/3de0cb15-65d2-4896-abe4-6d6546a03341 0.301s
2025-04-16 23:41:20.741 69740 INFO tempest.lib.common.rest_client [req-7d099359-237f-4ca0-9b79-cae5aeeea19d req-7d099359-237f-4ca0-9b79-cae5aeeea19d ] Request (ServersAdminTestJSON:test_inject_network_info): 200 GET http://10.180.1.21/compute/v2.1/servers/43f0d345-d519-4ab3-80a9-4af262e02c5e 0.299s
2025-04-16 23:41:20.758 69684 INFO tempest.lib.common.rest_client [req-ab3c81d0-8003-4c76-8374-c7872f28d56f req-ab3c81d0-8003-4c76-8374-c7872f28d56f ] Request (ServersTestManualDisk:tearDownClass): 200 GET http://10.180.1.21/compute/v2.1/servers/f5243452-580d-4894-8402-66c53ea540c4 0.285s
2025-04-16 23:41:20.765 69684 INFO tempest.common.waiters [-] State transition "ACTIVE/deleting" ==> "DELETED/None" after 5 second wait
2025-04-16 23:41:20.795 69739 INFO tempest.lib.common.rest_client [req-3cf01827-57be-4d0a-b9b8-8bb37134fb2b req-3cf01827-57be-4d0a-b9b8-8bb37134fb2b ] Request (ServerActionsTestOtherA:setUpClass): 200 GET http://10.180.1.21/compute/v2.1/servers/54494c65-4118-4c3d-8af2-cd772b783e1f 0.258s
2025-04-16 23:41:20.800 69696 INFO tempest.lib.common.rest_client [req-c949d6e5-3642-41f6-9953-253d0d97ec9f req-c949d6e5-3642-41f6-9953-253d0d97ec9f ] Request (ServerDiskConfigTestJSON:test_rebuild_server_with_auto_disk_config): 200 GET http://10.180.1.21/compute/v2.1/servers/b2fdbbb6-3af6-4d61-a74b-eaa96705e1f2 0.282s
2025-04-16 23:41:20.820 69716 INFO tempest.lib.common.rest_client [req-04721099-8289-4987-b72c-89964c3aed00 req-04721099-8289-4987-b72c-89964c3aed00 ] Request (ServerAddressesNegativeTestJSON:tearDownClass): 204 DELETE http://10.180.1.21:9696/networking/v2.0/subnets/49d1379a-b945-45fc-ada4-768dfea3a426 0.163s
2025-04-16 23:41:20.854 69700 INFO tempest.lib.common.rest_client [req-9a8b1572-dbff-45de-8c60-b6660f253cd1 req-9a8b1572-dbff-45de-8c60-b6660f253cd1 ] Request (ServerActionsTestOtherB:setUpClass): 200 GET http://10.180.1.21/compute/v2.1/servers/07629f5e-e1b1-4aab-b422-8924b572449b 0.276s
2025-04-16 23:41:20.854 69724 INFO tempest.lib.common.rest_client [req-0cf52c00-e9bd-46f1-b15e-86c8118111eb req-0cf52c00-e9bd-46f1-b15e-86c8118111eb ] Request (ServerShowV254Test:test_rebuild_server): 200 GET http://10.180.1.21/compute/v2.1/servers/886cc949-7105-4dd5-a7fc-7bbc0390595d 0.316s
2025-04-16 23:41:20.906 69704 INFO tempest.lib.common.rest_client [req-c5145d68-0e1e-40fe-9f3b-bbefb714adfe req-c5145d68-0e1e-40fe-9f3b-bbefb714adfe ] Request (MigrationsAdminTest:test_resize_server_revert_deleted_flavor): 200 GET http://10.180.1.21/compute/v2.1/servers/db7108fa-22fd-466f-ba5b-0a33046105d4 0.262s
2025-04-16 23:41:20.962 69712 INFO tempest.lib.common.rest_client [req-ba0d1165-9bdb-4804-b9d2-28914d3a9e41 req-ba0d1165-9bdb-4804-b9d2-28914d3a9e41 ] Request (DeleteServersAdminTestJSON:test_delete_server_while_in_error_state): 200 GET http://10.180.1.21/compute/v2.1/servers/d427aa83-edf4-44e5-a860-36e1184ea51f 0.280s
2025-04-16 23:41:20.969 69702 INFO tempest.lib.common.rest_client [req-7100773e-7dd1-4a87-a55f-dc471cc91fba req-7100773e-7dd1-4a87-a55f-dc471cc91fba ] Request (ServersNegativeTestMultiTenantJSON:setUpClass): 200 GET http://10.180.1.21/compute/v2.1/servers/81f0f421-a960-4ce4-964d-86e334c66838 0.229s
2025-04-16 23:41:21.022 69706 INFO tempest.lib.common.rest_client [req-c3fc531d-1273-4848-a68f-feae4f41a1aa req-c3fc531d-1273-4848-a68f-feae4f41a1aa ] Request (ServersListShow2100Test:test_list_show_rebuild_update_server_2100): 200 GET http://10.180.1.21/compute/v2.1/servers/4500afcc-0f0a-4dd9-ab54-893acc7cedc7 0.259s
2025-04-16 23:41:21.027 69718 INFO tempest.lib.common.rest_client [req-77d77b0b-ff12-4f12-81a1-b4bf45e52788 req-77d77b0b-ff12-4f12-81a1-b4bf45e52788 ] Request (AttachInterfacesTestJSON:test_create_list_show_delete_interfaces_by_fixed_ip): 200 GET http://10.180.1.21/compute/v2.1/servers/ba25f42e-945b-4884-9fca-fecf9a2d294c 0.218s
2025-04-16 23:41:21.093 69729 INFO tempest.lib.common.rest_client [req-89bc4198-8a15-4a11-bb23-9b88faf23850 req-89bc4198-8a15-4a11-bb23-9b88faf23850 ] Request (FloatingIPsAssociationNegativeTestJSON:tearDownClass): 200 GET http://10.180.1.21/compute/v2.1/servers/5ef85594-2bab-4068-b93f-b725bdc4681e 0.225s
2025-04-16 23:41:21.103 69730 INFO tempest.lib.common.rest_client [req-d6df3218-60ae-4852-98be-d91bc23f061c req-d6df3218-60ae-4852-98be-d91bc23f061c ] Request (ServersListShow298Test:test_list_show_update_rebuild_server_298): 200 GET http://10.180.1.21/compute/v2.1/servers/52dd36de-05c4-482e-9df9-c117e8906b2b 0.160s
2025-04-16 23:41:21.112 69716 INFO tempest.lib.common.rest_client [req-d711665b-760a-4b4d-98b4-f3d4c27d3e84 req-d711665b-760a-4b4d-98b4-f3d4c27d3e84 ] Request (ServerAddressesNegativeTestJSON:tearDownClass): 204 DELETE http://10.180.1.21:9696/networking/v2.0/networks/ef93c84b-e70a-4cd3-a5d9-40b45bfb15dd 0.292s
2025-04-16 23:41:21.150 69698 INFO tempest.lib.common.rest_client [req-3e18215f-b162-42ce-826c-f668ee20ad87 req-3e18215f-b162-42ce-826c-f668ee20ad87 ] Request (ServersTestMultiNic:test_verify_duplicate_network_nics): 200 GET http://10.180.1.21/compute/v2.1/servers/0c3e8051-8c92-4c49-ba19-f4f3bc00dbc1 0.113s
2025-04-16 23:41:21.197 69716 INFO tempest.lib.common.rest_client [req-32593b0d-ef1b-47c1-903a-22bbac0d0373 req-32593b0d-ef1b-47c1-903a-22bbac0d0373 ] Request (ServerAddressesNegativeTestJSON:tearDownClass): 204 DELETE http://10.180.1.21/identity/v3/users/9f710d4b4f5649889371608037159a42 0.084s
2025-04-16 23:41:21.197 69716 INFO tempest.lib.common.dynamic_creds [-] Deleting project and security group for project: e95bc091919742fabb693fd3f0a9d0ff
2025-04-16 23:41:21.217 69692 INFO tempest.lib.common.rest_client [req-a868aba4-9d6b-46dd-b464-3be3c64d76ec req-a868aba4-9d6b-46dd-b464-3be3c64d76ec ] Request (ImagesTestJSON:test_create_image_from_suspended_server): 200 GET http://10.180.1.21/compute/v2.1/servers/126b7d32-2031-47e5-8601-29ec76a05c6c 0.148s
2025-04-16 23:41:21.235 69736 INFO tempest.lib.common.rest_client [req-caf11ca1-1a63-45b5-9eb7-d824ae04fd3b req-caf11ca1-1a63-45b5-9eb7-d824ae04fd3b ] Request (ImagesOneServerTestJSON:test_create_delete_image): 200 GET http://10.180.1.21/compute/v2.1/servers/9fbb3f83-183f-4e62-bf3e-48cc5431258f 0.232s
2025-04-16 23:41:21.236 69716 INFO tempest.lib.common.rest_client [req-f6e6275a-9703-4015-bbac-6298d7bd8ff6 req-f6e6275a-9703-4015-bbac-6298d7bd8ff6 ] Request (ServerAddressesNegativeTestJSON:tearDownClass): 200 GET http://10.180.1.21:9696/networking/v2.0/security-groups?tenant_id=e95bc091919742fabb693fd3f0a9d0ff&name=default 0.038s
2025-04-16 23:41:21.328 69716 INFO tempest.lib.common.rest_client [req-d768e278-a6ef-46b3-9eb3-e1be4e7b512c req-d768e278-a6ef-46b3-9eb3-e1be4e7b512c ] Request (ServerAddressesNegativeTestJSON:tearDownClass): 204 DELETE http://10.180.1.21:9696/networking/v2.0/security-groups/46002bc2-9685-44d1-a0f5-f9a4ebc7e375 0.092s
2025-04-16 23:41:21.423 69690 INFO tempest.lib.common.rest_client [req-7477ba49-4f25-45af-8d32-93216493cb60 req-7477ba49-4f25-45af-8d32-93216493cb60 ] Request (ServersAdminNegativeTestJSON:setUpClass): 200 GET http://10.180.1.21/compute/v2.1/servers/ac289b71-5a99-4a03-af24-e6843166dfd1 0.125s
2025-04-16 23:41:21.430 69726 INFO tempest.lib.common.rest_client [req-f80ee473-74c9-4e81-99a6-41362b2c52ae req-f80ee473-74c9-4e81-99a6-41362b2c52ae ] Request (ImagesOneServerNegativeTestJSON:_run_cleanups): 200 GET http://10.180.1.21/compute/v2.1/servers/f6b3dab5-04f1-4db5-b4b2-74af69f5c966 0.053s
2025-04-16 23:41:21.440 69716 INFO tempest.lib.common.rest_client [req-898b2721-f47c-4fcc-a466-ef93cd80f3c4 req-898b2721-f47c-4fcc-a466-ef93cd80f3c4 ] Request (ServerAddressesNegativeTestJSON:tearDownClass): 204 DELETE http://10.180.1.21/identity/v3/projects/e95bc091919742fabb693fd3f0a9d0ff 0.112s
2025-04-16 23:41:21.441 69716 INFO tempest.test [-] raised in ServerPersonalityTestJSON.setUpClass. Invoking tearDownClass.
2025-04-16 23:41:21.497 69722 INFO tempest.lib.common.rest_client [req-5139ad85-5fcc-45ba-867a-9fbb5c80cef8 req-5139ad85-5fcc-45ba-867a-9fbb5c80cef8 ] Request (VolumesAssistedSnapshotsTest:test_volume_assisted_snapshot_create_delete): 200 GET http://10.180.1.21/volume/v3/volumes/190d92ab-fa64-443b-86be-933c1dc79c68 0.169s
2025-04-16 23:41:21.514 69716 INFO tempest.lib.common.rest_client [req-469d9e3d-52bd-4ec2-8bf5-ab5012dbb77c req-469d9e3d-52bd-4ec2-8bf5-ab5012dbb77c ] Request (ComputeTenantNetworksTest:setUpClass): 201 POST http://10.180.1.21/identity/v3/auth/tokens 0.070s
2025-04-16 23:41:21.520 69732 INFO tempest.lib.common.rest_client [req-b4077a23-9046-4bbc-8494-183dd12903e5 req-b4077a23-9046-4bbc-8494-183dd12903e5 ] Request (ListServerFiltersTestJSON:tearDownClass): 200 GET http://10.180.1.21/compute/v2.1/servers/ca27cd4c-aee5-4d9e-8c50-20c7a6fad03e 0.067s
2025-04-16 23:41:21.544 69716 INFO tempest.lib.common.rest_client [req-d342b01a-c67a-4ad1-89e9-62902be6e84c req-d342b01a-c67a-4ad1-89e9-62902be6e84c ] Request (ComputeTenantNetworksTest:setUpClass): 201 POST http://10.180.1.21/identity/v3/auth/tokens 0.027s
2025-04-16 23:41:21.561 69688 INFO tempest.lib.common.rest_client [req-f20a39ef-4605-4d6d-bf00-502ce762a581 req-f20a39ef-4605-4d6d-bf00-502ce762a581 ] Request (ServersTestFqdnHostnames:test_create_server_with_fqdn_name): 200 GET http://10.180.1.21/compute/v2.1/servers/bdcd53fc-2733-4e88-8e45-1dcf23f3609d 0.055s
2025-04-16 23:41:21.574 69716 INFO tempest.lib.common.rest_client [req-3432867c-715c-4663-8ac7-bf224c5689aa req-3432867c-715c-4663-8ac7-bf224c5689aa ] Request (ComputeTenantNetworksTest:setUpClass): 200 GET http://10.180.1.21/identity/v3/domains?name=Default 0.029s
2025-04-16 23:41:21.602 69716 INFO tempest.lib.common.rest_client [req-e7cb96d0-be74-4f00-93e8-5b1c52b5ab1d req-e7cb96d0-be74-4f00-93e8-5b1c52b5ab1d ] Request (ComputeTenantNetworksTest:setUpClass): 201 POST http://10.180.1.21/identity/v3/projects 0.028s
2025-04-16 23:41:21.674 69716 INFO tempest.lib.common.rest_client [req-dd5a34a6-f496-41d8-bf39-ed9f996b800e req-dd5a34a6-f496-41d8-bf39-ed9f996b800e ] Request (ComputeTenantNetworksTest:setUpClass): 201 POST http://10.180.1.21/identity/v3/users 0.071s
2025-04-16 23:41:21.695 69716 INFO tempest.lib.common.rest_client [req-78dcc958-1022-4da0-b81e-7b7e78831053 req-78dcc958-1022-4da0-b81e-7b7e78831053 ] Request (ComputeTenantNetworksTest:setUpClass): 200 GET http://10.180.1.21/identity/v3/roles 0.020s
2025-04-16 23:41:21.695 69720 INFO tempest.lib.common.rest_client [req-e6523ed3-aee0-47f5-b765-38192413b43f req-e6523ed3-aee0-47f5-b765-38192413b43f ] Request (AttachInterfacesV270Test:tearDownClass): 200 GET http://10.180.1.21/compute/v2.1/servers/b19f9838-1483-4324-9039-92cf6737f88e 0.098s
2025-04-16 23:41:21.703 69709 INFO tempest.lib.common.rest_client [req-b828111d-707d-4629-a5f5-029ee8fc2dfb req-b828111d-707d-4629-a5f5-029ee8fc2dfb ] Request (ListServersNegativeTestJSON:setUpClass): 200 GET http://10.180.1.21/compute/v2.1/servers/fabfc95e-0186-4a67-9d10-61eeb2e56640 0.067s
2025-04-16 23:41:21.710 69709 INFO tempest.common.waiters [-] State transition "ACTIVE/deleting" ==> "DELETED/None" after 4 second wait
2025-04-16 23:41:21.728 69716 INFO tempest.lib.common.rest_client [req-3825a6cd-1d0d-461e-867f-a3dca074af38 req-3825a6cd-1d0d-461e-867f-a3dca074af38 ] Request (ComputeTenantNetworksTest:setUpClass): 204 PUT http://10.180.1.21/identity/v3/projects/38398cb6062441dc8a2fa66d3f33147f/users/fc08668b1f5c46a4a747f3026885c75f/roles/db2d86fcd64841d59789ff79397c4994 0.033s
2025-04-16 23:41:21.728 69716 INFO tempest.lib.common.dynamic_creds [-] Dynamic test user fc08668b1f5c46a4a747f3026885c75f is created with scope project and roles: ['member']
2025-04-16 23:41:21.729 69716 INFO tempest.lib.common.dynamic_creds [-] Acquired dynamic creds: credentials: Credentials: {'domain_id': 'default', 'domain_name': 'Default', 'username': 'tempest-ComputeTenantNetworksTest-50025169-project-member', 'project_domain_id': 'default', 'project_domain_name': 'Default', 'project_id': '38398cb6062441dc8a2fa66d3f33147f', 'project_name': 'tempest-ComputeTenantNetworksTest-50025169', 'tenant_id': '38398cb6062441dc8a2fa66d3f33147f', 'tenant_name': 'tempest-ComputeTenantNetworksTest-50025169', 'user_domain_id': 'default', 'user_domain_name': 'Default', 'user_id': 'fc08668b1f5c46a4a747f3026885c75f', 'system': None}, Network: None, Subnet: None, Router: None
2025-04-16 23:41:21.750 69746 INFO tempest.lib.common.rest_client [req-0fa1b09f-d0e8-49bb-88e3-1cb83707b6ca req-0fa1b09f-d0e8-49bb-88e3-1cb83707b6ca ] Request (FloatingIPsAssociationTestJSON:test_associate_already_associated_floating_ip): 200 GET http://10.180.1.21/compute/v2.1/servers/c39e4547-8e68-48d8-905b-520f917aa763 0.092s
2025-04-16 23:41:21.759 69714 INFO tempest.lib.common.rest_client [req-e50a22c4-20aa-4aad-89c1-53f8bf8211ba req-e50a22c4-20aa-4aad-89c1-53f8bf8211ba ] Request (ServersTestJSON:test_create_server_with_ipv6_addr_only): 200 GET http://10.180.1.21/compute/v2.1/servers/5cff61ed-95d2-4d54-b1ad-1afeee2641fb 0.062s
2025-04-16 23:41:21.804 69686 INFO tempest.lib.common.rest_client [req-10e24735-f1ac-4928-abb1-739f17b00ba8 req-10e24735-f1ac-4928-abb1-739f17b00ba8 ] Request (ServerExternalEventsTest:test_create_server_external_events): 200 GET http://10.180.1.21/compute/v2.1/servers/3de0cb15-65d2-4896-abe4-6d6546a03341 0.096s
2025-04-16 23:41:21.805 69716 INFO tempest.lib.common.rest_client [req-4b087b9a-d80c-4541-b19b-fa2f3a1d73af req-4b087b9a-d80c-4541-b19b-fa2f3a1d73af ] Request (ComputeTenantNetworksTest:setUpClass): 201 POST http://10.180.1.21/identity/v3/auth/tokens 0.076s
2025-04-16 23:41:21.818 69740 INFO tempest.lib.common.rest_client [req-4404ab75-90ca-44ee-864c-06ab677eba6e req-4404ab75-90ca-44ee-864c-06ab677eba6e ] Request (ServersAdminTestJSON:test_inject_network_info): 200 GET http://10.180.1.21/compute/v2.1/servers/43f0d345-d519-4ab3-80a9-4af262e02c5e 0.068s
2025-04-16 23:41:21.861 69684 INFO tempest.lib.common.rest_client [req-3cf0eed5-67e9-406f-a1b2-1081acdac18f req-3cf0eed5-67e9-406f-a1b2-1081acdac18f ] Request (ServersTestManualDisk:tearDownClass): 200 GET http://10.180.1.21/compute/v2.1/servers/f5243452-580d-4894-8402-66c53ea540c4 0.091s
2025-04-16 23:41:21.868 69739 INFO tempest.lib.common.rest_client [req-ba575419-6e2b-451a-b366-8ba889934c57 req-ba575419-6e2b-451a-b366-8ba889934c57 ] Request (ServerActionsTestOtherA:setUpClass): 200 GET http://10.180.1.21/compute/v2.1/servers/54494c65-4118-4c3d-8af2-cd772b783e1f 0.064s
