2025-04-16 23:41:21.912 69696 INFO tempest.lib.common.rest_client [req-e14aad45-7d9e-4a02-a01c-9c047fd21160 req-e14aad45-7d9e-4a02-a01c-9c047fd21160 ] Request (ServerDiskConfigTestJSON:test_rebuild_server_with_auto_disk_config): 200 GET http://10.180.1.21/compute/v2.1/servers/b2fdbbb6-3af6-4d61-a74b-eaa96705e1f2 0.102s
2025-04-16 23:41:21.920 69700 INFO tempest.lib.common.rest_client [req-194ee572-8c82-4f92-a98a-1a80187c2a81 req-194ee572-8c82-4f92-a98a-1a80187c2a81 ] Request (ServerActionsTestOtherB:setUpClass): 200 GET http://10.180.1.21/compute/v2.1/servers/07629f5e-e1b1-4aab-b422-8924b572449b 0.057s
2025-04-16 23:41:21.966 69704 INFO tempest.lib.common.rest_client [req-5a0392f9-7d7d-4d87-ad9d-c6f9eeba0328 req-5a0392f9-7d7d-4d87-ad9d-c6f9eeba0328 ] Request (MigrationsAdminTest:test_resize_server_revert_deleted_flavor): 200 GET http://10.180.1.21/compute/v2.1/servers/db7108fa-22fd-466f-ba5b-0a33046105d4 0.051s
2025-04-16 23:41:21.968 69724 INFO tempest.lib.common.rest_client [req-c2fa9974-817d-4b53-b4eb-a17b3cee34cd req-c2fa9974-817d-4b53-b4eb-a17b3cee34cd ] Request (ServerShowV254Test:test_rebuild_server): 200 GET http://10.180.1.21/compute/v2.1/servers/886cc949-7105-4dd5-a7fc-7bbc0390595d 0.105s
2025-04-16 23:41:22.029 69702 INFO tempest.lib.common.rest_client [req-88bf4755-b093-4eca-911d-db26aaf1af80 req-88bf4755-b093-4eca-911d-db26aaf1af80 ] Request (ServersNegativeTestMultiTenantJSON:setUpClass): 200 GET http://10.180.1.21/compute/v2.1/servers/81f0f421-a960-4ce4-964d-86e334c66838 0.051s
2025-04-16 23:41:22.064 69716 INFO tempest.lib.common.rest_client [req-bf978c7a-6721-47a8-99db-6cd6b8ff933a req-bf978c7a-6721-47a8-99db-6cd6b8ff933a ] Request (ComputeTenantNetworksTest:setUpClass): 201 POST http://10.180.1.21:9696/networking/v2.0/networks 0.258s
2025-04-16 23:41:22.064 69716 INFO tempest.lib.common.dynamic_creds [-] Created isolated network resources for: credentials: Credentials: {'domain_id': 'default', 'domain_name': 'Default', 'username': 'tempest-ComputeTenantNetworksTest-50025169-project-member', 'project_domain_id': 'default', 'project_domain_name': 'Default', 'project_id': '38398cb6062441dc8a2fa66d3f33147f', 'project_name': 'tempest-ComputeTenantNetworksTest-50025169', 'tenant_id': '38398cb6062441dc8a2fa66d3f33147f', 'tenant_name': 'tempest-ComputeTenantNetworksTest-50025169', 'user_domain_id': 'default', 'user_domain_name': 'Default', 'user_id': 'fc08668b1f5c46a4a747f3026885c75f', 'system': None}, Network: {'id': '18bc6032-842c-45c9-9cd0-d7d3e8744752', 'name': 'tempest-ComputeTenantNetworksTest-1673247169-network', 'tenant_id': '38398cb6062441dc8a2fa66d3f33147f', 'admin_state_up': True, 'mtu': 8950, 'status': 'ACTIVE', 'subnets': [], 'shared': False, 'project_id': '38398cb6062441dc8a2fa66d3f33147f', 'port_security_enabled': True, 'router:external': False, 'provider:network_type': 'vlan', 'provider:physical_network': 'default', 'provider:segmentation_id': 317, 'availability_zone_hints': [], 'availability_zones': [], 'ipv4_address_scope': None, 'ipv6_address_scope': None, 'description': '', 'tags': [], 'created_at': '2025-04-16T23:41:21Z', 'updated_at': '2025-04-16T23:41:22Z', 'revision_number': 1}, Subnet: None, Router: None
2025-04-16 23:41:22.084 69712 INFO tempest.lib.common.rest_client [req-cde9c089-bbfc-4017-8082-f1791f3d040b req-cde9c089-bbfc-4017-8082-f1791f3d040b ] Request (DeleteServersAdminTestJSON:test_delete_server_while_in_error_state): 200 GET http://10.180.1.21/compute/v2.1/servers/d427aa83-edf4-44e5-a860-36e1184ea51f 0.114s
2025-04-16 23:41:22.085 69718 INFO tempest.lib.common.rest_client [req-f8acf2f3-fd09-4202-9c5a-02bd3569bc20 req-f8acf2f3-fd09-4202-9c5a-02bd3569bc20 ] Request (AttachInterfacesTestJSON:test_create_list_show_delete_interfaces_by_fixed_ip): 200 GET http://10.180.1.21/compute/v2.1/servers/ba25f42e-945b-4884-9fca-fecf9a2d294c 0.051s
2025-04-16 23:41:22.092 69718 INFO tempest.common.waiters [-] State transition "BUILD/None" ==> "BUILD/networking" after 73 second wait
2025-04-16 23:41:22.130 69716 INFO tempest.lib.common.rest_client [req-f02b2b3b-699c-4e90-a8dc-07d34c887c1d req-f02b2b3b-699c-4e90-a8dc-07d34c887c1d ] Request (ComputeTenantNetworksTest:setUpClass): 201 POST http://10.180.1.21/identity/v3/auth/tokens 0.062s
2025-04-16 23:41:22.143 69706 INFO tempest.lib.common.rest_client [req-ff0c637b-084d-42ff-8e25-0b2e124146f4 req-ff0c637b-084d-42ff-8e25-0b2e124146f4 ] Request (ServersListShow2100Test:test_list_show_rebuild_update_server_2100): 200 GET http://10.180.1.21/compute/v2.1/servers/4500afcc-0f0a-4dd9-ab54-893acc7cedc7 0.104s
2025-04-16 23:41:22.157 69729 INFO tempest.lib.common.rest_client [req-a7e77c2c-cd38-428d-8d6f-1632a50bd162 req-a7e77c2c-cd38-428d-8d6f-1632a50bd162 ] Request (FloatingIPsAssociationNegativeTestJSON:tearDownClass): 200 GET http://10.180.1.21/compute/v2.1/servers/5ef85594-2bab-4068-b93f-b725bdc4681e 0.056s
2025-04-16 23:41:22.165 69716 INFO tempest.lib.common.rest_client [req-451350d7-5ab7-47d8-80c2-e8bf432acd0f req-451350d7-5ab7-47d8-80c2-e8bf432acd0f ] Request (ComputeTenantNetworksTest:setUpClass): 201 POST http://10.180.1.21/identity/v3/auth/tokens 0.032s
2025-04-16 23:41:22.165 69716 INFO tempest.lib.common.fixed_network [-] (ComputeTenantNetworksTest:setUpClass) Found network {'id': '18bc6032-842c-45c9-9cd0-d7d3e8744752', 'name': 'tempest-ComputeTenantNetworksTest-1673247169-network', 'tenant_id': '38398cb6062441dc8a2fa66d3f33147f', 'admin_state_up': True, 'mtu': 8950, 'status': 'ACTIVE', 'subnets': [], 'shared': False, 'project_id': '38398cb6062441dc8a2fa66d3f33147f', 'port_security_enabled': True, 'router:external': False, 'provider:network_type': 'vlan', 'provider:physical_network': 'default', 'provider:segmentation_id': 317, 'availability_zone_hints': [], 'availability_zones': [], 'ipv4_address_scope': None, 'ipv6_address_scope': None, 'description': '', 'tags': [], 'created_at': '2025-04-16T23:41:21Z', 'updated_at': '2025-04-16T23:41:22Z', 'revision_number': 1} available for tenant
2025-04-16 23:41:22.206 69730 INFO tempest.lib.common.rest_client [req-a7549d50-62cb-49a3-93c0-61fead633f9a req-a7549d50-62cb-49a3-93c0-61fead633f9a ] Request (ServersListShow298Test:test_list_show_update_rebuild_server_298): 200 GET http://10.180.1.21/compute/v2.1/servers/52dd36de-05c4-482e-9df9-c117e8906b2b 0.088s
2025-04-16 23:41:22.219 69698 INFO tempest.lib.common.rest_client [req-e0f5bd5c-5ffc-4e27-b082-a72725ee75cb req-e0f5bd5c-5ffc-4e27-b082-a72725ee75cb ] Request (ServersTestMultiNic:test_verify_duplicate_network_nics): 200 GET http://10.180.1.21/compute/v2.1/servers/0c3e8051-8c92-4c49-ba19-f4f3bc00dbc1 0.061s
2025-04-16 23:41:22.291 69692 INFO tempest.lib.common.rest_client [req-318f9cc9-8360-4bdd-a275-a53b54b803cc req-318f9cc9-8360-4bdd-a275-a53b54b803cc ] Request (ImagesTestJSON:test_create_image_from_suspended_server): 200 GET http://10.180.1.21/compute/v2.1/servers/126b7d32-2031-47e5-8601-29ec76a05c6c 0.065s
2025-04-16 23:41:22.333 69716 INFO tempest.lib.common.rest_client [req-f723ecdd-551b-4364-b242-be42da9c0cb2 req-f723ecdd-551b-4364-b242-be42da9c0cb2 ] Request (ComputeTenantNetworksTest:test_list_show_tenant_networks): 200 GET http://10.180.1.21/compute/v2.1/os-tenant-networks 0.166s
2025-04-16 23:41:22.376 69716 INFO tempest.lib.common.rest_client [req-272e5361-0ac1-486c-b950-1e4952cf1b5f req-272e5361-0ac1-486c-b950-1e4952cf1b5f ] Request (ComputeTenantNetworksTest:test_list_show_tenant_networks): 200 GET http://10.180.1.21/compute/v2.1/os-tenant-networks/18bc6032-842c-45c9-9cd0-d7d3e8744752 0.042s
2025-04-16 23:41:22.423 69736 INFO tempest.lib.common.rest_client [req-c726ddf8-ac05-4822-88cd-3fb7bf21d9e6 req-c726ddf8-ac05-4822-88cd-3fb7bf21d9e6 ] Request (ImagesOneServerTestJSON:test_create_delete_image): 200 GET http://10.180.1.21/compute/v2.1/servers/9fbb3f83-183f-4e62-bf3e-48cc5431258f 0.179s
2025-04-16 23:41:22.430 69736 INFO tempest.common.waiters [-] State transition "ACTIVE/image_uploading" ==> "ACTIVE/None" after 2 second wait
2025-04-16 23:41:22.470 69736 INFO tempest.lib.common.rest_client [req-9687d2f4-fa2f-4690-9060-2dee2be343bd req-9687d2f4-fa2f-4690-9060-2dee2be343bd ] Request (ImagesOneServerTestJSON:test_create_delete_image): 200 GET http://10.180.1.21/compute/v2.1/images/2c3a5944-575a-4385-8612-86800989c1e5 0.039s
2025-04-16 23:41:22.504 69716 INFO tempest.lib.common.rest_client [req-329be952-e855-4ac1-bcec-ad95c54e5d7d req-329be952-e855-4ac1-bcec-ad95c54e5d7d ] Request (ComputeTenantNetworksTest:tearDownClass): 204 DELETE http://10.180.1.21:9696/networking/v2.0/networks/18bc6032-842c-45c9-9cd0-d7d3e8744752 0.125s
2025-04-16 23:41:22.528 69726 INFO tempest.lib.common.rest_client [req-18fa1129-3a62-4fcf-875b-eb075b9eaa3f req-18fa1129-3a62-4fcf-875b-eb075b9eaa3f ] Request (ImagesOneServerNegativeTestJSON:_run_cleanups): 200 GET http://10.180.1.21/compute/v2.1/servers/f6b3dab5-04f1-4db5-b4b2-74af69f5c966 0.089s
2025-04-16 23:41:22.544 69722 INFO tempest.lib.common.rest_client [req-c36bfb7f-8ea3-404e-bbdd-fba2d27c57d5 req-c36bfb7f-8ea3-404e-bbdd-fba2d27c57d5 ] Request (VolumesAssistedSnapshotsTest:test_volume_assisted_snapshot_create_delete): 200 GET http://10.180.1.21/volume/v3/volumes/190d92ab-fa64-443b-86be-933c1dc79c68 0.040s
2025-04-16 23:41:22.551 69722 INFO tempest.common.waiters [-] Attachment 3f5e79e0-5695-4ce1-b2d5-070e36d19c79 created for volume 190d92ab-fa64-443b-86be-933c1dc79c68 to server 0b69b2e2-0fe7-4bc8-901d-70c60738f56a after waiting for 9.551383 seconds
2025-04-16 23:41:22.553 69690 INFO tempest.lib.common.rest_client [req-9d7c7bab-1d98-4c95-9590-22dcb2f33b4b req-9d7c7bab-1d98-4c95-9590-22dcb2f33b4b ] Request (ServersAdminNegativeTestJSON:setUpClass): 200 GET http://10.180.1.21/compute/v2.1/servers/ac289b71-5a99-4a03-af24-e6843166dfd1 0.122s
2025-04-16 23:41:22.555 69736 INFO tempest.lib.common.rest_client [req-241ee51d-8878-45ce-9a93-a34fae49ec68 req-241ee51d-8878-45ce-9a93-a34fae49ec68 ] Request (ImagesOneServerTestJSON:test_create_delete_image): 200 GET http://10.180.1.21/compute/v2.1/flavors/42 0.082s
2025-04-16 23:41:22.582 69722 INFO tempest.lib.common.rest_client [req-07bd11b4-2237-4d61-8efd-e6fd48d3fca7 req-07bd11b4-2237-4d61-8efd-e6fd48d3fca7 ] Request (VolumesAssistedSnapshotsTest:test_volume_assisted_snapshot_create_delete): 200 GET http://10.180.1.21/volume/v3/volumes/190d92ab-fa64-443b-86be-933c1dc79c68 0.031s
2025-04-16 23:41:22.592 69722 INFO tempest.common.waiters [-] volume 190d92ab-fa64-443b-86be-933c1dc79c68 reached in-use after waiting for 0.592366 seconds
2025-04-16 23:41:22.615 69716 INFO tempest.lib.common.rest_client [req-1dc1e9b9-bb42-4367-98ae-263368c5030c req-1dc1e9b9-bb42-4367-98ae-263368c5030c ] Request (ComputeTenantNetworksTest:tearDownClass): 204 DELETE http://10.180.1.21/identity/v3/users/fc08668b1f5c46a4a747f3026885c75f 0.111s
2025-04-16 23:41:22.615 69716 INFO tempest.lib.common.dynamic_creds [-] Deleting project and security group for project: 38398cb6062441dc8a2fa66d3f33147f
2025-04-16 23:41:22.623 69732 INFO tempest.lib.common.rest_client [req-15415b98-c841-4f08-8986-de5d17d6cf55 req-15415b98-c841-4f08-8986-de5d17d6cf55 ] Request (ListServerFiltersTestJSON:tearDownClass): 200 GET http://10.180.1.21/compute/v2.1/servers/ca27cd4c-aee5-4d9e-8c50-20c7a6fad03e 0.094s
2025-04-16 23:41:22.641 69716 INFO tempest.lib.common.rest_client [req-d6bd592a-1aae-44ad-a8d1-2edfc0499ce9 req-d6bd592a-1aae-44ad-a8d1-2edfc0499ce9 ] Request (ComputeTenantNetworksTest:tearDownClass): 200 GET http://10.180.1.21:9696/networking/v2.0/security-groups?tenant_id=38398cb6062441dc8a2fa66d3f33147f&name=default 0.026s
2025-04-16 23:41:22.682 69736 INFO tempest.lib.common.rest_client [req-b3479fcb-15d4-452b-b108-7f2a66360946 req-b3479fcb-15d4-452b-b108-7f2a66360946 ] Request (ImagesOneServerTestJSON:test_create_delete_image): 204 DELETE http://10.180.1.21/compute/v2.1/images/8b49ed73-7fda-4208-86ae-d7f2b4531868 0.125s
2025-04-16 23:41:22.689 69688 INFO tempest.lib.common.rest_client [req-6aa0475b-d00c-4ad5-86a9-d547a61805a6 req-6aa0475b-d00c-4ad5-86a9-d547a61805a6 ] Request (ServersTestFqdnHostnames:test_create_server_with_fqdn_name): 200 GET http://10.180.1.21/compute/v2.1/servers/bdcd53fc-2733-4e88-8e45-1dcf23f3609d 0.121s
2025-04-16 23:41:22.713 69736 INFO tempest.lib.common.rest_client [req-4484f3df-08e6-47b8-84a8-12c81dbb17eb req-4484f3df-08e6-47b8-84a8-12c81dbb17eb ] Request (ImagesOneServerTestJSON:test_create_delete_image): 404 GET http://10.180.1.21/compute/v2.1/images/8b49ed73-7fda-4208-86ae-d7f2b4531868 0.030s
2025-04-16 23:41:22.740 69716 INFO tempest.lib.common.rest_client [req-852f6de3-67d1-426b-b092-69a7eb34feeb req-852f6de3-67d1-426b-b092-69a7eb34feeb ] Request (ComputeTenantNetworksTest:tearDownClass): 204 DELETE http://10.180.1.21:9696/networking/v2.0/security-groups/2606334e-44ff-42ed-8e69-74aefa4ba998 0.098s
2025-04-16 23:41:22.793 69720 INFO tempest.lib.common.rest_client [req-d4dc11e7-89c2-4186-9491-457006cd35ea req-d4dc11e7-89c2-4186-9491-457006cd35ea ] Request (AttachInterfacesV270Test:tearDownClass): 200 GET http://10.180.1.21/compute/v2.1/servers/b19f9838-1483-4324-9039-92cf6737f88e 0.086s
2025-04-16 23:41:22.848 69722 INFO tempest.lib.common.rest_client [req-ed1820b5-7d1f-451e-a832-01d5b4305f85 req-ed1820b5-7d1f-451e-a832-01d5b4305f85 ] Request (VolumesAssistedSnapshotsTest:test_volume_assisted_snapshot_create_delete): 200 POST http://10.180.1.21/compute/v2.1/os-assisted-volume-snapshots 0.254s
2025-04-16 23:41:22.850 69716 INFO tempest.lib.common.rest_client [req-b4afe3a5-8417-479a-87af-3e1553e88ce2 req-b4afe3a5-8417-479a-87af-3e1553e88ce2 ] Request (ComputeTenantNetworksTest:tearDownClass): 204 DELETE http://10.180.1.21/identity/v3/projects/38398cb6062441dc8a2fa66d3f33147f 0.110s
2025-04-16 23:41:22.868 69709 INFO tempest.lib.common.rest_client [req-8a540378-7126-4253-a00d-70bbc33abfdc req-8a540378-7126-4253-a00d-70bbc33abfdc ] Request (ListServersNegativeTestJSON:setUpClass): 200 GET http://10.180.1.21/compute/v2.1/servers/fabfc95e-0186-4a67-9d10-61eeb2e56640 0.157s
2025-04-16 23:41:22.927 69716 INFO tempest.lib.common.rest_client [req-2ee8696f-6f21-4972-86d1-e6861ca38443 req-2ee8696f-6f21-4972-86d1-e6861ca38443 ] Request (VolumesGetTestJSON:setUpClass): 201 POST http://10.180.1.21/identity/v3/auth/tokens 0.075s
2025-04-16 23:41:22.941 69746 INFO tempest.lib.common.rest_client [req-685f71b1-6394-4c7d-816b-aae93dc81a5f req-685f71b1-6394-4c7d-816b-aae93dc81a5f ] Request (FloatingIPsAssociationTestJSON:test_associate_already_associated_floating_ip): 200 GET http://10.180.1.21/compute/v2.1/servers/c39e4547-8e68-48d8-905b-520f917aa763 0.181s
2025-04-16 23:41:22.976 69716 INFO tempest.lib.common.rest_client [req-875da87f-4cc2-480f-840d-ff0c172778d9 req-875da87f-4cc2-480f-840d-ff0c172778d9 ] Request (VolumesGetTestJSON:setUpClass): 201 POST http://10.180.1.21/identity/v3/auth/tokens 0.045s
2025-04-16 23:41:23.009 69716 INFO tempest.lib.common.rest_client [req-128d8ab1-3c51-4a41-ba93-994880c95f52 req-128d8ab1-3c51-4a41-ba93-994880c95f52 ] Request (VolumesGetTestJSON:setUpClass): 200 GET http://10.180.1.21/identity/v3/domains?name=Default 0.032s
2025-04-16 23:41:23.011 69714 INFO tempest.lib.common.rest_client [req-e2226092-0ec7-490b-a48c-e2d1345bfd11 req-e2226092-0ec7-490b-a48c-e2d1345bfd11 ] Request (ServersTestJSON:test_create_server_with_ipv6_addr_only): 200 GET http://10.180.1.21/compute/v2.1/servers/5cff61ed-95d2-4d54-b1ad-1afeee2641fb 0.239s
2025-04-16 23:41:23.052 69716 INFO tempest.lib.common.rest_client [req-e4cf0a9a-8087-4225-accb-e64eb0787540 req-e4cf0a9a-8087-4225-accb-e64eb0787540 ] Request (VolumesGetTestJSON:setUpClass): 201 POST http://10.180.1.21/identity/v3/projects 0.042s
2025-04-16 23:41:23.085 69686 INFO tempest.lib.common.rest_client [req-4e21b831-4cb8-42c6-95b2-8965127ac102 req-4e21b831-4cb8-42c6-95b2-8965127ac102 ] Request (ServerExternalEventsTest:test_create_server_external_events): 200 GET http://10.180.1.21/compute/v2.1/servers/3de0cb15-65d2-4896-abe4-6d6546a03341 0.271s
2025-04-16 23:41:23.115 69716 INFO tempest.lib.common.rest_client [req-8afed1b9-8239-4584-90f2-e0d2e153d800 req-8afed1b9-8239-4584-90f2-e0d2e153d800 ] Request (VolumesGetTestJSON:setUpClass): 201 POST http://10.180.1.21/identity/v3/users 0.063s
2025-04-16 23:41:23.135 69716 INFO tempest.lib.common.rest_client [req-80687116-77b6-488c-aeef-7497d453ec07 req-80687116-77b6-488c-aeef-7497d453ec07 ] Request (VolumesGetTestJSON:setUpClass): 200 GET http://10.180.1.21/identity/v3/roles 0.019s
2025-04-16 23:41:23.144 69740 INFO tempest.lib.common.rest_client [req-c20e9986-529e-4244-b715-65d0bf3f1f49 req-c20e9986-529e-4244-b715-65d0bf3f1f49 ] Request (ServersAdminTestJSON:test_inject_network_info): 200 GET http://10.180.1.21/compute/v2.1/servers/43f0d345-d519-4ab3-80a9-4af262e02c5e 0.315s
2025-04-16 23:41:23.169 69716 INFO tempest.lib.common.rest_client [req-89901384-cc0c-4235-8f41-8c695bd78225 req-89901384-cc0c-4235-8f41-8c695bd78225 ] Request (VolumesGetTestJSON:setUpClass): 204 PUT http://10.180.1.21/identity/v3/projects/9bc03127334d48c394d4c99309a8fce2/users/5a529cddb9524927b79867c9716b5df2/roles/db2d86fcd64841d59789ff79397c4994 0.034s
2025-04-16 23:41:23.170 69716 INFO tempest.lib.common.dynamic_creds [-] Dynamic test user 5a529cddb9524927b79867c9716b5df2 is created with scope project and roles: ['member']
2025-04-16 23:41:23.170 69716 INFO tempest.lib.common.dynamic_creds [-] Acquired dynamic creds: credentials: Credentials: {'domain_id': 'default', 'domain_name': 'Default', 'username': 'tempest-VolumesGetTestJSON-1219243458-project-member', 'project_domain_id': 'default', 'project_domain_name': 'Default', 'project_id': '9bc03127334d48c394d4c99309a8fce2', 'project_name': 'tempest-VolumesGetTestJSON-1219243458', 'tenant_id': '9bc03127334d48c394d4c99309a8fce2', 'tenant_name': 'tempest-VolumesGetTestJSON-1219243458', 'user_domain_id': 'default', 'user_domain_name': 'Default', 'user_id': '5a529cddb9524927b79867c9716b5df2', 'system': None}, Network: None, Subnet: None, Router: None
2025-04-16 23:41:23.170 69716 INFO tempest.lib.common.dynamic_creds [-] Created isolated network resources for: credentials: Credentials: {'domain_id': 'default', 'domain_name': 'Default', 'username': 'tempest-VolumesGetTestJSON-1219243458-project-member', 'project_domain_id': 'default', 'project_domain_name': 'Default', 'project_id': '9bc03127334d48c394d4c99309a8fce2', 'project_name': 'tempest-VolumesGetTestJSON-1219243458', 'tenant_id': '9bc03127334d48c394d4c99309a8fce2', 'tenant_name': 'tempest-VolumesGetTestJSON-1219243458', 'user_domain_id': 'default', 'user_domain_name': 'Default', 'user_id': '5a529cddb9524927b79867c9716b5df2', 'system': None}, Network: None, Subnet: None, Router: None
2025-04-16 23:41:23.195 69722 INFO tempest.lib.common.rest_client [req-770f69fa-b03e-46a7-9221-07f38e12810e req-770f69fa-b03e-46a7-9221-07f38e12810e ] Request (VolumesAssistedSnapshotsTest:test_volume_assisted_snapshot_create_delete): 204 DELETE http://10.180.1.21/compute/v2.1/os-assisted-volume-snapshots/None?delete_info=%7B%22volume_id%22%3A+%22190d92ab-fa64-443b-86be-933c1dc79c68%22%7D 0.347s
2025-04-16 23:41:23.226 69722 INFO tempest.lib.common.rest_client [req-2329fed2-cb06-4162-85a2-d523e7028e75 req-2329fed2-cb06-4162-85a2-d523e7028e75 ] Request (VolumesAssistedSnapshotsTest:_run_cleanups): 200 GET http://10.180.1.21/volume/v3/volumes/190d92ab-fa64-443b-86be-933c1dc79c68 0.030s
2025-04-16 23:41:23.261 69716 INFO tempest.lib.common.rest_client [req-337f12fe-355c-4d0b-a153-eccaa84a561e req-337f12fe-355c-4d0b-a153-eccaa84a561e ] Request (VolumesGetTestJSON:setUpClass): 201 POST http://10.180.1.21/identity/v3/auth/tokens 0.088s
2025-04-16 23:41:23.272 69684 INFO tempest.lib.common.rest_client [req-b21bafec-e5c0-4531-a772-a92f5b85add1 req-b21bafec-e5c0-4531-a772-a92f5b85add1 ] Request (ServersTestManualDisk:tearDownClass): 200 GET http://10.180.1.21/compute/v2.1/servers/f5243452-580d-4894-8402-66c53ea540c4 0.401s
2025-04-16 23:41:23.322 69736 INFO tempest.lib.common.rest_client [req-ba7fb164-1da1-4e7a-a65e-667afd5929d4 req-ba7fb164-1da1-4e7a-a65e-667afd5929d4 ] Request (ImagesOneServerTestJSON:test_create_image_specify_multibyte_character_image_name): 202 POST http://10.180.1.21/compute/v2.1/servers/9fbb3f83-183f-4e62-bf3e-48cc5431258f/action 0.607s
2025-04-16 23:41:23.334 69739 INFO tempest.lib.common.rest_client [req-7ac0aa2d-9d4d-4155-8159-0973ed7b3c21 req-7ac0aa2d-9d4d-4155-8159-0973ed7b3c21 ] Request (ServerActionsTestOtherA:setUpClass): 200 GET http://10.180.1.21/compute/v2.1/servers/54494c65-4118-4c3d-8af2-cd772b783e1f 0.457s
2025-04-16 23:41:23.373 69696 INFO tempest.lib.common.rest_client [req-bc97c1bb-d456-49d3-9f6c-ddb904c30c90 req-bc97c1bb-d456-49d3-9f6c-ddb904c30c90 ] Request (ServerDiskConfigTestJSON:test_rebuild_server_with_auto_disk_config): 200 GET http://10.180.1.21/compute/v2.1/servers/b2fdbbb6-3af6-4d61-a74b-eaa96705e1f2 0.453s
2025-04-16 23:41:23.384 69700 INFO tempest.lib.common.rest_client [req-23240934-ac82-48f7-b42c-448a580f23ef req-23240934-ac82-48f7-b42c-448a580f23ef ] Request (ServerActionsTestOtherB:setUpClass): 200 GET http://10.180.1.21/compute/v2.1/servers/07629f5e-e1b1-4aab-b422-8924b572449b 0.455s
2025-04-16 23:41:23.418 69704 INFO tempest.lib.common.rest_client [req-b271cdf0-a4d8-4fe3-b1f9-508d2db642cc req-b271cdf0-a4d8-4fe3-b1f9-508d2db642cc ] Request (MigrationsAdminTest:test_resize_server_revert_deleted_flavor): 200 GET http://10.180.1.21/compute/v2.1/servers/db7108fa-22fd-466f-ba5b-0a33046105d4 0.443s
2025-04-16 23:41:23.431 69724 INFO tempest.lib.common.rest_client [req-aec2ef04-f489-43dc-a737-fcf6d89c2269 req-aec2ef04-f489-43dc-a737-fcf6d89c2269 ] Request (ServerShowV254Test:test_rebuild_server): 200 GET http://10.180.1.21/compute/v2.1/servers/886cc949-7105-4dd5-a7fc-7bbc0390595d 0.453s
2025-04-16 23:41:23.464 69702 INFO tempest.lib.common.rest_client [req-deff353c-658c-4704-af1a-4b8abfaf737b req-deff353c-658c-4704-af1a-4b8abfaf737b ] Request (ServersNegativeTestMultiTenantJSON:setUpClass): 200 GET http://10.180.1.21/compute/v2.1/servers/81f0f421-a960-4ce4-964d-86e334c66838 0.426s
2025-04-16 23:41:23.514 69712 INFO tempest.lib.common.rest_client [req-4c5d45a2-7f6f-4cb6-a6a9-c1ae6f4ea877 req-4c5d45a2-7f6f-4cb6-a6a9-c1ae6f4ea877 ] Request (DeleteServersAdminTestJSON:test_delete_server_while_in_error_state): 200 GET http://10.180.1.21/compute/v2.1/servers/d427aa83-edf4-44e5-a860-36e1184ea51f 0.423s
2025-04-16 23:41:23.572 69706 INFO tempest.lib.common.rest_client [req-6c47d714-bf68-4f05-ba29-983fcf106f0e req-6c47d714-bf68-4f05-ba29-983fcf106f0e ] Request (ServersListShow2100Test:test_list_show_rebuild_update_server_2100): 200 GET http://10.180.1.21/compute/v2.1/servers/4500afcc-0f0a-4dd9-ab54-893acc7cedc7 0.412s
2025-04-16 23:41:23.634 69729 INFO tempest.lib.common.rest_client [req-af0b10b6-d3e8-4020-bb3e-57fda33aa45e req-af0b10b6-d3e8-4020-bb3e-57fda33aa45e ] Request (FloatingIPsAssociationNegativeTestJSON:tearDownClass): 200 GET http://10.180.1.21/compute/v2.1/servers/5ef85594-2bab-4068-b93f-b725bdc4681e 0.462s
2025-04-16 23:41:23.698 69730 INFO tempest.lib.common.rest_client [req-44b9124f-c646-45d4-a6ae-80d5f5189358 req-44b9124f-c646-45d4-a6ae-80d5f5189358 ] Request (ServersListShow298Test:test_list_show_update_rebuild_server_298): 200 GET http://10.180.1.21/compute/v2.1/servers/52dd36de-05c4-482e-9df9-c117e8906b2b 0.480s
2025-04-16 23:41:23.800 69718 INFO tempest.lib.common.rest_client [req-470103f6-554e-47ef-8472-475d8db5dbaa req-470103f6-554e-47ef-8472-475d8db5dbaa ] Request (AttachInterfacesTestJSON:test_create_list_show_delete_interfaces_by_fixed_ip): 200 GET http://10.180.1.21/compute/v2.1/servers/ba25f42e-945b-4884-9fca-fecf9a2d294c 0.706s
2025-04-16 23:41:23.814 69718 INFO tempest.common.waiters [-] State transition "BUILD/networking" ==> "BUILD/spawning" after 74 second wait
2025-04-16 23:41:23.984 69722 INFO tempest.lib.common.rest_client [req-8381f56d-e798-4565-8527-3b36f2b0fd34 req-8381f56d-e798-4565-8527-3b36f2b0fd34 ] Request (VolumesAssistedSnapshotsTest:_run_cleanups): 202 DELETE http://10.180.1.21/compute/v2.1/servers/0b69b2e2-0fe7-4bc8-901d-70c60738f56a/os-volume_attachments/190d92ab-fa64-443b-86be-933c1dc79c68 0.747s
2025-04-16 23:41:24.021 69698 INFO tempest.lib.common.rest_client [req-200d08a4-b8d1-44e1-b5a7-f801e7590685 req-200d08a4-b8d1-44e1-b5a7-f801e7590685 ] Request (ServersTestMultiNic:test_verify_duplicate_network_nics): 200 GET http://10.180.1.21/compute/v2.1/servers/0c3e8051-8c92-4c49-ba19-f4f3bc00dbc1 0.794s
2025-04-16 23:41:24.068 69692 INFO tempest.lib.common.rest_client [req-53b667a2-ae0c-4182-a606-1fce189c7974 req-53b667a2-ae0c-4182-a606-1fce189c7974 ] Request (ImagesTestJSON:test_create_image_from_suspended_server): 200 GET http://10.180.1.21/compute/v2.1/servers/126b7d32-2031-47e5-8601-29ec76a05c6c 0.769s
2025-04-16 23:41:24.100 69736 INFO tempest.lib.common.rest_client [req-995f5c7e-655c-42d8-9914-bf6cbcff92ae req-995f5c7e-655c-42d8-9914-bf6cbcff92ae ] Request (ImagesOneServerTestJSON:test_create_image_specify_multibyte_character_image_name): 200 GET http://10.180.1.21/compute/v2.1/images/5965a726-7421-4f46-9741-8a07d0dc2cac 0.776s
2025-04-16 23:41:24.147 69726 INFO tempest.lib.common.rest_client [req-ef2ca9d9-1a38-4533-b07d-e8cd0f6daf06 req-ef2ca9d9-1a38-4533-b07d-e8cd0f6daf06 ] Request (ImagesOneServerNegativeTestJSON:_run_cleanups): 200 GET http://10.180.1.21/compute/v2.1/servers/f6b3dab5-04f1-4db5-b4b2-74af69f5c966 0.611s
2025-04-16 23:41:24.275 69690 INFO tempest.lib.common.rest_client [req-93226164-6900-4ab6-a22b-c8653929ca5a req-93226164-6900-4ab6-a22b-c8653929ca5a ] Request (ServersAdminNegativeTestJSON:setUpClass): 200 GET http://10.180.1.21/compute/v2.1/servers/ac289b71-5a99-4a03-af24-e6843166dfd1 0.711s
2025-04-16 23:41:24.328 69716 INFO tempest.lib.common.rest_client [req-1110ec67-dd81-4eed-9a3e-424a6cbc7de4 req-1110ec67-dd81-4eed-9a3e-424a6cbc7de4 ] Request (VolumesGetTestJSON:test_volume_create_get_delete): 200 POST http://10.180.1.21/compute/v2.1/os-volumes 1.065s
2025-04-16 23:41:24.354 69732 INFO tempest.lib.common.rest_client [req-132542b6-e763-4f6f-9d46-d22516e76da4 req-132542b6-e763-4f6f-9d46-d22516e76da4 ] Request (ListServerFiltersTestJSON:tearDownClass): 200 GET http://10.180.1.21/compute/v2.1/servers/ca27cd4c-aee5-4d9e-8c50-20c7a6fad03e 0.723s
2025-04-16 23:41:24.387 69688 INFO tempest.lib.common.rest_client [req-2ace4628-1f5c-44d5-bea0-a0825a77f412 req-2ace4628-1f5c-44d5-bea0-a0825a77f412 ] Request (ServersTestFqdnHostnames:test_create_server_with_fqdn_name): 200 GET http://10.180.1.21/compute/v2.1/servers/bdcd53fc-2733-4e88-8e45-1dcf23f3609d 0.688s
2025-04-16 23:41:24.447 69720 INFO tempest.lib.common.rest_client [req-1aaf6ff3-decf-4325-b9e4-1d182d5585eb req-1aaf6ff3-decf-4325-b9e4-1d182d5585eb ] Request (AttachInterfacesV270Test:tearDownClass): 200 GET http://10.180.1.21/compute/v2.1/servers/b19f9838-1483-4324-9039-92cf6737f88e 0.641s
2025-04-16 23:41:24.456 69709 INFO tempest.lib.common.rest_client [req-b4806c0f-c044-436d-a7e5-5e3562ef420a req-b4806c0f-c044-436d-a7e5-5e3562ef420a ] Request (ListServersNegativeTestJSON:setUpClass): 200 GET http://10.180.1.21/compute/v2.1/servers/fabfc95e-0186-4a67-9d10-61eeb2e56640 0.578s
2025-04-16 23:41:24.489 69722 INFO tempest.lib.common.rest_client [req-ad87ff90-f40f-4a77-b047-bf7a2933698e req-ad87ff90-f40f-4a77-b047-bf7a2933698e ] Request (VolumesAssistedSnapshotsTest:_run_cleanups): 200 GET http://10.180.1.21/compute/v2.1/servers/0b69b2e2-0fe7-4bc8-901d-70c60738f56a/os-volume_attachments 0.504s
2025-04-16 23:41:24.509 69746 INFO tempest.lib.common.rest_client [req-4e0d33c7-cede-4390-b516-899b3fc07389 req-4e0d33c7-cede-4390-b516-899b3fc07389 ] Request (FloatingIPsAssociationTestJSON:test_associate_already_associated_floating_ip): 200 GET http://10.180.1.21/compute/v2.1/servers/c39e4547-8e68-48d8-905b-520f917aa763 0.557s
2025-04-16 23:41:24.536 69714 INFO tempest.lib.common.rest_client [req-d3eeeb2f-718a-4707-bc57-448f6124a4fc req-d3eeeb2f-718a-4707-bc57-448f6124a4fc ] Request (ServersTestJSON:test_create_server_with_ipv6_addr_only): 200 GET http://10.180.1.21/compute/v2.1/servers/5cff61ed-95d2-4d54-b1ad-1afeee2641fb 0.514s
2025-04-16 23:41:24.571 69686 INFO tempest.lib.common.rest_client [req-28cf754c-509c-4632-9e42-1f670da44a3b req-28cf754c-509c-4632-9e42-1f670da44a3b ] Request (ServerExternalEventsTest:test_create_server_external_events): 200 GET http://10.180.1.21/compute/v2.1/servers/3de0cb15-65d2-4896-abe4-6d6546a03341 0.476s
2025-04-16 23:41:24.581 69686 INFO tempest.common.waiters [-] State transition "BUILD/None" ==> "BUILD/networking" after 71 second wait
2025-04-16 23:41:24.586 69740 INFO tempest.lib.common.rest_client [req-5c0e57da-9bc7-4aee-bb03-4924cb23b265 req-5c0e57da-9bc7-4aee-bb03-4924cb23b265 ] Request (ServersAdminTestJSON:test_inject_network_info): 200 GET http://10.180.1.21/compute/v2.1/servers/43f0d345-d519-4ab3-80a9-4af262e02c5e 0.429s
2025-04-16 23:41:24.621 69716 INFO tempest.lib.common.rest_client [req-629b1c43-9974-4ec7-a362-b5ff343c1546 req-629b1c43-9974-4ec7-a362-b5ff343c1546 ] Request (VolumesGetTestJSON:test_volume_create_get_delete): 200 GET http://10.180.1.21/compute/v2.1/os-volumes/09bfd545-5eeb-4371-8dc6-e7deb6b25e03 0.290s
2025-04-16 23:41:24.624 69716 INFO tempest.common.waiters [-] volume 09bfd545-5eeb-4371-8dc6-e7deb6b25e03 reached available after waiting for 0.623964 seconds
2025-04-16 23:41:24.632 69684 INFO tempest.lib.common.rest_client [req-f01d8a63-2a93-4250-9b37-c5bb2c0223e3 req-f01d8a63-2a93-4250-9b37-c5bb2c0223e3 ] Request (ServersTestManualDisk:tearDownClass): 200 GET http://10.180.1.21/compute/v2.1/servers/f5243452-580d-4894-8402-66c53ea540c4 0.351s
2025-04-16 23:41:24.666 69739 INFO tempest.lib.common.rest_client [req-cf4e3f5b-55d0-4169-ade2-205ac1989297 req-cf4e3f5b-55d0-4169-ade2-205ac1989297 ] Request (ServerActionsTestOtherA:setUpClass): 200 GET http://10.180.1.21/compute/v2.1/servers/54494c65-4118-4c3d-8af2-cd772b783e1f 0.325s
2025-04-16 23:41:24.679 69696 INFO tempest.lib.common.rest_client [req-53cf3c6e-893c-4bca-a3e6-404ca912b531 req-53cf3c6e-893c-4bca-a3e6-404ca912b531 ] Request (ServerDiskConfigTestJSON:test_rebuild_server_with_auto_disk_config): 200 GET http://10.180.1.21/compute/v2.1/servers/b2fdbbb6-3af6-4d61-a74b-eaa96705e1f2 0.298s
2025-04-16 23:41:24.711 69700 INFO tempest.lib.common.rest_client [req-166d5d59-3bed-4d27-ad6d-9e498a7b255f req-166d5d59-3bed-4d27-ad6d-9e498a7b255f ] Request (ServerActionsTestOtherB:setUpClass): 200 GET http://10.180.1.21/compute/v2.1/servers/07629f5e-e1b1-4aab-b422-8924b572449b 0.319s
2025-04-16 23:41:24.724 69704 INFO tempest.lib.common.rest_client [req-2ab06694-203f-44f5-932c-4f9a7289dfcd req-2ab06694-203f-44f5-932c-4f9a7289dfcd ] Request (MigrationsAdminTest:test_resize_server_revert_deleted_flavor): 200 GET http://10.180.1.21/compute/v2.1/servers/db7108fa-22fd-466f-ba5b-0a33046105d4 0.299s
2025-04-16 23:41:24.770 69724 INFO tempest.lib.common.rest_client [req-76274088-8278-44c5-8618-e2dffa604957 req-76274088-8278-44c5-8618-e2dffa604957 ] Request (ServerShowV254Test:test_rebuild_server): 200 GET http://10.180.1.21/compute/v2.1/servers/886cc949-7105-4dd5-a7fc-7bbc0390595d 0.329s
2025-04-16 23:41:24.774 69702 INFO tempest.lib.common.rest_client [req-a5e0d46a-426f-4848-8c35-cd68df9eaa13 req-a5e0d46a-426f-4848-8c35-cd68df9eaa13 ] Request (ServersNegativeTestMultiTenantJSON:setUpClass): 200 GET http://10.180.1.21/compute/v2.1/servers/81f0f421-a960-4ce4-964d-86e334c66838 0.301s
2025-04-16 23:41:24.835 69706 INFO tempest.lib.common.rest_client [req-b8bd824e-7759-444f-ba1c-ffe50c2c60a2 req-b8bd824e-7759-444f-ba1c-ffe50c2c60a2 ] Request (ServersListShow2100Test:test_list_show_rebuild_update_server_2100): 200 GET http://10.180.1.21/compute/v2.1/servers/4500afcc-0f0a-4dd9-ab54-893acc7cedc7 0.251s
2025-04-16 23:41:24.856 69712 INFO tempest.lib.common.rest_client [req-50c75578-9f54-430d-9d6a-20e174fd8d00 req-50c75578-9f54-430d-9d6a-20e174fd8d00 ] Request (DeleteServersAdminTestJSON:test_delete_server_while_in_error_state): 200 GET http://10.180.1.21/compute/v2.1/servers/d427aa83-edf4-44e5-a860-36e1184ea51f 0.333s
2025-04-16 23:41:24.865 69716 INFO tempest.lib.common.rest_client [req-395aeeea-fabb-41ff-866a-26c6f304fe84 req-395aeeea-fabb-41ff-866a-26c6f304fe84 ] Request (VolumesGetTestJSON:test_volume_create_get_delete): 200 GET http://10.180.1.21/compute/v2.1/os-volumes/09bfd545-5eeb-4371-8dc6-e7deb6b25e03 0.240s
2025-04-16 23:41:24.910 69729 INFO tempest.lib.common.rest_client [req-6d14b75d-d478-4f6a-a43a-d2349dcdd561 req-6d14b75d-d478-4f6a-a43a-d2349dcdd561 ] Request (FloatingIPsAssociationNegativeTestJSON:tearDownClass): 200 GET http://10.180.1.21/compute/v2.1/servers/5ef85594-2bab-4068-b93f-b725bdc4681e 0.268s
2025-04-16 23:41:24.925 69730 INFO tempest.lib.common.rest_client [req-f19d92ed-4e81-4cad-96aa-2579b5752e62 req-f19d92ed-4e81-4cad-96aa-2579b5752e62 ] Request (ServersListShow298Test:test_list_show_update_rebuild_server_298): 200 GET http://10.180.1.21/compute/v2.1/servers/52dd36de-05c4-482e-9df9-c117e8906b2b 0.217s
2025-04-16 23:41:24.976 69716 INFO tempest.lib.common.rest_client [req-03150ebf-2c7b-4dc5-acec-166ccb37f544 req-03150ebf-2c7b-4dc5-acec-166ccb37f544 ] Request (VolumesGetTestJSON:tearDownClass): 202 DELETE http://10.180.1.21/compute/v2.1/os-volumes/09bfd545-5eeb-4371-8dc6-e7deb6b25e03 0.104s
2025-04-16 23:41:25.030 69716 INFO tempest.lib.common.rest_client [req-9a4e09c9-1f25-4376-98dc-0d8e07c781bc req-9a4e09c9-1f25-4376-98dc-0d8e07c781bc ] Request (VolumesGetTestJSON:tearDownClass): 200 GET http://10.180.1.21/compute/v2.1/os-volumes/09bfd545-5eeb-4371-8dc6-e7deb6b25e03 0.053s
2025-04-16 23:41:25.069 69718 INFO tempest.lib.common.rest_client [req-5eb677dd-da92-474e-b95e-264e9cf81c6d req-5eb677dd-da92-474e-b95e-264e9cf81c6d ] Request (AttachInterfacesTestJSON:test_create_list_show_delete_interfaces_by_fixed_ip): 200 GET http://10.180.1.21/compute/v2.1/servers/ba25f42e-945b-4884-9fca-fecf9a2d294c 0.254s
2025-04-16 23:41:25.086 69698 INFO tempest.lib.common.rest_client [req-4ba4aec6-3eaf-4b68-a497-054bf34aba22 req-4ba4aec6-3eaf-4b68-a497-054bf34aba22 ] Request (ServersTestMultiNic:test_verify_duplicate_network_nics): 200 GET http://10.180.1.21/compute/v2.1/servers/0c3e8051-8c92-4c49-ba19-f4f3bc00dbc1 0.057s
2025-04-16 23:41:25.150 69692 INFO tempest.lib.common.rest_client [req-4c9012d5-68fb-4157-8896-8b99c3b6c571 req-4c9012d5-68fb-4157-8896-8b99c3b6c571 ] Request (ImagesTestJSON:test_create_image_from_suspended_server): 200 GET http://10.180.1.21/compute/v2.1/servers/126b7d32-2031-47e5-8601-29ec76a05c6c 0.073s
2025-04-16 23:41:25.159 69736 INFO tempest.lib.common.rest_client [req-5cbe5246-442f-4620-99be-859193f0321f req-5cbe5246-442f-4620-99be-859193f0321f ] Request (ImagesOneServerTestJSON:test_create_image_specify_multibyte_character_image_name): 200 GET http://10.180.1.21/compute/v2.1/images/5965a726-7421-4f46-9741-8a07d0dc2cac 0.054s
2025-04-16 23:41:25.248 69726 INFO tempest.lib.common.rest_client [req-dcd106fb-1929-4109-a4f0-a2549e90b467 req-dcd106fb-1929-4109-a4f0-a2549e90b467 ] Request (ImagesOneServerNegativeTestJSON:_run_cleanups): 200 GET http://10.180.1.21/compute/v2.1/servers/f6b3dab5-04f1-4db5-b4b2-74af69f5c966 0.090s
2025-04-16 23:41:25.409 69690 INFO tempest.lib.common.rest_client [req-f6aa0d05-bb8c-4168-8791-ba5b9fccabd1 req-f6aa0d05-bb8c-4168-8791-ba5b9fccabd1 ] Request (ServersAdminNegativeTestJSON:setUpClass): 200 GET http://10.180.1.21/compute/v2.1/servers/ac289b71-5a99-4a03-af24-e6843166dfd1 0.122s
2025-04-16 23:41:25.448 69732 INFO tempest.lib.common.rest_client [req-2e8ed400-4412-4e33-96c5-2c14ddf890bf req-2e8ed400-4412-4e33-96c5-2c14ddf890bf ] Request (ListServerFiltersTestJSON:tearDownClass): 200 GET http://10.180.1.21/compute/v2.1/servers/ca27cd4c-aee5-4d9e-8c50-20c7a6fad03e 0.082s
2025-04-16 23:41:25.487 69688 INFO tempest.lib.common.rest_client [req-aac47dc2-e079-4a88-89f5-316638499236 req-aac47dc2-e079-4a88-89f5-316638499236 ] Request (ServersTestFqdnHostnames:test_create_server_with_fqdn_name): 200 GET http://10.180.1.21/compute/v2.1/servers/bdcd53fc-2733-4e88-8e45-1dcf23f3609d 0.089s
2025-04-16 23:41:25.534 69720 INFO tempest.lib.common.rest_client [req-f448d467-643b-4b9a-b444-c5df458db402 req-f448d467-643b-4b9a-b444-c5df458db402 ] Request (AttachInterfacesV270Test:tearDownClass): 200 GET http://10.180.1.21/compute/v2.1/servers/b19f9838-1483-4324-9039-92cf6737f88e 0.073s
2025-04-16 23:41:25.564 69709 INFO tempest.lib.common.rest_client [req-ef98b884-400c-4203-92dd-bd547eedf583 req-ef98b884-400c-4203-92dd-bd547eedf583 ] Request (ListServersNegativeTestJSON:setUpClass): 200 GET http://10.180.1.21/compute/v2.1/servers/fabfc95e-0186-4a67-9d10-61eeb2e56640 0.099s
2025-04-16 23:41:25.572 69722 INFO tempest.lib.common.rest_client [req-193f1228-da2d-4493-b207-0c0a19e323ff req-193f1228-da2d-4493-b207-0c0a19e323ff ] Request (VolumesAssistedSnapshotsTest:_run_cleanups): 200 GET http://10.180.1.21/compute/v2.1/servers/0b69b2e2-0fe7-4bc8-901d-70c60738f56a/os-volume_attachments 0.080s
2025-04-16 23:41:25.618 69746 INFO tempest.lib.common.rest_client [req-b128b711-c570-475d-8e86-f6025ed96cb6 req-b128b711-c570-475d-8e86-f6025ed96cb6 ] Request (FloatingIPsAssociationTestJSON:test_associate_already_associated_floating_ip): 200 GET http://10.180.1.21/compute/v2.1/servers/c39e4547-8e68-48d8-905b-520f917aa763 0.100s
2025-04-16 23:41:25.629 69714 INFO tempest.lib.common.rest_client [req-9e6c8762-913a-4824-9372-df069c430bcd req-9e6c8762-913a-4824-9372-df069c430bcd ] Request (ServersTestJSON:test_create_server_with_ipv6_addr_only): 200 GET http://10.180.1.21/compute/v2.1/servers/5cff61ed-95d2-4d54-b1ad-1afeee2641fb 0.085s
2025-04-16 23:41:25.693 69740 INFO tempest.lib.common.rest_client [req-f9eb4029-835e-46e8-bdbd-03ee742d67a0 req-f9eb4029-835e-46e8-bdbd-03ee742d67a0 ] Request (ServersAdminTestJSON:test_inject_network_info): 200 GET http://10.180.1.21/compute/v2.1/servers/43f0d345-d519-4ab3-80a9-4af262e02c5e 0.095s
2025-04-16 23:41:25.703 69686 INFO tempest.lib.common.rest_client [req-542f3efc-136d-4a69-bfe1-99fc005233e5 req-542f3efc-136d-4a69-bfe1-99fc005233e5 ] Request (ServerExternalEventsTest:test_create_server_external_events): 200 GET http://10.180.1.21/compute/v2.1/servers/3de0cb15-65d2-4896-abe4-6d6546a03341 0.121s
2025-04-16 23:41:25.710 69686 INFO tempest.common.waiters [-] State transition "BUILD/networking" ==> "BUILD/block_device_mapping" after 72 second wait
2025-04-16 23:41:25.758 69739 INFO tempest.lib.common.rest_client [req-8f9881c7-767b-46eb-bfd0-7270ad6c7474 req-8f9881c7-767b-46eb-bfd0-7270ad6c7474 ] Request (ServerActionsTestOtherA:setUpClass): 200 GET http://10.180.1.21/compute/v2.1/servers/54494c65-4118-4c3d-8af2-cd772b783e1f 0.083s
2025-04-16 23:41:25.762 69684 INFO tempest.lib.common.rest_client [req-7048b37d-e999-4616-b84f-79535856e77e req-7048b37d-e999-4616-b84f-79535856e77e ] Request (ServersTestManualDisk:tearDownClass): 200 GET http://10.180.1.21/compute/v2.1/servers/f5243452-580d-4894-8402-66c53ea540c4 0.120s
2025-04-16 23:41:25.808 69696 INFO tempest.lib.common.rest_client [req-ad8a96a1-7e36-4693-adc2-9f78d6a92cad req-ad8a96a1-7e36-4693-adc2-9f78d6a92cad ] Request (ServerDiskConfigTestJSON:test_rebuild_server_with_auto_disk_config): 200 GET http://10.180.1.21/compute/v2.1/servers/b2fdbbb6-3af6-4d61-a74b-eaa96705e1f2 0.122s
2025-04-16 23:41:25.832 69700 INFO tempest.lib.common.rest_client [req-d92bcb66-a5f7-4211-882d-82d2b22ab10b req-d92bcb66-a5f7-4211-882d-82d2b22ab10b ] Request (ServerActionsTestOtherB:setUpClass): 200 GET http://10.180.1.21/compute/v2.1/servers/07629f5e-e1b1-4aab-b422-8924b572449b 0.111s
2025-04-16 23:41:25.869 69704 INFO tempest.lib.common.rest_client [req-302f73a8-0e37-4834-9359-74b13df3c3c3 req-302f73a8-0e37-4834-9359-74b13df3c3c3 ] Request (MigrationsAdminTest:test_resize_server_revert_deleted_flavor): 200 GET http://10.180.1.21/compute/v2.1/servers/db7108fa-22fd-466f-ba5b-0a33046105d4 0.138s
2025-04-16 23:41:25.907 69724 INFO tempest.lib.common.rest_client [req-f665c68e-1692-4f4b-b10c-a54e4afc89e5 req-f665c68e-1692-4f4b-b10c-a54e4afc89e5 ] Request (ServerShowV254Test:test_rebuild_server): 200 GET http://10.180.1.21/compute/v2.1/servers/886cc949-7105-4dd5-a7fc-7bbc0390595d 0.127s
2025-04-16 23:41:25.932 69702 INFO tempest.lib.common.rest_client [req-4705c2de-a570-4a9e-ae68-f499139c5a1a req-4705c2de-a570-4a9e-ae68-f499139c5a1a ] Request (ServersNegativeTestMultiTenantJSON:setUpClass): 200 GET http://10.180.1.21/compute/v2.1/servers/81f0f421-a960-4ce4-964d-86e334c66838 0.148s
2025-04-16 23:41:25.996 69706 INFO tempest.lib.common.rest_client [req-5eb37617-3c39-4520-a8ed-66c2e61e0ef6 req-5eb37617-3c39-4520-a8ed-66c2e61e0ef6 ] Request (ServersListShow2100Test:test_list_show_rebuild_update_server_2100): 200 GET http://10.180.1.21/compute/v2.1/servers/4500afcc-0f0a-4dd9-ab54-893acc7cedc7 0.147s
2025-04-16 23:41:26.038 69712 INFO tempest.lib.common.rest_client [req-e6a6f743-c06b-456f-992b-4af3d9001d74 req-e6a6f743-c06b-456f-992b-4af3d9001d74 ] Request (DeleteServersAdminTestJSON:test_delete_server_while_in_error_state): 200 GET http://10.180.1.21/compute/v2.1/servers/d427aa83-edf4-44e5-a860-36e1184ea51f 0.174s
2025-04-16 23:41:26.046 69712 INFO tempest.common.waiters [-] State transition "BUILD/spawning" ==> "ACTIVE/None" after 80 second wait
2025-04-16 23:41:26.059 69729 INFO tempest.lib.common.rest_client [req-701e6396-d518-47e5-b4f0-c03e38ad021a req-701e6396-d518-47e5-b4f0-c03e38ad021a ] Request (FloatingIPsAssociationNegativeTestJSON:tearDownClass): 200 GET http://10.180.1.21/compute/v2.1/servers/5ef85594-2bab-4068-b93f-b725bdc4681e 0.140s
2025-04-16 23:41:26.095 69730 INFO tempest.lib.common.rest_client [req-36b46f1b-a58f-42cc-9232-fe0e5551b932 req-36b46f1b-a58f-42cc-9232-fe0e5551b932 ] Request (ServersListShow298Test:test_list_show_update_rebuild_server_298): 200 GET http://10.180.1.21/compute/v2.1/servers/52dd36de-05c4-482e-9df9-c117e8906b2b 0.158s
2025-04-16 23:41:26.147 69712 INFO tempest.lib.common.rest_client [req-788df30b-3140-47b4-8d02-0cb40b406b47 req-788df30b-3140-47b4-8d02-0cb40b406b47 ] Request (DeleteServersAdminTestJSON:test_delete_server_while_in_error_state): 202 POST http://10.180.1.21/compute/v2.1/servers/d427aa83-edf4-44e5-a860-36e1184ea51f/action 0.100s
2025-04-16 23:41:26.206 69716 INFO tempest.lib.common.rest_client [req-c2a6d51c-c962-426e-a14d-5ad22f8573f8 req-c2a6d51c-c962-426e-a14d-5ad22f8573f8 ] Request (VolumesGetTestJSON:tearDownClass): 404 GET http://10.180.1.21/compute/v2.1/os-volumes/09bfd545-5eeb-4371-8dc6-e7deb6b25e03 0.170s
2025-04-16 23:41:26.237 69718 INFO tempest.lib.common.rest_client [req-dff94cd5-f4f6-4046-b5d9-9479904dfea1 req-dff94cd5-f4f6-4046-b5d9-9479904dfea1 ] Request (AttachInterfacesTestJSON:test_create_list_show_delete_interfaces_by_fixed_ip): 200 GET http://10.180.1.21/compute/v2.1/servers/ba25f42e-945b-4884-9fca-fecf9a2d294c 0.160s
2025-04-16 23:41:26.265 69698 INFO tempest.lib.common.rest_client [req-723e7e5d-7023-42de-8e48-293e5cdca1a4 req-723e7e5d-7023-42de-8e48-293e5cdca1a4 ] Request (ServersTestMultiNic:test_verify_duplicate_network_nics): 200 GET http://10.180.1.21/compute/v2.1/servers/0c3e8051-8c92-4c49-ba19-f4f3bc00dbc1 0.169s
2025-04-16 23:41:26.307 69716 INFO tempest.lib.common.rest_client [req-7a18c962-2f1f-4e64-bde8-ab94f2e60d1b req-7a18c962-2f1f-4e64-bde8-ab94f2e60d1b ] Request (VolumesGetTestJSON:tearDownClass): 204 DELETE http://10.180.1.21/identity/v3/users/5a529cddb9524927b79867c9716b5df2 0.101s
2025-04-16 23:41:26.307 69716 INFO tempest.lib.common.dynamic_creds [-] Deleting project and security group for project: 9bc03127334d48c394d4c99309a8fce2
2025-04-16 23:41:26.316 69692 INFO tempest.lib.common.rest_client [req-8d9fbc1c-9a73-499e-bd42-116534f9e401 req-8d9fbc1c-9a73-499e-bd42-116534f9e401 ] Request (ImagesTestJSON:test_create_image_from_suspended_server): 200 GET http://10.180.1.21/compute/v2.1/servers/126b7d32-2031-47e5-8601-29ec76a05c6c 0.155s
2025-04-16 23:41:26.348 69712 INFO tempest.lib.common.rest_client [req-d036704b-95bd-4100-a9b0-f142c8bb4fda req-d036704b-95bd-4100-a9b0-f142c8bb4fda ] Request (DeleteServersAdminTestJSON:test_delete_server_while_in_error_state): 200 GET http://10.180.1.21/compute/v2.1/servers/d427aa83-edf4-44e5-a860-36e1184ea51f 0.201s
2025-04-16 23:41:26.354 69736 INFO tempest.lib.common.rest_client [req-15a272ee-626b-45fa-a595-552783192417 req-15a272ee-626b-45fa-a595-552783192417 ] Request (ImagesOneServerTestJSON:test_create_image_specify_multibyte_character_image_name): 200 GET http://10.180.1.21/compute/v2.1/images/5965a726-7421-4f46-9741-8a07d0dc2cac 0.189s
2025-04-16 23:41:26.366 69716 INFO tempest.lib.common.rest_client [req-d9c160c4-4e60-4424-9778-ffed038af5f0 req-d9c160c4-4e60-4424-9778-ffed038af5f0 ] Request (VolumesGetTestJSON:tearDownClass): 201 POST http://10.180.1.21/identity/v3/auth/tokens 0.059s
2025-04-16 23:41:26.399 69726 INFO tempest.lib.common.rest_client [req-d91eb606-136d-41c9-9878-35034ddcfc71 req-d91eb606-136d-41c9-9878-35034ddcfc71 ] Request (ImagesOneServerNegativeTestJSON:_run_cleanups): 200 GET http://10.180.1.21/compute/v2.1/servers/f6b3dab5-04f1-4db5-b4b2-74af69f5c966 0.144s
2025-04-16 23:41:26.433 69712 INFO tempest.lib.common.rest_client [req-477cc8ec-eda0-45ed-b8a3-15a8b3d85945 req-477cc8ec-eda0-45ed-b8a3-15a8b3d85945 ] Request (DeleteServersAdminTestJSON:test_delete_server_while_in_error_state): 204 DELETE http://10.180.1.21/compute/v2.1/servers/d427aa83-edf4-44e5-a860-36e1184ea51f 0.075s
2025-04-16 23:41:26.541 69712 INFO tempest.lib.common.rest_client [req-2d6c6cd4-a9b6-47ee-b15d-449aa93b368e req-2d6c6cd4-a9b6-47ee-b15d-449aa93b368e ] Request (DeleteServersAdminTestJSON:test_delete_server_while_in_error_state): 200 GET http://10.180.1.21/compute/v2.1/servers/d427aa83-edf4-44e5-a860-36e1184ea51f 0.108s
2025-04-16 23:41:26.544 69690 INFO tempest.lib.common.rest_client [req-697e0640-41d1-41ec-bfe9-9ec8b9d6b335 req-697e0640-41d1-41ec-bfe9-9ec8b9d6b335 ] Request (ServersAdminNegativeTestJSON:setUpClass): 200 GET http://10.180.1.21/compute/v2.1/servers/ac289b71-5a99-4a03-af24-e6843166dfd1 0.120s
2025-04-16 23:41:26.580 69716 INFO tempest.lib.common.rest_client [req-c593752a-e589-4b08-90c1-b37c4a536cd7 req-c593752a-e589-4b08-90c1-b37c4a536cd7 ] Request (VolumesGetTestJSON:tearDownClass): 200 GET http://10.180.1.21:9696/networking/v2.0/security-groups?tenant_id=9bc03127334d48c394d4c99309a8fce2&name=default 0.213s
2025-04-16 23:41:26.607 69732 INFO tempest.lib.common.rest_client [req-abac9993-17fa-4e33-9bda-cd08be828044 req-abac9993-17fa-4e33-9bda-cd08be828044 ] Request (ListServerFiltersTestJSON:tearDownClass): 200 GET http://10.180.1.21/compute/v2.1/servers/ca27cd4c-aee5-4d9e-8c50-20c7a6fad03e 0.148s
2025-04-16 23:41:26.610 69688 INFO tempest.lib.common.rest_client [req-cc2a0709-3d34-4615-b8ee-3cbbbc672d82 req-cc2a0709-3d34-4615-b8ee-3cbbbc672d82 ] Request (ServersTestFqdnHostnames:test_create_server_with_fqdn_name): 200 GET http://10.180.1.21/compute/v2.1/servers/bdcd53fc-2733-4e88-8e45-1dcf23f3609d 0.110s
2025-04-16 23:41:26.645 69722 INFO tempest.lib.common.rest_client [req-ac1b44df-b7f5-4db0-9e4c-f5a175b6146a req-ac1b44df-b7f5-4db0-9e4c-f5a175b6146a ] Request (VolumesAssistedSnapshotsTest:_run_cleanups): 200 GET http://10.180.1.21/compute/v2.1/servers/0b69b2e2-0fe7-4bc8-901d-70c60738f56a/os-volume_attachments 0.068s
2025-04-16 23:41:26.670 69720 INFO tempest.lib.common.rest_client [req-f9045983-fb36-47bb-be14-ce0023f602b4 req-f9045983-fb36-47bb-be14-ce0023f602b4 ] Request (AttachInterfacesV270Test:tearDownClass): 200 GET http://10.180.1.21/compute/v2.1/servers/b19f9838-1483-4324-9039-92cf6737f88e 0.124s
2025-04-16 23:41:26.682 69716 INFO tempest.lib.common.rest_client [req-00892bea-6d7a-4342-aa3b-d001ea4af4b7 req-00892bea-6d7a-4342-aa3b-d001ea4af4b7 ] Request (VolumesGetTestJSON:tearDownClass): 204 DELETE http://10.180.1.21:9696/networking/v2.0/security-groups/a024b5cf-6704-47af-bea5-edefe263ebb9 0.101s
2025-04-16 23:41:26.703 69709 INFO tempest.lib.common.rest_client [req-62d6a2a5-381b-4f13-9937-3358e4543814 req-62d6a2a5-381b-4f13-9937-3358e4543814 ] Request (ListServersNegativeTestJSON:setUpClass): 200 GET http://10.180.1.21/compute/v2.1/servers/fabfc95e-0186-4a67-9d10-61eeb2e56640 0.127s
2025-04-16 23:41:26.723 69746 INFO tempest.lib.common.rest_client [req-21189043-9140-4791-a75a-1b9c8bd92f48 req-21189043-9140-4791-a75a-1b9c8bd92f48 ] Request (FloatingIPsAssociationTestJSON:test_associate_already_associated_floating_ip): 200 GET http://10.180.1.21/compute/v2.1/servers/c39e4547-8e68-48d8-905b-520f917aa763 0.097s
2025-04-16 23:41:26.755 69716 INFO tempest.lib.common.rest_client [req-aea76f27-fa7b-4be3-adae-939bd91a45b7 req-aea76f27-fa7b-4be3-adae-939bd91a45b7 ] Request (VolumesGetTestJSON:tearDownClass): 204 DELETE http://10.180.1.21/identity/v3/projects/9bc03127334d48c394d4c99309a8fce2 0.072s
2025-04-16 23:41:26.762 69714 INFO tempest.lib.common.rest_client [req-7c51b3f5-e81d-484e-9750-1ec40f7160af req-7c51b3f5-e81d-484e-9750-1ec40f7160af ] Request (ServersTestJSON:test_create_server_with_ipv6_addr_only): 200 GET http://10.180.1.21/compute/v2.1/servers/5cff61ed-95d2-4d54-b1ad-1afeee2641fb 0.124s
2025-04-16 23:41:26.776 69740 INFO tempest.lib.common.rest_client [req-9e4b3355-1b67-4ef8-9f38-fc8aaf0af4c8 req-9e4b3355-1b67-4ef8-9f38-fc8aaf0af4c8 ] Request (ServersAdminTestJSON:test_inject_network_info): 200 GET http://10.180.1.21/compute/v2.1/servers/43f0d345-d519-4ab3-80a9-4af262e02c5e 0.071s
2025-04-16 23:41:26.851 69739 INFO tempest.lib.common.rest_client [req-a4fcde7f-1be3-4d30-8045-6226cb2b99c3 req-a4fcde7f-1be3-4d30-8045-6226cb2b99c3 ] Request (ServerActionsTestOtherA:setUpClass): 200 GET http://10.180.1.21/compute/v2.1/servers/54494c65-4118-4c3d-8af2-cd772b783e1f 0.086s
2025-04-16 23:41:26.870 69686 INFO tempest.lib.common.rest_client [req-75cc3e2f-f82b-4912-b788-f01594bfaf49 req-75cc3e2f-f82b-4912-b788-f01594bfaf49 ] Request (ServerExternalEventsTest:test_create_server_external_events): 200 GET http://10.180.1.21/compute/v2.1/servers/3de0cb15-65d2-4896-abe4-6d6546a03341 0.158s
