2025-04-16 23:40:07.347 69686 INFO tempest.lib.common.rest_client [req-76f790ac-fd8e-4ca7-a4fa-68e6d0c88a2d req-76f790ac-fd8e-4ca7-a4fa-68e6d0c88a2d ] Request (FlavorsExtraSpecsNegativeTestJSON:tearDownClass): 204 DELETE http://10.180.1.21/identity/v3/users/e39f20258d514a6c87a3d57196ee416b 0.154s
2025-04-16 23:40:07.358 69730 INFO tempest.lib.common.rest_client [req-4446c703-c670-49b7-bba0-d68f49433abb req-4446c703-c670-49b7-bba0-d68f49433abb ] Request (ServersAaction247Test:tearDownClass): 200 GET http://10.180.1.21/compute/v2.1/servers/a4237ad3-1581-47bd-b5e5-30530429402f 0.983s
2025-04-16 23:40:07.399 69722 INFO tempest.lib.common.rest_client [req-486fae62-91ea-49f4-a528-d9d4fe25bed6 req-486fae62-91ea-49f4-a528-d9d4fe25bed6 ] Request (VolumesAssistedSnapshotsTest:test_volume_assisted_snapshot_create_delete): 200 GET http://10.180.1.21/compute/v2.1/servers/0b69b2e2-0fe7-4bc8-901d-70c60738f56a/os-interface 1.067s
2025-04-16 23:40:07.454 69686 INFO tempest.lib.common.rest_client [req-9eb00f6a-8255-4b35-a5af-d418c48fbb8a req-9eb00f6a-8255-4b35-a5af-d418c48fbb8a ] Request (FlavorsExtraSpecsNegativeTestJSON:tearDownClass): 204 DELETE http://10.180.1.21/identity/v3/users/3be249ae4a504d5f970fb9422b7c91bb 0.106s
2025-04-16 23:40:07.454 69686 INFO tempest.lib.common.dynamic_creds [-] Deleting project and security group for project: 8fdf51cd6b19460a9fbd0d5cc70dfb12
2025-04-16 23:40:07.543 69686 INFO tempest.lib.common.rest_client [req-243ce980-6d52-46b5-a5c9-503c423fdacf req-243ce980-6d52-46b5-a5c9-503c423fdacf ] Request (FlavorsExtraSpecsNegativeTestJSON:tearDownClass): 201 POST http://10.180.1.21/identity/v3/auth/tokens 0.089s
2025-04-16 23:40:07.684 69710 INFO tempest.lib.common.rest_client [req-eedb1311-467a-4d92-87bd-7af5048dfb17 req-eedb1311-467a-4d92-87bd-7af5048dfb17 ] Request (SecurityGroupsTestAdminJSON:test_list_security_groups_list_all_tenants_filter): 200 POST http://10.180.1.21/compute/v2.1/os-security-groups 1.255s
2025-04-16 23:40:07.726 69702 INFO tempest.lib.common.rest_client [req-1c813275-f2de-44f3-8ccf-82e226fecfe3 req-1c813275-f2de-44f3-8ccf-82e226fecfe3 ] Request (KeyPairsV210TestJSON:tearDownClass): 200 GET http://10.180.1.21:9696/networking/v2.0/security-groups?tenant_id=e512a33ef97546818c61546f75f369b5&name=default 0.467s
2025-04-16 23:40:07.881 69686 INFO tempest.lib.common.rest_client [req-747979bc-f1ad-4ade-bb95-9d0f3e793184 req-747979bc-f1ad-4ade-bb95-9d0f3e793184 ] Request (FlavorsExtraSpecsNegativeTestJSON:tearDownClass): 200 GET http://10.180.1.21:9696/networking/v2.0/security-groups?tenant_id=8fdf51cd6b19460a9fbd0d5cc70dfb12&name=default 0.337s
2025-04-16 23:40:08.042 69686 INFO tempest.lib.common.rest_client [req-91b5e18c-36d0-4010-b537-fdb82339e567 req-91b5e18c-36d0-4010-b537-fdb82339e567 ] Request (FlavorsExtraSpecsNegativeTestJSON:tearDownClass): 204 DELETE http://10.180.1.21:9696/networking/v2.0/security-groups/4e9835c3-8121-405f-b4e0-3bfc14434032 0.161s
2025-04-16 23:40:08.067 69718 INFO tempest.lib.common.rest_client [req-e4b082a1-87f0-4ed0-b2c6-ea540150fd18 req-e4b082a1-87f0-4ed0-b2c6-ea540150fd18 ] Request (AttachInterfacesTestJSON:test_create_list_show_delete_interfaces_by_fixed_ip): 202 POST http://10.180.1.21/compute/v2.1/servers 1.567s
2025-04-16 23:40:08.129 69704 INFO tempest.lib.common.rest_client [req-b2ee245f-c33e-41a4-bdd7-7c1020985e00 req-b2ee245f-c33e-41a4-bdd7-7c1020985e00 ] Request (MigrationsAdminTest:test_list_migrations_in_flavor_resize_situation): 200 GET http://10.180.1.21/compute/v2.1/servers/f1420621-d961-4ec4-a181-37b7b1284fe3 1.593s
2025-04-16 23:40:08.136 69729 INFO tempest.lib.common.rest_client [req-ba0966be-a181-4afa-8a17-e29d0ba3b477 req-ba0966be-a181-4afa-8a17-e29d0ba3b477 ] Request (FloatingIPsAssociationNegativeTestJSON:setUpClass): 200 GET http://10.180.1.21/compute/v2.1/servers/5ef85594-2bab-4068-b93f-b725bdc4681e 1.531s
2025-04-16 23:40:08.148 69686 INFO tempest.lib.common.rest_client [req-a060bf73-ba39-4959-8178-84eb2b36a207 req-a060bf73-ba39-4959-8178-84eb2b36a207 ] Request (FlavorsExtraSpecsNegativeTestJSON:tearDownClass): 204 DELETE http://10.180.1.21/identity/v3/projects/8fdf51cd6b19460a9fbd0d5cc70dfb12 0.105s
2025-04-16 23:40:08.148 69686 INFO tempest.lib.common.dynamic_creds [-] Deleting project and security group for project: c9877c9334e0404d966ac8ee64e329d2
2025-04-16 23:40:08.195 69696 INFO tempest.lib.common.rest_client [req-93c4fb13-feaa-4776-853f-b3966466e02d req-93c4fb13-feaa-4776-853f-b3966466e02d ] Request (ServerDiskConfigTestJSON:setUpClass): 201 POST http://10.180.1.21:9696/networking/v2.0/routers 1.293s
2025-04-16 23:40:08.209 69702 INFO tempest.lib.common.rest_client [req-05745f4e-f347-48a1-a7f6-c77d29782c0c req-05745f4e-f347-48a1-a7f6-c77d29782c0c ] Request (KeyPairsV210TestJSON:tearDownClass): 204 DELETE http://10.180.1.21:9696/networking/v2.0/security-groups/46ffb535-7648-4651-a04b-7b55859a86e4 0.482s
2025-04-16 23:40:08.213 69690 INFO tempest.lib.common.rest_client [req-f7df255b-c4d0-451c-a703-763faf250661 req-f7df255b-c4d0-451c-a703-763faf250661 ] Request (ServersAdminNegativeTestJSON:setUpClass): 200 GET http://10.180.1.21/compute/v2.1/servers/ac289b71-5a99-4a03-af24-e6843166dfd1 1.438s
2025-04-16 23:40:08.347 69702 INFO tempest.lib.common.rest_client [req-f00bf1db-643e-4987-a8b8-7713ee9abead req-f00bf1db-643e-4987-a8b8-7713ee9abead ] Request (KeyPairsV210TestJSON:tearDownClass): 204 DELETE http://10.180.1.21/identity/v3/projects/e512a33ef97546818c61546f75f369b5 0.137s
2025-04-16 23:40:08.348 69702 INFO tempest.lib.common.dynamic_creds [-] Deleting project and security group for project: f1303cea4c7f4eb48b6623c131b4c411
2025-04-16 23:40:08.373 69706 INFO tempest.lib.common.rest_client [req-ebd4bce9-60f8-456a-8faf-170a8157a844 req-ebd4bce9-60f8-456a-8faf-170a8157a844 ] Request (ServerGroup264TestJSON:test_create_get_server_group): 200 POST http://10.180.1.21/compute/v2.1/os-server-groups 1.708s
2025-04-16 23:40:08.443 69734 INFO tempest.lib.common.rest_client [req-cf27d54b-2a5d-4d7d-9ff3-0cb1f3e505a2 req-cf27d54b-2a5d-4d7d-9ff3-0cb1f3e505a2 ] Request (ServerMetadataTestJSON:test_set_server_metadata): 200 PUT http://10.180.1.21/compute/v2.1/servers/4f90521e-31a3-4e3e-ad04-8abd5db01b94/metadata 1.630s
2025-04-16 23:40:08.520 69740 INFO tempest.lib.common.rest_client [req-c7a1e6ed-7671-44cc-b645-fc79145eba88 req-c7a1e6ed-7671-44cc-b645-fc79145eba88 ] Request (ServersAdminTestJSON:test_create_server_with_scheduling_hint): 200 GET http://10.180.1.21/compute/v2.1/servers/875b1a48-9e09-43b5-abf6-99c7d64d845f 1.613s
2025-04-16 23:40:08.535 69746 INFO tempest.lib.common.rest_client [req-78cdae61-11b6-4185-9b53-d961c8358121 req-78cdae61-11b6-4185-9b53-d961c8358121 ] Request (FloatingIPsAssociationTestJSON:setUpClass): 200 GET http://10.180.1.21/compute/v2.1/servers/598f0b6f-8524-4015-9ab1-7797fc4794b9 1.727s
2025-04-16 23:40:08.544 69746 INFO tempest.common.waiters [-] State transition "BUILD/scheduling" ==> "BUILD/None" after 17 second wait
2025-04-16 23:40:08.586 69686 INFO tempest.lib.common.rest_client [req-c07c9dbc-4303-4857-b610-754b1db0e58a req-c07c9dbc-4303-4857-b610-754b1db0e58a ] Request (FlavorsExtraSpecsNegativeTestJSON:tearDownClass): 200 GET http://10.180.1.21:9696/networking/v2.0/security-groups?tenant_id=c9877c9334e0404d966ac8ee64e329d2&name=default 0.437s
2025-04-16 23:40:08.634 69736 INFO tempest.lib.common.rest_client [req-6861b4da-ba40-4ceb-9ce4-e393640595d4 req-6861b4da-ba40-4ceb-9ce4-e393640595d4 ] Request (ImagesOneServerTestJSON:setUpClass): 200 GET http://10.180.1.21/compute/v2.1/servers/9fbb3f83-183f-4e62-bf3e-48cc5431258f 1.636s
2025-04-16 23:40:08.641 69702 INFO tempest.lib.common.rest_client [req-46adcd5d-40b0-4d0d-ac2f-18114deb03f3 req-46adcd5d-40b0-4d0d-ac2f-18114deb03f3 ] Request (KeyPairsV210TestJSON:tearDownClass): 200 GET http://10.180.1.21:9696/networking/v2.0/security-groups?tenant_id=f1303cea4c7f4eb48b6623c131b4c411&name=default 0.293s
2025-04-16 23:40:08.715 69684 INFO tempest.lib.common.rest_client [req-d5f69cfd-68eb-4a71-8f9e-0f73de4e9afd req-d5f69cfd-68eb-4a71-8f9e-0f73de4e9afd ] Request (ServersTestManualDisk:setUpClass): 200 GET http://10.180.1.21/compute/v2.1/servers/f5243452-580d-4894-8402-66c53ea540c4 1.613s
2025-04-16 23:40:08.756 69714 INFO tempest.lib.common.rest_client [req-c8b7e1cd-a1ff-4a12-aac7-91dd30453e6e req-c8b7e1cd-a1ff-4a12-aac7-91dd30453e6e ] Request (ServersTestJSON:test_create_server_specify_multibyte_character_name): 200 GET http://10.180.1.21/compute/v2.1/servers/dbc6c632-cd7b-4f57-855a-acd12826d021 1.840s
2025-04-16 23:40:08.766 69714 INFO tempest.common.waiters [-] State transition "BUILD/None" ==> "BUILD/spawning" after 24 second wait
2025-04-16 23:40:08.806 69686 INFO tempest.lib.common.rest_client [req-d931368c-371e-4faf-b300-84bf51d8320a req-d931368c-371e-4faf-b300-84bf51d8320a ] Request (FlavorsExtraSpecsNegativeTestJSON:tearDownClass): 204 DELETE http://10.180.1.21:9696/networking/v2.0/security-groups/417de0e5-01e5-4ba9-ae49-9cca2e5bea8b 0.220s
2025-04-16 23:40:08.862 69732 INFO tempest.lib.common.rest_client [req-00286a95-db10-40fa-b218-817a9efe7ad6 req-00286a95-db10-40fa-b218-817a9efe7ad6 ] Request (ListServerFiltersTestJSON:setUpClass): 200 GET http://10.180.1.21/compute/v2.1/servers/ca27cd4c-aee5-4d9e-8c50-20c7a6fad03e 1.339s
2025-04-16 23:40:08.898 69702 INFO tempest.lib.common.rest_client [req-82e58afd-ccd2-4f0b-8c7d-d1e2beda68ac req-82e58afd-ccd2-4f0b-8c7d-d1e2beda68ac ] Request (KeyPairsV210TestJSON:tearDownClass): 204 DELETE http://10.180.1.21:9696/networking/v2.0/security-groups/3a14a1e8-4491-4dea-be0c-bed9306f1f72 0.256s
2025-04-16 23:40:08.920 69724 INFO tempest.lib.common.rest_client [req-96a2dbce-8d25-47a6-aabb-2ad1df27cec3 req-96a2dbce-8d25-47a6-aabb-2ad1df27cec3 ] Request (SecurityGroupRulesTestJSON:tearDownClass): 202 DELETE http://10.180.1.21/compute/v2.1/os-security-groups/4cfffb9d-634a-459a-a290-4fecd01f145f 1.738s
2025-04-16 23:40:08.933 69686 INFO tempest.lib.common.rest_client [req-cde6ff0f-6401-4ec6-9f2f-41958af0cc0f req-cde6ff0f-6401-4ec6-9f2f-41958af0cc0f ] Request (FlavorsExtraSpecsNegativeTestJSON:tearDownClass): 204 DELETE http://10.180.1.21/identity/v3/projects/c9877c9334e0404d966ac8ee64e329d2 0.126s
2025-04-16 23:40:08.964 69722 INFO tempest.lib.common.rest_client [req-7f43412c-022c-496c-9e01-3167f55a371c req-7f43412c-022c-496c-9e01-3167f55a371c ] Request (VolumesAssistedSnapshotsTest:test_volume_assisted_snapshot_create_delete): 200 PUT http://10.180.1.21:9696/networking/v2.0/floatingips/08fe6e4d-0524-4387-93e8-30afde0ad1bc 1.563s
2025-04-16 23:40:08.965 69722 INFO tempest.lib.common.ssh [-] Creating ssh connection to '10.180.180.207:22' as 'cirros' with public key authentication
2025-04-16 23:40:08.994 69686 INFO tempest.lib.common.rest_client [req-af51e88b-7eda-4778-aed2-3a66d2d742bc req-af51e88b-7eda-4778-aed2-3a66d2d742bc ] Request (ServerExternalEventsTest:setUpClass): 201 POST http://10.180.1.21/identity/v3/auth/tokens 0.060s
2025-04-16 23:40:09.003 69726 INFO tempest.lib.common.rest_client [req-b283c3fb-5b16-4afd-9e28-bfe0fe4620a5 req-b283c3fb-5b16-4afd-9e28-bfe0fe4620a5 ] Request (ImagesOneServerNegativeTestJSON:tearDown): 200 GET http://10.180.1.21/compute/v2.1/servers/2dcd6c62-f9db-4618-b272-ed49c1f679d1 1.340s
2025-04-16 23:40:09.019 69702 INFO tempest.lib.common.rest_client [req-1419c77a-be45-47be-b484-806872451f8f req-1419c77a-be45-47be-b484-806872451f8f ] Request (KeyPairsV210TestJSON:tearDownClass): 204 DELETE http://10.180.1.21/identity/v3/projects/f1303cea4c7f4eb48b6623c131b4c411 0.120s
2025-04-16 23:40:09.072 69686 INFO tempest.lib.common.rest_client [req-3b953bb8-5b0a-4b85-8cf3-a74b18c1627b req-3b953bb8-5b0a-4b85-8cf3-a74b18c1627b ] Request (ServerExternalEventsTest:setUpClass): 201 POST http://10.180.1.21/identity/v3/auth/tokens 0.074s
2025-04-16 23:40:09.077 69694 INFO tempest.lib.common.rest_client [req-80ce2252-443f-4835-94d5-764cd4bdebdf req-80ce2252-443f-4835-94d5-764cd4bdebdf ] Request (ServersAdmin275Test:tearDownClass): 200 GET http://10.180.1.21/compute/v2.1/servers/d758e281-a701-418a-aa45-efabac0bdada 1.335s
2025-04-16 23:40:09.090 69694 INFO tempest.common.waiters [-] State transition "ACTIVE/deleting" ==> "DELETED/None" after 5 second wait
2025-04-16 23:40:09.097 69702 INFO tempest.lib.common.rest_client [req-9a070ba2-970d-41b1-92d0-4bd328fc9b51 req-9a070ba2-970d-41b1-92d0-4bd328fc9b51 ] Request (KeyPairsV2TestJSON:setUpClass): 201 POST http://10.180.1.21/identity/v3/auth/tokens 0.076s
2025-04-16 23:40:09.133 69686 INFO tempest.lib.common.rest_client [req-2abe44b4-935d-4b0a-86fd-b3a6667c4df9 req-2abe44b4-935d-4b0a-86fd-b3a6667c4df9 ] Request (ServerExternalEventsTest:setUpClass): 200 GET http://10.180.1.21/identity/v3/domains?name=Default 0.060s
2025-04-16 23:40:09.170 69702 INFO tempest.lib.common.rest_client [req-f4e0ca8f-1581-4973-95e8-56e6b8600990 req-f4e0ca8f-1581-4973-95e8-56e6b8600990 ] Request (KeyPairsV2TestJSON:setUpClass): 201 POST http://10.180.1.21/identity/v3/auth/tokens 0.069s
2025-04-16 23:40:09.184 69712 INFO tempest.lib.common.rest_client [req-2d671db3-ed8f-450e-8718-00a6eec5d334 req-2d671db3-ed8f-450e-8718-00a6eec5d334 ] Request (DeleteServersAdminTestJSON:test_delete_server_while_in_error_state): 200 GET http://10.180.1.21/compute/v2.1/servers/d427aa83-edf4-44e5-a860-36e1184ea51f 1.329s
2025-04-16 23:40:09.204 69686 INFO tempest.lib.common.rest_client [req-0a1835be-133f-42b2-9060-2990b3643f9f req-0a1835be-133f-42b2-9060-2990b3643f9f ] Request (ServerExternalEventsTest:setUpClass): 201 POST http://10.180.1.21/identity/v3/projects 0.071s
2025-04-16 23:40:09.238 69692 INFO tempest.lib.common.rest_client [req-dd81a599-7853-4dd3-9039-4ccd14237cc9 req-dd81a599-7853-4dd3-9039-4ccd14237cc9 ] Request (ImagesTestJSON:test_create_image_from_stopped_server): 200 GET http://10.180.1.21/compute/v2.1/images/42064020-15c6-406e-84cf-8b621c81762c 1.338s
2025-04-16 23:40:09.272 69702 INFO tempest.lib.common.rest_client [req-e3e77d78-6380-421f-9797-d9aacadb4375 req-e3e77d78-6380-421f-9797-d9aacadb4375 ] Request (KeyPairsV2TestJSON:setUpClass): 200 GET http://10.180.1.21/identity/v3/domains?name=Default 0.101s
2025-04-16 23:40:09.283 69686 INFO tempest.lib.common.rest_client [req-efc42618-db43-42ec-b7f0-b02d7c3a53b4 req-efc42618-db43-42ec-b7f0-b02d7c3a53b4 ] Request (ServerExternalEventsTest:setUpClass): 201 POST http://10.180.1.21/identity/v3/users 0.078s
2025-04-16 23:40:09.321 69702 INFO tempest.lib.common.rest_client [req-1fe1bb32-0e05-41f0-b8e6-ca83f0c51bf9 req-1fe1bb32-0e05-41f0-b8e6-ca83f0c51bf9 ] Request (KeyPairsV2TestJSON:setUpClass): 201 POST http://10.180.1.21/identity/v3/projects 0.048s
2025-04-16 23:40:09.388 69686 INFO tempest.lib.common.rest_client [req-5dcc4bc5-83b7-404a-8d69-808054fb204b req-5dcc4bc5-83b7-404a-8d69-808054fb204b ] Request (ServerExternalEventsTest:setUpClass): 200 GET http://10.180.1.21/identity/v3/roles 0.104s
2025-04-16 23:40:09.430 69702 INFO tempest.lib.common.rest_client [req-5da0d573-b0d5-477c-8bbc-499a9c31af3c req-5da0d573-b0d5-477c-8bbc-499a9c31af3c ] Request (KeyPairsV2TestJSON:setUpClass): 201 POST http://10.180.1.21/identity/v3/users 0.108s
2025-04-16 23:40:09.445 69700 INFO tempest.lib.common.rest_client [req-3ccfb892-32df-4f7f-a9ef-fafe2e627332 req-3ccfb892-32df-4f7f-a9ef-fafe2e627332 ] Request (InstanceActionsV221TestJSON:test_get_list_deleted_instance_actions): 200 GET http://10.180.1.21/compute/v2.1/servers/60db3263-31a9-4128-a387-be6a0c414058 1.478s
2025-04-16 23:40:09.457 69686 INFO tempest.lib.common.rest_client [req-efefc6a2-e8dd-4384-bf76-6341e4c362c1 req-efefc6a2-e8dd-4384-bf76-6341e4c362c1 ] Request (ServerExternalEventsTest:setUpClass): 204 PUT http://10.180.1.21/identity/v3/projects/bb16e0bd2b7c414b8024c70141ef1f3e/users/13d962b2d0394dfda664272c2e353cad/roles/db2d86fcd64841d59789ff79397c4994 0.068s
2025-04-16 23:40:09.457 69686 INFO tempest.lib.common.dynamic_creds [-] Dynamic test user 13d962b2d0394dfda664272c2e353cad is created with scope project and roles: ['member']
2025-04-16 23:40:09.457 69686 INFO tempest.lib.common.dynamic_creds [-] Acquired dynamic creds: credentials: Credentials: {'domain_id': 'default', 'domain_name': 'Default', 'username': 'tempest-ServerExternalEventsTest-1185170337-project-member', 'project_domain_id': 'default', 'project_domain_name': 'Default', 'project_id': 'bb16e0bd2b7c414b8024c70141ef1f3e', 'project_name': 'tempest-ServerExternalEventsTest-1185170337', 'tenant_id': 'bb16e0bd2b7c414b8024c70141ef1f3e', 'tenant_name': 'tempest-ServerExternalEventsTest-1185170337', 'user_domain_id': 'default', 'user_domain_name': 'Default', 'user_id': '13d962b2d0394dfda664272c2e353cad', 'system': None}, Network: None, Subnet: None, Router: None
2025-04-16 23:40:09.458 69686 INFO tempest.lib.common.dynamic_creds [-] Created isolated network resources for: credentials: Credentials: {'domain_id': 'default', 'domain_name': 'Default', 'username': 'tempest-ServerExternalEventsTest-1185170337-project-member', 'project_domain_id': 'default', 'project_domain_name': 'Default', 'project_id': 'bb16e0bd2b7c414b8024c70141ef1f3e', 'project_name': 'tempest-ServerExternalEventsTest-1185170337', 'tenant_id': 'bb16e0bd2b7c414b8024c70141ef1f3e', 'tenant_name': 'tempest-ServerExternalEventsTest-1185170337', 'user_domain_id': 'default', 'user_domain_name': 'Default', 'user_id': '13d962b2d0394dfda664272c2e353cad', 'system': None}, Network: None, Subnet: None, Router: None
2025-04-16 23:40:09.477 69702 INFO tempest.lib.common.rest_client [req-663980c6-c4f9-4def-9104-bd5639b7488b req-663980c6-c4f9-4def-9104-bd5639b7488b ] Request (KeyPairsV2TestJSON:setUpClass): 200 GET http://10.180.1.21/identity/v3/roles 0.047s
2025-04-16 23:40:09.520 69720 INFO tempest.lib.common.rest_client [req-f904e939-6f53-4fb7-b4f7-815ce119adb7 req-f904e939-6f53-4fb7-b4f7-815ce119adb7 ] Request (AttachInterfacesV270Test:test_create_get_list_interfaces): 200 GET http://10.180.1.21/compute/v2.1/servers/b19f9838-1483-4324-9039-92cf6737f88e 1.528s
2025-04-16 23:40:09.539 69686 INFO tempest.lib.common.rest_client [req-da8d3123-0939-4307-8f50-36874cdf090c req-da8d3123-0939-4307-8f50-36874cdf090c ] Request (ServerExternalEventsTest:setUpClass): 201 POST http://10.180.1.21/identity/v3/auth/tokens 0.077s
2025-04-16 23:40:09.576 69698 WARNING tempest.lib.common.ssh [-] Failed to establish authenticated ssh connection to cirros@10.180.180.146 ([Errno None] Unable to connect to port 22 on 10.180.180.146). Number attempts: 4. Retry after 5 seconds.: paramiko.ssh_exception.NoValidConnectionsError: [Errno None] Unable to connect to port 22 on 10.180.180.146
2025-04-16 23:40:09.579 69702 INFO tempest.lib.common.rest_client [req-4a87df4d-d8e9-45cd-9ea3-7c4eb1826918 req-4a87df4d-d8e9-45cd-9ea3-7c4eb1826918 ] Request (KeyPairsV2TestJSON:setUpClass): 204 PUT http://10.180.1.21/identity/v3/projects/37fa578bcca44b179326274ad481530a/users/24cae2b953384ec0b487f33deaddb978/roles/db2d86fcd64841d59789ff79397c4994 0.101s
2025-04-16 23:40:09.579 69702 INFO tempest.lib.common.dynamic_creds [-] Dynamic test user 24cae2b953384ec0b487f33deaddb978 is created with scope project and roles: ['member']
2025-04-16 23:40:09.579 69702 INFO tempest.lib.common.dynamic_creds [-] Acquired dynamic creds: credentials: Credentials: {'domain_id': 'default', 'domain_name': 'Default', 'username': 'tempest-KeyPairsV2TestJSON-1340804010-project-member', 'project_domain_id': 'default', 'project_domain_name': 'Default', 'project_id': '37fa578bcca44b179326274ad481530a', 'project_name': 'tempest-KeyPairsV2TestJSON-1340804010', 'tenant_id': '37fa578bcca44b179326274ad481530a', 'tenant_name': 'tempest-KeyPairsV2TestJSON-1340804010', 'user_domain_id': 'default', 'user_domain_name': 'Default', 'user_id': '24cae2b953384ec0b487f33deaddb978', 'system': None}, Network: None, Subnet: None, Router: None
2025-04-16 23:40:09.579 69702 INFO tempest.lib.common.dynamic_creds [-] Created isolated network resources for: credentials: Credentials: {'domain_id': 'default', 'domain_name': 'Default', 'username': 'tempest-KeyPairsV2TestJSON-1340804010-project-member', 'project_domain_id': 'default', 'project_domain_name': 'Default', 'project_id': '37fa578bcca44b179326274ad481530a', 'project_name': 'tempest-KeyPairsV2TestJSON-1340804010', 'tenant_id': '37fa578bcca44b179326274ad481530a', 'tenant_name': 'tempest-KeyPairsV2TestJSON-1340804010', 'user_domain_id': 'default', 'user_domain_name': 'Default', 'user_id': '24cae2b953384ec0b487f33deaddb978', 'system': None}, Network: None, Subnet: None, Router: None
2025-04-16 23:40:09.583 69739 INFO tempest.lib.common.rest_client [req-6226963a-3eb3-437d-903d-0257aae2cadd req-6226963a-3eb3-437d-903d-0257aae2cadd ] Request (InstanceActionsNegativeTestJSON:setUpClass): 200 GET http://10.180.1.21/compute/v2.1/servers/b7838117-1e5b-4ff3-8b59-faf4aecc6516 1.543s
2025-04-16 23:40:09.650 69718 INFO tempest.lib.common.rest_client [req-14394ded-8ea4-4bcd-9742-5ebfd4ec7a63 req-14394ded-8ea4-4bcd-9742-5ebfd4ec7a63 ] Request (AttachInterfacesTestJSON:test_create_list_show_delete_interfaces_by_fixed_ip): 200 GET http://10.180.1.21/compute/v2.1/servers/ba25f42e-945b-4884-9fca-fecf9a2d294c 1.581s
2025-04-16 23:40:09.663 69686 INFO tempest.lib.common.rest_client [req-a368def1-c9bd-4ec3-b6eb-58b79d506841 req-a368def1-c9bd-4ec3-b6eb-58b79d506841 ] Request (ServerExternalEventsTest:setUpClass): 201 POST http://10.180.1.21/identity/v3/projects 0.123s
2025-04-16 23:40:09.711 69702 INFO tempest.lib.common.rest_client [req-9a22a7e2-1e88-4e36-ba5e-b7ab2818e158 req-9a22a7e2-1e88-4e36-ba5e-b7ab2818e158 ] Request (KeyPairsV2TestJSON:setUpClass): 201 POST http://10.180.1.21/identity/v3/auth/tokens 0.126s
2025-04-16 23:40:09.780 69686 INFO tempest.lib.common.rest_client [req-6815fa26-b11a-4b82-82c4-6cee08ae012f req-6815fa26-b11a-4b82-82c4-6cee08ae012f ] Request (ServerExternalEventsTest:setUpClass): 201 POST http://10.180.1.21/identity/v3/users 0.117s
2025-04-16 23:40:09.816 69686 INFO tempest.lib.common.rest_client [req-e909dd3f-2d8c-4c2a-9715-2f5ec5388d6b req-e909dd3f-2d8c-4c2a-9715-2f5ec5388d6b ] Request (ServerExternalEventsTest:setUpClass): 200 GET http://10.180.1.21/identity/v3/roles 0.035s
2025-04-16 23:40:09.856 69686 INFO tempest.lib.common.rest_client [req-df00c636-9fdf-43f9-92a1-fa7b4db3d912 req-df00c636-9fdf-43f9-92a1-fa7b4db3d912 ] Request (ServerExternalEventsTest:setUpClass): 204 PUT http://10.180.1.21/identity/v3/projects/2e7d1e76501641d08ee2de67442f353d/users/ad4ccb40d0294a93810d1f4fbb5b3e8b/roles/109eda69c16047ba9faece8810e38049 0.040s
2025-04-16 23:40:09.866 69688 INFO tempest.lib.common.rest_client [req-2f46ef8f-ab6a-43ce-be16-732e2446eb70 req-2f46ef8f-ab6a-43ce-be16-732e2446eb70 ] Request (ImagesNegativeTestJSON:test_create_image_from_deleted_server): 200 GET http://10.180.1.21/compute/v2.1/servers/84060de2-9769-43bc-bd7e-f30df4d86d13 1.702s
2025-04-16 23:40:09.917 69686 INFO tempest.lib.common.rest_client [req-d5cfaa37-54b8-4f28-8a11-ae193841a391 req-d5cfaa37-54b8-4f28-8a11-ae193841a391 ] Request (ServerExternalEventsTest:setUpClass): 200 GET http://10.180.1.21/identity/v3/roles 0.060s
2025-04-16 23:40:09.955 69686 INFO tempest.lib.common.rest_client [req-249d0059-d7df-4a48-afa8-3b1349da3b58 req-249d0059-d7df-4a48-afa8-3b1349da3b58 ] Request (ServerExternalEventsTest:setUpClass): 204 PUT http://10.180.1.21/identity/v3/projects/2e7d1e76501641d08ee2de67442f353d/users/ad4ccb40d0294a93810d1f4fbb5b3e8b/roles/109eda69c16047ba9faece8810e38049 0.037s
2025-04-16 23:40:09.955 69686 INFO tempest.lib.common.dynamic_creds [-] Dynamic test user ad4ccb40d0294a93810d1f4fbb5b3e8b is created with scope project and roles: ['admin']
2025-04-16 23:40:09.955 69686 INFO tempest.lib.common.dynamic_creds [-] Acquired dynamic creds: credentials: Credentials: {'domain_id': 'default', 'domain_name': 'Default', 'username': 'tempest-ServerExternalEventsTest-1864847577-project-admin', 'project_domain_id': 'default', 'project_domain_name': 'Default', 'project_id': '2e7d1e76501641d08ee2de67442f353d', 'project_name': 'tempest-ServerExternalEventsTest-1864847577', 'tenant_id': '2e7d1e76501641d08ee2de67442f353d', 'tenant_name': 'tempest-ServerExternalEventsTest-1864847577', 'user_domain_id': 'default', 'user_domain_name': 'Default', 'user_id': 'ad4ccb40d0294a93810d1f4fbb5b3e8b', 'system': None}, Network: None, Subnet: None, Router: None
2025-04-16 23:40:09.955 69686 INFO tempest.lib.common.dynamic_creds [-] Created isolated network resources for: credentials: Credentials: {'domain_id': 'default', 'domain_name': 'Default', 'username': 'tempest-ServerExternalEventsTest-1864847577-project-admin', 'project_domain_id': 'default', 'project_domain_name': 'Default', 'project_id': '2e7d1e76501641d08ee2de67442f353d', 'project_name': 'tempest-ServerExternalEventsTest-1864847577', 'tenant_id': '2e7d1e76501641d08ee2de67442f353d', 'tenant_name': 'tempest-ServerExternalEventsTest-1864847577', 'user_domain_id': 'default', 'user_domain_name': 'Default', 'user_id': 'ad4ccb40d0294a93810d1f4fbb5b3e8b', 'system': None}, Network: None, Subnet: None, Router: None
2025-04-16 23:40:09.968 69709 INFO tempest.lib.common.rest_client [req-7201d6d1-82be-48fe-af23-9773b7bc1b1d req-7201d6d1-82be-48fe-af23-9773b7bc1b1d ] Request (ListServersNegativeTestJSON:setUpClass): 200 GET http://10.180.1.21/compute/v2.1/servers/7424581f-2315-4bf3-a27e-d31663304dfd 1.697s
2025-04-16 23:40:10.043 69716 INFO tempest.lib.common.rest_client [req-e474cfea-7926-4368-9c85-bc78f8a0e5d8 req-e474cfea-7926-4368-9c85-bc78f8a0e5d8 ] Request (ServerAddressesNegativeTestJSON:setUpClass): 200 GET http://10.180.1.21/compute/v2.1/servers/a383cea0-5c35-4981-b720-eb297678fd45 1.761s
2025-04-16 23:40:10.072 69686 INFO tempest.lib.common.rest_client [req-9c61d8ff-c6d8-4010-b865-59a421d4277c req-9c61d8ff-c6d8-4010-b865-59a421d4277c ] Request (ServerExternalEventsTest:setUpClass): 201 POST http://10.180.1.21/identity/v3/auth/tokens 0.110s
2025-04-16 23:40:10.150 69730 INFO tempest.lib.common.rest_client [req-4c4b42bf-cb3d-4b81-b161-4e107c5b5c8c req-4c4b42bf-cb3d-4b81-b161-4e107c5b5c8c ] Request (ServersAaction247Test:tearDownClass): 200 GET http://10.180.1.21/compute/v2.1/servers/a4237ad3-1581-47bd-b5e5-30530429402f 1.774s
2025-04-16 23:40:10.175 69706 INFO tempest.lib.common.rest_client [req-f042512b-9eb6-4001-85e1-014d3161bd01 req-f042512b-9eb6-4001-85e1-014d3161bd01 ] Request (ServerGroup264TestJSON:test_create_get_server_group): 200 GET http://10.180.1.21/compute/v2.1/os-server-groups 1.800s
2025-04-16 23:40:10.188 69686 INFO tempest.lib.common.rest_client [req-f0c72ba7-af0f-4451-9665-9e899a51a198 req-f0c72ba7-af0f-4451-9665-9e899a51a198 ] Request (ServerExternalEventsTest:setUpClass): 201 POST http://10.180.1.21/identity/v3/projects 0.116s
2025-04-16 23:40:10.227 69734 INFO tempest.lib.common.rest_client [req-95318dc4-914b-46e2-8b76-9d5db37e965d req-95318dc4-914b-46e2-8b76-9d5db37e965d ] Request (ServerMetadataTestJSON:test_set_server_metadata): 200 GET http://10.180.1.21/compute/v2.1/servers/4f90521e-31a3-4e3e-ad04-8abd5db01b94/metadata 1.783s
2025-04-16 23:40:10.293 69686 INFO tempest.lib.common.rest_client [req-ec47f839-567b-40bd-9128-c82c1c235fcd req-ec47f839-567b-40bd-9128-c82c1c235fcd ] Request (ServerExternalEventsTest:setUpClass): 201 POST http://10.180.1.21/identity/v3/users 0.105s
2025-04-16 23:40:10.334 69686 INFO tempest.lib.common.rest_client [req-02f03ae6-c790-47f9-9163-ebab0280d685 req-02f03ae6-c790-47f9-9163-ebab0280d685 ] Request (ServerExternalEventsTest:setUpClass): 200 GET http://10.180.1.21/identity/v3/roles 0.040s
2025-04-16 23:40:10.371 69686 INFO tempest.lib.common.rest_client [req-15bbf50e-5598-4065-acfc-6bacc967b152 req-15bbf50e-5598-4065-acfc-6bacc967b152 ] Request (ServerExternalEventsTest:setUpClass): 204 PUT http://10.180.1.21/identity/v3/projects/f747d56df3984c84995e48ad3e2a6b19/users/6264a3928c8d4f06be1b3e817fa01885/roles/109eda69c16047ba9faece8810e38049 0.036s
2025-04-16 23:40:10.420 69724 INFO tempest.lib.common.rest_client [req-5f71ccba-0bfb-425b-a339-d5c8b1e251af req-5f71ccba-0bfb-425b-a339-d5c8b1e251af ] Request (SecurityGroupRulesTestJSON:tearDownClass): 202 DELETE http://10.180.1.21/compute/v2.1/os-security-groups/e3eb41aa-3e98-4e70-9745-f02f8ee1346b 1.499s
2025-04-16 23:40:10.453 69686 INFO tempest.lib.common.rest_client [req-5c291f64-cebe-4ecc-a86d-ae8853bf65a6 req-5c291f64-cebe-4ecc-a86d-ae8853bf65a6 ] Request (ServerExternalEventsTest:setUpClass): 200 GET http://10.180.1.21/identity/v3/roles 0.081s
2025-04-16 23:40:10.481 69686 INFO tempest.lib.common.rest_client [req-30d14c28-84f0-40d4-b365-55a64837ef52 req-30d14c28-84f0-40d4-b365-55a64837ef52 ] Request (ServerExternalEventsTest:setUpClass): 204 PUT http://10.180.1.21/identity/v3/projects/f747d56df3984c84995e48ad3e2a6b19/users/6264a3928c8d4f06be1b3e817fa01885/roles/113091d2c8734f6998b79708f753bdb2 0.028s
2025-04-16 23:40:10.482 69686 INFO tempest.lib.common.dynamic_creds [-] Dynamic test user 6264a3928c8d4f06be1b3e817fa01885 is created with scope project and roles: ['admin', 'service']
2025-04-16 23:40:10.482 69686 INFO tempest.lib.common.dynamic_creds [-] Acquired dynamic creds: credentials: Credentials: {'domain_id': 'default', 'domain_name': 'Default', 'username': 'tempest-ServerExternalEventsTest-1512635568-project', 'project_domain_id': 'default', 'project_domain_name': 'Default', 'project_id': 'f747d56df3984c84995e48ad3e2a6b19', 'project_name': 'tempest-ServerExternalEventsTest-1512635568', 'tenant_id': 'f747d56df3984c84995e48ad3e2a6b19', 'tenant_name': 'tempest-ServerExternalEventsTest-1512635568', 'user_domain_id': 'default', 'user_domain_name': 'Default', 'user_id': '6264a3928c8d4f06be1b3e817fa01885', 'system': None}, Network: None, Subnet: None, Router: None
2025-04-16 23:40:10.482 69686 INFO tempest.lib.common.dynamic_creds [-] Created isolated network resources for: credentials: Credentials: {'domain_id': 'default', 'domain_name': 'Default', 'username': 'tempest-ServerExternalEventsTest-1512635568-project', 'project_domain_id': 'default', 'project_domain_name': 'Default', 'project_id': 'f747d56df3984c84995e48ad3e2a6b19', 'project_name': 'tempest-ServerExternalEventsTest-1512635568', 'tenant_id': 'f747d56df3984c84995e48ad3e2a6b19', 'tenant_name': 'tempest-ServerExternalEventsTest-1512635568', 'user_domain_id': 'default', 'user_domain_name': 'Default', 'user_id': '6264a3928c8d4f06be1b3e817fa01885', 'system': None}, Network: None, Subnet: None, Router: None
2025-04-16 23:40:10.589 69686 INFO tempest.lib.common.rest_client [req-83d3b1d7-8851-4640-8e46-8e76656c8e24 req-83d3b1d7-8851-4640-8e46-8e76656c8e24 ] Request (ServerExternalEventsTest:setUpClass): 201 POST http://10.180.1.21/identity/v3/auth/tokens 0.104s
2025-04-16 23:40:10.622 69704 INFO tempest.lib.common.rest_client [req-e064c719-6139-444c-9809-a74fd338e0c3 req-e064c719-6139-444c-9809-a74fd338e0c3 ] Request (MigrationsAdminTest:test_list_migrations_in_flavor_resize_situation): 200 GET http://10.180.1.21/compute/v2.1/servers/f1420621-d961-4ec4-a181-37b7b1284fe3 1.475s
2025-04-16 23:40:10.685 69729 INFO tempest.lib.common.rest_client [req-7e790e04-6d45-43d5-963e-5d01bacba5b5 req-7e790e04-6d45-43d5-963e-5d01bacba5b5 ] Request (FloatingIPsAssociationNegativeTestJSON:setUpClass): 200 GET http://10.180.1.21/compute/v2.1/servers/5ef85594-2bab-4068-b93f-b725bdc4681e 1.535s
2025-04-16 23:40:10.686 69686 INFO tempest.lib.common.rest_client [req-12918d57-91ee-4ba9-b0d2-c1c13d5e4f51 req-12918d57-91ee-4ba9-b0d2-c1c13d5e4f51 ] Request (ServerExternalEventsTest:test_create_server_external_events): 201 POST http://10.180.1.21/identity/v3/auth/tokens 0.093s
2025-04-16 23:40:10.686 69686 INFO tempest.lib.common.fixed_network [-] (ServerExternalEventsTest:test_create_server_external_events) Found network None available for tenant
2025-04-16 23:40:10.694 69696 INFO tempest.lib.common.rest_client [req-2a64771e-b925-45ca-9b9c-b63abf4435a3 req-2a64771e-b925-45ca-9b9c-b63abf4435a3 ] Request (ServerDiskConfigTestJSON:setUpClass): 200 PUT http://10.180.1.21:9696/networking/v2.0/routers/466b266b-411b-4ef0-9bc7-ec012d468b47/add_router_interface 2.498s
2025-04-16 23:40:10.694 69696 INFO tempest.lib.common.dynamic_creds [-] Created isolated network resources for: credentials: Credentials: {'domain_id': 'default', 'domain_name': 'Default', 'username': 'tempest-ServerDiskConfigTestJSON-623747719-project-member', 'project_domain_id': 'default', 'project_domain_name': 'Default', 'project_id': '9ecde38286934540b1d17f878d3cbde8', 'project_name': 'tempest-ServerDiskConfigTestJSON-623747719', 'tenant_id': '9ecde38286934540b1d17f878d3cbde8', 'tenant_name': 'tempest-ServerDiskConfigTestJSON-623747719', 'user_domain_id': 'default', 'user_domain_name': 'Default', 'user_id': '6d23f3840fe444ffa4986cff0c70e959', 'system': None}, Network: {'id': '07ac35b7-5e02-4e42-9be3-f1b0032ca382', 'name': 'tempest-ServerDiskConfigTestJSON-2090389770-network', 'tenant_id': '9ecde38286934540b1d17f878d3cbde8', 'admin_state_up': True, 'mtu': 8950, 'status': 'ACTIVE', 'subnets': [], 'shared': False, 'project_id': '9ecde38286934540b1d17f878d3cbde8', 'port_security_enabled': True, 'router:external': False, 'provider:network_type': 'vlan', 'provider:physical_network': 'default', 'provider:segmentation_id': 107, 'availability_zone_hints': [], 'availability_zones': [], 'ipv4_address_scope': None, 'ipv6_address_scope': None, 'description': '', 'tags': [], 'created_at': '2025-04-16T23:40:06Z', 'updated_at': '2025-04-16T23:40:06Z', 'revision_number': 1}, Subnet: {'id': 'c7478e8e-a892-4593-b058-183e5bec4b80', 'name': 'tempest-ServerDiskConfigTestJSON-2090389770-subnet', 'tenant_id': '9ecde38286934540b1d17f878d3cbde8', 'network_id': '07ac35b7-5e02-4e42-9be3-f1b0032ca382', 'ip_version': 4, 'subnetpool_id': None, 'enable_dhcp': True, 'ipv6_ra_mode': None, 'ipv6_address_mode': None, 'gateway_ip': '192.168.128.1', 'cidr': '192.168.128.0/28', 'allocation_pools': [{'start': '192.168.128.2', 'end': '192.168.128.14'}], 'host_routes': [], 'dns_nameservers': [], 'description': '', 'router:external': False, 'service_types': [], 'tags': [], 'created_at': '2025-04-16T23:40:06Z', 'updated_at': '2025-04-16T23:40:06Z', 'revision_number': 0, 'project_id': '9ecde38286934540b1d17f878d3cbde8'}, Router: {'id': '466b266b-411b-4ef0-9bc7-ec012d468b47', 'name': 'tempest-ServerDiskConfigTestJSON-2090389770-router', 'tenant_id': '9ecde38286934540b1d17f878d3cbde8', 'admin_state_up': True, 'status': 'ACTIVE', 'external_gateway_info': {'network_id': 'e86a1172-7bc2-4c82-8f36-86413d166d45', 'external_fixed_ips': [{'subnet_id': 'e9babbed-aafe-42a6-8944-5dd034e64416', 'ip_address': '10.180.180.190'}], 'enable_snat': True}, 'description': '', 'availability_zones': [], 'distributed': False, 'ha': False, 'availability_zone_hints': [], 'routes': [], 'flavor_id': None, 'tags': [], 'created_at': '2025-04-16T23:40:06Z', 'updated_at': '2025-04-16T23:40:07Z', 'revision_number': 2, 'project_id': '9ecde38286934540b1d17f878d3cbde8'}
2025-04-16 23:40:10.737 69690 INFO tempest.lib.common.rest_client [req-6409f331-9a4a-41df-b1a7-e99425b7f122 req-6409f331-9a4a-41df-b1a7-e99425b7f122 ] Request (ServersAdminNegativeTestJSON:setUpClass): 200 GET http://10.180.1.21/compute/v2.1/servers/ac289b71-5a99-4a03-af24-e6843166dfd1 1.511s
2025-04-16 23:40:10.767 69696 INFO tempest.lib.common.rest_client [req-7a83055a-1fe3-4673-ab12-23084757be4e req-7a83055a-1fe3-4673-ab12-23084757be4e ] Request (ServerDiskConfigTestJSON:setUpClass): 201 POST http://10.180.1.21/identity/v3/auth/tokens 0.070s
2025-04-16 23:40:10.817 69740 INFO tempest.lib.common.rest_client [req-46d5e66d-e91c-4760-bca3-d42f1f430e63 req-46d5e66d-e91c-4760-bca3-d42f1f430e63 ] Request (ServersAdminTestJSON:test_create_server_with_scheduling_hint): 200 GET http://10.180.1.21/compute/v2.1/servers/875b1a48-9e09-43b5-abf6-99c7d64d845f 1.281s
2025-04-16 23:40:10.826 69696 INFO tempest.lib.common.rest_client [req-8f433acc-087d-49e7-98f3-7b3f4619f73d req-8f433acc-087d-49e7-98f3-7b3f4619f73d ] Request (ServerDiskConfigTestJSON:test_rebuild_server_with_auto_disk_config): 201 POST http://10.180.1.21/identity/v3/auth/tokens 0.054s
2025-04-16 23:40:10.827 69696 INFO tempest.lib.common.fixed_network [-] (ServerDiskConfigTestJSON:test_rebuild_server_with_auto_disk_config) Found network {'id': '07ac35b7-5e02-4e42-9be3-f1b0032ca382', 'name': 'tempest-ServerDiskConfigTestJSON-2090389770-network', 'tenant_id': '9ecde38286934540b1d17f878d3cbde8', 'admin_state_up': True, 'mtu': 8950, 'status': 'ACTIVE', 'subnets': [], 'shared': False, 'project_id': '9ecde38286934540b1d17f878d3cbde8', 'port_security_enabled': True, 'router:external': False, 'provider:network_type': 'vlan', 'provider:physical_network': 'default', 'provider:segmentation_id': 107, 'availability_zone_hints': [], 'availability_zones': [], 'ipv4_address_scope': None, 'ipv6_address_scope': None, 'description': '', 'tags': [], 'created_at': '2025-04-16T23:40:06Z', 'updated_at': '2025-04-16T23:40:06Z', 'revision_number': 1} available for tenant
2025-04-16 23:40:10.876 69746 INFO tempest.lib.common.rest_client [req-b3edaa3e-77d3-46aa-8875-c0058e0a7f59 req-b3edaa3e-77d3-46aa-8875-c0058e0a7f59 ] Request (FloatingIPsAssociationTestJSON:setUpClass): 200 GET http://10.180.1.21/compute/v2.1/servers/598f0b6f-8524-4015-9ab1-7797fc4794b9 1.331s
2025-04-16 23:40:10.928 69736 INFO tempest.lib.common.rest_client [req-8333179a-6986-4b58-a269-837c484db088 req-8333179a-6986-4b58-a269-837c484db088 ] Request (ImagesOneServerTestJSON:setUpClass): 200 GET http://10.180.1.21/compute/v2.1/servers/9fbb3f83-183f-4e62-bf3e-48cc5431258f 1.278s
2025-04-16 23:40:11.075 69702 INFO tempest.lib.common.rest_client [req-3f3b05cf-6d80-4e52-ade9-976ad6dfdc2d req-3f3b05cf-6d80-4e52-ade9-976ad6dfdc2d ] Request (KeyPairsV2TestJSON:test_get_keypair_detail): 200 POST http://10.180.1.21/compute/v2.1/os-keypairs 1.362s
2025-04-16 23:40:11.305 69684 INFO tempest.lib.common.rest_client [req-a8cc351c-5249-4d3f-82c5-8f86b54298e5 req-a8cc351c-5249-4d3f-82c5-8f86b54298e5 ] Request (ServersTestManualDisk:setUpClass): 200 GET http://10.180.1.21/compute/v2.1/servers/f5243452-580d-4894-8402-66c53ea540c4 1.577s
2025-04-16 23:40:11.316 69684 INFO tempest.common.waiters [-] State transition "BUILD/None" ==> "BUILD/spawning" after 27 second wait
2025-04-16 23:40:11.414 69714 INFO tempest.lib.common.rest_client [req-d5bd17ed-a314-4c07-a826-9062a1e86d76 req-d5bd17ed-a314-4c07-a826-9062a1e86d76 ] Request (ServersTestJSON:test_create_server_specify_multibyte_character_name): 200 GET http://10.180.1.21/compute/v2.1/servers/dbc6c632-cd7b-4f57-855a-acd12826d021 1.645s
2025-04-16 23:40:11.460 69732 INFO tempest.lib.common.rest_client [req-de02a229-e438-47e8-9db9-29fc7a68903a req-de02a229-e438-47e8-9db9-29fc7a68903a ] Request (ListServerFiltersTestJSON:setUpClass): 200 GET http://10.180.1.21/compute/v2.1/servers/ca27cd4c-aee5-4d9e-8c50-20c7a6fad03e 1.587s
2025-04-16 23:40:11.673 69726 INFO tempest.lib.common.rest_client [req-8e6b833a-3923-4aa3-8d43-0506cbd72a3e req-8e6b833a-3923-4aa3-8d43-0506cbd72a3e ] Request (ImagesOneServerNegativeTestJSON:tearDown): 200 GET http://10.180.1.21/compute/v2.1/servers/2dcd6c62-f9db-4618-b272-ed49c1f679d1 1.662s
2025-04-16 23:40:11.680 69726 INFO tempest.common.waiters [-] State transition "ACTIVE/image_uploading" ==> "ACTIVE/None" after 7 second wait
2025-04-16 23:40:11.765 69694 INFO tempest.lib.common.rest_client [req-33bf7494-3181-4659-9ab0-ee17b96ed082 req-33bf7494-3181-4659-9ab0-ee17b96ed082 ] Request (ServersAdmin275Test:tearDownClass): 200 GET http://10.180.1.21/compute/v2.1/servers/d758e281-a701-418a-aa45-efabac0bdada 1.672s
2025-04-16 23:40:11.784 69706 INFO tempest.lib.common.rest_client [req-476fe84d-1cc4-4a57-9a36-4a9feee731fa req-476fe84d-1cc4-4a57-9a36-4a9feee731fa ] Request (ServerGroup264TestJSON:test_create_get_server_group): 200 GET http://10.180.1.21/compute/v2.1/os-server-groups/2a35a281-c3bd-4ddf-81ae-b35e161c73f3 1.607s
2025-04-16 23:40:11.848 69712 INFO tempest.lib.common.rest_client [req-1f1ebbbf-d113-4d10-93b3-4d6803bebb10 req-1f1ebbbf-d113-4d10-93b3-4d6803bebb10 ] Request (DeleteServersAdminTestJSON:test_delete_server_while_in_error_state): 200 GET http://10.180.1.21/compute/v2.1/servers/d427aa83-edf4-44e5-a860-36e1184ea51f 1.648s
2025-04-16 23:40:11.919 69734 INFO tempest.lib.common.rest_client [req-2384cf99-0dd0-4fc2-ad55-a9f2b33c932a req-2384cf99-0dd0-4fc2-ad55-a9f2b33c932a ] Request (ServerMetadataTestJSON:setUp): 200 PUT http://10.180.1.21/compute/v2.1/servers/4f90521e-31a3-4e3e-ad04-8abd5db01b94/metadata 1.690s
2025-04-16 23:40:11.950 69692 INFO tempest.lib.common.rest_client [req-423b5e4e-4582-426b-bbfd-6aec78371408 req-423b5e4e-4582-426b-bbfd-6aec78371408 ] Request (ImagesTestJSON:test_create_image_from_stopped_server): 200 GET http://10.180.1.21/compute/v2.1/images/42064020-15c6-406e-84cf-8b621c81762c 1.705s
2025-04-16 23:40:12.067 69724 INFO tempest.lib.common.rest_client [req-8f257217-805c-4a12-9cc3-e3af149c85e6 req-8f257217-805c-4a12-9cc3-e3af149c85e6 ] Request (SecurityGroupRulesTestJSON:tearDownClass): 202 DELETE http://10.180.1.21/compute/v2.1/os-security-groups/c07f56e1-dc3b-4217-ad84-6b10ece22bae 1.647s
2025-04-16 23:40:12.139 69700 INFO tempest.lib.common.rest_client [req-392c70e9-ba8a-460f-ae36-cc029b3bf0a0 req-392c70e9-ba8a-460f-ae36-cc029b3bf0a0 ] Request (InstanceActionsV221TestJSON:test_get_list_deleted_instance_actions): 200 GET http://10.180.1.21/compute/v2.1/servers/60db3263-31a9-4128-a387-be6a0c414058 1.680s
2025-04-16 23:40:12.148 69700 INFO tempest.common.waiters [-] State transition "ACTIVE/deleting" ==> "DELETED/None" after 6 second wait
2025-04-16 23:40:12.196 69720 INFO tempest.lib.common.rest_client [req-fa9a96aa-3497-4179-b443-97694e17b80f req-fa9a96aa-3497-4179-b443-97694e17b80f ] Request (AttachInterfacesV270Test:test_create_get_list_interfaces): 200 GET http://10.180.1.21/compute/v2.1/servers/b19f9838-1483-4324-9039-92cf6737f88e 1.661s
2025-04-16 23:40:12.215 69710 INFO tempest.lib.common.rest_client [req-61dfc711-6ef2-4075-8390-4330aa52e939 req-61dfc711-6ef2-4075-8390-4330aa52e939 ] Request (SecurityGroupsTestAdminJSON:test_list_security_groups_list_all_tenants_filter): 200 GET http://10.180.1.21/compute/v2.1/os-security-groups?all_tenants=true 4.526s
2025-04-16 23:40:12.246 69739 INFO tempest.lib.common.rest_client [req-b76f31ec-af0e-43ac-a285-3b3e538207cf req-b76f31ec-af0e-43ac-a285-3b3e538207cf ] Request (InstanceActionsNegativeTestJSON:setUpClass): 200 GET http://10.180.1.21/compute/v2.1/servers/b7838117-1e5b-4ff3-8b59-faf4aecc6516 1.652s
2025-04-16 23:40:12.271 69718 INFO tempest.lib.common.rest_client [req-ddcdc4a5-3d9a-4cf9-a057-e7872f83ba8c req-ddcdc4a5-3d9a-4cf9-a057-e7872f83ba8c ] Request (AttachInterfacesTestJSON:test_create_list_show_delete_interfaces_by_fixed_ip): 200 GET http://10.180.1.21/compute/v2.1/servers/ba25f42e-945b-4884-9fca-fecf9a2d294c 1.607s
2025-04-16 23:40:12.378 69742 WARNING tempest.lib.common.ssh [-] Failed to establish authenticated ssh connection to cirros@10.180.180.161 ([Errno None] Unable to connect to port 22 on 10.180.180.161). Number attempts: 2. Retry after 3 seconds.: paramiko.ssh_exception.NoValidConnectionsError: [Errno None] Unable to connect to port 22 on 10.180.180.161
2025-04-16 23:40:12.514 69686 INFO tempest.lib.common.rest_client [req-c29adf08-9106-4a08-93c0-753e42f7d0f7 req-c29adf08-9106-4a08-93c0-753e42f7d0f7 ] Request (ServerExternalEventsTest:test_create_server_external_events): 202 POST http://10.180.1.21/compute/v2.1/servers 1.826s
2025-04-16 23:40:12.645 69688 INFO tempest.lib.common.rest_client [req-be44ffb3-4ce8-467b-bbff-444a96a61881 req-be44ffb3-4ce8-467b-bbff-444a96a61881 ] Request (ImagesNegativeTestJSON:test_create_image_from_deleted_server): 200 GET http://10.180.1.21/compute/v2.1/servers/84060de2-9769-43bc-bd7e-f30df4d86d13 1.763s
2025-04-16 23:40:12.660 69688 INFO tempest.common.waiters [-] State transition "BUILD/spawning" ==> "ACTIVE/None" after 30 second wait
2025-04-16 23:40:12.707 69709 INFO tempest.lib.common.rest_client [req-f921a3c6-dce0-48f8-b58a-f687def160b1 req-f921a3c6-dce0-48f8-b58a-f687def160b1 ] Request (ListServersNegativeTestJSON:setUpClass): 200 GET http://10.180.1.21/compute/v2.1/servers/7424581f-2315-4bf3-a27e-d31663304dfd 1.725s
2025-04-16 23:40:12.751 69696 INFO tempest.lib.common.rest_client [req-3f4c08e6-30d7-4f63-a390-98ae6777c55d req-3f4c08e6-30d7-4f63-a390-98ae6777c55d ] Request (ServerDiskConfigTestJSON:test_rebuild_server_with_auto_disk_config): 202 POST http://10.180.1.21/compute/v2.1/servers 1.924s
2025-04-16 23:40:12.763 69702 INFO tempest.lib.common.rest_client [req-51cb26b0-60f2-4438-8e8d-ca8935858788 req-51cb26b0-60f2-4438-8e8d-ca8935858788 ] Request (KeyPairsV2TestJSON:test_get_keypair_detail): 200 GET http://10.180.1.21/compute/v2.1/os-keypairs/tempest-keypair-2043861186 1.686s
2025-04-16 23:40:12.768 69716 INFO tempest.lib.common.rest_client [req-e225109b-27ed-40ff-a204-0ba309cfa149 req-e225109b-27ed-40ff-a204-0ba309cfa149 ] Request (ServerAddressesNegativeTestJSON:setUpClass): 200 GET http://10.180.1.21/compute/v2.1/servers/a383cea0-5c35-4981-b720-eb297678fd45 1.708s
2025-04-16 23:40:12.840 69730 INFO tempest.lib.common.rest_client [req-b89ff2b6-19da-474e-a9fa-60ef2c08c119 req-b89ff2b6-19da-474e-a9fa-60ef2c08c119 ] Request (ServersAaction247Test:tearDownClass): 200 GET http://10.180.1.21/compute/v2.1/servers/a4237ad3-1581-47bd-b5e5-30530429402f 1.680s
2025-04-16 23:40:12.909 69704 INFO tempest.lib.common.rest_client [req-65bfa8d9-2e2f-4b98-9445-83b5bd6c266b req-65bfa8d9-2e2f-4b98-9445-83b5bd6c266b ] Request (MigrationsAdminTest:test_list_migrations_in_flavor_resize_situation): 200 GET http://10.180.1.21/compute/v2.1/servers/f1420621-d961-4ec4-a181-37b7b1284fe3 1.275s
2025-04-16 23:40:12.914 69726 INFO tempest.lib.common.rest_client [req-72cd4f6b-1beb-4187-8ddc-e13f8d4af23d req-72cd4f6b-1beb-4187-8ddc-e13f8d4af23d ] Request (ImagesOneServerNegativeTestJSON:_run_cleanups): 204 DELETE http://10.180.1.21/compute/v2.1/servers/2dcd6c62-f9db-4618-b272-ed49c1f679d1 1.233s
2025-04-16 23:40:12.960 69729 INFO tempest.lib.common.rest_client [req-763f7e75-5cfa-42a8-adba-618324d3f9c7 req-763f7e75-5cfa-42a8-adba-618324d3f9c7 ] Request (FloatingIPsAssociationNegativeTestJSON:setUpClass): 200 GET http://10.180.1.21/compute/v2.1/servers/5ef85594-2bab-4068-b93f-b725bdc4681e 1.264s
2025-04-16 23:40:12.966 69690 INFO tempest.lib.common.rest_client [req-ea3bfc94-0029-4c12-89e2-f7ed57d82589 req-ea3bfc94-0029-4c12-89e2-f7ed57d82589 ] Request (ServersAdminNegativeTestJSON:setUpClass): 200 GET http://10.180.1.21/compute/v2.1/servers/ac289b71-5a99-4a03-af24-e6843166dfd1 1.218s
2025-04-16 23:40:12.990 69706 INFO tempest.lib.common.rest_client [req-a3058f98-9c0b-4824-b61b-e722cdf35531 req-a3058f98-9c0b-4824-b61b-e722cdf35531 ] Request (ServerGroup264TestJSON:_run_cleanups): 204 DELETE http://10.180.1.21/compute/v2.1/os-server-groups/2a35a281-c3bd-4ddf-81ae-b35e161c73f3 1.203s
2025-04-16 23:40:13.011 69740 INFO tempest.lib.common.rest_client [req-c21f1c3d-426d-4932-9915-811a99819847 req-c21f1c3d-426d-4932-9915-811a99819847 ] Request (ServersAdminTestJSON:test_create_server_with_scheduling_hint): 200 GET http://10.180.1.21/compute/v2.1/servers/875b1a48-9e09-43b5-abf6-99c7d64d845f 1.186s
2025-04-16 23:40:13.018 69740 INFO tempest.common.waiters [-] State transition "BUILD/scheduling" ==> "BUILD/None" after 19 second wait
2025-04-16 23:40:13.041 69746 INFO tempest.lib.common.rest_client [req-d99324d2-49b7-4f31-a68c-6dfd4ececed3 req-d99324d2-49b7-4f31-a68c-6dfd4ececed3 ] Request (FloatingIPsAssociationTestJSON:setUpClass): 200 GET http://10.180.1.21/compute/v2.1/servers/598f0b6f-8524-4015-9ab1-7797fc4794b9 1.152s
2025-04-16 23:40:13.079 69734 INFO tempest.lib.common.rest_client [req-b1f3c6ff-fd1f-4eba-a7af-9ebe4285e3d1 req-b1f3c6ff-fd1f-4eba-a7af-9ebe4285e3d1 ] Request (ServerMetadataTestJSON:test_set_server_metadata_item): 200 PUT http://10.180.1.21/compute/v2.1/servers/4f90521e-31a3-4e3e-ad04-8abd5db01b94/metadata/nova 1.158s
2025-04-16 23:40:13.094 69736 INFO tempest.lib.common.rest_client [req-2e0a0b6f-33d1-4c32-97ad-be7f9778875e req-2e0a0b6f-33d1-4c32-97ad-be7f9778875e ] Request (ImagesOneServerTestJSON:setUpClass): 200 GET http://10.180.1.21/compute/v2.1/servers/9fbb3f83-183f-4e62-bf3e-48cc5431258f 1.153s
2025-04-16 23:40:13.196 69710 INFO tempest.lib.common.rest_client [req-bb6fee6e-2a09-48fb-8f8f-69dec59dc3b8 req-bb6fee6e-2a09-48fb-8f8f-69dec59dc3b8 ] Request (SecurityGroupsTestAdminJSON:test_list_security_groups_list_all_tenants_filter): 200 GET http://10.180.1.21/compute/v2.1/os-security-groups?all_tenants=true 0.969s
2025-04-16 23:40:13.205 69724 INFO tempest.lib.common.rest_client [req-1fe1cc69-215b-4e10-8614-48079617e1f8 req-1fe1cc69-215b-4e10-8614-48079617e1f8 ] Request (SecurityGroupRulesTestJSON:tearDownClass): 202 DELETE http://10.180.1.21/compute/v2.1/os-security-groups/fba6f9c2-3e3c-44c5-85be-a9724e1ffd2b 1.137s
2025-04-16 23:40:13.311 69684 INFO tempest.lib.common.rest_client [req-9b77aeac-a43c-47fe-8c29-8778463c01bd req-9b77aeac-a43c-47fe-8c29-8778463c01bd ] Request (ServersTestManualDisk:setUpClass): 200 GET http://10.180.1.21/compute/v2.1/servers/f5243452-580d-4894-8402-66c53ea540c4 0.994s
2025-04-16 23:40:13.388 69732 INFO tempest.lib.common.rest_client [req-6c40326f-49b8-4236-a608-a3070a0ebf31 req-6c40326f-49b8-4236-a608-a3070a0ebf31 ] Request (ListServerFiltersTestJSON:setUpClass): 200 GET http://10.180.1.21/compute/v2.1/servers/ca27cd4c-aee5-4d9e-8c50-20c7a6fad03e 0.919s
2025-04-16 23:40:13.410 69714 INFO tempest.lib.common.rest_client [req-efc888bd-ea53-42d8-82bb-b47cf559bdf5 req-efc888bd-ea53-42d8-82bb-b47cf559bdf5 ] Request (ServersTestJSON:test_create_server_specify_multibyte_character_name): 200 GET http://10.180.1.21/compute/v2.1/servers/dbc6c632-cd7b-4f57-855a-acd12826d021 0.986s
