2025-04-17 15:43:54.759 69896 INFO tempest.lib.common.rest_client [req-a50c47c1-345e-44e6-9114-5dd7c46cc23e req-a50c47c1-345e-44e6-9114-5dd7c46cc23e ] Request (ServerMetadataNegativeTestJSON:setUpClass): 200 GET http://10.180.1.21/compute/v2.1/servers/71b79e4c-e9bc-46b7-9554-06afa2279ea8 1.538s
2025-04-17 15:43:54.792 69890 INFO tempest.lib.common.rest_client [req-9c8bad0b-388f-4d98-a63d-95eb7d9ee667 req-9c8bad0b-388f-4d98-a63d-95eb7d9ee667 ] Request (ServersListShow296Test:test_list_show_update_rebuild_server_296): 200 GET http://10.180.1.21/compute/v2.1/servers/ce8a7015-89cc-4bb5-a57d-cde8981316d4 1.545s
2025-04-17 15:43:54.825 69882 INFO tempest.lib.common.rest_client [req-3283ba22-c740-44f2-909b-1ec9d822ed2c req-3283ba22-c740-44f2-909b-1ec9d822ed2c ] Request (ServersTestMultiNic:test_verify_duplicate_network_nics): 200 GET http://10.180.1.21/compute/v2.1/servers/e78e3858-451b-4a84-9a18-ca78bae38b3d 1.494s
2025-04-17 15:43:54.879 69858 INFO tempest.lib.common.rest_client [req-62c483ae-99ab-432e-829e-83d210bb5b70 req-62c483ae-99ab-432e-829e-83d210bb5b70 ] Request (FloatingIPsAssociationTestJSON:test_associate_already_associated_floating_ip): 200 GET http://10.180.1.21/compute/v2.1/servers/58a4c2cb-ab2e-414e-a0cd-76f88c0430b3 1.469s
2025-04-17 15:43:54.914 69894 INFO tempest.lib.common.rest_client [req-a30229d2-0916-4aca-b35b-3cc2913254a4 req-a30229d2-0916-4aca-b35b-3cc2913254a4 ] Request (ImagesOneServerTestJSON:test_create_image_specify_multibyte_character_image_name): 200 GET http://10.180.1.21/compute/v2.1/images/99550565-7831-4d27-81d9-5c15e05be7e6 1.463s
2025-04-17 15:43:54.937 69886 INFO tempest.lib.common.rest_client [req-b96303e8-78c3-4934-adc3-44e09a551a4f req-b96303e8-78c3-4934-adc3-44e09a551a4f ] Request (ServersAdminNegativeTestJSON:test_migrate_server_invalid_state): 200 GET http://10.180.1.21/compute/v2.1/servers/9f52f42b-e316-4b82-bfec-9a21afa9b19f 1.525s
2025-04-17 15:43:54.945 69886 INFO tempest.common.waiters [-] State transition "BUILD/block_device_mapping" ==> "BUILD/spawning" after 36 second wait
2025-04-17 15:43:54.981 69898 INFO tempest.lib.common.rest_client [req-e238b897-d1fb-49a6-91c6-cc94f27e2052 req-e238b897-d1fb-49a6-91c6-cc94f27e2052 ] Request (ServersAdmin275Test:tearDownClass): 200 GET http://10.180.1.21/compute/v2.1/servers/5f6a67e7-6678-4797-a41b-823db1b4811d 1.430s
2025-04-17 15:43:54.991 69860 INFO tempest.lib.common.rest_client [req-56d1b088-9abd-45fd-8b52-de96136bb87b req-56d1b088-9abd-45fd-8b52-de96136bb87b ] Request (DeleteServersAdminTestJSON:test_delete_server_while_in_error_state): 200 GET http://10.180.1.21/compute/v2.1/servers/a4b0b9e9-6fa3-49f8-a241-370e576267dc 1.344s
2025-04-17 15:43:55.030 69902 INFO tempest.lib.common.rest_client [req-78e9f9f6-37d9-446e-8c95-ebfd84143729 req-78e9f9f6-37d9-446e-8c95-ebfd84143729 ] Request (ServerAddressesNegativeTestJSON:setUpClass): 200 GET http://10.180.1.21/compute/v2.1/servers/dfa943a8-70f0-4eb2-90df-c8b77aa09895 1.303s
2025-04-17 15:43:55.047 69888 INFO tempest.lib.common.rest_client [req-88739791-6370-4560-922a-45b0b1a05fa3 req-88739791-6370-4560-922a-45b0b1a05fa3 ] Request (VolumesAdminNegativeTest:test_update_attached_volume_with_nonexistent_volume_in_body): 200 GET http://10.180.1.21/compute/v2.1/servers/8e3649ec-203a-4b43-bf19-cf1634906ca6 1.247s
2025-04-17 15:43:55.080 69878 INFO tempest.lib.common.rest_client [req-6be6170a-79e4-4941-8136-485c6e90eb29 req-6be6170a-79e4-4941-8136-485c6e90eb29 ] Request (ServersAdminTestJSON:setUpClass): 200 GET http://10.180.1.21/compute/v2.1/servers/870967fa-f424-45ff-83bc-9ebb6e7869ae 1.216s
2025-04-17 15:43:55.091 69876 INFO tempest.lib.common.rest_client [req-907e9b8f-3483-47a0-958b-87c1f917c76e req-907e9b8f-3483-47a0-958b-87c1f917c76e ] Request (ServerActionsTestOtherB:setUpClass): 200 GET http://10.180.1.21/compute/v2.1/servers/8137a947-18ef-4e25-b580-96a9eb6077be 1.199s
2025-04-17 15:43:55.140 69840 INFO tempest.lib.common.rest_client [req-cdc66a42-7dbf-4152-abd8-67dbb5d091f9 req-cdc66a42-7dbf-4152-abd8-67dbb5d091f9 ] Request (ServerShowV247Test:test_update_rebuild_list_server): 200 GET http://10.180.1.21/compute/v2.1/servers/660594cc-9add-49ef-bf85-f2b21d827af5 1.176s
2025-04-17 15:43:55.158 69874 INFO tempest.lib.common.rest_client [req-96afead6-4d0b-4184-8002-6b23c39b1c46 req-96afead6-4d0b-4184-8002-6b23c39b1c46 ] Request (SecurityGroupRulesTestJSON:test_security_group_rules_list): 200 GET http://10.180.1.21/compute/v2.1/os-security-groups/30c82aed-ead0-469f-ac23-1e305e95839b 0.674s
2025-04-17 15:43:55.178 69846 INFO tempest.lib.common.rest_client [req-865c3c1e-edb0-4aa2-8d8f-b2bad5fb57a4 req-865c3c1e-edb0-4aa2-8d8f-b2bad5fb57a4 ] Request (ServerDiagnosticsTest:tearDownClass): 404 GET http://10.180.1.21/compute/v2.1/servers/2d5ffd67-779d-44cc-a765-5110d7aa001c 0.481s
2025-04-17 15:43:55.284 69850 INFO tempest.lib.common.rest_client [req-c33a3ea1-531c-45b1-96b7-8d59c5746413 req-c33a3ea1-531c-45b1-96b7-8d59c5746413 ] Request (ServersTestJSON:setUpClass): 200 GET http://10.180.1.21/compute/v2.1/servers/664b9c5e-ba90-40c2-b952-35b83a465052 0.710s
2025-04-17 15:43:55.297 69850 INFO tempest.common.waiters [-] State transition "BUILD/spawning" ==> "ACTIVE/None" after 38 second wait
2025-04-17 15:43:55.304 69846 INFO tempest.lib.common.rest_client [req-6a13e4d5-c2ac-4f37-90ee-08f38d373e99 req-6a13e4d5-c2ac-4f37-90ee-08f38d373e99 ] Request (ServerDiagnosticsTest:tearDownClass): 204 DELETE http://10.180.1.21/identity/v3/users/2ac020d3c4a5444e8fcce0dd4d43f98e 0.126s
2025-04-17 15:43:55.345 69856 INFO tempest.lib.common.rest_client [req-1b7b0b56-94f7-4b9b-9ed2-d61b1fe67082 req-1b7b0b56-94f7-4b9b-9ed2-d61b1fe67082 ] Request (SecurityGroupsTestJSON:test_list_security_groups_by_server): 200 GET http://10.180.1.21/compute/v2.1/servers/6008ce40-9804-497e-9fc2-7eb9f871e031 0.561s
2025-04-17 15:43:55.437 69846 INFO tempest.lib.common.rest_client [req-48394090-b130-4c73-a7d3-c8a408b8d431 req-48394090-b130-4c73-a7d3-c8a408b8d431 ] Request (ServerDiagnosticsTest:tearDownClass): 204 DELETE http://10.180.1.21/identity/v3/users/7e92135ec2ee4a04a30989f1695f88dc 0.131s
2025-04-17 15:43:55.437 69846 INFO tempest.lib.common.dynamic_creds [-] Deleting project and security group for project: 98b5f2704db5412c9ba0164b69dd0b54
2025-04-17 15:43:55.478 69854 INFO tempest.lib.common.rest_client [req-686d84e8-8034-43e6-92fa-c4ee745f8d45 req-686d84e8-8034-43e6-92fa-c4ee745f8d45 ] Request (MigrationsAdminTest:test_list_migrations_in_flavor_resize_situation): 200 GET http://10.180.1.21/compute/v2.1/servers/fe6f83c3-1aa1-45ee-8b67-141f5674e33a 0.471s
2025-04-17 15:43:55.494 69866 INFO tempest.lib.common.rest_client [req-ab33bed8-c761-4d9f-9088-4dd0ac40711f req-ab33bed8-c761-4d9f-9088-4dd0ac40711f ] Request (ServersTestBootFromVolume:setUpClass): 200 PUT http://10.180.1.21:9696/networking/v2.0/routers/cf000ccc-27e7-45a5-906b-902a9f7c5f0d/add_router_interface 1.382s
2025-04-17 15:43:55.495 69866 INFO tempest.lib.common.dynamic_creds [-] Created isolated network resources for: credentials: Credentials: {'domain_id': 'default', 'domain_name': 'Default', 'username': 'tempest-ServersTestBootFromVolume-492729827-project-member', 'project_domain_id': 'default', 'project_domain_name': 'Default', 'project_id': '47a7e5d569ff48c4bd67c48aac3a5782', 'project_name': 'tempest-ServersTestBootFromVolume-492729827', 'tenant_id': '47a7e5d569ff48c4bd67c48aac3a5782', 'tenant_name': 'tempest-ServersTestBootFromVolume-492729827', 'user_domain_id': 'default', 'user_domain_name': 'Default', 'user_id': '3e5dbaa31c044cc79dc95aaa7675e272', 'system': None}, Network: {'id': 'cc7d1dec-2e51-4a0b-82a4-76bd2fb01035', 'name': 'tempest-ServersTestBootFromVolume-573974790-network', 'tenant_id': '47a7e5d569ff48c4bd67c48aac3a5782', 'admin_state_up': True, 'mtu': 8950, 'status': 'ACTIVE', 'subnets': [], 'shared': False, 'project_id': '47a7e5d569ff48c4bd67c48aac3a5782', 'port_security_enabled': True, 'router:external': False, 'provider:network_type': 'vlan', 'provider:physical_network': 'default', 'provider:segmentation_id': 710, 'availability_zone_hints': [], 'availability_zones': [], 'ipv4_address_scope': None, 'ipv6_address_scope': None, 'description': '', 'tags': [], 'created_at': '2025-04-17T15:43:51Z', 'updated_at': '2025-04-17T15:43:51Z', 'revision_number': 1}, Subnet: {'id': '4222f236-93e2-4df4-8052-f1a73bd0f1cc', 'name': 'tempest-ServersTestBootFromVolume-573974790-subnet', 'tenant_id': '47a7e5d569ff48c4bd67c48aac3a5782', 'network_id': 'cc7d1dec-2e51-4a0b-82a4-76bd2fb01035', 'ip_version': 4, 'subnetpool_id': None, 'enable_dhcp': True, 'ipv6_ra_mode': None, 'ipv6_address_mode': None, 'gateway_ip': '192.168.128.1', 'cidr': '192.168.128.0/28', 'allocation_pools': [{'start': '192.168.128.2', 'end': '192.168.128.14'}], 'host_routes': [], 'dns_nameservers': [], 'description': '', 'router:external': False, 'service_types': [], 'tags': [], 'created_at': '2025-04-17T15:43:51Z', 'updated_at': '2025-04-17T15:43:51Z', 'revision_number': 0, 'project_id': '47a7e5d569ff48c4bd67c48aac3a5782'}, Router: {'id': 'cf000ccc-27e7-45a5-906b-902a9f7c5f0d', 'name': 'tempest-ServersTestBootFromVolume-573974790-router', 'tenant_id': '47a7e5d569ff48c4bd67c48aac3a5782', 'admin_state_up': True, 'status': 'ACTIVE', 'external_gateway_info': {'network_id': '8acc5d6e-3945-470a-b6a7-158f5577d717', 'external_fixed_ips': [{'subnet_id': 'ede205ac-d327-4d61-9cd3-bb82bfa99326', 'ip_address': '10.180.180.137'}], 'enable_snat': True}, 'description': '', 'availability_zones': [], 'distributed': False, 'ha': False, 'availability_zone_hints': [], 'routes': [], 'flavor_id': None, 'tags': [], 'created_at': '2025-04-17T15:43:52Z', 'updated_at': '2025-04-17T15:43:53Z', 'revision_number': 2, 'project_id': '47a7e5d569ff48c4bd67c48aac3a5782'}
2025-04-17 15:43:55.529 69846 INFO tempest.lib.common.rest_client [req-038c6c59-bacc-41d8-9581-a947fd043570 req-038c6c59-bacc-41d8-9581-a947fd043570 ] Request (ServerDiagnosticsTest:tearDownClass): 201 POST http://10.180.1.21/identity/v3/auth/tokens 0.092s
2025-04-17 15:43:55.569 69842 WARNING tempest.lib.common.ssh [-] Failed to establish authenticated ssh connection to cirros@10.180.180.178 ([Errno None] Unable to connect to port 22 on 10.180.180.178). Number attempts: 4. Retry after 5 seconds.: paramiko.ssh_exception.NoValidConnectionsError: [Errno None] Unable to connect to port 22 on 10.180.180.178
2025-04-17 15:43:55.610 69866 INFO tempest.lib.common.rest_client [req-bcd7d458-214d-48ed-ad99-12bf7edc2144 req-bcd7d458-214d-48ed-ad99-12bf7edc2144 ] Request (ServersTestBootFromVolume:setUpClass): 201 POST http://10.180.1.21/identity/v3/auth/tokens 0.109s
2025-04-17 15:43:55.636 69846 INFO tempest.lib.common.rest_client [req-d0e459a2-3c52-493e-9e46-efc5ea8a0165 req-d0e459a2-3c52-493e-9e46-efc5ea8a0165 ] Request (ServerDiagnosticsTest:tearDownClass): 200 GET http://10.180.1.21:9696/networking/v2.0/security-groups?tenant_id=98b5f2704db5412c9ba0164b69dd0b54&name=default 0.106s
2025-04-17 15:43:55.640 69874 INFO tempest.lib.common.rest_client [req-5eb7913d-54c5-49f0-889a-2ef644dc3fe2 req-5eb7913d-54c5-49f0-889a-2ef644dc3fe2 ] Request (SecurityGroupRulesTestJSON:_run_cleanups): 202 DELETE http://10.180.1.21/compute/v2.1/os-security-group-rules/98ab5596-ecb9-45ad-9d32-a63cf6229f3f 0.474s
2025-04-17 15:43:55.731 69852 INFO tempest.lib.common.rest_client [req-4900906a-4aec-4776-99cd-a113a19e5093 req-4900906a-4aec-4776-99cd-a113a19e5093 ] Request (TenantUsagesTestJSON:setUpClass): 200 GET http://10.180.1.21/compute/v2.1/servers/ee2b99fe-ab05-4db4-9ed0-0ca774a9333f 0.443s
2025-04-17 15:43:55.769 69846 INFO tempest.lib.common.rest_client [req-7bbc8fe1-d49d-43aa-b358-83cededd03e8 req-7bbc8fe1-d49d-43aa-b358-83cededd03e8 ] Request (ServerDiagnosticsTest:tearDownClass): 204 DELETE http://10.180.1.21:9696/networking/v2.0/security-groups/51deec27-1f19-4f21-a652-1d3005d9f8bc 0.133s
2025-04-17 15:43:55.819 69850 INFO tempest.lib.common.rest_client [req-da8aad47-98dc-494d-84eb-a12c47ac278d req-da8aad47-98dc-494d-84eb-a12c47ac278d ] Request (ServersTestJSON:setUpClass): 200 GET http://10.180.1.21/compute/v2.1/servers/664b9c5e-ba90-40c2-b952-35b83a465052/os-interface 0.520s
2025-04-17 15:43:55.865 69846 INFO tempest.lib.common.rest_client [req-2153f62d-4fbf-4204-a9d3-068d6530c9c0 req-2153f62d-4fbf-4204-a9d3-068d6530c9c0 ] Request (ServerDiagnosticsTest:tearDownClass): 204 DELETE http://10.180.1.21/identity/v3/projects/98b5f2704db5412c9ba0164b69dd0b54 0.095s
2025-04-17 15:43:55.866 69846 INFO tempest.lib.common.dynamic_creds [-] Deleting project and security group for project: f8800e6a209743b3afc6ef70e33ebc01
2025-04-17 15:43:55.882 69864 INFO tempest.lib.common.rest_client [req-1d21df19-9063-40bc-8b5d-13f57841f25d req-1d21df19-9063-40bc-8b5d-13f57841f25d ] Request (ServerDiskConfigTestJSON:test_rebuild_server_with_auto_disk_config): 200 GET http://10.180.1.21/compute/v2.1/servers/8410457a-eee4-47ad-b7fb-053901fd16e5 0.317s
2025-04-17 15:43:55.976 69884 INFO tempest.lib.common.rest_client [req-3e8c38c7-9057-423b-986b-d3bc7e2391fd req-3e8c38c7-9057-423b-986b-d3bc7e2391fd ] Request (FloatingIPsAssociationNegativeTestJSON:test_associate_ip_to_server_with_floating_ip): 200 POST http://10.180.1.21/compute/v2.1/os-floating-ips 1.262s
2025-04-17 15:43:56.091 69866 INFO tempest.lib.common.rest_client [req-587a3354-7d43-4ade-8310-ec69477addaa req-587a3354-7d43-4ade-8310-ec69477addaa ] Request (ServersTestBootFromVolume:setUpClass): 200 POST http://10.180.1.21/compute/v2.1/os-keypairs 0.479s
2025-04-17 15:43:56.099 69874 INFO tempest.lib.common.rest_client [req-6f10aaf1-b915-4272-9b3a-3ddd77f13d6c req-6f10aaf1-b915-4272-9b3a-3ddd77f13d6c ] Request (SecurityGroupRulesTestJSON:tearDownClass): 202 DELETE http://10.180.1.21/compute/v2.1/os-security-groups/30c82aed-ead0-469f-ac23-1e305e95839b 0.450s
2025-04-17 15:43:56.138 69846 INFO tempest.lib.common.rest_client [req-adb95594-389f-4c20-981c-72c11630a944 req-adb95594-389f-4c20-981c-72c11630a944 ] Request (ServerDiagnosticsTest:tearDownClass): 200 GET http://10.180.1.21:9696/networking/v2.0/security-groups?tenant_id=f8800e6a209743b3afc6ef70e33ebc01&name=default 0.271s
2025-04-17 15:43:56.191 69896 INFO tempest.lib.common.rest_client [req-1f549dc7-bcb3-4c71-9321-49a130111a6b req-1f549dc7-bcb3-4c71-9321-49a130111a6b ] Request (ServerMetadataNegativeTestJSON:setUpClass): 200 GET http://10.180.1.21/compute/v2.1/servers/71b79e4c-e9bc-46b7-9554-06afa2279ea8 0.421s
2025-04-17 15:43:56.272 69890 INFO tempest.lib.common.rest_client [req-037a62d0-f1c2-4a1f-a208-fc94b74d4eb4 req-037a62d0-f1c2-4a1f-a208-fc94b74d4eb4 ] Request (ServersListShow296Test:test_list_show_update_rebuild_server_296): 200 GET http://10.180.1.21/compute/v2.1/servers/ce8a7015-89cc-4bb5-a57d-cde8981316d4 0.462s
2025-04-17 15:43:56.274 69848 INFO tempest.lib.common.rest_client [req-2ec859b2-a5b9-45e5-8481-3e2e8a42b307 req-2ec859b2-a5b9-45e5-8481-3e2e8a42b307 ] Request (ImagesTestJSON:test_create_image_from_stopped_server): 200 GET http://10.180.1.21/compute/v2.1/servers/81b45160-82b7-4913-9ab3-999d958d94e6 0.565s
2025-04-17 15:43:56.283 69866 INFO tempest.lib.common.rest_client [req-b9f814db-e0ba-450a-bf20-9ff7f63df864 req-b9f814db-e0ba-450a-bf20-9ff7f63df864 ] Request (ServersTestBootFromVolume:setUpClass): 201 POST http://10.180.1.21:9696/networking/v2.0/security-groups 0.190s
2025-04-17 15:43:56.286 69846 INFO tempest.lib.common.rest_client [req-6133c5b4-21af-4bfb-9e48-bf84080ed1ee req-6133c5b4-21af-4bfb-9e48-bf84080ed1ee ] Request (ServerDiagnosticsTest:tearDownClass): 204 DELETE http://10.180.1.21:9696/networking/v2.0/security-groups/98801664-1f44-4756-b98d-5be67f2790e7 0.148s
2025-04-17 15:43:56.347 69858 INFO tempest.lib.common.rest_client [req-b55388ec-2046-49aa-b8ff-df01fba27bbc req-b55388ec-2046-49aa-b8ff-df01fba27bbc ] Request (FloatingIPsAssociationTestJSON:test_associate_already_associated_floating_ip): 200 GET http://10.180.1.21/compute/v2.1/servers/58a4c2cb-ab2e-414e-a0cd-76f88c0430b3 0.457s
2025-04-17 15:43:56.362 69882 INFO tempest.lib.common.rest_client [req-12ce4f73-bc81-4c92-a6bc-f1984ba537dc req-12ce4f73-bc81-4c92-a6bc-f1984ba537dc ] Request (ServersTestMultiNic:test_verify_duplicate_network_nics): 200 GET http://10.180.1.21/compute/v2.1/servers/e78e3858-451b-4a84-9a18-ca78bae38b3d 0.527s
2025-04-17 15:43:56.391 69894 INFO tempest.lib.common.rest_client [req-9b7fa9df-035d-4de9-bde8-513c955d5f15 req-9b7fa9df-035d-4de9-bde8-513c955d5f15 ] Request (ImagesOneServerTestJSON:test_create_image_specify_multibyte_character_image_name): 200 GET http://10.180.1.21/compute/v2.1/images/99550565-7831-4d27-81d9-5c15e05be7e6 0.473s
2025-04-17 15:43:56.401 69866 INFO tempest.lib.common.rest_client [req-9acaeaeb-167c-4c79-8b73-d12c79a78015 req-9acaeaeb-167c-4c79-8b73-d12c79a78015 ] Request (ServersTestBootFromVolume:setUpClass): 201 POST http://10.180.1.21:9696/networking/v2.0/security-group-rules 0.118s
2025-04-17 15:43:56.417 69846 INFO tempest.lib.common.rest_client [req-39f344e9-21a2-4759-af97-97760be14e73 req-39f344e9-21a2-4759-af97-97760be14e73 ] Request (ServerDiagnosticsTest:tearDownClass): 204 DELETE http://10.180.1.21/identity/v3/projects/f8800e6a209743b3afc6ef70e33ebc01 0.130s
2025-04-17 15:43:56.481 69846 INFO tempest.lib.common.rest_client [req-261ad8e5-d50a-4ceb-8bcf-5a20634a76e1 req-261ad8e5-d50a-4ceb-8bcf-5a20634a76e1 ] Request (ImagesMetadataTestJSON:setUpClass): 201 POST http://10.180.1.21/identity/v3/auth/tokens 0.062s
2025-04-17 15:43:56.521 69850 INFO tempest.lib.common.rest_client [req-e64c5b87-7a21-4c8a-bce7-3f302e372e9e req-e64c5b87-7a21-4c8a-bce7-3f302e372e9e ] Request (ServersTestJSON:setUpClass): 200 PUT http://10.180.1.21:9696/networking/v2.0/floatingips/1c4ee585-fcea-40fd-b24d-4e3915f99239 0.700s
2025-04-17 15:43:56.527 69846 INFO tempest.lib.common.rest_client [req-3cc01238-1da9-4a64-9c4c-f9bf1e24b039 req-3cc01238-1da9-4a64-9c4c-f9bf1e24b039 ] Request (ImagesMetadataTestJSON:setUpClass): 201 POST http://10.180.1.21/identity/v3/auth/tokens 0.042s
2025-04-17 15:43:56.545 69886 INFO tempest.lib.common.rest_client [req-e921e985-a026-4802-9bb0-8301a2a72247 req-e921e985-a026-4802-9bb0-8301a2a72247 ] Request (ServersAdminNegativeTestJSON:test_migrate_server_invalid_state): 200 GET http://10.180.1.21/compute/v2.1/servers/9f52f42b-e316-4b82-bfec-9a21afa9b19f 0.599s
2025-04-17 15:43:56.565 69846 INFO tempest.lib.common.rest_client [req-d7180f32-bbae-456c-9b09-ef0a50d2db7e req-d7180f32-bbae-456c-9b09-ef0a50d2db7e ] Request (ImagesMetadataTestJSON:setUpClass): 200 GET http://10.180.1.21/identity/v3/domains?name=Default 0.038s
2025-04-17 15:43:56.602 69866 INFO tempest.lib.common.rest_client [req-9d2f419e-7f90-4997-994e-ed38bdba0f77 req-9d2f419e-7f90-4997-994e-ed38bdba0f77 ] Request (ServersTestBootFromVolume:setUpClass): 201 POST http://10.180.1.21:9696/networking/v2.0/security-group-rules 0.200s
2025-04-17 15:43:56.608 69846 INFO tempest.lib.common.rest_client [req-1eabb960-8eb1-4cfa-9abb-297fa250eb15 req-1eabb960-8eb1-4cfa-9abb-297fa250eb15 ] Request (ImagesMetadataTestJSON:setUpClass): 201 POST http://10.180.1.21/identity/v3/projects 0.041s
2025-04-17 15:43:56.610 69869 WARNING tempest.lib.common.ssh [-] Failed to establish authenticated ssh connection to cirros@10.180.180.202 ([Errno None] Unable to connect to port 22 on 10.180.180.202). Number attempts: 6. Retry after 7 seconds.: paramiko.ssh_exception.NoValidConnectionsError: [Errno None] Unable to connect to port 22 on 10.180.180.202
2025-04-17 15:43:56.648 69898 INFO tempest.lib.common.rest_client [req-5d7b4d7b-4428-4e5a-b127-745ccdd4fd4c req-5d7b4d7b-4428-4e5a-b127-745ccdd4fd4c ] Request (ServersAdmin275Test:tearDownClass): 200 GET http://10.180.1.21/compute/v2.1/servers/5f6a67e7-6678-4797-a41b-823db1b4811d 0.652s
2025-04-17 15:43:56.693 69846 INFO tempest.lib.common.rest_client [req-13d6e3db-b7a2-4dd6-96c0-d7e9f45aad92 req-13d6e3db-b7a2-4dd6-96c0-d7e9f45aad92 ] Request (ImagesMetadataTestJSON:setUpClass): 201 POST http://10.180.1.21/identity/v3/users 0.084s
2025-04-17 15:43:56.714 69860 INFO tempest.lib.common.rest_client [req-e920913d-3499-426c-82c5-9e749f70ae10 req-e920913d-3499-426c-82c5-9e749f70ae10 ] Request (DeleteServersAdminTestJSON:test_delete_server_while_in_error_state): 200 GET http://10.180.1.21/compute/v2.1/servers/a4b0b9e9-6fa3-49f8-a241-370e576267dc 0.707s
2025-04-17 15:43:56.726 69846 INFO tempest.lib.common.rest_client [req-40e69d26-bcc1-41d1-8039-56096fecab6d req-40e69d26-bcc1-41d1-8039-56096fecab6d ] Request (ImagesMetadataTestJSON:setUpClass): 200 GET http://10.180.1.21/identity/v3/roles 0.033s
2025-04-17 15:43:56.752 69884 INFO tempest.lib.common.rest_client [req-9cc18e88-ee48-4462-ab6b-6743b01fe9e6 req-9cc18e88-ee48-4462-ab6b-6743b01fe9e6 ] Request (FloatingIPsAssociationNegativeTestJSON:test_associate_ip_to_server_with_floating_ip): 400 POST http://10.180.1.21/compute/v2.1/servers/a59cfdd6-adf9-4a21-aa67-09e5883ac6a8/action 0.769s
2025-04-17 15:43:56.759 69846 INFO tempest.lib.common.rest_client [req-7e921729-79b7-485a-977b-6b9550d8810a req-7e921729-79b7-485a-977b-6b9550d8810a ] Request (ImagesMetadataTestJSON:setUpClass): 204 PUT http://10.180.1.21/identity/v3/projects/28d3c9c1775c4739891fdaa85b306fda/users/1ea2d54f6cd2408fb1c112acbcc4606e/roles/015f809aeb334d9f9d7d9bf8b46aa5f5 0.032s
2025-04-17 15:43:56.759 69846 INFO tempest.lib.common.dynamic_creds [-] Dynamic test user 1ea2d54f6cd2408fb1c112acbcc4606e is created with scope project and roles: ['member']
2025-04-17 15:43:56.759 69846 INFO tempest.lib.common.dynamic_creds [-] Acquired dynamic creds: credentials: Credentials: {'domain_id': 'default', 'domain_name': 'Default', 'username': 'tempest-ImagesMetadataTestJSON-1566231060-project-member', 'project_domain_id': 'default', 'project_domain_name': 'Default', 'project_id': '28d3c9c1775c4739891fdaa85b306fda', 'project_name': 'tempest-ImagesMetadataTestJSON-1566231060', 'tenant_id': '28d3c9c1775c4739891fdaa85b306fda', 'tenant_name': 'tempest-ImagesMetadataTestJSON-1566231060', 'user_domain_id': 'default', 'user_domain_name': 'Default', 'user_id': '1ea2d54f6cd2408fb1c112acbcc4606e', 'system': None}, Network: None, Subnet: None, Router: None
2025-04-17 15:43:56.759 69846 INFO tempest.lib.common.dynamic_creds [-] Created isolated network resources for: credentials: Credentials: {'domain_id': 'default', 'domain_name': 'Default', 'username': 'tempest-ImagesMetadataTestJSON-1566231060-project-member', 'project_domain_id': 'default', 'project_domain_name': 'Default', 'project_id': '28d3c9c1775c4739891fdaa85b306fda', 'project_name': 'tempest-ImagesMetadataTestJSON-1566231060', 'tenant_id': '28d3c9c1775c4739891fdaa85b306fda', 'tenant_name': 'tempest-ImagesMetadataTestJSON-1566231060', 'user_domain_id': 'default', 'user_domain_name': 'Default', 'user_id': '1ea2d54f6cd2408fb1c112acbcc4606e', 'system': None}, Network: None, Subnet: None, Router: None
2025-04-17 15:43:56.837 69888 INFO tempest.lib.common.rest_client [req-32503f95-6751-4a94-8bb5-b80bb23c2d84 req-32503f95-6751-4a94-8bb5-b80bb23c2d84 ] Request (VolumesAdminNegativeTest:test_update_attached_volume_with_nonexistent_volume_in_body): 200 GET http://10.180.1.21/compute/v2.1/servers/8e3649ec-203a-4b43-bf19-cf1634906ca6 0.782s
2025-04-17 15:43:56.839 69902 INFO tempest.lib.common.rest_client [req-857918c0-f9f3-41f1-af43-a0826686d7ae req-857918c0-f9f3-41f1-af43-a0826686d7ae ] Request (ServerAddressesNegativeTestJSON:setUpClass): 200 GET http://10.180.1.21/compute/v2.1/servers/dfa943a8-70f0-4eb2-90df-c8b77aa09895 0.795s
2025-04-17 15:43:56.849 69902 INFO tempest.common.waiters [-] State transition "BUILD/scheduling" ==> "BUILD/None" after 24 second wait
2025-04-17 15:43:56.856 69846 INFO tempest.lib.common.rest_client [req-e38dd7ec-1205-4655-90bd-036df244e9ef req-e38dd7ec-1205-4655-90bd-036df244e9ef ] Request (ImagesMetadataTestJSON:setUpClass): 201 POST http://10.180.1.21/identity/v3/auth/tokens 0.092s
2025-04-17 15:43:56.902 69878 INFO tempest.lib.common.rest_client [req-311184e0-f605-4b1e-aa5f-587270831822 req-311184e0-f605-4b1e-aa5f-587270831822 ] Request (ServersAdminTestJSON:setUpClass): 200 GET http://10.180.1.21/compute/v2.1/servers/870967fa-f424-45ff-83bc-9ebb6e7869ae 0.814s
2025-04-17 15:43:56.908 69876 INFO tempest.lib.common.rest_client [req-91d6a1f3-a750-4934-bba5-10f3c1dfc6af req-91d6a1f3-a750-4934-bba5-10f3c1dfc6af ] Request (ServerActionsTestOtherB:setUpClass): 200 GET http://10.180.1.21/compute/v2.1/servers/8137a947-18ef-4e25-b580-96a9eb6077be 0.808s
2025-04-17 15:43:56.935 69874 INFO tempest.lib.common.rest_client [req-84b8a8ca-9f5e-431f-ab2a-ee868c61fc7d req-84b8a8ca-9f5e-431f-ab2a-ee868c61fc7d ] Request (SecurityGroupRulesTestJSON:tearDownClass): 404 DELETE http://10.180.1.21/compute/v2.1/os-security-groups/624de236-1db1-4778-84a9-046020fac76c 0.835s
2025-04-17 15:43:56.975 69840 INFO tempest.lib.common.rest_client [req-128e497f-e20b-4bd3-b533-f72c175d90c2 req-128e497f-e20b-4bd3-b533-f72c175d90c2 ] Request (ServerShowV247Test:test_update_rebuild_list_server): 200 GET http://10.180.1.21/compute/v2.1/servers/660594cc-9add-49ef-bf85-f2b21d827af5 0.825s
2025-04-17 15:43:56.994 69856 INFO tempest.lib.common.rest_client [req-e96e907b-925d-47f4-85f9-c77c5604012e req-e96e907b-925d-47f4-85f9-c77c5604012e ] Request (SecurityGroupsTestJSON:test_list_security_groups_by_server): 200 GET http://10.180.1.21/compute/v2.1/servers/6008ce40-9804-497e-9fc2-7eb9f871e031 0.641s
2025-04-17 15:43:57.098 69866 INFO tempest.lib.common.rest_client [req-45282808-a6e6-49bf-9055-baa8689ba3bc req-45282808-a6e6-49bf-9055-baa8689ba3bc ] Request (ServersTestBootFromVolume:setUpClass): 201 POST http://10.180.1.21:9696/networking/v2.0/floatingips 0.495s
2025-04-17 15:43:57.140 69850 INFO tempest.lib.common.rest_client [req-cb6d0485-ec6b-445b-aec3-0346be38c79a req-cb6d0485-ec6b-445b-aec3-0346be38c79a ] Request (ServersTestJSON:setUpClass): 200 GET http://10.180.1.21/compute/v2.1/servers/664b9c5e-ba90-40c2-b952-35b83a465052 0.619s
2025-04-17 15:43:57.150 69854 INFO tempest.lib.common.rest_client [req-44c81a67-bf5f-412c-a179-037b5c700472 req-44c81a67-bf5f-412c-a179-037b5c700472 ] Request (MigrationsAdminTest:test_list_migrations_in_flavor_resize_situation): 200 GET http://10.180.1.21/compute/v2.1/servers/fe6f83c3-1aa1-45ee-8b67-141f5674e33a 0.657s
2025-04-17 15:43:57.151 69850 INFO tempest.lib.common.ssh [-] Creating ssh connection to '10.180.180.144:22' as 'cirros' with public key authentication
2025-04-17 15:43:57.173 69866 INFO tempest.lib.common.rest_client [req-579f8535-8f78-4e18-a85f-69235f3686ef req-579f8535-8f78-4e18-a85f-69235f3686ef ] Request (ServersTestBootFromVolume:setUpClass): 201 POST http://10.180.1.21/identity/v3/auth/tokens 0.072s
2025-04-17 15:43:57.174 69866 INFO tempest.lib.common.fixed_network [-] (ServersTestBootFromVolume:setUpClass) Found network {'id': 'cc7d1dec-2e51-4a0b-82a4-76bd2fb01035', 'name': 'tempest-ServersTestBootFromVolume-573974790-network', 'tenant_id': '47a7e5d569ff48c4bd67c48aac3a5782', 'admin_state_up': True, 'mtu': 8950, 'status': 'ACTIVE', 'subnets': [], 'shared': False, 'project_id': '47a7e5d569ff48c4bd67c48aac3a5782', 'port_security_enabled': True, 'router:external': False, 'provider:network_type': 'vlan', 'provider:physical_network': 'default', 'provider:segmentation_id': 710, 'availability_zone_hints': [], 'availability_zones': [], 'ipv4_address_scope': None, 'ipv6_address_scope': None, 'description': '', 'tags': [], 'created_at': '2025-04-17T15:43:51Z', 'updated_at': '2025-04-17T15:43:51Z', 'revision_number': 1} available for tenant
2025-04-17 15:43:57.220 69852 INFO tempest.lib.common.rest_client [req-128da112-96ab-4a2a-82b9-affc1c48721a req-128da112-96ab-4a2a-82b9-affc1c48721a ] Request (TenantUsagesTestJSON:setUpClass): 200 GET http://10.180.1.21/compute/v2.1/servers/ee2b99fe-ab05-4db4-9ed0-0ca774a9333f 0.481s
2025-04-17 15:43:57.275 69864 INFO tempest.lib.common.rest_client [req-4fd8ee34-cd50-4ccd-8d08-3de58c493455 req-4fd8ee34-cd50-4ccd-8d08-3de58c493455 ] Request (ServerDiskConfigTestJSON:test_rebuild_server_with_auto_disk_config): 200 GET http://10.180.1.21/compute/v2.1/servers/8410457a-eee4-47ad-b7fb-053901fd16e5 0.383s
2025-04-17 15:43:57.283 69864 INFO tempest.common.waiters [-] State transition "BUILD/None" ==> "BUILD/networking" after 37 second wait
2025-04-17 15:43:57.299 69862 WARNING tempest.lib.common.ssh [-] Failed to establish authenticated ssh connection to cirros@10.180.180.238 ([Errno None] Unable to connect to port 22 on 10.180.180.238). Number attempts: 1. Retry after 2 seconds.: paramiko.ssh_exception.NoValidConnectionsError: [Errno None] Unable to connect to port 22 on 10.180.180.238
2025-04-17 15:43:57.310 69846 INFO tempest.lib.common.rest_client [req-7d35fed0-b49a-4997-97b8-b2bc5f317c53 req-7d35fed0-b49a-4997-97b8-b2bc5f317c53 ] Request (ImagesMetadataTestJSON:setUpClass): 201 POST http://10.180.1.21/image/v2/images 0.453s
2025-04-17 15:43:57.448 69874 INFO tempest.lib.common.rest_client [req-4225cd4d-0615-40d5-a57d-7a9b9b09b58d req-4225cd4d-0615-40d5-a57d-7a9b9b09b58d ] Request (SecurityGroupRulesTestJSON:tearDownClass): 202 DELETE http://10.180.1.21/compute/v2.1/os-security-groups/8f5a9dd6-d98e-4420-9f11-91ad4a48d7a4 0.512s
2025-04-17 15:43:57.557 69896 INFO tempest.lib.common.rest_client [req-1bc08974-5b8d-4dc4-8a94-529d5ba4e476 req-1bc08974-5b8d-4dc4-8a94-529d5ba4e476 ] Request (ServerMetadataNegativeTestJSON:setUpClass): 200 GET http://10.180.1.21/compute/v2.1/servers/71b79e4c-e9bc-46b7-9554-06afa2279ea8 0.356s
2025-04-17 15:43:57.565 69866 INFO tempest.lib.common.rest_client [req-02a31760-c893-43b6-9eea-4e3bbda0232e req-02a31760-c893-43b6-9eea-4e3bbda0232e ] Request (ServersTestBootFromVolume:setUpClass): 202 POST http://10.180.1.21/volume/v3/volumes 0.390s
2025-04-17 15:43:57.614 69866 INFO tempest.lib.common.rest_client [req-990a1bc4-9cc9-42ae-9cff-eec5cb648c7f req-990a1bc4-9cc9-42ae-9cff-eec5cb648c7f ] Request (ServersTestBootFromVolume:setUpClass): 200 GET http://10.180.1.21/volume/v3/volumes/5bd1774f-24f0-4bcd-a4c7-747dc295effe 0.038s
2025-04-17 15:43:57.682 69880 WARNING tempest.lib.common.ssh [-] Failed to establish authenticated ssh connection to cirros@10.180.180.183 ([Errno None] Unable to connect to port 22 on 10.180.180.183). Number attempts: 5. Retry after 6 seconds.: paramiko.ssh_exception.NoValidConnectionsError: [Errno None] Unable to connect to port 22 on 10.180.180.183
2025-04-17 15:43:57.759 69884 INFO tempest.lib.common.rest_client [req-2ffe1bef-eaba-4752-a0d5-0e910e8e26ca req-2ffe1bef-eaba-4752-a0d5-0e910e8e26ca ] Request (FloatingIPsAssociationNegativeTestJSON:_run_cleanups): 202 DELETE http://10.180.1.21/compute/v2.1/os-floating-ips/65b9cf75-ebf2-43c6-b0d8-bcb509fc54fa 1.007s
2025-04-17 15:43:57.806 69848 INFO tempest.lib.common.rest_client [req-ae9a05e7-0441-4b3c-ab83-f347d4814f84 req-ae9a05e7-0441-4b3c-ab83-f347d4814f84 ] Request (ImagesTestJSON:test_create_image_from_stopped_server): 200 GET http://10.180.1.21/compute/v2.1/servers/81b45160-82b7-4913-9ab3-999d958d94e6 0.514s
2025-04-17 15:43:57.817 69848 INFO tempest.common.waiters [-] State transition "BUILD/spawning" ==> "ACTIVE/None" after 40 second wait
2025-04-17 15:43:57.856 69890 INFO tempest.lib.common.rest_client [req-7ab4502b-558a-4f2c-a840-4e9e2ecbf26d req-7ab4502b-558a-4f2c-a840-4e9e2ecbf26d ] Request (ServersListShow296Test:test_list_show_update_rebuild_server_296): 200 GET http://10.180.1.21/compute/v2.1/servers/ce8a7015-89cc-4bb5-a57d-cde8981316d4 0.563s
2025-04-17 15:43:57.871 69890 INFO tempest.common.waiters [-] State transition "BUILD/spawning" ==> "ACTIVE/None" after 40 second wait
2025-04-17 15:43:57.883 69858 INFO tempest.lib.common.rest_client [req-1dd3c729-237f-45b5-9409-c426aa9a9ffc req-1dd3c729-237f-45b5-9409-c426aa9a9ffc ] Request (FloatingIPsAssociationTestJSON:test_associate_already_associated_floating_ip): 200 GET http://10.180.1.21/compute/v2.1/servers/58a4c2cb-ab2e-414e-a0cd-76f88c0430b3 0.521s
2025-04-17 15:43:57.921 69882 INFO tempest.lib.common.rest_client [req-ba913be4-83cc-4c97-b883-89a9df37b6eb req-ba913be4-83cc-4c97-b883-89a9df37b6eb ] Request (ServersTestMultiNic:test_verify_duplicate_network_nics): 200 GET http://10.180.1.21/compute/v2.1/servers/e78e3858-451b-4a84-9a18-ca78bae38b3d 0.547s
2025-04-17 15:43:57.927 69894 INFO tempest.lib.common.rest_client [req-c40afd6b-e7f4-4933-986f-a767709af56b req-c40afd6b-e7f4-4933-986f-a767709af56b ] Request (ImagesOneServerTestJSON:test_create_image_specify_multibyte_character_image_name): 200 GET http://10.180.1.21/compute/v2.1/images/99550565-7831-4d27-81d9-5c15e05be7e6 0.531s
2025-04-17 15:43:57.992 69846 INFO tempest.lib.common.rest_client [req-9a573974-cd2d-4817-be93-53979b284336 req-9a573974-cd2d-4817-be93-53979b284336 ] Request (ImagesMetadataTestJSON:setUpClass): 204 PUT http://10.180.1.21/image/v2/images/b9ca9003-a14e-427d-a353-5dd1f6f84431/file 0.682s
2025-04-17 15:43:58.104 69886 INFO tempest.lib.common.rest_client [req-0b7e6b2f-289b-400b-850b-66a7e000048e req-0b7e6b2f-289b-400b-850b-66a7e000048e ] Request (ServersAdminNegativeTestJSON:test_migrate_server_invalid_state): 200 GET http://10.180.1.21/compute/v2.1/servers/9f52f42b-e316-4b82-bfec-9a21afa9b19f 0.546s
2025-04-17 15:43:58.142 69874 INFO tempest.lib.common.rest_client [req-560e9359-d086-4b31-ac37-f7110f24f3df req-560e9359-d086-4b31-ac37-f7110f24f3df ] Request (SecurityGroupRulesTestJSON:tearDownClass): 202 DELETE http://10.180.1.21/compute/v2.1/os-security-groups/a06c742c-305e-4cd0-af2a-2171f878f329 0.694s
2025-04-17 15:43:58.188 69898 INFO tempest.lib.common.rest_client [req-6bb11b6f-a22a-4a58-99c6-8006e51ed5ed req-6bb11b6f-a22a-4a58-99c6-8006e51ed5ed ] Request (ServersAdmin275Test:tearDownClass): 200 GET http://10.180.1.21/compute/v2.1/servers/5f6a67e7-6678-4797-a41b-823db1b4811d 0.524s
2025-04-17 15:43:58.215 69860 INFO tempest.lib.common.rest_client [req-6347eb30-24d9-40c4-93e5-49e05199475d req-6347eb30-24d9-40c4-93e5-49e05199475d ] Request (DeleteServersAdminTestJSON:test_delete_server_while_in_error_state): 200 GET http://10.180.1.21/compute/v2.1/servers/a4b0b9e9-6fa3-49f8-a241-370e576267dc 0.488s
2025-04-17 15:43:58.311 69848 INFO tempest.lib.common.rest_client [req-7e251dfd-6c91-4a94-aacf-6c087aecbebc req-7e251dfd-6c91-4a94-aacf-6c087aecbebc ] Request (ImagesTestJSON:test_create_image_from_stopped_server): 202 POST http://10.180.1.21/compute/v2.1/servers/81b45160-82b7-4913-9ab3-999d958d94e6/action 0.493s
2025-04-17 15:43:58.571 69888 INFO tempest.lib.common.rest_client [req-7dc1babc-600f-4d89-9c36-bd9fe36c0c61 req-7dc1babc-600f-4d89-9c36-bd9fe36c0c61 ] Request (VolumesAdminNegativeTest:test_update_attached_volume_with_nonexistent_volume_in_body): 200 GET http://10.180.1.21/compute/v2.1/servers/8e3649ec-203a-4b43-bf19-cf1634906ca6 0.721s
2025-04-17 15:43:58.652 69902 INFO tempest.lib.common.rest_client [req-f12909d9-565b-4953-909e-c9c172e20bfe req-f12909d9-565b-4953-909e-c9c172e20bfe ] Request (ServerAddressesNegativeTestJSON:setUpClass): 200 GET http://10.180.1.21/compute/v2.1/servers/dfa943a8-70f0-4eb2-90df-c8b77aa09895 0.801s
2025-04-17 15:43:58.665 69866 INFO tempest.lib.common.rest_client [req-e1b7b263-583c-4894-877d-378a2f1ecd39 req-e1b7b263-583c-4894-877d-378a2f1ecd39 ] Request (ServersTestBootFromVolume:setUpClass): 200 GET http://10.180.1.21/volume/v3/volumes/5bd1774f-24f0-4bcd-a4c7-747dc295effe 0.042s
2025-04-17 15:43:58.866 69890 INFO tempest.lib.common.rest_client [req-05114235-b9a3-494b-9220-7162021746f0 req-05114235-b9a3-494b-9220-7162021746f0 ] Request (ServersListShow296Test:test_list_show_update_rebuild_server_296): 200 GET http://10.180.1.21/compute/v2.1/servers/detail 0.990s
2025-04-17 15:43:58.929 69878 INFO tempest.lib.common.rest_client [req-07c5a664-2b56-44a3-af24-1e7f70ab01a7 req-07c5a664-2b56-44a3-af24-1e7f70ab01a7 ] Request (ServersAdminTestJSON:setUpClass): 200 GET http://10.180.1.21/compute/v2.1/servers/870967fa-f424-45ff-83bc-9ebb6e7869ae 1.019s
2025-04-17 15:43:58.985 69876 INFO tempest.lib.common.rest_client [req-1bdade3c-28d4-4b67-878a-6ba9e1168bfd req-1bdade3c-28d4-4b67-878a-6ba9e1168bfd ] Request (ServerActionsTestOtherB:setUpClass): 200 GET http://10.180.1.21/compute/v2.1/servers/8137a947-18ef-4e25-b580-96a9eb6077be 1.067s
2025-04-17 15:43:59.026 69892 WARNING tempest.lib.common.ssh [-] Failed to establish authenticated ssh connection to cirros@10.180.180.160 ([Errno None] Unable to connect to port 22 on 10.180.180.160). Number attempts: 3. Retry after 4 seconds.: paramiko.ssh_exception.NoValidConnectionsError: [Errno None] Unable to connect to port 22 on 10.180.180.160
2025-04-17 15:43:59.033 69894 INFO tempest.lib.common.rest_client [req-b0822db5-2ea5-40a9-b95f-3341478ad589 req-b0822db5-2ea5-40a9-b95f-3341478ad589 ] Request (ImagesOneServerTestJSON:test_create_image_specify_multibyte_character_image_name): 200 GET http://10.180.1.21/compute/v2.1/images/99550565-7831-4d27-81d9-5c15e05be7e6 1.103s
2025-04-17 15:43:59.094 69840 INFO tempest.lib.common.rest_client [req-e64dbc0f-d2ea-4780-b0f3-2e24159c2446 req-e64dbc0f-d2ea-4780-b0f3-2e24159c2446 ] Request (ServerShowV247Test:test_update_rebuild_list_server): 200 GET http://10.180.1.21/compute/v2.1/servers/660594cc-9add-49ef-bf85-f2b21d827af5 1.108s
2025-04-17 15:43:59.102 69840 INFO tempest.common.waiters [-] State transition "BUILD/scheduling" ==> "BUILD/None" after 25 second wait
2025-04-17 15:43:59.122 69846 INFO tempest.lib.common.rest_client [req-b9ded6f9-42f0-4fe3-b16a-1127318dd2b9 req-b9ded6f9-42f0-4fe3-b16a-1127318dd2b9 ] Request (ImagesMetadataTestJSON:setUpClass): 200 GET http://10.180.1.21/compute/v2.1/images/b9ca9003-a14e-427d-a353-5dd1f6f84431 1.129s
2025-04-17 15:43:59.177 69856 INFO tempest.lib.common.rest_client [req-a508f540-369e-4bcd-b269-2efe25b21c52 req-a508f540-369e-4bcd-b269-2efe25b21c52 ] Request (SecurityGroupsTestJSON:test_list_security_groups_by_server): 200 GET http://10.180.1.21/compute/v2.1/servers/6008ce40-9804-497e-9fc2-7eb9f871e031 1.171s
2025-04-17 15:43:59.186 69856 INFO tempest.common.waiters [-] State transition "BUILD/scheduling" ==> "BUILD/None" after 24 second wait
2025-04-17 15:43:59.334 69874 INFO tempest.lib.common.rest_client [req-e79d47f9-4999-4bfe-856b-0a5fc5489498 req-e79d47f9-4999-4bfe-856b-0a5fc5489498 ] Request (SecurityGroupRulesTestJSON:tearDownClass): 202 DELETE http://10.180.1.21/compute/v2.1/os-security-groups/0e2c21d1-e71f-4d34-b5e9-29183d91067f 1.191s
2025-04-17 15:43:59.529 69854 INFO tempest.lib.common.rest_client [req-5165c985-7949-4caf-b3a0-35e72e6763a9 req-5165c985-7949-4caf-b3a0-35e72e6763a9 ] Request (MigrationsAdminTest:test_list_migrations_in_flavor_resize_situation): 200 GET http://10.180.1.21/compute/v2.1/servers/fe6f83c3-1aa1-45ee-8b67-141f5674e33a 1.360s
2025-04-17 15:43:59.536 69884 INFO tempest.lib.common.rest_client [req-1abbfd5d-4d68-4e3b-9543-e72a8265f324 req-1abbfd5d-4d68-4e3b-9543-e72a8265f324 ] Request (FloatingIPsAssociationNegativeTestJSON:_run_cleanups): 202 POST http://10.180.1.21/compute/v2.1/servers/a59cfdd6-adf9-4a21-aa67-09e5883ac6a8/action 1.776s
2025-04-17 15:43:59.595 69852 INFO tempest.lib.common.rest_client [req-3eea589e-cdc3-4c87-928b-8b35d2be2f5c req-3eea589e-cdc3-4c87-928b-8b35d2be2f5c ] Request (TenantUsagesTestJSON:setUpClass): 200 GET http://10.180.1.21/compute/v2.1/servers/ee2b99fe-ab05-4db4-9ed0-0ca774a9333f 1.362s
2025-04-17 15:43:59.655 69864 INFO tempest.lib.common.rest_client [req-36ab64ea-7f0b-48a4-bbfc-a959763d437f req-36ab64ea-7f0b-48a4-bbfc-a959763d437f ] Request (ServerDiskConfigTestJSON:test_rebuild_server_with_auto_disk_config): 200 GET http://10.180.1.21/compute/v2.1/servers/8410457a-eee4-47ad-b7fb-053901fd16e5 1.371s
2025-04-17 15:43:59.662 69864 INFO tempest.common.waiters [-] State transition "BUILD/networking" ==> "BUILD/spawning" after 39 second wait
2025-04-17 15:43:59.691 69848 INFO tempest.lib.common.rest_client [req-b737b4f1-2550-4c97-97b0-9958eba970a6 req-b737b4f1-2550-4c97-97b0-9958eba970a6 ] Request (ImagesTestJSON:test_create_image_from_stopped_server): 200 GET http://10.180.1.21/compute/v2.1/servers/81b45160-82b7-4913-9ab3-999d958d94e6 1.379s
2025-04-17 15:43:59.700 69866 INFO tempest.lib.common.rest_client [req-d43aac10-7722-4f61-9c4e-ee600103c05c req-d43aac10-7722-4f61-9c4e-ee600103c05c ] Request (ServersTestBootFromVolume:setUpClass): 200 GET http://10.180.1.21/volume/v3/volumes/5bd1774f-24f0-4bcd-a4c7-747dc295effe 0.027s
2025-04-17 15:43:59.703 69896 INFO tempest.lib.common.rest_client [req-df50a81d-451e-472c-bf88-1e7dfda67f7e req-df50a81d-451e-472c-bf88-1e7dfda67f7e ] Request (ServerMetadataNegativeTestJSON:setUpClass): 200 GET http://10.180.1.21/compute/v2.1/servers/71b79e4c-e9bc-46b7-9554-06afa2279ea8 1.134s
2025-04-17 15:43:59.771 69858 INFO tempest.lib.common.rest_client [req-27d43301-3772-49fb-900a-ab7072fe8f41 req-27d43301-3772-49fb-900a-ab7072fe8f41 ] Request (FloatingIPsAssociationTestJSON:test_associate_already_associated_floating_ip): 200 GET http://10.180.1.21/compute/v2.1/servers/58a4c2cb-ab2e-414e-a0cd-76f88c0430b3 0.875s
2025-04-17 15:43:59.780 69890 INFO tempest.lib.common.rest_client [req-31378370-f4bf-4ecc-9121-a04fab3b73fd req-31378370-f4bf-4ecc-9121-a04fab3b73fd ] Request (ServersListShow296Test:test_list_show_update_rebuild_server_296): 200 GET http://10.180.1.21/compute/v2.1/servers/ce8a7015-89cc-4bb5-a57d-cde8981316d4 0.904s
2025-04-17 15:43:59.823 69882 INFO tempest.lib.common.rest_client [req-988479d5-4d0e-4a6f-a4c9-efe66ea7ff6e req-988479d5-4d0e-4a6f-a4c9-efe66ea7ff6e ] Request (ServersTestMultiNic:test_verify_duplicate_network_nics): 200 GET http://10.180.1.21/compute/v2.1/servers/e78e3858-451b-4a84-9a18-ca78bae38b3d 0.892s
2025-04-17 15:43:59.935 69886 INFO tempest.lib.common.rest_client [req-986ca79e-a575-49d1-adb9-42d0bf165981 req-986ca79e-a575-49d1-adb9-42d0bf165981 ] Request (ServersAdminNegativeTestJSON:test_migrate_server_invalid_state): 200 GET http://10.180.1.21/compute/v2.1/servers/9f52f42b-e316-4b82-bfec-9a21afa9b19f 0.822s
2025-04-17 15:43:59.947 69894 INFO tempest.lib.common.rest_client [req-423b5b64-f784-4906-b8dc-059278297f68 req-423b5b64-f784-4906-b8dc-059278297f68 ] Request (ImagesOneServerTestJSON:test_create_image_specify_multibyte_character_image_name): 200 GET http://10.180.1.21/compute/v2.1/servers/b42a89a0-2d11-410c-a6dd-226b2911ff98 0.907s
2025-04-17 15:44:00.016 69898 INFO tempest.lib.common.rest_client [req-45407362-8250-410f-b245-e05f9121959e req-45407362-8250-410f-b245-e05f9121959e ] Request (ServersAdmin275Test:tearDownClass): 200 GET http://10.180.1.21/compute/v2.1/servers/5f6a67e7-6678-4797-a41b-823db1b4811d 0.815s
2025-04-17 15:44:00.108 69860 INFO tempest.lib.common.rest_client [req-9fbc4aa5-f633-44ef-a2a8-e693c79b0bda req-9fbc4aa5-f633-44ef-a2a8-e693c79b0bda ] Request (DeleteServersAdminTestJSON:test_delete_server_while_in_error_state): 200 GET http://10.180.1.21/compute/v2.1/servers/a4b0b9e9-6fa3-49f8-a241-370e576267dc 0.881s
2025-04-17 15:44:00.181 69846 INFO tempest.lib.common.rest_client [req-8b0d00ec-228d-44c7-8d37-fd704e636bda req-8b0d00ec-228d-44c7-8d37-fd704e636bda ] Request (ImagesMetadataTestJSON:setUp): 200 PUT http://10.180.1.21/compute/v2.1/images/b9ca9003-a14e-427d-a353-5dd1f6f84431/metadata 1.055s
2025-04-17 15:44:00.369 69862 WARNING tempest.lib.common.ssh [-] Failed to establish authenticated ssh connection to cirros@10.180.180.238 ([Errno None] Unable to connect to port 22 on 10.180.180.238). Number attempts: 2. Retry after 3 seconds.: paramiko.ssh_exception.NoValidConnectionsError: [Errno None] Unable to connect to port 22 on 10.180.180.238
2025-04-17 15:44:00.378 69874 INFO tempest.lib.common.rest_client [req-524d767a-e98b-4ee2-aed1-bdd023013e31 req-524d767a-e98b-4ee2-aed1-bdd023013e31 ] Request (SecurityGroupRulesTestJSON:tearDownClass): 202 DELETE http://10.180.1.21/compute/v2.1/os-security-groups/c6f553f6-225f-48b8-80d2-f41f64d3d314 1.043s
2025-04-17 15:44:00.463 69888 INFO tempest.lib.common.rest_client [req-1cf87442-ab15-47c8-b2a3-fc308ae77f65 req-1cf87442-ab15-47c8-b2a3-fc308ae77f65 ] Request (VolumesAdminNegativeTest:test_update_attached_volume_with_nonexistent_volume_in_body): 200 GET http://10.180.1.21/compute/v2.1/servers/8e3649ec-203a-4b43-bf19-cf1634906ca6 0.880s
2025-04-17 15:44:00.530 69902 INFO tempest.lib.common.rest_client [req-9d0bbbd5-339c-4c8a-aad9-bc4ec761b8a2 req-9d0bbbd5-339c-4c8a-aad9-bc4ec761b8a2 ] Request (ServerAddressesNegativeTestJSON:setUpClass): 200 GET http://10.180.1.21/compute/v2.1/servers/dfa943a8-70f0-4eb2-90df-c8b77aa09895 0.866s
2025-04-17 15:44:00.630 69890 INFO tempest.lib.common.rest_client [req-6030b7cb-a520-46fa-bb47-a068910d0f25 req-6030b7cb-a520-46fa-bb47-a068910d0f25 ] Request (ServersListShow296Test:test_list_show_update_rebuild_server_296): 200 PUT http://10.180.1.21/compute/v2.1/servers/ce8a7015-89cc-4bb5-a57d-cde8981316d4 0.840s
2025-04-17 15:44:00.717 69878 INFO tempest.lib.common.rest_client [req-5147f89b-b62a-4b92-bbbd-ea1f89f60f65 req-5147f89b-b62a-4b92-bbbd-ea1f89f60f65 ] Request (ServersAdminTestJSON:setUpClass): 200 GET http://10.180.1.21/compute/v2.1/servers/870967fa-f424-45ff-83bc-9ebb6e7869ae 0.780s
2025-04-17 15:44:00.760 69866 INFO tempest.lib.common.rest_client [req-9626d708-b2e3-4c45-bd2c-02215c58ff03 req-9626d708-b2e3-4c45-bd2c-02215c58ff03 ] Request (ServersTestBootFromVolume:setUpClass): 200 GET http://10.180.1.21/volume/v3/volumes/5bd1774f-24f0-4bcd-a4c7-747dc295effe 0.052s
2025-04-17 15:44:00.789 69876 INFO tempest.lib.common.rest_client [req-f667befa-ad4c-4713-8bd0-0bec8cd0ad65 req-f667befa-ad4c-4713-8bd0-0bec8cd0ad65 ] Request (ServerActionsTestOtherB:setUpClass): 200 GET http://10.180.1.21/compute/v2.1/servers/8137a947-18ef-4e25-b580-96a9eb6077be 0.796s
2025-04-17 15:44:00.820 69872 WARNING tempest.lib.common.ssh [-] Failed to establish authenticated ssh connection to cirros@10.180.180.236 ([Errno None] Unable to connect to port 22 on 10.180.180.236). Number attempts: 6. Retry after 7 seconds.: paramiko.ssh_exception.NoValidConnectionsError: [Errno None] Unable to connect to port 22 on 10.180.180.236
2025-04-17 15:44:00.859 69840 INFO tempest.lib.common.rest_client [req-92e75c1b-0dba-4564-971d-113b2b5d6b81 req-92e75c1b-0dba-4564-971d-113b2b5d6b81 ] Request (ServerShowV247Test:test_update_rebuild_list_server): 200 GET http://10.180.1.21/compute/v2.1/servers/660594cc-9add-49ef-bf85-f2b21d827af5 0.756s
2025-04-17 15:44:00.908 69884 INFO tempest.lib.common.rest_client [req-6d438a7f-c40e-4e80-9b31-d0a36680bf9f req-6d438a7f-c40e-4e80-9b31-d0a36680bf9f ] Request (FloatingIPsAssociationNegativeTestJSON:_run_cleanups): 202 DELETE http://10.180.1.21/compute/v2.1/os-floating-ips/cc19a515-7202-4206-8b99-3cf25652dee8 1.372s
2025-04-17 15:44:00.968 69856 INFO tempest.lib.common.rest_client [req-2e0d06a4-5ac2-4c32-af00-f171cd6998dc req-2e0d06a4-5ac2-4c32-af00-f171cd6998dc ] Request (SecurityGroupsTestJSON:test_list_security_groups_by_server): 200 GET http://10.180.1.21/compute/v2.1/servers/6008ce40-9804-497e-9fc2-7eb9f871e031 0.781s
2025-04-17 15:44:01.072 69846 INFO tempest.lib.common.rest_client [req-945b2f41-d9dd-496d-bcaa-2d77aa6609aa req-945b2f41-d9dd-496d-bcaa-2d77aa6609aa ] Request (ImagesMetadataTestJSON:test_delete_image_metadata_item): 204 DELETE http://10.180.1.21/compute/v2.1/images/b9ca9003-a14e-427d-a353-5dd1f6f84431/metadata/os_version 0.889s
2025-04-17 15:44:01.078 69874 INFO tempest.lib.common.rest_client [req-464f7c5b-08c4-455e-b247-5851025283ea req-464f7c5b-08c4-455e-b247-5851025283ea ] Request (SecurityGroupRulesTestJSON:tearDownClass): 202 DELETE http://10.180.1.21/compute/v2.1/os-security-groups/e50baafc-3893-4045-a7da-4f2ad81ae4f7 0.699s
2025-04-17 15:44:01.158 69852 INFO tempest.lib.common.rest_client [req-d66b8609-7c31-4207-8a46-d148ba52c9cf req-d66b8609-7c31-4207-8a46-d148ba52c9cf ] Request (TenantUsagesTestJSON:setUpClass): 200 GET http://10.180.1.21/compute/v2.1/servers/ee2b99fe-ab05-4db4-9ed0-0ca774a9333f 0.553s
2025-04-17 15:44:01.242 69854 INFO tempest.lib.common.rest_client [req-9fdd4468-a98e-4d82-8b64-0aab9a57edd4 req-9fdd4468-a98e-4d82-8b64-0aab9a57edd4 ] Request (MigrationsAdminTest:test_list_migrations_in_flavor_resize_situation): 200 GET http://10.180.1.21/compute/v2.1/servers/fe6f83c3-1aa1-45ee-8b67-141f5674e33a 0.691s
2025-04-17 15:44:01.271 69850 WARNING tempest.lib.common.ssh [-] Failed to establish authenticated ssh connection to cirros@10.180.180.144 ([Errno None] Unable to connect to port 22 on 10.180.180.144). Number attempts: 1. Retry after 2 seconds.: paramiko.ssh_exception.NoValidConnectionsError: [Errno None] Unable to connect to port 22 on 10.180.180.144
2025-04-17 15:44:01.389 69864 INFO tempest.lib.common.rest_client [req-ed2ab5a5-c77d-4bb4-b7ad-2a0bc5bb290f req-ed2ab5a5-c77d-4bb4-b7ad-2a0bc5bb290f ] Request (ServerDiskConfigTestJSON:test_rebuild_server_with_auto_disk_config): 200 GET http://10.180.1.21/compute/v2.1/servers/8410457a-eee4-47ad-b7fb-053901fd16e5 0.722s
2025-04-17 15:44:01.399 69890 INFO tempest.lib.common.rest_client [req-c0e6cf37-91b4-4cec-b92f-8c711a924f57 req-c0e6cf37-91b4-4cec-b92f-8c711a924f57 ] Request (ServersListShow296Test:test_list_show_update_rebuild_server_296): 202 POST http://10.180.1.21/compute/v2.1/servers/ce8a7015-89cc-4bb5-a57d-cde8981316d4/action 0.750s
2025-04-17 15:44:01.463 69896 INFO tempest.lib.common.rest_client [req-db5a2c44-e335-4ca3-affd-27e4f4d39023 req-db5a2c44-e335-4ca3-affd-27e4f4d39023 ] Request (ServerMetadataNegativeTestJSON:setUpClass): 200 GET http://10.180.1.21/compute/v2.1/servers/71b79e4c-e9bc-46b7-9554-06afa2279ea8 0.751s
2025-04-17 15:44:01.523 69858 INFO tempest.lib.common.rest_client [req-d0fac40d-b847-41fa-9066-4bd5e5eb6f6b req-d0fac40d-b847-41fa-9066-4bd5e5eb6f6b ] Request (FloatingIPsAssociationTestJSON:test_associate_already_associated_floating_ip): 200 GET http://10.180.1.21/compute/v2.1/servers/58a4c2cb-ab2e-414e-a0cd-76f88c0430b3 0.744s
