2025-04-17 15:45:40.947 69862 INFO tempest.lib.common.rest_client [req-098c1142-9414-4b5f-ab90-d0cf437cdaf3 req-098c1142-9414-4b5f-ab90-d0cf437cdaf3 ] Request (ServersWithSpecificFlavorTestJSON:test_verify_created_server_ephemeral_disk): 200 GET http://10.180.1.21/compute/v2.1/servers/c28e5b14-b67f-4413-b8c8-ca18f2845e8d 0.251s
2025-04-17 15:45:40.985 69882 INFO tempest.lib.common.rest_client [req-af0efff2-c752-4819-b3fe-bfa974f0a1ae req-af0efff2-c752-4819-b3fe-bfa974f0a1ae ] Request (ServersTestMultiNic:_run_cleanups): 200 GET http://10.180.1.21/compute/v2.1/servers/e78e3858-451b-4a84-9a18-ca78bae38b3d 0.265s
2025-04-17 15:45:41.000 69858 INFO tempest.lib.common.rest_client [req-8929f00a-ed85-4531-b1ac-3589bf43dee8 req-8929f00a-ed85-4531-b1ac-3589bf43dee8 ] Request (FloatingIPsAssociationTestJSON:tearDownClass): 200 GET http://10.180.1.21/compute/v2.1/servers/a14ef9e5-adfd-4020-affc-b25322802b4b 0.221s
2025-04-17 15:45:41.032 69869 INFO tempest.lib.common.rest_client [req-6ad93304-acbe-45ad-9e7e-bb1b55347b3f req-6ad93304-acbe-45ad-9e7e-bb1b55347b3f ] Request (ServerGroupTestJSON:test_create_server_with_scheduler_hint_group): 200 GET http://10.180.1.21/compute/v2.1/servers/83163fb6-9218-4a97-88d2-4f03aede0d23 0.247s
2025-04-17 15:45:41.033 69848 INFO tempest.lib.common.rest_client [req-569c5bce-3993-4ed5-8e38-8b76ba9b27f7 req-569c5bce-3993-4ed5-8e38-8b76ba9b27f7 ] Request (ImagesTestJSON:test_create_image_from_suspended_server): 200 GET http://10.180.1.21/compute/v2.1/images/969926c9-7b3d-4c2a-b402-117975ac4bfa 0.208s
2025-04-17 15:45:41.087 69892 INFO tempest.lib.common.rest_client [req-18a3799e-76ce-409e-93e0-d1b6834982d0 req-18a3799e-76ce-409e-93e0-d1b6834982d0 ] Request (InstanceActionsNegativeTestJSON:setUpClass): 200 GET http://10.180.1.21/compute/v2.1/servers/dd3924a2-7f69-4f64-8a72-dab941dfbe35 0.207s
2025-04-17 15:45:41.088 69878 INFO tempest.lib.common.rest_client [req-ee18bf6f-d47a-46b2-a7c5-7441e3037c66 req-ee18bf6f-d47a-46b2-a7c5-7441e3037c66 ] Request (ServersAdminTestJSON:test_inject_network_info): 200 GET http://10.180.1.21/compute/v2.1/servers/4c2791ad-bae8-44d4-a17a-bebe2dc29af6 0.254s
2025-04-17 15:45:41.144 69896 INFO tempest.lib.common.rest_client [req-edf7d984-c506-452f-89ae-2d3a62f0b570 req-edf7d984-c506-452f-89ae-2d3a62f0b570 ] Request (ServersListShow298Test:test_list_show_update_rebuild_server_298): 200 GET http://10.180.1.21/compute/v2.1/servers/833bd12b-6d6a-43de-aa99-78181d11a19b 0.204s
2025-04-17 15:45:41.215 69856 INFO tempest.lib.common.rest_client [req-ee3caaef-d7f4-4b71-99c7-0b6ea72548b2 req-ee3caaef-d7f4-4b71-99c7-0b6ea72548b2 ] Request (SecurityGroupsTestJSON:test_server_security_groups): 200 GET http://10.180.1.21/compute/v2.1/servers/9e999262-f0b8-491e-87d5-abef92b85af2 0.178s
2025-04-17 15:45:41.283 69850 INFO tempest.lib.common.rest_client [req-b74002e0-bdb1-4ce3-ac01-0c18092286f0 req-b74002e0-bdb1-4ce3-ac01-0c18092286f0 ] Request (InstanceActionsTestJSON:setUpClass): 200 GET http://10.180.1.21/compute/v2.1/servers/63a7a8e3-d656-4a18-8e56-2af4b8b54677 0.240s
2025-04-17 15:45:41.316 69894 INFO tempest.lib.common.rest_client [req-ba396b66-bd29-42e7-b9f8-593839d1caf1 req-ba396b66-bd29-42e7-b9f8-593839d1caf1 ] Request (MultipleCreateTestJSON:test_multiple_create): 200 GET http://10.180.1.21/compute/v2.1/servers/38fa3f74-6ae4-436e-a3a8-c510219dfa8e 0.339s
2025-04-17 15:45:41.326 69894 INFO tempest.common.waiters [-] State transition "BUILD/networking" ==> "BUILD/spawning" after 54 second wait
2025-04-17 15:45:41.351 69852 INFO tempest.lib.common.rest_client [req-26d20e0b-034d-4a79-a21f-1d4105ae23a6 req-26d20e0b-034d-4a79-a21f-1d4105ae23a6 ] Request (TenantUsagesTestJSON:tearDownClass): 200 GET http://10.180.1.21/compute/v2.1/servers/ee2b99fe-ab05-4db4-9ed0-0ca774a9333f 0.239s
2025-04-17 15:45:41.397 69860 INFO tempest.lib.common.rest_client [req-21a2c2dc-a736-4439-a76b-fc5fdffd8f15 req-21a2c2dc-a736-4439-a76b-fc5fdffd8f15 ] Request (DeleteServersAdminTestJSON:test_delete_server_while_in_error_state): 200 GET http://10.180.1.21/compute/v2.1/servers/a4b0b9e9-6fa3-49f8-a241-370e576267dc 0.206s
2025-04-17 15:45:41.637 69842 INFO tempest.lib.common.rest_client [req-2442681f-679f-4dc1-a94c-8519162be1f5 req-2442681f-679f-4dc1-a94c-8519162be1f5 ] Request (VolumesAssistedSnapshotsTest:tearDownClass): 200 GET http://10.180.1.21/compute/v2.1/servers/6d0988fd-8e9f-4f47-98c3-ffba7860a89f 0.076s
2025-04-17 15:45:41.938 69854 INFO tempest.lib.common.rest_client [req-6cb6f87f-da84-4a8e-afb2-7b5ab00d9dbf req-6cb6f87f-da84-4a8e-afb2-7b5ab00d9dbf ] Request (MigrationsAdminTest:test_resize_server_revert_deleted_flavor): 200 GET http://10.180.1.21/compute/v2.1/servers/c636025a-d7ab-4261-9e60-eb4ffe0adc50 0.314s
2025-04-17 15:45:41.966 69880 INFO tempest.lib.common.rest_client [req-19dbfb50-8aaa-4d7a-a83a-fc757e31f28a req-19dbfb50-8aaa-4d7a-a83a-fc757e31f28a ] Request (ListServerFiltersTestJSON:setUpClass): 200 GET http://10.180.1.21/compute/v2.1/servers/28b5a2a1-0bcd-480b-923c-298210689c78 0.265s
2025-04-17 15:45:42.007 69884 INFO tempest.lib.common.rest_client [req-81dacaf3-2584-4b71-b87a-378de2102042 req-81dacaf3-2584-4b71-b87a-378de2102042 ] Request (ServerAddressesTestJSON:tearDownClass): 200 GET http://10.180.1.21/compute/v2.1/servers/ef93f9a2-7c1e-42d4-aa69-9068989bb28e 0.242s
2025-04-17 15:45:42.016 69884 INFO tempest.common.waiters [-] State transition "ACTIVE/deleting" ==> "DELETED/None" after 4 second wait
2025-04-17 15:45:42.044 69840 INFO tempest.lib.common.rest_client [req-9381c2e2-9db6-4337-b36c-93e521ab7468 req-9381c2e2-9db6-4337-b36c-93e521ab7468 ] Request (ServerShowV247Test:tearDownClass): 200 GET http://10.180.1.21/compute/v2.1/servers/c97997e0-0d0e-4be1-9ac7-e858f9a4f8b9 0.247s
2025-04-17 15:45:42.054 69864 INFO tempest.lib.common.rest_client [req-e370e68e-7667-44e1-bca5-48891850b165 req-e370e68e-7667-44e1-bca5-48891850b165 ] Request (ServerDiskConfigTestJSON:test_resize_server_from_auto_to_manual): 200 GET http://10.180.1.21/compute/v2.1/servers/935e3299-8852-4ca8-bf2c-3e12c731cebd 0.222s
2025-04-17 15:45:42.093 69872 INFO tempest.lib.common.rest_client [req-1f8b140e-5a05-44a3-834c-75b60426aca5 req-1f8b140e-5a05-44a3-834c-75b60426aca5 ] Request (AttachInterfacesTestJSON:test_create_list_show_delete_interfaces_by_network_port): 200 GET http://10.180.1.21/compute/v2.1/servers/76521970-acd4-4616-9653-9317fcbe05e5 0.252s
2025-04-17 15:45:42.106 69886 INFO tempest.lib.common.rest_client [req-a2d3e60a-bc1b-457a-8ecc-387437b36a89 req-a2d3e60a-bc1b-457a-8ecc-387437b36a89 ] Request (InstanceActionsV221TestJSON:test_get_list_deleted_instance_actions): 200 GET http://10.180.1.21/compute/v2.1/servers/078bdb50-0a33-4034-a4eb-1ec9ea6f240d 0.197s
2025-04-17 15:45:42.161 69862 INFO tempest.lib.common.rest_client [req-329cebb1-348a-452c-b60d-e11556b6c5c5 req-329cebb1-348a-452c-b60d-e11556b6c5c5 ] Request (ServersWithSpecificFlavorTestJSON:test_verify_created_server_ephemeral_disk): 200 GET http://10.180.1.21/compute/v2.1/servers/c28e5b14-b67f-4413-b8c8-ca18f2845e8d 0.204s
2025-04-17 15:45:42.165 69846 INFO tempest.lib.common.rest_client [req-e046e989-22b4-4abd-8999-25b9f490d4f6 req-e046e989-22b4-4abd-8999-25b9f490d4f6 ] Request (ServerMetadataTestJSON:tearDownClass): 200 GET http://10.180.1.21/compute/v2.1/servers/41e6960b-8fec-4bca-b0db-a9dbee4331e7 0.250s
2025-04-17 15:45:42.194 69866 WARNING tempest.lib.common.ssh [-] Failed to establish authenticated ssh connection to cirros@10.180.180.142 ([Errno None] Unable to connect to port 22 on 10.180.180.142). Number attempts: 4. Retry after 5 seconds.: paramiko.ssh_exception.NoValidConnectionsError: [Errno None] Unable to connect to port 22 on 10.180.180.142
2025-04-17 15:45:42.223 69858 INFO tempest.lib.common.rest_client [req-c7f57702-03a3-4d82-9909-2ef4fc93b39f req-c7f57702-03a3-4d82-9909-2ef4fc93b39f ] Request (FloatingIPsAssociationTestJSON:tearDownClass): 200 GET http://10.180.1.21/compute/v2.1/servers/a14ef9e5-adfd-4020-affc-b25322802b4b 0.213s
2025-04-17 15:45:42.228 69882 INFO tempest.lib.common.rest_client [req-1ea9900a-5791-4d60-84ae-ce7849b3304f req-1ea9900a-5791-4d60-84ae-ce7849b3304f ] Request (ServersTestMultiNic:_run_cleanups): 200 GET http://10.180.1.21/compute/v2.1/servers/e78e3858-451b-4a84-9a18-ca78bae38b3d 0.232s
2025-04-17 15:45:42.230 69858 INFO tempest.common.waiters [-] State transition "ACTIVE/deleting" ==> "DELETED/None" after 4 second wait
2025-04-17 15:45:42.255 69848 INFO tempest.lib.common.rest_client [req-5c824e9e-3752-465e-b397-1a3979f9b19f req-5c824e9e-3752-465e-b397-1a3979f9b19f ] Request (ImagesTestJSON:test_create_image_from_suspended_server): 200 GET http://10.180.1.21/compute/v2.1/images/969926c9-7b3d-4c2a-b402-117975ac4bfa 0.218s
2025-04-17 15:45:42.284 69869 INFO tempest.lib.common.rest_client [req-62a2573b-5001-433c-a3a4-cde7caa63731 req-62a2573b-5001-433c-a3a4-cde7caa63731 ] Request (ServerGroupTestJSON:test_create_server_with_scheduler_hint_group): 200 GET http://10.180.1.21/compute/v2.1/servers/83163fb6-9218-4a97-88d2-4f03aede0d23 0.245s
2025-04-17 15:45:42.313 69892 INFO tempest.lib.common.rest_client [req-8ea7aead-3eec-44b5-8bee-7dfacb35071d req-8ea7aead-3eec-44b5-8bee-7dfacb35071d ] Request (InstanceActionsNegativeTestJSON:setUpClass): 200 GET http://10.180.1.21/compute/v2.1/servers/dd3924a2-7f69-4f64-8a72-dab941dfbe35 0.218s
2025-04-17 15:45:42.347 69878 INFO tempest.lib.common.rest_client [req-c5aa8574-ba5d-442e-90f3-ef06aad0f697 req-c5aa8574-ba5d-442e-90f3-ef06aad0f697 ] Request (ServersAdminTestJSON:test_inject_network_info): 200 GET http://10.180.1.21/compute/v2.1/servers/4c2791ad-bae8-44d4-a17a-bebe2dc29af6 0.251s
2025-04-17 15:45:42.377 69896 INFO tempest.lib.common.rest_client [req-dc24e02e-45ea-4576-9322-6bfbf0064a02 req-dc24e02e-45ea-4576-9322-6bfbf0064a02 ] Request (ServersListShow298Test:test_list_show_update_rebuild_server_298): 200 GET http://10.180.1.21/compute/v2.1/servers/833bd12b-6d6a-43de-aa99-78181d11a19b 0.222s
2025-04-17 15:45:42.410 69848 INFO tempest.lib.common.rest_client [req-bbf53f75-2f06-4345-9500-ee51cfd1589e req-bbf53f75-2f06-4345-9500-ee51cfd1589e ] Request (ImagesTestJSON:test_create_image_from_suspended_server): 200 GET http://10.180.1.21/compute/v2.1/images/969926c9-7b3d-4c2a-b402-117975ac4bfa 0.151s
2025-04-17 15:45:42.412 69856 INFO tempest.lib.common.rest_client [req-2fefd7b2-50cb-49ed-8dd5-96d7589ebc7f req-2fefd7b2-50cb-49ed-8dd5-96d7589ebc7f ] Request (SecurityGroupsTestJSON:test_server_security_groups): 200 GET http://10.180.1.21/compute/v2.1/servers/9e999262-f0b8-491e-87d5-abef92b85af2 0.188s
2025-04-17 15:45:42.443 69848 INFO tempest.lib.common.rest_client [req-3d4542fa-f4b6-451a-853d-1cd5b8c761f7 req-3d4542fa-f4b6-451a-853d-1cd5b8c761f7 ] Request (ImagesTestJSON:test_create_image_from_suspended_server): 200 GET http://10.180.1.21/image/v2/images/969926c9-7b3d-4c2a-b402-117975ac4bfa/tasks 0.028s
2025-04-17 15:45:42.474 69850 INFO tempest.lib.common.rest_client [req-1b9bfdce-f285-40a4-a999-306509bb2a04 req-1b9bfdce-f285-40a4-a999-306509bb2a04 ] Request (InstanceActionsTestJSON:setUpClass): 200 GET http://10.180.1.21/compute/v2.1/servers/63a7a8e3-d656-4a18-8e56-2af4b8b54677 0.179s
2025-04-17 15:45:42.540 69852 INFO tempest.lib.common.rest_client [req-b3f6c74f-ccb1-4e14-ab81-f0d121034b3e req-b3f6c74f-ccb1-4e14-ab81-f0d121034b3e ] Request (TenantUsagesTestJSON:tearDownClass): 200 GET http://10.180.1.21/compute/v2.1/servers/ee2b99fe-ab05-4db4-9ed0-0ca774a9333f 0.176s
2025-04-17 15:45:42.573 69894 INFO tempest.lib.common.rest_client [req-b3030f6b-697f-43f8-859b-2e2dd065f642 req-b3030f6b-697f-43f8-859b-2e2dd065f642 ] Request (MultipleCreateTestJSON:test_multiple_create): 200 GET http://10.180.1.21/compute/v2.1/servers/38fa3f74-6ae4-436e-a3a8-c510219dfa8e 0.244s
2025-04-17 15:45:42.614 69860 INFO tempest.lib.common.rest_client [req-be3006e6-10b7-42f5-8cbb-211804c39485 req-be3006e6-10b7-42f5-8cbb-211804c39485 ] Request (DeleteServersAdminTestJSON:test_delete_server_while_in_error_state): 200 GET http://10.180.1.21/compute/v2.1/servers/a4b0b9e9-6fa3-49f8-a241-370e576267dc 0.209s
2025-04-17 15:45:42.669 69848 INFO tempest.lib.common.rest_client [req-88d8d497-4ad2-4209-b644-7f0774e7b3d2 req-88d8d497-4ad2-4209-b644-7f0774e7b3d2 ] Request (ImagesTestJSON:_run_cleanups): 204 DELETE http://10.180.1.21/compute/v2.1/images/969926c9-7b3d-4c2a-b402-117975ac4bfa 0.225s
2025-04-17 15:45:42.709 69842 INFO tempest.lib.common.rest_client [req-9a91e43b-6889-4897-a1f2-f4f11c3b6847 req-9a91e43b-6889-4897-a1f2-f4f11c3b6847 ] Request (VolumesAssistedSnapshotsTest:tearDownClass): 200 GET http://10.180.1.21/compute/v2.1/servers/6d0988fd-8e9f-4f47-98c3-ffba7860a89f 0.063s
2025-04-17 15:45:42.763 69848 INFO tempest.lib.common.rest_client [req-17f3001e-0cea-49a2-8f4d-5d201d68e6a7 req-17f3001e-0cea-49a2-8f4d-5d201d68e6a7 ] Request (ImagesTestJSON:_run_cleanups): 204 DELETE http://10.180.1.21/compute/v2.1/servers/40f1f573-9bc0-43f2-97e8-80b863e1500c 0.093s
2025-04-17 15:45:42.823 69848 INFO tempest.lib.common.rest_client [req-a07fa5ce-6868-4df8-8184-6b6be9646f3a req-a07fa5ce-6868-4df8-8184-6b6be9646f3a ] Request (ImagesTestJSON:test_create_server_from_snapshot): 201 POST http://10.180.1.21/identity/v3/auth/tokens 0.055s
2025-04-17 15:45:42.823 69848 INFO tempest.lib.common.fixed_network [-] (ImagesTestJSON:test_create_server_from_snapshot) Found network {'id': '4a05f4c6-5e6f-4c8b-b0c1-1f7d38a14da1', 'name': 'tempest-ImagesTestJSON-867726357-network', 'tenant_id': 'e113834bcbe6429cab43b384f4764c1a', 'admin_state_up': True, 'mtu': 8950, 'status': 'ACTIVE', 'subnets': [], 'shared': False, 'project_id': 'e113834bcbe6429cab43b384f4764c1a', 'port_security_enabled': True, 'router:external': False, 'provider:network_type': 'vlan', 'provider:physical_network': 'default', 'provider:segmentation_id': 531, 'availability_zone_hints': [], 'availability_zones': [], 'ipv4_address_scope': None, 'ipv6_address_scope': None, 'description': '', 'tags': [], 'created_at': '2025-04-17T15:43:00Z', 'updated_at': '2025-04-17T15:43:00Z', 'revision_number': 1} available for tenant
2025-04-17 15:45:43.023 69854 INFO tempest.lib.common.rest_client [req-c2e3f74c-8344-4d25-b7d9-328d5b949fbd req-c2e3f74c-8344-4d25-b7d9-328d5b949fbd ] Request (MigrationsAdminTest:test_resize_server_revert_deleted_flavor): 200 GET http://10.180.1.21/compute/v2.1/servers/c636025a-d7ab-4261-9e60-eb4ffe0adc50 0.073s
2025-04-17 15:45:43.093 69880 INFO tempest.lib.common.rest_client [req-25275595-cd7b-4ea9-b3c5-22927a7a2ce6 req-25275595-cd7b-4ea9-b3c5-22927a7a2ce6 ] Request (ListServerFiltersTestJSON:setUpClass): 200 GET http://10.180.1.21/compute/v2.1/servers/28b5a2a1-0bcd-480b-923c-298210689c78 0.117s
2025-04-17 15:45:43.156 69884 INFO tempest.lib.common.rest_client [req-69a2f9a7-0435-4161-84ec-a5c356a4e885 req-69a2f9a7-0435-4161-84ec-a5c356a4e885 ] Request (ServerAddressesTestJSON:tearDownClass): 200 GET http://10.180.1.21/compute/v2.1/servers/ef93f9a2-7c1e-42d4-aa69-9068989bb28e 0.139s
2025-04-17 15:45:43.192 69848 INFO tempest.lib.common.rest_client [req-59dd840c-3167-4441-ab70-9da0ef05a894 req-59dd840c-3167-4441-ab70-9da0ef05a894 ] Request (ImagesTestJSON:test_create_server_from_snapshot): 202 POST http://10.180.1.21/compute/v2.1/servers 0.368s
2025-04-17 15:45:43.235 69840 INFO tempest.lib.common.rest_client [req-73786bf5-623b-4eed-a563-bb0f313806ae req-73786bf5-623b-4eed-a563-bb0f313806ae ] Request (ServerShowV247Test:tearDownClass): 200 GET http://10.180.1.21/compute/v2.1/servers/c97997e0-0d0e-4be1-9ac7-e858f9a4f8b9 0.181s
2025-04-17 15:45:43.248 69864 INFO tempest.lib.common.rest_client [req-b8c11150-ec71-4410-b0ba-3c54dd25be1d req-b8c11150-ec71-4410-b0ba-3c54dd25be1d ] Request (ServerDiskConfigTestJSON:test_resize_server_from_auto_to_manual): 200 GET http://10.180.1.21/compute/v2.1/servers/935e3299-8852-4ca8-bf2c-3e12c731cebd 0.186s
2025-04-17 15:45:43.293 69872 INFO tempest.lib.common.rest_client [req-d6907d70-0bce-4290-afb7-b46104e2387e req-d6907d70-0bce-4290-afb7-b46104e2387e ] Request (AttachInterfacesTestJSON:test_create_list_show_delete_interfaces_by_network_port): 200 GET http://10.180.1.21/compute/v2.1/servers/76521970-acd4-4616-9653-9317fcbe05e5 0.187s
2025-04-17 15:45:43.329 69886 INFO tempest.lib.common.rest_client [req-aedba50a-d454-430b-ad03-3f50249cb737 req-aedba50a-d454-430b-ad03-3f50249cb737 ] Request (InstanceActionsV221TestJSON:test_get_list_deleted_instance_actions): 200 GET http://10.180.1.21/compute/v2.1/servers/078bdb50-0a33-4034-a4eb-1ec9ea6f240d 0.212s
2025-04-17 15:45:43.350 69846 INFO tempest.lib.common.rest_client [req-9ef3ad8f-ccaa-4a7d-b4e0-326c96275e5a req-9ef3ad8f-ccaa-4a7d-b4e0-326c96275e5a ] Request (ServerMetadataTestJSON:tearDownClass): 200 GET http://10.180.1.21/compute/v2.1/servers/41e6960b-8fec-4bca-b0db-a9dbee4331e7 0.176s
2025-04-17 15:45:43.387 69862 INFO tempest.lib.common.rest_client [req-9bd5c3e0-46dc-40d9-a9b4-7dbc60e75d38 req-9bd5c3e0-46dc-40d9-a9b4-7dbc60e75d38 ] Request (ServersWithSpecificFlavorTestJSON:test_verify_created_server_ephemeral_disk): 200 GET http://10.180.1.21/compute/v2.1/servers/c28e5b14-b67f-4413-b8c8-ca18f2845e8d 0.208s
2025-04-17 15:45:43.399 69848 INFO tempest.lib.common.rest_client [req-7332a694-48dd-4fc0-bb99-fbc6d925eccc req-7332a694-48dd-4fc0-bb99-fbc6d925eccc ] Request (ImagesTestJSON:test_create_server_from_snapshot): 200 GET http://10.180.1.21/compute/v2.1/servers/5332b924-b590-4878-a584-b7395d80c104 0.204s
2025-04-17 15:45:43.447 69858 INFO tempest.lib.common.rest_client [req-5cea8667-ab9b-48fb-9fb2-ca5dcdd4ad1d req-5cea8667-ab9b-48fb-9fb2-ca5dcdd4ad1d ] Request (FloatingIPsAssociationTestJSON:tearDownClass): 200 GET http://10.180.1.21/compute/v2.1/servers/a14ef9e5-adfd-4020-affc-b25322802b4b 0.215s
2025-04-17 15:45:43.469 69882 INFO tempest.lib.common.rest_client [req-34cb37e5-7177-4cfd-9703-5807b4435286 req-34cb37e5-7177-4cfd-9703-5807b4435286 ] Request (ServersTestMultiNic:_run_cleanups): 200 GET http://10.180.1.21/compute/v2.1/servers/e78e3858-451b-4a84-9a18-ca78bae38b3d 0.232s
2025-04-17 15:45:43.500 69869 INFO tempest.lib.common.rest_client [req-44a0c75e-eaa6-48e6-a823-49d3da2304ba req-44a0c75e-eaa6-48e6-a823-49d3da2304ba ] Request (ServerGroupTestJSON:test_create_server_with_scheduler_hint_group): 200 GET http://10.180.1.21/compute/v2.1/servers/83163fb6-9218-4a97-88d2-4f03aede0d23 0.210s
2025-04-17 15:45:43.526 69892 INFO tempest.lib.common.rest_client [req-8e1e0638-2368-4baf-a743-ea89615d15be req-8e1e0638-2368-4baf-a743-ea89615d15be ] Request (InstanceActionsNegativeTestJSON:setUpClass): 200 GET http://10.180.1.21/compute/v2.1/servers/dd3924a2-7f69-4f64-8a72-dab941dfbe35 0.204s
2025-04-17 15:45:43.546 69878 INFO tempest.lib.common.rest_client [req-93db84c8-5c75-4710-872d-6003e64400f2 req-93db84c8-5c75-4710-872d-6003e64400f2 ] Request (ServersAdminTestJSON:test_inject_network_info): 200 GET http://10.180.1.21/compute/v2.1/servers/4c2791ad-bae8-44d4-a17a-bebe2dc29af6 0.187s
2025-04-17 15:45:43.598 69896 INFO tempest.lib.common.rest_client [req-0787d3df-fa73-404f-bdd0-d14d6d338479 req-0787d3df-fa73-404f-bdd0-d14d6d338479 ] Request (ServersListShow298Test:test_list_show_update_rebuild_server_298): 200 GET http://10.180.1.21/compute/v2.1/servers/833bd12b-6d6a-43de-aa99-78181d11a19b 0.207s
2025-04-17 15:45:43.598 69856 INFO tempest.lib.common.rest_client [req-76dc6619-b71a-4620-8201-76e814030f68 req-76dc6619-b71a-4620-8201-76e814030f68 ] Request (SecurityGroupsTestJSON:test_server_security_groups): 200 GET http://10.180.1.21/compute/v2.1/servers/9e999262-f0b8-491e-87d5-abef92b85af2 0.176s
2025-04-17 15:45:43.648 69850 INFO tempest.lib.common.rest_client [req-85cb5626-415d-46a8-9726-74de580b63f5 req-85cb5626-415d-46a8-9726-74de580b63f5 ] Request (InstanceActionsTestJSON:setUpClass): 200 GET http://10.180.1.21/compute/v2.1/servers/63a7a8e3-d656-4a18-8e56-2af4b8b54677 0.166s
2025-04-17 15:45:43.665 69852 INFO tempest.lib.common.rest_client [req-a677da7a-37b8-44d8-98f9-ff01cf59823e req-a677da7a-37b8-44d8-98f9-ff01cf59823e ] Request (TenantUsagesTestJSON:tearDownClass): 200 GET http://10.180.1.21/compute/v2.1/servers/ee2b99fe-ab05-4db4-9ed0-0ca774a9333f 0.111s
2025-04-17 15:45:43.721 69860 INFO tempest.lib.common.rest_client [req-b4d55482-f6f4-4afd-bde1-1a1e772ee0d9 req-b4d55482-f6f4-4afd-bde1-1a1e772ee0d9 ] Request (DeleteServersAdminTestJSON:test_delete_server_while_in_error_state): 200 GET http://10.180.1.21/compute/v2.1/servers/a4b0b9e9-6fa3-49f8-a241-370e576267dc 0.099s
2025-04-17 15:45:43.738 69894 INFO tempest.lib.common.rest_client [req-fd41eecd-95f1-4854-81c3-a65edea0b1e7 req-fd41eecd-95f1-4854-81c3-a65edea0b1e7 ] Request (MultipleCreateTestJSON:test_multiple_create): 200 GET http://10.180.1.21/compute/v2.1/servers/38fa3f74-6ae4-436e-a3a8-c510219dfa8e 0.153s
2025-04-17 15:45:43.774 69842 INFO tempest.lib.common.rest_client [req-ff104a11-4456-4e46-b766-21bd51267bc0 req-ff104a11-4456-4e46-b766-21bd51267bc0 ] Request (VolumesAssistedSnapshotsTest:tearDownClass): 200 GET http://10.180.1.21/compute/v2.1/servers/6d0988fd-8e9f-4f47-98c3-ffba7860a89f 0.057s
2025-04-17 15:45:43.781 69842 INFO tempest.common.waiters [-] State transition "ACTIVE/deleting" ==> "DELETED/None" after 4 second wait
2025-04-17 15:45:44.084 69854 INFO tempest.lib.common.rest_client [req-df5f4c05-bd87-48ad-ae59-80d5c071d2f6 req-df5f4c05-bd87-48ad-ae59-80d5c071d2f6 ] Request (MigrationsAdminTest:test_resize_server_revert_deleted_flavor): 200 GET http://10.180.1.21/compute/v2.1/servers/c636025a-d7ab-4261-9e60-eb4ffe0adc50 0.049s
2025-04-17 15:45:44.151 69880 INFO tempest.lib.common.rest_client [req-7d0f7d43-423d-4edb-b0d7-087b433da2ed req-7d0f7d43-423d-4edb-b0d7-087b433da2ed ] Request (ListServerFiltersTestJSON:setUpClass): 200 GET http://10.180.1.21/compute/v2.1/servers/28b5a2a1-0bcd-480b-923c-298210689c78 0.047s
2025-04-17 15:45:44.220 69884 INFO tempest.lib.common.rest_client [req-9cf4cf49-493b-4f6a-9e86-0798de9befdf req-9cf4cf49-493b-4f6a-9e86-0798de9befdf ] Request (ServerAddressesTestJSON:tearDownClass): 200 GET http://10.180.1.21/compute/v2.1/servers/ef93f9a2-7c1e-42d4-aa69-9068989bb28e 0.052s
2025-04-17 15:45:44.312 69864 INFO tempest.lib.common.rest_client [req-904658b8-01ba-46e3-9cd7-31921110c55e req-904658b8-01ba-46e3-9cd7-31921110c55e ] Request (ServerDiskConfigTestJSON:test_resize_server_from_auto_to_manual): 200 GET http://10.180.1.21/compute/v2.1/servers/935e3299-8852-4ca8-bf2c-3e12c731cebd 0.057s
2025-04-17 15:45:44.334 69840 INFO tempest.lib.common.rest_client [req-f2835760-6068-4010-86f1-fb4b295d1707 req-f2835760-6068-4010-86f1-fb4b295d1707 ] Request (ServerShowV247Test:tearDownClass): 200 GET http://10.180.1.21/compute/v2.1/servers/c97997e0-0d0e-4be1-9ac7-e858f9a4f8b9 0.084s
2025-04-17 15:45:44.380 69872 INFO tempest.lib.common.rest_client [req-fe4f34e3-3275-4e5b-ac49-408962dfa147 req-fe4f34e3-3275-4e5b-ac49-408962dfa147 ] Request (AttachInterfacesTestJSON:test_create_list_show_delete_interfaces_by_network_port): 200 GET http://10.180.1.21/compute/v2.1/servers/76521970-acd4-4616-9653-9317fcbe05e5 0.079s
2025-04-17 15:45:44.396 69886 INFO tempest.lib.common.rest_client [req-23126f24-8c69-4eb9-b23c-560f3e61e4e4 req-23126f24-8c69-4eb9-b23c-560f3e61e4e4 ] Request (InstanceActionsV221TestJSON:test_get_list_deleted_instance_actions): 200 GET http://10.180.1.21/compute/v2.1/servers/078bdb50-0a33-4034-a4eb-1ec9ea6f240d 0.056s
2025-04-17 15:45:44.452 69846 INFO tempest.lib.common.rest_client [req-30dc1a73-efef-4033-88e1-0feb0b2bf612 req-30dc1a73-efef-4033-88e1-0feb0b2bf612 ] Request (ServerMetadataTestJSON:tearDownClass): 200 GET http://10.180.1.21/compute/v2.1/servers/41e6960b-8fec-4bca-b0db-a9dbee4331e7 0.088s
2025-04-17 15:45:44.468 69862 INFO tempest.lib.common.rest_client [req-819d81fc-ac3b-41c1-a3fe-96702302e271 req-819d81fc-ac3b-41c1-a3fe-96702302e271 ] Request (ServersWithSpecificFlavorTestJSON:test_verify_created_server_ephemeral_disk): 200 GET http://10.180.1.21/compute/v2.1/servers/c28e5b14-b67f-4413-b8c8-ca18f2845e8d 0.069s
2025-04-17 15:45:44.506 69848 INFO tempest.lib.common.rest_client [req-7cdd6af3-fdbe-483f-a12e-2de7c8f3041e req-7cdd6af3-fdbe-483f-a12e-2de7c8f3041e ] Request (ImagesTestJSON:test_create_server_from_snapshot): 200 GET http://10.180.1.21/compute/v2.1/servers/5332b924-b590-4878-a584-b7395d80c104 0.099s
2025-04-17 15:45:44.525 69858 INFO tempest.lib.common.rest_client [req-b4b5de61-beb2-4b20-ada4-2967efdcbf52 req-b4b5de61-beb2-4b20-ada4-2967efdcbf52 ] Request (FloatingIPsAssociationTestJSON:tearDownClass): 200 GET http://10.180.1.21/compute/v2.1/servers/a14ef9e5-adfd-4020-affc-b25322802b4b 0.063s
2025-04-17 15:45:44.580 69882 INFO tempest.lib.common.rest_client [req-09f22133-1751-4b61-bbe2-a76b87eb006d req-09f22133-1751-4b61-bbe2-a76b87eb006d ] Request (ServersTestMultiNic:_run_cleanups): 200 GET http://10.180.1.21/compute/v2.1/servers/e78e3858-451b-4a84-9a18-ca78bae38b3d 0.102s
2025-04-17 15:45:44.587 69869 INFO tempest.lib.common.rest_client [req-eaff2564-68b0-4998-9b8c-d0cf93817253 req-eaff2564-68b0-4998-9b8c-d0cf93817253 ] Request (ServerGroupTestJSON:test_create_server_with_scheduler_hint_group): 200 GET http://10.180.1.21/compute/v2.1/servers/83163fb6-9218-4a97-88d2-4f03aede0d23 0.075s
2025-04-17 15:45:44.648 69892 INFO tempest.lib.common.rest_client [req-b5a1fdef-0c9f-4526-96bf-95f4e9c36559 req-b5a1fdef-0c9f-4526-96bf-95f4e9c36559 ] Request (InstanceActionsNegativeTestJSON:setUpClass): 200 GET http://10.180.1.21/compute/v2.1/servers/dd3924a2-7f69-4f64-8a72-dab941dfbe35 0.110s
2025-04-17 15:45:44.650 69878 INFO tempest.lib.common.rest_client [req-fb495df3-74c8-4b64-be1b-523853a43225 req-fb495df3-74c8-4b64-be1b-523853a43225 ] Request (ServersAdminTestJSON:test_inject_network_info): 200 GET http://10.180.1.21/compute/v2.1/servers/4c2791ad-bae8-44d4-a17a-bebe2dc29af6 0.094s
2025-04-17 15:45:44.700 69856 INFO tempest.lib.common.rest_client [req-495c2ac7-bd1e-4d34-9e64-e5d508ecb0b3 req-495c2ac7-bd1e-4d34-9e64-e5d508ecb0b3 ] Request (SecurityGroupsTestJSON:test_server_security_groups): 200 GET http://10.180.1.21/compute/v2.1/servers/9e999262-f0b8-491e-87d5-abef92b85af2 0.093s
2025-04-17 15:45:44.714 69896 INFO tempest.lib.common.rest_client [req-f75360fc-2b55-4772-9397-f62194e02ef8 req-f75360fc-2b55-4772-9397-f62194e02ef8 ] Request (ServersListShow298Test:test_list_show_update_rebuild_server_298): 200 GET http://10.180.1.21/compute/v2.1/servers/833bd12b-6d6a-43de-aa99-78181d11a19b 0.104s
2025-04-17 15:45:44.745 69850 INFO tempest.lib.common.rest_client [req-c95bb132-1dda-4ac2-849c-9ce352586a5f req-c95bb132-1dda-4ac2-849c-9ce352586a5f ] Request (InstanceActionsTestJSON:setUpClass): 200 GET http://10.180.1.21/compute/v2.1/servers/63a7a8e3-d656-4a18-8e56-2af4b8b54677 0.089s
2025-04-17 15:45:44.767 69852 INFO tempest.lib.common.rest_client [req-c198ff0a-d55e-49f5-aed3-61153debcbaa req-c198ff0a-d55e-49f5-aed3-61153debcbaa ] Request (TenantUsagesTestJSON:tearDownClass): 200 GET http://10.180.1.21/compute/v2.1/servers/ee2b99fe-ab05-4db4-9ed0-0ca774a9333f 0.094s
2025-04-17 15:45:44.795 69860 INFO tempest.lib.common.rest_client [req-24b66b0c-432a-4a68-934f-54dfca219b91 req-24b66b0c-432a-4a68-934f-54dfca219b91 ] Request (DeleteServersAdminTestJSON:test_delete_server_while_in_error_state): 200 GET http://10.180.1.21/compute/v2.1/servers/a4b0b9e9-6fa3-49f8-a241-370e576267dc 0.066s
2025-04-17 15:45:44.847 69842 INFO tempest.lib.common.rest_client [req-ead2a204-ed93-4229-9ec8-debbf9d83077 req-ead2a204-ed93-4229-9ec8-debbf9d83077 ] Request (VolumesAssistedSnapshotsTest:tearDownClass): 200 GET http://10.180.1.21/compute/v2.1/servers/6d0988fd-8e9f-4f47-98c3-ffba7860a89f 0.063s
2025-04-17 15:45:44.868 69894 INFO tempest.lib.common.rest_client [req-50f741bb-daf9-449c-99e7-96fe6290c32d req-50f741bb-daf9-449c-99e7-96fe6290c32d ] Request (MultipleCreateTestJSON:test_multiple_create): 200 GET http://10.180.1.21/compute/v2.1/servers/38fa3f74-6ae4-436e-a3a8-c510219dfa8e 0.123s
2025-04-17 15:45:45.137 69854 INFO tempest.lib.common.rest_client [req-6b644049-f081-4254-a6fc-d391fc289a4e req-6b644049-f081-4254-a6fc-d391fc289a4e ] Request (MigrationsAdminTest:test_resize_server_revert_deleted_flavor): 200 GET http://10.180.1.21/compute/v2.1/servers/c636025a-d7ab-4261-9e60-eb4ffe0adc50 0.046s
2025-04-17 15:45:45.206 69880 INFO tempest.lib.common.rest_client [req-96e8761c-0c57-4900-9773-e7e599b81cbc req-96e8761c-0c57-4900-9773-e7e599b81cbc ] Request (ListServerFiltersTestJSON:setUpClass): 200 GET http://10.180.1.21/compute/v2.1/servers/28b5a2a1-0bcd-480b-923c-298210689c78 0.045s
2025-04-17 15:45:45.280 69884 INFO tempest.lib.common.rest_client [req-3322d5ce-c5fe-417a-ad83-f3ef73067531 req-3322d5ce-c5fe-417a-ad83-f3ef73067531 ] Request (ServerAddressesTestJSON:tearDownClass): 200 GET http://10.180.1.21/compute/v2.1/servers/ef93f9a2-7c1e-42d4-aa69-9068989bb28e 0.053s
2025-04-17 15:45:45.367 69864 INFO tempest.lib.common.rest_client [req-0b9f877e-97bd-4dec-9ba4-f0e79fd41d9b req-0b9f877e-97bd-4dec-9ba4-f0e79fd41d9b ] Request (ServerDiskConfigTestJSON:test_resize_server_from_auto_to_manual): 200 GET http://10.180.1.21/compute/v2.1/servers/935e3299-8852-4ca8-bf2c-3e12c731cebd 0.047s
2025-04-17 15:45:45.407 69840 INFO tempest.lib.common.rest_client [req-cf432728-fdc2-4b0f-bdec-21624452dbee req-cf432728-fdc2-4b0f-bdec-21624452dbee ] Request (ServerShowV247Test:tearDownClass): 200 GET http://10.180.1.21/compute/v2.1/servers/c97997e0-0d0e-4be1-9ac7-e858f9a4f8b9 0.057s
2025-04-17 15:45:45.437 69872 INFO tempest.lib.common.rest_client [req-685b9774-5732-4124-9ec1-c6e785ea91ca req-685b9774-5732-4124-9ec1-c6e785ea91ca ] Request (AttachInterfacesTestJSON:test_create_list_show_delete_interfaces_by_network_port): 200 GET http://10.180.1.21/compute/v2.1/servers/76521970-acd4-4616-9653-9317fcbe05e5 0.045s
2025-04-17 15:45:45.451 69886 INFO tempest.lib.common.rest_client [req-fae14c50-e2f3-4d1e-ab9d-da3269ea59e5 req-fae14c50-e2f3-4d1e-ab9d-da3269ea59e5 ] Request (InstanceActionsV221TestJSON:test_get_list_deleted_instance_actions): 200 GET http://10.180.1.21/compute/v2.1/servers/078bdb50-0a33-4034-a4eb-1ec9ea6f240d 0.043s
2025-04-17 15:45:45.513 69846 INFO tempest.lib.common.rest_client [req-fdb8944a-9b79-4710-8c89-c4f9f48a5c53 req-fdb8944a-9b79-4710-8c89-c4f9f48a5c53 ] Request (ServerMetadataTestJSON:tearDownClass): 200 GET http://10.180.1.21/compute/v2.1/servers/41e6960b-8fec-4bca-b0db-a9dbee4331e7 0.052s
2025-04-17 15:45:45.525 69862 INFO tempest.lib.common.rest_client [req-c6e3ee4a-2eb3-4175-ba3e-c9f3abbbf323 req-c6e3ee4a-2eb3-4175-ba3e-c9f3abbbf323 ] Request (ServersWithSpecificFlavorTestJSON:test_verify_created_server_ephemeral_disk): 200 GET http://10.180.1.21/compute/v2.1/servers/c28e5b14-b67f-4413-b8c8-ca18f2845e8d 0.049s
2025-04-17 15:45:45.564 69848 INFO tempest.lib.common.rest_client [req-bc541d4b-2e12-4aec-bf9c-c447f16c0238 req-bc541d4b-2e12-4aec-bf9c-c447f16c0238 ] Request (ImagesTestJSON:test_create_server_from_snapshot): 200 GET http://10.180.1.21/compute/v2.1/servers/5332b924-b590-4878-a584-b7395d80c104 0.044s
2025-04-17 15:45:45.585 69858 INFO tempest.lib.common.rest_client [req-cff78ea0-a1aa-47f0-a608-71304c2ead20 req-cff78ea0-a1aa-47f0-a608-71304c2ead20 ] Request (FloatingIPsAssociationTestJSON:tearDownClass): 200 GET http://10.180.1.21/compute/v2.1/servers/a14ef9e5-adfd-4020-affc-b25322802b4b 0.053s
2025-04-17 15:45:45.651 69869 INFO tempest.lib.common.rest_client [req-c2d7143e-9292-4fa9-87cf-0a3a91578136 req-c2d7143e-9292-4fa9-87cf-0a3a91578136 ] Request (ServerGroupTestJSON:test_create_server_with_scheduler_hint_group): 200 GET http://10.180.1.21/compute/v2.1/servers/83163fb6-9218-4a97-88d2-4f03aede0d23 0.054s
2025-04-17 15:45:45.652 69882 INFO tempest.lib.common.rest_client [req-7479b016-e048-479f-aa8c-0063826cd907 req-7479b016-e048-479f-aa8c-0063826cd907 ] Request (ServersTestMultiNic:_run_cleanups): 200 GET http://10.180.1.21/compute/v2.1/servers/e78e3858-451b-4a84-9a18-ca78bae38b3d 0.061s
2025-04-17 15:45:45.709 69892 INFO tempest.lib.common.rest_client [req-93990667-23b4-4310-af48-5e26b4812e3a req-93990667-23b4-4310-af48-5e26b4812e3a ] Request (InstanceActionsNegativeTestJSON:setUpClass): 200 GET http://10.180.1.21/compute/v2.1/servers/dd3924a2-7f69-4f64-8a72-dab941dfbe35 0.052s
2025-04-17 15:45:45.715 69878 INFO tempest.lib.common.rest_client [req-3ad80629-de50-4bd0-ac35-958fdbeed90f req-3ad80629-de50-4bd0-ac35-958fdbeed90f ] Request (ServersAdminTestJSON:test_inject_network_info): 200 GET http://10.180.1.21/compute/v2.1/servers/4c2791ad-bae8-44d4-a17a-bebe2dc29af6 0.057s
2025-04-17 15:45:45.753 69856 INFO tempest.lib.common.rest_client [req-a8cd52d1-a5ad-455b-a685-a5946dbf2b10 req-a8cd52d1-a5ad-455b-a685-a5946dbf2b10 ] Request (SecurityGroupsTestJSON:test_server_security_groups): 200 GET http://10.180.1.21/compute/v2.1/servers/9e999262-f0b8-491e-87d5-abef92b85af2 0.045s
2025-04-17 15:45:45.778 69896 INFO tempest.lib.common.rest_client [req-eacce4b7-f96f-42ec-868e-9f642b72efbd req-eacce4b7-f96f-42ec-868e-9f642b72efbd ] Request (ServersListShow298Test:test_list_show_update_rebuild_server_298): 200 GET http://10.180.1.21/compute/v2.1/servers/833bd12b-6d6a-43de-aa99-78181d11a19b 0.052s
2025-04-17 15:45:45.797 69850 INFO tempest.lib.common.rest_client [req-581eb7d3-30b9-4971-b77d-7c2b8b7a9f5b req-581eb7d3-30b9-4971-b77d-7c2b8b7a9f5b ] Request (InstanceActionsTestJSON:setUpClass): 200 GET http://10.180.1.21/compute/v2.1/servers/63a7a8e3-d656-4a18-8e56-2af4b8b54677 0.044s
2025-04-17 15:45:45.826 69852 INFO tempest.lib.common.rest_client [req-2166087a-2435-4ab9-957c-84ed3253c9a3 req-2166087a-2435-4ab9-957c-84ed3253c9a3 ] Request (TenantUsagesTestJSON:tearDownClass): 200 GET http://10.180.1.21/compute/v2.1/servers/ee2b99fe-ab05-4db4-9ed0-0ca774a9333f 0.051s
2025-04-17 15:45:45.854 69860 INFO tempest.lib.common.rest_client [req-436cf671-2ad6-473f-8cf7-5b629c60b70f req-436cf671-2ad6-473f-8cf7-5b629c60b70f ] Request (DeleteServersAdminTestJSON:test_delete_server_while_in_error_state): 200 GET http://10.180.1.21/compute/v2.1/servers/a4b0b9e9-6fa3-49f8-a241-370e576267dc 0.050s
2025-04-17 15:45:45.912 69842 INFO tempest.lib.common.rest_client [req-b619398a-7d38-451d-ac5d-95d8e2c4c515 req-b619398a-7d38-451d-ac5d-95d8e2c4c515 ] Request (VolumesAssistedSnapshotsTest:tearDownClass): 200 GET http://10.180.1.21/compute/v2.1/servers/6d0988fd-8e9f-4f47-98c3-ffba7860a89f 0.057s
2025-04-17 15:45:45.965 69894 INFO tempest.lib.common.rest_client [req-8af82ee7-4e5b-4eca-8d7f-aad54d3d0e8a req-8af82ee7-4e5b-4eca-8d7f-aad54d3d0e8a ] Request (MultipleCreateTestJSON:test_multiple_create): 200 GET http://10.180.1.21/compute/v2.1/servers/38fa3f74-6ae4-436e-a3a8-c510219dfa8e 0.089s
2025-04-17 15:45:46.198 69854 INFO tempest.lib.common.rest_client [req-15fa5ea8-f39b-4402-97c7-2e579353c4bc req-15fa5ea8-f39b-4402-97c7-2e579353c4bc ] Request (MigrationsAdminTest:test_resize_server_revert_deleted_flavor): 200 GET http://10.180.1.21/compute/v2.1/servers/c636025a-d7ab-4261-9e60-eb4ffe0adc50 0.053s
2025-04-17 15:45:46.269 69880 INFO tempest.lib.common.rest_client [req-c2ebee35-4616-4909-bc69-e94d39cc07f2 req-c2ebee35-4616-4909-bc69-e94d39cc07f2 ] Request (ListServerFiltersTestJSON:setUpClass): 200 GET http://10.180.1.21/compute/v2.1/servers/28b5a2a1-0bcd-480b-923c-298210689c78 0.055s
2025-04-17 15:45:46.344 69884 INFO tempest.lib.common.rest_client [req-44fbc1eb-a547-4fc6-922d-e4e574185ab6 req-44fbc1eb-a547-4fc6-922d-e4e574185ab6 ] Request (ServerAddressesTestJSON:tearDownClass): 200 GET http://10.180.1.21/compute/v2.1/servers/ef93f9a2-7c1e-42d4-aa69-9068989bb28e 0.057s
2025-04-17 15:45:46.425 69864 INFO tempest.lib.common.rest_client [req-54a15b1d-fd5d-4e8a-81b9-1560d2c8d120 req-54a15b1d-fd5d-4e8a-81b9-1560d2c8d120 ] Request (ServerDiskConfigTestJSON:test_resize_server_from_auto_to_manual): 200 GET http://10.180.1.21/compute/v2.1/servers/935e3299-8852-4ca8-bf2c-3e12c731cebd 0.050s
2025-04-17 15:45:46.470 69840 INFO tempest.lib.common.rest_client [req-657c8d11-d3c7-4d28-8977-3aa9b32e4174 req-657c8d11-d3c7-4d28-8977-3aa9b32e4174 ] Request (ServerShowV247Test:tearDownClass): 200 GET http://10.180.1.21/compute/v2.1/servers/c97997e0-0d0e-4be1-9ac7-e858f9a4f8b9 0.054s
2025-04-17 15:45:46.488 69872 INFO tempest.lib.common.rest_client [req-aa782096-e4ec-4a60-b913-794be7004acc req-aa782096-e4ec-4a60-b913-794be7004acc ] Request (AttachInterfacesTestJSON:test_create_list_show_delete_interfaces_by_network_port): 200 GET http://10.180.1.21/compute/v2.1/servers/76521970-acd4-4616-9653-9317fcbe05e5 0.044s
2025-04-17 15:45:46.514 69886 INFO tempest.lib.common.rest_client [req-fbcf3983-7c84-4525-829b-dea1a5058dfa req-fbcf3983-7c84-4525-829b-dea1a5058dfa ] Request (InstanceActionsV221TestJSON:test_get_list_deleted_instance_actions): 200 GET http://10.180.1.21/compute/v2.1/servers/078bdb50-0a33-4034-a4eb-1ec9ea6f240d 0.054s
2025-04-17 15:45:46.585 69846 INFO tempest.lib.common.rest_client [req-200e7595-c824-44aa-b9f6-98c0a1410687 req-200e7595-c824-44aa-b9f6-98c0a1410687 ] Request (ServerMetadataTestJSON:tearDownClass): 200 GET http://10.180.1.21/compute/v2.1/servers/41e6960b-8fec-4bca-b0db-a9dbee4331e7 0.064s
2025-04-17 15:45:46.585 69862 INFO tempest.lib.common.rest_client [req-dc9ef1e4-cef4-4d55-944d-8f44f86ea148 req-dc9ef1e4-cef4-4d55-944d-8f44f86ea148 ] Request (ServersWithSpecificFlavorTestJSON:test_verify_created_server_ephemeral_disk): 200 GET http://10.180.1.21/compute/v2.1/servers/c28e5b14-b67f-4413-b8c8-ca18f2845e8d 0.052s
2025-04-17 15:45:46.609 69876 WARNING tempest.lib.common.ssh [-] Failed to establish authenticated ssh connection to cirros@10.180.180.141 ([Errno None] Unable to connect to port 22 on 10.180.180.141). Number attempts: 6. Retry after 7 seconds.: paramiko.ssh_exception.NoValidConnectionsError: [Errno None] Unable to connect to port 22 on 10.180.180.141
2025-04-17 15:45:46.630 69848 INFO tempest.lib.common.rest_client [req-630f4589-787f-4f20-8a6d-75def08abd2e req-630f4589-787f-4f20-8a6d-75def08abd2e ] Request (ImagesTestJSON:test_create_server_from_snapshot): 200 GET http://10.180.1.21/compute/v2.1/servers/5332b924-b590-4878-a584-b7395d80c104 0.056s
2025-04-17 15:45:46.647 69858 INFO tempest.lib.common.rest_client [req-246f4849-d6d8-4d6b-b2b3-e9c5ea8d85be req-246f4849-d6d8-4d6b-b2b3-e9c5ea8d85be ] Request (FloatingIPsAssociationTestJSON:tearDownClass): 200 GET http://10.180.1.21/compute/v2.1/servers/a14ef9e5-adfd-4020-affc-b25322802b4b 0.054s
2025-04-17 15:45:46.714 69869 INFO tempest.lib.common.rest_client [req-5c649620-a6fa-42f4-b7b5-00a396e2671d req-5c649620-a6fa-42f4-b7b5-00a396e2671d ] Request (ServerGroupTestJSON:test_create_server_with_scheduler_hint_group): 200 GET http://10.180.1.21/compute/v2.1/servers/83163fb6-9218-4a97-88d2-4f03aede0d23 0.055s
2025-04-17 15:45:46.720 69882 INFO tempest.lib.common.rest_client [req-a80c3e6c-deb3-45c1-bee5-c659c0972e16 req-a80c3e6c-deb3-45c1-bee5-c659c0972e16 ] Request (ServersTestMultiNic:_run_cleanups): 200 GET http://10.180.1.21/compute/v2.1/servers/e78e3858-451b-4a84-9a18-ca78bae38b3d 0.059s
2025-04-17 15:45:46.767 69892 INFO tempest.lib.common.rest_client [req-f01ec37e-9040-4695-aba7-77c36ea7a416 req-f01ec37e-9040-4695-aba7-77c36ea7a416 ] Request (InstanceActionsNegativeTestJSON:setUpClass): 200 GET http://10.180.1.21/compute/v2.1/servers/dd3924a2-7f69-4f64-8a72-dab941dfbe35 0.050s
2025-04-17 15:45:46.772 69878 INFO tempest.lib.common.rest_client [req-5c88a4f0-3081-44d7-8411-bf24de8e125b req-5c88a4f0-3081-44d7-8411-bf24de8e125b ] Request (ServersAdminTestJSON:test_inject_network_info): 200 GET http://10.180.1.21/compute/v2.1/servers/4c2791ad-bae8-44d4-a17a-bebe2dc29af6 0.049s
2025-04-17 15:45:46.809 69856 INFO tempest.lib.common.rest_client [req-e7fc2923-e262-4a43-a447-13ea22d12b8c req-e7fc2923-e262-4a43-a447-13ea22d12b8c ] Request (SecurityGroupsTestJSON:test_server_security_groups): 200 GET http://10.180.1.21/compute/v2.1/servers/9e999262-f0b8-491e-87d5-abef92b85af2 0.048s
2025-04-17 15:45:46.843 69896 INFO tempest.lib.common.rest_client [req-9ab5cc3c-33bb-4c9c-8b83-badedadf6127 req-9ab5cc3c-33bb-4c9c-8b83-badedadf6127 ] Request (ServersListShow298Test:test_list_show_update_rebuild_server_298): 200 GET http://10.180.1.21/compute/v2.1/servers/833bd12b-6d6a-43de-aa99-78181d11a19b 0.053s
2025-04-17 15:45:46.851 69850 INFO tempest.lib.common.rest_client [req-35cb7895-5c94-424d-b012-26162cdcf501 req-35cb7895-5c94-424d-b012-26162cdcf501 ] Request (InstanceActionsTestJSON:setUpClass): 200 GET http://10.180.1.21/compute/v2.1/servers/63a7a8e3-d656-4a18-8e56-2af4b8b54677 0.046s
2025-04-17 15:45:46.890 69852 INFO tempest.lib.common.rest_client [req-a54c0585-99e2-4df2-9f30-2055c152b428 req-a54c0585-99e2-4df2-9f30-2055c152b428 ] Request (TenantUsagesTestJSON:tearDownClass): 200 GET http://10.180.1.21/compute/v2.1/servers/ee2b99fe-ab05-4db4-9ed0-0ca774a9333f 0.055s
2025-04-17 15:45:46.910 69860 INFO tempest.lib.common.rest_client [req-402d7df5-ff84-447f-8075-d28937aa5639 req-402d7df5-ff84-447f-8075-d28937aa5639 ] Request (DeleteServersAdminTestJSON:test_delete_server_while_in_error_state): 200 GET http://10.180.1.21/compute/v2.1/servers/a4b0b9e9-6fa3-49f8-a241-370e576267dc 0.049s
2025-04-17 15:45:46.973 69842 INFO tempest.lib.common.rest_client [req-60c7e306-3de8-4fc9-9a75-0f4f1317840b req-60c7e306-3de8-4fc9-9a75-0f4f1317840b ] Request (VolumesAssistedSnapshotsTest:tearDownClass): 200 GET http://10.180.1.21/compute/v2.1/servers/6d0988fd-8e9f-4f47-98c3-ffba7860a89f 0.053s
2025-04-17 15:45:47.078 69894 INFO tempest.lib.common.rest_client [req-e0999e34-5ad5-46e6-aa3d-0318c96d7aff req-e0999e34-5ad5-46e6-aa3d-0318c96d7aff ] Request (MultipleCreateTestJSON:test_multiple_create): 200 GET http://10.180.1.21/compute/v2.1/servers/38fa3f74-6ae4-436e-a3a8-c510219dfa8e 0.104s
2025-04-17 15:45:47.253 69854 INFO tempest.lib.common.rest_client [req-fcf72960-ad68-42a4-827f-2fb8f881b6ee req-fcf72960-ad68-42a4-827f-2fb8f881b6ee ] Request (MigrationsAdminTest:test_resize_server_revert_deleted_flavor): 200 GET http://10.180.1.21/compute/v2.1/servers/c636025a-d7ab-4261-9e60-eb4ffe0adc50 0.046s
2025-04-17 15:45:47.322 69880 INFO tempest.lib.common.rest_client [req-930dbf81-9ac3-482f-92b9-af5b3dadd6cc req-930dbf81-9ac3-482f-92b9-af5b3dadd6cc ] Request (ListServerFiltersTestJSON:setUpClass): 200 GET http://10.180.1.21/compute/v2.1/servers/28b5a2a1-0bcd-480b-923c-298210689c78 0.045s
2025-04-17 15:45:47.402 69884 INFO tempest.lib.common.rest_client [req-33b1624b-8eb0-4a2c-97ae-a72cae2f7de4 req-33b1624b-8eb0-4a2c-97ae-a72cae2f7de4 ] Request (ServerAddressesTestJSON:tearDownClass): 200 GET http://10.180.1.21/compute/v2.1/servers/ef93f9a2-7c1e-42d4-aa69-9068989bb28e 0.050s
2025-04-17 15:45:47.479 69864 INFO tempest.lib.common.rest_client [req-ececdafa-029f-414c-8c98-19ec220731f4 req-ececdafa-029f-414c-8c98-19ec220731f4 ] Request (ServerDiskConfigTestJSON:test_resize_server_from_auto_to_manual): 200 GET http://10.180.1.21/compute/v2.1/servers/935e3299-8852-4ca8-bf2c-3e12c731cebd 0.046s
2025-04-17 15:45:47.537 69840 INFO tempest.lib.common.rest_client [req-0d3113ff-0c7d-4c96-a067-9b619287b2c0 req-0d3113ff-0c7d-4c96-a067-9b619287b2c0 ] Request (ServerShowV247Test:tearDownClass): 200 GET http://10.180.1.21/compute/v2.1/servers/c97997e0-0d0e-4be1-9ac7-e858f9a4f8b9 0.058s
2025-04-17 15:45:47.547 69872 INFO tempest.lib.common.rest_client [req-113f80d5-edb2-4dc3-b64b-9acc9577eace req-113f80d5-edb2-4dc3-b64b-9acc9577eace ] Request (AttachInterfacesTestJSON:test_create_list_show_delete_interfaces_by_network_port): 200 GET http://10.180.1.21/compute/v2.1/servers/76521970-acd4-4616-9653-9317fcbe05e5 0.051s
2025-04-17 15:45:47.580 69886 INFO tempest.lib.common.rest_client [req-17be21f1-8339-43f6-ae05-294a2ed1d2ac req-17be21f1-8339-43f6-ae05-294a2ed1d2ac ] Request (InstanceActionsV221TestJSON:test_get_list_deleted_instance_actions): 200 GET http://10.180.1.21/compute/v2.1/servers/078bdb50-0a33-4034-a4eb-1ec9ea6f240d 0.057s
2025-04-17 15:45:47.646 69862 INFO tempest.lib.common.rest_client [req-13d2e0b8-4e93-46e8-bab5-ac37fd75f359 req-13d2e0b8-4e93-46e8-bab5-ac37fd75f359 ] Request (ServersWithSpecificFlavorTestJSON:test_verify_created_server_ephemeral_disk): 200 GET http://10.180.1.21/compute/v2.1/servers/c28e5b14-b67f-4413-b8c8-ca18f2845e8d 0.053s
2025-04-17 15:45:47.652 69846 INFO tempest.lib.common.rest_client [req-c15f34c9-ce57-4e7d-9c47-eefd5bc485a6 req-c15f34c9-ce57-4e7d-9c47-eefd5bc485a6 ] Request (ServerMetadataTestJSON:tearDownClass): 200 GET http://10.180.1.21/compute/v2.1/servers/41e6960b-8fec-4bca-b0db-a9dbee4331e7 0.059s
2025-04-17 15:45:47.691 69848 INFO tempest.lib.common.rest_client [req-1992626f-5135-4f3f-9c4e-ccbc4c6800ab req-1992626f-5135-4f3f-9c4e-ccbc4c6800ab ] Request (ImagesTestJSON:test_create_server_from_snapshot): 200 GET http://10.180.1.21/compute/v2.1/servers/5332b924-b590-4878-a584-b7395d80c104 0.053s
2025-04-17 15:45:47.702 69866 WARNING tempest.lib.common.ssh [-] Failed to establish authenticated ssh connection to cirros@10.180.180.142 ([Errno None] Unable to connect to port 22 on 10.180.180.142). Number attempts: 5. Retry after 6 seconds.: paramiko.ssh_exception.NoValidConnectionsError: [Errno None] Unable to connect to port 22 on 10.180.180.142
2025-04-17 15:45:47.707 69858 INFO tempest.lib.common.rest_client [req-e801a8fe-c2a2-4a15-87b1-9749b26f565b req-e801a8fe-c2a2-4a15-87b1-9749b26f565b ] Request (FloatingIPsAssociationTestJSON:tearDownClass): 200 GET http://10.180.1.21/compute/v2.1/servers/a14ef9e5-adfd-4020-affc-b25322802b4b 0.052s
2025-04-17 15:45:47.770 69869 INFO tempest.lib.common.rest_client [req-cb1e19b1-176e-4b6b-a05e-24353dbf5262 req-cb1e19b1-176e-4b6b-a05e-24353dbf5262 ] Request (ServerGroupTestJSON:test_create_server_with_scheduler_hint_group): 200 GET http://10.180.1.21/compute/v2.1/servers/83163fb6-9218-4a97-88d2-4f03aede0d23 0.049s
2025-04-17 15:45:47.791 69882 INFO tempest.lib.common.rest_client [req-9f98e39f-c340-4c62-9506-03a0cdb48063 req-9f98e39f-c340-4c62-9506-03a0cdb48063 ] Request (ServersTestMultiNic:_run_cleanups): 200 GET http://10.180.1.21/compute/v2.1/servers/e78e3858-451b-4a84-9a18-ca78bae38b3d 0.062s
2025-04-17 15:45:47.829 69892 INFO tempest.lib.common.rest_client [req-9e268e16-5e47-46cc-9374-1516880a2d50 req-9e268e16-5e47-46cc-9374-1516880a2d50 ] Request (InstanceActionsNegativeTestJSON:setUpClass): 200 GET http://10.180.1.21/compute/v2.1/servers/dd3924a2-7f69-4f64-8a72-dab941dfbe35 0.055s
2025-04-17 15:45:47.839 69878 INFO tempest.lib.common.rest_client [req-bcc92321-d08b-47aa-b194-ed3d620f1941 req-bcc92321-d08b-47aa-b194-ed3d620f1941 ] Request (ServersAdminTestJSON:test_inject_network_info): 200 GET http://10.180.1.21/compute/v2.1/servers/4c2791ad-bae8-44d4-a17a-bebe2dc29af6 0.060s
2025-04-17 15:45:47.873 69856 INFO tempest.lib.common.rest_client [req-ad4c5e45-186c-441d-8b30-b2e35092708a req-ad4c5e45-186c-441d-8b30-b2e35092708a ] Request (SecurityGroupsTestJSON:test_server_security_groups): 200 GET http://10.180.1.21/compute/v2.1/servers/9e999262-f0b8-491e-87d5-abef92b85af2 0.056s
2025-04-17 15:45:47.919 69850 INFO tempest.lib.common.rest_client [req-ccb47d70-1478-45ca-af72-30e6d8b996c7 req-ccb47d70-1478-45ca-af72-30e6d8b996c7 ] Request (InstanceActionsTestJSON:setUpClass): 200 GET http://10.180.1.21/compute/v2.1/servers/63a7a8e3-d656-4a18-8e56-2af4b8b54677 0.058s
2025-04-17 15:45:47.921 69896 INFO tempest.lib.common.rest_client [req-2aae99d1-861a-4a99-a5b8-65459bdfdfc9 req-2aae99d1-861a-4a99-a5b8-65459bdfdfc9 ] Request (ServersListShow298Test:test_list_show_update_rebuild_server_298): 200 GET http://10.180.1.21/compute/v2.1/servers/833bd12b-6d6a-43de-aa99-78181d11a19b 0.067s
2025-04-17 15:45:47.977 69852 INFO tempest.lib.common.rest_client [req-69d4c3dc-08ba-4a07-a573-689a5a702ac4 req-69d4c3dc-08ba-4a07-a573-689a5a702ac4 ] Request (TenantUsagesTestJSON:tearDownClass): 200 GET http://10.180.1.21/compute/v2.1/servers/ee2b99fe-ab05-4db4-9ed0-0ca774a9333f 0.079s
2025-04-17 15:45:47.983 69860 INFO tempest.lib.common.rest_client [req-22c2f1a2-af8a-4e8c-aea8-ea163cc108a7 req-22c2f1a2-af8a-4e8c-aea8-ea163cc108a7 ] Request (DeleteServersAdminTestJSON:test_delete_server_while_in_error_state): 200 GET http://10.180.1.21/compute/v2.1/servers/a4b0b9e9-6fa3-49f8-a241-370e576267dc 0.066s
2025-04-17 15:45:48.034 69842 INFO tempest.lib.common.rest_client [req-d0a1efc9-147d-440d-a856-aa2e9bd1a773 req-d0a1efc9-147d-440d-a856-aa2e9bd1a773 ] Request (VolumesAssistedSnapshotsTest:tearDownClass): 200 GET http://10.180.1.21/compute/v2.1/servers/6d0988fd-8e9f-4f47-98c3-ffba7860a89f 0.052s
2025-04-17 15:45:48.167 69894 INFO tempest.lib.common.rest_client [req-592a03db-5866-41fc-a2c6-c08ce0d1f5cf req-592a03db-5866-41fc-a2c6-c08ce0d1f5cf ] Request (MultipleCreateTestJSON:test_multiple_create): 200 GET http://10.180.1.21/compute/v2.1/servers/38fa3f74-6ae4-436e-a3a8-c510219dfa8e 0.082s
2025-04-17 15:45:48.305 69854 INFO tempest.lib.common.rest_client [req-9373964b-b232-418d-88ac-b9609de9d94f req-9373964b-b232-418d-88ac-b9609de9d94f ] Request (MigrationsAdminTest:test_resize_server_revert_deleted_flavor): 200 GET http://10.180.1.21/compute/v2.1/servers/c636025a-d7ab-4261-9e60-eb4ffe0adc50 0.044s
2025-04-17 15:45:48.376 69880 INFO tempest.lib.common.rest_client [req-3cb6cf2f-12c1-442b-98ff-7bbc014c4706 req-3cb6cf2f-12c1-442b-98ff-7bbc014c4706 ] Request (ListServerFiltersTestJSON:setUpClass): 200 GET http://10.180.1.21/compute/v2.1/servers/28b5a2a1-0bcd-480b-923c-298210689c78 0.046s
2025-04-17 15:45:48.463 69884 INFO tempest.lib.common.rest_client [req-138bc8b8-abf2-414e-a2ee-a614574e5d04 req-138bc8b8-abf2-414e-a2ee-a614574e5d04 ] Request (ServerAddressesTestJSON:tearDownClass): 200 GET http://10.180.1.21/compute/v2.1/servers/ef93f9a2-7c1e-42d4-aa69-9068989bb28e 0.053s
2025-04-17 15:45:48.533 69864 INFO tempest.lib.common.rest_client [req-743bec16-f3a2-4f3b-9489-c130a6bba3cd req-743bec16-f3a2-4f3b-9489-c130a6bba3cd ] Request (ServerDiskConfigTestJSON:test_resize_server_from_auto_to_manual): 200 GET http://10.180.1.21/compute/v2.1/servers/935e3299-8852-4ca8-bf2c-3e12c731cebd 0.046s
