2025-04-17 15:43:26.319 69894 INFO tempest.lib.common.rest_client [req-b0554c7e-e1cc-4008-aa99-79ccede30d3c req-b0554c7e-e1cc-4008-aa99-79ccede30d3c ] Request (ImagesOneServerTestJSON:test_create_delete_image): 200 GET http://10.180.1.21/compute/v2.1/images/470f3a31-cf56-4fb7-b1f7-37e2747af57a 0.668s
2025-04-17 15:43:26.346 69888 INFO tempest.lib.common.rest_client [req-cc348623-6ac0-4f3c-a4bd-57132d3db98a req-cc348623-6ac0-4f3c-a4bd-57132d3db98a ] Request (VolumesAdminNegativeTest:test_update_attached_volume_with_nonexistent_volume_in_body): 200 GET http://10.180.1.21/compute/v2.1/servers/8e3649ec-203a-4b43-bf19-cf1634906ca6 0.776s
2025-04-17 15:43:26.385 69882 INFO tempest.lib.common.rest_client [req-873f0d57-c0ea-430f-a4ca-b33539275bc0 req-873f0d57-c0ea-430f-a4ca-b33539275bc0 ] Request (FlavorsAccessNegativeTestJSON:tearDownClass): 204 DELETE http://10.180.1.21/identity/v3/users/58bf9031b6fd4458a08f1b8c0c9f337e 0.105s
2025-04-17 15:43:26.385 69882 INFO tempest.lib.common.dynamic_creds [-] Deleting project and security group for project: a7051d1b0dc74a6c8bea1a4c7124a4ff
2025-04-17 15:43:26.435 69878 INFO tempest.lib.common.rest_client [req-b352655f-3c39-4258-9477-bcdd9a272269 req-b352655f-3c39-4258-9477-bcdd9a272269 ] Request (ServersAdminTestJSON:setUpClass): 200 GET http://10.180.1.21/compute/v2.1/servers/870967fa-f424-45ff-83bc-9ebb6e7869ae 0.685s
2025-04-17 15:43:26.456 69882 INFO tempest.lib.common.rest_client [req-4212ef2c-ccf5-4c9c-a53f-cc93273da5c3 req-4212ef2c-ccf5-4c9c-a53f-cc93273da5c3 ] Request (FlavorsAccessNegativeTestJSON:tearDownClass): 201 POST http://10.180.1.21/identity/v3/auth/tokens 0.070s
2025-04-17 15:43:26.539 69856 INFO tempest.lib.common.rest_client [req-8db16aa2-9b7f-44c8-871b-b644aa9c704e req-8db16aa2-9b7f-44c8-871b-b644aa9c704e ] Request (SecurityGroupsTestJSON:setUpClass): 201 POST http://10.180.1.21:9696/networking/v2.0/networks 0.705s
2025-04-17 15:43:26.600 69876 INFO tempest.lib.common.rest_client [req-39f3b411-e7d1-4183-9750-cb8d64f33e49 req-39f3b411-e7d1-4183-9750-cb8d64f33e49 ] Request (SecurityGroupRulesNegativeTestJSON:test_create_security_group_rule_with_invalid_ip_protocol): 200 POST http://10.180.1.21/compute/v2.1/os-security-groups 0.888s
2025-04-17 15:43:26.613 69844 INFO tempest.lib.common.rest_client [req-78f30fd9-014a-4225-b63f-0d8677f86910 req-78f30fd9-014a-4225-b63f-0d8677f86910 ] Request (AggregatesAdminNegativeTestJSON:test_aggregate_get_details_as_user): 403 GET http://10.180.1.21/compute/v2.1/os-aggregates/6 0.821s
2025-04-17 15:43:26.656 69846 INFO tempest.lib.common.rest_client [req-65b3a4c7-5266-42d0-8845-7fe130bba2eb req-65b3a4c7-5266-42d0-8845-7fe130bba2eb ] Request (ServerDiagnosticsTest:tearDownClass): 200 GET http://10.180.1.21/compute/v2.1/servers/2d5ffd67-779d-44cc-a765-5110d7aa001c 0.900s
2025-04-17 15:43:26.703 69850 INFO tempest.lib.common.rest_client [req-9f162e9e-8ed7-4853-a1fb-c2b599b777e8 req-9f162e9e-8ed7-4853-a1fb-c2b599b777e8 ] Request (ServersTestJSON:setUpClass): 200 GET http://10.180.1.21/compute/v2.1/servers/664b9c5e-ba90-40c2-b952-35b83a465052 0.891s
2025-04-17 15:43:26.720 69848 INFO tempest.lib.common.rest_client [req-5c68b2cd-064e-41df-985c-c4a507fe809c req-5c68b2cd-064e-41df-985c-c4a507fe809c ] Request (ImagesTestJSON:test_create_image_from_stopped_server): 200 GET http://10.180.1.21/compute/v2.1/servers/81b45160-82b7-4913-9ab3-999d958d94e6 0.893s
2025-04-17 15:43:26.737 69866 INFO tempest.lib.common.rest_client [req-5e63a7d1-b303-4ab0-be22-46dc128e1757 req-5e63a7d1-b303-4ab0-be22-46dc128e1757 ] Request (FlavorsAdminTestJSON:_run_cleanups): 200 GET http://10.180.1.21/compute/v2.1/flavors/detail 0.852s
2025-04-17 15:43:26.811 69864 INFO tempest.lib.common.rest_client [req-f03d8ffe-9d30-4de7-93da-dfb070818bb2 req-f03d8ffe-9d30-4de7-93da-dfb070818bb2 ] Request (ServerDiskConfigTestJSON:test_rebuild_server_with_auto_disk_config): 200 GET http://10.180.1.21/compute/v2.1/servers/8410457a-eee4-47ad-b7fb-053901fd16e5 0.797s
2025-04-17 15:43:26.820 69890 INFO tempest.lib.common.rest_client [req-e348049a-7ac0-483d-8a09-2ba402edb16a req-e348049a-7ac0-483d-8a09-2ba402edb16a ] Request (ServersListShow296Test:test_list_show_update_rebuild_server_296): 200 GET http://10.180.1.21/compute/v2.1/servers/ce8a7015-89cc-4bb5-a57d-cde8981316d4 0.872s
2025-04-17 15:43:26.830 69874 INFO tempest.lib.common.rest_client [req-c37def5e-d8d9-4233-8d4f-29db111a1e85 req-c37def5e-d8d9-4233-8d4f-29db111a1e85 ] Request (QuotasAdminNegativeTest:test_update_quota_normal_user): 403 PUT http://10.180.1.21/compute/v2.1/os-quota-sets/0a4a3748bc6e4ba9971938b3b2733637 0.703s
2025-04-17 15:43:26.900 69852 INFO tempest.lib.common.rest_client [req-7af41c2a-4d23-429a-aca0-ddb7bb68d16a req-7af41c2a-4d23-429a-aca0-ddb7bb68d16a ] Request (ServerDiagnosticsV248Test:tearDownClass): 200 GET http://10.180.1.21/compute/v2.1/servers/4d540c53-1d58-4f57-b692-f01e80e7b95d 0.807s
2025-04-17 15:43:26.901 69872 WARNING tempest.lib.common.ssh [-] Failed to establish authenticated ssh connection to cirros@10.180.180.236 ([Errno None] Unable to connect to port 22 on 10.180.180.236). Number attempts: 1. Retry after 2 seconds.: paramiko.ssh_exception.NoValidConnectionsError: [Errno None] Unable to connect to port 22 on 10.180.180.236
2025-04-17 15:43:26.903 69880 INFO tempest.lib.common.rest_client [req-58244635-aeec-4de6-b9d3-d14ed34af230 req-58244635-aeec-4de6-b9d3-d14ed34af230 ] Request (ServersV294TestFqdnHostnames:setUpClass): 200 PUT http://10.180.1.21:9696/networking/v2.0/floatingips/f602ce5b-2b60-4b27-8812-63ae0e3dede5 0.985s
2025-04-17 15:43:26.914 69898 INFO tempest.lib.common.rest_client [req-afdc3fa4-97bf-45cb-9690-b2cb88b42cc7 req-afdc3fa4-97bf-45cb-9690-b2cb88b42cc7 ] Request (ServersAdmin275Test:test_rebuild_update_server_275): 200 GET http://10.180.1.21/compute/v2.1/servers/5f6a67e7-6678-4797-a41b-823db1b4811d 0.696s
2025-04-17 15:43:26.946 69874 INFO tempest.lib.common.rest_client [req-6114751b-71f3-460d-9525-79367d832f94 req-6114751b-71f3-460d-9525-79367d832f94 ] Request (QuotasAdminNegativeTest:tearDownClass): 204 DELETE http://10.180.1.21/identity/v3/users/baeae8b62ae44ef1ae397004b307b6ac 0.114s
2025-04-17 15:43:26.958 69840 INFO tempest.lib.common.rest_client [req-13d539e3-bf0c-4096-b65e-d9e57a689997 req-13d539e3-bf0c-4096-b65e-d9e57a689997 ] Request (ListImagesTestJSON:test_list_images_with_detail): 200 GET http://10.180.1.21/compute/v2.1/images/detail 0.712s
2025-04-17 15:43:26.992 69882 INFO tempest.lib.common.rest_client [req-d9a10f7c-e1ee-40f1-a670-009b8e095062 req-d9a10f7c-e1ee-40f1-a670-009b8e095062 ] Request (FlavorsAccessNegativeTestJSON:tearDownClass): 200 GET http://10.180.1.21:9696/networking/v2.0/security-groups?tenant_id=a7051d1b0dc74a6c8bea1a4c7124a4ff&name=default 0.533s
2025-04-17 15:43:27.007 69886 INFO tempest.lib.common.rest_client [req-0e3b2522-4b2a-4855-9b87-585a4c52682d req-0e3b2522-4b2a-4855-9b87-585a4c52682d ] Request (ServersAdminNegativeTestJSON:test_migrate_server_invalid_state): 200 GET http://10.180.1.21/compute/v2.1/servers/9f52f42b-e316-4b82-bfec-9a21afa9b19f 0.737s
2025-04-17 15:43:27.018 69870 INFO tempest.lib.common.rest_client [req-7dcfa4d9-f418-4b5d-84bd-658b11ac017f req-7dcfa4d9-f418-4b5d-84bd-658b11ac017f ] Request (VolumesTestJSON:setUpClass): 200 GET http://10.180.1.21/volume/v3/volumes/f1a25ed3-eda6-4e6d-a638-494096e9ffdd 0.054s
2025-04-17 15:43:27.025 69870 INFO tempest.common.waiters [-] volume f1a25ed3-eda6-4e6d-a638-494096e9ffdd reached available after waiting for 2.025498 seconds
2025-04-17 15:43:27.072 69874 INFO tempest.lib.common.rest_client [req-9e3d5cce-6b9e-449e-80ef-3dbe840e6383 req-9e3d5cce-6b9e-449e-80ef-3dbe840e6383 ] Request (QuotasAdminNegativeTest:tearDownClass): 204 DELETE http://10.180.1.21/identity/v3/users/4488bcd10ec34abba8010c335878d697 0.125s
2025-04-17 15:43:27.072 69874 INFO tempest.lib.common.dynamic_creds [-] Deleting project and security group for project: 0a4a3748bc6e4ba9971938b3b2733637
2025-04-17 15:43:27.117 69892 INFO tempest.lib.common.rest_client [req-fd0c304c-e0ac-4f11-87d9-61abf7818c8e req-fd0c304c-e0ac-4f11-87d9-61abf7818c8e ] Request (AttachInterfacesUnderV243Test:test_add_remove_fixed_ip): 200 GET http://10.180.1.21/compute/v2.1/servers/05272c59-a663-46cc-bb13-1ef90d5db154 0.704s
2025-04-17 15:43:27.141 69892 INFO tempest.common.waiters [-] State transition "BUILD/None" ==> "BUILD/networking" after 12 second wait
2025-04-17 15:43:27.154 69874 INFO tempest.lib.common.rest_client [req-c75fedcf-ddd4-4ffa-8cab-4e6e1ed57c65 req-c75fedcf-ddd4-4ffa-8cab-4e6e1ed57c65 ] Request (QuotasAdminNegativeTest:tearDownClass): 201 POST http://10.180.1.21/identity/v3/auth/tokens 0.081s
2025-04-17 15:43:27.170 69840 INFO tempest.lib.common.rest_client [req-cdbd517f-f46c-43c9-9f2a-946f5e7b223f req-cdbd517f-f46c-43c9-9f2a-946f5e7b223f ] Request (ListImagesTestJSON:tearDownClass): 204 DELETE http://10.180.1.21/identity/v3/users/9a6693f72c884abdb08e12c661184d20 0.202s
2025-04-17 15:43:27.171 69840 INFO tempest.lib.common.dynamic_creds [-] Deleting project and security group for project: a546879826bf4c4e9b89192b561ca687
2025-04-17 15:43:27.228 69896 INFO tempest.lib.common.rest_client [req-5f6cabe1-8cdd-4909-8b2f-8e3bd747e103 req-5f6cabe1-8cdd-4909-8b2f-8e3bd747e103 ] Request (ServerMetadataNegativeTestJSON:setUpClass): 200 GET http://10.180.1.21/compute/v2.1/servers/71b79e4c-e9bc-46b7-9554-06afa2279ea8 0.651s
2025-04-17 15:43:27.242 69856 INFO tempest.lib.common.rest_client [req-6d26eca6-c7f7-410a-9fa6-ab3cf277b23a req-6d26eca6-c7f7-410a-9fa6-ab3cf277b23a ] Request (SecurityGroupsTestJSON:setUpClass): 201 POST http://10.180.1.21:9696/networking/v2.0/subnets 0.702s
2025-04-17 15:43:27.246 69840 INFO tempest.lib.common.rest_client [req-e841cc1b-113b-40cd-8b15-361b5896afdb req-e841cc1b-113b-40cd-8b15-361b5896afdb ] Request (ListImagesTestJSON:tearDownClass): 201 POST http://10.180.1.21/identity/v3/auth/tokens 0.075s
2025-04-17 15:43:27.260 69858 INFO tempest.lib.common.rest_client [req-de01c2b6-d9fc-4455-b97c-1a9c26045ffc req-de01c2b6-d9fc-4455-b97c-1a9c26045ffc ] Request (FloatingIPsAssociationTestJSON:setUpClass): 200 GET http://10.180.1.21/compute/v2.1/servers/a14ef9e5-adfd-4020-affc-b25322802b4b 0.912s
2025-04-17 15:43:27.272 69858 INFO tempest.common.waiters [-] State transition "BUILD/block_device_mapping" ==> "BUILD/spawning" after 12 second wait
2025-04-17 15:43:27.293 69844 INFO tempest.lib.common.rest_client [req-bf796f6b-75b4-4d10-a5e8-5221ace63bf5 req-bf796f6b-75b4-4d10-a5e8-5221ace63bf5 ] Request (AggregatesAdminNegativeTestJSON:_run_cleanups): 200 DELETE http://10.180.1.21/compute/v2.1/os-aggregates/6 0.679s
2025-04-17 15:43:27.302 69876 INFO tempest.lib.common.rest_client [req-f4be9555-1c75-478f-b60f-e9d261255b02 req-f4be9555-1c75-478f-b60f-e9d261255b02 ] Request (SecurityGroupRulesNegativeTestJSON:test_create_security_group_rule_with_invalid_ip_protocol): 400 POST http://10.180.1.21/compute/v2.1/os-security-group-rules 0.698s
2025-04-17 15:43:27.336 69882 INFO tempest.lib.common.rest_client [req-57475c30-00eb-4047-95d5-113b465dfbe6 req-57475c30-00eb-4047-95d5-113b465dfbe6 ] Request (FlavorsAccessNegativeTestJSON:tearDownClass): 204 DELETE http://10.180.1.21:9696/networking/v2.0/security-groups/f8581c74-4b81-4e35-8500-4b19edc66f06 0.344s
2025-04-17 15:43:27.399 69860 INFO tempest.lib.common.rest_client [req-0e953d7f-3549-4861-b0f4-1035d9926eee req-0e953d7f-3549-4861-b0f4-1035d9926eee ] Request (DeleteServersAdminTestJSON:test_admin_delete_servers_of_others): 200 GET http://10.180.1.21/compute/v2.1/servers/5dd1c283-306f-448f-bdda-2f1400591a25 0.689s
2025-04-17 15:43:27.418 69882 INFO tempest.lib.common.rest_client [req-5d092c5a-9f9f-4e0b-ac50-5926b9d3ac44 req-5d092c5a-9f9f-4e0b-ac50-5926b9d3ac44 ] Request (FlavorsAccessNegativeTestJSON:tearDownClass): 204 DELETE http://10.180.1.21/identity/v3/projects/a7051d1b0dc74a6c8bea1a4c7124a4ff 0.081s
2025-04-17 15:43:27.418 69882 INFO tempest.lib.common.dynamic_creds [-] Deleting project and security group for project: 6fb9988d06584cab8090c0d4e723d221
2025-04-17 15:43:27.424 69866 INFO tempest.lib.common.rest_client [req-696c0bac-18ad-4c9e-9766-bc01a96cfb94 req-696c0bac-18ad-4c9e-9766-bc01a96cfb94 ] Request (FlavorsAdminTestJSON:test_is_public_string_variations): 200 POST http://10.180.1.21/compute/v2.1/flavors 0.681s
2025-04-17 15:43:27.537 69854 INFO tempest.lib.common.rest_client [req-328b67bb-9da0-4271-b34c-00a13a2d94b2 req-328b67bb-9da0-4271-b34c-00a13a2d94b2 ] Request (MigrationsAdminTest:test_list_migrations_in_flavor_resize_situation): 200 GET http://10.180.1.21/compute/v2.1/servers/fe6f83c3-1aa1-45ee-8b67-141f5674e33a 0.902s
2025-04-17 15:43:27.575 69840 INFO tempest.lib.common.rest_client [req-1a185244-931d-42f6-a51b-d7dbce2c504a req-1a185244-931d-42f6-a51b-d7dbce2c504a ] Request (ListImagesTestJSON:tearDownClass): 200 GET http://10.180.1.21:9696/networking/v2.0/security-groups?tenant_id=a546879826bf4c4e9b89192b561ca687&name=default 0.329s
2025-04-17 15:43:27.654 69884 INFO tempest.lib.common.rest_client [req-90328a34-82ad-440d-baaf-044c0ea4773f req-90328a34-82ad-440d-baaf-044c0ea4773f ] Request (FloatingIPsAssociationNegativeTestJSON:setUpClass): 200 GET http://10.180.1.21/compute/v2.1/servers/a59cfdd6-adf9-4a21-aa67-09e5883ac6a8 0.667s
2025-04-17 15:43:27.709 69880 INFO tempest.lib.common.rest_client [req-37917b32-cd72-4cf1-8bf1-ff15a6ae2622 req-37917b32-cd72-4cf1-8bf1-ff15a6ae2622 ] Request (ServersV294TestFqdnHostnames:setUpClass): 200 GET http://10.180.1.21/compute/v2.1/servers/ed594de5-84f8-4c94-97e1-bb96ff18ebc6 0.806s
2025-04-17 15:43:27.714 69870 INFO tempest.lib.common.rest_client [req-71ed69e2-83fd-4131-bf11-fadec19bd4cc req-71ed69e2-83fd-4131-bf11-fadec19bd4cc ] Request (VolumesTestJSON:setUpClass): 200 GET http://10.180.1.21/compute/v2.1/os-volumes/f1a25ed3-eda6-4e6d-a638-494096e9ffdd 0.689s
2025-04-17 15:43:27.731 69880 INFO tempest.api.compute.base [-] Attempting to verify tagged devices in server ed594de5-84f8-4c94-97e1-bb96ff18ebc6 via the metadata service: http://169.254.169.254/openstack/latest/meta_data.json
2025-04-17 15:43:27.731 69880 INFO tempest.lib.common.ssh [-] Creating ssh connection to '10.180.180.183:22' as 'cirros' with public key authentication
2025-04-17 15:43:27.759 69882 INFO tempest.lib.common.rest_client [req-6b60ec44-ea36-407a-84e3-d9a1c9ddb973 req-6b60ec44-ea36-407a-84e3-d9a1c9ddb973 ] Request (FlavorsAccessNegativeTestJSON:tearDownClass): 200 GET http://10.180.1.21:9696/networking/v2.0/security-groups?tenant_id=6fb9988d06584cab8090c0d4e723d221&name=default 0.341s
2025-04-17 15:43:27.797 69862 INFO tempest.lib.common.rest_client [req-df770cb0-f3d2-4729-98b6-fe0ff3f94450 req-df770cb0-f3d2-4729-98b6-fe0ff3f94450 ] Request (ServersWithSpecificFlavorTestJSON:test_verify_created_server_ephemeral_disk): 200 GET http://10.180.1.21/compute/v2.1/servers/bd158f30-b46c-4c67-befb-ca1369ac5b7d 0.504s
2025-04-17 15:43:27.813 69844 INFO tempest.lib.common.rest_client [req-78b5d6c2-7103-4118-8a86-b70631099c1a req-78b5d6c2-7103-4118-8a86-b70631099c1a ] Request (AggregatesAdminNegativeTestJSON:test_aggregate_get_details_with_invalid_id): 404 GET http://10.180.1.21/compute/v2.1/os-aggregates/-1 0.518s
2025-04-17 15:43:27.841 69840 INFO tempest.lib.common.rest_client [req-7d6b9b6f-ccfa-4e71-9174-9b336bfdefc6 req-7d6b9b6f-ccfa-4e71-9174-9b336bfdefc6 ] Request (ListImagesTestJSON:tearDownClass): 204 DELETE http://10.180.1.21:9696/networking/v2.0/security-groups/f3f7ad5a-b010-4adf-a226-ba6881b2f61e 0.266s
2025-04-17 15:43:27.859 69874 INFO tempest.lib.common.rest_client [req-52e19e36-7833-4207-bb89-acf2a91148f5 req-52e19e36-7833-4207-bb89-acf2a91148f5 ] Request (QuotasAdminNegativeTest:tearDownClass): 200 GET http://10.180.1.21:9696/networking/v2.0/security-groups?tenant_id=0a4a3748bc6e4ba9971938b3b2733637&name=default 0.705s
2025-04-17 15:43:27.875 69870 INFO tempest.lib.common.rest_client [req-ee804919-996c-427c-a6d0-2cafaba616a3 req-ee804919-996c-427c-a6d0-2cafaba616a3 ] Request (VolumesTestJSON:setUpClass): 202 POST http://10.180.1.21/volume/v3/volumes 0.154s
2025-04-17 15:43:27.884 69842 INFO tempest.lib.common.rest_client [req-687eb943-0bf1-4450-a5cc-b4cd1478967e req-687eb943-0bf1-4450-a5cc-b4cd1478967e ] Request (VolumesAssistedSnapshotsTest:test_volume_assisted_snapshot_create_delete): 200 GET http://10.180.1.21/compute/v2.1/servers/6d0988fd-8e9f-4f47-98c3-ffba7860a89f 0.693s
2025-04-17 15:43:27.925 69870 INFO tempest.lib.common.rest_client [req-c98d6794-67b1-4e60-b8a9-c00335d8313e req-c98d6794-67b1-4e60-b8a9-c00335d8313e ] Request (VolumesTestJSON:setUpClass): 200 GET http://10.180.1.21/volume/v3/volumes/b51cb8ff-5f32-455f-bc39-d3fdb07bf24d 0.044s
2025-04-17 15:43:27.938 69894 INFO tempest.lib.common.rest_client [req-ee1810bf-31ac-4414-950d-aee4c061a18d req-ee1810bf-31ac-4414-950d-aee4c061a18d ] Request (ImagesOneServerTestJSON:test_create_delete_image): 200 GET http://10.180.1.21/compute/v2.1/images/470f3a31-cf56-4fb7-b1f7-37e2747af57a 0.612s
2025-04-17 15:43:28.022 69840 INFO tempest.lib.common.rest_client [req-2dd7cf38-2c2c-49ef-a80f-fe4c113165c3 req-2dd7cf38-2c2c-49ef-a80f-fe4c113165c3 ] Request (ListImagesTestJSON:tearDownClass): 204 DELETE http://10.180.1.21/identity/v3/projects/a546879826bf4c4e9b89192b561ca687 0.181s
2025-04-17 15:43:28.050 69888 INFO tempest.lib.common.rest_client [req-1a0c4975-831d-4e75-a5f7-e7e04f8ff93d req-1a0c4975-831d-4e75-a5f7-e7e04f8ff93d ] Request (VolumesAdminNegativeTest:test_update_attached_volume_with_nonexistent_volume_in_body): 200 GET http://10.180.1.21/compute/v2.1/servers/8e3649ec-203a-4b43-bf19-cf1634906ca6 0.693s
2025-04-17 15:43:28.084 69866 INFO tempest.lib.common.rest_client [req-10b29484-75fb-4051-8f2d-d37b7c567d3a req-10b29484-75fb-4051-8f2d-d37b7c567d3a ] Request (FlavorsAdminTestJSON:test_is_public_string_variations): 200 POST http://10.180.1.21/compute/v2.1/flavors 0.657s
2025-04-17 15:43:28.091 69874 INFO tempest.lib.common.rest_client [req-fa882815-3f05-4ebe-8da3-f72f6928b0bf req-fa882815-3f05-4ebe-8da3-f72f6928b0bf ] Request (QuotasAdminNegativeTest:tearDownClass): 204 DELETE http://10.180.1.21:9696/networking/v2.0/security-groups/5e4c1e83-5c52-40c8-b1d1-53a3101319cf 0.231s
2025-04-17 15:43:28.101 69876 INFO tempest.lib.common.rest_client [req-b1072173-5e80-443a-81df-a1f374f38aee req-b1072173-5e80-443a-81df-a1f374f38aee ] Request (SecurityGroupRulesNegativeTestJSON:test_create_security_group_rule_with_invalid_port_range): 200 POST http://10.180.1.21/compute/v2.1/os-security-groups 0.796s
2025-04-17 15:43:28.116 69882 INFO tempest.lib.common.rest_client [req-2c20af01-dab4-49a9-8788-9a333b696006 req-2c20af01-dab4-49a9-8788-9a333b696006 ] Request (FlavorsAccessNegativeTestJSON:tearDownClass): 204 DELETE http://10.180.1.21:9696/networking/v2.0/security-groups/75243674-0f8c-4c34-8c57-cba94dfa167e 0.357s
2025-04-17 15:43:28.126 69840 INFO tempest.lib.common.rest_client [req-88457fec-5bfe-4380-884c-cb0bf73a4083 req-88457fec-5bfe-4380-884c-cb0bf73a4083 ] Request (ServerShowV247Test:setUpClass): 201 POST http://10.180.1.21/identity/v3/auth/tokens 0.101s
2025-04-17 15:43:28.155 69878 INFO tempest.lib.common.rest_client [req-a5e33980-8392-4057-9aa5-dcf6d1b3f933 req-a5e33980-8392-4057-9aa5-dcf6d1b3f933 ] Request (ServersAdminTestJSON:setUpClass): 200 GET http://10.180.1.21/compute/v2.1/servers/870967fa-f424-45ff-83bc-9ebb6e7869ae 0.710s
2025-04-17 15:43:28.227 69850 INFO tempest.lib.common.rest_client [req-d09fdc7f-6f58-432d-857a-ccfc22361041 req-d09fdc7f-6f58-432d-857a-ccfc22361041 ] Request (ServersTestJSON:setUpClass): 200 GET http://10.180.1.21/compute/v2.1/servers/664b9c5e-ba90-40c2-b952-35b83a465052 0.512s
2025-04-17 15:43:28.241 69874 INFO tempest.lib.common.rest_client [req-9bd21d76-e871-46fa-9377-45a767a6e722 req-9bd21d76-e871-46fa-9377-45a767a6e722 ] Request (QuotasAdminNegativeTest:tearDownClass): 204 DELETE http://10.180.1.21/identity/v3/projects/0a4a3748bc6e4ba9971938b3b2733637 0.150s
2025-04-17 15:43:28.241 69874 INFO tempest.lib.common.dynamic_creds [-] Deleting project and security group for project: 7672db1938d842b2813eae6afe9700dd
2025-04-17 15:43:28.268 69846 INFO tempest.lib.common.rest_client [req-d027ac39-49cb-49c7-90b4-0c03d2a19f21 req-d027ac39-49cb-49c7-90b4-0c03d2a19f21 ] Request (ServerDiagnosticsTest:tearDownClass): 200 GET http://10.180.1.21/compute/v2.1/servers/2d5ffd67-779d-44cc-a765-5110d7aa001c 0.601s
2025-04-17 15:43:28.273 69844 INFO tempest.lib.common.rest_client [req-b89b3e4f-7a07-4996-9b88-b11ba34fc0b6 req-b89b3e4f-7a07-4996-9b88-b11ba34fc0b6 ] Request (AggregatesAdminNegativeTestJSON:test_aggregate_list_as_user): 403 GET http://10.180.1.21/compute/v2.1/os-aggregates 0.459s
2025-04-17 15:43:28.288 69882 INFO tempest.lib.common.rest_client [req-ffec88b3-ebc4-40b9-8bee-83ac89eabdc4 req-ffec88b3-ebc4-40b9-8bee-83ac89eabdc4 ] Request (FlavorsAccessNegativeTestJSON:tearDownClass): 204 DELETE http://10.180.1.21/identity/v3/projects/6fb9988d06584cab8090c0d4e723d221 0.171s
2025-04-17 15:43:28.288 69882 INFO tempest.lib.common.dynamic_creds [-] Deleting project and security group for project: 8fb71a64b00f4329a790832a1d2b4fdc
2025-04-17 15:43:28.305 69840 INFO tempest.lib.common.rest_client [req-5ce3c329-1466-4738-aa3b-6f164d6792e6 req-5ce3c329-1466-4738-aa3b-6f164d6792e6 ] Request (ServerShowV247Test:setUpClass): 201 POST http://10.180.1.21/identity/v3/auth/tokens 0.176s
2025-04-17 15:43:28.313 69848 INFO tempest.lib.common.rest_client [req-25509797-cfad-4428-936e-d7434fd685eb req-25509797-cfad-4428-936e-d7434fd685eb ] Request (ImagesTestJSON:test_create_image_from_stopped_server): 200 GET http://10.180.1.21/compute/v2.1/servers/81b45160-82b7-4913-9ab3-999d958d94e6 0.580s
2025-04-17 15:43:28.333 69840 INFO tempest.lib.common.rest_client [req-2e931f65-c845-493a-ad3f-2bdc142e3524 req-2e931f65-c845-493a-ad3f-2bdc142e3524 ] Request (ServerShowV247Test:setUpClass): 200 GET http://10.180.1.21/identity/v3/domains?name=Default 0.028s
2025-04-17 15:43:28.356 69864 INFO tempest.lib.common.rest_client [req-e8eea88a-4474-4a2e-a561-4a6f45748642 req-e8eea88a-4474-4a2e-a561-4a6f45748642 ] Request (ServerDiskConfigTestJSON:test_rebuild_server_with_auto_disk_config): 200 GET http://10.180.1.21/compute/v2.1/servers/8410457a-eee4-47ad-b7fb-053901fd16e5 0.535s
2025-04-17 15:43:28.366 69840 INFO tempest.lib.common.rest_client [req-cf384b71-fca9-4663-bfc5-5398d4da6756 req-cf384b71-fca9-4663-bfc5-5398d4da6756 ] Request (ServerShowV247Test:setUpClass): 201 POST http://10.180.1.21/identity/v3/projects 0.032s
2025-04-17 15:43:28.399 69890 INFO tempest.lib.common.rest_client [req-a1fe21bb-74f1-422b-bc3b-678a3013d498 req-a1fe21bb-74f1-422b-bc3b-678a3013d498 ] Request (ServersListShow296Test:test_list_show_update_rebuild_server_296): 200 GET http://10.180.1.21/compute/v2.1/servers/ce8a7015-89cc-4bb5-a57d-cde8981316d4 0.567s
2025-04-17 15:43:28.426 69852 INFO tempest.lib.common.rest_client [req-4437e64d-d352-475c-bc6f-50903202792d req-4437e64d-d352-475c-bc6f-50903202792d ] Request (ServerDiagnosticsV248Test:tearDownClass): 200 GET http://10.180.1.21/compute/v2.1/servers/4d540c53-1d58-4f57-b692-f01e80e7b95d 0.511s
2025-04-17 15:43:28.433 69840 INFO tempest.lib.common.rest_client [req-1d1cc834-96f4-4f77-ac8a-654e9aea1122 req-1d1cc834-96f4-4f77-ac8a-654e9aea1122 ] Request (ServerShowV247Test:setUpClass): 201 POST http://10.180.1.21/identity/v3/users 0.066s
2025-04-17 15:43:28.460 69840 INFO tempest.lib.common.rest_client [req-6c7518e2-a263-4096-bfe4-7509a6d236e9 req-6c7518e2-a263-4096-bfe4-7509a6d236e9 ] Request (ServerShowV247Test:setUpClass): 200 GET http://10.180.1.21/identity/v3/roles 0.026s
2025-04-17 15:43:28.490 69898 INFO tempest.lib.common.rest_client [req-d2427d8a-9651-4d19-815b-fea2edd0cc31 req-d2427d8a-9651-4d19-815b-fea2edd0cc31 ] Request (ServersAdmin275Test:test_rebuild_update_server_275): 200 GET http://10.180.1.21/compute/v2.1/servers/5f6a67e7-6678-4797-a41b-823db1b4811d 0.560s
2025-04-17 15:43:28.496 69886 INFO tempest.lib.common.rest_client [req-19cfd162-b299-4243-9f02-a9053443ff66 req-19cfd162-b299-4243-9f02-a9053443ff66 ] Request (ServersAdminNegativeTestJSON:test_migrate_server_invalid_state): 200 GET http://10.180.1.21/compute/v2.1/servers/9f52f42b-e316-4b82-bfec-9a21afa9b19f 0.473s
2025-04-17 15:43:28.499 69840 INFO tempest.lib.common.rest_client [req-fb545224-9835-414d-9a25-182695e44535 req-fb545224-9835-414d-9a25-182695e44535 ] Request (ServerShowV247Test:setUpClass): 204 PUT http://10.180.1.21/identity/v3/projects/28875c8aa2c14070995694c994c0ad4d/users/afb9b42a387c4cd287fe98304686c556/roles/015f809aeb334d9f9d7d9bf8b46aa5f5 0.039s
2025-04-17 15:43:28.500 69840 INFO tempest.lib.common.dynamic_creds [-] Dynamic test user afb9b42a387c4cd287fe98304686c556 is created with scope project and roles: ['member']
2025-04-17 15:43:28.501 69840 INFO tempest.lib.common.dynamic_creds [-] Acquired dynamic creds: credentials: Credentials: {'domain_id': 'default', 'domain_name': 'Default', 'username': 'tempest-ServerShowV247Test-1252042384-project-member', 'project_domain_id': 'default', 'project_domain_name': 'Default', 'project_id': '28875c8aa2c14070995694c994c0ad4d', 'project_name': 'tempest-ServerShowV247Test-1252042384', 'tenant_id': '28875c8aa2c14070995694c994c0ad4d', 'tenant_name': 'tempest-ServerShowV247Test-1252042384', 'user_domain_id': 'default', 'user_domain_name': 'Default', 'user_id': 'afb9b42a387c4cd287fe98304686c556', 'system': None}, Network: None, Subnet: None, Router: None
2025-04-17 15:43:28.501 69840 INFO tempest.lib.common.dynamic_creds [-] Created isolated network resources for: credentials: Credentials: {'domain_id': 'default', 'domain_name': 'Default', 'username': 'tempest-ServerShowV247Test-1252042384-project-member', 'project_domain_id': 'default', 'project_domain_name': 'Default', 'project_id': '28875c8aa2c14070995694c994c0ad4d', 'project_name': 'tempest-ServerShowV247Test-1252042384', 'tenant_id': '28875c8aa2c14070995694c994c0ad4d', 'tenant_name': 'tempest-ServerShowV247Test-1252042384', 'user_domain_id': 'default', 'user_domain_name': 'Default', 'user_id': 'afb9b42a387c4cd287fe98304686c556', 'system': None}, Network: None, Subnet: None, Router: None
2025-04-17 15:43:28.507 69898 INFO tempest.common.waiters [-] State transition "REBUILD/rebuild_spawning" ==> "ACTIVE/None" after 11 second wait
2025-04-17 15:43:28.527 69866 INFO tempest.lib.common.rest_client [req-b26fcee2-df40-4c68-88bc-5b7b056f76d2 req-b26fcee2-df40-4c68-88bc-5b7b056f76d2 ] Request (FlavorsAdminTestJSON:test_is_public_string_variations): 200 GET http://10.180.1.21/compute/v2.1/flavors/detail?is_public=f 0.435s
2025-04-17 15:43:28.560 69876 INFO tempest.lib.common.rest_client [req-995877b5-0f2a-4527-b673-5ec40ad461b5 req-995877b5-0f2a-4527-b673-5ec40ad461b5 ] Request (SecurityGroupRulesNegativeTestJSON:test_create_security_group_rule_with_invalid_port_range): 400 POST http://10.180.1.21/compute/v2.1/os-security-group-rules 0.454s
2025-04-17 15:43:28.607 69840 INFO tempest.lib.common.rest_client [req-b69dc941-857a-41ca-a1cf-0d7ac1012767 req-b69dc941-857a-41ca-a1cf-0d7ac1012767 ] Request (ServerShowV247Test:setUpClass): 201 POST http://10.180.1.21/identity/v3/auth/tokens 0.101s
2025-04-17 15:43:28.660 69840 INFO tempest.lib.common.rest_client [req-126a6075-b5f1-4388-b8c4-adcbfd423591 req-126a6075-b5f1-4388-b8c4-adcbfd423591 ] Request (ServerShowV247Test:setUpClass): 200 GET http://10.180.1.21/identity/v3/projects/28875c8aa2c14070995694c994c0ad4d 0.052s
2025-04-17 15:43:28.660 69840 INFO tempest.lib.common.dynamic_creds [-] Using the existing project 28875c8aa2c14070995694c994c0ad4d for scope project and roles: ['reader']
2025-04-17 15:43:28.692 69896 INFO tempest.lib.common.rest_client [req-c28ba4f3-5121-4c63-8713-6739c96e86fc req-c28ba4f3-5121-4c63-8713-6739c96e86fc ] Request (ServerMetadataNegativeTestJSON:setUpClass): 200 GET http://10.180.1.21/compute/v2.1/servers/71b79e4c-e9bc-46b7-9554-06afa2279ea8 0.453s
2025-04-17 15:43:28.695 69840 INFO tempest.lib.common.rest_client [req-6198d2dd-e253-4393-8d99-26c0964f6286 req-6198d2dd-e253-4393-8d99-26c0964f6286 ] Request (ServerShowV247Test:setUpClass): 201 POST http://10.180.1.21/identity/v3/users 0.035s
2025-04-17 15:43:28.723 69840 INFO tempest.lib.common.rest_client [req-1cac0858-e763-449f-994e-d46f608f620e req-1cac0858-e763-449f-994e-d46f608f620e ] Request (ServerShowV247Test:setUpClass): 200 GET http://10.180.1.21/identity/v3/roles 0.027s
2025-04-17 15:43:28.731 69874 INFO tempest.lib.common.rest_client [req-5a483ed2-31db-4731-b0d3-e82d3d79d722 req-5a483ed2-31db-4731-b0d3-e82d3d79d722 ] Request (QuotasAdminNegativeTest:tearDownClass): 200 GET http://10.180.1.21:9696/networking/v2.0/security-groups?tenant_id=7672db1938d842b2813eae6afe9700dd&name=default 0.490s
2025-04-17 15:43:28.758 69892 INFO tempest.lib.common.rest_client [req-b5f6ec5a-48a8-4183-bff6-102df671ad98 req-b5f6ec5a-48a8-4183-bff6-102df671ad98 ] Request (AttachInterfacesUnderV243Test:test_add_remove_fixed_ip): 200 GET http://10.180.1.21/compute/v2.1/servers/05272c59-a663-46cc-bb13-1ef90d5db154 0.616s
2025-04-17 15:43:28.759 69840 INFO tempest.lib.common.rest_client [req-137f5b91-491c-4d36-be95-af226df885af req-137f5b91-491c-4d36-be95-af226df885af ] Request (ServerShowV247Test:setUpClass): 204 PUT http://10.180.1.21/identity/v3/projects/28875c8aa2c14070995694c994c0ad4d/users/71e17b1e81bf402991cff7cbd8464e81/roles/916f6f6d4f1643be9ea563916696ab7c 0.035s
2025-04-17 15:43:28.760 69840 INFO tempest.lib.common.dynamic_creds [-] Dynamic test user 71e17b1e81bf402991cff7cbd8464e81 is created with scope project and roles: ['reader']
2025-04-17 15:43:28.760 69840 INFO tempest.lib.common.dynamic_creds [-] Acquired dynamic creds: credentials: Credentials: {'domain_id': 'default', 'domain_name': 'Default', 'username': 'tempest-ServerShowV247Test-1252042384-project-reader', 'project_domain_id': 'default', 'project_domain_name': 'Default', 'project_id': '28875c8aa2c14070995694c994c0ad4d', 'project_name': 'tempest-ServerShowV247Test-1252042384', 'tenant_id': '28875c8aa2c14070995694c994c0ad4d', 'tenant_name': 'tempest-ServerShowV247Test-1252042384', 'user_domain_id': 'default', 'user_domain_name': 'Default', 'user_id': '71e17b1e81bf402991cff7cbd8464e81', 'system': None}, Network: None, Subnet: None, Router: None
2025-04-17 15:43:28.760 69840 INFO tempest.lib.common.dynamic_creds [-] Network resources are not created for requested scope: project and credentials: Credentials: {'domain_id': 'default', 'domain_name': 'Default', 'username': 'tempest-ServerShowV247Test-1252042384-project-reader', 'project_domain_id': 'default', 'project_domain_name': 'Default', 'project_id': '28875c8aa2c14070995694c994c0ad4d', 'project_name': 'tempest-ServerShowV247Test-1252042384', 'tenant_id': '28875c8aa2c14070995694c994c0ad4d', 'tenant_name': 'tempest-ServerShowV247Test-1252042384', 'user_domain_id': 'default', 'user_domain_name': 'Default', 'user_id': '71e17b1e81bf402991cff7cbd8464e81', 'system': None}, Network: None, Subnet: None, Router: None
2025-04-17 15:43:28.771 69892 INFO tempest.common.waiters [-] State transition "BUILD/networking" ==> "BUILD/spawning" after 13 second wait
2025-04-17 15:43:28.786 69844 INFO tempest.lib.common.rest_client [req-8cd4ccae-626f-4b84-91ee-8858af4727fd req-8cd4ccae-626f-4b84-91ee-8858af4727fd ] Request (AggregatesAdminNegativeTestJSON:test_aggregate_remove_host_as_user): 200 POST http://10.180.1.21/compute/v2.1/os-aggregates 0.510s
2025-04-17 15:43:28.810 69882 INFO tempest.lib.common.rest_client [req-6afbe833-f534-44b3-8f67-d6b04b25635d req-6afbe833-f534-44b3-8f67-d6b04b25635d ] Request (FlavorsAccessNegativeTestJSON:tearDownClass): 200 GET http://10.180.1.21:9696/networking/v2.0/security-groups?tenant_id=8fb71a64b00f4329a790832a1d2b4fdc&name=default 0.521s
2025-04-17 15:43:28.856 69840 INFO tempest.lib.common.rest_client [req-d1e05c8d-d21e-4522-9c18-5cb0feb78b96 req-d1e05c8d-d21e-4522-9c18-5cb0feb78b96 ] Request (ServerShowV247Test:setUpClass): 201 POST http://10.180.1.21/identity/v3/auth/tokens 0.092s
2025-04-17 15:43:28.889 69902 INFO tempest.lib.common.rest_client [req-d89c8e3c-1365-4d35-a588-2a4a2790af02 req-d89c8e3c-1365-4d35-a588-2a4a2790af02 ] Request (ServerAddressesNegativeTestJSON:setUpClass): 200 PUT http://10.180.1.21:9696/networking/v2.0/routers/7cd76faf-0b9c-40bd-b5e9-e55d1510b52e/add_router_interface 2.912s
2025-04-17 15:43:28.889 69902 INFO tempest.lib.common.dynamic_creds [-] Created isolated network resources for: credentials: Credentials: {'domain_id': 'default', 'domain_name': 'Default', 'username': 'tempest-ServerAddressesNegativeTestJSON-356576637-project-member', 'project_domain_id': 'default', 'project_domain_name': 'Default', 'project_id': 'd1f41ff77c1546b89e9febb04f32743d', 'project_name': 'tempest-ServerAddressesNegativeTestJSON-356576637', 'tenant_id': 'd1f41ff77c1546b89e9febb04f32743d', 'tenant_name': 'tempest-ServerAddressesNegativeTestJSON-356576637', 'user_domain_id': 'default', 'user_domain_name': 'Default', 'user_id': '9ac1b6308f9343c186a206689a1284ad', 'system': None}, Network: {'id': 'f06f527c-bc62-4420-b6e5-8660a8d5e52f', 'name': 'tempest-ServerAddressesNegativeTestJSON-2095978416-network', 'tenant_id': 'd1f41ff77c1546b89e9febb04f32743d', 'admin_state_up': True, 'mtu': 8950, 'status': 'ACTIVE', 'subnets': [], 'shared': False, 'project_id': 'd1f41ff77c1546b89e9febb04f32743d', 'port_security_enabled': True, 'router:external': False, 'provider:network_type': 'vlan', 'provider:physical_network': 'default', 'provider:segmentation_id': 264, 'availability_zone_hints': [], 'availability_zones': [], 'ipv4_address_scope': None, 'ipv6_address_scope': None, 'description': '', 'tags': [], 'created_at': '2025-04-17T15:43:24Z', 'updated_at': '2025-04-17T15:43:24Z', 'revision_number': 1}, Subnet: {'id': 'fdef4703-4070-4eb5-80d4-80b9b544ffca', 'name': 'tempest-ServerAddressesNegativeTestJSON-2095978416-subnet', 'tenant_id': 'd1f41ff77c1546b89e9febb04f32743d', 'network_id': 'f06f527c-bc62-4420-b6e5-8660a8d5e52f', 'ip_version': 4, 'subnetpool_id': None, 'enable_dhcp': True, 'ipv6_ra_mode': None, 'ipv6_address_mode': None, 'gateway_ip': '192.168.128.1', 'cidr': '192.168.128.0/28', 'allocation_pools': [{'start': '192.168.128.2', 'end': '192.168.128.14'}], 'host_routes': [], 'dns_nameservers': [], 'description': '', 'router:external': False, 'service_types': [], 'tags': [], 'created_at': '2025-04-17T15:43:24Z', 'updated_at': '2025-04-17T15:43:24Z', 'revision_number': 0, 'project_id': 'd1f41ff77c1546b89e9febb04f32743d'}, Router: {'id': '7cd76faf-0b9c-40bd-b5e9-e55d1510b52e', 'name': 'tempest-ServerAddressesNegativeTestJSON-2095978416-router', 'tenant_id': 'd1f41ff77c1546b89e9febb04f32743d', 'admin_state_up': True, 'status': 'ACTIVE', 'external_gateway_info': {'network_id': '8acc5d6e-3945-470a-b6a7-158f5577d717', 'external_fixed_ips': [{'subnet_id': 'ede205ac-d327-4d61-9cd3-bb82bfa99326', 'ip_address': '10.180.180.172'}], 'enable_snat': True}, 'description': '', 'availability_zones': [], 'distributed': False, 'ha': False, 'availability_zone_hints': [], 'routes': [], 'flavor_id': None, 'tags': [], 'created_at': '2025-04-17T15:43:25Z', 'updated_at': '2025-04-17T15:43:25Z', 'revision_number': 2, 'project_id': 'd1f41ff77c1546b89e9febb04f32743d'}
2025-04-17 15:43:28.925 69840 INFO tempest.lib.common.rest_client [req-e9261068-e263-4502-ad98-a903cf06e390 req-e9261068-e263-4502-ad98-a903cf06e390 ] Request (ServerShowV247Test:test_show_server): 201 POST http://10.180.1.21/identity/v3/auth/tokens 0.065s
2025-04-17 15:43:28.925 69840 INFO tempest.lib.common.fixed_network [-] (ServerShowV247Test:test_show_server) Found network None available for tenant
2025-04-17 15:43:28.975 69870 INFO tempest.lib.common.rest_client [req-c3766a04-9fd0-4fef-ac5a-93b219afdc46 req-c3766a04-9fd0-4fef-ac5a-93b219afdc46 ] Request (VolumesTestJSON:setUpClass): 200 GET http://10.180.1.21/volume/v3/volumes/b51cb8ff-5f32-455f-bc39-d3fdb07bf24d 0.036s
2025-04-17 15:43:28.986 69870 INFO tempest.common.waiters [-] volume b51cb8ff-5f32-455f-bc39-d3fdb07bf24d reached available after waiting for 1.986367 seconds
2025-04-17 15:43:28.998 69902 INFO tempest.lib.common.rest_client [req-2160f1eb-9524-4792-8060-0cb4a9f261ed req-2160f1eb-9524-4792-8060-0cb4a9f261ed ] Request (ServerAddressesNegativeTestJSON:setUpClass): 201 POST http://10.180.1.21/identity/v3/auth/tokens 0.103s
2025-04-17 15:43:29.043 69902 INFO tempest.lib.common.rest_client [req-5056dbdf-62a3-4e5a-bcc5-0397617aadc7 req-5056dbdf-62a3-4e5a-bcc5-0397617aadc7 ] Request (ServerAddressesNegativeTestJSON:setUpClass): 201 POST http://10.180.1.21/identity/v3/auth/tokens 0.038s
2025-04-17 15:43:29.044 69902 INFO tempest.lib.common.fixed_network [-] (ServerAddressesNegativeTestJSON:setUpClass) Found network {'id': 'f06f527c-bc62-4420-b6e5-8660a8d5e52f', 'name': 'tempest-ServerAddressesNegativeTestJSON-2095978416-network', 'tenant_id': 'd1f41ff77c1546b89e9febb04f32743d', 'admin_state_up': True, 'mtu': 8950, 'status': 'ACTIVE', 'subnets': [], 'shared': False, 'project_id': 'd1f41ff77c1546b89e9febb04f32743d', 'port_security_enabled': True, 'router:external': False, 'provider:network_type': 'vlan', 'provider:physical_network': 'default', 'provider:segmentation_id': 264, 'availability_zone_hints': [], 'availability_zones': [], 'ipv4_address_scope': None, 'ipv6_address_scope': None, 'description': '', 'tags': [], 'created_at': '2025-04-17T15:43:24Z', 'updated_at': '2025-04-17T15:43:24Z', 'revision_number': 1} available for tenant
2025-04-17 15:43:29.100 69860 INFO tempest.lib.common.rest_client [req-9b434e13-3a8f-4aab-b573-1f1558a0f5a4 req-9b434e13-3a8f-4aab-b573-1f1558a0f5a4 ] Request (DeleteServersAdminTestJSON:test_admin_delete_servers_of_others): 200 GET http://10.180.1.21/compute/v2.1/servers/5dd1c283-306f-448f-bdda-2f1400591a25 0.688s
2025-04-17 15:43:29.130 69882 INFO tempest.lib.common.rest_client [req-41583441-9351-4909-bb3d-d3c02cb847ac req-41583441-9351-4909-bb3d-d3c02cb847ac ] Request (FlavorsAccessNegativeTestJSON:tearDownClass): 204 DELETE http://10.180.1.21:9696/networking/v2.0/security-groups/60c706e4-2ed8-4a60-a0e3-efbf03c825f8 0.320s
2025-04-17 15:43:29.155 69858 INFO tempest.lib.common.rest_client [req-a2dc9220-e2b0-41e0-ab44-89a6d40199c3 req-a2dc9220-e2b0-41e0-ab44-89a6d40199c3 ] Request (FloatingIPsAssociationTestJSON:setUpClass): 200 GET http://10.180.1.21/compute/v2.1/servers/a14ef9e5-adfd-4020-affc-b25322802b4b 0.881s
2025-04-17 15:43:29.184 69866 INFO tempest.lib.common.rest_client [req-da9c4280-58e7-45d1-820e-cf540fbe39c5 req-da9c4280-58e7-45d1-820e-cf540fbe39c5 ] Request (FlavorsAdminTestJSON:test_is_public_string_variations): 200 GET http://10.180.1.21/compute/v2.1/flavors/detail?is_public=false 0.654s
2025-04-17 15:43:29.195 69874 INFO tempest.lib.common.rest_client [req-86b179f1-d9c6-4101-957e-1e80737c6c33 req-86b179f1-d9c6-4101-957e-1e80737c6c33 ] Request (QuotasAdminNegativeTest:tearDownClass): 204 DELETE http://10.180.1.21:9696/networking/v2.0/security-groups/497f0ce8-c43e-4edb-ac8e-aca9c7b8e6b6 0.463s
2025-04-17 15:43:29.268 69882 INFO tempest.lib.common.rest_client [req-b285f1fd-4a7c-4ac6-aec6-a2fd92922cb1 req-b285f1fd-4a7c-4ac6-aec6-a2fd92922cb1 ] Request (FlavorsAccessNegativeTestJSON:tearDownClass): 204 DELETE http://10.180.1.21/identity/v3/projects/8fb71a64b00f4329a790832a1d2b4fdc 0.137s
2025-04-17 15:43:29.285 69874 INFO tempest.lib.common.rest_client [req-1bf783ff-c105-4451-9740-a50eaee00dd1 req-1bf783ff-c105-4451-9740-a50eaee00dd1 ] Request (QuotasAdminNegativeTest:tearDownClass): 204 DELETE http://10.180.1.21/identity/v3/projects/7672db1938d842b2813eae6afe9700dd 0.089s
2025-04-17 15:43:29.380 69854 INFO tempest.lib.common.rest_client [req-0cf82bd7-505a-47e5-b098-dc1da824a16f req-0cf82bd7-505a-47e5-b098-dc1da824a16f ] Request (MigrationsAdminTest:test_list_migrations_in_flavor_resize_situation): 200 GET http://10.180.1.21/compute/v2.1/servers/fe6f83c3-1aa1-45ee-8b67-141f5674e33a 0.831s
2025-04-17 15:43:29.404 69882 INFO tempest.lib.common.rest_client [req-b699175b-284d-4359-be5d-8edd25e91025 req-b699175b-284d-4359-be5d-8edd25e91025 ] Request (ServicesAdminNegativeTestJSON:setUpClass): 201 POST http://10.180.1.21/identity/v3/auth/tokens 0.134s
2025-04-17 15:43:29.457 69874 INFO tempest.lib.common.rest_client [req-887a6d24-7f57-49c4-92df-de7b45aa1e33 req-887a6d24-7f57-49c4-92df-de7b45aa1e33 ] Request (FloatingIPDetailsNegativeTestJSON:setUpClass): 201 POST http://10.180.1.21/identity/v3/auth/tokens 0.171s
2025-04-17 15:43:29.458 69882 INFO tempest.lib.common.rest_client [req-21562313-b223-4f5f-b0f7-8a85985a31be req-21562313-b223-4f5f-b0f7-8a85985a31be ] Request (ServicesAdminNegativeTestJSON:setUpClass): 201 POST http://10.180.1.21/identity/v3/auth/tokens 0.051s
2025-04-17 15:43:29.490 69882 INFO tempest.lib.common.rest_client [req-4f599bbc-ebd6-4ed4-8bf0-9c7504f4d0ea req-4f599bbc-ebd6-4ed4-8bf0-9c7504f4d0ea ] Request (ServicesAdminNegativeTestJSON:setUpClass): 200 GET http://10.180.1.21/identity/v3/domains?name=Default 0.032s
2025-04-17 15:43:29.509 69874 INFO tempest.lib.common.rest_client [req-c6191ddf-23c8-4612-99a8-d9781c1c1ba3 req-c6191ddf-23c8-4612-99a8-d9781c1c1ba3 ] Request (FloatingIPDetailsNegativeTestJSON:setUpClass): 201 POST http://10.180.1.21/identity/v3/auth/tokens 0.049s
2025-04-17 15:43:29.523 69882 INFO tempest.lib.common.rest_client [req-25bc1288-9731-46c7-bd27-64e0c01dfe24 req-25bc1288-9731-46c7-bd27-64e0c01dfe24 ] Request (ServicesAdminNegativeTestJSON:setUpClass): 201 POST http://10.180.1.21/identity/v3/projects 0.032s
2025-04-17 15:43:29.603 69876 INFO tempest.lib.common.rest_client [req-6c380137-9d15-4f83-a7bf-4d9e1600d12b req-6c380137-9d15-4f83-a7bf-4d9e1600d12b ] Request (SecurityGroupRulesNegativeTestJSON:test_create_security_group_rule_with_invalid_to_port): 200 POST http://10.180.1.21/compute/v2.1/os-security-groups 1.041s
2025-04-17 15:43:29.609 69874 INFO tempest.lib.common.rest_client [req-60849327-23fd-4f20-8fb9-d0794ccb5523 req-60849327-23fd-4f20-8fb9-d0794ccb5523 ] Request (FloatingIPDetailsNegativeTestJSON:setUpClass): 200 GET http://10.180.1.21/identity/v3/domains?name=Default 0.099s
2025-04-17 15:43:29.612 69882 INFO tempest.lib.common.rest_client [req-d8b5cf6b-4444-44ab-ae57-ef1fb504b5fc req-d8b5cf6b-4444-44ab-ae57-ef1fb504b5fc ] Request (ServicesAdminNegativeTestJSON:setUpClass): 201 POST http://10.180.1.21/identity/v3/users 0.089s
2025-04-17 15:43:29.639 69882 INFO tempest.lib.common.rest_client [req-89efe7be-79f3-4d1d-ae44-af4feb720ce0 req-89efe7be-79f3-4d1d-ae44-af4feb720ce0 ] Request (ServicesAdminNegativeTestJSON:setUpClass): 200 GET http://10.180.1.21/identity/v3/roles 0.026s
2025-04-17 15:43:29.660 69874 INFO tempest.lib.common.rest_client [req-83bda2aa-9300-4fb7-92bc-ba140ea9829d req-83bda2aa-9300-4fb7-92bc-ba140ea9829d ] Request (FloatingIPDetailsNegativeTestJSON:setUpClass): 201 POST http://10.180.1.21/identity/v3/projects 0.051s
2025-04-17 15:43:29.668 69882 INFO tempest.lib.common.rest_client [req-666a819e-67e6-4a86-ba46-dade799adcc1 req-666a819e-67e6-4a86-ba46-dade799adcc1 ] Request (ServicesAdminNegativeTestJSON:setUpClass): 204 PUT http://10.180.1.21/identity/v3/projects/7991c888ac7b4c3a8174a64bccb1020a/users/389dc042ab8941a5ab082d99895273de/roles/015f809aeb334d9f9d7d9bf8b46aa5f5 0.028s
2025-04-17 15:43:29.668 69882 INFO tempest.lib.common.dynamic_creds [-] Dynamic test user 389dc042ab8941a5ab082d99895273de is created with scope project and roles: ['member']
2025-04-17 15:43:29.668 69882 INFO tempest.lib.common.dynamic_creds [-] Acquired dynamic creds: credentials: Credentials: {'domain_id': 'default', 'domain_name': 'Default', 'username': 'tempest-ServicesAdminNegativeTestJSON-458872305-project-member', 'project_domain_id': 'default', 'project_domain_name': 'Default', 'project_id': '7991c888ac7b4c3a8174a64bccb1020a', 'project_name': 'tempest-ServicesAdminNegativeTestJSON-458872305', 'tenant_id': '7991c888ac7b4c3a8174a64bccb1020a', 'tenant_name': 'tempest-ServicesAdminNegativeTestJSON-458872305', 'user_domain_id': 'default', 'user_domain_name': 'Default', 'user_id': '389dc042ab8941a5ab082d99895273de', 'system': None}, Network: None, Subnet: None, Router: None
2025-04-17 15:43:29.668 69882 INFO tempest.lib.common.dynamic_creds [-] Created isolated network resources for: credentials: Credentials: {'domain_id': 'default', 'domain_name': 'Default', 'username': 'tempest-ServicesAdminNegativeTestJSON-458872305-project-member', 'project_domain_id': 'default', 'project_domain_name': 'Default', 'project_id': '7991c888ac7b4c3a8174a64bccb1020a', 'project_name': 'tempest-ServicesAdminNegativeTestJSON-458872305', 'tenant_id': '7991c888ac7b4c3a8174a64bccb1020a', 'tenant_name': 'tempest-ServicesAdminNegativeTestJSON-458872305', 'user_domain_id': 'default', 'user_domain_name': 'Default', 'user_id': '389dc042ab8941a5ab082d99895273de', 'system': None}, Network: None, Subnet: None, Router: None
2025-04-17 15:43:29.686 69884 INFO tempest.lib.common.rest_client [req-dd577b0b-f3ce-467f-925f-7e4b8c597b47 req-dd577b0b-f3ce-467f-925f-7e4b8c597b47 ] Request (FloatingIPsAssociationNegativeTestJSON:setUpClass): 200 GET http://10.180.1.21/compute/v2.1/servers/a59cfdd6-adf9-4a21-aa67-09e5883ac6a8 1.022s
2025-04-17 15:43:29.698 69898 INFO tempest.lib.common.rest_client [req-f3ebff9f-5d9a-4abc-b26c-20d0ba2f1f19 req-f3ebff9f-5d9a-4abc-b26c-20d0ba2f1f19 ] Request (ServersAdmin275Test:test_rebuild_update_server_275): 202 POST http://10.180.1.21/compute/v2.1/servers/5f6a67e7-6678-4797-a41b-823db1b4811d/action 1.189s
2025-04-17 15:43:29.761 69874 INFO tempest.lib.common.rest_client [req-c788049c-3775-485f-96f1-63aab543e01d req-c788049c-3775-485f-96f1-63aab543e01d ] Request (FloatingIPDetailsNegativeTestJSON:setUpClass): 201 POST http://10.180.1.21/identity/v3/users 0.100s
2025-04-17 15:43:29.765 69862 INFO tempest.lib.common.rest_client [req-27a5b7bf-e243-4cca-8de7-bd044fe18ec5 req-27a5b7bf-e243-4cca-8de7-bd044fe18ec5 ] Request (ServersWithSpecificFlavorTestJSON:test_verify_created_server_ephemeral_disk): 200 GET http://10.180.1.21/compute/v2.1/servers/bd158f30-b46c-4c67-befb-ca1369ac5b7d 0.953s
2025-04-17 15:43:29.767 69882 INFO tempest.lib.common.rest_client [req-cc014d71-8b8d-4fd1-a87f-7f173f339cb8 req-cc014d71-8b8d-4fd1-a87f-7f173f339cb8 ] Request (ServicesAdminNegativeTestJSON:setUpClass): 201 POST http://10.180.1.21/identity/v3/auth/tokens 0.094s
2025-04-17 15:43:29.789 69874 INFO tempest.lib.common.rest_client [req-245e1e4c-82db-4cb2-b86c-b5ee4c72849c req-245e1e4c-82db-4cb2-b86c-b5ee4c72849c ] Request (FloatingIPDetailsNegativeTestJSON:setUpClass): 200 GET http://10.180.1.21/identity/v3/roles 0.028s
2025-04-17 15:43:29.805 69856 INFO tempest.lib.common.rest_client [req-48d97793-cee7-43b4-9238-631401e3491b req-48d97793-cee7-43b4-9238-631401e3491b ] Request (SecurityGroupsTestJSON:setUpClass): 201 POST http://10.180.1.21:9696/networking/v2.0/routers 2.563s
2025-04-17 15:43:29.812 69882 INFO tempest.lib.common.rest_client [req-0931ae03-5df1-4234-9c6e-f198890af876 req-0931ae03-5df1-4234-9c6e-f198890af876 ] Request (ServicesAdminNegativeTestJSON:setUpClass): 201 POST http://10.180.1.21/identity/v3/projects 0.045s
2025-04-17 15:43:29.822 69874 INFO tempest.lib.common.rest_client [req-51417aa6-a6e8-4a81-9089-2b3f2b3a59af req-51417aa6-a6e8-4a81-9089-2b3f2b3a59af ] Request (FloatingIPDetailsNegativeTestJSON:setUpClass): 204 PUT http://10.180.1.21/identity/v3/projects/c621b399707a41ca884abd1cb95a8104/users/f993bfc8cabd410f869974c18da4e4a4/roles/015f809aeb334d9f9d7d9bf8b46aa5f5 0.032s
2025-04-17 15:43:29.822 69874 INFO tempest.lib.common.dynamic_creds [-] Dynamic test user f993bfc8cabd410f869974c18da4e4a4 is created with scope project and roles: ['member']
2025-04-17 15:43:29.823 69874 INFO tempest.lib.common.dynamic_creds [-] Acquired dynamic creds: credentials: Credentials: {'domain_id': 'default', 'domain_name': 'Default', 'username': 'tempest-FloatingIPDetailsNegativeTestJSON-1579987925-project-member', 'project_domain_id': 'default', 'project_domain_name': 'Default', 'project_id': 'c621b399707a41ca884abd1cb95a8104', 'project_name': 'tempest-FloatingIPDetailsNegativeTestJSON-1579987925', 'tenant_id': 'c621b399707a41ca884abd1cb95a8104', 'tenant_name': 'tempest-FloatingIPDetailsNegativeTestJSON-1579987925', 'user_domain_id': 'default', 'user_domain_name': 'Default', 'user_id': 'f993bfc8cabd410f869974c18da4e4a4', 'system': None}, Network: None, Subnet: None, Router: None
2025-04-17 15:43:29.830 69844 INFO tempest.lib.common.rest_client [req-e59e31c0-7738-4fe5-b7c3-47571659f412 req-e59e31c0-7738-4fe5-b7c3-47571659f412 ] Request (AggregatesAdminNegativeTestJSON:test_aggregate_remove_host_as_user): 200 POST http://10.180.1.21/compute/v2.1/os-aggregates/7/action 1.042s
2025-04-17 15:43:29.893 69874 INFO tempest.lib.common.rest_client [req-408791d6-5644-4237-9822-a0251cf598fd req-408791d6-5644-4237-9822-a0251cf598fd ] Request (FloatingIPDetailsNegativeTestJSON:setUpClass): 201 POST http://10.180.1.21/identity/v3/auth/tokens 0.070s
2025-04-17 15:43:29.914 69882 INFO tempest.lib.common.rest_client [req-93c50bd4-5106-4897-bc78-c7159170f67b req-93c50bd4-5106-4897-bc78-c7159170f67b ] Request (ServicesAdminNegativeTestJSON:setUpClass): 201 POST http://10.180.1.21/identity/v3/users 0.101s
2025-04-17 15:43:29.969 69872 WARNING tempest.lib.common.ssh [-] Failed to establish authenticated ssh connection to cirros@10.180.180.236 ([Errno None] Unable to connect to port 22 on 10.180.180.236). Number attempts: 2. Retry after 3 seconds.: paramiko.ssh_exception.NoValidConnectionsError: [Errno None] Unable to connect to port 22 on 10.180.180.236
2025-04-17 15:43:29.971 69869 WARNING tempest.lib.common.ssh [-] Failed to establish authenticated ssh connection to cirros@10.180.180.202 ([Errno None] Unable to connect to port 22 on 10.180.180.202). Number attempts: 1. Retry after 2 seconds.: paramiko.ssh_exception.NoValidConnectionsError: [Errno None] Unable to connect to port 22 on 10.180.180.202
