2025-04-17 15:43:29.977 69882 INFO tempest.lib.common.rest_client [req-06454c29-d5ad-4bc8-949d-467c08be3533 req-06454c29-d5ad-4bc8-949d-467c08be3533 ] Request (ServicesAdminNegativeTestJSON:setUpClass): 200 GET http://10.180.1.21/identity/v3/roles 0.063s
2025-04-17 15:43:30.004 69882 INFO tempest.lib.common.rest_client [req-082f978b-a7c6-454a-992b-50553e22cf02 req-082f978b-a7c6-454a-992b-50553e22cf02 ] Request (ServicesAdminNegativeTestJSON:setUpClass): 204 PUT http://10.180.1.21/identity/v3/projects/7839c5c4808541d4b3ed31e5f7747266/users/8b5c9ac0da1f4e8bade6dcec1249930b/roles/cec29f1984a54560a31f3c38d4b65c9c 0.027s
2025-04-17 15:43:30.069 69842 INFO tempest.lib.common.rest_client [req-058117c9-aa59-414a-9921-94ce0a90fa8d req-058117c9-aa59-414a-9921-94ce0a90fa8d ] Request (VolumesAssistedSnapshotsTest:test_volume_assisted_snapshot_create_delete): 200 GET http://10.180.1.21/compute/v2.1/servers/6d0988fd-8e9f-4f47-98c3-ffba7860a89f 1.175s
2025-04-17 15:43:30.071 69882 INFO tempest.lib.common.rest_client [req-d9899210-5858-4b69-a7d2-9ca5157b8d77 req-d9899210-5858-4b69-a7d2-9ca5157b8d77 ] Request (ServicesAdminNegativeTestJSON:setUpClass): 200 GET http://10.180.1.21/identity/v3/roles 0.066s
2025-04-17 15:43:30.095 69882 INFO tempest.lib.common.rest_client [req-a1dae3db-3fa8-4352-8c37-17d0ad6ce164 req-a1dae3db-3fa8-4352-8c37-17d0ad6ce164 ] Request (ServicesAdminNegativeTestJSON:setUpClass): 204 PUT http://10.180.1.21/identity/v3/projects/7839c5c4808541d4b3ed31e5f7747266/users/8b5c9ac0da1f4e8bade6dcec1249930b/roles/cec29f1984a54560a31f3c38d4b65c9c 0.022s
2025-04-17 15:43:30.095 69882 INFO tempest.lib.common.dynamic_creds [-] Dynamic test user 8b5c9ac0da1f4e8bade6dcec1249930b is created with scope project and roles: ['admin']
2025-04-17 15:43:30.095 69882 INFO tempest.lib.common.dynamic_creds [-] Acquired dynamic creds: credentials: Credentials: {'domain_id': 'default', 'domain_name': 'Default', 'username': 'tempest-ServicesAdminNegativeTestJSON-1062199291-project-admin', 'project_domain_id': 'default', 'project_domain_name': 'Default', 'project_id': '7839c5c4808541d4b3ed31e5f7747266', 'project_name': 'tempest-ServicesAdminNegativeTestJSON-1062199291', 'tenant_id': '7839c5c4808541d4b3ed31e5f7747266', 'tenant_name': 'tempest-ServicesAdminNegativeTestJSON-1062199291', 'user_domain_id': 'default', 'user_domain_name': 'Default', 'user_id': '8b5c9ac0da1f4e8bade6dcec1249930b', 'system': None}, Network: None, Subnet: None, Router: None
2025-04-17 15:43:30.095 69882 INFO tempest.lib.common.dynamic_creds [-] Created isolated network resources for: credentials: Credentials: {'domain_id': 'default', 'domain_name': 'Default', 'username': 'tempest-ServicesAdminNegativeTestJSON-1062199291-project-admin', 'project_domain_id': 'default', 'project_domain_name': 'Default', 'project_id': '7839c5c4808541d4b3ed31e5f7747266', 'project_name': 'tempest-ServicesAdminNegativeTestJSON-1062199291', 'tenant_id': '7839c5c4808541d4b3ed31e5f7747266', 'tenant_name': 'tempest-ServicesAdminNegativeTestJSON-1062199291', 'user_domain_id': 'default', 'user_domain_name': 'Default', 'user_id': '8b5c9ac0da1f4e8bade6dcec1249930b', 'system': None}, Network: None, Subnet: None, Router: None
2025-04-17 15:43:30.114 69894 INFO tempest.lib.common.rest_client [req-d302f44f-4935-48af-bfd4-2551492655fc req-d302f44f-4935-48af-bfd4-2551492655fc ] Request (ImagesOneServerTestJSON:test_create_delete_image): 200 GET http://10.180.1.21/compute/v2.1/images/470f3a31-cf56-4fb7-b1f7-37e2747af57a 1.170s
2025-04-17 15:43:30.174 69840 INFO tempest.lib.common.rest_client [req-d7608b0d-0bfb-47b4-9e8e-ca2942b04f90 req-d7608b0d-0bfb-47b4-9e8e-ca2942b04f90 ] Request (ServerShowV247Test:test_show_server): 202 POST http://10.180.1.21/compute/v2.1/servers 1.248s
2025-04-17 15:43:30.187 69870 INFO tempest.lib.common.rest_client [req-aa065268-a276-4df3-9958-15c2da69f6f5 req-aa065268-a276-4df3-9958-15c2da69f6f5 ] Request (VolumesTestJSON:setUpClass): 200 GET http://10.180.1.21/compute/v2.1/os-volumes/b51cb8ff-5f32-455f-bc39-d3fdb07bf24d 1.200s
2025-04-17 15:43:30.189 69882 INFO tempest.lib.common.rest_client [req-1ea71c29-a87d-4550-a4ad-f7de803b8f38 req-1ea71c29-a87d-4550-a4ad-f7de803b8f38 ] Request (ServicesAdminNegativeTestJSON:setUpClass): 201 POST http://10.180.1.21/identity/v3/auth/tokens 0.090s
2025-04-17 15:43:30.278 69888 INFO tempest.lib.common.rest_client [req-d0679270-ff6a-4bd5-a048-e57c9e882996 req-d0679270-ff6a-4bd5-a048-e57c9e882996 ] Request (VolumesAdminNegativeTest:test_update_attached_volume_with_nonexistent_volume_in_body): 200 GET http://10.180.1.21/compute/v2.1/servers/8e3649ec-203a-4b43-bf19-cf1634906ca6 1.214s
2025-04-17 15:43:30.299 69874 INFO tempest.lib.common.rest_client [req-710e1e18-da2d-488e-aaf1-99614bfd164b req-710e1e18-da2d-488e-aaf1-99614bfd164b ] Request (FloatingIPDetailsNegativeTestJSON:setUpClass): 201 POST http://10.180.1.21:9696/networking/v2.0/networks 0.406s
2025-04-17 15:43:30.359 69878 INFO tempest.lib.common.rest_client [req-8d0d9b77-ad2e-41ed-9063-fda9ed1f22ee req-8d0d9b77-ad2e-41ed-9063-fda9ed1f22ee ] Request (ServersAdminTestJSON:setUpClass): 200 GET http://10.180.1.21/compute/v2.1/servers/870967fa-f424-45ff-83bc-9ebb6e7869ae 1.192s
2025-04-17 15:43:30.374 69866 INFO tempest.lib.common.rest_client [req-d5e63335-f4a8-4260-b80e-89a051487642 req-d5e63335-f4a8-4260-b80e-89a051487642 ] Request (FlavorsAdminTestJSON:test_is_public_string_variations): 200 GET http://10.180.1.21/compute/v2.1/flavors/detail?is_public=no 1.186s
2025-04-17 15:43:30.452 69850 INFO tempest.lib.common.rest_client [req-91996017-8cc7-401a-88de-36bcbf881ca6 req-91996017-8cc7-401a-88de-36bcbf881ca6 ] Request (ServersTestJSON:setUpClass): 200 GET http://10.180.1.21/compute/v2.1/servers/664b9c5e-ba90-40c2-b952-35b83a465052 1.211s
2025-04-17 15:43:30.489 69874 INFO tempest.lib.common.rest_client [req-ff2eda9b-6259-4500-80e6-66be105c72a6 req-ff2eda9b-6259-4500-80e6-66be105c72a6 ] Request (FloatingIPDetailsNegativeTestJSON:setUpClass): 201 POST http://10.180.1.21:9696/networking/v2.0/subnets 0.190s
2025-04-17 15:43:30.525 69846 INFO tempest.lib.common.rest_client [req-686738da-ac60-4811-af36-a7cf9d7efcd5 req-686738da-ac60-4811-af36-a7cf9d7efcd5 ] Request (ServerDiagnosticsTest:tearDownClass): 200 GET http://10.180.1.21/compute/v2.1/servers/2d5ffd67-779d-44cc-a765-5110d7aa001c 1.242s
2025-04-17 15:43:30.604 69848 INFO tempest.lib.common.rest_client [req-7246ca08-ceea-4c70-bac6-c009c0dbc7fc req-7246ca08-ceea-4c70-bac6-c009c0dbc7fc ] Request (ImagesTestJSON:test_create_image_from_stopped_server): 200 GET http://10.180.1.21/compute/v2.1/servers/81b45160-82b7-4913-9ab3-999d958d94e6 1.278s
2025-04-17 15:43:30.689 69864 INFO tempest.lib.common.rest_client [req-79383179-c033-4326-b481-eec7b32ee08c req-79383179-c033-4326-b481-eec7b32ee08c ] Request (ServerDiskConfigTestJSON:test_rebuild_server_with_auto_disk_config): 200 GET http://10.180.1.21/compute/v2.1/servers/8410457a-eee4-47ad-b7fb-053901fd16e5 1.321s
2025-04-17 15:43:30.795 69890 INFO tempest.lib.common.rest_client [req-aee96731-c189-4acb-8c2c-39bbe7d08814 req-aee96731-c189-4acb-8c2c-39bbe7d08814 ] Request (ServersListShow296Test:test_list_show_update_rebuild_server_296): 200 GET http://10.180.1.21/compute/v2.1/servers/ce8a7015-89cc-4bb5-a57d-cde8981316d4 1.378s
2025-04-17 15:43:30.886 69852 INFO tempest.lib.common.rest_client [req-56c713b0-8fcc-4001-abdb-6a30c04947ba req-56c713b0-8fcc-4001-abdb-6a30c04947ba ] Request (ServerDiagnosticsV248Test:tearDownClass): 200 GET http://10.180.1.21/compute/v2.1/servers/4d540c53-1d58-4f57-b692-f01e80e7b95d 1.445s
2025-04-17 15:43:30.964 69886 INFO tempest.lib.common.rest_client [req-6309707e-55e7-4c39-b8a8-8dd910a30d91 req-6309707e-55e7-4c39-b8a8-8dd910a30d91 ] Request (ServersAdminNegativeTestJSON:test_migrate_server_invalid_state): 200 GET http://10.180.1.21/compute/v2.1/servers/9f52f42b-e316-4b82-bfec-9a21afa9b19f 1.454s
2025-04-17 15:43:30.995 69902 INFO tempest.lib.common.rest_client [req-5c3e075e-e2f4-4c32-9a24-b5a594eee2af req-5c3e075e-e2f4-4c32-9a24-b5a594eee2af ] Request (ServerAddressesNegativeTestJSON:setUpClass): 202 POST http://10.180.1.21/compute/v2.1/servers 1.951s
2025-04-17 15:43:31.023 69876 INFO tempest.lib.common.rest_client [req-eb34858e-02fd-4a2d-9059-d25acd5fb2a8 req-eb34858e-02fd-4a2d-9059-d25acd5fb2a8 ] Request (SecurityGroupRulesNegativeTestJSON:test_create_security_group_rule_with_invalid_to_port): 400 POST http://10.180.1.21/compute/v2.1/os-security-group-rules 1.416s
2025-04-17 15:43:31.090 69896 INFO tempest.lib.common.rest_client [req-be854c10-0ad7-47d4-a048-8dab869ecdfc req-be854c10-0ad7-47d4-a048-8dab869ecdfc ] Request (ServerMetadataNegativeTestJSON:setUpClass): 200 GET http://10.180.1.21/compute/v2.1/servers/71b79e4c-e9bc-46b7-9554-06afa2279ea8 1.388s
2025-04-17 15:43:31.128 69898 INFO tempest.lib.common.rest_client [req-adf8f5e1-658f-4893-93ac-88bf46e29613 req-adf8f5e1-658f-4893-93ac-88bf46e29613 ] Request (ServersAdmin275Test:_run_cleanups): 200 GET http://10.180.1.21/compute/v2.1/servers/5f6a67e7-6678-4797-a41b-823db1b4811d 1.414s
2025-04-17 15:43:31.134 69844 INFO tempest.lib.common.rest_client [req-bf544d00-1866-4f5b-9597-92ad84efe0f0 req-bf544d00-1866-4f5b-9597-92ad84efe0f0 ] Request (AggregatesAdminNegativeTestJSON:test_aggregate_remove_host_as_user): 403 POST http://10.180.1.21/compute/v2.1/os-aggregates/7/action 1.302s
2025-04-17 15:43:31.211 69860 INFO tempest.lib.common.rest_client [req-38f6202e-b451-43df-80df-ab2f27e61a2c req-38f6202e-b451-43df-80df-ab2f27e61a2c ] Request (DeleteServersAdminTestJSON:test_admin_delete_servers_of_others): 200 GET http://10.180.1.21/compute/v2.1/servers/5dd1c283-306f-448f-bdda-2f1400591a25 1.099s
2025-04-17 15:43:31.221 69874 INFO tempest.lib.common.rest_client [req-5d4c3be7-f767-43b9-af93-4109530a832e req-5d4c3be7-f767-43b9-af93-4109530a832e ] Request (FloatingIPDetailsNegativeTestJSON:setUpClass): 201 POST http://10.180.1.21:9696/networking/v2.0/routers 0.731s
2025-04-17 15:43:31.243 69892 INFO tempest.lib.common.rest_client [req-3138852d-9bc2-4871-8eb2-1dd0fbd9840f req-3138852d-9bc2-4871-8eb2-1dd0fbd9840f ] Request (AttachInterfacesUnderV243Test:test_add_remove_fixed_ip): 200 GET http://10.180.1.21/compute/v2.1/servers/05272c59-a663-46cc-bb13-1ef90d5db154 1.470s
2025-04-17 15:43:31.413 69840 INFO tempest.lib.common.rest_client [req-3b714b8e-bc5a-4e6c-a3f1-7aa617b80589 req-3b714b8e-bc5a-4e6c-a3f1-7aa617b80589 ] Request (ServerShowV247Test:test_show_server): 200 GET http://10.180.1.21/compute/v2.1/servers/c97997e0-0d0e-4be1-9ac7-e858f9a4f8b9 1.237s
2025-04-17 15:43:31.485 69882 INFO tempest.lib.common.rest_client [req-356b12b1-c09d-4a6e-b5f1-ad3bed7e1fde req-356b12b1-c09d-4a6e-b5f1-ad3bed7e1fde ] Request (ServicesAdminNegativeTestJSON:test_get_service_by_invalid_params): 200 GET http://10.180.1.21/compute/v2.1/os-services 1.294s
2025-04-17 15:43:31.542 69858 INFO tempest.lib.common.rest_client [req-c31b6cf0-9e47-4158-93f5-c03ea8a044f1 req-c31b6cf0-9e47-4158-93f5-c03ea8a044f1 ] Request (FloatingIPsAssociationTestJSON:setUpClass): 200 GET http://10.180.1.21/compute/v2.1/servers/a14ef9e5-adfd-4020-affc-b25322802b4b 1.376s
2025-04-17 15:43:31.550 69840 INFO tempest.lib.common.rest_client [req-4519e807-6674-40ec-bce0-a05d5e8214c8 req-4519e807-6674-40ec-bce0-a05d5e8214c8 ] Request (ServerShowV247Test:test_update_rebuild_list_server): 201 POST http://10.180.1.21/identity/v3/auth/tokens 0.116s
2025-04-17 15:43:31.551 69840 INFO tempest.lib.common.fixed_network [-] (ServerShowV247Test:test_update_rebuild_list_server) Found network None available for tenant
2025-04-17 15:43:31.563 69866 INFO tempest.lib.common.rest_client [req-3c4fa730-f441-45c7-a826-dc1f85559264 req-3c4fa730-f441-45c7-a826-dc1f85559264 ] Request (FlavorsAdminTestJSON:test_is_public_string_variations): 200 GET http://10.180.1.21/compute/v2.1/flavors/detail?is_public=0 1.185s
2025-04-17 15:43:31.583 69870 INFO tempest.lib.common.rest_client [req-02624a03-a839-4c41-bdde-6bae3605fbfc req-02624a03-a839-4c41-bdde-6bae3605fbfc ] Request (VolumesTestJSON:test_volume_list): 200 GET http://10.180.1.21/compute/v2.1/os-volumes 1.390s
2025-04-17 15:43:31.688 69884 INFO tempest.lib.common.rest_client [req-4e3e1f3b-e009-4db2-8f10-7716d8876944 req-4e3e1f3b-e009-4db2-8f10-7716d8876944 ] Request (FloatingIPsAssociationNegativeTestJSON:setUpClass): 200 GET http://10.180.1.21/compute/v2.1/servers/a59cfdd6-adf9-4a21-aa67-09e5883ac6a8 0.986s
2025-04-17 15:43:31.779 69862 INFO tempest.lib.common.rest_client [req-3fa6255e-b0c3-4a7a-96a7-10669084c36c req-3fa6255e-b0c3-4a7a-96a7-10669084c36c ] Request (ServersWithSpecificFlavorTestJSON:test_verify_created_server_ephemeral_disk): 200 GET http://10.180.1.21/compute/v2.1/servers/bd158f30-b46c-4c67-befb-ca1369ac5b7d 1.001s
2025-04-17 15:43:31.828 69880 WARNING tempest.lib.common.ssh [-] Failed to establish authenticated ssh connection to cirros@10.180.180.183 ([Errno None] Unable to connect to port 22 on 10.180.180.183). Number attempts: 1. Retry after 2 seconds.: paramiko.ssh_exception.NoValidConnectionsError: [Errno None] Unable to connect to port 22 on 10.180.180.183
2025-04-17 15:43:32.088 69902 INFO tempest.lib.common.rest_client [req-3a0fd20e-eacf-46db-a8c8-42a61e84bc71 req-3a0fd20e-eacf-46db-a8c8-42a61e84bc71 ] Request (ServerAddressesNegativeTestJSON:setUpClass): 200 GET http://10.180.1.21/compute/v2.1/servers/dfa943a8-70f0-4eb2-90df-c8b77aa09895 1.091s
2025-04-17 15:43:32.117 69854 INFO tempest.lib.common.rest_client [req-89661a3e-6ac6-4c09-8b58-06e9d34e14b0 req-89661a3e-6ac6-4c09-8b58-06e9d34e14b0 ] Request (MigrationsAdminTest:test_list_migrations_in_flavor_resize_situation): 200 GET http://10.180.1.21/compute/v2.1/servers/fe6f83c3-1aa1-45ee-8b67-141f5674e33a 1.721s
2025-04-17 15:43:32.125 69854 INFO tempest.common.waiters [-] State transition "BUILD/spawning" ==> "ACTIVE/None" after 22 second wait
2025-04-17 15:43:32.139 69876 INFO tempest.lib.common.rest_client [req-85d92271-b1ac-49b2-8eb3-1cbc94ce25ed req-85d92271-b1ac-49b2-8eb3-1cbc94ce25ed ] Request (SecurityGroupRulesNegativeTestJSON:test_create_security_group_rule_with_non_existent_id): 404 POST http://10.180.1.21/compute/v2.1/os-security-group-rules 1.114s
2025-04-17 15:43:32.182 69894 INFO tempest.lib.common.rest_client [req-655b26b3-0cb7-43ea-9e3e-c4484c5ab6fc req-655b26b3-0cb7-43ea-9e3e-c4484c5ab6fc ] Request (ImagesOneServerTestJSON:test_create_delete_image): 200 GET http://10.180.1.21/compute/v2.1/images/470f3a31-cf56-4fb7-b1f7-37e2747af57a 1.064s
2025-04-17 15:43:32.273 69856 INFO tempest.lib.common.rest_client [req-21e2d9cf-a400-4f0b-8013-e6c45d66de28 req-21e2d9cf-a400-4f0b-8013-e6c45d66de28 ] Request (SecurityGroupsTestJSON:setUpClass): 200 PUT http://10.180.1.21:9696/networking/v2.0/routers/354a7600-9b09-43e9-b7fd-cd7395db7dc1/add_router_interface 2.467s
2025-04-17 15:43:32.273 69856 INFO tempest.lib.common.dynamic_creds [-] Created isolated network resources for: credentials: Credentials: {'domain_id': 'default', 'domain_name': 'Default', 'username': 'tempest-SecurityGroupsTestJSON-690237821-project-member', 'project_domain_id': 'default', 'project_domain_name': 'Default', 'project_id': 'cf44b0703d134b609b2ceee0fdaab50d', 'project_name': 'tempest-SecurityGroupsTestJSON-690237821', 'tenant_id': 'cf44b0703d134b609b2ceee0fdaab50d', 'tenant_name': 'tempest-SecurityGroupsTestJSON-690237821', 'user_domain_id': 'default', 'user_domain_name': 'Default', 'user_id': '8a74ce41feeb41a9b289007c3d52c11c', 'system': None}, Network: {'id': 'b6fa6740-03bc-482d-abe3-dcaf2bb3750b', 'name': 'tempest-SecurityGroupsTestJSON-688098419-network', 'tenant_id': 'cf44b0703d134b609b2ceee0fdaab50d', 'admin_state_up': True, 'mtu': 8950, 'status': 'ACTIVE', 'subnets': [], 'shared': False, 'project_id': 'cf44b0703d134b609b2ceee0fdaab50d', 'port_security_enabled': True, 'router:external': False, 'provider:network_type': 'vlan', 'provider:physical_network': 'default', 'provider:segmentation_id': 403, 'availability_zone_hints': [], 'availability_zones': [], 'ipv4_address_scope': None, 'ipv6_address_scope': None, 'description': '', 'tags': [], 'created_at': '2025-04-17T15:43:26Z', 'updated_at': '2025-04-17T15:43:26Z', 'revision_number': 1}, Subnet: {'id': '0db47685-0e6e-4ff5-ba85-86b3e7603d47', 'name': 'tempest-SecurityGroupsTestJSON-688098419-subnet', 'tenant_id': 'cf44b0703d134b609b2ceee0fdaab50d', 'network_id': 'b6fa6740-03bc-482d-abe3-dcaf2bb3750b', 'ip_version': 4, 'subnetpool_id': None, 'enable_dhcp': True, 'ipv6_ra_mode': None, 'ipv6_address_mode': None, 'gateway_ip': '192.168.128.1', 'cidr': '192.168.128.0/28', 'allocation_pools': [{'start': '192.168.128.2', 'end': '192.168.128.14'}], 'host_routes': [], 'dns_nameservers': [], 'description': '', 'router:external': False, 'service_types': [], 'tags': [], 'created_at': '2025-04-17T15:43:26Z', 'updated_at': '2025-04-17T15:43:26Z', 'revision_number': 0, 'project_id': 'cf44b0703d134b609b2ceee0fdaab50d'}, Router: {'id': '354a7600-9b09-43e9-b7fd-cd7395db7dc1', 'name': 'tempest-SecurityGroupsTestJSON-688098419-router', 'tenant_id': 'cf44b0703d134b609b2ceee0fdaab50d', 'admin_state_up': True, 'status': 'ACTIVE', 'external_gateway_info': {'network_id': '8acc5d6e-3945-470a-b6a7-158f5577d717', 'external_fixed_ips': [{'subnet_id': 'ede205ac-d327-4d61-9cd3-bb82bfa99326', 'ip_address': '10.180.180.233'}], 'enable_snat': True}, 'description': '', 'availability_zones': [], 'distributed': False, 'ha': False, 'availability_zone_hints': [], 'routes': [], 'flavor_id': None, 'tags': [], 'created_at': '2025-04-17T15:43:27Z', 'updated_at': '2025-04-17T15:43:28Z', 'revision_number': 2, 'project_id': 'cf44b0703d134b609b2ceee0fdaab50d'}
2025-04-17 15:43:32.296 69842 INFO tempest.lib.common.rest_client [req-4f999696-7949-496c-b9f7-9623d3b3b1de req-4f999696-7949-496c-b9f7-9623d3b3b1de ] Request (VolumesAssistedSnapshotsTest:test_volume_assisted_snapshot_create_delete): 200 GET http://10.180.1.21/compute/v2.1/servers/6d0988fd-8e9f-4f47-98c3-ffba7860a89f 1.217s
2025-04-17 15:43:32.306 69842 INFO tempest.common.waiters [-] State transition "BUILD/spawning" ==> "ACTIVE/None" after 20 second wait
2025-04-17 15:43:32.320 69844 INFO tempest.lib.common.rest_client [req-23d1abf4-0fcd-4dc6-8f8d-e21b37dae736 req-23d1abf4-0fcd-4dc6-8f8d-e21b37dae736 ] Request (AggregatesAdminNegativeTestJSON:_run_cleanups): 200 POST http://10.180.1.21/compute/v2.1/os-aggregates/7/action 1.186s
2025-04-17 15:43:32.368 69888 INFO tempest.lib.common.rest_client [req-bb7544df-82b1-47c5-8c08-d31e14027d27 req-bb7544df-82b1-47c5-8c08-d31e14027d27 ] Request (VolumesAdminNegativeTest:test_update_attached_volume_with_nonexistent_volume_in_body): 200 GET http://10.180.1.21/compute/v2.1/servers/8e3649ec-203a-4b43-bf19-cf1634906ca6 1.075s
2025-04-17 15:43:32.379 69856 INFO tempest.lib.common.rest_client [req-8c7bd2ae-4309-4b0f-af98-761867ef80a0 req-8c7bd2ae-4309-4b0f-af98-761867ef80a0 ] Request (SecurityGroupsTestJSON:setUpClass): 201 POST http://10.180.1.21/identity/v3/auth/tokens 0.101s
2025-04-17 15:43:32.392 69878 INFO tempest.lib.common.rest_client [req-361f5477-06f4-4c88-b6cb-dd1388e5486c req-361f5477-06f4-4c88-b6cb-dd1388e5486c ] Request (ServersAdminTestJSON:setUpClass): 200 GET http://10.180.1.21/compute/v2.1/servers/870967fa-f424-45ff-83bc-9ebb6e7869ae 1.025s
2025-04-17 15:43:32.419 69882 INFO tempest.lib.common.rest_client [req-d840fbc0-3168-42ee-a056-69b9f089c5dc req-d840fbc0-3168-42ee-a056-69b9f089c5dc ] Request (ServicesAdminNegativeTestJSON:test_get_service_by_invalid_params): 200 GET http://10.180.1.21/compute/v2.1/os-services?xxx=nova-compute 0.929s
2025-04-17 15:43:32.426 69850 INFO tempest.lib.common.rest_client [req-2f5ba172-42ac-49b7-96d0-54af01050b05 req-2f5ba172-42ac-49b7-96d0-54af01050b05 ] Request (ServersTestJSON:setUpClass): 200 GET http://10.180.1.21/compute/v2.1/servers/664b9c5e-ba90-40c2-b952-35b83a465052 0.959s
2025-04-17 15:43:32.495 69846 INFO tempest.lib.common.rest_client [req-9b23541b-baec-4cee-b611-6081eb7c2aff req-9b23541b-baec-4cee-b611-6081eb7c2aff ] Request (ServerDiagnosticsTest:tearDownClass): 200 GET http://10.180.1.21/compute/v2.1/servers/2d5ffd67-779d-44cc-a765-5110d7aa001c 0.957s
2025-04-17 15:43:32.503 69846 INFO tempest.common.waiters [-] State transition "ACTIVE/deleting" ==> "DELETED/None" after 6 second wait
2025-04-17 15:43:32.526 69866 INFO tempest.lib.common.rest_client [req-695c5f77-22b4-4413-94da-27ef857ed1a0 req-695c5f77-22b4-4413-94da-27ef857ed1a0 ] Request (FlavorsAdminTestJSON:test_is_public_string_variations): 200 GET http://10.180.1.21/compute/v2.1/flavors/detail?is_public=t 0.956s
2025-04-17 15:43:32.576 69840 INFO tempest.lib.common.rest_client [req-b280b821-508a-4780-8c30-897e8b7de4fb req-b280b821-508a-4780-8c30-897e8b7de4fb ] Request (ServerShowV247Test:test_update_rebuild_list_server): 202 POST http://10.180.1.21/compute/v2.1/servers 1.023s
2025-04-17 15:43:32.594 69870 INFO tempest.lib.common.rest_client [req-5b824c5b-bcd9-43de-9107-a51ad52192ed req-5b824c5b-bcd9-43de-9107-a51ad52192ed ] Request (VolumesTestJSON:test_volume_list_param_limit): 200 GET http://10.180.1.21/compute/v2.1/os-volumes?limit=2 1.006s
2025-04-17 15:43:32.656 69848 INFO tempest.lib.common.rest_client [req-fd89b952-c24d-48ae-a250-537e09c3817d req-fd89b952-c24d-48ae-a250-537e09c3817d ] Request (ImagesTestJSON:test_create_image_from_stopped_server): 200 GET http://10.180.1.21/compute/v2.1/servers/81b45160-82b7-4913-9ab3-999d958d94e6 1.041s
2025-04-17 15:43:32.670 69864 INFO tempest.lib.common.rest_client [req-109f4e9b-c47f-478d-8681-f1d14c983828 req-109f4e9b-c47f-478d-8681-f1d14c983828 ] Request (ServerDiskConfigTestJSON:test_rebuild_server_with_auto_disk_config): 200 GET http://10.180.1.21/compute/v2.1/servers/8410457a-eee4-47ad-b7fb-053901fd16e5 0.965s
2025-04-17 15:43:32.681 69864 INFO tempest.common.waiters [-] State transition "BUILD/scheduling" ==> "BUILD/None" after 12 second wait
2025-04-17 15:43:32.732 69890 INFO tempest.lib.common.rest_client [req-371eed58-c6d8-44b9-83f1-aa798c6efa18 req-371eed58-c6d8-44b9-83f1-aa798c6efa18 ] Request (ServersListShow296Test:test_list_show_update_rebuild_server_296): 200 GET http://10.180.1.21/compute/v2.1/servers/ce8a7015-89cc-4bb5-a57d-cde8981316d4 0.924s
2025-04-17 15:43:32.763 69852 INFO tempest.lib.common.rest_client [req-d834aa17-e022-45f7-9322-a333ca25feee req-d834aa17-e022-45f7-9322-a333ca25feee ] Request (ServerDiagnosticsV248Test:tearDownClass): 200 GET http://10.180.1.21/compute/v2.1/servers/4d540c53-1d58-4f57-b692-f01e80e7b95d 0.864s
2025-04-17 15:43:32.794 69886 INFO tempest.lib.common.rest_client [req-7525072c-cb78-442b-ac1e-bf67f257c142 req-7525072c-cb78-442b-ac1e-bf67f257c142 ] Request (ServersAdminNegativeTestJSON:test_migrate_server_invalid_state): 200 GET http://10.180.1.21/compute/v2.1/servers/9f52f42b-e316-4b82-bfec-9a21afa9b19f 0.821s
2025-04-17 15:43:32.824 69896 INFO tempest.lib.common.rest_client [req-a6d63dfb-4b87-453f-941a-375107aeb46d req-a6d63dfb-4b87-453f-941a-375107aeb46d ] Request (ServerMetadataNegativeTestJSON:setUpClass): 200 GET http://10.180.1.21/compute/v2.1/servers/71b79e4c-e9bc-46b7-9554-06afa2279ea8 0.726s
2025-04-17 15:43:32.933 69898 INFO tempest.lib.common.rest_client [req-15eebcfd-ac85-476f-bec6-913285b5317e req-15eebcfd-ac85-476f-bec6-913285b5317e ] Request (ServersAdmin275Test:_run_cleanups): 200 GET http://10.180.1.21/compute/v2.1/servers/5f6a67e7-6678-4797-a41b-823db1b4811d 0.792s
2025-04-17 15:43:32.946 69898 INFO tempest.common.waiters [-] State transition "REBUILD/rebuilding" ==> "REBUILD/rebuild_block_device_mapping" after 1 second wait
2025-04-17 15:43:32.952 69876 INFO tempest.lib.common.rest_client [req-6a0c0fb7-2bd6-4094-8f67-75e8324b0d9a req-6a0c0fb7-2bd6-4094-8f67-75e8324b0d9a ] Request (SecurityGroupRulesNegativeTestJSON:test_delete_security_group_rule_with_non_existent_id): 404 DELETE http://10.180.1.21/compute/v2.1/os-security-group-rules/aba9cf5f-4f62-4e38-9654-3719079797d5 0.811s
2025-04-17 15:43:33.020 69860 INFO tempest.lib.common.rest_client [req-2f3be946-bd99-4411-9407-0dc5510c906b req-2f3be946-bd99-4411-9407-0dc5510c906b ] Request (DeleteServersAdminTestJSON:test_admin_delete_servers_of_others): 200 GET http://10.180.1.21/compute/v2.1/servers/5dd1c283-306f-448f-bdda-2f1400591a25 0.798s
2025-04-17 15:43:33.041 69854 INFO tempest.lib.common.rest_client [req-10357856-7dea-4636-b267-b18fe1bb5c0e req-10357856-7dea-4636-b267-b18fe1bb5c0e ] Request (MigrationsAdminTest:test_list_migrations_in_flavor_resize_situation): 202 POST http://10.180.1.21/compute/v2.1/servers/fe6f83c3-1aa1-45ee-8b67-141f5674e33a/action 0.916s
2025-04-17 15:43:33.150 69842 INFO tempest.lib.common.rest_client [req-b639065c-9bc2-4d27-81c8-adbfac387f15 req-b639065c-9bc2-4d27-81c8-adbfac387f15 ] Request (VolumesAssistedSnapshotsTest:test_volume_assisted_snapshot_create_delete): 200 GET http://10.180.1.21/compute/v2.1/servers/6d0988fd-8e9f-4f47-98c3-ffba7860a89f/os-interface 0.842s
2025-04-17 15:43:33.185 69844 INFO tempest.lib.common.rest_client [req-f5ae8dee-9d3e-4761-9327-524a80489c2b req-f5ae8dee-9d3e-4761-9327-524a80489c2b ] Request (AggregatesAdminNegativeTestJSON:_run_cleanups): 200 DELETE http://10.180.1.21/compute/v2.1/os-aggregates/7 0.862s
2025-04-17 15:43:33.215 69874 INFO tempest.lib.common.rest_client [req-6d099d18-da72-4d65-9161-c0419f2f83ce req-6d099d18-da72-4d65-9161-c0419f2f83ce ] Request (FloatingIPDetailsNegativeTestJSON:setUpClass): 200 PUT http://10.180.1.21:9696/networking/v2.0/routers/4972bfb6-f5a9-4ba3-a985-7422d489ddd3/add_router_interface 1.993s
2025-04-17 15:43:33.215 69874 INFO tempest.lib.common.dynamic_creds [-] Created isolated network resources for: credentials: Credentials: {'domain_id': 'default', 'domain_name': 'Default', 'username': 'tempest-FloatingIPDetailsNegativeTestJSON-1579987925-project-member', 'project_domain_id': 'default', 'project_domain_name': 'Default', 'project_id': 'c621b399707a41ca884abd1cb95a8104', 'project_name': 'tempest-FloatingIPDetailsNegativeTestJSON-1579987925', 'tenant_id': 'c621b399707a41ca884abd1cb95a8104', 'tenant_name': 'tempest-FloatingIPDetailsNegativeTestJSON-1579987925', 'user_domain_id': 'default', 'user_domain_name': 'Default', 'user_id': 'f993bfc8cabd410f869974c18da4e4a4', 'system': None}, Network: {'id': '67a527eb-4acb-4a1f-bab1-597257c0565a', 'name': 'tempest-FloatingIPDetailsNegativeTestJSON-74830375-network', 'tenant_id': 'c621b399707a41ca884abd1cb95a8104', 'admin_state_up': True, 'mtu': 8950, 'status': 'ACTIVE', 'subnets': [], 'shared': False, 'project_id': 'c621b399707a41ca884abd1cb95a8104', 'port_security_enabled': True, 'router:external': False, 'provider:network_type': 'vlan', 'provider:physical_network': 'default', 'provider:segmentation_id': 227, 'availability_zone_hints': [], 'availability_zones': [], 'ipv4_address_scope': None, 'ipv6_address_scope': None, 'description': '', 'tags': [], 'created_at': '2025-04-17T15:43:30Z', 'updated_at': '2025-04-17T15:43:30Z', 'revision_number': 1}, Subnet: {'id': 'cd25e1e9-5b68-4fee-9cdd-a74f464e4fe4', 'name': 'tempest-FloatingIPDetailsNegativeTestJSON-74830375-subnet', 'tenant_id': 'c621b399707a41ca884abd1cb95a8104', 'network_id': '67a527eb-4acb-4a1f-bab1-597257c0565a', 'ip_version': 4, 'subnetpool_id': None, 'enable_dhcp': True, 'ipv6_ra_mode': None, 'ipv6_address_mode': None, 'gateway_ip': '192.168.128.1', 'cidr': '192.168.128.0/28', 'allocation_pools': [{'start': '192.168.128.2', 'end': '192.168.128.14'}], 'host_routes': [], 'dns_nameservers': [], 'description': '', 'router:external': False, 'service_types': [], 'tags': [], 'created_at': '2025-04-17T15:43:30Z', 'updated_at': '2025-04-17T15:43:30Z', 'revision_number': 0, 'project_id': 'c621b399707a41ca884abd1cb95a8104'}, Router: {'id': '4972bfb6-f5a9-4ba3-a985-7422d489ddd3', 'name': 'tempest-FloatingIPDetailsNegativeTestJSON-74830375-router', 'tenant_id': 'c621b399707a41ca884abd1cb95a8104', 'admin_state_up': True, 'status': 'ACTIVE', 'external_gateway_info': {'network_id': '8acc5d6e-3945-470a-b6a7-158f5577d717', 'external_fixed_ips': [{'subnet_id': 'ede205ac-d327-4d61-9cd3-bb82bfa99326', 'ip_address': '10.180.180.196'}], 'enable_snat': True}, 'description': '', 'availability_zones': [], 'distributed': False, 'ha': False, 'availability_zone_hints': [], 'routes': [], 'flavor_id': None, 'tags': [], 'created_at': '2025-04-17T15:43:30Z', 'updated_at': '2025-04-17T15:43:30Z', 'revision_number': 2, 'project_id': 'c621b399707a41ca884abd1cb95a8104'}
2025-04-17 15:43:33.319 69892 INFO tempest.lib.common.rest_client [req-93133de3-fc5e-442d-9692-0663ce36ab15 req-93133de3-fc5e-442d-9692-0663ce36ab15 ] Request (AttachInterfacesUnderV243Test:test_add_remove_fixed_ip): 200 GET http://10.180.1.21/compute/v2.1/servers/05272c59-a663-46cc-bb13-1ef90d5db154 1.067s
2025-04-17 15:43:33.328 69874 INFO tempest.lib.common.rest_client [req-cabe0a44-f8ad-4f66-b68c-e696510ce145 req-cabe0a44-f8ad-4f66-b68c-e696510ce145 ] Request (FloatingIPDetailsNegativeTestJSON:setUpClass): 201 POST http://10.180.1.21/identity/v3/auth/tokens 0.106s
2025-04-17 15:43:33.349 69882 INFO tempest.lib.common.rest_client [req-d8626907-f5cb-4f42-a79e-759f79b4c440 req-d8626907-f5cb-4f42-a79e-759f79b4c440 ] Request (ServicesAdminNegativeTestJSON:test_get_service_by_invalid_service_and_valid_host): 200 GET http://10.180.1.21/compute/v2.1/os-services 0.927s
2025-04-17 15:43:33.372 69866 INFO tempest.lib.common.rest_client [req-f406aa5c-8b97-4de6-ad99-d6d274a6ebff req-f406aa5c-8b97-4de6-ad99-d6d274a6ebff ] Request (FlavorsAdminTestJSON:test_is_public_string_variations): 200 GET http://10.180.1.21/compute/v2.1/flavors/detail?is_public=true 0.840s
2025-04-17 15:43:33.439 69856 INFO tempest.lib.common.rest_client [req-8bf8be4b-fa8b-4ca7-b252-a4e67be7aa96 req-8bf8be4b-fa8b-4ca7-b252-a4e67be7aa96 ] Request (SecurityGroupsTestJSON:test_list_security_groups_by_server): 200 POST http://10.180.1.21/compute/v2.1/os-security-groups 1.059s
2025-04-17 15:43:33.542 69840 INFO tempest.lib.common.rest_client [req-3be1886d-1ba6-4b66-b081-9098e4e8658d req-3be1886d-1ba6-4b66-b081-9098e4e8658d ] Request (ServerShowV247Test:test_update_rebuild_list_server): 200 PUT http://10.180.1.21/compute/v2.1/servers/660594cc-9add-49ef-bf85-f2b21d827af5 0.965s
2025-04-17 15:43:33.622 69870 INFO tempest.lib.common.rest_client [req-864a4318-d6fa-4c2c-a6b2-1c7d7d76ce28 req-864a4318-d6fa-4c2c-a6b2-1c7d7d76ce28 ] Request (VolumesTestJSON:test_volume_list_param_offset_and_limit): 200 GET http://10.180.1.21/compute/v2.1/os-volumes 1.024s
2025-04-17 15:43:33.631 69858 INFO tempest.lib.common.rest_client [req-fe03147c-2c23-459d-8679-9567329c666b req-fe03147c-2c23-459d-8679-9567329c666b ] Request (FloatingIPsAssociationTestJSON:setUpClass): 200 GET http://10.180.1.21/compute/v2.1/servers/a14ef9e5-adfd-4020-affc-b25322802b4b 1.073s
2025-04-17 15:43:33.704 69884 INFO tempest.lib.common.rest_client [req-f389c616-6c3f-462e-9434-a352c59ca026 req-f389c616-6c3f-462e-9434-a352c59ca026 ] Request (FloatingIPsAssociationNegativeTestJSON:setUpClass): 200 GET http://10.180.1.21/compute/v2.1/servers/a59cfdd6-adf9-4a21-aa67-09e5883ac6a8 1.002s
2025-04-17 15:43:33.731 69862 INFO tempest.lib.common.rest_client [req-bae2b412-93bb-481a-a09d-e015c6c5d057 req-bae2b412-93bb-481a-a09d-e015c6c5d057 ] Request (ServersWithSpecificFlavorTestJSON:test_verify_created_server_ephemeral_disk): 200 GET http://10.180.1.21/compute/v2.1/servers/bd158f30-b46c-4c67-befb-ca1369ac5b7d 0.943s
2025-04-17 15:43:33.892 69854 INFO tempest.lib.common.rest_client [req-fd918c4a-febf-4df1-82e9-f1a579690fca req-fd918c4a-febf-4df1-82e9-f1a579690fca ] Request (MigrationsAdminTest:test_list_migrations_in_flavor_resize_situation): 200 GET http://10.180.1.21/compute/v2.1/servers/fe6f83c3-1aa1-45ee-8b67-141f5674e33a 0.850s
2025-04-17 15:43:33.918 69876 INFO tempest.lib.common.rest_client [req-73d1fc8e-5a28-4917-9645-b3c55b2d27b0 req-73d1fc8e-5a28-4917-9645-b3c55b2d27b0 ] Request (SecurityGroupRulesNegativeTestJSON:tearDownClass): 202 DELETE http://10.180.1.21/compute/v2.1/os-security-groups/1f6bec7a-e9fb-4ed1-bb9b-d8bc7db71937 0.962s
2025-04-17 15:43:33.955 69894 INFO tempest.lib.common.rest_client [req-defa6684-129a-448a-8d10-3e47a5e5f907 req-defa6684-129a-448a-8d10-3e47a5e5f907 ] Request (ImagesOneServerTestJSON:test_create_delete_image): 200 GET http://10.180.1.21/compute/v2.1/images/470f3a31-cf56-4fb7-b1f7-37e2747af57a 0.769s
2025-04-17 15:43:33.962 69902 INFO tempest.lib.common.rest_client [req-d6369af8-0a30-4abd-9537-fb0e93f51f94 req-d6369af8-0a30-4abd-9537-fb0e93f51f94 ] Request (ServerAddressesNegativeTestJSON:setUpClass): 200 GET http://10.180.1.21/compute/v2.1/servers/dfa943a8-70f0-4eb2-90df-c8b77aa09895 0.848s
2025-04-17 15:43:33.988 69844 INFO tempest.lib.common.rest_client [req-c5226959-71a6-46fd-ac92-45befaf89f83 req-c5226959-71a6-46fd-ac92-45befaf89f83 ] Request (AggregatesAdminNegativeTestJSON:test_aggregate_remove_nonexistent_host): 200 POST http://10.180.1.21/compute/v2.1/os-aggregates 0.801s
2025-04-17 15:43:34.006 69882 INFO tempest.lib.common.rest_client [req-a40cc3be-4318-4812-ab09-a54fef9b71ca req-a40cc3be-4318-4812-ab09-a54fef9b71ca ] Request (ServicesAdminNegativeTestJSON:test_get_service_by_invalid_service_and_valid_host): 200 GET http://10.180.1.21/compute/v2.1/os-services?host=devstack&binary=xxx 0.655s
2025-04-17 15:43:34.020 69874 INFO tempest.lib.common.rest_client [req-be966af7-c580-409d-a90e-ecc09358b1b5 req-be966af7-c580-409d-a90e-ecc09358b1b5 ] Request (FloatingIPDetailsNegativeTestJSON:test_get_nonexistent_floating_ip_details): 404 GET http://10.180.1.21/compute/v2.1/os-floating-ips/6dae59b0-5778-42d7-82da-b6f91cb115ed 0.687s
2025-04-17 15:43:34.032 69866 INFO tempest.lib.common.rest_client [req-da38acfc-f105-4083-b5fe-fe08c95027ed req-da38acfc-f105-4083-b5fe-fe08c95027ed ] Request (FlavorsAdminTestJSON:test_is_public_string_variations): 200 GET http://10.180.1.21/compute/v2.1/flavors/detail?is_public=yes 0.654s
2025-04-17 15:43:34.107 69888 INFO tempest.lib.common.rest_client [req-092cb93f-6b81-46bf-83a0-0588ee34a85c req-092cb93f-6b81-46bf-83a0-0588ee34a85c ] Request (VolumesAdminNegativeTest:test_update_attached_volume_with_nonexistent_volume_in_body): 200 GET http://10.180.1.21/compute/v2.1/servers/8e3649ec-203a-4b43-bf19-cf1634906ca6 0.724s
2025-04-17 15:43:34.110 69878 INFO tempest.lib.common.rest_client [req-4730885e-cbe2-4aaf-b19c-d51132a7cb52 req-4730885e-cbe2-4aaf-b19c-d51132a7cb52 ] Request (ServersAdminTestJSON:setUpClass): 200 GET http://10.180.1.21/compute/v2.1/servers/870967fa-f424-45ff-83bc-9ebb6e7869ae 0.710s
2025-04-17 15:43:34.166 69842 INFO tempest.lib.common.rest_client [req-9869cc1b-995d-412a-b597-4674ef21cce5 req-9869cc1b-995d-412a-b597-4674ef21cce5 ] Request (VolumesAssistedSnapshotsTest:test_volume_assisted_snapshot_create_delete): 200 PUT http://10.180.1.21:9696/networking/v2.0/floatingips/1b59ae88-a7e3-47ad-be0d-d91d322f051a 1.009s
2025-04-17 15:43:34.167 69842 INFO tempest.lib.common.ssh [-] Creating ssh connection to '10.180.180.178:22' as 'cirros' with public key authentication
2025-04-17 15:43:34.179 69850 INFO tempest.lib.common.rest_client [req-c079ebb1-cc47-42de-82c3-27b29ecf8299 req-c079ebb1-cc47-42de-82c3-27b29ecf8299 ] Request (ServersTestJSON:setUpClass): 200 GET http://10.180.1.21/compute/v2.1/servers/664b9c5e-ba90-40c2-b952-35b83a465052 0.742s
2025-04-17 15:43:34.257 69846 INFO tempest.lib.common.rest_client [req-766e67cd-a95f-4046-8d48-926d1de72b23 req-766e67cd-a95f-4046-8d48-926d1de72b23 ] Request (ServerDiagnosticsTest:tearDownClass): 200 GET http://10.180.1.21/compute/v2.1/servers/2d5ffd67-779d-44cc-a765-5110d7aa001c 0.751s
2025-04-17 15:43:34.341 69840 INFO tempest.lib.common.rest_client [req-dde6f4c4-ba0f-4720-b517-27c343a3aa3d req-dde6f4c4-ba0f-4720-b517-27c343a3aa3d ] Request (ServerShowV247Test:test_update_rebuild_list_server): 200 GET http://10.180.1.21/compute/v2.1/servers/660594cc-9add-49ef-bf85-f2b21d827af5 0.779s
2025-04-17 15:43:34.356 69856 INFO tempest.lib.common.rest_client [req-ddb85bb5-da29-4680-b162-e6dc0a31d2ac req-ddb85bb5-da29-4680-b162-e6dc0a31d2ac ] Request (SecurityGroupsTestJSON:test_list_security_groups_by_server): 200 POST http://10.180.1.21/compute/v2.1/os-security-groups 0.908s
2025-04-17 15:43:34.393 69870 INFO tempest.lib.common.rest_client [req-1385b605-b2f4-4926-bf02-5a9c98f158b3 req-1385b605-b2f4-4926-bf02-5a9c98f158b3 ] Request (VolumesTestJSON:test_volume_list_param_offset_and_limit): 200 GET http://10.180.1.21/compute/v2.1/os-volumes?offset=1&limit=1 0.763s
2025-04-17 15:43:34.400 69856 INFO tempest.lib.common.rest_client [req-ce6f87d7-1b0d-4a76-801d-d345be497423 req-ce6f87d7-1b0d-4a76-801d-d345be497423 ] Request (SecurityGroupsTestJSON:test_list_security_groups_by_server): 201 POST http://10.180.1.21/identity/v3/auth/tokens 0.035s
2025-04-17 15:43:34.401 69856 INFO tempest.lib.common.fixed_network [-] (SecurityGroupsTestJSON:test_list_security_groups_by_server) Found network {'id': 'b6fa6740-03bc-482d-abe3-dcaf2bb3750b', 'name': 'tempest-SecurityGroupsTestJSON-688098419-network', 'tenant_id': 'cf44b0703d134b609b2ceee0fdaab50d', 'admin_state_up': True, 'mtu': 8950, 'status': 'ACTIVE', 'subnets': [], 'shared': False, 'project_id': 'cf44b0703d134b609b2ceee0fdaab50d', 'port_security_enabled': True, 'router:external': False, 'provider:network_type': 'vlan', 'provider:physical_network': 'default', 'provider:segmentation_id': 403, 'availability_zone_hints': [], 'availability_zones': [], 'ipv4_address_scope': None, 'ipv6_address_scope': None, 'description': '', 'tags': [], 'created_at': '2025-04-17T15:43:26Z', 'updated_at': '2025-04-17T15:43:26Z', 'revision_number': 1} available for tenant
2025-04-17 15:43:34.425 69848 INFO tempest.lib.common.rest_client [req-44b5a329-83a7-4289-ae97-34d78c67cfb8 req-44b5a329-83a7-4289-ae97-34d78c67cfb8 ] Request (ImagesTestJSON:test_create_image_from_stopped_server): 200 GET http://10.180.1.21/compute/v2.1/servers/81b45160-82b7-4913-9ab3-999d958d94e6 0.761s
2025-04-17 15:43:34.455 69864 INFO tempest.lib.common.rest_client [req-08208d16-0b81-48c9-895d-ead8348cd5d4 req-08208d16-0b81-48c9-895d-ead8348cd5d4 ] Request (ServerDiskConfigTestJSON:test_rebuild_server_with_auto_disk_config): 200 GET http://10.180.1.21/compute/v2.1/servers/8410457a-eee4-47ad-b7fb-053901fd16e5 0.773s
2025-04-17 15:43:34.496 69890 INFO tempest.lib.common.rest_client [req-caa2946f-a5e0-41e7-85f8-94aae0b32844 req-caa2946f-a5e0-41e7-85f8-94aae0b32844 ] Request (ServersListShow296Test:test_list_show_update_rebuild_server_296): 200 GET http://10.180.1.21/compute/v2.1/servers/ce8a7015-89cc-4bb5-a57d-cde8981316d4 0.750s
2025-04-17 15:43:34.532 69852 INFO tempest.lib.common.rest_client [req-6aedf1b1-0397-4a3d-9817-54f8f1853178 req-6aedf1b1-0397-4a3d-9817-54f8f1853178 ] Request (ServerDiagnosticsV248Test:tearDownClass): 200 GET http://10.180.1.21/compute/v2.1/servers/4d540c53-1d58-4f57-b692-f01e80e7b95d 0.758s
2025-04-17 15:43:34.561 69886 INFO tempest.lib.common.rest_client [req-09e1f22c-0a97-4750-8f9d-09e005150df3 req-09e1f22c-0a97-4750-8f9d-09e005150df3 ] Request (ServersAdminNegativeTestJSON:test_migrate_server_invalid_state): 200 GET http://10.180.1.21/compute/v2.1/servers/9f52f42b-e316-4b82-bfec-9a21afa9b19f 0.752s
2025-04-17 15:43:34.613 69896 INFO tempest.lib.common.rest_client [req-44f7ed26-d502-4844-9ae3-66cdc3b23541 req-44f7ed26-d502-4844-9ae3-66cdc3b23541 ] Request (ServerMetadataNegativeTestJSON:setUpClass): 200 GET http://10.180.1.21/compute/v2.1/servers/71b79e4c-e9bc-46b7-9554-06afa2279ea8 0.771s
2025-04-17 15:43:34.707 69898 INFO tempest.lib.common.rest_client [req-f70459fc-84fe-4715-a3a5-cb97eeccf227 req-f70459fc-84fe-4715-a3a5-cb97eeccf227 ] Request (ServersAdmin275Test:_run_cleanups): 200 GET http://10.180.1.21/compute/v2.1/servers/5f6a67e7-6678-4797-a41b-823db1b4811d 0.760s
2025-04-17 15:43:34.720 69898 INFO tempest.common.waiters [-] State transition "REBUILD/rebuild_block_device_mapping" ==> "REBUILD/rebuild_spawning" after 3 second wait
2025-04-17 15:43:34.741 69844 INFO tempest.lib.common.rest_client [req-facf6cd7-eeb4-44a0-8fa8-4ca6fbfe5a1f req-facf6cd7-eeb4-44a0-8fa8-4ca6fbfe5a1f ] Request (AggregatesAdminNegativeTestJSON:test_aggregate_remove_nonexistent_host): 404 POST http://10.180.1.21/compute/v2.1/os-aggregates/8/action 0.751s
2025-04-17 15:43:34.758 69876 INFO tempest.lib.common.rest_client [req-8f9ef892-286e-47a9-bb43-145b30ea61be req-8f9ef892-286e-47a9-bb43-145b30ea61be ] Request (SecurityGroupRulesNegativeTestJSON:tearDownClass): 202 DELETE http://10.180.1.21/compute/v2.1/os-security-groups/fb2eeca8-326b-4d26-9f64-dc354d50112c 0.840s
2025-04-17 15:43:34.771 69882 INFO tempest.lib.common.rest_client [req-4c602fad-e50f-4cc9-a302-28a87e328d30 req-4c602fad-e50f-4cc9-a302-28a87e328d30 ] Request (ServicesAdminNegativeTestJSON:test_get_service_with_valid_service_and_invalid_host): 200 GET http://10.180.1.21/compute/v2.1/os-services 0.759s
2025-04-17 15:43:34.799 69866 INFO tempest.lib.common.rest_client [req-336f0c15-4ac1-4297-9ea7-c58980f55941 req-336f0c15-4ac1-4297-9ea7-c58980f55941 ] Request (FlavorsAdminTestJSON:test_is_public_string_variations): 200 GET http://10.180.1.21/compute/v2.1/flavors/detail?is_public=1 0.759s
2025-04-17 15:43:34.836 69860 INFO tempest.lib.common.rest_client [req-105d14d1-0a53-4462-b389-7a9b58deb82a req-105d14d1-0a53-4462-b389-7a9b58deb82a ] Request (DeleteServersAdminTestJSON:test_admin_delete_servers_of_others): 200 GET http://10.180.1.21/compute/v2.1/servers/5dd1c283-306f-448f-bdda-2f1400591a25 0.806s
2025-04-17 15:43:34.883 69870 INFO tempest.lib.common.rest_client [req-2966e084-6cd0-4dcc-9577-f887ca508348 req-2966e084-6cd0-4dcc-9577-f887ca508348 ] Request (VolumesTestJSON:test_volume_list_with_detail_param_limit): 200 GET http://10.180.1.21/compute/v2.1/os-volumes/detail?limit=2 0.485s
2025-04-17 15:43:34.897 69880 WARNING tempest.lib.common.ssh [-] Failed to establish authenticated ssh connection to cirros@10.180.180.183 ([Errno None] Unable to connect to port 22 on 10.180.180.183). Number attempts: 2. Retry after 3 seconds.: paramiko.ssh_exception.NoValidConnectionsError: [Errno None] Unable to connect to port 22 on 10.180.180.183
2025-04-17 15:43:34.978 69892 INFO tempest.lib.common.rest_client [req-574e767a-746e-4f15-af8c-09b01ce09f26 req-574e767a-746e-4f15-af8c-09b01ce09f26 ] Request (AttachInterfacesUnderV243Test:test_add_remove_fixed_ip): 200 GET http://10.180.1.21/compute/v2.1/servers/05272c59-a663-46cc-bb13-1ef90d5db154 0.645s
2025-04-17 15:43:35.151 69858 INFO tempest.lib.common.rest_client [req-33ca0d8c-31d6-43ff-a6ea-5086baedb0a7 req-33ca0d8c-31d6-43ff-a6ea-5086baedb0a7 ] Request (FloatingIPsAssociationTestJSON:setUpClass): 200 GET http://10.180.1.21/compute/v2.1/servers/a14ef9e5-adfd-4020-affc-b25322802b4b 0.507s
2025-04-17 15:43:35.209 69884 INFO tempest.lib.common.rest_client [req-df2c3019-5743-4a75-bb96-92ab1c3f3ce2 req-df2c3019-5743-4a75-bb96-92ab1c3f3ce2 ] Request (FloatingIPsAssociationNegativeTestJSON:setUpClass): 200 GET http://10.180.1.21/compute/v2.1/servers/a59cfdd6-adf9-4a21-aa67-09e5883ac6a8 0.494s
2025-04-17 15:43:35.228 69844 INFO tempest.lib.common.rest_client [req-84fab515-2d5c-4f6a-a03f-4c69f3715276 req-84fab515-2d5c-4f6a-a03f-4c69f3715276 ] Request (AggregatesAdminNegativeTestJSON:_run_cleanups): 200 DELETE http://10.180.1.21/compute/v2.1/os-aggregates/8 0.486s
2025-04-17 15:43:35.239 69874 INFO tempest.lib.common.rest_client [req-299a2fc3-1f2e-40a2-833c-f67020e18f03 req-299a2fc3-1f2e-40a2-833c-f67020e18f03 ] Request (FloatingIPDetailsNegativeTestJSON:tearDownClass): 200 PUT http://10.180.1.21:9696/networking/v2.0/routers/4972bfb6-f5a9-4ba3-a985-7422d489ddd3/remove_router_interface 1.218s
2025-04-17 15:43:35.290 69862 INFO tempest.lib.common.rest_client [req-72a7cf49-76b8-4c31-a727-9065c72b341f req-72a7cf49-76b8-4c31-a727-9065c72b341f ] Request (ServersWithSpecificFlavorTestJSON:test_verify_created_server_ephemeral_disk): 200 GET http://10.180.1.21/compute/v2.1/servers/bd158f30-b46c-4c67-befb-ca1369ac5b7d 0.546s
2025-04-17 15:43:35.380 69844 INFO tempest.lib.common.rest_client [req-ca30f1c1-47a2-4401-9bc1-517b56bd8578 req-ca30f1c1-47a2-4401-9bc1-517b56bd8578 ] Request (AggregatesAdminNegativeTestJSON:tearDownClass): 204 DELETE http://10.180.1.21/identity/v3/users/b3dba8b86f48479f9c46bc8ff5128325 0.151s
2025-04-17 15:43:35.444 69856 INFO tempest.lib.common.rest_client [req-51a044ee-c75b-49dd-9037-1327a7601989 req-51a044ee-c75b-49dd-9037-1327a7601989 ] Request (SecurityGroupsTestJSON:test_list_security_groups_by_server): 202 POST http://10.180.1.21/compute/v2.1/servers 1.043s
2025-04-17 15:43:35.478 69876 INFO tempest.lib.common.rest_client [req-d5829518-2e6a-466c-b408-7f38bcc02f66 req-d5829518-2e6a-466c-b408-7f38bcc02f66 ] Request (SecurityGroupRulesNegativeTestJSON:tearDownClass): 202 DELETE http://10.180.1.21/compute/v2.1/os-security-groups/a24c0dac-6d0e-4202-bbf4-6d9a0ce798eb 0.720s
2025-04-17 15:43:35.483 69882 INFO tempest.lib.common.rest_client [req-a3a0e0fd-e15a-4e0d-a808-37f98c6ec4b5 req-a3a0e0fd-e15a-4e0d-a808-37f98c6ec4b5 ] Request (ServicesAdminNegativeTestJSON:test_get_service_with_valid_service_and_invalid_host): 200 GET http://10.180.1.21/compute/v2.1/os-services?host=xxx&binary=nova-scheduler 0.709s
2025-04-17 15:43:35.498 69844 INFO tempest.lib.common.rest_client [req-cc1d183d-8dbb-4fce-9caf-eb0ec60dd549 req-cc1d183d-8dbb-4fce-9caf-eb0ec60dd549 ] Request (AggregatesAdminNegativeTestJSON:tearDownClass): 204 DELETE http://10.180.1.21/identity/v3/users/3ddc48ddf21544caabea2bec84771546 0.116s
2025-04-17 15:43:35.498 69844 INFO tempest.lib.common.dynamic_creds [-] Deleting project and security group for project: 960cba33dd7840ebae5b21a563db9912
2025-04-17 15:43:35.503 69866 INFO tempest.lib.common.rest_client [req-4405d9ff-4927-4d4c-a366-8281a0740d53 req-4405d9ff-4927-4d4c-a366-8281a0740d53 ] Request (FlavorsAdminTestJSON:_run_cleanups): 202 DELETE http://10.180.1.21/compute/v2.1/flavors/820828243 0.697s
2025-04-17 15:43:35.528 69870 INFO tempest.lib.common.rest_client [req-240524ff-e247-49dc-a72e-c3a0ac4593b5 req-240524ff-e247-49dc-a72e-c3a0ac4593b5 ] Request (VolumesTestJSON:test_volume_list_with_detail_param_offset_and_limit): 200 GET http://10.180.1.21/compute/v2.1/os-volumes/detail 0.640s
2025-04-17 15:43:35.538 69869 WARNING tempest.lib.common.ssh [-] Failed to establish authenticated ssh connection to cirros@10.180.180.202 ([Errno None] Unable to connect to port 22 on 10.180.180.202). Number attempts: 2. Retry after 3 seconds.: paramiko.ssh_exception.NoValidConnectionsError: [Errno None] Unable to connect to port 22 on 10.180.180.202
2025-04-17 15:43:35.578 69894 INFO tempest.lib.common.rest_client [req-95c8af53-4ae3-45e6-a9fd-885051c1890b req-95c8af53-4ae3-45e6-a9fd-885051c1890b ] Request (ImagesOneServerTestJSON:test_create_delete_image): 200 GET http://10.180.1.21/compute/v2.1/images/470f3a31-cf56-4fb7-b1f7-37e2747af57a 0.619s
2025-04-17 15:43:35.585 69844 INFO tempest.lib.common.rest_client [req-d8159871-e9b1-4a57-9fd6-dfcb7e7d40fc req-d8159871-e9b1-4a57-9fd6-dfcb7e7d40fc ] Request (AggregatesAdminNegativeTestJSON:tearDownClass): 201 POST http://10.180.1.21/identity/v3/auth/tokens 0.087s
2025-04-17 15:43:35.669 69902 INFO tempest.lib.common.rest_client [req-e65a35b0-a9dd-4a01-bb2c-bf705ce50738 req-e65a35b0-a9dd-4a01-bb2c-bf705ce50738 ] Request (ServerAddressesNegativeTestJSON:setUpClass): 200 GET http://10.180.1.21/compute/v2.1/servers/dfa943a8-70f0-4eb2-90df-c8b77aa09895 0.698s
2025-04-17 15:43:35.704 69854 INFO tempest.lib.common.rest_client [req-1d2ac8c1-9396-4559-86c1-4c72bff90d0f req-1d2ac8c1-9396-4559-86c1-4c72bff90d0f ] Request (MigrationsAdminTest:test_list_migrations_in_flavor_resize_situation): 200 GET http://10.180.1.21/compute/v2.1/servers/fe6f83c3-1aa1-45ee-8b67-141f5674e33a 0.802s
2025-04-17 15:43:35.735 69874 INFO tempest.lib.common.rest_client [req-a2378946-b4af-4218-879c-0d4eb8c946ee req-a2378946-b4af-4218-879c-0d4eb8c946ee ] Request (FloatingIPDetailsNegativeTestJSON:tearDownClass): 204 DELETE http://10.180.1.21:9696/networking/v2.0/routers/4972bfb6-f5a9-4ba3-a985-7422d489ddd3 0.495s
2025-04-17 15:43:35.748 69888 INFO tempest.lib.common.rest_client [req-5cb19272-3cc2-4f61-8536-63be9480553c req-5cb19272-3cc2-4f61-8536-63be9480553c ] Request (VolumesAdminNegativeTest:test_update_attached_volume_with_nonexistent_volume_in_body): 200 GET http://10.180.1.21/compute/v2.1/servers/8e3649ec-203a-4b43-bf19-cf1634906ca6 0.630s
2025-04-17 15:43:35.778 69878 INFO tempest.lib.common.rest_client [req-6158eacf-f7aa-44c0-882d-ee3825d90cb3 req-6158eacf-f7aa-44c0-882d-ee3825d90cb3 ] Request (ServersAdminTestJSON:setUpClass): 200 GET http://10.180.1.21/compute/v2.1/servers/870967fa-f424-45ff-83bc-9ebb6e7869ae 0.652s
2025-04-17 15:43:35.822 69850 INFO tempest.lib.common.rest_client [req-2470e0bb-24a3-42ef-8559-a246db39a489 req-2470e0bb-24a3-42ef-8559-a246db39a489 ] Request (ServersTestJSON:setUpClass): 200 GET http://10.180.1.21/compute/v2.1/servers/664b9c5e-ba90-40c2-b952-35b83a465052 0.634s
2025-04-17 15:43:35.840 69874 INFO tempest.lib.common.rest_client [req-753f4d7f-f438-4866-b404-04e856f4e2ad req-753f4d7f-f438-4866-b404-04e856f4e2ad ] Request (FloatingIPDetailsNegativeTestJSON:tearDownClass): 204 DELETE http://10.180.1.21:9696/networking/v2.0/subnets/cd25e1e9-5b68-4fee-9cdd-a74f464e4fe4 0.104s
2025-04-17 15:43:35.855 69846 INFO tempest.lib.common.rest_client [req-1e741dd1-dcbb-4989-ac3a-45b277828f85 req-1e741dd1-dcbb-4989-ac3a-45b277828f85 ] Request (ServerDiagnosticsTest:tearDownClass): 200 GET http://10.180.1.21/compute/v2.1/servers/2d5ffd67-779d-44cc-a765-5110d7aa001c 0.586s
2025-04-17 15:43:35.902 69840 INFO tempest.lib.common.rest_client [req-5af70cb8-70ba-4907-92ff-88f191835f48 req-5af70cb8-70ba-4907-92ff-88f191835f48 ] Request (ServerShowV247Test:test_update_rebuild_list_server): 200 GET http://10.180.1.21/compute/v2.1/servers/660594cc-9add-49ef-bf85-f2b21d827af5 0.546s
