2025-04-22 06:10:13.542 69545 INFO tempest.lib.common.rest_client [req-5a76a457-36e4-4f79-99a8-a36606bbd872 req-5a76a457-36e4-4f79-99a8-a36606bbd872 ] Request (ServersListShow296Test:tearDownClass): 200 GET http://10.180.1.21/compute/v2.1/servers/d4d10cca-3c1b-4b7e-a292-22c94b4df23c 0.187s
2025-04-22 06:10:13.558 69551 INFO tempest.lib.common.rest_client [req-52bd24d7-26ca-4bf6-80a1-c49cb4c250ce req-52bd24d7-26ca-4bf6-80a1-c49cb4c250ce ] Request (ServerGroup264TestJSON:test_create_get_server_group): 200 GET http://10.180.1.21/compute/v2.1/os-server-groups 0.177s
2025-04-22 06:10:13.591 69557 INFO tempest.lib.common.rest_client [req-2bb4d975-24a7-4876-a2ec-cc8fc86982d2 req-2bb4d975-24a7-4876-a2ec-cc8fc86982d2 ] Request (ListServerFiltersTestJSON:setUpClass): 200 GET http://10.180.1.21/compute/v2.1/servers/4c225cf9-7bf1-4e65-b0a3-866faaae9203 0.209s
2025-04-22 06:10:13.609 69519 INFO tempest.lib.common.rest_client [req-4f86b703-2bf1-4745-b14a-70a0c9d6971d req-4f86b703-2bf1-4745-b14a-70a0c9d6971d ] Request (ServersTestJSON:test_create_server_specify_multibyte_character_name): 200 GET http://10.180.1.21/compute/v2.1/servers/d4c5a32a-fcfc-4618-bdfd-3fe922c999df 0.170s
2025-04-22 06:10:13.677 69523 INFO tempest.lib.common.rest_client [req-35bd9885-f791-43eb-b71a-d8185be0873f req-35bd9885-f791-43eb-b71a-d8185be0873f ] Request (ServersTestMultiNic:setUpClass): 201 POST http://10.180.1.21:9696/networking/v2.0/subnets 0.210s
2025-04-22 06:10:13.690 69515 INFO tempest.lib.common.rest_client [req-e2f52127-af54-4f01-b3db-a738ef5155a8 req-e2f52127-af54-4f01-b3db-a738ef5155a8 ] Request (ServersAdminNegativeTestJSON:test_resize_server_using_overlimit_vcpus): 403 POST http://10.180.1.21/compute/v2.1/servers/65ae2509-68d5-4d9b-ab39-610837fd2029/action 0.159s
2025-04-22 06:10:13.708 69551 INFO tempest.lib.common.rest_client [req-69c320ec-c344-4b75-b860-461ace49eaf8 req-69c320ec-c344-4b75-b860-461ace49eaf8 ] Request (ServerGroup264TestJSON:test_create_get_server_group): 200 GET http://10.180.1.21/compute/v2.1/os-server-groups/7ad7d296-7f50-42aa-800f-10638bcb5864 0.149s
2025-04-22 06:10:13.715 69561 INFO tempest.lib.common.rest_client [req-52923511-4102-4364-ab8d-1d0f9e120da9 req-52923511-4102-4364-ab8d-1d0f9e120da9 ] Request (ImagesOneServerTestJSON:tearDownClass): 200 GET http://10.180.1.21/compute/v2.1/servers/3a89835b-0e9c-4c4f-bbea-7756af513133 0.188s
2025-04-22 06:10:13.771 69533 INFO tempest.lib.common.rest_client [req-9970dd79-334e-40f7-97c1-794215f1c25f req-9970dd79-334e-40f7-97c1-794215f1c25f ] Request (ServersAdminTestJSON:setUpClass): 200 GET http://10.180.1.21/compute/v2.1/servers/63a46af9-eed9-49cb-891c-44005250d16c 0.129s
2025-04-22 06:10:13.822 69559 INFO tempest.lib.common.rest_client [req-90260a9b-9f18-4c20-bc46-16e0ead4011d req-90260a9b-9f18-4c20-bc46-16e0ead4011d ] Request (ServerActionsTestJSON:setUpClass): 200 GET http://10.180.1.21/compute/v2.1/servers/0b64c1a2-e44d-4cc0-b842-155f31549f41 0.133s
2025-04-22 06:10:13.833 69541 WARNING tempest.lib.common.ssh [-] Failed to establish authenticated ssh connection to cirros@10.180.180.231 ([Errno None] Unable to connect to port 22 on 10.180.180.231). Number attempts: 4. Retry after 5 seconds.: paramiko.ssh_exception.NoValidConnectionsError: [Errno None] Unable to connect to port 22 on 10.180.180.231
2025-04-22 06:10:13.845 69515 INFO tempest.lib.common.rest_client [req-d51ee47e-317c-49b5-a1bb-e2edd4661b0d req-d51ee47e-317c-49b5-a1bb-e2edd4661b0d ] Request (ServersAdminNegativeTestJSON:_run_cleanups): 202 DELETE http://10.180.1.21/compute/v2.1/flavors/1340749073 0.155s
2025-04-22 06:10:13.865 69569 INFO tempest.lib.common.rest_client [req-4df14bd4-c831-4130-b01c-ce7d8fa48a81 req-4df14bd4-c831-4130-b01c-ce7d8fa48a81 ] Request (ServerRescueTestJSON:setUpClass): 200 GET http://10.180.1.21/compute/v2.1/servers/ad52c9c1-5738-4fb5-9d8e-add1d0b8a497 0.219s
2025-04-22 06:10:13.880 69551 INFO tempest.lib.common.rest_client [req-3ede0bcd-acb8-4d3d-a327-2cf9c9520b68 req-3ede0bcd-acb8-4d3d-a327-2cf9c9520b68 ] Request (ServerGroup264TestJSON:_run_cleanups): 204 DELETE http://10.180.1.21/compute/v2.1/os-server-groups/7ad7d296-7f50-42aa-800f-10638bcb5864 0.169s
2025-04-22 06:10:13.942 69517 INFO tempest.lib.common.rest_client [req-c8ecea4c-1cec-4d88-bb60-e950ec7a35f7 req-c8ecea4c-1cec-4d88-bb60-e950ec7a35f7 ] Request (VolumesAdminNegativeTest:test_update_attached_volume_with_nonexistent_volume_in_body): 200 GET http://10.180.1.21/compute/v2.1/servers/6e4e5b96-e86c-4901-8c87-a70f0da92cfe 0.175s
2025-04-22 06:10:14.015 69565 INFO tempest.lib.common.rest_client [req-0c858cdd-f4c6-4874-a138-848fd47a7b15 req-0c858cdd-f4c6-4874-a138-848fd47a7b15 ] Request (InstanceActionsV221TestJSON:test_get_list_deleted_instance_actions): 200 GET http://10.180.1.21/compute/v2.1/servers/cab205ab-e9d5-4381-8bf4-53fc516add07 0.179s
2025-04-22 06:10:14.070 69567 INFO tempest.lib.common.rest_client [req-51f4662e-faf6-4bc8-b7ee-d4378806c0c5 req-51f4662e-faf6-4bc8-b7ee-d4378806c0c5 ] Request (FloatingIPsAssociationTestJSON:test_associate_already_associated_floating_ip): 200 GET http://10.180.1.21/compute/v2.1/servers/9221ffc3-bfa5-45c9-9c46-dcd2f18ef77d 0.227s
2025-04-22 06:10:14.094 69515 INFO tempest.lib.common.rest_client [req-ddfaa967-277b-4e0d-a2ec-606158eb4a49 req-ddfaa967-277b-4e0d-a2ec-606158eb4a49 ] Request (ServersAdminNegativeTestJSON:_run_cleanups): 200 GET http://10.180.1.21/compute/v2.1/flavors/detail 0.248s
2025-04-22 06:10:14.107 69551 INFO tempest.lib.common.rest_client [req-6bfdb58c-e99b-4bfb-9652-c7ab634d21b2 req-6bfdb58c-e99b-4bfb-9652-c7ab634d21b2 ] Request (ServerGroup264TestJSON:tearDownClass): 404 DELETE http://10.180.1.21/compute/v2.1/os-server-groups/7ad7d296-7f50-42aa-800f-10638bcb5864 0.226s
2025-04-22 06:10:14.173 69574 INFO tempest.lib.common.rest_client [req-c05c86c1-2e04-42a1-99b2-cbcea86a13d2 req-c05c86c1-2e04-42a1-99b2-cbcea86a13d2 ] Request (DeleteServersTestJSON:test_delete_server_while_in_attached_volume): 200 GET http://10.180.1.21/compute/v2.1/servers/e0d5c75a-5391-4a10-af02-07b3f3223e79 0.262s
2025-04-22 06:10:14.244 69573 INFO tempest.lib.common.rest_client [req-ca282d2f-a71e-403c-822d-610901006991 req-ca282d2f-a71e-403c-822d-610901006991 ] Request (ServersTestFqdnHostnames:test_create_server_with_fqdn_name): 200 GET http://10.180.1.21/compute/v2.1/servers/c8c633c1-47dc-4ea5-9909-cd784a0b6d26 0.266s
2025-04-22 06:10:14.305 69543 INFO tempest.lib.common.rest_client [req-ef705052-017e-4835-8fd0-10c6cefbdafc req-ef705052-017e-4835-8fd0-10c6cefbdafc ] Request (MigrationsAdminTest:test_list_migrations_in_flavor_resize_situation): 200 GET http://10.180.1.21/compute/v2.1/servers/64068cef-b827-484b-b713-3751fcdc2786 0.519s
2025-04-22 06:10:14.324 69576 INFO tempest.lib.common.rest_client [req-f08bfc9d-e721-4869-b2b2-20e71e522412 req-f08bfc9d-e721-4869-b2b2-20e71e522412 ] Request (AttachInterfacesV270Test:test_create_get_list_interfaces): 200 GET http://10.180.1.21/compute/v2.1/servers/8ed222f5-08f0-4575-a173-3f53f710fd1f 0.285s
2025-04-22 06:10:14.353 69515 INFO tempest.lib.common.rest_client [req-0be6b773-aee9-4e65-8d7f-ac5d05388d55 req-0be6b773-aee9-4e65-8d7f-ac5d05388d55 ] Request (ServersAdminNegativeTestJSON:test_restore_server_invalid_state): 409 POST http://10.180.1.21/compute/v2.1/servers/65ae2509-68d5-4d9b-ab39-610837fd2029/action 0.254s
2025-04-22 06:10:14.357 69535 INFO tempest.lib.common.rest_client [req-6abe6e16-ca52-47fc-98be-4f46de25b2fe req-6abe6e16-ca52-47fc-98be-4f46de25b2fe ] Request (MultipleCreateTestJSON:test_multiple_create): 200 GET http://10.180.1.21/compute/v2.1/servers/7815b057-b31b-482b-8bd3-ee77c04719ac 0.309s
2025-04-22 06:10:14.415 69527 INFO tempest.lib.common.rest_client [req-e1a70bb5-9b91-4653-9d2c-813be0057da6 req-e1a70bb5-9b91-4653-9d2c-813be0057da6 ] Request (ServerPasswordTestJSON:setUpClass): 200 GET http://10.180.1.21/compute/v2.1/servers/a0db66d9-da08-4192-8748-1a43b1f870cd 0.302s
2025-04-22 06:10:14.432 69531 INFO tempest.lib.common.rest_client [req-5ac5bccc-f143-425a-8d15-8859281400c8 req-5ac5bccc-f143-425a-8d15-8859281400c8 ] Request (ServerShowV254Test:tearDownClass): 200 GET http://10.180.1.21/compute/v2.1/servers/316cbf59-a55e-4d7f-abbb-43fd8bc2cc6b 0.269s
2025-04-22 06:10:14.505 69547 INFO tempest.lib.common.rest_client [req-901fbd3d-c6f6-46e8-91e3-a12c159e275d req-901fbd3d-c6f6-46e8-91e3-a12c159e275d ] Request (ServersAaction247Test:tearDownClass): 200 GET http://10.180.1.21/compute/v2.1/servers/cba58e16-e4d8-4a3b-bc12-1ca7b1be1f27 0.260s
2025-04-22 06:10:14.594 69529 INFO tempest.lib.common.rest_client [req-34bc5dcb-da5f-4be2-bc47-8819615ce3be req-34bc5dcb-da5f-4be2-bc47-8819615ce3be ] Request (ImagesOneServerNegativeTestJSON:_run_cleanups): 200 GET http://10.180.1.21/compute/v2.1/servers/500e1b0a-5ce5-4664-916d-09ab8b45c5c8 0.347s
2025-04-22 06:10:14.654 69513 INFO tempest.lib.common.rest_client [req-392ce768-796f-4b8b-b601-a16082e1069d req-392ce768-796f-4b8b-b601-a16082e1069d ] Request (ServerDiskConfigTestJSON:test_rebuild_server_with_auto_disk_config): 200 GET http://10.180.1.21/compute/v2.1/servers/9a8894fc-2623-4760-be9b-8884b50781eb 0.359s
2025-04-22 06:10:14.696 69537 INFO tempest.lib.common.rest_client [req-9afff17c-bd51-4b2b-8526-794353152d24 req-9afff17c-bd51-4b2b-8526-794353152d24 ] Request (TenantUsagesTestJSON:setUpClass): 200 GET http://10.180.1.21/compute/v2.1/servers/4e36d628-5f9b-46ff-aafc-8768db9cf0dc 0.517s
2025-04-22 06:10:14.739 69515 INFO tempest.lib.common.rest_client [req-9f088dcb-dfe2-494e-ae11-68815cf06a0e req-9f088dcb-dfe2-494e-ae11-68815cf06a0e ] Request (ServersAdminNegativeTestJSON:tearDownClass): 204 DELETE http://10.180.1.21/compute/v2.1/servers/437dd76d-4ce5-440d-8683-23c847f39e29 0.383s
2025-04-22 06:10:14.787 69525 INFO tempest.lib.common.rest_client [req-06c28d22-e663-4a6a-88ae-717f62eb9068 req-06c28d22-e663-4a6a-88ae-717f62eb9068 ] Request (ServerExternalEventsTest:tearDownClass): 200 GET http://10.180.1.21/compute/v2.1/servers/f3f8d8e7-a0b9-4f16-8f83-3bcbbcddfd33 0.364s
2025-04-22 06:10:14.800 69553 INFO tempest.lib.common.rest_client [req-6e637ead-3dba-4325-9c59-87e52da7cabc req-6e637ead-3dba-4325-9c59-87e52da7cabc ] Request (DeleteServersAdminTestJSON:test_delete_server_while_in_error_state): 200 GET http://10.180.1.21/compute/v2.1/servers/3038b304-bcfa-40a6-abf6-c00e8fc2d661 0.360s
2025-04-22 06:10:14.867 69555 INFO tempest.lib.common.rest_client [req-73d8e507-ddec-457b-80ff-25d018c4c87d req-73d8e507-ddec-457b-80ff-25d018c4c87d ] Request (ServersTestJSON:tearDownClass): 200 GET http://10.180.1.21/compute/v2.1/servers/26936d13-a3f7-4c52-8aa4-c46534af243b 0.377s
2025-04-22 06:10:14.881 69521 INFO tempest.lib.common.rest_client [req-9b9b6d17-a84a-4983-aedd-f6996fc4ddf9 req-9b9b6d17-a84a-4983-aedd-f6996fc4ddf9 ] Request (ServersAdmin275Test:tearDownClass): 200 GET http://10.180.1.21/compute/v2.1/servers/debd9dcf-05da-400c-aa51-474e90036b8f 0.357s
2025-04-22 06:10:14.982 69545 INFO tempest.lib.common.rest_client [req-4a345198-be9a-4f42-87dc-a4824c935fc3 req-4a345198-be9a-4f42-87dc-a4824c935fc3 ] Request (ServersListShow296Test:tearDownClass): 200 GET http://10.180.1.21/compute/v2.1/servers/d4d10cca-3c1b-4b7e-a292-22c94b4df23c 0.424s
2025-04-22 06:10:15.012 69523 INFO tempest.lib.common.rest_client [req-dad8ebe9-db48-4773-b423-66109495e7ea req-dad8ebe9-db48-4773-b423-66109495e7ea ] Request (ServersTestMultiNic:setUpClass): 201 POST http://10.180.1.21:9696/networking/v2.0/routers 1.335s
2025-04-22 06:10:15.048 69519 INFO tempest.lib.common.rest_client [req-290a837e-ac10-4369-ac62-7387ee4a9c32 req-290a837e-ac10-4369-ac62-7387ee4a9c32 ] Request (ServersTestJSON:test_create_server_specify_multibyte_character_name): 200 GET http://10.180.1.21/compute/v2.1/servers/d4c5a32a-fcfc-4618-bdfd-3fe922c999df 0.431s
2025-04-22 06:10:15.082 69557 INFO tempest.lib.common.rest_client [req-de0cc613-cb43-499a-a7e1-443cc9ac8cc3 req-de0cc613-cb43-499a-a7e1-443cc9ac8cc3 ] Request (ListServerFiltersTestJSON:setUpClass): 200 GET http://10.180.1.21/compute/v2.1/servers/4c225cf9-7bf1-4e65-b0a3-866faaae9203 0.484s
2025-04-22 06:10:15.098 69557 INFO tempest.common.waiters [-] State transition "BUILD/None" ==> "BUILD/networking" after 38 second wait
2025-04-22 06:10:15.199 69561 INFO tempest.lib.common.rest_client [req-01214bf5-ee67-4738-a14a-6c8344b74fc7 req-01214bf5-ee67-4738-a14a-6c8344b74fc7 ] Request (ImagesOneServerTestJSON:tearDownClass): 200 GET http://10.180.1.21/compute/v2.1/servers/3a89835b-0e9c-4c4f-bbea-7756af513133 0.474s
2025-04-22 06:10:15.208 69561 INFO tempest.common.waiters [-] State transition "ACTIVE/deleting" ==> "DELETED/None" after 4 second wait
2025-04-22 06:10:15.261 69533 INFO tempest.lib.common.rest_client [req-36cd45f4-4c58-44ed-8d93-6375ad243563 req-36cd45f4-4c58-44ed-8d93-6375ad243563 ] Request (ServersAdminTestJSON:setUpClass): 200 GET http://10.180.1.21/compute/v2.1/servers/63a46af9-eed9-49cb-891c-44005250d16c 0.481s
2025-04-22 06:10:15.282 69515 INFO tempest.lib.common.rest_client [req-54c106b3-1edf-4736-a787-8f0d58894599 req-54c106b3-1edf-4736-a787-8f0d58894599 ] Request (ServersAdminNegativeTestJSON:tearDownClass): 200 GET http://10.180.1.21/compute/v2.1/servers/437dd76d-4ce5-440d-8683-23c847f39e29 0.543s
2025-04-22 06:10:15.341 69559 INFO tempest.lib.common.rest_client [req-64fed829-3325-4d2b-90b7-beb41b3f8fc6 req-64fed829-3325-4d2b-90b7-beb41b3f8fc6 ] Request (ServerActionsTestJSON:setUpClass): 200 GET http://10.180.1.21/compute/v2.1/servers/0b64c1a2-e44d-4cc0-b842-155f31549f41 0.505s
2025-04-22 06:10:15.400 69517 INFO tempest.lib.common.rest_client [req-647820b7-9976-40e5-a85c-7e9f1bec2369 req-647820b7-9976-40e5-a85c-7e9f1bec2369 ] Request (VolumesAdminNegativeTest:test_update_attached_volume_with_nonexistent_volume_in_body): 200 GET http://10.180.1.21/compute/v2.1/servers/6e4e5b96-e86c-4901-8c87-a70f0da92cfe 0.446s
2025-04-22 06:10:15.411 69551 INFO tempest.lib.common.rest_client [req-2180775e-9ad4-4096-9f53-f928e4003db2 req-2180775e-9ad4-4096-9f53-f928e4003db2 ] Request (ServerGroup264TestJSON:tearDownClass): 200 PUT http://10.180.1.21:9696/networking/v2.0/routers/cab67c2d-d4c6-4135-8aba-7dfef1e352e6/remove_router_interface 1.304s
2025-04-22 06:10:15.464 69565 INFO tempest.lib.common.rest_client [req-f9051de3-fc68-431b-b0ff-9bf39a6c8842 req-f9051de3-fc68-431b-b0ff-9bf39a6c8842 ] Request (InstanceActionsV221TestJSON:test_get_list_deleted_instance_actions): 200 GET http://10.180.1.21/compute/v2.1/servers/cab205ab-e9d5-4381-8bf4-53fc516add07 0.438s
2025-04-22 06:10:15.516 69569 INFO tempest.lib.common.rest_client [req-f3a2a56f-bc48-4c1c-a02f-21dc3481baf6 req-f3a2a56f-bc48-4c1c-a02f-21dc3481baf6 ] Request (ServerRescueTestJSON:setUpClass): 200 GET http://10.180.1.21/compute/v2.1/servers/ad52c9c1-5738-4fb5-9d8e-add1d0b8a497 0.640s
2025-04-22 06:10:15.532 69567 INFO tempest.lib.common.rest_client [req-66cf5855-b9b3-43a6-b47f-42fe74fdf421 req-66cf5855-b9b3-43a6-b47f-42fe74fdf421 ] Request (FloatingIPsAssociationTestJSON:test_associate_already_associated_floating_ip): 200 GET http://10.180.1.21/compute/v2.1/servers/9221ffc3-bfa5-45c9-9c46-dcd2f18ef77d 0.452s
2025-04-22 06:10:15.605 69574 INFO tempest.lib.common.rest_client [req-a4696875-5a0e-4738-adca-1a8a36fa7c8e req-a4696875-5a0e-4738-adca-1a8a36fa7c8e ] Request (DeleteServersTestJSON:test_delete_server_while_in_attached_volume): 200 GET http://10.180.1.21/compute/v2.1/servers/e0d5c75a-5391-4a10-af02-07b3f3223e79 0.424s
2025-04-22 06:10:15.618 69573 INFO tempest.lib.common.rest_client [req-9662badd-e16d-426b-80f0-2a7c8e9c61e2 req-9662badd-e16d-426b-80f0-2a7c8e9c61e2 ] Request (ServersTestFqdnHostnames:test_create_server_with_fqdn_name): 200 GET http://10.180.1.21/compute/v2.1/servers/c8c633c1-47dc-4ea5-9909-cd784a0b6d26 0.364s
2025-04-22 06:10:15.684 69576 INFO tempest.lib.common.rest_client [req-80c01a4a-dcb0-47b6-8fff-f8d381eb9f3f req-80c01a4a-dcb0-47b6-8fff-f8d381eb9f3f ] Request (AttachInterfacesV270Test:test_create_get_list_interfaces): 200 GET http://10.180.1.21/compute/v2.1/servers/8ed222f5-08f0-4575-a173-3f53f710fd1f 0.350s
2025-04-22 06:10:15.729 69543 INFO tempest.lib.common.rest_client [req-0f7940d4-e100-49f8-b610-eabdf1813228 req-0f7940d4-e100-49f8-b610-eabdf1813228 ] Request (MigrationsAdminTest:test_list_migrations_in_flavor_resize_situation): 200 GET http://10.180.1.21/compute/v2.1/servers/64068cef-b827-484b-b713-3751fcdc2786 0.412s
2025-04-22 06:10:15.737 69535 INFO tempest.lib.common.rest_client [req-19b12a5a-7c89-4fcf-ba99-69ee535ca2d2 req-19b12a5a-7c89-4fcf-ba99-69ee535ca2d2 ] Request (MultipleCreateTestJSON:test_multiple_create): 200 GET http://10.180.1.21/compute/v2.1/servers/7815b057-b31b-482b-8bd3-ee77c04719ac 0.372s
2025-04-22 06:10:15.790 69527 INFO tempest.lib.common.rest_client [req-c9ea7040-8257-47a1-b761-169375ee1e98 req-c9ea7040-8257-47a1-b761-169375ee1e98 ] Request (ServerPasswordTestJSON:setUpClass): 200 GET http://10.180.1.21/compute/v2.1/servers/a0db66d9-da08-4192-8748-1a43b1f870cd 0.361s
2025-04-22 06:10:15.815 69531 INFO tempest.lib.common.rest_client [req-03722512-346e-4742-9d6d-1acb08139c30 req-03722512-346e-4742-9d6d-1acb08139c30 ] Request (ServerShowV254Test:tearDownClass): 200 GET http://10.180.1.21/compute/v2.1/servers/316cbf59-a55e-4d7f-abbb-43fd8bc2cc6b 0.370s
2025-04-22 06:10:15.859 69547 INFO tempest.lib.common.rest_client [req-73e51e03-c0a9-4924-af6d-380102bdda83 req-73e51e03-c0a9-4924-af6d-380102bdda83 ] Request (ServersAaction247Test:tearDownClass): 200 GET http://10.180.1.21/compute/v2.1/servers/cba58e16-e4d8-4a3b-bc12-1ca7b1be1f27 0.341s
2025-04-22 06:10:15.887 69529 INFO tempest.lib.common.rest_client [req-f6e6c5d6-352f-4ae5-bd01-f864c084ab1e req-f6e6c5d6-352f-4ae5-bd01-f864c084ab1e ] Request (ImagesOneServerNegativeTestJSON:_run_cleanups): 200 GET http://10.180.1.21/compute/v2.1/servers/500e1b0a-5ce5-4664-916d-09ab8b45c5c8 0.285s
2025-04-22 06:10:15.928 69513 INFO tempest.lib.common.rest_client [req-4ba1c0ee-081d-4f29-ade0-093e606aa802 req-4ba1c0ee-081d-4f29-ade0-093e606aa802 ] Request (ServerDiskConfigTestJSON:test_rebuild_server_with_auto_disk_config): 200 GET http://10.180.1.21/compute/v2.1/servers/9a8894fc-2623-4760-be9b-8884b50781eb 0.262s
2025-04-22 06:10:15.942 69537 INFO tempest.lib.common.rest_client [req-b170aaa5-7b52-4d53-a5e0-0dc188141665 req-b170aaa5-7b52-4d53-a5e0-0dc188141665 ] Request (TenantUsagesTestJSON:setUpClass): 200 GET http://10.180.1.21/compute/v2.1/servers/4e36d628-5f9b-46ff-aafc-8768db9cf0dc 0.231s
2025-04-22 06:10:15.987 69551 INFO tempest.lib.common.rest_client [req-cdcf17ad-406a-4d08-9c5c-ac0a45efcfff req-cdcf17ad-406a-4d08-9c5c-ac0a45efcfff ] Request (ServerGroup264TestJSON:tearDownClass): 204 DELETE http://10.180.1.21:9696/networking/v2.0/routers/cab67c2d-d4c6-4135-8aba-7dfef1e352e6 0.575s
2025-04-22 06:10:15.988 69525 INFO tempest.lib.common.rest_client [req-c339a216-8fcc-4e85-8da8-eff83839b9c1 req-c339a216-8fcc-4e85-8da8-eff83839b9c1 ] Request (ServerExternalEventsTest:tearDownClass): 200 GET http://10.180.1.21/compute/v2.1/servers/f3f8d8e7-a0b9-4f16-8f83-3bcbbcddfd33 0.183s
2025-04-22 06:10:15.995 69553 INFO tempest.lib.common.rest_client [req-008b7d24-28f5-4edf-94e6-e10071725588 req-008b7d24-28f5-4edf-94e6-e10071725588 ] Request (DeleteServersAdminTestJSON:test_delete_server_while_in_error_state): 200 GET http://10.180.1.21/compute/v2.1/servers/3038b304-bcfa-40a6-abf6-c00e8fc2d661 0.184s
2025-04-22 06:10:16.062 69555 INFO tempest.lib.common.rest_client [req-65e24602-a620-4a7a-9eba-8b198ca3a4da req-65e24602-a620-4a7a-9eba-8b198ca3a4da ] Request (ServersTestJSON:tearDownClass): 200 GET http://10.180.1.21/compute/v2.1/servers/26936d13-a3f7-4c52-8aa4-c46534af243b 0.185s
2025-04-22 06:10:16.077 69521 INFO tempest.lib.common.rest_client [req-9549a4ed-c31c-4060-b8e2-a99f73dfb18a req-9549a4ed-c31c-4060-b8e2-a99f73dfb18a ] Request (ServersAdmin275Test:tearDownClass): 200 GET http://10.180.1.21/compute/v2.1/servers/debd9dcf-05da-400c-aa51-474e90036b8f 0.182s
2025-04-22 06:10:16.142 69519 INFO tempest.lib.common.rest_client [req-554de4bb-7613-4e4a-b56d-0ce84273a998 req-554de4bb-7613-4e4a-b56d-0ce84273a998 ] Request (ServersTestJSON:test_create_server_specify_multibyte_character_name): 200 GET http://10.180.1.21/compute/v2.1/servers/d4c5a32a-fcfc-4618-bdfd-3fe922c999df 0.082s
2025-04-22 06:10:16.153 69545 INFO tempest.lib.common.rest_client [req-cfe3d209-8e00-4a88-8715-74f904538d60 req-cfe3d209-8e00-4a88-8715-74f904538d60 ] Request (ServersListShow296Test:tearDownClass): 200 GET http://10.180.1.21/compute/v2.1/servers/d4d10cca-3c1b-4b7e-a292-22c94b4df23c 0.156s
2025-04-22 06:10:16.155 69551 INFO tempest.lib.common.rest_client [req-2e63ce5c-09cd-4d41-a36d-8aa76eac13a3 req-2e63ce5c-09cd-4d41-a36d-8aa76eac13a3 ] Request (ServerGroup264TestJSON:tearDownClass): 204 DELETE http://10.180.1.21:9696/networking/v2.0/subnets/35fe8aa5-021c-4274-9498-1e6ac032aed5 0.167s
2025-04-22 06:10:16.302 69561 INFO tempest.lib.common.rest_client [req-3c388447-937a-4af7-b145-cb56c0d130eb req-3c388447-937a-4af7-b145-cb56c0d130eb ] Request (ImagesOneServerTestJSON:tearDownClass): 200 GET http://10.180.1.21/compute/v2.1/servers/3a89835b-0e9c-4c4f-bbea-7756af513133 0.093s
2025-04-22 06:10:16.314 69557 INFO tempest.lib.common.rest_client [req-62d3ee97-164f-402d-9488-aa030690ee14 req-62d3ee97-164f-402d-9488-aa030690ee14 ] Request (ListServerFiltersTestJSON:setUpClass): 200 GET http://10.180.1.21/compute/v2.1/servers/4c225cf9-7bf1-4e65-b0a3-866faaae9203 0.212s
2025-04-22 06:10:16.323 69557 INFO tempest.common.waiters [-] State transition "BUILD/networking" ==> "BUILD/spawning" after 39 second wait
2025-04-22 06:10:16.389 69533 INFO tempest.lib.common.rest_client [req-94fd225b-6de8-43f4-a60e-03e1b068c700 req-94fd225b-6de8-43f4-a60e-03e1b068c700 ] Request (ServersAdminTestJSON:setUpClass): 200 GET http://10.180.1.21/compute/v2.1/servers/63a46af9-eed9-49cb-891c-44005250d16c 0.118s
2025-04-22 06:10:16.447 69551 INFO tempest.lib.common.rest_client [req-08c47685-ce1f-4cc0-8e9f-ccde5149d5a6 req-08c47685-ce1f-4cc0-8e9f-ccde5149d5a6 ] Request (ServerGroup264TestJSON:tearDownClass): 204 DELETE http://10.180.1.21:9696/networking/v2.0/networks/b1261887-0a9d-4dd1-9d4c-a9f9efd8c9d5 0.292s
2025-04-22 06:10:16.486 69559 INFO tempest.lib.common.rest_client [req-dd68f910-95a7-4288-b938-67711a62f5e4 req-dd68f910-95a7-4288-b938-67711a62f5e4 ] Request (ServerActionsTestJSON:setUpClass): 200 GET http://10.180.1.21/compute/v2.1/servers/0b64c1a2-e44d-4cc0-b842-155f31549f41 0.135s
2025-04-22 06:10:16.539 69515 INFO tempest.lib.common.rest_client [req-38f5764b-1692-47af-be88-9614af30c3ad req-38f5764b-1692-47af-be88-9614af30c3ad ] Request (ServersAdminNegativeTestJSON:tearDownClass): 200 GET http://10.180.1.21/compute/v2.1/servers/437dd76d-4ce5-440d-8683-23c847f39e29 0.245s
2025-04-22 06:10:16.556 69517 INFO tempest.lib.common.rest_client [req-d76404de-8042-409f-8dd1-45457c825d58 req-d76404de-8042-409f-8dd1-45457c825d58 ] Request (VolumesAdminNegativeTest:test_update_attached_volume_with_nonexistent_volume_in_body): 200 GET http://10.180.1.21/compute/v2.1/servers/6e4e5b96-e86c-4901-8c87-a70f0da92cfe 0.145s
2025-04-22 06:10:16.596 69565 INFO tempest.lib.common.rest_client [req-d2c4d373-5ea7-4f74-8df7-84f732d58189 req-d2c4d373-5ea7-4f74-8df7-84f732d58189 ] Request (InstanceActionsV221TestJSON:test_get_list_deleted_instance_actions): 200 GET http://10.180.1.21/compute/v2.1/servers/cab205ab-e9d5-4381-8bf4-53fc516add07 0.121s
2025-04-22 06:10:16.630 69523 INFO tempest.lib.common.rest_client [req-36a8c73b-e260-4070-af5e-9926bc61c902 req-36a8c73b-e260-4070-af5e-9926bc61c902 ] Request (ServersTestMultiNic:setUpClass): 200 PUT http://10.180.1.21:9696/networking/v2.0/routers/dbe254e5-0ec3-4c98-92b2-e26d9cdc2dde/add_router_interface 1.617s
2025-04-22 06:10:16.630 69523 INFO tempest.lib.common.dynamic_creds [-] Created isolated network resources for: credentials: Credentials: {'domain_id': 'default', 'domain_name': 'Default', 'username': 'tempest-ServersTestMultiNic-1128640872-project-member', 'project_domain_id': 'default', 'project_domain_name': 'Default', 'project_id': 'd3927dcbbd6e40e284875081054ba482', 'project_name': 'tempest-ServersTestMultiNic-1128640872', 'tenant_id': 'd3927dcbbd6e40e284875081054ba482', 'tenant_name': 'tempest-ServersTestMultiNic-1128640872', 'user_domain_id': 'default', 'user_domain_name': 'Default', 'user_id': '7b7725e3f46b4328b50ed03203bdfbb8', 'system': None}, Network: {'id': '9e1f36bf-267a-4fd9-98b8-a1db047387bb', 'name': 'tempest-ServersTestMultiNic-1846400367-network', 'tenant_id': 'd3927dcbbd6e40e284875081054ba482', 'admin_state_up': True, 'mtu': 8950, 'status': 'ACTIVE', 'subnets': [], 'shared': False, 'project_id': 'd3927dcbbd6e40e284875081054ba482', 'port_security_enabled': True, 'router:external': False, 'provider:network_type': 'vlan', 'provider:physical_network': 'default', 'provider:segmentation_id': 845, 'availability_zone_hints': [], 'availability_zones': [], 'ipv4_address_scope': None, 'ipv6_address_scope': None, 'description': '', 'tags': [], 'created_at': '2025-04-22T06:10:13Z', 'updated_at': '2025-04-22T06:10:13Z', 'revision_number': 1}, Subnet: {'id': '2cb7c63a-2b24-40ec-96b6-9de2a57b4ba4', 'name': 'tempest-ServersTestMultiNic-1846400367-subnet', 'tenant_id': 'd3927dcbbd6e40e284875081054ba482', 'network_id': '9e1f36bf-267a-4fd9-98b8-a1db047387bb', 'ip_version': 4, 'subnetpool_id': None, 'enable_dhcp': True, 'ipv6_ra_mode': None, 'ipv6_address_mode': None, 'gateway_ip': '192.168.128.1', 'cidr': '192.168.128.0/28', 'allocation_pools': [{'start': '192.168.128.2', 'end': '192.168.128.14'}], 'host_routes': [], 'dns_nameservers': [], 'description': '', 'router:external': False, 'service_types': [], 'tags': [], 'created_at': '2025-04-22T06:10:13Z', 'updated_at': '2025-04-22T06:10:13Z', 'revision_number': 0, 'project_id': 'd3927dcbbd6e40e284875081054ba482'}, Router: {'id': 'dbe254e5-0ec3-4c98-92b2-e26d9cdc2dde', 'name': 'tempest-ServersTestMultiNic-1846400367-router', 'tenant_id': 'd3927dcbbd6e40e284875081054ba482', 'admin_state_up': True, 'status': 'ACTIVE', 'external_gateway_info': {'network_id': '31b27574-597a-4fa8-ba13-45606c214153', 'external_fixed_ips': [{'subnet_id': 'f58e417e-6b65-463e-8fb2-6a41bb7db59c', 'ip_address': '10.180.180.135'}], 'enable_snat': True}, 'description': '', 'availability_zones': [], 'distributed': False, 'ha': False, 'availability_zone_hints': [], 'routes': [], 'flavor_id': None, 'tags': [], 'created_at': '2025-04-22T06:10:13Z', 'updated_at': '2025-04-22T06:10:14Z', 'revision_number': 2, 'project_id': 'd3927dcbbd6e40e284875081054ba482'}
2025-04-22 06:10:16.656 69567 INFO tempest.lib.common.rest_client [req-de8301dc-5865-4318-8a8e-6072f1bafed9 req-de8301dc-5865-4318-8a8e-6072f1bafed9 ] Request (FloatingIPsAssociationTestJSON:test_associate_already_associated_floating_ip): 200 GET http://10.180.1.21/compute/v2.1/servers/9221ffc3-bfa5-45c9-9c46-dcd2f18ef77d 0.109s
2025-04-22 06:10:16.656 69551 INFO tempest.lib.common.rest_client [req-15a21b44-5d66-412c-bd34-67117aea90d0 req-15a21b44-5d66-412c-bd34-67117aea90d0 ] Request (ServerGroup264TestJSON:tearDownClass): 204 DELETE http://10.180.1.21/identity/v3/users/e1d30dcc28c6411195707433ee223216 0.208s
2025-04-22 06:10:16.657 69551 INFO tempest.lib.common.dynamic_creds [-] Deleting project and security group for project: a3942844ff8d45429efd4f8232dfebff
2025-04-22 06:10:16.711 69569 INFO tempest.lib.common.rest_client [req-163c20ec-c16c-410f-95ea-17fd3eb32593 req-163c20ec-c16c-410f-95ea-17fd3eb32593 ] Request (ServerRescueTestJSON:setUpClass): 200 GET http://10.180.1.21/compute/v2.1/servers/ad52c9c1-5738-4fb5-9d8e-add1d0b8a497 0.181s
2025-04-22 06:10:16.717 69574 INFO tempest.lib.common.rest_client [req-f5a22c38-4d2d-46e0-81ba-3f1233e90024 req-f5a22c38-4d2d-46e0-81ba-3f1233e90024 ] Request (DeleteServersTestJSON:test_delete_server_while_in_attached_volume): 200 GET http://10.180.1.21/compute/v2.1/servers/e0d5c75a-5391-4a10-af02-07b3f3223e79 0.096s
2025-04-22 06:10:16.727 69551 INFO tempest.lib.common.rest_client [req-a2da031e-3779-4634-bc62-879fe0bcd5b5 req-a2da031e-3779-4634-bc62-879fe0bcd5b5 ] Request (ServerGroup264TestJSON:tearDownClass): 200 GET http://10.180.1.21:9696/networking/v2.0/security-groups?tenant_id=a3942844ff8d45429efd4f8232dfebff&name=default 0.070s
2025-04-22 06:10:16.761 69523 INFO tempest.lib.common.rest_client [req-a8e22d95-3ce1-414a-95ad-190baa8bd35a req-a8e22d95-3ce1-414a-95ad-190baa8bd35a ] Request (ServersTestMultiNic:setUpClass): 201 POST http://10.180.1.21/identity/v3/auth/tokens 0.127s
2025-04-22 06:10:16.791 69573 INFO tempest.lib.common.rest_client [req-a961d7e9-012b-4d3e-b259-c1082bc4b5a6 req-a961d7e9-012b-4d3e-b259-c1082bc4b5a6 ] Request (ServersTestFqdnHostnames:test_create_server_with_fqdn_name): 200 GET http://10.180.1.21/compute/v2.1/servers/c8c633c1-47dc-4ea5-9909-cd784a0b6d26 0.162s
2025-04-22 06:10:16.809 69576 INFO tempest.lib.common.rest_client [req-84b3a6d9-73b1-4f8a-ba92-d6bea696679a req-84b3a6d9-73b1-4f8a-ba92-d6bea696679a ] Request (AttachInterfacesV270Test:test_create_get_list_interfaces): 200 GET http://10.180.1.21/compute/v2.1/servers/8ed222f5-08f0-4575-a173-3f53f710fd1f 0.113s
2025-04-22 06:10:16.919 69535 INFO tempest.lib.common.rest_client [req-0f6dda3c-77af-490a-a2af-0e35e138d660 req-0f6dda3c-77af-490a-a2af-0e35e138d660 ] Request (MultipleCreateTestJSON:test_multiple_create): 200 GET http://10.180.1.21/compute/v2.1/servers/7815b057-b31b-482b-8bd3-ee77c04719ac 0.171s
2025-04-22 06:10:16.936 69551 INFO tempest.lib.common.rest_client [req-3abeb1be-1d16-4a2a-952a-a7aa08ea18d0 req-3abeb1be-1d16-4a2a-952a-a7aa08ea18d0 ] Request (ServerGroup264TestJSON:tearDownClass): 204 DELETE http://10.180.1.21:9696/networking/v2.0/security-groups/2bf45958-4277-4619-8809-c65136af0e0f 0.209s
2025-04-22 06:10:17.072 69527 INFO tempest.lib.common.rest_client [req-fe35b474-8b53-4e8f-a342-d38455fe2d6a req-fe35b474-8b53-4e8f-a342-d38455fe2d6a ] Request (ServerPasswordTestJSON:setUpClass): 200 GET http://10.180.1.21/compute/v2.1/servers/a0db66d9-da08-4192-8748-1a43b1f870cd 0.272s
2025-04-22 06:10:17.074 69543 INFO tempest.lib.common.rest_client [req-433e0a5d-578c-4fb1-9ec4-2dc75b2e9c5b req-433e0a5d-578c-4fb1-9ec4-2dc75b2e9c5b ] Request (MigrationsAdminTest:test_list_migrations_in_flavor_resize_situation): 200 GET http://10.180.1.21/compute/v2.1/servers/64068cef-b827-484b-b713-3751fcdc2786 0.333s
2025-04-22 06:10:17.154 69547 INFO tempest.lib.common.rest_client [req-679f31f0-c0ee-48ab-a51a-e2231eb229fb req-679f31f0-c0ee-48ab-a51a-e2231eb229fb ] Request (ServersAaction247Test:tearDownClass): 200 GET http://10.180.1.21/compute/v2.1/servers/cba58e16-e4d8-4a3b-bc12-1ca7b1be1f27 0.283s
2025-04-22 06:10:17.178 69531 INFO tempest.lib.common.rest_client [req-890dc51a-7e1e-49ac-a315-0e34d78a5081 req-890dc51a-7e1e-49ac-a315-0e34d78a5081 ] Request (ServerShowV254Test:tearDownClass): 200 GET http://10.180.1.21/compute/v2.1/servers/316cbf59-a55e-4d7f-abbb-43fd8bc2cc6b 0.348s
2025-04-22 06:10:17.193 69551 INFO tempest.lib.common.rest_client [req-9bd4725f-ea5c-4747-af75-788a5e28c82a req-9bd4725f-ea5c-4747-af75-788a5e28c82a ] Request (ServerGroup264TestJSON:tearDownClass): 204 DELETE http://10.180.1.21/identity/v3/projects/a3942844ff8d45429efd4f8232dfebff 0.256s
2025-04-22 06:10:17.237 69529 INFO tempest.lib.common.rest_client [req-592f8014-1919-43c3-8b9e-68cb47b02b26 req-592f8014-1919-43c3-8b9e-68cb47b02b26 ] Request (ImagesOneServerNegativeTestJSON:_run_cleanups): 200 GET http://10.180.1.21/compute/v2.1/servers/500e1b0a-5ce5-4664-916d-09ab8b45c5c8 0.341s
2025-04-22 06:10:17.258 69513 INFO tempest.lib.common.rest_client [req-6dc83ce2-08bc-43bb-bcbd-145901670b51 req-6dc83ce2-08bc-43bb-bcbd-145901670b51 ] Request (ServerDiskConfigTestJSON:test_rebuild_server_with_auto_disk_config): 200 GET http://10.180.1.21/compute/v2.1/servers/9a8894fc-2623-4760-be9b-8884b50781eb 0.321s
2025-04-22 06:10:17.260 69523 INFO tempest.lib.common.rest_client [req-3197bac3-4f8e-405e-93a8-b98c97e77591 req-3197bac3-4f8e-405e-93a8-b98c97e77591 ] Request (ServersTestMultiNic:test_verify_duplicate_network_nics): 201 POST http://10.180.1.21:9696/networking/v2.0/networks 0.497s
2025-04-22 06:10:17.282 69525 INFO tempest.lib.common.rest_client [req-76162649-d7f4-485e-b7e0-f974bb631aa9 req-76162649-d7f4-485e-b7e0-f974bb631aa9 ] Request (ServerExternalEventsTest:tearDownClass): 404 GET http://10.180.1.21/compute/v2.1/servers/f3f8d8e7-a0b9-4f16-8f83-3bcbbcddfd33 0.285s
2025-04-22 06:10:17.302 69537 INFO tempest.lib.common.rest_client [req-8c99f399-8e55-4561-94d2-67b281117c64 req-8c99f399-8e55-4561-94d2-67b281117c64 ] Request (TenantUsagesTestJSON:setUpClass): 200 GET http://10.180.1.21/compute/v2.1/servers/4e36d628-5f9b-46ff-aafc-8768db9cf0dc 0.351s
2025-04-22 06:10:17.316 69551 INFO tempest.lib.common.rest_client [req-7f09e4f4-0d5c-453d-a5eb-8f6c994dfb84 req-7f09e4f4-0d5c-453d-a5eb-8f6c994dfb84 ] Request (ServerRescueTestJSONUnderV235:setUpClass): 201 POST http://10.180.1.21/identity/v3/auth/tokens 0.121s
2025-04-22 06:10:17.356 69553 INFO tempest.lib.common.rest_client [req-0a2aaa9a-2cfb-4a73-b8d3-5685b7e3f846 req-0a2aaa9a-2cfb-4a73-b8d3-5685b7e3f846 ] Request (DeleteServersAdminTestJSON:test_delete_server_while_in_error_state): 200 GET http://10.180.1.21/compute/v2.1/servers/3038b304-bcfa-40a6-abf6-c00e8fc2d661 0.348s
2025-04-22 06:10:17.365 69551 INFO tempest.lib.common.rest_client [req-8cf841e8-aa42-4b16-b7f7-c82fe67c507c req-8cf841e8-aa42-4b16-b7f7-c82fe67c507c ] Request (ServerRescueTestJSONUnderV235:setUpClass): 201 POST http://10.180.1.21/identity/v3/auth/tokens 0.045s
2025-04-22 06:10:17.394 69551 INFO tempest.lib.common.rest_client [req-8c50e0ce-fe0f-4e98-a63e-306df9b63663 req-8c50e0ce-fe0f-4e98-a63e-306df9b63663 ] Request (ServerRescueTestJSONUnderV235:setUpClass): 200 GET http://10.180.1.21/identity/v3/domains?name=Default 0.028s
2025-04-22 06:10:17.407 69555 INFO tempest.lib.common.rest_client [req-7223296c-2b03-48a4-abd4-fd0788428b8e req-7223296c-2b03-48a4-abd4-fd0788428b8e ] Request (ServersTestJSON:tearDownClass): 200 GET http://10.180.1.21/compute/v2.1/servers/26936d13-a3f7-4c52-8aa4-c46534af243b 0.333s
2025-04-22 06:10:17.436 69551 INFO tempest.lib.common.rest_client [req-0734eeca-6bc7-4311-bdb4-5a7ffa87162e req-0734eeca-6bc7-4311-bdb4-5a7ffa87162e ] Request (ServerRescueTestJSONUnderV235:setUpClass): 201 POST http://10.180.1.21/identity/v3/projects 0.042s
2025-04-22 06:10:17.441 69521 INFO tempest.lib.common.rest_client [req-4bd312f0-30b1-44b2-8fca-b5354eeb8113 req-4bd312f0-30b1-44b2-8fca-b5354eeb8113 ] Request (ServersAdmin275Test:tearDownClass): 200 GET http://10.180.1.21/compute/v2.1/servers/debd9dcf-05da-400c-aa51-474e90036b8f 0.349s
2025-04-22 06:10:17.508 69525 INFO tempest.lib.common.rest_client [req-fd58e693-ad63-4e9d-ae2b-fcb63bdfb3c5 req-fd58e693-ad63-4e9d-ae2b-fcb63bdfb3c5 ] Request (ServerExternalEventsTest:tearDownClass): 204 DELETE http://10.180.1.21/identity/v3/users/f4c274142152453c9e795e55655d64a5 0.225s
2025-04-22 06:10:17.535 69519 INFO tempest.lib.common.rest_client [req-f1805b4e-a01f-42e5-9f80-f8d7e899c80c req-f1805b4e-a01f-42e5-9f80-f8d7e899c80c ] Request (ServersTestJSON:test_create_server_specify_multibyte_character_name): 200 GET http://10.180.1.21/compute/v2.1/servers/d4c5a32a-fcfc-4618-bdfd-3fe922c999df 0.383s
2025-04-22 06:10:17.563 69545 INFO tempest.lib.common.rest_client [req-32038f74-2f49-4c68-aacf-6dde3211d7a1 req-32038f74-2f49-4c68-aacf-6dde3211d7a1 ] Request (ServersListShow296Test:tearDownClass): 200 GET http://10.180.1.21/compute/v2.1/servers/d4d10cca-3c1b-4b7e-a292-22c94b4df23c 0.383s
2025-04-22 06:10:17.579 69545 INFO tempest.common.waiters [-] State transition "ACTIVE/deleting" ==> "DELETED/None" after 5 second wait
2025-04-22 06:10:17.612 69523 INFO tempest.lib.common.rest_client [req-d8ad6ad7-797b-41a0-b8b7-e8b03a193c14 req-d8ad6ad7-797b-41a0-b8b7-e8b03a193c14 ] Request (ServersTestMultiNic:test_verify_duplicate_network_nics): 201 POST http://10.180.1.21:9696/networking/v2.0/subnets 0.351s
2025-04-22 06:10:17.614 69561 INFO tempest.lib.common.rest_client [req-1719a4f0-f2fa-42e0-8c97-c7b6e576fee4 req-1719a4f0-f2fa-42e0-8c97-c7b6e576fee4 ] Request (ImagesOneServerTestJSON:tearDownClass): 200 GET http://10.180.1.21/compute/v2.1/servers/3a89835b-0e9c-4c4f-bbea-7756af513133 0.300s
2025-04-22 06:10:17.617 69551 INFO tempest.lib.common.rest_client [req-868a0abf-2f2f-46e3-bfd3-d22d37fa53dc req-868a0abf-2f2f-46e3-bfd3-d22d37fa53dc ] Request (ServerRescueTestJSONUnderV235:setUpClass): 201 POST http://10.180.1.21/identity/v3/users 0.180s
2025-04-22 06:10:17.664 69551 INFO tempest.lib.common.rest_client [req-1679c7cc-2a6a-4d11-9ddf-771236ff8b74 req-1679c7cc-2a6a-4d11-9ddf-771236ff8b74 ] Request (ServerRescueTestJSONUnderV235:setUpClass): 200 GET http://10.180.1.21/identity/v3/roles 0.046s
2025-04-22 06:10:17.681 69525 INFO tempest.lib.common.rest_client [req-3af9acdf-bc0e-48a1-b085-af9472fab6bf req-3af9acdf-bc0e-48a1-b085-af9472fab6bf ] Request (ServerExternalEventsTest:tearDownClass): 204 DELETE http://10.180.1.21/identity/v3/users/8ac692848b064085aecbac15940ebd41 0.172s
2025-04-22 06:10:17.681 69533 INFO tempest.lib.common.rest_client [req-99f65095-722e-4322-a9a3-a36b678ca3bb req-99f65095-722e-4322-a9a3-a36b678ca3bb ] Request (ServersAdminTestJSON:setUpClass): 200 GET http://10.180.1.21/compute/v2.1/servers/63a46af9-eed9-49cb-891c-44005250d16c 0.280s
2025-04-22 06:10:17.707 69557 INFO tempest.lib.common.rest_client [req-6f5b2f1b-5fe3-497f-95c0-4147c24ab3f6 req-6f5b2f1b-5fe3-497f-95c0-4147c24ab3f6 ] Request (ListServerFiltersTestJSON:setUpClass): 200 GET http://10.180.1.21/compute/v2.1/servers/4c225cf9-7bf1-4e65-b0a3-866faaae9203 0.382s
2025-04-22 06:10:17.759 69551 INFO tempest.lib.common.rest_client [req-8a157b69-216a-4172-a884-1a97bd35d963 req-8a157b69-216a-4172-a884-1a97bd35d963 ] Request (ServerRescueTestJSONUnderV235:setUpClass): 204 PUT http://10.180.1.21/identity/v3/projects/671721b2e29947fa9fb90abcb9e71de5/users/36a625b1c2a44c1099793d062e77a173/roles/61cd45a1f24c4fbe8bee869f39eaf53d 0.095s
2025-04-22 06:10:17.759 69551 INFO tempest.lib.common.dynamic_creds [-] Dynamic test user 36a625b1c2a44c1099793d062e77a173 is created with scope project and roles: ['member']
2025-04-22 06:10:17.760 69551 INFO tempest.lib.common.dynamic_creds [-] Acquired dynamic creds: credentials: Credentials: {'domain_id': 'default', 'domain_name': 'Default', 'username': 'tempest-ServerRescueTestJSONUnderV235-1972914019-project-member', 'project_domain_id': 'default', 'project_domain_name': 'Default', 'project_id': '671721b2e29947fa9fb90abcb9e71de5', 'project_name': 'tempest-ServerRescueTestJSONUnderV235-1972914019', 'tenant_id': '671721b2e29947fa9fb90abcb9e71de5', 'tenant_name': 'tempest-ServerRescueTestJSONUnderV235-1972914019', 'user_domain_id': 'default', 'user_domain_name': 'Default', 'user_id': '36a625b1c2a44c1099793d062e77a173', 'system': None}, Network: None, Subnet: None, Router: None
2025-04-22 06:10:17.766 69559 INFO tempest.lib.common.rest_client [req-d5f38d5a-e1fe-43d0-8b0f-44aa14430fb8 req-d5f38d5a-e1fe-43d0-8b0f-44aa14430fb8 ] Request (ServerActionsTestJSON:setUpClass): 200 GET http://10.180.1.21/compute/v2.1/servers/0b64c1a2-e44d-4cc0-b842-155f31549f41 0.271s
2025-04-22 06:10:17.785 69515 INFO tempest.lib.common.rest_client [req-0f1c2357-ccb0-4640-a582-c72b9667766f req-0f1c2357-ccb0-4640-a582-c72b9667766f ] Request (ServersAdminNegativeTestJSON:tearDownClass): 200 GET http://10.180.1.21/compute/v2.1/servers/437dd76d-4ce5-440d-8683-23c847f39e29 0.238s
2025-04-22 06:10:17.798 69551 INFO tempest.lib.common.rest_client [req-b43e7b2e-8e0f-4dee-93d2-fb15332c633d req-b43e7b2e-8e0f-4dee-93d2-fb15332c633d ] Request (ServerRescueTestJSONUnderV235:setUpClass): 201 POST http://10.180.1.21/identity/v3/auth/tokens 0.038s
2025-04-22 06:10:17.857 69523 INFO tempest.lib.common.rest_client [req-73193e69-4cba-4bfd-86b9-fa7270ba2ebc req-73193e69-4cba-4bfd-86b9-fa7270ba2ebc ] Request (ServersTestMultiNic:test_verify_duplicate_network_nics): 201 POST http://10.180.1.21:9696/networking/v2.0/networks 0.244s
2025-04-22 06:10:17.865 69549 WARNING tempest.lib.common.ssh [-] Failed to establish authenticated ssh connection to cirros@10.180.180.161 ([Errno None] Unable to connect to port 22 on 10.180.180.161). Number attempts: 5. Retry after 6 seconds.: paramiko.ssh_exception.NoValidConnectionsError: [Errno None] Unable to connect to port 22 on 10.180.180.161
2025-04-22 06:10:17.870 69565 INFO tempest.lib.common.rest_client [req-a318af45-a156-48d2-9708-386bd5510212 req-a318af45-a156-48d2-9708-386bd5510212 ] Request (InstanceActionsV221TestJSON:test_get_list_deleted_instance_actions): 200 GET http://10.180.1.21/compute/v2.1/servers/cab205ab-e9d5-4381-8bf4-53fc516add07 0.264s
2025-04-22 06:10:17.874 69517 INFO tempest.lib.common.rest_client [req-b219fe8c-7a82-415f-a1c8-f98d98c2af55 req-b219fe8c-7a82-415f-a1c8-f98d98c2af55 ] Request (VolumesAdminNegativeTest:test_update_attached_volume_with_nonexistent_volume_in_body): 200 GET http://10.180.1.21/compute/v2.1/servers/6e4e5b96-e86c-4901-8c87-a70f0da92cfe 0.307s
2025-04-22 06:10:17.915 69525 INFO tempest.lib.common.rest_client [req-a47e7f86-ed11-4238-8669-25eada5f879c req-a47e7f86-ed11-4238-8669-25eada5f879c ] Request (ServerExternalEventsTest:tearDownClass): 204 DELETE http://10.180.1.21/identity/v3/users/14a5f386efbb4c899d85414db2eabd39 0.234s
2025-04-22 06:10:17.916 69525 INFO tempest.lib.common.dynamic_creds [-] Deleting project and security group for project: 03d51ca8f61f42faa0c98494b1e98c7b
2025-04-22 06:10:17.929 69567 INFO tempest.lib.common.rest_client [req-c9d22938-5423-4b62-bb9e-6094373d0939 req-c9d22938-5423-4b62-bb9e-6094373d0939 ] Request (FloatingIPsAssociationTestJSON:test_associate_already_associated_floating_ip): 200 GET http://10.180.1.21/compute/v2.1/servers/9221ffc3-bfa5-45c9-9c46-dcd2f18ef77d 0.260s
2025-04-22 06:10:17.986 69574 INFO tempest.lib.common.rest_client [req-71c0877d-cd29-4a9f-9567-a0d89bd2d263 req-71c0877d-cd29-4a9f-9567-a0d89bd2d263 ] Request (DeleteServersTestJSON:test_delete_server_while_in_attached_volume): 200 GET http://10.180.1.21/compute/v2.1/servers/e0d5c75a-5391-4a10-af02-07b3f3223e79 0.259s
2025-04-22 06:10:18.002 69525 INFO tempest.lib.common.rest_client [req-b54d3ebb-d4f3-429f-a54b-2490af295288 req-b54d3ebb-d4f3-429f-a54b-2490af295288 ] Request (ServerExternalEventsTest:tearDownClass): 201 POST http://10.180.1.21/identity/v3/auth/tokens 0.086s
2025-04-22 06:10:18.037 69573 INFO tempest.lib.common.rest_client [req-b3cea099-d81a-4da7-bf18-3d426a015ab4 req-b3cea099-d81a-4da7-bf18-3d426a015ab4 ] Request (ServersTestFqdnHostnames:test_create_server_with_fqdn_name): 200 GET http://10.180.1.21/compute/v2.1/servers/c8c633c1-47dc-4ea5-9909-cd784a0b6d26 0.231s
2025-04-22 06:10:18.045 69573 INFO tempest.common.waiters [-] State transition "BUILD/scheduling" ==> "BUILD/None" after 30 second wait
2025-04-22 06:10:18.052 69569 INFO tempest.lib.common.rest_client [req-2846b0cf-b6c8-4463-8307-547bd587bbb0 req-2846b0cf-b6c8-4463-8307-547bd587bbb0 ] Request (ServerRescueTestJSON:setUpClass): 200 GET http://10.180.1.21/compute/v2.1/servers/ad52c9c1-5738-4fb5-9d8e-add1d0b8a497 0.326s
2025-04-22 06:10:18.110 69576 INFO tempest.lib.common.rest_client [req-c785abcd-992b-4210-ab66-dafd43d82d5d req-c785abcd-992b-4210-ab66-dafd43d82d5d ] Request (AttachInterfacesV270Test:test_create_get_list_interfaces): 200 GET http://10.180.1.21/compute/v2.1/servers/8ed222f5-08f0-4575-a173-3f53f710fd1f 0.283s
2025-04-22 06:10:18.118 69535 INFO tempest.lib.common.rest_client [req-254f9aee-a94f-4b35-b66c-b03cc92acd1d req-254f9aee-a94f-4b35-b66c-b03cc92acd1d ] Request (MultipleCreateTestJSON:test_multiple_create): 200 GET http://10.180.1.21/compute/v2.1/servers/7815b057-b31b-482b-8bd3-ee77c04719ac 0.186s
2025-04-22 06:10:18.160 69527 INFO tempest.lib.common.rest_client [req-febfd649-6b9a-453c-95c9-186e494c7132 req-febfd649-6b9a-453c-95c9-186e494c7132 ] Request (ServerPasswordTestJSON:setUpClass): 200 GET http://10.180.1.21/compute/v2.1/servers/a0db66d9-da08-4192-8748-1a43b1f870cd 0.076s
2025-04-22 06:10:18.252 69547 INFO tempest.lib.common.rest_client [req-80f531fc-43f4-46b7-b59f-938a430f4a35 req-80f531fc-43f4-46b7-b59f-938a430f4a35 ] Request (ServersAaction247Test:tearDownClass): 200 GET http://10.180.1.21/compute/v2.1/servers/cba58e16-e4d8-4a3b-bc12-1ca7b1be1f27 0.087s
2025-04-22 06:10:18.313 69543 INFO tempest.lib.common.rest_client [req-d1c2135b-23cb-4517-98bc-2062ef5e5068 req-d1c2135b-23cb-4517-98bc-2062ef5e5068 ] Request (MigrationsAdminTest:test_list_migrations_in_flavor_resize_situation): 200 GET http://10.180.1.21/compute/v2.1/servers/64068cef-b827-484b-b713-3751fcdc2786 0.224s
2025-04-22 06:10:18.343 69531 INFO tempest.lib.common.rest_client [req-8eec0e1f-03dc-4f01-bcde-2c878b10a703 req-8eec0e1f-03dc-4f01-bcde-2c878b10a703 ] Request (ServerShowV254Test:tearDownClass): 200 GET http://10.180.1.21/compute/v2.1/servers/316cbf59-a55e-4d7f-abbb-43fd8bc2cc6b 0.156s
2025-04-22 06:10:18.346 69525 INFO tempest.lib.common.rest_client [req-b9349a05-8315-4a65-ba96-4baa4c1e415c req-b9349a05-8315-4a65-ba96-4baa4c1e415c ] Request (ServerExternalEventsTest:tearDownClass): 200 GET http://10.180.1.21:9696/networking/v2.0/security-groups?tenant_id=03d51ca8f61f42faa0c98494b1e98c7b&name=default 0.344s
2025-04-22 06:10:18.388 69529 INFO tempest.lib.common.rest_client [req-5563d4a6-0433-4256-90b2-3658e515b59f req-5563d4a6-0433-4256-90b2-3658e515b59f ] Request (ImagesOneServerNegativeTestJSON:_run_cleanups): 200 GET http://10.180.1.21/compute/v2.1/servers/500e1b0a-5ce5-4664-916d-09ab8b45c5c8 0.140s
2025-04-22 06:10:18.412 69513 INFO tempest.lib.common.rest_client [req-bd4cabb2-7608-4ec1-b7e9-1276af339c05 req-bd4cabb2-7608-4ec1-b7e9-1276af339c05 ] Request (ServerDiskConfigTestJSON:test_rebuild_server_with_auto_disk_config): 200 GET http://10.180.1.21/compute/v2.1/servers/9a8894fc-2623-4760-be9b-8884b50781eb 0.145s
2025-04-22 06:10:18.460 69537 INFO tempest.lib.common.rest_client [req-6bd2b67e-6d4d-4c8e-9c7f-1f7dd90a176a req-6bd2b67e-6d4d-4c8e-9c7f-1f7dd90a176a ] Request (TenantUsagesTestJSON:setUpClass): 200 GET http://10.180.1.21/compute/v2.1/servers/4e36d628-5f9b-46ff-aafc-8768db9cf0dc 0.141s
2025-04-22 06:10:18.461 69523 INFO tempest.lib.common.rest_client [req-81cf07d4-dbd9-481b-bac4-28e987701c12 req-81cf07d4-dbd9-481b-bac4-28e987701c12 ] Request (ServersTestMultiNic:test_verify_duplicate_network_nics): 201 POST http://10.180.1.21:9696/networking/v2.0/subnets 0.604s
2025-04-22 06:10:18.469 69553 INFO tempest.lib.common.rest_client [req-09894bee-ba7e-4b0e-a263-6c4b9668bf58 req-09894bee-ba7e-4b0e-a263-6c4b9668bf58 ] Request (DeleteServersAdminTestJSON:test_delete_server_while_in_error_state): 200 GET http://10.180.1.21/compute/v2.1/servers/3038b304-bcfa-40a6-abf6-c00e8fc2d661 0.103s
2025-04-22 06:10:18.494 69551 INFO tempest.lib.common.rest_client [req-5e417a24-7e79-45b5-921d-789cf33b26f9 req-5e417a24-7e79-45b5-921d-789cf33b26f9 ] Request (ServerRescueTestJSONUnderV235:setUpClass): 201 POST http://10.180.1.21:9696/networking/v2.0/networks 0.695s
2025-04-22 06:10:18.560 69555 INFO tempest.lib.common.rest_client [req-d9e2a112-72ba-482f-ac22-b2cab2052dda req-d9e2a112-72ba-482f-ac22-b2cab2052dda ] Request (ServersTestJSON:tearDownClass): 200 GET http://10.180.1.21/compute/v2.1/servers/26936d13-a3f7-4c52-8aa4-c46534af243b 0.142s
2025-04-22 06:10:18.567 69521 INFO tempest.lib.common.rest_client [req-f59413df-86fe-4276-a924-19fe1f6920e6 req-f59413df-86fe-4276-a924-19fe1f6920e6 ] Request (ServersAdmin275Test:tearDownClass): 200 GET http://10.180.1.21/compute/v2.1/servers/debd9dcf-05da-400c-aa51-474e90036b8f 0.111s
2025-04-22 06:10:18.569 69525 INFO tempest.lib.common.rest_client [req-efead36f-2413-479c-a864-9fdb5ff12326 req-efead36f-2413-479c-a864-9fdb5ff12326 ] Request (ServerExternalEventsTest:tearDownClass): 204 DELETE http://10.180.1.21:9696/networking/v2.0/security-groups/9af6a26d-07f8-433e-bb8e-89fcb557170a 0.222s
2025-04-22 06:10:18.646 69523 INFO tempest.lib.common.rest_client [req-ced29e9f-c914-44c5-95d6-f520b132b983 req-ced29e9f-c914-44c5-95d6-f520b132b983 ] Request (ServersTestMultiNic:test_verify_duplicate_network_nics): 201 POST http://10.180.1.21/identity/v3/auth/tokens 0.181s
2025-04-22 06:10:18.647 69523 INFO tempest.lib.common.fixed_network [-] (ServersTestMultiNic:test_verify_duplicate_network_nics) Found network {'id': '9e1f36bf-267a-4fd9-98b8-a1db047387bb', 'name': 'tempest-ServersTestMultiNic-1846400367-network', 'tenant_id': 'd3927dcbbd6e40e284875081054ba482', 'admin_state_up': True, 'mtu': 8950, 'status': 'ACTIVE', 'subnets': [], 'shared': False, 'project_id': 'd3927dcbbd6e40e284875081054ba482', 'port_security_enabled': True, 'router:external': False, 'provider:network_type': 'vlan', 'provider:physical_network': 'default', 'provider:segmentation_id': 845, 'availability_zone_hints': [], 'availability_zones': [], 'ipv4_address_scope': None, 'ipv6_address_scope': None, 'description': '', 'tags': [], 'created_at': '2025-04-22T06:10:13Z', 'updated_at': '2025-04-22T06:10:13Z', 'revision_number': 1} available for tenant
2025-04-22 06:10:18.660 69519 INFO tempest.lib.common.rest_client [req-0fa50a6c-ff57-4c06-9d56-f64d638735fe req-0fa50a6c-ff57-4c06-9d56-f64d638735fe ] Request (ServersTestJSON:test_create_server_specify_multibyte_character_name): 200 GET http://10.180.1.21/compute/v2.1/servers/d4c5a32a-fcfc-4618-bdfd-3fe922c999df 0.114s
2025-04-22 06:10:18.691 69545 INFO tempest.lib.common.rest_client [req-5f93843d-e9ad-4eb3-8f23-86e370e7f2d6 req-5f93843d-e9ad-4eb3-8f23-86e370e7f2d6 ] Request (ServersListShow296Test:tearDownClass): 200 GET http://10.180.1.21/compute/v2.1/servers/d4d10cca-3c1b-4b7e-a292-22c94b4df23c 0.110s
2025-04-22 06:10:18.735 69561 INFO tempest.lib.common.rest_client [req-53895842-03c5-4cae-b846-be83546dbca3 req-53895842-03c5-4cae-b846-be83546dbca3 ] Request (ImagesOneServerTestJSON:tearDownClass): 200 GET http://10.180.1.21/compute/v2.1/servers/3a89835b-0e9c-4c4f-bbea-7756af513133 0.110s
