2025-04-22 06:11:36.606 69553 INFO tempest.lib.common.rest_client [req-0746cdb7-668a-4521-8c63-fc6510807bfd req-0746cdb7-668a-4521-8c63-fc6510807bfd ] Request (ListImageFiltersTestJSON:setUpClass): 200 GET http://10.180.1.21/compute/v2.1/images/a575c015-c497-4a66-b454-c112df1b46c8 0.030s
2025-04-22 06:11:36.638 69553 INFO tempest.lib.common.rest_client [req-5de1271c-13ce-4b66-9bde-847172779187 req-5de1271c-13ce-4b66-9bde-847172779187 ] Request (ListImageFiltersTestJSON:setUpClass): 200 GET http://10.180.1.21/compute/v2.1/images/a575c015-c497-4a66-b454-c112df1b46c8 0.029s
2025-04-22 06:11:36.651 69561 INFO tempest.lib.common.rest_client [req-e7090c1b-ccfa-4755-94bc-68c50dcc25a1 req-e7090c1b-ccfa-4755-94bc-68c50dcc25a1 ] Request (ServerAddressesTestJSON:setUpClass): 200 GET http://10.180.1.21/compute/v2.1/servers/fcdc8c40-b7ca-4600-aa70-61a12c264596 0.062s
2025-04-22 06:11:36.669 69553 INFO tempest.lib.common.rest_client [req-96886d97-a2a4-42dd-9479-51d6643a0230 req-96886d97-a2a4-42dd-9479-51d6643a0230 ] Request (ListImageFiltersTestJSON:setUpClass): 201 POST http://10.180.1.21/identity/v3/auth/tokens 0.025s
2025-04-22 06:11:36.670 69553 INFO tempest.lib.common.fixed_network [-] (ListImageFiltersTestJSON:setUpClass) Found network None available for tenant
2025-04-22 06:11:36.687 69525 INFO tempest.lib.common.rest_client [req-5f4492ae-ea4d-4962-8dc2-c6001e18a905 req-5f4492ae-ea4d-4962-8dc2-c6001e18a905 ] Request (ImagesTestJSON:test_create_image_from_stopped_server): 200 GET http://10.180.1.21/compute/v2.1/servers/e7490889-d165-420a-86c1-e12a1ffb2897 0.053s
2025-04-22 06:11:36.751 69523 INFO tempest.lib.common.rest_client [req-0e2d7544-bd48-4bc5-8bb6-28e1b4c60bb4 req-0e2d7544-bd48-4bc5-8bb6-28e1b4c60bb4 ] Request (ServersTestMultiNic:test_verify_duplicate_network_nics): 200 GET http://10.180.1.21/compute/v2.1/servers/2a38e1aa-c85b-4e9a-8f1a-260469f9d4f8 0.047s
2025-04-22 06:11:36.828 69535 INFO tempest.lib.common.rest_client [req-5e7ae121-39a5-4932-813d-bfa4e812f73a req-5e7ae121-39a5-4932-813d-bfa4e812f73a ] Request (MultipleCreateTestJSON:_run_cleanups): 200 GET http://10.180.1.21/compute/v2.1/servers/ec7d959a-0589-40f1-94e9-be4d09da5f1f 0.064s
2025-04-22 06:11:36.878 69576 INFO tempest.lib.common.rest_client [req-877d776c-8139-4671-a98b-d1735be996ad req-877d776c-8139-4671-a98b-d1735be996ad ] Request (ServerActionsTestOtherB:setUpClass): 200 GET http://10.180.1.21/compute/v2.1/servers/908abdad-314c-4188-8335-2b8e6550e2a1 0.096s
2025-04-22 06:11:36.920 69553 INFO tempest.lib.common.rest_client [req-b3a1ffb2-d837-44c6-a679-7623cbbc2ac5 req-b3a1ffb2-d837-44c6-a679-7623cbbc2ac5 ] Request (ListImageFiltersTestJSON:setUpClass): 202 POST http://10.180.1.21/compute/v2.1/servers 0.250s
2025-04-22 06:11:36.942 69557 INFO tempest.lib.common.rest_client [req-d943f4b6-18c4-4d5f-ba43-ae4721402c80 req-d943f4b6-18c4-4d5f-ba43-ae4721402c80 ] Request (ListServerFiltersTestJSON:tearDownClass): 200 GET http://10.180.1.21/compute/v2.1/servers/886dd8f1-2856-401b-9c1f-14bdad94c7cf 0.100s
2025-04-22 06:11:36.962 69553 INFO tempest.lib.common.rest_client [req-b4f145ed-d108-46a1-b819-1f877002755b req-b4f145ed-d108-46a1-b819-1f877002755b ] Request (ListImageFiltersTestJSON:setUpClass): 201 POST http://10.180.1.21/identity/v3/auth/tokens 0.036s
2025-04-22 06:11:36.962 69553 INFO tempest.lib.common.fixed_network [-] (ListImageFiltersTestJSON:setUpClass) Found network None available for tenant
2025-04-22 06:11:36.972 69547 INFO tempest.lib.common.rest_client [req-4e1f78c7-a159-4c95-be6a-37af13328f32 req-4e1f78c7-a159-4c95-be6a-37af13328f32 ] Request (ServerGroupTestJSON:test_create_server_with_scheduler_hint_group): 200 GET http://10.180.1.21/compute/v2.1/servers/b2653fad-b50b-40ba-b1a8-6d18431f559a 0.087s
2025-04-22 06:11:37.033 69519 INFO tempest.lib.common.rest_client [req-3df02352-c73c-4878-8ac9-88f6c97b16e9 req-3df02352-c73c-4878-8ac9-88f6c97b16e9 ] Request (ServersTestJSON:test_create_server_specify_multibyte_character_name): 200 GET http://10.180.1.21/compute/v2.1/servers/d4c5a32a-fcfc-4618-bdfd-3fe922c999df 0.102s
2025-04-22 06:11:37.099 69527 INFO tempest.lib.common.rest_client [req-a4af1811-2d91-45d5-be34-b7438cc49977 req-a4af1811-2d91-45d5-be34-b7438cc49977 ] Request (ServerPasswordTestJSON:setUpClass): 200 GET http://10.180.1.21/compute/v2.1/servers/a0db66d9-da08-4192-8748-1a43b1f870cd 0.196s
2025-04-22 06:11:37.154 69541 INFO tempest.lib.common.rest_client [req-6decf05e-5909-4bc1-b2e4-590119e3f4b2 req-6decf05e-5909-4bc1-b2e4-590119e3f4b2 ] Request (ServersWithSpecificFlavorTestJSON:test_verify_created_server_ephemeral_disk): 200 GET http://10.180.1.21/compute/v2.1/servers/c3f0810d-ad98-436b-98df-3a8fd5b59dff 0.182s
2025-04-22 06:11:37.208 69569 INFO tempest.lib.common.rest_client [req-250cdf2b-f359-49d2-a8a6-2319229eee4b req-250cdf2b-f359-49d2-a8a6-2319229eee4b ] Request (ServerRescueTestJSON:test_rescue_unrescue_instance): 200 GET http://10.180.1.21/compute/v2.1/servers/c9830507-cc85-4b09-ae22-fa809fee2d1a 0.225s
2025-04-22 06:11:37.280 69553 INFO tempest.lib.common.rest_client [req-6437f7c6-07eb-4253-9563-f9eeb63f9e7b req-6437f7c6-07eb-4253-9563-f9eeb63f9e7b ] Request (ListImageFiltersTestJSON:setUpClass): 202 POST http://10.180.1.21/compute/v2.1/servers 0.317s
2025-04-22 06:11:37.285 69567 INFO tempest.lib.common.rest_client [req-e93d94d3-046f-4ff7-a77f-4284f3130c9a req-e93d94d3-046f-4ff7-a77f-4284f3130c9a ] Request (FloatingIPsAssociationTestJSON:tearDownClass): 200 GET http://10.180.1.21/compute/v2.1/servers/1fe2cb9c-5004-471a-8ddf-98efa38d33e3 0.102s
2025-04-22 06:11:37.308 69549 INFO tempest.lib.common.rest_client [req-7bd62dbc-7814-4a4d-814c-a9b2bf8e664e req-7bd62dbc-7814-4a4d-814c-a9b2bf8e664e ] Request (VolumesAssistedSnapshotsTest:_run_cleanups): 200 GET http://10.180.1.21/volume/v3/volumes/2eba468d-2dcf-4918-b046-84370807d22d 0.049s
2025-04-22 06:11:37.353 69513 INFO tempest.lib.common.rest_client [req-8d5ad00c-00c0-4c34-a0f6-aecf8d77a33e req-8d5ad00c-00c0-4c34-a0f6-aecf8d77a33e ] Request (ServerDiskConfigTestJSON:test_rebuild_server_with_manual_disk_config): 200 GET http://10.180.1.21/compute/v2.1/servers/fc7a712a-508c-49a3-b075-0a4ffbffc81e 0.115s
2025-04-22 06:11:37.395 69565 INFO tempest.lib.common.rest_client [req-b37f8249-3ff7-4668-b77c-31d96768f76b req-b37f8249-3ff7-4668-b77c-31d96768f76b ] Request (InstanceActionsV221TestJSON:test_get_list_deleted_instance_actions): 200 GET http://10.180.1.21/compute/v2.1/servers/cab205ab-e9d5-4381-8bf4-53fc516add07 0.211s
2025-04-22 06:11:37.405 69529 INFO tempest.lib.common.rest_client [req-4e5b7c9e-7fd9-4679-ad0f-947746ce4b13 req-4e5b7c9e-7fd9-4679-ad0f-947746ce4b13 ] Request (ImagesOneServerNegativeTestJSON:_run_cleanups): 200 GET http://10.180.1.21/compute/v2.1/servers/1b8b039c-8cc3-4ab5-bcb1-2c26767c4c6f 0.135s
2025-04-22 06:11:37.436 69553 INFO tempest.lib.common.rest_client [req-bf260d17-a194-47d9-8c1b-ce5550849ae8 req-bf260d17-a194-47d9-8c1b-ce5550849ae8 ] Request (ListImageFiltersTestJSON:setUpClass): 200 GET http://10.180.1.21/compute/v2.1/servers/ca27496f-17c0-417e-8cb0-8e36ef0d04a2 0.154s
2025-04-22 06:11:37.454 69533 INFO tempest.lib.common.rest_client [req-397380d4-7122-4e44-92a6-b9c5c78c5543 req-397380d4-7122-4e44-92a6-b9c5c78c5543 ] Request (ServersAdminTestJSON:test_create_server_with_scheduling_hint): 200 GET http://10.180.1.21/compute/v2.1/servers/9fe63127-8329-4a25-b9b9-b5e0369ae943 0.167s
2025-04-22 06:11:37.508 69551 INFO tempest.lib.common.rest_client [req-e482a97d-5532-4756-ba63-e7ce4bc0aa4e req-e482a97d-5532-4756-ba63-e7ce4bc0aa4e ] Request (ServerRescueTestJSONUnderV235:setUpClass): 200 GET http://10.180.1.21/compute/v2.1/servers/a72cc066-0d49-400b-8afe-3df0a1527ca9 0.169s
2025-04-22 06:11:37.511 69515 INFO tempest.lib.common.rest_client [req-6817a283-fea2-40c5-9444-ac71f57ef4a1 req-6817a283-fea2-40c5-9444-ac71f57ef4a1 ] Request (ServersAdminNegativeTestJSON:tearDownClass): 200 GET http://10.180.1.21/compute/v2.1/servers/65ae2509-68d5-4d9b-ab39-610837fd2029 0.184s
2025-04-22 06:11:37.560 69543 INFO tempest.lib.common.rest_client [req-9474985c-5b48-4823-9243-929c07167baa req-9474985c-5b48-4823-9243-929c07167baa ] Request (MigrationsAdminTest:test_resize_server_revert_deleted_flavor): 200 GET http://10.180.1.21/compute/v2.1/servers/dc3ae514-ef07-4420-9382-41f3893f28fa 0.188s
2025-04-22 06:11:37.571 69537 INFO tempest.lib.common.rest_client [req-25fc558d-f709-4136-84de-538d444627d5 req-25fc558d-f709-4136-84de-538d444627d5 ] Request (TenantUsagesTestJSON:tearDownClass): 200 GET http://10.180.1.21/compute/v2.1/servers/4e36d628-5f9b-46ff-aafc-8768db9cf0dc 0.114s
2025-04-22 06:11:37.613 69574 INFO tempest.lib.common.rest_client [req-8c72b7c9-e94a-4e69-a818-72ba53503b1e req-8c72b7c9-e94a-4e69-a818-72ba53503b1e ] Request (DeleteServersTestJSON:test_delete_server_while_in_attached_volume): 200 GET http://10.180.1.21/compute/v2.1/servers/e0d5c75a-5391-4a10-af02-07b3f3223e79 0.067s
2025-04-22 06:11:37.666 69521 INFO tempest.lib.common.rest_client [req-91733e6e-e5cb-4842-a380-5205ddd5cd69 req-91733e6e-e5cb-4842-a380-5205ddd5cd69 ] Request (ServersV294TestFqdnHostnames:setUpClass): 200 GET http://10.180.1.21/compute/v2.1/servers/9804111e-efcc-4ddb-b5f5-c6e1695f74b3 0.053s
2025-04-22 06:11:37.705 69561 INFO tempest.lib.common.rest_client [req-1b521da8-977b-4f90-a3fd-05b7e17f2384 req-1b521da8-977b-4f90-a3fd-05b7e17f2384 ] Request (ServerAddressesTestJSON:setUpClass): 200 GET http://10.180.1.21/compute/v2.1/servers/fcdc8c40-b7ca-4600-aa70-61a12c264596 0.046s
2025-04-22 06:11:37.746 69525 INFO tempest.lib.common.rest_client [req-667620ba-e51c-4444-bd70-7bbc70e1a989 req-667620ba-e51c-4444-bd70-7bbc70e1a989 ] Request (ImagesTestJSON:test_create_image_from_stopped_server): 200 GET http://10.180.1.21/compute/v2.1/servers/e7490889-d165-420a-86c1-e12a1ffb2897 0.051s
2025-04-22 06:11:37.806 69523 INFO tempest.lib.common.rest_client [req-767354b6-9fe3-4570-abf4-ea35ea8dc316 req-767354b6-9fe3-4570-abf4-ea35ea8dc316 ] Request (ServersTestMultiNic:test_verify_duplicate_network_nics): 200 GET http://10.180.1.21/compute/v2.1/servers/2a38e1aa-c85b-4e9a-8f1a-260469f9d4f8 0.047s
2025-04-22 06:11:37.890 69535 INFO tempest.lib.common.rest_client [req-8342b26d-b420-43f9-8843-237836a43606 req-8342b26d-b420-43f9-8843-237836a43606 ] Request (MultipleCreateTestJSON:_run_cleanups): 200 GET http://10.180.1.21/compute/v2.1/servers/ec7d959a-0589-40f1-94e9-be4d09da5f1f 0.053s
2025-04-22 06:11:37.933 69576 INFO tempest.lib.common.rest_client [req-6c21dfbf-316d-4393-bab6-10817cef83f1 req-6c21dfbf-316d-4393-bab6-10817cef83f1 ] Request (ServerActionsTestOtherB:setUpClass): 200 GET http://10.180.1.21/compute/v2.1/servers/908abdad-314c-4188-8335-2b8e6550e2a1 0.045s
2025-04-22 06:11:38.020 69557 INFO tempest.lib.common.rest_client [req-ecef9c96-a83c-454d-a603-a0d47eb2a8b7 req-ecef9c96-a83c-454d-a603-a0d47eb2a8b7 ] Request (ListServerFiltersTestJSON:tearDownClass): 200 GET http://10.180.1.21/compute/v2.1/servers/886dd8f1-2856-401b-9c1f-14bdad94c7cf 0.068s
2025-04-22 06:11:38.034 69547 INFO tempest.lib.common.rest_client [req-0213e4db-d64b-403e-92e4-e4756ad8e8cd req-0213e4db-d64b-403e-92e4-e4756ad8e8cd ] Request (ServerGroupTestJSON:test_create_server_with_scheduler_hint_group): 200 GET http://10.180.1.21/compute/v2.1/servers/b2653fad-b50b-40ba-b1a8-6d18431f559a 0.053s
2025-04-22 06:11:38.088 69519 INFO tempest.lib.common.rest_client [req-4ca17549-11db-4096-8cff-a0fda305cab7 req-4ca17549-11db-4096-8cff-a0fda305cab7 ] Request (ServersTestJSON:test_create_server_specify_multibyte_character_name): 200 GET http://10.180.1.21/compute/v2.1/servers/d4c5a32a-fcfc-4618-bdfd-3fe922c999df 0.047s
2025-04-22 06:11:38.218 69541 INFO tempest.lib.common.rest_client [req-7c8a90db-7c1c-49b0-ad82-bc3d73b9905a req-7c8a90db-7c1c-49b0-ad82-bc3d73b9905a ] Request (ServersWithSpecificFlavorTestJSON:test_verify_created_server_ephemeral_disk): 200 GET http://10.180.1.21/compute/v2.1/servers/c3f0810d-ad98-436b-98df-3a8fd5b59dff 0.056s
2025-04-22 06:11:38.232 69527 INFO tempest.lib.common.rest_client [req-caf36e48-149e-488c-a9ef-1c6146f6dc5e req-caf36e48-149e-488c-a9ef-1c6146f6dc5e ] Request (ServerPasswordTestJSON:setUpClass): 200 GET http://10.180.1.21/compute/v2.1/servers/a0db66d9-da08-4192-8748-1a43b1f870cd 0.124s
2025-04-22 06:11:38.240 69527 INFO tempest.common.waiters [-] State transition "BUILD/spawning" ==> "ACTIVE/None" after 98 second wait
2025-04-22 06:11:38.283 69569 INFO tempest.lib.common.rest_client [req-6338c3af-ce69-4815-82a1-46e31779095e req-6338c3af-ce69-4815-82a1-46e31779095e ] Request (ServerRescueTestJSON:test_rescue_unrescue_instance): 200 GET http://10.180.1.21/compute/v2.1/servers/c9830507-cc85-4b09-ae22-fa809fee2d1a 0.067s
2025-04-22 06:11:38.296 69527 INFO tempest.lib.common.rest_client [req-613af726-2325-4fac-891c-c36cfb197d32 req-613af726-2325-4fac-891c-c36cfb197d32 ] Request (ServerPasswordTestJSON:test_delete_server_password): 204 DELETE http://10.180.1.21/compute/v2.1/servers/a0db66d9-da08-4192-8748-1a43b1f870cd/os-server-password 0.054s
2025-04-22 06:11:38.312 69559 WARNING tempest.lib.common.ssh [-] Failed to establish authenticated ssh connection to cirros@10.180.180.190 ([Errno None] Unable to connect to port 22 on 10.180.180.190). Number attempts: 2. Retry after 3 seconds.: paramiko.ssh_exception.NoValidConnectionsError: [Errno None] Unable to connect to port 22 on 10.180.180.190
2025-04-22 06:11:38.325 69527 INFO tempest.lib.common.rest_client [req-be7d3408-30b2-4f04-bdd0-abd3ef9f86cf req-be7d3408-30b2-4f04-bdd0-abd3ef9f86cf ] Request (ServerPasswordTestJSON:test_get_server_password): 200 GET http://10.180.1.21/compute/v2.1/servers/a0db66d9-da08-4192-8748-1a43b1f870cd/os-server-password 0.028s
2025-04-22 06:11:38.336 69549 INFO tempest.lib.common.rest_client [req-17523971-e7e5-4e37-9a18-020d03ef959c req-17523971-e7e5-4e37-9a18-020d03ef959c ] Request (VolumesAssistedSnapshotsTest:_run_cleanups): 404 GET http://10.180.1.21/volume/v3/volumes/2eba468d-2dcf-4918-b046-84370807d22d 0.014s
2025-04-22 06:11:38.354 69567 INFO tempest.lib.common.rest_client [req-62d46a7b-66d9-47ba-873e-39cbb3ce2b31 req-62d46a7b-66d9-47ba-873e-39cbb3ce2b31 ] Request (FloatingIPsAssociationTestJSON:tearDownClass): 200 GET http://10.180.1.21/compute/v2.1/servers/1fe2cb9c-5004-471a-8ddf-98efa38d33e3 0.060s
2025-04-22 06:11:38.405 69527 INFO tempest.lib.common.rest_client [req-7522fd72-97d5-4062-b258-9b9bfabec2ad req-7522fd72-97d5-4062-b258-9b9bfabec2ad ] Request (ServerPasswordTestJSON:tearDownClass): 204 DELETE http://10.180.1.21/compute/v2.1/servers/a0db66d9-da08-4192-8748-1a43b1f870cd 0.074s
2025-04-22 06:11:38.426 69549 INFO tempest.lib.common.rest_client [req-bac39eb1-a0c3-4276-84c2-1108295ec7cb req-bac39eb1-a0c3-4276-84c2-1108295ec7cb ] Request (VolumesAssistedSnapshotsTest:tearDownClass): 204 DELETE http://10.180.1.21/compute/v2.1/servers/91fe2354-eec5-4bd6-bdf9-6311eb0f2b4d 0.084s
2025-04-22 06:11:38.455 69513 INFO tempest.lib.common.rest_client [req-8c4011f3-71f9-41cc-af41-c372c756ebd0 req-8c4011f3-71f9-41cc-af41-c372c756ebd0 ] Request (ServerDiskConfigTestJSON:test_rebuild_server_with_manual_disk_config): 200 GET http://10.180.1.21/compute/v2.1/servers/fc7a712a-508c-49a3-b075-0a4ffbffc81e 0.094s
2025-04-22 06:11:38.517 69565 INFO tempest.lib.common.rest_client [req-435645f0-d14e-4634-ae3d-508e8af6d7d7 req-435645f0-d14e-4634-ae3d-508e8af6d7d7 ] Request (InstanceActionsV221TestJSON:test_get_list_deleted_instance_actions): 200 GET http://10.180.1.21/compute/v2.1/servers/cab205ab-e9d5-4381-8bf4-53fc516add07 0.113s
2025-04-22 06:11:38.572 69527 INFO tempest.lib.common.rest_client [req-3bce7183-e5d1-4d1d-961b-914c894b9c0d req-3bce7183-e5d1-4d1d-961b-914c894b9c0d ] Request (ServerPasswordTestJSON:tearDownClass): 200 GET http://10.180.1.21/compute/v2.1/servers/a0db66d9-da08-4192-8748-1a43b1f870cd 0.166s
2025-04-22 06:11:38.692 69549 INFO tempest.lib.common.rest_client [req-e1e786cc-0850-4dfc-9f5d-e6d056cb0e83 req-e1e786cc-0850-4dfc-9f5d-e6d056cb0e83 ] Request (VolumesAssistedSnapshotsTest:tearDownClass): 200 GET http://10.180.1.21/compute/v2.1/servers/91fe2354-eec5-4bd6-bdf9-6311eb0f2b4d 0.266s
2025-04-22 06:11:38.737 69553 INFO tempest.lib.common.rest_client [req-2a35e4ae-cf97-4113-84c0-ebb410dc0056 req-2a35e4ae-cf97-4113-84c0-ebb410dc0056 ] Request (ListImageFiltersTestJSON:setUpClass): 200 GET http://10.180.1.21/compute/v2.1/servers/ca27496f-17c0-417e-8cb0-8e36ef0d04a2 0.292s
2025-04-22 06:11:38.780 69533 INFO tempest.lib.common.rest_client [req-67666932-898d-4409-9072-bd6f72465cf3 req-67666932-898d-4409-9072-bd6f72465cf3 ] Request (ServersAdminTestJSON:test_create_server_with_scheduling_hint): 200 GET http://10.180.1.21/compute/v2.1/servers/9fe63127-8329-4a25-b9b9-b5e0369ae943 0.316s
2025-04-22 06:11:38.823 69529 INFO tempest.lib.common.rest_client [req-6f11ddf9-e033-4af7-ba68-621a13360942 req-6f11ddf9-e033-4af7-ba68-621a13360942 ] Request (ImagesOneServerNegativeTestJSON:_run_cleanups): 200 GET http://10.180.1.21/compute/v2.1/servers/1b8b039c-8cc3-4ab5-bcb1-2c26767c4c6f 0.408s
2025-04-22 06:11:38.831 69515 INFO tempest.lib.common.rest_client [req-535cf8b1-f4f7-42f4-ab15-4d566e24e765 req-535cf8b1-f4f7-42f4-ab15-4d566e24e765 ] Request (ServersAdminNegativeTestJSON:tearDownClass): 200 GET http://10.180.1.21/compute/v2.1/servers/65ae2509-68d5-4d9b-ab39-610837fd2029 0.311s
2025-04-22 06:11:38.866 69551 INFO tempest.lib.common.rest_client [req-31acc7b8-eaf4-4e94-8d6f-2376caf31090 req-31acc7b8-eaf4-4e94-8d6f-2376caf31090 ] Request (ServerRescueTestJSONUnderV235:setUpClass): 200 GET http://10.180.1.21/compute/v2.1/servers/a72cc066-0d49-400b-8afe-3df0a1527ca9 0.347s
2025-04-22 06:11:38.877 69543 INFO tempest.lib.common.rest_client [req-2d4585d0-90f7-4de3-bca8-4327f369be12 req-2d4585d0-90f7-4de3-bca8-4327f369be12 ] Request (MigrationsAdminTest:test_resize_server_revert_deleted_flavor): 200 GET http://10.180.1.21/compute/v2.1/servers/dc3ae514-ef07-4420-9382-41f3893f28fa 0.309s
2025-04-22 06:11:38.920 69537 INFO tempest.lib.common.rest_client [req-7afcf505-ba89-4d80-af64-bf4819cbb354 req-7afcf505-ba89-4d80-af64-bf4819cbb354 ] Request (TenantUsagesTestJSON:tearDownClass): 200 GET http://10.180.1.21/compute/v2.1/servers/4e36d628-5f9b-46ff-aafc-8768db9cf0dc 0.338s
2025-04-22 06:11:38.934 69574 INFO tempest.lib.common.rest_client [req-58443737-a921-43b9-b673-c1788ff8cc2b req-58443737-a921-43b9-b673-c1788ff8cc2b ] Request (DeleteServersTestJSON:test_delete_server_while_in_attached_volume): 200 GET http://10.180.1.21/compute/v2.1/servers/e0d5c75a-5391-4a10-af02-07b3f3223e79 0.313s
2025-04-22 06:11:38.974 69521 INFO tempest.lib.common.rest_client [req-1252582c-d7be-4531-bc53-e6f39e240ec4 req-1252582c-d7be-4531-bc53-e6f39e240ec4 ] Request (ServersV294TestFqdnHostnames:setUpClass): 200 GET http://10.180.1.21/compute/v2.1/servers/9804111e-efcc-4ddb-b5f5-c6e1695f74b3 0.298s
2025-04-22 06:11:38.986 69561 INFO tempest.lib.common.rest_client [req-4549f7ce-ca32-46a7-beac-4a84e724b76b req-4549f7ce-ca32-46a7-beac-4a84e724b76b ] Request (ServerAddressesTestJSON:setUpClass): 200 GET http://10.180.1.21/compute/v2.1/servers/fcdc8c40-b7ca-4600-aa70-61a12c264596 0.273s
2025-04-22 06:11:39.023 69525 INFO tempest.lib.common.rest_client [req-3dcdef31-71d9-478c-b1b0-30497a83e13d req-3dcdef31-71d9-478c-b1b0-30497a83e13d ] Request (ImagesTestJSON:test_create_image_from_stopped_server): 200 GET http://10.180.1.21/compute/v2.1/servers/e7490889-d165-420a-86c1-e12a1ffb2897 0.269s
2025-04-22 06:11:39.032 69523 INFO tempest.lib.common.rest_client [req-dbb9ba6d-0a38-4088-a8ef-9bd22f406af4 req-dbb9ba6d-0a38-4088-a8ef-9bd22f406af4 ] Request (ServersTestMultiNic:test_verify_duplicate_network_nics): 200 GET http://10.180.1.21/compute/v2.1/servers/2a38e1aa-c85b-4e9a-8f1a-260469f9d4f8 0.217s
2025-04-22 06:11:39.073 69576 INFO tempest.lib.common.rest_client [req-3c7d08d3-49f5-4617-b623-54e7946e46d9 req-3c7d08d3-49f5-4617-b623-54e7946e46d9 ] Request (ServerActionsTestOtherB:setUpClass): 200 GET http://10.180.1.21/compute/v2.1/servers/908abdad-314c-4188-8335-2b8e6550e2a1 0.132s
2025-04-22 06:11:39.075 69535 INFO tempest.lib.common.rest_client [req-712969bb-23a2-4410-854b-166aff2df5c9 req-712969bb-23a2-4410-854b-166aff2df5c9 ] Request (MultipleCreateTestJSON:_run_cleanups): 200 GET http://10.180.1.21/compute/v2.1/servers/ec7d959a-0589-40f1-94e9-be4d09da5f1f 0.173s
2025-04-22 06:11:39.121 69547 INFO tempest.lib.common.rest_client [req-77002fcd-d6b6-44d0-91e3-4b06ac571f9b req-77002fcd-d6b6-44d0-91e3-4b06ac571f9b ] Request (ServerGroupTestJSON:test_create_server_with_scheduler_hint_group): 200 GET http://10.180.1.21/compute/v2.1/servers/b2653fad-b50b-40ba-b1a8-6d18431f559a 0.079s
2025-04-22 06:11:39.121 69557 INFO tempest.lib.common.rest_client [req-5894fa31-d9cb-4174-a6c0-e4f2cd48fae8 req-5894fa31-d9cb-4174-a6c0-e4f2cd48fae8 ] Request (ListServerFiltersTestJSON:tearDownClass): 200 GET http://10.180.1.21/compute/v2.1/servers/886dd8f1-2856-401b-9c1f-14bdad94c7cf 0.092s
2025-04-22 06:11:39.164 69519 INFO tempest.lib.common.rest_client [req-241c02bb-c550-4005-8713-0aabf9539932 req-241c02bb-c550-4005-8713-0aabf9539932 ] Request (ServersTestJSON:test_create_server_specify_multibyte_character_name): 200 GET http://10.180.1.21/compute/v2.1/servers/d4c5a32a-fcfc-4618-bdfd-3fe922c999df 0.067s
2025-04-22 06:11:39.273 69541 INFO tempest.lib.common.rest_client [req-ad875617-52e9-4797-a6bb-a6a9d5ddbf55 req-ad875617-52e9-4797-a6bb-a6a9d5ddbf55 ] Request (ServersWithSpecificFlavorTestJSON:test_verify_created_server_ephemeral_disk): 200 GET http://10.180.1.21/compute/v2.1/servers/c3f0810d-ad98-436b-98df-3a8fd5b59dff 0.048s
2025-04-22 06:11:39.339 69569 INFO tempest.lib.common.rest_client [req-ae4ca56a-4030-4a6c-a0ca-bc11632ccb49 req-ae4ca56a-4030-4a6c-a0ca-bc11632ccb49 ] Request (ServerRescueTestJSON:test_rescue_unrescue_instance): 200 GET http://10.180.1.21/compute/v2.1/servers/c9830507-cc85-4b09-ae22-fa809fee2d1a 0.046s
2025-04-22 06:11:39.417 69567 INFO tempest.lib.common.rest_client [req-d0665d49-85ec-4546-9b5e-f803d3dc486e req-d0665d49-85ec-4546-9b5e-f803d3dc486e ] Request (FloatingIPsAssociationTestJSON:tearDownClass): 200 GET http://10.180.1.21/compute/v2.1/servers/1fe2cb9c-5004-471a-8ddf-98efa38d33e3 0.054s
2025-04-22 06:11:39.425 69567 INFO tempest.common.waiters [-] State transition "ACTIVE/deleting" ==> "DELETED/None" after 4 second wait
2025-04-22 06:11:39.519 69513 INFO tempest.lib.common.rest_client [req-87e4f72f-579a-49ad-9a4d-c7b08c0ef478 req-87e4f72f-579a-49ad-9a4d-c7b08c0ef478 ] Request (ServerDiskConfigTestJSON:test_rebuild_server_with_manual_disk_config): 200 GET http://10.180.1.21/compute/v2.1/servers/fc7a712a-508c-49a3-b075-0a4ffbffc81e 0.056s
2025-04-22 06:11:39.672 69565 INFO tempest.lib.common.rest_client [req-c7cdb866-2f29-407e-a9a3-add7987e8a8a req-c7cdb866-2f29-407e-a9a3-add7987e8a8a ] Request (InstanceActionsV221TestJSON:test_get_list_deleted_instance_actions): 200 GET http://10.180.1.21/compute/v2.1/servers/cab205ab-e9d5-4381-8bf4-53fc516add07 0.146s
2025-04-22 06:11:39.675 69527 INFO tempest.lib.common.rest_client [req-3d2be6f5-5787-4c9a-964e-0071a26c83e4 req-3d2be6f5-5787-4c9a-964e-0071a26c83e4 ] Request (ServerPasswordTestJSON:tearDownClass): 200 GET http://10.180.1.21/compute/v2.1/servers/a0db66d9-da08-4192-8748-1a43b1f870cd 0.095s
2025-04-22 06:11:39.792 69549 INFO tempest.lib.common.rest_client [req-fde0458d-eacc-44d2-9d8b-d6aa72571d5f req-fde0458d-eacc-44d2-9d8b-d6aa72571d5f ] Request (VolumesAssistedSnapshotsTest:tearDownClass): 200 GET http://10.180.1.21/compute/v2.1/servers/91fe2354-eec5-4bd6-bdf9-6311eb0f2b4d 0.089s
2025-04-22 06:11:39.806 69553 INFO tempest.lib.common.rest_client [req-55f1a4d6-c83f-4274-824d-e2eda41cf676 req-55f1a4d6-c83f-4274-824d-e2eda41cf676 ] Request (ListImageFiltersTestJSON:setUpClass): 200 GET http://10.180.1.21/compute/v2.1/servers/ca27496f-17c0-417e-8cb0-8e36ef0d04a2 0.048s
2025-04-22 06:11:39.836 69533 INFO tempest.lib.common.rest_client [req-507e32a8-0db7-4d1e-b6ac-014beb51e025 req-507e32a8-0db7-4d1e-b6ac-014beb51e025 ] Request (ServersAdminTestJSON:test_create_server_with_scheduling_hint): 200 GET http://10.180.1.21/compute/v2.1/servers/9fe63127-8329-4a25-b9b9-b5e0369ae943 0.048s
2025-04-22 06:11:39.843 69533 INFO tempest.common.waiters [-] State transition "BUILD/scheduling" ==> "BUILD/None" after 37 second wait
2025-04-22 06:11:39.879 69529 INFO tempest.lib.common.rest_client [req-4c2ed820-ef8c-475d-9733-804ad1c82836 req-4c2ed820-ef8c-475d-9733-804ad1c82836 ] Request (ImagesOneServerNegativeTestJSON:_run_cleanups): 200 GET http://10.180.1.21/compute/v2.1/servers/1b8b039c-8cc3-4ab5-bcb1-2c26767c4c6f 0.049s
2025-04-22 06:11:39.888 69515 INFO tempest.lib.common.rest_client [req-527f8947-486f-4dc8-a20f-72dba2231f9b req-527f8947-486f-4dc8-a20f-72dba2231f9b ] Request (ServersAdminNegativeTestJSON:tearDownClass): 200 GET http://10.180.1.21/compute/v2.1/servers/65ae2509-68d5-4d9b-ab39-610837fd2029 0.049s
2025-04-22 06:11:39.924 69551 INFO tempest.lib.common.rest_client [req-4821958a-ffef-406e-a983-025d87034265 req-4821958a-ffef-406e-a983-025d87034265 ] Request (ServerRescueTestJSONUnderV235:setUpClass): 200 GET http://10.180.1.21/compute/v2.1/servers/a72cc066-0d49-400b-8afe-3df0a1527ca9 0.049s
2025-04-22 06:11:39.933 69543 INFO tempest.lib.common.rest_client [req-81d6249a-c6f0-4ee9-92f9-de8afe877378 req-81d6249a-c6f0-4ee9-92f9-de8afe877378 ] Request (MigrationsAdminTest:test_resize_server_revert_deleted_flavor): 200 GET http://10.180.1.21/compute/v2.1/servers/dc3ae514-ef07-4420-9382-41f3893f28fa 0.049s
2025-04-22 06:11:39.981 69537 INFO tempest.lib.common.rest_client [req-05c4c8cf-235f-4f6d-9d3f-6b1269a0f0b8 req-05c4c8cf-235f-4f6d-9d3f-6b1269a0f0b8 ] Request (TenantUsagesTestJSON:tearDownClass): 200 GET http://10.180.1.21/compute/v2.1/servers/4e36d628-5f9b-46ff-aafc-8768db9cf0dc 0.052s
2025-04-22 06:11:39.996 69574 INFO tempest.lib.common.rest_client [req-f03a23fc-e88b-4870-9c87-4e1f3d085580 req-f03a23fc-e88b-4870-9c87-4e1f3d085580 ] Request (DeleteServersTestJSON:test_delete_server_while_in_attached_volume): 200 GET http://10.180.1.21/compute/v2.1/servers/e0d5c75a-5391-4a10-af02-07b3f3223e79 0.054s
2025-04-22 06:11:40.038 69521 INFO tempest.lib.common.rest_client [req-c90eae9c-eb59-43c0-9408-49dd99a721c3 req-c90eae9c-eb59-43c0-9408-49dd99a721c3 ] Request (ServersV294TestFqdnHostnames:setUpClass): 200 GET http://10.180.1.21/compute/v2.1/servers/9804111e-efcc-4ddb-b5f5-c6e1695f74b3 0.052s
2025-04-22 06:11:40.045 69561 INFO tempest.lib.common.rest_client [req-2f5c25e7-df62-4eab-b3e4-e216349c2560 req-2f5c25e7-df62-4eab-b3e4-e216349c2560 ] Request (ServerAddressesTestJSON:setUpClass): 200 GET http://10.180.1.21/compute/v2.1/servers/fcdc8c40-b7ca-4600-aa70-61a12c264596 0.051s
2025-04-22 06:11:40.079 69525 INFO tempest.lib.common.rest_client [req-63ded95d-8e43-421c-b19e-105ab7acbc0e req-63ded95d-8e43-421c-b19e-105ab7acbc0e ] Request (ImagesTestJSON:test_create_image_from_stopped_server): 200 GET http://10.180.1.21/compute/v2.1/servers/e7490889-d165-420a-86c1-e12a1ffb2897 0.049s
2025-04-22 06:11:40.087 69523 INFO tempest.lib.common.rest_client [req-bf367d86-49cf-418c-a864-24a2ff5d8452 req-bf367d86-49cf-418c-a864-24a2ff5d8452 ] Request (ServersTestMultiNic:test_verify_duplicate_network_nics): 200 GET http://10.180.1.21/compute/v2.1/servers/2a38e1aa-c85b-4e9a-8f1a-260469f9d4f8 0.047s
2025-04-22 06:11:40.129 69576 INFO tempest.lib.common.rest_client [req-7837135b-e9ba-4d35-8f5b-2b8efa2db1e5 req-7837135b-e9ba-4d35-8f5b-2b8efa2db1e5 ] Request (ServerActionsTestOtherB:setUpClass): 200 GET http://10.180.1.21/compute/v2.1/servers/908abdad-314c-4188-8335-2b8e6550e2a1 0.048s
2025-04-22 06:11:40.138 69535 INFO tempest.lib.common.rest_client [req-9f50961f-e8d8-41dc-9657-f1588613e6f5 req-9f50961f-e8d8-41dc-9657-f1588613e6f5 ] Request (MultipleCreateTestJSON:_run_cleanups): 200 GET http://10.180.1.21/compute/v2.1/servers/ec7d959a-0589-40f1-94e9-be4d09da5f1f 0.055s
2025-04-22 06:11:40.175 69547 INFO tempest.lib.common.rest_client [req-e56432d1-5fec-4704-b754-8cc9f2dd1bcc req-e56432d1-5fec-4704-b754-8cc9f2dd1bcc ] Request (ServerGroupTestJSON:test_create_server_with_scheduler_hint_group): 200 GET http://10.180.1.21/compute/v2.1/servers/b2653fad-b50b-40ba-b1a8-6d18431f559a 0.047s
2025-04-22 06:11:40.185 69557 INFO tempest.lib.common.rest_client [req-0d179cd4-3caf-41e1-92c4-a61b8bda7ce6 req-0d179cd4-3caf-41e1-92c4-a61b8bda7ce6 ] Request (ListServerFiltersTestJSON:tearDownClass): 200 GET http://10.180.1.21/compute/v2.1/servers/886dd8f1-2856-401b-9c1f-14bdad94c7cf 0.056s
2025-04-22 06:11:40.217 69519 INFO tempest.lib.common.rest_client [req-c7141bb0-e088-4bc1-8832-781f213ae783 req-c7141bb0-e088-4bc1-8832-781f213ae783 ] Request (ServersTestJSON:test_create_server_specify_multibyte_character_name): 200 GET http://10.180.1.21/compute/v2.1/servers/d4c5a32a-fcfc-4618-bdfd-3fe922c999df 0.046s
2025-04-22 06:11:40.330 69541 INFO tempest.lib.common.rest_client [req-3d2c9978-069b-4661-b89f-5cab42eea3d6 req-3d2c9978-069b-4661-b89f-5cab42eea3d6 ] Request (ServersWithSpecificFlavorTestJSON:test_verify_created_server_ephemeral_disk): 200 GET http://10.180.1.21/compute/v2.1/servers/c3f0810d-ad98-436b-98df-3a8fd5b59dff 0.049s
2025-04-22 06:11:40.392 69569 INFO tempest.lib.common.rest_client [req-422ee8ae-8ad0-4e09-a359-365674efa347 req-422ee8ae-8ad0-4e09-a359-365674efa347 ] Request (ServerRescueTestJSON:test_rescue_unrescue_instance): 200 GET http://10.180.1.21/compute/v2.1/servers/c9830507-cc85-4b09-ae22-fa809fee2d1a 0.045s
2025-04-22 06:11:40.479 69567 INFO tempest.lib.common.rest_client [req-0506da27-e290-4031-8175-ca4ec81a907a req-0506da27-e290-4031-8175-ca4ec81a907a ] Request (FloatingIPsAssociationTestJSON:tearDownClass): 200 GET http://10.180.1.21/compute/v2.1/servers/1fe2cb9c-5004-471a-8ddf-98efa38d33e3 0.053s
2025-04-22 06:11:40.577 69513 INFO tempest.lib.common.rest_client [req-c222fd9f-ece6-468b-9aaa-a18d7ac2511d req-c222fd9f-ece6-468b-9aaa-a18d7ac2511d ] Request (ServerDiskConfigTestJSON:test_rebuild_server_with_manual_disk_config): 200 GET http://10.180.1.21/compute/v2.1/servers/fc7a712a-508c-49a3-b075-0a4ffbffc81e 0.050s
2025-04-22 06:11:40.766 69527 INFO tempest.lib.common.rest_client [req-1ff43764-b54c-4574-be17-9207694c4e63 req-1ff43764-b54c-4574-be17-9207694c4e63 ] Request (ServerPasswordTestJSON:tearDownClass): 200 GET http://10.180.1.21/compute/v2.1/servers/a0db66d9-da08-4192-8748-1a43b1f870cd 0.084s
2025-04-22 06:11:40.767 69565 INFO tempest.lib.common.rest_client [req-cecb322b-c97f-4231-a21c-34a0ef720f89 req-cecb322b-c97f-4231-a21c-34a0ef720f89 ] Request (InstanceActionsV221TestJSON:test_get_list_deleted_instance_actions): 200 GET http://10.180.1.21/compute/v2.1/servers/cab205ab-e9d5-4381-8bf4-53fc516add07 0.086s
2025-04-22 06:11:40.864 69553 INFO tempest.lib.common.rest_client [req-c12ff24a-58de-402b-8b71-9839e10c3f77 req-c12ff24a-58de-402b-8b71-9839e10c3f77 ] Request (ListImageFiltersTestJSON:setUpClass): 200 GET http://10.180.1.21/compute/v2.1/servers/ca27496f-17c0-417e-8cb0-8e36ef0d04a2 0.050s
2025-04-22 06:11:40.911 69533 INFO tempest.lib.common.rest_client [req-59d9fbbd-c2d6-4beb-a71d-12b5dd34d37c req-59d9fbbd-c2d6-4beb-a71d-12b5dd34d37c ] Request (ServersAdminTestJSON:test_create_server_with_scheduling_hint): 200 GET http://10.180.1.21/compute/v2.1/servers/9fe63127-8329-4a25-b9b9-b5e0369ae943 0.067s
2025-04-22 06:11:40.919 69549 INFO tempest.lib.common.rest_client [req-b72a918e-e0ef-40c1-973f-6ed47ed08d79 req-b72a918e-e0ef-40c1-973f-6ed47ed08d79 ] Request (VolumesAssistedSnapshotsTest:tearDownClass): 200 GET http://10.180.1.21/compute/v2.1/servers/91fe2354-eec5-4bd6-bdf9-6311eb0f2b4d 0.119s
2025-04-22 06:11:40.955 69529 INFO tempest.lib.common.rest_client [req-9b5062be-8ccc-43ff-b7f6-008759f3c6ca req-9b5062be-8ccc-43ff-b7f6-008759f3c6ca ] Request (ImagesOneServerNegativeTestJSON:_run_cleanups): 200 GET http://10.180.1.21/compute/v2.1/servers/1b8b039c-8cc3-4ab5-bcb1-2c26767c4c6f 0.069s
2025-04-22 06:11:40.970 69515 INFO tempest.lib.common.rest_client [req-7e27e3b6-3b6a-4210-9a2e-d8498d1e3ba3 req-7e27e3b6-3b6a-4210-9a2e-d8498d1e3ba3 ] Request (ServersAdminNegativeTestJSON:tearDownClass): 200 GET http://10.180.1.21/compute/v2.1/servers/65ae2509-68d5-4d9b-ab39-610837fd2029 0.075s
2025-04-22 06:11:41.002 69551 INFO tempest.lib.common.rest_client [req-49c0dfaa-bd88-4acf-9774-66e591fb5040 req-49c0dfaa-bd88-4acf-9774-66e591fb5040 ] Request (ServerRescueTestJSONUnderV235:setUpClass): 200 GET http://10.180.1.21/compute/v2.1/servers/a72cc066-0d49-400b-8afe-3df0a1527ca9 0.070s
2025-04-22 06:11:41.018 69543 INFO tempest.lib.common.rest_client [req-04ceecd6-2802-471a-9069-c93b457f8f0a req-04ceecd6-2802-471a-9069-c93b457f8f0a ] Request (MigrationsAdminTest:test_resize_server_revert_deleted_flavor): 200 GET http://10.180.1.21/compute/v2.1/servers/dc3ae514-ef07-4420-9382-41f3893f28fa 0.077s
2025-04-22 06:11:41.054 69537 INFO tempest.lib.common.rest_client [req-740a56d1-4eaf-4dee-8bca-14ea265ca5a0 req-740a56d1-4eaf-4dee-8bca-14ea265ca5a0 ] Request (TenantUsagesTestJSON:tearDownClass): 200 GET http://10.180.1.21/compute/v2.1/servers/4e36d628-5f9b-46ff-aafc-8768db9cf0dc 0.065s
2025-04-22 06:11:41.066 69574 INFO tempest.lib.common.rest_client [req-fc59ebe9-70fc-4f67-97f0-14de175179d8 req-fc59ebe9-70fc-4f67-97f0-14de175179d8 ] Request (DeleteServersTestJSON:test_delete_server_while_in_attached_volume): 200 GET http://10.180.1.21/compute/v2.1/servers/e0d5c75a-5391-4a10-af02-07b3f3223e79 0.062s
2025-04-22 06:11:41.102 69521 INFO tempest.lib.common.rest_client [req-427d4109-9728-4e9d-a404-9565e8a97d2d req-427d4109-9728-4e9d-a404-9565e8a97d2d ] Request (ServersV294TestFqdnHostnames:setUpClass): 200 GET http://10.180.1.21/compute/v2.1/servers/9804111e-efcc-4ddb-b5f5-c6e1695f74b3 0.052s
2025-04-22 06:11:41.113 69561 INFO tempest.lib.common.rest_client [req-007c9b50-ab68-4c83-a029-abf8492ec85d req-007c9b50-ab68-4c83-a029-abf8492ec85d ] Request (ServerAddressesTestJSON:setUpClass): 200 GET http://10.180.1.21/compute/v2.1/servers/fcdc8c40-b7ca-4600-aa70-61a12c264596 0.060s
2025-04-22 06:11:41.145 69525 INFO tempest.lib.common.rest_client [req-b82d41bf-7862-4357-85dd-a9f809e143aa req-b82d41bf-7862-4357-85dd-a9f809e143aa ] Request (ImagesTestJSON:test_create_image_from_stopped_server): 200 GET http://10.180.1.21/compute/v2.1/servers/e7490889-d165-420a-86c1-e12a1ffb2897 0.058s
2025-04-22 06:11:41.158 69523 INFO tempest.lib.common.rest_client [req-0b3ab3e7-a911-4744-bc83-fb5dba0da637 req-0b3ab3e7-a911-4744-bc83-fb5dba0da637 ] Request (ServersTestMultiNic:test_verify_duplicate_network_nics): 200 GET http://10.180.1.21/compute/v2.1/servers/2a38e1aa-c85b-4e9a-8f1a-260469f9d4f8 0.063s
2025-04-22 06:11:41.189 69576 INFO tempest.lib.common.rest_client [req-f0aedc98-42ba-49af-8815-1637632b43b8 req-f0aedc98-42ba-49af-8815-1637632b43b8 ] Request (ServerActionsTestOtherB:setUpClass): 200 GET http://10.180.1.21/compute/v2.1/servers/908abdad-314c-4188-8335-2b8e6550e2a1 0.052s
2025-04-22 06:11:41.209 69535 INFO tempest.lib.common.rest_client [req-ae23d244-2389-45f9-8dda-04f8faf75fbe req-ae23d244-2389-45f9-8dda-04f8faf75fbe ] Request (MultipleCreateTestJSON:_run_cleanups): 200 GET http://10.180.1.21/compute/v2.1/servers/ec7d959a-0589-40f1-94e9-be4d09da5f1f 0.063s
2025-04-22 06:11:41.235 69547 INFO tempest.lib.common.rest_client [req-6735186f-b44a-484c-9af3-c288278b1368 req-6735186f-b44a-484c-9af3-c288278b1368 ] Request (ServerGroupTestJSON:test_create_server_with_scheduler_hint_group): 200 GET http://10.180.1.21/compute/v2.1/servers/b2653fad-b50b-40ba-b1a8-6d18431f559a 0.051s
2025-04-22 06:11:41.259 69557 INFO tempest.lib.common.rest_client [req-3f5c8c26-adba-47b1-ac5f-122f92b9a353 req-3f5c8c26-adba-47b1-ac5f-122f92b9a353 ] Request (ListServerFiltersTestJSON:tearDownClass): 200 GET http://10.180.1.21/compute/v2.1/servers/886dd8f1-2856-401b-9c1f-14bdad94c7cf 0.065s
2025-04-22 06:11:41.277 69519 INFO tempest.lib.common.rest_client [req-2754b468-fa69-4058-bf82-15e3c6f2cb32 req-2754b468-fa69-4058-bf82-15e3c6f2cb32 ] Request (ServersTestJSON:test_create_server_specify_multibyte_character_name): 200 GET http://10.180.1.21/compute/v2.1/servers/d4c5a32a-fcfc-4618-bdfd-3fe922c999df 0.052s
2025-04-22 06:11:41.392 69541 INFO tempest.lib.common.rest_client [req-ba9e30e3-b15f-4496-9dec-3f6dba442e3e req-ba9e30e3-b15f-4496-9dec-3f6dba442e3e ] Request (ServersWithSpecificFlavorTestJSON:test_verify_created_server_ephemeral_disk): 200 GET http://10.180.1.21/compute/v2.1/servers/c3f0810d-ad98-436b-98df-3a8fd5b59dff 0.053s
2025-04-22 06:11:41.448 69569 INFO tempest.lib.common.rest_client [req-d05013cd-853b-4d61-8309-ff839db190a0 req-d05013cd-853b-4d61-8309-ff839db190a0 ] Request (ServerRescueTestJSON:test_rescue_unrescue_instance): 200 GET http://10.180.1.21/compute/v2.1/servers/c9830507-cc85-4b09-ae22-fa809fee2d1a 0.048s
2025-04-22 06:11:41.542 69567 INFO tempest.lib.common.rest_client [req-f1db03f1-d24f-4392-8971-6dd96765749c req-f1db03f1-d24f-4392-8971-6dd96765749c ] Request (FloatingIPsAssociationTestJSON:tearDownClass): 200 GET http://10.180.1.21/compute/v2.1/servers/1fe2cb9c-5004-471a-8ddf-98efa38d33e3 0.055s
2025-04-22 06:11:41.633 69513 INFO tempest.lib.common.rest_client [req-4d981f20-cfb0-4187-8632-50b00fd7572b req-4d981f20-cfb0-4187-8632-50b00fd7572b ] Request (ServerDiskConfigTestJSON:test_rebuild_server_with_manual_disk_config): 200 GET http://10.180.1.21/compute/v2.1/servers/fc7a712a-508c-49a3-b075-0a4ffbffc81e 0.047s
2025-04-22 06:11:41.863 69527 INFO tempest.lib.common.rest_client [req-9129707d-db03-4200-a5b3-b4581f7680e7 req-9129707d-db03-4200-a5b3-b4581f7680e7 ] Request (ServerPasswordTestJSON:tearDownClass): 200 GET http://10.180.1.21/compute/v2.1/servers/a0db66d9-da08-4192-8748-1a43b1f870cd 0.089s
2025-04-22 06:11:41.871 69565 INFO tempest.lib.common.rest_client [req-b04e506f-7349-432d-bd73-7e28ab0b5bb7 req-b04e506f-7349-432d-bd73-7e28ab0b5bb7 ] Request (InstanceActionsV221TestJSON:test_get_list_deleted_instance_actions): 200 GET http://10.180.1.21/compute/v2.1/servers/cab205ab-e9d5-4381-8bf4-53fc516add07 0.094s
2025-04-22 06:11:41.918 69553 INFO tempest.lib.common.rest_client [req-b3305ac7-4d48-40c7-a6cd-b83ef99450fa req-b3305ac7-4d48-40c7-a6cd-b83ef99450fa ] Request (ListImageFiltersTestJSON:setUpClass): 200 GET http://10.180.1.21/compute/v2.1/servers/ca27496f-17c0-417e-8cb0-8e36ef0d04a2 0.046s
2025-04-22 06:11:41.967 69533 INFO tempest.lib.common.rest_client [req-1555b44c-e1fa-4516-8045-07c98eddad02 req-1555b44c-e1fa-4516-8045-07c98eddad02 ] Request (ServersAdminTestJSON:test_create_server_with_scheduling_hint): 200 GET http://10.180.1.21/compute/v2.1/servers/9fe63127-8329-4a25-b9b9-b5e0369ae943 0.049s
2025-04-22 06:11:42.010 69529 INFO tempest.lib.common.rest_client [req-798773db-6573-4bad-b4ff-3b8283154c67 req-798773db-6573-4bad-b4ff-3b8283154c67 ] Request (ImagesOneServerNegativeTestJSON:_run_cleanups): 200 GET http://10.180.1.21/compute/v2.1/servers/1b8b039c-8cc3-4ab5-bcb1-2c26767c4c6f 0.047s
2025-04-22 06:11:42.013 69549 INFO tempest.lib.common.rest_client [req-421d843f-0d06-453d-a16d-248a8940dedd req-421d843f-0d06-453d-a16d-248a8940dedd ] Request (VolumesAssistedSnapshotsTest:tearDownClass): 200 GET http://10.180.1.21/compute/v2.1/servers/91fe2354-eec5-4bd6-bdf9-6311eb0f2b4d 0.085s
2025-04-22 06:11:42.056 69551 INFO tempest.lib.common.rest_client [req-ada7d571-56fb-4731-94ee-e561f4ad08c1 req-ada7d571-56fb-4731-94ee-e561f4ad08c1 ] Request (ServerRescueTestJSONUnderV235:setUpClass): 200 GET http://10.180.1.21/compute/v2.1/servers/a72cc066-0d49-400b-8afe-3df0a1527ca9 0.047s
2025-04-22 06:11:42.058 69515 INFO tempest.lib.common.rest_client [req-a0913b5e-413f-44a2-b36f-47cd4e27ee8b req-a0913b5e-413f-44a2-b36f-47cd4e27ee8b ] Request (ServersAdminNegativeTestJSON:tearDownClass): 200 GET http://10.180.1.21/compute/v2.1/servers/65ae2509-68d5-4d9b-ab39-610837fd2029 0.080s
2025-04-22 06:11:42.100 69543 INFO tempest.lib.common.rest_client [req-de224973-160d-4f96-a75b-0b69865c80a2 req-de224973-160d-4f96-a75b-0b69865c80a2 ] Request (MigrationsAdminTest:test_resize_server_revert_deleted_flavor): 200 GET http://10.180.1.21/compute/v2.1/servers/dc3ae514-ef07-4420-9382-41f3893f28fa 0.073s
2025-04-22 06:11:42.121 69537 INFO tempest.lib.common.rest_client [req-6d59f096-e99f-42d4-ad10-1b6955f41185 req-6d59f096-e99f-42d4-ad10-1b6955f41185 ] Request (TenantUsagesTestJSON:tearDownClass): 200 GET http://10.180.1.21/compute/v2.1/servers/4e36d628-5f9b-46ff-aafc-8768db9cf0dc 0.058s
2025-04-22 06:11:42.156 69574 INFO tempest.lib.common.rest_client [req-6dc91504-5c05-4c19-b2da-f32f7e5bf037 req-6dc91504-5c05-4c19-b2da-f32f7e5bf037 ] Request (DeleteServersTestJSON:test_delete_server_while_in_attached_volume): 200 GET http://10.180.1.21/compute/v2.1/servers/e0d5c75a-5391-4a10-af02-07b3f3223e79 0.080s
2025-04-22 06:11:42.173 69521 INFO tempest.lib.common.rest_client [req-3e124671-768d-4a70-8d5d-856570995e9d req-3e124671-768d-4a70-8d5d-856570995e9d ] Request (ServersV294TestFqdnHostnames:setUpClass): 200 GET http://10.180.1.21/compute/v2.1/servers/9804111e-efcc-4ddb-b5f5-c6e1695f74b3 0.061s
2025-04-22 06:11:42.200 69561 INFO tempest.lib.common.rest_client [req-3111d88a-377c-4c89-9fb8-89c00589010b req-3111d88a-377c-4c89-9fb8-89c00589010b ] Request (ServerAddressesTestJSON:setUpClass): 200 GET http://10.180.1.21/compute/v2.1/servers/fcdc8c40-b7ca-4600-aa70-61a12c264596 0.079s
2025-04-22 06:11:42.216 69525 INFO tempest.lib.common.rest_client [req-091ae82a-5490-498d-901d-5a2510e0cdec req-091ae82a-5490-498d-901d-5a2510e0cdec ] Request (ImagesTestJSON:test_create_image_from_stopped_server): 200 GET http://10.180.1.21/compute/v2.1/servers/e7490889-d165-420a-86c1-e12a1ffb2897 0.062s
2025-04-22 06:11:42.245 69523 INFO tempest.lib.common.rest_client [req-d06fdb9a-6b29-458f-94c9-52b08ea31be9 req-d06fdb9a-6b29-458f-94c9-52b08ea31be9 ] Request (ServersTestMultiNic:test_verify_duplicate_network_nics): 200 GET http://10.180.1.21/compute/v2.1/servers/2a38e1aa-c85b-4e9a-8f1a-260469f9d4f8 0.079s
2025-04-22 06:11:42.259 69576 INFO tempest.lib.common.rest_client [req-bbfc198c-19a9-43ed-98e3-dd5c2fe3ca76 req-bbfc198c-19a9-43ed-98e3-dd5c2fe3ca76 ] Request (ServerActionsTestOtherB:setUpClass): 200 GET http://10.180.1.21/compute/v2.1/servers/908abdad-314c-4188-8335-2b8e6550e2a1 0.060s
2025-04-22 06:11:42.294 69535 INFO tempest.lib.common.rest_client [req-48ac5938-ef6c-4c9e-b526-99dc01fa0596 req-48ac5938-ef6c-4c9e-b526-99dc01fa0596 ] Request (MultipleCreateTestJSON:_run_cleanups): 200 GET http://10.180.1.21/compute/v2.1/servers/ec7d959a-0589-40f1-94e9-be4d09da5f1f 0.078s
2025-04-22 06:11:42.310 69547 INFO tempest.lib.common.rest_client [req-c724ed78-f47b-40a2-903a-27b080e1e543 req-c724ed78-f47b-40a2-903a-27b080e1e543 ] Request (ServerGroupTestJSON:test_create_server_with_scheduler_hint_group): 200 GET http://10.180.1.21/compute/v2.1/servers/b2653fad-b50b-40ba-b1a8-6d18431f559a 0.067s
2025-04-22 06:11:42.342 69557 INFO tempest.lib.common.rest_client [req-a539445f-32aa-4151-a9d7-ca596bef9325 req-a539445f-32aa-4151-a9d7-ca596bef9325 ] Request (ListServerFiltersTestJSON:tearDownClass): 200 GET http://10.180.1.21/compute/v2.1/servers/886dd8f1-2856-401b-9c1f-14bdad94c7cf 0.075s
2025-04-22 06:11:42.371 69519 INFO tempest.lib.common.rest_client [req-caf3f96e-4f74-4fd6-ae64-f68d803cc695 req-caf3f96e-4f74-4fd6-ae64-f68d803cc695 ] Request (ServersTestJSON:test_create_server_specify_multibyte_character_name): 200 GET http://10.180.1.21/compute/v2.1/servers/d4c5a32a-fcfc-4618-bdfd-3fe922c999df 0.087s
2025-04-22 06:11:42.408 69517 WARNING tempest.lib.common.ssh [-] Failed to establish authenticated ssh connection to cirros@10.180.180.149 ([Errno None] Unable to connect to port 22 on 10.180.180.149). Number attempts: 8. Retry after 9 seconds.: paramiko.ssh_exception.NoValidConnectionsError: [Errno None] Unable to connect to port 22 on 10.180.180.149
2025-04-22 06:11:42.446 69541 INFO tempest.lib.common.rest_client [req-5ce0f976-2f66-4023-bdd5-829aa96c82c1 req-5ce0f976-2f66-4023-bdd5-829aa96c82c1 ] Request (ServersWithSpecificFlavorTestJSON:test_verify_created_server_ephemeral_disk): 200 GET http://10.180.1.21/compute/v2.1/servers/c3f0810d-ad98-436b-98df-3a8fd5b59dff 0.045s
2025-04-22 06:11:42.513 69569 INFO tempest.lib.common.rest_client [req-914dbb61-fbb9-48d1-9b8a-413193c29b67 req-914dbb61-fbb9-48d1-9b8a-413193c29b67 ] Request (ServerRescueTestJSON:test_rescue_unrescue_instance): 200 GET http://10.180.1.21/compute/v2.1/servers/c9830507-cc85-4b09-ae22-fa809fee2d1a 0.057s
2025-04-22 06:11:42.618 69567 INFO tempest.lib.common.rest_client [req-ea66d8a5-e05e-4dff-a457-230d640bf84e req-ea66d8a5-e05e-4dff-a457-230d640bf84e ] Request (FloatingIPsAssociationTestJSON:tearDownClass): 200 GET http://10.180.1.21/compute/v2.1/servers/1fe2cb9c-5004-471a-8ddf-98efa38d33e3 0.067s
2025-04-22 06:11:42.701 69513 INFO tempest.lib.common.rest_client [req-813920f1-7c52-44f8-942a-a9e4dfc56d3c req-813920f1-7c52-44f8-942a-a9e4dfc56d3c ] Request (ServerDiskConfigTestJSON:test_rebuild_server_with_manual_disk_config): 200 GET http://10.180.1.21/compute/v2.1/servers/fc7a712a-508c-49a3-b075-0a4ffbffc81e 0.060s
2025-04-22 06:11:42.856 69573 WARNING tempest.lib.common.ssh [-] Failed to establish authenticated ssh connection to cirros@10.180.180.157 ([Errno None] Unable to connect to port 22 on 10.180.180.157). Number attempts: 5. Retry after 6 seconds.: paramiko.ssh_exception.NoValidConnectionsError: [Errno None] Unable to connect to port 22 on 10.180.180.157
2025-04-22 06:11:42.927 69527 INFO tempest.lib.common.rest_client [req-5cba328c-fff5-4463-91b5-ef8868cdc9af req-5cba328c-fff5-4463-91b5-ef8868cdc9af ] Request (ServerPasswordTestJSON:tearDownClass): 200 GET http://10.180.1.21/compute/v2.1/servers/a0db66d9-da08-4192-8748-1a43b1f870cd 0.056s
2025-04-22 06:11:42.987 69553 INFO tempest.lib.common.rest_client [req-a6737eea-9562-4c47-9122-6ca699683296 req-a6737eea-9562-4c47-9122-6ca699683296 ] Request (ListImageFiltersTestJSON:setUpClass): 200 GET http://10.180.1.21/compute/v2.1/servers/ca27496f-17c0-417e-8cb0-8e36ef0d04a2 0.061s
2025-04-22 06:11:42.988 69565 INFO tempest.lib.common.rest_client [req-5166a3b8-c13f-4852-800a-e7cb863ee4ec req-5166a3b8-c13f-4852-800a-e7cb863ee4ec ] Request (InstanceActionsV221TestJSON:test_get_list_deleted_instance_actions): 200 GET http://10.180.1.21/compute/v2.1/servers/cab205ab-e9d5-4381-8bf4-53fc516add07 0.107s
2025-04-22 06:11:43.005 69565 INFO tempest.common.waiters [-] State transition "BUILD/spawning" ==> "ACTIVE/None" after 99 second wait
2025-04-22 06:11:43.053 69533 INFO tempest.lib.common.rest_client [req-dce62364-cc0a-4ae1-9177-e1479cdcb658 req-dce62364-cc0a-4ae1-9177-e1479cdcb658 ] Request (ServersAdminTestJSON:test_create_server_with_scheduling_hint): 200 GET http://10.180.1.21/compute/v2.1/servers/9fe63127-8329-4a25-b9b9-b5e0369ae943 0.077s
2025-04-22 06:11:43.086 69565 INFO tempest.lib.common.rest_client [req-4921ad76-b289-4451-aebe-e773c2fafa58 req-4921ad76-b289-4451-aebe-e773c2fafa58 ] Request (InstanceActionsV221TestJSON:test_get_list_deleted_instance_actions): 204 DELETE http://10.180.1.21/compute/v2.1/servers/cab205ab-e9d5-4381-8bf4-53fc516add07 0.081s
2025-04-22 06:11:43.110 69529 INFO tempest.lib.common.rest_client [req-27debfc5-8696-4d68-99ea-bff4048e670f req-27debfc5-8696-4d68-99ea-bff4048e670f ] Request (ImagesOneServerNegativeTestJSON:_run_cleanups): 200 GET http://10.180.1.21/compute/v2.1/servers/1b8b039c-8cc3-4ab5-bcb1-2c26767c4c6f 0.092s
2025-04-22 06:11:43.138 69549 INFO tempest.lib.common.rest_client [req-85ded2e5-d995-4534-a4fe-e20a4ba7422a req-85ded2e5-d995-4534-a4fe-e20a4ba7422a ] Request (VolumesAssistedSnapshotsTest:tearDownClass): 200 GET http://10.180.1.21/compute/v2.1/servers/91fe2354-eec5-4bd6-bdf9-6311eb0f2b4d 0.118s
2025-04-22 06:11:43.159 69551 INFO tempest.lib.common.rest_client [req-42ba67be-4183-43c3-86a0-54909767fa36 req-42ba67be-4183-43c3-86a0-54909767fa36 ] Request (ServerRescueTestJSONUnderV235:setUpClass): 200 GET http://10.180.1.21/compute/v2.1/servers/a72cc066-0d49-400b-8afe-3df0a1527ca9 0.095s
2025-04-22 06:11:43.194 69515 INFO tempest.lib.common.rest_client [req-4d09c7de-8422-4efc-b0a4-6ae94cf57b8a req-4d09c7de-8422-4efc-b0a4-6ae94cf57b8a ] Request (ServersAdminNegativeTestJSON:tearDownClass): 200 GET http://10.180.1.21/compute/v2.1/servers/65ae2509-68d5-4d9b-ab39-610837fd2029 0.128s
2025-04-22 06:11:43.242 69543 INFO tempest.lib.common.rest_client [req-cd1a47a0-f240-4177-8c09-a34349ca9e68 req-cd1a47a0-f240-4177-8c09-a34349ca9e68 ] Request (MigrationsAdminTest:test_resize_server_revert_deleted_flavor): 200 GET http://10.180.1.21/compute/v2.1/servers/dc3ae514-ef07-4420-9382-41f3893f28fa 0.133s
2025-04-22 06:11:43.263 69565 INFO tempest.lib.common.rest_client [req-eeb202c7-3559-4004-a729-fb1d3e1aae54 req-eeb202c7-3559-4004-a729-fb1d3e1aae54 ] Request (InstanceActionsV221TestJSON:test_get_list_deleted_instance_actions): 200 GET http://10.180.1.21/compute/v2.1/servers/cab205ab-e9d5-4381-8bf4-53fc516add07 0.176s
2025-04-22 06:11:43.296 69537 INFO tempest.lib.common.rest_client [req-d3948ff5-b87c-4df4-98b8-f5c06e9a9d86 req-d3948ff5-b87c-4df4-98b8-f5c06e9a9d86 ] Request (TenantUsagesTestJSON:tearDownClass): 200 GET http://10.180.1.21/compute/v2.1/servers/4e36d628-5f9b-46ff-aafc-8768db9cf0dc 0.166s
2025-04-22 06:11:43.321 69574 INFO tempest.lib.common.rest_client [req-21cb2312-25e2-4d35-82e7-a8920707e56e req-21cb2312-25e2-4d35-82e7-a8920707e56e ] Request (DeleteServersTestJSON:test_delete_server_while_in_attached_volume): 200 GET http://10.180.1.21/compute/v2.1/servers/e0d5c75a-5391-4a10-af02-07b3f3223e79 0.154s
2025-04-22 06:11:43.350 69521 INFO tempest.lib.common.rest_client [req-03febc04-6cda-46c7-ab92-f3a76346c1f7 req-03febc04-6cda-46c7-ab92-f3a76346c1f7 ] Request (ServersV294TestFqdnHostnames:setUpClass): 200 GET http://10.180.1.21/compute/v2.1/servers/9804111e-efcc-4ddb-b5f5-c6e1695f74b3 0.165s
