2025-04-22 06:09:59.290 69537 INFO tempest.lib.common.rest_client [req-6bf2e627-1452-45b7-860e-31539dfc4857 req-6bf2e627-1452-45b7-860e-31539dfc4857 ] Request (TenantUsagesTestJSON:setUpClass): 200 GET http://10.180.1.21/compute/v2.1/servers/4e36d628-5f9b-46ff-aafc-8768db9cf0dc 0.576s
2025-04-22 06:09:59.318 69565 INFO tempest.lib.common.rest_client [req-f78c8c10-6747-42b1-b501-f9670163a117 req-f78c8c10-6747-42b1-b501-f9670163a117 ] Request (InstanceActionsV221TestJSON:setUpClass): 201 POST http://10.180.1.21/identity/v3/projects 0.030s
2025-04-22 06:09:59.362 69525 INFO tempest.lib.common.rest_client [req-8c2829a6-8d96-4abf-8dcc-a640705ba774 req-8c2829a6-8d96-4abf-8dcc-a640705ba774 ] Request (ServerExternalEventsTest:tearDownClass): 200 GET http://10.180.1.21/compute/v2.1/servers/f3f8d8e7-a0b9-4f16-8f83-3bcbbcddfd33 0.513s
2025-04-22 06:09:59.367 69521 INFO tempest.lib.common.rest_client [req-cf6d46ff-27ad-4c8e-9c2a-041e3cb77057 req-cf6d46ff-27ad-4c8e-9c2a-041e3cb77057 ] Request (ServersAdmin275Test:tearDownClass): 200 GET http://10.180.1.21/compute/v2.1/servers/debd9dcf-05da-400c-aa51-474e90036b8f 0.588s
2025-04-22 06:09:59.393 69565 INFO tempest.lib.common.rest_client [req-43d03807-ab45-41e6-af2f-eb0772cdbcf0 req-43d03807-ab45-41e6-af2f-eb0772cdbcf0 ] Request (InstanceActionsV221TestJSON:setUpClass): 201 POST http://10.180.1.21/identity/v3/users 0.075s
2025-04-22 06:09:59.422 69565 INFO tempest.lib.common.rest_client [req-71e003de-f260-4762-b8f4-63a719db81bc req-71e003de-f260-4762-b8f4-63a719db81bc ] Request (InstanceActionsV221TestJSON:setUpClass): 200 GET http://10.180.1.21/identity/v3/roles 0.028s
2025-04-22 06:09:59.436 69513 INFO tempest.lib.common.rest_client [req-b1605a10-f50c-4a21-ada0-959738d93066 req-b1605a10-f50c-4a21-ada0-959738d93066 ] Request (ServerDiskConfigTestJSON:test_rebuild_server_with_auto_disk_config): 200 GET http://10.180.1.21/compute/v2.1/servers/9a8894fc-2623-4760-be9b-8884b50781eb 0.425s
2025-04-22 06:09:59.451 69545 INFO tempest.lib.common.rest_client [req-b4d8f247-7437-4307-974f-8b509af92a7d req-b4d8f247-7437-4307-974f-8b509af92a7d ] Request (ServersListShow296Test:test_list_show_update_rebuild_server_296): 200 GET http://10.180.1.21/compute/v2.1/servers/d4d10cca-3c1b-4b7e-a292-22c94b4df23c 0.503s
2025-04-22 06:09:59.457 69565 INFO tempest.lib.common.rest_client [req-5c2777fb-000a-4eef-a896-366bf18d7489 req-5c2777fb-000a-4eef-a896-366bf18d7489 ] Request (InstanceActionsV221TestJSON:setUpClass): 204 PUT http://10.180.1.21/identity/v3/projects/5e49d547d522479080e34775ec63ba46/users/f6617061dec5427b8a6b11e8def63d95/roles/61cd45a1f24c4fbe8bee869f39eaf53d 0.034s
2025-04-22 06:09:59.457 69565 INFO tempest.lib.common.dynamic_creds [-] Dynamic test user f6617061dec5427b8a6b11e8def63d95 is created with scope project and roles: ['member']
2025-04-22 06:09:59.457 69565 INFO tempest.lib.common.dynamic_creds [-] Acquired dynamic creds: credentials: Credentials: {'domain_id': 'default', 'domain_name': 'Default', 'username': 'tempest-InstanceActionsV221TestJSON-634240840-project-member', 'project_domain_id': 'default', 'project_domain_name': 'Default', 'project_id': '5e49d547d522479080e34775ec63ba46', 'project_name': 'tempest-InstanceActionsV221TestJSON-634240840', 'tenant_id': '5e49d547d522479080e34775ec63ba46', 'tenant_name': 'tempest-InstanceActionsV221TestJSON-634240840', 'user_domain_id': 'default', 'user_domain_name': 'Default', 'user_id': 'f6617061dec5427b8a6b11e8def63d95', 'system': None}, Network: None, Subnet: None, Router: None
2025-04-22 06:09:59.526 69553 INFO tempest.lib.common.rest_client [req-14d608a7-217b-4326-9426-7e0b8e9e6c91 req-14d608a7-217b-4326-9426-7e0b8e9e6c91 ] Request (DeleteServersAdminTestJSON:test_delete_server_while_in_error_state): 200 GET http://10.180.1.21/compute/v2.1/servers/3038b304-bcfa-40a6-abf6-c00e8fc2d661 0.383s
2025-04-22 06:09:59.547 69565 INFO tempest.lib.common.rest_client [req-4665a1ff-8b2d-49b5-8427-5bebe88da9de req-4665a1ff-8b2d-49b5-8427-5bebe88da9de ] Request (InstanceActionsV221TestJSON:setUpClass): 201 POST http://10.180.1.21/identity/v3/auth/tokens 0.089s
2025-04-22 06:09:59.611 69531 INFO tempest.lib.common.rest_client [req-51725d8d-b83d-49f1-9f48-0db9a45b5d07 req-51725d8d-b83d-49f1-9f48-0db9a45b5d07 ] Request (ServerShowV254Test:test_rebuild_server): 200 GET http://10.180.1.21/compute/v2.1/servers/316cbf59-a55e-4d7f-abbb-43fd8bc2cc6b 0.357s
2025-04-22 06:09:59.625 69541 WARNING tempest.lib.common.ssh [-] Failed to establish authenticated ssh connection to cirros@10.180.180.231 ([Errno None] Unable to connect to port 22 on 10.180.180.231). Number attempts: 2. Retry after 3 seconds.: paramiko.ssh_exception.NoValidConnectionsError: [Errno None] Unable to connect to port 22 on 10.180.180.231
2025-04-22 06:09:59.664 69519 INFO tempest.lib.common.rest_client [req-13a7d3db-d500-46c9-abe5-fc878be2f4e0 req-13a7d3db-d500-46c9-abe5-fc878be2f4e0 ] Request (SecurityGroupRulesTestJSON:test_security_group_rules_list): 200 GET http://10.180.1.21/compute/v2.1/os-security-groups/298ec2e1-fb74-4da4-af49-fb47e8f3628d 0.388s
2025-04-22 06:09:59.788 69543 INFO tempest.lib.common.rest_client [req-8541d742-d037-4471-a37d-ec55ad15cb65 req-8541d742-d037-4471-a37d-ec55ad15cb65 ] Request (MigrationsAdminTest:test_list_migrations_in_flavor_resize_situation): 200 GET http://10.180.1.21/compute/v2.1/servers/64068cef-b827-484b-b713-3751fcdc2786 0.476s
2025-04-22 06:09:59.875 69569 INFO tempest.lib.common.rest_client [req-253c1eee-e107-4e9d-a132-a6d3a993aa22 req-253c1eee-e107-4e9d-a132-a6d3a993aa22 ] Request (ServerRescueTestJSON:setUpClass): 200 GET http://10.180.1.21/compute/v2.1/servers/ad52c9c1-5738-4fb5-9d8e-add1d0b8a497 0.533s
2025-04-22 06:09:59.952 69557 INFO tempest.lib.common.rest_client [req-f61579a5-8ab6-4c81-90af-43bbdcd51967 req-f61579a5-8ab6-4c81-90af-43bbdcd51967 ] Request (ListServerFiltersTestJSON:setUpClass): 200 GET http://10.180.1.21/compute/v2.1/servers/4c225cf9-7bf1-4e65-b0a3-866faaae9203 0.547s
2025-04-22 06:09:59.963 69565 INFO tempest.lib.common.rest_client [req-874dd47c-2d81-4de9-aef8-5e61542be56d req-874dd47c-2d81-4de9-aef8-5e61542be56d ] Request (InstanceActionsV221TestJSON:setUpClass): 201 POST http://10.180.1.21:9696/networking/v2.0/networks 0.416s
2025-04-22 06:10:00.065 69533 INFO tempest.lib.common.rest_client [req-b8dabe9b-079f-4f95-a6ac-75fe1336ab77 req-b8dabe9b-079f-4f95-a6ac-75fe1336ab77 ] Request (ServersAdminTestJSON:setUpClass): 200 GET http://10.180.1.21/compute/v2.1/servers/63a46af9-eed9-49cb-891c-44005250d16c 0.652s
2025-04-22 06:10:00.122 69527 INFO tempest.lib.common.rest_client [req-b4521dcf-d700-45d0-963b-5b8a0663b8f6 req-b4521dcf-d700-45d0-963b-5b8a0663b8f6 ] Request (ServerPasswordTestJSON:setUpClass): 202 POST http://10.180.1.21/compute/v2.1/servers 0.910s
2025-04-22 06:10:00.133 69559 INFO tempest.lib.common.rest_client [req-063f9ed2-d724-4691-ac23-69992640764d req-063f9ed2-d724-4691-ac23-69992640764d ] Request (ServerActionsTestJSON:setUpClass): 200 GET http://10.180.1.21/compute/v2.1/servers/0b64c1a2-e44d-4cc0-b842-155f31549f41 0.669s
2025-04-22 06:10:00.216 69565 INFO tempest.lib.common.rest_client [req-b6fed732-6bb9-42cb-b22d-b11613bba47a req-b6fed732-6bb9-42cb-b22d-b11613bba47a ] Request (InstanceActionsV221TestJSON:setUpClass): 201 POST http://10.180.1.21:9696/networking/v2.0/subnets 0.251s
2025-04-22 06:10:00.220 69551 INFO tempest.lib.common.rest_client [req-d0dec7f2-e83d-4a93-8b58-aabe54884860 req-d0dec7f2-e83d-4a93-8b58-aabe54884860 ] Request (ServerDiagnosticsV248Test:tearDownClass): 200 GET http://10.180.1.21/compute/v2.1/servers/0da933f2-aa13-4bd7-b1ba-e6ba4974b757 0.508s
2025-04-22 06:10:00.289 69517 INFO tempest.lib.common.rest_client [req-552fc641-3275-4040-a83f-8be2ac874189 req-552fc641-3275-4040-a83f-8be2ac874189 ] Request (VolumesAdminNegativeTest:test_update_attached_volume_with_nonexistent_volume_in_body): 200 GET http://10.180.1.21/compute/v2.1/servers/6e4e5b96-e86c-4901-8c87-a70f0da92cfe 0.559s
2025-04-22 06:10:00.332 69561 INFO tempest.lib.common.rest_client [req-42f98e28-8961-4840-89de-ba8966fdfb90 req-42f98e28-8961-4840-89de-ba8966fdfb90 ] Request (ImagesOneServerTestJSON:test_create_image_specify_multibyte_character_image_name): 200 GET http://10.180.1.21/compute/v2.1/images/648e174e-7b3b-4b77-b2b6-61066901447f 0.587s
2025-04-22 06:10:00.404 69567 INFO tempest.lib.common.rest_client [req-051d3c02-13eb-4a9e-8f83-d44c417f40e4 req-051d3c02-13eb-4a9e-8f83-d44c417f40e4 ] Request (FloatingIPsAssociationTestJSON:test_associate_already_associated_floating_ip): 200 GET http://10.180.1.21/compute/v2.1/servers/9221ffc3-bfa5-45c9-9c46-dcd2f18ef77d 0.581s
2025-04-22 06:10:00.451 69519 INFO tempest.lib.common.rest_client [req-45764e9c-84f1-4309-9ab6-ba0e91f5b9e4 req-45764e9c-84f1-4309-9ab6-ba0e91f5b9e4 ] Request (SecurityGroupRulesTestJSON:_run_cleanups): 202 DELETE http://10.180.1.21/compute/v2.1/os-security-group-rules/e655d5d3-1f6b-4fab-b317-59ea9e85c17f 0.781s
2025-04-22 06:10:00.547 69523 INFO tempest.lib.common.rest_client [req-8457723d-2f5d-47d1-9b6b-fac15d716eca req-8457723d-2f5d-47d1-9b6b-fac15d716eca ] Request (FloatingIPsAssociationNegativeTestJSON:tearDownClass): 200 GET http://10.180.1.21/compute/v2.1/servers/a22ba7df-ac38-46e5-992f-a67ecb06af62 0.626s
2025-04-22 06:10:00.554 69515 INFO tempest.lib.common.rest_client [req-74c83762-d92b-41df-88ab-d722e102c23b req-74c83762-d92b-41df-88ab-d722e102c23b ] Request (ServersAdminNegativeTestJSON:test_migrate_server_invalid_state): 200 GET http://10.180.1.21/compute/v2.1/servers/437dd76d-4ce5-440d-8683-23c847f39e29 0.694s
2025-04-22 06:10:00.609 69573 INFO tempest.lib.common.rest_client [req-4ddc50b5-4a7b-4f4e-9cf8-e6d6f55fc612 req-4ddc50b5-4a7b-4f4e-9cf8-e6d6f55fc612 ] Request (ServersTestFqdnHostnames:test_create_server_with_fqdn_name): 200 GET http://10.180.1.21/compute/v2.1/servers/c8c633c1-47dc-4ea5-9909-cd784a0b6d26 0.579s
2025-04-22 06:10:00.621 69574 INFO tempest.lib.common.rest_client [req-0142c383-fb51-4767-a6db-1e6b4a97caa8 req-0142c383-fb51-4767-a6db-1e6b4a97caa8 ] Request (DeleteServersTestJSON:test_delete_server_while_in_attached_volume): 200 GET http://10.180.1.21/compute/v2.1/servers/e0d5c75a-5391-4a10-af02-07b3f3223e79 0.672s
2025-04-22 06:10:00.664 69576 INFO tempest.lib.common.rest_client [req-7aa5b6ab-9cb5-477e-84ff-3f45ac8ad7c3 req-7aa5b6ab-9cb5-477e-84ff-3f45ac8ad7c3 ] Request (AttachInterfacesV270Test:test_create_get_list_interfaces): 200 GET http://10.180.1.21/compute/v2.1/servers/8ed222f5-08f0-4575-a173-3f53f710fd1f 0.628s
2025-04-22 06:10:00.690 69535 INFO tempest.lib.common.rest_client [req-98b5673e-719c-4344-8f9c-39c82622aac7 req-98b5673e-719c-4344-8f9c-39c82622aac7 ] Request (MultipleCreateTestJSON:test_multiple_create): 200 GET http://10.180.1.21/compute/v2.1/servers/7815b057-b31b-482b-8bd3-ee77c04719ac 0.576s
2025-04-22 06:10:00.699 69527 INFO tempest.lib.common.rest_client [req-173faa5f-33a8-4462-84f5-8fb5fcc5652b req-173faa5f-33a8-4462-84f5-8fb5fcc5652b ] Request (ServerPasswordTestJSON:setUpClass): 200 GET http://10.180.1.21/compute/v2.1/servers/a0db66d9-da08-4192-8748-1a43b1f870cd 0.575s
2025-04-22 06:10:00.776 69547 INFO tempest.lib.common.rest_client [req-3859bf2f-ee4c-435a-af34-211209f0b17b req-3859bf2f-ee4c-435a-af34-211209f0b17b ] Request (ServersAaction247Test:tearDownClass): 200 GET http://10.180.1.21/compute/v2.1/servers/cba58e16-e4d8-4a3b-bc12-1ca7b1be1f27 0.634s
2025-04-22 06:10:00.776 69529 INFO tempest.lib.common.rest_client [req-cfabb0bf-0995-447b-9f21-76e6346e94ba req-cfabb0bf-0995-447b-9f21-76e6346e94ba ] Request (ImagesOneServerNegativeTestJSON:_run_cleanups): 200 GET http://10.180.1.21/compute/v2.1/servers/500e1b0a-5ce5-4664-916d-09ab8b45c5c8 0.554s
2025-04-22 06:10:00.788 69547 INFO tempest.common.waiters [-] State transition "ACTIVE/deleting" ==> "DELETED/None" after 4 second wait
2025-04-22 06:10:00.837 69537 INFO tempest.lib.common.rest_client [req-a8811ba6-a5ab-4976-9e50-1c45aae880f1 req-a8811ba6-a5ab-4976-9e50-1c45aae880f1 ] Request (TenantUsagesTestJSON:setUpClass): 200 GET http://10.180.1.21/compute/v2.1/servers/4e36d628-5f9b-46ff-aafc-8768db9cf0dc 0.531s
2025-04-22 06:10:00.869 69525 INFO tempest.lib.common.rest_client [req-8a1df2b6-e1cf-42d0-92af-c48b6f61d111 req-8a1df2b6-e1cf-42d0-92af-c48b6f61d111 ] Request (ServerExternalEventsTest:tearDownClass): 200 GET http://10.180.1.21/compute/v2.1/servers/f3f8d8e7-a0b9-4f16-8f83-3bcbbcddfd33 0.498s
2025-04-22 06:10:00.915 69521 INFO tempest.lib.common.rest_client [req-01a66e24-8bb8-4b6e-a2ca-7c55977d1a7f req-01a66e24-8bb8-4b6e-a2ca-7c55977d1a7f ] Request (ServersAdmin275Test:tearDownClass): 200 GET http://10.180.1.21/compute/v2.1/servers/debd9dcf-05da-400c-aa51-474e90036b8f 0.533s
2025-04-22 06:10:00.937 69513 INFO tempest.lib.common.rest_client [req-91a7bec0-ec1a-4a3c-9369-11ddaebf509d req-91a7bec0-ec1a-4a3c-9369-11ddaebf509d ] Request (ServerDiskConfigTestJSON:test_rebuild_server_with_auto_disk_config): 200 GET http://10.180.1.21/compute/v2.1/servers/9a8894fc-2623-4760-be9b-8884b50781eb 0.491s
2025-04-22 06:10:01.046 69519 INFO tempest.lib.common.rest_client [req-390be924-0aad-43c9-ab1c-b9f4f4299a76 req-390be924-0aad-43c9-ab1c-b9f4f4299a76 ] Request (SecurityGroupRulesTestJSON:tearDownClass): 202 DELETE http://10.180.1.21/compute/v2.1/os-security-groups/298ec2e1-fb74-4da4-af49-fb47e8f3628d 0.592s
2025-04-22 06:10:01.054 69545 INFO tempest.lib.common.rest_client [req-9a368e25-4721-4054-87da-0c7d8aa21102 req-9a368e25-4721-4054-87da-0c7d8aa21102 ] Request (ServersListShow296Test:test_list_show_update_rebuild_server_296): 200 GET http://10.180.1.21/compute/v2.1/servers/d4d10cca-3c1b-4b7e-a292-22c94b4df23c 0.588s
2025-04-22 06:10:01.073 69545 INFO tempest.common.waiters [-] State transition "BUILD/spawning" ==> "ACTIVE/None" after 34 second wait
2025-04-22 06:10:01.103 69553 INFO tempest.lib.common.rest_client [req-8b89d30e-06e2-42f8-9153-b04f483e8f42 req-8b89d30e-06e2-42f8-9153-b04f483e8f42 ] Request (DeleteServersAdminTestJSON:test_delete_server_while_in_error_state): 200 GET http://10.180.1.21/compute/v2.1/servers/3038b304-bcfa-40a6-abf6-c00e8fc2d661 0.564s
2025-04-22 06:10:01.136 69531 INFO tempest.lib.common.rest_client [req-64ae9d23-ebc4-4f66-a8b3-632741b03203 req-64ae9d23-ebc4-4f66-a8b3-632741b03203 ] Request (ServerShowV254Test:test_rebuild_server): 200 GET http://10.180.1.21/compute/v2.1/servers/316cbf59-a55e-4d7f-abbb-43fd8bc2cc6b 0.512s
2025-04-22 06:10:01.147 69531 INFO tempest.common.waiters [-] State transition "REBUILD/rebuild_spawning" ==> "ACTIVE/None" after 8 second wait
2025-04-22 06:10:01.193 69569 INFO tempest.lib.common.rest_client [req-94d13d77-6d9b-4e71-b59b-6502f3c32035 req-94d13d77-6d9b-4e71-b59b-6502f3c32035 ] Request (ServerRescueTestJSON:setUpClass): 200 GET http://10.180.1.21/compute/v2.1/servers/ad52c9c1-5738-4fb5-9d8e-add1d0b8a497 0.305s
2025-04-22 06:10:01.200 69543 INFO tempest.lib.common.rest_client [req-5ac721e7-9211-46eb-bd48-a796f0013c89 req-5ac721e7-9211-46eb-bd48-a796f0013c89 ] Request (MigrationsAdminTest:test_list_migrations_in_flavor_resize_situation): 200 GET http://10.180.1.21/compute/v2.1/servers/64068cef-b827-484b-b713-3751fcdc2786 0.401s
2025-04-22 06:10:01.215 69519 INFO tempest.lib.common.rest_client [req-0eb1f137-55bb-46a8-8017-8546a69cf86f req-0eb1f137-55bb-46a8-8017-8546a69cf86f ] Request (SecurityGroupRulesTestJSON:tearDownClass): 404 DELETE http://10.180.1.21/compute/v2.1/os-security-groups/013d2245-31ae-4a54-baeb-eb9a2693ba4a 0.169s
2025-04-22 06:10:01.262 69557 INFO tempest.lib.common.rest_client [req-afb5a855-7482-45a8-a734-9cb8b9d17b34 req-afb5a855-7482-45a8-a734-9cb8b9d17b34 ] Request (ListServerFiltersTestJSON:setUpClass): 200 GET http://10.180.1.21/compute/v2.1/servers/4c225cf9-7bf1-4e65-b0a3-866faaae9203 0.295s
2025-04-22 06:10:01.330 69533 INFO tempest.lib.common.rest_client [req-59395dd3-b98e-47b4-ba2d-cb61769655c3 req-59395dd3-b98e-47b4-ba2d-cb61769655c3 ] Request (ServersAdminTestJSON:setUpClass): 200 GET http://10.180.1.21/compute/v2.1/servers/63a46af9-eed9-49cb-891c-44005250d16c 0.253s
2025-04-22 06:10:01.388 69559 INFO tempest.lib.common.rest_client [req-44b60e65-fc01-43aa-b6a5-b6460a448d17 req-44b60e65-fc01-43aa-b6a5-b6460a448d17 ] Request (ServerActionsTestJSON:setUpClass): 200 GET http://10.180.1.21/compute/v2.1/servers/0b64c1a2-e44d-4cc0-b842-155f31549f41 0.244s
2025-04-22 06:10:01.405 69531 INFO tempest.lib.common.rest_client [req-e6866155-9ce1-4e09-a1dd-c5da8395e497 req-e6866155-9ce1-4e09-a1dd-c5da8395e497 ] Request (ServerShowV254Test:_run_cleanups): 204 DELETE http://10.180.1.21/compute/v2.1/os-keypairs/tempest-ServerShowV254Test-keypair-79140294 0.257s
2025-04-22 06:10:01.414 69545 INFO tempest.lib.common.rest_client [req-f911720c-583c-4724-86a2-d6c664f71a58 req-f911720c-583c-4724-86a2-d6c664f71a58 ] Request (ServersListShow296Test:test_list_show_update_rebuild_server_296): 200 GET http://10.180.1.21/compute/v2.1/servers/detail 0.340s
2025-04-22 06:10:01.445 69551 INFO tempest.lib.common.rest_client [req-93641bc7-24a8-4f4c-9207-eb0adc10a70f req-93641bc7-24a8-4f4c-9207-eb0adc10a70f ] Request (ServerDiagnosticsV248Test:tearDownClass): 404 GET http://10.180.1.21/compute/v2.1/servers/0da933f2-aa13-4bd7-b1ba-e6ba4974b757 0.207s
2025-04-22 06:10:01.526 69517 INFO tempest.lib.common.rest_client [req-cea3a502-b69a-4e6c-aeb7-f3d2041b7a1b req-cea3a502-b69a-4e6c-aeb7-f3d2041b7a1b ] Request (VolumesAdminNegativeTest:test_update_attached_volume_with_nonexistent_volume_in_body): 200 GET http://10.180.1.21/compute/v2.1/servers/6e4e5b96-e86c-4901-8c87-a70f0da92cfe 0.226s
2025-04-22 06:10:01.531 69565 INFO tempest.lib.common.rest_client [req-81f78cdc-2500-49da-b0ea-d811c3c8da6d req-81f78cdc-2500-49da-b0ea-d811c3c8da6d ] Request (InstanceActionsV221TestJSON:setUpClass): 201 POST http://10.180.1.21:9696/networking/v2.0/routers 1.314s
2025-04-22 06:10:01.577 69561 INFO tempest.lib.common.rest_client [req-ea28a4f1-5f22-42a9-824b-a559e226833a req-ea28a4f1-5f22-42a9-824b-a559e226833a ] Request (ImagesOneServerTestJSON:test_create_image_specify_multibyte_character_image_name): 200 GET http://10.180.1.21/compute/v2.1/images/648e174e-7b3b-4b77-b2b6-61066901447f 0.238s
2025-04-22 06:10:01.600 69551 INFO tempest.lib.common.rest_client [req-6ff73415-2da3-4f9d-9dba-635ad4ece141 req-6ff73415-2da3-4f9d-9dba-635ad4ece141 ] Request (ServerDiagnosticsV248Test:tearDownClass): 204 DELETE http://10.180.1.21/identity/v3/users/d39fc6378a664b76962d5f5048f5c93e 0.154s
2025-04-22 06:10:01.624 69519 INFO tempest.lib.common.rest_client [req-436eca4e-21c5-4745-b132-45c91aaaeee0 req-436eca4e-21c5-4745-b132-45c91aaaeee0 ] Request (SecurityGroupRulesTestJSON:tearDownClass): 202 DELETE http://10.180.1.21/compute/v2.1/os-security-groups/0dff39ae-1696-4a8d-ba5a-f5ad6712b2c0 0.408s
2025-04-22 06:10:01.672 69549 WARNING tempest.lib.common.ssh [-] Failed to establish authenticated ssh connection to cirros@10.180.180.161 ([Errno None] Unable to connect to port 22 on 10.180.180.161). Number attempts: 3. Retry after 4 seconds.: paramiko.ssh_exception.NoValidConnectionsError: [Errno None] Unable to connect to port 22 on 10.180.180.161
2025-04-22 06:10:01.684 69567 INFO tempest.lib.common.rest_client [req-3271de95-596c-4e69-b37a-27b937586f88 req-3271de95-596c-4e69-b37a-27b937586f88 ] Request (FloatingIPsAssociationTestJSON:test_associate_already_associated_floating_ip): 200 GET http://10.180.1.21/compute/v2.1/servers/9221ffc3-bfa5-45c9-9c46-dcd2f18ef77d 0.270s
2025-04-22 06:10:01.745 69531 INFO tempest.lib.common.rest_client [req-28549191-5d13-4de0-84b6-f88ba115bc3c req-28549191-5d13-4de0-84b6-f88ba115bc3c ] Request (ServerShowV254Test:tearDownClass): 204 DELETE http://10.180.1.21/compute/v2.1/servers/316cbf59-a55e-4d7f-abbb-43fd8bc2cc6b 0.333s
2025-04-22 06:10:01.749 69551 INFO tempest.lib.common.rest_client [req-9be704dd-25c2-4360-96ed-eeea50f87c49 req-9be704dd-25c2-4360-96ed-eeea50f87c49 ] Request (ServerDiagnosticsV248Test:tearDownClass): 204 DELETE http://10.180.1.21/identity/v3/users/23fae4a1c057421cb72fe622f0fb9587 0.149s
2025-04-22 06:10:01.749 69551 INFO tempest.lib.common.dynamic_creds [-] Deleting project and security group for project: ae7316ad766e4611860a3aebb9e22ad2
2025-04-22 06:10:01.754 69545 INFO tempest.lib.common.rest_client [req-297cd9a1-01e5-48f0-8f14-832766ad7219 req-297cd9a1-01e5-48f0-8f14-832766ad7219 ] Request (ServersListShow296Test:test_list_show_update_rebuild_server_296): 200 GET http://10.180.1.21/compute/v2.1/servers/d4d10cca-3c1b-4b7e-a292-22c94b4df23c 0.323s
2025-04-22 06:10:01.828 69523 INFO tempest.lib.common.rest_client [req-7f98fb87-fb15-4494-bbc2-f477056a0c84 req-7f98fb87-fb15-4494-bbc2-f477056a0c84 ] Request (FloatingIPsAssociationNegativeTestJSON:tearDownClass): 200 GET http://10.180.1.21/compute/v2.1/servers/a22ba7df-ac38-46e5-992f-a67ecb06af62 0.269s
2025-04-22 06:10:01.844 69551 INFO tempest.lib.common.rest_client [req-d571fbd0-59e7-48b1-8bd4-a7a6191f4b96 req-d571fbd0-59e7-48b1-8bd4-a7a6191f4b96 ] Request (ServerDiagnosticsV248Test:tearDownClass): 201 POST http://10.180.1.21/identity/v3/auth/tokens 0.094s
2025-04-22 06:10:01.911 69573 INFO tempest.lib.common.rest_client [req-ac863117-8d7e-46c1-baf1-929d05f614e2 req-ac863117-8d7e-46c1-baf1-929d05f614e2 ] Request (ServersTestFqdnHostnames:test_create_server_with_fqdn_name): 200 GET http://10.180.1.21/compute/v2.1/servers/c8c633c1-47dc-4ea5-9909-cd784a0b6d26 0.293s
2025-04-22 06:10:01.911 69515 INFO tempest.lib.common.rest_client [req-3fa3f3fa-5157-44f5-91cd-08fcc94096a8 req-3fa3f3fa-5157-44f5-91cd-08fcc94096a8 ] Request (ServersAdminNegativeTestJSON:test_migrate_server_invalid_state): 200 GET http://10.180.1.21/compute/v2.1/servers/437dd76d-4ce5-440d-8683-23c847f39e29 0.345s
2025-04-22 06:10:02.094 69574 INFO tempest.lib.common.rest_client [req-212d86c0-6379-4f43-a322-a7bb44eeec1d req-212d86c0-6379-4f43-a322-a7bb44eeec1d ] Request (DeleteServersTestJSON:test_delete_server_while_in_attached_volume): 200 GET http://10.180.1.21/compute/v2.1/servers/e0d5c75a-5391-4a10-af02-07b3f3223e79 0.463s
2025-04-22 06:10:02.137 69519 INFO tempest.lib.common.rest_client [req-b154b654-90b9-4791-9ecd-e37bdf716744 req-b154b654-90b9-4791-9ecd-e37bdf716744 ] Request (SecurityGroupRulesTestJSON:tearDownClass): 202 DELETE http://10.180.1.21/compute/v2.1/os-security-groups/d309f9eb-da53-4964-bebe-bcf7d90f9031 0.512s
2025-04-22 06:10:02.140 69551 INFO tempest.lib.common.rest_client [req-d98c7d41-e325-4981-94e1-a2de94f5c534 req-d98c7d41-e325-4981-94e1-a2de94f5c534 ] Request (ServerDiagnosticsV248Test:tearDownClass): 200 GET http://10.180.1.21:9696/networking/v2.0/security-groups?tenant_id=ae7316ad766e4611860a3aebb9e22ad2&name=default 0.296s
2025-04-22 06:10:02.163 69576 INFO tempest.lib.common.rest_client [req-faaa3a1f-cb35-400e-8925-879241a367f5 req-faaa3a1f-cb35-400e-8925-879241a367f5 ] Request (AttachInterfacesV270Test:test_create_get_list_interfaces): 200 GET http://10.180.1.21/compute/v2.1/servers/8ed222f5-08f0-4575-a173-3f53f710fd1f 0.480s
2025-04-22 06:10:02.193 69535 INFO tempest.lib.common.rest_client [req-f9a71f53-6c9b-4ca9-b421-6379c293de22 req-f9a71f53-6c9b-4ca9-b421-6379c293de22 ] Request (MultipleCreateTestJSON:test_multiple_create): 200 GET http://10.180.1.21/compute/v2.1/servers/7815b057-b31b-482b-8bd3-ee77c04719ac 0.495s
2025-04-22 06:10:02.217 69527 INFO tempest.lib.common.rest_client [req-e1fb2169-fc4e-4de2-9f05-3e65241b3963 req-e1fb2169-fc4e-4de2-9f05-3e65241b3963 ] Request (ServerPasswordTestJSON:setUpClass): 200 GET http://10.180.1.21/compute/v2.1/servers/a0db66d9-da08-4192-8748-1a43b1f870cd 0.510s
2025-04-22 06:10:02.226 69551 INFO tempest.lib.common.rest_client [req-384c9ae2-a71b-49ba-9f63-630d06b45328 req-384c9ae2-a71b-49ba-9f63-630d06b45328 ] Request (ServerDiagnosticsV248Test:tearDownClass): 204 DELETE http://10.180.1.21:9696/networking/v2.0/security-groups/6091bea3-8945-429f-ae1d-3ced7fcdaf00 0.086s
2025-04-22 06:10:02.251 69531 INFO tempest.lib.common.rest_client [req-5a38cefe-ae79-4bb2-bc8b-337160c7b911 req-5a38cefe-ae79-4bb2-bc8b-337160c7b911 ] Request (ServerShowV254Test:tearDownClass): 200 GET http://10.180.1.21/compute/v2.1/servers/316cbf59-a55e-4d7f-abbb-43fd8bc2cc6b 0.503s
2025-04-22 06:10:02.305 69551 INFO tempest.lib.common.rest_client [req-219e9ac4-4a56-49e0-943e-8745cca5cedb req-219e9ac4-4a56-49e0-943e-8745cca5cedb ] Request (ServerDiagnosticsV248Test:tearDownClass): 204 DELETE http://10.180.1.21/identity/v3/projects/ae7316ad766e4611860a3aebb9e22ad2 0.078s
2025-04-22 06:10:02.305 69551 INFO tempest.lib.common.dynamic_creds [-] Deleting project and security group for project: af34d2683da7486b9e43aecf7501c4f3
2025-04-22 06:10:02.311 69545 INFO tempest.lib.common.rest_client [req-8a8fb539-1981-46cd-9e8b-e65608116e08 req-8a8fb539-1981-46cd-9e8b-e65608116e08 ] Request (ServersListShow296Test:test_list_show_update_rebuild_server_296): 200 PUT http://10.180.1.21/compute/v2.1/servers/d4d10cca-3c1b-4b7e-a292-22c94b4df23c 0.539s
2025-04-22 06:10:02.314 69529 INFO tempest.lib.common.rest_client [req-69c2852f-7f44-4134-a8da-706722bd128b req-69c2852f-7f44-4134-a8da-706722bd128b ] Request (ImagesOneServerNegativeTestJSON:_run_cleanups): 200 GET http://10.180.1.21/compute/v2.1/servers/500e1b0a-5ce5-4664-916d-09ab8b45c5c8 0.527s
2025-04-22 06:10:02.383 69537 INFO tempest.lib.common.rest_client [req-18a0aa20-c2d2-41b8-860f-29a952d41a5e req-18a0aa20-c2d2-41b8-860f-29a952d41a5e ] Request (TenantUsagesTestJSON:setUpClass): 200 GET http://10.180.1.21/compute/v2.1/servers/4e36d628-5f9b-46ff-aafc-8768db9cf0dc 0.533s
2025-04-22 06:10:02.410 69547 INFO tempest.lib.common.rest_client [req-e98826b8-0270-4d70-b757-f6f5c910426f req-e98826b8-0270-4d70-b757-f6f5c910426f ] Request (ServersAaction247Test:tearDownClass): 200 GET http://10.180.1.21/compute/v2.1/servers/cba58e16-e4d8-4a3b-bc12-1ca7b1be1f27 0.620s
2025-04-22 06:10:02.467 69525 INFO tempest.lib.common.rest_client [req-65b6a55c-414e-44b9-876d-2907201a3fe9 req-65b6a55c-414e-44b9-876d-2907201a3fe9 ] Request (ServerExternalEventsTest:tearDownClass): 200 GET http://10.180.1.21/compute/v2.1/servers/f3f8d8e7-a0b9-4f16-8f83-3bcbbcddfd33 0.588s
2025-04-22 06:10:02.510 69521 INFO tempest.lib.common.rest_client [req-104bfc17-e491-4945-9557-7a2d22bc5e58 req-104bfc17-e491-4945-9557-7a2d22bc5e58 ] Request (ServersAdmin275Test:tearDownClass): 200 GET http://10.180.1.21/compute/v2.1/servers/debd9dcf-05da-400c-aa51-474e90036b8f 0.584s
2025-04-22 06:10:02.529 69513 INFO tempest.lib.common.rest_client [req-e01570ea-3ac9-4c2f-a357-5f6945cabfdb req-e01570ea-3ac9-4c2f-a357-5f6945cabfdb ] Request (ServerDiskConfigTestJSON:test_rebuild_server_with_auto_disk_config): 200 GET http://10.180.1.21/compute/v2.1/servers/9a8894fc-2623-4760-be9b-8884b50781eb 0.584s
2025-04-22 06:10:02.584 69553 INFO tempest.lib.common.rest_client [req-c22124b0-732c-4a3a-bab5-5aad3d9e3a94 req-c22124b0-732c-4a3a-bab5-5aad3d9e3a94 ] Request (DeleteServersAdminTestJSON:test_delete_server_while_in_error_state): 200 GET http://10.180.1.21/compute/v2.1/servers/3038b304-bcfa-40a6-abf6-c00e8fc2d661 0.473s
2025-04-22 06:10:02.686 69519 INFO tempest.lib.common.rest_client [req-4e155753-3957-4bb7-a128-6061d371d1b0 req-4e155753-3957-4bb7-a128-6061d371d1b0 ] Request (SecurityGroupRulesTestJSON:tearDownClass): 202 DELETE http://10.180.1.21/compute/v2.1/os-security-groups/50fc4f7b-cc0b-4cab-a274-ac85becea226 0.548s
2025-04-22 06:10:02.741 69569 INFO tempest.lib.common.rest_client [req-b6dafd8a-36c8-494e-b0b4-edbe364c284d req-b6dafd8a-36c8-494e-b0b4-edbe364c284d ] Request (ServerRescueTestJSON:setUpClass): 200 GET http://10.180.1.21/compute/v2.1/servers/ad52c9c1-5738-4fb5-9d8e-add1d0b8a497 0.538s
2025-04-22 06:10:02.772 69551 INFO tempest.lib.common.rest_client [req-a8dd2366-0b98-49c0-90d4-c695736f8c43 req-a8dd2366-0b98-49c0-90d4-c695736f8c43 ] Request (ServerDiagnosticsV248Test:tearDownClass): 200 GET http://10.180.1.21:9696/networking/v2.0/security-groups?tenant_id=af34d2683da7486b9e43aecf7501c4f3&name=default 0.467s
2025-04-22 06:10:02.821 69557 INFO tempest.lib.common.rest_client [req-99c9bada-b0b1-45ad-8a03-8a73b4ae0c07 req-99c9bada-b0b1-45ad-8a03-8a73b4ae0c07 ] Request (ListServerFiltersTestJSON:setUpClass): 200 GET http://10.180.1.21/compute/v2.1/servers/4c225cf9-7bf1-4e65-b0a3-866faaae9203 0.550s
2025-04-22 06:10:02.938 69551 INFO tempest.lib.common.rest_client [req-52d722b8-df71-4678-a1e0-7e4c927231a4 req-52d722b8-df71-4678-a1e0-7e4c927231a4 ] Request (ServerDiagnosticsV248Test:tearDownClass): 204 DELETE http://10.180.1.21:9696/networking/v2.0/security-groups/98618371-a9b7-4d18-a4a6-12f119f1d596 0.165s
2025-04-22 06:10:02.961 69543 INFO tempest.lib.common.rest_client [req-e7af0625-8457-44fc-a147-277552804bed req-e7af0625-8457-44fc-a147-277552804bed ] Request (MigrationsAdminTest:test_list_migrations_in_flavor_resize_situation): 200 GET http://10.180.1.21/compute/v2.1/servers/64068cef-b827-484b-b713-3751fcdc2786 0.747s
2025-04-22 06:10:03.030 69533 INFO tempest.lib.common.rest_client [req-078618a9-5526-4805-b2fd-d46df6535f1f req-078618a9-5526-4805-b2fd-d46df6535f1f ] Request (ServersAdminTestJSON:setUpClass): 200 GET http://10.180.1.21/compute/v2.1/servers/63a46af9-eed9-49cb-891c-44005250d16c 0.688s
2025-04-22 06:10:03.034 69565 INFO tempest.lib.common.rest_client [req-ec33595e-a524-415f-b725-fd968442ac49 req-ec33595e-a524-415f-b725-fd968442ac49 ] Request (InstanceActionsV221TestJSON:setUpClass): 200 PUT http://10.180.1.21:9696/networking/v2.0/routers/545ab54f-8927-49f8-bc2f-7d1bca6f8c2f/add_router_interface 1.501s
2025-04-22 06:10:03.034 69565 INFO tempest.lib.common.dynamic_creds [-] Created isolated network resources for: credentials: Credentials: {'domain_id': 'default', 'domain_name': 'Default', 'username': 'tempest-InstanceActionsV221TestJSON-634240840-project-member', 'project_domain_id': 'default', 'project_domain_name': 'Default', 'project_id': '5e49d547d522479080e34775ec63ba46', 'project_name': 'tempest-InstanceActionsV221TestJSON-634240840', 'tenant_id': '5e49d547d522479080e34775ec63ba46', 'tenant_name': 'tempest-InstanceActionsV221TestJSON-634240840', 'user_domain_id': 'default', 'user_domain_name': 'Default', 'user_id': 'f6617061dec5427b8a6b11e8def63d95', 'system': None}, Network: {'id': '053cfea7-96ef-4d06-af20-7ffd69049206', 'name': 'tempest-InstanceActionsV221TestJSON-2064641659-network', 'tenant_id': '5e49d547d522479080e34775ec63ba46', 'admin_state_up': True, 'mtu': 8950, 'status': 'ACTIVE', 'subnets': [], 'shared': False, 'project_id': '5e49d547d522479080e34775ec63ba46', 'port_security_enabled': True, 'router:external': False, 'provider:network_type': 'vlan', 'provider:physical_network': 'default', 'provider:segmentation_id': 849, 'availability_zone_hints': [], 'availability_zones': [], 'ipv4_address_scope': None, 'ipv6_address_scope': None, 'description': '', 'tags': [], 'created_at': '2025-04-22T06:09:59Z', 'updated_at': '2025-04-22T06:09:59Z', 'revision_number': 1}, Subnet: {'id': '621c2625-d766-408e-9917-770e5c22ff46', 'name': 'tempest-InstanceActionsV221TestJSON-2064641659-subnet', 'tenant_id': '5e49d547d522479080e34775ec63ba46', 'network_id': '053cfea7-96ef-4d06-af20-7ffd69049206', 'ip_version': 4, 'subnetpool_id': None, 'enable_dhcp': True, 'ipv6_ra_mode': None, 'ipv6_address_mode': None, 'gateway_ip': '192.168.128.1', 'cidr': '192.168.128.0/28', 'allocation_pools': [{'start': '192.168.128.2', 'end': '192.168.128.14'}], 'host_routes': [], 'dns_nameservers': [], 'description': '', 'router:external': False, 'service_types': [], 'tags': [], 'created_at': '2025-04-22T06:10:00Z', 'updated_at': '2025-04-22T06:10:00Z', 'revision_number': 0, 'project_id': '5e49d547d522479080e34775ec63ba46'}, Router: {'id': '545ab54f-8927-49f8-bc2f-7d1bca6f8c2f', 'name': 'tempest-InstanceActionsV221TestJSON-2064641659-router', 'tenant_id': '5e49d547d522479080e34775ec63ba46', 'admin_state_up': True, 'status': 'ACTIVE', 'external_gateway_info': {'network_id': '31b27574-597a-4fa8-ba13-45606c214153', 'external_fixed_ips': [{'subnet_id': 'f58e417e-6b65-463e-8fb2-6a41bb7db59c', 'ip_address': '10.180.180.169'}], 'enable_snat': True}, 'description': '', 'availability_zones': [], 'distributed': False, 'ha': False, 'availability_zone_hints': [], 'routes': [], 'flavor_id': None, 'tags': [], 'created_at': '2025-04-22T06:10:00Z', 'updated_at': '2025-04-22T06:10:00Z', 'revision_number': 2, 'project_id': '5e49d547d522479080e34775ec63ba46'}
2025-04-22 06:10:03.104 69545 INFO tempest.lib.common.rest_client [req-867afb66-4e55-4964-acac-abe25a4fe7f8 req-867afb66-4e55-4964-acac-abe25a4fe7f8 ] Request (ServersListShow296Test:test_list_show_update_rebuild_server_296): 202 POST http://10.180.1.21/compute/v2.1/servers/d4d10cca-3c1b-4b7e-a292-22c94b4df23c/action 0.777s
2025-04-22 06:10:03.116 69559 INFO tempest.lib.common.rest_client [req-92fb2d80-f10e-49c5-b349-c2826e6d2eeb req-92fb2d80-f10e-49c5-b349-c2826e6d2eeb ] Request (ServerActionsTestJSON:setUpClass): 200 GET http://10.180.1.21/compute/v2.1/servers/0b64c1a2-e44d-4cc0-b842-155f31549f41 0.717s
2025-04-22 06:10:03.121 69551 INFO tempest.lib.common.rest_client [req-b46f27e7-fe59-444a-b242-6125101c44df req-b46f27e7-fe59-444a-b242-6125101c44df ] Request (ServerDiagnosticsV248Test:tearDownClass): 204 DELETE http://10.180.1.21/identity/v3/projects/af34d2683da7486b9e43aecf7501c4f3 0.183s
2025-04-22 06:10:03.145 69565 INFO tempest.lib.common.rest_client [req-5cc142e7-66a1-4fc0-a96c-a80789e17fe3 req-5cc142e7-66a1-4fc0-a96c-a80789e17fe3 ] Request (InstanceActionsV221TestJSON:setUpClass): 201 POST http://10.180.1.21/identity/v3/auth/tokens 0.102s
2025-04-22 06:10:03.156 69561 INFO tempest.lib.common.rest_client [req-f42babd4-c6de-4136-8eee-fac515c4f58d req-f42babd4-c6de-4136-8eee-fac515c4f58d ] Request (ImagesOneServerTestJSON:test_create_image_specify_multibyte_character_image_name): 200 GET http://10.180.1.21/compute/v2.1/images/648e174e-7b3b-4b77-b2b6-61066901447f 0.572s
2025-04-22 06:10:03.190 69517 INFO tempest.lib.common.rest_client [req-70a424dd-d69d-4aa3-b164-8db0e4e65d22 req-70a424dd-d69d-4aa3-b164-8db0e4e65d22 ] Request (VolumesAdminNegativeTest:test_update_attached_volume_with_nonexistent_volume_in_body): 200 GET http://10.180.1.21/compute/v2.1/servers/6e4e5b96-e86c-4901-8c87-a70f0da92cfe 0.655s
2025-04-22 06:10:03.198 69551 INFO tempest.lib.common.rest_client [req-2a76991b-1887-488f-ac1d-095ff039cb5d req-2a76991b-1887-488f-ac1d-095ff039cb5d ] Request (ImagesDeleteNegativeTestJSON:setUpClass): 201 POST http://10.180.1.21/identity/v3/auth/tokens 0.075s
2025-04-22 06:10:03.202 69565 INFO tempest.lib.common.rest_client [req-fcf2a477-04d3-46b1-a973-3fa1a3acfc6c req-fcf2a477-04d3-46b1-a973-3fa1a3acfc6c ] Request (InstanceActionsV221TestJSON:test_get_list_deleted_instance_actions): 201 POST http://10.180.1.21/identity/v3/auth/tokens 0.052s
2025-04-22 06:10:03.202 69565 INFO tempest.lib.common.fixed_network [-] (InstanceActionsV221TestJSON:test_get_list_deleted_instance_actions) Found network {'id': '053cfea7-96ef-4d06-af20-7ffd69049206', 'name': 'tempest-InstanceActionsV221TestJSON-2064641659-network', 'tenant_id': '5e49d547d522479080e34775ec63ba46', 'admin_state_up': True, 'mtu': 8950, 'status': 'ACTIVE', 'subnets': [], 'shared': False, 'project_id': '5e49d547d522479080e34775ec63ba46', 'port_security_enabled': True, 'router:external': False, 'provider:network_type': 'vlan', 'provider:physical_network': 'default', 'provider:segmentation_id': 849, 'availability_zone_hints': [], 'availability_zones': [], 'ipv4_address_scope': None, 'ipv6_address_scope': None, 'description': '', 'tags': [], 'created_at': '2025-04-22T06:09:59Z', 'updated_at': '2025-04-22T06:09:59Z', 'revision_number': 1} available for tenant
2025-04-22 06:10:03.238 69551 INFO tempest.lib.common.rest_client [req-e4f3b9d7-3721-45eb-9fb3-fe88181fd090 req-e4f3b9d7-3721-45eb-9fb3-fe88181fd090 ] Request (ImagesDeleteNegativeTestJSON:setUpClass): 201 POST http://10.180.1.21/identity/v3/auth/tokens 0.037s
2025-04-22 06:10:03.252 69567 INFO tempest.lib.common.rest_client [req-269d36ab-0755-4c25-812a-008702659f78 req-269d36ab-0755-4c25-812a-008702659f78 ] Request (FloatingIPsAssociationTestJSON:test_associate_already_associated_floating_ip): 200 GET http://10.180.1.21/compute/v2.1/servers/9221ffc3-bfa5-45c9-9c46-dcd2f18ef77d 0.558s
2025-04-22 06:10:03.275 69551 INFO tempest.lib.common.rest_client [req-54562873-7b68-4257-8abc-d6e22458a149 req-54562873-7b68-4257-8abc-d6e22458a149 ] Request (ImagesDeleteNegativeTestJSON:setUpClass): 200 GET http://10.180.1.21/identity/v3/domains?name=Default 0.037s
2025-04-22 06:10:03.318 69551 INFO tempest.lib.common.rest_client [req-c91530eb-a54d-4eba-a3a6-4dfc9bef841c req-c91530eb-a54d-4eba-a3a6-4dfc9bef841c ] Request (ImagesDeleteNegativeTestJSON:setUpClass): 201 POST http://10.180.1.21/identity/v3/projects 0.042s
2025-04-22 06:10:03.321 69523 INFO tempest.lib.common.rest_client [req-4972a7dd-f4c5-441a-bdd9-8e61d837f26b req-4972a7dd-f4c5-441a-bdd9-8e61d837f26b ] Request (FloatingIPsAssociationNegativeTestJSON:tearDownClass): 200 GET http://10.180.1.21/compute/v2.1/servers/a22ba7df-ac38-46e5-992f-a67ecb06af62 0.482s
2025-04-22 06:10:03.383 69573 INFO tempest.lib.common.rest_client [req-53b1f62d-375f-49b0-8302-bbfbcfec3f04 req-53b1f62d-375f-49b0-8302-bbfbcfec3f04 ] Request (ServersTestFqdnHostnames:test_create_server_with_fqdn_name): 200 GET http://10.180.1.21/compute/v2.1/servers/c8c633c1-47dc-4ea5-9909-cd784a0b6d26 0.459s
2025-04-22 06:10:03.395 69551 INFO tempest.lib.common.rest_client [req-62efbd44-25c9-472a-9a49-fb724d1579e7 req-62efbd44-25c9-472a-9a49-fb724d1579e7 ] Request (ImagesDeleteNegativeTestJSON:setUpClass): 201 POST http://10.180.1.21/identity/v3/users 0.076s
2025-04-22 06:10:03.396 69519 INFO tempest.lib.common.rest_client [req-45d72350-5dd5-40c0-8b98-27c21cf7a199 req-45d72350-5dd5-40c0-8b98-27c21cf7a199 ] Request (SecurityGroupRulesTestJSON:tearDownClass): 202 DELETE http://10.180.1.21/compute/v2.1/os-security-groups/0f92a853-efcb-481c-b0b2-a1e633735d67 0.710s
2025-04-22 06:10:03.425 69551 INFO tempest.lib.common.rest_client [req-878f18d9-d7fd-487f-92e2-661eb50f6c40 req-878f18d9-d7fd-487f-92e2-661eb50f6c40 ] Request (ImagesDeleteNegativeTestJSON:setUpClass): 200 GET http://10.180.1.21/identity/v3/roles 0.030s
2025-04-22 06:10:03.465 69551 INFO tempest.lib.common.rest_client [req-84d1a04a-6339-4105-b92f-2281d81b65cc req-84d1a04a-6339-4105-b92f-2281d81b65cc ] Request (ImagesDeleteNegativeTestJSON:setUpClass): 204 PUT http://10.180.1.21/identity/v3/projects/cb180f288a874e9b814498687b26b24c/users/507273d04cd0487ea3f4236cb6c56389/roles/61cd45a1f24c4fbe8bee869f39eaf53d 0.039s
2025-04-22 06:10:03.465 69551 INFO tempest.lib.common.dynamic_creds [-] Dynamic test user 507273d04cd0487ea3f4236cb6c56389 is created with scope project and roles: ['member']
2025-04-22 06:10:03.466 69551 INFO tempest.lib.common.dynamic_creds [-] Acquired dynamic creds: credentials: Credentials: {'domain_id': 'default', 'domain_name': 'Default', 'username': 'tempest-ImagesDeleteNegativeTestJSON-797062373-project-member', 'project_domain_id': 'default', 'project_domain_name': 'Default', 'project_id': 'cb180f288a874e9b814498687b26b24c', 'project_name': 'tempest-ImagesDeleteNegativeTestJSON-797062373', 'tenant_id': 'cb180f288a874e9b814498687b26b24c', 'tenant_name': 'tempest-ImagesDeleteNegativeTestJSON-797062373', 'user_domain_id': 'default', 'user_domain_name': 'Default', 'user_id': '507273d04cd0487ea3f4236cb6c56389', 'system': None}, Network: None, Subnet: None, Router: None
2025-04-22 06:10:03.466 69551 INFO tempest.lib.common.dynamic_creds [-] Created isolated network resources for: credentials: Credentials: {'domain_id': 'default', 'domain_name': 'Default', 'username': 'tempest-ImagesDeleteNegativeTestJSON-797062373-project-member', 'project_domain_id': 'default', 'project_domain_name': 'Default', 'project_id': 'cb180f288a874e9b814498687b26b24c', 'project_name': 'tempest-ImagesDeleteNegativeTestJSON-797062373', 'tenant_id': 'cb180f288a874e9b814498687b26b24c', 'tenant_name': 'tempest-ImagesDeleteNegativeTestJSON-797062373', 'user_domain_id': 'default', 'user_domain_name': 'Default', 'user_id': '507273d04cd0487ea3f4236cb6c56389', 'system': None}, Network: None, Subnet: None, Router: None
2025-04-22 06:10:03.467 69574 INFO tempest.lib.common.rest_client [req-2b3c5f56-c900-4df0-b602-b7dbf023f67e req-2b3c5f56-c900-4df0-b602-b7dbf023f67e ] Request (DeleteServersTestJSON:test_delete_server_while_in_attached_volume): 200 GET http://10.180.1.21/compute/v2.1/servers/e0d5c75a-5391-4a10-af02-07b3f3223e79 0.363s
2025-04-22 06:10:03.491 69515 INFO tempest.lib.common.rest_client [req-d152ce04-53ae-43a8-8382-768996a1ae44 req-d152ce04-53ae-43a8-8382-768996a1ae44 ] Request (ServersAdminNegativeTestJSON:test_migrate_server_invalid_state): 200 GET http://10.180.1.21/compute/v2.1/servers/437dd76d-4ce5-440d-8683-23c847f39e29 0.567s
2025-04-22 06:10:03.536 69545 INFO tempest.lib.common.rest_client [req-a3bc9ad3-5c45-4a58-9420-6642c27152dc req-a3bc9ad3-5c45-4a58-9420-6642c27152dc ] Request (ServersListShow296Test:test_list_show_update_rebuild_server_296): 200 GET http://10.180.1.21/compute/v2.1/servers/d4d10cca-3c1b-4b7e-a292-22c94b4df23c 0.422s
2025-04-22 06:10:03.561 69576 INFO tempest.lib.common.rest_client [req-b6dce45a-d75d-466b-ba3f-100561c4dda6 req-b6dce45a-d75d-466b-ba3f-100561c4dda6 ] Request (AttachInterfacesV270Test:test_create_get_list_interfaces): 200 GET http://10.180.1.21/compute/v2.1/servers/8ed222f5-08f0-4575-a173-3f53f710fd1f 0.384s
2025-04-22 06:10:03.577 69551 INFO tempest.lib.common.rest_client [req-8d913c70-217c-4910-8dc0-a58dc78074ab req-8d913c70-217c-4910-8dc0-a58dc78074ab ] Request (ImagesDeleteNegativeTestJSON:setUpClass): 201 POST http://10.180.1.21/identity/v3/auth/tokens 0.108s
2025-04-22 06:10:03.590 69535 INFO tempest.lib.common.rest_client [req-1b564f72-fec3-4edd-b973-172800c5338a req-1b564f72-fec3-4edd-b973-172800c5338a ] Request (MultipleCreateTestJSON:test_multiple_create): 200 GET http://10.180.1.21/compute/v2.1/servers/7815b057-b31b-482b-8bd3-ee77c04719ac 0.388s
2025-04-22 06:10:03.645 69527 INFO tempest.lib.common.rest_client [req-46e4a7fd-a9d5-4c8e-a5fd-b27e147a0f5a req-46e4a7fd-a9d5-4c8e-a5fd-b27e147a0f5a ] Request (ServerPasswordTestJSON:setUpClass): 200 GET http://10.180.1.21/compute/v2.1/servers/a0db66d9-da08-4192-8748-1a43b1f870cd 0.417s
2025-04-22 06:10:03.717 69531 INFO tempest.lib.common.rest_client [req-f0a89b5b-0ea7-4173-b7fa-8b25983aa917 req-f0a89b5b-0ea7-4173-b7fa-8b25983aa917 ] Request (ServerShowV254Test:tearDownClass): 200 GET http://10.180.1.21/compute/v2.1/servers/316cbf59-a55e-4d7f-abbb-43fd8bc2cc6b 0.455s
2025-04-22 06:10:03.778 69529 INFO tempest.lib.common.rest_client [req-a567c778-4e2c-4c6b-a6f9-2b90954abd9e req-a567c778-4e2c-4c6b-a6f9-2b90954abd9e ] Request (ImagesOneServerNegativeTestJSON:_run_cleanups): 200 GET http://10.180.1.21/compute/v2.1/servers/500e1b0a-5ce5-4664-916d-09ab8b45c5c8 0.448s
2025-04-22 06:10:03.838 69537 INFO tempest.lib.common.rest_client [req-6e4e06e0-0868-4b1c-b911-4afbccc9ab19 req-6e4e06e0-0868-4b1c-b911-4afbccc9ab19 ] Request (TenantUsagesTestJSON:setUpClass): 200 GET http://10.180.1.21/compute/v2.1/servers/4e36d628-5f9b-46ff-aafc-8768db9cf0dc 0.445s
2025-04-22 06:10:04.102 69519 INFO tempest.lib.common.rest_client [req-ddea25bc-63b1-4e3b-bc38-e0991b059145 req-ddea25bc-63b1-4e3b-bc38-e0991b059145 ] Request (SecurityGroupRulesTestJSON:tearDownClass): 202 DELETE http://10.180.1.21/compute/v2.1/os-security-groups/12c98fff-427a-4f91-810e-859f7e9d698d 0.705s
2025-04-22 06:10:04.160 69565 INFO tempest.lib.common.rest_client [req-78f6e8d7-9b2c-421b-b38a-770475b69f18 req-78f6e8d7-9b2c-421b-b38a-770475b69f18 ] Request (InstanceActionsV221TestJSON:test_get_list_deleted_instance_actions): 202 POST http://10.180.1.21/compute/v2.1/servers 0.957s
2025-04-22 06:10:04.278 69525 INFO tempest.lib.common.rest_client [req-3110b506-1837-4989-a82d-1047854cdefd req-3110b506-1837-4989-a82d-1047854cdefd ] Request (ServerExternalEventsTest:tearDownClass): 200 GET http://10.180.1.21/compute/v2.1/servers/f3f8d8e7-a0b9-4f16-8f83-3bcbbcddfd33 0.801s
2025-04-22 06:10:04.286 69547 INFO tempest.lib.common.rest_client [req-3949b12d-d1d4-4b87-a6e1-a3fcb1611f4b req-3949b12d-d1d4-4b87-a6e1-a3fcb1611f4b ] Request (ServersAaction247Test:tearDownClass): 200 GET http://10.180.1.21/compute/v2.1/servers/cba58e16-e4d8-4a3b-bc12-1ca7b1be1f27 0.861s
2025-04-22 06:10:04.347 69513 INFO tempest.lib.common.rest_client [req-b11a7b70-41ac-4932-a622-a8074d94a911 req-b11a7b70-41ac-4932-a622-a8074d94a911 ] Request (ServerDiskConfigTestJSON:test_rebuild_server_with_auto_disk_config): 200 GET http://10.180.1.21/compute/v2.1/servers/9a8894fc-2623-4760-be9b-8884b50781eb 0.803s
2025-04-22 06:10:04.358 69521 INFO tempest.lib.common.rest_client [req-7a9c15e2-2634-42bd-bce5-a6725c49c3f6 req-7a9c15e2-2634-42bd-bce5-a6725c49c3f6 ] Request (ServersAdmin275Test:tearDownClass): 200 GET http://10.180.1.21/compute/v2.1/servers/debd9dcf-05da-400c-aa51-474e90036b8f 0.832s
2025-04-22 06:10:04.388 69551 INFO tempest.lib.common.rest_client [req-82b4507d-9fa2-4b98-a260-af43cddd32ad req-82b4507d-9fa2-4b98-a260-af43cddd32ad ] Request (ImagesDeleteNegativeTestJSON:test_delete_image_blank_id): 404 DELETE http://10.180.1.21/compute/v2.1/images/ 0.809s
2025-04-22 06:10:04.420 69553 INFO tempest.lib.common.rest_client [req-09c1965f-1b8d-41fa-b741-2c18a2698dd4 req-09c1965f-1b8d-41fa-b741-2c18a2698dd4 ] Request (DeleteServersAdminTestJSON:test_delete_server_while_in_error_state): 200 GET http://10.180.1.21/compute/v2.1/servers/3038b304-bcfa-40a6-abf6-c00e8fc2d661 0.826s
2025-04-22 06:10:04.449 69569 INFO tempest.lib.common.rest_client [req-83248fcd-ee91-4ea7-a549-ef782a3c78c1 req-83248fcd-ee91-4ea7-a549-ef782a3c78c1 ] Request (ServerRescueTestJSON:setUpClass): 200 GET http://10.180.1.21/compute/v2.1/servers/ad52c9c1-5738-4fb5-9d8e-add1d0b8a497 0.698s
2025-04-22 06:10:04.478 69557 INFO tempest.lib.common.rest_client [req-028cc869-9d09-4d02-a103-181d1d61deb6 req-028cc869-9d09-4d02-a103-181d1d61deb6 ] Request (ListServerFiltersTestJSON:setUpClass): 200 GET http://10.180.1.21/compute/v2.1/servers/4c225cf9-7bf1-4e65-b0a3-866faaae9203 0.646s
2025-04-22 06:10:04.546 69533 INFO tempest.lib.common.rest_client [req-a0f1b4e9-f51a-4918-b2c6-b4e10d95d490 req-a0f1b4e9-f51a-4918-b2c6-b4e10d95d490 ] Request (ServersAdminTestJSON:setUpClass): 200 GET http://10.180.1.21/compute/v2.1/servers/63a46af9-eed9-49cb-891c-44005250d16c 0.501s
2025-04-22 06:10:04.578 69543 INFO tempest.lib.common.rest_client [req-457085ae-c3b7-4566-bf41-bfca6285252d req-457085ae-c3b7-4566-bf41-bfca6285252d ] Request (MigrationsAdminTest:test_list_migrations_in_flavor_resize_situation): 200 GET http://10.180.1.21/compute/v2.1/servers/64068cef-b827-484b-b713-3751fcdc2786 0.606s
2025-04-22 06:10:04.619 69559 INFO tempest.lib.common.rest_client [req-31ac5817-94a9-4e5f-9d2d-65a45eae17ec req-31ac5817-94a9-4e5f-9d2d-65a45eae17ec ] Request (ServerActionsTestJSON:setUpClass): 200 GET http://10.180.1.21/compute/v2.1/servers/0b64c1a2-e44d-4cc0-b842-155f31549f41 0.493s
2025-04-22 06:10:04.622 69561 INFO tempest.lib.common.rest_client [req-38364cc7-a7b9-43b1-94df-c03b10cdb6e5 req-38364cc7-a7b9-43b1-94df-c03b10cdb6e5 ] Request (ImagesOneServerTestJSON:test_create_image_specify_multibyte_character_image_name): 200 GET http://10.180.1.21/compute/v2.1/images/648e174e-7b3b-4b77-b2b6-61066901447f 0.459s
2025-04-22 06:10:04.675 69565 INFO tempest.lib.common.rest_client [req-61fd4022-7105-49be-9aa0-540594cf26cf req-61fd4022-7105-49be-9aa0-540594cf26cf ] Request (InstanceActionsV221TestJSON:test_get_list_deleted_instance_actions): 200 GET http://10.180.1.21/compute/v2.1/servers/cab205ab-e9d5-4381-8bf4-53fc516add07 0.512s
2025-04-22 06:10:04.694 69517 INFO tempest.lib.common.rest_client [req-5f47bf77-e72a-4af1-81a8-9a9dda9cd2d7 req-5f47bf77-e72a-4af1-81a8-9a9dda9cd2d7 ] Request (VolumesAdminNegativeTest:test_update_attached_volume_with_nonexistent_volume_in_body): 200 GET http://10.180.1.21/compute/v2.1/servers/6e4e5b96-e86c-4901-8c87-a70f0da92cfe 0.491s
2025-04-22 06:10:04.741 69567 INFO tempest.lib.common.rest_client [req-27931f5a-3375-4de1-bd0e-cbaf374a19de req-27931f5a-3375-4de1-bd0e-cbaf374a19de ] Request (FloatingIPsAssociationTestJSON:test_associate_already_associated_floating_ip): 200 GET http://10.180.1.21/compute/v2.1/servers/9221ffc3-bfa5-45c9-9c46-dcd2f18ef77d 0.478s
2025-04-22 06:10:04.766 69551 INFO tempest.lib.common.rest_client [req-46d19590-3983-4ac6-81f7-caa529d04b15 req-46d19590-3983-4ac6-81f7-caa529d04b15 ] Request (ImagesDeleteNegativeTestJSON:test_delete_image_negative_image_id): 404 DELETE http://10.180.1.21/compute/v2.1/images/-1 0.376s
2025-04-22 06:10:04.788 69523 INFO tempest.lib.common.rest_client [req-72b9bc8d-43d7-4c23-b049-20d66b18574a req-72b9bc8d-43d7-4c23-b049-20d66b18574a ] Request (FloatingIPsAssociationNegativeTestJSON:tearDownClass): 200 GET http://10.180.1.21/compute/v2.1/servers/a22ba7df-ac38-46e5-992f-a67ecb06af62 0.459s
2025-04-22 06:10:04.846 69573 INFO tempest.lib.common.rest_client [req-aca42cff-2ff5-4c5e-894b-f32b9075f0e1 req-aca42cff-2ff5-4c5e-894b-f32b9075f0e1 ] Request (ServersTestFqdnHostnames:test_create_server_with_fqdn_name): 200 GET http://10.180.1.21/compute/v2.1/servers/c8c633c1-47dc-4ea5-9909-cd784a0b6d26 0.450s
2025-04-22 06:10:04.872 69574 INFO tempest.lib.common.rest_client [req-9a0cc8f9-9d09-4495-9154-0cf2f7919418 req-9a0cc8f9-9d09-4495-9154-0cf2f7919418 ] Request (DeleteServersTestJSON:test_delete_server_while_in_attached_volume): 200 GET http://10.180.1.21/compute/v2.1/servers/e0d5c75a-5391-4a10-af02-07b3f3223e79 0.396s
2025-04-22 06:10:04.954 69545 INFO tempest.lib.common.rest_client [req-21f517b2-1fcc-442c-82e4-9aaec2c82a7e req-21f517b2-1fcc-442c-82e4-9aaec2c82a7e ] Request (ServersListShow296Test:test_list_show_update_rebuild_server_296): 200 GET http://10.180.1.21/compute/v2.1/servers/d4d10cca-3c1b-4b7e-a292-22c94b4df23c 0.406s
