2025-05-07 12:47:33.719 69592 INFO tempest.lib.common.rest_client [req-c51d9a16-db7d-44e2-8ff1-0fc3ec0b2706 req-c51d9a16-db7d-44e2-8ff1-0fc3ec0b2706 ] Request (FloatingIPsAssociationNegativeTestJSON:_run_cleanups): 202 DELETE http://10.180.1.21/compute/v2.1/os-floating-ips/3030d313-7ce3-4585-be5b-585288756ed9 1.054s
2025-05-07 12:47:33.747 69640 INFO tempest.lib.common.rest_client [req-ae7d5bf1-9bd7-4f5d-ae2a-5f31d2109642 req-ae7d5bf1-9bd7-4f5d-ae2a-5f31d2109642 ] Request (SecurityGroupRulesTestJSON:tearDownClass): 404 DELETE http://10.180.1.21/compute/v2.1/os-security-groups/07ef6dd1-6ce4-45ec-b90a-30da0c99b067 0.835s
2025-05-07 12:47:33.770 69606 INFO tempest.lib.common.rest_client [req-0ef8fd28-2910-4c06-9036-679ec9daba7d req-0ef8fd28-2910-4c06-9036-679ec9daba7d ] Request (MigrationsAdminTest:test_list_migrations_in_flavor_resize_situation): 200 GET http://10.180.1.21/compute/v2.1/servers/b2cfd112-af47-46e1-8546-f527c9d84253 0.861s
2025-05-07 12:47:33.779 69588 INFO tempest.lib.common.rest_client [req-aafdb9ec-c8cc-4dad-b944-50db456684b6 req-aafdb9ec-c8cc-4dad-b944-50db456684b6 ] Request (ImagesNegativeTestJSON:test_create_image_from_invalid_server): 404 POST http://10.180.1.21/compute/v2.1/servers/tempest-invalid-431070937/action 0.834s
2025-05-07 12:47:33.781 69620 INFO tempest.lib.common.rest_client [req-3341c519-f6e3-4fbd-8e4b-e9eddb4bccd8 req-3341c519-f6e3-4fbd-8e4b-e9eddb4bccd8 ] Request (FlavorsAdminTestJSON:tearDownClass): 204 DELETE http://10.180.1.21:9696/networking/v2.0/security-groups/9db99416-f8d2-4e76-a205-a7c01a8d19d2 0.138s
2025-05-07 12:47:33.845 69644 INFO tempest.lib.common.rest_client [req-1b952dc4-d053-409f-8cba-8e73da9e39bf req-1b952dc4-d053-409f-8cba-8e73da9e39bf ] Request (DeleteServersAdminTestJSON:test_admin_delete_servers_of_others): 200 GET http://10.180.1.21/compute/v2.1/servers/838dc24e-f04e-4756-bbb7-f068018f5edc 0.860s
2025-05-07 12:47:33.849 69626 INFO tempest.lib.common.rest_client [req-4f42fff4-5c4f-477b-8104-e0551f210a8b req-4f42fff4-5c4f-477b-8104-e0551f210a8b ] Request (ServersListShow296Test:tearDownClass): 200 GET http://10.180.1.21/compute/v2.1/servers/fc921d48-70c0-4871-9326-56333421f368 0.919s
2025-05-07 12:47:33.862 69626 INFO tempest.common.waiters [-] State transition "ACTIVE/deleting" ==> "DELETED/None" after 4 second wait
2025-05-07 12:47:33.870 69620 INFO tempest.lib.common.rest_client [req-7a154307-051a-4ca8-a4e2-9e8c877ca828 req-7a154307-051a-4ca8-a4e2-9e8c877ca828 ] Request (FlavorsAdminTestJSON:tearDownClass): 204 DELETE http://10.180.1.21/identity/v3/projects/76bbd9dd923245b58f315eda7532937d 0.089s
2025-05-07 12:47:33.870 69620 INFO tempest.lib.common.dynamic_creds [-] Deleting project and security group for project: 8b24fc07deab468dafa6e39925fcb8a5
2025-05-07 12:47:33.910 69612 INFO tempest.lib.common.rest_client [req-32883483-7166-486f-9d2e-cf83d5c6ced4 req-32883483-7166-486f-9d2e-cf83d5c6ced4 ] Request (ServersAaction247Test:test_create_backup): 200 GET http://10.180.1.21/compute/v2.1/servers/873b054f-64dc-4d97-b89c-995dd3702690 0.884s
2025-05-07 12:47:33.916 69638 INFO tempest.lib.common.rest_client [req-02fc0e83-38b4-4c05-95e9-587859540758 req-02fc0e83-38b4-4c05-95e9-587859540758 ] Request (TenantUsagesTestJSON:tearDownClass): 200 GET http://10.180.1.21/compute/v2.1/servers/7ed18568-9081-4128-b83f-d859bedb1bcd 0.870s
2025-05-07 12:47:33.959 69608 INFO tempest.lib.common.rest_client [req-7195c486-9571-4635-9014-c689f69bf0f0 req-7195c486-9571-4635-9014-c689f69bf0f0 ] Request (ServerMetadataNegativeTestJSON:setUpClass): 200 GET http://10.180.1.21/compute/v2.1/servers/a7c372d8-0085-4e17-a038-78e473fb7adb 0.875s
2025-05-07 12:47:33.966 69632 INFO tempest.lib.common.rest_client [req-fec7cc3a-9059-440f-a4d5-592856b294aa req-fec7cc3a-9059-440f-a4d5-592856b294aa ] Request (ImagesTestJSON:test_create_image_from_suspended_server): 200 GET http://10.180.1.21/compute/v2.1/servers/e408f6d6-e873-470e-aecb-16ffa9774217 0.838s
2025-05-07 12:47:33.990 69620 INFO tempest.lib.common.rest_client [req-9f7f3c6b-248e-4c8a-aba8-d82e00b24fc8 req-9f7f3c6b-248e-4c8a-aba8-d82e00b24fc8 ] Request (FlavorsAdminTestJSON:tearDownClass): 200 GET http://10.180.1.21:9696/networking/v2.0/security-groups?tenant_id=8b24fc07deab468dafa6e39925fcb8a5&name=default 0.119s
2025-05-07 12:47:34.018 69602 INFO tempest.lib.common.rest_client [req-59e7a383-75cc-4a68-ba1b-db9f1d072f26 req-59e7a383-75cc-4a68-ba1b-db9f1d072f26 ] Request (ServersAdminTestJSON:test_create_server_with_scheduling_hint): 200 GET http://10.180.1.21/compute/v2.1/servers/71b607ba-1ea1-4d50-8f6c-87e2d88706ec 0.828s
2025-05-07 12:47:34.032 69594 INFO tempest.lib.common.rest_client [req-794f41b7-103f-4c32-8a54-45fd3ba377ec req-794f41b7-103f-4c32-8a54-45fd3ba377ec ] Request (ServersAdminNegativeTestJSON:test_migrate_server_invalid_state): 409 POST http://10.180.1.21/compute/v2.1/servers/d098ccf8-5ea6-4ad7-b99b-de0d95e6f371/action 0.845s
2025-05-07 12:47:34.080 69586 INFO tempest.lib.common.rest_client [req-bad57566-b89d-4fef-9a68-0548ea0b35bb req-bad57566-b89d-4fef-9a68-0548ea0b35bb ] Request (ServersNegativeTestJSON:setUpClass): 200 GET http://10.180.1.21/compute/v2.1/servers/6b05f946-8630-4f0b-98aa-0149e4d97e27 0.825s
2025-05-07 12:47:34.093 69624 INFO tempest.lib.common.rest_client [req-802a19ff-3191-41fc-b067-1653235efe68 req-802a19ff-3191-41fc-b067-1653235efe68 ] Request (AttachInterfacesTestJSON:test_create_list_show_delete_interfaces_by_fixed_ip): 200 GET http://10.180.1.21/compute/v2.1/servers/cb44961f-d39b-4a67-a568-780c0ac1ec7b 0.766s
2025-05-07 12:47:34.112 69620 INFO tempest.lib.common.rest_client [req-842c7c72-834c-4a0d-91a5-fc51c8463611 req-842c7c72-834c-4a0d-91a5-fc51c8463611 ] Request (FlavorsAdminTestJSON:tearDownClass): 204 DELETE http://10.180.1.21:9696/networking/v2.0/security-groups/34887d8f-1b9a-4486-97d0-7409c1b17c2f 0.122s
2025-05-07 12:47:34.146 69622 INFO tempest.lib.common.rest_client [req-6771c0eb-ccff-490d-9dc7-2fe51601c262 req-6771c0eb-ccff-490d-9dc7-2fe51601c262 ] Request (ServerRescueNegativeTestJSON:setUpClass): 200 GET http://10.180.1.21/compute/v2.1/servers/64302f20-818c-44b7-9518-1f894a0fce19 0.746s
2025-05-07 12:47:34.212 69642 INFO tempest.lib.common.rest_client [req-297322dc-98f6-4d92-a9f8-457b44d12e0f req-297322dc-98f6-4d92-a9f8-457b44d12e0f ] Request (ServersTestMultiNic:test_verify_duplicate_network_nics): 200 GET http://10.180.1.21/compute/v2.1/servers/d35dd075-3bec-4293-988f-9940f9fb78e3 0.578s
2025-05-07 12:47:34.244 69620 INFO tempest.lib.common.rest_client [req-bd1f7383-789f-4696-8287-7a342b6b1a2d req-bd1f7383-789f-4696-8287-7a342b6b1a2d ] Request (FlavorsAdminTestJSON:tearDownClass): 204 DELETE http://10.180.1.21/identity/v3/projects/8b24fc07deab468dafa6e39925fcb8a5 0.131s
2025-05-07 12:47:34.251 69598 INFO tempest.lib.common.rest_client [req-5c1be554-8de8-423d-a7de-a11c479d55b8 req-5c1be554-8de8-423d-a7de-a11c479d55b8 ] Request (AttachInterfacesUnderV243Test:test_add_remove_fixed_ip): 200 GET http://10.180.1.21/compute/v2.1/servers/fdadbd72-38cd-4ea8-be7a-cffd5bea01e0 0.710s
2025-05-07 12:47:34.320 69647 INFO tempest.lib.common.rest_client [req-22df480b-f482-4028-9834-dd30b1402a2a req-22df480b-f482-4028-9834-dd30b1402a2a ] Request (FloatingIPsAssociationTestJSON:setUpClass): 200 GET http://10.180.1.21/compute/v2.1/servers/60f120c5-345a-44dd-b716-03a686a518f3 0.594s
2025-05-07 12:47:34.320 69620 INFO tempest.lib.common.rest_client [req-5e790055-ba47-480f-8310-866806188ade req-5e790055-ba47-480f-8310-866806188ade ] Request (QuotasSecurityGroupAdminNegativeTest:setUpClass): 201 POST http://10.180.1.21/identity/v3/auth/tokens 0.075s
2025-05-07 12:47:34.357 69620 INFO tempest.lib.common.rest_client [req-ab5e6f3a-1eb8-4c91-80a9-886e6c8d7847 req-ab5e6f3a-1eb8-4c91-80a9-886e6c8d7847 ] Request (QuotasSecurityGroupAdminNegativeTest:setUpClass): 201 POST http://10.180.1.21/identity/v3/auth/tokens 0.033s
2025-05-07 12:47:34.385 69610 INFO tempest.lib.common.rest_client [req-9204b05b-7f9e-41e6-bd97-851adb89bf17 req-9204b05b-7f9e-41e6-bd97-851adb89bf17 ] Request (InstanceActionsTestJSON:tearDownClass): 200 GET http://10.180.1.21/compute/v2.1/servers/605ed07c-6abd-4de6-984d-772f43d0e3c8 0.638s
2025-05-07 12:47:34.390 69620 INFO tempest.lib.common.rest_client [req-29335b0b-773a-42fe-bd5c-5bcbf3fd38f9 req-29335b0b-773a-42fe-bd5c-5bcbf3fd38f9 ] Request (QuotasSecurityGroupAdminNegativeTest:setUpClass): 200 GET http://10.180.1.21/identity/v3/domains?name=Default 0.031s
2025-05-07 12:47:34.436 69620 INFO tempest.lib.common.rest_client [req-57da2f42-19ad-4d1b-8108-d7632aea398c req-57da2f42-19ad-4d1b-8108-d7632aea398c ] Request (QuotasSecurityGroupAdminNegativeTest:setUpClass): 201 POST http://10.180.1.21/identity/v3/projects 0.046s
2025-05-07 12:47:34.528 69620 INFO tempest.lib.common.rest_client [req-6ff77b29-b7fc-47b9-9216-67772e4169bd req-6ff77b29-b7fc-47b9-9216-67772e4169bd ] Request (QuotasSecurityGroupAdminNegativeTest:setUpClass): 201 POST http://10.180.1.21/identity/v3/users 0.091s
2025-05-07 12:47:34.534 69584 INFO tempest.lib.common.rest_client [req-3ba3c1b9-c976-4cc7-8a72-85c183bf0132 req-3ba3c1b9-c976-4cc7-8a72-85c183bf0132 ] Request (InstanceActionsNegativeTestJSON:setUpClass): 201 POST http://10.180.1.21:9696/networking/v2.0/routers 1.007s
2025-05-07 12:47:34.563 69620 INFO tempest.lib.common.rest_client [req-a866140d-dcba-45e9-8d1b-1e36f4b0e192 req-a866140d-dcba-45e9-8d1b-1e36f4b0e192 ] Request (QuotasSecurityGroupAdminNegativeTest:setUpClass): 200 GET http://10.180.1.21/identity/v3/roles 0.035s
2025-05-07 12:47:34.568 69640 INFO tempest.lib.common.rest_client [req-fea795df-541d-4023-87a2-ea42e4d1879f req-fea795df-541d-4023-87a2-ea42e4d1879f ] Request (SecurityGroupRulesTestJSON:tearDownClass): 202 DELETE http://10.180.1.21/compute/v2.1/os-security-groups/769a8128-39a9-4f97-87b3-027846c184ff 0.820s
2025-05-07 12:47:34.574 69588 INFO tempest.lib.common.rest_client [req-cc955c33-00eb-42af-83d1-111d0b44b3d8 req-cc955c33-00eb-42af-83d1-111d0b44b3d8 ] Request (ImagesNegativeTestJSON:test_create_image_specify_uuid_35_characters_or_less): 404 POST http://10.180.1.21/compute/v2.1/servers/aaaaaaaaaaaaaaaaaaaaaaaaaaaaaaaaaaa/action 0.793s
2025-05-07 12:47:34.580 69594 INFO tempest.lib.common.rest_client [req-692b3f84-0154-4276-8f5c-5c1b949ec16b req-692b3f84-0154-4276-8f5c-5c1b949ec16b ] Request (ServersAdminNegativeTestJSON:test_reset_state_server_invalid_state): 400 POST http://10.180.1.21/compute/v2.1/servers/dcc61c85-f39c-40e0-95cf-c18894eebf03/action 0.547s
2025-05-07 12:47:34.616 69620 INFO tempest.lib.common.rest_client [req-c0fe664d-93c7-4efd-a104-6884e0ee6aad req-c0fe664d-93c7-4efd-a104-6884e0ee6aad ] Request (QuotasSecurityGroupAdminNegativeTest:setUpClass): 204 PUT http://10.180.1.21/identity/v3/projects/19627998e38f42c5bf827e6c4c699750/users/ebb98c10274d4c738ec4a042b198142d/roles/6a2842a37bb142ff877363e1ba8bb1d0 0.051s
2025-05-07 12:47:34.617 69620 INFO tempest.lib.common.dynamic_creds [-] Dynamic test user ebb98c10274d4c738ec4a042b198142d is created with scope project and roles: ['member']
2025-05-07 12:47:34.617 69620 INFO tempest.lib.common.dynamic_creds [-] Acquired dynamic creds: credentials: Credentials: {'domain_id': 'default', 'domain_name': 'Default', 'username': 'tempest-QuotasSecurityGroupAdminNegativeTest-1451202623-project-member', 'project_domain_id': 'default', 'project_domain_name': 'Default', 'project_id': '19627998e38f42c5bf827e6c4c699750', 'project_name': 'tempest-QuotasSecurityGroupAdminNegativeTest-1451202623', 'tenant_id': '19627998e38f42c5bf827e6c4c699750', 'tenant_name': 'tempest-QuotasSecurityGroupAdminNegativeTest-1451202623', 'user_domain_id': 'default', 'user_domain_name': 'Default', 'user_id': 'ebb98c10274d4c738ec4a042b198142d', 'system': None}, Network: None, Subnet: None, Router: None
2025-05-07 12:47:34.617 69620 INFO tempest.lib.common.dynamic_creds [-] Created isolated network resources for: credentials: Credentials: {'domain_id': 'default', 'domain_name': 'Default', 'username': 'tempest-QuotasSecurityGroupAdminNegativeTest-1451202623-project-member', 'project_domain_id': 'default', 'project_domain_name': 'Default', 'project_id': '19627998e38f42c5bf827e6c4c699750', 'project_name': 'tempest-QuotasSecurityGroupAdminNegativeTest-1451202623', 'tenant_id': '19627998e38f42c5bf827e6c4c699750', 'tenant_name': 'tempest-QuotasSecurityGroupAdminNegativeTest-1451202623', 'user_domain_id': 'default', 'user_domain_name': 'Default', 'user_id': 'ebb98c10274d4c738ec4a042b198142d', 'system': None}, Network: None, Subnet: None, Router: None
2025-05-07 12:47:34.640 69614 INFO tempest.lib.common.rest_client [req-064d7585-f18e-47de-882b-fece79c3e18e req-064d7585-f18e-47de-882b-fece79c3e18e ] Request (ListImageFiltersTestJSON:setUpClass): 200 GET http://10.180.1.21/compute/v2.1/servers/fad3ad44-43cd-442e-8723-d27bbb893e0d 0.551s
2025-05-07 12:47:34.652 69614 INFO tempest.common.waiters [-] State transition "BUILD/None" ==> "BUILD/networking" after 30 second wait
2025-05-07 12:47:34.669 69636 WARNING tempest.lib.common.ssh [-] Failed to establish authenticated ssh connection to cirros@10.180.180.178 ([Errno None] Unable to connect to port 22 on 10.180.180.178). Number attempts: 5. Retry after 6 seconds.: paramiko.ssh_exception.NoValidConnectionsError: [Errno None] Unable to connect to port 22 on 10.180.180.178
2025-05-07 12:47:34.716 69596 INFO tempest.lib.common.rest_client [req-b67eb584-3855-42b5-8eb9-6e4a2dc9c17a req-b67eb584-3855-42b5-8eb9-6e4a2dc9c17a ] Request (ServerDiagnosticsV248Test:test_get_server_diagnostics): 200 GET http://10.180.1.21/compute/v2.1/servers/563722c6-483c-4154-b4da-e8412f78b765 0.435s
2025-05-07 12:47:34.723 69620 INFO tempest.lib.common.rest_client [req-7cb265e6-6742-499d-81ae-f78e8e0ef59f req-7cb265e6-6742-499d-81ae-f78e8e0ef59f ] Request (QuotasSecurityGroupAdminNegativeTest:setUpClass): 201 POST http://10.180.1.21/identity/v3/auth/tokens 0.098s
2025-05-07 12:47:34.804 69620 INFO tempest.lib.common.rest_client [req-b3c5264f-4738-487e-8f8d-5555e7f5d36a req-b3c5264f-4738-487e-8f8d-5555e7f5d36a ] Request (QuotasSecurityGroupAdminNegativeTest:setUpClass): 201 POST http://10.180.1.21/identity/v3/projects 0.080s
2025-05-07 12:47:34.883 69620 INFO tempest.lib.common.rest_client [req-76e023cd-0171-434d-99a0-2ad164cbb11e req-76e023cd-0171-434d-99a0-2ad164cbb11e ] Request (QuotasSecurityGroupAdminNegativeTest:setUpClass): 201 POST http://10.180.1.21/identity/v3/users 0.078s
2025-05-07 12:47:34.913 69620 INFO tempest.lib.common.rest_client [req-b7e6f146-63ad-4a1c-bc93-b7f7d2fb6899 req-b7e6f146-63ad-4a1c-bc93-b7f7d2fb6899 ] Request (QuotasSecurityGroupAdminNegativeTest:setUpClass): 200 GET http://10.180.1.21/identity/v3/roles 0.028s
2025-05-07 12:47:34.942 69616 INFO tempest.lib.common.rest_client [req-a02db601-257d-452b-a0cd-d3433b8f6951 req-a02db601-257d-452b-a0cd-d3433b8f6951 ] Request (VolumesAdminNegativeTest:test_update_attached_volume_with_nonexistent_volume_in_body): 200 GET http://10.180.1.21/compute/v2.1/servers/abbf2f1c-ae9a-432a-baf5-7d7ce24253d3 0.470s
2025-05-07 12:47:34.954 69620 INFO tempest.lib.common.rest_client [req-c1653dd3-bee9-42f8-90f6-fc9e593ea420 req-c1653dd3-bee9-42f8-90f6-fc9e593ea420 ] Request (QuotasSecurityGroupAdminNegativeTest:setUpClass): 204 PUT http://10.180.1.21/identity/v3/projects/6521189110ec41cb946ece2414b5e115/users/b4ae10bc32bd451aa77f86238201cebd/roles/b31e4c8046d94409a39774954cdd386b 0.041s
2025-05-07 12:47:35.015 69634 INFO tempest.lib.common.rest_client [req-48c8bfd6-0870-45da-9432-093dce4c9b8e req-48c8bfd6-0870-45da-9432-093dce4c9b8e ] Request (ServersAdmin275Test:test_rebuild_update_server_275): 200 GET http://10.180.1.21/compute/v2.1/servers/c07106a3-0134-4602-9263-f7359c8d5367 0.454s
2025-05-07 12:47:35.019 69620 INFO tempest.lib.common.rest_client [req-c9e3b0ff-97f3-4d5e-9438-bf2a6fafdb57 req-c9e3b0ff-97f3-4d5e-9438-bf2a6fafdb57 ] Request (QuotasSecurityGroupAdminNegativeTest:setUpClass): 200 GET http://10.180.1.21/identity/v3/roles 0.065s
2025-05-07 12:47:35.038 69620 INFO tempest.lib.common.rest_client [req-f2771a4f-538c-452d-a2d4-da2bd2259de1 req-f2771a4f-538c-452d-a2d4-da2bd2259de1 ] Request (QuotasSecurityGroupAdminNegativeTest:setUpClass): 204 PUT http://10.180.1.21/identity/v3/projects/6521189110ec41cb946ece2414b5e115/users/b4ae10bc32bd451aa77f86238201cebd/roles/b31e4c8046d94409a39774954cdd386b 0.019s
2025-05-07 12:47:35.039 69620 INFO tempest.lib.common.dynamic_creds [-] Dynamic test user b4ae10bc32bd451aa77f86238201cebd is created with scope project and roles: ['admin']
2025-05-07 12:47:35.039 69620 INFO tempest.lib.common.dynamic_creds [-] Acquired dynamic creds: credentials: Credentials: {'domain_id': 'default', 'domain_name': 'Default', 'username': 'tempest-QuotasSecurityGroupAdminNegativeTest-1146660167-project-admin', 'project_domain_id': 'default', 'project_domain_name': 'Default', 'project_id': '6521189110ec41cb946ece2414b5e115', 'project_name': 'tempest-QuotasSecurityGroupAdminNegativeTest-1146660167', 'tenant_id': '6521189110ec41cb946ece2414b5e115', 'tenant_name': 'tempest-QuotasSecurityGroupAdminNegativeTest-1146660167', 'user_domain_id': 'default', 'user_domain_name': 'Default', 'user_id': 'b4ae10bc32bd451aa77f86238201cebd', 'system': None}, Network: None, Subnet: None, Router: None
2025-05-07 12:47:35.039 69620 INFO tempest.lib.common.dynamic_creds [-] Created isolated network resources for: credentials: Credentials: {'domain_id': 'default', 'domain_name': 'Default', 'username': 'tempest-QuotasSecurityGroupAdminNegativeTest-1146660167-project-admin', 'project_domain_id': 'default', 'project_domain_name': 'Default', 'project_id': '6521189110ec41cb946ece2414b5e115', 'project_name': 'tempest-QuotasSecurityGroupAdminNegativeTest-1146660167', 'tenant_id': '6521189110ec41cb946ece2414b5e115', 'tenant_name': 'tempest-QuotasSecurityGroupAdminNegativeTest-1146660167', 'user_domain_id': 'default', 'user_domain_name': 'Default', 'user_id': 'b4ae10bc32bd451aa77f86238201cebd', 'system': None}, Network: None, Subnet: None, Router: None
2025-05-07 12:47:35.134 69620 INFO tempest.lib.common.rest_client [req-324452ed-c711-4491-abaa-eee8d65bcbc5 req-324452ed-c711-4491-abaa-eee8d65bcbc5 ] Request (QuotasSecurityGroupAdminNegativeTest:setUpClass): 201 POST http://10.180.1.21/identity/v3/auth/tokens 0.092s
2025-05-07 12:47:35.135 69620 WARNING tempest.lib.common.rest_client [-] Deprecated: "tenant_id" property is deprecated for removal, use "project_id" instead
2025-05-07 12:47:35.241 69620 INFO tempest.lib.common.rest_client [req-fc758ddd-8288-47c5-982b-348539b0c0aa req-fc758ddd-8288-47c5-982b-348539b0c0aa ] Request (QuotasSecurityGroupAdminNegativeTest:tearDownClass): 204 DELETE http://10.180.1.21/identity/v3/users/ebb98c10274d4c738ec4a042b198142d 0.104s
2025-05-07 12:47:35.366 69640 INFO tempest.lib.common.rest_client [req-938fcfd2-53b5-4164-aa97-541ae398f332 req-938fcfd2-53b5-4164-aa97-541ae398f332 ] Request (SecurityGroupRulesTestJSON:tearDownClass): 202 DELETE http://10.180.1.21/compute/v2.1/os-security-groups/ad9ee273-27bb-4515-bdf2-744e46d68075 0.798s
2025-05-07 12:47:35.374 69620 INFO tempest.lib.common.rest_client [req-53b39c9b-e27c-4468-af51-d7e957dafb41 req-53b39c9b-e27c-4468-af51-d7e957dafb41 ] Request (QuotasSecurityGroupAdminNegativeTest:tearDownClass): 204 DELETE http://10.180.1.21/identity/v3/users/b4ae10bc32bd451aa77f86238201cebd 0.132s
2025-05-07 12:47:35.375 69620 INFO tempest.lib.common.dynamic_creds [-] Deleting project and security group for project: 19627998e38f42c5bf827e6c4c699750
2025-05-07 12:47:35.379 69588 INFO tempest.lib.common.rest_client [req-9f0f73a5-9c8d-4cb4-aa57-2ffd2bf1813b req-9f0f73a5-9c8d-4cb4-aa57-2ffd2bf1813b ] Request (ImagesNegativeTestJSON:test_create_image_specify_uuid_37_characters_or_more): 404 POST http://10.180.1.21/compute/v2.1/servers/aaaaaaaaaaaaaaaaaaaaaaaaaaaaaaaaaaaaa/action 0.803s
2025-05-07 12:47:35.392 69594 INFO tempest.lib.common.rest_client [req-053a5d35-8458-49b2-a14b-f77a2405ad67 req-053a5d35-8458-49b2-a14b-f77a2405ad67 ] Request (ServersAdminNegativeTestJSON:test_reset_state_server_invalid_type): 400 POST http://10.180.1.21/compute/v2.1/servers/dcc61c85-f39c-40e0-95cf-c18894eebf03/action 0.810s
2025-05-07 12:47:35.464 69620 INFO tempest.lib.common.rest_client [req-75f2eb62-4d34-465f-a0d0-803d247f7ad0 req-75f2eb62-4d34-465f-a0d0-803d247f7ad0 ] Request (QuotasSecurityGroupAdminNegativeTest:tearDownClass): 201 POST http://10.180.1.21/identity/v3/auth/tokens 0.089s
2025-05-07 12:47:35.504 69592 INFO tempest.lib.common.rest_client [req-20ab82f3-6b1a-4d1f-8d55-87ac7d184003 req-20ab82f3-6b1a-4d1f-8d55-87ac7d184003 ] Request (FloatingIPsAssociationNegativeTestJSON:_run_cleanups): 202 POST http://10.180.1.21/compute/v2.1/servers/693ccb58-152a-409f-ae7d-f0a68cf4880d/action 1.785s
2025-05-07 12:47:35.594 69644 INFO tempest.lib.common.rest_client [req-f51e95e7-a346-4ed7-916c-d37f6e7fb61e req-f51e95e7-a346-4ed7-916c-d37f6e7fb61e ] Request (DeleteServersAdminTestJSON:test_admin_delete_servers_of_others): 200 GET http://10.180.1.21/compute/v2.1/servers/838dc24e-f04e-4756-bbb7-f068018f5edc 0.739s
2025-05-07 12:47:35.597 69606 INFO tempest.lib.common.rest_client [req-556eae86-a33d-420a-8aaf-771467342fdb req-556eae86-a33d-420a-8aaf-771467342fdb ] Request (MigrationsAdminTest:test_list_migrations_in_flavor_resize_situation): 200 GET http://10.180.1.21/compute/v2.1/servers/b2cfd112-af47-46e1-8546-f527c9d84253 0.819s
2025-05-07 12:47:35.607 69606 INFO tempest.common.waiters [-] State transition "BUILD/spawning" ==> "ACTIVE/None" after 35 second wait
2025-05-07 12:47:35.667 69620 INFO tempest.lib.common.rest_client [req-c47d6aa7-6e66-420c-aa53-ebc1c7d53adc req-c47d6aa7-6e66-420c-aa53-ebc1c7d53adc ] Request (QuotasSecurityGroupAdminNegativeTest:tearDownClass): 200 GET http://10.180.1.21:9696/networking/v2.0/security-groups?tenant_id=19627998e38f42c5bf827e6c4c699750&name=default 0.203s
2025-05-07 12:47:35.709 69626 INFO tempest.lib.common.rest_client [req-03637c99-4620-45f4-bde4-a9753b70d097 req-03637c99-4620-45f4-bde4-a9753b70d097 ] Request (ServersListShow296Test:tearDownClass): 200 GET http://10.180.1.21/compute/v2.1/servers/fc921d48-70c0-4871-9326-56333421f368 0.845s
2025-05-07 12:47:35.767 69638 INFO tempest.lib.common.rest_client [req-e18bdec5-5199-4e21-aec9-f800d93a597c req-e18bdec5-5199-4e21-aec9-f800d93a597c ] Request (TenantUsagesTestJSON:tearDownClass): 200 GET http://10.180.1.21/compute/v2.1/servers/7ed18568-9081-4128-b83f-d859bedb1bcd 0.843s
2025-05-07 12:47:35.773 69620 INFO tempest.lib.common.rest_client [req-9d99103b-8d64-48bf-baf0-ea7115b9b021 req-9d99103b-8d64-48bf-baf0-ea7115b9b021 ] Request (QuotasSecurityGroupAdminNegativeTest:tearDownClass): 204 DELETE http://10.180.1.21:9696/networking/v2.0/security-groups/b132d601-145f-4788-94e1-7b0f4e191d1e 0.105s
2025-05-07 12:47:35.846 69608 INFO tempest.lib.common.rest_client [req-90164bc1-310d-4987-acd5-3161d459edf5 req-90164bc1-310d-4987-acd5-3161d459edf5 ] Request (ServerMetadataNegativeTestJSON:setUpClass): 200 GET http://10.180.1.21/compute/v2.1/servers/a7c372d8-0085-4e17-a038-78e473fb7adb 0.877s
2025-05-07 12:47:35.864 69620 INFO tempest.lib.common.rest_client [req-6e1d24c3-e7cf-449a-83ec-dbb353d23a6b req-6e1d24c3-e7cf-449a-83ec-dbb353d23a6b ] Request (QuotasSecurityGroupAdminNegativeTest:tearDownClass): 204 DELETE http://10.180.1.21/identity/v3/projects/19627998e38f42c5bf827e6c4c699750 0.090s
2025-05-07 12:47:35.864 69620 INFO tempest.lib.common.dynamic_creds [-] Deleting project and security group for project: 6521189110ec41cb946ece2414b5e115
2025-05-07 12:47:35.924 69612 INFO tempest.lib.common.rest_client [req-8994a66a-e01d-4465-a63b-4bcc4ad3483c req-8994a66a-e01d-4465-a63b-4bcc4ad3483c ] Request (ServersAaction247Test:test_create_backup): 200 GET http://10.180.1.21/compute/v2.1/servers/873b054f-64dc-4d97-b89c-995dd3702690 1.004s
2025-05-07 12:47:35.928 69632 INFO tempest.lib.common.rest_client [req-2a5d1103-8b5b-423d-9955-6fe402d23cd8 req-2a5d1103-8b5b-423d-9955-6fe402d23cd8 ] Request (ImagesTestJSON:test_create_image_from_suspended_server): 200 GET http://10.180.1.21/compute/v2.1/servers/e408f6d6-e873-470e-aecb-16ffa9774217 0.952s
2025-05-07 12:47:35.983 69620 INFO tempest.lib.common.rest_client [req-a0b87a22-e1ff-47c1-ad89-1f1c8e395519 req-a0b87a22-e1ff-47c1-ad89-1f1c8e395519 ] Request (QuotasSecurityGroupAdminNegativeTest:tearDownClass): 200 GET http://10.180.1.21:9696/networking/v2.0/security-groups?tenant_id=6521189110ec41cb946ece2414b5e115&name=default 0.118s
2025-05-07 12:47:36.009 69586 INFO tempest.lib.common.rest_client [req-131cbbeb-813e-48c0-a4e1-165f2b18fb6e req-131cbbeb-813e-48c0-a4e1-165f2b18fb6e ] Request (ServersNegativeTestJSON:setUpClass): 200 GET http://10.180.1.21/compute/v2.1/servers/6b05f946-8630-4f0b-98aa-0149e4d97e27 0.921s
2025-05-07 12:47:36.021 69602 INFO tempest.lib.common.rest_client [req-c05593a2-4869-4a03-949e-df6613c11f6c req-c05593a2-4869-4a03-949e-df6613c11f6c ] Request (ServersAdminTestJSON:test_create_server_with_scheduling_hint): 200 GET http://10.180.1.21/compute/v2.1/servers/71b607ba-1ea1-4d50-8f6c-87e2d88706ec 0.995s
2025-05-07 12:47:36.082 69624 INFO tempest.lib.common.rest_client [req-148bd42e-bdcc-414d-b4ab-11836c7c985d req-148bd42e-bdcc-414d-b4ab-11836c7c985d ] Request (AttachInterfacesTestJSON:test_create_list_show_delete_interfaces_by_fixed_ip): 200 GET http://10.180.1.21/compute/v2.1/servers/cb44961f-d39b-4a67-a568-780c0ac1ec7b 0.977s
2025-05-07 12:47:36.123 69620 INFO tempest.lib.common.rest_client [req-97eb0085-7a59-401e-8831-e8dd3582d3aa req-97eb0085-7a59-401e-8831-e8dd3582d3aa ] Request (QuotasSecurityGroupAdminNegativeTest:tearDownClass): 204 DELETE http://10.180.1.21:9696/networking/v2.0/security-groups/665e41d8-6401-419f-858d-e5cf0e3539f0 0.140s
2025-05-07 12:47:36.126 69622 INFO tempest.lib.common.rest_client [req-dd867516-1c01-4be5-9146-f9af3c1ed152 req-dd867516-1c01-4be5-9146-f9af3c1ed152 ] Request (ServerRescueNegativeTestJSON:setUpClass): 200 GET http://10.180.1.21/compute/v2.1/servers/64302f20-818c-44b7-9518-1f894a0fce19 0.969s
2025-05-07 12:47:36.197 69642 INFO tempest.lib.common.rest_client [req-9650c566-e6fb-43cc-ad45-acfefdd612f5 req-9650c566-e6fb-43cc-ad45-acfefdd612f5 ] Request (ServersTestMultiNic:test_verify_duplicate_network_nics): 200 GET http://10.180.1.21/compute/v2.1/servers/d35dd075-3bec-4293-988f-9940f9fb78e3 0.974s
2025-05-07 12:47:36.272 69647 INFO tempest.lib.common.rest_client [req-66ee96ea-ef7e-4388-bedf-f388c3ec673c req-66ee96ea-ef7e-4388-bedf-f388c3ec673c ] Request (FloatingIPsAssociationTestJSON:setUpClass): 200 GET http://10.180.1.21/compute/v2.1/servers/60f120c5-345a-44dd-b716-03a686a518f3 0.942s
2025-05-07 12:47:36.281 69647 INFO tempest.common.waiters [-] State transition "BUILD/scheduling" ==> "BUILD/None" after 23 second wait
2025-05-07 12:47:36.288 69620 INFO tempest.lib.common.rest_client [req-b109fd9d-6521-4b85-9f5e-0ed44ca23087 req-b109fd9d-6521-4b85-9f5e-0ed44ca23087 ] Request (QuotasSecurityGroupAdminNegativeTest:tearDownClass): 204 DELETE http://10.180.1.21/identity/v3/projects/6521189110ec41cb946ece2414b5e115 0.164s
2025-05-07 12:47:36.289 69620 INFO tempest.test [-] raised in SpiceDirectConsoleTestJSON.setUpClass. Invoking tearDownClass.
2025-05-07 12:47:36.293 69590 WARNING tempest.lib.common.ssh [-] Failed to establish authenticated ssh connection to cirros@10.180.180.185 ([Errno None] Unable to connect to port 22 on 10.180.180.185). Number attempts: 3. Retry after 4 seconds.: paramiko.ssh_exception.NoValidConnectionsError: [Errno None] Unable to connect to port 22 on 10.180.180.185
2025-05-07 12:47:36.366 69620 INFO tempest.lib.common.rest_client [req-6d9ed471-bfad-4dad-ab1f-94fac0bd9dd1 req-6d9ed471-bfad-4dad-ab1f-94fac0bd9dd1 ] Request (ListImagesTestJSON:setUpClass): 201 POST http://10.180.1.21/identity/v3/auth/tokens 0.074s
2025-05-07 12:47:36.379 69598 INFO tempest.lib.common.rest_client [req-20543797-f6ee-4958-a440-0c85f9ef3d81 req-20543797-f6ee-4958-a440-0c85f9ef3d81 ] Request (AttachInterfacesUnderV243Test:test_add_remove_fixed_ip): 200 GET http://10.180.1.21/compute/v2.1/servers/fdadbd72-38cd-4ea8-be7a-cffd5bea01e0 1.118s
2025-05-07 12:47:36.403 69620 INFO tempest.lib.common.rest_client [req-f61830f8-6b26-4aa9-a55e-d4e33104639a req-f61830f8-6b26-4aa9-a55e-d4e33104639a ] Request (ListImagesTestJSON:setUpClass): 201 POST http://10.180.1.21/identity/v3/auth/tokens 0.034s
2025-05-07 12:47:36.409 69588 INFO tempest.lib.common.rest_client [req-d7d61417-16bd-4446-837e-33a8bba99b20 req-d7d61417-16bd-4446-837e-33a8bba99b20 ] Request (ImagesNegativeTestJSON:tearDownClass): 404 DELETE http://10.180.1.21/compute/v2.1/servers/7650ef23-41ab-4aba-89cf-d33006912049 1.028s
2025-05-07 12:47:36.419 69594 INFO tempest.lib.common.rest_client [req-9e6ae289-b7a8-45b8-9c5f-7919ed3a97b5 req-9e6ae289-b7a8-45b8-9c5f-7919ed3a97b5 ] Request (ServersAdminNegativeTestJSON:test_reset_state_server_nonexistent_server): 404 POST http://10.180.1.21/compute/v2.1/servers/999/action 1.024s
2025-05-07 12:47:36.434 69620 INFO tempest.lib.common.rest_client [req-86e28d27-916f-4aac-9bb3-f448f5fe6b70 req-86e28d27-916f-4aac-9bb3-f448f5fe6b70 ] Request (ListImagesTestJSON:setUpClass): 200 GET http://10.180.1.21/identity/v3/domains?name=Default 0.031s
2025-05-07 12:47:36.463 69640 INFO tempest.lib.common.rest_client [req-e2d7f1bb-b5da-4d31-ae3d-97741d53bd2f req-e2d7f1bb-b5da-4d31-ae3d-97741d53bd2f ] Request (SecurityGroupRulesTestJSON:tearDownClass): 202 DELETE http://10.180.1.21/compute/v2.1/os-security-groups/9ab8f55a-f670-4c34-9764-83666ee4c791 1.096s
2025-05-07 12:47:36.471 69620 INFO tempest.lib.common.rest_client [req-285423e7-fff2-4bce-94c5-e9fd721c7b85 req-285423e7-fff2-4bce-94c5-e9fd721c7b85 ] Request (ListImagesTestJSON:setUpClass): 201 POST http://10.180.1.21/identity/v3/projects 0.033s
2025-05-07 12:47:36.509 69610 INFO tempest.lib.common.rest_client [req-2a358335-52a2-4609-9add-c52ab61ce767 req-2a358335-52a2-4609-9add-c52ab61ce767 ] Request (InstanceActionsTestJSON:tearDownClass): 200 GET http://10.180.1.21/compute/v2.1/servers/605ed07c-6abd-4de6-984d-772f43d0e3c8 1.108s
2025-05-07 12:47:36.529 69620 INFO tempest.lib.common.rest_client [req-2dc4ad89-0e98-4b50-97d2-85db5d95d1a4 req-2dc4ad89-0e98-4b50-97d2-85db5d95d1a4 ] Request (ListImagesTestJSON:setUpClass): 201 POST http://10.180.1.21/identity/v3/users 0.058s
2025-05-07 12:47:36.547 69630 WARNING tempest.lib.common.ssh [-] Failed to establish authenticated ssh connection to cirros@10.180.180.227 ([Errno None] Unable to connect to port 22 on 10.180.180.227). Number attempts: 2. Retry after 3 seconds.: paramiko.ssh_exception.NoValidConnectionsError: [Errno None] Unable to connect to port 22 on 10.180.180.227
2025-05-07 12:47:36.560 69620 INFO tempest.lib.common.rest_client [req-ef913c97-a4fc-4f7f-acda-f7808d1e6d26 req-ef913c97-a4fc-4f7f-acda-f7808d1e6d26 ] Request (ListImagesTestJSON:setUpClass): 200 GET http://10.180.1.21/identity/v3/roles 0.030s
2025-05-07 12:47:36.586 69620 INFO tempest.lib.common.rest_client [req-3a221fac-9e7d-4534-9da1-e1b8e1ca2de9 req-3a221fac-9e7d-4534-9da1-e1b8e1ca2de9 ] Request (ListImagesTestJSON:setUpClass): 204 PUT http://10.180.1.21/identity/v3/projects/0886fee2a1eb4ea5977820ec392266c8/users/e3426e6c97fa484bbeee885b07c92956/roles/6a2842a37bb142ff877363e1ba8bb1d0 0.025s
2025-05-07 12:47:36.586 69620 INFO tempest.lib.common.dynamic_creds [-] Dynamic test user e3426e6c97fa484bbeee885b07c92956 is created with scope project and roles: ['member']
2025-05-07 12:47:36.586 69620 INFO tempest.lib.common.dynamic_creds [-] Acquired dynamic creds: credentials: Credentials: {'domain_id': 'default', 'domain_name': 'Default', 'username': 'tempest-ListImagesTestJSON-936434664-project-member', 'project_domain_id': 'default', 'project_domain_name': 'Default', 'project_id': '0886fee2a1eb4ea5977820ec392266c8', 'project_name': 'tempest-ListImagesTestJSON-936434664', 'tenant_id': '0886fee2a1eb4ea5977820ec392266c8', 'tenant_name': 'tempest-ListImagesTestJSON-936434664', 'user_domain_id': 'default', 'user_domain_name': 'Default', 'user_id': 'e3426e6c97fa484bbeee885b07c92956', 'system': None}, Network: None, Subnet: None, Router: None
2025-05-07 12:47:36.586 69620 INFO tempest.lib.common.dynamic_creds [-] Created isolated network resources for: credentials: Credentials: {'domain_id': 'default', 'domain_name': 'Default', 'username': 'tempest-ListImagesTestJSON-936434664-project-member', 'project_domain_id': 'default', 'project_domain_name': 'Default', 'project_id': '0886fee2a1eb4ea5977820ec392266c8', 'project_name': 'tempest-ListImagesTestJSON-936434664', 'tenant_id': '0886fee2a1eb4ea5977820ec392266c8', 'tenant_name': 'tempest-ListImagesTestJSON-936434664', 'user_domain_id': 'default', 'user_domain_name': 'Default', 'user_id': 'e3426e6c97fa484bbeee885b07c92956', 'system': None}, Network: None, Subnet: None, Router: None
2025-05-07 12:47:36.673 69620 INFO tempest.lib.common.rest_client [req-7d6ef375-c4ba-4efc-915f-8a0eed2b06bc req-7d6ef375-c4ba-4efc-915f-8a0eed2b06bc ] Request (ListImagesTestJSON:setUpClass): 201 POST http://10.180.1.21/identity/v3/auth/tokens 0.083s
2025-05-07 12:47:36.732 69606 INFO tempest.lib.common.rest_client [req-2f42a4cd-0624-4528-af6a-ad17ab13a69a req-2f42a4cd-0624-4528-af6a-ad17ab13a69a ] Request (MigrationsAdminTest:test_list_migrations_in_flavor_resize_situation): 202 POST http://10.180.1.21/compute/v2.1/servers/b2cfd112-af47-46e1-8546-f527c9d84253/action 1.124s
2025-05-07 12:47:36.796 69592 INFO tempest.lib.common.rest_client [req-c33f6f2c-fae4-42ce-9a4e-9ce9a5b3c86c req-c33f6f2c-fae4-42ce-9a4e-9ce9a5b3c86c ] Request (FloatingIPsAssociationNegativeTestJSON:_run_cleanups): 202 DELETE http://10.180.1.21/compute/v2.1/os-floating-ips/7769fc95-a8d0-4b2a-a92e-3cc770bd3d7b 1.291s
2025-05-07 12:47:36.856 69596 INFO tempest.lib.common.rest_client [req-56ec0184-903e-4963-9950-8d5fefc235d1 req-56ec0184-903e-4963-9950-8d5fefc235d1 ] Request (ServerDiagnosticsV248Test:test_get_server_diagnostics): 200 GET http://10.180.1.21/compute/v2.1/servers/563722c6-483c-4154-b4da-e8412f78b765 1.120s
2025-05-07 12:47:36.929 69614 INFO tempest.lib.common.rest_client [req-3765a157-3aa1-4818-b107-66c2927f96e2 req-3765a157-3aa1-4818-b107-66c2927f96e2 ] Request (ListImageFiltersTestJSON:setUpClass): 200 GET http://10.180.1.21/compute/v2.1/servers/fad3ad44-43cd-442e-8723-d27bbb893e0d 1.274s
2025-05-07 12:47:36.933 69584 INFO tempest.lib.common.rest_client [req-d299c465-bf49-4732-8333-7ee946bc6d03 req-d299c465-bf49-4732-8333-7ee946bc6d03 ] Request (InstanceActionsNegativeTestJSON:setUpClass): 200 PUT http://10.180.1.21:9696/networking/v2.0/routers/78b942b6-44ee-4a50-860e-34cf671646ee/add_router_interface 2.398s
2025-05-07 12:47:36.934 69584 INFO tempest.lib.common.dynamic_creds [-] Created isolated network resources for: credentials: Credentials: {'domain_id': 'default', 'domain_name': 'Default', 'username': 'tempest-InstanceActionsNegativeTestJSON-1245190955-project-member', 'project_domain_id': 'default', 'project_domain_name': 'Default', 'project_id': '8c2dda896b804718887d1fec6a390166', 'project_name': 'tempest-InstanceActionsNegativeTestJSON-1245190955', 'tenant_id': '8c2dda896b804718887d1fec6a390166', 'tenant_name': 'tempest-InstanceActionsNegativeTestJSON-1245190955', 'user_domain_id': 'default', 'user_domain_name': 'Default', 'user_id': 'e600d15ecdc84473acb82609e6e82294', 'system': None}, Network: {'id': 'a20084a7-fb2f-4cbb-b815-9222f8d9e7c7', 'name': 'tempest-InstanceActionsNegativeTestJSON-1492469567-network', 'tenant_id': '8c2dda896b804718887d1fec6a390166', 'admin_state_up': True, 'mtu': 8950, 'status': 'ACTIVE', 'subnets': [], 'shared': False, 'project_id': '8c2dda896b804718887d1fec6a390166', 'port_security_enabled': True, 'router:external': False, 'provider:network_type': 'vlan', 'provider:physical_network': 'default', 'provider:segmentation_id': 16, 'availability_zone_hints': [], 'availability_zones': [], 'ipv4_address_scope': None, 'ipv6_address_scope': None, 'description': '', 'tags': [], 'created_at': '2025-05-07T12:47:32Z', 'updated_at': '2025-05-07T12:47:32Z', 'revision_number': 1}, Subnet: {'id': '0309e854-4cd6-42c2-912a-fa9cfd536393', 'name': 'tempest-InstanceActionsNegativeTestJSON-1492469567-subnet', 'tenant_id': '8c2dda896b804718887d1fec6a390166', 'network_id': 'a20084a7-fb2f-4cbb-b815-9222f8d9e7c7', 'ip_version': 4, 'subnetpool_id': None, 'enable_dhcp': True, 'ipv6_ra_mode': None, 'ipv6_address_mode': None, 'gateway_ip': '192.168.128.1', 'cidr': '192.168.128.0/28', 'allocation_pools': [{'start': '192.168.128.2', 'end': '192.168.128.14'}], 'host_routes': [], 'dns_nameservers': [], 'description': '', 'router:external': False, 'service_types': [], 'tags': [], 'created_at': '2025-05-07T12:47:33Z', 'updated_at': '2025-05-07T12:47:33Z', 'revision_number': 0, 'project_id': '8c2dda896b804718887d1fec6a390166'}, Router: {'id': '78b942b6-44ee-4a50-860e-34cf671646ee', 'name': 'tempest-InstanceActionsNegativeTestJSON-1492469567-router', 'tenant_id': '8c2dda896b804718887d1fec6a390166', 'admin_state_up': True, 'status': 'ACTIVE', 'external_gateway_info': {'network_id': '9fce3b12-85c0-4ea2-a134-4021521cb4ef', 'external_fixed_ips': [{'subnet_id': '12e1b29b-1a30-4408-845f-928612e3be0d', 'ip_address': '10.180.180.131'}], 'enable_snat': True}, 'description': '', 'availability_zones': [], 'distributed': False, 'ha': False, 'availability_zone_hints': [], 'routes': [], 'flavor_id': None, 'tags': [], 'created_at': '2025-05-07T12:47:33Z', 'updated_at': '2025-05-07T12:47:34Z', 'revision_number': 2, 'project_id': '8c2dda896b804718887d1fec6a390166'}
2025-05-07 12:47:36.941 69614 INFO tempest.common.waiters [-] State transition "BUILD/networking" ==> "BUILD/spawning" after 32 second wait
2025-05-07 12:47:37.001 69616 INFO tempest.lib.common.rest_client [req-3622e5b4-9fe9-4a0b-8283-6ae0c7a6f480 req-3622e5b4-9fe9-4a0b-8283-6ae0c7a6f480 ] Request (VolumesAdminNegativeTest:test_update_attached_volume_with_nonexistent_volume_in_body): 200 GET http://10.180.1.21/compute/v2.1/servers/abbf2f1c-ae9a-432a-baf5-7d7ce24253d3 1.044s
2025-05-07 12:47:37.004 69634 INFO tempest.lib.common.rest_client [req-113a4cb4-ce10-4b25-911a-a3726a646150 req-113a4cb4-ce10-4b25-911a-a3726a646150 ] Request (ServersAdmin275Test:test_rebuild_update_server_275): 200 GET http://10.180.1.21/compute/v2.1/servers/c07106a3-0134-4602-9263-f7359c8d5367 0.974s
2025-05-07 12:47:37.013 69616 INFO tempest.common.waiters [-] State transition "BUILD/spawning" ==> "ACTIVE/None" after 37 second wait
2025-05-07 12:47:37.033 69584 INFO tempest.lib.common.rest_client [req-65a37fdd-2109-41e5-8fe0-4252dcf016bc req-65a37fdd-2109-41e5-8fe0-4252dcf016bc ] Request (InstanceActionsNegativeTestJSON:setUpClass): 201 POST http://10.180.1.21/identity/v3/auth/tokens 0.091s
2025-05-07 12:47:37.033 69588 INFO tempest.lib.common.rest_client [req-3b34754d-e194-4acb-9670-765fdbdb4664 req-3b34754d-e194-4acb-9670-765fdbdb4664 ] Request (ImagesNegativeTestJSON:tearDownClass): 404 GET http://10.180.1.21/compute/v2.1/servers/7650ef23-41ab-4aba-89cf-d33006912049 0.624s
2025-05-07 12:47:37.075 69584 INFO tempest.lib.common.rest_client [req-3f51fcf8-265b-426d-9dac-14bf51ad661d req-3f51fcf8-265b-426d-9dac-14bf51ad661d ] Request (InstanceActionsNegativeTestJSON:setUpClass): 201 POST http://10.180.1.21/identity/v3/auth/tokens 0.038s
2025-05-07 12:47:37.075 69584 INFO tempest.lib.common.fixed_network [-] (InstanceActionsNegativeTestJSON:setUpClass) Found network {'id': 'a20084a7-fb2f-4cbb-b815-9222f8d9e7c7', 'name': 'tempest-InstanceActionsNegativeTestJSON-1492469567-network', 'tenant_id': '8c2dda896b804718887d1fec6a390166', 'admin_state_up': True, 'mtu': 8950, 'status': 'ACTIVE', 'subnets': [], 'shared': False, 'project_id': '8c2dda896b804718887d1fec6a390166', 'port_security_enabled': True, 'router:external': False, 'provider:network_type': 'vlan', 'provider:physical_network': 'default', 'provider:segmentation_id': 16, 'availability_zone_hints': [], 'availability_zones': [], 'ipv4_address_scope': None, 'ipv6_address_scope': None, 'description': '', 'tags': [], 'created_at': '2025-05-07T12:47:32Z', 'updated_at': '2025-05-07T12:47:32Z', 'revision_number': 1} available for tenant
2025-05-07 12:47:37.129 69594 INFO tempest.lib.common.rest_client [req-769c072c-1e85-42b7-8940-ccb661ef4722 req-769c072c-1e85-42b7-8940-ccb661ef4722 ] Request (ServersAdminNegativeTestJSON:test_resize_server_using_overlimit_ram): 200 GET http://10.180.1.21/compute/v2.1/os-quota-sets/be9272d4ea624608b6f736159546f72c 0.709s
2025-05-07 12:47:37.249 69640 INFO tempest.lib.common.rest_client [req-49701dd0-2af6-47a4-a8a3-312ea27ee0c9 req-49701dd0-2af6-47a4-a8a3-312ea27ee0c9 ] Request (SecurityGroupRulesTestJSON:tearDownClass): 202 DELETE http://10.180.1.21/compute/v2.1/os-security-groups/19d320b6-87a3-4315-940e-d95daea3aa5e 0.785s
2025-05-07 12:47:37.338 69620 INFO tempest.lib.common.rest_client [req-cfa729f7-a1cd-4a10-83fc-cc1d939ad296 req-cfa729f7-a1cd-4a10-83fc-cc1d939ad296 ] Request (ListImagesTestJSON:test_get_image): 200 GET http://10.180.1.21/compute/v2.1/images/cb539590-a3b6-489a-a68c-410cb30c3b41 0.663s
2025-05-07 12:47:37.402 69644 INFO tempest.lib.common.rest_client [req-4bd58117-fed6-4a1d-a3b8-9441d655967c req-4bd58117-fed6-4a1d-a3b8-9441d655967c ] Request (DeleteServersAdminTestJSON:test_admin_delete_servers_of_others): 200 GET http://10.180.1.21/compute/v2.1/servers/838dc24e-f04e-4756-bbb7-f068018f5edc 0.797s
2025-05-07 12:47:37.443 69626 INFO tempest.lib.common.rest_client [req-a97e6b98-204b-405a-9fcc-ee6636ca9693 req-a97e6b98-204b-405a-9fcc-ee6636ca9693 ] Request (ServersListShow296Test:tearDownClass): 200 GET http://10.180.1.21/compute/v2.1/servers/fc921d48-70c0-4871-9326-56333421f368 0.724s
2025-05-07 12:47:37.525 69638 INFO tempest.lib.common.rest_client [req-def98ed5-7bcd-4ee9-9f93-45200b659bce req-def98ed5-7bcd-4ee9-9f93-45200b659bce ] Request (TenantUsagesTestJSON:tearDownClass): 200 GET http://10.180.1.21/compute/v2.1/servers/7ed18568-9081-4128-b83f-d859bedb1bcd 0.743s
2025-05-07 12:47:37.533 69592 INFO tempest.lib.common.rest_client [req-0be716f7-7a58-4b9a-be23-ae715c56aa89 req-0be716f7-7a58-4b9a-be23-ae715c56aa89 ] Request (FloatingIPsAssociationNegativeTestJSON:test_associate_ip_to_server_without_passing_floating_ip): 400 POST http://10.180.1.21/compute/v2.1/servers/693ccb58-152a-409f-ae7d-f0a68cf4880d/action 0.735s
2025-05-07 12:47:37.543 69606 INFO tempest.lib.common.rest_client [req-71c3c800-449a-4a6c-b265-070406930b84 req-71c3c800-449a-4a6c-b265-070406930b84 ] Request (MigrationsAdminTest:test_list_migrations_in_flavor_resize_situation): 200 GET http://10.180.1.21/compute/v2.1/servers/b2cfd112-af47-46e1-8546-f527c9d84253 0.810s
2025-05-07 12:47:37.586 69608 INFO tempest.lib.common.rest_client [req-9101a636-978d-475f-8b85-ee80addfd794 req-9101a636-978d-475f-8b85-ee80addfd794 ] Request (ServerMetadataNegativeTestJSON:setUpClass): 200 GET http://10.180.1.21/compute/v2.1/servers/a7c372d8-0085-4e17-a038-78e473fb7adb 0.729s
2025-05-07 12:47:37.599 69608 INFO tempest.common.waiters [-] State transition "BUILD/None" ==> "BUILD/networking" after 33 second wait
2025-05-07 12:47:37.618 69612 INFO tempest.lib.common.rest_client [req-4570a24f-c3bf-482b-98a9-7e9d90e8d987 req-4570a24f-c3bf-482b-98a9-7e9d90e8d987 ] Request (ServersAaction247Test:test_create_backup): 200 GET http://10.180.1.21/compute/v2.1/servers/873b054f-64dc-4d97-b89c-995dd3702690 0.677s
2025-05-07 12:47:37.656 69632 INFO tempest.lib.common.rest_client [req-80419de5-3368-4bca-8a78-7827ecb1ec7b req-80419de5-3368-4bca-8a78-7827ecb1ec7b ] Request (ImagesTestJSON:test_create_image_from_suspended_server): 200 GET http://10.180.1.21/compute/v2.1/servers/e408f6d6-e873-470e-aecb-16ffa9774217 0.718s
2025-05-07 12:47:37.696 69616 INFO tempest.lib.common.rest_client [req-45ac845b-460c-43dc-9499-a2c1fe0c6873 req-45ac845b-460c-43dc-9499-a2c1fe0c6873 ] Request (VolumesAdminNegativeTest:test_update_attached_volume_with_nonexistent_volume_in_body): 200 GET http://10.180.1.21/compute/v2.1/servers/abbf2f1c-ae9a-432a-baf5-7d7ce24253d3/os-interface 0.683s
2025-05-07 12:47:37.729 69586 INFO tempest.lib.common.rest_client [req-be0e11ae-e4d4-4bc8-8afe-3cf9c713ff47 req-be0e11ae-e4d4-4bc8-8afe-3cf9c713ff47 ] Request (ServersNegativeTestJSON:setUpClass): 200 GET http://10.180.1.21/compute/v2.1/servers/6b05f946-8630-4f0b-98aa-0149e4d97e27 0.708s
2025-05-07 12:47:37.767 69602 INFO tempest.lib.common.rest_client [req-adaadbf7-7aec-499f-93a9-f476dffffe8e req-adaadbf7-7aec-499f-93a9-f476dffffe8e ] Request (ServersAdminTestJSON:test_create_server_with_scheduling_hint): 200 GET http://10.180.1.21/compute/v2.1/servers/71b607ba-1ea1-4d50-8f6c-87e2d88706ec 0.737s
2025-05-07 12:47:37.838 69618 WARNING tempest.lib.common.ssh [-] Failed to establish authenticated ssh connection to cirros@10.180.180.174 ([Errno None] Unable to connect to port 22 on 10.180.180.174). Number attempts: 6. Retry after 7 seconds.: paramiko.ssh_exception.NoValidConnectionsError: [Errno None] Unable to connect to port 22 on 10.180.180.174
2025-05-07 12:47:37.853 69624 INFO tempest.lib.common.rest_client [req-cf7eaf63-797e-477f-bd71-0ca3e3ab904c req-cf7eaf63-797e-477f-bd71-0ca3e3ab904c ] Request (AttachInterfacesTestJSON:test_create_list_show_delete_interfaces_by_fixed_ip): 200 GET http://10.180.1.21/compute/v2.1/servers/cb44961f-d39b-4a67-a568-780c0ac1ec7b 0.759s
2025-05-07 12:47:37.863 69624 INFO tempest.common.waiters [-] State transition "BUILD/scheduling" ==> "BUILD/None" after 22 second wait
2025-05-07 12:47:37.879 69594 INFO tempest.lib.common.rest_client [req-6add80d6-8295-450a-8b27-12ca83486005 req-6add80d6-8295-450a-8b27-12ca83486005 ] Request (ServersAdminNegativeTestJSON:test_resize_server_using_overlimit_ram): 200 POST http://10.180.1.21/compute/v2.1/flavors 0.744s
2025-05-07 12:47:37.923 69588 INFO tempest.lib.common.rest_client [req-0d92dd80-2232-4512-ae83-f1c28977f165 req-0d92dd80-2232-4512-ae83-f1c28977f165 ] Request (ImagesNegativeTestJSON:tearDownClass): 200 PUT http://10.180.1.21:9696/networking/v2.0/routers/fe040c4c-43f9-4c89-91c8-fdce779f151e/remove_router_interface 0.889s
2025-05-07 12:47:37.962 69622 INFO tempest.lib.common.rest_client [req-7271c9ae-7bd9-43fa-9509-7f2e8a4a4c54 req-7271c9ae-7bd9-43fa-9509-7f2e8a4a4c54 ] Request (ServerRescueNegativeTestJSON:setUpClass): 200 GET http://10.180.1.21/compute/v2.1/servers/64302f20-818c-44b7-9518-1f894a0fce19 0.820s
2025-05-07 12:47:38.052 69642 INFO tempest.lib.common.rest_client [req-db8932af-ec7c-48bb-be72-4a801bcdcf46 req-db8932af-ec7c-48bb-be72-4a801bcdcf46 ] Request (ServersTestMultiNic:test_verify_duplicate_network_nics): 200 GET http://10.180.1.21/compute/v2.1/servers/d35dd075-3bec-4293-988f-9940f9fb78e3 0.845s
2025-05-07 12:47:38.263 69584 INFO tempest.lib.common.rest_client [req-7d10b07c-ba86-406a-93a1-b4db58bc8403 req-7d10b07c-ba86-406a-93a1-b4db58bc8403 ] Request (InstanceActionsNegativeTestJSON:setUpClass): 202 POST http://10.180.1.21/compute/v2.1/servers 1.187s
2025-05-07 12:47:38.342 69647 INFO tempest.lib.common.rest_client [req-064b32a0-ba6d-489a-82f1-529a2da2fdc6 req-064b32a0-ba6d-489a-82f1-529a2da2fdc6 ] Request (FloatingIPsAssociationTestJSON:setUpClass): 200 GET http://10.180.1.21/compute/v2.1/servers/60f120c5-345a-44dd-b716-03a686a518f3 1.059s
2025-05-07 12:47:38.401 69620 INFO tempest.lib.common.rest_client [req-6f11de16-f7bb-43a3-9a01-db0d30924162 req-6f11de16-f7bb-43a3-9a01-db0d30924162 ] Request (ListImagesTestJSON:test_list_images): 200 GET http://10.180.1.21/compute/v2.1/images 1.058s
2025-05-07 12:47:38.432 69640 INFO tempest.lib.common.rest_client [req-5cb0d08c-75f3-497f-bbd9-a8ed30450d27 req-5cb0d08c-75f3-497f-bbd9-a8ed30450d27 ] Request (SecurityGroupRulesTestJSON:tearDownClass): 202 DELETE http://10.180.1.21/compute/v2.1/os-security-groups/d460e8db-88a9-4a03-b74b-00b2b9f272bc 1.182s
2025-05-07 12:47:38.471 69588 INFO tempest.lib.common.rest_client [req-7227ebfd-58df-42a9-b97c-148359a21618 req-7227ebfd-58df-42a9-b97c-148359a21618 ] Request (ImagesNegativeTestJSON:tearDownClass): 204 DELETE http://10.180.1.21:9696/networking/v2.0/routers/fe040c4c-43f9-4c89-91c8-fdce779f151e 0.548s
2025-05-07 12:47:38.564 69610 INFO tempest.lib.common.rest_client [req-eba4d892-495b-4b2f-8829-6aeebd766cfc req-eba4d892-495b-4b2f-8829-6aeebd766cfc ] Request (InstanceActionsTestJSON:tearDownClass): 200 GET http://10.180.1.21/compute/v2.1/servers/605ed07c-6abd-4de6-984d-772f43d0e3c8 1.044s
2025-05-07 12:47:38.627 69598 INFO tempest.lib.common.rest_client [req-9c06de59-2fc2-4694-9b75-b92bccd54cb5 req-9c06de59-2fc2-4694-9b75-b92bccd54cb5 ] Request (AttachInterfacesUnderV243Test:test_add_remove_fixed_ip): 200 GET http://10.180.1.21/compute/v2.1/servers/fdadbd72-38cd-4ea8-be7a-cffd5bea01e0 1.241s
2025-05-07 12:47:38.707 69596 INFO tempest.lib.common.rest_client [req-54732467-16c5-4d7a-a874-4259c555958f req-54732467-16c5-4d7a-a874-4259c555958f ] Request (ServerDiagnosticsV248Test:test_get_server_diagnostics): 200 GET http://10.180.1.21/compute/v2.1/servers/563722c6-483c-4154-b4da-e8412f78b765 0.835s
2025-05-07 12:47:38.838 69594 INFO tempest.lib.common.rest_client [req-e67d76b1-5b1c-4827-ad4e-c7a648182acc req-e67d76b1-5b1c-4827-ad4e-c7a648182acc ] Request (ServersAdminNegativeTestJSON:test_resize_server_using_overlimit_ram): 403 POST http://10.180.1.21/compute/v2.1/servers/dcc61c85-f39c-40e0-95cf-c18894eebf03/action 0.955s
2025-05-07 12:47:38.896 69592 INFO tempest.lib.common.rest_client [req-711abeab-1e7c-4baa-8400-98b54f4fcc5a req-711abeab-1e7c-4baa-8400-98b54f4fcc5a ] Request (FloatingIPsAssociationNegativeTestJSON:test_associate_nonexistent_floating_ip): 404 POST http://10.180.1.21/compute/v2.1/servers/693ccb58-152a-409f-ae7d-f0a68cf4880d/action 1.362s
2025-05-07 12:47:38.995 69588 INFO tempest.lib.common.rest_client [req-269c0433-386e-4d29-aeba-1cac0bb59568 req-269c0433-386e-4d29-aeba-1cac0bb59568 ] Request (ImagesNegativeTestJSON:tearDownClass): 204 DELETE http://10.180.1.21:9696/networking/v2.0/subnets/65db4858-f652-4362-9393-4dc857550a39 0.524s
