2025-05-07 12:46:52.272 69628 INFO tempest.lib.common.rest_client [req-99d2830e-8cf6-4c12-ba08-c9ce8ec79b4e req-99d2830e-8cf6-4c12-ba08-c9ce8ec79b4e ] Request (FlavorsV255TestJSON:setUpClass): 200 GET http://10.180.1.21/identity/v3/roles 0.220s
2025-05-07 12:46:52.309 69612 INFO tempest.lib.common.rest_client [req-6348f3a6-8c82-443b-8d97-c9292752724e req-6348f3a6-8c82-443b-8d97-c9292752724e ] Request (ServerDiagnosticsNegativeTest:test_get_server_diagnostics_by_non_admin): 403 GET http://10.180.1.21/compute/v2.1/servers/d85e0043-5556-4de2-a14b-654fcb440aa3/diagnostics 1.497s
2025-05-07 12:46:52.319 69622 INFO tempest.lib.common.rest_client [req-ad4652e5-5424-4f62-948a-d9cec1b63d7b req-ad4652e5-5424-4f62-948a-d9cec1b63d7b ] Request (ImagesDeleteNegativeTestJSON:tearDownClass): 204 DELETE http://10.180.1.21/identity/v3/users/f17c37e351f74158b7aae058b6ef0cc1 0.314s
2025-05-07 12:46:52.319 69622 INFO tempest.lib.common.dynamic_creds [-] Deleting project and security group for project: fb81687200324309a3487d74a2e5f667
2025-05-07 12:46:52.340 69598 INFO tempest.lib.common.rest_client [req-eace2d29-3acb-4608-af52-32d9f1f57c08 req-eace2d29-3acb-4608-af52-32d9f1f57c08 ] Request (AttachInterfacesUnderV243Test:setUpClass): 201 POST http://10.180.1.21/identity/v3/auth/tokens 0.283s
2025-05-07 12:46:52.392 69610 INFO tempest.lib.common.rest_client [req-b294ca90-242b-44c6-8503-49ab090c5ece req-b294ca90-242b-44c6-8503-49ab090c5ece ] Request (InstanceActionsTestJSON:setUpClass): 200 GET http://10.180.1.21/compute/v2.1/servers/605ed07c-6abd-4de6-984d-772f43d0e3c8 1.462s
2025-05-07 12:46:52.401 69610 INFO tempest.common.waiters [-] State transition "BUILD/scheduling" ==> "BUILD/None" after 5 second wait
2025-05-07 12:46:52.408 69606 INFO tempest.lib.common.rest_client [req-0e7fdab7-adf9-4dde-98aa-ec49ec615c05 req-0e7fdab7-adf9-4dde-98aa-ec49ec615c05 ] Request (MigrationsAdminTest:setUpClass): 201 POST http://10.180.1.21/identity/v3/auth/tokens 0.262s
2025-05-07 12:46:52.432 69600 INFO tempest.lib.common.rest_client [req-d48d00e6-5f7e-4339-a258-28011ac2fbbd req-d48d00e6-5f7e-4339-a258-28011ac2fbbd ] Request (ServerShowV263Test:setUpClass): 201 POST http://10.180.1.21/identity/v3/auth/tokens 0.247s
2025-05-07 12:46:52.447 69636 INFO tempest.lib.common.rest_client [req-0f8e152e-1780-4d5f-949a-c1fb7d5a8820 req-0f8e152e-1780-4d5f-949a-c1fb7d5a8820 ] Request (VolumesAssistedSnapshotsTest:test_volume_assisted_snapshot_create_delete): 200 GET http://10.180.1.21/compute/v2.1/servers/c8b292ee-acc4-4bc9-9f1f-62df83d1e36b 1.406s
2025-05-07 12:46:52.499 69628 INFO tempest.lib.common.rest_client [req-0da3294b-4910-42f1-963c-9e8b5bfa0797 req-0da3294b-4910-42f1-963c-9e8b5bfa0797 ] Request (FlavorsV255TestJSON:setUpClass): 204 PUT http://10.180.1.21/identity/v3/projects/32c2ec051cb647c08198d6c1ec3f3acc/users/149e4c226dc149879829d71c1817e592/roles/b31e4c8046d94409a39774954cdd386b 0.227s
2025-05-07 12:46:52.499 69628 INFO tempest.lib.common.dynamic_creds [-] Dynamic test user 149e4c226dc149879829d71c1817e592 is created with scope project and roles: ['admin']
2025-05-07 12:46:52.499 69628 INFO tempest.lib.common.dynamic_creds [-] Acquired dynamic creds: credentials: Credentials: {'domain_id': 'default', 'domain_name': 'Default', 'username': 'tempest-FlavorsV255TestJSON-145152382-project-admin', 'project_domain_id': 'default', 'project_domain_name': 'Default', 'project_id': '32c2ec051cb647c08198d6c1ec3f3acc', 'project_name': 'tempest-FlavorsV255TestJSON-145152382', 'tenant_id': '32c2ec051cb647c08198d6c1ec3f3acc', 'tenant_name': 'tempest-FlavorsV255TestJSON-145152382', 'user_domain_id': 'default', 'user_domain_name': 'Default', 'user_id': '149e4c226dc149879829d71c1817e592', 'system': None}, Network: None, Subnet: None, Router: None
2025-05-07 12:46:52.500 69628 INFO tempest.lib.common.dynamic_creds [-] Created isolated network resources for: credentials: Credentials: {'domain_id': 'default', 'domain_name': 'Default', 'username': 'tempest-FlavorsV255TestJSON-145152382-project-admin', 'project_domain_id': 'default', 'project_domain_name': 'Default', 'project_id': '32c2ec051cb647c08198d6c1ec3f3acc', 'project_name': 'tempest-FlavorsV255TestJSON-145152382', 'tenant_id': '32c2ec051cb647c08198d6c1ec3f3acc', 'tenant_name': 'tempest-FlavorsV255TestJSON-145152382', 'user_domain_id': 'default', 'user_domain_name': 'Default', 'user_id': '149e4c226dc149879829d71c1817e592', 'system': None}, Network: None, Subnet: None, Router: None
2025-05-07 12:46:52.504 69638 INFO tempest.lib.common.rest_client [req-503d4210-7c99-4847-96b5-245f315ae418 req-503d4210-7c99-4847-96b5-245f315ae418 ] Request (TenantUsagesTestJSON:setUpClass): 200 GET http://10.180.1.21/compute/v2.1/servers/7ed18568-9081-4128-b83f-d859bedb1bcd 1.340s
2025-05-07 12:46:52.558 69622 INFO tempest.lib.common.rest_client [req-b2133be5-f638-4500-b46b-338523dae4d7 req-b2133be5-f638-4500-b46b-338523dae4d7 ] Request (ImagesDeleteNegativeTestJSON:tearDownClass): 201 POST http://10.180.1.21/identity/v3/auth/tokens 0.239s
2025-05-07 12:46:52.559 69606 INFO tempest.lib.common.rest_client [req-5b012f2e-ad23-4c44-ade2-eac1f9f6dff7 req-5b012f2e-ad23-4c44-ade2-eac1f9f6dff7 ] Request (MigrationsAdminTest:setUpClass): 200 GET http://10.180.1.21/identity/v3/domains?name=Default 0.149s
2025-05-07 12:46:52.586 69600 INFO tempest.lib.common.rest_client [req-6e5b12a1-342d-4ea9-9cd5-8a2dcb5bc20c req-6e5b12a1-342d-4ea9-9cd5-8a2dcb5bc20c ] Request (ServerShowV263Test:setUpClass): 201 POST http://10.180.1.21/identity/v3/auth/tokens 0.151s
2025-05-07 12:46:52.611 69642 INFO tempest.lib.common.rest_client [req-4e5c1791-962f-450a-bde4-4a3d94a7387f req-4e5c1791-962f-450a-bde4-4a3d94a7387f ] Request (HypervisorAdminV228Test:tearDownClass): 200 GET http://10.180.1.21:9696/networking/v2.0/security-groups?tenant_id=e077b99251f242b2b9013cac68655e15&name=default 0.919s
2025-05-07 12:46:52.640 69628 INFO tempest.lib.common.rest_client [req-632ac8d7-5aea-415e-ac0e-9a7a49a8ec84 req-632ac8d7-5aea-415e-ac0e-9a7a49a8ec84 ] Request (FlavorsV255TestJSON:setUpClass): 201 POST http://10.180.1.21/identity/v3/auth/tokens 0.137s
2025-05-07 12:46:52.677 69606 INFO tempest.lib.common.rest_client [req-81cba392-bb7a-4b06-9388-4e645d88d5fb req-81cba392-bb7a-4b06-9388-4e645d88d5fb ] Request (MigrationsAdminTest:setUpClass): 201 POST http://10.180.1.21/identity/v3/projects 0.117s
2025-05-07 12:46:52.693 69618 INFO tempest.lib.common.rest_client [req-305b6ab9-0e27-465b-901f-afaed634a16f req-305b6ab9-0e27-465b-901f-afaed634a16f ] Request (ServersTestManualDisk:setUpClass): 200 GET http://10.180.1.21/compute/v2.1/servers/9bed399d-c3f5-4659-bbe0-c88f73e1e52b 1.498s
2025-05-07 12:46:52.736 69600 INFO tempest.lib.common.rest_client [req-4da95b3e-47b8-4a30-8fad-7d4a976022ab req-4da95b3e-47b8-4a30-8fad-7d4a976022ab ] Request (ServerShowV263Test:setUpClass): 200 GET http://10.180.1.21/identity/v3/domains?name=Default 0.150s
2025-05-07 12:46:52.749 69614 INFO tempest.lib.common.rest_client [req-944c58c0-1346-43fb-a3e1-97c6ebc9891b req-944c58c0-1346-43fb-a3e1-97c6ebc9891b ] Request (ListImageFiltersTestJSON:setUpClass): 204 PUT http://10.180.1.21/image/v2/images/99dfe661-0a46-4b87-9577-f136fb87850e/file 1.839s
2025-05-07 12:46:52.757 69606 INFO tempest.lib.common.rest_client [req-6d47d29b-2b1a-4fcd-953d-0a0c5bc16ceb req-6d47d29b-2b1a-4fcd-953d-0a0c5bc16ceb ] Request (MigrationsAdminTest:setUpClass): 201 POST http://10.180.1.21/identity/v3/users 0.080s
2025-05-07 12:46:52.772 69600 INFO tempest.lib.common.rest_client [req-b2cac0af-9ce8-4cf0-b4f7-af2f9a16c528 req-b2cac0af-9ce8-4cf0-b4f7-af2f9a16c528 ] Request (ServerShowV263Test:setUpClass): 201 POST http://10.180.1.21/identity/v3/projects 0.035s
2025-05-07 12:46:52.834 69606 INFO tempest.lib.common.rest_client [req-53ca4579-2bf0-4b85-b530-57b4100b6da7 req-53ca4579-2bf0-4b85-b530-57b4100b6da7 ] Request (MigrationsAdminTest:setUpClass): 200 GET http://10.180.1.21/identity/v3/roles 0.076s
2025-05-07 12:46:52.859 69642 INFO tempest.lib.common.rest_client [req-c27640a4-3088-4530-9b7b-45398232a599 req-c27640a4-3088-4530-9b7b-45398232a599 ] Request (HypervisorAdminV228Test:tearDownClass): 204 DELETE http://10.180.1.21:9696/networking/v2.0/security-groups/e9b4eacf-19f1-4357-95fe-39c1ca660292 0.247s
2025-05-07 12:46:52.879 69600 INFO tempest.lib.common.rest_client [req-28261ba1-fbf0-4060-9d02-51ee195b55f1 req-28261ba1-fbf0-4060-9d02-51ee195b55f1 ] Request (ServerShowV263Test:setUpClass): 201 POST http://10.180.1.21/identity/v3/users 0.106s
2025-05-07 12:46:52.890 69608 INFO tempest.lib.common.rest_client [req-6dbcff7b-2d48-4698-a548-820537dd0f91 req-6dbcff7b-2d48-4698-a548-820537dd0f91 ] Request (ServerMetadataNegativeTestJSON:setUpClass): 201 POST http://10.180.1.21:9696/networking/v2.0/networks 0.826s
2025-05-07 12:46:52.903 69592 INFO tempest.lib.common.rest_client [req-0114bf98-e4f5-4485-9a80-48abc2df66ef req-0114bf98-e4f5-4485-9a80-48abc2df66ef ] Request (FloatingIPsAssociationNegativeTestJSON:setUpClass): 202 POST http://10.180.1.21/compute/v2.1/servers 2.927s
2025-05-07 12:46:52.905 69606 INFO tempest.lib.common.rest_client [req-c90eab3d-d86f-4ed7-a068-9764ce8f1c0f req-c90eab3d-d86f-4ed7-a068-9764ce8f1c0f ] Request (MigrationsAdminTest:setUpClass): 204 PUT http://10.180.1.21/identity/v3/projects/3f75e20f3c294366be9e2f0c26898619/users/32495b3de0c04b1b9ed74eb61744a237/roles/6a2842a37bb142ff877363e1ba8bb1d0 0.071s
2025-05-07 12:46:52.906 69606 INFO tempest.lib.common.dynamic_creds [-] Dynamic test user 32495b3de0c04b1b9ed74eb61744a237 is created with scope project and roles: ['member']
2025-05-07 12:46:52.906 69606 INFO tempest.lib.common.dynamic_creds [-] Acquired dynamic creds: credentials: Credentials: {'domain_id': 'default', 'domain_name': 'Default', 'username': 'tempest-MigrationsAdminTest-1951589441-project-member', 'project_domain_id': 'default', 'project_domain_name': 'Default', 'project_id': '3f75e20f3c294366be9e2f0c26898619', 'project_name': 'tempest-MigrationsAdminTest-1951589441', 'tenant_id': '3f75e20f3c294366be9e2f0c26898619', 'tenant_name': 'tempest-MigrationsAdminTest-1951589441', 'user_domain_id': 'default', 'user_domain_name': 'Default', 'user_id': '32495b3de0c04b1b9ed74eb61744a237', 'system': None}, Network: None, Subnet: None, Router: None
2025-05-07 12:46:52.906 69606 INFO tempest.lib.common.dynamic_creds [-] Created isolated network resources for: credentials: Credentials: {'domain_id': 'default', 'domain_name': 'Default', 'username': 'tempest-MigrationsAdminTest-1951589441-project-member', 'project_domain_id': 'default', 'project_domain_name': 'Default', 'project_id': '3f75e20f3c294366be9e2f0c26898619', 'project_name': 'tempest-MigrationsAdminTest-1951589441', 'tenant_id': '3f75e20f3c294366be9e2f0c26898619', 'tenant_name': 'tempest-MigrationsAdminTest-1951589441', 'user_domain_id': 'default', 'user_domain_name': 'Default', 'user_id': '32495b3de0c04b1b9ed74eb61744a237', 'system': None}, Network: None, Subnet: None, Router: None
2025-05-07 12:46:52.954 69642 INFO tempest.lib.common.rest_client [req-819b0c89-bd5b-4b29-91c8-419837fd740c req-819b0c89-bd5b-4b29-91c8-419837fd740c ] Request (HypervisorAdminV228Test:tearDownClass): 204 DELETE http://10.180.1.21/identity/v3/projects/e077b99251f242b2b9013cac68655e15 0.095s
2025-05-07 12:46:53.016 69622 INFO tempest.lib.common.rest_client [req-36de8e31-0ac5-4564-8962-c06db6defe28 req-36de8e31-0ac5-4564-8962-c06db6defe28 ] Request (ImagesDeleteNegativeTestJSON:tearDownClass): 200 GET http://10.180.1.21:9696/networking/v2.0/security-groups?tenant_id=fb81687200324309a3487d74a2e5f667&name=default 0.458s
2025-05-07 12:46:53.023 69600 INFO tempest.lib.common.rest_client [req-80c72632-c3c7-4353-b67c-f918ee67caf5 req-80c72632-c3c7-4353-b67c-f918ee67caf5 ] Request (ServerShowV263Test:setUpClass): 200 GET http://10.180.1.21/identity/v3/roles 0.144s
2025-05-07 12:46:53.038 69606 INFO tempest.lib.common.rest_client [req-e84e3d83-c16a-40d1-920a-01828d178aa8 req-e84e3d83-c16a-40d1-920a-01828d178aa8 ] Request (MigrationsAdminTest:setUpClass): 201 POST http://10.180.1.21/identity/v3/auth/tokens 0.126s
2025-05-07 12:46:53.062 69642 INFO tempest.lib.common.rest_client [req-87b7d730-4fa9-4d91-a293-ad2916f2563c req-87b7d730-4fa9-4d91-a293-ad2916f2563c ] Request (FlavorsV2TestJSON:setUpClass): 201 POST http://10.180.1.21/identity/v3/auth/tokens 0.104s
2025-05-07 12:46:53.107 69600 INFO tempest.lib.common.rest_client [req-3c710ea1-0e23-4614-bfcf-30f6e7537d9d req-3c710ea1-0e23-4614-bfcf-30f6e7537d9d ] Request (ServerShowV263Test:setUpClass): 204 PUT http://10.180.1.21/identity/v3/projects/11a88ec8be504de586da4037ff89f181/users/fa61511e3afd4d098788876ded07f98e/roles/6a2842a37bb142ff877363e1ba8bb1d0 0.083s
2025-05-07 12:46:53.107 69600 INFO tempest.lib.common.dynamic_creds [-] Dynamic test user fa61511e3afd4d098788876ded07f98e is created with scope project and roles: ['member']
2025-05-07 12:46:53.107 69600 INFO tempest.lib.common.dynamic_creds [-] Acquired dynamic creds: credentials: Credentials: {'domain_id': 'default', 'domain_name': 'Default', 'username': 'tempest-ServerShowV263Test-1457482264-project-member', 'project_domain_id': 'default', 'project_domain_name': 'Default', 'project_id': '11a88ec8be504de586da4037ff89f181', 'project_name': 'tempest-ServerShowV263Test-1457482264', 'tenant_id': '11a88ec8be504de586da4037ff89f181', 'tenant_name': 'tempest-ServerShowV263Test-1457482264', 'user_domain_id': 'default', 'user_domain_name': 'Default', 'user_id': 'fa61511e3afd4d098788876ded07f98e', 'system': None}, Network: None, Subnet: None, Router: None
2025-05-07 12:46:53.107 69600 INFO tempest.lib.common.dynamic_creds [-] Created isolated network resources for: credentials: Credentials: {'domain_id': 'default', 'domain_name': 'Default', 'username': 'tempest-ServerShowV263Test-1457482264-project-member', 'project_domain_id': 'default', 'project_domain_name': 'Default', 'project_id': '11a88ec8be504de586da4037ff89f181', 'project_name': 'tempest-ServerShowV263Test-1457482264', 'tenant_id': '11a88ec8be504de586da4037ff89f181', 'tenant_name': 'tempest-ServerShowV263Test-1457482264', 'user_domain_id': 'default', 'user_domain_name': 'Default', 'user_id': 'fa61511e3afd4d098788876ded07f98e', 'system': None}, Network: None, Subnet: None, Router: None
2025-05-07 12:46:53.124 69606 INFO tempest.lib.common.rest_client [req-8b4b353c-7873-4c79-a9b2-8308af6b1b12 req-8b4b353c-7873-4c79-a9b2-8308af6b1b12 ] Request (MigrationsAdminTest:setUpClass): 201 POST http://10.180.1.21/identity/v3/projects 0.085s
2025-05-07 12:46:53.220 69642 INFO tempest.lib.common.rest_client [req-520e739e-f544-4f6d-a3d2-086626a1c89a req-520e739e-f544-4f6d-a3d2-086626a1c89a ] Request (FlavorsV2TestJSON:setUpClass): 201 POST http://10.180.1.21/identity/v3/auth/tokens 0.154s
2025-05-07 12:46:53.221 69584 INFO tempest.lib.common.rest_client [req-5ccd5117-6059-488a-8922-d3c18618d2ee req-5ccd5117-6059-488a-8922-d3c18618d2ee ] Request (QuotasAdminTestJSON:_run_cleanups): 200 PUT http://10.180.1.21/compute/v2.1/os-quota-sets/fc43241cea344edcafa4c95b5fe1cde5 1.983s
2025-05-07 12:46:53.225 69622 INFO tempest.lib.common.rest_client [req-fc7016d8-01cd-4841-9593-f07f19561d5c req-fc7016d8-01cd-4841-9593-f07f19561d5c ] Request (ImagesDeleteNegativeTestJSON:tearDownClass): 204 DELETE http://10.180.1.21:9696/networking/v2.0/security-groups/6838bbc3-c1d8-48ed-a7c9-ef8714a2b1f9 0.208s
2025-05-07 12:46:53.251 69606 INFO tempest.lib.common.rest_client [req-00ed357e-c2eb-4ca1-9442-d471d6ceaa2c req-00ed357e-c2eb-4ca1-9442-d471d6ceaa2c ] Request (MigrationsAdminTest:setUpClass): 201 POST http://10.180.1.21/identity/v3/users 0.127s
2025-05-07 12:46:53.258 69600 INFO tempest.lib.common.rest_client [req-8f71dfdc-8faa-44b8-9c25-3f8a98471c9b req-8f71dfdc-8faa-44b8-9c25-3f8a98471c9b ] Request (ServerShowV263Test:setUpClass): 201 POST http://10.180.1.21/identity/v3/auth/tokens 0.139s
2025-05-07 12:46:53.286 69642 INFO tempest.lib.common.rest_client [req-592aa798-0c0f-4408-a899-14e848275456 req-592aa798-0c0f-4408-a899-14e848275456 ] Request (FlavorsV2TestJSON:setUpClass): 200 GET http://10.180.1.21/identity/v3/domains?name=Default 0.065s
2025-05-07 12:46:53.315 69594 INFO tempest.lib.common.rest_client [req-04a2020e-3c13-4095-af81-61b4d509f572 req-04a2020e-3c13-4095-af81-61b4d509f572 ] Request (ServersAdminNegativeTestJSON:test_migrate_server_invalid_state): 202 POST http://10.180.1.21/compute/v2.1/servers 2.043s
2025-05-07 12:46:53.351 69584 INFO tempest.lib.common.rest_client [req-a7303a62-f546-46d2-bb23-62919c0ce413 req-a7303a62-f546-46d2-bb23-62919c0ce413 ] Request (QuotasAdminTestJSON:tearDownClass): 204 DELETE http://10.180.1.21/identity/v3/users/0f2542b9ff5d4975bcf7d655bc1638d6 0.125s
2025-05-07 12:46:53.377 69590 INFO tempest.lib.common.rest_client [req-72438f79-6103-4e31-82e9-a64cd64b7ce6 req-72438f79-6103-4e31-82e9-a64cd64b7ce6 ] Request (ServersWithSpecificFlavorTestJSON:test_verify_created_server_ephemeral_disk): 200 GET http://10.180.1.21/compute/v2.1/servers/fea7032f-f99b-4e36-9f39-1b0d98d5890c 2.080s
2025-05-07 12:46:53.391 69590 INFO tempest.common.waiters [-] State transition "BUILD/scheduling" ==> "BUILD/None" after 6 second wait
2025-05-07 12:46:53.395 69624 INFO tempest.lib.common.rest_client [req-16db4b75-aca2-4513-b7b7-438d77c8235a req-16db4b75-aca2-4513-b7b7-438d77c8235a ] Request (KeyPairsV2TestJSON:test_keypairs_create_list_delete): 200 GET http://10.180.1.21/compute/v2.1/os-keypairs 1.716s
2025-05-07 12:46:53.405 69622 INFO tempest.lib.common.rest_client [req-d236905a-0173-4f5d-ac30-5fe021f813ee req-d236905a-0173-4f5d-ac30-5fe021f813ee ] Request (ImagesDeleteNegativeTestJSON:tearDownClass): 204 DELETE http://10.180.1.21/identity/v3/projects/fb81687200324309a3487d74a2e5f667 0.180s
2025-05-07 12:46:53.434 69608 INFO tempest.lib.common.rest_client [req-42f46257-bcf3-4e4e-8e89-c8a265a530b2 req-42f46257-bcf3-4e4e-8e89-c8a265a530b2 ] Request (ServerMetadataNegativeTestJSON:setUpClass): 201 POST http://10.180.1.21:9696/networking/v2.0/subnets 0.543s
2025-05-07 12:46:53.444 69644 INFO tempest.lib.common.rest_client [req-222457c2-11fd-48e3-8784-11fd10a0cef0 req-222457c2-11fd-48e3-8784-11fd10a0cef0 ] Request (AggregatesAdminNegativeTestJSON:_run_cleanups): 200 DELETE http://10.180.1.21/compute/v2.1/os-aggregates/5 1.760s
2025-05-07 12:46:53.465 69620 INFO tempest.lib.common.rest_client [req-43c278ef-61b0-40cb-ad59-414794e96115 req-43c278ef-61b0-40cb-ad59-414794e96115 ] Request (FlavorsAdminTestJSON:test_create_list_flavor_without_extra_data): 200 GET http://10.180.1.21/compute/v2.1/flavors/1221091280 1.746s
2025-05-07 12:46:53.481 69606 INFO tempest.lib.common.rest_client [req-f0089a8a-9bfd-4343-bec0-1db42db7f6ab req-f0089a8a-9bfd-4343-bec0-1db42db7f6ab ] Request (MigrationsAdminTest:setUpClass): 200 GET http://10.180.1.21/identity/v3/roles 0.230s
2025-05-07 12:46:53.483 69600 INFO tempest.lib.common.rest_client [req-7f3de9fa-26ca-4d15-9210-95bbd6dc3eaf req-7f3de9fa-26ca-4d15-9210-95bbd6dc3eaf ] Request (ServerShowV263Test:setUpClass): 200 GET http://10.180.1.21/identity/v3/projects/11a88ec8be504de586da4037ff89f181 0.225s
2025-05-07 12:46:53.483 69600 INFO tempest.lib.common.dynamic_creds [-] Using the existing project 11a88ec8be504de586da4037ff89f181 for scope project and roles: ['reader']
2025-05-07 12:46:53.517 69642 INFO tempest.lib.common.rest_client [req-4483f5b8-9d4e-43f7-85bb-f1403de475fa req-4483f5b8-9d4e-43f7-85bb-f1403de475fa ] Request (FlavorsV2TestJSON:setUpClass): 201 POST http://10.180.1.21/identity/v3/projects 0.231s
2025-05-07 12:46:53.632 69584 INFO tempest.lib.common.rest_client [req-208a3229-0ffd-44d8-911c-316e6462b119 req-208a3229-0ffd-44d8-911c-316e6462b119 ] Request (QuotasAdminTestJSON:tearDownClass): 204 DELETE http://10.180.1.21/identity/v3/users/fcf98a6d10624843a1ed474d47278005 0.280s
2025-05-07 12:46:53.632 69584 INFO tempest.lib.common.dynamic_creds [-] Deleting project and security group for project: 4c95d454fca14cb28b99fa885b79ab99
2025-05-07 12:46:53.685 69622 INFO tempest.lib.common.rest_client [req-28df0347-c707-4f71-9433-b0b8e49c00c6 req-28df0347-c707-4f71-9433-b0b8e49c00c6 ] Request (ServerRescueNegativeTestJSON:setUpClass): 201 POST http://10.180.1.21/identity/v3/auth/tokens 0.278s
2025-05-07 12:46:53.711 69616 INFO tempest.lib.common.rest_client [req-1526ed7d-24c0-4342-a6e7-4eaf183f031a req-1526ed7d-24c0-4342-a6e7-4eaf183f031a ] Request (VolumesAdminNegativeTest:test_update_attached_volume_with_nonexistent_volume_in_body): 200 POST http://10.180.1.21/compute/v2.1/os-keypairs 2.334s
2025-05-07 12:46:53.712 69600 INFO tempest.lib.common.rest_client [req-8caa163b-0764-454f-b159-e35e22f794c7 req-8caa163b-0764-454f-b159-e35e22f794c7 ] Request (ServerShowV263Test:setUpClass): 201 POST http://10.180.1.21/identity/v3/users 0.228s
2025-05-07 12:46:53.721 69586 INFO tempest.lib.common.rest_client [req-15dbd2c5-84a6-4221-b43d-8e6d4baa66a4 req-15dbd2c5-84a6-4221-b43d-8e6d4baa66a4 ] Request (MultipleCreateNegativeTestJSON:test_min_count_less_than_one): 400 POST http://10.180.1.21/compute/v2.1/servers 1.833s
2025-05-07 12:46:53.727 69606 INFO tempest.lib.common.rest_client [req-8571748d-8aa7-4ae4-b6c7-7dfe065caeb7 req-8571748d-8aa7-4ae4-b6c7-7dfe065caeb7 ] Request (MigrationsAdminTest:setUpClass): 204 PUT http://10.180.1.21/identity/v3/projects/49b81575545e430c87e47c26eb742783/users/ee241cbd402546d0a00fcd840a680f64/roles/b31e4c8046d94409a39774954cdd386b 0.245s
2025-05-07 12:46:53.743 69640 INFO tempest.lib.common.rest_client [req-ac1e6b16-b99a-4030-a72d-d260a30d37be req-ac1e6b16-b99a-4030-a72d-d260a30d37be ] Request (KeyPairsNegativeTestJSON:test_create_keypair_with_duplicate_name): 202 DELETE http://10.180.1.21/compute/v2.1/os-keypairs/tempest-keypair-2063761922 1.771s
2025-05-07 12:46:53.782 69642 INFO tempest.lib.common.rest_client [req-2900a94f-c813-491b-a410-840f29ac91a3 req-2900a94f-c813-491b-a410-840f29ac91a3 ] Request (FlavorsV2TestJSON:setUpClass): 201 POST http://10.180.1.21/identity/v3/users 0.263s
2025-05-07 12:46:53.795 69584 INFO tempest.lib.common.rest_client [req-82f81745-196f-4c2c-892c-9b192c04761d req-82f81745-196f-4c2c-892c-9b192c04761d ] Request (QuotasAdminTestJSON:tearDownClass): 201 POST http://10.180.1.21/identity/v3/auth/tokens 0.163s
2025-05-07 12:46:53.819 69622 INFO tempest.lib.common.rest_client [req-d829b51d-153d-4941-881b-8399208db8c6 req-d829b51d-153d-4941-881b-8399208db8c6 ] Request (ServerRescueNegativeTestJSON:setUpClass): 201 POST http://10.180.1.21/identity/v3/auth/tokens 0.131s
2025-05-07 12:46:53.837 69600 INFO tempest.lib.common.rest_client [req-108d6c92-af73-490b-a14d-17a250087b0d req-108d6c92-af73-490b-a14d-17a250087b0d ] Request (ServerShowV263Test:setUpClass): 200 GET http://10.180.1.21/identity/v3/roles 0.124s
2025-05-07 12:46:53.856 69606 INFO tempest.lib.common.rest_client [req-b1caca05-8b08-472d-bcf6-13b51c915981 req-b1caca05-8b08-472d-bcf6-13b51c915981 ] Request (MigrationsAdminTest:setUpClass): 200 GET http://10.180.1.21/identity/v3/roles 0.128s
2025-05-07 12:46:53.894 69642 INFO tempest.lib.common.rest_client [req-70927609-3e51-4e6f-9cc2-01a71a92055a req-70927609-3e51-4e6f-9cc2-01a71a92055a ] Request (FlavorsV2TestJSON:setUpClass): 200 GET http://10.180.1.21/identity/v3/roles 0.111s
2025-05-07 12:46:53.898 69596 INFO tempest.lib.common.rest_client [req-7678671a-cde4-48e4-959a-20e3a7cb5b78 req-7678671a-cde4-48e4-959a-20e3a7cb5b78 ] Request (FlavorsAccessNegativeTestJSON:_run_cleanups): 200 POST http://10.180.1.21/compute/v2.1/flavors/1109302690/action 2.168s
2025-05-07 12:46:53.920 69586 INFO tempest.lib.common.rest_client [req-212413bc-aa26-48e5-86e3-efd559a16bf1 req-212413bc-aa26-48e5-86e3-efd559a16bf1 ] Request (MultipleCreateNegativeTestJSON:test_min_count_non_integer): 201 POST http://10.180.1.21/identity/v3/auth/tokens 0.193s
2025-05-07 12:46:53.921 69586 INFO tempest.lib.common.fixed_network [-] (MultipleCreateNegativeTestJSON:test_min_count_non_integer) Found network None available for tenant
2025-05-07 12:46:53.945 69622 INFO tempest.lib.common.rest_client [req-5fc60b5c-b970-4476-88be-5f06d4beb215 req-5fc60b5c-b970-4476-88be-5f06d4beb215 ] Request (ServerRescueNegativeTestJSON:setUpClass): 200 GET http://10.180.1.21/identity/v3/domains?name=Default 0.125s
2025-05-07 12:46:53.966 69606 INFO tempest.lib.common.rest_client [req-02968719-c832-4caa-af9e-3be2fa1612a3 req-02968719-c832-4caa-af9e-3be2fa1612a3 ] Request (MigrationsAdminTest:setUpClass): 204 PUT http://10.180.1.21/identity/v3/projects/49b81575545e430c87e47c26eb742783/users/ee241cbd402546d0a00fcd840a680f64/roles/b31e4c8046d94409a39774954cdd386b 0.109s
2025-05-07 12:46:53.967 69606 INFO tempest.lib.common.dynamic_creds [-] Dynamic test user ee241cbd402546d0a00fcd840a680f64 is created with scope project and roles: ['admin']
2025-05-07 12:46:53.967 69602 INFO tempest.lib.common.rest_client [req-743c4a38-875a-4c00-be1b-305626eaddda req-743c4a38-875a-4c00-be1b-305626eaddda ] Request (ServersAdminTestJSON:setUpClass): 200 GET http://10.180.1.21/compute/v2.1/servers/b72ebe87-2c2c-459f-ab59-53a52ab780f3 1.767s
2025-05-07 12:46:53.967 69616 INFO tempest.lib.common.rest_client [req-ea6ef158-bbf3-465e-b6a4-173e7d0a49b6 req-ea6ef158-bbf3-465e-b6a4-173e7d0a49b6 ] Request (VolumesAdminNegativeTest:test_update_attached_volume_with_nonexistent_volume_in_body): 201 POST http://10.180.1.21:9696/networking/v2.0/security-groups 0.254s
2025-05-07 12:46:53.967 69606 INFO tempest.lib.common.dynamic_creds [-] Acquired dynamic creds: credentials: Credentials: {'domain_id': 'default', 'domain_name': 'Default', 'username': 'tempest-MigrationsAdminTest-1587755619-project-admin', 'project_domain_id': 'default', 'project_domain_name': 'Default', 'project_id': '49b81575545e430c87e47c26eb742783', 'project_name': 'tempest-MigrationsAdminTest-1587755619', 'tenant_id': '49b81575545e430c87e47c26eb742783', 'tenant_name': 'tempest-MigrationsAdminTest-1587755619', 'user_domain_id': 'default', 'user_domain_name': 'Default', 'user_id': 'ee241cbd402546d0a00fcd840a680f64', 'system': None}, Network: None, Subnet: None, Router: None
2025-05-07 12:46:53.968 69606 INFO tempest.lib.common.dynamic_creds [-] Created isolated network resources for: credentials: Credentials: {'domain_id': 'default', 'domain_name': 'Default', 'username': 'tempest-MigrationsAdminTest-1587755619-project-admin', 'project_domain_id': 'default', 'project_domain_name': 'Default', 'project_id': '49b81575545e430c87e47c26eb742783', 'project_name': 'tempest-MigrationsAdminTest-1587755619', 'tenant_id': '49b81575545e430c87e47c26eb742783', 'tenant_name': 'tempest-MigrationsAdminTest-1587755619', 'user_domain_id': 'default', 'user_domain_name': 'Default', 'user_id': 'ee241cbd402546d0a00fcd840a680f64', 'system': None}, Network: None, Subnet: None, Router: None
2025-05-07 12:46:53.975 69600 INFO tempest.lib.common.rest_client [req-07ba8159-747b-4ba1-9b6a-d52ec8310b3f req-07ba8159-747b-4ba1-9b6a-d52ec8310b3f ] Request (ServerShowV263Test:setUpClass): 204 PUT http://10.180.1.21/identity/v3/projects/11a88ec8be504de586da4037ff89f181/users/738a031944f34caeb2f7215527605115/roles/d0a16b12e0c14d66a6c268ab732f704d 0.138s
2025-05-07 12:46:53.976 69600 INFO tempest.lib.common.dynamic_creds [-] Dynamic test user 738a031944f34caeb2f7215527605115 is created with scope project and roles: ['reader']
2025-05-07 12:46:53.977 69600 INFO tempest.lib.common.dynamic_creds [-] Acquired dynamic creds: credentials: Credentials: {'domain_id': 'default', 'domain_name': 'Default', 'username': 'tempest-ServerShowV263Test-1457482264-project-reader', 'project_domain_id': 'default', 'project_domain_name': 'Default', 'project_id': '11a88ec8be504de586da4037ff89f181', 'project_name': 'tempest-ServerShowV263Test-1457482264', 'tenant_id': '11a88ec8be504de586da4037ff89f181', 'tenant_name': 'tempest-ServerShowV263Test-1457482264', 'user_domain_id': 'default', 'user_domain_name': 'Default', 'user_id': '738a031944f34caeb2f7215527605115', 'system': None}, Network: None, Subnet: None, Router: None
2025-05-07 12:46:53.977 69600 INFO tempest.lib.common.dynamic_creds [-] Network resources are not created for requested scope: project and credentials: Credentials: {'domain_id': 'default', 'domain_name': 'Default', 'username': 'tempest-ServerShowV263Test-1457482264-project-reader', 'project_domain_id': 'default', 'project_domain_name': 'Default', 'project_id': '11a88ec8be504de586da4037ff89f181', 'project_name': 'tempest-ServerShowV263Test-1457482264', 'tenant_id': '11a88ec8be504de586da4037ff89f181', 'tenant_name': 'tempest-ServerShowV263Test-1457482264', 'user_domain_id': 'default', 'user_domain_name': 'Default', 'user_id': '738a031944f34caeb2f7215527605115', 'system': None}, Network: None, Subnet: None, Router: None
2025-05-07 12:46:54.010 69632 INFO tempest.lib.common.rest_client [req-41fc9bdb-aa12-4d12-91c7-b89348496d86 req-41fc9bdb-aa12-4d12-91c7-b89348496d86 ] Request (ImagesTestJSON:test_create_image_from_stopped_server): 202 POST http://10.180.1.21/compute/v2.1/servers/d52ddc48-9f9b-486e-bd3c-7407860cda16/action 1.767s
2025-05-07 12:46:54.079 69604 INFO tempest.lib.common.rest_client [req-8a3d97af-88cc-423a-9418-428b4fd9cf0d req-8a3d97af-88cc-423a-9418-428b4fd9cf0d ] Request (FloatingIPDetailsNegativeTestJSON:setUpClass): 200 PUT http://10.180.1.21:9696/networking/v2.0/routers/ce0d00ec-b4eb-4bd3-9acf-109936c45bbc/add_router_interface 2.437s
2025-05-07 12:46:54.079 69604 INFO tempest.lib.common.dynamic_creds [-] Created isolated network resources for: credentials: Credentials: {'domain_id': 'default', 'domain_name': 'Default', 'username': 'tempest-FloatingIPDetailsNegativeTestJSON-221471625-project-member', 'project_domain_id': 'default', 'project_domain_name': 'Default', 'project_id': '8dd1e9d9f39f4706a1ed93a56f3c33e8', 'project_name': 'tempest-FloatingIPDetailsNegativeTestJSON-221471625', 'tenant_id': '8dd1e9d9f39f4706a1ed93a56f3c33e8', 'tenant_name': 'tempest-FloatingIPDetailsNegativeTestJSON-221471625', 'user_domain_id': 'default', 'user_domain_name': 'Default', 'user_id': 'a68109f11e1040e984f309c9ef977869', 'system': None}, Network: {'id': '7f1180ec-f992-4c6d-b23f-8fa3d9cef6a6', 'name': 'tempest-FloatingIPDetailsNegativeTestJSON-632337010-network', 'tenant_id': '8dd1e9d9f39f4706a1ed93a56f3c33e8', 'admin_state_up': True, 'mtu': 8950, 'status': 'ACTIVE', 'subnets': [], 'shared': False, 'project_id': '8dd1e9d9f39f4706a1ed93a56f3c33e8', 'port_security_enabled': True, 'router:external': False, 'provider:network_type': 'vlan', 'provider:physical_network': 'default', 'provider:segmentation_id': 702, 'availability_zone_hints': [], 'availability_zones': [], 'ipv4_address_scope': None, 'ipv6_address_scope': None, 'description': '', 'tags': [], 'created_at': '2025-05-07T12:46:46Z', 'updated_at': '2025-05-07T12:46:47Z', 'revision_number': 1}, Subnet: {'id': '03fc1462-7260-4041-be8b-e7819760b99a', 'name': 'tempest-FloatingIPDetailsNegativeTestJSON-632337010-subnet', 'tenant_id': '8dd1e9d9f39f4706a1ed93a56f3c33e8', 'network_id': '7f1180ec-f992-4c6d-b23f-8fa3d9cef6a6', 'ip_version': 4, 'subnetpool_id': None, 'enable_dhcp': True, 'ipv6_ra_mode': None, 'ipv6_address_mode': None, 'gateway_ip': '192.168.128.1', 'cidr': '192.168.128.0/28', 'allocation_pools': [{'start': '192.168.128.2', 'end': '192.168.128.14'}], 'host_routes': [], 'dns_nameservers': [], 'description': '', 'router:external': False, 'service_types': [], 'tags': [], 'created_at': '2025-05-07T12:46:47Z', 'updated_at': '2025-05-07T12:46:47Z', 'revision_number': 0, 'project_id': '8dd1e9d9f39f4706a1ed93a56f3c33e8'}, Router: {'id': 'ce0d00ec-b4eb-4bd3-9acf-109936c45bbc', 'name': 'tempest-FloatingIPDetailsNegativeTestJSON-632337010-router', 'tenant_id': '8dd1e9d9f39f4706a1ed93a56f3c33e8', 'admin_state_up': True, 'status': 'ACTIVE', 'external_gateway_info': {'network_id': '9fce3b12-85c0-4ea2-a134-4021521cb4ef', 'external_fixed_ips': [{'subnet_id': '12e1b29b-1a30-4408-845f-928612e3be0d', 'ip_address': '10.180.180.217'}], 'enable_snat': True}, 'description': '', 'availability_zones': [], 'distributed': False, 'ha': False, 'availability_zone_hints': [], 'routes': [], 'flavor_id': None, 'tags': [], 'created_at': '2025-05-07T12:46:48Z', 'updated_at': '2025-05-07T12:46:49Z', 'revision_number': 2, 'project_id': '8dd1e9d9f39f4706a1ed93a56f3c33e8'}
2025-05-07 12:46:54.086 69642 INFO tempest.lib.common.rest_client [req-c5be9bad-8ace-4ff9-888f-4f13e269858f req-c5be9bad-8ace-4ff9-888f-4f13e269858f ] Request (FlavorsV2TestJSON:setUpClass): 204 PUT http://10.180.1.21/identity/v3/projects/d95a2e3e9f624e89a6aba12355c467e2/users/c4173946ed9a4420b0c054021a27aa18/roles/6a2842a37bb142ff877363e1ba8bb1d0 0.191s
2025-05-07 12:46:54.086 69642 INFO tempest.lib.common.dynamic_creds [-] Dynamic test user c4173946ed9a4420b0c054021a27aa18 is created with scope project and roles: ['member']
2025-05-07 12:46:54.086 69642 INFO tempest.lib.common.dynamic_creds [-] Acquired dynamic creds: credentials: Credentials: {'domain_id': 'default', 'domain_name': 'Default', 'username': 'tempest-FlavorsV2TestJSON-585275073-project-member', 'project_domain_id': 'default', 'project_domain_name': 'Default', 'project_id': 'd95a2e3e9f624e89a6aba12355c467e2', 'project_name': 'tempest-FlavorsV2TestJSON-585275073', 'tenant_id': 'd95a2e3e9f624e89a6aba12355c467e2', 'tenant_name': 'tempest-FlavorsV2TestJSON-585275073', 'user_domain_id': 'default', 'user_domain_name': 'Default', 'user_id': 'c4173946ed9a4420b0c054021a27aa18', 'system': None}, Network: None, Subnet: None, Router: None
2025-05-07 12:46:54.086 69642 INFO tempest.lib.common.dynamic_creds [-] Created isolated network resources for: credentials: Credentials: {'domain_id': 'default', 'domain_name': 'Default', 'username': 'tempest-FlavorsV2TestJSON-585275073-project-member', 'project_domain_id': 'default', 'project_domain_name': 'Default', 'project_id': 'd95a2e3e9f624e89a6aba12355c467e2', 'project_name': 'tempest-FlavorsV2TestJSON-585275073', 'tenant_id': 'd95a2e3e9f624e89a6aba12355c467e2', 'tenant_name': 'tempest-FlavorsV2TestJSON-585275073', 'user_domain_id': 'default', 'user_domain_name': 'Default', 'user_id': 'c4173946ed9a4420b0c054021a27aa18', 'system': None}, Network: None, Subnet: None, Router: None
2025-05-07 12:46:54.171 69612 INFO tempest.lib.common.rest_client [req-5a69ca0a-d6d0-4eec-99d1-d33018508a1e req-5a69ca0a-d6d0-4eec-99d1-d33018508a1e ] Request (ServerDiagnosticsNegativeTest:tearDownClass): 204 DELETE http://10.180.1.21/compute/v2.1/servers/d85e0043-5556-4de2-a14b-654fcb440aa3 1.855s
2025-05-07 12:46:54.203 69606 INFO tempest.lib.common.rest_client [req-65fe9b5c-4157-4e44-808c-5f50878864bb req-65fe9b5c-4157-4e44-808c-5f50878864bb ] Request (MigrationsAdminTest:setUpClass): 201 POST http://10.180.1.21/identity/v3/auth/tokens 0.233s
2025-05-07 12:46:54.255 69616 INFO tempest.lib.common.rest_client [req-55793388-55f1-4954-a147-d2380e588161 req-55793388-55f1-4954-a147-d2380e588161 ] Request (VolumesAdminNegativeTest:test_update_attached_volume_with_nonexistent_volume_in_body): 201 POST http://10.180.1.21:9696/networking/v2.0/security-group-rules 0.287s
2025-05-07 12:46:54.272 69584 INFO tempest.lib.common.rest_client [req-ad2c93f7-350a-4676-b245-1401868f13ef req-ad2c93f7-350a-4676-b245-1401868f13ef ] Request (QuotasAdminTestJSON:tearDownClass): 200 GET http://10.180.1.21:9696/networking/v2.0/security-groups?tenant_id=4c95d454fca14cb28b99fa885b79ab99&name=default 0.476s
2025-05-07 12:46:54.277 69622 INFO tempest.lib.common.rest_client [req-d0a8bc5a-4324-4fba-8e78-d488c60b66e0 req-d0a8bc5a-4324-4fba-8e78-d488c60b66e0 ] Request (ServerRescueNegativeTestJSON:setUpClass): 201 POST http://10.180.1.21/identity/v3/projects 0.331s
2025-05-07 12:46:54.285 69600 INFO tempest.lib.common.rest_client [req-82bfaf3c-9753-4de6-8259-683d74558b62 req-82bfaf3c-9753-4de6-8259-683d74558b62 ] Request (ServerShowV263Test:setUpClass): 201 POST http://10.180.1.21/identity/v3/auth/tokens 0.305s
2025-05-07 12:46:54.357 69634 INFO tempest.lib.common.rest_client [req-2e34a9d0-782e-418a-bd5c-6a738b126582 req-2e34a9d0-782e-418a-bd5c-6a738b126582 ] Request (ServerExternalEventsTest:test_create_server_external_events): 200 GET http://10.180.1.21/compute/v2.1/servers/9f4c2ce2-5ccf-4f32-b0f8-77524dcc7c81 1.923s
2025-05-07 12:46:54.368 69634 INFO tempest.common.waiters [-] State transition "BUILD/spawning" ==> "ACTIVE/None" after 25 second wait
2025-05-07 12:46:54.430 69604 INFO tempest.lib.common.rest_client [req-dc9dcc4f-d5a3-48eb-a2ec-0750a7858fbc req-dc9dcc4f-d5a3-48eb-a2ec-0750a7858fbc ] Request (FloatingIPDetailsNegativeTestJSON:setUpClass): 201 POST http://10.180.1.21/identity/v3/auth/tokens 0.347s
2025-05-07 12:46:54.438 69598 INFO tempest.lib.common.rest_client [req-978219ae-6329-4d91-95d9-3ef5609feae9 req-978219ae-6329-4d91-95d9-3ef5609feae9 ] Request (ValidationResourcesFixture:setUp): 200 POST http://10.180.1.21/compute/v2.1/os-keypairs 2.095s
2025-05-07 12:46:54.465 69642 INFO tempest.lib.common.rest_client [req-99a5f1ab-eaca-4da9-831d-aa5127d86f63 req-99a5f1ab-eaca-4da9-831d-aa5127d86f63 ] Request (FlavorsV2TestJSON:setUpClass): 201 POST http://10.180.1.21/identity/v3/auth/tokens 0.375s
2025-05-07 12:46:54.490 69616 INFO tempest.lib.common.rest_client [req-b94b2040-b37d-42dc-a696-e082dc2e9a20 req-b94b2040-b37d-42dc-a696-e082dc2e9a20 ] Request (VolumesAdminNegativeTest:test_update_attached_volume_with_nonexistent_volume_in_body): 201 POST http://10.180.1.21:9696/networking/v2.0/security-group-rules 0.234s
2025-05-07 12:46:54.496 69584 INFO tempest.lib.common.rest_client [req-f51757d3-410b-4fea-a33b-1662b3ca0ad2 req-f51757d3-410b-4fea-a33b-1662b3ca0ad2 ] Request (QuotasAdminTestJSON:tearDownClass): 204 DELETE http://10.180.1.21:9696/networking/v2.0/security-groups/a24a90f8-09e5-4ca7-9782-38fb6ba70add 0.223s
2025-05-07 12:46:54.526 69622 INFO tempest.lib.common.rest_client [req-bdbad1a7-7440-4285-ab9a-9828d890857f req-bdbad1a7-7440-4285-ab9a-9828d890857f ] Request (ServerRescueNegativeTestJSON:setUpClass): 201 POST http://10.180.1.21/identity/v3/users 0.249s
2025-05-07 12:46:54.573 69600 INFO tempest.lib.common.rest_client [req-50199e45-6e6e-4647-b876-0e645c2726cf req-50199e45-6e6e-4647-b876-0e645c2726cf ] Request (ServerShowV263Test:tearDownClass): 204 DELETE http://10.180.1.21/identity/v3/users/fa61511e3afd4d098788876ded07f98e 0.278s
2025-05-07 12:46:54.581 69588 INFO tempest.lib.common.rest_client [req-d1321982-dff8-4b38-a5c2-035aaa6cbcb9 req-d1321982-dff8-4b38-a5c2-035aaa6cbcb9 ] Request (ImagesNegativeTestJSON:test_create_image_from_deleted_server): 200 GET http://10.180.1.21/compute/v2.1/servers/7650ef23-41ab-4aba-89cf-d33006912049 2.063s
2025-05-07 12:46:54.593 69588 INFO tempest.common.waiters [-] State transition "BUILD/networking" ==> "BUILD/spawning" after 17 second wait
2025-05-07 12:46:54.692 69584 INFO tempest.lib.common.rest_client [req-0a3d0fdc-8547-4bd5-93e5-600d232508c5 req-0a3d0fdc-8547-4bd5-93e5-600d232508c5 ] Request (QuotasAdminTestJSON:tearDownClass): 204 DELETE http://10.180.1.21/identity/v3/projects/4c95d454fca14cb28b99fa885b79ab99 0.196s
2025-05-07 12:46:54.692 69584 INFO tempest.lib.common.dynamic_creds [-] Deleting project and security group for project: fc43241cea344edcafa4c95b5fe1cde5
2025-05-07 12:46:54.693 69628 INFO tempest.lib.common.rest_client [req-b5b93ff3-599c-4914-b17c-7af55d9ff643 req-b5b93ff3-599c-4914-b17c-7af55d9ff643 ] Request (FlavorsV255TestJSON:test_crud_flavor): 200 POST http://10.180.1.21/compute/v2.1/flavors 2.052s
2025-05-07 12:46:54.700 69626 INFO tempest.lib.common.rest_client [req-4d4983de-8da8-4304-9aca-39fb19016bca req-4d4983de-8da8-4304-9aca-39fb19016bca ] Request (ServersListShow296Test:test_list_show_update_rebuild_server_296): 200 GET http://10.180.1.21/compute/v2.1/servers/fc921d48-70c0-4871-9326-56333421f368 2.051s
2025-05-07 12:46:54.716 69598 INFO tempest.lib.common.rest_client [req-1a12e777-79e7-4ca6-af4c-28901af1cc8c req-1a12e777-79e7-4ca6-af4c-28901af1cc8c ] Request (ValidationResourcesFixture:setUp): 201 POST http://10.180.1.21:9696/networking/v2.0/security-groups 0.276s
2025-05-07 12:46:54.746 69614 INFO tempest.lib.common.rest_client [req-dd7c039c-80d8-4f9c-a361-fa50a1ad6b4e req-dd7c039c-80d8-4f9c-a361-fa50a1ad6b4e ] Request (ListImageFiltersTestJSON:setUpClass): 200 GET http://10.180.1.21/compute/v2.1/images/99dfe661-0a46-4b87-9577-f136fb87850e 1.996s
2025-05-07 12:46:54.770 69622 INFO tempest.lib.common.rest_client [req-5ac59dfc-bd29-473d-aa74-2e5e3c71dc8e req-5ac59dfc-bd29-473d-aa74-2e5e3c71dc8e ] Request (ServerRescueNegativeTestJSON:setUpClass): 200 GET http://10.180.1.21/identity/v3/roles 0.243s
2025-05-07 12:46:54.780 69592 INFO tempest.lib.common.rest_client [req-7876725c-e6b6-4047-bb72-698a66d6f1f5 req-7876725c-e6b6-4047-bb72-698a66d6f1f5 ] Request (FloatingIPsAssociationNegativeTestJSON:setUpClass): 200 GET http://10.180.1.21/compute/v2.1/servers/693ccb58-152a-409f-ae7d-f0a68cf4880d 1.873s
2025-05-07 12:46:54.809 69622 INFO tempest.lib.common.rest_client [req-d1908c24-0728-4c6e-a87b-809a65013473 req-d1908c24-0728-4c6e-a87b-809a65013473 ] Request (ServerRescueNegativeTestJSON:setUpClass): 204 PUT http://10.180.1.21/identity/v3/projects/00b05245e5594ef9a7a86b58c2542a0d/users/8c06fc63feb6477ca865431c4aaee387/roles/6a2842a37bb142ff877363e1ba8bb1d0 0.038s
2025-05-07 12:46:54.809 69622 INFO tempest.lib.common.dynamic_creds [-] Dynamic test user 8c06fc63feb6477ca865431c4aaee387 is created with scope project and roles: ['member']
2025-05-07 12:46:54.809 69622 INFO tempest.lib.common.dynamic_creds [-] Acquired dynamic creds: credentials: Credentials: {'domain_id': 'default', 'domain_name': 'Default', 'username': 'tempest-ServerRescueNegativeTestJSON-1413427876-project-member', 'project_domain_id': 'default', 'project_domain_name': 'Default', 'project_id': '00b05245e5594ef9a7a86b58c2542a0d', 'project_name': 'tempest-ServerRescueNegativeTestJSON-1413427876', 'tenant_id': '00b05245e5594ef9a7a86b58c2542a0d', 'tenant_name': 'tempest-ServerRescueNegativeTestJSON-1413427876', 'user_domain_id': 'default', 'user_domain_name': 'Default', 'user_id': '8c06fc63feb6477ca865431c4aaee387', 'system': None}, Network: None, Subnet: None, Router: None
2025-05-07 12:46:54.826 69600 INFO tempest.lib.common.rest_client [req-e3560470-6298-4b46-8ef3-2ec3d0b5737f req-e3560470-6298-4b46-8ef3-2ec3d0b5737f ] Request (ServerShowV263Test:tearDownClass): 204 DELETE http://10.180.1.21/identity/v3/users/738a031944f34caeb2f7215527605115 0.252s
2025-05-07 12:46:54.826 69600 INFO tempest.lib.common.dynamic_creds [-] Deleting project and security group for project: 11a88ec8be504de586da4037ff89f181
2025-05-07 12:46:54.865 69630 INFO tempest.lib.common.rest_client [req-a9f280d8-0c81-454b-ae22-a928066fa192 req-a9f280d8-0c81-454b-ae22-a928066fa192 ] Request (ServersV294TestFqdnHostnames:setUpClass): 200 GET http://10.180.1.21/compute/v2.1/servers/7715cc43-6505-439b-ade5-06092096e2d6 1.927s
2025-05-07 12:46:54.881 69630 INFO tempest.common.waiters [-] State transition "BUILD/scheduling" ==> "BUILD/None" after 5 second wait
2025-05-07 12:46:54.888 69622 INFO tempest.lib.common.rest_client [req-93558f24-b3d3-4bdc-bf4d-04cde88f496b req-93558f24-b3d3-4bdc-bf4d-04cde88f496b ] Request (ServerRescueNegativeTestJSON:setUpClass): 201 POST http://10.180.1.21/identity/v3/auth/tokens 0.078s
2025-05-07 12:46:54.910 69600 INFO tempest.lib.common.rest_client [req-18266f22-b4a2-46a7-8f09-b25b2a98c205 req-18266f22-b4a2-46a7-8f09-b25b2a98c205 ] Request (ServerShowV263Test:tearDownClass): 201 POST http://10.180.1.21/identity/v3/auth/tokens 0.083s
2025-05-07 12:46:54.980 69647 INFO tempest.lib.common.rest_client [req-082fa22d-f5a1-46b7-b4c9-ca55b39785bb req-082fa22d-f5a1-46b7-b4c9-ca55b39785bb ] Request (QuotaClassesAdmin257Test:test_update_default_quotas): 200 GET http://10.180.1.21/compute/v2.1/os-quota-class-sets/default 1.722s
2025-05-07 12:46:54.981 69594 INFO tempest.lib.common.rest_client [req-f26ada05-3ca1-4879-893b-e7fda2e55150 req-f26ada05-3ca1-4879-893b-e7fda2e55150 ] Request (ServersAdminNegativeTestJSON:test_migrate_server_invalid_state): 200 GET http://10.180.1.21/compute/v2.1/servers/d098ccf8-5ea6-4ad7-b99b-de0d95e6f371 1.663s
2025-05-07 12:46:55.001 69624 INFO tempest.lib.common.rest_client [req-6eadfe7a-4faf-4463-b5f8-976730dd5eb0 req-6eadfe7a-4faf-4463-b5f8-976730dd5eb0 ] Request (KeyPairsV2TestJSON:_run_cleanups): 202 DELETE http://10.180.1.21/compute/v2.1/os-keypairs/tempest-KeyPairsV2TestJSON-keypair-175440349 1.603s
2025-05-07 12:46:55.016 69644 INFO tempest.lib.common.rest_client [req-012789c0-314a-4eda-b073-60c5b2d91938 req-012789c0-314a-4eda-b073-60c5b2d91938 ] Request (AggregatesAdminNegativeTestJSON:test_aggregate_delete_with_invalid_id): 404 DELETE http://10.180.1.21/compute/v2.1/os-aggregates/-1 1.570s
2025-05-07 12:46:55.090 69610 INFO tempest.lib.common.rest_client [req-3060c9b6-7160-44fa-a5ac-6d810d3b9901 req-3060c9b6-7160-44fa-a5ac-6d810d3b9901 ] Request (InstanceActionsTestJSON:setUpClass): 200 GET http://10.180.1.21/compute/v2.1/servers/605ed07c-6abd-4de6-984d-772f43d0e3c8 1.688s
2025-05-07 12:46:55.182 69584 INFO tempest.lib.common.rest_client [req-8c1b75e2-810a-45fc-a9cc-6a8d3ce60a1f req-8c1b75e2-810a-45fc-a9cc-6a8d3ce60a1f ] Request (QuotasAdminTestJSON:tearDownClass): 200 GET http://10.180.1.21:9696/networking/v2.0/security-groups?tenant_id=fc43241cea344edcafa4c95b5fe1cde5&name=default 0.490s
2025-05-07 12:46:55.202 69620 INFO tempest.lib.common.rest_client [req-44ab0b71-d653-471b-8532-301941897c7a req-44ab0b71-d653-471b-8532-301941897c7a ] Request (FlavorsAdminTestJSON:test_create_list_flavor_without_extra_data): 200 GET http://10.180.1.21/compute/v2.1/flavors/detail 1.734s
2025-05-07 12:46:55.254 69598 INFO tempest.lib.common.rest_client [req-e7da4255-584a-42df-a248-a4f56093a65c req-e7da4255-584a-42df-a248-a4f56093a65c ] Request (ValidationResourcesFixture:setUp): 201 POST http://10.180.1.21:9696/networking/v2.0/security-group-rules 0.536s
2025-05-07 12:46:55.283 69636 INFO tempest.lib.common.rest_client [req-4aacc660-4d26-4123-9b51-6cf9d37fe038 req-4aacc660-4d26-4123-9b51-6cf9d37fe038 ] Request (VolumesAssistedSnapshotsTest:test_volume_assisted_snapshot_create_delete): 200 GET http://10.180.1.21/compute/v2.1/servers/c8b292ee-acc4-4bc9-9f1f-62df83d1e36b 1.820s
2025-05-07 12:46:55.291 69636 INFO tempest.common.waiters [-] State transition "BUILD/None" ==> "BUILD/spawning" after 14 second wait
2025-05-07 12:46:55.336 69638 INFO tempest.lib.common.rest_client [req-3ff8a451-7378-4297-a5bf-a18189667468 req-3ff8a451-7378-4297-a5bf-a18189667468 ] Request (TenantUsagesTestJSON:setUpClass): 200 GET http://10.180.1.21/compute/v2.1/servers/7ed18568-9081-4128-b83f-d859bedb1bcd 1.820s
2025-05-07 12:46:55.342 69640 INFO tempest.lib.common.rest_client [req-3919d394-07c7-4fcf-80e4-29686565b1cb req-3919d394-07c7-4fcf-80e4-29686565b1cb ] Request (KeyPairsNegativeTestJSON:test_create_keypair_with_empty_name_string): 400 POST http://10.180.1.21/compute/v2.1/os-keypairs 1.598s
2025-05-07 12:46:55.359 69600 INFO tempest.lib.common.rest_client [req-26b3c807-98a4-4d95-aff8-5063c49ddc64 req-26b3c807-98a4-4d95-aff8-5063c49ddc64 ] Request (ServerShowV263Test:tearDownClass): 200 GET http://10.180.1.21:9696/networking/v2.0/security-groups?tenant_id=11a88ec8be504de586da4037ff89f181&name=default 0.449s
2025-05-07 12:46:55.369 69596 INFO tempest.lib.common.rest_client [req-23a30b54-7521-4ec0-8de1-ec3c64a59c0b req-23a30b54-7521-4ec0-8de1-ec3c64a59c0b ] Request (FlavorsAccessNegativeTestJSON:_run_cleanups): 202 DELETE http://10.180.1.21/compute/v2.1/flavors/1109302690 1.470s
2025-05-07 12:46:55.375 69586 INFO tempest.lib.common.rest_client [req-106e9707-01ea-4ef1-9294-d0fc1aab4cb8 req-106e9707-01ea-4ef1-9294-d0fc1aab4cb8 ] Request (MultipleCreateNegativeTestJSON:test_min_count_non_integer): 400 POST http://10.180.1.21/compute/v2.1/servers 1.453s
2025-05-07 12:46:55.458 69586 INFO tempest.lib.common.rest_client [req-e7a0bb54-59bd-4533-b584-04ce32a8b4e2 req-e7a0bb54-59bd-4533-b584-04ce32a8b4e2 ] Request (MultipleCreateNegativeTestJSON:tearDownClass): 204 DELETE http://10.180.1.21/identity/v3/users/eb66b8668e094604a07e6a2cf8f34abc 0.081s
2025-05-07 12:46:55.458 69586 INFO tempest.lib.common.dynamic_creds [-] Deleting project and security group for project: 9e062717afd54892b0305183bb67c097
2025-05-07 12:46:55.536 69586 INFO tempest.lib.common.rest_client [req-5acff919-7416-4df1-88c8-f92ea980e6a0 req-5acff919-7416-4df1-88c8-f92ea980e6a0 ] Request (MultipleCreateNegativeTestJSON:tearDownClass): 201 POST http://10.180.1.21/identity/v3/auth/tokens 0.078s
2025-05-07 12:46:55.616 69618 INFO tempest.lib.common.rest_client [req-5bfb6587-e0a6-4ff4-a94f-5ae66b2cc63e req-5bfb6587-e0a6-4ff4-a94f-5ae66b2cc63e ] Request (ServersTestManualDisk:setUpClass): 200 GET http://10.180.1.21/compute/v2.1/servers/9bed399d-c3f5-4659-bbe0-c88f73e1e52b 1.897s
2025-05-07 12:46:55.623 69622 INFO tempest.lib.common.rest_client [req-bec0697b-a578-4365-b576-92485e3ad526 req-bec0697b-a578-4365-b576-92485e3ad526 ] Request (ServerRescueNegativeTestJSON:setUpClass): 201 POST http://10.180.1.21:9696/networking/v2.0/networks 0.734s
2025-05-07 12:46:55.805 69612 INFO tempest.lib.common.rest_client [req-758c5742-e685-4774-86c4-832a52929149 req-758c5742-e685-4774-86c4-832a52929149 ] Request (ServerDiagnosticsNegativeTest:tearDownClass): 200 GET http://10.180.1.21/compute/v2.1/servers/d85e0043-5556-4de2-a14b-654fcb440aa3 1.633s
2025-05-07 12:46:55.869 69584 INFO tempest.lib.common.rest_client [req-d082316f-f369-4796-bd58-9db6450e0dd2 req-d082316f-f369-4796-bd58-9db6450e0dd2 ] Request (QuotasAdminTestJSON:tearDownClass): 204 DELETE http://10.180.1.21:9696/networking/v2.0/security-groups/63bb3d79-2383-4696-b5ac-1ffb49e16eea 0.686s
2025-05-07 12:46:55.885 69586 INFO tempest.lib.common.rest_client [req-25d13311-b571-4098-974b-6220a64879c8 req-25d13311-b571-4098-974b-6220a64879c8 ] Request (MultipleCreateNegativeTestJSON:tearDownClass): 200 GET http://10.180.1.21:9696/networking/v2.0/security-groups?tenant_id=9e062717afd54892b0305183bb67c097&name=default 0.348s
