2025-05-07 12:49:21.957 69596 INFO tempest.lib.common.rest_client [req-0eec4d16-9ea1-4ead-83d5-8bb34d09dce1 req-0eec4d16-9ea1-4ead-83d5-8bb34d09dce1 ] Request (VolumesGetTestJSON:tearDownClass): 201 POST http://10.180.1.21/identity/v3/auth/tokens 0.076s
2025-05-07 12:49:21.961 69602 INFO tempest.common.waiters [-] State transition "BUILD/block_device_mapping" ==> "BUILD/spawning" after 74 second wait
2025-05-07 12:49:21.975 69634 INFO tempest.lib.common.rest_client [req-5a1fa0a4-8c07-4f3c-b85d-cd4634960ce2 req-5a1fa0a4-8c07-4f3c-b85d-cd4634960ce2 ] Request (ServersAdmin275Test:tearDownClass): 200 GET http://10.180.1.21/compute/v2.1/servers/c07106a3-0134-4602-9263-f7359c8d5367 0.117s
2025-05-07 12:49:21.978 69630 INFO tempest.lib.common.rest_client [req-edee5955-4709-4be9-ae42-0317f9fc56c7 req-edee5955-4709-4be9-ae42-0317f9fc56c7 ] Request (AttachVolumeShelveTestJSON:test_attach_volume_shelved_or_offload_server): 201 POST http://10.180.1.21/identity/v3/auth/tokens 0.072s
2025-05-07 12:49:21.979 69630 INFO tempest.lib.common.fixed_network [-] (AttachVolumeShelveTestJSON:test_attach_volume_shelved_or_offload_server) Found network {'id': '699db5ae-054d-4ee1-954d-7e4e45884cc4', 'name': 'tempest-AttachVolumeShelveTestJSON-430339131-network', 'tenant_id': '44bb6c9404a54acfa22a7d740fbf2583', 'admin_state_up': True, 'mtu': 8950, 'status': 'ACTIVE', 'subnets': [], 'shared': False, 'project_id': '44bb6c9404a54acfa22a7d740fbf2583', 'port_security_enabled': True, 'router:external': False, 'provider:network_type': 'vlan', 'provider:physical_network': 'default', 'provider:segmentation_id': 47, 'availability_zone_hints': [], 'availability_zones': [], 'ipv4_address_scope': None, 'ipv6_address_scope': None, 'description': '', 'tags': [], 'created_at': '2025-05-07T12:49:16Z', 'updated_at': '2025-05-07T12:49:16Z', 'revision_number': 1} available for tenant
2025-05-07 12:49:22.016 69590 INFO tempest.lib.common.rest_client [req-7e2fc636-18fe-4788-8fa4-937519b4f211 req-7e2fc636-18fe-4788-8fa4-937519b4f211 ] Request (ServersWithSpecificFlavorTestJSON:test_verify_created_server_ephemeral_disk): 200 GET http://10.180.1.21/compute/v2.1/servers/2234356c-a233-4649-a30d-63af47b4e971 0.141s
2025-05-07 12:49:22.044 69616 INFO tempest.lib.common.rest_client [req-159df9d0-18bb-4c5f-9399-bb3680e3e795 req-159df9d0-18bb-4c5f-9399-bb3680e3e795 ] Request (VolumesAdminNegativeTest:test_update_attached_volume_with_nonexistent_volume_in_uri): 200 GET http://10.180.1.21/compute/v2.1/servers/7bcad6cc-6b37-498f-816d-2c84ffa08b6d 0.133s
2025-05-07 12:49:22.085 69622 INFO tempest.lib.common.rest_client [req-fe6f9e39-da20-4c87-a4ff-a21a4e905807 req-fe6f9e39-da20-4c87-a4ff-a21a4e905807 ] Request (ServerRescueNegativeTestJSON:test_rescued_vm_detach_volume): 200 GET http://10.180.1.21/compute/v2.1/servers/07e6b1af-4468-4c40-92cb-6089417ff16f 0.149s
2025-05-07 12:49:22.114 69618 INFO tempest.lib.common.rest_client [req-104d3601-e0b8-47ed-864b-c917d6122ca7 req-104d3601-e0b8-47ed-864b-c917d6122ca7 ] Request (ServerDiskConfigTestJSON:test_rebuild_server_with_auto_disk_config): 200 GET http://10.180.1.21/compute/v2.1/servers/f2314bad-495a-4344-bb55-3bed46135007 0.141s
2025-05-07 12:49:22.194 69588 INFO tempest.lib.common.rest_client [req-6e0c4c3e-1002-43af-9425-87b840704f0e req-6e0c4c3e-1002-43af-9425-87b840704f0e ] Request (ListServersNegativeTestJSON:setUpClass): 200 GET http://10.180.1.21/compute/v2.1/servers/1084ebd4-418b-452e-a59b-d139d536f4d6 0.146s
2025-05-07 12:49:22.204 69596 INFO tempest.lib.common.rest_client [req-f819e6bf-6dca-4a15-8fa5-6a4664d6d0ab req-f819e6bf-6dca-4a15-8fa5-6a4664d6d0ab ] Request (VolumesGetTestJSON:tearDownClass): 200 GET http://10.180.1.21:9696/networking/v2.0/security-groups?tenant_id=0e35948dd54242d0af959fac51ca7371&name=default 0.246s
2025-05-07 12:49:22.288 69612 INFO tempest.lib.common.rest_client [req-48b7d733-0ea8-4181-a74e-8a6767e9c23e req-48b7d733-0ea8-4181-a74e-8a6767e9c23e ] Request (ServersAaction247Test:tearDownClass): 200 GET http://10.180.1.21/compute/v2.1/servers/873b054f-64dc-4d97-b89c-995dd3702690 0.161s
2025-05-07 12:49:22.318 69596 INFO tempest.lib.common.rest_client [req-9dc771a0-5460-40fb-b87d-c9ba31fd9a01 req-9dc771a0-5460-40fb-b87d-c9ba31fd9a01 ] Request (VolumesGetTestJSON:tearDownClass): 204 DELETE http://10.180.1.21:9696/networking/v2.0/security-groups/8f1d111d-a73b-49c2-a696-1e150b215798 0.113s
2025-05-07 12:49:22.427 69596 INFO tempest.lib.common.rest_client [req-c46195bb-c619-4e35-ab5b-fdf3dd5ec561 req-c46195bb-c619-4e35-ab5b-fdf3dd5ec561 ] Request (VolumesGetTestJSON:tearDownClass): 204 DELETE http://10.180.1.21/identity/v3/projects/0e35948dd54242d0af959fac51ca7371 0.107s
2025-05-07 12:49:22.430 69586 INFO tempest.lib.common.rest_client [req-f6d2dc8e-159e-450b-8c49-d493dbc61251 req-f6d2dc8e-159e-450b-8c49-d493dbc61251 ] Request (ServersNegativeTestJSON:setUpClass): 200 GET http://10.180.1.21/compute/v2.1/servers/5472357a-7746-41f9-9c0a-4edaaea0570a 0.277s
2025-05-07 12:49:22.507 69584 INFO tempest.lib.common.rest_client [req-66630034-06f9-41f8-8bf8-815be8b6b93d req-66630034-06f9-41f8-8bf8-815be8b6b93d ] Request (InstanceActionsNegativeTestJSON:tearDownClass): 200 GET http://10.180.1.21/compute/v2.1/servers/29b9af6b-f049-410e-b20f-5de1d3c84611 0.291s
2025-05-07 12:49:22.578 69592 INFO tempest.lib.common.rest_client [req-1fdc6f2f-c011-4eaf-9b00-171822c89d03 req-1fdc6f2f-c011-4eaf-9b00-171822c89d03 ] Request (AttachVolumeNegativeTest:test_attach_attached_volume_to_different_server): 200 GET http://10.180.1.21/compute/v2.1/servers/44c77d66-cb34-49be-a255-8cdf9efe6a18 0.298s
2025-05-07 12:49:22.639 69630 INFO tempest.lib.common.rest_client [req-6e942665-c493-466d-bc28-038503db7c9f req-6e942665-c493-466d-bc28-038503db7c9f ] Request (AttachVolumeShelveTestJSON:test_attach_volume_shelved_or_offload_server): 202 POST http://10.180.1.21/compute/v2.1/servers 0.659s
2025-05-07 12:49:22.646 69644 INFO tempest.lib.common.rest_client [req-1f0d81cf-d2f9-4f84-980b-c5c9005c4ece req-1f0d81cf-d2f9-4f84-980b-c5c9005c4ece ] Request (DeleteServersAdminTestJSON:test_delete_server_while_in_error_state): 200 GET http://10.180.1.21/compute/v2.1/servers/9750dfe2-f2e7-42d3-9149-25ed9e0400f7 0.366s
2025-05-07 12:49:22.742 69626 INFO tempest.lib.common.rest_client [req-ccde9bc1-e6a8-4c74-98b7-a980e6a76bc7 req-ccde9bc1-e6a8-4c74-98b7-a980e6a76bc7 ] Request (ServersListShow298Test:test_list_show_update_rebuild_server_298): 200 GET http://10.180.1.21/compute/v2.1/servers/0a8b54ec-3f2c-4313-a47b-cc81e55c20f9 0.387s
2025-05-07 12:49:22.758 69626 INFO tempest.common.waiters [-] State transition "BUILD/spawning" ==> "ACTIVE/None" after 80 second wait
2025-05-07 12:49:22.759 69640 INFO tempest.lib.common.rest_client [req-fb622ed8-9d3a-480d-a1cd-fe5587e18adf req-fb622ed8-9d3a-480d-a1cd-fe5587e18adf ] Request (ServerRescueTestJSONUnderV235:setUpClass): 200 GET http://10.180.1.21/compute/v2.1/servers/3c81e760-ffaa-4b84-bd9b-2e253f268dee 0.322s
2025-05-07 12:49:22.836 69642 INFO tempest.lib.common.rest_client [req-d45a64ac-ee77-4203-aeb9-234423ab0095 req-d45a64ac-ee77-4203-aeb9-234423ab0095 ] Request (ServersTestMultiNic:_run_cleanups): 200 GET http://10.180.1.21/compute/v2.1/servers/d35dd075-3bec-4293-988f-9940f9fb78e3 0.261s
2025-05-07 12:49:22.861 69610 INFO tempest.lib.common.rest_client [req-e32e097c-c395-497d-b630-b965e301b4e8 req-e32e097c-c395-497d-b630-b965e301b4e8 ] Request (ServerActionsTestOtherA:setUpClass): 200 GET http://10.180.1.21/compute/v2.1/servers/42b6c9c6-967a-4f86-82a2-a341b1c1e750 0.369s
2025-05-07 12:49:22.899 69632 INFO tempest.lib.common.rest_client [req-22130a11-5905-47b2-ad9b-2170cd21f6d5 req-22130a11-5905-47b2-ad9b-2170cd21f6d5 ] Request (ImagesTestJSON:test_create_server_from_snapshot): 200 GET http://10.180.1.21/compute/v2.1/servers/a62be1cf-8c04-4bf4-8e04-c98b30bc90a8 0.263s
2025-05-07 12:49:22.904 69630 INFO tempest.lib.common.rest_client [req-1834f724-be44-475d-b87c-d18c066d477b req-1834f724-be44-475d-b87c-d18c066d477b ] Request (AttachVolumeShelveTestJSON:test_attach_volume_shelved_or_offload_server): 200 GET http://10.180.1.21/compute/v2.1/servers/efafcb8a-d402-44d8-af37-38262e35621c 0.263s
2025-05-07 12:49:22.958 69606 INFO tempest.lib.common.rest_client [req-72d37a84-e3ee-4f27-85ef-1378baec4f4b req-72d37a84-e3ee-4f27-85ef-1378baec4f4b ] Request (MigrationsAdminTest:test_resize_server_revert_deleted_flavor): 200 GET http://10.180.1.21/compute/v2.1/servers/47fd2a9c-238c-4f6c-b282-9f826920cfae 0.257s
2025-05-07 12:49:22.969 69598 INFO tempest.lib.common.rest_client [req-0a8c0da6-c85e-4db9-a824-4120f5365d41 req-0a8c0da6-c85e-4db9-a824-4120f5365d41 ] Request (AttachInterfacesUnderV243Test:_run_cleanups): 200 GET http://10.180.1.21/compute/v2.1/servers/fdadbd72-38cd-4ea8-be7a-cffd5bea01e0 0.322s
2025-05-07 12:49:22.983 69594 INFO tempest.lib.common.rest_client [req-dc5e3ef4-9ef4-4230-aca8-923fe8be1c8b req-dc5e3ef4-9ef4-4230-aca8-923fe8be1c8b ] Request (ServersTestBootFromVolume:setUpClass): 200 GET http://10.180.1.21/volume/v3/volumes/30518ad5-bbb1-4eac-ac99-ce7406fbae45 0.044s
2025-05-07 12:49:23.025 69614 INFO tempest.lib.common.rest_client [req-71557d3b-0365-44d5-8b0d-e7d05634b154 req-71557d3b-0365-44d5-8b0d-e7d05634b154 ] Request (ListImageFiltersTestJSON:tearDownClass): 200 GET http://10.180.1.21/compute/v2.1/servers/fad3ad44-43cd-442e-8723-d27bbb893e0d 0.296s
2025-05-07 12:49:23.038 69636 INFO tempest.lib.common.rest_client [req-0f9ffd03-60c5-437a-9b27-caf73f14182d req-0f9ffd03-60c5-437a-9b27-caf73f14182d ] Request (SecurityGroupsTestJSON:test_list_security_groups_by_server): 200 GET http://10.180.1.21/compute/v2.1/servers/640e9a74-46d3-4f82-89f7-a540fa3e93e6 0.275s
2025-05-07 12:49:23.102 69624 INFO tempest.lib.common.rest_client [req-a682b2f2-b894-41d2-a927-513229e8a089 req-a682b2f2-b894-41d2-a927-513229e8a089 ] Request (AttachInterfacesTestJSON:_run_cleanups): 200 GET http://10.180.1.21/compute/v2.1/servers/cb44961f-d39b-4a67-a568-780c0ac1ec7b 0.279s
2025-05-07 12:49:23.143 69626 INFO tempest.lib.common.rest_client [req-5cc38bf4-abea-45d9-b0f2-38e0de5715e8 req-5cc38bf4-abea-45d9-b0f2-38e0de5715e8 ] Request (ServersListShow298Test:test_list_show_update_rebuild_server_298): 200 GET http://10.180.1.21/compute/v2.1/servers/detail 0.384s
2025-05-07 12:49:23.177 69608 INFO tempest.lib.common.rest_client [req-92b36618-f80b-4004-9c5b-0742feaa4a2f req-92b36618-f80b-4004-9c5b-0742feaa4a2f ] Request (AttachVolumeTestJSON:test_attach_detach_volume): 200 GET http://10.180.1.21/compute/v2.1/servers/5870abd0-1c2c-43ae-9c3e-6bf3c0862c05 0.347s
2025-05-07 12:49:23.214 69647 INFO tempest.lib.common.rest_client [req-a6fac39d-29f6-47b6-9a24-70a6480b2250 req-a6fac39d-29f6-47b6-9a24-70a6480b2250 ] Request (FloatingIPsAssociationTestJSON:test_associate_already_associated_floating_ip): 200 GET http://10.180.1.21/compute/v2.1/servers/fe4ef999-119c-4235-85dd-f1848885b31a 0.311s
2025-05-07 12:49:23.305 69634 INFO tempest.lib.common.rest_client [req-1b713819-f480-4ef5-803d-9adecd27b4c4 req-1b713819-f480-4ef5-803d-9adecd27b4c4 ] Request (ServersAdmin275Test:tearDownClass): 200 GET http://10.180.1.21/compute/v2.1/servers/c07106a3-0134-4602-9263-f7359c8d5367 0.317s
2025-05-07 12:49:23.312 69602 INFO tempest.lib.common.rest_client [req-375246be-74ee-4d11-8520-a4e9d08141bb req-375246be-74ee-4d11-8520-a4e9d08141bb ] Request (ServersAdminTestJSON:test_inject_network_info): 200 GET http://10.180.1.21/compute/v2.1/servers/22889b96-78e6-4b9c-8b43-a423dfe509bc 0.350s
2025-05-07 12:49:23.371 69590 INFO tempest.lib.common.rest_client [req-f0692695-10c8-45f4-b7f5-3a2d6f811775 req-f0692695-10c8-45f4-b7f5-3a2d6f811775 ] Request (ServersWithSpecificFlavorTestJSON:test_verify_created_server_ephemeral_disk): 200 GET http://10.180.1.21/compute/v2.1/servers/2234356c-a233-4649-a30d-63af47b4e971 0.343s
2025-05-07 12:49:23.371 69616 INFO tempest.lib.common.rest_client [req-390ddcfc-e2c3-4040-8120-f8a3a3a48993 req-390ddcfc-e2c3-4040-8120-f8a3a3a48993 ] Request (VolumesAdminNegativeTest:test_update_attached_volume_with_nonexistent_volume_in_uri): 200 GET http://10.180.1.21/compute/v2.1/servers/7bcad6cc-6b37-498f-816d-2c84ffa08b6d 0.313s
2025-05-07 12:49:23.424 69618 INFO tempest.lib.common.rest_client [req-6e3d1052-5ecc-4d99-97a1-68da4dbf2023 req-6e3d1052-5ecc-4d99-97a1-68da4dbf2023 ] Request (ServerDiskConfigTestJSON:test_rebuild_server_with_auto_disk_config): 200 GET http://10.180.1.21/compute/v2.1/servers/f2314bad-495a-4344-bb55-3bed46135007 0.300s
2025-05-07 12:49:23.489 69626 INFO tempest.lib.common.rest_client [req-bee1a271-237d-42bb-aa81-f0d76904b0fa req-bee1a271-237d-42bb-aa81-f0d76904b0fa ] Request (ServersListShow298Test:test_list_show_update_rebuild_server_298): 200 GET http://10.180.1.21/compute/v2.1/servers/0a8b54ec-3f2c-4313-a47b-cc81e55c20f9 0.331s
2025-05-07 12:49:23.548 69588 INFO tempest.lib.common.rest_client [req-3ec0eb4a-7849-4403-8351-45e0048fad41 req-3ec0eb4a-7849-4403-8351-45e0048fad41 ] Request (ListServersNegativeTestJSON:setUpClass): 200 GET http://10.180.1.21/compute/v2.1/servers/1084ebd4-418b-452e-a59b-d139d536f4d6 0.343s
2025-05-07 12:49:23.604 69612 INFO tempest.lib.common.rest_client [req-7baeb1a1-3a69-445f-aeb4-49574a4ddd3b req-7baeb1a1-3a69-445f-aeb4-49574a4ddd3b ] Request (ServersAaction247Test:tearDownClass): 200 GET http://10.180.1.21/compute/v2.1/servers/873b054f-64dc-4d97-b89c-995dd3702690 0.296s
2025-05-07 12:49:23.679 69622 INFO tempest.lib.common.rest_client [req-32222ea4-c9b9-4e87-898d-e0734bf28c27 req-32222ea4-c9b9-4e87-898d-e0734bf28c27 ] Request (ServerRescueNegativeTestJSON:test_rescued_vm_detach_volume): 200 GET http://10.180.1.21/compute/v2.1/servers/07e6b1af-4468-4c40-92cb-6089417ff16f 0.583s
2025-05-07 12:49:23.753 69586 INFO tempest.lib.common.rest_client [req-08f00d12-6607-42e8-83e6-b7e31ee48978 req-08f00d12-6607-42e8-83e6-b7e31ee48978 ] Request (ServersNegativeTestJSON:setUpClass): 200 GET http://10.180.1.21/compute/v2.1/servers/5472357a-7746-41f9-9c0a-4edaaea0570a 0.312s
2025-05-07 12:49:23.756 69626 INFO tempest.lib.common.rest_client [req-64305744-b82f-4736-b2fa-80707a9df582 req-64305744-b82f-4736-b2fa-80707a9df582 ] Request (ServersListShow298Test:test_list_show_update_rebuild_server_298): 200 PUT http://10.180.1.21/compute/v2.1/servers/0a8b54ec-3f2c-4313-a47b-cc81e55c20f9 0.257s
2025-05-07 12:49:23.812 69592 INFO tempest.lib.common.rest_client [req-37e27243-d310-4351-8c04-4c4afbf998c0 req-37e27243-d310-4351-8c04-4c4afbf998c0 ] Request (AttachVolumeNegativeTest:test_attach_attached_volume_to_different_server): 200 GET http://10.180.1.21/compute/v2.1/servers/44c77d66-cb34-49be-a255-8cdf9efe6a18 0.222s
2025-05-07 12:49:23.829 69584 INFO tempest.lib.common.rest_client [req-63d37dd5-1c43-4ecf-b7a0-d5fc8555e9f0 req-63d37dd5-1c43-4ecf-b7a0-d5fc8555e9f0 ] Request (InstanceActionsNegativeTestJSON:tearDownClass): 200 GET http://10.180.1.21/compute/v2.1/servers/29b9af6b-f049-410e-b20f-5de1d3c84611 0.313s
2025-05-07 12:49:23.879 69644 INFO tempest.lib.common.rest_client [req-727d9cf7-2f09-41a5-9e72-f0ad33bc4677 req-727d9cf7-2f09-41a5-9e72-f0ad33bc4677 ] Request (DeleteServersAdminTestJSON:test_delete_server_while_in_error_state): 200 GET http://10.180.1.21/compute/v2.1/servers/9750dfe2-f2e7-42d3-9149-25ed9e0400f7 0.221s
2025-05-07 12:49:23.998 69640 INFO tempest.lib.common.rest_client [req-08680a51-bb60-4b8b-986a-0d0a95c18c37 req-08680a51-bb60-4b8b-986a-0d0a95c18c37 ] Request (ServerRescueTestJSONUnderV235:setUpClass): 200 GET http://10.180.1.21/compute/v2.1/servers/3c81e760-ffaa-4b84-bd9b-2e253f268dee 0.226s
2025-05-07 12:49:24.023 69594 INFO tempest.lib.common.rest_client [req-20000a09-6b67-44ef-b3ec-acda009b0fe4 req-20000a09-6b67-44ef-b3ec-acda009b0fe4 ] Request (ServersTestBootFromVolume:setUpClass): 200 GET http://10.180.1.21/volume/v3/volumes/30518ad5-bbb1-4eac-ac99-ce7406fbae45 0.032s
2025-05-07 12:49:24.030 69626 INFO tempest.lib.common.rest_client [req-8c8a6765-23b5-4e4f-ada2-c81e5d81ae9a req-8c8a6765-23b5-4e4f-ada2-c81e5d81ae9a ] Request (ServersListShow298Test:test_list_show_update_rebuild_server_298): 202 POST http://10.180.1.21/compute/v2.1/servers/0a8b54ec-3f2c-4313-a47b-cc81e55c20f9/action 0.263s
2025-05-07 12:49:24.069 69642 INFO tempest.lib.common.rest_client [req-8f0dd29b-bc25-4927-8227-31854f3faa66 req-8f0dd29b-bc25-4927-8227-31854f3faa66 ] Request (ServersTestMultiNic:_run_cleanups): 200 GET http://10.180.1.21/compute/v2.1/servers/d35dd075-3bec-4293-988f-9940f9fb78e3 0.223s
2025-05-07 12:49:24.124 69632 INFO tempest.lib.common.rest_client [req-de5a2764-eb5f-4ac9-9818-1f105fb8d336 req-de5a2764-eb5f-4ac9-9818-1f105fb8d336 ] Request (ImagesTestJSON:test_create_server_from_snapshot): 200 GET http://10.180.1.21/compute/v2.1/servers/a62be1cf-8c04-4bf4-8e04-c98b30bc90a8 0.217s
2025-05-07 12:49:24.133 69632 INFO tempest.common.waiters [-] State transition "BUILD/scheduling" ==> "BUILD/None" after 17 second wait
2025-05-07 12:49:24.157 69610 INFO tempest.lib.common.rest_client [req-e17c8acc-9862-4f56-8fbc-dfa4c2f3f758 req-e17c8acc-9862-4f56-8fbc-dfa4c2f3f758 ] Request (ServerActionsTestOtherA:setUpClass): 200 GET http://10.180.1.21/compute/v2.1/servers/42b6c9c6-967a-4f86-82a2-a341b1c1e750 0.287s
2025-05-07 12:49:24.187 69630 INFO tempest.lib.common.rest_client [req-364b9c7d-58d9-479e-b411-ac3938ea8b25 req-364b9c7d-58d9-479e-b411-ac3938ea8b25 ] Request (AttachVolumeShelveTestJSON:test_attach_volume_shelved_or_offload_server): 200 GET http://10.180.1.21/compute/v2.1/servers/efafcb8a-d402-44d8-af37-38262e35621c 0.274s
2025-05-07 12:49:24.209 69606 INFO tempest.lib.common.rest_client [req-ce04aa59-01a2-4c3a-8737-caf281dc073e req-ce04aa59-01a2-4c3a-8737-caf281dc073e ] Request (MigrationsAdminTest:test_resize_server_revert_deleted_flavor): 200 GET http://10.180.1.21/compute/v2.1/servers/47fd2a9c-238c-4f6c-b282-9f826920cfae 0.242s
2025-05-07 12:49:24.253 69598 INFO tempest.lib.common.rest_client [req-0e2c1b31-e699-478e-bb80-dd63013175e5 req-0e2c1b31-e699-478e-bb80-dd63013175e5 ] Request (AttachInterfacesUnderV243Test:_run_cleanups): 200 GET http://10.180.1.21/compute/v2.1/servers/fdadbd72-38cd-4ea8-be7a-cffd5bea01e0 0.276s
2025-05-07 12:49:24.271 69614 INFO tempest.lib.common.rest_client [req-7f9cea49-5689-4814-adb6-82158c37cb0a req-7f9cea49-5689-4814-adb6-82158c37cb0a ] Request (ListImageFiltersTestJSON:tearDownClass): 200 GET http://10.180.1.21/compute/v2.1/servers/fad3ad44-43cd-442e-8723-d27bbb893e0d 0.238s
2025-05-07 12:49:24.327 69636 INFO tempest.lib.common.rest_client [req-74cfc621-426c-430d-9da4-b85954426f91 req-74cfc621-426c-430d-9da4-b85954426f91 ] Request (SecurityGroupsTestJSON:test_list_security_groups_by_server): 200 GET http://10.180.1.21/compute/v2.1/servers/640e9a74-46d3-4f82-89f7-a540fa3e93e6 0.277s
2025-05-07 12:49:24.340 69626 INFO tempest.lib.common.rest_client [req-ad0113f2-a1a3-4621-b650-9ee0032541f2 req-ad0113f2-a1a3-4621-b650-9ee0032541f2 ] Request (ServersListShow298Test:test_list_show_update_rebuild_server_298): 200 GET http://10.180.1.21/compute/v2.1/servers/0a8b54ec-3f2c-4313-a47b-cc81e55c20f9 0.299s
2025-05-07 12:49:24.399 69608 INFO tempest.lib.common.rest_client [req-fc59e36c-12bd-4cf0-b499-a2413f4f3bf3 req-fc59e36c-12bd-4cf0-b499-a2413f4f3bf3 ] Request (AttachVolumeTestJSON:test_attach_detach_volume): 200 GET http://10.180.1.21/compute/v2.1/servers/5870abd0-1c2c-43ae-9c3e-6bf3c0862c05 0.211s
2025-05-07 12:49:24.410 69624 INFO tempest.lib.common.rest_client [req-22f5e76f-1c85-4b1e-9402-fcb4486f8542 req-22f5e76f-1c85-4b1e-9402-fcb4486f8542 ] Request (AttachInterfacesTestJSON:_run_cleanups): 200 GET http://10.180.1.21/compute/v2.1/servers/cb44961f-d39b-4a67-a568-780c0ac1ec7b 0.296s
2025-05-07 12:49:24.459 69647 INFO tempest.lib.common.rest_client [req-f99781ef-1656-40fe-ad9c-42f835a670de req-f99781ef-1656-40fe-ad9c-42f835a670de ] Request (FloatingIPsAssociationTestJSON:test_associate_already_associated_floating_ip): 200 GET http://10.180.1.21/compute/v2.1/servers/fe4ef999-119c-4235-85dd-f1848885b31a 0.232s
2025-05-07 12:49:24.478 69634 INFO tempest.lib.common.rest_client [req-cbf3cf14-3e59-4f5a-8de1-b11cc7d2e60d req-cbf3cf14-3e59-4f5a-8de1-b11cc7d2e60d ] Request (ServersAdmin275Test:tearDownClass): 200 GET http://10.180.1.21/compute/v2.1/servers/c07106a3-0134-4602-9263-f7359c8d5367 0.162s
2025-05-07 12:49:24.570 69590 INFO tempest.lib.common.rest_client [req-9872a906-6aee-4322-8d11-a67e0c216716 req-9872a906-6aee-4322-8d11-a67e0c216716 ] Request (ServersWithSpecificFlavorTestJSON:test_verify_created_server_ephemeral_disk): 200 GET http://10.180.1.21/compute/v2.1/servers/2234356c-a233-4649-a30d-63af47b4e971 0.188s
2025-05-07 12:49:24.593 69602 INFO tempest.lib.common.rest_client [req-6b780fbf-24a8-4aed-8c92-eb3006ed0f04 req-6b780fbf-24a8-4aed-8c92-eb3006ed0f04 ] Request (ServersAdminTestJSON:test_inject_network_info): 200 GET http://10.180.1.21/compute/v2.1/servers/22889b96-78e6-4b9c-8b43-a423dfe509bc 0.267s
2025-05-07 12:49:24.642 69616 INFO tempest.lib.common.rest_client [req-92a60c23-165c-487f-b215-b19299f4ccb1 req-92a60c23-165c-487f-b215-b19299f4ccb1 ] Request (VolumesAdminNegativeTest:test_update_attached_volume_with_nonexistent_volume_in_uri): 200 GET http://10.180.1.21/compute/v2.1/servers/7bcad6cc-6b37-498f-816d-2c84ffa08b6d 0.259s
2025-05-07 12:49:24.661 69618 INFO tempest.lib.common.rest_client [req-18f68cb7-98a4-4a16-baf0-cb372eb5959e req-18f68cb7-98a4-4a16-baf0-cb372eb5959e ] Request (ServerDiskConfigTestJSON:test_rebuild_server_with_auto_disk_config): 200 GET http://10.180.1.21/compute/v2.1/servers/f2314bad-495a-4344-bb55-3bed46135007 0.226s
2025-05-07 12:49:24.706 69588 INFO tempest.lib.common.rest_client [req-5b7aab8b-93e1-43c9-8798-e8df62364cae req-5b7aab8b-93e1-43c9-8798-e8df62364cae ] Request (ListServersNegativeTestJSON:setUpClass): 200 GET http://10.180.1.21/compute/v2.1/servers/1084ebd4-418b-452e-a59b-d139d536f4d6 0.147s
2025-05-07 12:49:24.725 69612 INFO tempest.lib.common.rest_client [req-ba1a9e00-2555-4e99-bd7a-f30c26203645 req-ba1a9e00-2555-4e99-bd7a-f30c26203645 ] Request (ServersAaction247Test:tearDownClass): 200 GET http://10.180.1.21/compute/v2.1/servers/873b054f-64dc-4d97-b89c-995dd3702690 0.112s
2025-05-07 12:49:24.761 69622 INFO tempest.lib.common.rest_client [req-4061ec19-f0d0-4ddc-b6d8-464f07e78974 req-4061ec19-f0d0-4ddc-b6d8-464f07e78974 ] Request (ServerRescueNegativeTestJSON:test_rescued_vm_detach_volume): 200 GET http://10.180.1.21/compute/v2.1/servers/07e6b1af-4468-4c40-92cb-6089417ff16f 0.073s
2025-05-07 12:49:24.876 69586 INFO tempest.lib.common.rest_client [req-9d6e10d1-c659-4aa4-8784-de130a1f5004 req-9d6e10d1-c659-4aa4-8784-de130a1f5004 ] Request (ServersNegativeTestJSON:setUpClass): 200 GET http://10.180.1.21/compute/v2.1/servers/5472357a-7746-41f9-9c0a-4edaaea0570a 0.115s
2025-05-07 12:49:24.888 69586 INFO tempest.common.waiters [-] State transition "BUILD/spawning" ==> "ACTIVE/None" after 88 second wait
2025-05-07 12:49:24.893 69592 INFO tempest.lib.common.rest_client [req-74f2f638-bacf-4e22-afd9-9b359c25c7c6 req-74f2f638-bacf-4e22-afd9-9b359c25c7c6 ] Request (AttachVolumeNegativeTest:test_attach_attached_volume_to_different_server): 200 GET http://10.180.1.21/compute/v2.1/servers/44c77d66-cb34-49be-a255-8cdf9efe6a18 0.069s
2025-05-07 12:49:24.952 69584 INFO tempest.lib.common.rest_client [req-82e55035-6656-4a7a-8a24-a97f535bc3b8 req-82e55035-6656-4a7a-8a24-a97f535bc3b8 ] Request (InstanceActionsNegativeTestJSON:tearDownClass): 200 GET http://10.180.1.21/compute/v2.1/servers/29b9af6b-f049-410e-b20f-5de1d3c84611 0.115s
2025-05-07 12:49:24.977 69586 INFO tempest.lib.common.rest_client [req-b7373390-2e8b-4954-945a-d33ca1c6d319 req-b7373390-2e8b-4954-945a-d33ca1c6d319 ] Request (ServersNegativeTestJSON:setUpClass): 204 DELETE http://10.180.1.21/compute/v2.1/servers/5472357a-7746-41f9-9c0a-4edaaea0570a 0.088s
2025-05-07 12:49:25.022 69644 INFO tempest.lib.common.rest_client [req-7d7317c1-7e83-4201-93f6-6f4031a1f104 req-7d7317c1-7e83-4201-93f6-6f4031a1f104 ] Request (DeleteServersAdminTestJSON:test_delete_server_while_in_error_state): 200 GET http://10.180.1.21/compute/v2.1/servers/9750dfe2-f2e7-42d3-9149-25ed9e0400f7 0.129s
2025-05-07 12:49:25.064 69594 INFO tempest.lib.common.rest_client [req-74e63951-38df-4871-b162-3f06070789c0 req-74e63951-38df-4871-b162-3f06070789c0 ] Request (ServersTestBootFromVolume:setUpClass): 200 GET http://10.180.1.21/volume/v3/volumes/30518ad5-bbb1-4eac-ac99-ce7406fbae45 0.029s
2025-05-07 12:49:25.128 69640 INFO tempest.lib.common.rest_client [req-74d53854-5ea9-45fd-b1af-660f4756f693 req-74d53854-5ea9-45fd-b1af-660f4756f693 ] Request (ServerRescueTestJSONUnderV235:setUpClass): 200 GET http://10.180.1.21/compute/v2.1/servers/3c81e760-ffaa-4b84-bd9b-2e253f268dee 0.115s
2025-05-07 12:49:25.138 69586 INFO tempest.lib.common.rest_client [req-a7f84603-71e2-48a1-af22-dd16136f6779 req-a7f84603-71e2-48a1-af22-dd16136f6779 ] Request (ServersNegativeTestJSON:setUpClass): 200 GET http://10.180.1.21/compute/v2.1/servers/5472357a-7746-41f9-9c0a-4edaaea0570a 0.160s
2025-05-07 12:49:25.212 69642 INFO tempest.lib.common.rest_client [req-ba35cb55-55be-40be-a9d4-131340b8ac83 req-ba35cb55-55be-40be-a9d4-131340b8ac83 ] Request (ServersTestMultiNic:_run_cleanups): 200 GET http://10.180.1.21/compute/v2.1/servers/d35dd075-3bec-4293-988f-9940f9fb78e3 0.135s
2025-05-07 12:49:25.212 69632 INFO tempest.lib.common.rest_client [req-7c1d382d-fe1d-4ec4-a9b9-500d573a9ef4 req-7c1d382d-fe1d-4ec4-a9b9-500d573a9ef4 ] Request (ImagesTestJSON:test_create_server_from_snapshot): 200 GET http://10.180.1.21/compute/v2.1/servers/a62be1cf-8c04-4bf4-8e04-c98b30bc90a8 0.078s
2025-05-07 12:49:25.284 69630 INFO tempest.lib.common.rest_client [req-731d8886-82d1-481e-9bc9-1a9578759ab7 req-731d8886-82d1-481e-9bc9-1a9578759ab7 ] Request (AttachVolumeShelveTestJSON:test_attach_volume_shelved_or_offload_server): 200 GET http://10.180.1.21/compute/v2.1/servers/efafcb8a-d402-44d8-af37-38262e35621c 0.088s
2025-05-07 12:49:25.337 69606 INFO tempest.lib.common.rest_client [req-da2c2538-82c1-40d5-8a51-92961b24698a req-da2c2538-82c1-40d5-8a51-92961b24698a ] Request (MigrationsAdminTest:test_resize_server_revert_deleted_flavor): 200 GET http://10.180.1.21/compute/v2.1/servers/47fd2a9c-238c-4f6c-b282-9f826920cfae 0.118s
2025-05-07 12:49:25.362 69610 INFO tempest.lib.common.rest_client [req-f1200079-d5de-4246-bde0-8b7dbde015de req-f1200079-d5de-4246-bde0-8b7dbde015de ] Request (ServerActionsTestOtherA:setUpClass): 200 GET http://10.180.1.21/compute/v2.1/servers/42b6c9c6-967a-4f86-82a2-a341b1c1e750 0.192s
2025-05-07 12:49:25.396 69598 INFO tempest.lib.common.rest_client [req-6e5bff68-9fc8-429d-9e42-1d27c0258bf7 req-6e5bff68-9fc8-429d-9e42-1d27c0258bf7 ] Request (AttachInterfacesUnderV243Test:_run_cleanups): 200 GET http://10.180.1.21/compute/v2.1/servers/fdadbd72-38cd-4ea8-be7a-cffd5bea01e0 0.130s
2025-05-07 12:49:25.424 69614 INFO tempest.lib.common.rest_client [req-87d789ba-2d1c-416f-9a50-c22380771630 req-87d789ba-2d1c-416f-9a50-c22380771630 ] Request (ListImageFiltersTestJSON:tearDownClass): 200 GET http://10.180.1.21/compute/v2.1/servers/fad3ad44-43cd-442e-8723-d27bbb893e0d 0.139s
2025-05-07 12:49:25.448 69636 INFO tempest.lib.common.rest_client [req-4e06914f-fc6f-4084-b7fb-7901b55dbb5d req-4e06914f-fc6f-4084-b7fb-7901b55dbb5d ] Request (SecurityGroupsTestJSON:test_list_security_groups_by_server): 200 GET http://10.180.1.21/compute/v2.1/servers/640e9a74-46d3-4f82-89f7-a540fa3e93e6 0.107s
2025-05-07 12:49:25.501 69608 INFO tempest.lib.common.rest_client [req-be424ecd-60e2-4607-8ae5-ba6d0d8a07e5 req-be424ecd-60e2-4607-8ae5-ba6d0d8a07e5 ] Request (AttachVolumeTestJSON:test_attach_detach_volume): 200 GET http://10.180.1.21/compute/v2.1/servers/5870abd0-1c2c-43ae-9c3e-6bf3c0862c05 0.085s
2025-05-07 12:49:25.504 69626 INFO tempest.lib.common.rest_client [req-3dae6327-9b85-4caf-9742-ac316b4425bf req-3dae6327-9b85-4caf-9742-ac316b4425bf ] Request (ServersListShow298Test:test_list_show_update_rebuild_server_298): 200 GET http://10.180.1.21/compute/v2.1/servers/0a8b54ec-3f2c-4313-a47b-cc81e55c20f9 0.145s
2025-05-07 12:49:25.554 69647 INFO tempest.lib.common.rest_client [req-d2fa9b1d-397f-4ad6-91c5-7be40735e426 req-d2fa9b1d-397f-4ad6-91c5-7be40735e426 ] Request (FloatingIPsAssociationTestJSON:test_associate_already_associated_floating_ip): 200 GET http://10.180.1.21/compute/v2.1/servers/fe4ef999-119c-4235-85dd-f1848885b31a 0.086s
2025-05-07 12:49:25.561 69624 INFO tempest.lib.common.rest_client [req-2a1e5cf6-8ff7-4867-880b-61df566b8910 req-2a1e5cf6-8ff7-4867-880b-61df566b8910 ] Request (AttachInterfacesTestJSON:_run_cleanups): 200 GET http://10.180.1.21/compute/v2.1/servers/cb44961f-d39b-4a67-a568-780c0ac1ec7b 0.139s
2025-05-07 12:49:25.613 69634 INFO tempest.lib.common.rest_client [req-b941bcf4-6282-497b-86f6-ce73f3fd857a req-b941bcf4-6282-497b-86f6-ce73f3fd857a ] Request (ServersAdmin275Test:tearDownClass): 200 GET http://10.180.1.21/compute/v2.1/servers/c07106a3-0134-4602-9263-f7359c8d5367 0.121s
2025-05-07 12:49:25.631 69590 INFO tempest.lib.common.rest_client [req-81b4e1bc-c200-4748-9745-283a4ea23105 req-81b4e1bc-c200-4748-9745-283a4ea23105 ] Request (ServersWithSpecificFlavorTestJSON:test_verify_created_server_ephemeral_disk): 200 GET http://10.180.1.21/compute/v2.1/servers/2234356c-a233-4649-a30d-63af47b4e971 0.053s
2025-05-07 12:49:25.706 69616 INFO tempest.lib.common.rest_client [req-b3b2002e-0dc2-49aa-a29c-508af5071180 req-b3b2002e-0dc2-49aa-a29c-508af5071180 ] Request (VolumesAdminNegativeTest:test_update_attached_volume_with_nonexistent_volume_in_uri): 200 GET http://10.180.1.21/compute/v2.1/servers/7bcad6cc-6b37-498f-816d-2c84ffa08b6d 0.054s
2025-05-07 12:49:25.737 69602 INFO tempest.lib.common.rest_client [req-bf665e86-59f0-4250-9daf-718f5ba01085 req-bf665e86-59f0-4250-9daf-718f5ba01085 ] Request (ServersAdminTestJSON:test_inject_network_info): 200 GET http://10.180.1.21/compute/v2.1/servers/22889b96-78e6-4b9c-8b43-a423dfe509bc 0.132s
2025-05-07 12:49:25.757 69618 INFO tempest.lib.common.rest_client [req-396f4089-898e-4674-90ef-347c0afa9cf4 req-396f4089-898e-4674-90ef-347c0afa9cf4 ] Request (ServerDiskConfigTestJSON:test_rebuild_server_with_auto_disk_config): 200 GET http://10.180.1.21/compute/v2.1/servers/f2314bad-495a-4344-bb55-3bed46135007 0.088s
2025-05-07 12:49:25.801 69588 INFO tempest.lib.common.rest_client [req-0f0107f2-4f6a-49a6-b3e1-feb48d65ed98 req-0f0107f2-4f6a-49a6-b3e1-feb48d65ed98 ] Request (ListServersNegativeTestJSON:setUpClass): 200 GET http://10.180.1.21/compute/v2.1/servers/1084ebd4-418b-452e-a59b-d139d536f4d6 0.086s
2025-05-07 12:49:25.834 69612 INFO tempest.lib.common.rest_client [req-3e73c5ba-897a-45d7-9028-e22345975994 req-3e73c5ba-897a-45d7-9028-e22345975994 ] Request (ServersAaction247Test:tearDownClass): 200 GET http://10.180.1.21/compute/v2.1/servers/873b054f-64dc-4d97-b89c-995dd3702690 0.100s
2025-05-07 12:49:25.849 69622 INFO tempest.lib.common.rest_client [req-51bd9cae-fb1d-4b78-85cf-6e86ec8ae22f req-51bd9cae-fb1d-4b78-85cf-6e86ec8ae22f ] Request (ServerRescueNegativeTestJSON:test_rescued_vm_detach_volume): 200 GET http://10.180.1.21/compute/v2.1/servers/07e6b1af-4468-4c40-92cb-6089417ff16f 0.078s
2025-05-07 12:49:25.962 69592 INFO tempest.lib.common.rest_client [req-d7989a8c-f87b-4a04-be39-8de65d8dddef req-d7989a8c-f87b-4a04-be39-8de65d8dddef ] Request (AttachVolumeNegativeTest:test_attach_attached_volume_to_different_server): 200 GET http://10.180.1.21/compute/v2.1/servers/44c77d66-cb34-49be-a255-8cdf9efe6a18 0.060s
2025-05-07 12:49:26.029 69584 INFO tempest.lib.common.rest_client [req-c922364b-3e59-45de-838a-4ac046879c48 req-c922364b-3e59-45de-838a-4ac046879c48 ] Request (InstanceActionsNegativeTestJSON:tearDownClass): 200 GET http://10.180.1.21/compute/v2.1/servers/29b9af6b-f049-410e-b20f-5de1d3c84611 0.068s
2025-05-07 12:49:26.098 69644 INFO tempest.lib.common.rest_client [req-8859a0f0-98fd-40db-b8cf-2f481019ce0c req-8859a0f0-98fd-40db-b8cf-2f481019ce0c ] Request (DeleteServersAdminTestJSON:test_delete_server_while_in_error_state): 200 GET http://10.180.1.21/compute/v2.1/servers/9750dfe2-f2e7-42d3-9149-25ed9e0400f7 0.068s
2025-05-07 12:49:26.104 69594 INFO tempest.lib.common.rest_client [req-69b522f6-4fc0-4f09-8aac-bc1b17b09094 req-69b522f6-4fc0-4f09-8aac-bc1b17b09094 ] Request (ServersTestBootFromVolume:setUpClass): 200 GET http://10.180.1.21/volume/v3/volumes/30518ad5-bbb1-4eac-ac99-ce7406fbae45 0.032s
2025-05-07 12:49:26.107 69644 INFO tempest.common.waiters [-] State transition "BUILD/scheduling" ==> "BUILD/None" after 19 second wait
2025-05-07 12:49:26.297 69640 INFO tempest.lib.common.rest_client [req-d6131037-7586-4185-8fcb-fed1bfc8dfae req-d6131037-7586-4185-8fcb-fed1bfc8dfae ] Request (ServerRescueTestJSONUnderV235:setUpClass): 200 GET http://10.180.1.21/compute/v2.1/servers/3c81e760-ffaa-4b84-bd9b-2e253f268dee 0.160s
2025-05-07 12:49:26.301 69586 INFO tempest.lib.common.rest_client [req-e5e65ac9-e3bd-454b-9c83-3f4eb6cdeb93 req-e5e65ac9-e3bd-454b-9c83-3f4eb6cdeb93 ] Request (ServersNegativeTestJSON:setUpClass): 200 GET http://10.180.1.21/compute/v2.1/servers/5472357a-7746-41f9-9c0a-4edaaea0570a 0.155s
2025-05-07 12:49:26.355 69632 INFO tempest.lib.common.rest_client [req-b6f5c186-dbcf-4fe5-9f2b-8eb1552b7be9 req-b6f5c186-dbcf-4fe5-9f2b-8eb1552b7be9 ] Request (ImagesTestJSON:test_create_server_from_snapshot): 200 GET http://10.180.1.21/compute/v2.1/servers/a62be1cf-8c04-4bf4-8e04-c98b30bc90a8 0.133s
2025-05-07 12:49:26.375 69642 INFO tempest.lib.common.rest_client [req-e7f72e66-415e-4b4f-a64a-c519ef21731d req-e7f72e66-415e-4b4f-a64a-c519ef21731d ] Request (ServersTestMultiNic:_run_cleanups): 200 GET http://10.180.1.21/compute/v2.1/servers/d35dd075-3bec-4293-988f-9940f9fb78e3 0.152s
2025-05-07 12:49:26.411 69630 INFO tempest.lib.common.rest_client [req-6935e9cc-8c53-4540-9484-168c0363eb73 req-6935e9cc-8c53-4540-9484-168c0363eb73 ] Request (AttachVolumeShelveTestJSON:test_attach_volume_shelved_or_offload_server): 200 GET http://10.180.1.21/compute/v2.1/servers/efafcb8a-d402-44d8-af37-38262e35621c 0.115s
2025-05-07 12:49:26.435 69606 INFO tempest.lib.common.rest_client [req-97c45d2e-7719-43ec-b985-fbdfc77cdd5f req-97c45d2e-7719-43ec-b985-fbdfc77cdd5f ] Request (MigrationsAdminTest:test_resize_server_revert_deleted_flavor): 200 GET http://10.180.1.21/compute/v2.1/servers/47fd2a9c-238c-4f6c-b282-9f826920cfae 0.091s
2025-05-07 12:49:26.501 69598 INFO tempest.lib.common.rest_client [req-a44e7797-1228-4cef-af77-1795f47e79ec req-a44e7797-1228-4cef-af77-1795f47e79ec ] Request (AttachInterfacesUnderV243Test:_run_cleanups): 200 GET http://10.180.1.21/compute/v2.1/servers/fdadbd72-38cd-4ea8-be7a-cffd5bea01e0 0.097s
2025-05-07 12:49:26.515 69610 INFO tempest.lib.common.rest_client [req-1113d312-d899-45b3-ad5c-fccaa8751da6 req-1113d312-d899-45b3-ad5c-fccaa8751da6 ] Request (ServerActionsTestOtherA:setUpClass): 200 GET http://10.180.1.21/compute/v2.1/servers/42b6c9c6-967a-4f86-82a2-a341b1c1e750 0.143s
2025-05-07 12:49:26.571 69614 INFO tempest.lib.common.rest_client [req-4e3e2fdc-2649-4fa8-99c6-bc5250693b1a req-4e3e2fdc-2649-4fa8-99c6-bc5250693b1a ] Request (ListImageFiltersTestJSON:tearDownClass): 200 GET http://10.180.1.21/compute/v2.1/servers/fad3ad44-43cd-442e-8723-d27bbb893e0d 0.138s
2025-05-07 12:49:26.584 69636 INFO tempest.lib.common.rest_client [req-c0c4be68-727e-45a9-a128-869d0facc7a5 req-c0c4be68-727e-45a9-a128-869d0facc7a5 ] Request (SecurityGroupsTestJSON:test_list_security_groups_by_server): 200 GET http://10.180.1.21/compute/v2.1/servers/640e9a74-46d3-4f82-89f7-a540fa3e93e6 0.126s
2025-05-07 12:49:26.636 69608 INFO tempest.lib.common.rest_client [req-1ec07454-e0b6-4d07-856a-ddbb25e335d9 req-1ec07454-e0b6-4d07-856a-ddbb25e335d9 ] Request (AttachVolumeTestJSON:test_attach_detach_volume): 200 GET http://10.180.1.21/compute/v2.1/servers/5870abd0-1c2c-43ae-9c3e-6bf3c0862c05 0.127s
2025-05-07 12:49:26.659 69626 INFO tempest.lib.common.rest_client [req-9c5cf6ef-1f5e-48ae-88da-df34764b2275 req-9c5cf6ef-1f5e-48ae-88da-df34764b2275 ] Request (ServersListShow298Test:test_list_show_update_rebuild_server_298): 200 GET http://10.180.1.21/compute/v2.1/servers/0a8b54ec-3f2c-4313-a47b-cc81e55c20f9 0.142s
2025-05-07 12:49:26.687 69647 INFO tempest.lib.common.rest_client [req-2fb0ec37-9418-40fe-a914-10a27a36bc6b req-2fb0ec37-9418-40fe-a914-10a27a36bc6b ] Request (FloatingIPsAssociationTestJSON:test_associate_already_associated_floating_ip): 200 GET http://10.180.1.21/compute/v2.1/servers/fe4ef999-119c-4235-85dd-f1848885b31a 0.123s
2025-05-07 12:49:26.729 69624 INFO tempest.lib.common.rest_client [req-8da13357-8ef8-47a7-909a-2bb3343f717d req-8da13357-8ef8-47a7-909a-2bb3343f717d ] Request (AttachInterfacesTestJSON:_run_cleanups): 200 GET http://10.180.1.21/compute/v2.1/servers/cb44961f-d39b-4a67-a568-780c0ac1ec7b 0.160s
2025-05-07 12:49:26.757 69634 INFO tempest.lib.common.rest_client [req-cd80248b-2d23-46e4-af92-58138ec5cf6e req-cd80248b-2d23-46e4-af92-58138ec5cf6e ] Request (ServersAdmin275Test:tearDownClass): 200 GET http://10.180.1.21/compute/v2.1/servers/c07106a3-0134-4602-9263-f7359c8d5367 0.133s
2025-05-07 12:49:26.780 69590 INFO tempest.lib.common.rest_client [req-376bb413-c607-408b-b31f-ee61dc67bca7 req-376bb413-c607-408b-b31f-ee61dc67bca7 ] Request (ServersWithSpecificFlavorTestJSON:test_verify_created_server_ephemeral_disk): 200 GET http://10.180.1.21/compute/v2.1/servers/2234356c-a233-4649-a30d-63af47b4e971 0.139s
2025-05-07 12:49:26.806 69616 INFO tempest.lib.common.rest_client [req-de44860d-98c9-42e9-a590-d27322ed7e96 req-de44860d-98c9-42e9-a590-d27322ed7e96 ] Request (VolumesAdminNegativeTest:test_update_attached_volume_with_nonexistent_volume_in_uri): 200 GET http://10.180.1.21/compute/v2.1/servers/7bcad6cc-6b37-498f-816d-2c84ffa08b6d 0.091s
2025-05-07 12:49:26.853 69618 INFO tempest.lib.common.rest_client [req-1abaae1c-b535-4887-a99a-4087192d49c3 req-1abaae1c-b535-4887-a99a-4087192d49c3 ] Request (ServerDiskConfigTestJSON:test_rebuild_server_with_auto_disk_config): 200 GET http://10.180.1.21/compute/v2.1/servers/f2314bad-495a-4344-bb55-3bed46135007 0.087s
2025-05-07 12:49:26.869 69602 INFO tempest.lib.common.rest_client [req-30abf26b-f99d-4aa3-8492-f78d9be6dbbd req-30abf26b-f99d-4aa3-8492-f78d9be6dbbd ] Request (ServersAdminTestJSON:test_inject_network_info): 200 GET http://10.180.1.21/compute/v2.1/servers/22889b96-78e6-4b9c-8b43-a423dfe509bc 0.124s
2025-05-07 12:49:26.888 69612 INFO tempest.lib.common.rest_client [req-e2671ea3-acf6-4f40-bbb7-50a6acb4c63d req-e2671ea3-acf6-4f40-bbb7-50a6acb4c63d ] Request (ServersAaction247Test:tearDownClass): 404 GET http://10.180.1.21/compute/v2.1/servers/873b054f-64dc-4d97-b89c-995dd3702690 0.045s
2025-05-07 12:49:26.908 69588 INFO tempest.lib.common.rest_client [req-a9c191ae-b079-4183-8134-f756ecaad147 req-a9c191ae-b079-4183-8134-f756ecaad147 ] Request (ListServersNegativeTestJSON:setUpClass): 200 GET http://10.180.1.21/compute/v2.1/servers/1084ebd4-418b-452e-a59b-d139d536f4d6 0.100s
2025-05-07 12:49:26.941 69622 INFO tempest.lib.common.rest_client [req-caecab59-da9c-455f-91f4-53d2114a331f req-caecab59-da9c-455f-91f4-53d2114a331f ] Request (ServerRescueNegativeTestJSON:test_rescued_vm_detach_volume): 200 GET http://10.180.1.21/compute/v2.1/servers/07e6b1af-4468-4c40-92cb-6089417ff16f 0.084s
2025-05-07 12:49:27.002 69612 INFO tempest.lib.common.rest_client [req-9d4ba61f-79ba-47fe-88b5-794e8e92e22c req-9d4ba61f-79ba-47fe-88b5-794e8e92e22c ] Request (ServersAaction247Test:tearDownClass): 204 DELETE http://10.180.1.21/identity/v3/users/74e3af1e25254ebfa69b3b6fcae2694d 0.113s
2025-05-07 12:49:27.003 69612 INFO tempest.lib.common.dynamic_creds [-] Deleting project and security group for project: b1cb3a3474774e71b77114ce459445d1
2025-05-07 12:49:27.022 69592 INFO tempest.lib.common.rest_client [req-ac5e2812-9062-413b-a870-e804648d5bc1 req-ac5e2812-9062-413b-a870-e804648d5bc1 ] Request (AttachVolumeNegativeTest:test_attach_attached_volume_to_different_server): 200 GET http://10.180.1.21/compute/v2.1/servers/44c77d66-cb34-49be-a255-8cdf9efe6a18 0.052s
2025-05-07 12:49:27.061 69612 INFO tempest.lib.common.rest_client [req-bad6067a-a01f-467a-886b-a5b5ad8ac847 req-bad6067a-a01f-467a-886b-a5b5ad8ac847 ] Request (ServersAaction247Test:tearDownClass): 201 POST http://10.180.1.21/identity/v3/auth/tokens 0.058s
2025-05-07 12:49:27.100 69584 INFO tempest.lib.common.rest_client [req-e676f013-9bb9-4f00-a17c-ecc491ef2a22 req-e676f013-9bb9-4f00-a17c-ecc491ef2a22 ] Request (InstanceActionsNegativeTestJSON:tearDownClass): 200 GET http://10.180.1.21/compute/v2.1/servers/29b9af6b-f049-410e-b20f-5de1d3c84611 0.062s
2025-05-07 12:49:27.145 69594 INFO tempest.lib.common.rest_client [req-46606b3f-20f4-498c-9548-705149540cf9 req-46606b3f-20f4-498c-9548-705149540cf9 ] Request (ServersTestBootFromVolume:setUpClass): 200 GET http://10.180.1.21/volume/v3/volumes/30518ad5-bbb1-4eac-ac99-ce7406fbae45 0.033s
2025-05-07 12:49:27.171 69644 INFO tempest.lib.common.rest_client [req-70e224bd-1154-401c-84b1-00f38243fda9 req-70e224bd-1154-401c-84b1-00f38243fda9 ] Request (DeleteServersAdminTestJSON:test_delete_server_while_in_error_state): 200 GET http://10.180.1.21/compute/v2.1/servers/9750dfe2-f2e7-42d3-9149-25ed9e0400f7 0.063s
2025-05-07 12:49:27.290 69612 INFO tempest.lib.common.rest_client [req-5ba5df92-5616-4e45-a446-5c0c67a8138c req-5ba5df92-5616-4e45-a446-5c0c67a8138c ] Request (ServersAaction247Test:tearDownClass): 200 GET http://10.180.1.21:9696/networking/v2.0/security-groups?tenant_id=b1cb3a3474774e71b77114ce459445d1&name=default 0.229s
2025-05-07 12:49:27.424 69612 INFO tempest.lib.common.rest_client [req-1afc5391-e1af-4e9e-9e2d-c6a3aa4b9969 req-1afc5391-e1af-4e9e-9e2d-c6a3aa4b9969 ] Request (ServersAaction247Test:tearDownClass): 204 DELETE http://10.180.1.21:9696/networking/v2.0/security-groups/9720365d-165b-4404-a7c8-00502fc784af 0.133s
2025-05-07 12:49:27.444 69640 INFO tempest.lib.common.rest_client [req-51a0abfa-2019-40c7-82bc-943eabb5f680 req-51a0abfa-2019-40c7-82bc-943eabb5f680 ] Request (ServerRescueTestJSONUnderV235:setUpClass): 200 GET http://10.180.1.21/compute/v2.1/servers/3c81e760-ffaa-4b84-bd9b-2e253f268dee 0.138s
2025-05-07 12:49:27.452 69640 INFO tempest.common.waiters [-] State transition "ACTIVE/rescuing" ==> "RESCUE/None" after 9 second wait
2025-05-07 12:49:27.460 69586 INFO tempest.lib.common.rest_client [req-c36771b0-bcf1-48af-8900-974469dfe164 req-c36771b0-bcf1-48af-8900-974469dfe164 ] Request (ServersNegativeTestJSON:setUpClass): 200 GET http://10.180.1.21/compute/v2.1/servers/5472357a-7746-41f9-9c0a-4edaaea0570a 0.150s
2025-05-07 12:49:27.517 69612 INFO tempest.lib.common.rest_client [req-509a9336-056f-4848-8a8c-ef2f6d0bbf69 req-509a9336-056f-4848-8a8c-ef2f6d0bbf69 ] Request (ServersAaction247Test:tearDownClass): 204 DELETE http://10.180.1.21/identity/v3/projects/b1cb3a3474774e71b77114ce459445d1 0.093s
2025-05-07 12:49:27.526 69642 INFO tempest.lib.common.rest_client [req-9338d2bf-670c-48f1-8cb6-f52a173dfdf9 req-9338d2bf-670c-48f1-8cb6-f52a173dfdf9 ] Request (ServersTestMultiNic:_run_cleanups): 200 GET http://10.180.1.21/compute/v2.1/servers/d35dd075-3bec-4293-988f-9940f9fb78e3 0.144s
2025-05-07 12:49:27.529 69632 INFO tempest.lib.common.rest_client [req-b3aa88ae-3d9c-489e-b75a-184d1025e3ee req-b3aa88ae-3d9c-489e-b75a-184d1025e3ee ] Request (ImagesTestJSON:test_create_server_from_snapshot): 200 GET http://10.180.1.21/compute/v2.1/servers/a62be1cf-8c04-4bf4-8e04-c98b30bc90a8 0.163s
2025-05-07 12:49:27.589 69630 INFO tempest.lib.common.rest_client [req-0091a506-c37b-4191-8078-ab52b88e66ef req-0091a506-c37b-4191-8078-ab52b88e66ef ] Request (AttachVolumeShelveTestJSON:test_attach_volume_shelved_or_offload_server): 200 GET http://10.180.1.21/compute/v2.1/servers/efafcb8a-d402-44d8-af37-38262e35621c 0.167s
2025-05-07 12:49:27.594 69606 INFO tempest.lib.common.rest_client [req-79bbdbad-4573-496b-9844-8cc5914e9a6d req-79bbdbad-4573-496b-9844-8cc5914e9a6d ] Request (MigrationsAdminTest:test_resize_server_revert_deleted_flavor): 200 GET http://10.180.1.21/compute/v2.1/servers/47fd2a9c-238c-4f6c-b282-9f826920cfae 0.151s
2025-05-07 12:49:27.663 69598 INFO tempest.lib.common.rest_client [req-a49470c3-c6d2-462e-83bd-7aa085cf38f4 req-a49470c3-c6d2-462e-83bd-7aa085cf38f4 ] Request (AttachInterfacesUnderV243Test:_run_cleanups): 200 GET http://10.180.1.21/compute/v2.1/servers/fdadbd72-38cd-4ea8-be7a-cffd5bea01e0 0.153s
2025-05-07 12:49:27.719 69640 INFO tempest.lib.common.rest_client [req-a332a584-f58b-466d-a1fb-88598cd43e0e req-a332a584-f58b-466d-a1fb-88598cd43e0e ] Request (ServerRescueTestJSONUnderV235:test_rescued_vm_add_remove_security_group): 200 POST http://10.180.1.21/compute/v2.1/os-security-groups 0.266s
2025-05-07 12:49:27.775 69610 INFO tempest.lib.common.rest_client [req-28d31acb-b348-447f-8fdd-9cc96ce146f0 req-28d31acb-b348-447f-8fdd-9cc96ce146f0 ] Request (ServerActionsTestOtherA:setUpClass): 200 GET http://10.180.1.21/compute/v2.1/servers/42b6c9c6-967a-4f86-82a2-a341b1c1e750 0.252s
2025-05-07 12:49:27.831 69636 INFO tempest.lib.common.rest_client [req-8bb52c38-abee-4256-bcf8-67e936f1f856 req-8bb52c38-abee-4256-bcf8-67e936f1f856 ] Request (SecurityGroupsTestJSON:test_list_security_groups_by_server): 200 GET http://10.180.1.21/compute/v2.1/servers/640e9a74-46d3-4f82-89f7-a540fa3e93e6 0.233s
2025-05-07 12:49:27.832 69614 INFO tempest.lib.common.rest_client [req-a570ad4f-2acd-42df-b753-a812912aabf8 req-a570ad4f-2acd-42df-b753-a812912aabf8 ] Request (ListImageFiltersTestJSON:tearDownClass): 200 GET http://10.180.1.21/compute/v2.1/servers/fad3ad44-43cd-442e-8723-d27bbb893e0d 0.251s
2025-05-07 12:49:27.887 69608 INFO tempest.lib.common.rest_client [req-33b8059a-cc21-4552-8f82-00fa0558100e req-33b8059a-cc21-4552-8f82-00fa0558100e ] Request (AttachVolumeTestJSON:test_attach_detach_volume): 200 GET http://10.180.1.21/compute/v2.1/servers/5870abd0-1c2c-43ae-9c3e-6bf3c0862c05 0.242s
2025-05-07 12:49:27.922 69626 INFO tempest.lib.common.rest_client [req-4d655d2c-a07d-411c-8c64-98a8f904805b req-4d655d2c-a07d-411c-8c64-98a8f904805b ] Request (ServersListShow298Test:test_list_show_update_rebuild_server_298): 200 GET http://10.180.1.21/compute/v2.1/servers/0a8b54ec-3f2c-4313-a47b-cc81e55c20f9 0.251s
2025-05-07 12:49:27.948 69626 INFO tempest.common.waiters [-] State transition "REBUILD/rebuilding" ==> "REBUILD/rebuild_spawning" after 3 second wait
2025-05-07 12:49:27.970 69647 INFO tempest.lib.common.rest_client [req-0b7ca3ea-bff4-45ae-b885-51bf0b17c30f req-0b7ca3ea-bff4-45ae-b885-51bf0b17c30f ] Request (FloatingIPsAssociationTestJSON:test_associate_already_associated_floating_ip): 200 GET http://10.180.1.21/compute/v2.1/servers/fe4ef999-119c-4235-85dd-f1848885b31a 0.275s
2025-05-07 12:49:28.049 69624 INFO tempest.lib.common.rest_client [req-d35212c4-91ed-47cb-b939-0efc8929df0a req-d35212c4-91ed-47cb-b939-0efc8929df0a ] Request (AttachInterfacesTestJSON:_run_cleanups): 200 GET http://10.180.1.21/compute/v2.1/servers/cb44961f-d39b-4a67-a568-780c0ac1ec7b 0.311s
2025-05-07 12:49:28.132 69634 INFO tempest.lib.common.rest_client [req-e0c1338d-e415-41b1-a9b9-948b438d1de9 req-e0c1338d-e415-41b1-a9b9-948b438d1de9 ] Request (ServersAdmin275Test:tearDownClass): 200 GET http://10.180.1.21/compute/v2.1/servers/c07106a3-0134-4602-9263-f7359c8d5367 0.359s
2025-05-07 12:49:28.186 69594 INFO tempest.lib.common.rest_client [req-f7c6faf2-53e6-438f-8a0b-7dde3dadb583 req-f7c6faf2-53e6-438f-8a0b-7dde3dadb583 ] Request (ServersTestBootFromVolume:setUpClass): 200 GET http://10.180.1.21/volume/v3/volumes/30518ad5-bbb1-4eac-ac99-ce7406fbae45 0.032s
2025-05-07 12:49:28.200 69590 INFO tempest.lib.common.rest_client [req-adf6c06b-9454-44fa-afe1-cedd71acaa2e req-adf6c06b-9454-44fa-afe1-cedd71acaa2e ] Request (ServersWithSpecificFlavorTestJSON:test_verify_created_server_ephemeral_disk): 200 GET http://10.180.1.21/compute/v2.1/servers/2234356c-a233-4649-a30d-63af47b4e971 0.411s
2025-05-07 12:49:28.273 69616 INFO tempest.lib.common.rest_client [req-89c75f32-a698-4baf-8cd8-2d6b2cb1a1e0 req-89c75f32-a698-4baf-8cd8-2d6b2cb1a1e0 ] Request (VolumesAdminNegativeTest:test_update_attached_volume_with_nonexistent_volume_in_uri): 200 GET http://10.180.1.21/compute/v2.1/servers/7bcad6cc-6b37-498f-816d-2c84ffa08b6d 0.459s
2025-05-07 12:49:28.342 69618 INFO tempest.lib.common.rest_client [req-6c4f25ab-cb62-49f9-a403-a7515b494ce1 req-6c4f25ab-cb62-49f9-a403-a7515b494ce1 ] Request (ServerDiskConfigTestJSON:test_rebuild_server_with_auto_disk_config): 200 GET http://10.180.1.21/compute/v2.1/servers/f2314bad-495a-4344-bb55-3bed46135007 0.480s
2025-05-07 12:49:28.414 69640 INFO tempest.lib.common.rest_client [req-7c55d37a-9c74-4951-8b9c-fbfbbaf0064a req-7c55d37a-9c74-4951-8b9c-fbfbbaf0064a ] Request (ServerRescueTestJSONUnderV235:test_rescued_vm_add_remove_security_group): 202 POST http://10.180.1.21/compute/v2.1/servers/3c81e760-ffaa-4b84-bd9b-2e253f268dee/action 0.690s
2025-05-07 12:49:28.483 69602 INFO tempest.lib.common.rest_client [req-b36a5eab-1414-4196-8067-a576930bd7da req-b36a5eab-1414-4196-8067-a576930bd7da ] Request (ServersAdminTestJSON:test_inject_network_info): 200 GET http://10.180.1.21/compute/v2.1/servers/22889b96-78e6-4b9c-8b43-a423dfe509bc 0.606s
2025-05-07 12:49:28.493 69588 INFO tempest.lib.common.rest_client [req-8a7f2870-5bd9-4c9c-afb4-3ba93fc1a50c req-8a7f2870-5bd9-4c9c-afb4-3ba93fc1a50c ] Request (ListServersNegativeTestJSON:setUpClass): 200 GET http://10.180.1.21/compute/v2.1/servers/1084ebd4-418b-452e-a59b-d139d536f4d6 0.575s
2025-05-07 12:49:28.553 69622 INFO tempest.lib.common.rest_client [req-379aa944-4f2b-4018-a026-155cbc0c5ede req-379aa944-4f2b-4018-a026-155cbc0c5ede ] Request (ServerRescueNegativeTestJSON:test_rescued_vm_detach_volume): 200 GET http://10.180.1.21/compute/v2.1/servers/07e6b1af-4468-4c40-92cb-6089417ff16f 0.600s
2025-05-07 12:49:28.565 69592 INFO tempest.lib.common.rest_client [req-c1b7b695-1afc-422c-b19b-212a81eb06f5 req-c1b7b695-1afc-422c-b19b-212a81eb06f5 ] Request (AttachVolumeNegativeTest:test_attach_attached_volume_to_different_server): 200 GET http://10.180.1.21/compute/v2.1/servers/44c77d66-cb34-49be-a255-8cdf9efe6a18 0.534s
