2025-05-07 12:46:55.937 69598 INFO tempest.lib.common.rest_client [req-175ddd56-17bd-46c1-803b-44d7a9e5457d req-175ddd56-17bd-46c1-803b-44d7a9e5457d ] Request (ValidationResourcesFixture:setUp): 201 POST http://10.180.1.21:9696/networking/v2.0/security-group-rules 0.683s
2025-05-07 12:46:55.951 69606 INFO tempest.lib.common.rest_client [req-05d18bf9-5601-48da-baa4-53cb8d6c0d43 req-05d18bf9-5601-48da-baa4-53cb8d6c0d43 ] Request (MigrationsAdminTest:test_list_migrations): 200 GET http://10.180.1.21/compute/v2.1/os-migrations 1.742s
2025-05-07 12:46:55.963 69584 INFO tempest.lib.common.rest_client [req-2420e488-a1c9-4544-8085-a9b86c4e5c10 req-2420e488-a1c9-4544-8085-a9b86c4e5c10 ] Request (QuotasAdminTestJSON:tearDownClass): 204 DELETE http://10.180.1.21/identity/v3/projects/fc43241cea344edcafa4c95b5fe1cde5 0.093s
2025-05-07 12:46:55.980 69608 INFO tempest.lib.common.rest_client [req-ae486c94-b79e-4423-947d-ffba1beca80f req-ae486c94-b79e-4423-947d-ffba1beca80f ] Request (ServerMetadataNegativeTestJSON:setUpClass): 201 POST http://10.180.1.21:9696/networking/v2.0/routers 2.545s
2025-05-07 12:46:55.990 69600 INFO tempest.lib.common.rest_client [req-07ce6454-d0df-4a6b-ac5f-9e4ea2a6dd6d req-07ce6454-d0df-4a6b-ac5f-9e4ea2a6dd6d ] Request (ServerShowV263Test:tearDownClass): 204 DELETE http://10.180.1.21:9696/networking/v2.0/security-groups/2ab1cf9a-d932-493b-b942-daa813c74332 0.630s
2025-05-07 12:46:56.023 69616 INFO tempest.lib.common.rest_client [req-3cd39389-c373-4cba-9cd9-05b842e2937f req-3cd39389-c373-4cba-9cd9-05b842e2937f ] Request (VolumesAdminNegativeTest:test_update_attached_volume_with_nonexistent_volume_in_body): 201 POST http://10.180.1.21:9696/networking/v2.0/floatingips 1.533s
2025-05-07 12:46:56.034 69606 INFO tempest.lib.common.rest_client [req-c7e796e2-505c-4161-ac3f-07f66e7b9235 req-c7e796e2-505c-4161-ac3f-07f66e7b9235 ] Request (MigrationsAdminTest:test_list_migrations_in_flavor_resize_situation): 201 POST http://10.180.1.21/identity/v3/auth/tokens 0.070s
2025-05-07 12:46:56.035 69606 INFO tempest.lib.common.fixed_network [-] (MigrationsAdminTest:test_list_migrations_in_flavor_resize_situation) Found network None available for tenant
2025-05-07 12:46:56.038 69632 INFO tempest.lib.common.rest_client [req-e1038eab-6daf-4a3f-8f95-68fd68f55819 req-e1038eab-6daf-4a3f-8f95-68fd68f55819 ] Request (ImagesTestJSON:test_create_image_from_stopped_server): 200 GET http://10.180.1.21/compute/v2.1/servers/d52ddc48-9f9b-486e-bd3c-7407860cda16 2.027s
2025-05-07 12:46:56.070 69586 INFO tempest.lib.common.rest_client [req-6a97c108-fa95-4ece-915c-b2e6580af294 req-6a97c108-fa95-4ece-915c-b2e6580af294 ] Request (MultipleCreateNegativeTestJSON:tearDownClass): 204 DELETE http://10.180.1.21:9696/networking/v2.0/security-groups/e67b1016-e9d8-4bad-93d7-ffee926aced9 0.184s
2025-05-07 12:46:56.117 69584 INFO tempest.lib.common.rest_client [req-28520854-563d-44a8-b491-8a8876928d6f req-28520854-563d-44a8-b491-8a8876928d6f ] Request (SecurityGroupRulesNegativeTestJSON:setUpClass): 201 POST http://10.180.1.21/identity/v3/auth/tokens 0.152s
2025-05-07 12:46:56.126 69590 INFO tempest.lib.common.rest_client [req-5fa06faa-2f76-49a3-ac80-cfdd4afd5fc0 req-5fa06faa-2f76-49a3-ac80-cfdd4afd5fc0 ] Request (ServersWithSpecificFlavorTestJSON:test_verify_created_server_ephemeral_disk): 200 GET http://10.180.1.21/compute/v2.1/servers/fea7032f-f99b-4e36-9f39-1b0d98d5890c 1.730s
2025-05-07 12:46:56.141 69634 INFO tempest.lib.common.rest_client [req-0a413ff1-36b1-4c35-9f38-5c9fd1dd4cee req-0a413ff1-36b1-4c35-9f38-5c9fd1dd4cee ] Request (ServerExternalEventsTest:test_create_server_external_events): 200 POST http://10.180.1.21/compute/v2.1/os-server-external-events 1.772s
2025-05-07 12:46:56.148 69622 INFO tempest.lib.common.rest_client [req-30c2a2a5-b856-49c6-b28f-02e27c583647 req-30c2a2a5-b856-49c6-b28f-02e27c583647 ] Request (ServerRescueNegativeTestJSON:setUpClass): 201 POST http://10.180.1.21:9696/networking/v2.0/subnets 0.525s
2025-05-07 12:46:56.181 69616 INFO tempest.lib.common.rest_client [req-1c158e22-4d48-4f4e-88ea-fda429036333 req-1c158e22-4d48-4f4e-88ea-fda429036333 ] Request (VolumesAdminNegativeTest:test_update_attached_volume_with_nonexistent_volume_in_body): 201 POST http://10.180.1.21/identity/v3/auth/tokens 0.150s
2025-05-07 12:46:56.183 69616 INFO tempest.lib.common.fixed_network [-] (VolumesAdminNegativeTest:test_update_attached_volume_with_nonexistent_volume_in_body) Found network {'id': '6bde6918-2344-4abf-8720-d8ff519de5e1', 'name': 'tempest-VolumesAdminNegativeTest-1278799466-network', 'tenant_id': '99422356eab14e8ca8a87e4d20644bb1', 'admin_state_up': True, 'mtu': 8950, 'status': 'ACTIVE', 'subnets': [], 'shared': False, 'project_id': '99422356eab14e8ca8a87e4d20644bb1', 'port_security_enabled': True, 'router:external': False, 'provider:network_type': 'vlan', 'provider:physical_network': 'default', 'provider:segmentation_id': 146, 'availability_zone_hints': [], 'availability_zones': [], 'ipv4_address_scope': None, 'ipv6_address_scope': None, 'description': '', 'tags': [], 'created_at': '2025-05-07T12:46:37Z', 'updated_at': '2025-05-07T12:46:37Z', 'revision_number': 1} available for tenant
2025-05-07 12:46:56.198 69600 INFO tempest.lib.common.rest_client [req-72078ad2-cf3e-4d84-a09c-9fc2c80cae32 req-72078ad2-cf3e-4d84-a09c-9fc2c80cae32 ] Request (ServerShowV263Test:tearDownClass): 204 DELETE http://10.180.1.21/identity/v3/projects/11a88ec8be504de586da4037ff89f181 0.207s
2025-05-07 12:46:56.259 69584 INFO tempest.lib.common.rest_client [req-989d2d5d-a288-40de-9737-f656cbbf539f req-989d2d5d-a288-40de-9737-f656cbbf539f ] Request (SecurityGroupRulesNegativeTestJSON:setUpClass): 201 POST http://10.180.1.21/identity/v3/auth/tokens 0.140s
2025-05-07 12:46:56.275 69586 INFO tempest.lib.common.rest_client [req-0b4de27b-9fb1-43eb-99a3-e10591fdb6b3 req-0b4de27b-9fb1-43eb-99a3-e10591fdb6b3 ] Request (MultipleCreateNegativeTestJSON:tearDownClass): 204 DELETE http://10.180.1.21/identity/v3/projects/9e062717afd54892b0305183bb67c097 0.205s
2025-05-07 12:46:56.278 69586 INFO tempest.test [-] raised in NoVNCConsoleTestJSON.setUpClass. Invoking tearDownClass.
2025-05-07 12:46:56.396 69642 INFO tempest.lib.common.rest_client [req-47266a0e-610d-450b-baf9-bf154cbd78fe req-47266a0e-610d-450b-baf9-bf154cbd78fe ] Request (FlavorsV2TestJSON:test_get_flavor): 200 GET http://10.180.1.21/compute/v2.1/flavors/42 1.930s
2025-05-07 12:46:56.409 69586 INFO tempest.lib.common.rest_client [req-802fd1f4-1108-40cb-8f23-a754e7f76d61 req-802fd1f4-1108-40cb-8f23-a754e7f76d61 ] Request (ServersNegativeTestJSON:setUpClass): 201 POST http://10.180.1.21/identity/v3/auth/tokens 0.128s
2025-05-07 12:46:56.424 69584 INFO tempest.lib.common.rest_client [req-af0fa2f6-ada4-4fcc-bc1c-8e745a734c89 req-af0fa2f6-ada4-4fcc-bc1c-8e745a734c89 ] Request (SecurityGroupRulesNegativeTestJSON:setUpClass): 200 GET http://10.180.1.21/identity/v3/domains?name=Default 0.165s
2025-05-07 12:46:56.443 69604 INFO tempest.lib.common.rest_client [req-f39f1476-d683-4116-bb78-fd0ac2ebc63a req-f39f1476-d683-4116-bb78-fd0ac2ebc63a ] Request (FloatingIPDetailsNegativeTestJSON:test_get_nonexistent_floating_ip_details): 404 GET http://10.180.1.21/compute/v2.1/os-floating-ips/4dd33d78-d94d-4690-98df-12cb14a5ca8c 2.011s
2025-05-07 12:46:56.468 69628 INFO tempest.lib.common.rest_client [req-5124fe89-14e8-4b4f-aabe-d18b33ce2ea0 req-5124fe89-14e8-4b4f-aabe-d18b33ce2ea0 ] Request (FlavorsV255TestJSON:test_crud_flavor): 200 GET http://10.180.1.21/compute/v2.1/flavors/1508715135 1.771s
2025-05-07 12:46:56.470 69586 INFO tempest.lib.common.rest_client [req-29e09cfc-3080-403f-93f9-c0cce86f66b4 req-29e09cfc-3080-403f-93f9-c0cce86f66b4 ] Request (ServersNegativeTestJSON:setUpClass): 201 POST http://10.180.1.21/identity/v3/auth/tokens 0.059s
2025-05-07 12:46:56.498 69614 INFO tempest.lib.common.rest_client [req-84b7b840-2f6b-4512-b81b-3556d5237ee7 req-84b7b840-2f6b-4512-b81b-3556d5237ee7 ] Request (ListImageFiltersTestJSON:setUpClass): 200 GET http://10.180.1.21/compute/v2.1/images/99dfe661-0a46-4b87-9577-f136fb87850e 1.748s
2025-05-07 12:46:56.503 69586 INFO tempest.lib.common.rest_client [req-94de653d-6227-4f46-ae87-20287880a9ba req-94de653d-6227-4f46-ae87-20287880a9ba ] Request (ServersNegativeTestJSON:setUpClass): 200 GET http://10.180.1.21/identity/v3/domains?name=Default 0.032s
2025-05-07 12:46:56.506 69584 INFO tempest.lib.common.rest_client [req-cf0603b3-7f62-4680-be07-12c763f8c523 req-cf0603b3-7f62-4680-be07-12c763f8c523 ] Request (SecurityGroupRulesNegativeTestJSON:setUpClass): 201 POST http://10.180.1.21/identity/v3/projects 0.081s
2025-05-07 12:46:56.570 69584 INFO tempest.lib.common.rest_client [req-6ec65a6f-00cf-4fc3-99c5-d45e855b4fba req-6ec65a6f-00cf-4fc3-99c5-d45e855b4fba ] Request (SecurityGroupRulesNegativeTestJSON:setUpClass): 201 POST http://10.180.1.21/identity/v3/users 0.063s
2025-05-07 12:46:56.583 69586 INFO tempest.lib.common.rest_client [req-03239dd5-4d52-422f-a160-6306925677e3 req-03239dd5-4d52-422f-a160-6306925677e3 ] Request (ServersNegativeTestJSON:setUpClass): 201 POST http://10.180.1.21/identity/v3/projects 0.080s
2025-05-07 12:46:56.619 69647 INFO tempest.lib.common.rest_client [req-7adc17bb-0329-46ba-82cd-a267bee43299 req-7adc17bb-0329-46ba-82cd-a267bee43299 ] Request (QuotaClassesAdmin257Test:test_update_default_quotas): 200 PUT http://10.180.1.21/compute/v2.1/os-quota-class-sets/default 1.637s
2025-05-07 12:46:56.630 69614 INFO tempest.lib.common.rest_client [req-93ad7a3f-c2c6-4385-a351-6497f31ca2d0 req-93ad7a3f-c2c6-4385-a351-6497f31ca2d0 ] Request (ListImageFiltersTestJSON:setUpClass): 201 POST http://10.180.1.21/identity/v3/auth/tokens 0.123s
2025-05-07 12:46:56.631 69614 INFO tempest.lib.common.fixed_network [-] (ListImageFiltersTestJSON:setUpClass) Found network None available for tenant
2025-05-07 12:46:56.637 69624 INFO tempest.lib.common.rest_client [req-961514f5-386d-44db-929a-ebca9dcbfd86 req-961514f5-386d-44db-929a-ebca9dcbfd86 ] Request (KeyPairsV2TestJSON:_run_cleanups): 202 DELETE http://10.180.1.21/compute/v2.1/os-keypairs/tempest-KeyPairsV2TestJSON-keypair-449285224 1.635s
2025-05-07 12:46:56.643 69584 INFO tempest.lib.common.rest_client [req-d3d95481-bd59-4830-920b-faab86fe50d9 req-d3d95481-bd59-4830-920b-faab86fe50d9 ] Request (SecurityGroupRulesNegativeTestJSON:setUpClass): 200 GET http://10.180.1.21/identity/v3/roles 0.072s
2025-05-07 12:46:56.670 69586 INFO tempest.lib.common.rest_client [req-0d402e93-2ada-4ce3-ad6d-608e440f4f5f req-0d402e93-2ada-4ce3-ad6d-608e440f4f5f ] Request (ServersNegativeTestJSON:setUpClass): 201 POST http://10.180.1.21/identity/v3/users 0.087s
2025-05-07 12:46:56.675 69644 INFO tempest.lib.common.rest_client [req-03bbac8e-d8be-4714-8acb-9086ff121ac2 req-03bbac8e-d8be-4714-8acb-9086ff121ac2 ] Request (AggregatesAdminNegativeTestJSON:test_aggregate_get_details_as_user): 200 POST http://10.180.1.21/compute/v2.1/os-aggregates 1.658s
2025-05-07 12:46:56.683 69584 INFO tempest.lib.common.rest_client [req-e82e4ee9-ac68-41fd-b8e9-e31249adaea3 req-e82e4ee9-ac68-41fd-b8e9-e31249adaea3 ] Request (SecurityGroupRulesNegativeTestJSON:setUpClass): 204 PUT http://10.180.1.21/identity/v3/projects/18e44528d7b64477990194cc0f51b71d/users/0f375a3433b34269a925043d7eda5118/roles/6a2842a37bb142ff877363e1ba8bb1d0 0.039s
2025-05-07 12:46:56.683 69584 INFO tempest.lib.common.dynamic_creds [-] Dynamic test user 0f375a3433b34269a925043d7eda5118 is created with scope project and roles: ['member']
2025-05-07 12:46:56.683 69584 INFO tempest.lib.common.dynamic_creds [-] Acquired dynamic creds: credentials: Credentials: {'domain_id': 'default', 'domain_name': 'Default', 'username': 'tempest-SecurityGroupRulesNegativeTestJSON-1078744642-project-member', 'project_domain_id': 'default', 'project_domain_name': 'Default', 'project_id': '18e44528d7b64477990194cc0f51b71d', 'project_name': 'tempest-SecurityGroupRulesNegativeTestJSON-1078744642', 'tenant_id': '18e44528d7b64477990194cc0f51b71d', 'tenant_name': 'tempest-SecurityGroupRulesNegativeTestJSON-1078744642', 'user_domain_id': 'default', 'user_domain_name': 'Default', 'user_id': '0f375a3433b34269a925043d7eda5118', 'system': None}, Network: None, Subnet: None, Router: None
2025-05-07 12:46:56.704 69620 INFO tempest.lib.common.rest_client [req-f09592d2-6cb9-49a1-9fd0-0ba38c426943 req-f09592d2-6cb9-49a1-9fd0-0ba38c426943 ] Request (FlavorsAdminTestJSON:_run_cleanups): 202 DELETE http://10.180.1.21/compute/v2.1/flavors/1221091280 1.497s
2025-05-07 12:46:56.751 69640 INFO tempest.lib.common.rest_client [req-be847b44-fca6-4800-a4ac-7fa855e16521 req-be847b44-fca6-4800-a4ac-7fa855e16521 ] Request (KeyPairsNegativeTestJSON:test_create_keypair_with_empty_public_key): 400 POST http://10.180.1.21/compute/v2.1/os-keypairs 1.407s
2025-05-07 12:46:56.766 69586 INFO tempest.lib.common.rest_client [req-860a6850-663d-4b77-84de-366fa95bc830 req-860a6850-663d-4b77-84de-366fa95bc830 ] Request (ServersNegativeTestJSON:setUpClass): 200 GET http://10.180.1.21/identity/v3/roles 0.095s
2025-05-07 12:46:56.772 69584 INFO tempest.lib.common.rest_client [req-34c4592a-d731-40aa-93cf-6f5966563cfd req-34c4592a-d731-40aa-93cf-6f5966563cfd ] Request (SecurityGroupRulesNegativeTestJSON:setUpClass): 201 POST http://10.180.1.21/identity/v3/auth/tokens 0.089s
2025-05-07 12:46:56.780 69596 INFO tempest.lib.common.rest_client [req-0ebe8da3-8624-4878-a793-016d444a4e9a req-0ebe8da3-8624-4878-a793-016d444a4e9a ] Request (FlavorsAccessNegativeTestJSON:_run_cleanups): 200 GET http://10.180.1.21/compute/v2.1/flavors/detail 1.410s
2025-05-07 12:46:56.810 69586 INFO tempest.lib.common.rest_client [req-146a6cdf-5e2c-4a02-9c49-8d11c8530028 req-146a6cdf-5e2c-4a02-9c49-8d11c8530028 ] Request (ServersNegativeTestJSON:setUpClass): 204 PUT http://10.180.1.21/identity/v3/projects/bd94c1c3d72a44d0b026b0c8e30a5227/users/a4a4252a999646888804f8bad3529eb7/roles/6a2842a37bb142ff877363e1ba8bb1d0 0.043s
2025-05-07 12:46:56.810 69586 INFO tempest.lib.common.dynamic_creds [-] Dynamic test user a4a4252a999646888804f8bad3529eb7 is created with scope project and roles: ['member']
2025-05-07 12:46:56.811 69586 INFO tempest.lib.common.dynamic_creds [-] Acquired dynamic creds: credentials: Credentials: {'domain_id': 'default', 'domain_name': 'Default', 'username': 'tempest-ServersNegativeTestJSON-2090014341-project-member', 'project_domain_id': 'default', 'project_domain_name': 'Default', 'project_id': 'bd94c1c3d72a44d0b026b0c8e30a5227', 'project_name': 'tempest-ServersNegativeTestJSON-2090014341', 'tenant_id': 'bd94c1c3d72a44d0b026b0c8e30a5227', 'tenant_name': 'tempest-ServersNegativeTestJSON-2090014341', 'user_domain_id': 'default', 'user_domain_name': 'Default', 'user_id': 'a4a4252a999646888804f8bad3529eb7', 'system': None}, Network: None, Subnet: None, Router: None
2025-05-07 12:46:56.897 69586 INFO tempest.lib.common.rest_client [req-78d0a4fc-e00e-483b-8e32-391a68d8f2e7 req-78d0a4fc-e00e-483b-8e32-391a68d8f2e7 ] Request (ServersNegativeTestJSON:setUpClass): 201 POST http://10.180.1.21/identity/v3/auth/tokens 0.086s
2025-05-07 12:46:56.922 69602 INFO tempest.lib.common.rest_client [req-1a03cbcd-ce8a-410d-bbb9-4129d2403ad5 req-1a03cbcd-ce8a-410d-bbb9-4129d2403ad5 ] Request (ServersAdminTestJSON:setUpClass): 200 GET http://10.180.1.21/compute/v2.1/servers/b72ebe87-2c2c-459f-ab59-53a52ab780f3 1.937s
2025-05-07 12:46:57.116 69626 INFO tempest.lib.common.rest_client [req-1b85cbfa-5ee7-4f59-8730-225f1feb676e req-1b85cbfa-5ee7-4f59-8730-225f1feb676e ] Request (ServersListShow296Test:test_list_show_update_rebuild_server_296): 200 GET http://10.180.1.21/compute/v2.1/servers/fc921d48-70c0-4871-9326-56333421f368 1.400s
2025-05-07 12:46:57.123 69588 INFO tempest.lib.common.rest_client [req-f59d27be-01ad-44f9-80ba-e5ff9ed3d55b req-f59d27be-01ad-44f9-80ba-e5ff9ed3d55b ] Request (ImagesNegativeTestJSON:test_create_image_from_deleted_server): 200 GET http://10.180.1.21/compute/v2.1/servers/7650ef23-41ab-4aba-89cf-d33006912049 1.528s
2025-05-07 12:46:57.133 69626 INFO tempest.common.waiters [-] State transition "BUILD/None" ==> "BUILD/block_device_mapping" after 14 second wait
2025-05-07 12:46:57.248 69630 INFO tempest.lib.common.rest_client [req-9c662082-2749-48ab-a61a-ef26bed0bb16 req-9c662082-2749-48ab-a61a-ef26bed0bb16 ] Request (ServersV294TestFqdnHostnames:setUpClass): 200 GET http://10.180.1.21/compute/v2.1/servers/7715cc43-6505-439b-ade5-06092096e2d6 1.365s
2025-05-07 12:46:57.259 69598 INFO tempest.lib.common.rest_client [req-bcb48393-fb83-4447-ad3b-f2a85f0fcdce req-bcb48393-fb83-4447-ad3b-f2a85f0fcdce ] Request (ValidationResourcesFixture:setUp): 201 POST http://10.180.1.21:9696/networking/v2.0/floatingips 1.320s
2025-05-07 12:46:57.268 69592 INFO tempest.lib.common.rest_client [req-3aa9c78b-efe5-475f-87d8-13c644842cd1 req-3aa9c78b-efe5-475f-87d8-13c644842cd1 ] Request (FloatingIPsAssociationNegativeTestJSON:setUpClass): 200 GET http://10.180.1.21/compute/v2.1/servers/693ccb58-152a-409f-ae7d-f0a68cf4880d 1.480s
2025-05-07 12:46:57.338 69594 INFO tempest.lib.common.rest_client [req-e1002ee3-fa09-4d34-b413-95c85f192fa0 req-e1002ee3-fa09-4d34-b413-95c85f192fa0 ] Request (ServersAdminNegativeTestJSON:test_migrate_server_invalid_state): 200 GET http://10.180.1.21/compute/v2.1/servers/d098ccf8-5ea6-4ad7-b99b-de0d95e6f371 1.341s
2025-05-07 12:46:57.389 69598 INFO tempest.lib.common.rest_client [req-e5d87a98-4c21-4848-ba13-fad90229f1d7 req-e5d87a98-4c21-4848-ba13-fad90229f1d7 ] Request (AttachInterfacesUnderV243Test:test_add_remove_fixed_ip): 201 POST http://10.180.1.21/identity/v3/auth/tokens 0.126s
2025-05-07 12:46:57.389 69598 INFO tempest.lib.common.fixed_network [-] (AttachInterfacesUnderV243Test:test_add_remove_fixed_ip) Found network {'id': 'ce4f5d6f-204d-44b9-bac4-947482aa1ed3', 'name': 'tempest-AttachInterfacesUnderV243Test-2060224724-network', 'tenant_id': '4e8dc93c0b9b44a4abbbf2ed4fc949ac', 'admin_state_up': True, 'mtu': 8950, 'status': 'ACTIVE', 'subnets': [], 'shared': False, 'project_id': '4e8dc93c0b9b44a4abbbf2ed4fc949ac', 'port_security_enabled': True, 'router:external': False, 'provider:network_type': 'vlan', 'provider:physical_network': 'default', 'provider:segmentation_id': 832, 'availability_zone_hints': [], 'availability_zones': [], 'ipv4_address_scope': None, 'ipv6_address_scope': None, 'description': '', 'tags': [], 'created_at': '2025-05-07T12:46:44Z', 'updated_at': '2025-05-07T12:46:44Z', 'revision_number': 1} available for tenant
2025-05-07 12:46:57.448 69610 INFO tempest.lib.common.rest_client [req-b6b5ae03-7090-4fb0-881b-6ee7724ed9a3 req-b6b5ae03-7090-4fb0-881b-6ee7724ed9a3 ] Request (InstanceActionsTestJSON:setUpClass): 200 GET http://10.180.1.21/compute/v2.1/servers/605ed07c-6abd-4de6-984d-772f43d0e3c8 1.343s
2025-05-07 12:46:57.547 69634 INFO tempest.lib.common.rest_client [req-f4897e09-57e9-450d-8f7c-422bf9d47744 req-f4897e09-57e9-450d-8f7c-422bf9d47744 ] Request (ServerExternalEventsTest:tearDownClass): 204 DELETE http://10.180.1.21/compute/v2.1/servers/9f4c2ce2-5ccf-4f32-b0f8-77524dcc7c81 1.398s
2025-05-07 12:46:58.126 69584 INFO tempest.lib.common.rest_client [req-dbaff42a-8170-4eb6-9f45-14c00ec2b193 req-dbaff42a-8170-4eb6-9f45-14c00ec2b193 ] Request (SecurityGroupRulesNegativeTestJSON:setUpClass): 201 POST http://10.180.1.21:9696/networking/v2.0/networks 1.354s
2025-05-07 12:46:58.156 69586 INFO tempest.lib.common.rest_client [req-f16e4876-f803-4987-88be-5b9b53a0a6ba req-f16e4876-f803-4987-88be-5b9b53a0a6ba ] Request (ServersNegativeTestJSON:setUpClass): 201 POST http://10.180.1.21:9696/networking/v2.0/networks 1.259s
2025-05-07 12:46:58.168 69616 INFO tempest.lib.common.rest_client [req-079cc530-c589-4d7c-9ebf-253efb9453b3 req-079cc530-c589-4d7c-9ebf-253efb9453b3 ] Request (VolumesAdminNegativeTest:test_update_attached_volume_with_nonexistent_volume_in_body): 202 POST http://10.180.1.21/compute/v2.1/servers 1.984s
2025-05-07 12:46:58.175 69606 INFO tempest.lib.common.rest_client [req-ec73e712-c63e-40dc-b2a2-02d33dbccebf req-ec73e712-c63e-40dc-b2a2-02d33dbccebf ] Request (MigrationsAdminTest:test_list_migrations_in_flavor_resize_situation): 202 POST http://10.180.1.21/compute/v2.1/servers 2.139s
2025-05-07 12:46:58.282 69638 INFO tempest.lib.common.rest_client [req-e783ae61-0d5e-48fb-a89b-453ac3b2e378 req-e783ae61-0d5e-48fb-a89b-453ac3b2e378 ] Request (TenantUsagesTestJSON:setUpClass): 200 GET http://10.180.1.21/compute/v2.1/servers/7ed18568-9081-4128-b83f-d859bedb1bcd 1.933s
2025-05-07 12:46:58.315 69642 INFO tempest.lib.common.rest_client [req-9269c111-6ecf-483f-b8e5-af759a82934d req-9269c111-6ecf-483f-b8e5-af759a82934d ] Request (FlavorsV2TestJSON:test_list_flavors): 200 GET http://10.180.1.21/compute/v2.1/flavors 1.913s
2025-05-07 12:46:58.353 69628 INFO tempest.lib.common.rest_client [req-e1941d70-3b54-4a45-ac25-98e1d484d3c8 req-e1941d70-3b54-4a45-ac25-98e1d484d3c8 ] Request (FlavorsV255TestJSON:test_crud_flavor): 200 PUT http://10.180.1.21/compute/v2.1/flavors/1508715135 1.879s
2025-05-07 12:46:58.370 69647 INFO tempest.lib.common.rest_client [req-98281bea-125d-4422-86b1-ef84f3ff824f req-98281bea-125d-4422-86b1-ef84f3ff824f ] Request (QuotaClassesAdmin257Test:test_update_default_quotas): 200 GET http://10.180.1.21/compute/v2.1/os-quota-class-sets/default 1.749s
2025-05-07 12:46:58.376 69636 INFO tempest.lib.common.rest_client [req-2ba26856-a2bd-43c3-a576-8179e35e7e3a req-2ba26856-a2bd-43c3-a576-8179e35e7e3a ] Request (VolumesAssistedSnapshotsTest:test_volume_assisted_snapshot_create_delete): 200 GET http://10.180.1.21/compute/v2.1/servers/c8b292ee-acc4-4bc9-9f1f-62df83d1e36b 2.082s
2025-05-07 12:46:58.406 69608 INFO tempest.lib.common.rest_client [req-431cfd1a-1c05-4e99-a14c-de2627150a68 req-431cfd1a-1c05-4e99-a14c-de2627150a68 ] Request (ServerMetadataNegativeTestJSON:setUpClass): 200 PUT http://10.180.1.21:9696/networking/v2.0/routers/643c65cf-0b21-4554-a7f9-5598ce6724c6/add_router_interface 2.426s
2025-05-07 12:46:58.411 69608 INFO tempest.lib.common.dynamic_creds [-] Created isolated network resources for: credentials: Credentials: {'domain_id': 'default', 'domain_name': 'Default', 'username': 'tempest-ServerMetadataNegativeTestJSON-27179833-project-member', 'project_domain_id': 'default', 'project_domain_name': 'Default', 'project_id': '27f84597583e4f629f7e871d633df465', 'project_name': 'tempest-ServerMetadataNegativeTestJSON-27179833', 'tenant_id': '27f84597583e4f629f7e871d633df465', 'tenant_name': 'tempest-ServerMetadataNegativeTestJSON-27179833', 'user_domain_id': 'default', 'user_domain_name': 'Default', 'user_id': 'b254c240ce504edca844ced697abe1fe', 'system': None}, Network: {'id': '9d6b4fb2-e34b-4fa3-b4a2-b76562ee7748', 'name': 'tempest-ServerMetadataNegativeTestJSON-128396488-network', 'tenant_id': '27f84597583e4f629f7e871d633df465', 'admin_state_up': True, 'mtu': 8950, 'status': 'ACTIVE', 'subnets': [], 'shared': False, 'project_id': '27f84597583e4f629f7e871d633df465', 'port_security_enabled': True, 'router:external': False, 'provider:network_type': 'vlan', 'provider:physical_network': 'default', 'provider:segmentation_id': 373, 'availability_zone_hints': [], 'availability_zones': [], 'ipv4_address_scope': None, 'ipv6_address_scope': None, 'description': '', 'tags': [], 'created_at': '2025-05-07T12:46:52Z', 'updated_at': '2025-05-07T12:46:52Z', 'revision_number': 1}, Subnet: {'id': '560cbaef-451d-4d05-af47-6d1d1ae70235', 'name': 'tempest-ServerMetadataNegativeTestJSON-128396488-subnet', 'tenant_id': '27f84597583e4f629f7e871d633df465', 'network_id': '9d6b4fb2-e34b-4fa3-b4a2-b76562ee7748', 'ip_version': 4, 'subnetpool_id': None, 'enable_dhcp': True, 'ipv6_ra_mode': None, 'ipv6_address_mode': None, 'gateway_ip': '192.168.128.1', 'cidr': '192.168.128.0/28', 'allocation_pools': [{'start': '192.168.128.2', 'end': '192.168.128.14'}], 'host_routes': [], 'dns_nameservers': [], 'description': '', 'router:external': False, 'service_types': [], 'tags': [], 'created_at': '2025-05-07T12:46:53Z', 'updated_at': '2025-05-07T12:46:53Z', 'revision_number': 0, 'project_id': '27f84597583e4f629f7e871d633df465'}, Router: {'id': '643c65cf-0b21-4554-a7f9-5598ce6724c6', 'name': 'tempest-ServerMetadataNegativeTestJSON-128396488-router', 'tenant_id': '27f84597583e4f629f7e871d633df465', 'admin_state_up': True, 'status': 'ACTIVE', 'external_gateway_info': {'network_id': '9fce3b12-85c0-4ea2-a134-4021521cb4ef', 'external_fixed_ips': [{'subnet_id': '12e1b29b-1a30-4408-845f-928612e3be0d', 'ip_address': '10.180.180.248'}], 'enable_snat': True}, 'description': '', 'availability_zones': [], 'distributed': False, 'ha': False, 'availability_zone_hints': [], 'routes': [], 'flavor_id': None, 'tags': [], 'created_at': '2025-05-07T12:46:53Z', 'updated_at': '2025-05-07T12:46:54Z', 'revision_number': 2, 'project_id': '27f84597583e4f629f7e871d633df465'}
2025-05-07 12:46:58.453 69622 INFO tempest.lib.common.rest_client [req-ecab1367-718a-42cb-80e6-8078c66d32a4 req-ecab1367-718a-42cb-80e6-8078c66d32a4 ] Request (ServerRescueNegativeTestJSON:setUpClass): 201 POST http://10.180.1.21:9696/networking/v2.0/routers 2.304s
2025-05-07 12:46:58.529 69608 INFO tempest.lib.common.rest_client [req-96d2ef61-0c09-4789-a596-a9d95ff15058 req-96d2ef61-0c09-4789-a596-a9d95ff15058 ] Request (ServerMetadataNegativeTestJSON:setUpClass): 201 POST http://10.180.1.21/identity/v3/auth/tokens 0.114s
2025-05-07 12:46:58.530 69608 WARNING tempest.lib.common.rest_client [-] Deprecated: "tenant_id" property is deprecated for removal, use "project_id" instead
2025-05-07 12:46:58.577 69608 INFO tempest.lib.common.rest_client [req-a4e4801f-d660-4b70-aaf0-f1697d3374a4 req-a4e4801f-d660-4b70-aaf0-f1697d3374a4 ] Request (ServerMetadataNegativeTestJSON:setUpClass): 201 POST http://10.180.1.21/identity/v3/auth/tokens 0.042s
2025-05-07 12:46:58.579 69608 INFO tempest.lib.common.fixed_network [-] (ServerMetadataNegativeTestJSON:setUpClass) Found network {'id': '9d6b4fb2-e34b-4fa3-b4a2-b76562ee7748', 'name': 'tempest-ServerMetadataNegativeTestJSON-128396488-network', 'tenant_id': '27f84597583e4f629f7e871d633df465', 'admin_state_up': True, 'mtu': 8950, 'status': 'ACTIVE', 'subnets': [], 'shared': False, 'project_id': '27f84597583e4f629f7e871d633df465', 'port_security_enabled': True, 'router:external': False, 'provider:network_type': 'vlan', 'provider:physical_network': 'default', 'provider:segmentation_id': 373, 'availability_zone_hints': [], 'availability_zones': [], 'ipv4_address_scope': None, 'ipv6_address_scope': None, 'description': '', 'tags': [], 'created_at': '2025-05-07T12:46:52Z', 'updated_at': '2025-05-07T12:46:52Z', 'revision_number': 1} available for tenant
2025-05-07 12:46:58.585 69586 INFO tempest.lib.common.rest_client [req-6e93cb2b-a156-4765-8749-a5743c1f20a0 req-6e93cb2b-a156-4765-8749-a5743c1f20a0 ] Request (ServersNegativeTestJSON:setUpClass): 201 POST http://10.180.1.21:9696/networking/v2.0/subnets 0.429s
2025-05-07 12:46:58.624 69618 INFO tempest.lib.common.rest_client [req-95dd8d26-0f25-431c-87be-0e9893ec8256 req-95dd8d26-0f25-431c-87be-0e9893ec8256 ] Request (ServersTestManualDisk:setUpClass): 200 GET http://10.180.1.21/compute/v2.1/servers/9bed399d-c3f5-4659-bbe0-c88f73e1e52b 1.993s
2025-05-07 12:46:58.632 69584 INFO tempest.lib.common.rest_client [req-f60f53b8-4fe4-4143-8734-b39947f2334d req-f60f53b8-4fe4-4143-8734-b39947f2334d ] Request (SecurityGroupRulesNegativeTestJSON:setUpClass): 201 POST http://10.180.1.21:9696/networking/v2.0/subnets 0.505s
2025-05-07 12:46:58.648 69624 INFO tempest.lib.common.rest_client [req-d37d3335-6deb-41a0-bb05-35cd37f68a18 req-d37d3335-6deb-41a0-bb05-35cd37f68a18 ] Request (KeyPairsV2TestJSON:_run_cleanups): 202 DELETE http://10.180.1.21/compute/v2.1/os-keypairs/tempest-KeyPairsV2TestJSON-keypair-120934939 2.010s
2025-05-07 12:46:58.660 69644 INFO tempest.lib.common.rest_client [req-1a08ac8b-5406-4d1a-a052-18965fd4eded req-1a08ac8b-5406-4d1a-a052-18965fd4eded ] Request (AggregatesAdminNegativeTestJSON:test_aggregate_get_details_as_user): 403 GET http://10.180.1.21/compute/v2.1/os-aggregates/6 1.982s
2025-05-07 12:46:58.689 69620 INFO tempest.lib.common.rest_client [req-688cd6fd-4195-4033-9e84-c6c1b92addba req-688cd6fd-4195-4033-9e84-c6c1b92addba ] Request (FlavorsAdminTestJSON:_run_cleanups): 200 GET http://10.180.1.21/compute/v2.1/flavors/detail 1.984s
2025-05-07 12:46:58.712 69640 INFO tempest.lib.common.rest_client [req-d995b2f0-358c-430b-9ed9-840a748c54de req-d995b2f0-358c-430b-9ed9-840a748c54de ] Request (KeyPairsNegativeTestJSON:test_create_keypair_with_long_keynames): 400 POST http://10.180.1.21/compute/v2.1/os-keypairs 1.959s
2025-05-07 12:46:58.743 69596 INFO tempest.lib.common.rest_client [req-ee29f712-cd4a-48e8-be50-773de2bdf93d req-ee29f712-cd4a-48e8-be50-773de2bdf93d ] Request (FlavorsAccessNegativeTestJSON:test_remove_flavor_access_not_found): 200 POST http://10.180.1.21/compute/v2.1/flavors 1.953s
2025-05-07 12:46:58.794 69624 INFO tempest.lib.common.rest_client [req-fee7d927-5891-45e9-9729-54068f6423f4 req-fee7d927-5891-45e9-9729-54068f6423f4 ] Request (KeyPairsV2TestJSON:tearDownClass): 204 DELETE http://10.180.1.21/identity/v3/users/5740cb340b874450b1b751a0d3ce1682 0.145s
2025-05-07 12:46:58.795 69624 INFO tempest.lib.common.dynamic_creds [-] Deleting project and security group for project: 7b7116046dcf4b0babf898a5ac847233
2025-05-07 12:46:58.798 69614 INFO tempest.lib.common.rest_client [req-28c0c9bf-cf80-4baf-bbce-d3c50ce5f24e req-28c0c9bf-cf80-4baf-bbce-d3c50ce5f24e ] Request (ListImageFiltersTestJSON:setUpClass): 202 POST http://10.180.1.21/compute/v2.1/servers 2.166s
2025-05-07 12:46:58.853 69612 INFO tempest.lib.common.rest_client [req-0f9987c9-f6a4-4e98-ab2c-8d37e2d821d7 req-0f9987c9-f6a4-4e98-ab2c-8d37e2d821d7 ] Request (ServerDiagnosticsNegativeTest:tearDownClass): 200 GET http://10.180.1.21/compute/v2.1/servers/d85e0043-5556-4de2-a14b-654fcb440aa3 2.035s
2025-05-07 12:46:58.904 69614 INFO tempest.lib.common.rest_client [req-9701ba48-ea44-4525-87d1-9c9fcebb596d req-9701ba48-ea44-4525-87d1-9c9fcebb596d ] Request (ListImageFiltersTestJSON:setUpClass): 201 POST http://10.180.1.21/identity/v3/auth/tokens 0.099s
2025-05-07 12:46:58.904 69614 INFO tempest.lib.common.fixed_network [-] (ListImageFiltersTestJSON:setUpClass) Found network None available for tenant
2025-05-07 12:46:58.912 69624 INFO tempest.lib.common.rest_client [req-68caaaa8-0d19-4dfa-9fd6-f474861996c3 req-68caaaa8-0d19-4dfa-9fd6-f474861996c3 ] Request (KeyPairsV2TestJSON:tearDownClass): 201 POST http://10.180.1.21/identity/v3/auth/tokens 0.115s
2025-05-07 12:46:58.958 69590 INFO tempest.lib.common.rest_client [req-e07d50d4-40b9-40b4-9013-68313592bec1 req-e07d50d4-40b9-40b4-9013-68313592bec1 ] Request (ServersWithSpecificFlavorTestJSON:test_verify_created_server_ephemeral_disk): 200 GET http://10.180.1.21/compute/v2.1/servers/fea7032f-f99b-4e36-9f39-1b0d98d5890c 1.818s
2025-05-07 12:46:59.227 69632 INFO tempest.lib.common.rest_client [req-c027da54-2d17-4884-b9b8-2332442b91a0 req-c027da54-2d17-4884-b9b8-2332442b91a0 ] Request (ImagesTestJSON:test_create_image_from_stopped_server): 200 GET http://10.180.1.21/compute/v2.1/servers/d52ddc48-9f9b-486e-bd3c-7407860cda16 2.122s
2025-05-07 12:46:59.242 69632 INFO tempest.common.waiters [-] State transition "ACTIVE/powering-off" ==> "SHUTOFF/None" after 3 second wait
2025-05-07 12:46:59.445 69624 INFO tempest.lib.common.rest_client [req-b2ab9135-ff18-4a50-9642-410a024835c1 req-b2ab9135-ff18-4a50-9642-410a024835c1 ] Request (KeyPairsV2TestJSON:tearDownClass): 200 GET http://10.180.1.21:9696/networking/v2.0/security-groups?tenant_id=7b7116046dcf4b0babf898a5ac847233&name=default 0.532s
2025-05-07 12:46:59.490 69604 INFO tempest.lib.common.rest_client [req-62f983ef-958a-4f35-8272-cd7542c56221 req-62f983ef-958a-4f35-8272-cd7542c56221 ] Request (FloatingIPDetailsNegativeTestJSON:tearDownClass): 200 PUT http://10.180.1.21:9696/networking/v2.0/routers/ce0d00ec-b4eb-4bd3-9acf-109936c45bbc/remove_router_interface 3.046s
2025-05-07 12:46:59.557 69634 INFO tempest.lib.common.rest_client [req-c2e85b7c-3d53-4c51-99e9-f6b04ec2cbb9 req-c2e85b7c-3d53-4c51-99e9-f6b04ec2cbb9 ] Request (ServerExternalEventsTest:tearDownClass): 200 GET http://10.180.1.21/compute/v2.1/servers/9f4c2ce2-5ccf-4f32-b0f8-77524dcc7c81 2.009s
2025-05-07 12:46:59.718 69624 INFO tempest.lib.common.rest_client [req-eabdd7a1-9d60-43a8-be79-18a375ea9f83 req-eabdd7a1-9d60-43a8-be79-18a375ea9f83 ] Request (KeyPairsV2TestJSON:tearDownClass): 204 DELETE http://10.180.1.21:9696/networking/v2.0/security-groups/22af14a0-da70-4bab-9d7e-f46e3e8ac40f 0.272s
2025-05-07 12:46:59.816 69624 INFO tempest.lib.common.rest_client [req-bc3c06df-0275-4c31-8c91-ef5dbb03decf req-bc3c06df-0275-4c31-8c91-ef5dbb03decf ] Request (KeyPairsV2TestJSON:tearDownClass): 204 DELETE http://10.180.1.21/identity/v3/projects/7b7116046dcf4b0babf898a5ac847233 0.097s
2025-05-07 12:46:59.881 69624 INFO tempest.lib.common.rest_client [req-3cd59e0d-4689-4e28-9b4a-4b87c99e5e10 req-3cd59e0d-4689-4e28-9b4a-4b87c99e5e10 ] Request (AttachInterfacesTestJSON:setUpClass): 201 POST http://10.180.1.21/identity/v3/auth/tokens 0.064s
2025-05-07 12:46:59.910 69624 INFO tempest.lib.common.rest_client [req-bb730f80-a3b4-47dc-bb6e-19d821f5a46a req-bb730f80-a3b4-47dc-bb6e-19d821f5a46a ] Request (AttachInterfacesTestJSON:setUpClass): 201 POST http://10.180.1.21/identity/v3/auth/tokens 0.025s
2025-05-07 12:46:59.943 69624 INFO tempest.lib.common.rest_client [req-db0bfede-d844-4af6-abdb-3c1406448abd req-db0bfede-d844-4af6-abdb-3c1406448abd ] Request (AttachInterfacesTestJSON:setUpClass): 200 GET http://10.180.1.21/identity/v3/domains?name=Default 0.032s
2025-05-07 12:46:59.981 69624 INFO tempest.lib.common.rest_client [req-222fad55-7542-4c79-ba1a-fd2e377b1aaf req-222fad55-7542-4c79-ba1a-fd2e377b1aaf ] Request (AttachInterfacesTestJSON:setUpClass): 201 POST http://10.180.1.21/identity/v3/projects 0.037s
2025-05-07 12:47:00.036 69602 INFO tempest.lib.common.rest_client [req-89f09d42-38cf-4c76-8cb1-055faf058d0f req-89f09d42-38cf-4c76-8cb1-055faf058d0f ] Request (ServersAdminTestJSON:setUpClass): 200 GET http://10.180.1.21/compute/v2.1/servers/b72ebe87-2c2c-459f-ab59-53a52ab780f3 2.101s
2025-05-07 12:47:00.088 69624 INFO tempest.lib.common.rest_client [req-37ec4ffd-4397-4fb5-a40f-29e96d535673 req-37ec4ffd-4397-4fb5-a40f-29e96d535673 ] Request (AttachInterfacesTestJSON:setUpClass): 201 POST http://10.180.1.21/identity/v3/users 0.107s
2025-05-07 12:47:00.123 69624 INFO tempest.lib.common.rest_client [req-862929c2-c434-441e-b1f4-c86f6a010bdb req-862929c2-c434-441e-b1f4-c86f6a010bdb ] Request (AttachInterfacesTestJSON:setUpClass): 200 GET http://10.180.1.21/identity/v3/roles 0.032s
2025-05-07 12:47:00.174 69624 INFO tempest.lib.common.rest_client [req-62ab4666-b40c-4dbd-b03d-448ede52c593 req-62ab4666-b40c-4dbd-b03d-448ede52c593 ] Request (AttachInterfacesTestJSON:setUpClass): 204 PUT http://10.180.1.21/identity/v3/projects/34931cdadbdb424c809a262bf676a7ee/users/2560e49956b44f5d86ff2f489342a521/roles/6a2842a37bb142ff877363e1ba8bb1d0 0.050s
2025-05-07 12:47:00.174 69624 INFO tempest.lib.common.dynamic_creds [-] Dynamic test user 2560e49956b44f5d86ff2f489342a521 is created with scope project and roles: ['member']
2025-05-07 12:47:00.175 69624 INFO tempest.lib.common.dynamic_creds [-] Acquired dynamic creds: credentials: Credentials: {'domain_id': 'default', 'domain_name': 'Default', 'username': 'tempest-AttachInterfacesTestJSON-256354097-project-member', 'project_domain_id': 'default', 'project_domain_name': 'Default', 'project_id': '34931cdadbdb424c809a262bf676a7ee', 'project_name': 'tempest-AttachInterfacesTestJSON-256354097', 'tenant_id': '34931cdadbdb424c809a262bf676a7ee', 'tenant_name': 'tempest-AttachInterfacesTestJSON-256354097', 'user_domain_id': 'default', 'user_domain_name': 'Default', 'user_id': '2560e49956b44f5d86ff2f489342a521', 'system': None}, Network: None, Subnet: None, Router: None
2025-05-07 12:47:00.243 69598 INFO tempest.lib.common.rest_client [req-050e1520-d998-4a7f-94b9-2e6602b28124 req-050e1520-d998-4a7f-94b9-2e6602b28124 ] Request (AttachInterfacesUnderV243Test:test_add_remove_fixed_ip): 202 POST http://10.180.1.21/compute/v2.1/servers 2.852s
2025-05-07 12:47:00.264 69624 INFO tempest.lib.common.rest_client [req-87e40d23-ade0-4b9b-b093-0dda6c0f5ad0 req-87e40d23-ade0-4b9b-b093-0dda6c0f5ad0 ] Request (AttachInterfacesTestJSON:setUpClass): 201 POST http://10.180.1.21/identity/v3/auth/tokens 0.089s
2025-05-07 12:47:00.332 69588 INFO tempest.lib.common.rest_client [req-1767b56a-69fe-480f-99e3-017bb4272d1f req-1767b56a-69fe-480f-99e3-017bb4272d1f ] Request (ImagesNegativeTestJSON:test_create_image_from_deleted_server): 200 GET http://10.180.1.21/compute/v2.1/servers/7650ef23-41ab-4aba-89cf-d33006912049 2.200s
2025-05-07 12:47:00.347 69626 INFO tempest.lib.common.rest_client [req-1bc5a51a-1d10-4692-a249-0261b24842b5 req-1bc5a51a-1d10-4692-a249-0261b24842b5 ] Request (ServersListShow296Test:test_list_show_update_rebuild_server_296): 200 GET http://10.180.1.21/compute/v2.1/servers/fc921d48-70c0-4871-9326-56333421f368 2.210s
2025-05-07 12:47:00.359 69626 INFO tempest.common.waiters [-] State transition "BUILD/block_device_mapping" ==> "BUILD/spawning" after 17 second wait
2025-05-07 12:47:00.436 69616 INFO tempest.lib.common.rest_client [req-06339678-8709-4366-aa40-d655e9eb9356 req-06339678-8709-4366-aa40-d655e9eb9356 ] Request (VolumesAdminNegativeTest:test_update_attached_volume_with_nonexistent_volume_in_body): 200 GET http://10.180.1.21/compute/v2.1/servers/abbf2f1c-ae9a-432a-baf5-7d7ce24253d3 2.265s
2025-05-07 12:47:00.451 69606 INFO tempest.lib.common.rest_client [req-f5b76765-a96e-4601-b094-eac975893f80 req-f5b76765-a96e-4601-b094-eac975893f80 ] Request (MigrationsAdminTest:test_list_migrations_in_flavor_resize_situation): 200 GET http://10.180.1.21/compute/v2.1/servers/b2cfd112-af47-46e1-8546-f527c9d84253 2.273s
2025-05-07 12:47:00.548 69630 INFO tempest.lib.common.rest_client [req-81b958c2-f384-4fd6-9189-18cd623d80fd req-81b958c2-f384-4fd6-9189-18cd623d80fd ] Request (ServersV294TestFqdnHostnames:setUpClass): 200 GET http://10.180.1.21/compute/v2.1/servers/7715cc43-6505-439b-ade5-06092096e2d6 2.287s
2025-05-07 12:47:00.569 69592 INFO tempest.lib.common.rest_client [req-2ba187fa-e8f2-4267-ae87-eacceeaf9333 req-2ba187fa-e8f2-4267-ae87-eacceeaf9333 ] Request (FloatingIPsAssociationNegativeTestJSON:setUpClass): 200 GET http://10.180.1.21/compute/v2.1/servers/693ccb58-152a-409f-ae7d-f0a68cf4880d 2.289s
2025-05-07 12:47:00.572 69642 INFO tempest.lib.common.rest_client [req-4ba66baa-7827-49a1-afaa-41559c27e41d req-4ba66baa-7827-49a1-afaa-41559c27e41d ] Request (FlavorsV2TestJSON:test_list_flavors): 200 GET http://10.180.1.21/compute/v2.1/flavors/42 2.253s
2025-05-07 12:47:00.604 69586 INFO tempest.lib.common.rest_client [req-91205bd7-6f33-4ac0-9a3c-b5fe7aa2b126 req-91205bd7-6f33-4ac0-9a3c-b5fe7aa2b126 ] Request (ServersNegativeTestJSON:setUpClass): 201 POST http://10.180.1.21:9696/networking/v2.0/routers 2.018s
2025-05-07 12:47:00.661 69628 INFO tempest.lib.common.rest_client [req-4e462461-659d-44a2-ad00-c9a60519e41c req-4e462461-659d-44a2-ad00-c9a60519e41c ] Request (FlavorsV255TestJSON:test_crud_flavor): 200 GET http://10.180.1.21/compute/v2.1/flavors/detail 2.305s
2025-05-07 12:47:00.702 69594 INFO tempest.lib.common.rest_client [req-e22777bc-7216-47b5-acbc-a50e1266950a req-e22777bc-7216-47b5-acbc-a50e1266950a ] Request (ServersAdminNegativeTestJSON:test_migrate_server_invalid_state): 200 GET http://10.180.1.21/compute/v2.1/servers/d098ccf8-5ea6-4ad7-b99b-de0d95e6f371 2.351s
2025-05-07 12:47:00.721 69594 INFO tempest.common.waiters [-] State transition "BUILD/scheduling" ==> "BUILD/None" after 6 second wait
2025-05-07 12:47:00.907 69610 INFO tempest.lib.common.rest_client [req-eb40f9ed-1b5d-4943-b9bb-d8eb753acb24 req-eb40f9ed-1b5d-4943-b9bb-d8eb753acb24 ] Request (InstanceActionsTestJSON:setUpClass): 200 GET http://10.180.1.21/compute/v2.1/servers/605ed07c-6abd-4de6-984d-772f43d0e3c8 2.447s
2025-05-07 12:47:00.941 69647 INFO tempest.lib.common.rest_client [req-a7267552-3c82-49e6-aa12-f8a30142eaea req-a7267552-3c82-49e6-aa12-f8a30142eaea ] Request (QuotaClassesAdmin257Test:_run_cleanups): 200 PUT http://10.180.1.21/compute/v2.1/os-quota-class-sets/default 2.569s
2025-05-07 12:47:00.999 69644 INFO tempest.lib.common.rest_client [req-ead753af-9a8f-4209-8841-060b38f9919b req-ead753af-9a8f-4209-8841-060b38f9919b ] Request (AggregatesAdminNegativeTestJSON:_run_cleanups): 200 DELETE http://10.180.1.21/compute/v2.1/os-aggregates/6 2.338s
2025-05-07 12:47:01.056 69620 INFO tempest.lib.common.rest_client [req-286f2ab1-e0cb-4d7f-b42c-0d8e485a992a req-286f2ab1-e0cb-4d7f-b42c-0d8e485a992a ] Request (FlavorsAdminTestJSON:test_create_server_with_non_public_flavor): 200 POST http://10.180.1.21/compute/v2.1/flavors 2.355s
2025-05-07 12:47:01.125 69640 INFO tempest.lib.common.rest_client [req-da048df0-3ec4-4b9d-812e-bf17a5b7b02a req-da048df0-3ec4-4b9d-812e-bf17a5b7b02a ] Request (KeyPairsNegativeTestJSON:test_keypair_create_with_invalid_pub_key): 400 POST http://10.180.1.21/compute/v2.1/os-keypairs 2.411s
2025-05-07 12:47:01.140 69647 INFO tempest.lib.common.rest_client [req-c3c7e60b-c122-46b7-a884-fa7f81c2e66d req-c3c7e60b-c122-46b7-a884-fa7f81c2e66d ] Request (QuotaClassesAdmin257Test:tearDownClass): 204 DELETE http://10.180.1.21/identity/v3/users/f1e57377848e478c9c343e6dbbc20966 0.193s
2025-05-07 12:47:01.268 69624 INFO tempest.lib.common.rest_client [req-0e102f75-5289-4ead-a52a-197787cc46f3 req-0e102f75-5289-4ead-a52a-197787cc46f3 ] Request (AttachInterfacesTestJSON:setUpClass): 201 POST http://10.180.1.21:9696/networking/v2.0/networks 1.004s
2025-05-07 12:47:01.325 69604 INFO tempest.lib.common.rest_client [req-8d67b034-c397-4d50-abdd-3a6976863044 req-8d67b034-c397-4d50-abdd-3a6976863044 ] Request (FloatingIPDetailsNegativeTestJSON:tearDownClass): 204 DELETE http://10.180.1.21:9696/networking/v2.0/routers/ce0d00ec-b4eb-4bd3-9acf-109936c45bbc 1.835s
2025-05-07 12:47:01.330 69647 INFO tempest.lib.common.rest_client [req-bffbc256-ee7a-40c6-8f8a-62ead0636583 req-bffbc256-ee7a-40c6-8f8a-62ead0636583 ] Request (QuotaClassesAdmin257Test:tearDownClass): 204 DELETE http://10.180.1.21/identity/v3/users/ddaa2fb854b547d180451902d08471a1 0.189s
2025-05-07 12:47:01.330 69647 INFO tempest.lib.common.dynamic_creds [-] Deleting project and security group for project: 8d4eb231a3774677ae592405f5ad8622
2025-05-07 12:47:01.396 69622 INFO tempest.lib.common.rest_client [req-5f5eeb63-7a04-4763-ab5d-a5aab11e9a08 req-5f5eeb63-7a04-4763-ab5d-a5aab11e9a08 ] Request (ServerRescueNegativeTestJSON:setUpClass): 200 PUT http://10.180.1.21:9696/networking/v2.0/routers/50eeb2dd-cb40-4b7f-aef3-f4bc121a7cc9/add_router_interface 2.942s
2025-05-07 12:47:01.396 69622 INFO tempest.lib.common.dynamic_creds [-] Created isolated network resources for: credentials: Credentials: {'domain_id': 'default', 'domain_name': 'Default', 'username': 'tempest-ServerRescueNegativeTestJSON-1413427876-project-member', 'project_domain_id': 'default', 'project_domain_name': 'Default', 'project_id': '00b05245e5594ef9a7a86b58c2542a0d', 'project_name': 'tempest-ServerRescueNegativeTestJSON-1413427876', 'tenant_id': '00b05245e5594ef9a7a86b58c2542a0d', 'tenant_name': 'tempest-ServerRescueNegativeTestJSON-1413427876', 'user_domain_id': 'default', 'user_domain_name': 'Default', 'user_id': '8c06fc63feb6477ca865431c4aaee387', 'system': None}, Network: {'id': 'e5d84957-3fe7-4c95-8afb-1f3c639f6307', 'name': 'tempest-ServerRescueNegativeTestJSON-1069216584-network', 'tenant_id': '00b05245e5594ef9a7a86b58c2542a0d', 'admin_state_up': True, 'mtu': 8950, 'status': 'ACTIVE', 'subnets': [], 'shared': False, 'project_id': '00b05245e5594ef9a7a86b58c2542a0d', 'port_security_enabled': True, 'router:external': False, 'provider:network_type': 'vlan', 'provider:physical_network': 'default', 'provider:segmentation_id': 338, 'availability_zone_hints': [], 'availability_zones': [], 'ipv4_address_scope': None, 'ipv6_address_scope': None, 'description': '', 'tags': [], 'created_at': '2025-05-07T12:46:55Z', 'updated_at': '2025-05-07T12:46:55Z', 'revision_number': 1}, Subnet: {'id': '9b678e79-077d-4d28-89a9-a947085e9ebc', 'name': 'tempest-ServerRescueNegativeTestJSON-1069216584-subnet', 'tenant_id': '00b05245e5594ef9a7a86b58c2542a0d', 'network_id': 'e5d84957-3fe7-4c95-8afb-1f3c639f6307', 'ip_version': 4, 'subnetpool_id': None, 'enable_dhcp': True, 'ipv6_ra_mode': None, 'ipv6_address_mode': None, 'gateway_ip': '192.168.128.1', 'cidr': '192.168.128.0/28', 'allocation_pools': [{'start': '192.168.128.2', 'end': '192.168.128.14'}], 'host_routes': [], 'dns_nameservers': [], 'description': '', 'router:external': False, 'service_types': [], 'tags': [], 'created_at': '2025-05-07T12:46:55Z', 'updated_at': '2025-05-07T12:46:55Z', 'revision_number': 0, 'project_id': '00b05245e5594ef9a7a86b58c2542a0d'}, Router: {'id': '50eeb2dd-cb40-4b7f-aef3-f4bc121a7cc9', 'name': 'tempest-ServerRescueNegativeTestJSON-1069216584-router', 'tenant_id': '00b05245e5594ef9a7a86b58c2542a0d', 'admin_state_up': True, 'status': 'ACTIVE', 'external_gateway_info': {'network_id': '9fce3b12-85c0-4ea2-a134-4021521cb4ef', 'external_fixed_ips': [{'subnet_id': '12e1b29b-1a30-4408-845f-928612e3be0d', 'ip_address': '10.180.180.233'}], 'enable_snat': True}, 'description': '', 'availability_zones': [], 'distributed': False, 'ha': False, 'availability_zone_hints': [], 'routes': [], 'flavor_id': None, 'tags': [], 'created_at': '2025-05-07T12:46:56Z', 'updated_at': '2025-05-07T12:46:57Z', 'revision_number': 2, 'project_id': '00b05245e5594ef9a7a86b58c2542a0d'}
2025-05-07 12:47:01.427 69647 INFO tempest.lib.common.rest_client [req-8153cfa2-8b4d-44f3-b51a-162556dd1297 req-8153cfa2-8b4d-44f3-b51a-162556dd1297 ] Request (QuotaClassesAdmin257Test:tearDownClass): 201 POST http://10.180.1.21/identity/v3/auth/tokens 0.097s
2025-05-07 12:47:01.430 69596 INFO tempest.lib.common.rest_client [req-b7fbfee5-85aa-4d19-880c-bcc16c91e5a3 req-b7fbfee5-85aa-4d19-880c-bcc16c91e5a3 ] Request (FlavorsAccessNegativeTestJSON:test_remove_flavor_access_not_found): 404 POST http://10.180.1.21/compute/v2.1/flavors/491279834/action 2.684s
2025-05-07 12:47:01.518 69622 INFO tempest.lib.common.rest_client [req-0fe18311-8232-4019-8341-1af070cfc1c7 req-0fe18311-8232-4019-8341-1af070cfc1c7 ] Request (ServerRescueNegativeTestJSON:setUpClass): 201 POST http://10.180.1.21/identity/v3/auth/tokens 0.119s
2025-05-07 12:47:01.545 69584 INFO tempest.lib.common.rest_client [req-1fcd3660-9939-4996-8f67-94f2b2ef4a48 req-1fcd3660-9939-4996-8f67-94f2b2ef4a48 ] Request (SecurityGroupRulesNegativeTestJSON:setUpClass): 201 POST http://10.180.1.21:9696/networking/v2.0/routers 2.912s
2025-05-07 12:47:01.562 69622 INFO tempest.lib.common.rest_client [req-6b21f386-1f5d-4726-b1d6-85a15a553fa6 req-6b21f386-1f5d-4726-b1d6-85a15a553fa6 ] Request (ServerRescueNegativeTestJSON:setUpClass): 201 POST http://10.180.1.21/identity/v3/auth/tokens 0.039s
2025-05-07 12:47:01.562 69622 INFO tempest.lib.common.fixed_network [-] (ServerRescueNegativeTestJSON:setUpClass) Found network {'id': 'e5d84957-3fe7-4c95-8afb-1f3c639f6307', 'name': 'tempest-ServerRescueNegativeTestJSON-1069216584-network', 'tenant_id': '00b05245e5594ef9a7a86b58c2542a0d', 'admin_state_up': True, 'mtu': 8950, 'status': 'ACTIVE', 'subnets': [], 'shared': False, 'project_id': '00b05245e5594ef9a7a86b58c2542a0d', 'port_security_enabled': True, 'router:external': False, 'provider:network_type': 'vlan', 'provider:physical_network': 'default', 'provider:segmentation_id': 338, 'availability_zone_hints': [], 'availability_zones': [], 'ipv4_address_scope': None, 'ipv6_address_scope': None, 'description': '', 'tags': [], 'created_at': '2025-05-07T12:46:55Z', 'updated_at': '2025-05-07T12:46:55Z', 'revision_number': 1} available for tenant
2025-05-07 12:47:01.861 69614 INFO tempest.lib.common.rest_client [req-e9583936-c695-4d52-b18c-cab351fe204e req-e9583936-c695-4d52-b18c-cab351fe204e ] Request (ListImageFiltersTestJSON:setUpClass): 202 POST http://10.180.1.21/compute/v2.1/servers 2.956s
2025-05-07 12:47:02.030 69604 INFO tempest.lib.common.rest_client [req-3892e737-b0f5-4ff9-864f-0ca90a3edde2 req-3892e737-b0f5-4ff9-864f-0ca90a3edde2 ] Request (FloatingIPDetailsNegativeTestJSON:tearDownClass): 204 DELETE http://10.180.1.21:9696/networking/v2.0/subnets/03fc1462-7260-4041-be8b-e7819760b99a 0.705s
2025-05-07 12:47:02.247 69647 INFO tempest.lib.common.rest_client [req-7c97b19d-f2a0-441b-b494-d86baadc58b4 req-7c97b19d-f2a0-441b-b494-d86baadc58b4 ] Request (QuotaClassesAdmin257Test:tearDownClass): 200 GET http://10.180.1.21:9696/networking/v2.0/security-groups?tenant_id=8d4eb231a3774677ae592405f5ad8622&name=default 0.820s
2025-05-07 12:47:02.439 69608 INFO tempest.lib.common.rest_client [req-c86d1514-1312-4492-b5ea-d71828483a89 req-c86d1514-1312-4492-b5ea-d71828483a89 ] Request (ServerMetadataNegativeTestJSON:setUpClass): 202 POST http://10.180.1.21/compute/v2.1/servers 3.859s
2025-05-07 12:47:02.511 69624 INFO tempest.lib.common.rest_client [req-12ba1767-1cc8-4747-ad53-fd0d406f2c45 req-12ba1767-1cc8-4747-ad53-fd0d406f2c45 ] Request (AttachInterfacesTestJSON:setUpClass): 201 POST http://10.180.1.21:9696/networking/v2.0/subnets 1.242s
2025-05-07 12:47:02.545 69632 INFO tempest.lib.common.rest_client [req-923a2144-53b6-48a0-9592-9af313708905 req-923a2144-53b6-48a0-9592-9af313708905 ] Request (ImagesTestJSON:test_create_image_from_stopped_server): 202 POST http://10.180.1.21/compute/v2.1/servers/d52ddc48-9f9b-486e-bd3c-7407860cda16/action 3.301s
2025-05-07 12:47:02.550 69604 INFO tempest.lib.common.rest_client [req-6ab18c9e-b7c4-4d3a-bb68-ba9684540220 req-6ab18c9e-b7c4-4d3a-bb68-ba9684540220 ] Request (FloatingIPDetailsNegativeTestJSON:tearDownClass): 204 DELETE http://10.180.1.21:9696/networking/v2.0/networks/7f1180ec-f992-4c6d-b23f-8fa3d9cef6a6 0.519s
