2025-05-07 12:48:02.775 69596 INFO tempest.lib.common.rest_client [req-88f115d0-5ce1-4322-af7a-52721d39c86c req-88f115d0-5ce1-4322-af7a-52721d39c86c ] Request (ServerDiagnosticsV248Test:test_get_server_diagnostics): 200 GET http://10.180.1.21/compute/v2.1/servers/563722c6-483c-4154-b4da-e8412f78b765 0.259s
2025-05-07 12:48:02.847 69647 INFO tempest.lib.common.rest_client [req-a17362e2-1731-4bf8-8705-3969e52ad6c9 req-a17362e2-1731-4bf8-8705-3969e52ad6c9 ] Request (FloatingIPsAssociationTestJSON:setUpClass): 200 GET http://10.180.1.21/compute/v2.1/servers/60f120c5-345a-44dd-b716-03a686a518f3 0.471s
2025-05-07 12:48:02.908 69606 INFO tempest.lib.common.rest_client [req-50d40242-4fe6-4964-89db-3216419581ad req-50d40242-4fe6-4964-89db-3216419581ad ] Request (MigrationsAdminTest:test_list_migrations_in_flavor_resize_situation): 200 GET http://10.180.1.21/compute/v2.1/servers/b2cfd112-af47-46e1-8546-f527c9d84253 0.353s
2025-05-07 12:48:02.913 69584 INFO tempest.lib.common.rest_client [req-58036751-6593-4b07-9a54-ef9b9ebc3591 req-58036751-6593-4b07-9a54-ef9b9ebc3591 ] Request (InstanceActionsNegativeTestJSON:setUpClass): 200 GET http://10.180.1.21/compute/v2.1/servers/29b9af6b-f049-410e-b20f-5de1d3c84611 0.330s
2025-05-07 12:48:02.974 69592 INFO tempest.lib.common.rest_client [req-c765b063-fe61-4745-9121-de1c0dc42bbf req-c765b063-fe61-4745-9121-de1c0dc42bbf ] Request (FloatingIPsAssociationNegativeTestJSON:tearDownClass): 200 GET http://10.180.1.21/compute/v2.1/servers/693ccb58-152a-409f-ae7d-f0a68cf4880d 0.303s
2025-05-07 12:48:03.029 69644 INFO tempest.lib.common.rest_client [req-dc607fe0-5997-4382-a63f-d307ee3b6089 req-dc607fe0-5997-4382-a63f-d307ee3b6089 ] Request (DeleteServersAdminTestJSON:test_admin_delete_servers_of_others): 200 GET http://10.180.1.21/compute/v2.1/servers/838dc24e-f04e-4756-bbb7-f068018f5edc 0.277s
2025-05-07 12:48:03.097 69610 INFO tempest.lib.common.rest_client [req-13e36289-9434-49a2-bd4e-08f0001e4834 req-13e36289-9434-49a2-bd4e-08f0001e4834 ] Request (ServerActionsTestOtherA:setUpClass): 201 POST http://10.180.1.21:9696/networking/v2.0/networks 0.790s
2025-05-07 12:48:03.100 69634 INFO tempest.lib.common.rest_client [req-5bef90be-7bfe-4b04-8402-62b4a182b758 req-5bef90be-7bfe-4b04-8402-62b4a182b758 ] Request (ServersAdmin275Test:test_rebuild_update_server_275): 200 GET http://10.180.1.21/compute/v2.1/servers/c07106a3-0134-4602-9263-f7359c8d5367 0.341s
2025-05-07 12:48:03.152 69602 INFO tempest.lib.common.rest_client [req-fa6c0185-db3d-4d64-b281-f63a7027411c req-fa6c0185-db3d-4d64-b281-f63a7027411c ] Request (ServersAdminTestJSON:test_create_server_with_scheduling_hint): 200 GET http://10.180.1.21/compute/v2.1/servers/71b607ba-1ea1-4d50-8f6c-87e2d88706ec 0.454s
2025-05-07 12:48:03.168 69588 INFO tempest.lib.common.rest_client [req-89b2af9c-916f-49b8-baf8-f72aa950f37c req-89b2af9c-916f-49b8-baf8-f72aa950f37c ] Request (ListServersNegativeTestJSON:setUpClass): 200 GET http://10.180.1.21/compute/v2.1/servers/1d3eaa6c-8a56-4bca-a518-e5b5274058a2 0.350s
2025-05-07 12:48:03.233 69612 INFO tempest.lib.common.rest_client [req-e2b9df85-e1d3-4d56-8bdf-bb2e2dfd27bf req-e2b9df85-e1d3-4d56-8bdf-bb2e2dfd27bf ] Request (ServersAaction247Test:test_create_backup): 200 GET http://10.180.1.21/compute/v2.1/servers/873b054f-64dc-4d97-b89c-995dd3702690 0.414s
2025-05-07 12:48:03.259 69618 INFO tempest.lib.common.rest_client [req-f02e25e1-ebf5-475b-a581-891fd8bc2da9 req-f02e25e1-ebf5-475b-a581-891fd8bc2da9 ] Request (ServersTestManualDisk:tearDownClass): 200 GET http://10.180.1.21/compute/v2.1/servers/9bed399d-c3f5-4659-bbe0-c88f73e1e52b 0.247s
2025-05-07 12:48:03.299 69586 INFO tempest.lib.common.rest_client [req-367729ef-20db-495a-bb6a-6a6205049fa2 req-367729ef-20db-495a-bb6a-6a6205049fa2 ] Request (ServersNegativeTestJSON:setUpClass): 200 GET http://10.180.1.21/compute/v2.1/servers/5472357a-7746-41f9-9c0a-4edaaea0570a 0.169s
2025-05-07 12:48:03.357 69608 INFO tempest.lib.common.rest_client [req-7b058fa9-7fd5-4427-9d7c-adf59cc1fc4c req-7b058fa9-7fd5-4427-9d7c-adf59cc1fc4c ] Request (ServerMetadataNegativeTestJSON:tearDownClass): 200 GET http://10.180.1.21/compute/v2.1/servers/a7c372d8-0085-4e17-a038-78e473fb7adb 0.144s
2025-05-07 12:48:03.366 69610 INFO tempest.lib.common.rest_client [req-813f504c-8efe-44d8-86d2-002a26ecb2c0 req-813f504c-8efe-44d8-86d2-002a26ecb2c0 ] Request (ServerActionsTestOtherA:setUpClass): 201 POST http://10.180.1.21:9696/networking/v2.0/subnets 0.268s
2025-05-07 12:48:03.404 69622 INFO tempest.lib.common.rest_client [req-7e70d0cc-0ca7-4ab4-a9a4-27696a06e449 req-7e70d0cc-0ca7-4ab4-a9a4-27696a06e449 ] Request (ServerRescueNegativeTestJSON:setUpClass): 200 GET http://10.180.1.21/compute/v2.1/servers/64302f20-818c-44b7-9518-1f894a0fce19 0.266s
2025-05-07 12:48:03.415 69594 INFO tempest.lib.common.rest_client [req-3cf22daf-fc52-47c7-9817-d461148214b0 req-3cf22daf-fc52-47c7-9817-d461148214b0 ] Request (ServersAdminNegativeTestJSON:tearDownClass): 200 GET http://10.180.1.21/compute/v2.1/servers/d098ccf8-5ea6-4ad7-b99b-de0d95e6f371 0.148s
2025-05-07 12:48:03.476 69640 INFO tempest.lib.common.rest_client [req-34ddd358-774c-4b9f-89de-0b56a1ab4781 req-34ddd358-774c-4b9f-89de-0b56a1ab4781 ] Request (ServerRescueTestJSONUnderV235:setUpClass): 200 GET http://10.180.1.21/compute/v2.1/servers/3c81e760-ffaa-4b84-bd9b-2e253f268dee 0.146s
2025-05-07 12:48:03.511 69636 INFO tempest.lib.common.rest_client [req-17e1f805-c74f-4dab-af65-e19e651e7989 req-17e1f805-c74f-4dab-af65-e19e651e7989 ] Request (VolumesAssistedSnapshotsTest:tearDownClass): 200 GET http://10.180.1.21/compute/v2.1/servers/c8b292ee-acc4-4bc9-9f1f-62df83d1e36b 0.064s
2025-05-07 12:48:03.565 69624 INFO tempest.lib.common.rest_client [req-39173583-6211-42d8-a31e-cdfca8766990 req-39173583-6211-42d8-a31e-cdfca8766990 ] Request (AttachInterfacesTestJSON:test_create_list_show_delete_interfaces_by_fixed_ip): 200 GET http://10.180.1.21/compute/v2.1/servers/cb44961f-d39b-4a67-a568-780c0ac1ec7b 0.059s
2025-05-07 12:48:03.625 69632 INFO tempest.lib.common.rest_client [req-99929c2d-e47a-4877-b9a2-2f691449f6c7 req-99929c2d-e47a-4877-b9a2-2f691449f6c7 ] Request (ImagesTestJSON:test_create_image_from_suspended_server): 200 GET http://10.180.1.21/compute/v2.1/servers/e408f6d6-e873-470e-aecb-16ffa9774217 0.058s
2025-05-07 12:48:03.640 69614 INFO tempest.lib.common.rest_client [req-065bab22-254d-4617-945c-5fad5a301884 req-065bab22-254d-4617-945c-5fad5a301884 ] Request (ListImageFiltersTestJSON:setUpClass): 200 GET http://10.180.1.21/compute/v2.1/images/c8644573-ca2f-4806-a835-88eb2ad6bf53 0.043s
2025-05-07 12:48:03.724 69642 INFO tempest.lib.common.rest_client [req-547ef2b8-35ae-4e0a-8ad0-11ee34a7ce50 req-547ef2b8-35ae-4e0a-8ad0-11ee34a7ce50 ] Request (ServersTestMultiNic:test_verify_duplicate_network_nics): 200 GET http://10.180.1.21/compute/v2.1/servers/d35dd075-3bec-4293-988f-9940f9fb78e3 0.056s
2025-05-07 12:48:03.820 69626 INFO tempest.lib.common.rest_client [req-056ad667-42c2-418e-b013-db52467e5c3d req-056ad667-42c2-418e-b013-db52467e5c3d ] Request (ServersListShow298Test:test_list_show_update_rebuild_server_298): 200 GET http://10.180.1.21/compute/v2.1/servers/0a8b54ec-3f2c-4313-a47b-cc81e55c20f9 0.095s
2025-05-07 12:48:03.848 69596 INFO tempest.lib.common.rest_client [req-ddff881e-bd19-4930-96b4-f5c1a1ed2b69 req-ddff881e-bd19-4930-96b4-f5c1a1ed2b69 ] Request (ServerDiagnosticsV248Test:test_get_server_diagnostics): 200 GET http://10.180.1.21/compute/v2.1/servers/563722c6-483c-4154-b4da-e8412f78b765 0.062s
2025-05-07 12:48:03.940 69647 INFO tempest.lib.common.rest_client [req-aa84530b-f14d-4f03-ba6e-aef9757344bb req-aa84530b-f14d-4f03-ba6e-aef9757344bb ] Request (FloatingIPsAssociationTestJSON:setUpClass): 200 GET http://10.180.1.21/compute/v2.1/servers/60f120c5-345a-44dd-b716-03a686a518f3 0.082s
2025-05-07 12:48:03.948 69647 INFO tempest.common.waiters [-] State transition "BUILD/None" ==> "BUILD/networking" after 50 second wait
2025-05-07 12:48:04.026 69606 INFO tempest.lib.common.rest_client [req-e98cd693-3305-4f4a-a670-e7d740587d02 req-e98cd693-3305-4f4a-a670-e7d740587d02 ] Request (MigrationsAdminTest:test_list_migrations_in_flavor_resize_situation): 200 GET http://10.180.1.21/compute/v2.1/servers/b2cfd112-af47-46e1-8546-f527c9d84253 0.106s
2025-05-07 12:48:04.046 69584 INFO tempest.lib.common.rest_client [req-7287b43a-bec7-402c-891c-81d18c1d8def req-7287b43a-bec7-402c-891c-81d18c1d8def ] Request (InstanceActionsNegativeTestJSON:setUpClass): 200 GET http://10.180.1.21/compute/v2.1/servers/29b9af6b-f049-410e-b20f-5de1d3c84611 0.120s
2025-05-07 12:48:04.089 69592 INFO tempest.lib.common.rest_client [req-52f8c19c-d3e3-4df0-97db-7402670e757f req-52f8c19c-d3e3-4df0-97db-7402670e757f ] Request (FloatingIPsAssociationNegativeTestJSON:tearDownClass): 200 GET http://10.180.1.21/compute/v2.1/servers/693ccb58-152a-409f-ae7d-f0a68cf4880d 0.107s
2025-05-07 12:48:04.148 69644 INFO tempest.lib.common.rest_client [req-9d03d233-d8b3-4f4e-afe5-76cad75b5ee6 req-9d03d233-d8b3-4f4e-afe5-76cad75b5ee6 ] Request (DeleteServersAdminTestJSON:test_admin_delete_servers_of_others): 200 GET http://10.180.1.21/compute/v2.1/servers/838dc24e-f04e-4756-bbb7-f068018f5edc 0.109s
2025-05-07 12:48:04.179 69634 INFO tempest.lib.common.rest_client [req-7ee17dc1-a9f7-4bb5-8f31-2a937224627f req-7ee17dc1-a9f7-4bb5-8f31-2a937224627f ] Request (ServersAdmin275Test:test_rebuild_update_server_275): 200 GET http://10.180.1.21/compute/v2.1/servers/c07106a3-0134-4602-9263-f7359c8d5367 0.068s
2025-05-07 12:48:04.230 69588 INFO tempest.lib.common.rest_client [req-fbf5358e-3ce4-4a45-86ff-84646216025a req-fbf5358e-3ce4-4a45-86ff-84646216025a ] Request (ListServersNegativeTestJSON:setUpClass): 200 GET http://10.180.1.21/compute/v2.1/servers/1d3eaa6c-8a56-4bca-a518-e5b5274058a2 0.054s
2025-05-07 12:48:04.308 69612 INFO tempest.lib.common.rest_client [req-28d8b940-bf08-4ca4-8cde-283f5cd9ac30 req-28d8b940-bf08-4ca4-8cde-283f5cd9ac30 ] Request (ServersAaction247Test:test_create_backup): 200 GET http://10.180.1.21/compute/v2.1/servers/873b054f-64dc-4d97-b89c-995dd3702690 0.064s
2025-05-07 12:48:04.332 69602 INFO tempest.lib.common.rest_client [req-1a86a4d7-8464-42a3-bed8-f3704c74e866 req-1a86a4d7-8464-42a3-bed8-f3704c74e866 ] Request (ServersAdminTestJSON:test_create_server_with_scheduling_hint): 200 GET http://10.180.1.21/compute/v2.1/servers/71b607ba-1ea1-4d50-8f6c-87e2d88706ec 0.171s
2025-05-07 12:48:04.373 69618 INFO tempest.lib.common.rest_client [req-27693dcb-e3f7-41c2-8192-d44d1774b768 req-27693dcb-e3f7-41c2-8192-d44d1774b768 ] Request (ServersTestManualDisk:tearDownClass): 200 GET http://10.180.1.21/compute/v2.1/servers/9bed399d-c3f5-4659-bbe0-c88f73e1e52b 0.100s
2025-05-07 12:48:04.398 69586 INFO tempest.lib.common.rest_client [req-4bfc1dfb-f5d3-4e79-9442-f613e00b48ff req-4bfc1dfb-f5d3-4e79-9442-f613e00b48ff ] Request (ServersNegativeTestJSON:setUpClass): 200 GET http://10.180.1.21/compute/v2.1/servers/5472357a-7746-41f9-9c0a-4edaaea0570a 0.091s
2025-05-07 12:48:04.462 69608 INFO tempest.lib.common.rest_client [req-e0b2dd70-cc84-4737-b1c1-cfa56d2a5cde req-e0b2dd70-cc84-4737-b1c1-cfa56d2a5cde ] Request (ServerMetadataNegativeTestJSON:tearDownClass): 200 GET http://10.180.1.21/compute/v2.1/servers/a7c372d8-0085-4e17-a038-78e473fb7adb 0.096s
2025-05-07 12:48:04.528 69594 INFO tempest.lib.common.rest_client [req-09e8cc6e-292d-4009-af24-8f50379ba4b4 req-09e8cc6e-292d-4009-af24-8f50379ba4b4 ] Request (ServersAdminNegativeTestJSON:tearDownClass): 200 GET http://10.180.1.21/compute/v2.1/servers/d098ccf8-5ea6-4ad7-b99b-de0d95e6f371 0.102s
2025-05-07 12:48:04.538 69610 INFO tempest.lib.common.rest_client [req-7eef1dd0-dd4b-4564-a362-0f06f9a29f74 req-7eef1dd0-dd4b-4564-a362-0f06f9a29f74 ] Request (ServerActionsTestOtherA:setUpClass): 201 POST http://10.180.1.21:9696/networking/v2.0/routers 1.171s
2025-05-07 12:48:04.575 69622 INFO tempest.lib.common.rest_client [req-97e14bbb-8202-45b3-bca8-56532c02dfd4 req-97e14bbb-8202-45b3-bca8-56532c02dfd4 ] Request (ServerRescueNegativeTestJSON:setUpClass): 200 GET http://10.180.1.21/compute/v2.1/servers/64302f20-818c-44b7-9518-1f894a0fce19 0.162s
2025-05-07 12:48:04.604 69640 INFO tempest.lib.common.rest_client [req-ed011bc1-a110-4fc2-a10f-67c06cf8e693 req-ed011bc1-a110-4fc2-a10f-67c06cf8e693 ] Request (ServerRescueTestJSONUnderV235:setUpClass): 200 GET http://10.180.1.21/compute/v2.1/servers/3c81e760-ffaa-4b84-bd9b-2e253f268dee 0.117s
2025-05-07 12:48:04.648 69636 INFO tempest.lib.common.rest_client [req-2ea132b1-e8c9-4213-8117-9cf20474f410 req-2ea132b1-e8c9-4213-8117-9cf20474f410 ] Request (VolumesAssistedSnapshotsTest:tearDownClass): 200 GET http://10.180.1.21/compute/v2.1/servers/c8b292ee-acc4-4bc9-9f1f-62df83d1e36b 0.124s
2025-05-07 12:48:04.664 69636 INFO tempest.common.waiters [-] State transition "ACTIVE/deleting" ==> "DELETED/None" after 4 second wait
2025-05-07 12:48:04.669 69624 INFO tempest.lib.common.rest_client [req-51880a21-65c6-40eb-8f02-7363c351b59f req-51880a21-65c6-40eb-8f02-7363c351b59f ] Request (AttachInterfacesTestJSON:test_create_list_show_delete_interfaces_by_fixed_ip): 200 GET http://10.180.1.21/compute/v2.1/servers/cb44961f-d39b-4a67-a568-780c0ac1ec7b 0.093s
2025-05-07 12:48:04.723 69614 INFO tempest.lib.common.rest_client [req-16ed5a9a-2333-4a45-835e-067636435e9c req-16ed5a9a-2333-4a45-835e-067636435e9c ] Request (ListImageFiltersTestJSON:setUpClass): 200 GET http://10.180.1.21/compute/v2.1/images/c8644573-ca2f-4806-a835-88eb2ad6bf53 0.079s
2025-05-07 12:48:04.741 69632 INFO tempest.lib.common.rest_client [req-66d66ce8-951d-422a-9379-6830f9fe421b req-66d66ce8-951d-422a-9379-6830f9fe421b ] Request (ImagesTestJSON:test_create_image_from_suspended_server): 200 GET http://10.180.1.21/compute/v2.1/servers/e408f6d6-e873-470e-aecb-16ffa9774217 0.108s
2025-05-07 12:48:04.802 69642 INFO tempest.lib.common.rest_client [req-e068b374-715d-400c-a8ce-d60d9b024e6a req-e068b374-715d-400c-a8ce-d60d9b024e6a ] Request (ServersTestMultiNic:test_verify_duplicate_network_nics): 200 GET http://10.180.1.21/compute/v2.1/servers/d35dd075-3bec-4293-988f-9940f9fb78e3 0.068s
2025-05-07 12:48:04.914 69626 INFO tempest.lib.common.rest_client [req-4af4291e-9aad-4820-aef2-83908664c3d0 req-4af4291e-9aad-4820-aef2-83908664c3d0 ] Request (ServersListShow298Test:test_list_show_update_rebuild_server_298): 200 GET http://10.180.1.21/compute/v2.1/servers/0a8b54ec-3f2c-4313-a47b-cc81e55c20f9 0.079s
2025-05-07 12:48:04.934 69596 INFO tempest.lib.common.rest_client [req-2bd959da-0512-4584-9def-0a808fad010f req-2bd959da-0512-4584-9def-0a808fad010f ] Request (ServerDiagnosticsV248Test:test_get_server_diagnostics): 200 GET http://10.180.1.21/compute/v2.1/servers/563722c6-483c-4154-b4da-e8412f78b765 0.077s
2025-05-07 12:48:05.049 69647 INFO tempest.lib.common.rest_client [req-acd53246-997e-490a-9e07-a118af0fb5f9 req-acd53246-997e-490a-9e07-a118af0fb5f9 ] Request (FloatingIPsAssociationTestJSON:setUpClass): 200 GET http://10.180.1.21/compute/v2.1/servers/60f120c5-345a-44dd-b716-03a686a518f3 0.100s
2025-05-07 12:48:05.056 69647 INFO tempest.common.waiters [-] State transition "BUILD/networking" ==> "BUILD/spawning" after 52 second wait
2025-05-07 12:48:05.124 69584 INFO tempest.lib.common.rest_client [req-8dd7ddf0-611c-4c59-a84c-ad64546304f9 req-8dd7ddf0-611c-4c59-a84c-ad64546304f9 ] Request (InstanceActionsNegativeTestJSON:setUpClass): 200 GET http://10.180.1.21/compute/v2.1/servers/29b9af6b-f049-410e-b20f-5de1d3c84611 0.067s
2025-05-07 12:48:05.181 69606 INFO tempest.lib.common.rest_client [req-f6752017-2f35-4874-89ff-e839e06098b0 req-f6752017-2f35-4874-89ff-e839e06098b0 ] Request (MigrationsAdminTest:test_list_migrations_in_flavor_resize_situation): 200 GET http://10.180.1.21/compute/v2.1/servers/b2cfd112-af47-46e1-8546-f527c9d84253 0.137s
2025-05-07 12:48:05.209 69592 INFO tempest.lib.common.rest_client [req-57d2df36-86af-44e8-af9e-4c3d8f39b2d3 req-57d2df36-86af-44e8-af9e-4c3d8f39b2d3 ] Request (FloatingIPsAssociationNegativeTestJSON:tearDownClass): 200 GET http://10.180.1.21/compute/v2.1/servers/693ccb58-152a-409f-ae7d-f0a68cf4880d 0.111s
2025-05-07 12:48:05.244 69644 INFO tempest.lib.common.rest_client [req-11d19675-8060-465e-9e19-ef45519baaa0 req-11d19675-8060-465e-9e19-ef45519baaa0 ] Request (DeleteServersAdminTestJSON:test_admin_delete_servers_of_others): 200 GET http://10.180.1.21/compute/v2.1/servers/838dc24e-f04e-4756-bbb7-f068018f5edc 0.086s
2025-05-07 12:48:05.275 69634 INFO tempest.lib.common.rest_client [req-b24b6f67-8f64-4aec-ad48-1bbe92ff6df1 req-b24b6f67-8f64-4aec-ad48-1bbe92ff6df1 ] Request (ServersAdmin275Test:test_rebuild_update_server_275): 200 GET http://10.180.1.21/compute/v2.1/servers/c07106a3-0134-4602-9263-f7359c8d5367 0.081s
2025-05-07 12:48:05.312 69588 INFO tempest.lib.common.rest_client [req-a5639c6c-c255-4a9e-ae70-63b8e2798bca req-a5639c6c-c255-4a9e-ae70-63b8e2798bca ] Request (ListServersNegativeTestJSON:setUpClass): 200 GET http://10.180.1.21/compute/v2.1/servers/1d3eaa6c-8a56-4bca-a518-e5b5274058a2 0.069s
2025-05-07 12:48:05.378 69612 INFO tempest.lib.common.rest_client [req-8f751037-fc9a-40fb-ac4d-c594e853c8aa req-8f751037-fc9a-40fb-ac4d-c594e853c8aa ] Request (ServersAaction247Test:test_create_backup): 200 GET http://10.180.1.21/compute/v2.1/servers/873b054f-64dc-4d97-b89c-995dd3702690 0.057s
2025-05-07 12:48:05.451 69618 INFO tempest.lib.common.rest_client [req-219d024e-cd0c-4416-995d-52bec48eea73 req-219d024e-cd0c-4416-995d-52bec48eea73 ] Request (ServersTestManualDisk:tearDownClass): 200 GET http://10.180.1.21/compute/v2.1/servers/9bed399d-c3f5-4659-bbe0-c88f73e1e52b 0.067s
2025-05-07 12:48:05.498 69586 INFO tempest.lib.common.rest_client [req-dd461fab-8a09-4953-98d9-fc2e03ad9be0 req-dd461fab-8a09-4953-98d9-fc2e03ad9be0 ] Request (ServersNegativeTestJSON:setUpClass): 200 GET http://10.180.1.21/compute/v2.1/servers/5472357a-7746-41f9-9c0a-4edaaea0570a 0.089s
2025-05-07 12:48:05.518 69602 INFO tempest.lib.common.rest_client [req-036aafcc-4ef2-47cd-889c-4884a618a8e1 req-036aafcc-4ef2-47cd-889c-4884a618a8e1 ] Request (ServersAdminTestJSON:test_create_server_with_scheduling_hint): 200 GET http://10.180.1.21/compute/v2.1/servers/71b607ba-1ea1-4d50-8f6c-87e2d88706ec 0.177s
2025-05-07 12:48:05.560 69610 INFO tempest.lib.common.rest_client [req-3b5f2b02-ddb5-4dca-ab8a-e90c2ef649d8 req-3b5f2b02-ddb5-4dca-ab8a-e90c2ef649d8 ] Request (ServerActionsTestOtherA:setUpClass): 200 PUT http://10.180.1.21:9696/networking/v2.0/routers/55a1d42c-68b5-4d54-ad8b-ecc9baa4a108/add_router_interface 1.022s
2025-05-07 12:48:05.560 69610 INFO tempest.lib.common.dynamic_creds [-] Created isolated network resources for: credentials: Credentials: {'domain_id': 'default', 'domain_name': 'Default', 'username': 'tempest-ServerActionsTestOtherA-2047584221-project-member', 'project_domain_id': 'default', 'project_domain_name': 'Default', 'project_id': '0d58bf1b266249fc985591bf8235e58e', 'project_name': 'tempest-ServerActionsTestOtherA-2047584221', 'tenant_id': '0d58bf1b266249fc985591bf8235e58e', 'tenant_name': 'tempest-ServerActionsTestOtherA-2047584221', 'user_domain_id': 'default', 'user_domain_name': 'Default', 'user_id': '212f12563a374adc842aa64ab0009a33', 'system': None}, Network: {'id': '17c58382-96c7-4c86-a1e2-25bf55850879', 'name': 'tempest-ServerActionsTestOtherA-1339395181-network', 'tenant_id': '0d58bf1b266249fc985591bf8235e58e', 'admin_state_up': True, 'mtu': 8950, 'status': 'ACTIVE', 'subnets': [], 'shared': False, 'project_id': '0d58bf1b266249fc985591bf8235e58e', 'port_security_enabled': True, 'router:external': False, 'provider:network_type': 'vlan', 'provider:physical_network': 'default', 'provider:segmentation_id': 984, 'availability_zone_hints': [], 'availability_zones': [], 'ipv4_address_scope': None, 'ipv6_address_scope': None, 'description': '', 'tags': [], 'created_at': '2025-05-07T12:48:02Z', 'updated_at': '2025-05-07T12:48:02Z', 'revision_number': 1}, Subnet: {'id': '24cfe62e-ec7a-4e85-ba33-8f39a6098ed2', 'name': 'tempest-ServerActionsTestOtherA-1339395181-subnet', 'tenant_id': '0d58bf1b266249fc985591bf8235e58e', 'network_id': '17c58382-96c7-4c86-a1e2-25bf55850879', 'ip_version': 4, 'subnetpool_id': None, 'enable_dhcp': True, 'ipv6_ra_mode': None, 'ipv6_address_mode': None, 'gateway_ip': '192.168.128.1', 'cidr': '192.168.128.0/28', 'allocation_pools': [{'start': '192.168.128.2', 'end': '192.168.128.14'}], 'host_routes': [], 'dns_nameservers': [], 'description': '', 'router:external': False, 'service_types': [], 'tags': [], 'created_at': '2025-05-07T12:48:03Z', 'updated_at': '2025-05-07T12:48:03Z', 'revision_number': 0, 'project_id': '0d58bf1b266249fc985591bf8235e58e'}, Router: {'id': '55a1d42c-68b5-4d54-ad8b-ecc9baa4a108', 'name': 'tempest-ServerActionsTestOtherA-1339395181-router', 'tenant_id': '0d58bf1b266249fc985591bf8235e58e', 'admin_state_up': True, 'status': 'ACTIVE', 'external_gateway_info': {'network_id': '9fce3b12-85c0-4ea2-a134-4021521cb4ef', 'external_fixed_ips': [{'subnet_id': '12e1b29b-1a30-4408-845f-928612e3be0d', 'ip_address': '10.180.180.155'}], 'enable_snat': True}, 'description': '', 'availability_zones': [], 'distributed': False, 'ha': False, 'availability_zone_hints': [], 'routes': [], 'flavor_id': None, 'tags': [], 'created_at': '2025-05-07T12:48:03Z', 'updated_at': '2025-05-07T12:48:03Z', 'revision_number': 2, 'project_id': '0d58bf1b266249fc985591bf8235e58e'}
2025-05-07 12:48:05.561 69608 INFO tempest.lib.common.rest_client [req-bd57551d-b7dd-493e-b7ee-60b6b7554af6 req-bd57551d-b7dd-493e-b7ee-60b6b7554af6 ] Request (ServerMetadataNegativeTestJSON:tearDownClass): 200 GET http://10.180.1.21/compute/v2.1/servers/a7c372d8-0085-4e17-a038-78e473fb7adb 0.090s
2025-05-07 12:48:05.608 69594 INFO tempest.lib.common.rest_client [req-70fc9e1d-bcb1-44b3-bf33-a5a707af790f req-70fc9e1d-bcb1-44b3-bf33-a5a707af790f ] Request (ServersAdminNegativeTestJSON:tearDownClass): 200 GET http://10.180.1.21/compute/v2.1/servers/d098ccf8-5ea6-4ad7-b99b-de0d95e6f371 0.069s
2025-05-07 12:48:05.673 69640 INFO tempest.lib.common.rest_client [req-76693fe6-9beb-4724-8625-ad2783238956 req-76693fe6-9beb-4724-8625-ad2783238956 ] Request (ServerRescueTestJSONUnderV235:setUpClass): 200 GET http://10.180.1.21/compute/v2.1/servers/3c81e760-ffaa-4b84-bd9b-2e253f268dee 0.059s
2025-05-07 12:48:05.684 69610 INFO tempest.lib.common.rest_client [req-c4d310b7-85d4-4f02-9942-074b785265aa req-c4d310b7-85d4-4f02-9942-074b785265aa ] Request (ServerActionsTestOtherA:setUpClass): 201 POST http://10.180.1.21/identity/v3/auth/tokens 0.120s
2025-05-07 12:48:05.711 69622 INFO tempest.lib.common.rest_client [req-3c308350-e0a6-42d2-a918-c7bf53185a33 req-3c308350-e0a6-42d2-a918-c7bf53185a33 ] Request (ServerRescueNegativeTestJSON:setUpClass): 200 GET http://10.180.1.21/compute/v2.1/servers/64302f20-818c-44b7-9518-1f894a0fce19 0.123s
2025-05-07 12:48:05.732 69636 INFO tempest.lib.common.rest_client [req-7d84361a-f307-4b7f-8ab8-c14e7b904d0a req-7d84361a-f307-4b7f-8ab8-c14e7b904d0a ] Request (VolumesAssistedSnapshotsTest:tearDownClass): 200 GET http://10.180.1.21/compute/v2.1/servers/c8b292ee-acc4-4bc9-9f1f-62df83d1e36b 0.063s
2025-05-07 12:48:05.762 69624 INFO tempest.lib.common.rest_client [req-61df3c85-674a-4486-8428-e0800723aed5 req-61df3c85-674a-4486-8428-e0800723aed5 ] Request (AttachInterfacesTestJSON:test_create_list_show_delete_interfaces_by_fixed_ip): 200 GET http://10.180.1.21/compute/v2.1/servers/cb44961f-d39b-4a67-a568-780c0ac1ec7b 0.082s
2025-05-07 12:48:05.799 69614 INFO tempest.lib.common.rest_client [req-0a8560b6-c11d-4564-9393-d266d2d71e84 req-0a8560b6-c11d-4564-9393-d266d2d71e84 ] Request (ListImageFiltersTestJSON:setUpClass): 200 GET http://10.180.1.21/compute/v2.1/images/c8644573-ca2f-4806-a835-88eb2ad6bf53 0.071s
2025-05-07 12:48:05.821 69610 INFO tempest.lib.common.rest_client [req-f7cd107f-c2cc-4f2a-94f5-d0f43275b031 req-f7cd107f-c2cc-4f2a-94f5-d0f43275b031 ] Request (ServerActionsTestOtherA:setUpClass): 200 POST http://10.180.1.21/compute/v2.1/os-keypairs 0.135s
2025-05-07 12:48:05.840 69630 WARNING tempest.lib.common.ssh [-] Failed to establish authenticated ssh connection to cirros@10.180.180.227 ([Errno None] Unable to connect to port 22 on 10.180.180.227). Number attempts: 6. Retry after 7 seconds.: paramiko.ssh_exception.NoValidConnectionsError: [Errno None] Unable to connect to port 22 on 10.180.180.227
2025-05-07 12:48:05.856 69614 INFO tempest.lib.common.rest_client [req-53373b55-1828-4cc8-a2ab-81654bf5126f req-53373b55-1828-4cc8-a2ab-81654bf5126f ] Request (ListImageFiltersTestJSON:setUpClass): 200 GET http://10.180.1.21/compute/v2.1/images/c8644573-ca2f-4806-a835-88eb2ad6bf53 0.053s
2025-05-07 12:48:05.856 69632 INFO tempest.lib.common.rest_client [req-3c5ea463-37a0-4904-bd49-3bbc842feb14 req-3c5ea463-37a0-4904-bd49-3bbc842feb14 ] Request (ImagesTestJSON:test_create_image_from_suspended_server): 200 GET http://10.180.1.21/compute/v2.1/servers/e408f6d6-e873-470e-aecb-16ffa9774217 0.105s
2025-05-07 12:48:05.943 69642 INFO tempest.lib.common.rest_client [req-19f08451-2531-4576-807e-33b3ba11e805 req-19f08451-2531-4576-807e-33b3ba11e805 ] Request (ServersTestMultiNic:test_verify_duplicate_network_nics): 200 GET http://10.180.1.21/compute/v2.1/servers/d35dd075-3bec-4293-988f-9940f9fb78e3 0.132s
2025-05-07 12:48:05.962 69610 INFO tempest.lib.common.rest_client [req-9ec92412-bd15-44a8-b9d2-b2d3ea95dc40 req-9ec92412-bd15-44a8-b9d2-b2d3ea95dc40 ] Request (ServerActionsTestOtherA:setUpClass): 201 POST http://10.180.1.21:9696/networking/v2.0/security-groups 0.139s
2025-05-07 12:48:06.034 69626 INFO tempest.lib.common.rest_client [req-63db6bdc-d379-4d87-9a4c-205876b30bb7 req-63db6bdc-d379-4d87-9a4c-205876b30bb7 ] Request (ServersListShow298Test:test_list_show_update_rebuild_server_298): 200 GET http://10.180.1.21/compute/v2.1/servers/0a8b54ec-3f2c-4313-a47b-cc81e55c20f9 0.097s
2025-05-07 12:48:06.069 69614 INFO tempest.lib.common.rest_client [req-a3327765-4982-47a2-9f95-50c714b0847b req-a3327765-4982-47a2-9f95-50c714b0847b ] Request (ListImageFiltersTestJSON:setUpClass): 200 GET http://10.180.1.21/compute/v2.1/servers/578c621d-2931-4573-b15c-05504145f9fc 0.210s
2025-05-07 12:48:06.114 69610 INFO tempest.lib.common.rest_client [req-77b3b11c-07ac-48f5-aa50-e3ef86b50536 req-77b3b11c-07ac-48f5-aa50-e3ef86b50536 ] Request (ServerActionsTestOtherA:setUpClass): 201 POST http://10.180.1.21:9696/networking/v2.0/security-group-rules 0.151s
2025-05-07 12:48:06.119 69596 INFO tempest.lib.common.rest_client [req-b684855e-b4c1-49a2-a011-8b82da494978 req-b684855e-b4c1-49a2-a011-8b82da494978 ] Request (ServerDiagnosticsV248Test:test_get_server_diagnostics): 200 GET http://10.180.1.21/compute/v2.1/servers/563722c6-483c-4154-b4da-e8412f78b765 0.174s
2025-05-07 12:48:06.215 69610 INFO tempest.lib.common.rest_client [req-773729be-7216-4153-8825-5adef1c8b442 req-773729be-7216-4153-8825-5adef1c8b442 ] Request (ServerActionsTestOtherA:setUpClass): 201 POST http://10.180.1.21:9696/networking/v2.0/security-group-rules 0.101s
2025-05-07 12:48:06.223 69584 INFO tempest.lib.common.rest_client [req-467a6203-f882-46a4-b3b5-06fc9d93879f req-467a6203-f882-46a4-b3b5-06fc9d93879f ] Request (InstanceActionsNegativeTestJSON:setUpClass): 200 GET http://10.180.1.21/compute/v2.1/servers/29b9af6b-f049-410e-b20f-5de1d3c84611 0.091s
2025-05-07 12:48:06.225 69647 INFO tempest.lib.common.rest_client [req-0244dea3-2592-4b68-bfa8-1f76502bceba req-0244dea3-2592-4b68-bfa8-1f76502bceba ] Request (FloatingIPsAssociationTestJSON:setUpClass): 200 GET http://10.180.1.21/compute/v2.1/servers/60f120c5-345a-44dd-b716-03a686a518f3 0.168s
2025-05-07 12:48:06.342 69592 INFO tempest.lib.common.rest_client [req-ee78ab23-af81-477d-a496-fe33ead7371c req-ee78ab23-af81-477d-a496-fe33ead7371c ] Request (FloatingIPsAssociationNegativeTestJSON:tearDownClass): 200 GET http://10.180.1.21/compute/v2.1/servers/693ccb58-152a-409f-ae7d-f0a68cf4880d 0.122s
2025-05-07 12:48:06.386 69606 INFO tempest.lib.common.rest_client [req-a87365ad-d2aa-4719-90e8-47070ef70fa1 req-a87365ad-d2aa-4719-90e8-47070ef70fa1 ] Request (MigrationsAdminTest:test_list_migrations_in_flavor_resize_situation): 200 GET http://10.180.1.21/compute/v2.1/servers/b2cfd112-af47-46e1-8546-f527c9d84253 0.191s
2025-05-07 12:48:06.419 69644 INFO tempest.lib.common.rest_client [req-bf94eae1-aec3-43ad-a963-fc60d707ca53 req-bf94eae1-aec3-43ad-a963-fc60d707ca53 ] Request (DeleteServersAdminTestJSON:test_admin_delete_servers_of_others): 200 GET http://10.180.1.21/compute/v2.1/servers/838dc24e-f04e-4756-bbb7-f068018f5edc 0.162s
2025-05-07 12:48:06.456 69634 INFO tempest.lib.common.rest_client [req-acc5bd38-b400-415a-990d-146e896ddf1f req-acc5bd38-b400-415a-990d-146e896ddf1f ] Request (ServersAdmin275Test:test_rebuild_update_server_275): 200 GET http://10.180.1.21/compute/v2.1/servers/c07106a3-0134-4602-9263-f7359c8d5367 0.166s
2025-05-07 12:48:06.488 69588 INFO tempest.lib.common.rest_client [req-ba8ed3b8-a889-4d8c-aa0d-c2becf63b8a0 req-ba8ed3b8-a889-4d8c-aa0d-c2becf63b8a0 ] Request (ListServersNegativeTestJSON:setUpClass): 200 GET http://10.180.1.21/compute/v2.1/servers/1d3eaa6c-8a56-4bca-a518-e5b5274058a2 0.167s
2025-05-07 12:48:06.518 69612 INFO tempest.lib.common.rest_client [req-8bd33301-26c9-4cb8-a33d-ac5919581d0c req-8bd33301-26c9-4cb8-a33d-ac5919581d0c ] Request (ServersAaction247Test:test_create_backup): 200 GET http://10.180.1.21/compute/v2.1/servers/873b054f-64dc-4d97-b89c-995dd3702690 0.129s
2025-05-07 12:48:06.555 69618 INFO tempest.lib.common.rest_client [req-eafee753-059c-42d8-9ca7-de8a29c782ca req-eafee753-059c-42d8-9ca7-de8a29c782ca ] Request (ServersTestManualDisk:tearDownClass): 200 GET http://10.180.1.21/compute/v2.1/servers/9bed399d-c3f5-4659-bbe0-c88f73e1e52b 0.095s
2025-05-07 12:48:06.560 69586 INFO tempest.lib.common.rest_client [req-db81bc9c-8be8-4c5d-ae81-8726a204c30c req-db81bc9c-8be8-4c5d-ae81-8726a204c30c ] Request (ServersNegativeTestJSON:setUpClass): 200 GET http://10.180.1.21/compute/v2.1/servers/5472357a-7746-41f9-9c0a-4edaaea0570a 0.054s
2025-05-07 12:48:06.629 69608 INFO tempest.lib.common.rest_client [req-dafbdcba-844e-49f4-b5ea-009c97f0e52d req-dafbdcba-844e-49f4-b5ea-009c97f0e52d ] Request (ServerMetadataNegativeTestJSON:tearDownClass): 200 GET http://10.180.1.21/compute/v2.1/servers/a7c372d8-0085-4e17-a038-78e473fb7adb 0.060s
2025-05-07 12:48:06.666 69610 INFO tempest.lib.common.rest_client [req-47efa6fb-1f61-4b63-a99f-d1634c1867bd req-47efa6fb-1f61-4b63-a99f-d1634c1867bd ] Request (ServerActionsTestOtherA:setUpClass): 201 POST http://10.180.1.21:9696/networking/v2.0/floatingips 0.450s
2025-05-07 12:48:06.673 69602 INFO tempest.lib.common.rest_client [req-b73dc25b-4422-4116-b02a-83a98a7a2447 req-b73dc25b-4422-4116-b02a-83a98a7a2447 ] Request (ServersAdminTestJSON:test_create_server_with_scheduling_hint): 200 GET http://10.180.1.21/compute/v2.1/servers/71b607ba-1ea1-4d50-8f6c-87e2d88706ec 0.148s
2025-05-07 12:48:06.682 69602 INFO tempest.common.waiters [-] State transition "BUILD/spawning" ==> "ACTIVE/None" after 54 second wait
2025-05-07 12:48:06.693 69594 INFO tempest.lib.common.rest_client [req-e20527bb-9df5-419a-941d-8efb3fdb1077 req-e20527bb-9df5-419a-941d-8efb3fdb1077 ] Request (ServersAdminNegativeTestJSON:tearDownClass): 200 GET http://10.180.1.21/compute/v2.1/servers/d098ccf8-5ea6-4ad7-b99b-de0d95e6f371 0.076s
2025-05-07 12:48:06.711 69610 INFO tempest.lib.common.rest_client [req-71efe73a-1740-46a7-b233-5c2607c6f825 req-71efe73a-1740-46a7-b233-5c2607c6f825 ] Request (ServerActionsTestOtherA:setUpClass): 201 POST http://10.180.1.21/identity/v3/auth/tokens 0.042s
2025-05-07 12:48:06.712 69610 INFO tempest.lib.common.fixed_network [-] (ServerActionsTestOtherA:setUpClass) Found network {'id': '17c58382-96c7-4c86-a1e2-25bf55850879', 'name': 'tempest-ServerActionsTestOtherA-1339395181-network', 'tenant_id': '0d58bf1b266249fc985591bf8235e58e', 'admin_state_up': True, 'mtu': 8950, 'status': 'ACTIVE', 'subnets': [], 'shared': False, 'project_id': '0d58bf1b266249fc985591bf8235e58e', 'port_security_enabled': True, 'router:external': False, 'provider:network_type': 'vlan', 'provider:physical_network': 'default', 'provider:segmentation_id': 984, 'availability_zone_hints': [], 'availability_zones': [], 'ipv4_address_scope': None, 'ipv6_address_scope': None, 'description': '', 'tags': [], 'created_at': '2025-05-07T12:48:02Z', 'updated_at': '2025-05-07T12:48:02Z', 'revision_number': 1} available for tenant
2025-05-07 12:48:06.738 69640 INFO tempest.lib.common.rest_client [req-cb87a023-7b8a-474a-8b97-bed79cc95461 req-cb87a023-7b8a-474a-8b97-bed79cc95461 ] Request (ServerRescueTestJSONUnderV235:setUpClass): 200 GET http://10.180.1.21/compute/v2.1/servers/3c81e760-ffaa-4b84-bd9b-2e253f268dee 0.055s
2025-05-07 12:48:06.759 69616 WARNING tempest.lib.common.ssh [-] Failed to establish authenticated ssh connection to cirros@10.180.180.159 ([Errno None] Unable to connect to port 22 on 10.180.180.159). Number attempts: 5. Retry after 6 seconds.: paramiko.ssh_exception.NoValidConnectionsError: [Errno None] Unable to connect to port 22 on 10.180.180.159
2025-05-07 12:48:06.779 69602 INFO tempest.lib.common.rest_client [req-b2d0b3c2-a1f0-4ba2-bf56-d70b2e15f117 req-b2d0b3c2-a1f0-4ba2-bf56-d70b2e15f117 ] Request (ServersAdminTestJSON:test_inject_network_info): 201 POST http://10.180.1.21/identity/v3/auth/tokens 0.088s
2025-05-07 12:48:06.779 69602 INFO tempest.lib.common.fixed_network [-] (ServersAdminTestJSON:test_inject_network_info) Found network {'id': 'ddd79376-05e8-4b06-9c35-f442ea390cd3', 'name': 'tempest-ServersAdminTestJSON-72262638-network', 'tenant_id': '1c43014e01f741f79061f95c5b6d1df2', 'admin_state_up': True, 'mtu': 8950, 'status': 'ACTIVE', 'subnets': [], 'shared': False, 'project_id': '1c43014e01f741f79061f95c5b6d1df2', 'port_security_enabled': True, 'router:external': False, 'provider:network_type': 'vlan', 'provider:physical_network': 'default', 'provider:segmentation_id': 772, 'availability_zone_hints': [], 'availability_zones': [], 'ipv4_address_scope': None, 'ipv6_address_scope': None, 'description': '', 'tags': [], 'created_at': '2025-05-07T12:46:16Z', 'updated_at': '2025-05-07T12:46:16Z', 'revision_number': 1} available for tenant
2025-05-07 12:48:06.830 69622 INFO tempest.lib.common.rest_client [req-288b5ceb-f662-4233-8153-3dff11c1b294 req-288b5ceb-f662-4233-8153-3dff11c1b294 ] Request (ServerRescueNegativeTestJSON:setUpClass): 200 GET http://10.180.1.21/compute/v2.1/servers/64302f20-818c-44b7-9518-1f894a0fce19 0.106s
2025-05-07 12:48:06.888 69636 INFO tempest.lib.common.rest_client [req-9ab31c6e-a335-4bf7-90fe-9459b8948875 req-9ab31c6e-a335-4bf7-90fe-9459b8948875 ] Request (VolumesAssistedSnapshotsTest:tearDownClass): 200 GET http://10.180.1.21/compute/v2.1/servers/c8b292ee-acc4-4bc9-9f1f-62df83d1e36b 0.148s
2025-05-07 12:48:06.955 69624 INFO tempest.lib.common.rest_client [req-2ab6dedb-4ce3-4205-a07f-12b43a7116ad req-2ab6dedb-4ce3-4205-a07f-12b43a7116ad ] Request (AttachInterfacesTestJSON:test_create_list_show_delete_interfaces_by_fixed_ip): 200 GET http://10.180.1.21/compute/v2.1/servers/cb44961f-d39b-4a67-a568-780c0ac1ec7b 0.186s
2025-05-07 12:48:07.103 69610 INFO tempest.lib.common.rest_client [req-f155c993-90fc-4cb3-9571-9eee204a0cc2 req-f155c993-90fc-4cb3-9571-9eee204a0cc2 ] Request (ServerActionsTestOtherA:setUpClass): 202 POST http://10.180.1.21/compute/v2.1/servers 0.391s
2025-05-07 12:48:07.173 69632 INFO tempest.lib.common.rest_client [req-e83c7a71-22b3-40bc-aedb-95d342d8e9a9 req-e83c7a71-22b3-40bc-aedb-95d342d8e9a9 ] Request (ImagesTestJSON:test_create_image_from_suspended_server): 200 GET http://10.180.1.21/compute/v2.1/servers/e408f6d6-e873-470e-aecb-16ffa9774217 0.309s
2025-05-07 12:48:07.232 69642 INFO tempest.lib.common.rest_client [req-02688500-7000-4af3-8276-0a37694c8e10 req-02688500-7000-4af3-8276-0a37694c8e10 ] Request (ServersTestMultiNic:test_verify_duplicate_network_nics): 200 GET http://10.180.1.21/compute/v2.1/servers/d35dd075-3bec-4293-988f-9940f9fb78e3 0.278s
2025-05-07 12:48:07.299 69626 INFO tempest.lib.common.rest_client [req-f3d2e061-d60c-459d-a956-3c8023c781d0 req-f3d2e061-d60c-459d-a956-3c8023c781d0 ] Request (ServersListShow298Test:test_list_show_update_rebuild_server_298): 200 GET http://10.180.1.21/compute/v2.1/servers/0a8b54ec-3f2c-4313-a47b-cc81e55c20f9 0.251s
2025-05-07 12:48:07.306 69602 INFO tempest.lib.common.rest_client [req-e3eaba3f-2116-4495-bcae-7fa495c77fdc req-e3eaba3f-2116-4495-bcae-7fa495c77fdc ] Request (ServersAdminTestJSON:test_inject_network_info): 202 POST http://10.180.1.21/compute/v2.1/servers 0.526s
2025-05-07 12:48:07.352 69610 INFO tempest.lib.common.rest_client [req-20fe02a4-3528-477a-9fd2-67b977a9e80f req-20fe02a4-3528-477a-9fd2-67b977a9e80f ] Request (ServerActionsTestOtherA:setUpClass): 200 GET http://10.180.1.21/compute/v2.1/servers/42b6c9c6-967a-4f86-82a2-a341b1c1e750 0.247s
2025-05-07 12:48:07.406 69596 INFO tempest.lib.common.rest_client [req-5a0f9b14-0e35-47d3-8b16-f2eb69eabe19 req-5a0f9b14-0e35-47d3-8b16-f2eb69eabe19 ] Request (ServerDiagnosticsV248Test:test_get_server_diagnostics): 200 GET http://10.180.1.21/compute/v2.1/servers/563722c6-483c-4154-b4da-e8412f78b765 0.270s
2025-05-07 12:48:07.437 69614 INFO tempest.lib.common.rest_client [req-5e1977a1-d982-4377-ad49-f0a9a56718c1 req-5e1977a1-d982-4377-ad49-f0a9a56718c1 ] Request (ListImageFiltersTestJSON:setUpClass): 200 GET http://10.180.1.21/compute/v2.1/servers/578c621d-2931-4573-b15c-05504145f9fc 0.356s
2025-05-07 12:48:07.451 69614 INFO tempest.common.waiters [-] State transition "ACTIVE/image_uploading" ==> "ACTIVE/None" after 1 second wait
2025-05-07 12:48:07.515 69584 INFO tempest.lib.common.rest_client [req-c2353895-27cd-43d4-89ef-2958b0f6a930 req-c2353895-27cd-43d4-89ef-2958b0f6a930 ] Request (InstanceActionsNegativeTestJSON:setUpClass): 200 GET http://10.180.1.21/compute/v2.1/servers/29b9af6b-f049-410e-b20f-5de1d3c84611 0.280s
2025-05-07 12:48:07.520 69647 INFO tempest.lib.common.rest_client [req-a91c7345-e51b-4018-be55-d2b899cb507c req-a91c7345-e51b-4018-be55-d2b899cb507c ] Request (FloatingIPsAssociationTestJSON:setUpClass): 200 GET http://10.180.1.21/compute/v2.1/servers/60f120c5-345a-44dd-b716-03a686a518f3 0.287s
2025-05-07 12:48:07.575 69592 INFO tempest.lib.common.rest_client [req-680c15d9-b888-487b-89a0-c3a510f3cd14 req-680c15d9-b888-487b-89a0-c3a510f3cd14 ] Request (FloatingIPsAssociationNegativeTestJSON:tearDownClass): 200 GET http://10.180.1.21/compute/v2.1/servers/693ccb58-152a-409f-ae7d-f0a68cf4880d 0.222s
2025-05-07 12:48:07.576 69602 INFO tempest.lib.common.rest_client [req-0b4b52fd-6701-4856-99fd-9377976183aa req-0b4b52fd-6701-4856-99fd-9377976183aa ] Request (ServersAdminTestJSON:test_inject_network_info): 200 GET http://10.180.1.21/compute/v2.1/servers/22889b96-78e6-4b9c-8b43-a423dfe509bc 0.268s
2025-05-07 12:48:07.588 69598 WARNING tempest.lib.common.ssh [-] Failed to establish authenticated ssh connection to cirros@10.180.180.183 ([Errno None] Unable to connect to port 22 on 10.180.180.183). Number attempts: 4. Retry after 5 seconds.: paramiko.ssh_exception.NoValidConnectionsError: [Errno None] Unable to connect to port 22 on 10.180.180.183
2025-05-07 12:48:07.622 69644 INFO tempest.lib.common.rest_client [req-5568496e-5b04-4665-ab97-ab499318c1ce req-5568496e-5b04-4665-ab97-ab499318c1ce ] Request (DeleteServersAdminTestJSON:test_admin_delete_servers_of_others): 200 GET http://10.180.1.21/compute/v2.1/servers/838dc24e-f04e-4756-bbb7-f068018f5edc 0.194s
2025-05-07 12:48:07.917 69606 INFO tempest.lib.common.rest_client [req-7363dc5e-c6e4-4c95-8a79-92e6ad04abf0 req-7363dc5e-c6e4-4c95-8a79-92e6ad04abf0 ] Request (MigrationsAdminTest:test_list_migrations_in_flavor_resize_situation): 200 GET http://10.180.1.21/compute/v2.1/servers/b2cfd112-af47-46e1-8546-f527c9d84253 0.521s
2025-05-07 12:48:07.975 69634 INFO tempest.lib.common.rest_client [req-d21fcf36-feb9-42ac-ba10-22681250c08e req-d21fcf36-feb9-42ac-ba10-22681250c08e ] Request (ServersAdmin275Test:test_rebuild_update_server_275): 200 GET http://10.180.1.21/compute/v2.1/servers/c07106a3-0134-4602-9263-f7359c8d5367 0.506s
2025-05-07 12:48:08.021 69588 INFO tempest.lib.common.rest_client [req-2d017537-52c5-443c-a938-3d9fee9a1d73 req-2d017537-52c5-443c-a938-3d9fee9a1d73 ] Request (ListServersNegativeTestJSON:setUpClass): 200 GET http://10.180.1.21/compute/v2.1/servers/1d3eaa6c-8a56-4bca-a518-e5b5274058a2 0.523s
2025-05-07 12:48:08.073 69612 INFO tempest.lib.common.rest_client [req-deff6e94-73ae-4008-9a3e-a798d120881c req-deff6e94-73ae-4008-9a3e-a798d120881c ] Request (ServersAaction247Test:test_create_backup): 200 GET http://10.180.1.21/compute/v2.1/servers/873b054f-64dc-4d97-b89c-995dd3702690 0.545s
2025-05-07 12:48:08.146 69618 INFO tempest.lib.common.rest_client [req-975694d4-c691-4c04-81f7-ed94a3cfa523 req-975694d4-c691-4c04-81f7-ed94a3cfa523 ] Request (ServersTestManualDisk:tearDownClass): 200 GET http://10.180.1.21/compute/v2.1/servers/9bed399d-c3f5-4659-bbe0-c88f73e1e52b 0.582s
2025-05-07 12:48:08.150 69614 INFO tempest.lib.common.rest_client [req-43ef2746-2639-47e2-b4b7-0d6a45697def req-43ef2746-2639-47e2-b4b7-0d6a45697def ] Request (ListImageFiltersTestJSON:setUpClass): 202 POST http://10.180.1.21/compute/v2.1/servers/fad3ad44-43cd-442e-8723-d27bbb893e0d/action 0.698s
2025-05-07 12:48:08.199 69586 INFO tempest.lib.common.rest_client [req-1947debb-6100-4e57-8b7f-1d5e30b40450 req-1947debb-6100-4e57-8b7f-1d5e30b40450 ] Request (ServersNegativeTestJSON:setUpClass): 200 GET http://10.180.1.21/compute/v2.1/servers/5472357a-7746-41f9-9c0a-4edaaea0570a 0.630s
2025-05-07 12:48:08.211 69608 INFO tempest.lib.common.rest_client [req-e6750939-feaf-45e9-934b-ad5aa7b7a667 req-e6750939-feaf-45e9-934b-ad5aa7b7a667 ] Request (ServerMetadataNegativeTestJSON:tearDownClass): 200 GET http://10.180.1.21/compute/v2.1/servers/a7c372d8-0085-4e17-a038-78e473fb7adb 0.573s
2025-05-07 12:48:08.259 69594 INFO tempest.lib.common.rest_client [req-448358ac-7499-4788-8386-ff9dabf0885c req-448358ac-7499-4788-8386-ff9dabf0885c ] Request (ServersAdminNegativeTestJSON:tearDownClass): 200 GET http://10.180.1.21/compute/v2.1/servers/d098ccf8-5ea6-4ad7-b99b-de0d95e6f371 0.556s
2025-05-07 12:48:08.269 69640 INFO tempest.lib.common.rest_client [req-8b229e15-350b-4a11-8f59-5ee04d585efe req-8b229e15-350b-4a11-8f59-5ee04d585efe ] Request (ServerRescueTestJSONUnderV235:setUpClass): 200 GET http://10.180.1.21/compute/v2.1/servers/3c81e760-ffaa-4b84-bd9b-2e253f268dee 0.516s
2025-05-07 12:48:08.325 69636 INFO tempest.lib.common.rest_client [req-11a5f21c-91d3-4ba5-a7c2-8fee2c21db9c req-11a5f21c-91d3-4ba5-a7c2-8fee2c21db9c ] Request (VolumesAssistedSnapshotsTest:tearDownClass): 200 GET http://10.180.1.21/compute/v2.1/servers/c8b292ee-acc4-4bc9-9f1f-62df83d1e36b 0.416s
2025-05-07 12:48:08.361 69622 INFO tempest.lib.common.rest_client [req-bc5e0037-bc0e-41a7-b777-d5457ffc9287 req-bc5e0037-bc0e-41a7-b777-d5457ffc9287 ] Request (ServerRescueNegativeTestJSON:setUpClass): 200 GET http://10.180.1.21/compute/v2.1/servers/64302f20-818c-44b7-9518-1f894a0fce19 0.522s
2025-05-07 12:48:08.371 69622 INFO tempest.common.waiters [-] State transition "ACTIVE/rescuing" ==> "RESCUE/None" after 10 second wait
2025-05-07 12:48:08.403 69614 INFO tempest.lib.common.rest_client [req-4401798e-e17d-47a1-9f4c-1dc39f54e779 req-4401798e-e17d-47a1-9f4c-1dc39f54e779 ] Request (ListImageFiltersTestJSON:setUpClass): 200 GET http://10.180.1.21/compute/v2.1/images/269e0ce7-92dd-4bb3-9bb7-ff7ad911c165 0.251s
2025-05-07 12:48:08.455 69632 INFO tempest.lib.common.rest_client [req-b0b75b64-de2a-4b1c-b3c1-b88219ceee50 req-b0b75b64-de2a-4b1c-b3c1-b88219ceee50 ] Request (ImagesTestJSON:test_create_image_from_suspended_server): 200 GET http://10.180.1.21/compute/v2.1/servers/e408f6d6-e873-470e-aecb-16ffa9774217 0.269s
2025-05-07 12:48:08.481 69624 INFO tempest.lib.common.rest_client [req-7b41fcf5-4267-4f15-acda-04b4614430fa req-7b41fcf5-4267-4f15-acda-04b4614430fa ] Request (AttachInterfacesTestJSON:test_create_list_show_delete_interfaces_by_fixed_ip): 200 GET http://10.180.1.21/compute/v2.1/servers/cb44961f-d39b-4a67-a568-780c0ac1ec7b 0.515s
2025-05-07 12:48:08.489 69624 INFO tempest.common.waiters [-] State transition "BUILD/None" ==> "BUILD/networking" after 53 second wait
2025-05-07 12:48:08.509 69642 INFO tempest.lib.common.rest_client [req-aa6d3a07-5566-4a38-a209-e2bca8406b6e req-aa6d3a07-5566-4a38-a209-e2bca8406b6e ] Request (ServersTestMultiNic:test_verify_duplicate_network_nics): 200 GET http://10.180.1.21/compute/v2.1/servers/d35dd075-3bec-4293-988f-9940f9fb78e3 0.264s
2025-05-07 12:48:08.573 69610 INFO tempest.lib.common.rest_client [req-356ced52-710e-45b0-9cdf-8e29a34fe377 req-356ced52-710e-45b0-9cdf-8e29a34fe377 ] Request (ServerActionsTestOtherA:setUpClass): 200 GET http://10.180.1.21/compute/v2.1/servers/42b6c9c6-967a-4f86-82a2-a341b1c1e750 0.212s
2025-05-07 12:48:08.587 69626 INFO tempest.lib.common.rest_client [req-b39fd851-028a-41d3-855a-9d5444bc110d req-b39fd851-028a-41d3-855a-9d5444bc110d ] Request (ServersListShow298Test:test_list_show_update_rebuild_server_298): 200 GET http://10.180.1.21/compute/v2.1/servers/0a8b54ec-3f2c-4313-a47b-cc81e55c20f9 0.278s
2025-05-07 12:48:08.656 69596 INFO tempest.lib.common.rest_client [req-ad0494bf-daca-4600-af26-a5725076c010 req-ad0494bf-daca-4600-af26-a5725076c010 ] Request (ServerDiagnosticsV248Test:test_get_server_diagnostics): 200 GET http://10.180.1.21/compute/v2.1/servers/563722c6-483c-4154-b4da-e8412f78b765 0.240s
2025-05-07 12:48:08.733 69584 INFO tempest.lib.common.rest_client [req-9b9a4035-60b7-40ab-9e65-0bfa9eb5be24 req-9b9a4035-60b7-40ab-9e65-0bfa9eb5be24 ] Request (InstanceActionsNegativeTestJSON:setUpClass): 200 GET http://10.180.1.21/compute/v2.1/servers/29b9af6b-f049-410e-b20f-5de1d3c84611 0.210s
2025-05-07 12:48:08.757 69622 INFO tempest.lib.common.rest_client [req-75c935ce-973b-4a4f-b29a-5cfe0d0690cb req-75c935ce-973b-4a4f-b29a-5cfe0d0690cb ] Request (ServerRescueNegativeTestJSON:setUpClass): 200 GET http://10.180.1.21/compute/v2.1/servers/e33c7029-3e87-43b6-9865-c4d0d912974d 0.386s
2025-05-07 12:48:08.809 69602 INFO tempest.lib.common.rest_client [req-acb6ebaa-9834-4442-960c-18e18d8ca833 req-acb6ebaa-9834-4442-960c-18e18d8ca833 ] Request (ServersAdminTestJSON:test_inject_network_info): 200 GET http://10.180.1.21/compute/v2.1/servers/22889b96-78e6-4b9c-8b43-a423dfe509bc 0.225s
2025-05-07 12:48:08.844 69647 INFO tempest.lib.common.rest_client [req-52796a94-ee9f-4211-a269-186461e3eecf req-52796a94-ee9f-4211-a269-186461e3eecf ] Request (FloatingIPsAssociationTestJSON:setUpClass): 200 GET http://10.180.1.21/compute/v2.1/servers/60f120c5-345a-44dd-b716-03a686a518f3 0.310s
2025-05-07 12:48:08.874 69592 INFO tempest.lib.common.rest_client [req-f0a9cfaa-5481-49ad-bc1f-bc055e8d68c9 req-f0a9cfaa-5481-49ad-bc1f-bc055e8d68c9 ] Request (FloatingIPsAssociationNegativeTestJSON:tearDownClass): 200 GET http://10.180.1.21/compute/v2.1/servers/693ccb58-152a-409f-ae7d-f0a68cf4880d 0.289s
2025-05-07 12:48:08.888 69622 INFO tempest.lib.common.rest_client [req-843b40e3-7017-49f2-9aa2-5cbdea8ba97f req-843b40e3-7017-49f2-9aa2-5cbdea8ba97f ] Request (ServerRescueNegativeTestJSON:test_rescue_non_existent_server): 404 POST http://10.180.1.21/compute/v2.1/servers/ab3c80e3-52af-4d90-972f-e3ac31de1847/action 0.119s
2025-05-07 12:48:08.894 69644 INFO tempest.lib.common.rest_client [req-11153b7c-4a71-4767-82b6-dedf7854cbb4 req-11153b7c-4a71-4767-82b6-dedf7854cbb4 ] Request (DeleteServersAdminTestJSON:test_admin_delete_servers_of_others): 200 GET http://10.180.1.21/compute/v2.1/servers/838dc24e-f04e-4756-bbb7-f068018f5edc 0.264s
2025-05-07 12:48:09.044 69622 INFO tempest.lib.common.rest_client [req-2bbf3834-5fe8-4878-9440-70a54310c122 req-2bbf3834-5fe8-4878-9440-70a54310c122 ] Request (ServerRescueNegativeTestJSON:test_rescued_vm_attach_volume): 202 POST http://10.180.1.21/volume/v3/volumes 0.154s
2025-05-07 12:48:09.053 69634 INFO tempest.lib.common.rest_client [req-76145636-139c-47ca-b4b3-8002f5275472 req-76145636-139c-47ca-b4b3-8002f5275472 ] Request (ServersAdmin275Test:test_rebuild_update_server_275): 200 GET http://10.180.1.21/compute/v2.1/servers/c07106a3-0134-4602-9263-f7359c8d5367 0.063s
2025-05-07 12:48:09.080 69606 INFO tempest.lib.common.rest_client [req-a6245f08-f00e-44b8-8d9f-b9c4c55f10ba req-a6245f08-f00e-44b8-8d9f-b9c4c55f10ba ] Request (MigrationsAdminTest:test_list_migrations_in_flavor_resize_situation): 200 GET http://10.180.1.21/compute/v2.1/servers/b2cfd112-af47-46e1-8546-f527c9d84253 0.149s
2025-05-07 12:48:09.087 69622 INFO tempest.lib.common.rest_client [req-c05a7e99-8b12-43b4-bdfd-ace57a84c25f req-c05a7e99-8b12-43b4-bdfd-ace57a84c25f ] Request (ServerRescueNegativeTestJSON:test_rescued_vm_attach_volume): 200 GET http://10.180.1.21/volume/v3/volumes/9ba45e31-ccf4-4947-8b24-47a939ca3130 0.034s
2025-05-07 12:48:09.131 69588 INFO tempest.lib.common.rest_client [req-bef8ca56-3e99-4811-a897-b47a5c893c41 req-bef8ca56-3e99-4811-a897-b47a5c893c41 ] Request (ListServersNegativeTestJSON:setUpClass): 200 GET http://10.180.1.21/compute/v2.1/servers/1d3eaa6c-8a56-4bca-a518-e5b5274058a2 0.102s
2025-05-07 12:48:09.165 69612 INFO tempest.lib.common.rest_client [req-5dc70413-b111-4938-8aec-beff44774349 req-5dc70413-b111-4938-8aec-beff44774349 ] Request (ServersAaction247Test:test_create_backup): 200 GET http://10.180.1.21/compute/v2.1/servers/873b054f-64dc-4d97-b89c-995dd3702690 0.083s
2025-05-07 12:48:09.221 69618 INFO tempest.lib.common.rest_client [req-235401d5-a92e-442b-a946-c4c9106a6a91 req-235401d5-a92e-442b-a946-c4c9106a6a91 ] Request (ServersTestManualDisk:tearDownClass): 200 GET http://10.180.1.21/compute/v2.1/servers/9bed399d-c3f5-4659-bbe0-c88f73e1e52b 0.067s
2025-05-07 12:48:09.269 69586 INFO tempest.lib.common.rest_client [req-16523ef6-f903-4d08-ab4d-034bcd62e033 req-16523ef6-f903-4d08-ab4d-034bcd62e033 ] Request (ServersNegativeTestJSON:setUpClass): 200 GET http://10.180.1.21/compute/v2.1/servers/5472357a-7746-41f9-9c0a-4edaaea0570a 0.060s
