2025-05-07 12:48:36.057 69608 INFO tempest.lib.common.rest_client [req-571e16a7-9997-4672-b2d8-4789c5004ab1 req-571e16a7-9997-4672-b2d8-4789c5004ab1 ] Request (AttachVolumeTestJSON:setUpClass): 201 POST http://10.180.1.21/identity/v3/auth/tokens 0.070s
2025-05-07 12:48:36.064 69588 INFO tempest.lib.common.rest_client [req-0ca63526-01b6-4c3a-a8dc-8788e1d322b9 req-0ca63526-01b6-4c3a-a8dc-8788e1d322b9 ] Request (ListServersNegativeTestJSON:setUpClass): 200 GET http://10.180.1.21/compute/v2.1/servers/1d3eaa6c-8a56-4bca-a518-e5b5274058a2 0.057s
2025-05-07 12:48:36.114 69642 INFO tempest.lib.common.rest_client [req-1fcd9754-b768-478f-8083-ef2b0877dfb0 req-1fcd9754-b768-478f-8083-ef2b0877dfb0 ] Request (ServersTestMultiNic:test_verify_duplicate_network_nics): 200 GET http://10.180.1.21/compute/v2.1/servers/d35dd075-3bec-4293-988f-9940f9fb78e3 0.142s
2025-05-07 12:48:36.173 69647 INFO tempest.lib.common.rest_client [req-2d42faea-fe4f-449e-8f68-24cde3009e1a req-2d42faea-fe4f-449e-8f68-24cde3009e1a ] Request (FloatingIPsAssociationTestJSON:test_associate_already_associated_floating_ip): 200 GET http://10.180.1.21/compute/v2.1/servers/fe4ef999-119c-4235-85dd-f1848885b31a 0.093s
2025-05-07 12:48:36.178 69634 INFO tempest.lib.common.rest_client [req-680bacd6-2b00-4af5-b26c-819dff7255e5 req-680bacd6-2b00-4af5-b26c-819dff7255e5 ] Request (ServersAdmin275Test:test_rebuild_update_server_275): 200 GET http://10.180.1.21/compute/v2.1/servers/c07106a3-0134-4602-9263-f7359c8d5367 0.135s
2025-05-07 12:48:36.256 69586 INFO tempest.lib.common.rest_client [req-a7114d71-9cae-446c-baa5-cc5003d2671e req-a7114d71-9cae-446c-baa5-cc5003d2671e ] Request (ServersNegativeTestJSON:setUpClass): 200 GET http://10.180.1.21/compute/v2.1/servers/5472357a-7746-41f9-9c0a-4edaaea0570a 0.098s
2025-05-07 12:48:36.263 69612 INFO tempest.lib.common.rest_client [req-d2ec6c3a-1109-4c5f-8f01-7e27b4b0aed0 req-d2ec6c3a-1109-4c5f-8f01-7e27b4b0aed0 ] Request (ServersAaction247Test:test_create_backup): 200 GET http://10.180.1.21/compute/v2.1/servers/873b054f-64dc-4d97-b89c-995dd3702690 0.137s
2025-05-07 12:48:36.335 69622 INFO tempest.lib.common.rest_client [req-403bf732-f041-4b64-980d-0236c66fb06f req-403bf732-f041-4b64-980d-0236c66fb06f ] Request (ServerRescueNegativeTestJSON:test_rescued_vm_detach_volume): 200 GET http://10.180.1.21/compute/v2.1/servers/07e6b1af-4468-4c40-92cb-6089417ff16f 0.082s
2025-05-07 12:48:36.339 69618 INFO tempest.lib.common.rest_client [req-15267464-c0ed-4d20-97ce-7a192b1d29bc req-15267464-c0ed-4d20-97ce-7a192b1d29bc ] Request (ServersTestManualDisk:tearDownClass): 200 GET http://10.180.1.21/compute/v2.1/servers/9bed399d-c3f5-4659-bbe0-c88f73e1e52b 0.132s
2025-05-07 12:48:36.427 69636 INFO tempest.lib.common.rest_client [req-9ed8c722-71fc-4d83-be8a-87eb3632f174 req-9ed8c722-71fc-4d83-be8a-87eb3632f174 ] Request (VolumesAssistedSnapshotsTest:tearDownClass): 200 GET http://10.180.1.21/compute/v2.1/servers/c8b292ee-acc4-4bc9-9f1f-62df83d1e36b 0.144s
2025-05-07 12:48:36.438 69640 INFO tempest.lib.common.rest_client [req-9e58d483-fa94-472c-ab19-85dcee740963 req-9e58d483-fa94-472c-ab19-85dcee740963 ] Request (ServerRescueTestJSONUnderV235:setUpClass): 200 GET http://10.180.1.21/compute/v2.1/servers/3c81e760-ffaa-4b84-bd9b-2e253f268dee 0.066s
2025-05-07 12:48:36.543 69608 INFO tempest.lib.common.rest_client [req-3fe662b6-d89b-427e-9d98-35f50a2ff777 req-3fe662b6-d89b-427e-9d98-35f50a2ff777 ] Request (AttachVolumeTestJSON:setUpClass): 201 POST http://10.180.1.21:9696/networking/v2.0/networks 0.485s
2025-05-07 12:48:36.629 69616 INFO tempest.lib.common.rest_client [req-1da694e5-6361-4d45-b4f2-a148922bd45b req-1da694e5-6361-4d45-b4f2-a148922bd45b ] Request (VolumesAdminNegativeTest:test_update_attached_volume_with_nonexistent_volume_in_body): 200 GET http://10.180.1.21/volume/v3/volumes/af3990d3-f7ec-45ac-9f14-7b5d0fd46df0 0.054s
2025-05-07 12:48:36.671 69630 INFO tempest.lib.common.rest_client [req-80910795-bc76-4a25-8776-825592cce5b5 req-80910795-bc76-4a25-8776-825592cce5b5 ] Request (ServersV294TestFqdnHostnames:tearDownClass): 200 GET http://10.180.1.21/compute/v2.1/servers/7715cc43-6505-439b-ade5-06092096e2d6 0.081s
2025-05-07 12:48:36.699 69606 INFO tempest.lib.common.rest_client [req-96e392f2-ee50-4acd-99f3-8178425e7bee req-96e392f2-ee50-4acd-99f3-8178425e7bee ] Request (MigrationsAdminTest:test_list_migrations_in_flavor_resize_situation): 200 GET http://10.180.1.21/compute/v2.1/servers/b2cfd112-af47-46e1-8546-f527c9d84253 0.122s
2025-05-07 12:48:36.715 69614 INFO tempest.lib.common.rest_client [req-279297c2-71f4-4ce7-b0c8-64a7b7d3a4a2 req-279297c2-71f4-4ce7-b0c8-64a7b7d3a4a2 ] Request (ListImageFiltersTestJSON:setUpClass): 200 GET http://10.180.1.21/compute/v2.1/images/b904585f-0563-42be-937f-994e0f0c02f8 0.098s
2025-05-07 12:48:36.778 69592 INFO tempest.lib.common.rest_client [req-8ae64219-4fd7-4617-882f-2ed8fb7c6f79 req-8ae64219-4fd7-4617-882f-2ed8fb7c6f79 ] Request (AttachVolumeNegativeTest:test_attach_attached_volume_to_different_server): 200 GET http://10.180.1.21/compute/v2.1/servers/44c77d66-cb34-49be-a255-8cdf9efe6a18 0.146s
2025-05-07 12:48:36.781 69644 INFO tempest.lib.common.rest_client [req-14fc7df7-c8de-4e2c-9d00-289cf66e36d3 req-14fc7df7-c8de-4e2c-9d00-289cf66e36d3 ] Request (DeleteServersAdminTestJSON:test_admin_delete_servers_of_others): 200 GET http://10.180.1.21/compute/v2.1/servers/838dc24e-f04e-4756-bbb7-f068018f5edc 0.084s
2025-05-07 12:48:36.798 69608 INFO tempest.lib.common.rest_client [req-0d1237f2-3d71-4f54-8a8e-398921d4e339 req-0d1237f2-3d71-4f54-8a8e-398921d4e339 ] Request (AttachVolumeTestJSON:setUpClass): 201 POST http://10.180.1.21:9696/networking/v2.0/subnets 0.255s
2025-05-07 12:48:36.853 69610 INFO tempest.lib.common.rest_client [req-ec87e580-d145-428f-83b0-1ae9682738f2 req-ec87e580-d145-428f-83b0-1ae9682738f2 ] Request (ServerActionsTestOtherA:setUpClass): 200 GET http://10.180.1.21/compute/v2.1/servers/42b6c9c6-967a-4f86-82a2-a341b1c1e750 0.094s
2025-05-07 12:48:36.928 69594 INFO tempest.lib.common.rest_client [req-7d2db447-2bd3-4907-b8c0-78a3e878a858 req-7d2db447-2bd3-4907-b8c0-78a3e878a858 ] Request (ServersAdminNegativeTestJSON:tearDownClass): 200 GET http://10.180.1.21/compute/v2.1/servers/dcc61c85-f39c-40e0-95cf-c18894eebf03 0.094s
2025-05-07 12:48:36.942 69632 INFO tempest.lib.common.rest_client [req-e11138ed-914a-4286-9ebe-6169eb9ebb8a req-e11138ed-914a-4286-9ebe-6169eb9ebb8a ] Request (ImagesTestJSON:test_create_image_from_suspended_server): 200 GET http://10.180.1.21/compute/v2.1/servers/e408f6d6-e873-470e-aecb-16ffa9774217 0.115s
2025-05-07 12:48:36.999 69584 INFO tempest.lib.common.rest_client [req-7ec0c50e-4587-4bb4-8839-a673c0ce73cb req-7ec0c50e-4587-4bb4-8839-a673c0ce73cb ] Request (InstanceActionsNegativeTestJSON:setUpClass): 200 GET http://10.180.1.21/compute/v2.1/servers/29b9af6b-f049-410e-b20f-5de1d3c84611 0.111s
2025-05-07 12:48:37.038 69626 INFO tempest.lib.common.rest_client [req-68a2bd7e-b23f-4ccf-9c53-1753fa174367 req-68a2bd7e-b23f-4ccf-9c53-1753fa174367 ] Request (ServersListShow298Test:test_list_show_update_rebuild_server_298): 200 GET http://10.180.1.21/compute/v2.1/servers/0a8b54ec-3f2c-4313-a47b-cc81e55c20f9 0.071s
2025-05-07 12:48:37.083 69602 INFO tempest.lib.common.rest_client [req-19a5cd3d-3d9a-4b66-8d87-a62ee1414e30 req-19a5cd3d-3d9a-4b66-8d87-a62ee1414e30 ] Request (ServersAdminTestJSON:test_inject_network_info): 200 GET http://10.180.1.21/compute/v2.1/servers/22889b96-78e6-4b9c-8b43-a423dfe509bc 0.063s
2025-05-07 12:48:37.141 69588 INFO tempest.lib.common.rest_client [req-e73c8d91-8053-41d7-987a-a2c6e4ee1658 req-e73c8d91-8053-41d7-987a-a2c6e4ee1658 ] Request (ListServersNegativeTestJSON:setUpClass): 200 GET http://10.180.1.21/compute/v2.1/servers/1d3eaa6c-8a56-4bca-a518-e5b5274058a2 0.068s
2025-05-07 12:48:37.242 69647 INFO tempest.lib.common.rest_client [req-5a71d1be-a20e-4158-b28d-f31fdf83e83a req-5a71d1be-a20e-4158-b28d-f31fdf83e83a ] Request (FloatingIPsAssociationTestJSON:test_associate_already_associated_floating_ip): 200 GET http://10.180.1.21/compute/v2.1/servers/fe4ef999-119c-4235-85dd-f1848885b31a 0.058s
2025-05-07 12:48:37.302 69634 INFO tempest.lib.common.rest_client [req-b0df13ce-47e8-4f4e-b702-8c10c4b7057c req-b0df13ce-47e8-4f4e-b702-8c10c4b7057c ] Request (ServersAdmin275Test:test_rebuild_update_server_275): 200 GET http://10.180.1.21/compute/v2.1/servers/c07106a3-0134-4602-9263-f7359c8d5367 0.102s
2025-05-07 12:48:37.313 69634 INFO tempest.common.waiters [-] State transition "BUILD/spawning" ==> "ACTIVE/None" after 71 second wait
2025-05-07 12:48:37.359 69586 INFO tempest.lib.common.rest_client [req-35706b48-82b3-4853-b735-56764dd5ca62 req-35706b48-82b3-4853-b735-56764dd5ca62 ] Request (ServersNegativeTestJSON:setUpClass): 200 GET http://10.180.1.21/compute/v2.1/servers/5472357a-7746-41f9-9c0a-4edaaea0570a 0.093s
2025-05-07 12:48:37.416 69612 INFO tempest.lib.common.rest_client [req-d5d50f95-070a-43a6-9375-eee2a65379f7 req-d5d50f95-070a-43a6-9375-eee2a65379f7 ] Request (ServersAaction247Test:test_create_backup): 200 GET http://10.180.1.21/compute/v2.1/servers/873b054f-64dc-4d97-b89c-995dd3702690 0.138s
2025-05-07 12:48:37.433 69612 INFO tempest.common.waiters [-] State transition "BUILD/None" ==> "BUILD/networking" after 64 second wait
2025-05-07 12:48:37.454 69642 INFO tempest.lib.common.rest_client [req-e0984ac2-dac0-46f8-8fea-77d377a410ba req-e0984ac2-dac0-46f8-8fea-77d377a410ba ] Request (ServersTestMultiNic:test_verify_duplicate_network_nics): 200 GET http://10.180.1.21/compute/v2.1/servers/d35dd075-3bec-4293-988f-9940f9fb78e3 0.331s
2025-05-07 12:48:37.633 69624 WARNING tempest.lib.common.ssh [-] Failed to establish authenticated ssh connection to cirros@10.180.180.156 ([Errno None] Unable to connect to port 22 on 10.180.180.156). Number attempts: 4. Retry after 5 seconds.: paramiko.ssh_exception.NoValidConnectionsError: [Errno None] Unable to connect to port 22 on 10.180.180.156
2025-05-07 12:48:37.665 69634 INFO tempest.lib.common.rest_client [req-2520a331-2782-4d84-b3d1-66417e199adf req-2520a331-2782-4d84-b3d1-66417e199adf ] Request (ServersAdmin275Test:test_rebuild_update_server_275): 202 POST http://10.180.1.21/compute/v2.1/servers/c07106a3-0134-4602-9263-f7359c8d5367/action 0.351s
2025-05-07 12:48:37.671 69616 INFO tempest.lib.common.rest_client [req-0a9e9e25-18e6-4fe1-9ac7-a0f0916af098 req-0a9e9e25-18e6-4fe1-9ac7-a0f0916af098 ] Request (VolumesAdminNegativeTest:test_update_attached_volume_with_nonexistent_volume_in_body): 200 GET http://10.180.1.21/volume/v3/volumes/af3990d3-f7ec-45ac-9f14-7b5d0fd46df0 0.031s
2025-05-07 12:48:37.744 69618 INFO tempest.lib.common.rest_client [req-ca82a21b-2620-4a17-ab7f-2a5a30e155e1 req-ca82a21b-2620-4a17-ab7f-2a5a30e155e1 ] Request (ServersTestManualDisk:tearDownClass): 200 GET http://10.180.1.21/compute/v2.1/servers/9bed399d-c3f5-4659-bbe0-c88f73e1e52b 0.397s
2025-05-07 12:48:37.753 69622 INFO tempest.lib.common.rest_client [req-fa31370b-1732-4ed4-ba73-46f8fb8787f6 req-fa31370b-1732-4ed4-ba73-46f8fb8787f6 ] Request (ServerRescueNegativeTestJSON:test_rescued_vm_detach_volume): 200 GET http://10.180.1.21/compute/v2.1/servers/07e6b1af-4468-4c40-92cb-6089417ff16f 0.410s
2025-05-07 12:48:37.826 69636 INFO tempest.lib.common.rest_client [req-f120ea12-a04b-4db4-9238-311e46a6b36f req-f120ea12-a04b-4db4-9238-311e46a6b36f ] Request (VolumesAssistedSnapshotsTest:tearDownClass): 200 GET http://10.180.1.21/compute/v2.1/servers/c8b292ee-acc4-4bc9-9f1f-62df83d1e36b 0.387s
2025-05-07 12:48:37.839 69640 INFO tempest.lib.common.rest_client [req-04efa3fd-2674-40f2-9e64-ea05a9a3dfaf req-04efa3fd-2674-40f2-9e64-ea05a9a3dfaf ] Request (ServerRescueTestJSONUnderV235:setUpClass): 200 GET http://10.180.1.21/compute/v2.1/servers/3c81e760-ffaa-4b84-bd9b-2e253f268dee 0.392s
2025-05-07 12:48:37.897 69634 INFO tempest.lib.common.rest_client [req-959e15d2-d85f-4327-90c0-80bcf016c367 req-959e15d2-d85f-4327-90c0-80bcf016c367 ] Request (ServersAdmin275Test:test_rebuild_update_server_275): 200 GET http://10.180.1.21/compute/v2.1/servers/c07106a3-0134-4602-9263-f7359c8d5367 0.220s
2025-05-07 12:48:37.937 69630 INFO tempest.lib.common.rest_client [req-8df6bd71-e7d0-4a78-895a-efabf2090275 req-8df6bd71-e7d0-4a78-895a-efabf2090275 ] Request (ServersV294TestFqdnHostnames:tearDownClass): 200 GET http://10.180.1.21/compute/v2.1/servers/7715cc43-6505-439b-ade5-06092096e2d6 0.252s
2025-05-07 12:48:37.952 69630 INFO tempest.common.waiters [-] State transition "ACTIVE/deleting" ==> "DELETED/None" after 4 second wait
2025-05-07 12:48:37.972 69614 INFO tempest.lib.common.rest_client [req-081cdedd-7220-43d3-b807-6ad181a13505 req-081cdedd-7220-43d3-b807-6ad181a13505 ] Request (ListImageFiltersTestJSON:setUpClass): 200 GET http://10.180.1.21/compute/v2.1/images/b904585f-0563-42be-937f-994e0f0c02f8 0.253s
2025-05-07 12:48:38.041 69592 INFO tempest.lib.common.rest_client [req-2d352929-1429-44ea-b742-01f5815c251f req-2d352929-1429-44ea-b742-01f5815c251f ] Request (AttachVolumeNegativeTest:test_attach_attached_volume_to_different_server): 200 GET http://10.180.1.21/compute/v2.1/servers/44c77d66-cb34-49be-a255-8cdf9efe6a18 0.255s
2025-05-07 12:48:38.062 69606 INFO tempest.lib.common.rest_client [req-cf4c5e0d-cca8-4586-b0aa-b89c541ca6a6 req-cf4c5e0d-cca8-4586-b0aa-b89c541ca6a6 ] Request (MigrationsAdminTest:test_list_migrations_in_flavor_resize_situation): 200 GET http://10.180.1.21/compute/v2.1/servers/b2cfd112-af47-46e1-8546-f527c9d84253 0.349s
2025-05-07 12:48:38.105 69644 INFO tempest.lib.common.rest_client [req-3867dead-7baf-4b53-9015-7cb87c9f82db req-3867dead-7baf-4b53-9015-7cb87c9f82db ] Request (DeleteServersAdminTestJSON:test_admin_delete_servers_of_others): 200 GET http://10.180.1.21/compute/v2.1/servers/838dc24e-f04e-4756-bbb7-f068018f5edc 0.310s
2025-05-07 12:48:38.121 69610 INFO tempest.lib.common.rest_client [req-5dd9851a-4187-4599-9d14-2182604cabec req-5dd9851a-4187-4599-9d14-2182604cabec ] Request (ServerActionsTestOtherA:setUpClass): 200 GET http://10.180.1.21/compute/v2.1/servers/42b6c9c6-967a-4f86-82a2-a341b1c1e750 0.256s
2025-05-07 12:48:38.173 69594 INFO tempest.lib.common.rest_client [req-2688e537-4d25-46a8-8405-f251c737f274 req-2688e537-4d25-46a8-8405-f251c737f274 ] Request (ServersAdminNegativeTestJSON:tearDownClass): 200 GET http://10.180.1.21/compute/v2.1/servers/dcc61c85-f39c-40e0-95cf-c18894eebf03 0.234s
2025-05-07 12:48:38.184 69608 INFO tempest.lib.common.rest_client [req-ecc50221-0f21-40e4-9884-9ca286fbd8df req-ecc50221-0f21-40e4-9884-9ca286fbd8df ] Request (AttachVolumeTestJSON:setUpClass): 201 POST http://10.180.1.21:9696/networking/v2.0/routers 1.386s
2025-05-07 12:48:38.244 69584 INFO tempest.lib.common.rest_client [req-ebbef997-843a-4bf5-bce6-06bcb51ee64e req-ebbef997-843a-4bf5-bce6-06bcb51ee64e ] Request (InstanceActionsNegativeTestJSON:setUpClass): 200 GET http://10.180.1.21/compute/v2.1/servers/29b9af6b-f049-410e-b20f-5de1d3c84611 0.237s
2025-05-07 12:48:38.246 69632 INFO tempest.lib.common.rest_client [req-b637dc6c-6369-4367-a3dc-574019b355c9 req-b637dc6c-6369-4367-a3dc-574019b355c9 ] Request (ImagesTestJSON:test_create_image_from_suspended_server): 200 GET http://10.180.1.21/compute/v2.1/servers/e408f6d6-e873-470e-aecb-16ffa9774217 0.292s
2025-05-07 12:48:38.254 69632 INFO tempest.common.waiters [-] State transition "BUILD/spawning" ==> "ACTIVE/None" after 73 second wait
2025-05-07 12:48:38.299 69602 INFO tempest.lib.common.rest_client [req-62dfbc77-5d5f-48ab-b5af-7b3709681864 req-62dfbc77-5d5f-48ab-b5af-7b3709681864 ] Request (ServersAdminTestJSON:test_inject_network_info): 200 GET http://10.180.1.21/compute/v2.1/servers/22889b96-78e6-4b9c-8b43-a423dfe509bc 0.207s
2025-05-07 12:48:38.322 69626 INFO tempest.lib.common.rest_client [req-6357505b-24b7-47b2-952b-9a9a882cd3ce req-6357505b-24b7-47b2-952b-9a9a882cd3ce ] Request (ServersListShow298Test:test_list_show_update_rebuild_server_298): 200 GET http://10.180.1.21/compute/v2.1/servers/0a8b54ec-3f2c-4313-a47b-cc81e55c20f9 0.269s
2025-05-07 12:48:38.362 69588 INFO tempest.lib.common.rest_client [req-08528c13-5fed-480f-80b3-5164443c6b63 req-08528c13-5fed-480f-80b3-5164443c6b63 ] Request (ListServersNegativeTestJSON:setUpClass): 200 GET http://10.180.1.21/compute/v2.1/servers/1d3eaa6c-8a56-4bca-a518-e5b5274058a2 0.211s
2025-05-07 12:48:38.419 69647 INFO tempest.lib.common.rest_client [req-d2222f6c-c77e-48ae-8f2a-ad6221308c09 req-d2222f6c-c77e-48ae-8f2a-ad6221308c09 ] Request (FloatingIPsAssociationTestJSON:test_associate_already_associated_floating_ip): 200 GET http://10.180.1.21/compute/v2.1/servers/fe4ef999-119c-4235-85dd-f1848885b31a 0.168s
2025-05-07 12:48:38.447 69632 INFO tempest.lib.common.rest_client [req-b8138dea-9321-423b-b8e6-7217e788216a req-b8138dea-9321-423b-b8e6-7217e788216a ] Request (ImagesTestJSON:test_create_image_from_suspended_server): 202 POST http://10.180.1.21/compute/v2.1/servers/e408f6d6-e873-470e-aecb-16ffa9774217/action 0.193s
2025-05-07 12:48:38.478 69586 INFO tempest.lib.common.rest_client [req-db5d046f-9710-44a1-a8c1-be7cf5cce768 req-db5d046f-9710-44a1-a8c1-be7cf5cce768 ] Request (ServersNegativeTestJSON:setUpClass): 200 GET http://10.180.1.21/compute/v2.1/servers/5472357a-7746-41f9-9c0a-4edaaea0570a 0.112s
2025-05-07 12:48:38.511 69612 INFO tempest.lib.common.rest_client [req-4d6a3e44-3d90-4808-84ef-921a3bac1a90 req-4d6a3e44-3d90-4808-84ef-921a3bac1a90 ] Request (ServersAaction247Test:test_create_backup): 200 GET http://10.180.1.21/compute/v2.1/servers/873b054f-64dc-4d97-b89c-995dd3702690 0.077s
2025-05-07 12:48:38.525 69612 INFO tempest.common.waiters [-] State transition "BUILD/networking" ==> "BUILD/block_device_mapping" after 65 second wait
2025-05-07 12:48:38.622 69642 INFO tempest.lib.common.rest_client [req-ed480966-23a2-4c5e-8c81-d2d074d0c205 req-ed480966-23a2-4c5e-8c81-d2d074d0c205 ] Request (ServersTestMultiNic:test_verify_duplicate_network_nics): 200 GET http://10.180.1.21/compute/v2.1/servers/d35dd075-3bec-4293-988f-9940f9fb78e3 0.157s
2025-05-07 12:48:38.662 69632 INFO tempest.lib.common.rest_client [req-69d57c50-5b54-4fa0-acf6-5040ac2c5e85 req-69d57c50-5b54-4fa0-acf6-5040ac2c5e85 ] Request (ImagesTestJSON:test_create_image_from_suspended_server): 200 GET http://10.180.1.21/compute/v2.1/servers/e408f6d6-e873-470e-aecb-16ffa9774217 0.214s
2025-05-07 12:48:38.718 69616 INFO tempest.lib.common.rest_client [req-92b6f123-eff1-4f63-8aff-f0772ff9f8c6 req-92b6f123-eff1-4f63-8aff-f0772ff9f8c6 ] Request (VolumesAdminNegativeTest:test_update_attached_volume_with_nonexistent_volume_in_body): 200 GET http://10.180.1.21/volume/v3/volumes/af3990d3-f7ec-45ac-9f14-7b5d0fd46df0 0.037s
2025-05-07 12:48:38.836 69622 INFO tempest.lib.common.rest_client [req-afe7f1b9-428d-42ae-a574-ebb2c8b98d50 req-afe7f1b9-428d-42ae-a574-ebb2c8b98d50 ] Request (ServerRescueNegativeTestJSON:test_rescued_vm_detach_volume): 200 GET http://10.180.1.21/compute/v2.1/servers/07e6b1af-4468-4c40-92cb-6089417ff16f 0.068s
2025-05-07 12:48:38.847 69618 INFO tempest.lib.common.rest_client [req-099d3717-b91a-4ed2-be98-190b9aaec5b9 req-099d3717-b91a-4ed2-be98-190b9aaec5b9 ] Request (ServersTestManualDisk:tearDownClass): 200 GET http://10.180.1.21/compute/v2.1/servers/9bed399d-c3f5-4659-bbe0-c88f73e1e52b 0.091s
2025-05-07 12:48:38.915 69636 INFO tempest.lib.common.rest_client [req-8e136b95-5155-429e-a18a-1225877d5bdb req-8e136b95-5155-429e-a18a-1225877d5bdb ] Request (VolumesAssistedSnapshotsTest:tearDownClass): 200 GET http://10.180.1.21/compute/v2.1/servers/c8b292ee-acc4-4bc9-9f1f-62df83d1e36b 0.078s
2025-05-07 12:48:38.922 69640 INFO tempest.lib.common.rest_client [req-df7da81c-6886-43f5-a854-15795481af28 req-df7da81c-6886-43f5-a854-15795481af28 ] Request (ServerRescueTestJSONUnderV235:setUpClass): 200 GET http://10.180.1.21/compute/v2.1/servers/3c81e760-ffaa-4b84-bd9b-2e253f268dee 0.075s
2025-05-07 12:48:38.984 69634 INFO tempest.lib.common.rest_client [req-adbd4a7e-4a0f-4311-a6ac-29198801eac3 req-adbd4a7e-4a0f-4311-a6ac-29198801eac3 ] Request (ServersAdmin275Test:test_rebuild_update_server_275): 200 GET http://10.180.1.21/compute/v2.1/servers/c07106a3-0134-4602-9263-f7359c8d5367 0.075s
2025-05-07 12:48:39.025 69614 INFO tempest.lib.common.rest_client [req-931b548b-325d-44b2-8839-ece74572bdd4 req-931b548b-325d-44b2-8839-ece74572bdd4 ] Request (ListImageFiltersTestJSON:setUpClass): 200 GET http://10.180.1.21/compute/v2.1/images/b904585f-0563-42be-937f-994e0f0c02f8 0.048s
2025-05-07 12:48:39.095 69630 INFO tempest.lib.common.rest_client [req-67b3bbf0-205a-4d73-b362-02ccb50c6315 req-67b3bbf0-205a-4d73-b362-02ccb50c6315 ] Request (ServersV294TestFqdnHostnames:tearDownClass): 200 GET http://10.180.1.21/compute/v2.1/servers/7715cc43-6505-439b-ade5-06092096e2d6 0.142s
2025-05-07 12:48:39.135 69592 INFO tempest.lib.common.rest_client [req-cf6f1682-782b-408a-9cba-335a42eebcc2 req-cf6f1682-782b-408a-9cba-335a42eebcc2 ] Request (AttachVolumeNegativeTest:test_attach_attached_volume_to_different_server): 200 GET http://10.180.1.21/compute/v2.1/servers/44c77d66-cb34-49be-a255-8cdf9efe6a18 0.083s
2025-05-07 12:48:39.237 69606 INFO tempest.lib.common.rest_client [req-d659e331-694f-46aa-8acb-38435e213138 req-d659e331-694f-46aa-8acb-38435e213138 ] Request (MigrationsAdminTest:test_list_migrations_in_flavor_resize_situation): 200 GET http://10.180.1.21/compute/v2.1/servers/b2cfd112-af47-46e1-8546-f527c9d84253 0.164s
2025-05-07 12:48:39.253 69644 INFO tempest.lib.common.rest_client [req-1f016789-6ee3-4d08-b9b4-7ab960fe83da req-1f016789-6ee3-4d08-b9b4-7ab960fe83da ] Request (DeleteServersAdminTestJSON:test_admin_delete_servers_of_others): 200 GET http://10.180.1.21/compute/v2.1/servers/838dc24e-f04e-4756-bbb7-f068018f5edc 0.138s
2025-05-07 12:48:39.305 69610 INFO tempest.lib.common.rest_client [req-37d1b0ef-effe-4ee4-8354-5288b685d086 req-37d1b0ef-effe-4ee4-8354-5288b685d086 ] Request (ServerActionsTestOtherA:setUpClass): 200 GET http://10.180.1.21/compute/v2.1/servers/42b6c9c6-967a-4f86-82a2-a341b1c1e750 0.171s
2025-05-07 12:48:39.316 69610 INFO tempest.common.waiters [-] State transition "BUILD/scheduling" ==> "BUILD/None" after 32 second wait
2025-05-07 12:48:39.336 69594 INFO tempest.lib.common.rest_client [req-3b7577d6-4e5d-44a9-a128-fa9268563991 req-3b7577d6-4e5d-44a9-a128-fa9268563991 ] Request (ServersAdminNegativeTestJSON:tearDownClass): 200 GET http://10.180.1.21/compute/v2.1/servers/dcc61c85-f39c-40e0-95cf-c18894eebf03 0.150s
2025-05-07 12:48:39.373 69584 INFO tempest.lib.common.rest_client [req-8526b1ae-3630-4fe9-aac7-46b665911d9e req-8526b1ae-3630-4fe9-aac7-46b665911d9e ] Request (InstanceActionsNegativeTestJSON:setUpClass): 200 GET http://10.180.1.21/compute/v2.1/servers/29b9af6b-f049-410e-b20f-5de1d3c84611 0.113s
2025-05-07 12:48:39.414 69602 INFO tempest.lib.common.rest_client [req-fb28f447-8a30-45b4-804c-643b9c0255a4 req-fb28f447-8a30-45b4-804c-643b9c0255a4 ] Request (ServersAdminTestJSON:test_inject_network_info): 200 GET http://10.180.1.21/compute/v2.1/servers/22889b96-78e6-4b9c-8b43-a423dfe509bc 0.106s
2025-05-07 12:48:39.442 69608 INFO tempest.lib.common.rest_client [req-e9cc7dc5-94ec-4c68-a52d-53da52434910 req-e9cc7dc5-94ec-4c68-a52d-53da52434910 ] Request (AttachVolumeTestJSON:setUpClass): 200 PUT http://10.180.1.21:9696/networking/v2.0/routers/b0902dcd-86d6-4f98-a5d2-4e93e4da9cb0/add_router_interface 1.256s
2025-05-07 12:48:39.442 69608 INFO tempest.lib.common.dynamic_creds [-] Created isolated network resources for: credentials: Credentials: {'domain_id': 'default', 'domain_name': 'Default', 'username': 'tempest-AttachVolumeTestJSON-422830953-project-member', 'project_domain_id': 'default', 'project_domain_name': 'Default', 'project_id': '145e7047bcb94f5dae910b9203da9c74', 'project_name': 'tempest-AttachVolumeTestJSON-422830953', 'tenant_id': '145e7047bcb94f5dae910b9203da9c74', 'tenant_name': 'tempest-AttachVolumeTestJSON-422830953', 'user_domain_id': 'default', 'user_domain_name': 'Default', 'user_id': '836d27b915f249d798c628ae93e7365f', 'system': None}, Network: {'id': 'f8d445e9-d263-4374-a99a-94f165f34266', 'name': 'tempest-AttachVolumeTestJSON-87190337-network', 'tenant_id': '145e7047bcb94f5dae910b9203da9c74', 'admin_state_up': True, 'mtu': 8950, 'status': 'ACTIVE', 'subnets': [], 'shared': False, 'project_id': '145e7047bcb94f5dae910b9203da9c74', 'port_security_enabled': True, 'router:external': False, 'provider:network_type': 'vlan', 'provider:physical_network': 'default', 'provider:segmentation_id': 812, 'availability_zone_hints': [], 'availability_zones': [], 'ipv4_address_scope': None, 'ipv6_address_scope': None, 'description': '', 'tags': [], 'created_at': '2025-05-07T12:48:36Z', 'updated_at': '2025-05-07T12:48:36Z', 'revision_number': 1}, Subnet: {'id': '0c59036d-6016-4cec-b33c-482874b42950', 'name': 'tempest-AttachVolumeTestJSON-87190337-subnet', 'tenant_id': '145e7047bcb94f5dae910b9203da9c74', 'network_id': 'f8d445e9-d263-4374-a99a-94f165f34266', 'ip_version': 4, 'subnetpool_id': None, 'enable_dhcp': True, 'ipv6_ra_mode': None, 'ipv6_address_mode': None, 'gateway_ip': '192.168.128.1', 'cidr': '192.168.128.0/28', 'allocation_pools': [{'start': '192.168.128.2', 'end': '192.168.128.14'}], 'host_routes': [], 'dns_nameservers': [], 'description': '', 'router:external': False, 'service_types': [], 'tags': [], 'created_at': '2025-05-07T12:48:36Z', 'updated_at': '2025-05-07T12:48:36Z', 'revision_number': 0, 'project_id': '145e7047bcb94f5dae910b9203da9c74'}, Router: {'id': 'b0902dcd-86d6-4f98-a5d2-4e93e4da9cb0', 'name': 'tempest-AttachVolumeTestJSON-87190337-router', 'tenant_id': '145e7047bcb94f5dae910b9203da9c74', 'admin_state_up': True, 'status': 'ACTIVE', 'external_gateway_info': {'network_id': '9fce3b12-85c0-4ea2-a134-4021521cb4ef', 'external_fixed_ips': [{'subnet_id': '12e1b29b-1a30-4408-845f-928612e3be0d', 'ip_address': '10.180.180.136'}], 'enable_snat': True}, 'description': '', 'availability_zones': [], 'distributed': False, 'ha': False, 'availability_zone_hints': [], 'routes': [], 'flavor_id': None, 'tags': [], 'created_at': '2025-05-07T12:48:36Z', 'updated_at': '2025-05-07T12:48:37Z', 'revision_number': 2, 'project_id': '145e7047bcb94f5dae910b9203da9c74'}
2025-05-07 12:48:39.461 69626 INFO tempest.lib.common.rest_client [req-b76efdb9-7c7a-4f5c-9759-380dae6abebe req-b76efdb9-7c7a-4f5c-9759-380dae6abebe ] Request (ServersListShow298Test:test_list_show_update_rebuild_server_298): 200 GET http://10.180.1.21/compute/v2.1/servers/0a8b54ec-3f2c-4313-a47b-cc81e55c20f9 0.124s
2025-05-07 12:48:39.472 69626 INFO tempest.common.waiters [-] State transition "BUILD/scheduling" ==> "BUILD/None" after 37 second wait
2025-05-07 12:48:39.483 69588 INFO tempest.lib.common.rest_client [req-9de8dc31-af90-42dd-94f4-767b44f225d8 req-9de8dc31-af90-42dd-94f4-767b44f225d8 ] Request (ListServersNegativeTestJSON:setUpClass): 200 GET http://10.180.1.21/compute/v2.1/servers/1d3eaa6c-8a56-4bca-a518-e5b5274058a2 0.110s
2025-05-07 12:48:39.525 69647 INFO tempest.lib.common.rest_client [req-1792aaf6-f1f5-4729-921b-6d833d9ee00b req-1792aaf6-f1f5-4729-921b-6d833d9ee00b ] Request (FloatingIPsAssociationTestJSON:test_associate_already_associated_floating_ip): 200 GET http://10.180.1.21/compute/v2.1/servers/fe4ef999-119c-4235-85dd-f1848885b31a 0.096s
2025-05-07 12:48:39.553 69608 INFO tempest.lib.common.rest_client [req-96a4c0bd-6f96-41fe-8989-74b2b70e60a8 req-96a4c0bd-6f96-41fe-8989-74b2b70e60a8 ] Request (AttachVolumeTestJSON:setUpClass): 201 POST http://10.180.1.21/identity/v3/auth/tokens 0.108s
2025-05-07 12:48:39.560 69586 INFO tempest.lib.common.rest_client [req-d19cdcb7-27af-43d0-8c0f-b2e87057510d req-d19cdcb7-27af-43d0-8c0f-b2e87057510d ] Request (ServersNegativeTestJSON:setUpClass): 200 GET http://10.180.1.21/compute/v2.1/servers/5472357a-7746-41f9-9c0a-4edaaea0570a 0.070s
2025-05-07 12:48:39.598 69612 INFO tempest.lib.common.rest_client [req-c2e84333-0019-4f0e-ac8f-ba50f0041920 req-c2e84333-0019-4f0e-ac8f-ba50f0041920 ] Request (ServersAaction247Test:test_create_backup): 200 GET http://10.180.1.21/compute/v2.1/servers/873b054f-64dc-4d97-b89c-995dd3702690 0.071s
2025-05-07 12:48:39.608 69612 INFO tempest.common.waiters [-] State transition "BUILD/block_device_mapping" ==> "BUILD/spawning" after 66 second wait
2025-05-07 12:48:39.677 69608 INFO tempest.lib.common.rest_client [req-77d4a26b-44e1-4b2c-b4d5-7e163d7a39a5 req-77d4a26b-44e1-4b2c-b4d5-7e163d7a39a5 ] Request (ValidationResourcesFixture:setUp): 200 POST http://10.180.1.21/compute/v2.1/os-keypairs 0.121s
2025-05-07 12:48:39.759 69616 INFO tempest.lib.common.rest_client [req-c72e4dcf-093e-4dc7-a698-06461b03be5b req-c72e4dcf-093e-4dc7-a698-06461b03be5b ] Request (VolumesAdminNegativeTest:test_update_attached_volume_with_nonexistent_volume_in_body): 200 GET http://10.180.1.21/volume/v3/volumes/af3990d3-f7ec-45ac-9f14-7b5d0fd46df0 0.033s
2025-05-07 12:48:39.796 69632 INFO tempest.lib.common.rest_client [req-eaff9315-9f8f-4c40-bf28-9bc29c4ff284 req-eaff9315-9f8f-4c40-bf28-9bc29c4ff284 ] Request (ImagesTestJSON:test_create_image_from_suspended_server): 200 GET http://10.180.1.21/compute/v2.1/servers/e408f6d6-e873-470e-aecb-16ffa9774217 0.124s
2025-05-07 12:48:39.878 69608 INFO tempest.lib.common.rest_client [req-6b65b5d2-58c9-491e-a654-9d48c1df8c4a req-6b65b5d2-58c9-491e-a654-9d48c1df8c4a ] Request (ValidationResourcesFixture:setUp): 201 POST http://10.180.1.21:9696/networking/v2.0/security-groups 0.200s
2025-05-07 12:48:39.899 69642 INFO tempest.lib.common.rest_client [req-018fa684-deae-40ef-ade3-6b812e98dac1 req-018fa684-deae-40ef-ade3-6b812e98dac1 ] Request (ServersTestMultiNic:test_verify_duplicate_network_nics): 200 GET http://10.180.1.21/compute/v2.1/servers/d35dd075-3bec-4293-988f-9940f9fb78e3 0.269s
2025-05-07 12:48:39.932 69618 INFO tempest.lib.common.rest_client [req-21255957-ad90-42a1-9a6a-71d0f5df9582 req-21255957-ad90-42a1-9a6a-71d0f5df9582 ] Request (ServersTestManualDisk:tearDownClass): 404 GET http://10.180.1.21/compute/v2.1/servers/9bed399d-c3f5-4659-bbe0-c88f73e1e52b 0.077s
2025-05-07 12:48:39.937 69622 INFO tempest.lib.common.rest_client [req-b6274678-9218-4c86-bc5f-e885c1154208 req-b6274678-9218-4c86-bc5f-e885c1154208 ] Request (ServerRescueNegativeTestJSON:test_rescued_vm_detach_volume): 200 GET http://10.180.1.21/compute/v2.1/servers/07e6b1af-4468-4c40-92cb-6089417ff16f 0.093s
2025-05-07 12:48:39.958 69618 INFO tempest.lib.common.rest_client [req-fe292e13-c58d-4b2a-82b1-b41bd2f3a2db req-fe292e13-c58d-4b2a-82b1-b41bd2f3a2db ] Request (ServersTestManualDisk:tearDownClass): 202 DELETE http://10.180.1.21/compute/v2.1/os-keypairs/tempest-keypair-1491131414 0.026s
2025-05-07 12:48:40.009 69598 WARNING tempest.lib.common.ssh [-] Failed to establish authenticated ssh connection to cirros@10.180.180.183 ([Errno None] Unable to connect to port 22 on 10.180.180.183). Number attempts: 8. Retry after 9 seconds.: paramiko.ssh_exception.NoValidConnectionsError: [Errno None] Unable to connect to port 22 on 10.180.180.183
2025-05-07 12:48:40.032 69636 INFO tempest.lib.common.rest_client [req-b3776683-825b-4a96-b38e-2de7f10d2f04 req-b3776683-825b-4a96-b38e-2de7f10d2f04 ] Request (VolumesAssistedSnapshotsTest:tearDownClass): 200 GET http://10.180.1.21/compute/v2.1/servers/c8b292ee-acc4-4bc9-9f1f-62df83d1e36b 0.105s
2025-05-07 12:48:40.049 69640 INFO tempest.lib.common.rest_client [req-6ed342bd-a22d-45b2-a7af-1e55efebc167 req-6ed342bd-a22d-45b2-a7af-1e55efebc167 ] Request (ServerRescueTestJSONUnderV235:setUpClass): 200 GET http://10.180.1.21/compute/v2.1/servers/3c81e760-ffaa-4b84-bd9b-2e253f268dee 0.114s
2025-05-07 12:48:40.105 69614 INFO tempest.lib.common.rest_client [req-e149035e-b312-426a-9787-b8270b47ffb2 req-e149035e-b312-426a-9787-b8270b47ffb2 ] Request (ListImageFiltersTestJSON:setUpClass): 200 GET http://10.180.1.21/compute/v2.1/images/b904585f-0563-42be-937f-994e0f0c02f8 0.072s
2025-05-07 12:48:40.107 69608 INFO tempest.lib.common.rest_client [req-5cbdc5e3-ba11-4d7b-98e1-67b9f7bdebda req-5cbdc5e3-ba11-4d7b-98e1-67b9f7bdebda ] Request (ValidationResourcesFixture:setUp): 201 POST http://10.180.1.21:9696/networking/v2.0/security-group-rules 0.228s
2025-05-07 12:48:40.138 69634 INFO tempest.lib.common.rest_client [req-d47349d1-19ed-4fb4-aa82-0344802a5882 req-d47349d1-19ed-4fb4-aa82-0344802a5882 ] Request (ServersAdmin275Test:test_rebuild_update_server_275): 200 GET http://10.180.1.21/compute/v2.1/servers/c07106a3-0134-4602-9263-f7359c8d5367 0.136s
2025-05-07 12:48:40.160 69618 INFO tempest.lib.common.rest_client [req-f931f34b-6028-4ae2-92b0-4997280e9ddd req-f931f34b-6028-4ae2-92b0-4997280e9ddd ] Request (ServersTestManualDisk:tearDownClass): 204 DELETE http://10.180.1.21:9696/networking/v2.0/security-groups/76b86706-b6de-4cab-ba33-ea4cfe54d3b3 0.201s
2025-05-07 12:48:40.173 69618 INFO tempest.lib.common.rest_client [req-70e86294-d2e8-4fe7-9f68-f1e1406a2a1d req-70e86294-d2e8-4fe7-9f68-f1e1406a2a1d ] Request (ServersTestManualDisk:tearDownClass): 404 GET http://10.180.1.21:9696/networking/v2.0/security-groups/76b86706-b6de-4cab-ba33-ea4cfe54d3b3 0.012s
2025-05-07 12:48:40.216 69630 INFO tempest.lib.common.rest_client [req-2a80b37d-df6f-4a47-b534-8a414b9bb910 req-2a80b37d-df6f-4a47-b534-8a414b9bb910 ] Request (ServersV294TestFqdnHostnames:tearDownClass): 200 GET http://10.180.1.21/compute/v2.1/servers/7715cc43-6505-439b-ade5-06092096e2d6 0.095s
2025-05-07 12:48:40.227 69592 INFO tempest.lib.common.rest_client [req-05414397-d2d9-4924-a79a-7bc6729370db req-05414397-d2d9-4924-a79a-7bc6729370db ] Request (AttachVolumeNegativeTest:test_attach_attached_volume_to_different_server): 200 GET http://10.180.1.21/compute/v2.1/servers/44c77d66-cb34-49be-a255-8cdf9efe6a18 0.083s
2025-05-07 12:48:40.256 69608 INFO tempest.lib.common.rest_client [req-39ac7cd3-617c-4bf8-bf0f-05d40c4d51fb req-39ac7cd3-617c-4bf8-bf0f-05d40c4d51fb ] Request (ValidationResourcesFixture:setUp): 201 POST http://10.180.1.21:9696/networking/v2.0/security-group-rules 0.148s
2025-05-07 12:48:40.360 69644 INFO tempest.lib.common.rest_client [req-cf2f910e-a60c-411b-9456-972c0ac7fd02 req-cf2f910e-a60c-411b-9456-972c0ac7fd02 ] Request (DeleteServersAdminTestJSON:test_admin_delete_servers_of_others): 200 GET http://10.180.1.21/compute/v2.1/servers/838dc24e-f04e-4756-bbb7-f068018f5edc 0.095s
2025-05-07 12:48:40.387 69606 INFO tempest.lib.common.rest_client [req-739a0b50-3473-4abd-bafa-3d0e7aeb4d87 req-739a0b50-3473-4abd-bafa-3d0e7aeb4d87 ] Request (MigrationsAdminTest:test_list_migrations_in_flavor_resize_situation): 200 GET http://10.180.1.21/compute/v2.1/servers/b2cfd112-af47-46e1-8546-f527c9d84253 0.142s
2025-05-07 12:48:40.437 69610 INFO tempest.lib.common.rest_client [req-466b8318-552b-46ef-a4fb-91c9a0f21477 req-466b8318-552b-46ef-a4fb-91c9a0f21477 ] Request (ServerActionsTestOtherA:setUpClass): 200 GET http://10.180.1.21/compute/v2.1/servers/42b6c9c6-967a-4f86-82a2-a341b1c1e750 0.119s
2025-05-07 12:48:40.507 69594 INFO tempest.lib.common.rest_client [req-cb2ce2d9-ff9a-4b1f-b090-2ca100c5d723 req-cb2ce2d9-ff9a-4b1f-b090-2ca100c5d723 ] Request (ServersAdminNegativeTestJSON:tearDownClass): 200 GET http://10.180.1.21/compute/v2.1/servers/dcc61c85-f39c-40e0-95cf-c18894eebf03 0.161s
2025-05-07 12:48:40.543 69618 INFO tempest.lib.common.rest_client [req-b4e09de5-150e-4ef7-ad54-184e8fd05f6a req-b4e09de5-150e-4ef7-ad54-184e8fd05f6a ] Request (ServersTestManualDisk:tearDownClass): 204 DELETE http://10.180.1.21:9696/networking/v2.0/floatingips/4cb7832c-1aee-43ee-bb53-596f3db01b04 0.370s
2025-05-07 12:48:40.602 69584 INFO tempest.lib.common.rest_client [req-523bca56-946a-4d02-896b-53b344375d32 req-523bca56-946a-4d02-896b-53b344375d32 ] Request (InstanceActionsNegativeTestJSON:setUpClass): 200 GET http://10.180.1.21/compute/v2.1/servers/29b9af6b-f049-410e-b20f-5de1d3c84611 0.219s
2025-05-07 12:48:40.812 69616 INFO tempest.lib.common.rest_client [req-f3118ad3-c59f-4d92-b342-80c19663a7e7 req-f3118ad3-c59f-4d92-b342-80c19663a7e7 ] Request (VolumesAdminNegativeTest:test_update_attached_volume_with_nonexistent_volume_in_body): 200 GET http://10.180.1.21/volume/v3/volumes/af3990d3-f7ec-45ac-9f14-7b5d0fd46df0 0.045s
2025-05-07 12:48:40.824 69616 INFO tempest.common.waiters [-] Attachment 176d7e22-fe6c-47ef-a024-d17dcdec3fb9 created for volume af3990d3-f7ec-45ac-9f14-7b5d0fd46df0 to server abbf2f1c-ae9a-432a-baf5-7d7ce24253d3 after waiting for 8.824761 seconds
2025-05-07 12:48:40.863 69616 INFO tempest.lib.common.rest_client [req-802eaf27-a249-4fd1-af62-2d4531c5c4cc req-802eaf27-a249-4fd1-af62-2d4531c5c4cc ] Request (VolumesAdminNegativeTest:test_update_attached_volume_with_nonexistent_volume_in_body): 200 GET http://10.180.1.21/volume/v3/volumes/af3990d3-f7ec-45ac-9f14-7b5d0fd46df0 0.038s
2025-05-07 12:48:40.871 69616 INFO tempest.common.waiters [-] volume af3990d3-f7ec-45ac-9f14-7b5d0fd46df0 reached in-use after waiting for 0.871945 seconds
2025-05-07 12:48:40.889 69608 INFO tempest.lib.common.rest_client [req-46913355-59e1-4dff-b80d-5fdad286bc51 req-46913355-59e1-4dff-b80d-5fdad286bc51 ] Request (ValidationResourcesFixture:setUp): 201 POST http://10.180.1.21:9696/networking/v2.0/floatingips 0.633s
2025-05-07 12:48:40.922 69602 INFO tempest.lib.common.rest_client [req-d0955f6c-d8ad-40d2-a7dc-78908ce7b318 req-d0955f6c-d8ad-40d2-a7dc-78908ce7b318 ] Request (ServersAdminTestJSON:test_inject_network_info): 200 GET http://10.180.1.21/compute/v2.1/servers/22889b96-78e6-4b9c-8b43-a423dfe509bc 0.496s
2025-05-07 12:48:40.933 69596 INFO tempest.lib.common.rest_client [req-1a789748-db6e-4dde-b2a6-d5e6c5ede147 req-1a789748-db6e-4dde-b2a6-d5e6c5ede147 ] Request (ServerDiagnosticsV248Test:test_get_server_diagnostics): 200 GET http://10.180.1.21/compute/v2.1/servers/563722c6-483c-4154-b4da-e8412f78b765/diagnostics 0.599s
2025-05-07 12:48:40.946 69608 INFO tempest.lib.common.rest_client [req-8d05cb18-1845-4b98-b1ff-83aee905c090 req-8d05cb18-1845-4b98-b1ff-83aee905c090 ] Request (AttachVolumeTestJSON:test_attach_detach_volume): 201 POST http://10.180.1.21/identity/v3/auth/tokens 0.052s
2025-05-07 12:48:40.949 69608 INFO tempest.lib.common.fixed_network [-] (AttachVolumeTestJSON:test_attach_detach_volume) Found network {'id': 'f8d445e9-d263-4374-a99a-94f165f34266', 'name': 'tempest-AttachVolumeTestJSON-87190337-network', 'tenant_id': '145e7047bcb94f5dae910b9203da9c74', 'admin_state_up': True, 'mtu': 8950, 'status': 'ACTIVE', 'subnets': [], 'shared': False, 'project_id': '145e7047bcb94f5dae910b9203da9c74', 'port_security_enabled': True, 'router:external': False, 'provider:network_type': 'vlan', 'provider:physical_network': 'default', 'provider:segmentation_id': 812, 'availability_zone_hints': [], 'availability_zones': [], 'ipv4_address_scope': None, 'ipv6_address_scope': None, 'description': '', 'tags': [], 'created_at': '2025-05-07T12:48:36Z', 'updated_at': '2025-05-07T12:48:36Z', 'revision_number': 1} available for tenant
2025-05-07 12:48:41.007 69588 INFO tempest.lib.common.rest_client [req-0b09eea1-e45f-496a-904d-7f1286abbfa0 req-0b09eea1-e45f-496a-904d-7f1286abbfa0 ] Request (ListServersNegativeTestJSON:setUpClass): 200 GET http://10.180.1.21/compute/v2.1/servers/1d3eaa6c-8a56-4bca-a518-e5b5274058a2 0.515s
2025-05-07 12:48:41.017 69626 INFO tempest.lib.common.rest_client [req-a5076a55-7801-4102-abf9-c467a161735f req-a5076a55-7801-4102-abf9-c467a161735f ] Request (ServersListShow298Test:test_list_show_update_rebuild_server_298): 200 GET http://10.180.1.21/compute/v2.1/servers/0a8b54ec-3f2c-4313-a47b-cc81e55c20f9 0.543s
2025-05-07 12:48:41.075 69647 INFO tempest.lib.common.rest_client [req-32501df2-ac95-42df-915b-e59ee17aac97 req-32501df2-ac95-42df-915b-e59ee17aac97 ] Request (FloatingIPsAssociationTestJSON:test_associate_already_associated_floating_ip): 200 GET http://10.180.1.21/compute/v2.1/servers/fe4ef999-119c-4235-85dd-f1848885b31a 0.536s
2025-05-07 12:48:41.099 69586 INFO tempest.lib.common.rest_client [req-67868a4b-546f-4ee7-be07-01d3ac4b8f7c req-67868a4b-546f-4ee7-be07-01d3ac4b8f7c ] Request (ServersNegativeTestJSON:setUpClass): 200 GET http://10.180.1.21/compute/v2.1/servers/5472357a-7746-41f9-9c0a-4edaaea0570a 0.526s
2025-05-07 12:48:41.156 69612 INFO tempest.lib.common.rest_client [req-ced011cb-6d43-46c6-baec-15c5f671d005 req-ced011cb-6d43-46c6-baec-15c5f671d005 ] Request (ServersAaction247Test:test_create_backup): 200 GET http://10.180.1.21/compute/v2.1/servers/873b054f-64dc-4d97-b89c-995dd3702690 0.547s
2025-05-07 12:48:41.314 69632 INFO tempest.lib.common.rest_client [req-77650e1a-ab81-475e-9fa7-4e3680c86c27 req-77650e1a-ab81-475e-9fa7-4e3680c86c27 ] Request (ImagesTestJSON:test_create_image_from_suspended_server): 200 GET http://10.180.1.21/compute/v2.1/servers/e408f6d6-e873-470e-aecb-16ffa9774217 0.506s
2025-05-07 12:48:41.324 69632 INFO tempest.common.waiters [-] State transition "ACTIVE/suspending" ==> "SUSPENDED/None" after 3 second wait
2025-05-07 12:48:41.352 69616 INFO tempest.lib.common.rest_client [req-67d41ae4-2bea-44be-a17c-b3d51541fd8c req-67d41ae4-2bea-44be-a17c-b3d51541fd8c ] Request (VolumesAdminNegativeTest:test_update_attached_volume_with_nonexistent_volume_in_body): 400 PUT http://10.180.1.21/compute/v2.1/servers/abbf2f1c-ae9a-432a-baf5-7d7ce24253d3/os-volume_attachments/af3990d3-f7ec-45ac-9f14-7b5d0fd46df0 0.478s
2025-05-07 12:48:41.381 69616 INFO tempest.lib.common.rest_client [req-f6654edd-861d-47d8-8e19-7934a5bb61a1 req-f6654edd-861d-47d8-8e19-7934a5bb61a1 ] Request (VolumesAdminNegativeTest:_run_cleanups): 200 GET http://10.180.1.21/volume/v3/volumes/af3990d3-f7ec-45ac-9f14-7b5d0fd46df0 0.029s
2025-05-07 12:48:41.452 69596 INFO tempest.lib.common.rest_client [req-7e7c4fa0-8857-4e2c-9108-8d464b0cffb7 req-7e7c4fa0-8857-4e2c-9108-8d464b0cffb7 ] Request (ServerDiagnosticsV248Test:tearDownClass): 204 DELETE http://10.180.1.21/compute/v2.1/servers/563722c6-483c-4154-b4da-e8412f78b765 0.504s
2025-05-07 12:48:41.467 69642 INFO tempest.lib.common.rest_client [req-e9ee3275-f1b4-4eaf-a91b-79ab89f8c9fb req-e9ee3275-f1b4-4eaf-a91b-79ab89f8c9fb ] Request (ServersTestMultiNic:test_verify_duplicate_network_nics): 200 GET http://10.180.1.21/compute/v2.1/servers/d35dd075-3bec-4293-988f-9940f9fb78e3 0.560s
2025-05-07 12:48:41.524 69622 INFO tempest.lib.common.rest_client [req-39859a63-7a21-44e0-970a-bff3d70bae18 req-39859a63-7a21-44e0-970a-bff3d70bae18 ] Request (ServerRescueNegativeTestJSON:test_rescued_vm_detach_volume): 200 GET http://10.180.1.21/compute/v2.1/servers/07e6b1af-4468-4c40-92cb-6089417ff16f 0.577s
2025-05-07 12:48:41.610 69636 INFO tempest.lib.common.rest_client [req-c7f680a4-0aa5-4c4b-a149-55fa6a58fc58 req-c7f680a4-0aa5-4c4b-a149-55fa6a58fc58 ] Request (VolumesAssistedSnapshotsTest:tearDownClass): 200 GET http://10.180.1.21/compute/v2.1/servers/c8b292ee-acc4-4bc9-9f1f-62df83d1e36b 0.563s
2025-05-07 12:48:41.663 69640 INFO tempest.lib.common.rest_client [req-492fb30a-e108-4e3a-b905-0f58bf37dc2c req-492fb30a-e108-4e3a-b905-0f58bf37dc2c ] Request (ServerRescueTestJSONUnderV235:setUpClass): 200 GET http://10.180.1.21/compute/v2.1/servers/3c81e760-ffaa-4b84-bd9b-2e253f268dee 0.603s
2025-05-07 12:48:41.702 69614 INFO tempest.lib.common.rest_client [req-081fbfd2-ce18-4400-b0e3-da53d2e84e77 req-081fbfd2-ce18-4400-b0e3-da53d2e84e77 ] Request (ListImageFiltersTestJSON:setUpClass): 200 GET http://10.180.1.21/compute/v2.1/images/b904585f-0563-42be-937f-994e0f0c02f8 0.585s
2025-05-07 12:48:41.761 69634 INFO tempest.lib.common.rest_client [req-4dbbd8d0-1511-48fc-8261-5c954d749133 req-4dbbd8d0-1511-48fc-8261-5c954d749133 ] Request (ServersAdmin275Test:test_rebuild_update_server_275): 200 GET http://10.180.1.21/compute/v2.1/servers/c07106a3-0134-4602-9263-f7359c8d5367 0.608s
2025-05-07 12:48:41.773 69634 INFO tempest.common.waiters [-] State transition "REBUILD/rebuilding" ==> "REBUILD/rebuild_spawning" after 4 second wait
2025-05-07 12:48:41.836 69630 INFO tempest.lib.common.rest_client [req-4ce0085e-a565-45aa-a711-ab1d3456c95b req-4ce0085e-a565-45aa-a711-ab1d3456c95b ] Request (ServersV294TestFqdnHostnames:tearDownClass): 200 GET http://10.180.1.21/compute/v2.1/servers/7715cc43-6505-439b-ade5-06092096e2d6 0.608s
2025-05-07 12:48:41.902 69592 INFO tempest.lib.common.rest_client [req-8a38e7cf-44fb-45b1-a2a4-dc6618bbe4a3 req-8a38e7cf-44fb-45b1-a2a4-dc6618bbe4a3 ] Request (AttachVolumeNegativeTest:test_attach_attached_volume_to_different_server): 200 GET http://10.180.1.21/compute/v2.1/servers/44c77d66-cb34-49be-a255-8cdf9efe6a18 0.665s
2025-05-07 12:48:41.906 69618 INFO tempest.lib.common.rest_client [req-03a3bb98-1c3f-47ac-8100-e39c6a28d6a9 req-03a3bb98-1c3f-47ac-8100-e39c6a28d6a9 ] Request (ServersTestManualDisk:tearDownClass): 200 PUT http://10.180.1.21:9696/networking/v2.0/routers/31ba918d-8636-4a11-ab57-29949e9a8caf/remove_router_interface 1.362s
2025-05-07 12:48:41.998 69608 INFO tempest.lib.common.rest_client [req-b142f972-9f20-4d4f-8d06-bd80994dc99b req-b142f972-9f20-4d4f-8d06-bd80994dc99b ] Request (AttachVolumeTestJSON:test_attach_detach_volume): 202 POST http://10.180.1.21/compute/v2.1/servers 1.047s
2025-05-07 12:48:42.086 69644 INFO tempest.lib.common.rest_client [req-d25adc12-80fa-4781-8e0a-b39c537040bf req-d25adc12-80fa-4781-8e0a-b39c537040bf ] Request (DeleteServersAdminTestJSON:test_admin_delete_servers_of_others): 200 GET http://10.180.1.21/compute/v2.1/servers/838dc24e-f04e-4756-bbb7-f068018f5edc 0.717s
2025-05-07 12:48:42.305 69616 INFO tempest.lib.common.rest_client [req-f5e05217-db83-4e05-9bb9-6619d7a16b3c req-f5e05217-db83-4e05-9bb9-6619d7a16b3c ] Request (VolumesAdminNegativeTest:_run_cleanups): 202 DELETE http://10.180.1.21/compute/v2.1/servers/abbf2f1c-ae9a-432a-baf5-7d7ce24253d3/os-volume_attachments/af3990d3-f7ec-45ac-9f14-7b5d0fd46df0 0.915s
2025-05-07 12:48:42.454 69606 INFO tempest.lib.common.rest_client [req-b84e0431-9ae0-40de-a99a-19ceb6091ce0 req-b84e0431-9ae0-40de-a99a-19ceb6091ce0 ] Request (MigrationsAdminTest:test_list_migrations_in_flavor_resize_situation): 200 GET http://10.180.1.21/compute/v2.1/servers/b2cfd112-af47-46e1-8546-f527c9d84253 1.055s
2025-05-07 12:48:42.489 69632 INFO tempest.lib.common.rest_client [req-f9a2ef8f-9239-4ef8-9fd4-48f243f2e7b8 req-f9a2ef8f-9239-4ef8-9fd4-48f243f2e7b8 ] Request (ImagesTestJSON:test_create_image_from_suspended_server): 202 POST http://10.180.1.21/compute/v2.1/servers/e408f6d6-e873-470e-aecb-16ffa9774217/action 1.165s
2025-05-07 12:48:42.523 69610 INFO tempest.lib.common.rest_client [req-d179cb73-7225-4958-9043-0f6da6144e90 req-d179cb73-7225-4958-9043-0f6da6144e90 ] Request (ServerActionsTestOtherA:setUpClass): 200 GET http://10.180.1.21/compute/v2.1/servers/42b6c9c6-967a-4f86-82a2-a341b1c1e750 1.073s
2025-05-07 12:48:42.537 69618 INFO tempest.lib.common.rest_client [req-91adfb3a-28ed-4b7c-8c63-a6f695f5b158 req-91adfb3a-28ed-4b7c-8c63-a6f695f5b158 ] Request (ServersTestManualDisk:tearDownClass): 204 DELETE http://10.180.1.21:9696/networking/v2.0/routers/31ba918d-8636-4a11-ab57-29949e9a8caf 0.631s
2025-05-07 12:48:42.547 69596 INFO tempest.lib.common.rest_client [req-45d0385b-a69b-4dc3-aa43-e9d8f4b6d3d4 req-45d0385b-a69b-4dc3-aa43-e9d8f4b6d3d4 ] Request (ServerDiagnosticsV248Test:tearDownClass): 200 GET http://10.180.1.21/compute/v2.1/servers/563722c6-483c-4154-b4da-e8412f78b765 1.095s
2025-05-07 12:48:42.586 69594 INFO tempest.lib.common.rest_client [req-a75c8d92-9f4e-444d-951c-5c90bf540a36 req-a75c8d92-9f4e-444d-951c-5c90bf540a36 ] Request (ServersAdminNegativeTestJSON:tearDownClass): 200 GET http://10.180.1.21/compute/v2.1/servers/dcc61c85-f39c-40e0-95cf-c18894eebf03 1.069s
2025-05-07 12:48:42.608 69584 INFO tempest.lib.common.rest_client [req-d19ee489-21c1-4ede-b43b-ea028a5416ef req-d19ee489-21c1-4ede-b43b-ea028a5416ef ] Request (InstanceActionsNegativeTestJSON:setUpClass): 200 GET http://10.180.1.21/compute/v2.1/servers/29b9af6b-f049-410e-b20f-5de1d3c84611 0.992s
2025-05-07 12:48:42.616 69584 INFO tempest.common.waiters [-] State transition "BUILD/None" ==> "BUILD/networking" after 63 second wait
2025-05-07 12:48:42.635 69602 INFO tempest.lib.common.rest_client [req-e3dd7364-14db-4192-a9ef-0c8daeae8832 req-e3dd7364-14db-4192-a9ef-0c8daeae8832 ] Request (ServersAdminTestJSON:test_inject_network_info): 200 GET http://10.180.1.21/compute/v2.1/servers/22889b96-78e6-4b9c-8b43-a423dfe509bc 0.701s
2025-05-07 12:48:42.671 69608 INFO tempest.lib.common.rest_client [req-13b7c88e-79d9-4131-b8c4-87caf31bc6c6 req-13b7c88e-79d9-4131-b8c4-87caf31bc6c6 ] Request (AttachVolumeTestJSON:test_attach_detach_volume): 200 GET http://10.180.1.21/compute/v2.1/servers/5870abd0-1c2c-43ae-9c3e-6bf3c0862c05 0.670s
2025-05-07 12:48:42.691 69588 INFO tempest.lib.common.rest_client [req-010c57a3-ba3b-4603-9e25-a60ad1ac09f3 req-010c57a3-ba3b-4603-9e25-a60ad1ac09f3 ] Request (ListServersNegativeTestJSON:setUpClass): 200 GET http://10.180.1.21/compute/v2.1/servers/1d3eaa6c-8a56-4bca-a518-e5b5274058a2 0.675s
2025-05-07 12:48:42.700 69618 INFO tempest.lib.common.rest_client [req-e7550bfa-818f-48e1-aede-4320c3338dd1 req-e7550bfa-818f-48e1-aede-4320c3338dd1 ] Request (ServersTestManualDisk:tearDownClass): 204 DELETE http://10.180.1.21:9696/networking/v2.0/subnets/2c976279-535c-4b97-bbf3-9f77ed6a1357 0.162s
2025-05-07 12:48:42.738 69626 INFO tempest.lib.common.rest_client [req-2d1d5d3a-0c57-4600-90e5-0da35af212ea req-2d1d5d3a-0c57-4600-90e5-0da35af212ea ] Request (ServersListShow298Test:test_list_show_update_rebuild_server_298): 200 GET http://10.180.1.21/compute/v2.1/servers/0a8b54ec-3f2c-4313-a47b-cc81e55c20f9 0.705s
2025-05-07 12:48:42.755 69647 INFO tempest.lib.common.rest_client [req-fd1a7b91-3e11-42e6-a6e2-7612cc1e7c5d req-fd1a7b91-3e11-42e6-a6e2-7612cc1e7c5d ] Request (FloatingIPsAssociationTestJSON:test_associate_already_associated_floating_ip): 200 GET http://10.180.1.21/compute/v2.1/servers/fe4ef999-119c-4235-85dd-f1848885b31a 0.668s
2025-05-07 12:48:42.785 69586 INFO tempest.lib.common.rest_client [req-7c86894b-a8e3-4a2a-b22b-7f9c69d7c0e7 req-7c86894b-a8e3-4a2a-b22b-7f9c69d7c0e7 ] Request (ServersNegativeTestJSON:setUpClass): 200 GET http://10.180.1.21/compute/v2.1/servers/5472357a-7746-41f9-9c0a-4edaaea0570a 0.667s
