2025-05-07 12:49:03.867 69606 INFO tempest.lib.common.rest_client [req-43833744-db2d-42ef-8293-074cf38bbe7b req-43833744-db2d-42ef-8293-074cf38bbe7b ] Request (MigrationsAdminTest:test_list_migrations_in_flavor_resize_situation): 200 GET http://10.180.1.21/compute/v2.1/servers/b2cfd112-af47-46e1-8546-f527c9d84253 1.154s
2025-05-07 12:49:03.928 69612 INFO tempest.lib.common.rest_client [req-d68883cc-f49b-48c1-86c3-11cfc0a2a51c req-d68883cc-f49b-48c1-86c3-11cfc0a2a51c ] Request (ServersAaction247Test:tearDownClass): 200 GET http://10.180.1.21/compute/v2.1/servers/873b054f-64dc-4d97-b89c-995dd3702690 1.147s
2025-05-07 12:49:03.993 69632 INFO tempest.lib.common.rest_client [req-b8de8109-e181-40d8-aa44-672ad7b35d54 req-b8de8109-e181-40d8-aa44-672ad7b35d54 ] Request (ImagesTestJSON:_run_cleanups): 204 DELETE http://10.180.1.21/compute/v2.1/servers/e408f6d6-e873-470e-aecb-16ffa9774217 1.071s
2025-05-07 12:49:04.050 69592 INFO tempest.lib.common.rest_client [req-1b3676d3-e31a-46f7-9bb8-94440d87862c req-1b3676d3-e31a-46f7-9bb8-94440d87862c ] Request (AttachVolumeNegativeTest:test_attach_attached_volume_to_different_server): 200 GET http://10.180.1.21/compute/v2.1/servers/44c77d66-cb34-49be-a255-8cdf9efe6a18 1.123s
2025-05-07 12:49:04.074 69632 INFO tempest.lib.common.rest_client [req-a3ae43c5-9a52-4727-90bf-610228ec867f req-a3ae43c5-9a52-4727-90bf-610228ec867f ] Request (ImagesTestJSON:test_create_server_from_snapshot): 201 POST http://10.180.1.21/identity/v3/auth/tokens 0.077s
2025-05-07 12:49:04.075 69632 INFO tempest.lib.common.fixed_network [-] (ImagesTestJSON:test_create_server_from_snapshot) Found network {'id': '3a416cbc-fd94-48ed-ab2c-e9fb989dc014', 'name': 'tempest-ImagesTestJSON-744363778-network', 'tenant_id': 'f9e05b972ee14b688088ab9504efadcc', 'admin_state_up': True, 'mtu': 8950, 'status': 'ACTIVE', 'subnets': [], 'shared': False, 'project_id': 'f9e05b972ee14b688088ab9504efadcc', 'port_security_enabled': True, 'router:external': False, 'provider:network_type': 'vlan', 'provider:physical_network': 'default', 'provider:segmentation_id': 13, 'availability_zone_hints': [], 'availability_zones': [], 'ipv4_address_scope': None, 'ipv6_address_scope': None, 'description': '', 'tags': [], 'created_at': '2025-05-07T12:46:18Z', 'updated_at': '2025-05-07T12:46:18Z', 'revision_number': 1} available for tenant
2025-05-07 12:49:04.118 69642 INFO tempest.lib.common.rest_client [req-57691957-b905-41ee-8ace-5fc0aad22e63 req-57691957-b905-41ee-8ace-5fc0aad22e63 ] Request (ServersTestMultiNic:_run_cleanups): 200 GET http://10.180.1.21/compute/v2.1/servers/d35dd075-3bec-4293-988f-9940f9fb78e3 1.140s
2025-05-07 12:49:04.226 69626 INFO tempest.lib.common.rest_client [req-6518860a-49dd-48bd-bb1b-37375493ea1c req-6518860a-49dd-48bd-bb1b-37375493ea1c ] Request (ServersListShow298Test:test_list_show_update_rebuild_server_298): 200 GET http://10.180.1.21/compute/v2.1/servers/0a8b54ec-3f2c-4313-a47b-cc81e55c20f9 1.134s
2025-05-07 12:49:04.292 69644 INFO tempest.lib.common.rest_client [req-1848fc35-501d-404f-a3fd-1307f7d7af03 req-1848fc35-501d-404f-a3fd-1307f7d7af03 ] Request (DeleteServersAdminTestJSON:test_admin_delete_servers_of_others): 200 GET http://10.180.1.21/compute/v2.1/servers/838dc24e-f04e-4756-bbb7-f068018f5edc 1.135s
2025-05-07 12:49:04.338 69610 INFO tempest.lib.common.rest_client [req-8c0d0fc6-047a-4c6d-9dc8-690b5b6f1eca req-8c0d0fc6-047a-4c6d-9dc8-690b5b6f1eca ] Request (ServerActionsTestOtherA:setUpClass): 200 GET http://10.180.1.21/compute/v2.1/servers/42b6c9c6-967a-4f86-82a2-a341b1c1e750 1.117s
2025-05-07 12:49:04.400 69630 INFO tempest.lib.common.rest_client [req-b336750b-338f-4eca-ae05-a75da66eaf28 req-b336750b-338f-4eca-ae05-a75da66eaf28 ] Request (ServersV294TestFqdnHostnames:tearDownClass): 200 GET http://10.180.1.21/compute/v2.1/servers/7715cc43-6505-439b-ade5-06092096e2d6 1.107s
2025-05-07 12:49:04.453 69614 INFO tempest.lib.common.rest_client [req-d7e09c23-6e21-4b78-80f8-820c44b2d5c1 req-d7e09c23-6e21-4b78-80f8-820c44b2d5c1 ] Request (ListImageFiltersTestJSON:tearDownClass): 200 GET http://10.180.1.21/compute/v2.1/servers/fad3ad44-43cd-442e-8723-d27bbb893e0d 1.097s
2025-05-07 12:49:04.526 69594 INFO tempest.lib.common.rest_client [req-e7944cbc-1e5d-47b2-9f62-682208b1593d req-e7944cbc-1e5d-47b2-9f62-682208b1593d ] Request (ServersAdminNegativeTestJSON:tearDownClass): 200 GET http://10.180.1.21/compute/v2.1/servers/dcc61c85-f39c-40e0-95cf-c18894eebf03 1.102s
2025-05-07 12:49:04.654 69588 INFO tempest.lib.common.rest_client [req-89e6cd24-95ba-4645-91de-c5682aefca07 req-89e6cd24-95ba-4645-91de-c5682aefca07 ] Request (ListServersNegativeTestJSON:setUpClass): 200 GET http://10.180.1.21/compute/v2.1/servers/1d3eaa6c-8a56-4bca-a518-e5b5274058a2 1.172s
2025-05-07 12:49:04.662 69588 INFO tempest.common.waiters [-] State transition "BUILD/None" ==> "BUILD/spawning" after 77 second wait
2025-05-07 12:49:04.726 69598 INFO tempest.lib.common.rest_client [req-43220c61-76ac-456a-ab5f-2f6a1e9b1212 req-43220c61-76ac-456a-ab5f-2f6a1e9b1212 ] Request (AttachInterfacesUnderV243Test:_run_cleanups): 200 GET http://10.180.1.21/compute/v2.1/servers/fdadbd72-38cd-4ea8-be7a-cffd5bea01e0 1.085s
2025-05-07 12:49:04.732 69598 INFO tempest.common.waiters [-] State transition "ACTIVE/deleting" ==> "DELETED/None" after 4 second wait
2025-05-07 12:49:04.788 69596 INFO tempest.lib.common.rest_client [req-951ab550-50f7-4cb0-9ca7-720d27a38fed req-951ab550-50f7-4cb0-9ca7-720d27a38fed ] Request (ServerDiagnosticsV248Test:tearDownClass): 200 GET http://10.180.1.21/compute/v2.1/servers/563722c6-483c-4154-b4da-e8412f78b765 1.077s
2025-05-07 12:49:04.844 69608 INFO tempest.lib.common.rest_client [req-b92b2e73-3ca8-4ccc-8850-817600d18106 req-b92b2e73-3ca8-4ccc-8850-817600d18106 ] Request (AttachVolumeTestJSON:test_attach_detach_volume): 200 GET http://10.180.1.21/compute/v2.1/servers/5870abd0-1c2c-43ae-9c3e-6bf3c0862c05 1.081s
2025-05-07 12:49:05.367 69636 INFO tempest.lib.common.rest_client [req-01bf7b00-bcc4-4951-a601-31f467b3d3ee req-01bf7b00-bcc4-4951-a601-31f467b3d3ee ] Request (FloatingIPsTestJSON:test_delete_floating_ip): 200 POST http://10.180.1.21/compute/v2.1/os-floating-ips 1.593s
2025-05-07 12:49:05.428 69634 INFO tempest.lib.common.rest_client [req-7c3d888e-37c8-446f-8216-8e87d5bffecd req-7c3d888e-37c8-446f-8216-8e87d5bffecd ] Request (ServersAdmin275Test:tearDownClass): 200 GET http://10.180.1.21/compute/v2.1/servers/c07106a3-0134-4602-9263-f7359c8d5367 1.605s
2025-05-07 12:49:05.475 69602 INFO tempest.lib.common.rest_client [req-98b918bb-7f71-4857-8cf0-c0cd4736f571 req-98b918bb-7f71-4857-8cf0-c0cd4736f571 ] Request (ServersAdminTestJSON:test_inject_network_info): 200 GET http://10.180.1.21/compute/v2.1/servers/22889b96-78e6-4b9c-8b43-a423dfe509bc 1.485s
2025-05-07 12:49:05.522 69647 INFO tempest.lib.common.rest_client [req-cf38c70a-8b1e-4685-a0a3-bfa8165b1109 req-cf38c70a-8b1e-4685-a0a3-bfa8165b1109 ] Request (FloatingIPsAssociationTestJSON:test_associate_already_associated_floating_ip): 200 GET http://10.180.1.21/compute/v2.1/servers/fe4ef999-119c-4235-85dd-f1848885b31a 1.471s
2025-05-07 12:49:05.840 69632 INFO tempest.lib.common.rest_client [req-de888ebf-4f3e-48fa-80f8-d3578a5d1778 req-de888ebf-4f3e-48fa-80f8-d3578a5d1778 ] Request (ImagesTestJSON:test_create_server_from_snapshot): 202 POST http://10.180.1.21/compute/v2.1/servers 1.764s
2025-05-07 12:49:05.903 69616 INFO tempest.lib.common.rest_client [req-65a58891-768a-4f1a-9e1f-a64faddcc0d0 req-65a58891-768a-4f1a-9e1f-a64faddcc0d0 ] Request (VolumesAdminNegativeTest:test_update_attached_volume_with_nonexistent_volume_in_uri): 200 GET http://10.180.1.21/compute/v2.1/servers/7bcad6cc-6b37-498f-816d-2c84ffa08b6d 1.791s
2025-05-07 12:49:05.963 69618 INFO tempest.lib.common.rest_client [req-147700e0-21c3-41da-932c-385d13c22082 req-147700e0-21c3-41da-932c-385d13c22082 ] Request (ServerDiskConfigTestJSON:test_rebuild_server_with_auto_disk_config): 200 GET http://10.180.1.21/compute/v2.1/servers/f2314bad-495a-4344-bb55-3bed46135007 1.778s
2025-05-07 12:49:06.016 69586 INFO tempest.lib.common.rest_client [req-a2c3d9d3-edfd-4155-9347-758b30c6eaae req-a2c3d9d3-edfd-4155-9347-758b30c6eaae ] Request (ServersNegativeTestJSON:setUpClass): 200 GET http://10.180.1.21/compute/v2.1/servers/5472357a-7746-41f9-9c0a-4edaaea0570a 1.780s
2025-05-07 12:49:06.080 69622 INFO tempest.lib.common.rest_client [req-b17e70a1-2639-48ff-b137-156953c48317 req-b17e70a1-2639-48ff-b137-156953c48317 ] Request (ServerRescueNegativeTestJSON:test_rescued_vm_detach_volume): 200 GET http://10.180.1.21/compute/v2.1/servers/07e6b1af-4468-4c40-92cb-6089417ff16f 1.784s
2025-05-07 12:49:06.237 69640 INFO tempest.lib.common.rest_client [req-81037ebc-8d6b-4849-a370-597bb258c938 req-81037ebc-8d6b-4849-a370-597bb258c938 ] Request (ServerRescueTestJSONUnderV235:setUpClass): 200 GET http://10.180.1.21/compute/v2.1/servers/3c81e760-ffaa-4b84-bd9b-2e253f268dee 1.885s
2025-05-07 12:49:06.245 69640 INFO tempest.common.waiters [-] State transition "BUILD/None" ==> "BUILD/networking" after 79 second wait
2025-05-07 12:49:06.303 69584 INFO tempest.lib.common.rest_client [req-dfe530eb-5517-4be4-a2f4-eae8ffb0dad0 req-dfe530eb-5517-4be4-a2f4-eae8ffb0dad0 ] Request (InstanceActionsNegativeTestJSON:tearDownClass): 200 GET http://10.180.1.21/compute/v2.1/servers/29b9af6b-f049-410e-b20f-5de1d3c84611 1.887s
2025-05-07 12:49:06.396 69606 INFO tempest.lib.common.rest_client [req-4d565546-8cd2-4fe2-b470-ae238f673a4f req-4d565546-8cd2-4fe2-b470-ae238f673a4f ] Request (MigrationsAdminTest:test_list_migrations_in_flavor_resize_situation): 200 GET http://10.180.1.21/compute/v2.1/servers/b2cfd112-af47-46e1-8546-f527c9d84253 1.520s
2025-05-07 12:49:06.459 69612 INFO tempest.lib.common.rest_client [req-68f886f6-8350-4c0e-b9d9-249e22b4bf9f req-68f886f6-8350-4c0e-b9d9-249e22b4bf9f ] Request (ServersAaction247Test:tearDownClass): 200 GET http://10.180.1.21/compute/v2.1/servers/873b054f-64dc-4d97-b89c-995dd3702690 1.522s
2025-05-07 12:49:06.506 69592 INFO tempest.lib.common.rest_client [req-4a0bffb5-2f48-445f-9dbf-4f73b352b402 req-4a0bffb5-2f48-445f-9dbf-4f73b352b402 ] Request (AttachVolumeNegativeTest:test_attach_attached_volume_to_different_server): 200 GET http://10.180.1.21/compute/v2.1/servers/44c77d66-cb34-49be-a255-8cdf9efe6a18 1.445s
2025-05-07 12:49:06.561 69642 INFO tempest.lib.common.rest_client [req-5ed70e5b-b12a-4006-844a-a920562cd390 req-5ed70e5b-b12a-4006-844a-a920562cd390 ] Request (ServersTestMultiNic:_run_cleanups): 200 GET http://10.180.1.21/compute/v2.1/servers/d35dd075-3bec-4293-988f-9940f9fb78e3 1.425s
2025-05-07 12:49:06.621 69626 INFO tempest.lib.common.rest_client [req-6c1700e6-feb7-4891-bd79-0a0a6f36b8e8 req-6c1700e6-feb7-4891-bd79-0a0a6f36b8e8 ] Request (ServersListShow298Test:test_list_show_update_rebuild_server_298): 200 GET http://10.180.1.21/compute/v2.1/servers/0a8b54ec-3f2c-4313-a47b-cc81e55c20f9 1.383s
2025-05-07 12:49:06.640 69644 INFO tempest.lib.common.rest_client [req-b967c508-fa16-4502-a7d4-af71eed4852a req-b967c508-fa16-4502-a7d4-af71eed4852a ] Request (DeleteServersAdminTestJSON:test_admin_delete_servers_of_others): 404 GET http://10.180.1.21/compute/v2.1/servers/838dc24e-f04e-4756-bbb7-f068018f5edc 1.340s
2025-05-07 12:49:06.694 69610 INFO tempest.lib.common.rest_client [req-ad1f844c-a2ab-4970-b441-1f964e03a343 req-ad1f844c-a2ab-4970-b441-1f964e03a343 ] Request (ServerActionsTestOtherA:setUpClass): 200 GET http://10.180.1.21/compute/v2.1/servers/42b6c9c6-967a-4f86-82a2-a341b1c1e750 1.347s
2025-05-07 12:49:06.717 69644 INFO tempest.lib.common.rest_client [req-dd8d1055-c9ae-495d-8100-e378b991df22 req-dd8d1055-c9ae-495d-8100-e378b991df22 ] Request (DeleteServersAdminTestJSON:test_delete_server_while_in_error_state): 201 POST http://10.180.1.21/identity/v3/auth/tokens 0.071s
2025-05-07 12:49:06.717 69644 INFO tempest.lib.common.fixed_network [-] (DeleteServersAdminTestJSON:test_delete_server_while_in_error_state) Found network None available for tenant
2025-05-07 12:49:06.767 69624 INFO tempest.lib.common.rest_client [req-78e17868-1480-4696-82c4-93689eeba2af req-78e17868-1480-4696-82c4-93689eeba2af ] Request (AttachInterfacesTestJSON:test_create_list_show_delete_interfaces_by_fixed_ip): 200 POST http://10.180.1.21/compute/v2.1/servers/cb44961f-d39b-4a67-a568-780c0ac1ec7b/os-interface 8.837s
2025-05-07 12:49:06.836 69630 INFO tempest.lib.common.rest_client [req-758c32aa-73c8-42ed-b1c9-c978ae0317ee req-758c32aa-73c8-42ed-b1c9-c978ae0317ee ] Request (ServersV294TestFqdnHostnames:tearDownClass): 200 GET http://10.180.1.21/compute/v2.1/servers/7715cc43-6505-439b-ade5-06092096e2d6 1.424s
2025-05-07 12:49:06.911 69614 INFO tempest.lib.common.rest_client [req-347eec0e-69f9-4d92-b042-2a6473e4e00c req-347eec0e-69f9-4d92-b042-2a6473e4e00c ] Request (ListImageFiltersTestJSON:tearDownClass): 200 GET http://10.180.1.21/compute/v2.1/servers/fad3ad44-43cd-442e-8723-d27bbb893e0d 1.447s
2025-05-07 12:49:06.928 69594 INFO tempest.lib.common.rest_client [req-6cf80746-fab2-4956-97c2-0939f878c5cb req-6cf80746-fab2-4956-97c2-0939f878c5cb ] Request (ServersAdminNegativeTestJSON:tearDownClass): 404 GET http://10.180.1.21/compute/v2.1/servers/dcc61c85-f39c-40e0-95cf-c18894eebf03 1.393s
2025-05-07 12:49:07.024 69636 INFO tempest.lib.common.rest_client [req-6e41330f-eb55-471a-99e5-1ef5395a545e req-6e41330f-eb55-471a-99e5-1ef5395a545e ] Request (FloatingIPsTestJSON:test_delete_floating_ip): 202 DELETE http://10.180.1.21/compute/v2.1/os-floating-ips/d53266f1-15f6-494d-bf1c-ad967fa06c57 1.654s
2025-05-07 12:49:07.027 69594 INFO tempest.lib.common.rest_client [req-87faea66-942b-4180-b8da-9f5c4bd48354 req-87faea66-942b-4180-b8da-9f5c4bd48354 ] Request (ServersAdminNegativeTestJSON:tearDownClass): 204 DELETE http://10.180.1.21/identity/v3/users/ed5d664fd8e44bc29f98c4aa3eeb1d70 0.098s
2025-05-07 12:49:07.044 69588 INFO tempest.lib.common.rest_client [req-4224e692-bc43-48c3-8674-e82d669c7eae req-4224e692-bc43-48c3-8674-e82d669c7eae ] Request (ListServersNegativeTestJSON:setUpClass): 200 GET http://10.180.1.21/compute/v2.1/servers/1d3eaa6c-8a56-4bca-a518-e5b5274058a2 1.381s
2025-05-07 12:49:07.092 69598 INFO tempest.lib.common.rest_client [req-ad1674f1-b395-4c6e-9786-a15df82638fb req-ad1674f1-b395-4c6e-9786-a15df82638fb ] Request (AttachInterfacesUnderV243Test:_run_cleanups): 200 GET http://10.180.1.21/compute/v2.1/servers/fdadbd72-38cd-4ea8-be7a-cffd5bea01e0 1.358s
2025-05-07 12:49:07.113 69596 INFO tempest.lib.common.rest_client [req-6a886aba-9f72-48f2-838d-db9c44b3174b req-6a886aba-9f72-48f2-838d-db9c44b3174b ] Request (ServerDiagnosticsV248Test:tearDownClass): 200 GET http://10.180.1.21/compute/v2.1/servers/563722c6-483c-4154-b4da-e8412f78b765 1.313s
2025-05-07 12:49:07.127 69594 INFO tempest.lib.common.rest_client [req-03526182-b5c2-4f7b-ba55-687e2784beaf req-03526182-b5c2-4f7b-ba55-687e2784beaf ] Request (ServersAdminNegativeTestJSON:tearDownClass): 204 DELETE http://10.180.1.21/identity/v3/users/ed2d08d53f054bb98d999faad8be547b 0.100s
2025-05-07 12:49:07.128 69594 INFO tempest.lib.common.dynamic_creds [-] Deleting project and security group for project: 18c52a311e794638954d6879eff81724
2025-05-07 12:49:07.161 69632 INFO tempest.lib.common.rest_client [req-b6c0bfec-6dc1-4f07-b69d-72006350412c req-b6c0bfec-6dc1-4f07-b69d-72006350412c ] Request (ImagesTestJSON:test_create_server_from_snapshot): 200 GET http://10.180.1.21/compute/v2.1/servers/a62be1cf-8c04-4bf4-8e04-c98b30bc90a8 1.319s
2025-05-07 12:49:07.179 69608 INFO tempest.lib.common.rest_client [req-70a5e1b8-5353-452a-bf38-2842b1eedd63 req-70a5e1b8-5353-452a-bf38-2842b1eedd63 ] Request (AttachVolumeTestJSON:test_attach_detach_volume): 200 GET http://10.180.1.21/compute/v2.1/servers/5870abd0-1c2c-43ae-9c3e-6bf3c0862c05 1.327s
2025-05-07 12:49:07.187 69608 INFO tempest.common.waiters [-] State transition "BUILD/scheduling" ==> "BUILD/None" after 25 second wait
2025-05-07 12:49:07.203 69594 INFO tempest.lib.common.rest_client [req-e5c824ee-5a41-4c92-b6ad-132f0f90e062 req-e5c824ee-5a41-4c92-b6ad-132f0f90e062 ] Request (ServersAdminNegativeTestJSON:tearDownClass): 201 POST http://10.180.1.21/identity/v3/auth/tokens 0.074s
2025-05-07 12:49:07.239 69602 INFO tempest.lib.common.rest_client [req-b452416e-80bf-4536-a148-9e93b3233f5a req-b452416e-80bf-4536-a148-9e93b3233f5a ] Request (ServersAdminTestJSON:test_inject_network_info): 200 GET http://10.180.1.21/compute/v2.1/servers/22889b96-78e6-4b9c-8b43-a423dfe509bc 0.756s
2025-05-07 12:49:07.252 69634 INFO tempest.lib.common.rest_client [req-27d3dea0-154c-4173-9431-ff3953a172d8 req-27d3dea0-154c-4173-9431-ff3953a172d8 ] Request (ServersAdmin275Test:tearDownClass): 200 GET http://10.180.1.21/compute/v2.1/servers/c07106a3-0134-4602-9263-f7359c8d5367 0.813s
2025-05-07 12:49:07.265 69634 INFO tempest.common.waiters [-] State transition "ACTIVE/deleting" ==> "DELETED/None" after 5 second wait
2025-05-07 12:49:07.299 69647 INFO tempest.lib.common.rest_client [req-cce833d8-d984-4d83-ba39-6ed2d309c5cc req-cce833d8-d984-4d83-ba39-6ed2d309c5cc ] Request (FloatingIPsAssociationTestJSON:test_associate_already_associated_floating_ip): 200 GET http://10.180.1.21/compute/v2.1/servers/fe4ef999-119c-4235-85dd-f1848885b31a 0.769s
2025-05-07 12:49:07.310 69594 INFO tempest.lib.common.rest_client [req-ba3416a3-9b82-4ca8-b353-b1153749878f req-ba3416a3-9b82-4ca8-b353-b1153749878f ] Request (ServersAdminNegativeTestJSON:tearDownClass): 200 GET http://10.180.1.21:9696/networking/v2.0/security-groups?tenant_id=18c52a311e794638954d6879eff81724&name=default 0.107s
2025-05-07 12:49:07.431 69624 INFO tempest.lib.common.rest_client [req-7b3b6543-3248-47f2-8213-4807d9a2ab85 req-7b3b6543-3248-47f2-8213-4807d9a2ab85 ] Request (AttachInterfacesTestJSON:test_create_list_show_delete_interfaces_by_fixed_ip): 200 GET http://10.180.1.21/compute/v2.1/servers/cb44961f-d39b-4a67-a568-780c0ac1ec7b/os-interface/b8936961-848c-43cc-83c0-d45f4c5dcafc 0.662s
2025-05-07 12:49:07.441 69594 INFO tempest.lib.common.rest_client [req-03aa1514-daee-4bf6-a0e0-b163e92f3a32 req-03aa1514-daee-4bf6-a0e0-b163e92f3a32 ] Request (ServersAdminNegativeTestJSON:tearDownClass): 204 DELETE http://10.180.1.21:9696/networking/v2.0/security-groups/0b60aa49-cb39-4956-9d7e-118705efed31 0.131s
2025-05-07 12:49:07.492 69616 INFO tempest.lib.common.rest_client [req-f1e79b83-611e-4bce-888b-ed7a635786c7 req-f1e79b83-611e-4bce-888b-ed7a635786c7 ] Request (VolumesAdminNegativeTest:test_update_attached_volume_with_nonexistent_volume_in_uri): 200 GET http://10.180.1.21/compute/v2.1/servers/7bcad6cc-6b37-498f-816d-2c84ffa08b6d 0.577s
2025-05-07 12:49:07.501 69644 INFO tempest.lib.common.rest_client [req-92b04a8e-23f5-4277-9b02-a8be59dfb575 req-92b04a8e-23f5-4277-9b02-a8be59dfb575 ] Request (DeleteServersAdminTestJSON:test_delete_server_while_in_error_state): 202 POST http://10.180.1.21/compute/v2.1/servers 0.783s
2025-05-07 12:49:07.521 69594 INFO tempest.lib.common.rest_client [req-8096ce9e-ff9b-4beb-8da0-9fe8c3965a78 req-8096ce9e-ff9b-4beb-8da0-9fe8c3965a78 ] Request (ServersAdminNegativeTestJSON:tearDownClass): 204 DELETE http://10.180.1.21/identity/v3/projects/18c52a311e794638954d6879eff81724 0.079s
2025-05-07 12:49:07.521 69594 INFO tempest.lib.common.dynamic_creds [-] Deleting project and security group for project: be9272d4ea624608b6f736159546f72c
2025-05-07 12:49:07.530 69636 INFO tempest.lib.common.rest_client [req-328d07e2-b8d5-4957-82e0-1cb28eb4ae42 req-328d07e2-b8d5-4957-82e0-1cb28eb4ae42 ] Request (FloatingIPsTestJSON:test_delete_floating_ip): 404 GET http://10.180.1.21/compute/v2.1/os-floating-ips/d53266f1-15f6-494d-bf1c-ad967fa06c57 0.506s
2025-05-07 12:49:07.541 69618 INFO tempest.lib.common.rest_client [req-7ffdc71f-484a-48e7-872a-62905eb4f8e3 req-7ffdc71f-484a-48e7-872a-62905eb4f8e3 ] Request (ServerDiskConfigTestJSON:test_rebuild_server_with_auto_disk_config): 200 GET http://10.180.1.21/compute/v2.1/servers/f2314bad-495a-4344-bb55-3bed46135007 0.570s
2025-05-07 12:49:07.562 69594 INFO tempest.lib.common.rest_client [req-f10c8c57-14de-4750-a9ce-301c2c5d8b48 req-f10c8c57-14de-4750-a9ce-301c2c5d8b48 ] Request (ServersAdminNegativeTestJSON:tearDownClass): 200 GET http://10.180.1.21:9696/networking/v2.0/security-groups?tenant_id=be9272d4ea624608b6f736159546f72c&name=default 0.040s
2025-05-07 12:49:07.590 69622 INFO tempest.lib.common.rest_client [req-d3d2e280-0e1f-4919-b967-a7666fcbf74a req-d3d2e280-0e1f-4919-b967-a7666fcbf74a ] Request (ServerRescueNegativeTestJSON:test_rescued_vm_detach_volume): 200 GET http://10.180.1.21/compute/v2.1/servers/07e6b1af-4468-4c40-92cb-6089417ff16f 0.501s
2025-05-07 12:49:07.593 69586 INFO tempest.lib.common.rest_client [req-0b0d3b84-fdf2-46b3-b7ca-6e5e51256afa req-0b0d3b84-fdf2-46b3-b7ca-6e5e51256afa ] Request (ServersNegativeTestJSON:setUpClass): 200 GET http://10.180.1.21/compute/v2.1/servers/5472357a-7746-41f9-9c0a-4edaaea0570a 0.568s
2025-05-07 12:49:07.663 69584 INFO tempest.lib.common.rest_client [req-d8a2a535-0453-469c-8cae-a9fb84c5c04b req-d8a2a535-0453-469c-8cae-a9fb84c5c04b ] Request (InstanceActionsNegativeTestJSON:tearDownClass): 200 GET http://10.180.1.21/compute/v2.1/servers/29b9af6b-f049-410e-b20f-5de1d3c84611 0.351s
2025-05-07 12:49:07.674 69640 INFO tempest.lib.common.rest_client [req-4a3b7590-84a4-41e4-b339-f9aa0a50976b req-4a3b7590-84a4-41e4-b339-f9aa0a50976b ] Request (ServerRescueTestJSONUnderV235:setUpClass): 200 GET http://10.180.1.21/compute/v2.1/servers/3c81e760-ffaa-4b84-bd9b-2e253f268dee 0.427s
2025-05-07 12:49:07.684 69640 INFO tempest.common.waiters [-] State transition "BUILD/networking" ==> "BUILD/spawning" after 80 second wait
2025-05-07 12:49:07.733 69594 INFO tempest.lib.common.rest_client [req-bff62bd2-702d-43dd-a361-7b80ad4ddc8d req-bff62bd2-702d-43dd-a361-7b80ad4ddc8d ] Request (ServersAdminNegativeTestJSON:tearDownClass): 204 DELETE http://10.180.1.21:9696/networking/v2.0/security-groups/335afcc7-8bc9-431c-a840-4caff4af2495 0.170s
2025-05-07 12:49:07.736 69624 INFO tempest.lib.common.rest_client [req-59a3ba99-8924-4012-8fb6-b7ce8ca681d5 req-59a3ba99-8924-4012-8fb6-b7ce8ca681d5 ] Request (AttachInterfacesTestJSON:test_create_list_show_delete_interfaces_by_fixed_ip): 200 GET http://10.180.1.21/compute/v2.1/servers/cb44961f-d39b-4a67-a568-780c0ac1ec7b/os-interface 0.302s
2025-05-07 12:49:07.802 69612 INFO tempest.lib.common.rest_client [req-cda84727-b140-4542-8678-32263b5b2101 req-cda84727-b140-4542-8678-32263b5b2101 ] Request (ServersAaction247Test:tearDownClass): 200 GET http://10.180.1.21/compute/v2.1/servers/873b054f-64dc-4d97-b89c-995dd3702690 0.328s
2025-05-07 12:49:07.828 69594 INFO tempest.lib.common.rest_client [req-1ed87459-7c4b-42df-8e8d-0d350e6b426b req-1ed87459-7c4b-42df-8e8d-0d350e6b426b ] Request (ServersAdminNegativeTestJSON:tearDownClass): 204 DELETE http://10.180.1.21/identity/v3/projects/be9272d4ea624608b6f736159546f72c 0.095s
2025-05-07 12:49:07.829 69594 INFO tempest.test [-] raised in UpdateMultiattachVolumeNegativeTest.setUpClass. Invoking tearDownClass.
2025-05-07 12:49:07.841 69644 INFO tempest.lib.common.rest_client [req-513386f1-8649-410f-96b8-9d6ce6d4ffd0 req-513386f1-8649-410f-96b8-9d6ce6d4ffd0 ] Request (DeleteServersAdminTestJSON:test_delete_server_while_in_error_state): 200 GET http://10.180.1.21/compute/v2.1/servers/9750dfe2-f2e7-42d3-9149-25ed9e0400f7 0.337s
2025-05-07 12:49:07.889 69592 INFO tempest.lib.common.rest_client [req-70d88b69-a9ae-40bb-bed9-cf355befc891 req-70d88b69-a9ae-40bb-bed9-cf355befc891 ] Request (AttachVolumeNegativeTest:test_attach_attached_volume_to_different_server): 200 GET http://10.180.1.21/compute/v2.1/servers/44c77d66-cb34-49be-a255-8cdf9efe6a18 0.375s
2025-05-07 12:49:07.905 69594 INFO tempest.lib.common.rest_client [req-81b59258-da3b-428b-a6e0-36a12c7578cb req-81b59258-da3b-428b-a6e0-36a12c7578cb ] Request (ServersTestBootFromVolume:setUpClass): 201 POST http://10.180.1.21/identity/v3/auth/tokens 0.072s
2025-05-07 12:49:07.916 69606 INFO tempest.lib.common.rest_client [req-bab1b7ac-8a20-48d8-ac43-8c3918d0d64a req-bab1b7ac-8a20-48d8-ac43-8c3918d0d64a ] Request (MigrationsAdminTest:test_list_migrations_in_flavor_resize_situation): 200 GET http://10.180.1.21/compute/v2.1/servers/b2cfd112-af47-46e1-8546-f527c9d84253 0.511s
2025-05-07 12:49:07.917 69636 INFO tempest.lib.common.rest_client [req-28695833-8ebf-41d0-b857-1c0901913823 req-28695833-8ebf-41d0-b857-1c0901913823 ] Request (FloatingIPsTestJSON:_run_cleanups): 404 DELETE http://10.180.1.21/compute/v2.1/os-floating-ips/d53266f1-15f6-494d-bf1c-ad967fa06c57 0.386s
2025-05-07 12:49:07.960 69594 INFO tempest.lib.common.rest_client [req-22ac58d5-74b0-4d17-9c37-6ad835d3eebe req-22ac58d5-74b0-4d17-9c37-6ad835d3eebe ] Request (ServersTestBootFromVolume:setUpClass): 201 POST http://10.180.1.21/identity/v3/auth/tokens 0.052s
2025-05-07 12:49:07.990 69594 INFO tempest.lib.common.rest_client [req-374ed6e4-119d-4cb9-b792-1c3ac5b0081a req-374ed6e4-119d-4cb9-b792-1c3ac5b0081a ] Request (ServersTestBootFromVolume:setUpClass): 200 GET http://10.180.1.21/identity/v3/domains?name=Default 0.029s
2025-05-07 12:49:07.992 69626 INFO tempest.lib.common.rest_client [req-49c84e1b-ef61-4660-a513-8d779854c0c4 req-49c84e1b-ef61-4660-a513-8d779854c0c4 ] Request (ServersListShow298Test:test_list_show_update_rebuild_server_298): 200 GET http://10.180.1.21/compute/v2.1/servers/0a8b54ec-3f2c-4313-a47b-cc81e55c20f9 0.359s
2025-05-07 12:49:08.012 69642 INFO tempest.lib.common.rest_client [req-77a1ee27-80f5-4d8b-91fc-121b26641dce req-77a1ee27-80f5-4d8b-91fc-121b26641dce ] Request (ServersTestMultiNic:_run_cleanups): 200 GET http://10.180.1.21/compute/v2.1/servers/d35dd075-3bec-4293-988f-9940f9fb78e3 0.443s
2025-05-07 12:49:08.025 69594 INFO tempest.lib.common.rest_client [req-d324aadb-8d1b-4591-8828-36f68d943f91 req-d324aadb-8d1b-4591-8828-36f68d943f91 ] Request (ServersTestBootFromVolume:setUpClass): 201 POST http://10.180.1.21/identity/v3/projects 0.035s
2025-05-07 12:49:08.065 69610 INFO tempest.lib.common.rest_client [req-04c93145-2f76-4f8b-91db-5f7b2744ff82 req-04c93145-2f76-4f8b-91db-5f7b2744ff82 ] Request (ServerActionsTestOtherA:setUpClass): 200 GET http://10.180.1.21/compute/v2.1/servers/42b6c9c6-967a-4f86-82a2-a341b1c1e750 0.363s
2025-05-07 12:49:08.107 69594 INFO tempest.lib.common.rest_client [req-b7b29bf1-a5f3-422a-bbc4-1aa9028ad0d3 req-b7b29bf1-a5f3-422a-bbc4-1aa9028ad0d3 ] Request (ServersTestBootFromVolume:setUpClass): 201 POST http://10.180.1.21/identity/v3/users 0.081s
2025-05-07 12:49:08.110 69624 INFO tempest.lib.common.rest_client [req-580e99d6-6873-456e-83eb-3a5837de07ff req-580e99d6-6873-456e-83eb-3a5837de07ff ] Request (AttachInterfacesTestJSON:test_create_list_show_delete_interfaces_by_fixed_ip): 200 GET http://10.180.1.21/compute/v2.1/servers/cb44961f-d39b-4a67-a568-780c0ac1ec7b/os-interface/29a94d2d-72ab-4cf8-b750-14cc1873f651 0.371s
2025-05-07 12:49:08.136 69594 INFO tempest.lib.common.rest_client [req-e3fbef83-42a0-41a7-9ec8-193c8b9e0be5 req-e3fbef83-42a0-41a7-9ec8-193c8b9e0be5 ] Request (ServersTestBootFromVolume:setUpClass): 200 GET http://10.180.1.21/identity/v3/roles 0.028s
2025-05-07 12:49:08.160 69630 INFO tempest.lib.common.rest_client [req-0afc8ac5-9326-466b-afdb-d5657fee820f req-0afc8ac5-9326-466b-afdb-d5657fee820f ] Request (ServersV294TestFqdnHostnames:tearDownClass): 200 GET http://10.180.1.21/compute/v2.1/servers/7715cc43-6505-439b-ade5-06092096e2d6 0.305s
2025-05-07 12:49:08.173 69594 INFO tempest.lib.common.rest_client [req-c91cd685-d1ed-4c67-838d-aa2dc2511450 req-c91cd685-d1ed-4c67-838d-aa2dc2511450 ] Request (ServersTestBootFromVolume:setUpClass): 204 PUT http://10.180.1.21/identity/v3/projects/4ef33e0122194a8cb8fe5eb8087ff505/users/4b83584921184466b468328ee991b433/roles/6a2842a37bb142ff877363e1ba8bb1d0 0.037s
2025-05-07 12:49:08.173 69594 INFO tempest.lib.common.dynamic_creds [-] Dynamic test user 4b83584921184466b468328ee991b433 is created with scope project and roles: ['member']
2025-05-07 12:49:08.174 69594 INFO tempest.lib.common.dynamic_creds [-] Acquired dynamic creds: credentials: Credentials: {'domain_id': 'default', 'domain_name': 'Default', 'username': 'tempest-ServersTestBootFromVolume-1344242709-project-member', 'project_domain_id': 'default', 'project_domain_name': 'Default', 'project_id': '4ef33e0122194a8cb8fe5eb8087ff505', 'project_name': 'tempest-ServersTestBootFromVolume-1344242709', 'tenant_id': '4ef33e0122194a8cb8fe5eb8087ff505', 'tenant_name': 'tempest-ServersTestBootFromVolume-1344242709', 'user_domain_id': 'default', 'user_domain_name': 'Default', 'user_id': '4b83584921184466b468328ee991b433', 'system': None}, Network: None, Subnet: None, Router: None
2025-05-07 12:49:08.204 69614 INFO tempest.lib.common.rest_client [req-ce63a98a-9536-4560-b7e6-4fe55c8f853b req-ce63a98a-9536-4560-b7e6-4fe55c8f853b ] Request (ListImageFiltersTestJSON:tearDownClass): 200 GET http://10.180.1.21/compute/v2.1/servers/fad3ad44-43cd-442e-8723-d27bbb893e0d 0.284s
2025-05-07 12:49:08.246 69594 INFO tempest.lib.common.rest_client [req-33cc0076-53b1-4714-a47c-d9e4c958426f req-33cc0076-53b1-4714-a47c-d9e4c958426f ] Request (ServersTestBootFromVolume:setUpClass): 201 POST http://10.180.1.21/identity/v3/auth/tokens 0.072s
2025-05-07 12:49:08.267 69598 INFO tempest.lib.common.rest_client [req-8e693dc6-569d-4148-a1d7-169fb6a15f33 req-8e693dc6-569d-4148-a1d7-169fb6a15f33 ] Request (AttachInterfacesUnderV243Test:_run_cleanups): 200 GET http://10.180.1.21/compute/v2.1/servers/fdadbd72-38cd-4ea8-be7a-cffd5bea01e0 0.167s
2025-05-07 12:49:08.302 69590 INFO paramiko.transport [-] Connected (version 2.0, client dropbear_2020.81)
2025-05-07 12:49:08.308 69588 INFO tempest.lib.common.rest_client [req-a33a7b59-5932-445f-b3dd-a72062f2c8e0 req-a33a7b59-5932-445f-b3dd-a72062f2c8e0 ] Request (ListServersNegativeTestJSON:setUpClass): 200 GET http://10.180.1.21/compute/v2.1/servers/1d3eaa6c-8a56-4bca-a518-e5b5274058a2 0.249s
2025-05-07 12:49:08.330 69624 INFO tempest.lib.common.rest_client [req-3b4cc408-8a45-451b-a9c8-276280b23ee0 req-3b4cc408-8a45-451b-a9c8-276280b23ee0 ] Request (AttachInterfacesTestJSON:test_create_list_show_delete_interfaces_by_fixed_ip): 202 DELETE http://10.180.1.21/compute/v2.1/servers/cb44961f-d39b-4a67-a568-780c0ac1ec7b/os-interface/b8936961-848c-43cc-83c0-d45f4c5dcafc 0.218s
2025-05-07 12:49:08.383 69632 INFO tempest.lib.common.rest_client [req-bba691cc-57d5-4858-9e34-8d620d3b2cb1 req-bba691cc-57d5-4858-9e34-8d620d3b2cb1 ] Request (ImagesTestJSON:test_create_server_from_snapshot): 200 GET http://10.180.1.21/compute/v2.1/servers/a62be1cf-8c04-4bf4-8e04-c98b30bc90a8 0.214s
2025-05-07 12:49:08.398 69596 INFO tempest.lib.common.rest_client [req-ddfc10f1-a069-48c3-8c48-696a8e0d1569 req-ddfc10f1-a069-48c3-8c48-696a8e0d1569 ] Request (ServerDiagnosticsV248Test:tearDownClass): 200 GET http://10.180.1.21/compute/v2.1/servers/563722c6-483c-4154-b4da-e8412f78b765 0.273s
2025-05-07 12:49:08.409 69590 INFO paramiko.transport [-] Authentication (publickey) successful!
2025-05-07 12:49:08.410 69590 INFO tempest.lib.common.ssh [-] ssh connection to cirros@10.180.180.185 successfully created
2025-05-07 12:49:08.439 69608 INFO tempest.lib.common.rest_client [req-8db2a0fa-f59b-4d35-bd32-a64b85f4e5e5 req-8db2a0fa-f59b-4d35-bd32-a64b85f4e5e5 ] Request (AttachVolumeTestJSON:test_attach_detach_volume): 200 GET http://10.180.1.21/compute/v2.1/servers/5870abd0-1c2c-43ae-9c3e-6bf3c0862c05 0.251s
2025-05-07 12:49:08.461 69602 INFO tempest.lib.common.rest_client [req-dfbc465c-343f-4f2e-b71d-850e12eb8632 req-dfbc465c-343f-4f2e-b71d-850e12eb8632 ] Request (ServersAdminTestJSON:test_inject_network_info): 200 GET http://10.180.1.21/compute/v2.1/servers/22889b96-78e6-4b9c-8b43-a423dfe509bc 0.213s
2025-05-07 12:49:08.508 69634 INFO tempest.lib.common.rest_client [req-301ff700-bcfd-41b8-89fb-ff68e3bd73b9 req-301ff700-bcfd-41b8-89fb-ff68e3bd73b9 ] Request (ServersAdmin275Test:tearDownClass): 200 GET http://10.180.1.21/compute/v2.1/servers/c07106a3-0134-4602-9263-f7359c8d5367 0.239s
2025-05-07 12:49:08.542 69647 INFO tempest.lib.common.rest_client [req-ea819443-94c3-40ee-a2d1-730f380ebfaa req-ea819443-94c3-40ee-a2d1-730f380ebfaa ] Request (FloatingIPsAssociationTestJSON:test_associate_already_associated_floating_ip): 200 GET http://10.180.1.21/compute/v2.1/servers/fe4ef999-119c-4235-85dd-f1848885b31a 0.234s
2025-05-07 12:49:08.585 69624 INFO tempest.lib.common.rest_client [req-bee8018d-9018-42e0-bc60-ee130bcb0da6 req-bee8018d-9018-42e0-bc60-ee130bcb0da6 ] Request (AttachInterfacesTestJSON:test_create_list_show_delete_interfaces_by_fixed_ip): 200 GET http://10.180.1.21/compute/v2.1/servers/cb44961f-d39b-4a67-a568-780c0ac1ec7b/os-interface 0.254s
2025-05-07 12:49:08.629 69590 INFO tempest.lib.common.rest_client [req-80b91b3b-4d39-43d8-98a1-69ea143d0848 req-80b91b3b-4d39-43d8-98a1-69ea143d0848 ] Request (ServersWithSpecificFlavorTestJSON:test_verify_created_server_ephemeral_disk): 204 DELETE http://10.180.1.21/compute/v2.1/servers/fea7032f-f99b-4e36-9f39-1b0d98d5890c 0.203s
2025-05-07 12:49:08.640 69616 INFO tempest.lib.common.rest_client [req-c9cee754-e57a-497f-ae76-cba0b480d65c req-c9cee754-e57a-497f-ae76-cba0b480d65c ] Request (VolumesAdminNegativeTest:test_update_attached_volume_with_nonexistent_volume_in_uri): 200 GET http://10.180.1.21/compute/v2.1/servers/7bcad6cc-6b37-498f-816d-2c84ffa08b6d 0.139s
2025-05-07 12:49:08.709 69618 INFO tempest.lib.common.rest_client [req-1ab1e5a2-13bf-4a5a-a0e7-f9770d44ef0e req-1ab1e5a2-13bf-4a5a-a0e7-f9770d44ef0e ] Request (ServerDiskConfigTestJSON:test_rebuild_server_with_auto_disk_config): 200 GET http://10.180.1.21/compute/v2.1/servers/f2314bad-495a-4344-bb55-3bed46135007 0.160s
2025-05-07 12:49:08.710 69622 INFO tempest.lib.common.rest_client [req-43fa04cf-eb60-4dc3-8e6b-594950dc0712 req-43fa04cf-eb60-4dc3-8e6b-594950dc0712 ] Request (ServerRescueNegativeTestJSON:test_rescued_vm_detach_volume): 200 GET http://10.180.1.21/compute/v2.1/servers/07e6b1af-4468-4c40-92cb-6089417ff16f 0.112s
2025-05-07 12:49:08.718 69590 INFO tempest.lib.common.rest_client [req-040b2e4a-cb7d-4fb4-b18c-aa76e31960f8 req-040b2e4a-cb7d-4fb4-b18c-aa76e31960f8 ] Request (ServersWithSpecificFlavorTestJSON:test_verify_created_server_ephemeral_disk): 201 POST http://10.180.1.21/identity/v3/auth/tokens 0.086s
2025-05-07 12:49:08.718 69590 INFO tempest.lib.common.fixed_network [-] (ServersWithSpecificFlavorTestJSON:test_verify_created_server_ephemeral_disk) Found network {'id': 'f03ca86b-6028-4eee-956f-4352b9b5570c', 'name': 'tempest-ServersWithSpecificFlavorTestJSON-1736239500-network', 'tenant_id': '4d5b1adda7824fd6a28ade2ac66bb28b', 'admin_state_up': True, 'mtu': 8950, 'status': 'ACTIVE', 'subnets': [], 'shared': False, 'project_id': '4d5b1adda7824fd6a28ade2ac66bb28b', 'port_security_enabled': True, 'router:external': False, 'provider:network_type': 'vlan', 'provider:physical_network': 'default', 'provider:segmentation_id': 966, 'availability_zone_hints': [], 'availability_zones': [], 'ipv4_address_scope': None, 'ipv6_address_scope': None, 'description': '', 'tags': [], 'created_at': '2025-05-07T12:46:16Z', 'updated_at': '2025-05-07T12:46:16Z', 'revision_number': 1} available for tenant
2025-05-07 12:49:08.732 69594 INFO tempest.lib.common.rest_client [req-28205bfd-c218-4b06-982a-e58900ba2928 req-28205bfd-c218-4b06-982a-e58900ba2928 ] Request (ServersTestBootFromVolume:setUpClass): 201 POST http://10.180.1.21:9696/networking/v2.0/networks 0.485s
2025-05-07 12:49:08.777 69586 INFO tempest.lib.common.rest_client [req-cef827c6-249d-43f1-9f8b-0621b3b370dc req-cef827c6-249d-43f1-9f8b-0621b3b370dc ] Request (ServersNegativeTestJSON:setUpClass): 200 GET http://10.180.1.21/compute/v2.1/servers/5472357a-7746-41f9-9c0a-4edaaea0570a 0.176s
2025-05-07 12:49:08.791 69584 INFO tempest.lib.common.rest_client [req-16477511-6dc4-48a6-8d63-0cdaa616819d req-16477511-6dc4-48a6-8d63-0cdaa616819d ] Request (InstanceActionsNegativeTestJSON:tearDownClass): 200 GET http://10.180.1.21/compute/v2.1/servers/29b9af6b-f049-410e-b20f-5de1d3c84611 0.118s
2025-05-07 12:49:08.904 69640 INFO tempest.lib.common.rest_client [req-5ccd26ff-3ac6-4e64-be05-c4001deb6f28 req-5ccd26ff-3ac6-4e64-be05-c4001deb6f28 ] Request (ServerRescueTestJSONUnderV235:setUpClass): 200 GET http://10.180.1.21/compute/v2.1/servers/3c81e760-ffaa-4b84-bd9b-2e253f268dee 0.218s
2025-05-07 12:49:08.982 69594 INFO tempest.lib.common.rest_client [req-e496af5e-49da-4e2e-b861-ac9b23b3ba6c req-e496af5e-49da-4e2e-b861-ac9b23b3ba6c ] Request (ServersTestBootFromVolume:setUpClass): 201 POST http://10.180.1.21:9696/networking/v2.0/subnets 0.249s
2025-05-07 12:49:08.986 69612 INFO tempest.lib.common.rest_client [req-13a3f46a-5006-475a-af9e-4b7947656281 req-13a3f46a-5006-475a-af9e-4b7947656281 ] Request (ServersAaction247Test:tearDownClass): 200 GET http://10.180.1.21/compute/v2.1/servers/873b054f-64dc-4d97-b89c-995dd3702690 0.170s
2025-05-07 12:49:09.272 69636 INFO tempest.lib.common.rest_client [req-97e0f5eb-fe71-4fca-ba59-7c2d1620018a req-97e0f5eb-fe71-4fca-ba59-7c2d1620018a ] Request (FloatingIPsTestJSON:tearDownClass): 200 PUT http://10.180.1.21:9696/networking/v2.0/routers/5cd36fff-26cb-427a-b7d0-ff3e586da99c/remove_router_interface 1.354s
2025-05-07 12:49:09.338 69644 INFO tempest.lib.common.rest_client [req-991b4e03-134b-41f7-98d7-9b1bf552d422 req-991b4e03-134b-41f7-98d7-9b1bf552d422 ] Request (DeleteServersAdminTestJSON:test_delete_server_while_in_error_state): 200 GET http://10.180.1.21/compute/v2.1/servers/9750dfe2-f2e7-42d3-9149-25ed9e0400f7 0.489s
2025-05-07 12:49:09.439 69592 INFO tempest.lib.common.rest_client [req-63ddf570-12e2-47ed-ba12-db56e4b4cb06 req-63ddf570-12e2-47ed-ba12-db56e4b4cb06 ] Request (AttachVolumeNegativeTest:test_attach_attached_volume_to_different_server): 200 GET http://10.180.1.21/compute/v2.1/servers/44c77d66-cb34-49be-a255-8cdf9efe6a18 0.542s
2025-05-07 12:49:09.593 69590 INFO tempest.lib.common.rest_client [req-23058cdc-4e9a-4033-8770-4daf727512ee req-23058cdc-4e9a-4033-8770-4daf727512ee ] Request (ServersWithSpecificFlavorTestJSON:test_verify_created_server_ephemeral_disk): 202 POST http://10.180.1.21/compute/v2.1/servers 0.873s
2025-05-07 12:49:09.639 69606 INFO tempest.lib.common.rest_client [req-0111ff9b-3065-42f2-9ea6-922715bac98b req-0111ff9b-3065-42f2-9ea6-922715bac98b ] Request (MigrationsAdminTest:test_list_migrations_in_flavor_resize_situation): 200 GET http://10.180.1.21/compute/v2.1/servers/b2cfd112-af47-46e1-8546-f527c9d84253 0.708s
2025-05-07 12:49:09.650 69606 INFO tempest.common.waiters [-] State transition "VERIFY_RESIZE/None" ==> "ACTIVE/None" after 43 second wait
2025-05-07 12:49:09.657 69626 INFO tempest.lib.common.rest_client [req-26191c0f-5034-490e-b3a9-d1419aba9bab req-26191c0f-5034-490e-b3a9-d1419aba9bab ] Request (ServersListShow298Test:test_list_show_update_rebuild_server_298): 200 GET http://10.180.1.21/compute/v2.1/servers/0a8b54ec-3f2c-4313-a47b-cc81e55c20f9 0.648s
2025-05-07 12:49:09.716 69610 INFO tempest.lib.common.rest_client [req-87acd148-ad4b-4b6e-9047-9ecb46f0c667 req-87acd148-ad4b-4b6e-9047-9ecb46f0c667 ] Request (ServerActionsTestOtherA:setUpClass): 200 GET http://10.180.1.21/compute/v2.1/servers/42b6c9c6-967a-4f86-82a2-a341b1c1e750 0.641s
2025-05-07 12:49:09.721 69642 INFO tempest.lib.common.rest_client [req-faaca61b-c241-447e-9497-670b2bffdad6 req-faaca61b-c241-447e-9497-670b2bffdad6 ] Request (ServersTestMultiNic:_run_cleanups): 200 GET http://10.180.1.21/compute/v2.1/servers/d35dd075-3bec-4293-988f-9940f9fb78e3 0.702s
2025-05-07 12:49:09.788 69614 INFO tempest.lib.common.rest_client [req-bcb23f27-f895-425a-b937-b9fb02ea6426 req-bcb23f27-f895-425a-b937-b9fb02ea6426 ] Request (ListImageFiltersTestJSON:tearDownClass): 200 GET http://10.180.1.21/compute/v2.1/servers/fad3ad44-43cd-442e-8723-d27bbb893e0d 0.575s
2025-05-07 12:49:09.796 69636 INFO tempest.lib.common.rest_client [req-1c32de1a-054f-49ff-81dc-6d5a9144acdd req-1c32de1a-054f-49ff-81dc-6d5a9144acdd ] Request (FloatingIPsTestJSON:tearDownClass): 204 DELETE http://10.180.1.21:9696/networking/v2.0/routers/5cd36fff-26cb-427a-b7d0-ff3e586da99c 0.524s
2025-05-07 12:49:09.804 69630 INFO tempest.lib.common.rest_client [req-c7d8ab5f-4f3f-4656-a156-9e05677d402d req-c7d8ab5f-4f3f-4656-a156-9e05677d402d ] Request (ServersV294TestFqdnHostnames:tearDownClass): 200 GET http://10.180.1.21/compute/v2.1/servers/7715cc43-6505-439b-ade5-06092096e2d6 0.630s
2025-05-07 12:49:09.858 69598 INFO tempest.lib.common.rest_client [req-8bd38f5a-ff92-43e1-b7d4-204ccb00349a req-8bd38f5a-ff92-43e1-b7d4-204ccb00349a ] Request (AttachInterfacesUnderV243Test:_run_cleanups): 200 GET http://10.180.1.21/compute/v2.1/servers/fdadbd72-38cd-4ea8-be7a-cffd5bea01e0 0.578s
2025-05-07 12:49:09.927 69588 INFO tempest.lib.common.rest_client [req-f239f270-2416-42eb-b935-632ac81861fa req-f239f270-2416-42eb-b935-632ac81861fa ] Request (ListServersNegativeTestJSON:setUpClass): 200 GET http://10.180.1.21/compute/v2.1/servers/1d3eaa6c-8a56-4bca-a518-e5b5274058a2 0.611s
2025-05-07 12:49:09.947 69632 INFO tempest.lib.common.rest_client [req-2fb98b24-4070-4e6c-a20f-fc4dceb8567b req-2fb98b24-4070-4e6c-a20f-fc4dceb8567b ] Request (ImagesTestJSON:test_create_server_from_snapshot): 200 GET http://10.180.1.21/compute/v2.1/servers/a62be1cf-8c04-4bf4-8e04-c98b30bc90a8 0.549s
2025-05-07 12:49:09.994 69596 INFO tempest.lib.common.rest_client [req-3952e105-7f7d-4863-8700-a8014fd74de4 req-3952e105-7f7d-4863-8700-a8014fd74de4 ] Request (ServerDiagnosticsV248Test:tearDownClass): 200 GET http://10.180.1.21/compute/v2.1/servers/563722c6-483c-4154-b4da-e8412f78b765 0.576s
2025-05-07 12:49:10.010 69608 INFO tempest.lib.common.rest_client [req-90625cc6-a82b-493b-8095-e3fcc93488a9 req-90625cc6-a82b-493b-8095-e3fcc93488a9 ] Request (AttachVolumeTestJSON:test_attach_detach_volume): 200 GET http://10.180.1.21/compute/v2.1/servers/5870abd0-1c2c-43ae-9c3e-6bf3c0862c05 0.562s
2025-05-07 12:49:10.020 69636 INFO tempest.lib.common.rest_client [req-8053a4c4-4ee8-4e4d-9138-e0703d112122 req-8053a4c4-4ee8-4e4d-9138-e0703d112122 ] Request (FloatingIPsTestJSON:tearDownClass): 204 DELETE http://10.180.1.21:9696/networking/v2.0/subnets/ba771870-1b53-4e0b-a40e-eb4c5c67bd65 0.223s
2025-05-07 12:49:10.048 69602 INFO tempest.lib.common.rest_client [req-8568cc63-cd71-4c75-a547-877a067a36df req-8568cc63-cd71-4c75-a547-877a067a36df ] Request (ServersAdminTestJSON:test_inject_network_info): 200 GET http://10.180.1.21/compute/v2.1/servers/22889b96-78e6-4b9c-8b43-a423dfe509bc 0.575s
2025-05-07 12:49:10.100 69634 INFO tempest.lib.common.rest_client [req-3b026606-53e5-4f68-b3cb-d70b5a2879bf req-3b026606-53e5-4f68-b3cb-d70b5a2879bf ] Request (ServersAdmin275Test:tearDownClass): 200 GET http://10.180.1.21/compute/v2.1/servers/c07106a3-0134-4602-9263-f7359c8d5367 0.580s
2025-05-07 12:49:10.115 69647 INFO tempest.lib.common.rest_client [req-89ae8356-340d-4d10-a79d-0b9eff35d859 req-89ae8356-340d-4d10-a79d-0b9eff35d859 ] Request (FloatingIPsAssociationTestJSON:test_associate_already_associated_floating_ip): 200 GET http://10.180.1.21/compute/v2.1/servers/fe4ef999-119c-4235-85dd-f1848885b31a 0.561s
2025-05-07 12:49:10.160 69590 INFO tempest.lib.common.rest_client [req-767efc50-a736-406f-b289-76cf34675f0b req-767efc50-a736-406f-b289-76cf34675f0b ] Request (ServersWithSpecificFlavorTestJSON:test_verify_created_server_ephemeral_disk): 200 GET http://10.180.1.21/compute/v2.1/servers/2234356c-a233-4649-a30d-63af47b4e971 0.565s
2025-05-07 12:49:10.226 69624 INFO tempest.lib.common.rest_client [req-2a2d60a7-e30d-41e5-98d9-d55d91a5ee33 req-2a2d60a7-e30d-41e5-98d9-d55d91a5ee33 ] Request (AttachInterfacesTestJSON:test_create_list_show_delete_interfaces_by_fixed_ip): 200 GET http://10.180.1.21/compute/v2.1/servers/cb44961f-d39b-4a67-a568-780c0ac1ec7b/os-interface 0.638s
2025-05-07 12:49:10.294 69616 INFO tempest.lib.common.rest_client [req-609ff961-7785-4c39-9785-b101acf8a05c req-609ff961-7785-4c39-9785-b101acf8a05c ] Request (VolumesAdminNegativeTest:test_update_attached_volume_with_nonexistent_volume_in_uri): 200 GET http://10.180.1.21/compute/v2.1/servers/7bcad6cc-6b37-498f-816d-2c84ffa08b6d 0.638s
2025-05-07 12:49:10.314 69636 INFO tempest.lib.common.rest_client [req-71310fcc-1bc6-42e6-88d8-8712f672381d req-71310fcc-1bc6-42e6-88d8-8712f672381d ] Request (FloatingIPsTestJSON:tearDownClass): 204 DELETE http://10.180.1.21:9696/networking/v2.0/networks/581d7589-47e1-4c4c-b71e-177843e81642 0.293s
2025-05-07 12:49:10.321 69606 INFO tempest.lib.common.rest_client [req-ad9c561f-d24b-44bf-87cc-68ee069c84ae req-ad9c561f-d24b-44bf-87cc-68ee069c84ae ] Request (MigrationsAdminTest:test_list_migrations_in_flavor_resize_situation): 200 GET http://10.180.1.21/compute/v2.1/servers/b2cfd112-af47-46e1-8546-f527c9d84253 0.670s
2025-05-07 12:49:10.353 69618 INFO tempest.lib.common.rest_client [req-f01bf337-5688-40df-89ad-93056a6b76e7 req-f01bf337-5688-40df-89ad-93056a6b76e7 ] Request (ServerDiskConfigTestJSON:test_rebuild_server_with_auto_disk_config): 200 GET http://10.180.1.21/compute/v2.1/servers/f2314bad-495a-4344-bb55-3bed46135007 0.635s
2025-05-07 12:49:10.392 69622 INFO tempest.lib.common.rest_client [req-06c480a5-8ea4-4c0c-ac10-0024e5625611 req-06c480a5-8ea4-4c0c-ac10-0024e5625611 ] Request (ServerRescueNegativeTestJSON:test_rescued_vm_detach_volume): 200 GET http://10.180.1.21/compute/v2.1/servers/07e6b1af-4468-4c40-92cb-6089417ff16f 0.672s
2025-05-07 12:49:10.420 69586 INFO tempest.lib.common.rest_client [req-215eda31-26df-4bb8-ba65-a1c3f4e27580 req-215eda31-26df-4bb8-ba65-a1c3f4e27580 ] Request (ServersNegativeTestJSON:setUpClass): 200 GET http://10.180.1.21/compute/v2.1/servers/5472357a-7746-41f9-9c0a-4edaaea0570a 0.635s
2025-05-07 12:49:10.421 69636 INFO tempest.lib.common.rest_client [req-eda76ebc-7ba8-4025-9b56-68d53a0df9e5 req-eda76ebc-7ba8-4025-9b56-68d53a0df9e5 ] Request (FloatingIPsTestJSON:tearDownClass): 204 DELETE http://10.180.1.21/identity/v3/users/93afde58d01445009fecc3650580c21c 0.106s
2025-05-07 12:49:10.421 69636 INFO tempest.lib.common.dynamic_creds [-] Deleting project and security group for project: 99c90e62d3a44f06a94ed623c2f950a0
2025-05-07 12:49:10.443 69594 INFO tempest.lib.common.rest_client [req-330f5e75-58b8-43b8-a0c4-b660041847aa req-330f5e75-58b8-43b8-a0c4-b660041847aa ] Request (ServersTestBootFromVolume:setUpClass): 201 POST http://10.180.1.21:9696/networking/v2.0/routers 1.461s
2025-05-07 12:49:10.456 69636 INFO tempest.lib.common.rest_client [req-c83bdbe6-da29-4109-9a26-c48526e40c3c req-c83bdbe6-da29-4109-9a26-c48526e40c3c ] Request (FloatingIPsTestJSON:tearDownClass): 200 GET http://10.180.1.21:9696/networking/v2.0/security-groups?tenant_id=99c90e62d3a44f06a94ed623c2f950a0&name=default 0.035s
2025-05-07 12:49:10.494 69584 INFO tempest.lib.common.rest_client [req-afa484c9-d71b-4d4b-a5f4-379d7a80fcb5 req-afa484c9-d71b-4d4b-a5f4-379d7a80fcb5 ] Request (InstanceActionsNegativeTestJSON:tearDownClass): 200 GET http://10.180.1.21/compute/v2.1/servers/29b9af6b-f049-410e-b20f-5de1d3c84611 0.692s
2025-05-07 12:49:10.564 69640 INFO tempest.lib.common.rest_client [req-227cb494-a41d-4ff6-91f2-d9e455262c12 req-227cb494-a41d-4ff6-91f2-d9e455262c12 ] Request (ServerRescueTestJSONUnderV235:setUpClass): 200 GET http://10.180.1.21/compute/v2.1/servers/3c81e760-ffaa-4b84-bd9b-2e253f268dee 0.651s
2025-05-07 12:49:10.580 69612 INFO tempest.lib.common.rest_client [req-7ada3625-462c-4f1d-9b82-1da00fb010da req-7ada3625-462c-4f1d-9b82-1da00fb010da ] Request (ServersAaction247Test:tearDownClass): 200 GET http://10.180.1.21/compute/v2.1/servers/873b054f-64dc-4d97-b89c-995dd3702690 0.577s
2025-05-07 12:49:10.595 69636 INFO tempest.lib.common.rest_client [req-13c5af02-d6fe-4417-98f7-bfe668e94c0d req-13c5af02-d6fe-4417-98f7-bfe668e94c0d ] Request (FloatingIPsTestJSON:tearDownClass): 204 DELETE http://10.180.1.21:9696/networking/v2.0/security-groups/ed01a590-5d39-44ba-95c7-855c48a4186e 0.138s
2025-05-07 12:49:10.612 69606 INFO tempest.lib.common.rest_client [req-e8a82151-ba82-41e3-9986-6934606f9eac req-e8a82151-ba82-41e3-9986-6934606f9eac ] Request (MigrationsAdminTest:test_list_migrations_in_flavor_resize_situation): 200 POST http://10.180.1.21/compute/v2.1/os-keypairs 0.277s
2025-05-07 12:49:10.664 69644 INFO tempest.lib.common.rest_client [req-354edf65-ad7b-4d2c-9faf-f555e25e6442 req-354edf65-ad7b-4d2c-9faf-f555e25e6442 ] Request (DeleteServersAdminTestJSON:test_delete_server_while_in_error_state): 200 GET http://10.180.1.21/compute/v2.1/servers/9750dfe2-f2e7-42d3-9149-25ed9e0400f7 0.311s
2025-05-07 12:49:10.707 69592 INFO tempest.lib.common.rest_client [req-2f52b33c-b934-4d0c-856e-58f303c65a07 req-2f52b33c-b934-4d0c-856e-58f303c65a07 ] Request (AttachVolumeNegativeTest:test_attach_attached_volume_to_different_server): 200 GET http://10.180.1.21/compute/v2.1/servers/44c77d66-cb34-49be-a255-8cdf9efe6a18 0.254s
2025-05-07 12:49:10.789 69626 INFO tempest.lib.common.rest_client [req-d656dcce-a8f1-4a15-b7c5-b84caab00289 req-d656dcce-a8f1-4a15-b7c5-b84caab00289 ] Request (ServersListShow298Test:test_list_show_update_rebuild_server_298): 200 GET http://10.180.1.21/compute/v2.1/servers/0a8b54ec-3f2c-4313-a47b-cc81e55c20f9 0.117s
2025-05-07 12:49:10.864 69610 INFO tempest.lib.common.rest_client [req-fa7a7fa9-16c5-4a9a-9653-14aa20296cb6 req-fa7a7fa9-16c5-4a9a-9653-14aa20296cb6 ] Request (ServerActionsTestOtherA:setUpClass): 200 GET http://10.180.1.21/compute/v2.1/servers/42b6c9c6-967a-4f86-82a2-a341b1c1e750 0.135s
2025-05-07 12:49:10.879 69636 INFO tempest.lib.common.rest_client [req-1685136c-6a72-48cb-b601-3bb13a24e979 req-1685136c-6a72-48cb-b601-3bb13a24e979 ] Request (FloatingIPsTestJSON:tearDownClass): 204 DELETE http://10.180.1.21/identity/v3/projects/99c90e62d3a44f06a94ed623c2f950a0 0.284s
2025-05-07 12:49:10.889 69606 INFO tempest.lib.common.rest_client [req-df67f248-6b3d-4430-ba18-7973de68cd9f req-df67f248-6b3d-4430-ba18-7973de68cd9f ] Request (MigrationsAdminTest:test_list_migrations_in_flavor_resize_situation): 201 POST http://10.180.1.21:9696/networking/v2.0/security-groups 0.274s
