2025-05-07 12:46:48.431 69630 INFO tempest.lib.common.rest_client [req-efcf193a-5e7b-4f6d-9393-26c1e7d95a1e req-efcf193a-5e7b-4f6d-9393-26c1e7d95a1e ] Request (ServersV294TestFqdnHostnames:setUpClass): 202 POST http://10.180.1.21/compute/v2.1/servers 2.168s
2025-05-07 12:46:48.481 69628 INFO tempest.lib.common.rest_client [req-efd16c21-9e0d-4d1e-9987-099055a12ef5 req-efd16c21-9e0d-4d1e-9987-099055a12ef5 ] Request (FlavorsExtraSpecsTestJSON:tearDownClass): 200 GET http://10.180.1.21:9696/networking/v2.0/security-groups?tenant_id=c6c7fd0510e842538a8500cb998615ff&name=default 0.443s
2025-05-07 12:46:48.547 69600 INFO tempest.lib.common.rest_client [req-e578af90-6cc0-4739-aa40-2e99e14caf40 req-e578af90-6cc0-4739-aa40-2e99e14caf40 ] Request (QuotasAdminNegativeTest:_run_cleanups): 200 PUT http://10.180.1.21/compute/v2.1/os-quota-sets/21d9733dcbb54203993be81325ef64aa 1.716s
2025-05-07 12:46:48.571 69642 INFO tempest.lib.common.rest_client [req-d655c584-3fa6-4d72-be9f-cf097a4976d0 req-d655c584-3fa6-4d72-be9f-cf097a4976d0 ] Request (HypervisorAdminV228Test:test_get_list_hypervisor_details): 200 GET http://10.180.1.21/compute/v2.1/os-hypervisors 1.552s
2025-05-07 12:46:48.661 69586 INFO tempest.lib.common.rest_client [req-364973f6-c7fa-4f7e-9e9d-95b393b63a67 req-364973f6-c7fa-4f7e-9e9d-95b393b63a67 ] Request (MultipleCreateNegativeTestJSON:test_max_count_less_than_min_count): 400 POST http://10.180.1.21/compute/v2.1/servers 1.299s
2025-05-07 12:46:48.724 69586 INFO tempest.lib.common.rest_client [req-aac426b8-3e9b-4c81-bd5f-8402a334ba56 req-aac426b8-3e9b-4c81-bd5f-8402a334ba56 ] Request (MultipleCreateNegativeTestJSON:test_max_count_less_than_one): 201 POST http://10.180.1.21/identity/v3/auth/tokens 0.057s
2025-05-07 12:46:48.724 69586 INFO tempest.lib.common.fixed_network [-] (MultipleCreateNegativeTestJSON:test_max_count_less_than_one) Found network None available for tenant
2025-05-07 12:46:48.785 69602 INFO tempest.lib.common.rest_client [req-9c2c6511-4bc5-419d-bf89-3800e4a73aec req-9c2c6511-4bc5-419d-bf89-3800e4a73aec ] Request (ServersAdminTestJSON:setUpClass): 200 GET http://10.180.1.21/compute/v2.1/servers/b72ebe87-2c2c-459f-ab59-53a52ab780f3 1.269s
2025-05-07 12:46:48.798 69602 INFO tempest.common.waiters [-] State transition "BUILD/None" ==> "BUILD/networking" after 14 second wait
2025-05-07 12:46:48.813 69634 INFO tempest.lib.common.rest_client [req-2b35aeab-d801-48af-a1a0-9e06f02b401d req-2b35aeab-d801-48af-a1a0-9e06f02b401d ] Request (ServerExternalEventsTest:test_create_server_external_events): 200 GET http://10.180.1.21/compute/v2.1/servers/9f4c2ce2-5ccf-4f32-b0f8-77524dcc7c81 1.335s
2025-05-07 12:46:48.864 69624 INFO tempest.lib.common.rest_client [req-01958390-5ce7-4377-98ff-240db7617141 req-01958390-5ce7-4377-98ff-240db7617141 ] Request (KeyPairsV2TestJSON:test_keypairs_create_list_delete): 200 POST http://10.180.1.21/compute/v2.1/os-keypairs 1.229s
2025-05-07 12:46:48.888 69606 INFO tempest.lib.common.rest_client [req-22a5a1cb-084b-4819-888c-f4f56a1aaf0f req-22a5a1cb-084b-4819-888c-f4f56a1aaf0f ] Request (HostsAdminNegativeTestJSON:test_update_nonexistent_host): 404 PUT http://10.180.1.21/compute/v2.1/os-hosts/nonexistent_hostname 1.245s
2025-05-07 12:46:48.889 69628 INFO tempest.lib.common.rest_client [req-48743294-9ee6-4f3c-aec4-4c433c26b7bf req-48743294-9ee6-4f3c-aec4-4c433c26b7bf ] Request (FlavorsExtraSpecsTestJSON:tearDownClass): 204 DELETE http://10.180.1.21:9696/networking/v2.0/security-groups/840e0d25-2cac-413e-9bec-00c1d5c9a570 0.407s
2025-05-07 12:46:48.908 69588 INFO tempest.lib.common.rest_client [req-ebfaec91-7e73-4ac5-be9c-c9b205bb0a00 req-ebfaec91-7e73-4ac5-be9c-c9b205bb0a00 ] Request (ImagesNegativeTestJSON:test_create_image_from_deleted_server): 200 GET http://10.180.1.21/compute/v2.1/servers/7650ef23-41ab-4aba-89cf-d33006912049 1.329s
2025-05-07 12:46:48.910 69644 INFO tempest.lib.common.rest_client [req-8af0c2f6-acdd-4684-888f-d5f62956ceef req-8af0c2f6-acdd-4684-888f-d5f62956ceef ] Request (AggregatesAdminNegativeTestJSON:_run_cleanups): 200 DELETE http://10.180.1.21/compute/v2.1/os-aggregates/4 1.212s
2025-05-07 12:46:48.943 69620 INFO tempest.lib.common.rest_client [req-ee28c003-c179-4fca-8c43-0a61a142eacf req-ee28c003-c179-4fca-8c43-0a61a142eacf ] Request (FlavorsAdminTestJSON:_run_cleanups): 202 DELETE http://10.180.1.21/compute/v2.1/flavors/0a519cf3-18fc-465d-b372-5350f5225439 1.241s
2025-05-07 12:46:48.975 69596 INFO tempest.lib.common.rest_client [req-d1415966-ca2b-4d28-864a-ca0e76fea31b req-d1415966-ca2b-4d28-864a-ca0e76fea31b ] Request (FlavorsAccessNegativeTestJSON:test_flavor_non_admin_remove): 200 POST http://10.180.1.21/compute/v2.1/flavors 1.239s
2025-05-07 12:46:49.062 69626 INFO tempest.lib.common.rest_client [req-c00893ea-daad-48a3-9cee-096df64bec2a req-c00893ea-daad-48a3-9cee-096df64bec2a ] Request (ServersListShow296Test:test_list_show_update_rebuild_server_296): 200 GET http://10.180.1.21/compute/v2.1/servers/fc921d48-70c0-4871-9326-56333421f368 1.337s
2025-05-07 12:46:49.062 69628 INFO tempest.lib.common.rest_client [req-04a6cd3a-4558-4977-ab19-de7af5d838d2 req-04a6cd3a-4558-4977-ab19-de7af5d838d2 ] Request (FlavorsExtraSpecsTestJSON:tearDownClass): 204 DELETE http://10.180.1.21/identity/v3/projects/c6c7fd0510e842538a8500cb998615ff 0.171s
2025-05-07 12:46:49.063 69628 INFO tempest.lib.common.dynamic_creds [-] Deleting project and security group for project: f95015df5b7e47d2b9dc04b844398313
2025-05-07 12:46:49.065 69606 INFO tempest.lib.common.rest_client [req-307888de-e2e6-4292-990f-d5c3d5b05130 req-307888de-e2e6-4292-990f-d5c3d5b05130 ] Request (HostsAdminNegativeTestJSON:tearDownClass): 204 DELETE http://10.180.1.21/identity/v3/users/13ddd7bd857b4158ac99b04156badbf5 0.175s
2025-05-07 12:46:49.125 69614 INFO tempest.lib.common.rest_client [req-2b9d5208-4f40-444a-affd-64476d72cace req-2b9d5208-4f40-444a-affd-64476d72cace ] Request (ListImageFiltersTestJSON:setUpClass): 200 GET http://10.180.1.21/compute/v2.1/images/cafc2137-e312-42ee-a279-6ba9f78f3db6 0.932s
2025-05-07 12:46:49.249 69640 INFO tempest.lib.common.rest_client [req-6f841ed8-d59b-4274-83be-100f4a640303 req-6f841ed8-d59b-4274-83be-100f4a640303 ] Request (KeyPairsNegativeTestJSON:test_create_keypair_when_public_key_bits_exceeds_maximum): 400 POST http://10.180.1.21/compute/v2.1/os-keypairs 0.929s
2025-05-07 12:46:49.269 69622 INFO tempest.lib.common.rest_client [req-ddd456a2-5b86-4957-a602-6d8f749c1fa4 req-ddd456a2-5b86-4957-a602-6d8f749c1fa4 ] Request (ImagesDeleteNegativeTestJSON:test_delete_image_with_id_over_character_limit): 404 DELETE http://10.180.1.21/compute/v2.1/images/48b3090b-b32d-4c55-8e37-f2ccc66bdc7b1 0.931s
2025-05-07 12:46:49.350 69628 INFO tempest.lib.common.rest_client [req-04c488c4-306b-4f4e-af7e-690bf07d8e41 req-04c488c4-306b-4f4e-af7e-690bf07d8e41 ] Request (FlavorsExtraSpecsTestJSON:tearDownClass): 200 GET http://10.180.1.21:9696/networking/v2.0/security-groups?tenant_id=f95015df5b7e47d2b9dc04b844398313&name=default 0.287s
2025-05-07 12:46:49.392 69606 INFO tempest.lib.common.rest_client [req-0081ee13-74ec-4acb-8eb7-3b6609ebb4ba req-0081ee13-74ec-4acb-8eb7-3b6609ebb4ba ] Request (HostsAdminNegativeTestJSON:tearDownClass): 204 DELETE http://10.180.1.21/identity/v3/users/2f56319334a14d729d7965627e9df263 0.327s
2025-05-07 12:46:49.393 69606 INFO tempest.lib.common.dynamic_creds [-] Deleting project and security group for project: e068faa38651443fa740670b76837bb1
2025-05-07 12:46:49.450 69594 INFO tempest.lib.common.rest_client [req-d6f9b3b6-cf84-4b78-80aa-4c22e4bdc077 req-d6f9b3b6-cf84-4b78-80aa-4c22e4bdc077 ] Request (ServersAdminNegativeTestJSON:setUpClass): 200 GET http://10.180.1.21/compute/v2.1/servers/dcc61c85-f39c-40e0-95cf-c18894eebf03 1.462s
2025-05-07 12:46:49.462 69594 INFO tempest.common.waiters [-] State transition "BUILD/spawning" ==> "ACTIVE/None" after 21 second wait
2025-05-07 12:46:49.485 69608 INFO tempest.lib.common.rest_client [req-4062a4ec-52f4-41ff-8cc5-a5292e698bc8 req-4062a4ec-52f4-41ff-8cc5-a5292e698bc8 ] Request (ImagesMetadataNegativeTestJSON:test_update_nonexistent_image_metadata): 404 POST http://10.180.1.21/compute/v2.1/images/7e98f860-d547-4a25-8fd4-1d7e964399a9/metadata 1.128s
2025-05-07 12:46:49.539 69584 INFO tempest.lib.common.rest_client [req-93a7ac0c-730b-4f63-987b-00cc4b9bdc2b req-93a7ac0c-730b-4f63-987b-00cc4b9bdc2b ] Request (QuotasAdminTestJSON:test_update_all_quota_resources_for_tenant): 200 GET http://10.180.1.21/compute/v2.1/os-quota-sets/fc43241cea344edcafa4c95b5fe1cde5/defaults 1.196s
2025-05-07 12:46:49.566 69606 INFO tempest.lib.common.rest_client [req-9f20e246-0c59-4743-895c-503b52ff3ad6 req-9f20e246-0c59-4743-895c-503b52ff3ad6 ] Request (HostsAdminNegativeTestJSON:tearDownClass): 201 POST http://10.180.1.21/identity/v3/auth/tokens 0.173s
2025-05-07 12:46:49.570 69592 INFO tempest.lib.common.rest_client [req-fac29fa0-2e59-4ea1-81ef-7d720ac370a7 req-fac29fa0-2e59-4ea1-81ef-7d720ac370a7 ] Request (FloatingIPsAssociationNegativeTestJSON:setUpClass): 200 PUT http://10.180.1.21:9696/networking/v2.0/routers/b40a5aea-6400-445b-aa66-cf5cafdb3add/add_router_interface 1.930s
2025-05-07 12:46:49.570 69592 INFO tempest.lib.common.dynamic_creds [-] Created isolated network resources for: credentials: Credentials: {'domain_id': 'default', 'domain_name': 'Default', 'username': 'tempest-FloatingIPsAssociationNegativeTestJSON-9463253-project-member', 'project_domain_id': 'default', 'project_domain_name': 'Default', 'project_id': 'fe715cf93a2f45779d6f92a5e77ad5ca', 'project_name': 'tempest-FloatingIPsAssociationNegativeTestJSON-9463253', 'tenant_id': 'fe715cf93a2f45779d6f92a5e77ad5ca', 'tenant_name': 'tempest-FloatingIPsAssociationNegativeTestJSON-9463253', 'user_domain_id': 'default', 'user_domain_name': 'Default', 'user_id': '8e063a3dd563442a855650e5832d2aa6', 'system': None}, Network: {'id': '1554acc2-b87e-41fd-bc03-0dd1147e2cfd', 'name': 'tempest-FloatingIPsAssociationNegativeTestJSON-961267363-network', 'tenant_id': 'fe715cf93a2f45779d6f92a5e77ad5ca', 'admin_state_up': True, 'mtu': 8950, 'status': 'ACTIVE', 'subnets': [], 'shared': False, 'project_id': 'fe715cf93a2f45779d6f92a5e77ad5ca', 'port_security_enabled': True, 'router:external': False, 'provider:network_type': 'vlan', 'provider:physical_network': 'default', 'provider:segmentation_id': 282, 'availability_zone_hints': [], 'availability_zones': [], 'ipv4_address_scope': None, 'ipv6_address_scope': None, 'description': '', 'tags': [], 'created_at': '2025-05-07T12:46:43Z', 'updated_at': '2025-05-07T12:46:43Z', 'revision_number': 1}, Subnet: {'id': 'f405f700-87d8-4c6b-b44b-48abb14a3865', 'name': 'tempest-FloatingIPsAssociationNegativeTestJSON-961267363-subnet', 'tenant_id': 'fe715cf93a2f45779d6f92a5e77ad5ca', 'network_id': '1554acc2-b87e-41fd-bc03-0dd1147e2cfd', 'ip_version': 4, 'subnetpool_id': None, 'enable_dhcp': True, 'ipv6_ra_mode': None, 'ipv6_address_mode': None, 'gateway_ip': '192.168.128.1', 'cidr': '192.168.128.0/28', 'allocation_pools': [{'start': '192.168.128.2', 'end': '192.168.128.14'}], 'host_routes': [], 'dns_nameservers': [], 'description': '', 'router:external': False, 'service_types': [], 'tags': [], 'created_at': '2025-05-07T12:46:44Z', 'updated_at': '2025-05-07T12:46:44Z', 'revision_number': 0, 'project_id': 'fe715cf93a2f45779d6f92a5e77ad5ca'}, Router: {'id': 'b40a5aea-6400-445b-aa66-cf5cafdb3add', 'name': 'tempest-FloatingIPsAssociationNegativeTestJSON-961267363-router', 'tenant_id': 'fe715cf93a2f45779d6f92a5e77ad5ca', 'admin_state_up': True, 'status': 'ACTIVE', 'external_gateway_info': {'network_id': '9fce3b12-85c0-4ea2-a134-4021521cb4ef', 'external_fixed_ips': [{'subnet_id': '12e1b29b-1a30-4408-845f-928612e3be0d', 'ip_address': '10.180.180.167'}], 'enable_snat': True}, 'description': '', 'availability_zones': [], 'distributed': False, 'ha': False, 'availability_zone_hints': [], 'routes': [], 'flavor_id': None, 'tags': [], 'created_at': '2025-05-07T12:46:45Z', 'updated_at': '2025-05-07T12:46:46Z', 'revision_number': 2, 'project_id': 'fe715cf93a2f45779d6f92a5e77ad5ca'}
2025-05-07 12:46:49.626 69628 INFO tempest.lib.common.rest_client [req-18864fba-c664-43d9-ac0d-f654dc3bea4e req-18864fba-c664-43d9-ac0d-f654dc3bea4e ] Request (FlavorsExtraSpecsTestJSON:tearDownClass): 204 DELETE http://10.180.1.21:9696/networking/v2.0/security-groups/1b3c867c-15fd-4fbd-a78a-a97f31839a47 0.276s
2025-05-07 12:46:49.664 69608 INFO tempest.lib.common.rest_client [req-c47b64bf-3013-41f3-9e25-675ebb361e88 req-c47b64bf-3013-41f3-9e25-675ebb361e88 ] Request (ImagesMetadataNegativeTestJSON:tearDownClass): 204 DELETE http://10.180.1.21/identity/v3/users/212656ad5004404a91582a7693279d3b 0.176s
2025-05-07 12:46:49.664 69608 INFO tempest.lib.common.dynamic_creds [-] Deleting project and security group for project: d069549b6db04737b83c3f009c5146cd
2025-05-07 12:46:49.684 69630 INFO tempest.lib.common.rest_client [req-901b3864-09c4-45f0-9a9c-f3c648347831 req-901b3864-09c4-45f0-9a9c-f3c648347831 ] Request (ServersV294TestFqdnHostnames:setUpClass): 200 GET http://10.180.1.21/compute/v2.1/servers/7715cc43-6505-439b-ade5-06092096e2d6 1.251s
2025-05-07 12:46:49.740 69592 INFO tempest.lib.common.rest_client [req-edcd7e67-6581-4f3c-aa04-bfc5175679cd req-edcd7e67-6581-4f3c-aa04-bfc5175679cd ] Request (FloatingIPsAssociationNegativeTestJSON:setUpClass): 201 POST http://10.180.1.21/identity/v3/auth/tokens 0.166s
2025-05-07 12:46:49.765 69632 INFO tempest.lib.common.rest_client [req-b2b7cc41-ac5c-480e-a4aa-f336a3b32ebe req-b2b7cc41-ac5c-480e-a4aa-f336a3b32ebe ] Request (ImagesTestJSON:test_create_image_from_stopped_server): 200 GET http://10.180.1.21/compute/v2.1/servers/d52ddc48-9f9b-486e-bd3c-7407860cda16 1.283s
2025-05-07 12:46:49.788 69600 INFO tempest.lib.common.rest_client [req-1148eecc-8b60-4380-ae27-f290ac9926e9 req-1148eecc-8b60-4380-ae27-f290ac9926e9 ] Request (QuotasAdminNegativeTest:test_update_quota_normal_user): 403 PUT http://10.180.1.21/compute/v2.1/os-quota-sets/21d9733dcbb54203993be81325ef64aa 1.236s
2025-05-07 12:46:49.826 69642 INFO tempest.lib.common.rest_client [req-c835622d-623b-45cb-a3a9-e8eec92083d0 req-c835622d-623b-45cb-a3a9-e8eec92083d0 ] Request (HypervisorAdminV228Test:test_get_list_hypervisor_details): 200 GET http://10.180.1.21/compute/v2.1/os-hypervisors/1 1.252s
2025-05-07 12:46:49.907 69614 INFO tempest.lib.common.rest_client [req-596d1c7e-d88a-4459-a57d-33a96bb0838d req-596d1c7e-d88a-4459-a57d-33a96bb0838d ] Request (ListImageFiltersTestJSON:setUpClass): 201 POST http://10.180.1.21/image/v2/images 0.779s
2025-05-07 12:46:49.911 69628 INFO tempest.lib.common.rest_client [req-df7e1008-fca5-49c9-99d1-a31395b04a38 req-df7e1008-fca5-49c9-99d1-a31395b04a38 ] Request (FlavorsExtraSpecsTestJSON:tearDownClass): 204 DELETE http://10.180.1.21/identity/v3/projects/f95015df5b7e47d2b9dc04b844398313 0.284s
2025-05-07 12:46:49.920 69610 INFO tempest.lib.common.rest_client [req-28968fe0-92b1-4499-8875-637f52695f04 req-28968fe0-92b1-4499-8875-637f52695f04 ] Request (InstanceActionsTestJSON:setUpClass): 200 GET http://10.180.1.21/compute/v2.1/servers/605ed07c-6abd-4de6-984d-772f43d0e3c8 1.337s
2025-05-07 12:46:49.950 69608 INFO tempest.lib.common.rest_client [req-dc51b702-3945-4f88-8516-08d5bfd4ac51 req-dc51b702-3945-4f88-8516-08d5bfd4ac51 ] Request (ImagesMetadataNegativeTestJSON:tearDownClass): 201 POST http://10.180.1.21/identity/v3/auth/tokens 0.286s
2025-05-07 12:46:49.974 69592 INFO tempest.lib.common.rest_client [req-faf90048-b076-441f-8133-4b23587a5dd3 req-faf90048-b076-441f-8133-4b23587a5dd3 ] Request (FloatingIPsAssociationNegativeTestJSON:setUpClass): 201 POST http://10.180.1.21/identity/v3/auth/tokens 0.229s
2025-05-07 12:46:49.975 69592 INFO tempest.lib.common.fixed_network [-] (FloatingIPsAssociationNegativeTestJSON:setUpClass) Found network {'id': '1554acc2-b87e-41fd-bc03-0dd1147e2cfd', 'name': 'tempest-FloatingIPsAssociationNegativeTestJSON-961267363-network', 'tenant_id': 'fe715cf93a2f45779d6f92a5e77ad5ca', 'admin_state_up': True, 'mtu': 8950, 'status': 'ACTIVE', 'subnets': [], 'shared': False, 'project_id': 'fe715cf93a2f45779d6f92a5e77ad5ca', 'port_security_enabled': True, 'router:external': False, 'provider:network_type': 'vlan', 'provider:physical_network': 'default', 'provider:segmentation_id': 282, 'availability_zone_hints': [], 'availability_zones': [], 'ipv4_address_scope': None, 'ipv6_address_scope': None, 'description': '', 'tags': [], 'created_at': '2025-05-07T12:46:43Z', 'updated_at': '2025-05-07T12:46:43Z', 'revision_number': 1} available for tenant
2025-05-07 12:46:50.032 69636 INFO tempest.lib.common.rest_client [req-f96f8a04-bb70-4394-bd69-71027854640e req-f96f8a04-bb70-4394-bd69-71027854640e ] Request (VolumesAssistedSnapshotsTest:test_volume_assisted_snapshot_create_delete): 200 GET http://10.180.1.21/compute/v2.1/servers/c8b292ee-acc4-4bc9-9f1f-62df83d1e36b 1.407s
2025-05-07 12:46:50.044 69600 INFO tempest.lib.common.rest_client [req-9c7a2c25-1f26-480a-a4b1-e7df2f975618 req-9c7a2c25-1f26-480a-a4b1-e7df2f975618 ] Request (QuotasAdminNegativeTest:tearDownClass): 204 DELETE http://10.180.1.21/identity/v3/users/9f164908987945fb9c5bc274e9e94dc3 0.249s
2025-05-07 12:46:50.144 69638 INFO tempest.lib.common.rest_client [req-a251a259-dbbd-4147-bacf-878ac32ceb6a req-a251a259-dbbd-4147-bacf-878ac32ceb6a ] Request (TenantUsagesTestJSON:setUpClass): 200 GET http://10.180.1.21/compute/v2.1/servers/7ed18568-9081-4128-b83f-d859bedb1bcd 1.464s
2025-05-07 12:46:50.153 69642 INFO tempest.lib.common.rest_client [req-9a0c49b5-d8ba-4fb3-a11e-4c33cdc4990e req-9a0c49b5-d8ba-4fb3-a11e-4c33cdc4990e ] Request (HypervisorAdminV228Test:tearDownClass): 204 DELETE http://10.180.1.21/identity/v3/users/27c6614925454868b7e1f7d703b49f4c 0.315s
2025-05-07 12:46:50.157 69586 INFO tempest.lib.common.rest_client [req-3a8fb150-ac77-4eca-b5c7-f8544608ccda req-3a8fb150-ac77-4eca-b5c7-f8544608ccda ] Request (MultipleCreateNegativeTestJSON:test_max_count_less_than_one): 400 POST http://10.180.1.21/compute/v2.1/servers 1.432s
2025-05-07 12:46:50.158 69628 INFO tempest.lib.common.rest_client [req-5af65f96-9ed2-4ca2-bc3b-051870b7afb1 req-5af65f96-9ed2-4ca2-bc3b-051870b7afb1 ] Request (FlavorsV255TestJSON:setUpClass): 201 POST http://10.180.1.21/identity/v3/auth/tokens 0.245s
2025-05-07 12:46:50.163 69638 INFO tempest.common.waiters [-] State transition "BUILD/scheduling" ==> "BUILD/None" after 6 second wait
2025-05-07 12:46:50.181 69618 INFO tempest.lib.common.rest_client [req-13138e1a-00dd-4594-93d0-edb2dab3196f req-13138e1a-00dd-4594-93d0-edb2dab3196f ] Request (ServersTestManualDisk:setUpClass): 200 GET http://10.180.1.21/compute/v2.1/servers/9bed399d-c3f5-4659-bbe0-c88f73e1e52b 1.630s
2025-05-07 12:46:50.214 69606 INFO tempest.lib.common.rest_client [req-77b23e53-568e-4a59-b81e-9eb27a50d6d2 req-77b23e53-568e-4a59-b81e-9eb27a50d6d2 ] Request (HostsAdminNegativeTestJSON:tearDownClass): 200 GET http://10.180.1.21:9696/networking/v2.0/security-groups?tenant_id=e068faa38651443fa740670b76837bb1&name=default 0.648s
2025-05-07 12:46:50.243 69624 INFO tempest.lib.common.rest_client [req-023d0341-6469-4519-961e-6a991763eb2c req-023d0341-6469-4519-961e-6a991763eb2c ] Request (KeyPairsV2TestJSON:test_keypairs_create_list_delete): 200 POST http://10.180.1.21/compute/v2.1/os-keypairs 1.375s
2025-05-07 12:46:50.278 69590 INFO tempest.lib.common.rest_client [req-8a104e92-497b-4ac1-9a1a-1756a875b27c req-8a104e92-497b-4ac1-9a1a-1756a875b27c ] Request (ServersWithSpecificFlavorTestJSON:test_verify_created_server_ephemeral_disk): 200 GET http://10.180.1.21/compute/v2.1/servers/fea7032f-f99b-4e36-9f39-1b0d98d5890c 1.485s
2025-05-07 12:46:50.282 69644 INFO tempest.lib.common.rest_client [req-e9ec8f92-d2fb-46df-9e6b-92f3d17e268a req-e9ec8f92-d2fb-46df-9e6b-92f3d17e268a ] Request (AggregatesAdminNegativeTestJSON:test_aggregate_delete_as_user): 200 POST http://10.180.1.21/compute/v2.1/os-aggregates 1.371s
2025-05-07 12:46:50.342 69620 INFO tempest.lib.common.rest_client [req-b2afba29-a537-47ce-86f1-f84dd7b86b6b req-b2afba29-a537-47ce-86f1-f84dd7b86b6b ] Request (FlavorsAdminTestJSON:_run_cleanups): 200 GET http://10.180.1.21/compute/v2.1/flavors/detail 1.398s
2025-05-07 12:46:50.402 69600 INFO tempest.lib.common.rest_client [req-7c0c33ff-12bf-49f7-a254-551d26027250 req-7c0c33ff-12bf-49f7-a254-551d26027250 ] Request (QuotasAdminNegativeTest:tearDownClass): 204 DELETE http://10.180.1.21/identity/v3/users/1e4dfec4d79e4d39945d7de5c81ecc1b 0.357s
2025-05-07 12:46:50.402 69600 INFO tempest.lib.common.dynamic_creds [-] Deleting project and security group for project: d4925cc088c7411f946d6d2092e57e2d
2025-05-07 12:46:50.408 69642 INFO tempest.lib.common.rest_client [req-15fdb529-f932-4e00-bbf0-8c00535e69d6 req-15fdb529-f932-4e00-bbf0-8c00535e69d6 ] Request (HypervisorAdminV228Test:tearDownClass): 204 DELETE http://10.180.1.21/identity/v3/users/000b0a6418794cb6b327dce109045c7b 0.254s
2025-05-07 12:46:50.409 69642 INFO tempest.lib.common.dynamic_creds [-] Deleting project and security group for project: 179055966334421d86a3722f5f10d9b4
2025-05-07 12:46:50.477 69586 INFO tempest.lib.common.rest_client [req-9e7b1052-c34f-430c-9ed7-9bed13cb740f req-9e7b1052-c34f-430c-9ed7-9bed13cb740f ] Request (MultipleCreateNegativeTestJSON:test_max_count_non_integer): 201 POST http://10.180.1.21/identity/v3/auth/tokens 0.312s
2025-05-07 12:46:50.477 69586 INFO tempest.lib.common.fixed_network [-] (MultipleCreateNegativeTestJSON:test_max_count_non_integer) Found network None available for tenant
2025-05-07 12:46:50.483 69628 INFO tempest.lib.common.rest_client [req-c026b086-d750-4e90-8483-c6d2ba42734a req-c026b086-d750-4e90-8483-c6d2ba42734a ] Request (FlavorsV255TestJSON:setUpClass): 201 POST http://10.180.1.21/identity/v3/auth/tokens 0.319s
2025-05-07 12:46:50.510 69600 INFO tempest.lib.common.rest_client [req-141f6dde-a4b3-4563-acfb-780acac64de0 req-141f6dde-a4b3-4563-acfb-780acac64de0 ] Request (QuotasAdminNegativeTest:tearDownClass): 201 POST http://10.180.1.21/identity/v3/auth/tokens 0.107s
2025-05-07 12:46:50.511 69642 INFO tempest.lib.common.rest_client [req-02d05b1a-df8a-497e-bee3-c889605a4336 req-02d05b1a-df8a-497e-bee3-c889605a4336 ] Request (HypervisorAdminV228Test:tearDownClass): 201 POST http://10.180.1.21/identity/v3/auth/tokens 0.102s
2025-05-07 12:46:50.534 69606 INFO tempest.lib.common.rest_client [req-c8141ce5-0ba3-4df7-a346-5640ad0742d6 req-c8141ce5-0ba3-4df7-a346-5640ad0742d6 ] Request (HostsAdminNegativeTestJSON:tearDownClass): 204 DELETE http://10.180.1.21:9696/networking/v2.0/security-groups/021cf2d2-92aa-4a18-ac59-313c383f2c65 0.320s
2025-05-07 12:46:50.550 69628 INFO tempest.lib.common.rest_client [req-aad23011-3d9b-4314-8046-8808fa91c738 req-aad23011-3d9b-4314-8046-8808fa91c738 ] Request (FlavorsV255TestJSON:setUpClass): 200 GET http://10.180.1.21/identity/v3/domains?name=Default 0.066s
2025-05-07 12:46:50.572 69608 INFO tempest.lib.common.rest_client [req-c8a16451-a2ff-43c8-afeb-a7f14f86a35b req-c8a16451-a2ff-43c8-afeb-a7f14f86a35b ] Request (ImagesMetadataNegativeTestJSON:tearDownClass): 200 GET http://10.180.1.21:9696/networking/v2.0/security-groups?tenant_id=d069549b6db04737b83c3f009c5146cd&name=default 0.622s
2025-05-07 12:46:50.687 69596 INFO tempest.lib.common.rest_client [req-dab62ba3-a600-41b2-9548-639c56ef832d req-dab62ba3-a600-41b2-9548-639c56ef832d ] Request (FlavorsAccessNegativeTestJSON:test_flavor_non_admin_remove): 200 POST http://10.180.1.21/compute/v2.1/flavors/1109302690/action 1.708s
2025-05-07 12:46:50.732 69628 INFO tempest.lib.common.rest_client [req-55e6c064-f2c3-4f68-a15b-c481578a8c0d req-55e6c064-f2c3-4f68-a15b-c481578a8c0d ] Request (FlavorsV255TestJSON:setUpClass): 201 POST http://10.180.1.21/identity/v3/projects 0.181s
2025-05-07 12:46:50.742 69640 INFO tempest.lib.common.rest_client [req-6f83410f-5942-4129-ad38-2438ba233933 req-6f83410f-5942-4129-ad38-2438ba233933 ] Request (KeyPairsNegativeTestJSON:test_create_keypair_with_duplicate_name): 200 POST http://10.180.1.21/compute/v2.1/os-keypairs 1.492s
2025-05-07 12:46:50.745 69606 INFO tempest.lib.common.rest_client [req-32e4b225-e5db-4a51-a7f9-ed5e64deb2c8 req-32e4b225-e5db-4a51-a7f9-ed5e64deb2c8 ] Request (HostsAdminNegativeTestJSON:tearDownClass): 204 DELETE http://10.180.1.21/identity/v3/projects/e068faa38651443fa740670b76837bb1 0.210s
2025-05-07 12:46:50.745 69606 INFO tempest.lib.common.dynamic_creds [-] Deleting project and security group for project: d212d2d5ca134df29266a4302b630787
2025-05-07 12:46:50.767 69622 INFO tempest.lib.common.rest_client [req-2886472b-ad7c-4601-8f65-f894b466ceeb req-2886472b-ad7c-4601-8f65-f894b466ceeb ] Request (ImagesDeleteNegativeTestJSON:test_delete_image_with_invalid_image_id): 404 DELETE http://10.180.1.21/compute/v2.1/images/tempest-invalid-1311593267 1.496s
2025-05-07 12:46:50.794 69612 INFO tempest.lib.common.rest_client [req-f417bb33-875e-4b68-aa8c-c3f7e0789998 req-f417bb33-875e-4b68-aa8c-c3f7e0789998 ] Request (ServerDiagnosticsNegativeTest:test_get_server_diagnostics_by_non_admin): 200 GET http://10.180.1.21/compute/v2.1/servers/d85e0043-5556-4de2-a14b-654fcb440aa3 1.822s
2025-05-07 12:46:50.804 69608 INFO tempest.lib.common.rest_client [req-463e5280-ae4c-4d26-8196-a51fbe62645e req-463e5280-ae4c-4d26-8196-a51fbe62645e ] Request (ImagesMetadataNegativeTestJSON:tearDownClass): 204 DELETE http://10.180.1.21:9696/networking/v2.0/security-groups/f748a675-87a4-482b-a704-f1c01d3566d0 0.231s
2025-05-07 12:46:50.810 69612 INFO tempest.common.waiters [-] State transition "BUILD/spawning" ==> "ACTIVE/None" after 22 second wait
2025-05-07 12:46:50.812 69628 INFO tempest.lib.common.rest_client [req-04d92124-e275-43bf-afca-41a7537bf5ab req-04d92124-e275-43bf-afca-41a7537bf5ab ] Request (FlavorsV255TestJSON:setUpClass): 201 POST http://10.180.1.21/identity/v3/users 0.079s
2025-05-07 12:46:50.870 69600 INFO tempest.lib.common.rest_client [req-86f26fec-21c7-462d-a518-1115ec68b035 req-86f26fec-21c7-462d-a518-1115ec68b035 ] Request (QuotasAdminNegativeTest:tearDownClass): 200 GET http://10.180.1.21:9696/networking/v2.0/security-groups?tenant_id=d4925cc088c7411f946d6d2092e57e2d&name=default 0.360s
2025-05-07 12:46:50.945 69608 INFO tempest.lib.common.rest_client [req-3a6efd7f-2f3d-434e-b438-15502e4b6dd9 req-3a6efd7f-2f3d-434e-b438-15502e4b6dd9 ] Request (ImagesMetadataNegativeTestJSON:tearDownClass): 204 DELETE http://10.180.1.21/identity/v3/projects/d069549b6db04737b83c3f009c5146cd 0.140s
2025-05-07 12:46:50.982 69594 INFO tempest.lib.common.rest_client [req-75a655d8-162a-4070-a35a-1a5095371239 req-75a655d8-162a-4070-a35a-1a5095371239 ] Request (ServersAdminNegativeTestJSON:test_migrate_non_existent_server): 404 POST http://10.180.1.21/compute/v2.1/servers/38573c87-00be-429e-a2d3-baf9a92d173b/action 1.518s
2025-05-07 12:46:50.983 69600 INFO tempest.lib.common.rest_client [req-c8fa6f83-d01c-4871-9015-3cfd68993732 req-c8fa6f83-d01c-4871-9015-3cfd68993732 ] Request (QuotasAdminNegativeTest:tearDownClass): 204 DELETE http://10.180.1.21:9696/networking/v2.0/security-groups/ba413c80-faca-4062-8f24-197cfe3d4c22 0.112s
2025-05-07 12:46:51.059 69628 INFO tempest.lib.common.rest_client [req-91c0ecf8-65d9-4711-b808-be83c0b6a9e6 req-91c0ecf8-65d9-4711-b808-be83c0b6a9e6 ] Request (FlavorsV255TestJSON:setUpClass): 200 GET http://10.180.1.21/identity/v3/roles 0.247s
2025-05-07 12:46:51.122 69608 INFO tempest.lib.common.rest_client [req-66e01ab9-1815-4e2a-bc98-36d344aa9122 req-66e01ab9-1815-4e2a-bc98-36d344aa9122 ] Request (ServerMetadataNegativeTestJSON:setUpClass): 201 POST http://10.180.1.21/identity/v3/auth/tokens 0.173s
2025-05-07 12:46:51.143 69616 INFO tempest.lib.common.rest_client [req-103ca031-1e8a-4478-a99f-f19a9db15baf req-103ca031-1e8a-4478-a99f-f19a9db15baf ] Request (VolumesAdminNegativeTest:setUpClass): 200 PUT http://10.180.1.21:9696/networking/v2.0/routers/7a3d1110-69bf-40dd-8b25-eb6499e5fc3f/add_router_interface 3.803s
2025-05-07 12:46:51.143 69616 INFO tempest.lib.common.dynamic_creds [-] Created isolated network resources for: credentials: Credentials: {'domain_id': 'default', 'domain_name': 'Default', 'username': 'tempest-VolumesAdminNegativeTest-305651914-project-admin', 'project_domain_id': 'default', 'project_domain_name': 'Default', 'project_id': 'f6e46aec7a5f46ceba1796d5243f45fa', 'project_name': 'tempest-VolumesAdminNegativeTest-305651914', 'tenant_id': 'f6e46aec7a5f46ceba1796d5243f45fa', 'tenant_name': 'tempest-VolumesAdminNegativeTest-305651914', 'user_domain_id': 'default', 'user_domain_name': 'Default', 'user_id': '99a3b32961e44ef08af68cef46480a94', 'system': None}, Network: {'id': '84f5b7c3-a177-46ae-9da3-060db35ac4d1', 'name': 'tempest-VolumesAdminNegativeTest-1034659706-network', 'tenant_id': 'f6e46aec7a5f46ceba1796d5243f45fa', 'admin_state_up': True, 'mtu': 8950, 'status': 'ACTIVE', 'subnets': [], 'shared': False, 'project_id': 'f6e46aec7a5f46ceba1796d5243f45fa', 'port_security_enabled': True, 'router:external': False, 'provider:network_type': 'vlan', 'provider:physical_network': 'default', 'provider:segmentation_id': 40, 'availability_zone_hints': [], 'availability_zones': [], 'ipv4_address_scope': None, 'ipv6_address_scope': None, 'description': '', 'tags': [], 'created_at': '2025-05-07T12:46:45Z', 'updated_at': '2025-05-07T12:46:45Z', 'revision_number': 1}, Subnet: {'id': '401d16f9-0c1f-455d-9fd1-a236c4b15515', 'name': 'tempest-VolumesAdminNegativeTest-1034659706-subnet', 'tenant_id': 'f6e46aec7a5f46ceba1796d5243f45fa', 'network_id': '84f5b7c3-a177-46ae-9da3-060db35ac4d1', 'ip_version': 4, 'subnetpool_id': None, 'enable_dhcp': True, 'ipv6_ra_mode': None, 'ipv6_address_mode': None, 'gateway_ip': '192.168.128.1', 'cidr': '192.168.128.0/28', 'allocation_pools': [{'start': '192.168.128.2', 'end': '192.168.128.14'}], 'host_routes': [], 'dns_nameservers': [], 'description': '', 'router:external': False, 'service_types': [], 'tags': [], 'created_at': '2025-05-07T12:46:45Z', 'updated_at': '2025-05-07T12:46:45Z', 'revision_number': 0, 'project_id': 'f6e46aec7a5f46ceba1796d5243f45fa'}, Router: {'id': '7a3d1110-69bf-40dd-8b25-eb6499e5fc3f', 'name': 'tempest-VolumesAdminNegativeTest-1034659706-router', 'tenant_id': 'f6e46aec7a5f46ceba1796d5243f45fa', 'admin_state_up': True, 'status': 'ACTIVE', 'external_gateway_info': {'network_id': '9fce3b12-85c0-4ea2-a134-4021521cb4ef', 'external_fixed_ips': [{'subnet_id': '12e1b29b-1a30-4408-845f-928612e3be0d', 'ip_address': '10.180.180.215'}], 'enable_snat': True}, 'description': '', 'availability_zones': [], 'distributed': False, 'ha': False, 'availability_zone_hints': [], 'routes': [], 'flavor_id': None, 'tags': [], 'created_at': '2025-05-07T12:46:45Z', 'updated_at': '2025-05-07T12:46:46Z', 'revision_number': 2, 'project_id': 'f6e46aec7a5f46ceba1796d5243f45fa'}
2025-05-07 12:46:51.186 69602 INFO tempest.lib.common.rest_client [req-1d9d44c7-409a-47f9-ac1b-3f2011d24d7a req-1d9d44c7-409a-47f9-ac1b-3f2011d24d7a ] Request (ServersAdminTestJSON:setUpClass): 200 GET http://10.180.1.21/compute/v2.1/servers/b72ebe87-2c2c-459f-ab59-53a52ab780f3 1.386s
2025-05-07 12:46:51.196 69642 INFO tempest.lib.common.rest_client [req-0707780f-ca76-413d-b098-b3fb70d2f0d3 req-0707780f-ca76-413d-b098-b3fb70d2f0d3 ] Request (HypervisorAdminV228Test:tearDownClass): 200 GET http://10.180.1.21:9696/networking/v2.0/security-groups?tenant_id=179055966334421d86a3722f5f10d9b4&name=default 0.684s
2025-05-07 12:46:51.198 69602 INFO tempest.common.waiters [-] State transition "BUILD/networking" ==> "BUILD/spawning" after 17 second wait
2025-05-07 12:46:51.231 69584 INFO tempest.lib.common.rest_client [req-34baf079-020b-48bd-bc3e-d95b207d9c5f req-34baf079-020b-48bd-bc3e-d95b207d9c5f ] Request (QuotasAdminTestJSON:test_update_all_quota_resources_for_tenant): 200 PUT http://10.180.1.21/compute/v2.1/os-quota-sets/fc43241cea344edcafa4c95b5fe1cde5 1.688s
2025-05-07 12:46:51.237 69600 INFO tempest.lib.common.rest_client [req-74613603-e85a-446c-b1fd-17fb026be167 req-74613603-e85a-446c-b1fd-17fb026be167 ] Request (QuotasAdminNegativeTest:tearDownClass): 204 DELETE http://10.180.1.21/identity/v3/projects/d4925cc088c7411f946d6d2092e57e2d 0.253s
2025-05-07 12:46:51.237 69600 INFO tempest.lib.common.dynamic_creds [-] Deleting project and security group for project: 21d9733dcbb54203993be81325ef64aa
2025-05-07 12:46:51.270 69594 INFO tempest.lib.common.rest_client [req-a68ca5b2-4140-4dd9-9ac8-3f9007452153 req-a68ca5b2-4140-4dd9-9ac8-3f9007452153 ] Request (ServersAdminNegativeTestJSON:test_migrate_server_invalid_state): 201 POST http://10.180.1.21/identity/v3/auth/tokens 0.271s
2025-05-07 12:46:51.270 69594 INFO tempest.lib.common.fixed_network [-] (ServersAdminNegativeTestJSON:test_migrate_server_invalid_state) Found network None available for tenant
2025-05-07 12:46:51.303 69608 INFO tempest.lib.common.rest_client [req-7dfb2e91-d182-48ca-b533-e43adcb51f3f req-7dfb2e91-d182-48ca-b533-e43adcb51f3f ] Request (ServerMetadataNegativeTestJSON:setUpClass): 201 POST http://10.180.1.21/identity/v3/auth/tokens 0.176s
2025-05-07 12:46:51.310 69628 INFO tempest.lib.common.rest_client [req-2f0a0f1a-beca-4568-a243-6428a1068b1e req-2f0a0f1a-beca-4568-a243-6428a1068b1e ] Request (FlavorsV255TestJSON:setUpClass): 204 PUT http://10.180.1.21/identity/v3/projects/ea8d63ea2fc4463388fc17ac4f1684de/users/3ebf86d430b5413ebbc7e740d893c69b/roles/6a2842a37bb142ff877363e1ba8bb1d0 0.249s
2025-05-07 12:46:51.311 69628 INFO tempest.lib.common.dynamic_creds [-] Dynamic test user 3ebf86d430b5413ebbc7e740d893c69b is created with scope project and roles: ['member']
2025-05-07 12:46:51.311 69628 INFO tempest.lib.common.dynamic_creds [-] Acquired dynamic creds: credentials: Credentials: {'domain_id': 'default', 'domain_name': 'Default', 'username': 'tempest-FlavorsV255TestJSON-519717768-project-member', 'project_domain_id': 'default', 'project_domain_name': 'Default', 'project_id': 'ea8d63ea2fc4463388fc17ac4f1684de', 'project_name': 'tempest-FlavorsV255TestJSON-519717768', 'tenant_id': 'ea8d63ea2fc4463388fc17ac4f1684de', 'tenant_name': 'tempest-FlavorsV255TestJSON-519717768', 'user_domain_id': 'default', 'user_domain_name': 'Default', 'user_id': '3ebf86d430b5413ebbc7e740d893c69b', 'system': None}, Network: None, Subnet: None, Router: None
2025-05-07 12:46:51.311 69628 INFO tempest.lib.common.dynamic_creds [-] Created isolated network resources for: credentials: Credentials: {'domain_id': 'default', 'domain_name': 'Default', 'username': 'tempest-FlavorsV255TestJSON-519717768-project-member', 'project_domain_id': 'default', 'project_domain_name': 'Default', 'project_id': 'ea8d63ea2fc4463388fc17ac4f1684de', 'project_name': 'tempest-FlavorsV255TestJSON-519717768', 'tenant_id': 'ea8d63ea2fc4463388fc17ac4f1684de', 'tenant_name': 'tempest-FlavorsV255TestJSON-519717768', 'user_domain_id': 'default', 'user_domain_name': 'Default', 'user_id': '3ebf86d430b5413ebbc7e740d893c69b', 'system': None}, Network: None, Subnet: None, Router: None
2025-05-07 12:46:51.375 69616 INFO tempest.lib.common.rest_client [req-220a82d9-db4b-4334-b47c-b701157ceae5 req-220a82d9-db4b-4334-b47c-b701157ceae5 ] Request (VolumesAdminNegativeTest:setUpClass): 201 POST http://10.180.1.21/identity/v3/auth/tokens 0.226s
2025-05-07 12:46:51.423 69634 INFO tempest.lib.common.rest_client [req-efd0c9ba-ef5a-4948-9288-d3b47834fe15 req-efd0c9ba-ef5a-4948-9288-d3b47834fe15 ] Request (ServerExternalEventsTest:test_create_server_external_events): 200 GET http://10.180.1.21/compute/v2.1/servers/9f4c2ce2-5ccf-4f32-b0f8-77524dcc7c81 1.598s
2025-05-07 12:46:51.450 69608 INFO tempest.lib.common.rest_client [req-e42be5b6-208b-40f7-9fd3-084840fa9b28 req-e42be5b6-208b-40f7-9fd3-084840fa9b28 ] Request (ServerMetadataNegativeTestJSON:setUpClass): 200 GET http://10.180.1.21/identity/v3/domains?name=Default 0.146s
2025-05-07 12:46:51.463 69642 INFO tempest.lib.common.rest_client [req-51ae5afa-74a9-40f7-82a0-53ddf6af4d6a req-51ae5afa-74a9-40f7-82a0-53ddf6af4d6a ] Request (HypervisorAdminV228Test:tearDownClass): 204 DELETE http://10.180.1.21:9696/networking/v2.0/security-groups/1e1393e4-383c-4397-abf7-311a2d246d8f 0.266s
2025-05-07 12:46:51.489 69628 INFO tempest.lib.common.rest_client [req-0fb5c005-88a6-4859-b247-a838fdd0f966 req-0fb5c005-88a6-4859-b247-a838fdd0f966 ] Request (FlavorsV255TestJSON:setUpClass): 201 POST http://10.180.1.21/identity/v3/auth/tokens 0.175s
2025-05-07 12:46:51.506 69588 INFO tempest.lib.common.rest_client [req-6a819979-05ad-4a04-b86b-17d944888426 req-6a819979-05ad-4a04-b86b-17d944888426 ] Request (ImagesNegativeTestJSON:test_create_image_from_deleted_server): 200 GET http://10.180.1.21/compute/v2.1/servers/7650ef23-41ab-4aba-89cf-d33006912049 1.583s
2025-05-07 12:46:51.517 69588 INFO tempest.common.waiters [-] State transition "BUILD/None" ==> "BUILD/networking" after 14 second wait
2025-05-07 12:46:51.533 69600 INFO tempest.lib.common.rest_client [req-6542b9d7-0b9c-4aa5-8623-02636ce86f92 req-6542b9d7-0b9c-4aa5-8623-02636ce86f92 ] Request (QuotasAdminNegativeTest:tearDownClass): 200 GET http://10.180.1.21:9696/networking/v2.0/security-groups?tenant_id=21d9733dcbb54203993be81325ef64aa&name=default 0.296s
2025-05-07 12:46:51.538 69606 INFO tempest.lib.common.rest_client [req-67d7fee9-17f0-45b0-bce2-3507c1b37f90 req-67d7fee9-17f0-45b0-bce2-3507c1b37f90 ] Request (HostsAdminNegativeTestJSON:tearDownClass): 200 GET http://10.180.1.21:9696/networking/v2.0/security-groups?tenant_id=d212d2d5ca134df29266a4302b630787&name=default 0.792s
2025-05-07 12:46:51.575 69608 INFO tempest.lib.common.rest_client [req-f05e6976-98f2-4b07-8e08-e70f1e62d6ca req-f05e6976-98f2-4b07-8e08-e70f1e62d6ca ] Request (ServerMetadataNegativeTestJSON:setUpClass): 201 POST http://10.180.1.21/identity/v3/projects 0.124s
2025-05-07 12:46:51.632 69626 INFO tempest.lib.common.rest_client [req-30ea0a97-b73e-4ed6-a8ea-05e26cf2c398 req-30ea0a97-b73e-4ed6-a8ea-05e26cf2c398 ] Request (ServersListShow296Test:test_list_show_update_rebuild_server_296): 200 GET http://10.180.1.21/compute/v2.1/servers/fc921d48-70c0-4871-9326-56333421f368 1.549s
2025-05-07 12:46:51.641 69604 INFO tempest.lib.common.rest_client [req-d13e7e53-aee8-42f2-8110-1c1afc9085a4 req-d13e7e53-aee8-42f2-8110-1c1afc9085a4 ] Request (FloatingIPDetailsNegativeTestJSON:setUpClass): 201 POST http://10.180.1.21:9696/networking/v2.0/routers 3.590s
2025-05-07 12:46:51.660 69628 INFO tempest.lib.common.rest_client [req-bf247c08-3855-4899-88c8-3a09a5d021ed req-bf247c08-3855-4899-88c8-3a09a5d021ed ] Request (FlavorsV255TestJSON:setUpClass): 201 POST http://10.180.1.21/identity/v3/projects 0.170s
2025-05-07 12:46:51.676 69624 INFO tempest.lib.common.rest_client [req-592206d8-ec99-4e13-9d0e-10254901e461 req-592206d8-ec99-4e13-9d0e-10254901e461 ] Request (KeyPairsV2TestJSON:test_keypairs_create_list_delete): 200 POST http://10.180.1.21/compute/v2.1/os-keypairs 1.431s
2025-05-07 12:46:51.683 69644 INFO tempest.lib.common.rest_client [req-ceac9d59-b201-4e47-a40e-fbb6ec76d418 req-ceac9d59-b201-4e47-a40e-fbb6ec76d418 ] Request (AggregatesAdminNegativeTestJSON:test_aggregate_delete_as_user): 403 DELETE http://10.180.1.21/compute/v2.1/os-aggregates/5 1.399s
2025-05-07 12:46:51.691 69642 INFO tempest.lib.common.rest_client [req-93cf9f74-70ae-4087-a044-1dd9db1ab770 req-93cf9f74-70ae-4087-a044-1dd9db1ab770 ] Request (HypervisorAdminV228Test:tearDownClass): 204 DELETE http://10.180.1.21/identity/v3/projects/179055966334421d86a3722f5f10d9b4 0.228s
2025-05-07 12:46:51.692 69642 INFO tempest.lib.common.dynamic_creds [-] Deleting project and security group for project: e077b99251f242b2b9013cac68655e15
2025-05-07 12:46:51.715 69620 INFO tempest.lib.common.rest_client [req-b69b1a44-9f43-43d2-9847-8ec1be13208a req-b69b1a44-9f43-43d2-9847-8ec1be13208a ] Request (FlavorsAdminTestJSON:test_create_list_flavor_without_extra_data): 200 POST http://10.180.1.21/compute/v2.1/flavors 1.364s
2025-05-07 12:46:51.720 69586 INFO tempest.lib.common.rest_client [req-527eb83d-1e6d-4818-a381-de803cc7bd89 req-527eb83d-1e6d-4818-a381-de803cc7bd89 ] Request (MultipleCreateNegativeTestJSON:test_max_count_non_integer): 400 POST http://10.180.1.21/compute/v2.1/servers 1.242s
2025-05-07 12:46:51.728 69596 INFO tempest.lib.common.rest_client [req-c4e9a02a-bba9-4d7d-923f-5af90b32e220 req-c4e9a02a-bba9-4d7d-923f-5af90b32e220 ] Request (FlavorsAccessNegativeTestJSON:test_flavor_non_admin_remove): 403 POST http://10.180.1.21/compute/v2.1/flavors/1109302690/action 1.039s
2025-05-07 12:46:51.769 69608 INFO tempest.lib.common.rest_client [req-a98d60e0-7c43-4883-9205-47780888ba01 req-a98d60e0-7c43-4883-9205-47780888ba01 ] Request (ServerMetadataNegativeTestJSON:setUpClass): 201 POST http://10.180.1.21/identity/v3/users 0.193s
2025-05-07 12:46:51.775 69628 INFO tempest.lib.common.rest_client [req-c1dcf92b-2911-407e-8010-2bf16114eaed req-c1dcf92b-2911-407e-8010-2bf16114eaed ] Request (FlavorsV255TestJSON:setUpClass): 201 POST http://10.180.1.21/identity/v3/users 0.114s
2025-05-07 12:46:51.797 69608 INFO tempest.lib.common.rest_client [req-621b90dc-aec0-467a-87c8-9dab89475102 req-621b90dc-aec0-467a-87c8-9dab89475102 ] Request (ServerMetadataNegativeTestJSON:setUpClass): 200 GET http://10.180.1.21/identity/v3/roles 0.027s
2025-05-07 12:46:51.800 69606 INFO tempest.lib.common.rest_client [req-496ae70b-55dc-4a55-bf3f-0b57007b416d req-496ae70b-55dc-4a55-bf3f-0b57007b416d ] Request (HostsAdminNegativeTestJSON:tearDownClass): 204 DELETE http://10.180.1.21:9696/networking/v2.0/security-groups/bb91aa47-9f41-4773-beac-165fc8cccc37 0.261s
2025-05-07 12:46:51.817 69628 INFO tempest.lib.common.rest_client [req-7c2bf4f4-2566-4881-ae38-239ce0cfb2b2 req-7c2bf4f4-2566-4881-ae38-239ce0cfb2b2 ] Request (FlavorsV255TestJSON:setUpClass): 200 GET http://10.180.1.21/identity/v3/roles 0.042s
2025-05-07 12:46:51.860 69608 INFO tempest.lib.common.rest_client [req-2e01f64d-14db-434c-b50f-a484ecbba022 req-2e01f64d-14db-434c-b50f-a484ecbba022 ] Request (ServerMetadataNegativeTestJSON:setUpClass): 204 PUT http://10.180.1.21/identity/v3/projects/27f84597583e4f629f7e871d633df465/users/b254c240ce504edca844ced697abe1fe/roles/6a2842a37bb142ff877363e1ba8bb1d0 0.062s
2025-05-07 12:46:51.860 69608 INFO tempest.lib.common.dynamic_creds [-] Dynamic test user b254c240ce504edca844ced697abe1fe is created with scope project and roles: ['member']
2025-05-07 12:46:51.861 69608 INFO tempest.lib.common.dynamic_creds [-] Acquired dynamic creds: credentials: Credentials: {'domain_id': 'default', 'domain_name': 'Default', 'username': 'tempest-ServerMetadataNegativeTestJSON-27179833-project-member', 'project_domain_id': 'default', 'project_domain_name': 'Default', 'project_id': '27f84597583e4f629f7e871d633df465', 'project_name': 'tempest-ServerMetadataNegativeTestJSON-27179833', 'tenant_id': '27f84597583e4f629f7e871d633df465', 'tenant_name': 'tempest-ServerMetadataNegativeTestJSON-27179833', 'user_domain_id': 'default', 'user_domain_name': 'Default', 'user_id': 'b254c240ce504edca844ced697abe1fe', 'system': None}, Network: None, Subnet: None, Router: None
2025-05-07 12:46:51.885 69586 INFO tempest.lib.common.rest_client [req-ed46c308-d717-4ba2-b8a1-d4c9ec8aa988 req-ed46c308-d717-4ba2-b8a1-d4c9ec8aa988 ] Request (MultipleCreateNegativeTestJSON:test_min_count_less_than_one): 201 POST http://10.180.1.21/identity/v3/auth/tokens 0.155s
2025-05-07 12:46:51.887 69586 INFO tempest.lib.common.fixed_network [-] (MultipleCreateNegativeTestJSON:test_min_count_less_than_one) Found network None available for tenant
2025-05-07 12:46:51.899 69600 INFO tempest.lib.common.rest_client [req-bd510b87-d89e-41f6-b931-009cb17d3328 req-bd510b87-d89e-41f6-b931-009cb17d3328 ] Request (QuotasAdminNegativeTest:tearDownClass): 204 DELETE http://10.180.1.21:9696/networking/v2.0/security-groups/8f5fcc6a-7373-45bb-9533-35a4d03ec33c 0.366s
2025-05-07 12:46:51.917 69630 INFO tempest.lib.common.rest_client [req-c20768d9-9e0a-446a-b358-b5e9e2442d96 req-c20768d9-9e0a-446a-b358-b5e9e2442d96 ] Request (ServersV294TestFqdnHostnames:setUpClass): 200 GET http://10.180.1.21/compute/v2.1/servers/7715cc43-6505-439b-ade5-06092096e2d6 1.218s
2025-05-07 12:46:51.972 69640 INFO tempest.lib.common.rest_client [req-4a78de70-a3ea-4567-a7a8-7b1862d914c4 req-4a78de70-a3ea-4567-a7a8-7b1862d914c4 ] Request (KeyPairsNegativeTestJSON:test_create_keypair_with_duplicate_name): 409 POST http://10.180.1.21/compute/v2.1/os-keypairs 1.227s
2025-05-07 12:46:51.972 69606 INFO tempest.lib.common.rest_client [req-7e0b5fce-f0c5-4fdd-99c7-a620f39ad527 req-7e0b5fce-f0c5-4fdd-99c7-a620f39ad527 ] Request (HostsAdminNegativeTestJSON:tearDownClass): 204 DELETE http://10.180.1.21/identity/v3/projects/d212d2d5ca134df29266a4302b630787 0.172s
2025-05-07 12:46:52.002 69622 INFO tempest.lib.common.rest_client [req-2541025b-3741-4f4e-81d4-ee114c1f95bc req-2541025b-3741-4f4e-81d4-ee114c1f95bc ] Request (ImagesDeleteNegativeTestJSON:test_delete_non_existent_image): 404 DELETE http://10.180.1.21/compute/v2.1/images/bcccfe34-8498-465d-bc54-5ebefe7a598a 1.233s
2025-05-07 12:46:52.049 69598 INFO tempest.lib.common.rest_client [req-9d480483-41cb-4f3b-a4aa-d5497f469c07 req-9d480483-41cb-4f3b-a4aa-d5497f469c07 ] Request (AttachInterfacesUnderV243Test:setUpClass): 200 PUT http://10.180.1.21:9696/networking/v2.0/routers/9d2fbba1-eba2-4ca2-8919-b3fe83562367/add_router_interface 4.102s
2025-05-07 12:46:52.049 69598 INFO tempest.lib.common.dynamic_creds [-] Created isolated network resources for: credentials: Credentials: {'domain_id': 'default', 'domain_name': 'Default', 'username': 'tempest-AttachInterfacesUnderV243Test-588300743-project-member', 'project_domain_id': 'default', 'project_domain_name': 'Default', 'project_id': '4e8dc93c0b9b44a4abbbf2ed4fc949ac', 'project_name': 'tempest-AttachInterfacesUnderV243Test-588300743', 'tenant_id': '4e8dc93c0b9b44a4abbbf2ed4fc949ac', 'tenant_name': 'tempest-AttachInterfacesUnderV243Test-588300743', 'user_domain_id': 'default', 'user_domain_name': 'Default', 'user_id': 'f44cf057a207478abf7f4c22b623325a', 'system': None}, Network: {'id': 'ce4f5d6f-204d-44b9-bac4-947482aa1ed3', 'name': 'tempest-AttachInterfacesUnderV243Test-2060224724-network', 'tenant_id': '4e8dc93c0b9b44a4abbbf2ed4fc949ac', 'admin_state_up': True, 'mtu': 8950, 'status': 'ACTIVE', 'subnets': [], 'shared': False, 'project_id': '4e8dc93c0b9b44a4abbbf2ed4fc949ac', 'port_security_enabled': True, 'router:external': False, 'provider:network_type': 'vlan', 'provider:physical_network': 'default', 'provider:segmentation_id': 832, 'availability_zone_hints': [], 'availability_zones': [], 'ipv4_address_scope': None, 'ipv6_address_scope': None, 'description': '', 'tags': [], 'created_at': '2025-05-07T12:46:44Z', 'updated_at': '2025-05-07T12:46:44Z', 'revision_number': 1}, Subnet: {'id': '433fe5ff-880b-404c-bd0b-267b4aa2033e', 'name': 'tempest-AttachInterfacesUnderV243Test-2060224724-subnet', 'tenant_id': '4e8dc93c0b9b44a4abbbf2ed4fc949ac', 'network_id': 'ce4f5d6f-204d-44b9-bac4-947482aa1ed3', 'ip_version': 4, 'subnetpool_id': None, 'enable_dhcp': True, 'ipv6_ra_mode': None, 'ipv6_address_mode': None, 'gateway_ip': '192.168.128.1', 'cidr': '192.168.128.0/28', 'allocation_pools': [{'start': '192.168.128.2', 'end': '192.168.128.14'}], 'host_routes': [], 'dns_nameservers': [], 'description': '', 'router:external': False, 'service_types': [], 'tags': [], 'created_at': '2025-05-07T12:46:44Z', 'updated_at': '2025-05-07T12:46:44Z', 'revision_number': 0, 'project_id': '4e8dc93c0b9b44a4abbbf2ed4fc949ac'}, Router: {'id': '9d2fbba1-eba2-4ca2-8919-b3fe83562367', 'name': 'tempest-AttachInterfacesUnderV243Test-2060224724-router', 'tenant_id': '4e8dc93c0b9b44a4abbbf2ed4fc949ac', 'admin_state_up': True, 'status': 'ACTIVE', 'external_gateway_info': {'network_id': '9fce3b12-85c0-4ea2-a134-4021521cb4ef', 'external_fixed_ips': [{'subnet_id': '12e1b29b-1a30-4408-845f-928612e3be0d', 'ip_address': '10.180.180.177'}], 'enable_snat': True}, 'description': '', 'availability_zones': [], 'distributed': False, 'ha': False, 'availability_zone_hints': [], 'routes': [], 'flavor_id': None, 'tags': [], 'created_at': '2025-05-07T12:46:45Z', 'updated_at': '2025-05-07T12:46:46Z', 'revision_number': 2, 'project_id': '4e8dc93c0b9b44a4abbbf2ed4fc949ac'}
2025-05-07 12:46:52.051 69628 INFO tempest.lib.common.rest_client [req-a4779a30-7f79-467b-a601-604d963b724c req-a4779a30-7f79-467b-a601-604d963b724c ] Request (FlavorsV255TestJSON:setUpClass): 204 PUT http://10.180.1.21/identity/v3/projects/32c2ec051cb647c08198d6c1ec3f3acc/users/149e4c226dc149879829d71c1817e592/roles/b31e4c8046d94409a39774954cdd386b 0.233s
2025-05-07 12:46:52.063 69608 INFO tempest.lib.common.rest_client [req-812e24c0-b3db-492c-97c3-2de43ca8a962 req-812e24c0-b3db-492c-97c3-2de43ca8a962 ] Request (ServerMetadataNegativeTestJSON:setUpClass): 201 POST http://10.180.1.21/identity/v3/auth/tokens 0.202s
2025-05-07 12:46:52.142 69606 INFO tempest.lib.common.rest_client [req-193a4efd-e13b-4183-8a64-be25ae34fe7a req-193a4efd-e13b-4183-8a64-be25ae34fe7a ] Request (MigrationsAdminTest:setUpClass): 201 POST http://10.180.1.21/identity/v3/auth/tokens 0.167s
2025-05-07 12:46:52.181 69600 INFO tempest.lib.common.rest_client [req-d960700d-855d-462c-9003-c74fd893d6a3 req-d960700d-855d-462c-9003-c74fd893d6a3 ] Request (QuotasAdminNegativeTest:tearDownClass): 204 DELETE http://10.180.1.21/identity/v3/projects/21d9733dcbb54203993be81325ef64aa 0.281s
2025-05-07 12:46:52.182 69600 INFO tempest.test [-] raised in ServerBootFromVolumeStableRescueTest.setUpClass. Invoking tearDownClass.
2025-05-07 12:46:52.233 69632 INFO tempest.lib.common.rest_client [req-06600155-e39c-477f-a528-35b42bea2863 req-06600155-e39c-477f-a528-35b42bea2863 ] Request (ImagesTestJSON:test_create_image_from_stopped_server): 200 GET http://10.180.1.21/compute/v2.1/servers/d52ddc48-9f9b-486e-bd3c-7407860cda16 1.439s
2025-05-07 12:46:52.243 69632 INFO tempest.common.waiters [-] State transition "BUILD/spawning" ==> "ACTIVE/None" after 24 second wait
