2025-05-07 12:47:13.179 69584 INFO tempest.lib.common.rest_client [req-a1a8a792-5c74-4c12-8d09-3f028bd75313 req-a1a8a792-5c74-4c12-8d09-3f028bd75313 ] Request (SecurityGroupRulesNegativeTestJSON:test_create_security_group_rule_with_invalid_from_port): 200 POST http://10.180.1.21/compute/v2.1/os-security-groups 1.693s
2025-05-07 12:47:13.203 69588 INFO tempest.lib.common.rest_client [req-a1e6072a-6508-4ac8-83db-b9fbb91bf1c2 req-a1e6072a-6508-4ac8-83db-b9fbb91bf1c2 ] Request (ImagesNegativeTestJSON:test_create_image_from_deleted_server): 200 GET http://10.180.1.21/compute/v2.1/servers/7650ef23-41ab-4aba-89cf-d33006912049 1.576s
2025-05-07 12:47:13.204 69620 INFO tempest.lib.common.rest_client [req-1faf2f2f-6cf8-417f-84df-a4855c065dd2 req-1faf2f2f-6cf8-417f-84df-a4855c065dd2 ] Request (FlavorsAdminTestJSON:test_is_public_string_variations): 200 GET http://10.180.1.21/compute/v2.1/flavors/detail?is_public=false 1.568s
2025-05-07 12:47:13.215 69588 INFO tempest.common.waiters [-] State transition "ACTIVE/deleting" ==> "DELETED/None" after 3 second wait
2025-05-07 12:47:13.229 69644 INFO tempest.lib.common.rest_client [req-f3a9a97d-5814-4406-8f0c-6e002ffdd8f6 req-f3a9a97d-5814-4406-8f0c-6e002ffdd8f6 ] Request (AggregatesAdminNegativeTestJSON:_run_cleanups): 200 DELETE http://10.180.1.21/compute/v2.1/os-aggregates/7 1.329s
2025-05-07 12:47:13.366 69638 INFO tempest.lib.common.rest_client [req-18ef2f9f-428a-4976-af27-ba8f8ecd22aa req-18ef2f9f-428a-4976-af27-ba8f8ecd22aa ] Request (TenantUsagesTestJSON:setUpClass): 200 GET http://10.180.1.21/compute/v2.1/servers/7ed18568-9081-4128-b83f-d859bedb1bcd 1.269s
2025-05-07 12:47:13.371 69640 INFO tempest.lib.common.rest_client [req-5df01746-63bb-4cc9-9375-c0ef8df0b48b req-5df01746-63bb-4cc9-9375-c0ef8df0b48b ] Request (SecurityGroupRulesTestJSON:test_security_group_rules_create): 200 POST http://10.180.1.21/compute/v2.1/os-security-groups 1.369s
2025-05-07 12:47:13.649 69626 INFO tempest.lib.common.rest_client [req-eade2b69-ff1f-4621-b4ae-4715cf11c5f7 req-eade2b69-ff1f-4621-b4ae-4715cf11c5f7 ] Request (ServersListShow296Test:test_list_show_update_rebuild_server_296): 202 POST http://10.180.1.21/compute/v2.1/servers/fc921d48-70c0-4871-9326-56333421f368/action 1.537s
2025-05-07 12:47:13.721 69622 INFO tempest.lib.common.rest_client [req-5895fa7f-f76b-4bba-8535-c01d79d7156e req-5895fa7f-f76b-4bba-8535-c01d79d7156e ] Request (ServerRescueNegativeTestJSON:setUpClass): 200 GET http://10.180.1.21/compute/v2.1/servers/64302f20-818c-44b7-9518-1f894a0fce19 1.457s
2025-05-07 12:47:13.759 69628 INFO tempest.lib.common.rest_client [req-5a1464c4-7775-4266-b6d9-77ca867b4c2e req-5a1464c4-7775-4266-b6d9-77ca867b4c2e ] Request (QuotasTestJSON:test_get_default_quotas): 200 GET http://10.180.1.21/compute/v2.1/os-quota-sets/8ba7f371162249cf9de8c45bd14ddc46/defaults 1.468s
2025-05-07 12:47:13.780 69612 INFO tempest.lib.common.rest_client [req-b019bd14-55fd-4d3b-8543-16e950198692 req-b019bd14-55fd-4d3b-8543-16e950198692 ] Request (ServerDiagnosticsNegativeTest:tearDownClass): 404 GET http://10.180.1.21/compute/v2.1/servers/d85e0043-5556-4de2-a14b-654fcb440aa3 1.355s
2025-05-07 12:47:13.841 69647 INFO tempest.lib.common.rest_client [req-f9d930d8-1383-418d-8a0a-6650cf1454ae req-f9d930d8-1383-418d-8a0a-6650cf1454ae ] Request (FloatingIPsAssociationTestJSON:setUpClass): 200 GET http://10.180.1.21/compute/v2.1/servers/60f120c5-345a-44dd-b716-03a686a518f3 0.928s
2025-05-07 12:47:13.876 69624 INFO tempest.lib.common.rest_client [req-ac715cdb-48ef-4b3c-b85c-51d98c0afdc3 req-ac715cdb-48ef-4b3c-b85c-51d98c0afdc3 ] Request (AttachInterfacesTestJSON:test_create_list_show_delete_interfaces_by_fixed_ip): 202 POST http://10.180.1.21/compute/v2.1/servers 1.670s
2025-05-07 12:47:13.898 69642 INFO tempest.lib.common.rest_client [req-83f29bb0-3638-46e9-a074-4c04a70041f9 req-83f29bb0-3638-46e9-a074-4c04a70041f9 ] Request (FlavorsV2TestJSON:test_list_flavors_filter_by_min_disk): 200 GET http://10.180.1.21/compute/v2.1/flavors/42 0.901s
2025-05-07 12:47:13.969 69612 INFO tempest.lib.common.rest_client [req-79701d62-a588-4e3d-a7b1-79dcd8cb529d req-79701d62-a588-4e3d-a7b1-79dcd8cb529d ] Request (ServerDiagnosticsNegativeTest:tearDownClass): 204 DELETE http://10.180.1.21/identity/v3/users/5a63c8ec38074f74978bc6a2fb977a82 0.188s
2025-05-07 12:47:13.980 69634 INFO tempest.lib.common.rest_client [req-fcdd0386-f01b-4613-974d-1604883851a6 req-fcdd0386-f01b-4613-974d-1604883851a6 ] Request (ServerExternalEventsTest:tearDownClass): 200 GET http://10.180.1.21/compute/v2.1/servers/9f4c2ce2-5ccf-4f32-b0f8-77524dcc7c81 0.915s
2025-05-07 12:47:14.060 69590 INFO tempest.lib.common.rest_client [req-a342801d-40a6-4e19-bc42-d458f0798071 req-a342801d-40a6-4e19-bc42-d458f0798071 ] Request (ServersWithSpecificFlavorTestJSON:test_verify_created_server_ephemeral_disk): 200 GET http://10.180.1.21/compute/v2.1/servers/fea7032f-f99b-4e36-9f39-1b0d98d5890c 1.116s
2025-05-07 12:47:14.103 69584 INFO tempest.lib.common.rest_client [req-09529271-efcd-49d4-a360-3f6ee502dd6e req-09529271-efcd-49d4-a360-3f6ee502dd6e ] Request (SecurityGroupRulesNegativeTestJSON:test_create_security_group_rule_with_invalid_from_port): 400 POST http://10.180.1.21/compute/v2.1/os-security-group-rules 0.919s
2025-05-07 12:47:14.143 69612 INFO tempest.lib.common.rest_client [req-9afcfdd5-fbd5-4260-b9d3-80bf8b3023a9 req-9afcfdd5-fbd5-4260-b9d3-80bf8b3023a9 ] Request (ServerDiagnosticsNegativeTest:tearDownClass): 204 DELETE http://10.180.1.21/identity/v3/users/551f3cd228f84e36848e2454cafb5567 0.173s
2025-05-07 12:47:14.144 69612 INFO tempest.lib.common.dynamic_creds [-] Deleting project and security group for project: 9eeeadb3f3a542b2a99339cc9ee0d49b
2025-05-07 12:47:14.190 69598 INFO tempest.lib.common.rest_client [req-a3db5558-bdd1-4077-8a5d-1023cccf1ef2 req-a3db5558-bdd1-4077-8a5d-1023cccf1ef2 ] Request (AttachInterfacesUnderV243Test:test_add_remove_fixed_ip): 200 GET http://10.180.1.21/compute/v2.1/servers/fdadbd72-38cd-4ea8-be7a-cffd5bea01e0 0.995s
2025-05-07 12:47:14.207 69620 INFO tempest.lib.common.rest_client [req-970cd34a-3cbd-4cc3-958b-048d4a4dab6f req-970cd34a-3cbd-4cc3-958b-048d4a4dab6f ] Request (FlavorsAdminTestJSON:test_is_public_string_variations): 200 GET http://10.180.1.21/compute/v2.1/flavors/detail?is_public=no 1.000s
2025-05-07 12:47:14.223 69612 INFO tempest.lib.common.rest_client [req-29ab0a9f-928b-431c-8df6-89c950f76ae3 req-29ab0a9f-928b-431c-8df6-89c950f76ae3 ] Request (ServerDiagnosticsNegativeTest:tearDownClass): 201 POST http://10.180.1.21/identity/v3/auth/tokens 0.079s
2025-05-07 12:47:14.241 69644 INFO tempest.lib.common.rest_client [req-1a239194-ee0a-46bd-a1a1-64b8edd91d5d req-1a239194-ee0a-46bd-a1a1-64b8edd91d5d ] Request (AggregatesAdminNegativeTestJSON:test_aggregate_remove_nonexistent_host): 200 POST http://10.180.1.21/compute/v2.1/os-aggregates 1.010s
2025-05-07 12:47:14.255 69604 INFO tempest.lib.common.rest_client [req-e717eca4-b6ad-470e-93c7-6bd4f3135b07 req-e717eca4-b6ad-470e-93c7-6bd4f3135b07 ] Request (ImagesMetadataTestJSON:setUp): 200 PUT http://10.180.1.21/compute/v2.1/images/c6451e93-a881-43dd-80ca-7c1b77be84fc/metadata 1.136s
2025-05-07 12:47:14.327 69606 INFO tempest.lib.common.rest_client [req-af91d9ba-227d-4647-a764-64075e8224b7 req-af91d9ba-227d-4647-a764-64075e8224b7 ] Request (MigrationsAdminTest:test_list_migrations_in_flavor_resize_situation): 200 GET http://10.180.1.21/compute/v2.1/servers/b2cfd112-af47-46e1-8546-f527c9d84253 1.087s
2025-05-07 12:47:14.342 69616 INFO tempest.lib.common.rest_client [req-775c2761-5f19-43e7-9cdd-5923f97a98ad req-775c2761-5f19-43e7-9cdd-5923f97a98ad ] Request (VolumesAdminNegativeTest:test_update_attached_volume_with_nonexistent_volume_in_body): 200 GET http://10.180.1.21/compute/v2.1/servers/abbf2f1c-ae9a-432a-baf5-7d7ce24253d3 1.044s
2025-05-07 12:47:14.585 69612 INFO tempest.lib.common.rest_client [req-dfc4abbd-0603-4abd-9ab3-b190f0002315 req-dfc4abbd-0603-4abd-9ab3-b190f0002315 ] Request (ServerDiagnosticsNegativeTest:tearDownClass): 200 GET http://10.180.1.21:9696/networking/v2.0/security-groups?tenant_id=9eeeadb3f3a542b2a99339cc9ee0d49b&name=default 0.361s
2025-05-07 12:47:14.657 69592 INFO tempest.lib.common.rest_client [req-bdcdc285-aca0-4581-b97b-bed3d825d29d req-bdcdc285-aca0-4581-b97b-bed3d825d29d ] Request (FloatingIPsAssociationNegativeTestJSON:setUpClass): 200 GET http://10.180.1.21/compute/v2.1/servers/693ccb58-152a-409f-ae7d-f0a68cf4880d 1.216s
2025-05-07 12:47:14.668 69592 INFO tempest.common.waiters [-] State transition "BUILD/networking" ==> "BUILD/spawning" after 20 second wait
2025-05-07 12:47:14.722 69612 INFO tempest.lib.common.rest_client [req-814ba492-39b0-4c5e-ac7a-d0945d569d1c req-814ba492-39b0-4c5e-ac7a-d0945d569d1c ] Request (ServerDiagnosticsNegativeTest:tearDownClass): 204 DELETE http://10.180.1.21:9696/networking/v2.0/security-groups/e1b3c1c3-6d4d-49a4-a4eb-598aa2b7931f 0.137s
2025-05-07 12:47:14.724 69614 INFO tempest.lib.common.rest_client [req-aeca5776-f3ca-4a59-a558-defa4b7bfd23 req-aeca5776-f3ca-4a59-a558-defa4b7bfd23 ] Request (ListImageFiltersTestJSON:setUpClass): 200 GET http://10.180.1.21/compute/v2.1/servers/fad3ad44-43cd-442e-8723-d27bbb893e0d 1.226s
2025-05-07 12:47:14.724 69618 WARNING tempest.lib.common.ssh [-] Failed to establish authenticated ssh connection to cirros@10.180.180.174 ([Errno None] Unable to connect to port 22 on 10.180.180.174). Number attempts: 2. Retry after 3 seconds.: paramiko.ssh_exception.NoValidConnectionsError: [Errno None] Unable to connect to port 22 on 10.180.180.174
2025-05-07 12:47:14.744 69640 INFO tempest.lib.common.rest_client [req-8c39dfea-e87f-49d5-9094-02f9cfe2169a req-8c39dfea-e87f-49d5-9094-02f9cfe2169a ] Request (SecurityGroupRulesTestJSON:test_security_group_rules_create): 200 POST http://10.180.1.21/compute/v2.1/os-security-group-rules 1.366s
2025-05-07 12:47:14.817 69626 INFO tempest.lib.common.rest_client [req-fbd284b4-d58e-4748-9486-88859bca7068 req-fbd284b4-d58e-4748-9486-88859bca7068 ] Request (ServersListShow296Test:test_list_show_update_rebuild_server_296): 200 GET http://10.180.1.21/compute/v2.1/servers/fc921d48-70c0-4871-9326-56333421f368 1.152s
2025-05-07 12:47:14.819 69612 INFO tempest.lib.common.rest_client [req-a40ae186-497b-4e2b-9783-1555baaecd00 req-a40ae186-497b-4e2b-9783-1555baaecd00 ] Request (ServerDiagnosticsNegativeTest:tearDownClass): 204 DELETE http://10.180.1.21/identity/v3/projects/9eeeadb3f3a542b2a99339cc9ee0d49b 0.096s
2025-05-07 12:47:14.819 69612 INFO tempest.lib.common.dynamic_creds [-] Deleting project and security group for project: a9a36ee5f52d4d07836a0ae55f5a6466
2025-05-07 12:47:14.853 69630 INFO tempest.lib.common.rest_client [req-993442c4-2bff-432e-8b4f-d7650eae7eb8 req-993442c4-2bff-432e-8b4f-d7650eae7eb8 ] Request (ServersV294TestFqdnHostnames:setUpClass): 200 GET http://10.180.1.21/compute/v2.1/servers/7715cc43-6505-439b-ade5-06092096e2d6 1.239s
2025-05-07 12:47:14.887 69594 INFO tempest.lib.common.rest_client [req-d0246a23-9096-4cd9-b89c-e0175f5017dd req-d0246a23-9096-4cd9-b89c-e0175f5017dd ] Request (ServersAdminNegativeTestJSON:test_migrate_server_invalid_state): 200 GET http://10.180.1.21/compute/v2.1/servers/d098ccf8-5ea6-4ad7-b99b-de0d95e6f371 1.214s
2025-05-07 12:47:14.910 69608 INFO tempest.lib.common.rest_client [req-8727d1a7-18da-40b3-bf1d-2a401a062eea req-8727d1a7-18da-40b3-bf1d-2a401a062eea ] Request (ServerMetadataNegativeTestJSON:setUpClass): 200 GET http://10.180.1.21/compute/v2.1/servers/a7c372d8-0085-4e17-a038-78e473fb7adb 1.187s
2025-05-07 12:47:14.962 69602 INFO tempest.lib.common.rest_client [req-5dc6fe6f-3d0c-49f6-a7b3-79593c308b24 req-5dc6fe6f-3d0c-49f6-a7b3-79593c308b24 ] Request (ServersAdminTestJSON:test_create_server_with_scheduling_hint): 200 GET http://10.180.1.21/compute/v2.1/servers/71b607ba-1ea1-4d50-8f6c-87e2d88706ec 1.188s
2025-05-07 12:47:14.967 69612 INFO tempest.lib.common.rest_client [req-9b7439be-7c00-45fd-8074-bb20d7e2150b req-9b7439be-7c00-45fd-8074-bb20d7e2150b ] Request (ServerDiagnosticsNegativeTest:tearDownClass): 200 GET http://10.180.1.21:9696/networking/v2.0/security-groups?tenant_id=a9a36ee5f52d4d07836a0ae55f5a6466&name=default 0.147s
2025-05-07 12:47:14.998 69632 INFO tempest.lib.common.rest_client [req-1596d5c9-691d-48eb-b603-fa12c86fe19b req-1596d5c9-691d-48eb-b603-fa12c86fe19b ] Request (ImagesTestJSON:test_create_image_from_stopped_server): 200 GET http://10.180.1.21/compute/v2.1/images/008831b3-78d8-4e16-a76c-946e07fcac7a 1.189s
2025-05-07 12:47:15.034 69628 INFO tempest.lib.common.rest_client [req-2da2891f-4112-4fd2-86dc-fa85b0ce765c req-2da2891f-4112-4fd2-86dc-fa85b0ce765c ] Request (QuotasTestJSON:test_get_quotas): 200 GET http://10.180.1.21/compute/v2.1/os-quota-sets/8ba7f371162249cf9de8c45bd14ddc46 1.270s
2025-05-07 12:47:15.065 69642 INFO tempest.lib.common.rest_client [req-8baaa39a-c93f-41d8-adda-c357de059a5f req-8baaa39a-c93f-41d8-adda-c357de059a5f ] Request (FlavorsV2TestJSON:test_list_flavors_filter_by_min_disk): 200 GET http://10.180.1.21/compute/v2.1/flavors?minDisk=2 1.164s
2025-05-07 12:47:15.071 69624 INFO tempest.lib.common.rest_client [req-f1ad8109-4c1e-42d5-9ea7-7868c39f2a85 req-f1ad8109-4c1e-42d5-9ea7-7868c39f2a85 ] Request (AttachInterfacesTestJSON:test_create_list_show_delete_interfaces_by_fixed_ip): 200 GET http://10.180.1.21/compute/v2.1/servers/cb44961f-d39b-4a67-a568-780c0ac1ec7b 1.189s
2025-05-07 12:47:15.091 69612 INFO tempest.lib.common.rest_client [req-c3dad358-0023-4d6f-ae53-76443caed979 req-c3dad358-0023-4d6f-ae53-76443caed979 ] Request (ServerDiagnosticsNegativeTest:tearDownClass): 204 DELETE http://10.180.1.21:9696/networking/v2.0/security-groups/2e1e7087-aed9-42f0-b0ea-93b08feda2af 0.123s
2025-05-07 12:47:15.142 69586 INFO tempest.lib.common.rest_client [req-84485b6f-be2c-486c-bcd9-ddd655875d35 req-84485b6f-be2c-486c-bcd9-ddd655875d35 ] Request (ServersNegativeTestJSON:setUpClass): 200 GET http://10.180.1.21/compute/v2.1/servers/6b05f946-8630-4f0b-98aa-0149e4d97e27 1.060s
2025-05-07 12:47:15.149 69584 INFO tempest.lib.common.rest_client [req-b3b0273a-ab3a-4006-bdbd-9c17879e5e84 req-b3b0273a-ab3a-4006-bdbd-9c17879e5e84 ] Request (SecurityGroupRulesNegativeTestJSON:test_create_security_group_rule_with_invalid_id): 400 POST http://10.180.1.21/compute/v2.1/os-security-group-rules 1.045s
2025-05-07 12:47:15.205 69620 INFO tempest.lib.common.rest_client [req-1b63abce-8034-4890-8649-080861afee8c req-1b63abce-8034-4890-8649-080861afee8c ] Request (FlavorsAdminTestJSON:test_is_public_string_variations): 200 GET http://10.180.1.21/compute/v2.1/flavors/detail?is_public=0 0.993s
2025-05-07 12:47:15.212 69610 INFO tempest.lib.common.rest_client [req-2fc529a7-dc2f-447c-9b0f-97349365d087 req-2fc529a7-dc2f-447c-9b0f-97349365d087 ] Request (InstanceActionsTestJSON:setUpClass): 200 GET http://10.180.1.21/compute/v2.1/servers/605ed07c-6abd-4de6-984d-772f43d0e3c8 1.262s
2025-05-07 12:47:15.238 69612 INFO tempest.lib.common.rest_client [req-d1d42f5d-a066-4e7e-90c0-790478b2e295 req-d1d42f5d-a066-4e7e-90c0-790478b2e295 ] Request (ServerDiagnosticsNegativeTest:tearDownClass): 204 DELETE http://10.180.1.21/identity/v3/projects/a9a36ee5f52d4d07836a0ae55f5a6466 0.145s
2025-05-07 12:47:15.239 69612 INFO tempest.test [-] raised in UnshelveToHostMultiNodesTest.setUpClass. Invoking tearDownClass.
2025-05-07 12:47:15.249 69644 INFO tempest.lib.common.rest_client [req-75ad2653-ea66-41fc-bd0b-a955724c1e34 req-75ad2653-ea66-41fc-bd0b-a955724c1e34 ] Request (AggregatesAdminNegativeTestJSON:test_aggregate_remove_nonexistent_host): 404 POST http://10.180.1.21/compute/v2.1/os-aggregates/8/action 1.006s
2025-05-07 12:47:15.277 69588 INFO tempest.lib.common.rest_client [req-94b84d78-1842-483a-b814-fea942833b47 req-94b84d78-1842-483a-b814-fea942833b47 ] Request (ImagesNegativeTestJSON:test_create_image_from_deleted_server): 200 GET http://10.180.1.21/compute/v2.1/servers/7650ef23-41ab-4aba-89cf-d33006912049 1.060s
2025-05-07 12:47:15.299 69604 INFO tempest.lib.common.rest_client [req-da48ac15-a543-4b12-8e15-dfc397489af6 req-da48ac15-a543-4b12-8e15-dfc397489af6 ] Request (ImagesMetadataTestJSON:test_get_image_metadata_item): 200 GET http://10.180.1.21/compute/v2.1/images/c6451e93-a881-43dd-80ca-7c1b77be84fc/metadata/os_distro 1.043s
2025-05-07 12:47:15.329 69612 INFO tempest.lib.common.rest_client [req-26f8c46a-e5b5-48d7-8480-b0514012f2ce req-26f8c46a-e5b5-48d7-8480-b0514012f2ce ] Request (ServicesAdminNegativeTestJSON:setUpClass): 201 POST http://10.180.1.21/identity/v3/auth/tokens 0.088s
2025-05-07 12:47:15.369 69612 INFO tempest.lib.common.rest_client [req-8efd19ec-25b3-4d0a-bff0-f6164d9a801c req-8efd19ec-25b3-4d0a-bff0-f6164d9a801c ] Request (ServicesAdminNegativeTestJSON:setUpClass): 201 POST http://10.180.1.21/identity/v3/auth/tokens 0.037s
2025-05-07 12:47:15.389 69622 INFO tempest.lib.common.rest_client [req-24d71685-b8a7-427d-b9d9-cd973e55c2ab req-24d71685-b8a7-427d-b9d9-cd973e55c2ab ] Request (ServerRescueNegativeTestJSON:setUpClass): 200 GET http://10.180.1.21/compute/v2.1/servers/64302f20-818c-44b7-9518-1f894a0fce19 0.659s
2025-05-07 12:47:15.399 69612 INFO tempest.lib.common.rest_client [req-bb51a739-8b81-4016-94bf-eb5ce898f093 req-bb51a739-8b81-4016-94bf-eb5ce898f093 ] Request (ServicesAdminNegativeTestJSON:setUpClass): 200 GET http://10.180.1.21/identity/v3/domains?name=Default 0.029s
2025-05-07 12:47:15.441 69638 INFO tempest.lib.common.rest_client [req-68aa6c79-85de-4e03-a043-ceec415ae589 req-68aa6c79-85de-4e03-a043-ceec415ae589 ] Request (TenantUsagesTestJSON:setUpClass): 200 GET http://10.180.1.21/compute/v2.1/servers/7ed18568-9081-4128-b83f-d859bedb1bcd 1.067s
2025-05-07 12:47:15.445 69612 INFO tempest.lib.common.rest_client [req-8c4cf4ed-d9cd-4c86-a826-5b76c108e1da req-8c4cf4ed-d9cd-4c86-a826-5b76c108e1da ] Request (ServicesAdminNegativeTestJSON:setUpClass): 201 POST http://10.180.1.21/identity/v3/projects 0.045s
2025-05-07 12:47:15.499 69647 INFO tempest.lib.common.rest_client [req-6c815a06-d955-49b2-b3e1-7c3ceafa76e6 req-6c815a06-d955-49b2-b3e1-7c3ceafa76e6 ] Request (FloatingIPsAssociationTestJSON:setUpClass): 200 GET http://10.180.1.21/compute/v2.1/servers/60f120c5-345a-44dd-b716-03a686a518f3 0.638s
2025-05-07 12:47:15.524 69612 INFO tempest.lib.common.rest_client [req-d53d0d0c-0fd1-4a80-918d-dfcffa369708 req-d53d0d0c-0fd1-4a80-918d-dfcffa369708 ] Request (ServicesAdminNegativeTestJSON:setUpClass): 201 POST http://10.180.1.21/identity/v3/users 0.078s
2025-05-07 12:47:15.537 69640 INFO tempest.lib.common.rest_client [req-a23770e1-edb3-49d5-b12d-211ba6ba1112 req-a23770e1-edb3-49d5-b12d-211ba6ba1112 ] Request (SecurityGroupRulesTestJSON:test_security_group_rules_create_with_optional_cidr): 200 POST http://10.180.1.21/compute/v2.1/os-security-groups 0.787s
2025-05-07 12:47:15.553 69612 INFO tempest.lib.common.rest_client [req-ab8254d1-6cee-4289-8f67-c86aaf035bc9 req-ab8254d1-6cee-4289-8f67-c86aaf035bc9 ] Request (ServicesAdminNegativeTestJSON:setUpClass): 200 GET http://10.180.1.21/identity/v3/roles 0.029s
2025-05-07 12:47:15.575 69634 INFO tempest.lib.common.rest_client [req-31c93c14-39ce-4fc9-b936-8a1b22fec1b5 req-31c93c14-39ce-4fc9-b936-8a1b22fec1b5 ] Request (ServerExternalEventsTest:tearDownClass): 200 GET http://10.180.1.21/compute/v2.1/servers/9f4c2ce2-5ccf-4f32-b0f8-77524dcc7c81 0.580s
2025-05-07 12:47:15.583 69612 INFO tempest.lib.common.rest_client [req-c168991f-47e7-431d-967f-30e0a697824d req-c168991f-47e7-431d-967f-30e0a697824d ] Request (ServicesAdminNegativeTestJSON:setUpClass): 204 PUT http://10.180.1.21/identity/v3/projects/2e1c8f73070747ad86d5e547f4e1f0ab/users/7d96bc0bd0e3494298131d622f4d5ac4/roles/6a2842a37bb142ff877363e1ba8bb1d0 0.029s
2025-05-07 12:47:15.584 69612 INFO tempest.lib.common.dynamic_creds [-] Dynamic test user 7d96bc0bd0e3494298131d622f4d5ac4 is created with scope project and roles: ['member']
2025-05-07 12:47:15.584 69612 INFO tempest.lib.common.dynamic_creds [-] Acquired dynamic creds: credentials: Credentials: {'domain_id': 'default', 'domain_name': 'Default', 'username': 'tempest-ServicesAdminNegativeTestJSON-1124939399-project-member', 'project_domain_id': 'default', 'project_domain_name': 'Default', 'project_id': '2e1c8f73070747ad86d5e547f4e1f0ab', 'project_name': 'tempest-ServicesAdminNegativeTestJSON-1124939399', 'tenant_id': '2e1c8f73070747ad86d5e547f4e1f0ab', 'tenant_name': 'tempest-ServicesAdminNegativeTestJSON-1124939399', 'user_domain_id': 'default', 'user_domain_name': 'Default', 'user_id': '7d96bc0bd0e3494298131d622f4d5ac4', 'system': None}, Network: None, Subnet: None, Router: None
2025-05-07 12:47:15.584 69612 INFO tempest.lib.common.dynamic_creds [-] Created isolated network resources for: credentials: Credentials: {'domain_id': 'default', 'domain_name': 'Default', 'username': 'tempest-ServicesAdminNegativeTestJSON-1124939399-project-member', 'project_domain_id': 'default', 'project_domain_name': 'Default', 'project_id': '2e1c8f73070747ad86d5e547f4e1f0ab', 'project_name': 'tempest-ServicesAdminNegativeTestJSON-1124939399', 'tenant_id': '2e1c8f73070747ad86d5e547f4e1f0ab', 'tenant_name': 'tempest-ServicesAdminNegativeTestJSON-1124939399', 'user_domain_id': 'default', 'user_domain_name': 'Default', 'user_id': '7d96bc0bd0e3494298131d622f4d5ac4', 'system': None}, Network: None, Subnet: None, Router: None
2025-05-07 12:47:15.592 69642 INFO tempest.lib.common.rest_client [req-8582e0c5-f405-4778-93c8-e7e8624e68af req-8582e0c5-f405-4778-93c8-e7e8624e68af ] Request (FlavorsV2TestJSON:test_list_flavors_filter_by_min_ram): 200 GET http://10.180.1.21/compute/v2.1/flavors/42 0.523s
2025-05-07 12:47:15.661 69612 INFO tempest.lib.common.rest_client [req-c852c59d-8ae2-4855-8c9e-f846016e9928 req-c852c59d-8ae2-4855-8c9e-f846016e9928 ] Request (ServicesAdminNegativeTestJSON:setUpClass): 201 POST http://10.180.1.21/identity/v3/auth/tokens 0.074s
2025-05-07 12:47:15.702 69628 INFO tempest.lib.common.rest_client [req-6bd96b7e-9dce-483c-91a4-23a9603988d2 req-6bd96b7e-9dce-483c-91a4-23a9603988d2 ] Request (QuotasTestJSON:test_get_quotas): 200 GET http://10.180.1.21/compute/v2.1/os-quota-sets/8ba7f371162249cf9de8c45bd14ddc46?user_id=1d2859f3774742028b74f791401f530a 0.665s
2025-05-07 12:47:15.728 69590 INFO tempest.lib.common.rest_client [req-eefd0c7a-1c21-4613-8b11-45d7dbdaa66c req-eefd0c7a-1c21-4613-8b11-45d7dbdaa66c ] Request (ServersWithSpecificFlavorTestJSON:test_verify_created_server_ephemeral_disk): 200 GET http://10.180.1.21/compute/v2.1/servers/fea7032f-f99b-4e36-9f39-1b0d98d5890c 0.654s
2025-05-07 12:47:15.731 69612 INFO tempest.lib.common.rest_client [req-e0d8817a-9764-4f1d-ae3f-47c483384409 req-e0d8817a-9764-4f1d-ae3f-47c483384409 ] Request (ServicesAdminNegativeTestJSON:setUpClass): 201 POST http://10.180.1.21/identity/v3/projects 0.069s
2025-05-07 12:47:15.783 69628 INFO tempest.lib.common.rest_client [req-fb0cdb8f-1259-45ba-a8dc-17fe39442266 req-fb0cdb8f-1259-45ba-a8dc-17fe39442266 ] Request (QuotasTestJSON:tearDownClass): 204 DELETE http://10.180.1.21/identity/v3/users/1d2859f3774742028b74f791401f530a 0.077s
2025-05-07 12:47:15.783 69628 INFO tempest.lib.common.dynamic_creds [-] Deleting project and security group for project: 8ba7f371162249cf9de8c45bd14ddc46
2025-05-07 12:47:15.788 69598 INFO tempest.lib.common.rest_client [req-9202418e-60b7-48e9-8fb6-670c870fc48e req-9202418e-60b7-48e9-8fb6-670c870fc48e ] Request (AttachInterfacesUnderV243Test:test_add_remove_fixed_ip): 200 GET http://10.180.1.21/compute/v2.1/servers/fdadbd72-38cd-4ea8-be7a-cffd5bea01e0 0.588s
2025-05-07 12:47:15.812 69620 INFO tempest.lib.common.rest_client [req-d98e469b-cf0a-4372-a22b-a55a8c2183d0 req-d98e469b-cf0a-4372-a22b-a55a8c2183d0 ] Request (FlavorsAdminTestJSON:test_is_public_string_variations): 200 GET http://10.180.1.21/compute/v2.1/flavors/detail?is_public=t 0.601s
2025-05-07 12:47:15.828 69612 INFO tempest.lib.common.rest_client [req-33bd6dd8-63b7-4093-8b69-342e20e859f9 req-33bd6dd8-63b7-4093-8b69-342e20e859f9 ] Request (ServicesAdminNegativeTestJSON:setUpClass): 201 POST http://10.180.1.21/identity/v3/users 0.096s
2025-05-07 12:47:15.836 69644 INFO tempest.lib.common.rest_client [req-f6ff907d-8a06-48da-9a91-868291fb7869 req-f6ff907d-8a06-48da-9a91-868291fb7869 ] Request (AggregatesAdminNegativeTestJSON:_run_cleanups): 200 DELETE http://10.180.1.21/compute/v2.1/os-aggregates/8 0.586s
2025-05-07 12:47:15.849 69628 INFO tempest.lib.common.rest_client [req-58a32962-903b-4a85-9c42-7e19f68d4fe0 req-58a32962-903b-4a85-9c42-7e19f68d4fe0 ] Request (QuotasTestJSON:tearDownClass): 201 POST http://10.180.1.21/identity/v3/auth/tokens 0.066s
2025-05-07 12:47:15.860 69612 INFO tempest.lib.common.rest_client [req-271ba608-2c54-4f90-badd-1ff04ae83998 req-271ba608-2c54-4f90-badd-1ff04ae83998 ] Request (ServicesAdminNegativeTestJSON:setUpClass): 200 GET http://10.180.1.21/identity/v3/roles 0.032s
2025-05-07 12:47:15.878 69584 INFO tempest.lib.common.rest_client [req-2d4be286-421e-45c7-9c7d-5bf4c70da12a req-2d4be286-421e-45c7-9c7d-5bf4c70da12a ] Request (SecurityGroupRulesNegativeTestJSON:test_create_security_group_rule_with_invalid_ip_protocol): 200 POST http://10.180.1.21/compute/v2.1/os-security-groups 0.727s
2025-05-07 12:47:15.915 69644 INFO tempest.lib.common.rest_client [req-7025c12a-3bc7-43f3-98c9-5b19a886a4d9 req-7025c12a-3bc7-43f3-98c9-5b19a886a4d9 ] Request (AggregatesAdminNegativeTestJSON:tearDownClass): 204 DELETE http://10.180.1.21/identity/v3/users/01fc453bcd714fb1b9e329138ae728d4 0.078s
2025-05-07 12:47:15.957 69606 INFO tempest.lib.common.rest_client [req-315900da-c752-4cf0-b9e6-4e098ad99ff2 req-315900da-c752-4cf0-b9e6-4e098ad99ff2 ] Request (MigrationsAdminTest:test_list_migrations_in_flavor_resize_situation): 200 GET http://10.180.1.21/compute/v2.1/servers/b2cfd112-af47-46e1-8546-f527c9d84253 0.618s
2025-05-07 12:47:15.996 69604 INFO tempest.lib.common.rest_client [req-75a2c8ec-0429-4002-a45d-1605c5923879 req-75a2c8ec-0429-4002-a45d-1605c5923879 ] Request (ImagesMetadataTestJSON:setUp): 200 PUT http://10.180.1.21/compute/v2.1/images/c6451e93-a881-43dd-80ca-7c1b77be84fc/metadata 0.695s
2025-05-07 12:47:15.999 69612 INFO tempest.lib.common.rest_client [req-85186676-1527-495e-9630-e4ef7c0e788b req-85186676-1527-495e-9630-e4ef7c0e788b ] Request (ServicesAdminNegativeTestJSON:setUpClass): 204 PUT http://10.180.1.21/identity/v3/projects/8669a996887441beb8106fea777760df/users/900f852c594b4cb1a607b1f9d91bf252/roles/b31e4c8046d94409a39774954cdd386b 0.138s
2025-05-07 12:47:16.028 69616 INFO tempest.lib.common.rest_client [req-5f6524e7-744b-4a1f-8578-cd950e8f214d req-5f6524e7-744b-4a1f-8578-cd950e8f214d ] Request (VolumesAdminNegativeTest:test_update_attached_volume_with_nonexistent_volume_in_body): 200 GET http://10.180.1.21/compute/v2.1/servers/abbf2f1c-ae9a-432a-baf5-7d7ce24253d3 0.674s
2025-05-07 12:47:16.063 69642 INFO tempest.lib.common.rest_client [req-39b64892-144a-408e-a08a-cf7e53e48d40 req-39b64892-144a-408e-a08a-cf7e53e48d40 ] Request (FlavorsV2TestJSON:test_list_flavors_filter_by_min_ram): 200 GET http://10.180.1.21/compute/v2.1/flavors?minRam=193 0.469s
2025-05-07 12:47:16.080 69612 INFO tempest.lib.common.rest_client [req-e423b91a-6bf3-4d10-8d16-dab62db836ee req-e423b91a-6bf3-4d10-8d16-dab62db836ee ] Request (ServicesAdminNegativeTestJSON:setUpClass): 200 GET http://10.180.1.21/identity/v3/roles 0.081s
2025-05-07 12:47:16.101 69612 INFO tempest.lib.common.rest_client [req-a7c16cf2-8323-4b6d-8401-ca61db6cd924 req-a7c16cf2-8323-4b6d-8401-ca61db6cd924 ] Request (ServicesAdminNegativeTestJSON:setUpClass): 204 PUT http://10.180.1.21/identity/v3/projects/8669a996887441beb8106fea777760df/users/900f852c594b4cb1a607b1f9d91bf252/roles/b31e4c8046d94409a39774954cdd386b 0.020s
2025-05-07 12:47:16.102 69612 INFO tempest.lib.common.dynamic_creds [-] Dynamic test user 900f852c594b4cb1a607b1f9d91bf252 is created with scope project and roles: ['admin']
2025-05-07 12:47:16.102 69612 INFO tempest.lib.common.dynamic_creds [-] Acquired dynamic creds: credentials: Credentials: {'domain_id': 'default', 'domain_name': 'Default', 'username': 'tempest-ServicesAdminNegativeTestJSON-1300646855-project-admin', 'project_domain_id': 'default', 'project_domain_name': 'Default', 'project_id': '8669a996887441beb8106fea777760df', 'project_name': 'tempest-ServicesAdminNegativeTestJSON-1300646855', 'tenant_id': '8669a996887441beb8106fea777760df', 'tenant_name': 'tempest-ServicesAdminNegativeTestJSON-1300646855', 'user_domain_id': 'default', 'user_domain_name': 'Default', 'user_id': '900f852c594b4cb1a607b1f9d91bf252', 'system': None}, Network: None, Subnet: None, Router: None
2025-05-07 12:47:16.102 69612 INFO tempest.lib.common.dynamic_creds [-] Created isolated network resources for: credentials: Credentials: {'domain_id': 'default', 'domain_name': 'Default', 'username': 'tempest-ServicesAdminNegativeTestJSON-1300646855-project-admin', 'project_domain_id': 'default', 'project_domain_name': 'Default', 'project_id': '8669a996887441beb8106fea777760df', 'project_name': 'tempest-ServicesAdminNegativeTestJSON-1300646855', 'tenant_id': '8669a996887441beb8106fea777760df', 'tenant_name': 'tempest-ServicesAdminNegativeTestJSON-1300646855', 'user_domain_id': 'default', 'user_domain_name': 'Default', 'user_id': '900f852c594b4cb1a607b1f9d91bf252', 'system': None}, Network: None, Subnet: None, Router: None
2025-05-07 12:47:16.147 69644 INFO tempest.lib.common.rest_client [req-bb26985a-a4c9-4104-98f3-8d791cbf118e req-bb26985a-a4c9-4104-98f3-8d791cbf118e ] Request (AggregatesAdminNegativeTestJSON:tearDownClass): 204 DELETE http://10.180.1.21/identity/v3/users/eeefee98dbfc4cb883e364bc52eabe60 0.231s
2025-05-07 12:47:16.147 69644 INFO tempest.lib.common.dynamic_creds [-] Deleting project and security group for project: 7f02f538573d4b1c873280cc61c4090d
2025-05-07 12:47:16.154 69640 INFO tempest.lib.common.rest_client [req-33b51947-f4bc-434a-b6b5-7ca221efc75b req-33b51947-f4bc-434a-b6b5-7ca221efc75b ] Request (SecurityGroupRulesTestJSON:test_security_group_rules_create_with_optional_cidr): 200 POST http://10.180.1.21/compute/v2.1/os-security-group-rules 0.613s
2025-05-07 12:47:16.194 69628 INFO tempest.lib.common.rest_client [req-3ec6e8f4-ea65-4b9f-84ca-70d5901c744f req-3ec6e8f4-ea65-4b9f-84ca-70d5901c744f ] Request (QuotasTestJSON:tearDownClass): 200 GET http://10.180.1.21:9696/networking/v2.0/security-groups?tenant_id=8ba7f371162249cf9de8c45bd14ddc46&name=default 0.344s
2025-05-07 12:47:16.203 69612 INFO tempest.lib.common.rest_client [req-e414b7a7-bfe7-4e33-a8e8-54fb6a6a6829 req-e414b7a7-bfe7-4e33-a8e8-54fb6a6a6829 ] Request (ServicesAdminNegativeTestJSON:setUpClass): 201 POST http://10.180.1.21/identity/v3/auth/tokens 0.097s
2025-05-07 12:47:16.219 69644 INFO tempest.lib.common.rest_client [req-d414c336-d5b4-49a9-ac3a-e17ac7d02d19 req-d414c336-d5b4-49a9-ac3a-e17ac7d02d19 ] Request (AggregatesAdminNegativeTestJSON:tearDownClass): 201 POST http://10.180.1.21/identity/v3/auth/tokens 0.072s
2025-05-07 12:47:16.233 69614 INFO tempest.lib.common.rest_client [req-56d2979f-edf3-409e-b88c-c1d23120c037 req-56d2979f-edf3-409e-b88c-c1d23120c037 ] Request (ListImageFiltersTestJSON:setUpClass): 200 GET http://10.180.1.21/compute/v2.1/servers/fad3ad44-43cd-442e-8723-d27bbb893e0d 0.497s
2025-05-07 12:47:16.268 69592 INFO tempest.lib.common.rest_client [req-741d867e-e586-4c3c-9282-83407a160d0a req-741d867e-e586-4c3c-9282-83407a160d0a ] Request (FloatingIPsAssociationNegativeTestJSON:setUpClass): 200 GET http://10.180.1.21/compute/v2.1/servers/693ccb58-152a-409f-ae7d-f0a68cf4880d 0.598s
2025-05-07 12:47:16.299 69620 INFO tempest.lib.common.rest_client [req-06d5c60b-6bea-41e9-b010-f334a71baec3 req-06d5c60b-6bea-41e9-b010-f334a71baec3 ] Request (FlavorsAdminTestJSON:test_is_public_string_variations): 200 GET http://10.180.1.21/compute/v2.1/flavors/detail?is_public=true 0.481s
2025-05-07 12:47:16.316 69628 INFO tempest.lib.common.rest_client [req-a5fbb809-6bbe-4e9f-9771-26d21daccbd9 req-a5fbb809-6bbe-4e9f-9771-26d21daccbd9 ] Request (QuotasTestJSON:tearDownClass): 204 DELETE http://10.180.1.21:9696/networking/v2.0/security-groups/e2be3cd0-b94a-4666-bf60-5bd36318f47e 0.122s
2025-05-07 12:47:16.358 69596 INFO tempest.lib.common.rest_client [req-10c016eb-1b16-47a8-9fc6-9c5a88eeadb0 req-10c016eb-1b16-47a8-9fc6-9c5a88eeadb0 ] Request (QuotaClassesAdminTestJSON:test_update_default_quotas): 200 GET http://10.180.1.21/compute/v2.1/os-quota-class-sets/default 0.566s
2025-05-07 12:47:16.372 69626 INFO tempest.lib.common.rest_client [req-e76930ba-28f8-46b0-be8a-40da6750cea8 req-e76930ba-28f8-46b0-be8a-40da6750cea8 ] Request (ServersListShow296Test:test_list_show_update_rebuild_server_296): 200 GET http://10.180.1.21/compute/v2.1/servers/fc921d48-70c0-4871-9326-56333421f368 0.540s
2025-05-07 12:47:16.387 69628 INFO tempest.lib.common.rest_client [req-402ab1aa-0e48-44e2-a7c0-e12ea0e763ff req-402ab1aa-0e48-44e2-a7c0-e12ea0e763ff ] Request (QuotasTestJSON:tearDownClass): 204 DELETE http://10.180.1.21/identity/v3/projects/8ba7f371162249cf9de8c45bd14ddc46 0.070s
2025-05-07 12:47:16.401 69584 INFO tempest.lib.common.rest_client [req-bda5cf0a-2b7c-41bc-a699-421c8a7233e0 req-bda5cf0a-2b7c-41bc-a699-421c8a7233e0 ] Request (SecurityGroupRulesNegativeTestJSON:test_create_security_group_rule_with_invalid_ip_protocol): 400 POST http://10.180.1.21/compute/v2.1/os-security-group-rules 0.517s
2025-05-07 12:47:16.453 69594 INFO tempest.lib.common.rest_client [req-239aee06-77d4-492d-bb5d-45dd45089bee req-239aee06-77d4-492d-bb5d-45dd45089bee ] Request (ServersAdminNegativeTestJSON:test_migrate_server_invalid_state): 200 GET http://10.180.1.21/compute/v2.1/servers/d098ccf8-5ea6-4ad7-b99b-de0d95e6f371 0.557s
2025-05-07 12:47:16.458 69628 INFO tempest.lib.common.rest_client [req-68fe1a15-d686-4a76-ba31-40be415d62dd req-68fe1a15-d686-4a76-ba31-40be415d62dd ] Request (VolumesSnapshotsTestJSON:setUpClass): 201 POST http://10.180.1.21/identity/v3/auth/tokens 0.068s
2025-05-07 12:47:16.461 69594 INFO tempest.common.waiters [-] State transition "BUILD/None" ==> "BUILD/networking" after 22 second wait
2025-05-07 12:47:16.479 69644 INFO tempest.lib.common.rest_client [req-f80a3305-e86c-4b12-af9b-4ef3447d0b34 req-f80a3305-e86c-4b12-af9b-4ef3447d0b34 ] Request (AggregatesAdminNegativeTestJSON:tearDownClass): 200 GET http://10.180.1.21:9696/networking/v2.0/security-groups?tenant_id=7f02f538573d4b1c873280cc61c4090d&name=default 0.259s
2025-05-07 12:47:16.487 69630 INFO tempest.lib.common.rest_client [req-c9bd2476-b38c-4ae5-ac7a-0539e2420822 req-c9bd2476-b38c-4ae5-ac7a-0539e2420822 ] Request (ServersV294TestFqdnHostnames:setUpClass): 200 GET http://10.180.1.21/compute/v2.1/servers/7715cc43-6505-439b-ade5-06092096e2d6 0.616s
2025-05-07 12:47:16.488 69628 INFO tempest.lib.common.rest_client [req-6ce3c12f-9998-4dee-86ac-054cd626f112 req-6ce3c12f-9998-4dee-86ac-054cd626f112 ] Request (VolumesSnapshotsTestJSON:setUpClass): 201 POST http://10.180.1.21/identity/v3/auth/tokens 0.028s
2025-05-07 12:47:16.512 69628 INFO tempest.lib.common.rest_client [req-48373ca3-7ca2-4897-8806-c0dccb6fd4bf req-48373ca3-7ca2-4897-8806-c0dccb6fd4bf ] Request (VolumesSnapshotsTestJSON:setUpClass): 200 GET http://10.180.1.21/identity/v3/domains?name=Default 0.023s
2025-05-07 12:47:16.526 69608 INFO tempest.lib.common.rest_client [req-0ddb76f4-cd6e-4523-aa25-5222c69ad6af req-0ddb76f4-cd6e-4523-aa25-5222c69ad6af ] Request (ServerMetadataNegativeTestJSON:setUpClass): 200 GET http://10.180.1.21/compute/v2.1/servers/a7c372d8-0085-4e17-a038-78e473fb7adb 0.604s
2025-05-07 12:47:16.538 69602 INFO tempest.lib.common.rest_client [req-d0b91af6-b682-4edd-b831-0c4d7b38e6be req-d0b91af6-b682-4edd-b831-0c4d7b38e6be ] Request (ServersAdminTestJSON:test_create_server_with_scheduling_hint): 200 GET http://10.180.1.21/compute/v2.1/servers/71b607ba-1ea1-4d50-8f6c-87e2d88706ec 0.566s
2025-05-07 12:47:16.542 69628 INFO tempest.lib.common.rest_client [req-852da20d-d494-4ebc-b472-3db607b63a70 req-852da20d-d494-4ebc-b472-3db607b63a70 ] Request (VolumesSnapshotsTestJSON:setUpClass): 201 POST http://10.180.1.21/identity/v3/projects 0.029s
2025-05-07 12:47:16.576 69604 INFO tempest.lib.common.rest_client [req-4e0148c9-437e-42a5-96cd-ce5938ab27a3 req-4e0148c9-437e-42a5-96cd-ce5938ab27a3 ] Request (ImagesMetadataTestJSON:test_list_image_metadata): 200 GET http://10.180.1.21/compute/v2.1/images/c6451e93-a881-43dd-80ca-7c1b77be84fc/metadata 0.579s
2025-05-07 12:47:16.584 69644 INFO tempest.lib.common.rest_client [req-b944a8d6-a403-4d0a-b3f1-e9a676fa4715 req-b944a8d6-a403-4d0a-b3f1-e9a676fa4715 ] Request (AggregatesAdminNegativeTestJSON:tearDownClass): 204 DELETE http://10.180.1.21:9696/networking/v2.0/security-groups/1429dbf3-d1ad-4bba-afb4-c438832561b7 0.104s
2025-05-07 12:47:16.587 69632 INFO tempest.lib.common.rest_client [req-a95e27c1-ec1c-4ed7-bea7-57278b6dede3 req-a95e27c1-ec1c-4ed7-bea7-57278b6dede3 ] Request (ImagesTestJSON:test_create_image_from_stopped_server): 200 GET http://10.180.1.21/compute/v2.1/images/008831b3-78d8-4e16-a76c-946e07fcac7a 0.584s
2025-05-07 12:47:16.602 69642 INFO tempest.lib.common.rest_client [req-3c3712e6-4b9b-497f-8e65-581d7444abf6 req-3c3712e6-4b9b-497f-8e65-581d7444abf6 ] Request (FlavorsV2TestJSON:test_list_flavors_limit_results): 200 GET http://10.180.1.21/compute/v2.1/flavors?limit=1 0.533s
2025-05-07 12:47:16.616 69628 INFO tempest.lib.common.rest_client [req-22d14b69-3e2b-4ed1-9361-b1cd35c6218b req-22d14b69-3e2b-4ed1-9361-b1cd35c6218b ] Request (VolumesSnapshotsTestJSON:setUpClass): 201 POST http://10.180.1.21/identity/v3/users 0.073s
2025-05-07 12:47:16.636 69628 INFO tempest.lib.common.rest_client [req-3b193656-ccb9-4f11-b91d-75c286fd44f1 req-3b193656-ccb9-4f11-b91d-75c286fd44f1 ] Request (VolumesSnapshotsTestJSON:setUpClass): 200 GET http://10.180.1.21/identity/v3/roles 0.020s
2025-05-07 12:47:16.641 69624 INFO tempest.lib.common.rest_client [req-80dc9047-8b1a-45ee-8475-2678708dac17 req-80dc9047-8b1a-45ee-8475-2678708dac17 ] Request (AttachInterfacesTestJSON:test_create_list_show_delete_interfaces_by_fixed_ip): 200 GET http://10.180.1.21/compute/v2.1/servers/cb44961f-d39b-4a67-a568-780c0ac1ec7b 0.554s
2025-05-07 12:47:16.658 69586 INFO tempest.lib.common.rest_client [req-8a67f644-9749-4bcf-8f55-de1fd24f6869 req-8a67f644-9749-4bcf-8f55-de1fd24f6869 ] Request (ServersNegativeTestJSON:setUpClass): 200 GET http://10.180.1.21/compute/v2.1/servers/6b05f946-8630-4f0b-98aa-0149e4d97e27 0.506s
2025-05-07 12:47:16.664 69644 INFO tempest.lib.common.rest_client [req-11c0ffc6-ff05-44ae-a463-3222eabe7751 req-11c0ffc6-ff05-44ae-a463-3222eabe7751 ] Request (AggregatesAdminNegativeTestJSON:tearDownClass): 204 DELETE http://10.180.1.21/identity/v3/projects/7f02f538573d4b1c873280cc61c4090d 0.080s
2025-05-07 12:47:16.664 69644 INFO tempest.lib.common.dynamic_creds [-] Deleting project and security group for project: c851e78101fb4cdd8c85c6ace752d85a
2025-05-07 12:47:16.704 69628 INFO tempest.lib.common.rest_client [req-55727027-c364-46cd-91d1-8732cb725640 req-55727027-c364-46cd-91d1-8732cb725640 ] Request (VolumesSnapshotsTestJSON:setUpClass): 204 PUT http://10.180.1.21/identity/v3/projects/62e53794229a47b98124cb907a623951/users/8a13a3d33310400ba20588ef261c1964/roles/6a2842a37bb142ff877363e1ba8bb1d0 0.068s
2025-05-07 12:47:16.705 69628 INFO tempest.lib.common.dynamic_creds [-] Dynamic test user 8a13a3d33310400ba20588ef261c1964 is created with scope project and roles: ['member']
2025-05-07 12:47:16.705 69628 INFO tempest.lib.common.dynamic_creds [-] Acquired dynamic creds: credentials: Credentials: {'domain_id': 'default', 'domain_name': 'Default', 'username': 'tempest-VolumesSnapshotsTestJSON-360018359-project-member', 'project_domain_id': 'default', 'project_domain_name': 'Default', 'project_id': '62e53794229a47b98124cb907a623951', 'project_name': 'tempest-VolumesSnapshotsTestJSON-360018359', 'tenant_id': '62e53794229a47b98124cb907a623951', 'tenant_name': 'tempest-VolumesSnapshotsTestJSON-360018359', 'user_domain_id': 'default', 'user_domain_name': 'Default', 'user_id': '8a13a3d33310400ba20588ef261c1964', 'system': None}, Network: None, Subnet: None, Router: None
2025-05-07 12:47:16.705 69628 INFO tempest.lib.common.dynamic_creds [-] Created isolated network resources for: credentials: Credentials: {'domain_id': 'default', 'domain_name': 'Default', 'username': 'tempest-VolumesSnapshotsTestJSON-360018359-project-member', 'project_domain_id': 'default', 'project_domain_name': 'Default', 'project_id': '62e53794229a47b98124cb907a623951', 'project_name': 'tempest-VolumesSnapshotsTestJSON-360018359', 'tenant_id': '62e53794229a47b98124cb907a623951', 'tenant_name': 'tempest-VolumesSnapshotsTestJSON-360018359', 'user_domain_id': 'default', 'user_domain_name': 'Default', 'user_id': '8a13a3d33310400ba20588ef261c1964', 'system': None}, Network: None, Subnet: None, Router: None
2025-05-07 12:47:16.761 69640 INFO tempest.lib.common.rest_client [req-615c50f5-c37e-4f34-8d1c-978a2ea03e45 req-615c50f5-c37e-4f34-8d1c-978a2ea03e45 ] Request (SecurityGroupRulesTestJSON:test_security_group_rules_create_with_optional_group_id): 200 POST http://10.180.1.21/compute/v2.1/os-security-groups 0.601s
2025-05-07 12:47:16.782 69644 INFO tempest.lib.common.rest_client [req-ed3c2e23-8c14-42f4-8584-2e27a76ac6ae req-ed3c2e23-8c14-42f4-8584-2e27a76ac6ae ] Request (AggregatesAdminNegativeTestJSON:tearDownClass): 200 GET http://10.180.1.21:9696/networking/v2.0/security-groups?tenant_id=c851e78101fb4cdd8c85c6ace752d85a&name=default 0.117s
2025-05-07 12:47:16.803 69628 INFO tempest.lib.common.rest_client [req-4be30c5b-e114-46e4-bc24-54308a6d1076 req-4be30c5b-e114-46e4-bc24-54308a6d1076 ] Request (VolumesSnapshotsTestJSON:setUpClass): 201 POST http://10.180.1.21/identity/v3/auth/tokens 0.094s
2025-05-07 12:47:16.866 69612 INFO tempest.lib.common.rest_client [req-ae70750a-920a-4256-9e92-4f5a64293d1a req-ae70750a-920a-4256-9e92-4f5a64293d1a ] Request (ServicesAdminNegativeTestJSON:test_get_service_by_invalid_params): 200 GET http://10.180.1.21/compute/v2.1/os-services 0.662s
2025-05-07 12:47:16.937 69644 INFO tempest.lib.common.rest_client [req-fd10e28f-4b7a-4f5b-9f48-da573e8ba036 req-fd10e28f-4b7a-4f5b-9f48-da573e8ba036 ] Request (AggregatesAdminNegativeTestJSON:tearDownClass): 204 DELETE http://10.180.1.21:9696/networking/v2.0/security-groups/2e74f3a7-c24b-40b3-acf9-2c172e23a026 0.154s
2025-05-07 12:47:16.949 69588 INFO tempest.lib.common.rest_client [req-9a8f13f5-d7bb-4a0b-bea1-3e82960d0692 req-9a8f13f5-d7bb-4a0b-bea1-3e82960d0692 ] Request (ImagesNegativeTestJSON:test_create_image_from_deleted_server): 200 GET http://10.180.1.21/compute/v2.1/servers/7650ef23-41ab-4aba-89cf-d33006912049 0.659s
2025-05-07 12:47:16.979 69620 INFO tempest.lib.common.rest_client [req-0914631b-afc4-4a27-9b8d-ee3c53485040 req-0914631b-afc4-4a27-9b8d-ee3c53485040 ] Request (FlavorsAdminTestJSON:test_is_public_string_variations): 200 GET http://10.180.1.21/compute/v2.1/flavors/detail?is_public=yes 0.675s
2025-05-07 12:47:17.026 69610 INFO tempest.lib.common.rest_client [req-523158b5-7867-46c6-9674-6c566eccddb5 req-523158b5-7867-46c6-9674-6c566eccddb5 ] Request (InstanceActionsTestJSON:setUpClass): 200 GET http://10.180.1.21/compute/v2.1/servers/605ed07c-6abd-4de6-984d-772f43d0e3c8 0.803s
2025-05-07 12:47:17.042 69610 INFO tempest.common.waiters [-] State transition "BUILD/spawning" ==> "ACTIVE/None" after 30 second wait
2025-05-07 12:47:17.097 69644 INFO tempest.lib.common.rest_client [req-a3300401-9f42-4a69-8a7e-29ac1eac221c req-a3300401-9f42-4a69-8a7e-29ac1eac221c ] Request (AggregatesAdminNegativeTestJSON:tearDownClass): 204 DELETE http://10.180.1.21/identity/v3/projects/c851e78101fb4cdd8c85c6ace752d85a 0.159s
2025-05-07 12:47:17.155 69596 INFO tempest.lib.common.rest_client [req-19cf0923-8671-4645-9454-272986868cbe req-19cf0923-8671-4645-9454-272986868cbe ] Request (QuotaClassesAdminTestJSON:test_update_default_quotas): 200 PUT http://10.180.1.21/compute/v2.1/os-quota-class-sets/default 0.792s
2025-05-07 12:47:17.195 69644 INFO tempest.lib.common.rest_client [req-7af0cd3e-eb80-4db9-81ea-3b1d2cee12d9 req-7af0cd3e-eb80-4db9-81ea-3b1d2cee12d9 ] Request (DeleteServersAdminTestJSON:setUpClass): 201 POST http://10.180.1.21/identity/v3/auth/tokens 0.097s
2025-05-07 12:47:17.220 69636 WARNING tempest.lib.common.ssh [-] Failed to establish authenticated ssh connection to cirros@10.180.180.178 ([Errno None] Unable to connect to port 22 on 10.180.180.178). Number attempts: 1. Retry after 2 seconds.: paramiko.ssh_exception.NoValidConnectionsError: [Errno None] Unable to connect to port 22 on 10.180.180.178
2025-05-07 12:47:17.246 69644 INFO tempest.lib.common.rest_client [req-76cc8765-667d-4d34-af7a-e24d004316d5 req-76cc8765-667d-4d34-af7a-e24d004316d5 ] Request (DeleteServersAdminTestJSON:setUpClass): 201 POST http://10.180.1.21/identity/v3/auth/tokens 0.047s
2025-05-07 12:47:17.247 69584 INFO tempest.lib.common.rest_client [req-18721c8e-8ad1-4af2-a3cc-ce5d0215dd6d req-18721c8e-8ad1-4af2-a3cc-ce5d0215dd6d ] Request (SecurityGroupRulesNegativeTestJSON:test_create_security_group_rule_with_invalid_port_range): 200 POST http://10.180.1.21/compute/v2.1/os-security-groups 0.845s
2025-05-07 12:47:17.256 69622 INFO tempest.lib.common.rest_client [req-fb551911-95f9-40eb-96c7-18422988723c req-fb551911-95f9-40eb-96c7-18422988723c ] Request (ServerRescueNegativeTestJSON:setUpClass): 200 GET http://10.180.1.21/compute/v2.1/servers/64302f20-818c-44b7-9518-1f894a0fce19 0.851s
2025-05-07 12:47:17.284 69644 INFO tempest.lib.common.rest_client [req-ad5f2a0d-d8d0-4648-8aaf-e4a40254d6ee req-ad5f2a0d-d8d0-4648-8aaf-e4a40254d6ee ] Request (DeleteServersAdminTestJSON:setUpClass): 200 GET http://10.180.1.21/identity/v3/domains?name=Default 0.037s
2025-05-07 12:47:17.317 69644 INFO tempest.lib.common.rest_client [req-e1e597a4-5b98-44da-94c2-3012e221a9de req-e1e597a4-5b98-44da-94c2-3012e221a9de ] Request (DeleteServersAdminTestJSON:setUpClass): 201 POST http://10.180.1.21/identity/v3/projects 0.032s
2025-05-07 12:47:17.327 69647 INFO tempest.lib.common.rest_client [req-5d12c7d8-685c-41bb-a2e5-756f20bbb0ff req-5d12c7d8-685c-41bb-a2e5-756f20bbb0ff ] Request (FloatingIPsAssociationTestJSON:setUpClass): 200 GET http://10.180.1.21/compute/v2.1/servers/60f120c5-345a-44dd-b716-03a686a518f3 0.820s
2025-05-07 12:47:17.392 69644 INFO tempest.lib.common.rest_client [req-bc4d3355-fc69-4cec-a654-e72dae48d114 req-bc4d3355-fc69-4cec-a654-e72dae48d114 ] Request (DeleteServersAdminTestJSON:setUpClass): 201 POST http://10.180.1.21/identity/v3/users 0.074s
2025-05-07 12:47:17.411 69638 INFO tempest.lib.common.rest_client [req-21f45b1a-dc41-4ab5-9fb5-54d57c11dac3 req-21f45b1a-dc41-4ab5-9fb5-54d57c11dac3 ] Request (TenantUsagesTestJSON:setUpClass): 200 GET http://10.180.1.21/compute/v2.1/servers/7ed18568-9081-4128-b83f-d859bedb1bcd 0.955s
2025-05-07 12:47:17.420 69638 INFO tempest.common.waiters [-] State transition "BUILD/spawning" ==> "ACTIVE/None" after 33 second wait
2025-05-07 12:47:17.427 69644 INFO tempest.lib.common.rest_client [req-4c10e9a4-c1f2-4059-a06e-512e67e47d81 req-4c10e9a4-c1f2-4059-a06e-512e67e47d81 ] Request (DeleteServersAdminTestJSON:setUpClass): 200 GET http://10.180.1.21/identity/v3/roles 0.035s
2025-05-07 12:47:17.464 69644 INFO tempest.lib.common.rest_client [req-01eb62b8-0c6f-4188-b8e9-e3d7fff678db req-01eb62b8-0c6f-4188-b8e9-e3d7fff678db ] Request (DeleteServersAdminTestJSON:setUpClass): 204 PUT http://10.180.1.21/identity/v3/projects/f2f9c7cbaa61403faa1b2e9d0c808a03/users/41352c5fae524fd5a5cac417149f973c/roles/6a2842a37bb142ff877363e1ba8bb1d0 0.036s
2025-05-07 12:47:17.467 69644 INFO tempest.lib.common.dynamic_creds [-] Dynamic test user 41352c5fae524fd5a5cac417149f973c is created with scope project and roles: ['member']
2025-05-07 12:47:17.468 69644 INFO tempest.lib.common.dynamic_creds [-] Acquired dynamic creds: credentials: Credentials: {'domain_id': 'default', 'domain_name': 'Default', 'username': 'tempest-DeleteServersAdminTestJSON-487302501-project-member', 'project_domain_id': 'default', 'project_domain_name': 'Default', 'project_id': 'f2f9c7cbaa61403faa1b2e9d0c808a03', 'project_name': 'tempest-DeleteServersAdminTestJSON-487302501', 'tenant_id': 'f2f9c7cbaa61403faa1b2e9d0c808a03', 'tenant_name': 'tempest-DeleteServersAdminTestJSON-487302501', 'user_domain_id': 'default', 'user_domain_name': 'Default', 'user_id': '41352c5fae524fd5a5cac417149f973c', 'system': None}, Network: None, Subnet: None, Router: None
2025-05-07 12:47:17.468 69644 INFO tempest.lib.common.dynamic_creds [-] Created isolated network resources for: credentials: Credentials: {'domain_id': 'default', 'domain_name': 'Default', 'username': 'tempest-DeleteServersAdminTestJSON-487302501-project-member', 'project_domain_id': 'default', 'project_domain_name': 'Default', 'project_id': 'f2f9c7cbaa61403faa1b2e9d0c808a03', 'project_name': 'tempest-DeleteServersAdminTestJSON-487302501', 'tenant_id': 'f2f9c7cbaa61403faa1b2e9d0c808a03', 'tenant_name': 'tempest-DeleteServersAdminTestJSON-487302501', 'user_domain_id': 'default', 'user_domain_name': 'Default', 'user_id': '41352c5fae524fd5a5cac417149f973c', 'system': None}, Network: None, Subnet: None, Router: None
2025-05-07 12:47:17.491 69634 INFO tempest.lib.common.rest_client [req-016202c6-84df-4c78-9eee-324d80ae2260 req-016202c6-84df-4c78-9eee-324d80ae2260 ] Request (ServerExternalEventsTest:tearDownClass): 200 GET http://10.180.1.21/compute/v2.1/servers/9f4c2ce2-5ccf-4f32-b0f8-77524dcc7c81 0.908s
2025-05-07 12:47:17.501 69604 INFO tempest.lib.common.rest_client [req-27f77c9a-dad6-4ec1-9c0d-764fe04a861f req-27f77c9a-dad6-4ec1-9c0d-764fe04a861f ] Request (ImagesMetadataTestJSON:setUp): 200 PUT http://10.180.1.21/compute/v2.1/images/c6451e93-a881-43dd-80ca-7c1b77be84fc/metadata 0.922s
2025-05-07 12:47:17.508 69642 INFO tempest.lib.common.rest_client [req-d5601e2f-041e-4a3d-be83-b963a06b04a8 req-d5601e2f-041e-4a3d-be83-b963a06b04a8 ] Request (FlavorsV2TestJSON:test_list_flavors_using_marker): 200 GET http://10.180.1.21/compute/v2.1/flavors/42 0.902s
