2025-05-07 12:48:42.812 69612 INFO tempest.lib.common.rest_client [req-f2850fe1-4e77-4370-88fa-902d30201708 req-f2850fe1-4e77-4370-88fa-902d30201708 ] Request (ServersAaction247Test:test_create_backup): 200 GET http://10.180.1.21/compute/v2.1/servers/873b054f-64dc-4d97-b89c-995dd3702690 0.631s
2025-05-07 12:48:42.821 69616 INFO tempest.lib.common.rest_client [req-49b350d8-fdd6-422b-8353-884ff9e7c56f req-49b350d8-fdd6-422b-8353-884ff9e7c56f ] Request (VolumesAdminNegativeTest:_run_cleanups): 200 GET http://10.180.1.21/compute/v2.1/servers/abbf2f1c-ae9a-432a-baf5-7d7ce24253d3/os-volume_attachments 0.516s
2025-05-07 12:48:42.856 69632 INFO tempest.lib.common.rest_client [req-8264d266-cd4b-4903-aa35-22092a0d6165 req-8264d266-cd4b-4903-aa35-22092a0d6165 ] Request (ImagesTestJSON:test_create_image_from_suspended_server): 200 GET http://10.180.1.21/compute/v2.1/images/6980e531-2697-4aa5-8e97-9eddc113d6ad 0.365s
2025-05-07 12:48:42.946 69622 INFO tempest.lib.common.rest_client [req-bedb0440-04dd-4ab9-bf81-e071404f8e60 req-bedb0440-04dd-4ab9-bf81-e071404f8e60 ] Request (ServerRescueNegativeTestJSON:test_rescued_vm_detach_volume): 200 GET http://10.180.1.21/compute/v2.1/servers/07e6b1af-4468-4c40-92cb-6089417ff16f 0.410s
2025-05-07 12:48:42.962 69642 INFO tempest.lib.common.rest_client [req-43d66e19-0b45-42f4-a620-0225b33b6e10 req-43d66e19-0b45-42f4-a620-0225b33b6e10 ] Request (ServersTestMultiNic:test_verify_duplicate_network_nics): 200 GET http://10.180.1.21/compute/v2.1/servers/d35dd075-3bec-4293-988f-9940f9fb78e3 0.486s
2025-05-07 12:48:43.066 69636 INFO tempest.lib.common.rest_client [req-74c68069-2c2b-45d8-aa65-1d68aa1e4639 req-74c68069-2c2b-45d8-aa65-1d68aa1e4639 ] Request (VolumesAssistedSnapshotsTest:tearDownClass): 200 GET http://10.180.1.21/compute/v2.1/servers/c8b292ee-acc4-4bc9-9f1f-62df83d1e36b 0.446s
2025-05-07 12:48:43.067 69640 INFO tempest.lib.common.rest_client [req-9dbe0cb6-c68f-4529-96a8-74cac239ce56 req-9dbe0cb6-c68f-4529-96a8-74cac239ce56 ] Request (ServerRescueTestJSONUnderV235:setUpClass): 200 GET http://10.180.1.21/compute/v2.1/servers/3c81e760-ffaa-4b84-bd9b-2e253f268dee 0.393s
2025-05-07 12:48:43.119 69614 INFO tempest.lib.common.rest_client [req-24de5c5a-5fe8-4520-a0c5-ff98b26052c2 req-24de5c5a-5fe8-4520-a0c5-ff98b26052c2 ] Request (ListImageFiltersTestJSON:setUpClass): 200 GET http://10.180.1.21/compute/v2.1/images/b904585f-0563-42be-937f-994e0f0c02f8 0.413s
2025-05-07 12:48:43.140 69624 WARNING tempest.lib.common.ssh [-] Failed to establish authenticated ssh connection to cirros@10.180.180.156 ([Errno None] Unable to connect to port 22 on 10.180.180.156). Number attempts: 5. Retry after 6 seconds.: paramiko.ssh_exception.NoValidConnectionsError: [Errno None] Unable to connect to port 22 on 10.180.180.156
2025-05-07 12:48:43.164 69634 INFO tempest.lib.common.rest_client [req-f4997765-4f35-43dc-80b0-90894db30319 req-f4997765-4f35-43dc-80b0-90894db30319 ] Request (ServersAdmin275Test:test_rebuild_update_server_275): 200 GET http://10.180.1.21/compute/v2.1/servers/c07106a3-0134-4602-9263-f7359c8d5367 0.389s
2025-05-07 12:48:43.185 69618 INFO tempest.lib.common.rest_client [req-a4eaa1b3-56bc-4db2-b3eb-e0206cfb1df7 req-a4eaa1b3-56bc-4db2-b3eb-e0206cfb1df7 ] Request (ServersTestManualDisk:tearDownClass): 204 DELETE http://10.180.1.21:9696/networking/v2.0/networks/c42a3a8b-69ab-44bd-a8dd-bfec950909cd 0.485s
2025-05-07 12:48:43.246 69592 INFO tempest.lib.common.rest_client [req-7cce603d-44fe-417f-a850-2f38a79166f4 req-7cce603d-44fe-417f-a850-2f38a79166f4 ] Request (AttachVolumeNegativeTest:test_attach_attached_volume_to_different_server): 200 GET http://10.180.1.21/compute/v2.1/servers/44c77d66-cb34-49be-a255-8cdf9efe6a18 0.331s
2025-05-07 12:48:43.257 69630 INFO tempest.lib.common.rest_client [req-32c391e7-a9a3-4002-91dd-8bfc3ae8b9a0 req-32c391e7-a9a3-4002-91dd-8bfc3ae8b9a0 ] Request (ServersV294TestFqdnHostnames:tearDownClass): 200 GET http://10.180.1.21/compute/v2.1/servers/7715cc43-6505-439b-ade5-06092096e2d6 0.400s
2025-05-07 12:48:43.316 69618 INFO tempest.lib.common.rest_client [req-1cf1987a-95c2-4190-8bb7-ca6cc32c71ba req-1cf1987a-95c2-4190-8bb7-ca6cc32c71ba ] Request (ServersTestManualDisk:tearDownClass): 204 DELETE http://10.180.1.21/identity/v3/users/be52d36c5e204dff8adebb4d346bbd49 0.130s
2025-05-07 12:48:43.316 69618 INFO tempest.lib.common.dynamic_creds [-] Deleting project and security group for project: d12b7a7ecbf044b1895b0d44e31214a6
2025-05-07 12:48:43.337 69644 INFO tempest.lib.common.rest_client [req-7ddb3944-7c2c-4b4f-b4f6-f337fac7e667 req-7ddb3944-7c2c-4b4f-b4f6-f337fac7e667 ] Request (DeleteServersAdminTestJSON:test_admin_delete_servers_of_others): 200 GET http://10.180.1.21/compute/v2.1/servers/838dc24e-f04e-4756-bbb7-f068018f5edc 0.234s
2025-05-07 12:48:43.370 69618 INFO tempest.lib.common.rest_client [req-ca484d32-c646-45cd-8f85-91566ff8e236 req-ca484d32-c646-45cd-8f85-91566ff8e236 ] Request (ServersTestManualDisk:tearDownClass): 200 GET http://10.180.1.21:9696/networking/v2.0/security-groups?tenant_id=d12b7a7ecbf044b1895b0d44e31214a6&name=default 0.054s
2025-05-07 12:48:43.491 69618 INFO tempest.lib.common.rest_client [req-acefb15e-02a2-406c-bd82-1945c2b633c9 req-acefb15e-02a2-406c-bd82-1945c2b633c9 ] Request (ServersTestManualDisk:tearDownClass): 204 DELETE http://10.180.1.21:9696/networking/v2.0/security-groups/6c3a688c-6231-4d9a-9ee3-0e86f21a0f91 0.120s
2025-05-07 12:48:43.606 69610 INFO tempest.lib.common.rest_client [req-873d71cf-94f0-4602-a237-e3e7dec037fc req-873d71cf-94f0-4602-a237-e3e7dec037fc ] Request (ServerActionsTestOtherA:setUpClass): 200 GET http://10.180.1.21/compute/v2.1/servers/42b6c9c6-967a-4f86-82a2-a341b1c1e750 0.072s
2025-05-07 12:48:43.633 69618 INFO tempest.lib.common.rest_client [req-d4cfc7ef-cdb5-4896-aed7-f9d9ab337c7c req-d4cfc7ef-cdb5-4896-aed7-f9d9ab337c7c ] Request (ServersTestManualDisk:tearDownClass): 204 DELETE http://10.180.1.21/identity/v3/projects/d12b7a7ecbf044b1895b0d44e31214a6 0.136s
2025-05-07 12:48:43.678 69596 INFO tempest.lib.common.rest_client [req-0b884840-2612-4740-b924-7308c5983301 req-0b884840-2612-4740-b924-7308c5983301 ] Request (ServerDiagnosticsV248Test:tearDownClass): 200 GET http://10.180.1.21/compute/v2.1/servers/563722c6-483c-4154-b4da-e8412f78b765 0.118s
2025-05-07 12:48:43.695 69606 INFO tempest.lib.common.rest_client [req-8b3503d4-f5fe-4016-a3db-056f9c95d1df req-8b3503d4-f5fe-4016-a3db-056f9c95d1df ] Request (MigrationsAdminTest:test_list_migrations_in_flavor_resize_situation): 200 GET http://10.180.1.21/compute/v2.1/servers/b2cfd112-af47-46e1-8546-f527c9d84253 0.226s
2025-05-07 12:48:43.715 69618 INFO tempest.lib.common.rest_client [req-734844a0-c44e-4269-9285-e42bc5a11667 req-734844a0-c44e-4269-9285-e42bc5a11667 ] Request (ServerDiskConfigTestJSON:setUpClass): 201 POST http://10.180.1.21/identity/v3/auth/tokens 0.078s
2025-05-07 12:48:43.759 69594 INFO tempest.lib.common.rest_client [req-79835297-788a-4996-89f4-d6adb0013bcb req-79835297-788a-4996-89f4-d6adb0013bcb ] Request (ServersAdminNegativeTestJSON:tearDownClass): 200 GET http://10.180.1.21/compute/v2.1/servers/dcc61c85-f39c-40e0-95cf-c18894eebf03 0.165s
2025-05-07 12:48:43.763 69618 INFO tempest.lib.common.rest_client [req-ab354604-6af7-4456-9ae2-3fc2f8fb5a70 req-ab354604-6af7-4456-9ae2-3fc2f8fb5a70 ] Request (ServerDiskConfigTestJSON:setUpClass): 201 POST http://10.180.1.21/identity/v3/auth/tokens 0.045s
2025-05-07 12:48:43.793 69618 INFO tempest.lib.common.rest_client [req-21a1d974-8b96-4ac1-9862-ee395c92b9ea req-21a1d974-8b96-4ac1-9862-ee395c92b9ea ] Request (ServerDiskConfigTestJSON:setUpClass): 200 GET http://10.180.1.21/identity/v3/domains?name=Default 0.030s
2025-05-07 12:48:43.817 69602 INFO tempest.lib.common.rest_client [req-4de0a240-fa7f-43c5-88b4-7bd022e54013 req-4de0a240-fa7f-43c5-88b4-7bd022e54013 ] Request (ServersAdminTestJSON:test_inject_network_info): 200 GET http://10.180.1.21/compute/v2.1/servers/22889b96-78e6-4b9c-8b43-a423dfe509bc 0.173s
2025-05-07 12:48:43.836 69618 INFO tempest.lib.common.rest_client [req-b437ad46-8fe0-43c1-b383-f2d069398d39 req-b437ad46-8fe0-43c1-b383-f2d069398d39 ] Request (ServerDiskConfigTestJSON:setUpClass): 201 POST http://10.180.1.21/identity/v3/projects 0.042s
2025-05-07 12:48:43.846 69584 INFO tempest.lib.common.rest_client [req-80cf4dc3-176b-4bca-b50c-dfb473ddb0b4 req-80cf4dc3-176b-4bca-b50c-dfb473ddb0b4 ] Request (InstanceActionsNegativeTestJSON:setUpClass): 200 GET http://10.180.1.21/compute/v2.1/servers/29b9af6b-f049-410e-b20f-5de1d3c84611 0.229s
2025-05-07 12:48:43.856 69584 INFO tempest.common.waiters [-] State transition "BUILD/networking" ==> "BUILD/block_device_mapping" after 64 second wait
2025-05-07 12:48:43.872 69608 INFO tempest.lib.common.rest_client [req-1f9ac0b4-4930-4d4d-a5c4-be7fdac9f8e8 req-1f9ac0b4-4930-4d4d-a5c4-be7fdac9f8e8 ] Request (AttachVolumeTestJSON:test_attach_detach_volume): 200 GET http://10.180.1.21/compute/v2.1/servers/5870abd0-1c2c-43ae-9c3e-6bf3c0862c05 0.190s
2025-05-07 12:48:43.923 69618 INFO tempest.lib.common.rest_client [req-4fc973bb-2024-4bae-9008-0ae2022c9f30 req-4fc973bb-2024-4bae-9008-0ae2022c9f30 ] Request (ServerDiskConfigTestJSON:setUpClass): 201 POST http://10.180.1.21/identity/v3/users 0.087s
2025-05-07 12:48:43.933 69588 INFO tempest.lib.common.rest_client [req-88210ac2-a783-43fa-af74-13a262672bb4 req-88210ac2-a783-43fa-af74-13a262672bb4 ] Request (ListServersNegativeTestJSON:setUpClass): 200 GET http://10.180.1.21/compute/v2.1/servers/1d3eaa6c-8a56-4bca-a518-e5b5274058a2 0.230s
2025-05-07 12:48:43.960 69618 INFO tempest.lib.common.rest_client [req-fbdac943-702d-4a44-9e00-afd2d7a88b7d req-fbdac943-702d-4a44-9e00-afd2d7a88b7d ] Request (ServerDiskConfigTestJSON:setUpClass): 200 GET http://10.180.1.21/identity/v3/roles 0.036s
2025-05-07 12:48:43.961 69626 INFO tempest.lib.common.rest_client [req-2cf0398e-016d-4a0d-8db7-77fa437fd981 req-2cf0398e-016d-4a0d-8db7-77fa437fd981 ] Request (ServersListShow298Test:test_list_show_update_rebuild_server_298): 200 GET http://10.180.1.21/compute/v2.1/servers/0a8b54ec-3f2c-4313-a47b-cc81e55c20f9 0.211s
2025-05-07 12:48:44.000 69618 INFO tempest.lib.common.rest_client [req-a8a2b6fa-9188-426c-89cf-f978bfe8a869 req-a8a2b6fa-9188-426c-89cf-f978bfe8a869 ] Request (ServerDiskConfigTestJSON:setUpClass): 204 PUT http://10.180.1.21/identity/v3/projects/9c18fe6e672f47269103d876f9d17f48/users/57f38b086c1a4ef1b1e30c6ff0ad36c3/roles/6a2842a37bb142ff877363e1ba8bb1d0 0.039s
2025-05-07 12:48:44.000 69618 INFO tempest.lib.common.dynamic_creds [-] Dynamic test user 57f38b086c1a4ef1b1e30c6ff0ad36c3 is created with scope project and roles: ['member']
2025-05-07 12:48:44.000 69618 INFO tempest.lib.common.dynamic_creds [-] Acquired dynamic creds: credentials: Credentials: {'domain_id': 'default', 'domain_name': 'Default', 'username': 'tempest-ServerDiskConfigTestJSON-592323136-project-member', 'project_domain_id': 'default', 'project_domain_name': 'Default', 'project_id': '9c18fe6e672f47269103d876f9d17f48', 'project_name': 'tempest-ServerDiskConfigTestJSON-592323136', 'tenant_id': '9c18fe6e672f47269103d876f9d17f48', 'tenant_name': 'tempest-ServerDiskConfigTestJSON-592323136', 'user_domain_id': 'default', 'user_domain_name': 'Default', 'user_id': '57f38b086c1a4ef1b1e30c6ff0ad36c3', 'system': None}, Network: None, Subnet: None, Router: None
2025-05-07 12:48:44.007 69647 INFO tempest.lib.common.rest_client [req-fc956596-ce5a-48e5-bed6-6f05ec4fecd8 req-fc956596-ce5a-48e5-bed6-6f05ec4fecd8 ] Request (FloatingIPsAssociationTestJSON:test_associate_already_associated_floating_ip): 200 GET http://10.180.1.21/compute/v2.1/servers/fe4ef999-119c-4235-85dd-f1848885b31a 0.243s
2025-05-07 12:48:44.040 69586 INFO tempest.lib.common.rest_client [req-53f37e21-b54e-42c9-aaaf-014840ad0792 req-53f37e21-b54e-42c9-aaaf-014840ad0792 ] Request (ServersNegativeTestJSON:setUpClass): 200 GET http://10.180.1.21/compute/v2.1/servers/5472357a-7746-41f9-9c0a-4edaaea0570a 0.245s
2025-05-07 12:48:44.053 69616 INFO tempest.lib.common.rest_client [req-39ea0889-5f71-4730-bd09-d7d07758bd42 req-39ea0889-5f71-4730-bd09-d7d07758bd42 ] Request (VolumesAdminNegativeTest:_run_cleanups): 200 GET http://10.180.1.21/compute/v2.1/servers/abbf2f1c-ae9a-432a-baf5-7d7ce24253d3/os-volume_attachments 0.229s
2025-05-07 12:48:44.079 69618 INFO tempest.lib.common.rest_client [req-149abc47-15c0-4897-8565-6c83c4519e1a req-149abc47-15c0-4897-8565-6c83c4519e1a ] Request (ServerDiskConfigTestJSON:setUpClass): 201 POST http://10.180.1.21/identity/v3/auth/tokens 0.078s
2025-05-07 12:48:44.114 69632 INFO tempest.lib.common.rest_client [req-a17fce34-7b38-4735-9de6-cc0f62c07da8 req-a17fce34-7b38-4735-9de6-cc0f62c07da8 ] Request (ImagesTestJSON:test_create_image_from_suspended_server): 200 GET http://10.180.1.21/compute/v2.1/images/6980e531-2697-4aa5-8e97-9eddc113d6ad 0.247s
2025-05-07 12:48:44.131 69612 INFO tempest.lib.common.rest_client [req-99de8b6d-0d35-45be-a419-ba346a177d1a req-99de8b6d-0d35-45be-a419-ba346a177d1a ] Request (ServersAaction247Test:test_create_backup): 200 GET http://10.180.1.21/compute/v2.1/servers/873b054f-64dc-4d97-b89c-995dd3702690 0.306s
2025-05-07 12:48:44.167 69622 INFO tempest.lib.common.rest_client [req-dc2c2793-a303-4bf8-9c90-8af30d750e70 req-dc2c2793-a303-4bf8-9c90-8af30d750e70 ] Request (ServerRescueNegativeTestJSON:test_rescued_vm_detach_volume): 200 GET http://10.180.1.21/compute/v2.1/servers/07e6b1af-4468-4c40-92cb-6089417ff16f 0.207s
2025-05-07 12:48:44.244 69636 INFO tempest.lib.common.rest_client [req-e00f9293-d2c2-42c5-9643-e0f5d4bd35ce req-e00f9293-d2c2-42c5-9643-e0f5d4bd35ce ] Request (VolumesAssistedSnapshotsTest:tearDownClass): 200 GET http://10.180.1.21/compute/v2.1/servers/c8b292ee-acc4-4bc9-9f1f-62df83d1e36b 0.168s
2025-05-07 12:48:44.254 69590 WARNING tempest.lib.common.ssh [-] Failed to establish authenticated ssh connection to cirros@10.180.180.185 ([Errno None] Unable to connect to port 22 on 10.180.180.185). Number attempts: 10. Retry after 11 seconds.: paramiko.ssh_exception.NoValidConnectionsError: [Errno None] Unable to connect to port 22 on 10.180.180.185
2025-05-07 12:48:44.265 69642 INFO tempest.lib.common.rest_client [req-93518a54-d35f-4f4a-b68f-9bebb0afd6d4 req-93518a54-d35f-4f4a-b68f-9bebb0afd6d4 ] Request (ServersTestMultiNic:test_verify_duplicate_network_nics): 200 GET http://10.180.1.21/compute/v2.1/servers/d35dd075-3bec-4293-988f-9940f9fb78e3 0.287s
2025-05-07 12:48:44.302 69614 INFO tempest.lib.common.rest_client [req-bb61f3c7-f683-4ca0-b8ec-665d8a352133 req-bb61f3c7-f683-4ca0-b8ec-665d8a352133 ] Request (ListImageFiltersTestJSON:setUpClass): 200 GET http://10.180.1.21/compute/v2.1/images/b904585f-0563-42be-937f-994e0f0c02f8 0.178s
2025-05-07 12:48:44.314 69640 INFO tempest.lib.common.rest_client [req-5ac538f9-1e79-494f-b6e9-4e43aedbc24f req-5ac538f9-1e79-494f-b6e9-4e43aedbc24f ] Request (ServerRescueTestJSONUnderV235:setUpClass): 200 GET http://10.180.1.21/compute/v2.1/servers/3c81e760-ffaa-4b84-bd9b-2e253f268dee 0.227s
2025-05-07 12:48:44.362 69634 INFO tempest.lib.common.rest_client [req-ec979289-9122-4f02-a18e-b34de1471f53 req-ec979289-9122-4f02-a18e-b34de1471f53 ] Request (ServersAdmin275Test:test_rebuild_update_server_275): 200 GET http://10.180.1.21/compute/v2.1/servers/c07106a3-0134-4602-9263-f7359c8d5367 0.185s
2025-05-07 12:48:44.371 69592 INFO tempest.lib.common.rest_client [req-3a998376-56b2-47f3-8883-15b766189221 req-3a998376-56b2-47f3-8883-15b766189221 ] Request (AttachVolumeNegativeTest:test_attach_attached_volume_to_different_server): 200 GET http://10.180.1.21/compute/v2.1/servers/44c77d66-cb34-49be-a255-8cdf9efe6a18 0.116s
2025-05-07 12:48:44.412 69614 INFO tempest.lib.common.rest_client [req-8c05b810-3e10-4081-a959-deaea50dd72c req-8c05b810-3e10-4081-a959-deaea50dd72c ] Request (ListImageFiltersTestJSON:setUpClass): 200 GET http://10.180.1.21/compute/v2.1/images/b904585f-0563-42be-937f-994e0f0c02f8 0.105s
2025-05-07 12:48:44.432 69618 INFO tempest.lib.common.rest_client [req-85136c9e-ae13-4dd7-955a-725b55ea453e req-85136c9e-ae13-4dd7-955a-725b55ea453e ] Request (ServerDiskConfigTestJSON:setUpClass): 201 POST http://10.180.1.21:9696/networking/v2.0/networks 0.353s
2025-05-07 12:48:44.446 69630 INFO tempest.lib.common.rest_client [req-b596a216-d6e7-414c-a9e6-e5de370e3cd0 req-b596a216-d6e7-414c-a9e6-e5de370e3cd0 ] Request (ServersV294TestFqdnHostnames:tearDownClass): 200 GET http://10.180.1.21/compute/v2.1/servers/7715cc43-6505-439b-ade5-06092096e2d6 0.177s
2025-05-07 12:48:44.494 69644 INFO tempest.lib.common.rest_client [req-6b79da54-6696-4473-9ea4-7710811140b3 req-6b79da54-6696-4473-9ea4-7710811140b3 ] Request (DeleteServersAdminTestJSON:test_admin_delete_servers_of_others): 200 GET http://10.180.1.21/compute/v2.1/servers/838dc24e-f04e-4756-bbb7-f068018f5edc 0.149s
2025-05-07 12:48:44.583 69614 INFO tempest.lib.common.rest_client [req-2d0c0c7d-3757-4fb2-9d4b-cad9ef77a52c req-2d0c0c7d-3757-4fb2-9d4b-cad9ef77a52c ] Request (ListImageFiltersTestJSON:setUpClass): 200 GET http://10.180.1.21/compute/v2.1/servers/578c621d-2931-4573-b15c-05504145f9fc 0.167s
2025-05-07 12:48:44.638 69618 INFO tempest.lib.common.rest_client [req-0181b780-4254-403d-a990-c4f8c3a51561 req-0181b780-4254-403d-a990-c4f8c3a51561 ] Request (ServerDiskConfigTestJSON:setUpClass): 201 POST http://10.180.1.21:9696/networking/v2.0/subnets 0.205s
2025-05-07 12:48:44.678 69610 INFO tempest.lib.common.rest_client [req-5e8d7ad2-783f-405f-a7b3-8c735408fe75 req-5e8d7ad2-783f-405f-a7b3-8c735408fe75 ] Request (ServerActionsTestOtherA:setUpClass): 200 GET http://10.180.1.21/compute/v2.1/servers/42b6c9c6-967a-4f86-82a2-a341b1c1e750 0.064s
2025-05-07 12:48:44.784 69596 INFO tempest.lib.common.rest_client [req-90b7822d-a0a1-436d-91a0-8494c809ce2d req-90b7822d-a0a1-436d-91a0-8494c809ce2d ] Request (ServerDiagnosticsV248Test:tearDownClass): 200 GET http://10.180.1.21/compute/v2.1/servers/563722c6-483c-4154-b4da-e8412f78b765 0.090s
2025-05-07 12:48:44.860 69594 INFO tempest.lib.common.rest_client [req-68285586-314c-4977-b31f-f1948d8632ad req-68285586-314c-4977-b31f-f1948d8632ad ] Request (ServersAdminNegativeTestJSON:tearDownClass): 200 GET http://10.180.1.21/compute/v2.1/servers/dcc61c85-f39c-40e0-95cf-c18894eebf03 0.089s
2025-05-07 12:48:44.884 69606 INFO tempest.lib.common.rest_client [req-e3e9f4a4-47da-456e-9073-4542f35111ce req-e3e9f4a4-47da-456e-9073-4542f35111ce ] Request (MigrationsAdminTest:test_list_migrations_in_flavor_resize_situation): 200 GET http://10.180.1.21/compute/v2.1/servers/b2cfd112-af47-46e1-8546-f527c9d84253 0.175s
2025-05-07 12:48:44.934 69602 INFO tempest.lib.common.rest_client [req-6419dc52-6b2f-479b-9afd-c567f6532801 req-6419dc52-6b2f-479b-9afd-c567f6532801 ] Request (ServersAdminTestJSON:test_inject_network_info): 200 GET http://10.180.1.21/compute/v2.1/servers/22889b96-78e6-4b9c-8b43-a423dfe509bc 0.104s
2025-05-07 12:48:44.988 69608 INFO tempest.lib.common.rest_client [req-2e6a1cb8-0ea8-4d1c-a4c1-6a44b399dfe6 req-2e6a1cb8-0ea8-4d1c-a4c1-6a44b399dfe6 ] Request (AttachVolumeTestJSON:test_attach_detach_volume): 200 GET http://10.180.1.21/compute/v2.1/servers/5870abd0-1c2c-43ae-9c3e-6bf3c0862c05 0.106s
2025-05-07 12:48:45.035 69584 INFO tempest.lib.common.rest_client [req-d9647418-c00e-4ea2-bc11-b54f0c20b877 req-d9647418-c00e-4ea2-bc11-b54f0c20b877 ] Request (InstanceActionsNegativeTestJSON:setUpClass): 200 GET http://10.180.1.21/compute/v2.1/servers/29b9af6b-f049-410e-b20f-5de1d3c84611 0.177s
2025-05-07 12:48:45.046 69584 INFO tempest.common.waiters [-] State transition "BUILD/block_device_mapping" ==> "BUILD/spawning" after 66 second wait
2025-05-07 12:48:45.050 69588 INFO tempest.lib.common.rest_client [req-757566c2-16bc-4e60-85b0-c46bc3aebdcf req-757566c2-16bc-4e60-85b0-c46bc3aebdcf ] Request (ListServersNegativeTestJSON:setUpClass): 200 GET http://10.180.1.21/compute/v2.1/servers/1d3eaa6c-8a56-4bca-a518-e5b5274058a2 0.105s
2025-05-07 12:48:45.110 69647 INFO tempest.lib.common.rest_client [req-54f5c3fe-5c1b-42cc-ad16-11be6fdb6261 req-54f5c3fe-5c1b-42cc-ad16-11be6fdb6261 ] Request (FloatingIPsAssociationTestJSON:test_associate_already_associated_floating_ip): 200 GET http://10.180.1.21/compute/v2.1/servers/fe4ef999-119c-4235-85dd-f1848885b31a 0.091s
2025-05-07 12:48:45.126 69626 INFO tempest.lib.common.rest_client [req-25fd5483-8fc8-4212-a487-27ba0904e2a1 req-25fd5483-8fc8-4212-a487-27ba0904e2a1 ] Request (ServersListShow298Test:test_list_show_update_rebuild_server_298): 200 GET http://10.180.1.21/compute/v2.1/servers/0a8b54ec-3f2c-4313-a47b-cc81e55c20f9 0.147s
2025-05-07 12:48:45.162 69616 INFO tempest.lib.common.rest_client [req-c27c5591-a8ad-4a3a-bf00-228c59af9cce req-c27c5591-a8ad-4a3a-bf00-228c59af9cce ] Request (VolumesAdminNegativeTest:_run_cleanups): 200 GET http://10.180.1.21/compute/v2.1/servers/abbf2f1c-ae9a-432a-baf5-7d7ce24253d3/os-volume_attachments 0.105s
2025-05-07 12:48:45.183 69586 INFO tempest.lib.common.rest_client [req-498fb815-87da-477f-a222-c0586c81de22 req-498fb815-87da-477f-a222-c0586c81de22 ] Request (ServersNegativeTestJSON:setUpClass): 200 GET http://10.180.1.21/compute/v2.1/servers/5472357a-7746-41f9-9c0a-4edaaea0570a 0.134s
2025-05-07 12:48:45.198 69632 INFO tempest.lib.common.rest_client [req-f87ef859-720a-47c2-ab8a-b353651cd806 req-f87ef859-720a-47c2-ab8a-b353651cd806 ] Request (ImagesTestJSON:test_create_image_from_suspended_server): 200 GET http://10.180.1.21/compute/v2.1/images/6980e531-2697-4aa5-8e97-9eddc113d6ad 0.079s
2025-05-07 12:48:45.261 69612 INFO tempest.lib.common.rest_client [req-c332c8ba-52c7-4b85-bc74-d335b0228b79 req-c332c8ba-52c7-4b85-bc74-d335b0228b79 ] Request (ServersAaction247Test:test_create_backup): 200 GET http://10.180.1.21/compute/v2.1/servers/873b054f-64dc-4d97-b89c-995dd3702690 0.120s
2025-05-07 12:48:45.264 69622 INFO tempest.lib.common.rest_client [req-fc0eaaa4-36ef-4663-99d9-0753f69ddc39 req-fc0eaaa4-36ef-4663-99d9-0753f69ddc39 ] Request (ServerRescueNegativeTestJSON:test_rescued_vm_detach_volume): 200 GET http://10.180.1.21/compute/v2.1/servers/07e6b1af-4468-4c40-92cb-6089417ff16f 0.089s
2025-05-07 12:48:45.284 69636 INFO tempest.lib.common.rest_client [req-ab3e7ddc-0e4e-4512-a9cc-ce6a712ce677 req-ab3e7ddc-0e4e-4512-a9cc-ce6a712ce677 ] Request (VolumesAssistedSnapshotsTest:tearDownClass): 404 GET http://10.180.1.21/compute/v2.1/servers/c8b292ee-acc4-4bc9-9f1f-62df83d1e36b 0.031s
2025-05-07 12:48:45.302 69636 INFO tempest.lib.common.rest_client [req-39bc0312-41a1-49fb-ba66-04c004baf8b7 req-39bc0312-41a1-49fb-ba66-04c004baf8b7 ] Request (VolumesAssistedSnapshotsTest:tearDownClass): 202 DELETE http://10.180.1.21/compute/v2.1/os-keypairs/tempest-keypair-1239243463 0.017s
2025-05-07 12:48:45.402 69640 INFO tempest.lib.common.rest_client [req-75e1fd40-726b-4bbf-93bb-55d4a7549cd8 req-75e1fd40-726b-4bbf-93bb-55d4a7549cd8 ] Request (ServerRescueTestJSONUnderV235:setUpClass): 200 GET http://10.180.1.21/compute/v2.1/servers/3c81e760-ffaa-4b84-bd9b-2e253f268dee 0.080s
2025-05-07 12:48:45.474 69634 INFO tempest.lib.common.rest_client [req-576b630c-c813-493f-8604-fe8777355b47 req-576b630c-c813-493f-8604-fe8777355b47 ] Request (ServersAdmin275Test:test_rebuild_update_server_275): 200 GET http://10.180.1.21/compute/v2.1/servers/c07106a3-0134-4602-9263-f7359c8d5367 0.099s
2025-05-07 12:48:45.474 69636 INFO tempest.lib.common.rest_client [req-d6a540ea-95b9-4a80-8535-1f8f65c4c03a req-d6a540ea-95b9-4a80-8535-1f8f65c4c03a ] Request (VolumesAssistedSnapshotsTest:tearDownClass): 204 DELETE http://10.180.1.21:9696/networking/v2.0/security-groups/acfbbae8-9685-4208-9e8a-ad537cf9b478 0.171s
2025-05-07 12:48:45.489 69636 INFO tempest.lib.common.rest_client [req-9800b712-6c75-498e-bffe-e3893e670365 req-9800b712-6c75-498e-bffe-e3893e670365 ] Request (VolumesAssistedSnapshotsTest:tearDownClass): 404 GET http://10.180.1.21:9696/networking/v2.0/security-groups/acfbbae8-9685-4208-9e8a-ad537cf9b478 0.014s
2025-05-07 12:48:45.532 69592 INFO tempest.lib.common.rest_client [req-e708cd31-7da0-44b5-8c1e-5c958d5b5a12 req-e708cd31-7da0-44b5-8c1e-5c958d5b5a12 ] Request (AttachVolumeNegativeTest:test_attach_attached_volume_to_different_server): 200 GET http://10.180.1.21/compute/v2.1/servers/44c77d66-cb34-49be-a255-8cdf9efe6a18 0.149s
2025-05-07 12:48:45.618 69630 INFO tempest.lib.common.rest_client [req-7005be19-34f8-4a42-9629-8b8ca9549d3a req-7005be19-34f8-4a42-9629-8b8ca9549d3a ] Request (ServersV294TestFqdnHostnames:tearDownClass): 200 GET http://10.180.1.21/compute/v2.1/servers/7715cc43-6505-439b-ade5-06092096e2d6 0.161s
2025-05-07 12:48:45.680 69644 INFO tempest.lib.common.rest_client [req-b829f8c4-f770-4d70-80c3-d85a0f480d98 req-b829f8c4-f770-4d70-80c3-d85a0f480d98 ] Request (DeleteServersAdminTestJSON:test_admin_delete_servers_of_others): 200 GET http://10.180.1.21/compute/v2.1/servers/838dc24e-f04e-4756-bbb7-f068018f5edc 0.174s
2025-05-07 12:48:45.773 69636 INFO tempest.lib.common.rest_client [req-e764b8f4-1ee2-4d6d-b44a-764ffd90a6da req-e764b8f4-1ee2-4d6d-b44a-764ffd90a6da ] Request (VolumesAssistedSnapshotsTest:tearDownClass): 204 DELETE http://10.180.1.21:9696/networking/v2.0/floatingips/8f881198-2864-4e29-8575-f79d540298a1 0.284s
2025-05-07 12:48:45.794 69636 INFO tempest.lib.common.rest_client [req-1a59d77c-a17f-4dd1-b0a5-80636678d922 req-1a59d77c-a17f-4dd1-b0a5-80636678d922 ] Request (VolumesAssistedSnapshotsTest:tearDownClass): 404 DELETE http://10.180.1.21/volume/v3/volumes/2a19030a-41ac-4b2b-8c76-015610706c0f 0.021s
2025-05-07 12:48:45.809 69636 INFO tempest.lib.common.rest_client [req-fd797466-5e5a-4c87-8726-50f8bb3f75d4 req-fd797466-5e5a-4c87-8726-50f8bb3f75d4 ] Request (VolumesAssistedSnapshotsTest:tearDownClass): 404 GET http://10.180.1.21/volume/v3/volumes/2a19030a-41ac-4b2b-8c76-015610706c0f 0.014s
2025-05-07 12:48:45.810 69614 INFO tempest.lib.common.rest_client [req-1a9c93d4-6981-4585-942c-412fa10d1ff0 req-1a9c93d4-6981-4585-942c-412fa10d1ff0 ] Request (ListImageFiltersTestJSON:setUpClass): 200 GET http://10.180.1.21/compute/v2.1/servers/578c621d-2931-4573-b15c-05504145f9fc 0.218s
2025-05-07 12:48:45.880 69642 INFO tempest.lib.common.rest_client [req-796eac20-aa68-40e6-aa18-436332bd8aaf req-796eac20-aa68-40e6-aa18-436332bd8aaf ] Request (ServersTestMultiNic:test_verify_duplicate_network_nics): 200 GET http://10.180.1.21/compute/v2.1/servers/d35dd075-3bec-4293-988f-9940f9fb78e3 0.604s
2025-05-07 12:48:45.889 69610 INFO tempest.lib.common.rest_client [req-610a6e27-874d-4413-a09f-707ac6dc0fd4 req-610a6e27-874d-4413-a09f-707ac6dc0fd4 ] Request (ServerActionsTestOtherA:setUpClass): 200 GET http://10.180.1.21/compute/v2.1/servers/42b6c9c6-967a-4f86-82a2-a341b1c1e750 0.201s
2025-05-07 12:48:45.964 69596 INFO tempest.lib.common.rest_client [req-f5bd0672-4959-461b-886d-b99781349bd2 req-f5bd0672-4959-461b-886d-b99781349bd2 ] Request (ServerDiagnosticsV248Test:tearDownClass): 200 GET http://10.180.1.21/compute/v2.1/servers/563722c6-483c-4154-b4da-e8412f78b765 0.163s
2025-05-07 12:48:45.973 69594 INFO tempest.lib.common.rest_client [req-8041b719-b076-4e0b-b8f1-7e9528ed83dc req-8041b719-b076-4e0b-b8f1-7e9528ed83dc ] Request (ServersAdminNegativeTestJSON:tearDownClass): 200 GET http://10.180.1.21/compute/v2.1/servers/dcc61c85-f39c-40e0-95cf-c18894eebf03 0.106s
2025-05-07 12:48:46.055 69602 INFO tempest.lib.common.rest_client [req-095cb0a6-7841-4568-8e63-3e7379d6109b req-095cb0a6-7841-4568-8e63-3e7379d6109b ] Request (ServersAdminTestJSON:test_inject_network_info): 200 GET http://10.180.1.21/compute/v2.1/servers/22889b96-78e6-4b9c-8b43-a423dfe509bc 0.111s
2025-05-07 12:48:46.131 69608 INFO tempest.lib.common.rest_client [req-2e322f7a-0c46-4a7a-937b-e5538429116d req-2e322f7a-0c46-4a7a-937b-e5538429116d ] Request (AttachVolumeTestJSON:test_attach_detach_volume): 200 GET http://10.180.1.21/compute/v2.1/servers/5870abd0-1c2c-43ae-9c3e-6bf3c0862c05 0.129s
2025-05-07 12:48:46.135 69606 INFO tempest.lib.common.rest_client [req-3c77d43a-2383-45ee-b198-35ff41e33a82 req-3c77d43a-2383-45ee-b198-35ff41e33a82 ] Request (MigrationsAdminTest:test_list_migrations_in_flavor_resize_situation): 200 GET http://10.180.1.21/compute/v2.1/servers/b2cfd112-af47-46e1-8546-f527c9d84253 0.235s
2025-05-07 12:48:46.216 69588 INFO tempest.lib.common.rest_client [req-d97a8e58-244c-4e48-818e-2dcbba96ea54 req-d97a8e58-244c-4e48-818e-2dcbba96ea54 ] Request (ListServersNegativeTestJSON:setUpClass): 200 GET http://10.180.1.21/compute/v2.1/servers/1d3eaa6c-8a56-4bca-a518-e5b5274058a2 0.153s
2025-05-07 12:48:46.285 69647 INFO tempest.lib.common.rest_client [req-d274d041-a815-4e7e-ac25-f6aa2d732021 req-d274d041-a815-4e7e-ac25-f6aa2d732021 ] Request (FloatingIPsAssociationTestJSON:test_associate_already_associated_floating_ip): 200 GET http://10.180.1.21/compute/v2.1/servers/fe4ef999-119c-4235-85dd-f1848885b31a 0.163s
2025-05-07 12:48:46.285 69618 INFO tempest.lib.common.rest_client [req-9ef52406-4d76-4b92-996a-38c37f19e0db req-9ef52406-4d76-4b92-996a-38c37f19e0db ] Request (ServerDiskConfigTestJSON:setUpClass): 201 POST http://10.180.1.21:9696/networking/v2.0/routers 1.647s
2025-05-07 12:48:46.328 69584 INFO tempest.lib.common.rest_client [req-60a90b08-ab32-4b55-9d50-a3d593d46048 req-60a90b08-ab32-4b55-9d50-a3d593d46048 ] Request (InstanceActionsNegativeTestJSON:setUpClass): 200 GET http://10.180.1.21/compute/v2.1/servers/29b9af6b-f049-410e-b20f-5de1d3c84611 0.280s
2025-05-07 12:48:46.357 69626 INFO tempest.lib.common.rest_client [req-2c6ea4bc-3c22-455c-9e65-d39cfdc7f8c4 req-2c6ea4bc-3c22-455c-9e65-d39cfdc7f8c4 ] Request (ServersListShow298Test:test_list_show_update_rebuild_server_298): 200 GET http://10.180.1.21/compute/v2.1/servers/0a8b54ec-3f2c-4313-a47b-cc81e55c20f9 0.218s
2025-05-07 12:48:46.359 69616 INFO tempest.lib.common.rest_client [req-a4249979-1352-49f3-aa72-24b0fa185a61 req-a4249979-1352-49f3-aa72-24b0fa185a61 ] Request (VolumesAdminNegativeTest:_run_cleanups): 200 GET http://10.180.1.21/compute/v2.1/servers/abbf2f1c-ae9a-432a-baf5-7d7ce24253d3/os-volume_attachments 0.195s
2025-05-07 12:48:46.403 69632 INFO tempest.lib.common.rest_client [req-eb1bb332-8ce1-49f0-8d90-d9754e193dfd req-eb1bb332-8ce1-49f0-8d90-d9754e193dfd ] Request (ImagesTestJSON:test_create_image_from_suspended_server): 200 GET http://10.180.1.21/compute/v2.1/images/6980e531-2697-4aa5-8e97-9eddc113d6ad 0.201s
2025-05-07 12:48:46.421 69586 INFO tempest.lib.common.rest_client [req-09a5de6a-72b0-41b2-90e8-4a9c42e1e6f2 req-09a5de6a-72b0-41b2-90e8-4a9c42e1e6f2 ] Request (ServersNegativeTestJSON:setUpClass): 200 GET http://10.180.1.21/compute/v2.1/servers/5472357a-7746-41f9-9c0a-4edaaea0570a 0.230s
2025-05-07 12:48:46.479 69612 INFO tempest.lib.common.rest_client [req-6677d738-18f6-4e6e-9679-b546ef11bbd4 req-6677d738-18f6-4e6e-9679-b546ef11bbd4 ] Request (ServersAaction247Test:test_create_backup): 200 GET http://10.180.1.21/compute/v2.1/servers/873b054f-64dc-4d97-b89c-995dd3702690 0.199s
2025-05-07 12:48:46.487 69622 INFO tempest.lib.common.rest_client [req-df1f64e8-54ec-4fe8-843e-4e324530e584 req-df1f64e8-54ec-4fe8-843e-4e324530e584 ] Request (ServerRescueNegativeTestJSON:test_rescued_vm_detach_volume): 200 GET http://10.180.1.21/compute/v2.1/servers/07e6b1af-4468-4c40-92cb-6089417ff16f 0.207s
2025-05-07 12:48:46.489 69612 INFO tempest.common.waiters [-] State transition "BUILD/spawning" ==> "ACTIVE/None" after 73 second wait
2025-05-07 12:48:46.537 69640 INFO tempest.lib.common.rest_client [req-409e6eed-6983-4597-9911-382dfedd5468 req-409e6eed-6983-4597-9911-382dfedd5468 ] Request (ServerRescueTestJSONUnderV235:setUpClass): 200 GET http://10.180.1.21/compute/v2.1/servers/3c81e760-ffaa-4b84-bd9b-2e253f268dee 0.122s
2025-05-07 12:48:46.567 69634 INFO tempest.lib.common.rest_client [req-df5b499f-43e7-4050-bb49-cad1eff6fcf4 req-df5b499f-43e7-4050-bb49-cad1eff6fcf4 ] Request (ServersAdmin275Test:test_rebuild_update_server_275): 200 GET http://10.180.1.21/compute/v2.1/servers/c07106a3-0134-4602-9263-f7359c8d5367 0.080s
2025-05-07 12:48:46.631 69592 INFO tempest.lib.common.rest_client [req-76d98fde-f9fb-4074-a552-41f16c073e37 req-76d98fde-f9fb-4074-a552-41f16c073e37 ] Request (AttachVolumeNegativeTest:test_attach_attached_volume_to_different_server): 200 GET http://10.180.1.21/compute/v2.1/servers/44c77d66-cb34-49be-a255-8cdf9efe6a18 0.087s
2025-05-07 12:48:46.740 69630 INFO tempest.lib.common.rest_client [req-7b94b1f0-469c-44a1-87a2-48f067886f66 req-7b94b1f0-469c-44a1-87a2-48f067886f66 ] Request (ServersV294TestFqdnHostnames:tearDownClass): 200 GET http://10.180.1.21/compute/v2.1/servers/7715cc43-6505-439b-ade5-06092096e2d6 0.110s
2025-05-07 12:48:46.755 69636 INFO tempest.lib.common.rest_client [req-39050b81-d001-438e-92e2-53fd9755de83 req-39050b81-d001-438e-92e2-53fd9755de83 ] Request (VolumesAssistedSnapshotsTest:tearDownClass): 200 PUT http://10.180.1.21:9696/networking/v2.0/routers/1941302c-8d28-4f6c-9de9-234d4e641f87/remove_router_interface 0.945s
2025-05-07 12:48:46.831 69644 INFO tempest.lib.common.rest_client [req-36f341e4-a0ac-4ff3-990c-5a503e992fdf req-36f341e4-a0ac-4ff3-990c-5a503e992fdf ] Request (DeleteServersAdminTestJSON:test_admin_delete_servers_of_others): 200 GET http://10.180.1.21/compute/v2.1/servers/838dc24e-f04e-4756-bbb7-f068018f5edc 0.136s
2025-05-07 12:48:46.976 69614 INFO tempest.lib.common.rest_client [req-9fc9c8f8-1d8b-49ef-ad46-ddf2c5fa676f req-9fc9c8f8-1d8b-49ef-ad46-ddf2c5fa676f ] Request (ListImageFiltersTestJSON:setUpClass): 200 GET http://10.180.1.21/compute/v2.1/servers/578c621d-2931-4573-b15c-05504145f9fc 0.156s
2025-05-07 12:48:46.989 69614 INFO tempest.common.waiters [-] State transition "ACTIVE/image_uploading" ==> "ACTIVE/None" after 2 second wait
2025-05-07 12:48:47.110 69612 INFO tempest.lib.common.rest_client [req-b5ed2e66-bb87-4610-9a6c-78070fe652cd req-b5ed2e66-bb87-4610-9a6c-78070fe652cd ] Request (ServersAaction247Test:test_create_backup): 202 POST http://10.180.1.21/compute/v2.1/servers/873b054f-64dc-4d97-b89c-995dd3702690/action 0.621s
2025-05-07 12:48:47.166 69642 INFO tempest.lib.common.rest_client [req-7b359813-1f35-450a-aeef-35edbbbc69a3 req-7b359813-1f35-450a-aeef-35edbbbc69a3 ] Request (ServersTestMultiNic:test_verify_duplicate_network_nics): 200 GET http://10.180.1.21/compute/v2.1/servers/d35dd075-3bec-4293-988f-9940f9fb78e3 0.272s
2025-05-07 12:48:47.173 69636 INFO tempest.lib.common.rest_client [req-1f8112fb-02e1-44f4-8ffe-a12224afd901 req-1f8112fb-02e1-44f4-8ffe-a12224afd901 ] Request (VolumesAssistedSnapshotsTest:tearDownClass): 204 DELETE http://10.180.1.21:9696/networking/v2.0/routers/1941302c-8d28-4f6c-9de9-234d4e641f87 0.417s
2025-05-07 12:48:47.176 69610 INFO tempest.lib.common.rest_client [req-b41c8e97-4aef-4eef-acbf-8da6247c20a9 req-b41c8e97-4aef-4eef-acbf-8da6247c20a9 ] Request (ServerActionsTestOtherA:setUpClass): 200 GET http://10.180.1.21/compute/v2.1/servers/42b6c9c6-967a-4f86-82a2-a341b1c1e750 0.270s
2025-05-07 12:48:47.253 69594 INFO tempest.lib.common.rest_client [req-12704707-bacb-4aab-b94d-e5663f12a79c req-12704707-bacb-4aab-b94d-e5663f12a79c ] Request (ServersAdminNegativeTestJSON:tearDownClass): 200 GET http://10.180.1.21/compute/v2.1/servers/dcc61c85-f39c-40e0-95cf-c18894eebf03 0.268s
2025-05-07 12:48:47.271 69596 INFO tempest.lib.common.rest_client [req-4d54ebb0-b87d-4ad8-b90b-1a50172be622 req-4d54ebb0-b87d-4ad8-b90b-1a50172be622 ] Request (ServerDiagnosticsV248Test:tearDownClass): 200 GET http://10.180.1.21/compute/v2.1/servers/563722c6-483c-4154-b4da-e8412f78b765 0.288s
2025-05-07 12:48:47.285 69596 INFO tempest.common.waiters [-] State transition "ACTIVE/deleting" ==> "DELETED/None" after 5 second wait
2025-05-07 12:48:47.347 69614 INFO tempest.lib.common.rest_client [req-bbbbaf4d-435a-4b9f-9042-1688757401e2 req-bbbbaf4d-435a-4b9f-9042-1688757401e2 ] Request (ListImageFiltersTestJSON:test_list_images_filter_by_changes_since): 200 GET http://10.180.1.21/compute/v2.1/images?changes-since=2025-05-07T12%3A46%3A49Z 0.357s
2025-05-07 12:48:47.362 69636 INFO tempest.lib.common.rest_client [req-b02574f3-7714-42d9-9579-8e2e9b6bf11f req-b02574f3-7714-42d9-9579-8e2e9b6bf11f ] Request (VolumesAssistedSnapshotsTest:tearDownClass): 204 DELETE http://10.180.1.21:9696/networking/v2.0/subnets/469e0bc9-c99a-431e-9022-2623d2e2b450 0.189s
2025-05-07 12:48:47.383 69602 INFO tempest.lib.common.rest_client [req-10a3480a-d599-4e87-9583-edbef118ad8d req-10a3480a-d599-4e87-9583-edbef118ad8d ] Request (ServersAdminTestJSON:test_inject_network_info): 200 GET http://10.180.1.21/compute/v2.1/servers/22889b96-78e6-4b9c-8b43-a423dfe509bc 0.317s
2025-05-07 12:48:47.391 69602 INFO tempest.common.waiters [-] State transition "BUILD/scheduling" ==> "BUILD/None" after 40 second wait
2025-05-07 12:48:47.467 69608 INFO tempest.lib.common.rest_client [req-034d2273-9e31-4535-8e8c-78bf95acb072 req-034d2273-9e31-4535-8e8c-78bf95acb072 ] Request (AttachVolumeTestJSON:test_attach_detach_volume): 200 GET http://10.180.1.21/compute/v2.1/servers/5870abd0-1c2c-43ae-9c3e-6bf3c0862c05 0.326s
2025-05-07 12:48:47.496 69612 INFO tempest.lib.common.rest_client [req-485e61af-fae5-4ad7-af3e-2d8d92744fd8 req-485e61af-fae5-4ad7-af3e-2d8d92744fd8 ] Request (ServersAaction247Test:tearDownClass): 204 DELETE http://10.180.1.21/compute/v2.1/servers/873b054f-64dc-4d97-b89c-995dd3702690 0.377s
2025-05-07 12:48:47.574 69588 INFO tempest.lib.common.rest_client [req-285df57a-83a4-4b18-a700-93224ef89f52 req-285df57a-83a4-4b18-a700-93224ef89f52 ] Request (ListServersNegativeTestJSON:setUpClass): 200 GET http://10.180.1.21/compute/v2.1/servers/1d3eaa6c-8a56-4bca-a518-e5b5274058a2 0.347s
2025-05-07 12:48:47.624 69606 INFO tempest.lib.common.rest_client [req-88a955ae-91a1-4d8f-94bc-950ef3e60931 req-88a955ae-91a1-4d8f-94bc-950ef3e60931 ] Request (MigrationsAdminTest:test_list_migrations_in_flavor_resize_situation): 200 GET http://10.180.1.21/compute/v2.1/servers/b2cfd112-af47-46e1-8546-f527c9d84253 0.478s
2025-05-07 12:48:47.647 69647 INFO tempest.lib.common.rest_client [req-a870130c-cbf7-41b9-80ec-e0c060ddb7d9 req-a870130c-cbf7-41b9-80ec-e0c060ddb7d9 ] Request (FloatingIPsAssociationTestJSON:test_associate_already_associated_floating_ip): 200 GET http://10.180.1.21/compute/v2.1/servers/fe4ef999-119c-4235-85dd-f1848885b31a 0.351s
2025-05-07 12:48:47.711 69614 INFO tempest.lib.common.rest_client [req-2adfe862-b3e3-4ec4-8706-416be8cfcf1d req-2adfe862-b3e3-4ec4-8706-416be8cfcf1d ] Request (ListImageFiltersTestJSON:test_list_images_filter_by_name): 200 GET http://10.180.1.21/compute/v2.1/images?name=tempest-ListImageFiltersTestJSON-image-1409627409 0.357s
2025-05-07 12:48:47.718 69636 INFO tempest.lib.common.rest_client [req-f433e06c-2831-455d-85ef-edea9346cb05 req-f433e06c-2831-455d-85ef-edea9346cb05 ] Request (VolumesAssistedSnapshotsTest:tearDownClass): 204 DELETE http://10.180.1.21:9696/networking/v2.0/networks/f9269632-84c5-4e67-9f33-2a533d450be3 0.356s
2025-05-07 12:48:47.718 69618 INFO tempest.lib.common.rest_client [req-0665b14b-4135-4103-a45d-27712759d280 req-0665b14b-4135-4103-a45d-27712759d280 ] Request (ServerDiskConfigTestJSON:setUpClass): 200 PUT http://10.180.1.21:9696/networking/v2.0/routers/90cf8c87-09f1-46bb-942c-26f794182b6b/add_router_interface 1.432s
2025-05-07 12:48:47.719 69618 INFO tempest.lib.common.dynamic_creds [-] Created isolated network resources for: credentials: Credentials: {'domain_id': 'default', 'domain_name': 'Default', 'username': 'tempest-ServerDiskConfigTestJSON-592323136-project-member', 'project_domain_id': 'default', 'project_domain_name': 'Default', 'project_id': '9c18fe6e672f47269103d876f9d17f48', 'project_name': 'tempest-ServerDiskConfigTestJSON-592323136', 'tenant_id': '9c18fe6e672f47269103d876f9d17f48', 'tenant_name': 'tempest-ServerDiskConfigTestJSON-592323136', 'user_domain_id': 'default', 'user_domain_name': 'Default', 'user_id': '57f38b086c1a4ef1b1e30c6ff0ad36c3', 'system': None}, Network: {'id': '93f20dec-7f4d-4b5c-8869-725a9768c1e3', 'name': 'tempest-ServerDiskConfigTestJSON-726323583-network', 'tenant_id': '9c18fe6e672f47269103d876f9d17f48', 'admin_state_up': True, 'mtu': 8950, 'status': 'ACTIVE', 'subnets': [], 'shared': False, 'project_id': '9c18fe6e672f47269103d876f9d17f48', 'port_security_enabled': True, 'router:external': False, 'provider:network_type': 'vlan', 'provider:physical_network': 'default', 'provider:segmentation_id': 97, 'availability_zone_hints': [], 'availability_zones': [], 'ipv4_address_scope': None, 'ipv6_address_scope': None, 'description': '', 'tags': [], 'created_at': '2025-05-07T12:48:44Z', 'updated_at': '2025-05-07T12:48:44Z', 'revision_number': 1}, Subnet: {'id': '81d7b1cc-9b6b-4cc9-92d8-93555db11ee5', 'name': 'tempest-ServerDiskConfigTestJSON-726323583-subnet', 'tenant_id': '9c18fe6e672f47269103d876f9d17f48', 'network_id': '93f20dec-7f4d-4b5c-8869-725a9768c1e3', 'ip_version': 4, 'subnetpool_id': None, 'enable_dhcp': True, 'ipv6_ra_mode': None, 'ipv6_address_mode': None, 'gateway_ip': '192.168.128.1', 'cidr': '192.168.128.0/28', 'allocation_pools': [{'start': '192.168.128.2', 'end': '192.168.128.14'}], 'host_routes': [], 'dns_nameservers': [], 'description': '', 'router:external': False, 'service_types': [], 'tags': [], 'created_at': '2025-05-07T12:48:44Z', 'updated_at': '2025-05-07T12:48:44Z', 'revision_number': 0, 'project_id': '9c18fe6e672f47269103d876f9d17f48'}, Router: {'id': '90cf8c87-09f1-46bb-942c-26f794182b6b', 'name': 'tempest-ServerDiskConfigTestJSON-726323583-router', 'tenant_id': '9c18fe6e672f47269103d876f9d17f48', 'admin_state_up': True, 'status': 'ACTIVE', 'external_gateway_info': {'network_id': '9fce3b12-85c0-4ea2-a134-4021521cb4ef', 'external_fixed_ips': [{'subnet_id': '12e1b29b-1a30-4408-845f-928612e3be0d', 'ip_address': '10.180.180.162'}], 'enable_snat': True}, 'description': '', 'availability_zones': [], 'distributed': False, 'ha': False, 'availability_zone_hints': [], 'routes': [], 'flavor_id': None, 'tags': [], 'created_at': '2025-05-07T12:48:44Z', 'updated_at': '2025-05-07T12:48:45Z', 'revision_number': 2, 'project_id': '9c18fe6e672f47269103d876f9d17f48'}
2025-05-07 12:48:47.744 69616 INFO tempest.lib.common.rest_client [req-47b9a773-ff17-4fc6-b758-201202bf40e5 req-47b9a773-ff17-4fc6-b758-201202bf40e5 ] Request (VolumesAdminNegativeTest:_run_cleanups): 200 GET http://10.180.1.21/compute/v2.1/servers/abbf2f1c-ae9a-432a-baf5-7d7ce24253d3/os-volume_attachments 0.381s
2025-05-07 12:48:47.759 69584 INFO tempest.lib.common.rest_client [req-aa4efc1a-1d57-49b3-b908-4303b3278ae2 req-aa4efc1a-1d57-49b3-b908-4303b3278ae2 ] Request (InstanceActionsNegativeTestJSON:setUpClass): 200 GET http://10.180.1.21/compute/v2.1/servers/29b9af6b-f049-410e-b20f-5de1d3c84611 0.422s
2025-05-07 12:48:47.784 69616 INFO tempest.lib.common.rest_client [req-ac0e4528-4d03-46df-a750-a50f472ff69f req-ac0e4528-4d03-46df-a750-a50f472ff69f ] Request (VolumesAdminNegativeTest:_run_cleanups): 200 GET http://10.180.1.21/volume/v3/volumes/af3990d3-f7ec-45ac-9f14-7b5d0fd46df0 0.039s
2025-05-07 12:48:47.796 69616 INFO tempest.common.waiters [-] volume af3990d3-f7ec-45ac-9f14-7b5d0fd46df0 reached available after waiting for 0.796607 seconds
2025-05-07 12:48:47.802 69632 INFO tempest.lib.common.rest_client [req-b2be08c1-c141-489a-b005-f688e989aaea req-b2be08c1-c141-489a-b005-f688e989aaea ] Request (ImagesTestJSON:test_create_image_from_suspended_server): 200 GET http://10.180.1.21/compute/v2.1/images/6980e531-2697-4aa5-8e97-9eddc113d6ad 0.393s
2025-05-07 12:48:47.827 69618 INFO tempest.lib.common.rest_client [req-94098a1e-9a41-4756-a4cd-59f15a4ef924 req-94098a1e-9a41-4756-a4cd-59f15a4ef924 ] Request (ServerDiskConfigTestJSON:setUpClass): 201 POST http://10.180.1.21/identity/v3/auth/tokens 0.103s
2025-05-07 12:48:47.860 69586 INFO tempest.lib.common.rest_client [req-a0717370-0989-4513-885c-4c0c3d87abf9 req-a0717370-0989-4513-885c-4c0c3d87abf9 ] Request (ServersNegativeTestJSON:setUpClass): 200 GET http://10.180.1.21/compute/v2.1/servers/5472357a-7746-41f9-9c0a-4edaaea0570a 0.428s
2025-05-07 12:48:47.863 69618 INFO tempest.lib.common.rest_client [req-d85c06ff-9035-48c5-adb8-7d9af2a08869 req-d85c06ff-9035-48c5-adb8-7d9af2a08869 ] Request (ServerDiskConfigTestJSON:test_rebuild_server_with_auto_disk_config): 201 POST http://10.180.1.21/identity/v3/auth/tokens 0.032s
2025-05-07 12:48:47.864 69618 INFO tempest.lib.common.fixed_network [-] (ServerDiskConfigTestJSON:test_rebuild_server_with_auto_disk_config) Found network {'id': '93f20dec-7f4d-4b5c-8869-725a9768c1e3', 'name': 'tempest-ServerDiskConfigTestJSON-726323583-network', 'tenant_id': '9c18fe6e672f47269103d876f9d17f48', 'admin_state_up': True, 'mtu': 8950, 'status': 'ACTIVE', 'subnets': [], 'shared': False, 'project_id': '9c18fe6e672f47269103d876f9d17f48', 'port_security_enabled': True, 'router:external': False, 'provider:network_type': 'vlan', 'provider:physical_network': 'default', 'provider:segmentation_id': 97, 'availability_zone_hints': [], 'availability_zones': [], 'ipv4_address_scope': None, 'ipv6_address_scope': None, 'description': '', 'tags': [], 'created_at': '2025-05-07T12:48:44Z', 'updated_at': '2025-05-07T12:48:44Z', 'revision_number': 1} available for tenant
2025-05-07 12:48:47.873 69616 INFO tempest.lib.common.rest_client [req-dacdddc6-4f91-40e3-b0b9-2600c5617c2a req-dacdddc6-4f91-40e3-b0b9-2600c5617c2a ] Request (VolumesAdminNegativeTest:test_update_attached_volume_with_nonexistent_volume_in_uri): 201 POST http://10.180.1.21/identity/v3/auth/tokens 0.071s
2025-05-07 12:48:47.873 69616 INFO tempest.lib.common.fixed_network [-] (VolumesAdminNegativeTest:test_update_attached_volume_with_nonexistent_volume_in_uri) Found network {'id': '6bde6918-2344-4abf-8720-d8ff519de5e1', 'name': 'tempest-VolumesAdminNegativeTest-1278799466-network', 'tenant_id': '99422356eab14e8ca8a87e4d20644bb1', 'admin_state_up': True, 'mtu': 8950, 'status': 'ACTIVE', 'subnets': [], 'shared': False, 'project_id': '99422356eab14e8ca8a87e4d20644bb1', 'port_security_enabled': True, 'router:external': False, 'provider:network_type': 'vlan', 'provider:physical_network': 'default', 'provider:segmentation_id': 146, 'availability_zone_hints': [], 'availability_zones': [], 'ipv4_address_scope': None, 'ipv6_address_scope': None, 'description': '', 'tags': [], 'created_at': '2025-05-07T12:46:37Z', 'updated_at': '2025-05-07T12:46:37Z', 'revision_number': 1} available for tenant
2025-05-07 12:48:47.920 69612 INFO tempest.lib.common.rest_client [req-3d338372-15cf-40a3-b160-6429a2be1b1e req-3d338372-15cf-40a3-b160-6429a2be1b1e ] Request (ServersAaction247Test:tearDownClass): 200 GET http://10.180.1.21/compute/v2.1/servers/873b054f-64dc-4d97-b89c-995dd3702690 0.423s
2025-05-07 12:48:47.991 69622 INFO tempest.lib.common.rest_client [req-16d86d40-d020-41ba-9a99-79a8ed37380a req-16d86d40-d020-41ba-9a99-79a8ed37380a ] Request (ServerRescueNegativeTestJSON:test_rescued_vm_detach_volume): 200 GET http://10.180.1.21/compute/v2.1/servers/07e6b1af-4468-4c40-92cb-6089417ff16f 0.492s
2025-05-07 12:48:48.054 69626 INFO tempest.lib.common.rest_client [req-07c78f8b-20c2-4a6e-a714-d018c15143c4 req-07c78f8b-20c2-4a6e-a714-d018c15143c4 ] Request (ServersListShow298Test:test_list_show_update_rebuild_server_298): 200 GET http://10.180.1.21/compute/v2.1/servers/0a8b54ec-3f2c-4313-a47b-cc81e55c20f9 0.684s
2025-05-07 12:48:48.054 69640 INFO tempest.lib.common.rest_client [req-402bf7c0-776f-42ed-aa13-7691d7c19706 req-402bf7c0-776f-42ed-aa13-7691d7c19706 ] Request (ServerRescueTestJSONUnderV235:setUpClass): 200 GET http://10.180.1.21/compute/v2.1/servers/3c81e760-ffaa-4b84-bd9b-2e253f268dee 0.505s
2025-05-07 12:48:48.116 69592 INFO tempest.lib.common.rest_client [req-30548014-49a3-40d9-82d8-a8720f89bac5 req-30548014-49a3-40d9-82d8-a8720f89bac5 ] Request (AttachVolumeNegativeTest:test_attach_attached_volume_to_different_server): 200 GET http://10.180.1.21/compute/v2.1/servers/44c77d66-cb34-49be-a255-8cdf9efe6a18 0.472s
2025-05-07 12:48:48.128 69634 INFO tempest.lib.common.rest_client [req-42f9afc5-2ac1-4efc-a114-09e1651e5a66 req-42f9afc5-2ac1-4efc-a114-09e1651e5a66 ] Request (ServersAdmin275Test:test_rebuild_update_server_275): 200 GET http://10.180.1.21/compute/v2.1/servers/c07106a3-0134-4602-9263-f7359c8d5367 0.542s
2025-05-07 12:48:48.146 69634 INFO tempest.common.waiters [-] State transition "REBUILD/rebuild_spawning" ==> "ACTIVE/None" after 11 second wait
2025-05-07 12:48:48.203 69614 INFO tempest.lib.common.rest_client [req-c23e2945-f5b7-49bf-ac26-5d5603fd5217 req-c23e2945-f5b7-49bf-ac26-5d5603fd5217 ] Request (ListImageFiltersTestJSON:test_list_images_filter_by_server_id): 200 GET http://10.180.1.21/compute/v2.1/images?server=578c621d-2931-4573-b15c-05504145f9fc 0.485s
2025-05-07 12:48:48.257 69630 INFO tempest.lib.common.rest_client [req-e8bdf231-44d2-49ad-beeb-5802c70711bf req-e8bdf231-44d2-49ad-beeb-5802c70711bf ] Request (ServersV294TestFqdnHostnames:tearDownClass): 200 GET http://10.180.1.21/compute/v2.1/servers/7715cc43-6505-439b-ade5-06092096e2d6 0.504s
2025-05-07 12:48:48.303 69644 INFO tempest.lib.common.rest_client [req-ba73e085-2f0b-47f4-ba2d-313a52169c8d req-ba73e085-2f0b-47f4-ba2d-313a52169c8d ] Request (DeleteServersAdminTestJSON:test_admin_delete_servers_of_others): 200 GET http://10.180.1.21/compute/v2.1/servers/838dc24e-f04e-4756-bbb7-f068018f5edc 0.462s
2025-05-07 12:48:48.764 69616 INFO tempest.lib.common.rest_client [req-df86c36c-ad7d-4164-bf75-c09f876ca08a req-df86c36c-ad7d-4164-bf75-c09f876ca08a ] Request (VolumesAdminNegativeTest:test_update_attached_volume_with_nonexistent_volume_in_uri): 202 POST http://10.180.1.21/compute/v2.1/servers 0.889s
2025-05-07 12:48:48.839 69618 INFO tempest.lib.common.rest_client [req-6a7d2222-f920-4581-9f6c-1f62349ed60d req-6a7d2222-f920-4581-9f6c-1f62349ed60d ] Request (ServerDiskConfigTestJSON:test_rebuild_server_with_auto_disk_config): 202 POST http://10.180.1.21/compute/v2.1/servers 0.974s
