2025-05-07 12:49:10.922 69642 INFO tempest.lib.common.rest_client [req-15f1548c-6447-4eb1-aa44-7a095fb04ebc req-15f1548c-6447-4eb1-aa44-7a095fb04ebc ] Request (ServersTestMultiNic:_run_cleanups): 200 GET http://10.180.1.21/compute/v2.1/servers/d35dd075-3bec-4293-988f-9940f9fb78e3 0.187s
2025-05-07 12:49:10.943 69630 INFO tempest.lib.common.rest_client [req-167107a3-638a-414a-80e6-1db1574211d4 req-167107a3-638a-414a-80e6-1db1574211d4 ] Request (ServersV294TestFqdnHostnames:tearDownClass): 404 GET http://10.180.1.21/compute/v2.1/servers/7715cc43-6505-439b-ade5-06092096e2d6 0.126s
2025-05-07 12:49:10.960 69636 INFO tempest.lib.common.rest_client [req-b6f6c695-3008-4f6e-9faa-a599e2c9c3f2 req-b6f6c695-3008-4f6e-9faa-a599e2c9c3f2 ] Request (SecurityGroupsTestJSON:setUpClass): 201 POST http://10.180.1.21/identity/v3/auth/tokens 0.079s
2025-05-07 12:49:10.969 69614 INFO tempest.lib.common.rest_client [req-e3bc79c5-c152-427c-bf73-074d8786ba3c req-e3bc79c5-c152-427c-bf73-074d8786ba3c ] Request (ListImageFiltersTestJSON:tearDownClass): 200 GET http://10.180.1.21/compute/v2.1/servers/fad3ad44-43cd-442e-8723-d27bbb893e0d 0.169s
2025-05-07 12:49:11.004 69636 INFO tempest.lib.common.rest_client [req-063db754-46ef-44d8-8534-18613e285fc4 req-063db754-46ef-44d8-8534-18613e285fc4 ] Request (SecurityGroupsTestJSON:setUpClass): 201 POST http://10.180.1.21/identity/v3/auth/tokens 0.041s
2025-05-07 12:49:11.036 69636 INFO tempest.lib.common.rest_client [req-3805a67f-8306-4179-af10-5b4594656198 req-3805a67f-8306-4179-af10-5b4594656198 ] Request (SecurityGroupsTestJSON:setUpClass): 200 GET http://10.180.1.21/identity/v3/domains?name=Default 0.031s
2025-05-07 12:49:11.036 69598 INFO tempest.lib.common.rest_client [req-6d92bc90-5e21-4567-a957-d1de57c65c1e req-6d92bc90-5e21-4567-a957-d1de57c65c1e ] Request (AttachInterfacesUnderV243Test:_run_cleanups): 200 GET http://10.180.1.21/compute/v2.1/servers/fdadbd72-38cd-4ea8-be7a-cffd5bea01e0 0.169s
2025-05-07 12:49:11.065 69630 INFO tempest.lib.common.rest_client [req-60829d35-78da-4f30-b609-a9b7f23e401a req-60829d35-78da-4f30-b609-a9b7f23e401a ] Request (ServersV294TestFqdnHostnames:tearDownClass): 204 DELETE http://10.180.1.21/compute/v2.1/os-keypairs/tempest-keypair-587852519 0.121s
2025-05-07 12:49:11.084 69636 INFO tempest.lib.common.rest_client [req-d9089620-aead-4d6c-b7fd-379cb92ee268 req-d9089620-aead-4d6c-b7fd-379cb92ee268 ] Request (SecurityGroupsTestJSON:setUpClass): 201 POST http://10.180.1.21/identity/v3/projects 0.047s
2025-05-07 12:49:11.148 69632 INFO tempest.lib.common.rest_client [req-93f3424b-a23e-4b4a-b1bf-bab29dd14556 req-93f3424b-a23e-4b4a-b1bf-bab29dd14556 ] Request (ImagesTestJSON:test_create_server_from_snapshot): 200 GET http://10.180.1.21/compute/v2.1/servers/a62be1cf-8c04-4bf4-8e04-c98b30bc90a8 0.191s
2025-05-07 12:49:11.157 69606 INFO tempest.lib.common.rest_client [req-949dca0a-e39a-47de-9091-ee08f2c9d615 req-949dca0a-e39a-47de-9091-ee08f2c9d615 ] Request (MigrationsAdminTest:test_list_migrations_in_flavor_resize_situation): 201 POST http://10.180.1.21:9696/networking/v2.0/security-group-rules 0.267s
2025-05-07 12:49:11.178 69636 INFO tempest.lib.common.rest_client [req-635cb094-ecaf-46f3-bf00-e4f35284adae req-635cb094-ecaf-46f3-bf00-e4f35284adae ] Request (SecurityGroupsTestJSON:setUpClass): 201 POST http://10.180.1.21/identity/v3/users 0.094s
2025-05-07 12:49:11.211 69636 INFO tempest.lib.common.rest_client [req-20e7e7eb-78c9-4e4e-a011-f98b797335c8 req-20e7e7eb-78c9-4e4e-a011-f98b797335c8 ] Request (SecurityGroupsTestJSON:setUpClass): 200 GET http://10.180.1.21/identity/v3/roles 0.032s
2025-05-07 12:49:11.256 69596 INFO tempest.lib.common.rest_client [req-ae5a66a7-4f06-4f63-b2e8-75efc4b67ba1 req-ae5a66a7-4f06-4f63-b2e8-75efc4b67ba1 ] Request (ServerDiagnosticsV248Test:tearDownClass): 200 GET http://10.180.1.21/compute/v2.1/servers/563722c6-483c-4154-b4da-e8412f78b765 0.249s
2025-05-07 12:49:11.257 69636 INFO tempest.lib.common.rest_client [req-6f3f0c51-742b-4116-b58e-ca0628d87156 req-6f3f0c51-742b-4116-b58e-ca0628d87156 ] Request (SecurityGroupsTestJSON:setUpClass): 204 PUT http://10.180.1.21/identity/v3/projects/12b2f554efa342fa929dddb36af69089/users/a40069c9a4134d6cac2996c6822e3ad2/roles/6a2842a37bb142ff877363e1ba8bb1d0 0.045s
2025-05-07 12:49:11.257 69636 INFO tempest.lib.common.dynamic_creds [-] Dynamic test user a40069c9a4134d6cac2996c6822e3ad2 is created with scope project and roles: ['member']
2025-05-07 12:49:11.257 69636 INFO tempest.lib.common.dynamic_creds [-] Acquired dynamic creds: credentials: Credentials: {'domain_id': 'default', 'domain_name': 'Default', 'username': 'tempest-SecurityGroupsTestJSON-251961549-project-member', 'project_domain_id': 'default', 'project_domain_name': 'Default', 'project_id': '12b2f554efa342fa929dddb36af69089', 'project_name': 'tempest-SecurityGroupsTestJSON-251961549', 'tenant_id': '12b2f554efa342fa929dddb36af69089', 'tenant_name': 'tempest-SecurityGroupsTestJSON-251961549', 'user_domain_id': 'default', 'user_domain_name': 'Default', 'user_id': 'a40069c9a4134d6cac2996c6822e3ad2', 'system': None}, Network: None, Subnet: None, Router: None
2025-05-07 12:49:11.262 69588 INFO tempest.lib.common.rest_client [req-455a22c4-dc8f-46bb-8f88-ba0c008d25b0 req-455a22c4-dc8f-46bb-8f88-ba0c008d25b0 ] Request (ListServersNegativeTestJSON:setUpClass): 200 GET http://10.180.1.21/compute/v2.1/servers/1d3eaa6c-8a56-4bca-a518-e5b5274058a2 0.327s
2025-05-07 12:49:11.282 69630 INFO tempest.lib.common.rest_client [req-f040ce54-cfe0-45cf-b5fb-2c89ed13532e req-f040ce54-cfe0-45cf-b5fb-2c89ed13532e ] Request (ServersV294TestFqdnHostnames:tearDownClass): 204 DELETE http://10.180.1.21:9696/networking/v2.0/security-groups/48e23bda-deac-4458-b022-1fc086c0c036 0.217s
2025-05-07 12:49:11.307 69630 INFO tempest.lib.common.rest_client [req-1b9be9fe-c0c0-4500-beb3-3def505c9d0c req-1b9be9fe-c0c0-4500-beb3-3def505c9d0c ] Request (ServersV294TestFqdnHostnames:tearDownClass): 404 GET http://10.180.1.21:9696/networking/v2.0/security-groups/48e23bda-deac-4458-b022-1fc086c0c036 0.024s
2025-05-07 12:49:11.355 69608 INFO tempest.lib.common.rest_client [req-3960ea6a-5932-43f6-8533-b0b3b398a8e3 req-3960ea6a-5932-43f6-8533-b0b3b398a8e3 ] Request (AttachVolumeTestJSON:test_attach_detach_volume): 200 GET http://10.180.1.21/compute/v2.1/servers/5870abd0-1c2c-43ae-9c3e-6bf3c0862c05 0.332s
2025-05-07 12:49:11.361 69636 INFO tempest.lib.common.rest_client [req-37b73ea0-6451-4ded-a8b1-4f05118b1370 req-37b73ea0-6451-4ded-a8b1-4f05118b1370 ] Request (SecurityGroupsTestJSON:setUpClass): 201 POST http://10.180.1.21/identity/v3/auth/tokens 0.103s
2025-05-07 12:49:11.386 69602 INFO tempest.lib.common.rest_client [req-f67afd22-15b7-4d0b-b275-58fe3e934654 req-f67afd22-15b7-4d0b-b275-58fe3e934654 ] Request (ServersAdminTestJSON:test_inject_network_info): 200 GET http://10.180.1.21/compute/v2.1/servers/22889b96-78e6-4b9c-8b43-a423dfe509bc 0.328s
2025-05-07 12:49:11.428 69606 INFO tempest.lib.common.rest_client [req-d8bf75d3-4ae3-41ad-a64e-5378a9203484 req-d8bf75d3-4ae3-41ad-a64e-5378a9203484 ] Request (MigrationsAdminTest:test_list_migrations_in_flavor_resize_situation): 201 POST http://10.180.1.21:9696/networking/v2.0/security-group-rules 0.270s
2025-05-07 12:49:11.455 69634 INFO tempest.lib.common.rest_client [req-a25f38b9-cd89-4a03-977c-3d01131c27e8 req-a25f38b9-cd89-4a03-977c-3d01131c27e8 ] Request (ServersAdmin275Test:tearDownClass): 200 GET http://10.180.1.21/compute/v2.1/servers/c07106a3-0134-4602-9263-f7359c8d5367 0.343s
2025-05-07 12:49:11.472 69647 INFO tempest.lib.common.rest_client [req-eb0be822-d9e9-4c2e-8db2-f0b34c9649cb req-eb0be822-d9e9-4c2e-8db2-f0b34c9649cb ] Request (FloatingIPsAssociationTestJSON:test_associate_already_associated_floating_ip): 200 GET http://10.180.1.21/compute/v2.1/servers/fe4ef999-119c-4235-85dd-f1848885b31a 0.343s
2025-05-07 12:49:11.548 69590 INFO tempest.lib.common.rest_client [req-83924255-22e4-4f83-ba1c-8f21551106b3 req-83924255-22e4-4f83-ba1c-8f21551106b3 ] Request (ServersWithSpecificFlavorTestJSON:test_verify_created_server_ephemeral_disk): 200 GET http://10.180.1.21/compute/v2.1/servers/2234356c-a233-4649-a30d-63af47b4e971 0.376s
2025-05-07 12:49:11.586 69624 INFO tempest.lib.common.rest_client [req-7d9dfd73-6745-45b0-bdc1-d78a59186cf0 req-7d9dfd73-6745-45b0-bdc1-d78a59186cf0 ] Request (AttachInterfacesTestJSON:test_create_list_show_delete_interfaces_by_fixed_ip): 200 GET http://10.180.1.21/compute/v2.1/servers/cb44961f-d39b-4a67-a568-780c0ac1ec7b/os-interface 0.353s
2025-05-07 12:49:11.621 69616 INFO tempest.lib.common.rest_client [req-45f0dc12-a12c-42b8-acbf-74ca9afb454c req-45f0dc12-a12c-42b8-acbf-74ca9afb454c ] Request (VolumesAdminNegativeTest:test_update_attached_volume_with_nonexistent_volume_in_uri): 200 GET http://10.180.1.21/compute/v2.1/servers/7bcad6cc-6b37-498f-816d-2c84ffa08b6d 0.315s
2025-05-07 12:49:11.663 69618 INFO tempest.lib.common.rest_client [req-754f0a9a-788e-4008-862c-56f9fa762edc req-754f0a9a-788e-4008-862c-56f9fa762edc ] Request (ServerDiskConfigTestJSON:test_rebuild_server_with_auto_disk_config): 200 GET http://10.180.1.21/compute/v2.1/servers/f2314bad-495a-4344-bb55-3bed46135007 0.303s
2025-05-07 12:49:11.698 69622 INFO tempest.lib.common.rest_client [req-e0d5e7f8-3095-4c62-a43e-e9f659893e54 req-e0d5e7f8-3095-4c62-a43e-e9f659893e54 ] Request (ServerRescueNegativeTestJSON:test_rescued_vm_detach_volume): 200 GET http://10.180.1.21/compute/v2.1/servers/07e6b1af-4468-4c40-92cb-6089417ff16f 0.291s
2025-05-07 12:49:11.753 69586 INFO tempest.lib.common.rest_client [req-b1859189-616e-4dc7-abac-09235e882812 req-b1859189-616e-4dc7-abac-09235e882812 ] Request (ServersNegativeTestJSON:setUpClass): 200 GET http://10.180.1.21/compute/v2.1/servers/5472357a-7746-41f9-9c0a-4edaaea0570a 0.323s
2025-05-07 12:49:11.760 69586 INFO tempest.common.waiters [-] State transition "BUILD/None" ==> "BUILD/networking" after 75 second wait
2025-05-07 12:49:11.781 69630 INFO tempest.lib.common.rest_client [req-7c3ce426-0224-4d66-9b47-737505cf4f61 req-7c3ce426-0224-4d66-9b47-737505cf4f61 ] Request (ServersV294TestFqdnHostnames:tearDownClass): 204 DELETE http://10.180.1.21:9696/networking/v2.0/floatingips/7e60d63c-0508-4448-81aa-281f50d5dd88 0.473s
2025-05-07 12:49:11.792 69584 INFO tempest.lib.common.rest_client [req-2b350ea6-80bc-4d82-98e4-5ebb9cdff8e9 req-2b350ea6-80bc-4d82-98e4-5ebb9cdff8e9 ] Request (InstanceActionsNegativeTestJSON:tearDownClass): 200 GET http://10.180.1.21/compute/v2.1/servers/29b9af6b-f049-410e-b20f-5de1d3c84611 0.286s
2025-05-07 12:49:11.903 69612 INFO tempest.lib.common.rest_client [req-6361f811-96cd-4139-acba-945dd1d44095 req-6361f811-96cd-4139-acba-945dd1d44095 ] Request (ServersAaction247Test:tearDownClass): 200 GET http://10.180.1.21/compute/v2.1/servers/873b054f-64dc-4d97-b89c-995dd3702690 0.313s
2025-05-07 12:49:11.981 69644 INFO tempest.lib.common.rest_client [req-482396ea-3d6d-4c08-a122-d765bf1c8845 req-482396ea-3d6d-4c08-a122-d765bf1c8845 ] Request (DeleteServersAdminTestJSON:test_delete_server_while_in_error_state): 200 GET http://10.180.1.21/compute/v2.1/servers/9750dfe2-f2e7-42d3-9149-25ed9e0400f7 0.304s
2025-05-07 12:49:11.999 69636 INFO tempest.lib.common.rest_client [req-ae90c3b1-dcdb-46be-810c-8c4bb95c9dca req-ae90c3b1-dcdb-46be-810c-8c4bb95c9dca ] Request (SecurityGroupsTestJSON:setUpClass): 201 POST http://10.180.1.21:9696/networking/v2.0/networks 0.638s
2025-05-07 12:49:12.063 69592 INFO tempest.lib.common.rest_client [req-f2c390d9-eee4-4af2-ad1c-24d8abc3a3c0 req-f2c390d9-eee4-4af2-ad1c-24d8abc3a3c0 ] Request (AttachVolumeNegativeTest:test_attach_attached_volume_to_different_server): 200 GET http://10.180.1.21/compute/v2.1/servers/44c77d66-cb34-49be-a255-8cdf9efe6a18 0.344s
2025-05-07 12:49:12.070 69640 INFO tempest.lib.common.rest_client [req-7e325244-2c07-4d60-9066-c5032ae03bb5 req-7e325244-2c07-4d60-9066-c5032ae03bb5 ] Request (ServerRescueTestJSONUnderV235:setUpClass): 200 GET http://10.180.1.21/compute/v2.1/servers/3c81e760-ffaa-4b84-bd9b-2e253f268dee 0.492s
2025-05-07 12:49:12.094 69594 INFO tempest.lib.common.rest_client [req-7c4355a8-8a45-4ecd-a7d7-4a48f3b5dcbb req-7c4355a8-8a45-4ecd-a7d7-4a48f3b5dcbb ] Request (ServersTestBootFromVolume:setUpClass): 200 PUT http://10.180.1.21:9696/networking/v2.0/routers/d80fa8c8-0ee2-4b2b-9147-f32cec21f75c/add_router_interface 1.650s
2025-05-07 12:49:12.094 69594 INFO tempest.lib.common.dynamic_creds [-] Created isolated network resources for: credentials: Credentials: {'domain_id': 'default', 'domain_name': 'Default', 'username': 'tempest-ServersTestBootFromVolume-1344242709-project-member', 'project_domain_id': 'default', 'project_domain_name': 'Default', 'project_id': '4ef33e0122194a8cb8fe5eb8087ff505', 'project_name': 'tempest-ServersTestBootFromVolume-1344242709', 'tenant_id': '4ef33e0122194a8cb8fe5eb8087ff505', 'tenant_name': 'tempest-ServersTestBootFromVolume-1344242709', 'user_domain_id': 'default', 'user_domain_name': 'Default', 'user_id': '4b83584921184466b468328ee991b433', 'system': None}, Network: {'id': '10b0ac2e-f457-4028-adb0-42fdac5e081b', 'name': 'tempest-ServersTestBootFromVolume-170667421-network', 'tenant_id': '4ef33e0122194a8cb8fe5eb8087ff505', 'admin_state_up': True, 'mtu': 8950, 'status': 'ACTIVE', 'subnets': [], 'shared': False, 'project_id': '4ef33e0122194a8cb8fe5eb8087ff505', 'port_security_enabled': True, 'router:external': False, 'provider:network_type': 'vlan', 'provider:physical_network': 'default', 'provider:segmentation_id': 475, 'availability_zone_hints': [], 'availability_zones': [], 'ipv4_address_scope': None, 'ipv6_address_scope': None, 'description': '', 'tags': [], 'created_at': '2025-05-07T12:49:08Z', 'updated_at': '2025-05-07T12:49:08Z', 'revision_number': 1}, Subnet: {'id': 'ae76b00e-dbfc-42d7-9452-ca44f375e881', 'name': 'tempest-ServersTestBootFromVolume-170667421-subnet', 'tenant_id': '4ef33e0122194a8cb8fe5eb8087ff505', 'network_id': '10b0ac2e-f457-4028-adb0-42fdac5e081b', 'ip_version': 4, 'subnetpool_id': None, 'enable_dhcp': True, 'ipv6_ra_mode': None, 'ipv6_address_mode': None, 'gateway_ip': '192.168.128.1', 'cidr': '192.168.128.0/28', 'allocation_pools': [{'start': '192.168.128.2', 'end': '192.168.128.14'}], 'host_routes': [], 'dns_nameservers': [], 'description': '', 'router:external': False, 'service_types': [], 'tags': [], 'created_at': '2025-05-07T12:49:08Z', 'updated_at': '2025-05-07T12:49:08Z', 'revision_number': 0, 'project_id': '4ef33e0122194a8cb8fe5eb8087ff505'}, Router: {'id': 'd80fa8c8-0ee2-4b2b-9147-f32cec21f75c', 'name': 'tempest-ServersTestBootFromVolume-170667421-router', 'tenant_id': '4ef33e0122194a8cb8fe5eb8087ff505', 'admin_state_up': True, 'status': 'ACTIVE', 'external_gateway_info': {'network_id': '9fce3b12-85c0-4ea2-a134-4021521cb4ef', 'external_fixed_ips': [{'subnet_id': '12e1b29b-1a30-4408-845f-928612e3be0d', 'ip_address': '10.180.180.180'}], 'enable_snat': True}, 'description': '', 'availability_zones': [], 'distributed': False, 'ha': False, 'availability_zone_hints': [], 'routes': [], 'flavor_id': None, 'tags': [], 'created_at': '2025-05-07T12:49:09Z', 'updated_at': '2025-05-07T12:49:09Z', 'revision_number': 2, 'project_id': '4ef33e0122194a8cb8fe5eb8087ff505'}
2025-05-07 12:49:12.157 69626 INFO tempest.lib.common.rest_client [req-b35db48d-850d-421a-849a-c9998181c026 req-b35db48d-850d-421a-849a-c9998181c026 ] Request (ServersListShow298Test:test_list_show_update_rebuild_server_298): 200 GET http://10.180.1.21/compute/v2.1/servers/0a8b54ec-3f2c-4313-a47b-cc81e55c20f9 0.332s
2025-05-07 12:49:12.195 69610 INFO tempest.lib.common.rest_client [req-85f686c7-467b-4023-a94f-5b1c5002a17f req-85f686c7-467b-4023-a94f-5b1c5002a17f ] Request (ServerActionsTestOtherA:setUpClass): 200 GET http://10.180.1.21/compute/v2.1/servers/42b6c9c6-967a-4f86-82a2-a341b1c1e750 0.321s
2025-05-07 12:49:12.224 69594 INFO tempest.lib.common.rest_client [req-306a7fec-2584-47a8-975a-609628d614a1 req-306a7fec-2584-47a8-975a-609628d614a1 ] Request (ServersTestBootFromVolume:setUpClass): 201 POST http://10.180.1.21/identity/v3/auth/tokens 0.127s
2025-05-07 12:49:12.245 69642 INFO tempest.lib.common.rest_client [req-0643c50a-a11d-492a-b057-04f34f8e8fab req-0643c50a-a11d-492a-b057-04f34f8e8fab ] Request (ServersTestMultiNic:_run_cleanups): 200 GET http://10.180.1.21/compute/v2.1/servers/d35dd075-3bec-4293-988f-9940f9fb78e3 0.313s
2025-05-07 12:49:12.309 69598 INFO tempest.lib.common.rest_client [req-93cd3f44-0a76-41ac-989b-72dd6b4052ea req-93cd3f44-0a76-41ac-989b-72dd6b4052ea ] Request (AttachInterfacesUnderV243Test:_run_cleanups): 200 GET http://10.180.1.21/compute/v2.1/servers/fdadbd72-38cd-4ea8-be7a-cffd5bea01e0 0.262s
2025-05-07 12:49:12.321 69614 INFO tempest.lib.common.rest_client [req-7f1f5dd6-f8ab-40ab-b57e-326db1937404 req-7f1f5dd6-f8ab-40ab-b57e-326db1937404 ] Request (ListImageFiltersTestJSON:tearDownClass): 200 GET http://10.180.1.21/compute/v2.1/servers/fad3ad44-43cd-442e-8723-d27bbb893e0d 0.337s
2025-05-07 12:49:12.367 69606 INFO tempest.lib.common.rest_client [req-06581a77-1a22-4f26-8a75-7ee767218bfd req-06581a77-1a22-4f26-8a75-7ee767218bfd ] Request (MigrationsAdminTest:test_list_migrations_in_flavor_resize_situation): 201 POST http://10.180.1.21:9696/networking/v2.0/floatingips 0.938s
2025-05-07 12:49:12.369 69632 INFO tempest.lib.common.rest_client [req-4bec4778-8353-4f9d-b6e5-fb3a160f67bd req-4bec4778-8353-4f9d-b6e5-fb3a160f67bd ] Request (ImagesTestJSON:test_create_server_from_snapshot): 200 GET http://10.180.1.21/compute/v2.1/servers/a62be1cf-8c04-4bf4-8e04-c98b30bc90a8 0.209s
2025-05-07 12:49:12.442 69596 INFO tempest.lib.common.rest_client [req-ec411b17-7a49-4f52-a29b-eb4c7219ee3c req-ec411b17-7a49-4f52-a29b-eb4c7219ee3c ] Request (ServerDiagnosticsV248Test:tearDownClass): 200 GET http://10.180.1.21/compute/v2.1/servers/563722c6-483c-4154-b4da-e8412f78b765 0.167s
2025-05-07 12:49:12.481 69594 INFO tempest.lib.common.rest_client [req-72d05eea-d296-4628-a735-6d432baea472 req-72d05eea-d296-4628-a735-6d432baea472 ] Request (ServersTestBootFromVolume:setUpClass): 200 POST http://10.180.1.21/compute/v2.1/os-keypairs 0.255s
2025-05-07 12:49:12.504 69606 INFO tempest.lib.common.rest_client [req-bfaa650c-bcbb-4dee-9dd0-82294244e2ae req-bfaa650c-bcbb-4dee-9dd0-82294244e2ae ] Request (MigrationsAdminTest:test_list_migrations_in_flavor_resize_situation): 200 GET http://10.180.1.21/compute/v2.1/os-migrations 0.137s
2025-05-07 12:49:12.586 69588 INFO tempest.lib.common.rest_client [req-840130a4-041a-41ef-8b12-3cf0a8d43f15 req-840130a4-041a-41ef-8b12-3cf0a8d43f15 ] Request (ListServersNegativeTestJSON:setUpClass): 200 GET http://10.180.1.21/compute/v2.1/servers/1d3eaa6c-8a56-4bca-a518-e5b5274058a2 0.306s
2025-05-07 12:49:12.605 69608 INFO tempest.lib.common.rest_client [req-05ceb7df-c385-4af6-b311-97ae9187a636 req-05ceb7df-c385-4af6-b311-97ae9187a636 ] Request (AttachVolumeTestJSON:test_attach_detach_volume): 200 GET http://10.180.1.21/compute/v2.1/servers/5870abd0-1c2c-43ae-9c3e-6bf3c0862c05 0.237s
2025-05-07 12:49:12.639 69594 INFO tempest.lib.common.rest_client [req-ec60da79-8c41-44c7-b71e-db9a955a765b req-ec60da79-8c41-44c7-b71e-db9a955a765b ] Request (ServersTestBootFromVolume:setUpClass): 201 POST http://10.180.1.21:9696/networking/v2.0/security-groups 0.156s
2025-05-07 12:49:12.647 69602 INFO tempest.lib.common.rest_client [req-0705a559-0f2c-40e6-bbdf-f386106a6ff3 req-0705a559-0f2c-40e6-bbdf-f386106a6ff3 ] Request (ServersAdminTestJSON:test_inject_network_info): 200 GET http://10.180.1.21/compute/v2.1/servers/22889b96-78e6-4b9c-8b43-a423dfe509bc 0.247s
2025-05-07 12:49:12.689 69636 INFO tempest.lib.common.rest_client [req-18c0bd65-b011-4501-baa4-88902395e0e7 req-18c0bd65-b011-4501-baa4-88902395e0e7 ] Request (SecurityGroupsTestJSON:setUpClass): 201 POST http://10.180.1.21:9696/networking/v2.0/subnets 0.690s
2025-05-07 12:49:12.712 69647 INFO tempest.lib.common.rest_client [req-3c3efd09-3e73-4ffc-9256-c96db9c3a638 req-3c3efd09-3e73-4ffc-9256-c96db9c3a638 ] Request (FloatingIPsAssociationTestJSON:test_associate_already_associated_floating_ip): 200 GET http://10.180.1.21/compute/v2.1/servers/fe4ef999-119c-4235-85dd-f1848885b31a 0.229s
2025-05-07 12:49:12.725 69634 INFO tempest.lib.common.rest_client [req-8e516b79-54f9-4b3d-a78e-cd968db92ba5 req-8e516b79-54f9-4b3d-a78e-cd968db92ba5 ] Request (ServersAdmin275Test:tearDownClass): 200 GET http://10.180.1.21/compute/v2.1/servers/c07106a3-0134-4602-9263-f7359c8d5367 0.255s
2025-05-07 12:49:12.730 69606 INFO tempest.lib.common.rest_client [req-ccac250a-65d7-4926-85fb-3adbac71fe9c req-ccac250a-65d7-4926-85fb-3adbac71fe9c ] Request (MigrationsAdminTest:test_resize_server_revert_deleted_flavor): 200 GET http://10.180.1.21/compute/v2.1/flavors/42 0.218s
2025-05-07 12:49:12.808 69590 INFO tempest.lib.common.rest_client [req-0621a17f-3c6a-4cb2-8168-18c4d401f18e req-0621a17f-3c6a-4cb2-8168-18c4d401f18e ] Request (ServersWithSpecificFlavorTestJSON:test_verify_created_server_ephemeral_disk): 200 GET http://10.180.1.21/compute/v2.1/servers/2234356c-a233-4649-a30d-63af47b4e971 0.252s
2025-05-07 12:49:12.864 69594 INFO tempest.lib.common.rest_client [req-1dea5746-4a40-4df1-ba74-9767667f13d2 req-1dea5746-4a40-4df1-ba74-9767667f13d2 ] Request (ServersTestBootFromVolume:setUpClass): 201 POST http://10.180.1.21:9696/networking/v2.0/security-group-rules 0.224s
2025-05-07 12:49:12.905 69616 INFO tempest.lib.common.rest_client [req-a2e09cd4-3154-47ac-8033-163fdd9c4b49 req-a2e09cd4-3154-47ac-8033-163fdd9c4b49 ] Request (VolumesAdminNegativeTest:test_update_attached_volume_with_nonexistent_volume_in_uri): 200 GET http://10.180.1.21/compute/v2.1/servers/7bcad6cc-6b37-498f-816d-2c84ffa08b6d 0.274s
2025-05-07 12:49:12.940 69624 INFO tempest.lib.common.rest_client [req-08cd6ef5-8263-4c49-80e8-c65a89052fae req-08cd6ef5-8263-4c49-80e8-c65a89052fae ] Request (AttachInterfacesTestJSON:test_create_list_show_delete_interfaces_by_fixed_ip): 200 GET http://10.180.1.21/compute/v2.1/servers/cb44961f-d39b-4a67-a568-780c0ac1ec7b/os-interface 0.351s
2025-05-07 12:49:13.024 69622 INFO tempest.lib.common.rest_client [req-bb1d55af-c5e4-4465-9a32-abb8482efbc4 req-bb1d55af-c5e4-4465-9a32-abb8482efbc4 ] Request (ServerRescueNegativeTestJSON:test_rescued_vm_detach_volume): 200 GET http://10.180.1.21/compute/v2.1/servers/07e6b1af-4468-4c40-92cb-6089417ff16f 0.318s
2025-05-07 12:49:13.042 69606 INFO tempest.lib.common.rest_client [req-a3517a9d-489d-436d-a4f6-80e269940925 req-a3517a9d-489d-436d-a4f6-80e269940925 ] Request (MigrationsAdminTest:test_resize_server_revert_deleted_flavor): 200 POST http://10.180.1.21/compute/v2.1/flavors 0.309s
2025-05-07 12:49:13.085 69594 INFO tempest.lib.common.rest_client [req-f2741f75-7a5f-4bad-bb5f-6c5368a8f4ba req-f2741f75-7a5f-4bad-bb5f-6c5368a8f4ba ] Request (ServersTestBootFromVolume:setUpClass): 201 POST http://10.180.1.21:9696/networking/v2.0/security-group-rules 0.221s
2025-05-07 12:49:13.261 69618 INFO tempest.lib.common.rest_client [req-4dd132ea-0335-4113-81d0-27e7ddbf5aa0 req-4dd132ea-0335-4113-81d0-27e7ddbf5aa0 ] Request (ServerDiskConfigTestJSON:test_rebuild_server_with_auto_disk_config): 200 GET http://10.180.1.21/compute/v2.1/servers/f2314bad-495a-4344-bb55-3bed46135007 0.588s
2025-05-07 12:49:13.304 69586 INFO tempest.lib.common.rest_client [req-17b52845-a96d-4761-a7ad-1c58e9b02077 req-17b52845-a96d-4761-a7ad-1c58e9b02077 ] Request (ServersNegativeTestJSON:setUpClass): 200 GET http://10.180.1.21/compute/v2.1/servers/5472357a-7746-41f9-9c0a-4edaaea0570a 0.543s
2025-05-07 12:49:13.315 69586 INFO tempest.common.waiters [-] State transition "BUILD/networking" ==> "BUILD/spawning" after 77 second wait
2025-05-07 12:49:13.378 69584 INFO tempest.lib.common.rest_client [req-d5cd0ddf-0d75-4a88-97eb-905b71ae888f req-d5cd0ddf-0d75-4a88-97eb-905b71ae888f ] Request (InstanceActionsNegativeTestJSON:tearDownClass): 200 GET http://10.180.1.21/compute/v2.1/servers/29b9af6b-f049-410e-b20f-5de1d3c84611 0.573s
2025-05-07 12:49:13.390 69612 INFO tempest.lib.common.rest_client [req-433fb5f3-1dc7-4b88-bbd0-d6ae21e16f06 req-433fb5f3-1dc7-4b88-bbd0-d6ae21e16f06 ] Request (ServersAaction247Test:tearDownClass): 200 GET http://10.180.1.21/compute/v2.1/servers/873b054f-64dc-4d97-b89c-995dd3702690 0.473s
2025-05-07 12:49:13.408 69606 INFO tempest.lib.common.rest_client [req-8c3aaaca-c841-4788-b46a-329cbb2b31d7 req-8c3aaaca-c841-4788-b46a-329cbb2b31d7 ] Request (MigrationsAdminTest:test_resize_server_revert_deleted_flavor): 200 GET http://10.180.1.21/compute/v2.1/flavors/42/os-extra_specs 0.363s
2025-05-07 12:49:13.461 69644 INFO tempest.lib.common.rest_client [req-ce8114af-14d9-433f-98b2-19bd01ae4f6a req-ce8114af-14d9-433f-98b2-19bd01ae4f6a ] Request (DeleteServersAdminTestJSON:test_delete_server_while_in_error_state): 200 GET http://10.180.1.21/compute/v2.1/servers/9750dfe2-f2e7-42d3-9149-25ed9e0400f7 0.469s
2025-05-07 12:49:13.487 69592 INFO tempest.lib.common.rest_client [req-e5f14e71-ff13-4959-9ef7-968da0c98f90 req-e5f14e71-ff13-4959-9ef7-968da0c98f90 ] Request (AttachVolumeNegativeTest:test_attach_attached_volume_to_different_server): 200 GET http://10.180.1.21/compute/v2.1/servers/44c77d66-cb34-49be-a255-8cdf9efe6a18 0.411s
2025-05-07 12:49:13.574 69626 INFO tempest.lib.common.rest_client [req-24f6864a-7d01-45f5-901f-0780f2cf08ae req-24f6864a-7d01-45f5-901f-0780f2cf08ae ] Request (ServersListShow298Test:test_list_show_update_rebuild_server_298): 200 GET http://10.180.1.21/compute/v2.1/servers/0a8b54ec-3f2c-4313-a47b-cc81e55c20f9 0.398s
2025-05-07 12:49:13.645 69640 INFO tempest.lib.common.rest_client [req-bb139cb1-0294-4436-8be6-bdebbca96e58 req-bb139cb1-0294-4436-8be6-bdebbca96e58 ] Request (ServerRescueTestJSONUnderV235:setUpClass): 200 GET http://10.180.1.21/compute/v2.1/servers/3c81e760-ffaa-4b84-bd9b-2e253f268dee 0.560s
2025-05-07 12:49:13.651 69610 INFO tempest.lib.common.rest_client [req-76d517d3-ef98-45ab-ad41-712f252f3f90 req-76d517d3-ef98-45ab-ad41-712f252f3f90 ] Request (ServerActionsTestOtherA:setUpClass): 200 GET http://10.180.1.21/compute/v2.1/servers/42b6c9c6-967a-4f86-82a2-a341b1c1e750 0.445s
2025-05-07 12:49:13.737 69642 INFO tempest.lib.common.rest_client [req-522e2b5a-44e3-448b-903f-8e169dd6a778 req-522e2b5a-44e3-448b-903f-8e169dd6a778 ] Request (ServersTestMultiNic:_run_cleanups): 200 GET http://10.180.1.21/compute/v2.1/servers/d35dd075-3bec-4293-988f-9940f9fb78e3 0.483s
2025-05-07 12:49:13.742 69598 INFO tempest.lib.common.rest_client [req-d93a00f0-c240-4a7f-9e3a-06cc3a2f9975 req-d93a00f0-c240-4a7f-9e3a-06cc3a2f9975 ] Request (AttachInterfacesUnderV243Test:_run_cleanups): 200 GET http://10.180.1.21/compute/v2.1/servers/fdadbd72-38cd-4ea8-be7a-cffd5bea01e0 0.415s
2025-05-07 12:49:13.812 69632 INFO tempest.lib.common.rest_client [req-e98ccb3b-3633-47bd-95d3-08f672e798d6 req-e98ccb3b-3633-47bd-95d3-08f672e798d6 ] Request (ImagesTestJSON:test_create_server_from_snapshot): 200 GET http://10.180.1.21/compute/v2.1/servers/a62be1cf-8c04-4bf4-8e04-c98b30bc90a8 0.431s
2025-05-07 12:49:13.819 69630 INFO tempest.lib.common.rest_client [req-c11709d0-b0bc-4256-a869-060cd8b4dd23 req-c11709d0-b0bc-4256-a869-060cd8b4dd23 ] Request (ServersV294TestFqdnHostnames:tearDownClass): 200 PUT http://10.180.1.21:9696/networking/v2.0/routers/2dd0d07c-5218-42fe-a6c7-98c21eb7e2fc/remove_router_interface 2.037s
2025-05-07 12:49:13.819 69614 INFO tempest.lib.common.rest_client [req-99ea7669-e6eb-4722-a9e6-791c8c97e4bf req-99ea7669-e6eb-4722-a9e6-791c8c97e4bf ] Request (ListImageFiltersTestJSON:tearDownClass): 200 GET http://10.180.1.21/compute/v2.1/servers/fad3ad44-43cd-442e-8723-d27bbb893e0d 0.486s
2025-05-07 12:49:13.846 69606 INFO tempest.lib.common.rest_client [req-660c2eb1-c3cb-436c-8426-c1bb55c2acda req-660c2eb1-c3cb-436c-8426-c1bb55c2acda ] Request (MigrationsAdminTest:test_resize_server_revert_deleted_flavor): 200 POST http://10.180.1.21/compute/v2.1/flavors/d5885148-569f-48b0-8df9-bb1db0021d48/os-extra_specs 0.436s
2025-05-07 12:49:13.922 69596 INFO tempest.lib.common.rest_client [req-10c30f02-158e-4e63-948d-b005589c7e61 req-10c30f02-158e-4e63-948d-b005589c7e61 ] Request (ServerDiagnosticsV248Test:tearDownClass): 200 GET http://10.180.1.21/compute/v2.1/servers/563722c6-483c-4154-b4da-e8412f78b765 0.467s
2025-05-07 12:49:13.936 69606 INFO tempest.lib.common.rest_client [req-6b3daeb7-8f05-4955-a7cb-fd4d78de00e4 req-6b3daeb7-8f05-4955-a7cb-fd4d78de00e4 ] Request (MigrationsAdminTest:test_resize_server_revert_deleted_flavor): 201 POST http://10.180.1.21/identity/v3/auth/tokens 0.083s
2025-05-07 12:49:13.936 69606 INFO tempest.lib.common.fixed_network [-] (MigrationsAdminTest:test_resize_server_revert_deleted_flavor) Found network None available for tenant
2025-05-07 12:49:13.978 69594 INFO tempest.lib.common.rest_client [req-f5f2927f-77be-4f03-bcab-7eff24138b6b req-f5f2927f-77be-4f03-bcab-7eff24138b6b ] Request (ServersTestBootFromVolume:setUpClass): 201 POST http://10.180.1.21:9696/networking/v2.0/floatingips 0.892s
2025-05-07 12:49:13.996 69588 INFO tempest.lib.common.rest_client [req-d364f219-ea23-4a92-b876-82b81c56296e req-d364f219-ea23-4a92-b876-82b81c56296e ] Request (ListServersNegativeTestJSON:setUpClass): 200 GET http://10.180.1.21/compute/v2.1/servers/1d3eaa6c-8a56-4bca-a518-e5b5274058a2 0.395s
2025-05-07 12:49:14.030 69594 INFO tempest.lib.common.rest_client [req-7fc8881f-d297-4de4-8952-2123737f721d req-7fc8881f-d297-4de4-8952-2123737f721d ] Request (ServersTestBootFromVolume:setUpClass): 201 POST http://10.180.1.21/identity/v3/auth/tokens 0.044s
2025-05-07 12:49:14.030 69594 INFO tempest.lib.common.fixed_network [-] (ServersTestBootFromVolume:setUpClass) Found network {'id': '10b0ac2e-f457-4028-adb0-42fdac5e081b', 'name': 'tempest-ServersTestBootFromVolume-170667421-network', 'tenant_id': '4ef33e0122194a8cb8fe5eb8087ff505', 'admin_state_up': True, 'mtu': 8950, 'status': 'ACTIVE', 'subnets': [], 'shared': False, 'project_id': '4ef33e0122194a8cb8fe5eb8087ff505', 'port_security_enabled': True, 'router:external': False, 'provider:network_type': 'vlan', 'provider:physical_network': 'default', 'provider:segmentation_id': 475, 'availability_zone_hints': [], 'availability_zones': [], 'ipv4_address_scope': None, 'ipv6_address_scope': None, 'description': '', 'tags': [], 'created_at': '2025-05-07T12:49:08Z', 'updated_at': '2025-05-07T12:49:08Z', 'revision_number': 1} available for tenant
2025-05-07 12:49:14.033 69608 INFO tempest.lib.common.rest_client [req-7bd0aedf-e267-4fcd-999d-676ed3bfb6f5 req-7bd0aedf-e267-4fcd-999d-676ed3bfb6f5 ] Request (AttachVolumeTestJSON:test_attach_detach_volume): 200 GET http://10.180.1.21/compute/v2.1/servers/5870abd0-1c2c-43ae-9c3e-6bf3c0862c05 0.415s
2025-05-07 12:49:14.065 69602 INFO tempest.lib.common.rest_client [req-70fbf6b4-76bc-4c92-bad7-913cdceadabb req-70fbf6b4-76bc-4c92-bad7-913cdceadabb ] Request (ServersAdminTestJSON:test_inject_network_info): 200 GET http://10.180.1.21/compute/v2.1/servers/22889b96-78e6-4b9c-8b43-a423dfe509bc 0.401s
2025-05-07 12:49:14.083 69636 INFO tempest.lib.common.rest_client [req-06da8d21-1436-43d3-b8a5-ae362e8ff696 req-06da8d21-1436-43d3-b8a5-ae362e8ff696 ] Request (SecurityGroupsTestJSON:setUpClass): 201 POST http://10.180.1.21:9696/networking/v2.0/routers 1.393s
2025-05-07 12:49:14.112 69647 INFO tempest.lib.common.rest_client [req-ddc9786b-039c-45af-ac1d-e780a366945e req-ddc9786b-039c-45af-ac1d-e780a366945e ] Request (FloatingIPsAssociationTestJSON:test_associate_already_associated_floating_ip): 200 GET http://10.180.1.21/compute/v2.1/servers/fe4ef999-119c-4235-85dd-f1848885b31a 0.392s
2025-05-07 12:49:14.186 69634 INFO tempest.lib.common.rest_client [req-19a376f7-f6f7-4d57-bc64-abd213e469f0 req-19a376f7-f6f7-4d57-bc64-abd213e469f0 ] Request (ServersAdmin275Test:tearDownClass): 200 GET http://10.180.1.21/compute/v2.1/servers/c07106a3-0134-4602-9263-f7359c8d5367 0.450s
2025-05-07 12:49:14.222 69590 INFO tempest.lib.common.rest_client [req-2db2a399-ce94-4899-8893-5961ab53be7e req-2db2a399-ce94-4899-8893-5961ab53be7e ] Request (ServersWithSpecificFlavorTestJSON:test_verify_created_server_ephemeral_disk): 200 GET http://10.180.1.21/compute/v2.1/servers/2234356c-a233-4649-a30d-63af47b4e971 0.404s
2025-05-07 12:49:14.276 69616 INFO tempest.lib.common.rest_client [req-3031e0ee-a6dd-4e1f-a6e3-655183796f02 req-3031e0ee-a6dd-4e1f-a6e3-655183796f02 ] Request (VolumesAdminNegativeTest:test_update_attached_volume_with_nonexistent_volume_in_uri): 200 GET http://10.180.1.21/compute/v2.1/servers/7bcad6cc-6b37-498f-816d-2c84ffa08b6d 0.358s
2025-05-07 12:49:14.457 69630 INFO tempest.lib.common.rest_client [req-8c511ba5-8c01-4097-a5a2-f86f26418197 req-8c511ba5-8c01-4097-a5a2-f86f26418197 ] Request (ServersV294TestFqdnHostnames:tearDownClass): 204 DELETE http://10.180.1.21:9696/networking/v2.0/routers/2dd0d07c-5218-42fe-a6c7-98c21eb7e2fc 0.638s
2025-05-07 12:49:14.498 69624 INFO tempest.lib.common.rest_client [req-7869b76f-1fbf-4e81-9ccf-3653e921a24f req-7869b76f-1fbf-4e81-9ccf-3653e921a24f ] Request (AttachInterfacesTestJSON:test_create_list_show_delete_interfaces_by_fixed_ip): 200 GET http://10.180.1.21/compute/v2.1/servers/cb44961f-d39b-4a67-a568-780c0ac1ec7b/os-interface 0.554s
2025-05-07 12:49:14.577 69622 INFO tempest.lib.common.rest_client [req-eb712d34-1edb-40df-9338-986645454253 req-eb712d34-1edb-40df-9338-986645454253 ] Request (ServerRescueNegativeTestJSON:test_rescued_vm_detach_volume): 200 GET http://10.180.1.21/compute/v2.1/servers/07e6b1af-4468-4c40-92cb-6089417ff16f 0.543s
2025-05-07 12:49:14.577 69594 INFO tempest.lib.common.rest_client [req-5d5290a2-f801-429c-b6e6-9b3b52bab89b req-5d5290a2-f801-429c-b6e6-9b3b52bab89b ] Request (ServersTestBootFromVolume:setUpClass): 202 POST http://10.180.1.21/volume/v3/volumes 0.545s
2025-05-07 12:49:14.619 69594 INFO tempest.lib.common.rest_client [req-cca872cf-6c21-473b-816e-1133f8f67577 req-cca872cf-6c21-473b-816e-1133f8f67577 ] Request (ServersTestBootFromVolume:setUpClass): 200 GET http://10.180.1.21/volume/v3/volumes/30518ad5-bbb1-4eac-ac99-ce7406fbae45 0.035s
2025-05-07 12:49:14.649 69618 INFO tempest.lib.common.rest_client [req-e2d70b2d-0d54-4131-880c-462214822f09 req-e2d70b2d-0d54-4131-880c-462214822f09 ] Request (ServerDiskConfigTestJSON:test_rebuild_server_with_auto_disk_config): 200 GET http://10.180.1.21/compute/v2.1/servers/f2314bad-495a-4344-bb55-3bed46135007 0.379s
2025-05-07 12:49:14.713 69630 INFO tempest.lib.common.rest_client [req-56a75787-f329-463c-b4a5-7b583b02b375 req-56a75787-f329-463c-b4a5-7b583b02b375 ] Request (ServersV294TestFqdnHostnames:tearDownClass): 204 DELETE http://10.180.1.21:9696/networking/v2.0/subnets/61d4e119-5a9e-4892-b2cd-0b6d5a768a0f 0.253s
2025-05-07 12:49:14.874 69586 INFO tempest.lib.common.rest_client [req-3368ea90-e991-4b4a-af3f-2eafc5891d4b req-3368ea90-e991-4b4a-af3f-2eafc5891d4b ] Request (ServersNegativeTestJSON:setUpClass): 200 GET http://10.180.1.21/compute/v2.1/servers/5472357a-7746-41f9-9c0a-4edaaea0570a 0.558s
2025-05-07 12:49:14.880 69606 INFO tempest.lib.common.rest_client [req-1dc06d14-50d7-4c8b-b8bb-2511da2adc76 req-1dc06d14-50d7-4c8b-b8bb-2511da2adc76 ] Request (MigrationsAdminTest:test_resize_server_revert_deleted_flavor): 202 POST http://10.180.1.21/compute/v2.1/servers 0.943s
2025-05-07 12:49:15.013 69612 INFO tempest.lib.common.rest_client [req-d602838c-e41f-45e5-828c-5a0dab0afdb1 req-d602838c-e41f-45e5-828c-5a0dab0afdb1 ] Request (ServersAaction247Test:tearDownClass): 200 GET http://10.180.1.21/compute/v2.1/servers/873b054f-64dc-4d97-b89c-995dd3702690 0.611s
2025-05-07 12:49:15.013 69584 INFO tempest.lib.common.rest_client [req-d76b3897-0ab2-4b0a-b133-2e8eadacbfd6 req-d76b3897-0ab2-4b0a-b133-2e8eadacbfd6 ] Request (InstanceActionsNegativeTestJSON:tearDownClass): 200 GET http://10.180.1.21/compute/v2.1/servers/29b9af6b-f049-410e-b20f-5de1d3c84611 0.624s
2025-05-07 12:49:15.109 69644 INFO tempest.lib.common.rest_client [req-96a8afb9-5a75-4f77-ac70-cbc7f240f341 req-96a8afb9-5a75-4f77-ac70-cbc7f240f341 ] Request (DeleteServersAdminTestJSON:test_delete_server_while_in_error_state): 200 GET http://10.180.1.21/compute/v2.1/servers/9750dfe2-f2e7-42d3-9149-25ed9e0400f7 0.637s
2025-05-07 12:49:15.113 69592 INFO tempest.lib.common.rest_client [req-f4edab62-4341-4149-b322-7bf47aa39e71 req-f4edab62-4341-4149-b322-7bf47aa39e71 ] Request (AttachVolumeNegativeTest:test_attach_attached_volume_to_different_server): 200 GET http://10.180.1.21/compute/v2.1/servers/44c77d66-cb34-49be-a255-8cdf9efe6a18 0.617s
2025-05-07 12:49:15.224 69626 INFO tempest.lib.common.rest_client [req-148e4acf-8ce2-4d09-9f06-64ce10287c07 req-148e4acf-8ce2-4d09-9f06-64ce10287c07 ] Request (ServersListShow298Test:test_list_show_update_rebuild_server_298): 200 GET http://10.180.1.21/compute/v2.1/servers/0a8b54ec-3f2c-4313-a47b-cc81e55c20f9 0.633s
2025-05-07 12:49:15.241 69626 INFO tempest.common.waiters [-] State transition "BUILD/None" ==> "BUILD/block_device_mapping" after 73 second wait
2025-05-07 12:49:15.268 69630 INFO tempest.lib.common.rest_client [req-60af7092-0270-4b2c-a7f0-dcef0c538ac4 req-60af7092-0270-4b2c-a7f0-dcef0c538ac4 ] Request (ServersV294TestFqdnHostnames:tearDownClass): 204 DELETE http://10.180.1.21:9696/networking/v2.0/networks/d4c7622c-6911-4734-a200-bb8c23805b77 0.554s
2025-05-07 12:49:15.317 69610 INFO tempest.lib.common.rest_client [req-fd4bd770-9703-4252-a107-101e48a552d1 req-fd4bd770-9703-4252-a107-101e48a552d1 ] Request (ServerActionsTestOtherA:setUpClass): 200 GET http://10.180.1.21/compute/v2.1/servers/42b6c9c6-967a-4f86-82a2-a341b1c1e750 0.652s
2025-05-07 12:49:15.387 69640 INFO tempest.lib.common.rest_client [req-265f4ede-74d2-40cf-a441-2d84692ca1ff req-265f4ede-74d2-40cf-a441-2d84692ca1ff ] Request (ServerRescueTestJSONUnderV235:setUpClass): 200 GET http://10.180.1.21/compute/v2.1/servers/3c81e760-ffaa-4b84-bd9b-2e253f268dee 0.728s
2025-05-07 12:49:15.392 69642 INFO tempest.lib.common.rest_client [req-a9f889ab-790b-4f3a-949d-de57598f13b7 req-a9f889ab-790b-4f3a-949d-de57598f13b7 ] Request (ServersTestMultiNic:_run_cleanups): 200 GET http://10.180.1.21/compute/v2.1/servers/d35dd075-3bec-4293-988f-9940f9fb78e3 0.645s
2025-05-07 12:49:15.400 69630 INFO tempest.lib.common.rest_client [req-68c69904-4c4c-4f0c-aeb1-c646cf24b4bd req-68c69904-4c4c-4f0c-aeb1-c646cf24b4bd ] Request (ServersV294TestFqdnHostnames:tearDownClass): 204 DELETE http://10.180.1.21/identity/v3/users/bff0fc3ce28340fc8072ee0e20a8c2b4 0.131s
2025-05-07 12:49:15.401 69630 INFO tempest.lib.common.dynamic_creds [-] Deleting project and security group for project: 1462b1ad43ac4b73997b6e2e017a41c3
2025-05-07 12:49:15.429 69630 INFO tempest.lib.common.rest_client [req-d99ee3da-5051-4fa7-ad3a-66ffdbe09f1b req-d99ee3da-5051-4fa7-ad3a-66ffdbe09f1b ] Request (ServersV294TestFqdnHostnames:tearDownClass): 200 GET http://10.180.1.21:9696/networking/v2.0/security-groups?tenant_id=1462b1ad43ac4b73997b6e2e017a41c3&name=default 0.028s
2025-05-07 12:49:15.459 69632 INFO tempest.lib.common.rest_client [req-61c29bd5-3ee5-4e69-8189-18413a921e47 req-61c29bd5-3ee5-4e69-8189-18413a921e47 ] Request (ImagesTestJSON:test_create_server_from_snapshot): 200 GET http://10.180.1.21/compute/v2.1/servers/a62be1cf-8c04-4bf4-8e04-c98b30bc90a8 0.636s
2025-05-07 12:49:15.483 69598 INFO tempest.lib.common.rest_client [req-3ac700f0-af74-4333-81aa-9f201fa621f9 req-3ac700f0-af74-4333-81aa-9f201fa621f9 ] Request (AttachInterfacesUnderV243Test:_run_cleanups): 200 GET http://10.180.1.21/compute/v2.1/servers/fdadbd72-38cd-4ea8-be7a-cffd5bea01e0 0.732s
2025-05-07 12:49:15.536 69606 INFO tempest.lib.common.rest_client [req-71df273a-22a0-4357-9b35-ec52b08d569b req-71df273a-22a0-4357-9b35-ec52b08d569b ] Request (MigrationsAdminTest:test_resize_server_revert_deleted_flavor): 200 GET http://10.180.1.21/compute/v2.1/servers/47fd2a9c-238c-4f6c-b282-9f826920cfae 0.655s
2025-05-07 12:49:15.561 69614 INFO tempest.lib.common.rest_client [req-2ce9f71a-48a5-42c7-92b3-4ace028297ac req-2ce9f71a-48a5-42c7-92b3-4ace028297ac ] Request (ListImageFiltersTestJSON:tearDownClass): 200 GET http://10.180.1.21/compute/v2.1/servers/fad3ad44-43cd-442e-8723-d27bbb893e0d 0.728s
2025-05-07 12:49:15.615 69596 INFO tempest.lib.common.rest_client [req-5433a95c-81b5-4129-a736-0633e133a93c req-5433a95c-81b5-4129-a736-0633e133a93c ] Request (ServerDiagnosticsV248Test:tearDownClass): 200 GET http://10.180.1.21/compute/v2.1/servers/563722c6-483c-4154-b4da-e8412f78b765 0.678s
2025-05-07 12:49:15.648 69630 INFO tempest.lib.common.rest_client [req-2068c904-9ae4-480c-959a-91de020f1316 req-2068c904-9ae4-480c-959a-91de020f1316 ] Request (ServersV294TestFqdnHostnames:tearDownClass): 204 DELETE http://10.180.1.21:9696/networking/v2.0/security-groups/c9c4b4db-b897-4537-80bc-4fe3e60fa15b 0.218s
2025-05-07 12:49:15.670 69594 INFO tempest.lib.common.rest_client [req-4f276592-7801-41d0-8065-cf4e3d2cbb52 req-4f276592-7801-41d0-8065-cf4e3d2cbb52 ] Request (ServersTestBootFromVolume:setUpClass): 200 GET http://10.180.1.21/volume/v3/volumes/30518ad5-bbb1-4eac-ac99-ce7406fbae45 0.042s
2025-05-07 12:49:15.682 69608 INFO tempest.lib.common.rest_client [req-edb1274a-c4dd-4f6c-9e17-5a205b429679 req-edb1274a-c4dd-4f6c-9e17-5a205b429679 ] Request (AttachVolumeTestJSON:test_attach_detach_volume): 200 GET http://10.180.1.21/compute/v2.1/servers/5870abd0-1c2c-43ae-9c3e-6bf3c0862c05 0.641s
2025-05-07 12:49:15.726 69588 INFO tempest.lib.common.rest_client [req-12281a3e-4768-4305-aa02-064d4445b518 req-12281a3e-4768-4305-aa02-064d4445b518 ] Request (ListServersNegativeTestJSON:setUpClass): 200 GET http://10.180.1.21/compute/v2.1/servers/1d3eaa6c-8a56-4bca-a518-e5b5274058a2 0.721s
2025-05-07 12:49:15.735 69588 INFO tempest.common.waiters [-] State transition "BUILD/spawning" ==> "ACTIVE/None" after 88 second wait
2025-05-07 12:49:15.752 69602 INFO tempest.lib.common.rest_client [req-e965f4c5-50b6-46ab-95f7-f55fa14c93cf req-e965f4c5-50b6-46ab-95f7-f55fa14c93cf ] Request (ServersAdminTestJSON:test_inject_network_info): 200 GET http://10.180.1.21/compute/v2.1/servers/22889b96-78e6-4b9c-8b43-a423dfe509bc 0.672s
2025-05-07 12:49:15.798 69647 INFO tempest.lib.common.rest_client [req-fab41393-bdf2-4632-8b95-6c947835c719 req-fab41393-bdf2-4632-8b95-6c947835c719 ] Request (FloatingIPsAssociationTestJSON:test_associate_already_associated_floating_ip): 200 GET http://10.180.1.21/compute/v2.1/servers/fe4ef999-119c-4235-85dd-f1848885b31a 0.671s
2025-05-07 12:49:15.842 69630 INFO tempest.lib.common.rest_client [req-35bab010-d25b-4823-905f-9b499ed733c1 req-35bab010-d25b-4823-905f-9b499ed733c1 ] Request (ServersV294TestFqdnHostnames:tearDownClass): 204 DELETE http://10.180.1.21/identity/v3/projects/1462b1ad43ac4b73997b6e2e017a41c3 0.193s
2025-05-07 12:49:15.848 69634 INFO tempest.lib.common.rest_client [req-330bbec1-2a2a-4d01-882f-00862c0e1883 req-330bbec1-2a2a-4d01-882f-00862c0e1883 ] Request (ServersAdmin275Test:tearDownClass): 200 GET http://10.180.1.21/compute/v2.1/servers/c07106a3-0134-4602-9263-f7359c8d5367 0.643s
2025-05-07 12:49:15.860 69636 INFO tempest.lib.common.rest_client [req-02dcbfee-17f3-4ca6-a060-5e318d1c01fc req-02dcbfee-17f3-4ca6-a060-5e318d1c01fc ] Request (SecurityGroupsTestJSON:setUpClass): 200 PUT http://10.180.1.21:9696/networking/v2.0/routers/e0d84351-dadf-4eee-8c2f-e9a321a4ddb0/add_router_interface 1.776s
2025-05-07 12:49:15.860 69636 INFO tempest.lib.common.dynamic_creds [-] Created isolated network resources for: credentials: Credentials: {'domain_id': 'default', 'domain_name': 'Default', 'username': 'tempest-SecurityGroupsTestJSON-251961549-project-member', 'project_domain_id': 'default', 'project_domain_name': 'Default', 'project_id': '12b2f554efa342fa929dddb36af69089', 'project_name': 'tempest-SecurityGroupsTestJSON-251961549', 'tenant_id': '12b2f554efa342fa929dddb36af69089', 'tenant_name': 'tempest-SecurityGroupsTestJSON-251961549', 'user_domain_id': 'default', 'user_domain_name': 'Default', 'user_id': 'a40069c9a4134d6cac2996c6822e3ad2', 'system': None}, Network: {'id': '470de649-c353-47e5-817c-7b6f81a371b2', 'name': 'tempest-SecurityGroupsTestJSON-549471846-network', 'tenant_id': '12b2f554efa342fa929dddb36af69089', 'admin_state_up': True, 'mtu': 8950, 'status': 'ACTIVE', 'subnets': [], 'shared': False, 'project_id': '12b2f554efa342fa929dddb36af69089', 'port_security_enabled': True, 'router:external': False, 'provider:network_type': 'vlan', 'provider:physical_network': 'default', 'provider:segmentation_id': 489, 'availability_zone_hints': [], 'availability_zones': [], 'ipv4_address_scope': None, 'ipv6_address_scope': None, 'description': '', 'tags': [], 'created_at': '2025-05-07T12:49:11Z', 'updated_at': '2025-05-07T12:49:11Z', 'revision_number': 1}, Subnet: {'id': 'aced19d0-8060-4f04-91ba-cbff8135d269', 'name': 'tempest-SecurityGroupsTestJSON-549471846-subnet', 'tenant_id': '12b2f554efa342fa929dddb36af69089', 'network_id': '470de649-c353-47e5-817c-7b6f81a371b2', 'ip_version': 4, 'subnetpool_id': None, 'enable_dhcp': True, 'ipv6_ra_mode': None, 'ipv6_address_mode': None, 'gateway_ip': '192.168.128.1', 'cidr': '192.168.128.0/28', 'allocation_pools': [{'start': '192.168.128.2', 'end': '192.168.128.14'}], 'host_routes': [], 'dns_nameservers': [], 'description': '', 'router:external': False, 'service_types': [], 'tags': [], 'created_at': '2025-05-07T12:49:12Z', 'updated_at': '2025-05-07T12:49:12Z', 'revision_number': 0, 'project_id': '12b2f554efa342fa929dddb36af69089'}, Router: {'id': 'e0d84351-dadf-4eee-8c2f-e9a321a4ddb0', 'name': 'tempest-SecurityGroupsTestJSON-549471846-router', 'tenant_id': '12b2f554efa342fa929dddb36af69089', 'admin_state_up': True, 'status': 'ACTIVE', 'external_gateway_info': {'network_id': '9fce3b12-85c0-4ea2-a134-4021521cb4ef', 'external_fixed_ips': [{'subnet_id': '12e1b29b-1a30-4408-845f-928612e3be0d', 'ip_address': '10.180.180.132'}], 'enable_snat': True}, 'description': '', 'availability_zones': [], 'distributed': False, 'ha': False, 'availability_zone_hints': [], 'routes': [], 'flavor_id': None, 'tags': [], 'created_at': '2025-05-07T12:49:12Z', 'updated_at': '2025-05-07T12:49:13Z', 'revision_number': 2, 'project_id': '12b2f554efa342fa929dddb36af69089'}
2025-05-07 12:49:15.878 69590 INFO tempest.lib.common.rest_client [req-ae64a63c-661e-40b9-b2ee-5de40bdb72e6 req-ae64a63c-661e-40b9-b2ee-5de40bdb72e6 ] Request (ServersWithSpecificFlavorTestJSON:test_verify_created_server_ephemeral_disk): 200 GET http://10.180.1.21/compute/v2.1/servers/2234356c-a233-4649-a30d-63af47b4e971 0.644s
2025-05-07 12:49:15.922 69630 INFO tempest.lib.common.rest_client [req-7e20c482-d3f3-4629-bc36-6eea62006414 req-7e20c482-d3f3-4629-bc36-6eea62006414 ] Request (AttachVolumeShelveTestJSON:setUpClass): 201 POST http://10.180.1.21/identity/v3/auth/tokens 0.078s
2025-05-07 12:49:15.925 69616 INFO tempest.lib.common.rest_client [req-60be261e-bf1a-42f9-b975-6b7210749e1f req-60be261e-bf1a-42f9-b975-6b7210749e1f ] Request (VolumesAdminNegativeTest:test_update_attached_volume_with_nonexistent_volume_in_uri): 200 GET http://10.180.1.21/compute/v2.1/servers/7bcad6cc-6b37-498f-816d-2c84ffa08b6d 0.633s
2025-05-07 12:49:15.955 69636 INFO tempest.lib.common.rest_client [req-b0e4e723-0c1f-4865-ba43-2fd62d808589 req-b0e4e723-0c1f-4865-ba43-2fd62d808589 ] Request (SecurityGroupsTestJSON:setUpClass): 201 POST http://10.180.1.21/identity/v3/auth/tokens 0.089s
2025-05-07 12:49:15.966 69630 INFO tempest.lib.common.rest_client [req-b8aa0855-2ad4-42c9-8dfa-fcfb876b21e6 req-b8aa0855-2ad4-42c9-8dfa-fcfb876b21e6 ] Request (AttachVolumeShelveTestJSON:setUpClass): 201 POST http://10.180.1.21/identity/v3/auth/tokens 0.039s
2025-05-07 12:49:15.981 69622 INFO tempest.lib.common.rest_client [req-13d008b2-0986-496e-9d30-d3a9a57f5bb6 req-13d008b2-0986-496e-9d30-d3a9a57f5bb6 ] Request (ServerRescueNegativeTestJSON:test_rescued_vm_detach_volume): 200 GET http://10.180.1.21/compute/v2.1/servers/07e6b1af-4468-4c40-92cb-6089417ff16f 0.394s
2025-05-07 12:49:15.982 69624 INFO tempest.lib.common.rest_client [req-abdf6d4d-ad02-410c-9cf2-92beb2589e69 req-abdf6d4d-ad02-410c-9cf2-92beb2589e69 ] Request (AttachInterfacesTestJSON:test_create_list_show_delete_interfaces_by_fixed_ip): 200 GET http://10.180.1.21/compute/v2.1/servers/cb44961f-d39b-4a67-a568-780c0ac1ec7b/os-interface 0.481s
2025-05-07 12:49:15.996 69630 INFO tempest.lib.common.rest_client [req-dd30f7da-698c-4f4e-88d5-93c322b3d339 req-dd30f7da-698c-4f4e-88d5-93c322b3d339 ] Request (AttachVolumeShelveTestJSON:setUpClass): 200 GET http://10.180.1.21/identity/v3/domains?name=Default 0.029s
2025-05-07 12:49:16.004 69624 INFO tempest.lib.common.rest_client [req-00e3e855-6ffa-4e3b-8f36-fbc33aef2b31 req-00e3e855-6ffa-4e3b-8f36-fbc33aef2b31 ] Request (AttachInterfacesTestJSON:_run_cleanups): 404 DELETE http://10.180.1.21:9696/networking/v2.0/ports/b8936961-848c-43cc-83c0-d45f4c5dcafc 0.019s
2025-05-07 12:49:16.031 69618 INFO tempest.lib.common.rest_client [req-bd3a35fe-7df9-46ee-a7bb-7e1e46adb502 req-bd3a35fe-7df9-46ee-a7bb-7e1e46adb502 ] Request (ServerDiskConfigTestJSON:test_rebuild_server_with_auto_disk_config): 200 GET http://10.180.1.21/compute/v2.1/servers/f2314bad-495a-4344-bb55-3bed46135007 0.371s
2025-05-07 12:49:16.039 69630 INFO tempest.lib.common.rest_client [req-186a168c-6ff9-4690-b03b-a29395717c50 req-186a168c-6ff9-4690-b03b-a29395717c50 ] Request (AttachVolumeShelveTestJSON:setUpClass): 201 POST http://10.180.1.21/identity/v3/projects 0.042s
2025-05-07 12:49:16.085 69588 INFO tempest.lib.common.rest_client [req-156b6612-e2a7-4b1a-ac6e-e9a890e10b17 req-156b6612-e2a7-4b1a-ac6e-e9a890e10b17 ] Request (ListServersNegativeTestJSON:setUpClass): 200 GET http://10.180.1.21/compute/v2.1/servers/f2d1e51f-f7b2-4e46-9ae6-984246ca64e4 0.350s
2025-05-07 12:49:16.113 69630 INFO tempest.lib.common.rest_client [req-14ca7bb3-d6a4-4a0e-b40e-1b2b061312b5 req-14ca7bb3-d6a4-4a0e-b40e-1b2b061312b5 ] Request (AttachVolumeShelveTestJSON:setUpClass): 201 POST http://10.180.1.21/identity/v3/users 0.074s
