2025-04-22 14:56:41.383 71152 INFO tempest.lib.common.rest_client [req-84c256d8-a427-49b5-8532-5b107d133d5a req-84c256d8-a427-49b5-8532-5b107d133d5a ] Request (ServersAdminTestJSON:test_inject_network_info): 200 GET http://10.180.1.21/compute/v2.1/servers/6d7fef48-7b7a-4387-8b4f-d566c832979e 0.159s
2025-04-22 14:56:41.413 71092 INFO tempest.lib.common.rest_client [req-7214817b-faef-4e12-886a-2c24d69d4221 req-7214817b-faef-4e12-886a-2c24d69d4221 ] Request (ServersNegativeTestMultiTenantJSON:setUpClass): 200 GET http://10.180.1.21/compute/v2.1/servers/529bacab-2dd3-4d2a-8a12-96c37f30f346 0.155s
2025-04-22 14:56:41.435 71098 INFO tempest.lib.common.rest_client [req-3bb0e41c-8043-48e2-a5dc-57f2545a3d5a req-3bb0e41c-8043-48e2-a5dc-57f2545a3d5a ] Request (ServerActionsTestJSON:setUpClass): 200 GET http://10.180.1.21/compute/v2.1/servers/b4213304-4027-4f7a-aa55-aefe8e2dd019 0.109s
2025-04-22 14:56:41.540 71144 INFO tempest.lib.common.rest_client [req-f265ecc7-8ec0-4ad0-b716-07e3224206bf req-f265ecc7-8ec0-4ad0-b716-07e3224206bf ] Request (ImagesOneServerTestJSON:setUpClass): 200 GET http://10.180.1.21/compute/v2.1/servers/b3ec055c-6ccf-446b-9ebd-00306eae31df 0.120s
2025-04-22 14:56:41.547 71144 INFO tempest.common.waiters [-] State transition "BUILD/networking" ==> "BUILD/spawning" after 50 second wait
2025-04-22 14:56:41.566 71138 INFO tempest.lib.common.rest_client [req-4bef006e-8cc6-4d4b-be7d-66162895d7d6 req-4bef006e-8cc6-4d4b-be7d-66162895d7d6 ] Request (ServersListShow298Test:tearDownClass): 200 GET http://10.180.1.21/compute/v2.1/servers/23908b13-acfd-4013-b73c-94f1dd179b9a 0.080s
2025-04-22 14:56:41.603 71128 INFO tempest.lib.common.rest_client [req-cb0f0218-6488-4a4a-9a1c-89f7fc34a473 req-cb0f0218-6488-4a4a-9a1c-89f7fc34a473 ] Request (ServersTestFqdnHostnames:test_create_server_with_fqdn_name): 200 GET http://10.180.1.21/compute/v2.1/servers/8790a9bb-2651-4759-bf3d-fbc796c09666 0.074s
2025-04-22 14:56:41.671 71108 INFO tempest.lib.common.rest_client [req-4df71a20-706e-4677-8064-5dae035f2b8b req-4df71a20-706e-4677-8064-5dae035f2b8b ] Request (ServerGroupTestJSON:_run_cleanups): 200 GET http://10.180.1.21/compute/v2.1/servers/577d55dc-b2fe-4bb2-bdfc-1fcfadb26582 0.068s
2025-04-22 14:56:41.768 71124 INFO tempest.lib.common.rest_client [req-2a38b70e-44a8-4e11-a81d-3b40bbdd19ba req-2a38b70e-44a8-4e11-a81d-3b40bbdd19ba ] Request (ServerShowV257Test:tearDownClass): 200 GET http://10.180.1.21/compute/v2.1/servers/b426771b-a300-4275-a93f-2fdff440adfc 0.081s
2025-04-22 14:56:41.855 71118 INFO tempest.lib.common.rest_client [req-fc5fa3a2-1d64-4d51-be97-76ae6ef6887f req-fc5fa3a2-1d64-4d51-be97-76ae6ef6887f ] Request (ServerShowV254Test:tearDownClass): 200 GET http://10.180.1.21/compute/v2.1/servers/3274fedf-b803-4222-b0b7-754cc842f55e 0.083s
2025-04-22 14:56:41.955 71142 INFO tempest.lib.common.rest_client [req-cc07a1a4-2350-45f1-9f10-33bc79233527 req-cc07a1a4-2350-45f1-9f10-33bc79233527 ] Request (AttachInterfacesUnderV243Test:_run_cleanups): 200 GET http://10.180.1.21/compute/v2.1/servers/876fb1a2-6f0d-4e88-9a74-cc69f9c1df29 0.131s
2025-04-22 14:56:41.990 71116 INFO tempest.lib.common.rest_client [req-2b73c8bb-1dbb-49a7-8f70-ae595ef74846 req-2b73c8bb-1dbb-49a7-8f70-ae595ef74846 ] Request (SecurityGroupsTestJSON:test_server_security_groups): 200 GET http://10.180.1.21/compute/v2.1/servers/81c616b1-fa27-4606-94be-2ba00dbdf11a 0.252s
2025-04-22 14:56:42.042 71114 INFO tempest.lib.common.rest_client [req-ebf5cbbc-41a5-4384-8a3b-3eb6ba0633e0 req-ebf5cbbc-41a5-4384-8a3b-3eb6ba0633e0 ] Request (ServersListShow2100Test:test_list_show_rebuild_update_server_2100): 200 GET http://10.180.1.21/compute/v2.1/servers/73e3d7de-dfc6-4702-91e4-de5406d02c80 0.187s
2025-04-22 14:56:42.051 71148 INFO tempest.lib.common.rest_client [req-a0a4067a-53fc-4190-b341-6bbf43f9cc30 req-a0a4067a-53fc-4190-b341-6bbf43f9cc30 ] Request (AttachVolumeTestJSON:test_attach_detach_volume): 200 GET http://10.180.1.21/compute/v2.1/servers/ee2e471e-d89c-4c7f-9e18-942d71dfc55a 0.158s
2025-04-22 14:56:42.134 71150 INFO tempest.lib.common.rest_client [req-8f788f1d-add0-4a39-80ac-914d31f52365 req-8f788f1d-add0-4a39-80ac-914d31f52365 ] Request (ServersTestManualDisk:setUpClass): 200 GET http://10.180.1.21/compute/v2.1/servers/250eba1c-9bec-4081-8124-5adcc88e87f1 0.227s
2025-04-22 14:56:42.157 71096 INFO tempest.lib.common.rest_client [req-47236273-9f0d-4c1d-8072-e99e6af5540e req-47236273-9f0d-4c1d-8072-e99e6af5540e ] Request (ServersListShow296Test:tearDownClass): 200 GET http://10.180.1.21/compute/v2.1/servers/ee4f74ea-706a-4efe-a7d5-5bff5aaef508 0.128s
2025-04-22 14:56:42.208 71146 INFO tempest.lib.common.rest_client [req-94c14e71-8852-4a35-8f2e-ec4d471d7c91 req-94c14e71-8852-4a35-8f2e-ec4d471d7c91 ] Request (ServersTestJSON:_run_cleanups): 200 GET http://10.180.1.21/compute/v2.1/servers/a0324c35-a135-465e-9bad-b02b7e0996ee 0.161s
2025-04-22 14:56:42.254 71110 INFO tempest.lib.common.rest_client [req-d3152a4a-99e1-4eb1-a3d7-86b37c1a4051 req-d3152a4a-99e1-4eb1-a3d7-86b37c1a4051 ] Request (ImagesOneServerNegativeTestJSON:_run_cleanups): 200 GET http://10.180.1.21/compute/v2.1/servers/b2cfe39b-98bd-4914-877d-7339e362c6e5 0.153s
2025-04-22 14:56:42.284 71120 INFO tempest.lib.common.rest_client [req-15f345a2-f954-4c44-b451-3f70bdef0318 req-15f345a2-f954-4c44-b451-3f70bdef0318 ] Request (InstanceActionsV221TestJSON:test_get_list_deleted_instance_actions): 200 GET http://10.180.1.21/compute/v2.1/servers/f01746b5-6833-4612-bb74-91a70b81b610 0.099s
2025-04-22 14:56:42.353 71094 INFO tempest.lib.common.rest_client [req-18e69c7d-1147-4d47-9bb7-fb5f9f89d334 req-18e69c7d-1147-4d47-9bb7-fb5f9f89d334 ] Request (ServersTestBootFromVolume:setUpClass): 200 PUT http://10.180.1.21:9696/networking/v2.0/routers/fdee31a2-9710-43df-9054-304252ce8bbb/add_router_interface 1.465s
2025-04-22 14:56:42.353 71090 INFO tempest.lib.common.rest_client [req-8446008d-c7f4-41b3-819a-bc597766b925 req-8446008d-c7f4-41b3-819a-bc597766b925 ] Request (TenantUsagesTestJSON:setUpClass): 200 GET http://10.180.1.21/compute/v2.1/servers/5496ee2e-c062-4122-94ad-636d993287e4 0.091s
2025-04-22 14:56:42.354 71094 INFO tempest.lib.common.dynamic_creds [-] Created isolated network resources for: credentials: Credentials: {'domain_id': 'default', 'domain_name': 'Default', 'username': 'tempest-ServersTestBootFromVolume-2146126926-project-member', 'project_domain_id': 'default', 'project_domain_name': 'Default', 'project_id': '633b8c68c0734e1d9acfc492b3590256', 'project_name': 'tempest-ServersTestBootFromVolume-2146126926', 'tenant_id': '633b8c68c0734e1d9acfc492b3590256', 'tenant_name': 'tempest-ServersTestBootFromVolume-2146126926', 'user_domain_id': 'default', 'user_domain_name': 'Default', 'user_id': 'b3220a211cd6452ebbc43a5629d6349f', 'system': None}, Network: {'id': '1d16852d-d0b1-415e-928a-40e8b3e3f525', 'name': 'tempest-ServersTestBootFromVolume-149699081-network', 'tenant_id': '633b8c68c0734e1d9acfc492b3590256', 'admin_state_up': True, 'mtu': 8950, 'status': 'ACTIVE', 'subnets': [], 'shared': False, 'project_id': '633b8c68c0734e1d9acfc492b3590256', 'port_security_enabled': True, 'router:external': False, 'provider:network_type': 'vlan', 'provider:physical_network': 'default', 'provider:segmentation_id': 205, 'availability_zone_hints': [], 'availability_zones': [], 'ipv4_address_scope': None, 'ipv6_address_scope': None, 'description': '', 'tags': [], 'created_at': '2025-04-22T14:56:39Z', 'updated_at': '2025-04-22T14:56:39Z', 'revision_number': 1}, Subnet: {'id': '640dc3c4-b419-4d9c-909d-ab1b6a24f091', 'name': 'tempest-ServersTestBootFromVolume-149699081-subnet', 'tenant_id': '633b8c68c0734e1d9acfc492b3590256', 'network_id': '1d16852d-d0b1-415e-928a-40e8b3e3f525', 'ip_version': 4, 'subnetpool_id': None, 'enable_dhcp': True, 'ipv6_ra_mode': None, 'ipv6_address_mode': None, 'gateway_ip': '192.168.128.1', 'cidr': '192.168.128.0/28', 'allocation_pools': [{'start': '192.168.128.2', 'end': '192.168.128.14'}], 'host_routes': [], 'dns_nameservers': [], 'description': '', 'router:external': False, 'service_types': [], 'tags': [], 'created_at': '2025-04-22T14:56:39Z', 'updated_at': '2025-04-22T14:56:39Z', 'revision_number': 0, 'project_id': '633b8c68c0734e1d9acfc492b3590256'}, Router: {'id': 'fdee31a2-9710-43df-9054-304252ce8bbb', 'name': 'tempest-ServersTestBootFromVolume-149699081-router', 'tenant_id': '633b8c68c0734e1d9acfc492b3590256', 'admin_state_up': True, 'status': 'ACTIVE', 'external_gateway_info': {'network_id': 'dbd576a0-3300-491b-aa7b-6196991e9e67', 'external_fixed_ips': [{'subnet_id': 'd0655c1c-e595-4362-ad45-f309260a91bd', 'ip_address': '10.180.180.196'}], 'enable_snat': True}, 'description': '', 'availability_zones': [], 'distributed': False, 'ha': False, 'availability_zone_hints': [], 'routes': [], 'flavor_id': None, 'tags': [], 'created_at': '2025-04-22T14:56:39Z', 'updated_at': '2025-04-22T14:56:40Z', 'revision_number': 2, 'project_id': '633b8c68c0734e1d9acfc492b3590256'}
2025-04-22 14:56:42.453 71094 INFO tempest.lib.common.rest_client [req-e293af6a-273a-4954-82c8-a347f30b0644 req-e293af6a-273a-4954-82c8-a347f30b0644 ] Request (ServersTestBootFromVolume:setUpClass): 201 POST http://10.180.1.21/identity/v3/auth/tokens 0.095s
2025-04-22 14:56:42.471 71126 INFO tempest.lib.common.rest_client [req-cf1863a5-4403-487a-bbf5-fd1320f0b024 req-cf1863a5-4403-487a-bbf5-fd1320f0b024 ] Request (MigrationsAdminTest:test_list_migrations_in_flavor_resize_situation): 200 GET http://10.180.1.21/compute/v2.1/servers/65910f00-90c8-4d6c-9fdd-b215a898890c 0.278s
2025-04-22 14:56:42.501 71136 INFO tempest.lib.common.rest_client [req-6b2d3bea-a022-4863-b896-6a39861cd16c req-6b2d3bea-a022-4863-b896-6a39861cd16c ] Request (ServersAdminNegativeTestJSON:test_migrate_server_invalid_state): 200 GET http://10.180.1.21/compute/v2.1/servers/48b8cd3f-dfdd-4583-a856-f7abe793b0d3 0.172s
2025-04-22 14:56:42.527 71102 INFO tempest.lib.common.rest_client [req-b64c336f-ad13-47bb-857b-fd9ad75e7d8e req-b64c336f-ad13-47bb-857b-fd9ad75e7d8e ] Request (ServerRescueNegativeTestJSON:setUpClass): 200 GET http://10.180.1.21/compute/v2.1/servers/cb8dd694-5243-4232-a790-8c3081547964 0.185s
2025-04-22 14:56:42.534 71106 INFO tempest.lib.common.rest_client [req-b2b76d1d-1d6a-4385-89d8-50e12571a253 req-b2b76d1d-1d6a-4385-89d8-50e12571a253 ] Request (ImagesTestJSON:test_create_image_from_stopped_server): 200 GET http://10.180.1.21/compute/v2.1/images/c0bc3248-bd5e-4ea6-b0d2-3f680e17eb95 0.169s
2025-04-22 14:56:42.575 71152 INFO tempest.lib.common.rest_client [req-dd431b6f-db01-4d02-877e-6efa2e044372 req-dd431b6f-db01-4d02-877e-6efa2e044372 ] Request (ServersAdminTestJSON:test_inject_network_info): 200 GET http://10.180.1.21/compute/v2.1/servers/6d7fef48-7b7a-4387-8b4f-d566c832979e 0.184s
2025-04-22 14:56:42.612 71092 INFO tempest.lib.common.rest_client [req-3a450933-d31a-4b94-b898-4a4897cf1c9a req-3a450933-d31a-4b94-b898-4a4897cf1c9a ] Request (ServersNegativeTestMultiTenantJSON:setUpClass): 200 GET http://10.180.1.21/compute/v2.1/servers/529bacab-2dd3-4d2a-8a12-96c37f30f346 0.189s
2025-04-22 14:56:42.628 71098 INFO tempest.lib.common.rest_client [req-6edb99da-30c7-4769-af3f-3c58a3028bb8 req-6edb99da-30c7-4769-af3f-3c58a3028bb8 ] Request (ServerActionsTestJSON:setUpClass): 200 GET http://10.180.1.21/compute/v2.1/servers/b4213304-4027-4f7a-aa55-aefe8e2dd019 0.182s
2025-04-22 14:56:42.725 71144 INFO tempest.lib.common.rest_client [req-8ee03667-e181-44a2-9e13-72ff08c9e457 req-8ee03667-e181-44a2-9e13-72ff08c9e457 ] Request (ImagesOneServerTestJSON:setUpClass): 200 GET http://10.180.1.21/compute/v2.1/servers/b3ec055c-6ccf-446b-9ebd-00306eae31df 0.177s
2025-04-22 14:56:42.732 71094 INFO tempest.lib.common.rest_client [req-f5d22e6c-d8cb-47db-a65d-7e057fab1821 req-f5d22e6c-d8cb-47db-a65d-7e057fab1821 ] Request (ServersTestBootFromVolume:setUpClass): 200 POST http://10.180.1.21/compute/v2.1/os-keypairs 0.277s
2025-04-22 14:56:42.795 71128 INFO tempest.lib.common.rest_client [req-72341fe8-0f07-4f8e-905c-cd07b8a098fe req-72341fe8-0f07-4f8e-905c-cd07b8a098fe ] Request (ServersTestFqdnHostnames:test_create_server_with_fqdn_name): 200 GET http://10.180.1.21/compute/v2.1/servers/8790a9bb-2651-4759-bf3d-fbc796c09666 0.181s
2025-04-22 14:56:42.808 71138 INFO tempest.lib.common.rest_client [req-d932810a-848b-49ba-bc52-f7c8f795f56c req-d932810a-848b-49ba-bc52-f7c8f795f56c ] Request (ServersListShow298Test:tearDownClass): 200 GET http://10.180.1.21/compute/v2.1/servers/23908b13-acfd-4013-b73c-94f1dd179b9a 0.225s
2025-04-22 14:56:42.881 71108 INFO tempest.lib.common.rest_client [req-682aa17c-1f79-4d33-a5d7-2aaf6fd9b930 req-682aa17c-1f79-4d33-a5d7-2aaf6fd9b930 ] Request (ServerGroupTestJSON:_run_cleanups): 200 GET http://10.180.1.21/compute/v2.1/servers/577d55dc-b2fe-4bb2-bdfc-1fcfadb26582 0.201s
2025-04-22 14:56:42.882 71094 INFO tempest.lib.common.rest_client [req-5c04ff03-ea97-4c75-bfa9-0b4c6c5609e0 req-5c04ff03-ea97-4c75-bfa9-0b4c6c5609e0 ] Request (ServersTestBootFromVolume:setUpClass): 201 POST http://10.180.1.21:9696/networking/v2.0/security-groups 0.148s
2025-04-22 14:56:42.884 71124 INFO tempest.lib.common.rest_client [req-b18e5962-3d28-41ed-a0de-fbf48198fa54 req-b18e5962-3d28-41ed-a0de-fbf48198fa54 ] Request (ServerShowV257Test:tearDownClass): 200 GET http://10.180.1.21/compute/v2.1/servers/b426771b-a300-4275-a93f-2fdff440adfc 0.103s
2025-04-22 14:56:42.959 71118 INFO tempest.lib.common.rest_client [req-2257d389-865e-4219-a4e9-e5208867fbff req-2257d389-865e-4219-a4e9-e5208867fbff ] Request (ServerShowV254Test:tearDownClass): 200 GET http://10.180.1.21/compute/v2.1/servers/3274fedf-b803-4222-b0b7-754cc842f55e 0.085s
2025-04-22 14:56:42.997 71094 INFO tempest.lib.common.rest_client [req-d66315c4-7f53-47a5-a450-7cbcf544b3f3 req-d66315c4-7f53-47a5-a450-7cbcf544b3f3 ] Request (ServersTestBootFromVolume:setUpClass): 201 POST http://10.180.1.21:9696/networking/v2.0/security-group-rules 0.114s
2025-04-22 14:56:43.044 71142 INFO tempest.lib.common.rest_client [req-aed45a3b-67d9-48ba-bbcd-8d001f58de17 req-aed45a3b-67d9-48ba-bbcd-8d001f58de17 ] Request (AttachInterfacesUnderV243Test:_run_cleanups): 200 GET http://10.180.1.21/compute/v2.1/servers/876fb1a2-6f0d-4e88-9a74-cc69f9c1df29 0.079s
2025-04-22 14:56:43.155 71114 INFO tempest.lib.common.rest_client [req-14137aab-0b5e-49f9-8c5a-ea4907f4542a req-14137aab-0b5e-49f9-8c5a-ea4907f4542a ] Request (ServersListShow2100Test:test_list_show_rebuild_update_server_2100): 200 GET http://10.180.1.21/compute/v2.1/servers/73e3d7de-dfc6-4702-91e4-de5406d02c80 0.100s
2025-04-22 14:56:43.155 71094 INFO tempest.lib.common.rest_client [req-817d8a36-5c27-4b99-b2e1-0f74da3046c3 req-817d8a36-5c27-4b99-b2e1-0f74da3046c3 ] Request (ServersTestBootFromVolume:setUpClass): 201 POST http://10.180.1.21:9696/networking/v2.0/security-group-rules 0.156s
2025-04-22 14:56:43.160 71116 INFO tempest.lib.common.rest_client [req-a3f0a90e-004b-47e4-a02e-3fb6bf0d73a9 req-a3f0a90e-004b-47e4-a02e-3fb6bf0d73a9 ] Request (SecurityGroupsTestJSON:test_server_security_groups): 200 GET http://10.180.1.21/compute/v2.1/servers/81c616b1-fa27-4606-94be-2ba00dbdf11a 0.158s
2025-04-22 14:56:43.225 71148 INFO tempest.lib.common.rest_client [req-77dcf98d-0acc-41be-aa02-6f783f4796da req-77dcf98d-0acc-41be-aa02-6f783f4796da ] Request (AttachVolumeTestJSON:test_attach_detach_volume): 200 GET http://10.180.1.21/compute/v2.1/servers/ee2e471e-d89c-4c7f-9e18-942d71dfc55a 0.165s
2025-04-22 14:56:43.238 71150 INFO tempest.lib.common.rest_client [req-afde50c4-8e96-4ea7-9290-8f08c8037a3a req-afde50c4-8e96-4ea7-9290-8f08c8037a3a ] Request (ServersTestManualDisk:setUpClass): 200 GET http://10.180.1.21/compute/v2.1/servers/250eba1c-9bec-4081-8124-5adcc88e87f1 0.092s
2025-04-22 14:56:43.545 71146 INFO tempest.lib.common.rest_client [req-8ca76639-0bb2-4961-acaa-9016516a8fbc req-8ca76639-0bb2-4961-acaa-9016516a8fbc ] Request (ServersTestJSON:_run_cleanups): 200 GET http://10.180.1.21/compute/v2.1/servers/a0324c35-a135-465e-9bad-b02b7e0996ee 0.321s
2025-04-22 14:56:43.555 71096 INFO tempest.lib.common.rest_client [req-dc7e5489-e865-4a86-b632-fbf9f84688d7 req-dc7e5489-e865-4a86-b632-fbf9f84688d7 ] Request (ServersListShow296Test:tearDownClass): 200 GET http://10.180.1.21/compute/v2.1/servers/ee4f74ea-706a-4efe-a7d5-5bff5aaef508 0.376s
2025-04-22 14:56:43.616 71110 INFO tempest.lib.common.rest_client [req-8dfeabdb-17c0-43fc-98f0-1d2fdaec5471 req-8dfeabdb-17c0-43fc-98f0-1d2fdaec5471 ] Request (ImagesOneServerNegativeTestJSON:_run_cleanups): 200 GET http://10.180.1.21/compute/v2.1/servers/b2cfe39b-98bd-4914-877d-7339e362c6e5 0.355s
2025-04-22 14:56:43.634 71120 INFO tempest.lib.common.rest_client [req-eb5cf0e5-2905-4280-82a6-aba102778f6c req-eb5cf0e5-2905-4280-82a6-aba102778f6c ] Request (InstanceActionsV221TestJSON:test_get_list_deleted_instance_actions): 200 GET http://10.180.1.21/compute/v2.1/servers/f01746b5-6833-4612-bb74-91a70b81b610 0.341s
2025-04-22 14:56:43.689 71090 INFO tempest.lib.common.rest_client [req-7dbe6dd9-3dc6-43d8-98b0-4ca21f759d39 req-7dbe6dd9-3dc6-43d8-98b0-4ca21f759d39 ] Request (TenantUsagesTestJSON:setUpClass): 200 GET http://10.180.1.21/compute/v2.1/servers/5496ee2e-c062-4122-94ad-636d993287e4 0.321s
2025-04-22 14:56:43.738 71094 INFO tempest.lib.common.rest_client [req-dcc33165-8a7b-4bcb-a77a-168a7790562b req-dcc33165-8a7b-4bcb-a77a-168a7790562b ] Request (ServersTestBootFromVolume:setUpClass): 201 POST http://10.180.1.21:9696/networking/v2.0/floatingips 0.582s
2025-04-22 14:56:43.776 71126 INFO tempest.lib.common.rest_client [req-be8f564c-7e9f-4c28-b8d9-b28f397c00bf req-be8f564c-7e9f-4c28-b8d9-b28f397c00bf ] Request (MigrationsAdminTest:test_list_migrations_in_flavor_resize_situation): 200 GET http://10.180.1.21/compute/v2.1/servers/65910f00-90c8-4d6c-9fdd-b215a898890c 0.297s
2025-04-22 14:56:43.779 71094 INFO tempest.lib.common.rest_client [req-1090b55b-88ca-4c42-9639-13e2ac2ccf94 req-1090b55b-88ca-4c42-9639-13e2ac2ccf94 ] Request (ServersTestBootFromVolume:setUpClass): 201 POST http://10.180.1.21/identity/v3/auth/tokens 0.039s
2025-04-22 14:56:43.780 71094 INFO tempest.lib.common.fixed_network [-] (ServersTestBootFromVolume:setUpClass) Found network {'id': '1d16852d-d0b1-415e-928a-40e8b3e3f525', 'name': 'tempest-ServersTestBootFromVolume-149699081-network', 'tenant_id': '633b8c68c0734e1d9acfc492b3590256', 'admin_state_up': True, 'mtu': 8950, 'status': 'ACTIVE', 'subnets': [], 'shared': False, 'project_id': '633b8c68c0734e1d9acfc492b3590256', 'port_security_enabled': True, 'router:external': False, 'provider:network_type': 'vlan', 'provider:physical_network': 'default', 'provider:segmentation_id': 205, 'availability_zone_hints': [], 'availability_zones': [], 'ipv4_address_scope': None, 'ipv6_address_scope': None, 'description': '', 'tags': [], 'created_at': '2025-04-22T14:56:39Z', 'updated_at': '2025-04-22T14:56:39Z', 'revision_number': 1} available for tenant
2025-04-22 14:56:43.813 71136 INFO tempest.lib.common.rest_client [req-980ef2d7-6a71-43dd-80f9-93e9fbcf558b req-980ef2d7-6a71-43dd-80f9-93e9fbcf558b ] Request (ServersAdminNegativeTestJSON:test_migrate_server_invalid_state): 200 GET http://10.180.1.21/compute/v2.1/servers/48b8cd3f-dfdd-4583-a856-f7abe793b0d3 0.305s
2025-04-22 14:56:43.827 71102 INFO tempest.lib.common.rest_client [req-570ac055-4773-4e80-9061-67c4bf859acb req-570ac055-4773-4e80-9061-67c4bf859acb ] Request (ServerRescueNegativeTestJSON:setUpClass): 200 GET http://10.180.1.21/compute/v2.1/servers/cb8dd694-5243-4232-a790-8c3081547964 0.292s
2025-04-22 14:56:43.846 71106 INFO tempest.lib.common.rest_client [req-0ef87d7b-1530-477f-987f-c17eb9573962 req-0ef87d7b-1530-477f-987f-c17eb9573962 ] Request (ImagesTestJSON:test_create_image_from_stopped_server): 200 GET http://10.180.1.21/compute/v2.1/images/c0bc3248-bd5e-4ea6-b0d2-3f680e17eb95 0.308s
2025-04-22 14:56:43.877 71152 INFO tempest.lib.common.rest_client [req-b005340c-6785-40d5-aa69-a45996d50afd req-b005340c-6785-40d5-aa69-a45996d50afd ] Request (ServersAdminTestJSON:test_inject_network_info): 200 GET http://10.180.1.21/compute/v2.1/servers/6d7fef48-7b7a-4387-8b4f-d566c832979e 0.289s
2025-04-22 14:56:43.897 71092 INFO tempest.lib.common.rest_client [req-716d35bc-87c9-456e-97fd-b34b79fb588a req-716d35bc-87c9-456e-97fd-b34b79fb588a ] Request (ServersNegativeTestMultiTenantJSON:setUpClass): 200 GET http://10.180.1.21/compute/v2.1/servers/529bacab-2dd3-4d2a-8a12-96c37f30f346 0.273s
2025-04-22 14:56:43.924 71098 INFO tempest.lib.common.rest_client [req-c9451caa-d99b-49ae-961b-01875bb51c88 req-c9451caa-d99b-49ae-961b-01875bb51c88 ] Request (ServerActionsTestJSON:setUpClass): 200 GET http://10.180.1.21/compute/v2.1/servers/b4213304-4027-4f7a-aa55-aefe8e2dd019 0.288s
2025-04-22 14:56:43.982 71128 INFO tempest.lib.common.rest_client [req-8456ced8-3d25-4507-af7e-a9bd31a016b0 req-8456ced8-3d25-4507-af7e-a9bd31a016b0 ] Request (ServersTestFqdnHostnames:test_create_server_with_fqdn_name): 200 GET http://10.180.1.21/compute/v2.1/servers/8790a9bb-2651-4759-bf3d-fbc796c09666 0.178s
2025-04-22 14:56:43.999 71144 INFO tempest.lib.common.rest_client [req-2f060d22-c3b8-4c63-8ffb-0ea5a0e6adc8 req-2f060d22-c3b8-4c63-8ffb-0ea5a0e6adc8 ] Request (ImagesOneServerTestJSON:setUpClass): 200 GET http://10.180.1.21/compute/v2.1/servers/b3ec055c-6ccf-446b-9ebd-00306eae31df 0.266s
2025-04-22 14:56:44.018 71108 INFO tempest.lib.common.rest_client [req-158428b6-0499-4fa0-acf6-e17c8a122a5c req-158428b6-0499-4fa0-acf6-e17c8a122a5c ] Request (ServerGroupTestJSON:_run_cleanups): 404 GET http://10.180.1.21/compute/v2.1/servers/577d55dc-b2fe-4bb2-bdfc-1fcfadb26582 0.126s
2025-04-22 14:56:44.050 71138 INFO tempest.lib.common.rest_client [req-c23a1e3c-80ba-4c2c-a8d1-02316cbdec47 req-c23a1e3c-80ba-4c2c-a8d1-02316cbdec47 ] Request (ServersListShow298Test:tearDownClass): 200 GET http://10.180.1.21/compute/v2.1/servers/23908b13-acfd-4013-b73c-94f1dd179b9a 0.228s
2025-04-22 14:56:44.077 71124 INFO tempest.lib.common.rest_client [req-b060935a-2976-4d1f-a680-cc995cf21635 req-b060935a-2976-4d1f-a680-cc995cf21635 ] Request (ServerShowV257Test:tearDownClass): 200 GET http://10.180.1.21/compute/v2.1/servers/b426771b-a300-4275-a93f-2fdff440adfc 0.183s
2025-04-22 14:56:44.112 71108 INFO tempest.lib.common.rest_client [req-4651755f-bcc5-4fb4-b3f3-4c3b75dff113 req-4651755f-bcc5-4fb4-b3f3-4c3b75dff113 ] Request (ServerGroupTestJSON:test_list_server_groups): 200 GET http://10.180.1.21/compute/v2.1/os-server-groups 0.093s
2025-04-22 14:56:44.113 71118 INFO tempest.lib.common.rest_client [req-18a7accf-f87c-4f86-a765-240f25ccaca7 req-18a7accf-f87c-4f86-a765-240f25ccaca7 ] Request (ServerShowV254Test:tearDownClass): 200 GET http://10.180.1.21/compute/v2.1/servers/3274fedf-b803-4222-b0b7-754cc842f55e 0.140s
2025-04-22 14:56:44.142 71108 INFO tempest.lib.common.rest_client [req-940d23e8-20b3-479c-900e-a48c28dc3d78 req-940d23e8-20b3-479c-900e-a48c28dc3d78 ] Request (ServerGroupTestJSON:test_show_server_group): 200 GET http://10.180.1.21/compute/v2.1/os-server-groups/a7fb6a66-2fb9-441a-b2b5-405d0274bc9b 0.027s
2025-04-22 14:56:44.167 71108 INFO tempest.lib.common.rest_client [req-41a84045-93dd-437c-8bae-214709c6f7b2 req-41a84045-93dd-437c-8bae-214709c6f7b2 ] Request (ServerGroupTestJSON:tearDownClass): 404 DELETE http://10.180.1.21/compute/v2.1/servers/577d55dc-b2fe-4bb2-bdfc-1fcfadb26582 0.023s
2025-04-22 14:56:44.187 71142 INFO tempest.lib.common.rest_client [req-cd63e019-a442-4e23-a23c-28c0c879a1ea req-cd63e019-a442-4e23-a23c-28c0c879a1ea ] Request (AttachInterfacesUnderV243Test:_run_cleanups): 200 GET http://10.180.1.21/compute/v2.1/servers/876fb1a2-6f0d-4e88-9a74-cc69f9c1df29 0.130s
2025-04-22 14:56:44.196 71108 INFO tempest.lib.common.rest_client [req-29a70404-d25b-4f58-85f1-ef7824f9e8db req-29a70404-d25b-4f58-85f1-ef7824f9e8db ] Request (ServerGroupTestJSON:tearDownClass): 404 GET http://10.180.1.21/compute/v2.1/servers/577d55dc-b2fe-4bb2-bdfc-1fcfadb26582 0.029s
2025-04-22 14:56:44.263 71114 INFO tempest.lib.common.rest_client [req-3c8d8662-e3e1-460a-92fe-5862e9263197 req-3c8d8662-e3e1-460a-92fe-5862e9263197 ] Request (ServersListShow2100Test:test_list_show_rebuild_update_server_2100): 200 GET http://10.180.1.21/compute/v2.1/servers/73e3d7de-dfc6-4702-91e4-de5406d02c80 0.094s
2025-04-22 14:56:44.272 71108 INFO tempest.lib.common.rest_client [req-523b231c-c436-4669-987c-c41d9670ae5a req-523b231c-c436-4669-987c-c41d9670ae5a ] Request (ServerGroupTestJSON:tearDownClass): 404 DELETE http://10.180.1.21/compute/v2.1/os-server-groups/07f7d383-8406-48e2-8e41-1b305c16e140 0.075s
2025-04-22 14:56:44.304 71116 INFO tempest.lib.common.rest_client [req-f86c9d38-3eed-4aa9-834f-d7c0aa9ec42b req-f86c9d38-3eed-4aa9-834f-d7c0aa9ec42b ] Request (SecurityGroupsTestJSON:test_server_security_groups): 200 GET http://10.180.1.21/compute/v2.1/servers/81c616b1-fa27-4606-94be-2ba00dbdf11a 0.133s
2025-04-22 14:56:44.322 71148 INFO tempest.lib.common.rest_client [req-1b142ac0-fce3-4b99-9c69-efff332420b6 req-1b142ac0-fce3-4b99-9c69-efff332420b6 ] Request (AttachVolumeTestJSON:test_attach_detach_volume): 200 GET http://10.180.1.21/compute/v2.1/servers/ee2e471e-d89c-4c7f-9e18-942d71dfc55a 0.084s
2025-04-22 14:56:44.338 71108 INFO tempest.lib.common.rest_client [req-d683f266-e7cb-4d9d-acbe-4b940b3e6027 req-d683f266-e7cb-4d9d-acbe-4b940b3e6027 ] Request (ServerGroupTestJSON:tearDownClass): 404 DELETE http://10.180.1.21/compute/v2.1/os-server-groups/bd6f149d-c007-4bdd-8642-aa0f1ece1313 0.066s
2025-04-22 14:56:44.351 71108 INFO tempest.lib.common.rest_client [req-9e9eb59c-8402-475f-8991-f4b2d4f824e3 req-9e9eb59c-8402-475f-8991-f4b2d4f824e3 ] Request (ServerGroupTestJSON:tearDownClass): 404 DELETE http://10.180.1.21/compute/v2.1/os-server-groups/1ebd1328-08bb-45ff-9de0-8f8878d42809 0.013s
2025-04-22 14:56:44.354 71150 INFO tempest.lib.common.rest_client [req-58c0507a-ca41-4cba-8801-f4a6ed6eacb2 req-58c0507a-ca41-4cba-8801-f4a6ed6eacb2 ] Request (ServersTestManualDisk:setUpClass): 200 GET http://10.180.1.21/compute/v2.1/servers/250eba1c-9bec-4081-8124-5adcc88e87f1 0.106s
2025-04-22 14:56:44.360 71108 INFO tempest.lib.common.rest_client [req-68de6a2b-5ae5-470a-ac3d-5b3ac3fe70e8 req-68de6a2b-5ae5-470a-ac3d-5b3ac3fe70e8 ] Request (ServerGroupTestJSON:tearDownClass): 404 DELETE http://10.180.1.21/compute/v2.1/os-server-groups/26b71cb2-07c0-4679-9742-e1175455e98c 0.009s
2025-04-22 14:56:44.388 71108 INFO tempest.lib.common.rest_client [req-4696d55b-d758-4496-acec-36e67b7aadc2 req-4696d55b-d758-4496-acec-36e67b7aadc2 ] Request (ServerGroupTestJSON:tearDownClass): 204 DELETE http://10.180.1.21/compute/v2.1/os-server-groups/a7fb6a66-2fb9-441a-b2b5-405d0274bc9b 0.028s
2025-04-22 14:56:44.451 71094 INFO tempest.lib.common.rest_client [req-1368b477-9786-40e7-ba0f-349d5e55754d req-1368b477-9786-40e7-ba0f-349d5e55754d ] Request (ServersTestBootFromVolume:setUpClass): 202 POST http://10.180.1.21/volume/v3/volumes 0.670s
2025-04-22 14:56:44.511 71094 INFO tempest.lib.common.rest_client [req-e762b0a2-1c62-4b41-8195-83d05dd4c30b req-e762b0a2-1c62-4b41-8195-83d05dd4c30b ] Request (ServersTestBootFromVolume:setUpClass): 200 GET http://10.180.1.21/volume/v3/volumes/8ad8bb23-6f94-41c8-b3fe-bd7c4c1c4c8e 0.053s
2025-04-22 14:56:44.547 71140 WARNING tempest.lib.common.ssh [-] Failed to establish authenticated ssh connection to cirros@10.180.180.188 ([Errno None] Unable to connect to port 22 on 10.180.180.188). Number attempts: 1. Retry after 2 seconds.: paramiko.ssh_exception.NoValidConnectionsError: [Errno None] Unable to connect to port 22 on 10.180.180.188
2025-04-22 14:56:44.618 71146 INFO tempest.lib.common.rest_client [req-ae2cfcad-bacc-4368-bc65-162f68ba0cf5 req-ae2cfcad-bacc-4368-bc65-162f68ba0cf5 ] Request (ServersTestJSON:_run_cleanups): 200 GET http://10.180.1.21/compute/v2.1/servers/a0324c35-a135-465e-9bad-b02b7e0996ee 0.062s
2025-04-22 14:56:44.641 71096 INFO tempest.lib.common.rest_client [req-56c1e7ff-5799-4c3b-af10-3d1863434ec1 req-56c1e7ff-5799-4c3b-af10-3d1863434ec1 ] Request (ServersListShow296Test:tearDownClass): 200 GET http://10.180.1.21/compute/v2.1/servers/ee4f74ea-706a-4efe-a7d5-5bff5aaef508 0.073s
2025-04-22 14:56:44.691 71110 INFO tempest.lib.common.rest_client [req-6b17c129-3d66-4428-aab2-2321c85cd0d4 req-6b17c129-3d66-4428-aab2-2321c85cd0d4 ] Request (ImagesOneServerNegativeTestJSON:_run_cleanups): 200 GET http://10.180.1.21/compute/v2.1/servers/b2cfe39b-98bd-4914-877d-7339e362c6e5 0.064s
2025-04-22 14:56:44.745 71120 INFO tempest.lib.common.rest_client [req-1c753074-a8e8-4f04-a211-73ee523c9d57 req-1c753074-a8e8-4f04-a211-73ee523c9d57 ] Request (InstanceActionsV221TestJSON:test_get_list_deleted_instance_actions): 200 GET http://10.180.1.21/compute/v2.1/servers/f01746b5-6833-4612-bb74-91a70b81b610 0.099s
2025-04-22 14:56:44.760 71090 INFO tempest.lib.common.rest_client [req-2ec059c2-cdb3-4d1e-b3bb-eacefc6e464a req-2ec059c2-cdb3-4d1e-b3bb-eacefc6e464a ] Request (TenantUsagesTestJSON:setUpClass): 200 GET http://10.180.1.21/compute/v2.1/servers/5496ee2e-c062-4122-94ad-636d993287e4 0.064s
2025-04-22 14:56:44.938 71126 INFO tempest.lib.common.rest_client [req-5e6973b2-eb0c-415a-952c-ab680b50a6c3 req-5e6973b2-eb0c-415a-952c-ab680b50a6c3 ] Request (MigrationsAdminTest:test_list_migrations_in_flavor_resize_situation): 200 GET http://10.180.1.21/compute/v2.1/servers/65910f00-90c8-4d6c-9fdd-b215a898890c 0.149s
2025-04-22 14:56:44.955 71136 INFO tempest.lib.common.rest_client [req-4e076170-dafb-484a-a0cf-881488cf8f93 req-4e076170-dafb-484a-a0cf-881488cf8f93 ] Request (ServersAdminNegativeTestJSON:test_migrate_server_invalid_state): 200 GET http://10.180.1.21/compute/v2.1/servers/48b8cd3f-dfdd-4583-a856-f7abe793b0d3 0.128s
2025-04-22 14:56:44.992 71106 INFO tempest.lib.common.rest_client [req-7d8476be-9e96-472c-8bd3-8c59ab8d29f3 req-7d8476be-9e96-472c-8bd3-8c59ab8d29f3 ] Request (ImagesTestJSON:test_create_image_from_stopped_server): 200 GET http://10.180.1.21/compute/v2.1/images/c0bc3248-bd5e-4ea6-b0d2-3f680e17eb95 0.141s
2025-04-22 14:56:44.993 71102 INFO tempest.lib.common.rest_client [req-c0351dfe-41cf-45fe-9f16-227c9228d7e1 req-c0351dfe-41cf-45fe-9f16-227c9228d7e1 ] Request (ServerRescueNegativeTestJSON:setUpClass): 200 GET http://10.180.1.21/compute/v2.1/servers/cb8dd694-5243-4232-a790-8c3081547964 0.153s
2025-04-22 14:56:45.048 71152 INFO tempest.lib.common.rest_client [req-267668eb-e4f5-437f-a176-6c36716b02cd req-267668eb-e4f5-437f-a176-6c36716b02cd ] Request (ServersAdminTestJSON:test_inject_network_info): 200 GET http://10.180.1.21/compute/v2.1/servers/6d7fef48-7b7a-4387-8b4f-d566c832979e 0.161s
2025-04-22 14:56:45.061 71092 INFO tempest.lib.common.rest_client [req-8df397a1-2556-440c-9636-8ebc654fce5f req-8df397a1-2556-440c-9636-8ebc654fce5f ] Request (ServersNegativeTestMultiTenantJSON:setUpClass): 200 GET http://10.180.1.21/compute/v2.1/servers/529bacab-2dd3-4d2a-8a12-96c37f30f346 0.154s
2025-04-22 14:56:45.072 71108 INFO tempest.lib.common.rest_client [req-d3c7c53a-1636-4ecc-b400-9143480f821c req-d3c7c53a-1636-4ecc-b400-9143480f821c ] Request (ServerGroupTestJSON:tearDownClass): 200 PUT http://10.180.1.21:9696/networking/v2.0/routers/aa612e05-56e6-41b0-be83-da4f06f4c0ad/remove_router_interface 0.682s
2025-04-22 14:56:45.108 71098 INFO tempest.lib.common.rest_client [req-45addabe-63cb-412f-b65c-bc3f396cd153 req-45addabe-63cb-412f-b65c-bc3f396cd153 ] Request (ServerActionsTestJSON:setUpClass): 200 GET http://10.180.1.21/compute/v2.1/servers/b4213304-4027-4f7a-aa55-aefe8e2dd019 0.174s
2025-04-22 14:56:45.120 71128 INFO tempest.lib.common.rest_client [req-40c2ec92-b1dd-4c37-b560-c84fa55c6129 req-40c2ec92-b1dd-4c37-b560-c84fa55c6129 ] Request (ServersTestFqdnHostnames:test_create_server_with_fqdn_name): 200 GET http://10.180.1.21/compute/v2.1/servers/8790a9bb-2651-4759-bf3d-fbc796c09666 0.130s
2025-04-22 14:56:45.196 71138 INFO tempest.lib.common.rest_client [req-125d3222-977c-4db6-af91-e90e7f0ddf4d req-125d3222-977c-4db6-af91-e90e7f0ddf4d ] Request (ServersListShow298Test:tearDownClass): 200 GET http://10.180.1.21/compute/v2.1/servers/23908b13-acfd-4013-b73c-94f1dd179b9a 0.125s
2025-04-22 14:56:45.252 71144 INFO tempest.lib.common.rest_client [req-d28d10ab-43e4-4008-921f-8e604ecef2b9 req-d28d10ab-43e4-4008-921f-8e604ecef2b9 ] Request (ImagesOneServerTestJSON:setUpClass): 200 GET http://10.180.1.21/compute/v2.1/servers/b3ec055c-6ccf-446b-9ebd-00306eae31df 0.243s
2025-04-22 14:56:45.287 71124 INFO tempest.lib.common.rest_client [req-d3afd816-b66f-4dc4-a6d9-65d824679fc4 req-d3afd816-b66f-4dc4-a6d9-65d824679fc4 ] Request (ServerShowV257Test:tearDownClass): 200 GET http://10.180.1.21/compute/v2.1/servers/b426771b-a300-4275-a93f-2fdff440adfc 0.201s
2025-04-22 14:56:45.340 71118 INFO tempest.lib.common.rest_client [req-1c692667-853b-4371-8d17-864f7fdd302e req-1c692667-853b-4371-8d17-864f7fdd302e ] Request (ServerShowV254Test:tearDownClass): 200 GET http://10.180.1.21/compute/v2.1/servers/3274fedf-b803-4222-b0b7-754cc842f55e 0.213s
2025-04-22 14:56:45.358 71142 INFO tempest.lib.common.rest_client [req-a0484fb1-36eb-43b4-a488-93103ace6606 req-a0484fb1-36eb-43b4-a488-93103ace6606 ] Request (AttachInterfacesUnderV243Test:_run_cleanups): 200 GET http://10.180.1.21/compute/v2.1/servers/876fb1a2-6f0d-4e88-9a74-cc69f9c1df29 0.159s
2025-04-22 14:56:45.430 71114 INFO tempest.lib.common.rest_client [req-d7dd49f6-3acb-4d5c-a60f-24140e5bd6b1 req-d7dd49f6-3acb-4d5c-a60f-24140e5bd6b1 ] Request (ServersListShow2100Test:test_list_show_rebuild_update_server_2100): 200 GET http://10.180.1.21/compute/v2.1/servers/73e3d7de-dfc6-4702-91e4-de5406d02c80 0.148s
2025-04-22 14:56:45.480 71108 INFO tempest.lib.common.rest_client [req-ce342e73-e386-42fc-8d50-bfd182614e39 req-ce342e73-e386-42fc-8d50-bfd182614e39 ] Request (ServerGroupTestJSON:tearDownClass): 204 DELETE http://10.180.1.21:9696/networking/v2.0/routers/aa612e05-56e6-41b0-be83-da4f06f4c0ad 0.408s
2025-04-22 14:56:45.507 71148 INFO tempest.lib.common.rest_client [req-4992ad0d-79a3-44a5-9f6a-346c4e53006c req-4992ad0d-79a3-44a5-9f6a-346c4e53006c ] Request (AttachVolumeTestJSON:test_attach_detach_volume): 200 GET http://10.180.1.21/compute/v2.1/servers/ee2e471e-d89c-4c7f-9e18-942d71dfc55a 0.175s
2025-04-22 14:56:45.532 71116 INFO tempest.lib.common.rest_client [req-1fa0dc01-3186-4b95-bba8-8a93a2aa345b req-1fa0dc01-3186-4b95-bba8-8a93a2aa345b ] Request (SecurityGroupsTestJSON:test_server_security_groups): 200 GET http://10.180.1.21/compute/v2.1/servers/81c616b1-fa27-4606-94be-2ba00dbdf11a 0.220s
2025-04-22 14:56:45.549 71094 INFO tempest.lib.common.rest_client [req-5af7f12d-fab4-4fc9-940b-5019fdf48d42 req-5af7f12d-fab4-4fc9-940b-5019fdf48d42 ] Request (ServersTestBootFromVolume:setUpClass): 200 GET http://10.180.1.21/volume/v3/volumes/8ad8bb23-6f94-41c8-b3fe-bd7c4c1c4c8e 0.031s
2025-04-22 14:56:45.570 71150 INFO tempest.lib.common.rest_client [req-6bbe84e9-31c9-4155-8b4a-1fb23408d185 req-6bbe84e9-31c9-4155-8b4a-1fb23408d185 ] Request (ServersTestManualDisk:setUpClass): 200 GET http://10.180.1.21/compute/v2.1/servers/250eba1c-9bec-4081-8124-5adcc88e87f1 0.205s
2025-04-22 14:56:45.595 71108 INFO tempest.lib.common.rest_client [req-ab65cf94-5427-4c9c-8bf1-071b7cd41e32 req-ab65cf94-5427-4c9c-8bf1-071b7cd41e32 ] Request (ServerGroupTestJSON:tearDownClass): 204 DELETE http://10.180.1.21:9696/networking/v2.0/subnets/4ef66f57-7228-44fe-a031-de890433a981 0.114s
2025-04-22 14:56:45.690 71146 INFO tempest.lib.common.rest_client [req-4945fc7b-4cc4-46f9-bcf3-e6543594f818 req-4945fc7b-4cc4-46f9-bcf3-e6543594f818 ] Request (ServersTestJSON:_run_cleanups): 200 GET http://10.180.1.21/compute/v2.1/servers/a0324c35-a135-465e-9bad-b02b7e0996ee 0.063s
2025-04-22 14:56:45.737 71096 INFO tempest.lib.common.rest_client [req-fd8e8c28-f430-473e-96b6-438996eaf7be req-fd8e8c28-f430-473e-96b6-438996eaf7be ] Request (ServersListShow296Test:tearDownClass): 200 GET http://10.180.1.21/compute/v2.1/servers/ee4f74ea-706a-4efe-a7d5-5bff5aaef508 0.082s
2025-04-22 14:56:45.754 71110 INFO tempest.lib.common.rest_client [req-05938fbd-bbcb-4aaf-9b9d-4d98f9256622 req-05938fbd-bbcb-4aaf-9b9d-4d98f9256622 ] Request (ImagesOneServerNegativeTestJSON:_run_cleanups): 200 GET http://10.180.1.21/compute/v2.1/servers/b2cfe39b-98bd-4914-877d-7339e362c6e5 0.055s
2025-04-22 14:56:45.833 71120 INFO tempest.lib.common.rest_client [req-831107fd-1f29-4109-bbae-eeb867b50015 req-831107fd-1f29-4109-bbae-eeb867b50015 ] Request (InstanceActionsV221TestJSON:test_get_list_deleted_instance_actions): 200 GET http://10.180.1.21/compute/v2.1/servers/f01746b5-6833-4612-bb74-91a70b81b610 0.079s
2025-04-22 14:56:45.838 71090 INFO tempest.lib.common.rest_client [req-b3db9326-6278-485e-ac6c-5c642b15ab2d req-b3db9326-6278-485e-ac6c-5c642b15ab2d ] Request (TenantUsagesTestJSON:setUpClass): 200 GET http://10.180.1.21/compute/v2.1/servers/5496ee2e-c062-4122-94ad-636d993287e4 0.071s
2025-04-22 14:56:45.892 71108 INFO tempest.lib.common.rest_client [req-a78f70a2-7e3c-40a5-bf2a-40a761bfb163 req-a78f70a2-7e3c-40a5-bf2a-40a761bfb163 ] Request (ServerGroupTestJSON:tearDownClass): 204 DELETE http://10.180.1.21:9696/networking/v2.0/networks/a638e3b5-9600-4638-bf93-d3895879b2a6 0.297s
2025-04-22 14:56:45.975 71108 INFO tempest.lib.common.rest_client [req-66ddd805-a88c-4300-b0d8-17ea9d399b80 req-66ddd805-a88c-4300-b0d8-17ea9d399b80 ] Request (ServerGroupTestJSON:tearDownClass): 204 DELETE http://10.180.1.21/identity/v3/users/82875d7ba5a64d34893f802bcd75cb6e 0.082s
2025-04-22 14:56:45.975 71108 INFO tempest.lib.common.dynamic_creds [-] Deleting project and security group for project: a252c611d44a440fa428cd9a69a6be0d
2025-04-22 14:56:46.009 71108 INFO tempest.lib.common.rest_client [req-f5c578ff-5f5e-4730-9018-806889dc3e77 req-f5c578ff-5f5e-4730-9018-806889dc3e77 ] Request (ServerGroupTestJSON:tearDownClass): 200 GET http://10.180.1.21:9696/networking/v2.0/security-groups?tenant_id=a252c611d44a440fa428cd9a69a6be0d&name=default 0.033s
2025-04-22 14:56:46.084 71136 INFO tempest.lib.common.rest_client [req-3c97e554-3270-4dc3-8949-73949063b354 req-3c97e554-3270-4dc3-8949-73949063b354 ] Request (ServersAdminNegativeTestJSON:test_migrate_server_invalid_state): 200 GET http://10.180.1.21/compute/v2.1/servers/48b8cd3f-dfdd-4583-a856-f7abe793b0d3 0.121s
2025-04-22 14:56:46.085 71126 INFO tempest.lib.common.rest_client [req-d33c76d2-164b-449e-8f19-c205ae7d7abd req-d33c76d2-164b-449e-8f19-c205ae7d7abd ] Request (MigrationsAdminTest:test_list_migrations_in_flavor_resize_situation): 200 GET http://10.180.1.21/compute/v2.1/servers/65910f00-90c8-4d6c-9fdd-b215a898890c 0.137s
2025-04-22 14:56:46.089 71108 INFO tempest.lib.common.rest_client [req-9b576f14-45ca-486b-955b-c75f87a86d92 req-9b576f14-45ca-486b-955b-c75f87a86d92 ] Request (ServerGroupTestJSON:tearDownClass): 204 DELETE http://10.180.1.21:9696/networking/v2.0/security-groups/48f2ee72-0aec-44b3-967c-055925852aa5 0.080s
2025-04-22 14:56:46.118 71106 INFO tempest.lib.common.rest_client [req-657bf765-4379-4451-a3b8-16688d82b7a4 req-657bf765-4379-4451-a3b8-16688d82b7a4 ] Request (ImagesTestJSON:test_create_image_from_stopped_server): 200 GET http://10.180.1.21/compute/v2.1/images/c0bc3248-bd5e-4ea6-b0d2-3f680e17eb95 0.122s
2025-04-22 14:56:46.138 71102 INFO tempest.lib.common.rest_client [req-9270802a-3fbb-4ffa-aa4b-e6f98d5fe78a req-9270802a-3fbb-4ffa-aa4b-e6f98d5fe78a ] Request (ServerRescueNegativeTestJSON:setUpClass): 200 GET http://10.180.1.21/compute/v2.1/servers/cb8dd694-5243-4232-a790-8c3081547964 0.138s
2025-04-22 14:56:46.175 71152 INFO tempest.lib.common.rest_client [req-a5a0ec09-228a-4809-a8d4-79a4a93b901a req-a5a0ec09-228a-4809-a8d4-79a4a93b901a ] Request (ServersAdminTestJSON:test_inject_network_info): 200 GET http://10.180.1.21/compute/v2.1/servers/6d7fef48-7b7a-4387-8b4f-d566c832979e 0.116s
2025-04-22 14:56:46.195 71092 INFO tempest.lib.common.rest_client [req-97c86495-cab9-4af7-93fb-4f68cf62c23c req-97c86495-cab9-4af7-93fb-4f68cf62c23c ] Request (ServersNegativeTestMultiTenantJSON:setUpClass): 200 GET http://10.180.1.21/compute/v2.1/servers/529bacab-2dd3-4d2a-8a12-96c37f30f346 0.124s
2025-04-22 14:56:46.212 71108 INFO tempest.lib.common.rest_client [req-86cbc048-44ce-40ae-9d3b-49c1b234a7ef req-86cbc048-44ce-40ae-9d3b-49c1b234a7ef ] Request (ServerGroupTestJSON:tearDownClass): 204 DELETE http://10.180.1.21/identity/v3/projects/a252c611d44a440fa428cd9a69a6be0d 0.123s
2025-04-22 14:56:46.239 71098 INFO tempest.lib.common.rest_client [req-6bdf35b3-cbd5-4126-972d-9bcf3660c3f8 req-6bdf35b3-cbd5-4126-972d-9bcf3660c3f8 ] Request (ServerActionsTestJSON:setUpClass): 200 GET http://10.180.1.21/compute/v2.1/servers/b4213304-4027-4f7a-aa55-aefe8e2dd019 0.119s
2025-04-22 14:56:46.244 71128 INFO tempest.lib.common.rest_client [req-aedf19b4-ed62-4db5-aba7-de7e191295e7 req-aedf19b4-ed62-4db5-aba7-de7e191295e7 ] Request (ServersTestFqdnHostnames:test_create_server_with_fqdn_name): 200 GET http://10.180.1.21/compute/v2.1/servers/8790a9bb-2651-4759-bf3d-fbc796c09666 0.116s
2025-04-22 14:56:46.288 71108 INFO tempest.lib.common.rest_client [req-8e3932b0-f096-41ba-bc89-c7359fba970e req-8e3932b0-f096-41ba-bc89-c7359fba970e ] Request (ServerRescueTestJSON:setUpClass): 201 POST http://10.180.1.21/identity/v3/auth/tokens 0.074s
2025-04-22 14:56:46.308 71138 INFO tempest.lib.common.rest_client [req-95dfb363-465d-4d5e-aa18-61c367d023c9 req-95dfb363-465d-4d5e-aa18-61c367d023c9 ] Request (ServersListShow298Test:tearDownClass): 200 GET http://10.180.1.21/compute/v2.1/servers/23908b13-acfd-4013-b73c-94f1dd179b9a 0.098s
2025-04-22 14:56:46.321 71108 INFO tempest.lib.common.rest_client [req-7e5e100d-2e5f-4c78-8f49-46ada2d3b7ff req-7e5e100d-2e5f-4c78-8f49-46ada2d3b7ff ] Request (ServerRescueTestJSON:setUpClass): 201 POST http://10.180.1.21/identity/v3/auth/tokens 0.029s
2025-04-22 14:56:46.346 71108 INFO tempest.lib.common.rest_client [req-7948a4f4-1e1d-4868-95e9-e4d123c65d05 req-7948a4f4-1e1d-4868-95e9-e4d123c65d05 ] Request (ServerRescueTestJSON:setUpClass): 200 GET http://10.180.1.21/identity/v3/domains?name=Default 0.024s
2025-04-22 14:56:46.369 71124 INFO tempest.lib.common.rest_client [req-40499487-3dba-41fa-bfc6-6b9f2c4b038f req-40499487-3dba-41fa-bfc6-6b9f2c4b038f ] Request (ServerShowV257Test:tearDownClass): 200 GET http://10.180.1.21/compute/v2.1/servers/b426771b-a300-4275-a93f-2fdff440adfc 0.070s
2025-04-22 14:56:46.375 71108 INFO tempest.lib.common.rest_client [req-cfc3f103-703b-4770-82a3-6944c343ac4a req-cfc3f103-703b-4770-82a3-6944c343ac4a ] Request (ServerRescueTestJSON:setUpClass): 201 POST http://10.180.1.21/identity/v3/projects 0.028s
2025-04-22 14:56:46.387 71118 INFO tempest.lib.common.rest_client [req-340a4e1f-3baa-4b69-ba28-257548ff10ab req-340a4e1f-3baa-4b69-ba28-257548ff10ab ] Request (ServerShowV254Test:tearDownClass): 404 GET http://10.180.1.21/compute/v2.1/servers/3274fedf-b803-4222-b0b7-754cc842f55e 0.033s
2025-04-22 14:56:46.421 71144 INFO tempest.lib.common.rest_client [req-60e8d8b4-8913-4213-8e92-983433f33665 req-60e8d8b4-8913-4213-8e92-983433f33665 ] Request (ImagesOneServerTestJSON:setUpClass): 200 GET http://10.180.1.21/compute/v2.1/servers/b3ec055c-6ccf-446b-9ebd-00306eae31df 0.160s
2025-04-22 14:56:46.438 71108 INFO tempest.lib.common.rest_client [req-56333f8a-39e4-4c04-acd0-7fe63f1ea1f0 req-56333f8a-39e4-4c04-acd0-7fe63f1ea1f0 ] Request (ServerRescueTestJSON:setUpClass): 201 POST http://10.180.1.21/identity/v3/users 0.063s
2025-04-22 14:56:46.447 71142 INFO tempest.lib.common.rest_client [req-437914bb-fa7a-4a5f-80ca-0e2f3d4a0a04 req-437914bb-fa7a-4a5f-80ca-0e2f3d4a0a04 ] Request (AttachInterfacesUnderV243Test:_run_cleanups): 200 GET http://10.180.1.21/compute/v2.1/servers/876fb1a2-6f0d-4e88-9a74-cc69f9c1df29 0.077s
2025-04-22 14:56:46.460 71108 INFO tempest.lib.common.rest_client [req-083aa325-6874-494a-8c75-ad7d8602ee17 req-083aa325-6874-494a-8c75-ad7d8602ee17 ] Request (ServerRescueTestJSON:setUpClass): 200 GET http://10.180.1.21/identity/v3/roles 0.021s
2025-04-22 14:56:46.487 71118 INFO tempest.lib.common.rest_client [req-70b4346b-2ac7-452b-bb38-e9d6790c8d82 req-70b4346b-2ac7-452b-bb38-e9d6790c8d82 ] Request (ServerShowV254Test:tearDownClass): 204 DELETE http://10.180.1.21/identity/v3/users/c35a440dfaf74298990062a77c101382 0.099s
2025-04-22 14:56:46.487 71118 INFO tempest.lib.common.dynamic_creds [-] Deleting project and security group for project: 9072593f3d3c44b1b9fe1393c1fe8235
2025-04-22 14:56:46.503 71114 INFO tempest.lib.common.rest_client [req-effc4a96-6c02-42d6-8420-49abbd53d9b6 req-effc4a96-6c02-42d6-8420-49abbd53d9b6 ] Request (ServersListShow2100Test:test_list_show_rebuild_update_server_2100): 200 GET http://10.180.1.21/compute/v2.1/servers/73e3d7de-dfc6-4702-91e4-de5406d02c80 0.061s
2025-04-22 14:56:46.513 71108 INFO tempest.lib.common.rest_client [req-cc9c6fb8-6e5e-4d78-93cb-6be223c57368 req-cc9c6fb8-6e5e-4d78-93cb-6be223c57368 ] Request (ServerRescueTestJSON:setUpClass): 204 PUT http://10.180.1.21/identity/v3/projects/aa55f275f5e14ee2b6c5e962f30f06c8/users/ef9783f12f9b47208b7060f6b526ea1f/roles/7ec785deb6024ec98ec1d19446989589 0.052s
2025-04-22 14:56:46.513 71108 INFO tempest.lib.common.dynamic_creds [-] Dynamic test user ef9783f12f9b47208b7060f6b526ea1f is created with scope project and roles: ['member']
2025-04-22 14:56:46.513 71108 INFO tempest.lib.common.dynamic_creds [-] Acquired dynamic creds: credentials: Credentials: {'domain_id': 'default', 'domain_name': 'Default', 'username': 'tempest-ServerRescueTestJSON-867055778-project-member', 'project_domain_id': 'default', 'project_domain_name': 'Default', 'project_id': 'aa55f275f5e14ee2b6c5e962f30f06c8', 'project_name': 'tempest-ServerRescueTestJSON-867055778', 'tenant_id': 'aa55f275f5e14ee2b6c5e962f30f06c8', 'tenant_name': 'tempest-ServerRescueTestJSON-867055778', 'user_domain_id': 'default', 'user_domain_name': 'Default', 'user_id': 'ef9783f12f9b47208b7060f6b526ea1f', 'system': None}, Network: None, Subnet: None, Router: None
2025-04-22 14:56:46.538 71118 INFO tempest.lib.common.rest_client [req-63e5d47d-0ce0-4a75-b5a9-2342a088338e req-63e5d47d-0ce0-4a75-b5a9-2342a088338e ] Request (ServerShowV254Test:tearDownClass): 201 POST http://10.180.1.21/identity/v3/auth/tokens 0.050s
2025-04-22 14:56:46.570 71108 INFO tempest.lib.common.rest_client [req-c19b0953-c85b-4280-a616-7c213f3338da req-c19b0953-c85b-4280-a616-7c213f3338da ] Request (ServerRescueTestJSON:setUpClass): 201 POST http://10.180.1.21/identity/v3/auth/tokens 0.056s
2025-04-22 14:56:46.572 71148 INFO tempest.lib.common.rest_client [req-b8e5c8de-c6c7-4f58-8cb0-725877829f89 req-b8e5c8de-c6c7-4f58-8cb0-725877829f89 ] Request (AttachVolumeTestJSON:test_attach_detach_volume): 200 GET http://10.180.1.21/compute/v2.1/servers/ee2e471e-d89c-4c7f-9e18-942d71dfc55a 0.055s
2025-04-22 14:56:46.587 71094 INFO tempest.lib.common.rest_client [req-85f30bce-ed67-4327-8bdf-22905be08b12 req-85f30bce-ed67-4327-8bdf-22905be08b12 ] Request (ServersTestBootFromVolume:setUpClass): 200 GET http://10.180.1.21/volume/v3/volumes/8ad8bb23-6f94-41c8-b3fe-bd7c4c1c4c8e 0.028s
2025-04-22 14:56:46.640 71150 INFO tempest.lib.common.rest_client [req-3d9c1416-d8bb-4846-ae25-2da477df1950 req-3d9c1416-d8bb-4846-ae25-2da477df1950 ] Request (ServersTestManualDisk:setUpClass): 200 GET http://10.180.1.21/compute/v2.1/servers/250eba1c-9bec-4081-8124-5adcc88e87f1 0.061s
2025-04-22 14:56:46.669 71116 INFO tempest.lib.common.rest_client [req-b44035cf-954d-4fa7-9dc0-4f3a879ce528 req-b44035cf-954d-4fa7-9dc0-4f3a879ce528 ] Request (SecurityGroupsTestJSON:test_server_security_groups): 200 GET http://10.180.1.21/compute/v2.1/servers/81c616b1-fa27-4606-94be-2ba00dbdf11a 0.122s
2025-04-22 14:56:46.676 71116 INFO tempest.common.waiters [-] State transition "BUILD/spawning" ==> "ACTIVE/None" after 63 second wait
2025-04-22 14:56:46.783 71118 INFO tempest.lib.common.rest_client [req-6623caa8-f898-4d5e-a389-b37446812408 req-6623caa8-f898-4d5e-a389-b37446812408 ] Request (ServerShowV254Test:tearDownClass): 200 GET http://10.180.1.21:9696/networking/v2.0/security-groups?tenant_id=9072593f3d3c44b1b9fe1393c1fe8235&name=default 0.245s
2025-04-22 14:56:46.788 71146 INFO tempest.lib.common.rest_client [req-df02fde7-3a0f-4281-967b-cb9f64a59b80 req-df02fde7-3a0f-4281-967b-cb9f64a59b80 ] Request (ServersTestJSON:_run_cleanups): 200 GET http://10.180.1.21/compute/v2.1/servers/a0324c35-a135-465e-9bad-b02b7e0996ee 0.091s
2025-04-22 14:56:46.848 71108 INFO tempest.lib.common.rest_client [req-3cdf10a1-ed12-434a-bfa5-da1b5e934640 req-3cdf10a1-ed12-434a-bfa5-da1b5e934640 ] Request (ServerRescueTestJSON:setUpClass): 201 POST http://10.180.1.21:9696/networking/v2.0/networks 0.278s
2025-04-22 14:56:46.848 71100 WARNING tempest.lib.common.ssh [-] Failed to establish authenticated ssh connection to cirros@10.180.180.132 ([Errno None] Unable to connect to port 22 on 10.180.180.132). Number attempts: 10. Retry after 11 seconds.: paramiko.ssh_exception.NoValidConnectionsError: [Errno None] Unable to connect to port 22 on 10.180.180.132
2025-04-22 14:56:46.877 71096 INFO tempest.lib.common.rest_client [req-c001ea93-ebdb-4bb1-aaa5-243f4af44424 req-c001ea93-ebdb-4bb1-aaa5-243f4af44424 ] Request (ServersListShow296Test:tearDownClass): 200 GET http://10.180.1.21/compute/v2.1/servers/ee4f74ea-706a-4efe-a7d5-5bff5aaef508 0.124s
2025-04-22 14:56:46.917 71118 INFO tempest.lib.common.rest_client [req-f1b16e3f-fa84-4251-bbee-fb4615324bcb req-f1b16e3f-fa84-4251-bbee-fb4615324bcb ] Request (ServerShowV254Test:tearDownClass): 204 DELETE http://10.180.1.21:9696/networking/v2.0/security-groups/caa33ef7-2c96-45e2-8455-0840740792bd 0.133s
2025-04-22 14:56:46.940 71110 INFO tempest.lib.common.rest_client [req-55793a01-816a-4cc3-8c37-a8916847782f req-55793a01-816a-4cc3-8c37-a8916847782f ] Request (ImagesOneServerNegativeTestJSON:_run_cleanups): 200 GET http://10.180.1.21/compute/v2.1/servers/b2cfe39b-98bd-4914-877d-7339e362c6e5 0.174s
