2025-04-22 14:56:26.653 71140 INFO tempest.lib.common.rest_client [req-aa06e390-2840-48a5-8320-d560714441cd req-aa06e390-2840-48a5-8320-d560714441cd ] Request (AttachVolumeNegativeTest:test_attach_attached_volume_to_different_server): 200 GET http://10.180.1.21/compute/v2.1/servers/49faccb0-7db4-40f0-ab40-cce0d967aae7 0.287s
2025-04-22 14:56:26.672 71110 INFO tempest.lib.common.rest_client [req-2409d151-d614-4b4b-9bbb-0cd8539f823b req-2409d151-d614-4b4b-9bbb-0cd8539f823b ] Request (ImagesOneServerNegativeTestJSON:_run_cleanups): 200 GET http://10.180.1.21/compute/v2.1/servers/b2cfe39b-98bd-4914-877d-7339e362c6e5 0.295s
2025-04-22 14:56:26.745 71128 INFO tempest.lib.common.rest_client [req-20d11127-b34f-44be-bd4e-29f085975813 req-20d11127-b34f-44be-bd4e-29f085975813 ] Request (ServersAdmin275Test:tearDownClass): 204 DELETE http://10.180.1.21/identity/v3/projects/f80f8f52b493467c8e66772450e1668d 0.122s
2025-04-22 14:56:26.746 71090 INFO tempest.lib.common.rest_client [req-34666661-a3f6-47a0-91b9-2f46772da090 req-34666661-a3f6-47a0-91b9-2f46772da090 ] Request (TenantUsagesTestJSON:setUpClass): 200 GET http://10.180.1.21/compute/v2.1/servers/5496ee2e-c062-4122-94ad-636d993287e4 0.242s
2025-04-22 14:56:26.808 71126 INFO tempest.lib.common.rest_client [req-999de43b-d33a-4dc8-9101-a7046f41282e req-999de43b-d33a-4dc8-9101-a7046f41282e ] Request (MigrationsAdminTest:test_list_migrations_in_flavor_resize_situation): 200 GET http://10.180.1.21/compute/v2.1/servers/65910f00-90c8-4d6c-9fdd-b215a898890c 0.253s
2025-04-22 14:56:26.810 71128 INFO tempest.lib.common.rest_client [req-b92fe471-0386-4d04-b32c-f71201ae3786 req-b92fe471-0386-4d04-b32c-f71201ae3786 ] Request (ServersTestFqdnHostnames:setUpClass): 201 POST http://10.180.1.21/identity/v3/auth/tokens 0.062s
2025-04-22 14:56:26.832 71102 INFO tempest.lib.common.rest_client [req-aad1befa-f19c-410e-b201-a042459c0356 req-aad1befa-f19c-410e-b201-a042459c0356 ] Request (ServerRescueNegativeTestJSON:setUpClass): 200 GET http://10.180.1.21/compute/v2.1/servers/cb8dd694-5243-4232-a790-8c3081547964 0.262s
2025-04-22 14:56:26.848 71128 INFO tempest.lib.common.rest_client [req-69fa8e5c-309f-46ee-893a-6c1ba951f47d req-69fa8e5c-309f-46ee-893a-6c1ba951f47d ] Request (ServersTestFqdnHostnames:setUpClass): 201 POST http://10.180.1.21/identity/v3/auth/tokens 0.036s
2025-04-22 14:56:26.881 71128 INFO tempest.lib.common.rest_client [req-8ee48067-fe9e-4ca7-b29c-bf76270507a0 req-8ee48067-fe9e-4ca7-b29c-bf76270507a0 ] Request (ServersTestFqdnHostnames:setUpClass): 200 GET http://10.180.1.21/identity/v3/domains?name=Default 0.033s
2025-04-22 14:56:26.891 71106 INFO tempest.lib.common.rest_client [req-826e281c-cbe0-41c2-9dad-b31b9e8a3338 req-826e281c-cbe0-41c2-9dad-b31b9e8a3338 ] Request (ImagesTestJSON:test_create_image_from_stopped_server): 202 POST http://10.180.1.21/compute/v2.1/servers/0bd0a48d-a47f-45fd-ab1d-2baf3d364543/action 0.296s
2025-04-22 14:56:26.895 71152 INFO tempest.lib.common.rest_client [req-d8fbd909-5c60-4cf7-b35c-d1ab79a5d465 req-d8fbd909-5c60-4cf7-b35c-d1ab79a5d465 ] Request (ServersAdminTestJSON:test_inject_network_info): 200 GET http://10.180.1.21/compute/v2.1/servers/6d7fef48-7b7a-4387-8b4f-d566c832979e 0.221s
2025-04-22 14:56:26.918 71128 INFO tempest.lib.common.rest_client [req-4a6389db-a0da-4b91-a05e-2d2d6e901ce8 req-4a6389db-a0da-4b91-a05e-2d2d6e901ce8 ] Request (ServersTestFqdnHostnames:setUpClass): 201 POST http://10.180.1.21/identity/v3/projects 0.036s
2025-04-22 14:56:26.979 71138 INFO tempest.lib.common.rest_client [req-4bf8ff41-001e-444e-9a8b-31d1d3ab286e req-4bf8ff41-001e-444e-9a8b-31d1d3ab286e ] Request (ServersListShow298Test:tearDownClass): 200 GET http://10.180.1.21/compute/v2.1/servers/23908b13-acfd-4013-b73c-94f1dd179b9a 0.202s
2025-04-22 14:56:26.983 71128 INFO tempest.lib.common.rest_client [req-c83b50d4-10f0-48fe-a6ee-9679d28e6813 req-c83b50d4-10f0-48fe-a6ee-9679d28e6813 ] Request (ServersTestFqdnHostnames:setUpClass): 201 POST http://10.180.1.21/identity/v3/users 0.065s
2025-04-22 14:56:27.012 71120 INFO tempest.lib.common.rest_client [req-40a483b6-27f4-44bd-ac48-1fd4e7397b41 req-40a483b6-27f4-44bd-ac48-1fd4e7397b41 ] Request (InstanceActionsV221TestJSON:test_get_list_deleted_instance_actions): 200 GET http://10.180.1.21/compute/v2.1/servers/f01746b5-6833-4612-bb74-91a70b81b610 0.217s
2025-04-22 14:56:27.017 71128 INFO tempest.lib.common.rest_client [req-50b8f1ed-3829-4e3c-a416-a846457695a2 req-50b8f1ed-3829-4e3c-a416-a846457695a2 ] Request (ServersTestFqdnHostnames:setUpClass): 200 GET http://10.180.1.21/identity/v3/roles 0.033s
2025-04-22 14:56:27.039 71098 INFO tempest.lib.common.rest_client [req-b152892f-1f0c-4a2c-81e7-54b556884258 req-b152892f-1f0c-4a2c-81e7-54b556884258 ] Request (ServerActionsTestJSON:setUpClass): 200 GET http://10.180.1.21/compute/v2.1/servers/b4213304-4027-4f7a-aa55-aefe8e2dd019 0.207s
2025-04-22 14:56:27.049 71092 INFO tempest.lib.common.rest_client [req-cd35f019-19b8-4018-94ca-38f30e60fc3c req-cd35f019-19b8-4018-94ca-38f30e60fc3c ] Request (ServersNegativeTestMultiTenantJSON:setUpClass): 200 PUT http://10.180.1.21:9696/networking/v2.0/routers/b004f96f-36bf-464c-afa7-fda3c68403e1/add_router_interface 0.891s
2025-04-22 14:56:27.049 71092 INFO tempest.lib.common.dynamic_creds [-] Created isolated network resources for: credentials: Credentials: {'domain_id': 'default', 'domain_name': 'Default', 'username': 'tempest-ServersNegativeTestMultiTenantJSON-206993685-project-member', 'project_domain_id': 'default', 'project_domain_name': 'Default', 'project_id': 'dcbebd9704d2496b8f0032e6684b82cb', 'project_name': 'tempest-ServersNegativeTestMultiTenantJSON-206993685', 'tenant_id': 'dcbebd9704d2496b8f0032e6684b82cb', 'tenant_name': 'tempest-ServersNegativeTestMultiTenantJSON-206993685', 'user_domain_id': 'default', 'user_domain_name': 'Default', 'user_id': 'e5f75f9f0c414e74a1ae33eb3e379110', 'system': None}, Network: {'id': '996edbd2-aa7b-460e-837c-c083e7bfa984', 'name': 'tempest-ServersNegativeTestMultiTenantJSON-76687463-network', 'tenant_id': 'dcbebd9704d2496b8f0032e6684b82cb', 'admin_state_up': True, 'mtu': 8950, 'status': 'ACTIVE', 'subnets': [], 'shared': False, 'project_id': 'dcbebd9704d2496b8f0032e6684b82cb', 'port_security_enabled': True, 'router:external': False, 'provider:network_type': 'vlan', 'provider:physical_network': 'default', 'provider:segmentation_id': 439, 'availability_zone_hints': [], 'availability_zones': [], 'ipv4_address_scope': None, 'ipv6_address_scope': None, 'description': '', 'tags': [], 'created_at': '2025-04-22T14:56:25Z', 'updated_at': '2025-04-22T14:56:25Z', 'revision_number': 1}, Subnet: {'id': '27394731-7678-4498-a259-7d05a7753155', 'name': 'tempest-ServersNegativeTestMultiTenantJSON-76687463-subnet', 'tenant_id': 'dcbebd9704d2496b8f0032e6684b82cb', 'network_id': '996edbd2-aa7b-460e-837c-c083e7bfa984', 'ip_version': 4, 'subnetpool_id': None, 'enable_dhcp': True, 'ipv6_ra_mode': None, 'ipv6_address_mode': None, 'gateway_ip': '192.168.128.1', 'cidr': '192.168.128.0/28', 'allocation_pools': [{'start': '192.168.128.2', 'end': '192.168.128.14'}], 'host_routes': [], 'dns_nameservers': [], 'description': '', 'router:external': False, 'service_types': [], 'tags': [], 'created_at': '2025-04-22T14:56:25Z', 'updated_at': '2025-04-22T14:56:25Z', 'revision_number': 0, 'project_id': 'dcbebd9704d2496b8f0032e6684b82cb'}, Router: {'id': 'b004f96f-36bf-464c-afa7-fda3c68403e1', 'name': 'tempest-ServersNegativeTestMultiTenantJSON-76687463-router', 'tenant_id': 'dcbebd9704d2496b8f0032e6684b82cb', 'admin_state_up': True, 'status': 'ACTIVE', 'external_gateway_info': {'network_id': 'dbd576a0-3300-491b-aa7b-6196991e9e67', 'external_fixed_ips': [{'subnet_id': 'd0655c1c-e595-4362-ad45-f309260a91bd', 'ip_address': '10.180.180.161'}], 'enable_snat': True}, 'description': '', 'availability_zones': [], 'distributed': False, 'ha': False, 'availability_zone_hints': [], 'routes': [], 'flavor_id': None, 'tags': [], 'created_at': '2025-04-22T14:56:25Z', 'updated_at': '2025-04-22T14:56:25Z', 'revision_number': 2, 'project_id': 'dcbebd9704d2496b8f0032e6684b82cb'}
2025-04-22 14:56:27.054 71128 INFO tempest.lib.common.rest_client [req-74788c36-ac9f-412c-a10c-0b187f1be101 req-74788c36-ac9f-412c-a10c-0b187f1be101 ] Request (ServersTestFqdnHostnames:setUpClass): 204 PUT http://10.180.1.21/identity/v3/projects/ee68413139a84c0c8e01297e48df76b4/users/4fa643ff3a49434d8490bdf316909bcd/roles/7ec785deb6024ec98ec1d19446989589 0.037s
2025-04-22 14:56:27.055 71128 INFO tempest.lib.common.dynamic_creds [-] Dynamic test user 4fa643ff3a49434d8490bdf316909bcd is created with scope project and roles: ['member']
2025-04-22 14:56:27.055 71128 INFO tempest.lib.common.dynamic_creds [-] Acquired dynamic creds: credentials: Credentials: {'domain_id': 'default', 'domain_name': 'Default', 'username': 'tempest-ServersTestFqdnHostnames-964324386-project-member', 'project_domain_id': 'default', 'project_domain_name': 'Default', 'project_id': 'ee68413139a84c0c8e01297e48df76b4', 'project_name': 'tempest-ServersTestFqdnHostnames-964324386', 'tenant_id': 'ee68413139a84c0c8e01297e48df76b4', 'tenant_name': 'tempest-ServersTestFqdnHostnames-964324386', 'user_domain_id': 'default', 'user_domain_name': 'Default', 'user_id': '4fa643ff3a49434d8490bdf316909bcd', 'system': None}, Network: None, Subnet: None, Router: None
2025-04-22 14:56:27.065 71144 INFO tempest.lib.common.rest_client [req-08053c45-a152-4ca7-9e00-4e189a635e13 req-08053c45-a152-4ca7-9e00-4e189a635e13 ] Request (ImagesOneServerTestJSON:setUpClass): 200 GET http://10.180.1.21/compute/v2.1/servers/b3ec055c-6ccf-446b-9ebd-00306eae31df 0.174s
2025-04-22 14:56:27.120 71128 INFO tempest.lib.common.rest_client [req-967d4ee0-15fc-4e80-8419-572de242a360 req-967d4ee0-15fc-4e80-8419-572de242a360 ] Request (ServersTestFqdnHostnames:setUpClass): 201 POST http://10.180.1.21/identity/v3/auth/tokens 0.065s
2025-04-22 14:56:27.126 71092 INFO tempest.lib.common.rest_client [req-1619f356-c417-4ce6-aa78-2fb41efd99bf req-1619f356-c417-4ce6-aa78-2fb41efd99bf ] Request (ServersNegativeTestMultiTenantJSON:setUpClass): 201 POST http://10.180.1.21/identity/v3/auth/tokens 0.075s
2025-04-22 14:56:27.162 71108 INFO tempest.lib.common.rest_client [req-8e80f8fc-25d1-426c-a646-c3ca2d35dd27 req-8e80f8fc-25d1-426c-a646-c3ca2d35dd27 ] Request (ServerGroupTestJSON:_run_cleanups): 200 GET http://10.180.1.21/compute/v2.1/servers/577d55dc-b2fe-4bb2-bdfc-1fcfadb26582 0.213s
2025-04-22 14:56:27.193 71106 INFO tempest.lib.common.rest_client [req-2d63c9ae-18ec-4809-8372-2144b8d8bb6c req-2d63c9ae-18ec-4809-8372-2144b8d8bb6c ] Request (ImagesTestJSON:test_create_image_from_stopped_server): 200 GET http://10.180.1.21/compute/v2.1/servers/0bd0a48d-a47f-45fd-ab1d-2baf3d364543 0.301s
2025-04-22 14:56:27.208 71092 INFO tempest.lib.common.rest_client [req-c5966052-7368-42e4-80b4-113014713ec3 req-c5966052-7368-42e4-80b4-113014713ec3 ] Request (ServersNegativeTestMultiTenantJSON:setUpClass): 201 POST http://10.180.1.21/identity/v3/auth/tokens 0.078s
2025-04-22 14:56:27.208 71092 INFO tempest.lib.common.fixed_network [-] (ServersNegativeTestMultiTenantJSON:setUpClass) Found network {'id': '5e20a162-318f-45ec-86fd-00396973cb86', 'name': 'tempest-ServersNegativeTestMultiTenantJSON-1378027023-network', 'tenant_id': '74bc1b79300042ddac172aecd5a95ad2', 'admin_state_up': True, 'mtu': 8950, 'status': 'ACTIVE', 'subnets': [], 'shared': False, 'project_id': '74bc1b79300042ddac172aecd5a95ad2', 'port_security_enabled': True, 'router:external': False, 'provider:network_type': 'vlan', 'provider:physical_network': 'default', 'provider:segmentation_id': 203, 'availability_zone_hints': [], 'availability_zones': [], 'ipv4_address_scope': None, 'ipv6_address_scope': None, 'description': '', 'tags': [], 'created_at': '2025-04-22T14:56:22Z', 'updated_at': '2025-04-22T14:56:22Z', 'revision_number': 1} available for tenant
2025-04-22 14:56:27.276 71116 INFO tempest.lib.common.rest_client [req-e4b109bf-d60f-4ef1-80ad-eb7f5e3d956c req-e4b109bf-d60f-4ef1-80ad-eb7f5e3d956c ] Request (SecurityGroupsTestJSON:test_server_security_groups): 200 GET http://10.180.1.21/compute/v2.1/servers/81c616b1-fa27-4606-94be-2ba00dbdf11a 0.265s
2025-04-22 14:56:27.278 71124 INFO tempest.lib.common.rest_client [req-30f4b685-fcca-4a64-9d6a-f57d00ef14c9 req-30f4b685-fcca-4a64-9d6a-f57d00ef14c9 ] Request (ServerShowV257Test:tearDownClass): 200 GET http://10.180.1.21/compute/v2.1/servers/b426771b-a300-4275-a93f-2fdff440adfc 0.165s
2025-04-22 14:56:27.346 71150 INFO tempest.lib.common.rest_client [req-ad1842d3-e007-4184-8eeb-44347ffe87ea req-ad1842d3-e007-4184-8eeb-44347ffe87ea ] Request (FloatingIPsAssociationNegativeTestJSON:tearDownClass): 200 GET http://10.180.1.21/compute/v2.1/servers/bba0e3f4-d8ea-4e56-8976-9640fbecc97a 0.155s
2025-04-22 14:56:27.356 71114 INFO tempest.lib.common.rest_client [req-e7c88d20-e6cd-45a4-a8e7-0272b72e0784 req-e7c88d20-e6cd-45a4-a8e7-0272b72e0784 ] Request (ServersListShow2100Test:test_list_show_rebuild_update_server_2100): 200 GET http://10.180.1.21/compute/v2.1/servers/73e3d7de-dfc6-4702-91e4-de5406d02c80 0.231s
2025-04-22 14:56:27.444 71128 INFO tempest.lib.common.rest_client [req-f46f972c-566a-4f5f-86a6-5bf3f4bb8445 req-f46f972c-566a-4f5f-86a6-5bf3f4bb8445 ] Request (ServersTestFqdnHostnames:setUpClass): 201 POST http://10.180.1.21:9696/networking/v2.0/networks 0.324s
2025-04-22 14:56:27.454 71118 INFO tempest.lib.common.rest_client [req-a7308283-3592-4765-9faf-0d37b32f4b22 req-a7308283-3592-4765-9faf-0d37b32f4b22 ] Request (ServerShowV254Test:tearDownClass): 200 GET http://10.180.1.21/compute/v2.1/servers/3274fedf-b803-4222-b0b7-754cc842f55e 0.180s
2025-04-22 14:56:27.541 71096 INFO tempest.lib.common.rest_client [req-8ba9c0b4-de26-45ea-b982-6c05b5508371 req-8ba9c0b4-de26-45ea-b982-6c05b5508371 ] Request (ServersListShow296Test:tearDownClass): 200 GET http://10.180.1.21/compute/v2.1/servers/ee4f74ea-706a-4efe-a7d5-5bff5aaef508 0.256s
2025-04-22 14:56:27.603 71128 INFO tempest.lib.common.rest_client [req-2c3762b0-f874-472d-ad79-ac876e7b3593 req-2c3762b0-f874-472d-ad79-ac876e7b3593 ] Request (ServersTestFqdnHostnames:setUpClass): 201 POST http://10.180.1.21:9696/networking/v2.0/subnets 0.158s
2025-04-22 14:56:27.607 71094 INFO tempest.lib.common.rest_client [req-f9fe1e96-62f2-4ab2-9234-ab5408d9b5ef req-f9fe1e96-62f2-4ab2-9234-ab5408d9b5ef ] Request (DeleteServersAdminTestJSON:test_delete_server_while_in_error_state): 200 GET http://10.180.1.21/compute/v2.1/servers/7e1c9c1c-b83e-47ee-941e-9c2b66443b5e 0.252s
2025-04-22 14:56:27.680 71142 INFO tempest.lib.common.rest_client [req-950790cf-778d-4b5d-a605-874103cf9fc1 req-950790cf-778d-4b5d-a605-874103cf9fc1 ] Request (AttachInterfacesUnderV243Test:_run_cleanups): 200 GET http://10.180.1.21/compute/v2.1/servers/876fb1a2-6f0d-4e88-9a74-cc69f9c1df29 0.325s
2025-04-22 14:56:27.747 71148 INFO tempest.lib.common.rest_client [req-7362b5b3-92d4-47b3-b629-fa60b1f0b05e req-7362b5b3-92d4-47b3-b629-fa60b1f0b05e ] Request (AttachVolumeTestJSON:test_attach_detach_volume): 200 GET http://10.180.1.21/compute/v2.1/servers/ee2e471e-d89c-4c7f-9e18-942d71dfc55a 0.344s
2025-04-22 14:56:27.895 71146 INFO tempest.lib.common.rest_client [req-a9adbe9f-d24a-4388-9d30-aa6922a29ce9 req-a9adbe9f-d24a-4388-9d30-aa6922a29ce9 ] Request (ServersTestJSON:_run_cleanups): 200 GET http://10.180.1.21/compute/v2.1/servers/a0324c35-a135-465e-9bad-b02b7e0996ee 0.385s
2025-04-22 14:56:27.937 71092 INFO tempest.lib.common.rest_client [req-5878e4f6-f8e2-46c9-86b4-0e29d040a336 req-5878e4f6-f8e2-46c9-86b4-0e29d040a336 ] Request (ServersNegativeTestMultiTenantJSON:setUpClass): 202 POST http://10.180.1.21/compute/v2.1/servers 0.728s
2025-04-22 14:56:27.983 71136 INFO tempest.lib.common.rest_client [req-0836859b-7f68-4ddd-82d8-7cd1df54a9f0 req-0836859b-7f68-4ddd-82d8-7cd1df54a9f0 ] Request (ServersAdminNegativeTestJSON:test_migrate_server_invalid_state): 200 GET http://10.180.1.21/compute/v2.1/servers/48b8cd3f-dfdd-4583-a856-f7abe793b0d3 0.390s
2025-04-22 14:56:28.001 71140 INFO tempest.lib.common.rest_client [req-fda70bd9-8fc2-4ed1-b8e0-0ab73087278d req-fda70bd9-8fc2-4ed1-b8e0-0ab73087278d ] Request (AttachVolumeNegativeTest:test_attach_attached_volume_to_different_server): 200 GET http://10.180.1.21/compute/v2.1/servers/49faccb0-7db4-40f0-ab40-cce0d967aae7 0.331s
2025-04-22 14:56:28.011 71140 INFO tempest.common.waiters [-] State transition "BUILD/None" ==> "BUILD/networking" after 47 second wait
2025-04-22 14:56:28.076 71110 INFO tempest.lib.common.rest_client [req-3d8554d6-5541-41c2-9a32-c2515017d090 req-3d8554d6-5541-41c2-9a32-c2515017d090 ] Request (ImagesOneServerNegativeTestJSON:_run_cleanups): 200 GET http://10.180.1.21/compute/v2.1/servers/b2cfe39b-98bd-4914-877d-7339e362c6e5 0.391s
2025-04-22 14:56:28.083 71090 INFO tempest.lib.common.rest_client [req-221ee63f-d701-4bfb-b494-cac72c0b6042 req-221ee63f-d701-4bfb-b494-cac72c0b6042 ] Request (TenantUsagesTestJSON:setUpClass): 200 GET http://10.180.1.21/compute/v2.1/servers/5496ee2e-c062-4122-94ad-636d993287e4 0.329s
2025-04-22 14:56:28.151 71102 INFO tempest.lib.common.rest_client [req-890ca39c-2d4f-4d76-b637-9d2c3348c30e req-890ca39c-2d4f-4d76-b637-9d2c3348c30e ] Request (ServerRescueNegativeTestJSON:setUpClass): 200 GET http://10.180.1.21/compute/v2.1/servers/cb8dd694-5243-4232-a790-8c3081547964 0.306s
2025-04-22 14:56:28.216 71152 INFO tempest.lib.common.rest_client [req-3e84f3b7-ca9a-4034-b891-eace60527978 req-3e84f3b7-ca9a-4034-b891-eace60527978 ] Request (ServersAdminTestJSON:test_inject_network_info): 200 GET http://10.180.1.21/compute/v2.1/servers/6d7fef48-7b7a-4387-8b4f-d566c832979e 0.312s
2025-04-22 14:56:28.226 71152 INFO tempest.common.waiters [-] State transition "BUILD/scheduling" ==> "BUILD/None" after 22 second wait
2025-04-22 14:56:28.241 71126 INFO tempest.lib.common.rest_client [req-86058b36-4645-4d53-a8bf-499ac3ff54a6 req-86058b36-4645-4d53-a8bf-499ac3ff54a6 ] Request (MigrationsAdminTest:test_list_migrations_in_flavor_resize_situation): 200 GET http://10.180.1.21/compute/v2.1/servers/65910f00-90c8-4d6c-9fdd-b215a898890c 0.415s
2025-04-22 14:56:28.254 71126 INFO tempest.common.waiters [-] State transition "RESIZE/resize_migrating" ==> "RESIZE/resize_migrated" after 41 second wait
2025-04-22 14:56:28.272 71092 INFO tempest.lib.common.rest_client [req-cac2bc45-c1c3-4d71-ab90-e33797f8efd5 req-cac2bc45-c1c3-4d71-ab90-e33797f8efd5 ] Request (ServersNegativeTestMultiTenantJSON:setUpClass): 200 GET http://10.180.1.21/compute/v2.1/servers/529bacab-2dd3-4d2a-8a12-96c37f30f346 0.333s
2025-04-22 14:56:28.361 71138 INFO tempest.lib.common.rest_client [req-5d4f35e6-f118-4578-8847-55b0912c6658 req-5d4f35e6-f118-4578-8847-55b0912c6658 ] Request (ServersListShow298Test:tearDownClass): 200 GET http://10.180.1.21/compute/v2.1/servers/23908b13-acfd-4013-b73c-94f1dd179b9a 0.368s
2025-04-22 14:56:28.416 71112 WARNING tempest.lib.common.ssh [-] Failed to establish authenticated ssh connection to cirros@10.180.180.179 ([Errno None] Unable to connect to port 22 on 10.180.180.179). Number attempts: 8. Retry after 9 seconds.: paramiko.ssh_exception.NoValidConnectionsError: [Errno None] Unable to connect to port 22 on 10.180.180.179
2025-04-22 14:56:28.419 71098 INFO tempest.lib.common.rest_client [req-1ad4ce9c-39d8-4227-a2b3-d98b9087f29d req-1ad4ce9c-39d8-4227-a2b3-d98b9087f29d ] Request (ServerActionsTestJSON:setUpClass): 200 GET http://10.180.1.21/compute/v2.1/servers/b4213304-4027-4f7a-aa55-aefe8e2dd019 0.370s
2025-04-22 14:56:28.486 71144 INFO tempest.lib.common.rest_client [req-be54165a-1032-47df-801a-32a4c930c4db req-be54165a-1032-47df-801a-32a4c930c4db ] Request (ImagesOneServerTestJSON:setUpClass): 200 GET http://10.180.1.21/compute/v2.1/servers/b3ec055c-6ccf-446b-9ebd-00306eae31df 0.413s
2025-04-22 14:56:28.493 71128 INFO tempest.lib.common.rest_client [req-4248c910-adbb-4c3f-9c6f-e3551e0f539d req-4248c910-adbb-4c3f-9c6f-e3551e0f539d ] Request (ServersTestFqdnHostnames:setUpClass): 201 POST http://10.180.1.21:9696/networking/v2.0/routers 0.889s
2025-04-22 14:56:28.498 71120 INFO tempest.lib.common.rest_client [req-1261628e-63f0-4eb1-a173-c3d226b9a3c6 req-1261628e-63f0-4eb1-a173-c3d226b9a3c6 ] Request (InstanceActionsV221TestJSON:test_get_list_deleted_instance_actions): 200 GET http://10.180.1.21/compute/v2.1/servers/f01746b5-6833-4612-bb74-91a70b81b610 0.475s
2025-04-22 14:56:28.583 71108 INFO tempest.lib.common.rest_client [req-3b18a234-e344-44d8-8049-249d89848308 req-3b18a234-e344-44d8-8049-249d89848308 ] Request (ServerGroupTestJSON:_run_cleanups): 200 GET http://10.180.1.21/compute/v2.1/servers/577d55dc-b2fe-4bb2-bdfc-1fcfadb26582 0.404s
2025-04-22 14:56:28.673 71116 INFO tempest.lib.common.rest_client [req-af1088ef-a530-433f-89c9-f25ac44d95f3 req-af1088ef-a530-433f-89c9-f25ac44d95f3 ] Request (SecurityGroupsTestJSON:test_server_security_groups): 200 GET http://10.180.1.21/compute/v2.1/servers/81c616b1-fa27-4606-94be-2ba00dbdf11a 0.386s
2025-04-22 14:56:28.699 71106 INFO tempest.lib.common.rest_client [req-121b240b-342a-4d60-ae9e-544015a07b35 req-121b240b-342a-4d60-ae9e-544015a07b35 ] Request (ImagesTestJSON:test_create_image_from_stopped_server): 200 GET http://10.180.1.21/compute/v2.1/servers/0bd0a48d-a47f-45fd-ab1d-2baf3d364543 0.495s
2025-04-22 14:56:28.741 71124 INFO tempest.lib.common.rest_client [req-f1a617ef-0267-42a8-8844-76a30d3c47ef req-f1a617ef-0267-42a8-8844-76a30d3c47ef ] Request (ServerShowV257Test:tearDownClass): 200 GET http://10.180.1.21/compute/v2.1/servers/b426771b-a300-4275-a93f-2fdff440adfc 0.445s
2025-04-22 14:56:28.752 71124 INFO tempest.common.waiters [-] State transition "ACTIVE/deleting" ==> "DELETED/None" after 5 second wait
2025-04-22 14:56:28.770 71150 INFO tempest.lib.common.rest_client [req-b591a92e-d58d-43e7-b637-1c0009d927bd req-b591a92e-d58d-43e7-b637-1c0009d927bd ] Request (FloatingIPsAssociationNegativeTestJSON:tearDownClass): 200 GET http://10.180.1.21/compute/v2.1/servers/bba0e3f4-d8ea-4e56-8976-9640fbecc97a 0.410s
2025-04-22 14:56:28.815 71114 INFO tempest.lib.common.rest_client [req-724a695f-fe0f-439b-b9c9-0dd721463e44 req-724a695f-fe0f-439b-b9c9-0dd721463e44 ] Request (ServersListShow2100Test:test_list_show_rebuild_update_server_2100): 200 GET http://10.180.1.21/compute/v2.1/servers/73e3d7de-dfc6-4702-91e4-de5406d02c80 0.444s
2025-04-22 14:56:28.845 71118 INFO tempest.lib.common.rest_client [req-aa152164-6d44-46dc-9b10-9306abcc0dcc req-aa152164-6d44-46dc-9b10-9306abcc0dcc ] Request (ServerShowV254Test:tearDownClass): 200 GET http://10.180.1.21/compute/v2.1/servers/3274fedf-b803-4222-b0b7-754cc842f55e 0.382s
2025-04-22 14:56:28.886 71096 INFO tempest.lib.common.rest_client [req-7148fac9-f497-461d-be66-c4fed17dbd0b req-7148fac9-f497-461d-be66-c4fed17dbd0b ] Request (ServersListShow296Test:tearDownClass): 200 GET http://10.180.1.21/compute/v2.1/servers/ee4f74ea-706a-4efe-a7d5-5bff5aaef508 0.333s
2025-04-22 14:56:28.906 71094 INFO tempest.lib.common.rest_client [req-01d198f4-1713-4c20-9d6d-82cfb4ce0d7a req-01d198f4-1713-4c20-9d6d-82cfb4ce0d7a ] Request (DeleteServersAdminTestJSON:test_delete_server_while_in_error_state): 200 GET http://10.180.1.21/compute/v2.1/servers/7e1c9c1c-b83e-47ee-941e-9c2b66443b5e 0.291s
2025-04-22 14:56:28.947 71142 INFO tempest.lib.common.rest_client [req-87582897-bdd9-45cb-97fc-c8ee002678b9 req-87582897-bdd9-45cb-97fc-c8ee002678b9 ] Request (AttachInterfacesUnderV243Test:_run_cleanups): 200 GET http://10.180.1.21/compute/v2.1/servers/876fb1a2-6f0d-4e88-9a74-cc69f9c1df29 0.258s
2025-04-22 14:56:29.006 71148 INFO tempest.lib.common.rest_client [req-dd45aad7-5100-4edc-83b7-8b47272c3062 req-dd45aad7-5100-4edc-83b7-8b47272c3062 ] Request (AttachVolumeTestJSON:test_attach_detach_volume): 200 GET http://10.180.1.21/compute/v2.1/servers/ee2e471e-d89c-4c7f-9e18-942d71dfc55a 0.250s
2025-04-22 14:56:29.013 71146 INFO tempest.lib.common.rest_client [req-4d1b7c06-ffea-411d-8d87-8272d29a6265 req-4d1b7c06-ffea-411d-8d87-8272d29a6265 ] Request (ServersTestJSON:_run_cleanups): 200 GET http://10.180.1.21/compute/v2.1/servers/a0324c35-a135-465e-9bad-b02b7e0996ee 0.101s
2025-04-22 14:56:29.064 71136 INFO tempest.lib.common.rest_client [req-c35c6337-5b77-4e39-b2d3-58e1cb9ca354 req-c35c6337-5b77-4e39-b2d3-58e1cb9ca354 ] Request (ServersAdminNegativeTestJSON:test_migrate_server_invalid_state): 200 GET http://10.180.1.21/compute/v2.1/servers/48b8cd3f-dfdd-4583-a856-f7abe793b0d3 0.073s
2025-04-22 14:56:29.150 71140 INFO tempest.lib.common.rest_client [req-8d2a5a32-d58b-4d79-b359-1063a734a6f8 req-8d2a5a32-d58b-4d79-b359-1063a734a6f8 ] Request (AttachVolumeNegativeTest:test_attach_attached_volume_to_different_server): 200 GET http://10.180.1.21/compute/v2.1/servers/49faccb0-7db4-40f0-ab40-cce0d967aae7 0.137s
2025-04-22 14:56:29.159 71140 INFO tempest.common.waiters [-] State transition "BUILD/networking" ==> "BUILD/spawning" after 48 second wait
2025-04-22 14:56:29.161 71110 INFO tempest.lib.common.rest_client [req-962bc73b-5be0-4306-9b44-4172995aae38 req-962bc73b-5be0-4306-9b44-4172995aae38 ] Request (ImagesOneServerNegativeTestJSON:_run_cleanups): 200 GET http://10.180.1.21/compute/v2.1/servers/b2cfe39b-98bd-4914-877d-7339e362c6e5 0.073s
2025-04-22 14:56:29.234 71090 INFO tempest.lib.common.rest_client [req-895d9a1b-6812-45d1-be41-5da075bb7350 req-895d9a1b-6812-45d1-be41-5da075bb7350 ] Request (TenantUsagesTestJSON:setUpClass): 200 GET http://10.180.1.21/compute/v2.1/servers/5496ee2e-c062-4122-94ad-636d993287e4 0.142s
2025-04-22 14:56:29.246 71102 INFO tempest.lib.common.rest_client [req-4f4c79cb-2235-4061-8962-f28e78fce12d req-4f4c79cb-2235-4061-8962-f28e78fce12d ] Request (ServerRescueNegativeTestJSON:setUpClass): 200 GET http://10.180.1.21/compute/v2.1/servers/cb8dd694-5243-4232-a790-8c3081547964 0.082s
2025-04-22 14:56:29.302 71152 INFO tempest.lib.common.rest_client [req-b4820eed-cd50-4e62-86e0-b60eaec4e11d req-b4820eed-cd50-4e62-86e0-b60eaec4e11d ] Request (ServersAdminTestJSON:test_inject_network_info): 200 GET http://10.180.1.21/compute/v2.1/servers/6d7fef48-7b7a-4387-8b4f-d566c832979e 0.075s
2025-04-22 14:56:29.382 71092 INFO tempest.lib.common.rest_client [req-8aa1f161-55a7-421b-8516-2da5d7b858b2 req-8aa1f161-55a7-421b-8516-2da5d7b858b2 ] Request (ServersNegativeTestMultiTenantJSON:setUpClass): 200 GET http://10.180.1.21/compute/v2.1/servers/529bacab-2dd3-4d2a-8a12-96c37f30f346 0.096s
2025-04-22 14:56:29.417 71126 INFO tempest.lib.common.rest_client [req-d62edf73-12b4-4af7-b21f-ec6373c267f5 req-d62edf73-12b4-4af7-b21f-ec6373c267f5 ] Request (MigrationsAdminTest:test_list_migrations_in_flavor_resize_situation): 200 GET http://10.180.1.21/compute/v2.1/servers/65910f00-90c8-4d6c-9fdd-b215a898890c 0.162s
2025-04-22 14:56:29.476 71138 INFO tempest.lib.common.rest_client [req-f3948629-b33b-4d23-8c74-bffe712d052e req-f3948629-b33b-4d23-8c74-bffe712d052e ] Request (ServersListShow298Test:tearDownClass): 200 GET http://10.180.1.21/compute/v2.1/servers/23908b13-acfd-4013-b73c-94f1dd179b9a 0.101s
2025-04-22 14:56:29.510 71098 INFO tempest.lib.common.rest_client [req-0e7ed319-2eb9-4063-934e-5a647f4e232b req-0e7ed319-2eb9-4063-934e-5a647f4e232b ] Request (ServerActionsTestJSON:setUpClass): 200 GET http://10.180.1.21/compute/v2.1/servers/b4213304-4027-4f7a-aa55-aefe8e2dd019 0.080s
2025-04-22 14:56:29.594 71144 INFO tempest.lib.common.rest_client [req-e879b89d-8ffb-4497-9152-fb6eb8c98d35 req-e879b89d-8ffb-4497-9152-fb6eb8c98d35 ] Request (ImagesOneServerTestJSON:setUpClass): 200 GET http://10.180.1.21/compute/v2.1/servers/b3ec055c-6ccf-446b-9ebd-00306eae31df 0.094s
2025-04-22 14:56:29.653 71108 INFO tempest.lib.common.rest_client [req-f31f4681-6dc3-4689-9d27-f692e632b62d req-f31f4681-6dc3-4689-9d27-f692e632b62d ] Request (ServerGroupTestJSON:_run_cleanups): 200 GET http://10.180.1.21/compute/v2.1/servers/577d55dc-b2fe-4bb2-bdfc-1fcfadb26582 0.059s
2025-04-22 14:56:29.672 71120 INFO tempest.lib.common.rest_client [req-7e767c41-1f79-4bbd-9872-d328f74abb0f req-7e767c41-1f79-4bbd-9872-d328f74abb0f ] Request (InstanceActionsV221TestJSON:test_get_list_deleted_instance_actions): 200 GET http://10.180.1.21/compute/v2.1/servers/f01746b5-6833-4612-bb74-91a70b81b610 0.160s
2025-04-22 14:56:29.734 71116 INFO tempest.lib.common.rest_client [req-cb00de42-3c79-46d0-bab1-103e7203bb76 req-cb00de42-3c79-46d0-bab1-103e7203bb76 ] Request (SecurityGroupsTestJSON:test_server_security_groups): 200 GET http://10.180.1.21/compute/v2.1/servers/81c616b1-fa27-4606-94be-2ba00dbdf11a 0.054s
2025-04-22 14:56:29.825 71124 INFO tempest.lib.common.rest_client [req-3085bfb1-c5f4-447e-8f87-d9062911a79d req-3085bfb1-c5f4-447e-8f87-d9062911a79d ] Request (ServerShowV257Test:tearDownClass): 200 GET http://10.180.1.21/compute/v2.1/servers/b426771b-a300-4275-a93f-2fdff440adfc 0.072s
2025-04-22 14:56:29.838 71106 INFO tempest.lib.common.rest_client [req-bd4ea6d2-8c5a-4ca1-93d7-85b6140ceed7 req-bd4ea6d2-8c5a-4ca1-93d7-85b6140ceed7 ] Request (ImagesTestJSON:test_create_image_from_stopped_server): 200 GET http://10.180.1.21/compute/v2.1/servers/0bd0a48d-a47f-45fd-ab1d-2baf3d364543 0.126s
2025-04-22 14:56:29.847 71150 INFO tempest.lib.common.rest_client [req-8e4d2225-0055-4e64-bb0c-1dbda17c32ce req-8e4d2225-0055-4e64-bb0c-1dbda17c32ce ] Request (FloatingIPsAssociationNegativeTestJSON:tearDownClass): 404 GET http://10.180.1.21/compute/v2.1/servers/bba0e3f4-d8ea-4e56-8976-9640fbecc97a 0.069s
2025-04-22 14:56:29.848 71106 INFO tempest.common.waiters [-] State transition "ACTIVE/powering-off" ==> "SHUTOFF/None" after 2 second wait
2025-04-22 14:56:29.889 71122 WARNING tempest.lib.common.ssh [-] Failed to establish authenticated ssh connection to cirros@10.180.180.216 ([Errno None] Unable to connect to port 22 on 10.180.180.216). Number attempts: 5. Retry after 6 seconds.: paramiko.ssh_exception.NoValidConnectionsError: [Errno None] Unable to connect to port 22 on 10.180.180.216
2025-04-22 14:56:30.146 71114 INFO tempest.lib.common.rest_client [req-43d968bd-dff5-4e84-a925-9343f06fc985 req-43d968bd-dff5-4e84-a925-9343f06fc985 ] Request (ServersListShow2100Test:test_list_show_rebuild_update_server_2100): 200 GET http://10.180.1.21/compute/v2.1/servers/73e3d7de-dfc6-4702-91e4-de5406d02c80 0.315s
2025-04-22 14:56:30.187 71128 INFO tempest.lib.common.rest_client [req-9fed1eed-9f0f-4f9b-ba58-4ba876694d2e req-9fed1eed-9f0f-4f9b-ba58-4ba876694d2e ] Request (ServersTestFqdnHostnames:setUpClass): 200 PUT http://10.180.1.21:9696/networking/v2.0/routers/52048e9e-e168-432f-abff-170838fdaa6e/add_router_interface 1.694s
2025-04-22 14:56:30.187 71128 INFO tempest.lib.common.dynamic_creds [-] Created isolated network resources for: credentials: Credentials: {'domain_id': 'default', 'domain_name': 'Default', 'username': 'tempest-ServersTestFqdnHostnames-964324386-project-member', 'project_domain_id': 'default', 'project_domain_name': 'Default', 'project_id': 'ee68413139a84c0c8e01297e48df76b4', 'project_name': 'tempest-ServersTestFqdnHostnames-964324386', 'tenant_id': 'ee68413139a84c0c8e01297e48df76b4', 'tenant_name': 'tempest-ServersTestFqdnHostnames-964324386', 'user_domain_id': 'default', 'user_domain_name': 'Default', 'user_id': '4fa643ff3a49434d8490bdf316909bcd', 'system': None}, Network: {'id': 'a0e63ed9-b03c-4b0a-8b77-43a0a40f037f', 'name': 'tempest-ServersTestFqdnHostnames-1834956587-network', 'tenant_id': 'ee68413139a84c0c8e01297e48df76b4', 'admin_state_up': True, 'mtu': 8950, 'status': 'ACTIVE', 'subnets': [], 'shared': False, 'project_id': 'ee68413139a84c0c8e01297e48df76b4', 'port_security_enabled': True, 'router:external': False, 'provider:network_type': 'vlan', 'provider:physical_network': 'default', 'provider:segmentation_id': 676, 'availability_zone_hints': [], 'availability_zones': [], 'ipv4_address_scope': None, 'ipv6_address_scope': None, 'description': '', 'tags': [], 'created_at': '2025-04-22T14:56:27Z', 'updated_at': '2025-04-22T14:56:27Z', 'revision_number': 1}, Subnet: {'id': 'a4c37110-dd81-4df4-a98c-a0702c8f45a7', 'name': 'tempest-ServersTestFqdnHostnames-1834956587-subnet', 'tenant_id': 'ee68413139a84c0c8e01297e48df76b4', 'network_id': 'a0e63ed9-b03c-4b0a-8b77-43a0a40f037f', 'ip_version': 4, 'subnetpool_id': None, 'enable_dhcp': True, 'ipv6_ra_mode': None, 'ipv6_address_mode': None, 'gateway_ip': '192.168.128.1', 'cidr': '192.168.128.0/28', 'allocation_pools': [{'start': '192.168.128.2', 'end': '192.168.128.14'}], 'host_routes': [], 'dns_nameservers': [], 'description': '', 'router:external': False, 'service_types': [], 'tags': [], 'created_at': '2025-04-22T14:56:27Z', 'updated_at': '2025-04-22T14:56:27Z', 'revision_number': 0, 'project_id': 'ee68413139a84c0c8e01297e48df76b4'}, Router: {'id': '52048e9e-e168-432f-abff-170838fdaa6e', 'name': 'tempest-ServersTestFqdnHostnames-1834956587-router', 'tenant_id': 'ee68413139a84c0c8e01297e48df76b4', 'admin_state_up': True, 'status': 'ACTIVE', 'external_gateway_info': {'network_id': 'dbd576a0-3300-491b-aa7b-6196991e9e67', 'external_fixed_ips': [{'subnet_id': 'd0655c1c-e595-4362-ad45-f309260a91bd', 'ip_address': '10.180.180.222'}], 'enable_snat': True}, 'description': '', 'availability_zones': [], 'distributed': False, 'ha': False, 'availability_zone_hints': [], 'routes': [], 'flavor_id': None, 'tags': [], 'created_at': '2025-04-22T14:56:27Z', 'updated_at': '2025-04-22T14:56:28Z', 'revision_number': 2, 'project_id': 'ee68413139a84c0c8e01297e48df76b4'}
2025-04-22 14:56:30.242 71118 INFO tempest.lib.common.rest_client [req-aa52b455-27b8-4288-b7cb-a5d3f729b4a4 req-aa52b455-27b8-4288-b7cb-a5d3f729b4a4 ] Request (ServerShowV254Test:tearDownClass): 200 GET http://10.180.1.21/compute/v2.1/servers/3274fedf-b803-4222-b0b7-754cc842f55e 0.383s
2025-04-22 14:56:30.295 71128 INFO tempest.lib.common.rest_client [req-e6e41a2b-3141-44c1-8115-a64868d1dc4a req-e6e41a2b-3141-44c1-8115-a64868d1dc4a ] Request (ServersTestFqdnHostnames:setUpClass): 201 POST http://10.180.1.21/identity/v3/auth/tokens 0.103s
2025-04-22 14:56:30.381 71106 INFO tempest.lib.common.rest_client [req-29751b00-3868-4179-b6ee-2e21dc5d64e1 req-29751b00-3868-4179-b6ee-2e21dc5d64e1 ] Request (ImagesTestJSON:test_create_image_from_stopped_server): 202 POST http://10.180.1.21/compute/v2.1/servers/0bd0a48d-a47f-45fd-ab1d-2baf3d364543/action 0.533s
2025-04-22 14:56:30.456 71094 INFO tempest.lib.common.rest_client [req-6dcabd2f-c58c-45c0-86bf-e6507cecfb0c req-6dcabd2f-c58c-45c0-86bf-e6507cecfb0c ] Request (DeleteServersAdminTestJSON:test_delete_server_while_in_error_state): 200 GET http://10.180.1.21/compute/v2.1/servers/7e1c9c1c-b83e-47ee-941e-9c2b66443b5e 0.541s
2025-04-22 14:56:30.551 71142 INFO tempest.lib.common.rest_client [req-dd80b717-15da-4521-9dc1-43bb8a14fa94 req-dd80b717-15da-4521-9dc1-43bb8a14fa94 ] Request (AttachInterfacesUnderV243Test:_run_cleanups): 200 GET http://10.180.1.21/compute/v2.1/servers/876fb1a2-6f0d-4e88-9a74-cc69f9c1df29 0.592s
2025-04-22 14:56:30.557 71096 INFO tempest.lib.common.rest_client [req-3fcb535b-e876-4ee9-b563-48dd0b8e3a6b req-3fcb535b-e876-4ee9-b563-48dd0b8e3a6b ] Request (ServersListShow296Test:tearDownClass): 200 GET http://10.180.1.21/compute/v2.1/servers/ee4f74ea-706a-4efe-a7d5-5bff5aaef508 0.661s
2025-04-22 14:56:30.622 71148 INFO tempest.lib.common.rest_client [req-d2f9daa7-b484-4e77-918a-530f0ccfdc31 req-d2f9daa7-b484-4e77-918a-530f0ccfdc31 ] Request (AttachVolumeTestJSON:test_attach_detach_volume): 200 GET http://10.180.1.21/compute/v2.1/servers/ee2e471e-d89c-4c7f-9e18-942d71dfc55a 0.605s
2025-04-22 14:56:30.636 71146 INFO tempest.lib.common.rest_client [req-cdcc5c0b-c406-4957-84a2-f741accfa6b1 req-cdcc5c0b-c406-4957-84a2-f741accfa6b1 ] Request (ServersTestJSON:_run_cleanups): 200 GET http://10.180.1.21/compute/v2.1/servers/a0324c35-a135-465e-9bad-b02b7e0996ee 0.615s
2025-04-22 14:56:30.645 71146 INFO tempest.common.waiters [-] State transition "ACTIVE/deleting" ==> "DELETED/None" after 4 second wait
2025-04-22 14:56:30.700 71136 INFO tempest.lib.common.rest_client [req-155c8f52-ebbc-42ae-81a5-0f593032a97c req-155c8f52-ebbc-42ae-81a5-0f593032a97c ] Request (ServersAdminNegativeTestJSON:test_migrate_server_invalid_state): 200 GET http://10.180.1.21/compute/v2.1/servers/48b8cd3f-dfdd-4583-a856-f7abe793b0d3 0.625s
2025-04-22 14:56:30.765 71110 INFO tempest.lib.common.rest_client [req-abad3bb2-9d47-497f-a16a-265070a28ba3 req-abad3bb2-9d47-497f-a16a-265070a28ba3 ] Request (ImagesOneServerNegativeTestJSON:_run_cleanups): 200 GET http://10.180.1.21/compute/v2.1/servers/b2cfe39b-98bd-4914-877d-7339e362c6e5 0.593s
2025-04-22 14:56:30.785 71140 INFO tempest.lib.common.rest_client [req-e3b6606c-71ae-4c27-8151-c9cbb09d92ef req-e3b6606c-71ae-4c27-8151-c9cbb09d92ef ] Request (AttachVolumeNegativeTest:test_attach_attached_volume_to_different_server): 200 GET http://10.180.1.21/compute/v2.1/servers/49faccb0-7db4-40f0-ab40-cce0d967aae7 0.624s
2025-04-22 14:56:30.815 71090 INFO tempest.lib.common.rest_client [req-82653be9-c363-49a3-8315-df06ac99f1d5 req-82653be9-c363-49a3-8315-df06ac99f1d5 ] Request (TenantUsagesTestJSON:setUpClass): 200 GET http://10.180.1.21/compute/v2.1/servers/5496ee2e-c062-4122-94ad-636d993287e4 0.569s
2025-04-22 14:56:30.846 71102 INFO tempest.lib.common.rest_client [req-a981d522-7fcd-4596-83b1-3b1145002aa9 req-a981d522-7fcd-4596-83b1-3b1145002aa9 ] Request (ServerRescueNegativeTestJSON:setUpClass): 200 GET http://10.180.1.21/compute/v2.1/servers/cb8dd694-5243-4232-a790-8c3081547964 0.589s
2025-04-22 14:56:30.886 71128 INFO tempest.lib.common.rest_client [req-472cc13a-55c8-41a3-af8c-587fb127b7bd req-472cc13a-55c8-41a3-af8c-587fb127b7bd ] Request (ServersTestFqdnHostnames:test_create_server_with_fqdn_name): 200 POST http://10.180.1.21/compute/v2.1/os-keypairs 0.587s
2025-04-22 14:56:30.898 71152 INFO tempest.lib.common.rest_client [req-30254c04-74f2-4534-8cc9-d01d4b04f42d req-30254c04-74f2-4534-8cc9-d01d4b04f42d ] Request (ServersAdminTestJSON:test_inject_network_info): 200 GET http://10.180.1.21/compute/v2.1/servers/6d7fef48-7b7a-4387-8b4f-d566c832979e 0.588s
2025-04-22 14:56:30.922 71106 INFO tempest.lib.common.rest_client [req-092d3fa1-6984-42da-836b-32e52f37cad6 req-092d3fa1-6984-42da-836b-32e52f37cad6 ] Request (ImagesTestJSON:test_create_image_from_stopped_server): 200 GET http://10.180.1.21/compute/v2.1/images/c0bc3248-bd5e-4ea6-b0d2-3f680e17eb95 0.539s
2025-04-22 14:56:30.953 71092 INFO tempest.lib.common.rest_client [req-96931143-a393-429e-ba97-64064adad8e8 req-96931143-a393-429e-ba97-64064adad8e8 ] Request (ServersNegativeTestMultiTenantJSON:setUpClass): 200 GET http://10.180.1.21/compute/v2.1/servers/529bacab-2dd3-4d2a-8a12-96c37f30f346 0.561s
2025-04-22 14:56:30.995 71128 INFO tempest.lib.common.rest_client [req-1eaa29ae-276d-4b1b-b10a-5bf4f90d6521 req-1eaa29ae-276d-4b1b-b10a-5bf4f90d6521 ] Request (ServersTestFqdnHostnames:test_create_server_with_fqdn_name): 201 POST http://10.180.1.21:9696/networking/v2.0/security-groups 0.107s
2025-04-22 14:56:31.043 71138 INFO tempest.lib.common.rest_client [req-9260426f-4cd5-4d90-a2d2-d3d83d339e21 req-9260426f-4cd5-4d90-a2d2-d3d83d339e21 ] Request (ServersListShow298Test:tearDownClass): 200 GET http://10.180.1.21/compute/v2.1/servers/23908b13-acfd-4013-b73c-94f1dd179b9a 0.549s
2025-04-22 14:56:31.087 71128 INFO tempest.lib.common.rest_client [req-41caba34-e4bb-4be6-8ed0-5550a65fc605 req-41caba34-e4bb-4be6-8ed0-5550a65fc605 ] Request (ServersTestFqdnHostnames:test_create_server_with_fqdn_name): 201 POST http://10.180.1.21:9696/networking/v2.0/security-group-rules 0.092s
2025-04-22 14:56:31.112 71098 INFO tempest.lib.common.rest_client [req-b626665e-f97e-43ed-8960-93543ffbb8b6 req-b626665e-f97e-43ed-8960-93543ffbb8b6 ] Request (ServerActionsTestJSON:setUpClass): 200 GET http://10.180.1.21/compute/v2.1/servers/b4213304-4027-4f7a-aa55-aefe8e2dd019 0.592s
2025-04-22 14:56:31.177 71126 INFO tempest.lib.common.rest_client [req-c0260d22-ced1-4a37-83b8-8305d3664ec0 req-c0260d22-ced1-4a37-83b8-8305d3664ec0 ] Request (MigrationsAdminTest:test_list_migrations_in_flavor_resize_situation): 200 GET http://10.180.1.21/compute/v2.1/servers/65910f00-90c8-4d6c-9fdd-b215a898890c 0.751s
2025-04-22 14:56:31.178 71128 INFO tempest.lib.common.rest_client [req-642ac44a-b71c-4ec8-9cdf-611a3f534483 req-642ac44a-b71c-4ec8-9cdf-611a3f534483 ] Request (ServersTestFqdnHostnames:test_create_server_with_fqdn_name): 201 POST http://10.180.1.21:9696/networking/v2.0/security-group-rules 0.090s
2025-04-22 14:56:31.188 71126 INFO tempest.common.waiters [-] State transition "RESIZE/resize_migrated" ==> "RESIZE/resize_finish" after 44 second wait
2025-04-22 14:56:31.190 71144 INFO tempest.lib.common.rest_client [req-6a175503-cc19-4096-abca-a2fdda542bbf req-6a175503-cc19-4096-abca-a2fdda542bbf ] Request (ImagesOneServerTestJSON:setUpClass): 200 GET http://10.180.1.21/compute/v2.1/servers/b3ec055c-6ccf-446b-9ebd-00306eae31df 0.587s
2025-04-22 14:56:31.283 71108 INFO tempest.lib.common.rest_client [req-22a5968b-ef0c-4900-83c5-b76867c176eb req-22a5968b-ef0c-4900-83c5-b76867c176eb ] Request (ServerGroupTestJSON:_run_cleanups): 200 GET http://10.180.1.21/compute/v2.1/servers/577d55dc-b2fe-4bb2-bdfc-1fcfadb26582 0.618s
2025-04-22 14:56:31.337 71150 INFO tempest.lib.common.rest_client [req-4191aec1-fc1c-4133-b127-da3756cce160 req-4191aec1-fc1c-4133-b127-da3756cce160 ] Request (FloatingIPsAssociationNegativeTestJSON:tearDownClass): 200 PUT http://10.180.1.21:9696/networking/v2.0/routers/741c81d6-465c-451e-b998-87ab53f619fe/remove_router_interface 1.490s
2025-04-22 14:56:31.343 71116 INFO tempest.lib.common.rest_client [req-71abde1d-7c5c-497d-a075-729fd2adb6de req-71abde1d-7c5c-497d-a075-729fd2adb6de ] Request (SecurityGroupsTestJSON:test_server_security_groups): 200 GET http://10.180.1.21/compute/v2.1/servers/81c616b1-fa27-4606-94be-2ba00dbdf11a 0.601s
2025-04-22 14:56:31.353 71120 INFO tempest.lib.common.rest_client [req-1ed703d3-b45b-400d-b07f-c264024f18d1 req-1ed703d3-b45b-400d-b07f-c264024f18d1 ] Request (InstanceActionsV221TestJSON:test_get_list_deleted_instance_actions): 200 GET http://10.180.1.21/compute/v2.1/servers/f01746b5-6833-4612-bb74-91a70b81b610 0.671s
2025-04-22 14:56:31.424 71124 INFO tempest.lib.common.rest_client [req-6c0eeac3-31a3-47d4-9f64-b9f1aff48382 req-6c0eeac3-31a3-47d4-9f64-b9f1aff48382 ] Request (ServerShowV257Test:tearDownClass): 200 GET http://10.180.1.21/compute/v2.1/servers/b426771b-a300-4275-a93f-2fdff440adfc 0.584s
2025-04-22 14:56:31.447 71114 INFO tempest.lib.common.rest_client [req-b98c2af5-8524-412f-aa4c-9ef05d23459c req-b98c2af5-8524-412f-aa4c-9ef05d23459c ] Request (ServersListShow2100Test:test_list_show_rebuild_update_server_2100): 200 GET http://10.180.1.21/compute/v2.1/servers/73e3d7de-dfc6-4702-91e4-de5406d02c80 0.284s
2025-04-22 14:56:31.495 71118 INFO tempest.lib.common.rest_client [req-30822aef-ad59-44a7-affb-5653ba882923 req-30822aef-ad59-44a7-affb-5653ba882923 ] Request (ServerShowV254Test:tearDownClass): 200 GET http://10.180.1.21/compute/v2.1/servers/3274fedf-b803-4222-b0b7-754cc842f55e 0.241s
2025-04-22 14:56:31.539 71094 INFO tempest.lib.common.rest_client [req-efb73af7-56d1-4e87-b15f-16ed851af61e req-efb73af7-56d1-4e87-b15f-16ed851af61e ] Request (DeleteServersAdminTestJSON:test_delete_server_while_in_error_state): 200 GET http://10.180.1.21/compute/v2.1/servers/7e1c9c1c-b83e-47ee-941e-9c2b66443b5e 0.074s
2025-04-22 14:56:31.628 71142 INFO tempest.lib.common.rest_client [req-fa2372ca-8dd3-4ca5-9a7b-f30ce1e97fd8 req-fa2372ca-8dd3-4ca5-9a7b-f30ce1e97fd8 ] Request (AttachInterfacesUnderV243Test:_run_cleanups): 200 GET http://10.180.1.21/compute/v2.1/servers/876fb1a2-6f0d-4e88-9a74-cc69f9c1df29 0.069s
2025-04-22 14:56:31.662 71096 INFO tempest.lib.common.rest_client [req-d6563541-ec09-4b5a-b730-162a88548e05 req-d6563541-ec09-4b5a-b730-162a88548e05 ] Request (ServersListShow296Test:tearDownClass): 200 GET http://10.180.1.21/compute/v2.1/servers/ee4f74ea-706a-4efe-a7d5-5bff5aaef508 0.093s
2025-04-22 14:56:31.689 71148 INFO tempest.lib.common.rest_client [req-33e7821f-35a8-4a39-b714-a723f1e6b766 req-33e7821f-35a8-4a39-b714-a723f1e6b766 ] Request (AttachVolumeTestJSON:test_attach_detach_volume): 200 GET http://10.180.1.21/compute/v2.1/servers/ee2e471e-d89c-4c7f-9e18-942d71dfc55a 0.056s
2025-04-22 14:56:31.725 71146 INFO tempest.lib.common.rest_client [req-31c04209-1590-47bd-9443-d31c9480f217 req-31c04209-1590-47bd-9443-d31c9480f217 ] Request (ServersTestJSON:_run_cleanups): 200 GET http://10.180.1.21/compute/v2.1/servers/a0324c35-a135-465e-9bad-b02b7e0996ee 0.078s
2025-04-22 14:56:31.746 71128 INFO tempest.lib.common.rest_client [req-6476d67e-a59f-4fc5-ac0b-6709bae9568b req-6476d67e-a59f-4fc5-ac0b-6709bae9568b ] Request (ServersTestFqdnHostnames:test_create_server_with_fqdn_name): 201 POST http://10.180.1.21:9696/networking/v2.0/floatingips 0.567s
2025-04-22 14:56:31.786 71136 INFO tempest.lib.common.rest_client [req-73456a04-9511-437f-b699-fa1993a19826 req-73456a04-9511-437f-b699-fa1993a19826 ] Request (ServersAdminNegativeTestJSON:test_migrate_server_invalid_state): 200 GET http://10.180.1.21/compute/v2.1/servers/48b8cd3f-dfdd-4583-a856-f7abe793b0d3 0.077s
2025-04-22 14:56:31.794 71128 INFO tempest.lib.common.rest_client [req-ceb7ffe8-3303-4d74-8b96-2b1b72efee15 req-ceb7ffe8-3303-4d74-8b96-2b1b72efee15 ] Request (ServersTestFqdnHostnames:test_create_server_with_fqdn_name): 201 POST http://10.180.1.21/identity/v3/auth/tokens 0.044s
2025-04-22 14:56:31.794 71128 INFO tempest.lib.common.fixed_network [-] (ServersTestFqdnHostnames:test_create_server_with_fqdn_name) Found network {'id': 'a0e63ed9-b03c-4b0a-8b77-43a0a40f037f', 'name': 'tempest-ServersTestFqdnHostnames-1834956587-network', 'tenant_id': 'ee68413139a84c0c8e01297e48df76b4', 'admin_state_up': True, 'mtu': 8950, 'status': 'ACTIVE', 'subnets': [], 'shared': False, 'project_id': 'ee68413139a84c0c8e01297e48df76b4', 'port_security_enabled': True, 'router:external': False, 'provider:network_type': 'vlan', 'provider:physical_network': 'default', 'provider:segmentation_id': 676, 'availability_zone_hints': [], 'availability_zones': [], 'ipv4_address_scope': None, 'ipv6_address_scope': None, 'description': '', 'tags': [], 'created_at': '2025-04-22T14:56:27Z', 'updated_at': '2025-04-22T14:56:27Z', 'revision_number': 1} available for tenant
2025-04-22 14:56:31.846 71110 INFO tempest.lib.common.rest_client [req-0a0171fd-c8c0-4277-9d6b-1746266bcb7b req-0a0171fd-c8c0-4277-9d6b-1746266bcb7b ] Request (ImagesOneServerNegativeTestJSON:_run_cleanups): 200 GET http://10.180.1.21/compute/v2.1/servers/b2cfe39b-98bd-4914-877d-7339e362c6e5 0.072s
2025-04-22 14:56:31.993 71140 INFO tempest.lib.common.rest_client [req-5363d619-b856-428d-848e-0f5f15fb6cf4 req-5363d619-b856-428d-848e-0f5f15fb6cf4 ] Request (AttachVolumeNegativeTest:test_attach_attached_volume_to_different_server): 200 GET http://10.180.1.21/compute/v2.1/servers/49faccb0-7db4-40f0-ab40-cce0d967aae7 0.194s
2025-04-22 14:56:32.046 71090 INFO tempest.lib.common.rest_client [req-ebb2dedc-c48d-4be8-8ff3-ee7f15c654cd req-ebb2dedc-c48d-4be8-8ff3-ee7f15c654cd ] Request (TenantUsagesTestJSON:setUpClass): 200 GET http://10.180.1.21/compute/v2.1/servers/5496ee2e-c062-4122-94ad-636d993287e4 0.220s
2025-04-22 14:56:32.058 71150 INFO tempest.lib.common.rest_client [req-7ae049c2-4bff-46f8-a975-9cd644f8f6d2 req-7ae049c2-4bff-46f8-a975-9cd644f8f6d2 ] Request (FloatingIPsAssociationNegativeTestJSON:tearDownClass): 204 DELETE http://10.180.1.21:9696/networking/v2.0/routers/741c81d6-465c-451e-b998-87ab53f619fe 0.720s
2025-04-22 14:56:32.101 71102 INFO tempest.lib.common.rest_client [req-c4a17955-8be6-410a-900f-2775b2285f78 req-c4a17955-8be6-410a-900f-2775b2285f78 ] Request (ServerRescueNegativeTestJSON:setUpClass): 200 GET http://10.180.1.21/compute/v2.1/servers/cb8dd694-5243-4232-a790-8c3081547964 0.246s
2025-04-22 14:56:32.157 71152 INFO tempest.lib.common.rest_client [req-ca5e5d9c-28f2-4f81-b809-efe80173f1c5 req-ca5e5d9c-28f2-4f81-b809-efe80173f1c5 ] Request (ServersAdminTestJSON:test_inject_network_info): 200 GET http://10.180.1.21/compute/v2.1/servers/6d7fef48-7b7a-4387-8b4f-d566c832979e 0.250s
2025-04-22 14:56:32.190 71106 INFO tempest.lib.common.rest_client [req-8163316c-8d30-44be-abeb-b5b35c1f4e9d req-8163316c-8d30-44be-abeb-b5b35c1f4e9d ] Request (ImagesTestJSON:test_create_image_from_stopped_server): 200 GET http://10.180.1.21/compute/v2.1/images/c0bc3248-bd5e-4ea6-b0d2-3f680e17eb95 0.262s
2025-04-22 14:56:32.196 71150 INFO tempest.lib.common.rest_client [req-e5266c6b-7ac5-40be-8ae0-00e4f46ee34a req-e5266c6b-7ac5-40be-8ae0-00e4f46ee34a ] Request (FloatingIPsAssociationNegativeTestJSON:tearDownClass): 204 DELETE http://10.180.1.21:9696/networking/v2.0/subnets/c4dd2064-9457-4d3b-ba70-896e866f5b82 0.137s
2025-04-22 14:56:32.256 71092 INFO tempest.lib.common.rest_client [req-f51bf2af-0641-4ca0-a70c-5855e4eb3122 req-f51bf2af-0641-4ca0-a70c-5855e4eb3122 ] Request (ServersNegativeTestMultiTenantJSON:setUpClass): 200 GET http://10.180.1.21/compute/v2.1/servers/529bacab-2dd3-4d2a-8a12-96c37f30f346 0.293s
2025-04-22 14:56:32.280 71128 INFO tempest.lib.common.rest_client [req-6d360499-f1ee-496a-ba6f-bae8e75c9724 req-6d360499-f1ee-496a-ba6f-bae8e75c9724 ] Request (ServersTestFqdnHostnames:test_create_server_with_fqdn_name): 202 POST http://10.180.1.21/compute/v2.1/servers 0.484s
2025-04-22 14:56:32.333 71138 INFO tempest.lib.common.rest_client [req-1f1a2da3-0865-47c4-8f60-f4569fdfd18c req-1f1a2da3-0865-47c4-8f60-f4569fdfd18c ] Request (ServersListShow298Test:tearDownClass): 200 GET http://10.180.1.21/compute/v2.1/servers/23908b13-acfd-4013-b73c-94f1dd179b9a 0.275s
2025-04-22 14:56:32.335 71098 INFO tempest.lib.common.rest_client [req-2ac74391-efca-46b4-91be-0774f75208d7 req-2ac74391-efca-46b4-91be-0774f75208d7 ] Request (ServerActionsTestJSON:setUpClass): 200 GET http://10.180.1.21/compute/v2.1/servers/b4213304-4027-4f7a-aa55-aefe8e2dd019 0.215s
