2025-04-22 14:56:52.709 71136 INFO tempest.lib.common.rest_client [req-8e813fd7-6e31-4e87-872e-f3dd06b1e61f req-8e813fd7-6e31-4e87-872e-f3dd06b1e61f ] Request (ServersAdminNegativeTestJSON:test_reset_state_server_nonexistent_server): 404 POST http://10.180.1.21/compute/v2.1/servers/999/action 0.384s
2025-04-22 14:56:52.831 71116 INFO tempest.lib.common.rest_client [req-b210547a-1e27-41dc-a5ae-9885eb4100f7 req-b210547a-1e27-41dc-a5ae-9885eb4100f7 ] Request (SecurityGroupsTestJSON:test_server_security_groups): 200 GET http://10.180.1.21/compute/v2.1/servers/81c616b1-fa27-4606-94be-2ba00dbdf11a 0.372s
2025-04-22 14:56:52.839 71116 INFO tempest.common.waiters [-] State transition "HARD_REBOOT/rebooting_hard" ==> "HARD_REBOOT/reboot_started_hard" after 4 second wait
2025-04-22 14:56:52.847 71144 INFO tempest.lib.common.rest_client [req-b5c40cb1-4d4e-4fb9-9697-e7efca2c9a38 req-b5c40cb1-4d4e-4fb9-9697-e7efca2c9a38 ] Request (ImagesOneServerTestJSON:test_create_delete_image): 202 POST http://10.180.1.21/compute/v2.1/servers/b3ec055c-6ccf-446b-9ebd-00306eae31df/action 0.726s
2025-04-22 14:56:52.883 71102 INFO tempest.lib.common.rest_client [req-fffb5711-8339-4cf3-8619-2fc9d94439d8 req-fffb5711-8339-4cf3-8619-2fc9d94439d8 ] Request (ServerRescueNegativeTestJSON:setUpClass): 200 GET http://10.180.1.21/compute/v2.1/servers/cb8dd694-5243-4232-a790-8c3081547964 0.395s
2025-04-22 14:56:52.899 71152 INFO tempest.lib.common.rest_client [req-6863ccf7-3d56-4ff4-ab85-34d9e6978d77 req-6863ccf7-3d56-4ff4-ab85-34d9e6978d77 ] Request (ServersAdminTestJSON:test_inject_network_info): 200 GET http://10.180.1.21/compute/v2.1/servers/6d7fef48-7b7a-4387-8b4f-d566c832979e 0.323s
2025-04-22 14:56:52.948 71118 INFO tempest.lib.common.rest_client [req-acca2b23-421e-402c-aa4f-57ae1960b895 req-acca2b23-421e-402c-aa4f-57ae1960b895 ] Request (AttachVolumeShelveTestJSON:test_attach_volume_shelved_or_offload_server): 200 GET http://10.180.1.21/compute/v2.1/servers/33493b97-8385-4560-97ba-858234d7d790 0.245s
2025-04-22 14:56:52.989 71094 INFO tempest.lib.common.rest_client [req-7f04d2e7-795b-46b8-9c0d-fd1017a935a4 req-7f04d2e7-795b-46b8-9c0d-fd1017a935a4 ] Request (ServersTestBootFromVolume:setUpClass): 200 GET http://10.180.1.21/volume/v3/volumes/8ad8bb23-6f94-41c8-b3fe-bd7c4c1c4c8e 0.038s
2025-04-22 14:56:52.998 71126 INFO tempest.lib.common.rest_client [req-711c1aeb-f58c-46c8-aff6-119a8450963b req-711c1aeb-f58c-46c8-aff6-119a8450963b ] Request (MigrationsAdminTest:test_list_migrations_in_flavor_resize_situation): 200 GET http://10.180.1.21/compute/v2.1/servers/65910f00-90c8-4d6c-9fdd-b215a898890c 0.355s
2025-04-22 14:56:53.052 71092 INFO tempest.lib.common.rest_client [req-2773133b-bc2c-46dd-9521-3efe2b69fd26 req-2773133b-bc2c-46dd-9521-3efe2b69fd26 ] Request (ServersNegativeTestMultiTenantJSON:setUpClass): 200 GET http://10.180.1.21/compute/v2.1/servers/529bacab-2dd3-4d2a-8a12-96c37f30f346 0.335s
2025-04-22 14:56:53.059 71136 INFO tempest.lib.common.rest_client [req-d5313e56-d3d0-4bec-bb9f-ab5b68b32edb req-d5313e56-d3d0-4bec-bb9f-ab5b68b32edb ] Request (ServersAdminNegativeTestJSON:test_resize_server_using_overlimit_ram): 200 GET http://10.180.1.21/compute/v2.1/os-quota-sets/8c7a2fffb45e45f9a41fdc43c4937c50 0.349s
2025-04-22 14:56:53.097 71128 INFO tempest.lib.common.rest_client [req-fb5d4271-5e80-45ee-b214-52d5f60fd980 req-fb5d4271-5e80-45ee-b214-52d5f60fd980 ] Request (ServersTestFqdnHostnames:test_create_server_with_fqdn_name): 200 GET http://10.180.1.21/compute/v2.1/servers/8790a9bb-2651-4759-bf3d-fbc796c09666 0.316s
2025-04-22 14:56:53.109 71128 INFO tempest.common.waiters [-] State transition "BUILD/scheduling" ==> "BUILD/None" after 21 second wait
2025-04-22 14:56:53.153 71108 INFO tempest.lib.common.rest_client [req-20b01355-89f1-49bb-ad40-6cd3db1099e7 req-20b01355-89f1-49bb-ad40-6cd3db1099e7 ] Request (ServerRescueTestJSON:setUpClass): 200 GET http://10.180.1.21/compute/v2.1/servers/2050ee68-aca9-4c6c-8983-3ac566483d5c 0.324s
2025-04-22 14:56:53.189 71144 INFO tempest.lib.common.rest_client [req-bb25e29c-3304-4932-a9b1-6c74887c9147 req-bb25e29c-3304-4932-a9b1-6c74887c9147 ] Request (ImagesOneServerTestJSON:test_create_delete_image): 200 GET http://10.180.1.21/compute/v2.1/images/289cf7b5-f7ef-49fa-9026-d9e9951df17a 0.341s
2025-04-22 14:56:53.201 71098 INFO tempest.lib.common.rest_client [req-4d376588-1c7e-4521-8831-5c55fcdedb88 req-4d376588-1c7e-4521-8831-5c55fcdedb88 ] Request (ServerActionsTestJSON:setUpClass): 200 GET http://10.180.1.21/compute/v2.1/servers/b4213304-4027-4f7a-aa55-aefe8e2dd019 0.387s
2025-04-22 14:56:53.208 71098 INFO tempest.common.waiters [-] State transition "BUILD/block_device_mapping" ==> "BUILD/spawning" after 61 second wait
2025-04-22 14:56:53.290 71124 INFO tempest.lib.common.rest_client [req-7fea5b4e-4967-4a43-982a-babc4949cde9 req-7fea5b4e-4967-4a43-982a-babc4949cde9 ] Request (ServerShowV257Test:tearDownClass): 200 GET http://10.180.1.21/compute/v2.1/servers/b426771b-a300-4275-a93f-2fdff440adfc 0.404s
2025-04-22 14:56:53.294 71138 INFO tempest.lib.common.rest_client [req-bb0565df-8a32-4333-b9e1-c3d2d604f7ab req-bb0565df-8a32-4333-b9e1-c3d2d604f7ab ] Request (ServersListShow298Test:tearDownClass): 200 GET http://10.180.1.21/compute/v2.1/servers/23908b13-acfd-4013-b73c-94f1dd179b9a 0.372s
2025-04-22 14:56:53.382 71114 INFO tempest.lib.common.rest_client [req-843dcb62-7779-4a79-8a9f-1ad6df3cba23 req-843dcb62-7779-4a79-8a9f-1ad6df3cba23 ] Request (ServersListShow2100Test:test_list_show_rebuild_update_server_2100): 200 GET http://10.180.1.21/compute/v2.1/servers/73e3d7de-dfc6-4702-91e4-de5406d02c80 0.326s
2025-04-22 14:56:53.386 71142 INFO tempest.lib.common.rest_client [req-7634bd8e-4b6e-4cb0-afd9-60c6b5ff79ce req-7634bd8e-4b6e-4cb0-afd9-60c6b5ff79ce ] Request (AttachInterfacesUnderV243Test:_run_cleanups): 200 GET http://10.180.1.21/compute/v2.1/servers/876fb1a2-6f0d-4e88-9a74-cc69f9c1df29 0.421s
2025-04-22 14:56:53.402 71136 INFO tempest.lib.common.rest_client [req-92011ee2-2dc3-4870-a2e5-32990d83b48c req-92011ee2-2dc3-4870-a2e5-32990d83b48c ] Request (ServersAdminNegativeTestJSON:test_resize_server_using_overlimit_ram): 200 POST http://10.180.1.21/compute/v2.1/flavors 0.340s
2025-04-22 14:56:53.446 71150 INFO tempest.lib.common.rest_client [req-c390cf04-6b18-4a2e-b2f7-1ad783d89de4 req-c390cf04-6b18-4a2e-b2f7-1ad783d89de4 ] Request (ServersTestManualDisk:setUpClass): 200 GET http://10.180.1.21/compute/v2.1/servers/250eba1c-9bec-4081-8124-5adcc88e87f1 0.333s
2025-04-22 14:56:53.464 71146 INFO tempest.lib.common.rest_client [req-dcd08e5a-6634-4643-8f02-5bce9031801c req-dcd08e5a-6634-4643-8f02-5bce9031801c ] Request (ServersTestJSON:_run_cleanups): 200 GET http://10.180.1.21/compute/v2.1/servers/a0324c35-a135-465e-9bad-b02b7e0996ee 0.273s
2025-04-22 14:56:53.549 71096 INFO tempest.lib.common.rest_client [req-d27c7665-d3e4-4b30-93e7-62b88fa50dba req-d27c7665-d3e4-4b30-93e7-62b88fa50dba ] Request (ServersListShow296Test:tearDownClass): 200 GET http://10.180.1.21/compute/v2.1/servers/ee4f74ea-706a-4efe-a7d5-5bff5aaef508 0.290s
2025-04-22 14:56:53.566 71148 INFO tempest.lib.common.rest_client [req-b873fbcf-e942-45ae-aff9-de7bdabd5222 req-b873fbcf-e942-45ae-aff9-de7bdabd5222 ] Request (AttachVolumeTestJSON:test_attach_detach_volume): 200 GET http://10.180.1.21/compute/v2.1/servers/ee2e471e-d89c-4c7f-9e18-942d71dfc55a 0.340s
2025-04-22 14:56:53.600 71106 INFO tempest.lib.common.rest_client [req-d125c0fb-9c87-40c9-9a68-97b29e069411 req-d125c0fb-9c87-40c9-9a68-97b29e069411 ] Request (ImagesTestJSON:test_create_image_from_suspended_server): 200 GET http://10.180.1.21/compute/v2.1/servers/97167a6c-46db-46a3-98a9-4d37f60c6f40 0.330s
2025-04-22 14:56:53.619 71110 INFO tempest.lib.common.rest_client [req-ee32f3fc-5874-44b9-bddb-37aac0386779 req-ee32f3fc-5874-44b9-bddb-37aac0386779 ] Request (ImagesOneServerNegativeTestJSON:_run_cleanups): 200 GET http://10.180.1.21/compute/v2.1/servers/b2cfe39b-98bd-4914-877d-7339e362c6e5 0.322s
2025-04-22 14:56:53.668 71120 INFO tempest.lib.common.rest_client [req-7ee495fc-0b1c-4a12-b840-e5ba79fb541a req-7ee495fc-0b1c-4a12-b840-e5ba79fb541a ] Request (InstanceActionsV221TestJSON:test_get_list_deleted_instance_actions): 200 GET http://10.180.1.21/compute/v2.1/servers/f01746b5-6833-4612-bb74-91a70b81b610 0.344s
2025-04-22 14:56:53.697 71090 INFO tempest.lib.common.rest_client [req-a03fcd01-837d-4b0b-9181-4fd9685aa14d req-a03fcd01-837d-4b0b-9181-4fd9685aa14d ] Request (TenantUsagesTestJSON:setUpClass): 200 GET http://10.180.1.21/compute/v2.1/servers/5496ee2e-c062-4122-94ad-636d993287e4 0.342s
2025-04-22 14:56:53.784 71136 INFO tempest.lib.common.rest_client [req-a7ce7fab-6f71-4a0a-9b91-5768a688f049 req-a7ce7fab-6f71-4a0a-9b91-5768a688f049 ] Request (ServersAdminNegativeTestJSON:test_resize_server_using_overlimit_ram): 403 POST http://10.180.1.21/compute/v2.1/servers/6d593d73-d5fd-4a4a-aafb-b3195ae2399c/action 0.379s
2025-04-22 14:56:53.803 71136 INFO tempest.lib.common.rest_client [req-cfb1dc27-ba38-4aa4-a10b-a168c9c58f5f req-cfb1dc27-ba38-4aa4-a10b-a168c9c58f5f ] Request (ServersAdminNegativeTestJSON:_run_cleanups): 202 DELETE http://10.180.1.21/compute/v2.1/flavors/1300403594 0.019s
2025-04-22 14:56:53.829 71136 INFO tempest.lib.common.rest_client [req-1b9a40e5-d26a-4ca9-b762-18fad2ec8f2c req-1b9a40e5-d26a-4ca9-b762-18fad2ec8f2c ] Request (ServersAdminNegativeTestJSON:_run_cleanups): 200 GET http://10.180.1.21/compute/v2.1/flavors/detail 0.025s
2025-04-22 14:56:53.891 71136 INFO tempest.lib.common.rest_client [req-c8aa5ed7-801b-4a92-8de9-56212dbd53da req-c8aa5ed7-801b-4a92-8de9-56212dbd53da ] Request (ServersAdminNegativeTestJSON:test_resize_server_using_overlimit_vcpus): 200 GET http://10.180.1.21/compute/v2.1/os-quota-sets/8c7a2fffb45e45f9a41fdc43c4937c50 0.056s
2025-04-22 14:56:53.949 71102 INFO tempest.lib.common.rest_client [req-d4327e5e-19cd-4172-b492-b488bda8d454 req-d4327e5e-19cd-4172-b492-b488bda8d454 ] Request (ServerRescueNegativeTestJSON:setUpClass): 200 GET http://10.180.1.21/compute/v2.1/servers/cb8dd694-5243-4232-a790-8c3081547964 0.058s
2025-04-22 14:56:53.961 71116 INFO tempest.lib.common.rest_client [req-ee9ea364-1deb-4def-9d19-84279f180899 req-ee9ea364-1deb-4def-9d19-84279f180899 ] Request (SecurityGroupsTestJSON:test_server_security_groups): 200 GET http://10.180.1.21/compute/v2.1/servers/81c616b1-fa27-4606-94be-2ba00dbdf11a 0.121s
2025-04-22 14:56:53.964 71136 INFO tempest.lib.common.rest_client [req-67a1569c-c20a-4313-81a2-56eaaf65fa23 req-67a1569c-c20a-4313-81a2-56eaaf65fa23 ] Request (ServersAdminNegativeTestJSON:test_resize_server_using_overlimit_vcpus): 200 POST http://10.180.1.21/compute/v2.1/flavors 0.070s
2025-04-22 14:56:53.969 71116 INFO tempest.common.waiters [-] State transition "HARD_REBOOT/reboot_started_hard" ==> "ACTIVE/None" after 5 second wait
2025-04-22 14:56:54.015 71152 INFO tempest.lib.common.rest_client [req-7ee9f806-f318-49d5-a16b-1b547fab76c5 req-7ee9f806-f318-49d5-a16b-1b547fab76c5 ] Request (ServersAdminTestJSON:test_inject_network_info): 200 GET http://10.180.1.21/compute/v2.1/servers/6d7fef48-7b7a-4387-8b4f-d566c832979e 0.107s
2025-04-22 14:56:54.016 71118 INFO tempest.lib.common.rest_client [req-fd86d574-7729-4f87-8e9d-e78ba4828e9b req-fd86d574-7729-4f87-8e9d-e78ba4828e9b ] Request (AttachVolumeShelveTestJSON:test_attach_volume_shelved_or_offload_server): 200 GET http://10.180.1.21/compute/v2.1/servers/33493b97-8385-4560-97ba-858234d7d790 0.053s
2025-04-22 14:56:54.026 71094 INFO tempest.lib.common.rest_client [req-1babf00d-77e4-4444-9ff2-3ef852e442c8 req-1babf00d-77e4-4444-9ff2-3ef852e442c8 ] Request (ServersTestBootFromVolume:setUpClass): 200 GET http://10.180.1.21/volume/v3/volumes/8ad8bb23-6f94-41c8-b3fe-bd7c4c1c4c8e 0.027s
2025-04-22 14:56:54.079 71136 INFO tempest.lib.common.rest_client [req-747a24f5-b367-4dee-8af6-357ef50ea7fd req-747a24f5-b367-4dee-8af6-357ef50ea7fd ] Request (ServersAdminNegativeTestJSON:test_resize_server_using_overlimit_vcpus): 403 POST http://10.180.1.21/compute/v2.1/servers/6d593d73-d5fd-4a4a-aafb-b3195ae2399c/action 0.113s
2025-04-22 14:56:54.287 71126 INFO tempest.lib.common.rest_client [req-e7adc025-3ea3-4b3f-88f8-1676600178fc req-e7adc025-3ea3-4b3f-88f8-1676600178fc ] Request (MigrationsAdminTest:test_list_migrations_in_flavor_resize_situation): 200 GET http://10.180.1.21/compute/v2.1/servers/65910f00-90c8-4d6c-9fdd-b215a898890c 0.280s
2025-04-22 14:56:54.363 71092 INFO tempest.lib.common.rest_client [req-6c5bb42f-ad40-4b2f-9704-38d9672d488f req-6c5bb42f-ad40-4b2f-9704-38d9672d488f ] Request (ServersNegativeTestMultiTenantJSON:setUpClass): 200 GET http://10.180.1.21/compute/v2.1/servers/529bacab-2dd3-4d2a-8a12-96c37f30f346 0.304s
2025-04-22 14:56:54.381 71136 INFO tempest.lib.common.rest_client [req-2a748fc7-7798-48b6-86e7-eff00b6fd58f req-2a748fc7-7798-48b6-86e7-eff00b6fd58f ] Request (ServersAdminNegativeTestJSON:_run_cleanups): 202 DELETE http://10.180.1.21/compute/v2.1/flavors/2029674289 0.301s
2025-04-22 14:56:54.440 71128 INFO tempest.lib.common.rest_client [req-f7e5a9f3-0a7b-44af-b557-8edb1a1ce960 req-f7e5a9f3-0a7b-44af-b557-8edb1a1ce960 ] Request (ServersTestFqdnHostnames:test_create_server_with_fqdn_name): 200 GET http://10.180.1.21/compute/v2.1/servers/8790a9bb-2651-4759-bf3d-fbc796c09666 0.330s
2025-04-22 14:56:54.503 71108 INFO tempest.lib.common.rest_client [req-8a1eff21-e894-47aa-a824-7d44e50fc907 req-8a1eff21-e894-47aa-a824-7d44e50fc907 ] Request (ServerRescueTestJSON:setUpClass): 200 GET http://10.180.1.21/compute/v2.1/servers/2050ee68-aca9-4c6c-8983-3ac566483d5c 0.341s
2025-04-22 14:56:54.543 71144 INFO tempest.lib.common.rest_client [req-b63cb2b5-55de-4261-9b2f-64dbfbf2bdbc req-b63cb2b5-55de-4261-9b2f-64dbfbf2bdbc ] Request (ImagesOneServerTestJSON:test_create_delete_image): 200 GET http://10.180.1.21/compute/v2.1/images/289cf7b5-f7ef-49fa-9026-d9e9951df17a 0.349s
2025-04-22 14:56:54.568 71116 INFO tempest.lib.common.rest_client [req-3415e7ea-9606-4919-bf7c-18f70f9ef310 req-3415e7ea-9606-4919-bf7c-18f70f9ef310 ] Request (SecurityGroupsTestJSON:test_server_security_groups): 202 POST http://10.180.1.21/compute/v2.1/servers/81c616b1-fa27-4606-94be-2ba00dbdf11a/action 0.599s
2025-04-22 14:56:54.594 71112 WARNING tempest.lib.common.ssh [-] Failed to establish authenticated ssh connection to cirros@10.180.180.179 ([Errno None] Unable to connect to port 22 on 10.180.180.179). Number attempts: 10. Retry after 11 seconds.: paramiko.ssh_exception.NoValidConnectionsError: [Errno None] Unable to connect to port 22 on 10.180.180.179
2025-04-22 14:56:54.644 71124 INFO tempest.lib.common.rest_client [req-ded24636-4ab0-4ee6-8894-e22e09ef7140 req-ded24636-4ab0-4ee6-8894-e22e09ef7140 ] Request (ServerShowV257Test:tearDownClass): 200 GET http://10.180.1.21/compute/v2.1/servers/b426771b-a300-4275-a93f-2fdff440adfc 0.344s
2025-04-22 14:56:54.661 71098 INFO tempest.lib.common.rest_client [req-8d53829e-c122-47bc-84ca-af3b280b086d req-8d53829e-c122-47bc-84ca-af3b280b086d ] Request (ServerActionsTestJSON:setUpClass): 200 GET http://10.180.1.21/compute/v2.1/servers/b4213304-4027-4f7a-aa55-aefe8e2dd019 0.451s
2025-04-22 14:56:54.684 71136 INFO tempest.lib.common.rest_client [req-a36288f1-966a-464b-a2a1-ae56f8504869 req-a36288f1-966a-464b-a2a1-ae56f8504869 ] Request (ServersAdminNegativeTestJSON:_run_cleanups): 200 GET http://10.180.1.21/compute/v2.1/flavors/detail 0.303s
2025-04-22 14:56:54.716 71138 INFO tempest.lib.common.rest_client [req-1321a9c1-a7c7-4026-9cda-e42c1bcbec6e req-1321a9c1-a7c7-4026-9cda-e42c1bcbec6e ] Request (ServersListShow298Test:tearDownClass): 200 GET http://10.180.1.21/compute/v2.1/servers/23908b13-acfd-4013-b73c-94f1dd179b9a 0.407s
2025-04-22 14:56:54.740 71142 INFO tempest.lib.common.rest_client [req-3160e079-502b-4ea2-bca8-b6e7cf74d039 req-3160e079-502b-4ea2-bca8-b6e7cf74d039 ] Request (AttachInterfacesUnderV243Test:_run_cleanups): 200 GET http://10.180.1.21/compute/v2.1/servers/876fb1a2-6f0d-4e88-9a74-cc69f9c1df29 0.342s
2025-04-22 14:56:54.784 71114 INFO tempest.lib.common.rest_client [req-c6e121b7-a69e-4cc7-99ee-a2bf42d7789a req-c6e121b7-a69e-4cc7-99ee-a2bf42d7789a ] Request (ServersListShow2100Test:test_list_show_rebuild_update_server_2100): 200 GET http://10.180.1.21/compute/v2.1/servers/73e3d7de-dfc6-4702-91e4-de5406d02c80 0.383s
2025-04-22 14:56:54.797 71150 INFO tempest.lib.common.rest_client [req-41dc1836-6d33-40c3-a27d-7c8a4ed0f8ab req-41dc1836-6d33-40c3-a27d-7c8a4ed0f8ab ] Request (ServersTestManualDisk:setUpClass): 200 GET http://10.180.1.21/compute/v2.1/servers/250eba1c-9bec-4081-8124-5adcc88e87f1 0.342s
2025-04-22 14:56:54.879 71096 INFO tempest.lib.common.rest_client [req-2df1fff0-9d93-411a-8315-505ba05f5b0d req-2df1fff0-9d93-411a-8315-505ba05f5b0d ] Request (ServersListShow296Test:tearDownClass): 200 GET http://10.180.1.21/compute/v2.1/servers/ee4f74ea-706a-4efe-a7d5-5bff5aaef508 0.315s
2025-04-22 14:56:54.883 71146 INFO tempest.lib.common.rest_client [req-b0758d6a-dd6d-4690-af13-c176297f2539 req-b0758d6a-dd6d-4690-af13-c176297f2539 ] Request (ServersTestJSON:_run_cleanups): 200 GET http://10.180.1.21/compute/v2.1/servers/a0324c35-a135-465e-9bad-b02b7e0996ee 0.408s
2025-04-22 14:56:54.990 71116 INFO tempest.lib.common.rest_client [req-90063dbd-483f-4ca3-9740-a6fc30b50c1c req-90063dbd-483f-4ca3-9740-a6fc30b50c1c ] Request (SecurityGroupsTestJSON:test_server_security_groups): 400 DELETE http://10.180.1.21/compute/v2.1/os-security-groups/e30e2153-2e8b-4b47-9977-1856fb2d6991 0.421s
2025-04-22 14:56:55.058 71106 INFO tempest.lib.common.rest_client [req-42a83ca5-23db-4db6-add5-087ae9bf1911 req-42a83ca5-23db-4db6-add5-087ae9bf1911 ] Request (ImagesTestJSON:test_create_image_from_suspended_server): 200 GET http://10.180.1.21/compute/v2.1/servers/97167a6c-46db-46a3-98a9-4d37f60c6f40 0.450s
2025-04-22 14:56:55.075 71094 INFO tempest.lib.common.rest_client [req-db4d33c7-b29b-4b15-80af-558a17979952 req-db4d33c7-b29b-4b15-80af-558a17979952 ] Request (ServersTestBootFromVolume:setUpClass): 200 GET http://10.180.1.21/volume/v3/volumes/8ad8bb23-6f94-41c8-b3fe-bd7c4c1c4c8e 0.041s
2025-04-22 14:56:55.094 71148 INFO tempest.lib.common.rest_client [req-8df9a2e2-2ab9-43af-8e0b-46b40099cae1 req-8df9a2e2-2ab9-43af-8e0b-46b40099cae1 ] Request (AttachVolumeTestJSON:test_attach_detach_volume): 200 GET http://10.180.1.21/compute/v2.1/servers/ee2e471e-d89c-4c7f-9e18-942d71dfc55a 0.516s
2025-04-22 14:56:55.128 71110 INFO tempest.lib.common.rest_client [req-4ce16ce7-9d0f-454a-834a-a82a2664a40d req-4ce16ce7-9d0f-454a-834a-a82a2664a40d ] Request (ImagesOneServerNegativeTestJSON:_run_cleanups): 200 GET http://10.180.1.21/compute/v2.1/servers/b2cfe39b-98bd-4914-877d-7339e362c6e5 0.501s
2025-04-22 14:56:55.155 71136 INFO tempest.lib.common.rest_client [req-23f46965-7ec0-41d2-b59d-550736d6b26d req-23f46965-7ec0-41d2-b59d-550736d6b26d ] Request (ServersAdminNegativeTestJSON:test_restore_server_invalid_state): 409 POST http://10.180.1.21/compute/v2.1/servers/6d593d73-d5fd-4a4a-aafb-b3195ae2399c/action 0.463s
2025-04-22 14:56:55.168 71120 INFO tempest.lib.common.rest_client [req-36f63de3-5899-4909-921d-3e9857fcdd73 req-36f63de3-5899-4909-921d-3e9857fcdd73 ] Request (InstanceActionsV221TestJSON:test_get_list_deleted_instance_actions): 200 GET http://10.180.1.21/compute/v2.1/servers/f01746b5-6833-4612-bb74-91a70b81b610 0.488s
2025-04-22 14:56:55.242 71102 INFO tempest.lib.common.rest_client [req-031a507b-aed2-409a-90e5-0a4e42c7e553 req-031a507b-aed2-409a-90e5-0a4e42c7e553 ] Request (ServerRescueNegativeTestJSON:setUpClass): 200 GET http://10.180.1.21/compute/v2.1/servers/cb8dd694-5243-4232-a790-8c3081547964 0.284s
2025-04-22 14:56:55.305 71090 INFO tempest.lib.common.rest_client [req-bade81a4-28d3-4222-9599-1733e2c6e1e8 req-bade81a4-28d3-4222-9599-1733e2c6e1e8 ] Request (TenantUsagesTestJSON:setUpClass): 200 GET http://10.180.1.21/compute/v2.1/servers/5496ee2e-c062-4122-94ad-636d993287e4 0.599s
2025-04-22 14:56:55.313 71090 INFO tempest.common.waiters [-] State transition "BUILD/None" ==> "BUILD/networking" after 61 second wait
2025-04-22 14:56:55.329 71116 INFO tempest.lib.common.rest_client [req-e759e32d-4ae2-4940-9dc4-b570686a0b52 req-e759e32d-4ae2-4940-9dc4-b570686a0b52 ] Request (SecurityGroupsTestJSON:test_server_security_groups): 204 DELETE http://10.180.1.21/compute/v2.1/servers/81c616b1-fa27-4606-94be-2ba00dbdf11a 0.338s
2025-04-22 14:56:55.356 71152 INFO tempest.lib.common.rest_client [req-8f7fca88-22d0-45a0-9771-ffdf5f779e9e req-8f7fca88-22d0-45a0-9771-ffdf5f779e9e ] Request (ServersAdminTestJSON:test_inject_network_info): 200 GET http://10.180.1.21/compute/v2.1/servers/6d7fef48-7b7a-4387-8b4f-d566c832979e 0.332s
2025-04-22 14:56:55.400 71118 INFO tempest.lib.common.rest_client [req-4b63a4d9-b0a1-47a9-b229-1265cab55dac req-4b63a4d9-b0a1-47a9-b229-1265cab55dac ] Request (AttachVolumeShelveTestJSON:test_attach_volume_shelved_or_offload_server): 200 GET http://10.180.1.21/compute/v2.1/servers/33493b97-8385-4560-97ba-858234d7d790 0.375s
2025-04-22 14:56:55.424 71136 INFO tempest.lib.common.rest_client [req-d626a63b-2f92-4fed-91bb-9eae24d2cc0b req-d626a63b-2f92-4fed-91bb-9eae24d2cc0b ] Request (ServersAdminNegativeTestJSON:tearDownClass): 204 DELETE http://10.180.1.21/compute/v2.1/servers/48b8cd3f-dfdd-4583-a856-f7abe793b0d3 0.267s
2025-04-22 14:56:55.508 71122 WARNING tempest.lib.common.ssh [-] Failed to establish authenticated ssh connection to cirros@10.180.180.216 ([Errno None] Unable to connect to port 22 on 10.180.180.216). Number attempts: 8. Retry after 9 seconds.: paramiko.ssh_exception.NoValidConnectionsError: [Errno None] Unable to connect to port 22 on 10.180.180.216
2025-04-22 14:56:55.574 71126 INFO tempest.lib.common.rest_client [req-ceea8211-90ac-41cb-94e5-ac68b54554b9 req-ceea8211-90ac-41cb-94e5-ac68b54554b9 ] Request (MigrationsAdminTest:test_list_migrations_in_flavor_resize_situation): 200 GET http://10.180.1.21/compute/v2.1/servers/65910f00-90c8-4d6c-9fdd-b215a898890c 0.277s
2025-04-22 14:56:55.590 71116 INFO tempest.lib.common.rest_client [req-e5ad33e1-3eae-458c-98de-3de232f584de req-e5ad33e1-3eae-458c-98de-3de232f584de ] Request (SecurityGroupsTestJSON:test_server_security_groups): 200 GET http://10.180.1.21/compute/v2.1/servers/81c616b1-fa27-4606-94be-2ba00dbdf11a 0.259s
2025-04-22 14:56:55.632 71092 INFO tempest.lib.common.rest_client [req-2c75700d-d194-48cb-bf37-d2ade1758587 req-2c75700d-d194-48cb-bf37-d2ade1758587 ] Request (ServersNegativeTestMultiTenantJSON:setUpClass): 200 GET http://10.180.1.21/compute/v2.1/servers/529bacab-2dd3-4d2a-8a12-96c37f30f346 0.261s
2025-04-22 14:56:55.716 71128 INFO tempest.lib.common.rest_client [req-7b248c02-7ffc-4936-8f44-fae35045dc98 req-7b248c02-7ffc-4936-8f44-fae35045dc98 ] Request (ServersTestFqdnHostnames:test_create_server_with_fqdn_name): 200 GET http://10.180.1.21/compute/v2.1/servers/8790a9bb-2651-4759-bf3d-fbc796c09666 0.264s
2025-04-22 14:56:55.744 71136 INFO tempest.lib.common.rest_client [req-4355b46c-aaf0-4256-b4f4-bd87f4e2b8d3 req-4355b46c-aaf0-4256-b4f4-bd87f4e2b8d3 ] Request (ServersAdminNegativeTestJSON:tearDownClass): 200 GET http://10.180.1.21/compute/v2.1/servers/48b8cd3f-dfdd-4583-a856-f7abe793b0d3 0.319s
2025-04-22 14:56:55.771 71108 INFO tempest.lib.common.rest_client [req-a2d2941e-32cd-495c-a99c-bba680a1b9f8 req-a2d2941e-32cd-495c-a99c-bba680a1b9f8 ] Request (ServerRescueTestJSON:setUpClass): 200 GET http://10.180.1.21/compute/v2.1/servers/2050ee68-aca9-4c6c-8983-3ac566483d5c 0.259s
2025-04-22 14:56:55.788 71144 INFO tempest.lib.common.rest_client [req-da8ff6d3-173e-4d5f-9264-ef37d323af2d req-da8ff6d3-173e-4d5f-9264-ef37d323af2d ] Request (ImagesOneServerTestJSON:test_create_delete_image): 200 GET http://10.180.1.21/compute/v2.1/images/289cf7b5-f7ef-49fa-9026-d9e9951df17a 0.240s
2025-04-22 14:56:55.884 71124 INFO tempest.lib.common.rest_client [req-0ed1539a-9d48-4165-8456-042dba18ea08 req-0ed1539a-9d48-4165-8456-042dba18ea08 ] Request (ServerShowV257Test:tearDownClass): 200 GET http://10.180.1.21/compute/v2.1/servers/b426771b-a300-4275-a93f-2fdff440adfc 0.227s
2025-04-22 14:56:55.920 71098 INFO tempest.lib.common.rest_client [req-1f0308fd-4416-46d8-9634-06628c06d6d8 req-1f0308fd-4416-46d8-9634-06628c06d6d8 ] Request (ServerActionsTestJSON:setUpClass): 200 GET http://10.180.1.21/compute/v2.1/servers/b4213304-4027-4f7a-aa55-aefe8e2dd019 0.250s
2025-04-22 14:56:55.962 71138 INFO tempest.lib.common.rest_client [req-5f279776-0bc9-4f37-a7c7-c39e3e044e77 req-5f279776-0bc9-4f37-a7c7-c39e3e044e77 ] Request (ServersListShow298Test:tearDownClass): 200 GET http://10.180.1.21/compute/v2.1/servers/23908b13-acfd-4013-b73c-94f1dd179b9a 0.232s
2025-04-22 14:56:55.980 71142 INFO tempest.lib.common.rest_client [req-7ce33464-ec97-4b73-8cab-31f881306f0e req-7ce33464-ec97-4b73-8cab-31f881306f0e ] Request (AttachInterfacesUnderV243Test:_run_cleanups): 200 GET http://10.180.1.21/compute/v2.1/servers/876fb1a2-6f0d-4e88-9a74-cc69f9c1df29 0.231s
2025-04-22 14:56:56.025 71114 INFO tempest.lib.common.rest_client [req-5c88e8be-ebd2-444a-ada9-57b3a00a9086 req-5c88e8be-ebd2-444a-ada9-57b3a00a9086 ] Request (ServersListShow2100Test:test_list_show_rebuild_update_server_2100): 200 GET http://10.180.1.21/compute/v2.1/servers/73e3d7de-dfc6-4702-91e4-de5406d02c80 0.228s
2025-04-22 14:56:56.037 71150 INFO tempest.lib.common.rest_client [req-32bb1bd1-1c88-4067-8971-b6973c97c904 req-32bb1bd1-1c88-4067-8971-b6973c97c904 ] Request (ServersTestManualDisk:setUpClass): 200 GET http://10.180.1.21/compute/v2.1/servers/250eba1c-9bec-4081-8124-5adcc88e87f1 0.231s
2025-04-22 14:56:56.077 71146 INFO tempest.lib.common.rest_client [req-cb0d9204-a04f-4968-8648-fa9bb54b906e req-cb0d9204-a04f-4968-8648-fa9bb54b906e ] Request (ServersTestJSON:_run_cleanups): 200 GET http://10.180.1.21/compute/v2.1/servers/a0324c35-a135-465e-9bad-b02b7e0996ee 0.182s
2025-04-22 14:56:56.094 71096 INFO tempest.lib.common.rest_client [req-8dea748d-f80f-4751-8078-f5220e118128 req-8dea748d-f80f-4751-8078-f5220e118128 ] Request (ServersListShow296Test:tearDownClass): 200 GET http://10.180.1.21/compute/v2.1/servers/ee4f74ea-706a-4efe-a7d5-5bff5aaef508 0.197s
2025-04-22 14:56:56.121 71094 INFO tempest.lib.common.rest_client [req-dcbf3ea8-9f90-46c7-a7d8-fbb7d5b0c970 req-dcbf3ea8-9f90-46c7-a7d8-fbb7d5b0c970 ] Request (ServersTestBootFromVolume:setUpClass): 200 GET http://10.180.1.21/volume/v3/volumes/8ad8bb23-6f94-41c8-b3fe-bd7c4c1c4c8e 0.027s
2025-04-22 14:56:56.123 71106 INFO tempest.lib.common.rest_client [req-2a346cbf-f731-4a1f-8fdb-98682e2009d2 req-2a346cbf-f731-4a1f-8fdb-98682e2009d2 ] Request (ImagesTestJSON:test_create_image_from_suspended_server): 200 GET http://10.180.1.21/compute/v2.1/servers/97167a6c-46db-46a3-98a9-4d37f60c6f40 0.049s
2025-04-22 14:56:56.194 71110 INFO tempest.lib.common.rest_client [req-dbf915d7-083c-4ff5-bc9d-bf2a064f3994 req-dbf915d7-083c-4ff5-bc9d-bf2a064f3994 ] Request (ImagesOneServerNegativeTestJSON:_run_cleanups): 200 GET http://10.180.1.21/compute/v2.1/servers/b2cfe39b-98bd-4914-877d-7339e362c6e5 0.058s
2025-04-22 14:56:56.204 71148 INFO tempest.lib.common.rest_client [req-07a7487c-424d-43cc-becd-5cf9833fea1d req-07a7487c-424d-43cc-becd-5cf9833fea1d ] Request (AttachVolumeTestJSON:test_attach_detach_volume): 200 GET http://10.180.1.21/compute/v2.1/servers/ee2e471e-d89c-4c7f-9e18-942d71dfc55a 0.103s
2025-04-22 14:56:56.248 71120 INFO tempest.lib.common.rest_client [req-fc477d03-e640-4e85-9596-39335b7cc542 req-fc477d03-e640-4e85-9596-39335b7cc542 ] Request (InstanceActionsV221TestJSON:test_get_list_deleted_instance_actions): 200 GET http://10.180.1.21/compute/v2.1/servers/f01746b5-6833-4612-bb74-91a70b81b610 0.069s
2025-04-22 14:56:56.299 71102 INFO tempest.lib.common.rest_client [req-3dffd51a-3550-4889-b039-a07d715249fa req-3dffd51a-3550-4889-b039-a07d715249fa ] Request (ServerRescueNegativeTestJSON:setUpClass): 200 GET http://10.180.1.21/compute/v2.1/servers/cb8dd694-5243-4232-a790-8c3081547964 0.046s
2025-04-22 14:56:56.397 71090 INFO tempest.lib.common.rest_client [req-cc75bb30-ead7-48b8-82b7-c0aae8957b7a req-cc75bb30-ead7-48b8-82b7-c0aae8957b7a ] Request (TenantUsagesTestJSON:setUpClass): 200 GET http://10.180.1.21/compute/v2.1/servers/5496ee2e-c062-4122-94ad-636d993287e4 0.083s
2025-04-22 14:56:56.404 71090 INFO tempest.common.waiters [-] State transition "BUILD/networking" ==> "BUILD/spawning" after 62 second wait
2025-04-22 14:56:56.413 71152 INFO tempest.lib.common.rest_client [req-f9d1055d-6986-4717-821b-c49b215cec9c req-f9d1055d-6986-4717-821b-c49b215cec9c ] Request (ServersAdminTestJSON:test_inject_network_info): 200 GET http://10.180.1.21/compute/v2.1/servers/6d7fef48-7b7a-4387-8b4f-d566c832979e 0.047s
2025-04-22 14:56:56.475 71118 INFO tempest.lib.common.rest_client [req-63ef6d97-7b47-46c0-aff7-5a4fbc3b3ac7 req-63ef6d97-7b47-46c0-aff7-5a4fbc3b3ac7 ] Request (AttachVolumeShelveTestJSON:test_attach_volume_shelved_or_offload_server): 200 GET http://10.180.1.21/compute/v2.1/servers/33493b97-8385-4560-97ba-858234d7d790 0.055s
2025-04-22 14:56:56.733 71116 INFO tempest.lib.common.rest_client [req-2ae4dd6c-e753-46eb-ac70-0b802ac7e9de req-2ae4dd6c-e753-46eb-ac70-0b802ac7e9de ] Request (SecurityGroupsTestJSON:test_server_security_groups): 200 GET http://10.180.1.21/compute/v2.1/servers/81c616b1-fa27-4606-94be-2ba00dbdf11a 0.135s
2025-04-22 14:56:56.738 71126 INFO tempest.lib.common.rest_client [req-023477c6-9cf0-4984-8230-0c2a7ccbd052 req-023477c6-9cf0-4984-8230-0c2a7ccbd052 ] Request (MigrationsAdminTest:test_list_migrations_in_flavor_resize_situation): 200 GET http://10.180.1.21/compute/v2.1/servers/65910f00-90c8-4d6c-9fdd-b215a898890c 0.156s
2025-04-22 14:56:56.797 71128 INFO tempest.lib.common.rest_client [req-cde99e7a-30cb-4e03-8fb0-4bb517507f79 req-cde99e7a-30cb-4e03-8fb0-4bb517507f79 ] Request (ServersTestFqdnHostnames:test_create_server_with_fqdn_name): 200 GET http://10.180.1.21/compute/v2.1/servers/8790a9bb-2651-4759-bf3d-fbc796c09666 0.073s
2025-04-22 14:56:56.806 71092 INFO tempest.lib.common.rest_client [req-1882158f-8176-41e7-9f79-85ab07f3e3e8 req-1882158f-8176-41e7-9f79-85ab07f3e3e8 ] Request (ServersNegativeTestMultiTenantJSON:setUpClass): 200 GET http://10.180.1.21/compute/v2.1/servers/529bacab-2dd3-4d2a-8a12-96c37f30f346 0.165s
2025-04-22 14:56:56.870 71108 INFO tempest.lib.common.rest_client [req-bb39f791-4d56-431a-a8e1-096d4cfe1855 req-bb39f791-4d56-431a-a8e1-096d4cfe1855 ] Request (ServerRescueTestJSON:setUpClass): 200 GET http://10.180.1.21/compute/v2.1/servers/2050ee68-aca9-4c6c-8983-3ac566483d5c 0.087s
2025-04-22 14:56:56.904 71144 INFO tempest.lib.common.rest_client [req-19a25554-d1f2-4104-bd36-76d926a0e8ce req-19a25554-d1f2-4104-bd36-76d926a0e8ce ] Request (ImagesOneServerTestJSON:test_create_delete_image): 200 GET http://10.180.1.21/compute/v2.1/images/289cf7b5-f7ef-49fa-9026-d9e9951df17a 0.109s
2025-04-22 14:56:56.937 71136 INFO tempest.lib.common.rest_client [req-e6eb3746-2ce9-49a8-9061-d2f95614c818 req-e6eb3746-2ce9-49a8-9061-d2f95614c818 ] Request (ServersAdminNegativeTestJSON:tearDownClass): 200 GET http://10.180.1.21/compute/v2.1/servers/48b8cd3f-dfdd-4583-a856-f7abe793b0d3 0.181s
2025-04-22 14:56:56.984 71124 INFO tempest.lib.common.rest_client [req-70b6e274-8592-42a8-b49f-ac18b0b3b33c req-70b6e274-8592-42a8-b49f-ac18b0b3b33c ] Request (ServerShowV257Test:tearDownClass): 200 GET http://10.180.1.21/compute/v2.1/servers/b426771b-a300-4275-a93f-2fdff440adfc 0.087s
2025-04-22 14:56:57.029 71138 INFO tempest.lib.common.rest_client [req-e8334198-cdd1-403e-a9db-5404473520bb req-e8334198-cdd1-403e-a9db-5404473520bb ] Request (ServersListShow298Test:tearDownClass): 404 GET http://10.180.1.21/compute/v2.1/servers/23908b13-acfd-4013-b73c-94f1dd179b9a 0.057s
2025-04-22 14:56:57.118 71142 INFO tempest.lib.common.rest_client [req-4457c4eb-e5a9-4b84-81c5-c5596c5088e9 req-4457c4eb-e5a9-4b84-81c5-c5596c5088e9 ] Request (AttachInterfacesUnderV243Test:_run_cleanups): 200 GET http://10.180.1.21/compute/v2.1/servers/876fb1a2-6f0d-4e88-9a74-cc69f9c1df29 0.131s
2025-04-22 14:56:57.125 71140 WARNING tempest.lib.common.ssh [-] Failed to establish authenticated ssh connection to cirros@10.180.180.188 ([Errno None] Unable to connect to port 22 on 10.180.180.188). Number attempts: 4. Retry after 5 seconds.: paramiko.ssh_exception.NoValidConnectionsError: [Errno None] Unable to connect to port 22 on 10.180.180.188
2025-04-22 14:56:57.130 71138 INFO tempest.lib.common.rest_client [req-a39e1d04-a00a-4931-8f06-8d0c3362cd82 req-a39e1d04-a00a-4931-8f06-8d0c3362cd82 ] Request (ServersListShow298Test:tearDownClass): 204 DELETE http://10.180.1.21/identity/v3/users/42ee7809aee74cd0b31ed7c36d44db47 0.100s
2025-04-22 14:56:57.130 71138 INFO tempest.lib.common.dynamic_creds [-] Deleting project and security group for project: eba4a047b32847f9b05d001c2127e3b5
2025-04-22 14:56:57.137 71098 INFO tempest.lib.common.rest_client [req-7fd1296e-a2aa-47f6-a705-a14b8d41f53f req-7fd1296e-a2aa-47f6-a705-a14b8d41f53f ] Request (ServerActionsTestJSON:setUpClass): 200 GET http://10.180.1.21/compute/v2.1/servers/b4213304-4027-4f7a-aa55-aefe8e2dd019 0.208s
2025-04-22 14:56:57.163 71094 INFO tempest.lib.common.rest_client [req-58550286-5394-43d4-8a5d-54eb7bac7d2f req-58550286-5394-43d4-8a5d-54eb7bac7d2f ] Request (ServersTestBootFromVolume:setUpClass): 200 GET http://10.180.1.21/volume/v3/volumes/8ad8bb23-6f94-41c8-b3fe-bd7c4c1c4c8e 0.035s
2025-04-22 14:56:57.201 71138 INFO tempest.lib.common.rest_client [req-91ca0d79-1038-425c-83d9-e246a1576c35 req-91ca0d79-1038-425c-83d9-e246a1576c35 ] Request (ServersListShow298Test:tearDownClass): 201 POST http://10.180.1.21/identity/v3/auth/tokens 0.070s
2025-04-22 14:56:57.215 71114 INFO tempest.lib.common.rest_client [req-14b6b4ae-c4c2-4e4e-a363-b98b55177c43 req-14b6b4ae-c4c2-4e4e-a363-b98b55177c43 ] Request (ServersListShow2100Test:test_list_show_rebuild_update_server_2100): 200 GET http://10.180.1.21/compute/v2.1/servers/73e3d7de-dfc6-4702-91e4-de5406d02c80 0.173s
2025-04-22 14:56:57.228 71150 INFO tempest.lib.common.rest_client [req-9c8d945c-4b26-4487-9e50-db9f912c7925 req-9c8d945c-4b26-4487-9e50-db9f912c7925 ] Request (ServersTestManualDisk:setUpClass): 200 GET http://10.180.1.21/compute/v2.1/servers/250eba1c-9bec-4081-8124-5adcc88e87f1 0.182s
2025-04-22 14:56:57.301 71146 INFO tempest.lib.common.rest_client [req-082285af-81ef-477f-b877-6a241026524a req-082285af-81ef-477f-b877-6a241026524a ] Request (ServersTestJSON:_run_cleanups): 200 GET http://10.180.1.21/compute/v2.1/servers/a0324c35-a135-465e-9bad-b02b7e0996ee 0.217s
2025-04-22 14:56:57.316 71096 INFO tempest.lib.common.rest_client [req-e37b1105-af9d-4a79-9f03-93cad74319a5 req-e37b1105-af9d-4a79-9f03-93cad74319a5 ] Request (ServersListShow296Test:tearDownClass): 200 GET http://10.180.1.21/compute/v2.1/servers/ee4f74ea-706a-4efe-a7d5-5bff5aaef508 0.211s
2025-04-22 14:56:57.357 71106 INFO tempest.lib.common.rest_client [req-a7166846-7820-4005-803b-d78a721f2c80 req-a7166846-7820-4005-803b-d78a721f2c80 ] Request (ImagesTestJSON:test_create_image_from_suspended_server): 200 GET http://10.180.1.21/compute/v2.1/servers/97167a6c-46db-46a3-98a9-4d37f60c6f40 0.225s
2025-04-22 14:56:57.375 71110 INFO tempest.lib.common.rest_client [req-5370123a-03a1-4628-a85d-c4a90b853595 req-5370123a-03a1-4628-a85d-c4a90b853595 ] Request (ImagesOneServerNegativeTestJSON:_run_cleanups): 200 GET http://10.180.1.21/compute/v2.1/servers/b2cfe39b-98bd-4914-877d-7339e362c6e5 0.173s
2025-04-22 14:56:57.419 71138 INFO tempest.lib.common.rest_client [req-b615df52-f8cd-4dc4-abbd-dc4d7188451c req-b615df52-f8cd-4dc4-abbd-dc4d7188451c ] Request (ServersListShow298Test:tearDownClass): 200 GET http://10.180.1.21:9696/networking/v2.0/security-groups?tenant_id=eba4a047b32847f9b05d001c2127e3b5&name=default 0.215s
2025-04-22 14:56:57.488 71120 INFO tempest.lib.common.rest_client [req-802ee8e7-5a1b-4fc1-98b6-037712293515 req-802ee8e7-5a1b-4fc1-98b6-037712293515 ] Request (InstanceActionsV221TestJSON:test_get_list_deleted_instance_actions): 200 GET http://10.180.1.21/compute/v2.1/servers/f01746b5-6833-4612-bb74-91a70b81b610 0.230s
2025-04-22 14:56:57.496 71148 INFO tempest.lib.common.rest_client [req-219b04cd-4ec3-4964-ba0a-c8cfceda54a2 req-219b04cd-4ec3-4964-ba0a-c8cfceda54a2 ] Request (AttachVolumeTestJSON:test_attach_detach_volume): 200 GET http://10.180.1.21/compute/v2.1/servers/ee2e471e-d89c-4c7f-9e18-942d71dfc55a 0.285s
2025-04-22 14:56:57.547 71138 INFO tempest.lib.common.rest_client [req-456532ff-6bc1-4c7e-9ab3-900588984840 req-456532ff-6bc1-4c7e-9ab3-900588984840 ] Request (ServersListShow298Test:tearDownClass): 204 DELETE http://10.180.1.21:9696/networking/v2.0/security-groups/505e6769-416d-49e5-bd95-0fd3ca178995 0.128s
2025-04-22 14:56:57.569 71102 INFO tempest.lib.common.rest_client [req-8ef5bc45-6373-47f3-b53f-ed2110472d3e req-8ef5bc45-6373-47f3-b53f-ed2110472d3e ] Request (ServerRescueNegativeTestJSON:setUpClass): 200 GET http://10.180.1.21/compute/v2.1/servers/cb8dd694-5243-4232-a790-8c3081547964 0.260s
2025-04-22 14:56:57.609 71090 INFO tempest.lib.common.rest_client [req-a0826b3e-a8f4-4576-9c11-127225b9cc2c req-a0826b3e-a8f4-4576-9c11-127225b9cc2c ] Request (TenantUsagesTestJSON:setUpClass): 200 GET http://10.180.1.21/compute/v2.1/servers/5496ee2e-c062-4122-94ad-636d993287e4 0.203s
2025-04-22 14:56:57.622 71152 INFO tempest.lib.common.rest_client [req-6a9a9113-a9ce-449c-a1cd-45b430819293 req-6a9a9113-a9ce-449c-a1cd-45b430819293 ] Request (ServersAdminTestJSON:test_inject_network_info): 200 GET http://10.180.1.21/compute/v2.1/servers/6d7fef48-7b7a-4387-8b4f-d566c832979e 0.202s
2025-04-22 14:56:57.625 71138 INFO tempest.lib.common.rest_client [req-d791c707-0f14-48ce-af76-a607f1b038b4 req-d791c707-0f14-48ce-af76-a607f1b038b4 ] Request (ServersListShow298Test:tearDownClass): 204 DELETE http://10.180.1.21/identity/v3/projects/eba4a047b32847f9b05d001c2127e3b5 0.077s
2025-04-22 14:56:57.674 71118 INFO tempest.lib.common.rest_client [req-584e5431-535b-430a-9832-c43bb9820ffb req-584e5431-535b-430a-9832-c43bb9820ffb ] Request (AttachVolumeShelveTestJSON:test_attach_volume_shelved_or_offload_server): 200 GET http://10.180.1.21/compute/v2.1/servers/33493b97-8385-4560-97ba-858234d7d790 0.191s
2025-04-22 14:56:57.874 71126 INFO tempest.lib.common.rest_client [req-89dd1e5a-cf39-4dd6-94de-71251b132bfe req-89dd1e5a-cf39-4dd6-94de-71251b132bfe ] Request (MigrationsAdminTest:test_list_migrations_in_flavor_resize_situation): 200 GET http://10.180.1.21/compute/v2.1/servers/65910f00-90c8-4d6c-9fdd-b215a898890c 0.128s
2025-04-22 14:56:57.916 71116 INFO tempest.lib.common.rest_client [req-0aa74300-dafe-4f0c-82b6-06ee6a337c34 req-0aa74300-dafe-4f0c-82b6-06ee6a337c34 ] Request (SecurityGroupsTestJSON:test_server_security_groups): 200 GET http://10.180.1.21/compute/v2.1/servers/81c616b1-fa27-4606-94be-2ba00dbdf11a 0.174s
2025-04-22 14:56:57.946 71128 INFO tempest.lib.common.rest_client [req-6b2076b2-88a7-4562-8c0b-0ed07ef0377f req-6b2076b2-88a7-4562-8c0b-0ed07ef0377f ] Request (ServersTestFqdnHostnames:test_create_server_with_fqdn_name): 200 GET http://10.180.1.21/compute/v2.1/servers/8790a9bb-2651-4759-bf3d-fbc796c09666 0.138s
2025-04-22 14:56:58.212 71094 INFO tempest.lib.common.rest_client [req-2a70afcb-a2cb-44ef-a8f1-5a3de2fc6d71 req-2a70afcb-a2cb-44ef-a8f1-5a3de2fc6d71 ] Request (ServersTestBootFromVolume:setUpClass): 200 GET http://10.180.1.21/volume/v3/volumes/8ad8bb23-6f94-41c8-b3fe-bd7c4c1c4c8e 0.037s
2025-04-22 14:56:58.215 71092 INFO tempest.lib.common.rest_client [req-77d00e65-fce6-4511-b8d9-741b5bb6fe33 req-77d00e65-fce6-4511-b8d9-741b5bb6fe33 ] Request (ServersNegativeTestMultiTenantJSON:setUpClass): 200 GET http://10.180.1.21/compute/v2.1/servers/529bacab-2dd3-4d2a-8a12-96c37f30f346 0.399s
2025-04-22 14:56:58.226 71108 INFO tempest.lib.common.rest_client [req-c6c48ff2-2110-4afa-bbf4-66b9b95be1c0 req-c6c48ff2-2110-4afa-bbf4-66b9b95be1c0 ] Request (ServerRescueTestJSON:setUpClass): 200 GET http://10.180.1.21/compute/v2.1/servers/2050ee68-aca9-4c6c-8983-3ac566483d5c 0.347s
2025-04-22 14:56:58.251 71144 INFO tempest.lib.common.rest_client [req-378b8e0d-42c5-4eb5-9e76-53a15886a95b req-378b8e0d-42c5-4eb5-9e76-53a15886a95b ] Request (ImagesOneServerTestJSON:test_create_delete_image): 200 GET http://10.180.1.21/compute/v2.1/images/289cf7b5-f7ef-49fa-9026-d9e9951df17a 0.342s
2025-04-22 14:56:58.292 71136 INFO tempest.lib.common.rest_client [req-bfc4cd41-dd7e-4534-9ef0-1f2ad80d1653 req-bfc4cd41-dd7e-4534-9ef0-1f2ad80d1653 ] Request (ServersAdminNegativeTestJSON:tearDownClass): 200 GET http://10.180.1.21/compute/v2.1/servers/48b8cd3f-dfdd-4583-a856-f7abe793b0d3 0.342s
2025-04-22 14:56:58.311 71124 INFO tempest.lib.common.rest_client [req-f1c29801-bf3d-4a4c-947e-2fa840f850f2 req-f1c29801-bf3d-4a4c-947e-2fa840f850f2 ] Request (ServerShowV257Test:tearDownClass): 200 GET http://10.180.1.21/compute/v2.1/servers/b426771b-a300-4275-a93f-2fdff440adfc 0.317s
2025-04-22 14:56:58.354 71142 INFO tempest.lib.common.rest_client [req-59485f01-3564-4835-9d7f-1ea358892e93 req-59485f01-3564-4835-9d7f-1ea358892e93 ] Request (AttachInterfacesUnderV243Test:_run_cleanups): 200 GET http://10.180.1.21/compute/v2.1/servers/876fb1a2-6f0d-4e88-9a74-cc69f9c1df29 0.227s
2025-04-22 14:56:58.401 71098 INFO tempest.lib.common.rest_client [req-0a8c9a94-907e-4bd3-a71b-38601cfe7daa req-0a8c9a94-907e-4bd3-a71b-38601cfe7daa ] Request (ServerActionsTestJSON:setUpClass): 200 GET http://10.180.1.21/compute/v2.1/servers/b4213304-4027-4f7a-aa55-aefe8e2dd019 0.256s
2025-04-22 14:56:58.422 71114 INFO tempest.lib.common.rest_client [req-ee54c925-a584-416d-a812-205609826de5 req-ee54c925-a584-416d-a812-205609826de5 ] Request (ServersListShow2100Test:test_list_show_rebuild_update_server_2100): 200 GET http://10.180.1.21/compute/v2.1/servers/73e3d7de-dfc6-4702-91e4-de5406d02c80 0.190s
2025-04-22 14:56:58.466 71150 INFO tempest.lib.common.rest_client [req-655d1323-50b7-4fdd-b477-694d53403884 req-655d1323-50b7-4fdd-b477-694d53403884 ] Request (ServersTestManualDisk:setUpClass): 200 GET http://10.180.1.21/compute/v2.1/servers/250eba1c-9bec-4081-8124-5adcc88e87f1 0.229s
2025-04-22 14:56:58.479 71146 INFO tempest.lib.common.rest_client [req-1f860343-7f72-4e6f-8385-252b5ed00aad req-1f860343-7f72-4e6f-8385-252b5ed00aad ] Request (ServersTestJSON:_run_cleanups): 200 GET http://10.180.1.21/compute/v2.1/servers/a0324c35-a135-465e-9bad-b02b7e0996ee 0.166s
2025-04-22 14:56:58.536 71106 INFO tempest.lib.common.rest_client [req-ed505cfa-aa8d-4d9e-919b-65e0ba605e6b req-ed505cfa-aa8d-4d9e-919b-65e0ba605e6b ] Request (ImagesTestJSON:test_create_image_from_suspended_server): 200 GET http://10.180.1.21/compute/v2.1/servers/97167a6c-46db-46a3-98a9-4d37f60c6f40 0.169s
2025-04-22 14:56:58.548 71096 INFO tempest.lib.common.rest_client [req-3bdc1d0a-c4d4-4d22-b6c7-e86cb1ba3054 req-3bdc1d0a-c4d4-4d22-b6c7-e86cb1ba3054 ] Request (ServersListShow296Test:tearDownClass): 200 GET http://10.180.1.21/compute/v2.1/servers/ee4f74ea-706a-4efe-a7d5-5bff5aaef508 0.220s
2025-04-22 14:56:58.585 71110 INFO tempest.lib.common.rest_client [req-c2f5f9a3-e756-41fe-9bee-40dff96f5e83 req-c2f5f9a3-e756-41fe-9bee-40dff96f5e83 ] Request (ImagesOneServerNegativeTestJSON:_run_cleanups): 200 GET http://10.180.1.21/compute/v2.1/servers/b2cfe39b-98bd-4914-877d-7339e362c6e5 0.196s
2025-04-22 14:56:58.603 71120 INFO tempest.lib.common.rest_client [req-bff0deee-869d-4456-b6c1-605d98b2c080 req-bff0deee-869d-4456-b6c1-605d98b2c080 ] Request (InstanceActionsV221TestJSON:test_get_list_deleted_instance_actions): 200 GET http://10.180.1.21/compute/v2.1/servers/f01746b5-6833-4612-bb74-91a70b81b610 0.104s
2025-04-22 14:56:58.662 71102 INFO tempest.lib.common.rest_client [req-465df9d3-44c5-47a2-9cb0-d41ca5997942 req-465df9d3-44c5-47a2-9cb0-d41ca5997942 ] Request (ServerRescueNegativeTestJSON:setUpClass): 200 GET http://10.180.1.21/compute/v2.1/servers/cb8dd694-5243-4232-a790-8c3081547964 0.080s
2025-04-22 14:56:58.680 71148 INFO tempest.lib.common.rest_client [req-3ebc46fd-4095-4f8a-ab46-2a5bef552583 req-3ebc46fd-4095-4f8a-ab46-2a5bef552583 ] Request (AttachVolumeTestJSON:test_attach_detach_volume): 200 GET http://10.180.1.21/compute/v2.1/servers/ee2e471e-d89c-4c7f-9e18-942d71dfc55a 0.170s
2025-04-22 14:56:58.741 71152 INFO tempest.lib.common.rest_client [req-28dcc9c7-b71f-451c-945b-61eff53ebc39 req-28dcc9c7-b71f-451c-945b-61eff53ebc39 ] Request (ServersAdminTestJSON:test_inject_network_info): 200 GET http://10.180.1.21/compute/v2.1/servers/6d7fef48-7b7a-4387-8b4f-d566c832979e 0.110s
2025-04-22 14:56:58.763 71090 INFO tempest.lib.common.rest_client [req-5846ba1a-4a1f-44d8-b4ad-291dde2e9266 req-5846ba1a-4a1f-44d8-b4ad-291dde2e9266 ] Request (TenantUsagesTestJSON:setUpClass): 200 GET http://10.180.1.21/compute/v2.1/servers/5496ee2e-c062-4122-94ad-636d993287e4 0.146s
2025-04-22 14:56:58.800 71118 INFO tempest.lib.common.rest_client [req-b8e89ba9-fc47-43ac-ac33-2b2e1583c9bc req-b8e89ba9-fc47-43ac-ac33-2b2e1583c9bc ] Request (AttachVolumeShelveTestJSON:test_attach_volume_shelved_or_offload_server): 200 GET http://10.180.1.21/compute/v2.1/servers/33493b97-8385-4560-97ba-858234d7d790 0.113s
2025-04-22 14:56:58.979 71116 INFO tempest.lib.common.rest_client [req-ddae0099-555a-4d09-b56a-2f5fd7b49b75 req-ddae0099-555a-4d09-b56a-2f5fd7b49b75 ] Request (SecurityGroupsTestJSON:test_server_security_groups): 200 GET http://10.180.1.21/compute/v2.1/servers/81c616b1-fa27-4606-94be-2ba00dbdf11a 0.054s
2025-04-22 14:56:58.986 71126 INFO tempest.lib.common.rest_client [req-d4d60293-893f-4f9e-9ac6-82cc1a3bb34b req-d4d60293-893f-4f9e-9ac6-82cc1a3bb34b ] Request (MigrationsAdminTest:test_list_migrations_in_flavor_resize_situation): 200 GET http://10.180.1.21/compute/v2.1/servers/65910f00-90c8-4d6c-9fdd-b215a898890c 0.104s
2025-04-22 14:56:59.027 71128 INFO tempest.lib.common.rest_client [req-69ea43eb-7ddd-4203-b30d-23e8cf926e40 req-69ea43eb-7ddd-4203-b30d-23e8cf926e40 ] Request (ServersTestFqdnHostnames:test_create_server_with_fqdn_name): 200 GET http://10.180.1.21/compute/v2.1/servers/8790a9bb-2651-4759-bf3d-fbc796c09666 0.072s
2025-04-22 14:56:59.246 71094 INFO tempest.lib.common.rest_client [req-98b814ec-2710-46dd-98c4-0efbf6bfa5d1 req-98b814ec-2710-46dd-98c4-0efbf6bfa5d1 ] Request (ServersTestBootFromVolume:setUpClass): 200 GET http://10.180.1.21/volume/v3/volumes/8ad8bb23-6f94-41c8-b3fe-bd7c4c1c4c8e 0.026s
2025-04-22 14:56:59.293 71092 INFO tempest.lib.common.rest_client [req-57b467cc-8ea2-41c5-9e47-115485305fb1 req-57b467cc-8ea2-41c5-9e47-115485305fb1 ] Request (ServersNegativeTestMultiTenantJSON:setUpClass): 200 GET http://10.180.1.21/compute/v2.1/servers/529bacab-2dd3-4d2a-8a12-96c37f30f346 0.069s
2025-04-22 14:56:59.299 71108 INFO tempest.lib.common.rest_client [req-11611701-95a9-4a3e-9009-9fbf0d87f700 req-11611701-95a9-4a3e-9009-9fbf0d87f700 ] Request (ServerRescueTestJSON:setUpClass): 200 GET http://10.180.1.21/compute/v2.1/servers/2050ee68-aca9-4c6c-8983-3ac566483d5c 0.065s
2025-04-22 14:56:59.320 71144 INFO tempest.lib.common.rest_client [req-ab85790f-2931-46dd-9038-dbe964c8dfca req-ab85790f-2931-46dd-9038-dbe964c8dfca ] Request (ImagesOneServerTestJSON:test_create_delete_image): 200 GET http://10.180.1.21/compute/v2.1/images/289cf7b5-f7ef-49fa-9026-d9e9951df17a 0.064s
2025-04-22 14:56:59.375 71136 INFO tempest.lib.common.rest_client [req-1159d240-7ef5-46ff-ac8a-93e168d959d9 req-1159d240-7ef5-46ff-ac8a-93e168d959d9 ] Request (ServersAdminNegativeTestJSON:tearDownClass): 200 GET http://10.180.1.21/compute/v2.1/servers/48b8cd3f-dfdd-4583-a856-f7abe793b0d3 0.074s
2025-04-22 14:56:59.385 71136 INFO tempest.common.waiters [-] State transition "SUSPENDED/deleting" ==> "DELETED/None" after 4 second wait
2025-04-22 14:56:59.399 71124 INFO tempest.lib.common.rest_client [req-a3467124-c76b-40c4-ac26-3023a8e31e10 req-a3467124-c76b-40c4-ac26-3023a8e31e10 ] Request (ServerShowV257Test:tearDownClass): 200 GET http://10.180.1.21/compute/v2.1/servers/b426771b-a300-4275-a93f-2fdff440adfc 0.077s
2025-04-22 14:56:59.404 71142 INFO tempest.lib.common.rest_client [req-8fb406b4-2448-4a58-8ac2-0e6123d3ab6b req-8fb406b4-2448-4a58-8ac2-0e6123d3ab6b ] Request (AttachInterfacesUnderV243Test:_run_cleanups): 404 GET http://10.180.1.21/compute/v2.1/servers/876fb1a2-6f0d-4e88-9a74-cc69f9c1df29 0.041s
2025-04-22 14:56:59.426 71142 INFO tempest.lib.common.rest_client [req-3df59e55-4a38-4615-bfc4-eee52211a182 req-3df59e55-4a38-4615-bfc4-eee52211a182 ] Request (AttachInterfacesUnderV243Test:_run_cleanups): 202 DELETE http://10.180.1.21/compute/v2.1/os-keypairs/tempest-keypair-891128716 0.022s
2025-04-22 14:56:59.521 71098 INFO tempest.lib.common.rest_client [req-8eef020c-4ea6-4cfd-85a3-a2d2d5c3b38d req-8eef020c-4ea6-4cfd-85a3-a2d2d5c3b38d ] Request (ServerActionsTestJSON:setUpClass): 200 GET http://10.180.1.21/compute/v2.1/servers/b4213304-4027-4f7a-aa55-aefe8e2dd019 0.111s
2025-04-22 14:56:59.534 71114 INFO tempest.lib.common.rest_client [req-599b407c-0630-485e-bf4b-f6b1670f4431 req-599b407c-0630-485e-bf4b-f6b1670f4431 ] Request (ServersListShow2100Test:test_list_show_rebuild_update_server_2100): 200 GET http://10.180.1.21/compute/v2.1/servers/73e3d7de-dfc6-4702-91e4-de5406d02c80 0.092s
2025-04-22 14:56:59.555 71142 INFO tempest.lib.common.rest_client [req-c02e55a8-9262-454b-b393-70a8d3b2fcc9 req-c02e55a8-9262-454b-b393-70a8d3b2fcc9 ] Request (AttachInterfacesUnderV243Test:_run_cleanups): 204 DELETE http://10.180.1.21:9696/networking/v2.0/security-groups/83d2b431-6671-4f07-b09d-39da26e77cad 0.128s
2025-04-22 14:56:59.573 71142 INFO tempest.lib.common.rest_client [req-0e171a96-9b96-4fbb-95f4-5c7df6002d18 req-0e171a96-9b96-4fbb-95f4-5c7df6002d18 ] Request (AttachInterfacesUnderV243Test:_run_cleanups): 404 GET http://10.180.1.21:9696/networking/v2.0/security-groups/83d2b431-6671-4f07-b09d-39da26e77cad 0.017s
2025-04-22 14:56:59.579 71150 INFO tempest.lib.common.rest_client [req-6266f5b3-818e-4e15-9a53-263231d3727b req-6266f5b3-818e-4e15-9a53-263231d3727b ] Request (ServersTestManualDisk:setUpClass): 200 GET http://10.180.1.21/compute/v2.1/servers/250eba1c-9bec-4081-8124-5adcc88e87f1 0.104s
