2025-04-22 14:54:50.349 71142 INFO tempest.lib.common.rest_client [req-41b8e25e-7767-4ff8-b269-6936a36e4104 req-41b8e25e-7767-4ff8-b269-6936a36e4104 ] Request (AttachInterfacesUnderV243Test:setUpClass): 200 GET http://10.180.1.21/identity/v3/roles 0.020s
2025-04-22 14:54:50.351 71124 INFO tempest.lib.common.rest_client [req-06c1bec9-1c18-4d35-8d4e-484a20de79df req-06c1bec9-1c18-4d35-8d4e-484a20de79df ] Request (FloatingIPsNegativeTestJSON:setUpClass): 204 PUT http://10.180.1.21/identity/v3/projects/70983dd1d3ae4560a34568a2164c310d/users/d2b3cfed32cd485982772b5e4c54289c/roles/7ec785deb6024ec98ec1d19446989589 0.031s
2025-04-22 14:54:50.352 71124 INFO tempest.lib.common.dynamic_creds [-] Dynamic test user d2b3cfed32cd485982772b5e4c54289c is created with scope project and roles: ['member']
2025-04-22 14:54:50.352 71124 INFO tempest.lib.common.dynamic_creds [-] Acquired dynamic creds: credentials: Credentials: {'domain_id': 'default', 'domain_name': 'Default', 'username': 'tempest-FloatingIPsNegativeTestJSON-1997662325-project-member', 'project_domain_id': 'default', 'project_domain_name': 'Default', 'project_id': '70983dd1d3ae4560a34568a2164c310d', 'project_name': 'tempest-FloatingIPsNegativeTestJSON-1997662325', 'tenant_id': '70983dd1d3ae4560a34568a2164c310d', 'tenant_name': 'tempest-FloatingIPsNegativeTestJSON-1997662325', 'user_domain_id': 'default', 'user_domain_name': 'Default', 'user_id': 'd2b3cfed32cd485982772b5e4c54289c', 'system': None}, Network: None, Subnet: None, Router: None
2025-04-22 14:54:50.357 71096 INFO tempest.lib.common.rest_client [req-3bd0c059-a9b8-4583-aa0b-e4cb0934f4cf req-3bd0c059-a9b8-4583-aa0b-e4cb0934f4cf ] Request (ImagesMetadataTestJSON:test_list_image_metadata): 200 GET http://10.180.1.21/compute/v2.1/images/65113ce7-d41e-415b-a14c-0c242d4f2aed/metadata 3.232s
2025-04-22 14:54:50.364 71138 INFO tempest.lib.common.rest_client [req-7a5cbc25-2b82-4d48-8b89-82c46474301f req-7a5cbc25-2b82-4d48-8b89-82c46474301f ] Request (HostsAdminNegativeTestJSON:test_shutdown_host_with_non_admin_user): 403 GET http://10.180.1.21/compute/v2.1/os-hosts/devstack/shutdown 3.224s
2025-04-22 14:54:50.390 71092 INFO tempest.lib.common.rest_client [req-2cf5729a-5c39-4c31-ae35-309239b06ff4 req-2cf5729a-5c39-4c31-ae35-309239b06ff4 ] Request (ServicesAdminTestJSON:test_list_services): 200 GET http://10.180.1.21/compute/v2.1/os-services 3.216s
2025-04-22 14:54:50.408 71142 INFO tempest.lib.common.rest_client [req-0107670e-52d9-4281-8e41-838316c702d3 req-0107670e-52d9-4281-8e41-838316c702d3 ] Request (AttachInterfacesUnderV243Test:setUpClass): 204 PUT http://10.180.1.21/identity/v3/projects/b9181cc5a4a04f139d02f6acc9590a06/users/15487c2daba14560b74f8b2508433bbd/roles/7ec785deb6024ec98ec1d19446989589 0.058s
2025-04-22 14:54:50.408 71142 INFO tempest.lib.common.dynamic_creds [-] Dynamic test user 15487c2daba14560b74f8b2508433bbd is created with scope project and roles: ['member']
2025-04-22 14:54:50.408 71142 INFO tempest.lib.common.dynamic_creds [-] Acquired dynamic creds: credentials: Credentials: {'domain_id': 'default', 'domain_name': 'Default', 'username': 'tempest-AttachInterfacesUnderV243Test-1674775708-project-member', 'project_domain_id': 'default', 'project_domain_name': 'Default', 'project_id': 'b9181cc5a4a04f139d02f6acc9590a06', 'project_name': 'tempest-AttachInterfacesUnderV243Test-1674775708', 'tenant_id': 'b9181cc5a4a04f139d02f6acc9590a06', 'tenant_name': 'tempest-AttachInterfacesUnderV243Test-1674775708', 'user_domain_id': 'default', 'user_domain_name': 'Default', 'user_id': '15487c2daba14560b74f8b2508433bbd', 'system': None}, Network: None, Subnet: None, Router: None
2025-04-22 14:54:50.412 71124 INFO tempest.lib.common.rest_client [req-35f6edd2-eadd-429f-bd66-6f824f9814c8 req-35f6edd2-eadd-429f-bd66-6f824f9814c8 ] Request (FloatingIPsNegativeTestJSON:setUpClass): 201 POST http://10.180.1.21/identity/v3/auth/tokens 0.060s
2025-04-22 14:54:50.427 71106 INFO tempest.lib.common.rest_client [req-6342636b-9d60-4f20-adba-4e0a2c8153ea req-6342636b-9d60-4f20-adba-4e0a2c8153ea ] Request (ServerDiagnosticsTest:test_get_server_diagnostics): 200 GET http://10.180.1.21/compute/v2.1/servers/98f6c832-feaf-48f9-ac5f-5b45e870598f 3.583s
2025-04-22 14:54:50.444 71140 INFO tempest.lib.common.rest_client [req-48b5dacc-cac6-4868-9ae3-b7cc88f0b8bd req-48b5dacc-cac6-4868-9ae3-b7cc88f0b8bd ] Request (FloatingIPsTestJSON:setUpClass): 201 POST http://10.180.1.21:9696/networking/v2.0/routers 0.898s
2025-04-22 14:54:50.471 71142 INFO tempest.lib.common.rest_client [req-75c58a30-b2b9-4de2-acc6-e7c71543709f req-75c58a30-b2b9-4de2-acc6-e7c71543709f ] Request (AttachInterfacesUnderV243Test:setUpClass): 201 POST http://10.180.1.21/identity/v3/auth/tokens 0.063s
2025-04-22 14:54:50.502 71092 INFO tempest.lib.common.rest_client [req-7aff7a61-4845-4550-b147-5902d5c9f6d1 req-7aff7a61-4845-4550-b147-5902d5c9f6d1 ] Request (ServicesAdminTestJSON:tearDownClass): 204 DELETE http://10.180.1.21/identity/v3/users/9093d11f8c14486399d7f4ac8d55c4d3 0.104s
2025-04-22 14:54:50.632 71092 INFO tempest.lib.common.rest_client [req-8518b5d2-5f3a-4f6f-a928-007f34bd87a7 req-8518b5d2-5f3a-4f6f-a928-007f34bd87a7 ] Request (ServicesAdminTestJSON:tearDownClass): 204 DELETE http://10.180.1.21/identity/v3/users/baa22ef510d54cf883584f1f390ae57b 0.130s
2025-04-22 14:54:50.633 71092 INFO tempest.lib.common.dynamic_creds [-] Deleting project and security group for project: 84be070184174c73b81810fb485e459a
2025-04-22 14:54:50.700 71092 INFO tempest.lib.common.rest_client [req-fd76e84a-b5bb-4871-b50a-0a75bdaf44a5 req-fd76e84a-b5bb-4871-b50a-0a75bdaf44a5 ] Request (ServicesAdminTestJSON:tearDownClass): 201 POST http://10.180.1.21/identity/v3/auth/tokens 0.067s
2025-04-22 14:54:50.721 71122 INFO tempest.lib.common.rest_client [req-b767c2c2-9b1c-4389-85d9-3495d20219a9 req-b767c2c2-9b1c-4389-85d9-3495d20219a9 ] Request (QuotasAdminNegativeTest:test_create_server_when_memory_quota_is_full): 200 GET http://10.180.1.21/compute/v2.1/os-quota-sets/8b2ae9304f294c0d95e79bcb69406d51 3.310s
2025-04-22 14:54:50.743 71126 INFO tempest.lib.common.rest_client [req-15eeedbf-d903-4738-baa2-fadc190ddd3c req-15eeedbf-d903-4738-baa2-fadc190ddd3c ] Request (FlavorsAccessTestJSON:test_flavor_access_list_with_private_flavor): 200 GET http://10.180.1.21/compute/v2.1/flavors/1091035850/os-flavor-access 3.313s
2025-04-22 14:54:50.756 71090 INFO tempest.lib.common.rest_client [req-a7e736d9-add0-46b6-8937-28c3c24d0dae req-a7e736d9-add0-46b6-8937-28c3c24d0dae ] Request (QuotaClassesAdminTestJSON:test_update_default_quotas): 200 GET http://10.180.1.21/compute/v2.1/os-quota-class-sets/default 3.328s
2025-04-22 14:54:50.758 71110 INFO tempest.lib.common.rest_client [req-3e63b3a2-96dc-4ce2-a93a-71f4a0399b49 req-3e63b3a2-96dc-4ce2-a93a-71f4a0399b49 ] Request (ImagesOneServerNegativeTestJSON:setUpClass): 200 GET http://10.180.1.21/compute/v2.1/servers/3980108e-fa0a-4bd7-a018-a8d4c5c0888f 3.384s
2025-04-22 14:54:50.845 71100 INFO tempest.lib.common.rest_client [req-8e78ffc0-1095-4ca8-aa5b-92fe806cf874 req-8e78ffc0-1095-4ca8-aa5b-92fe806cf874 ] Request (VolumesAssistedSnapshotsTest:test_volume_assisted_snapshot_create_delete): 200 GET http://10.180.1.21/compute/v2.1/servers/d0f6ab95-8ecf-425d-b7db-d09f93283245 2.346s
2025-04-22 14:54:50.855 71128 INFO tempest.lib.common.rest_client [req-aed9de49-c4b7-4433-8612-59da2205f112 req-aed9de49-c4b7-4433-8612-59da2205f112 ] Request (HypervisorAdminNegativeTestJSON:test_show_nonexistent_hypervisor): 404 GET http://10.180.1.21/compute/v2.1/os-hypervisors/6f9a585f-1863-422c-9631-edb062bfe78b 1.875s
2025-04-22 14:54:50.883 71112 INFO tempest.lib.common.rest_client [req-6fea4207-580e-43c9-95aa-d73bad624e72 req-6fea4207-580e-43c9-95aa-d73bad624e72 ] Request (ServersWithSpecificFlavorTestJSON:test_verify_created_server_ephemeral_disk): 200 POST http://10.180.1.21/compute/v2.1/flavors/299171984/os-extra_specs 1.887s
2025-04-22 14:54:50.902 71108 INFO tempest.lib.common.rest_client [req-7c0debd1-651a-4e8b-a4ed-7a3c1da90fce req-7c0debd1-651a-4e8b-a4ed-7a3c1da90fce ] Request (ServerGroupTestJSON:test_create_delete_multiple_server_groups_with_same_name_policy): 200 GET http://10.180.1.21/compute/v2.1/os-server-groups 1.859s
2025-04-22 14:54:50.929 71150 INFO tempest.lib.common.rest_client [req-13e13cb1-534b-42d5-b420-1cb964ea62e5 req-13e13cb1-534b-42d5-b420-1cb964ea62e5 ] Request (ServicesAdminNegativeV253TestJSON:test_get_service_with_valid_service_and_invalid_host): 200 GET http://10.180.1.21/compute/v2.1/os-services?host=xxx&binary=nova-scheduler 1.858s
2025-04-22 14:54:50.936 71128 INFO tempest.lib.common.rest_client [req-bd428cac-55d5-44a9-9536-1a8ef895dc59 req-bd428cac-55d5-44a9-9536-1a8ef895dc59 ] Request (HypervisorAdminNegativeTestJSON:tearDownClass): 204 DELETE http://10.180.1.21/identity/v3/users/0a9db8e067b94c7db36107549e565c06 0.080s
2025-04-22 14:54:51.026 71102 INFO tempest.lib.common.rest_client [req-ecc6e786-3fd7-44a4-999a-c499f69a9f07 req-ecc6e786-3fd7-44a4-999a-c499f69a9f07 ] Request (SecurityGroupsTestAdminJSON:_run_cleanups): 202 DELETE http://10.180.1.21/compute/v2.1/os-security-groups/43a52652-676f-4388-a305-e3d51a043949 2.099s
2025-04-22 14:54:51.029 71146 INFO tempest.lib.common.rest_client [req-53464302-4183-4730-872e-92ba7c0fd31c req-53464302-4183-4730-872e-92ba7c0fd31c ] Request (ServersTestJSON:setUpClass): 201 POST http://10.180.1.21:9696/networking/v2.0/subnets 0.756s
2025-04-22 14:54:51.045 71128 INFO tempest.lib.common.rest_client [req-ac3c2358-23fc-46be-a193-95919f83d49f req-ac3c2358-23fc-46be-a193-95919f83d49f ] Request (HypervisorAdminNegativeTestJSON:tearDownClass): 204 DELETE http://10.180.1.21/identity/v3/users/c7bfb9e2ffe84a778fd4b660dcfdbb5e 0.108s
2025-04-22 14:54:51.045 71128 INFO tempest.lib.common.dynamic_creds [-] Deleting project and security group for project: ca76708e72e74fd781507b0850f5635c
2025-04-22 14:54:51.146 71124 INFO tempest.lib.common.rest_client [req-444e80bc-51d2-48f3-8229-02da9cb5e215 req-444e80bc-51d2-48f3-8229-02da9cb5e215 ] Request (FloatingIPsNegativeTestJSON:setUpClass): 201 POST http://10.180.1.21:9696/networking/v2.0/networks 0.733s
2025-04-22 14:54:51.149 71128 INFO tempest.lib.common.rest_client [req-376eb43f-82f9-466b-bb51-6de6897879cf req-376eb43f-82f9-466b-bb51-6de6897879cf ] Request (HypervisorAdminNegativeTestJSON:tearDownClass): 201 POST http://10.180.1.21/identity/v3/auth/tokens 0.103s
2025-04-22 14:54:51.170 71092 INFO tempest.lib.common.rest_client [req-7d88b278-0dba-4d3a-9c38-8dd4646a974c req-7d88b278-0dba-4d3a-9c38-8dd4646a974c ] Request (ServicesAdminTestJSON:tearDownClass): 200 GET http://10.180.1.21:9696/networking/v2.0/security-groups?tenant_id=84be070184174c73b81810fb485e459a&name=default 0.470s
2025-04-22 14:54:51.170 71142 INFO tempest.lib.common.rest_client [req-bb5adb22-03a2-478b-b391-7e7495e7d495 req-bb5adb22-03a2-478b-b391-7e7495e7d495 ] Request (AttachInterfacesUnderV243Test:setUpClass): 201 POST http://10.180.1.21:9696/networking/v2.0/networks 0.697s
2025-04-22 14:54:51.339 71098 INFO tempest.lib.common.rest_client [req-01623ec8-7c81-40b6-b49a-4f6c36236873 req-01623ec8-7c81-40b6-b49a-4f6c36236873 ] Request (NetworksTest:test_get_network): 200 GET http://10.180.1.21/compute/v2.1/os-networks 2.115s
2025-04-22 14:54:51.376 71092 INFO tempest.lib.common.rest_client [req-ccb0f7fb-ecee-408b-90ae-293a7bc916fa req-ccb0f7fb-ecee-408b-90ae-293a7bc916fa ] Request (ServicesAdminTestJSON:tearDownClass): 204 DELETE http://10.180.1.21:9696/networking/v2.0/security-groups/904601c4-053e-4612-87cc-f1592c6ba28c 0.206s
2025-04-22 14:54:51.454 71128 INFO tempest.lib.common.rest_client [req-8a2bd4fa-38b9-43c1-a20a-d97a04cffad8 req-8a2bd4fa-38b9-43c1-a20a-d97a04cffad8 ] Request (HypervisorAdminNegativeTestJSON:tearDownClass): 200 GET http://10.180.1.21:9696/networking/v2.0/security-groups?tenant_id=ca76708e72e74fd781507b0850f5635c&name=default 0.305s
2025-04-22 14:54:51.473 71092 INFO tempest.lib.common.rest_client [req-c34af814-ebf8-4b3d-9368-bc566fcaba7b req-c34af814-ebf8-4b3d-9368-bc566fcaba7b ] Request (ServicesAdminTestJSON:tearDownClass): 204 DELETE http://10.180.1.21/identity/v3/projects/84be070184174c73b81810fb485e459a 0.096s
2025-04-22 14:54:51.473 71092 INFO tempest.lib.common.dynamic_creds [-] Deleting project and security group for project: 85be9cfde3ca49d7932371a6102a0e44
2025-04-22 14:54:51.651 71142 INFO tempest.lib.common.rest_client [req-f8cbe7b2-acfc-4ee6-8b46-aa753b067431 req-f8cbe7b2-acfc-4ee6-8b46-aa753b067431 ] Request (AttachInterfacesUnderV243Test:setUpClass): 201 POST http://10.180.1.21:9696/networking/v2.0/subnets 0.479s
2025-04-22 14:54:51.683 71128 INFO tempest.lib.common.rest_client [req-c744a2a2-11c7-4db3-9aa8-fcc61b35fa30 req-c744a2a2-11c7-4db3-9aa8-fcc61b35fa30 ] Request (HypervisorAdminNegativeTestJSON:tearDownClass): 204 DELETE http://10.180.1.21:9696/networking/v2.0/security-groups/4621e9cd-265f-42d7-9cc1-e3ac3e13a1bf 0.228s
2025-04-22 14:54:51.715 71092 INFO tempest.lib.common.rest_client [req-f9e9579f-eb52-4963-9e0d-4932bc66c6f5 req-f9e9579f-eb52-4963-9e0d-4932bc66c6f5 ] Request (ServicesAdminTestJSON:tearDownClass): 200 GET http://10.180.1.21:9696/networking/v2.0/security-groups?tenant_id=85be9cfde3ca49d7932371a6102a0e44&name=default 0.242s
2025-04-22 14:54:51.804 71128 INFO tempest.lib.common.rest_client [req-7a09b491-7813-4ae9-80a7-6545e89cbdae req-7a09b491-7813-4ae9-80a7-6545e89cbdae ] Request (HypervisorAdminNegativeTestJSON:tearDownClass): 204 DELETE http://10.180.1.21/identity/v3/projects/ca76708e72e74fd781507b0850f5635c 0.121s
2025-04-22 14:54:51.804 71128 INFO tempest.lib.common.dynamic_creds [-] Deleting project and security group for project: 3c1b73df97d64285b2706f850596440d
2025-04-22 14:54:52.039 71092 INFO tempest.lib.common.rest_client [req-570e80e1-ad70-45b5-991e-45818d7433d0 req-570e80e1-ad70-45b5-991e-45818d7433d0 ] Request (ServicesAdminTestJSON:tearDownClass): 204 DELETE http://10.180.1.21:9696/networking/v2.0/security-groups/770a4df0-f7c9-4a84-b1bb-24547c946fba 0.323s
2025-04-22 14:54:52.165 71128 INFO tempest.lib.common.rest_client [req-62552758-e1b8-4ba8-8b3d-d3fb47f59437 req-62552758-e1b8-4ba8-8b3d-d3fb47f59437 ] Request (HypervisorAdminNegativeTestJSON:tearDownClass): 200 GET http://10.180.1.21:9696/networking/v2.0/security-groups?tenant_id=3c1b73df97d64285b2706f850596440d&name=default 0.360s
2025-04-22 14:54:52.224 71092 INFO tempest.lib.common.rest_client [req-b0da8b68-1e22-42d5-9e8c-ff1d6171c1f2 req-b0da8b68-1e22-42d5-9e8c-ff1d6171c1f2 ] Request (ServicesAdminTestJSON:tearDownClass): 204 DELETE http://10.180.1.21/identity/v3/projects/85be9cfde3ca49d7932371a6102a0e44 0.184s
2025-04-22 14:54:52.283 71124 INFO tempest.lib.common.rest_client [req-146cd18c-78de-4fb2-8d6e-aa0a1d166de5 req-146cd18c-78de-4fb2-8d6e-aa0a1d166de5 ] Request (FloatingIPsNegativeTestJSON:setUpClass): 201 POST http://10.180.1.21:9696/networking/v2.0/subnets 1.137s
2025-04-22 14:54:52.320 71092 INFO tempest.lib.common.rest_client [req-07e6fe1d-49c7-43e5-810a-a19e3b1a1778 req-07e6fe1d-49c7-43e5-810a-a19e3b1a1778 ] Request (AbsoluteLimitsTestJSON:setUpClass): 201 POST http://10.180.1.21/identity/v3/auth/tokens 0.094s
2025-04-22 14:54:52.356 71152 INFO tempest.lib.common.rest_client [req-f0539de5-8ab1-419a-abb2-e3d8f61143f0 req-f0539de5-8ab1-419a-abb2-e3d8f61143f0 ] Request (ServersAdminTestJSON:setUpClass): 202 POST http://10.180.1.21/compute/v2.1/servers 2.870s
2025-04-22 14:54:52.371 71092 INFO tempest.lib.common.rest_client [req-48d185d2-5bb3-45f4-96b9-7fcd70a2c17e req-48d185d2-5bb3-45f4-96b9-7fcd70a2c17e ] Request (AbsoluteLimitsTestJSON:setUpClass): 201 POST http://10.180.1.21/identity/v3/auth/tokens 0.049s
2025-04-22 14:54:52.383 71104 INFO tempest.lib.common.rest_client [req-687b8eeb-deb8-40d5-8e36-04b4ce688e62 req-687b8eeb-deb8-40d5-8e36-04b4ce688e62 ] Request (FlavorsAdminTestJSON:_run_cleanups): 200 GET http://10.180.1.21/compute/v2.1/flavors/detail 2.347s
2025-04-22 14:54:52.401 71092 INFO tempest.lib.common.rest_client [req-68ab34c7-b244-41d0-bd80-af74a588e317 req-68ab34c7-b244-41d0-bd80-af74a588e317 ] Request (AbsoluteLimitsTestJSON:setUpClass): 200 GET http://10.180.1.21/identity/v3/domains?name=Default 0.029s
2025-04-22 14:54:52.411 71128 INFO tempest.lib.common.rest_client [req-c8ede5ff-1b51-427b-9c4b-0f0445149a09 req-c8ede5ff-1b51-427b-9c4b-0f0445149a09 ] Request (HypervisorAdminNegativeTestJSON:tearDownClass): 204 DELETE http://10.180.1.21:9696/networking/v2.0/security-groups/ab080395-1e00-40d7-9554-30e5f8b72965 0.245s
2025-04-22 14:54:52.423 71152 INFO tempest.lib.common.rest_client [req-b4f5b7ca-e23e-43dd-ab39-d788e21c58e5 req-b4f5b7ca-e23e-43dd-ab39-d788e21c58e5 ] Request (ServersAdminTestJSON:setUpClass): 201 POST http://10.180.1.21/identity/v3/auth/tokens 0.061s
2025-04-22 14:54:52.423 71152 INFO tempest.lib.common.fixed_network [-] (ServersAdminTestJSON:setUpClass) Found network {'id': 'e85a1162-d72f-404c-a3a9-67c31813a8b6', 'name': 'tempest-ServersAdminTestJSON-18150346-network', 'tenant_id': '59adb096eb1646839c855d5d58272471', 'admin_state_up': True, 'mtu': 8950, 'status': 'ACTIVE', 'subnets': [], 'shared': False, 'project_id': '59adb096eb1646839c855d5d58272471', 'port_security_enabled': True, 'router:external': False, 'provider:network_type': 'vlan', 'provider:physical_network': 'default', 'provider:segmentation_id': 442, 'availability_zone_hints': [], 'availability_zones': [], 'ipv4_address_scope': None, 'ipv6_address_scope': None, 'description': '', 'tags': [], 'created_at': '2025-04-22T14:54:40Z', 'updated_at': '2025-04-22T14:54:41Z', 'revision_number': 1} available for tenant
2025-04-22 14:54:52.460 71092 INFO tempest.lib.common.rest_client [req-88768b97-9996-4e16-82a1-8cb232e450ae req-88768b97-9996-4e16-82a1-8cb232e450ae ] Request (AbsoluteLimitsTestJSON:setUpClass): 201 POST http://10.180.1.21/identity/v3/projects 0.059s
2025-04-22 14:54:52.506 71130 INFO tempest.lib.common.rest_client [req-f1925cf0-3b3e-41ce-b3a9-7e07d357fd54 req-f1925cf0-3b3e-41ce-b3a9-7e07d357fd54 ] Request (ImagesDeleteNegativeTestJSON:test_delete_image_blank_id): 404 DELETE http://10.180.1.21/compute/v2.1/images/ 2.449s
2025-04-22 14:54:52.533 71092 INFO tempest.lib.common.rest_client [req-f29b15f5-91b3-4914-b15a-9a221ad7c677 req-f29b15f5-91b3-4914-b15a-9a221ad7c677 ] Request (AbsoluteLimitsTestJSON:setUpClass): 201 POST http://10.180.1.21/identity/v3/users 0.072s
2025-04-22 14:54:52.553 71128 INFO tempest.lib.common.rest_client [req-8aa7b013-ff6b-4da1-b414-9b83c0c3d3fb req-8aa7b013-ff6b-4da1-b414-9b83c0c3d3fb ] Request (HypervisorAdminNegativeTestJSON:tearDownClass): 204 DELETE http://10.180.1.21/identity/v3/projects/3c1b73df97d64285b2706f850596440d 0.142s
2025-04-22 14:54:52.555 71128 INFO tempest.test [-] raised in LiveMigrationTest.setUpClass. Invoking tearDownClass.
2025-04-22 14:54:52.592 71092 INFO tempest.lib.common.rest_client [req-59756c4e-abd1-4eec-8270-e71777c43fe0 req-59756c4e-abd1-4eec-8270-e71777c43fe0 ] Request (AbsoluteLimitsTestJSON:setUpClass): 200 GET http://10.180.1.21/identity/v3/roles 0.059s
2025-04-22 14:54:52.595 71140 INFO tempest.lib.common.rest_client [req-6cf4c42b-70e6-49d2-9b74-1c5207a23120 req-6cf4c42b-70e6-49d2-9b74-1c5207a23120 ] Request (FloatingIPsTestJSON:setUpClass): 200 PUT http://10.180.1.21:9696/networking/v2.0/routers/ee14ed24-a904-4cc0-8a69-6dfa9970a525/add_router_interface 2.151s
2025-04-22 14:54:52.596 71140 INFO tempest.lib.common.dynamic_creds [-] Created isolated network resources for: credentials: Credentials: {'domain_id': 'default', 'domain_name': 'Default', 'username': 'tempest-FloatingIPsTestJSON-103162413-project-member', 'project_domain_id': 'default', 'project_domain_name': 'Default', 'project_id': '8b2604790e864c31986a1cb0a50d7299', 'project_name': 'tempest-FloatingIPsTestJSON-103162413', 'tenant_id': '8b2604790e864c31986a1cb0a50d7299', 'tenant_name': 'tempest-FloatingIPsTestJSON-103162413', 'user_domain_id': 'default', 'user_domain_name': 'Default', 'user_id': '2c9b4114abe645e2943c944f6f9de868', 'system': None}, Network: {'id': 'f2119ce0-8a3d-4b23-ab18-c2548aa03f7c', 'name': 'tempest-FloatingIPsTestJSON-287980022-network', 'tenant_id': '8b2604790e864c31986a1cb0a50d7299', 'admin_state_up': True, 'mtu': 8950, 'status': 'ACTIVE', 'subnets': [], 'shared': False, 'project_id': '8b2604790e864c31986a1cb0a50d7299', 'port_security_enabled': True, 'router:external': False, 'provider:network_type': 'vlan', 'provider:physical_network': 'default', 'provider:segmentation_id': 935, 'availability_zone_hints': [], 'availability_zones': [], 'ipv4_address_scope': None, 'ipv6_address_scope': None, 'description': '', 'tags': [], 'created_at': '2025-04-22T14:54:48Z', 'updated_at': '2025-04-22T14:54:48Z', 'revision_number': 1}, Subnet: {'id': '0e9ca17f-9f35-4746-993a-ff713219de4b', 'name': 'tempest-FloatingIPsTestJSON-287980022-subnet', 'tenant_id': '8b2604790e864c31986a1cb0a50d7299', 'network_id': 'f2119ce0-8a3d-4b23-ab18-c2548aa03f7c', 'ip_version': 4, 'subnetpool_id': None, 'enable_dhcp': True, 'ipv6_ra_mode': None, 'ipv6_address_mode': None, 'gateway_ip': '192.168.128.1', 'cidr': '192.168.128.0/28', 'allocation_pools': [{'start': '192.168.128.2', 'end': '192.168.128.14'}], 'host_routes': [], 'dns_nameservers': [], 'description': '', 'router:external': False, 'service_types': [], 'tags': [], 'created_at': '2025-04-22T14:54:48Z', 'updated_at': '2025-04-22T14:54:48Z', 'revision_number': 0, 'project_id': '8b2604790e864c31986a1cb0a50d7299'}, Router: {'id': 'ee14ed24-a904-4cc0-8a69-6dfa9970a525', 'name': 'tempest-FloatingIPsTestJSON-287980022-router', 'tenant_id': '8b2604790e864c31986a1cb0a50d7299', 'admin_state_up': True, 'status': 'ACTIVE', 'external_gateway_info': {'network_id': 'dbd576a0-3300-491b-aa7b-6196991e9e67', 'external_fixed_ips': [{'subnet_id': 'd0655c1c-e595-4362-ad45-f309260a91bd', 'ip_address': '10.180.180.234'}], 'enable_snat': True}, 'description': '', 'availability_zones': [], 'distributed': False, 'ha': False, 'availability_zone_hints': [], 'routes': [], 'flavor_id': None, 'tags': [], 'created_at': '2025-04-22T14:54:49Z', 'updated_at': '2025-04-22T14:54:50Z', 'revision_number': 2, 'project_id': '8b2604790e864c31986a1cb0a50d7299'}
2025-04-22 14:54:52.602 71128 INFO tempest.lib.common.rest_client [req-40c58f48-b15a-4bf3-8a6b-31492685e81f req-40c58f48-b15a-4bf3-8a6b-31492685e81f ] Request (ServersAdmin275Test:setUpClass): 201 POST http://10.180.1.21/identity/v3/auth/tokens 0.044s
2025-04-22 14:54:52.632 71092 INFO tempest.lib.common.rest_client [req-730a98eb-abd4-4585-a7ce-b3dbc2c80d52 req-730a98eb-abd4-4585-a7ce-b3dbc2c80d52 ] Request (AbsoluteLimitsTestJSON:setUpClass): 204 PUT http://10.180.1.21/identity/v3/projects/bcc6a3a3ab0145509567032893f464a6/users/958bf6431c114d09818bf1dbe1d71cae/roles/7ec785deb6024ec98ec1d19446989589 0.039s
2025-04-22 14:54:52.633 71092 INFO tempest.lib.common.dynamic_creds [-] Dynamic test user 958bf6431c114d09818bf1dbe1d71cae is created with scope project and roles: ['member']
2025-04-22 14:54:52.633 71092 INFO tempest.lib.common.dynamic_creds [-] Acquired dynamic creds: credentials: Credentials: {'domain_id': 'default', 'domain_name': 'Default', 'username': 'tempest-AbsoluteLimitsTestJSON-1521871709-project-member', 'project_domain_id': 'default', 'project_domain_name': 'Default', 'project_id': 'bcc6a3a3ab0145509567032893f464a6', 'project_name': 'tempest-AbsoluteLimitsTestJSON-1521871709', 'tenant_id': 'bcc6a3a3ab0145509567032893f464a6', 'tenant_name': 'tempest-AbsoluteLimitsTestJSON-1521871709', 'user_domain_id': 'default', 'user_domain_name': 'Default', 'user_id': '958bf6431c114d09818bf1dbe1d71cae', 'system': None}, Network: None, Subnet: None, Router: None
2025-04-22 14:54:52.634 71092 INFO tempest.lib.common.dynamic_creds [-] Created isolated network resources for: credentials: Credentials: {'domain_id': 'default', 'domain_name': 'Default', 'username': 'tempest-AbsoluteLimitsTestJSON-1521871709-project-member', 'project_domain_id': 'default', 'project_domain_name': 'Default', 'project_id': 'bcc6a3a3ab0145509567032893f464a6', 'project_name': 'tempest-AbsoluteLimitsTestJSON-1521871709', 'tenant_id': 'bcc6a3a3ab0145509567032893f464a6', 'tenant_name': 'tempest-AbsoluteLimitsTestJSON-1521871709', 'user_domain_id': 'default', 'user_domain_name': 'Default', 'user_id': '958bf6431c114d09818bf1dbe1d71cae', 'system': None}, Network: None, Subnet: None, Router: None
2025-04-22 14:54:52.686 71140 INFO tempest.lib.common.rest_client [req-16887864-3a64-4258-a751-3471099b4828 req-16887864-3a64-4258-a751-3471099b4828 ] Request (FloatingIPsTestJSON:setUpClass): 201 POST http://10.180.1.21/identity/v3/auth/tokens 0.085s
2025-04-22 14:54:52.697 71128 INFO tempest.lib.common.rest_client [req-5a07971c-8700-450a-9896-0a3ad4e3e131 req-5a07971c-8700-450a-9896-0a3ad4e3e131 ] Request (ServersAdmin275Test:setUpClass): 201 POST http://10.180.1.21/identity/v3/auth/tokens 0.084s
2025-04-22 14:54:52.725 71128 INFO tempest.lib.common.rest_client [req-dbbccc2b-083d-49db-bc88-bf7dd504aceb req-dbbccc2b-083d-49db-bc88-bf7dd504aceb ] Request (ServersAdmin275Test:setUpClass): 200 GET http://10.180.1.21/identity/v3/domains?name=Default 0.027s
2025-04-22 14:54:52.753 71092 INFO tempest.lib.common.rest_client [req-447b2f49-07f9-47ef-a20f-f83400d1914e req-447b2f49-07f9-47ef-a20f-f83400d1914e ] Request (AbsoluteLimitsTestJSON:setUpClass): 201 POST http://10.180.1.21/identity/v3/auth/tokens 0.115s
2025-04-22 14:54:52.756 71128 INFO tempest.lib.common.rest_client [req-d4d3e32f-a138-4ac6-9f47-599330e4c468 req-d4d3e32f-a138-4ac6-9f47-599330e4c468 ] Request (ServersAdmin275Test:setUpClass): 201 POST http://10.180.1.21/identity/v3/projects 0.030s
2025-04-22 14:54:52.811 71128 INFO tempest.lib.common.rest_client [req-f50ac9af-cb98-4849-bfcd-0575b06f2000 req-f50ac9af-cb98-4849-bfcd-0575b06f2000 ] Request (ServersAdmin275Test:setUpClass): 201 POST http://10.180.1.21/identity/v3/users 0.054s
2025-04-22 14:54:52.831 71128 INFO tempest.lib.common.rest_client [req-6bb9993f-ce53-41cf-8b43-7c03b6fbfc23 req-6bb9993f-ce53-41cf-8b43-7c03b6fbfc23 ] Request (ServersAdmin275Test:setUpClass): 200 GET http://10.180.1.21/identity/v3/roles 0.020s
2025-04-22 14:54:52.862 71128 INFO tempest.lib.common.rest_client [req-54172df4-8d5b-4776-baca-09af92b14b73 req-54172df4-8d5b-4776-baca-09af92b14b73 ] Request (ServersAdmin275Test:setUpClass): 204 PUT http://10.180.1.21/identity/v3/projects/f80f8f52b493467c8e66772450e1668d/users/b630f2d88463491f8230a6d92c1acbfc/roles/7ec785deb6024ec98ec1d19446989589 0.031s
2025-04-22 14:54:52.862 71128 INFO tempest.lib.common.dynamic_creds [-] Dynamic test user b630f2d88463491f8230a6d92c1acbfc is created with scope project and roles: ['member']
2025-04-22 14:54:52.862 71128 INFO tempest.lib.common.dynamic_creds [-] Acquired dynamic creds: credentials: Credentials: {'domain_id': 'default', 'domain_name': 'Default', 'username': 'tempest-ServersAdmin275Test-526206190-project-member', 'project_domain_id': 'default', 'project_domain_name': 'Default', 'project_id': 'f80f8f52b493467c8e66772450e1668d', 'project_name': 'tempest-ServersAdmin275Test-526206190', 'tenant_id': 'f80f8f52b493467c8e66772450e1668d', 'tenant_name': 'tempest-ServersAdmin275Test-526206190', 'user_domain_id': 'default', 'user_domain_name': 'Default', 'user_id': 'b630f2d88463491f8230a6d92c1acbfc', 'system': None}, Network: None, Subnet: None, Router: None
2025-04-22 14:54:52.863 71128 INFO tempest.lib.common.dynamic_creds [-] Created isolated network resources for: credentials: Credentials: {'domain_id': 'default', 'domain_name': 'Default', 'username': 'tempest-ServersAdmin275Test-526206190-project-member', 'project_domain_id': 'default', 'project_domain_name': 'Default', 'project_id': 'f80f8f52b493467c8e66772450e1668d', 'project_name': 'tempest-ServersAdmin275Test-526206190', 'tenant_id': 'f80f8f52b493467c8e66772450e1668d', 'tenant_name': 'tempest-ServersAdmin275Test-526206190', 'user_domain_id': 'default', 'user_domain_name': 'Default', 'user_id': 'b630f2d88463491f8230a6d92c1acbfc', 'system': None}, Network: None, Subnet: None, Router: None
2025-04-22 14:54:52.962 71128 INFO tempest.lib.common.rest_client [req-af46cff2-37f0-406c-a1e4-f79088f99051 req-af46cff2-37f0-406c-a1e4-f79088f99051 ] Request (ServersAdmin275Test:setUpClass): 201 POST http://10.180.1.21/identity/v3/auth/tokens 0.094s
2025-04-22 14:54:53.087 71128 INFO tempest.lib.common.rest_client [req-0d5e6088-3dc7-4702-9363-57df6efe3fea req-0d5e6088-3dc7-4702-9363-57df6efe3fea ] Request (ServersAdmin275Test:setUpClass): 201 POST http://10.180.1.21/identity/v3/projects 0.124s
2025-04-22 14:54:53.164 71128 INFO tempest.lib.common.rest_client [req-03971cb2-988c-40b4-830e-71ec70e02b01 req-03971cb2-988c-40b4-830e-71ec70e02b01 ] Request (ServersAdmin275Test:setUpClass): 201 POST http://10.180.1.21/identity/v3/users 0.077s
2025-04-22 14:54:53.168 71120 INFO tempest.lib.common.rest_client [req-600e031a-8659-4a86-aed7-4b3c7877961a req-600e031a-8659-4a86-aed7-4b3c7877961a ] Request (SecurityGroupRulesTestJSON:test_security_group_rules_delete_when_peer_group_deleted): 202 DELETE http://10.180.1.21/compute/v2.1/os-security-groups/8e5a17b6-8577-411e-8b8e-2ae7d0d8a283 3.070s
2025-04-22 14:54:53.198 71118 INFO tempest.lib.common.rest_client [req-659509e4-15eb-4e95-a081-72d6b8a39516 req-659509e4-15eb-4e95-a081-72d6b8a39516 ] Request (HostsAdminTestJSON:test_show_host_detail): 200 GET http://10.180.1.21/compute/v2.1/os-hosts 3.071s
2025-04-22 14:54:53.198 71128 INFO tempest.lib.common.rest_client [req-07bdcbd2-110e-488c-b6ea-7b0a36db080a req-07bdcbd2-110e-488c-b6ea-7b0a36db080a ] Request (ServersAdmin275Test:setUpClass): 200 GET http://10.180.1.21/identity/v3/roles 0.033s
2025-04-22 14:54:53.229 71114 INFO tempest.lib.common.rest_client [req-1bcc1c98-d2af-4e97-90b9-658f4f53f7fc req-1bcc1c98-d2af-4e97-90b9-658f4f53f7fc ] Request (AggregatesAdminNegativeTestJSON:_run_cleanups): 200 DELETE http://10.180.1.21/compute/v2.1/os-aggregates/2 3.028s
2025-04-22 14:54:53.240 71128 INFO tempest.lib.common.rest_client [req-3d10ec19-85d2-4e39-ad37-ee6614830507 req-3d10ec19-85d2-4e39-ad37-ee6614830507 ] Request (ServersAdmin275Test:setUpClass): 204 PUT http://10.180.1.21/identity/v3/projects/d81304c11cdf4e94aff032315eca2189/users/3cd6d0540e36493ab2d28eb96ae60590/roles/6473c21af5c944e2b0e50e77cf53afa0 0.040s
2025-04-22 14:54:53.250 71132 INFO tempest.lib.common.rest_client [req-9b718d40-12f3-4989-b94d-cd678d902f9c req-9b718d40-12f3-4989-b94d-cd678d902f9c ] Request (FlavorsAccessNegativeTestJSON:_run_cleanups): 202 DELETE http://10.180.1.21/compute/v2.1/flavors/1948802176 2.928s
2025-04-22 14:54:53.329 71128 INFO tempest.lib.common.rest_client [req-add2b5e0-4332-42ff-9834-d6f99365b475 req-add2b5e0-4332-42ff-9834-d6f99365b475 ] Request (ServersAdmin275Test:setUpClass): 200 GET http://10.180.1.21/identity/v3/roles 0.088s
2025-04-22 14:54:53.348 71128 INFO tempest.lib.common.rest_client [req-87b6b077-85e7-4154-9ce3-5d3883569fc6 req-87b6b077-85e7-4154-9ce3-5d3883569fc6 ] Request (ServersAdmin275Test:setUpClass): 204 PUT http://10.180.1.21/identity/v3/projects/d81304c11cdf4e94aff032315eca2189/users/3cd6d0540e36493ab2d28eb96ae60590/roles/6473c21af5c944e2b0e50e77cf53afa0 0.019s
2025-04-22 14:54:53.349 71128 INFO tempest.lib.common.dynamic_creds [-] Dynamic test user 3cd6d0540e36493ab2d28eb96ae60590 is created with scope project and roles: ['admin']
2025-04-22 14:54:53.350 71128 INFO tempest.lib.common.dynamic_creds [-] Acquired dynamic creds: credentials: Credentials: {'domain_id': 'default', 'domain_name': 'Default', 'username': 'tempest-ServersAdmin275Test-1874705767-project-admin', 'project_domain_id': 'default', 'project_domain_name': 'Default', 'project_id': 'd81304c11cdf4e94aff032315eca2189', 'project_name': 'tempest-ServersAdmin275Test-1874705767', 'tenant_id': 'd81304c11cdf4e94aff032315eca2189', 'tenant_name': 'tempest-ServersAdmin275Test-1874705767', 'user_domain_id': 'default', 'user_domain_name': 'Default', 'user_id': '3cd6d0540e36493ab2d28eb96ae60590', 'system': None}, Network: None, Subnet: None, Router: None
2025-04-22 14:54:53.350 71128 INFO tempest.lib.common.dynamic_creds [-] Created isolated network resources for: credentials: Credentials: {'domain_id': 'default', 'domain_name': 'Default', 'username': 'tempest-ServersAdmin275Test-1874705767-project-admin', 'project_domain_id': 'default', 'project_domain_name': 'Default', 'project_id': 'd81304c11cdf4e94aff032315eca2189', 'project_name': 'tempest-ServersAdmin275Test-1874705767', 'tenant_id': 'd81304c11cdf4e94aff032315eca2189', 'tenant_name': 'tempest-ServersAdmin275Test-1874705767', 'user_domain_id': 'default', 'user_domain_name': 'Default', 'user_id': '3cd6d0540e36493ab2d28eb96ae60590', 'system': None}, Network: None, Subnet: None, Router: None
2025-04-22 14:54:53.410 71134 INFO tempest.lib.common.rest_client [req-fef02f96-4b58-4a76-92bc-02e03fc08402 req-fef02f96-4b58-4a76-92bc-02e03fc08402 ] Request (FloatingIPDetailsTestJSON:setUpClass): 200 POST http://10.180.1.21/compute/v2.1/os-floating-ips 3.391s
2025-04-22 14:54:53.428 71138 INFO tempest.lib.common.rest_client [req-df282172-826d-4db8-a58c-a1bf44cd50e1 req-df282172-826d-4db8-a58c-a1bf44cd50e1 ] Request (HostsAdminNegativeTestJSON:test_shutdown_nonexistent_host): 404 GET http://10.180.1.21/compute/v2.1/os-hosts/nonexistent_hostname/shutdown 3.062s
2025-04-22 14:54:53.430 71142 INFO tempest.lib.common.rest_client [req-7e312cc8-4af0-4e49-aba6-993341ba442f req-7e312cc8-4af0-4e49-aba6-993341ba442f ] Request (AttachInterfacesUnderV243Test:setUpClass): 201 POST http://10.180.1.21:9696/networking/v2.0/routers 1.779s
2025-04-22 14:54:53.434 71096 INFO tempest.lib.common.rest_client [req-21905097-964c-4f65-94b3-4cc5059b4f23 req-21905097-964c-4f65-94b3-4cc5059b4f23 ] Request (ImagesMetadataTestJSON:setUp): 200 PUT http://10.180.1.21/compute/v2.1/images/65113ce7-d41e-415b-a14c-0c242d4f2aed/metadata 3.076s
2025-04-22 14:54:53.440 71128 INFO tempest.lib.common.rest_client [req-748a1046-fa86-461d-b0c4-152dea4c5a08 req-748a1046-fa86-461d-b0c4-152dea4c5a08 ] Request (ServersAdmin275Test:setUpClass): 201 POST http://10.180.1.21/identity/v3/auth/tokens 0.087s
2025-04-22 14:54:53.509 71146 INFO tempest.lib.common.rest_client [req-5f254513-d298-4662-a5eb-7009182916df req-5f254513-d298-4662-a5eb-7009182916df ] Request (ServersTestJSON:setUpClass): 201 POST http://10.180.1.21:9696/networking/v2.0/routers 2.479s
2025-04-22 14:54:53.514 71128 INFO tempest.lib.common.rest_client [req-78adbfc1-32f9-4e7a-9ce7-4082ce35ab98 req-78adbfc1-32f9-4e7a-9ce7-4082ce35ab98 ] Request (ServersAdmin275Test:test_rebuild_update_server_275): 201 POST http://10.180.1.21/identity/v3/auth/tokens 0.067s
2025-04-22 14:54:53.514 71128 INFO tempest.lib.common.fixed_network [-] (ServersAdmin275Test:test_rebuild_update_server_275) Found network None available for tenant
2025-04-22 14:54:53.589 71148 INFO tempest.lib.common.rest_client [req-6d295058-46e6-440c-bb00-8d0d6d8e4037 req-6d295058-46e6-440c-bb00-8d0d6d8e4037 ] Request (ServerExternalEventsTest:test_create_server_external_events): 200 GET http://10.180.1.21/compute/v2.1/servers/83538412-4fec-423a-a1b6-6ca64adb08c1 2.993s
2025-04-22 14:54:53.594 71094 INFO tempest.lib.common.rest_client [req-cae1e9ff-c99a-4342-b21d-2c6228c75582 req-cae1e9ff-c99a-4342-b21d-2c6228c75582 ] Request (DeleteServersAdminTestJSON:test_admin_delete_servers_of_others): 200 GET http://10.180.1.21/compute/v2.1/servers/70ce063e-56ee-49cf-812c-65355126beac 3.102s
2025-04-22 14:54:53.613 71126 INFO tempest.lib.common.rest_client [req-406bc994-0d9f-47c7-b599-7a175e40cc12 req-406bc994-0d9f-47c7-b599-7a175e40cc12 ] Request (FlavorsAccessTestJSON:_run_cleanups): 202 DELETE http://10.180.1.21/compute/v2.1/flavors/1091035850 2.869s
2025-04-22 14:54:53.670 71090 INFO tempest.lib.common.rest_client [req-e6842e76-16ef-42bc-8b5b-a403017962d2 req-e6842e76-16ef-42bc-8b5b-a403017962d2 ] Request (QuotaClassesAdminTestJSON:_run_cleanups): 200 PUT http://10.180.1.21/compute/v2.1/os-quota-class-sets/default 2.908s
2025-04-22 14:54:53.709 71112 INFO tempest.lib.common.rest_client [req-6ddf61a4-0620-485f-a95c-38e8b96b0ea9 req-6ddf61a4-0620-485f-a95c-38e8b96b0ea9 ] Request (ValidationResourcesFixture:setUp): 200 POST http://10.180.1.21/compute/v2.1/os-keypairs 2.825s
2025-04-22 14:54:53.744 71108 INFO tempest.lib.common.rest_client [req-9bf0e57d-a7e3-42a2-afb7-2e2a0d496298 req-9bf0e57d-a7e3-42a2-afb7-2e2a0d496298 ] Request (ServerGroupTestJSON:test_create_delete_multiple_server_groups_with_same_name_policy): 204 DELETE http://10.180.1.21/compute/v2.1/os-server-groups/1ebd1328-08bb-45ff-9de0-8f8878d42809 2.839s
2025-04-22 14:54:53.781 71122 INFO tempest.lib.common.rest_client [req-0e942d3a-dfce-453b-9b24-e610294e7a46 req-0e942d3a-dfce-453b-9b24-e610294e7a46 ] Request (QuotasAdminNegativeTest:test_create_server_when_memory_quota_is_full): 200 PUT http://10.180.1.21/compute/v2.1/os-quota-sets/8b2ae9304f294c0d95e79bcb69406d51 3.057s
2025-04-22 14:54:53.783 71136 INFO tempest.lib.common.rest_client [req-9b14463b-ee53-409b-8b25-657e50b1f951 req-9b14463b-ee53-409b-8b25-657e50b1f951 ] Request (QuotasAdminTestV257:test_get_updated_quotas): 200 GET http://10.180.1.21/identity/v3/domains?name=Default 0.086s
2025-04-22 14:54:53.855 71124 INFO tempest.lib.common.rest_client [req-a201d785-f98a-4a90-8ce1-4345281927b0 req-a201d785-f98a-4a90-8ce1-4345281927b0 ] Request (FloatingIPsNegativeTestJSON:setUpClass): 201 POST http://10.180.1.21:9696/networking/v2.0/routers 1.571s
2025-04-22 14:54:53.856 71150 INFO tempest.lib.common.rest_client [req-b9fd0bb2-9411-4cff-b119-24992d7ae9e7 req-b9fd0bb2-9411-4cff-b119-24992d7ae9e7 ] Request (ServicesAdminNegativeV253TestJSON:test_list_services_with_non_admin_user): 403 GET http://10.180.1.21/compute/v2.1/os-services 2.923s
2025-04-22 14:54:53.882 71090 INFO tempest.lib.common.rest_client [req-2761429e-4918-46b7-9cbc-41c6b7053331 req-2761429e-4918-46b7-9cbc-41c6b7053331 ] Request (QuotaClassesAdminTestJSON:tearDownClass): 204 DELETE http://10.180.1.21/identity/v3/users/5bcfbaf84bf745c2ba3b49586645481e 0.202s
2025-04-22 14:54:53.914 71136 INFO tempest.lib.common.rest_client [req-85503dda-73d3-4216-b83d-02d976cf496d req-85503dda-73d3-4216-b83d-02d976cf496d ] Request (QuotasAdminTestV257:test_get_updated_quotas): 201 POST http://10.180.1.21/identity/v3/projects 0.130s
2025-04-22 14:54:53.943 71122 INFO tempest.lib.common.rest_client [req-f6700248-23b0-4217-b43f-7b9bff3f6eac req-f6700248-23b0-4217-b43f-7b9bff3f6eac ] Request (QuotasAdminNegativeTest:test_create_server_when_memory_quota_is_full): 201 POST http://10.180.1.21/identity/v3/auth/tokens 0.156s
2025-04-22 14:54:53.943 71122 INFO tempest.lib.common.fixed_network [-] (QuotasAdminNegativeTest:test_create_server_when_memory_quota_is_full) Found network None available for tenant
2025-04-22 14:54:53.972 71112 INFO tempest.lib.common.rest_client [req-7e201166-5311-465a-a145-1ebe9f9e15fc req-7e201166-5311-465a-a145-1ebe9f9e15fc ] Request (ValidationResourcesFixture:setUp): 201 POST http://10.180.1.21:9696/networking/v2.0/security-groups 0.261s
2025-04-22 14:54:54.002 71150 INFO tempest.lib.common.rest_client [req-839d44ad-d94b-4306-80cb-b30793ce74d9 req-839d44ad-d94b-4306-80cb-b30793ce74d9 ] Request (ServicesAdminNegativeV253TestJSON:tearDownClass): 204 DELETE http://10.180.1.21/identity/v3/users/d1c19c61f38a44ec92fd1ad25921a3e8 0.145s
2025-04-22 14:54:54.027 71090 INFO tempest.lib.common.rest_client [req-7954490d-1882-44f8-ba34-dd040a0a50e1 req-7954490d-1882-44f8-ba34-dd040a0a50e1 ] Request (QuotaClassesAdminTestJSON:tearDownClass): 204 DELETE http://10.180.1.21/identity/v3/users/e08ef0ea7fe3445585fca4be928a8c2b 0.144s
2025-04-22 14:54:54.027 71090 INFO tempest.lib.common.dynamic_creds [-] Deleting project and security group for project: 58298b0099924270b2b23440c8cfa7d6
2025-04-22 14:54:54.092 71116 INFO tempest.lib.common.rest_client [req-8220e954-fbe0-43a2-ae8b-415b319e5ca3 req-8220e954-fbe0-43a2-ae8b-415b319e5ca3 ] Request (SecurityGroupsTestJSON:test_list_security_groups_by_server): 200 GET http://10.180.1.21/compute/v2.1/servers/ab058a0c-20a3-49df-b50e-dc3a657ba8e8 2.870s
2025-04-22 14:54:54.101 71116 INFO tempest.common.waiters [-] State transition "BUILD/networking" ==> "BUILD/spawning" after 14 second wait
2025-04-22 14:54:54.116 71136 INFO tempest.lib.common.rest_client [req-7a9e4765-3a25-4d82-8740-e55696ae3400 req-7a9e4765-3a25-4d82-8740-e55696ae3400 ] Request (QuotasAdminTestV257:test_get_updated_quotas): 200 GET http://10.180.1.21/identity/v3/domains?name=Default 0.201s
2025-04-22 14:54:54.128 71102 INFO tempest.lib.common.rest_client [req-be05f676-2f04-41bc-8d37-bfd1f947c699 req-be05f676-2f04-41bc-8d37-bfd1f947c699 ] Request (SecurityGroupsTestAdminJSON:_run_cleanups): 202 DELETE http://10.180.1.21/compute/v2.1/os-security-groups/0eead929-1475-48db-9484-023de9a1c75c 3.101s
2025-04-22 14:54:54.184 71150 INFO tempest.lib.common.rest_client [req-9d34b394-b482-4e27-9cc2-10900b6cd0e8 req-9d34b394-b482-4e27-9cc2-10900b6cd0e8 ] Request (ServicesAdminNegativeV253TestJSON:tearDownClass): 204 DELETE http://10.180.1.21/identity/v3/users/dc91f99c77474734864fad46c2e030cd 0.181s
2025-04-22 14:54:54.186 71150 INFO tempest.lib.common.dynamic_creds [-] Deleting project and security group for project: cd15bd8c5b1b47f384f8af5e0e7fae38
2025-04-22 14:54:54.194 71090 INFO tempest.lib.common.rest_client [req-2187420b-e22f-4b3c-ba12-a51d7eda56ab req-2187420b-e22f-4b3c-ba12-a51d7eda56ab ] Request (QuotaClassesAdminTestJSON:tearDownClass): 201 POST http://10.180.1.21/identity/v3/auth/tokens 0.167s
2025-04-22 14:54:54.197 71112 INFO tempest.lib.common.rest_client [req-015da142-9337-43dd-8a74-abbf20c23a82 req-015da142-9337-43dd-8a74-abbf20c23a82 ] Request (ValidationResourcesFixture:setUp): 201 POST http://10.180.1.21:9696/networking/v2.0/security-group-rules 0.225s
2025-04-22 14:54:54.216 71144 INFO tempest.lib.common.rest_client [req-fe289ee7-ee52-4f1e-aa82-b612fe19431d req-fe289ee7-ee52-4f1e-aa82-b612fe19431d ] Request (ServerDiagnosticsV248Test:test_get_server_diagnostics): 200 GET http://10.180.1.21/compute/v2.1/servers/fa1783ff-62b1-43cc-9d7c-897a04199c1b 2.899s
2025-04-22 14:54:54.243 71098 INFO tempest.lib.common.rest_client [req-d66d6774-65e3-4eac-bce2-40b68cc1349a req-d66d6774-65e3-4eac-bce2-40b68cc1349a ] Request (NetworksTest:test_get_network): 200 GET http://10.180.1.21/compute/v2.1/os-networks/dbd576a0-3300-491b-aa7b-6196991e9e67 2.902s
2025-04-22 14:54:54.249 71150 INFO tempest.lib.common.rest_client [req-5ee060d5-4f8c-4c9a-af07-e25f5e911ef5 req-5ee060d5-4f8c-4c9a-af07-e25f5e911ef5 ] Request (ServicesAdminNegativeV253TestJSON:tearDownClass): 201 POST http://10.180.1.21/identity/v3/auth/tokens 0.063s
2025-04-22 14:54:54.309 71102 INFO tempest.lib.common.rest_client [req-48176146-572e-4534-87e5-8c1fa54df6a0 req-48176146-572e-4534-87e5-8c1fa54df6a0 ] Request (SecurityGroupsTestAdminJSON:tearDownClass): 204 DELETE http://10.180.1.21/identity/v3/users/0a5bbbfe3ab842ab9ab4ae5e341216c3 0.174s
2025-04-22 14:54:54.433 71102 INFO tempest.lib.common.rest_client [req-114a5cc3-be4e-450e-ae6b-2ea5a2cd5791 req-114a5cc3-be4e-450e-ae6b-2ea5a2cd5791 ] Request (SecurityGroupsTestAdminJSON:tearDownClass): 204 DELETE http://10.180.1.21/identity/v3/users/3cfd9756ed994faaaf3696c155302b1f 0.124s
2025-04-22 14:54:54.434 71102 INFO tempest.lib.common.dynamic_creds [-] Deleting project and security group for project: b8a145cf693749139b6c2d7948726558
2025-04-22 14:54:54.500 71102 INFO tempest.lib.common.rest_client [req-25d05b80-64f1-4358-ad24-d94a8ce3bfee req-25d05b80-64f1-4358-ad24-d94a8ce3bfee ] Request (SecurityGroupsTestAdminJSON:tearDownClass): 201 POST http://10.180.1.21/identity/v3/auth/tokens 0.066s
2025-04-22 14:54:54.549 71112 INFO tempest.lib.common.rest_client [req-456f13b9-e9ad-4c34-bfb0-4f908468c176 req-456f13b9-e9ad-4c34-bfb0-4f908468c176 ] Request (ValidationResourcesFixture:setUp): 201 POST http://10.180.1.21:9696/networking/v2.0/security-group-rules 0.351s
2025-04-22 14:54:54.781 71102 INFO tempest.lib.common.rest_client [req-fc06cce0-40c8-497e-98f8-3a7bc3e75aec req-fc06cce0-40c8-497e-98f8-3a7bc3e75aec ] Request (SecurityGroupsTestAdminJSON:tearDownClass): 200 GET http://10.180.1.21:9696/networking/v2.0/security-groups?tenant_id=b8a145cf693749139b6c2d7948726558&name=default 0.280s
2025-04-22 14:54:54.788 71150 INFO tempest.lib.common.rest_client [req-136922ca-6c4f-4c8c-a04a-590e9ed91032 req-136922ca-6c4f-4c8c-a04a-590e9ed91032 ] Request (ServicesAdminNegativeV253TestJSON:tearDownClass): 200 GET http://10.180.1.21:9696/networking/v2.0/security-groups?tenant_id=cd15bd8c5b1b47f384f8af5e0e7fae38&name=default 0.538s
2025-04-22 14:54:54.790 71110 INFO tempest.lib.common.rest_client [req-07d0c6f1-dc26-4f4c-8f8a-bf968d2eaea3 req-07d0c6f1-dc26-4f4c-8f8a-bf968d2eaea3 ] Request (ImagesOneServerNegativeTestJSON:setUpClass): 200 GET http://10.180.1.21/compute/v2.1/servers/3980108e-fa0a-4bd7-a018-a8d4c5c0888f 3.019s
2025-04-22 14:54:54.830 71090 INFO tempest.lib.common.rest_client [req-d070d6ca-3491-4c8c-b618-b4017c82d9e0 req-d070d6ca-3491-4c8c-b618-b4017c82d9e0 ] Request (QuotaClassesAdminTestJSON:tearDownClass): 200 GET http://10.180.1.21:9696/networking/v2.0/security-groups?tenant_id=58298b0099924270b2b23440c8cfa7d6&name=default 0.636s
2025-04-22 14:54:54.852 71106 INFO tempest.lib.common.rest_client [req-44a631d6-7c57-4b61-9e73-5a27312ee219 req-44a631d6-7c57-4b61-9e73-5a27312ee219 ] Request (ServerDiagnosticsTest:test_get_server_diagnostics): 200 GET http://10.180.1.21/compute/v2.1/servers/98f6c832-feaf-48f9-ac5f-5b45e870598f 3.416s
2025-04-22 14:54:54.872 71104 INFO tempest.lib.common.rest_client [req-28efd42c-4b50-42a9-96a8-9d0e18885887 req-28efd42c-4b50-42a9-96a8-9d0e18885887 ] Request (FlavorsAdminTestJSON:test_create_flavor_with_none_id): 200 POST http://10.180.1.21/compute/v2.1/flavors 2.483s
2025-04-22 14:54:54.892 71100 INFO tempest.lib.common.rest_client [req-5e2f83c9-1a47-47b8-8e58-25456d7937ab req-5e2f83c9-1a47-47b8-8e58-25456d7937ab ] Request (VolumesAssistedSnapshotsTest:test_volume_assisted_snapshot_create_delete): 200 GET http://10.180.1.21/compute/v2.1/servers/d0f6ab95-8ecf-425d-b7db-d09f93283245 3.038s
2025-04-22 14:54:54.908 71100 INFO tempest.common.waiters [-] State transition "BUILD/None" ==> "BUILD/networking" after 4 second wait
2025-04-22 14:54:54.920 71130 INFO tempest.lib.common.rest_client [req-adf02a36-f38b-4c24-9754-f10c3f9615e6 req-adf02a36-f38b-4c24-9754-f10c3f9615e6 ] Request (ImagesDeleteNegativeTestJSON:test_delete_image_negative_image_id): 404 DELETE http://10.180.1.21/compute/v2.1/images/-1 2.413s
2025-04-22 14:54:55.087 71102 INFO tempest.lib.common.rest_client [req-eff37c97-1f29-484c-a225-fda93e3e2e5b req-eff37c97-1f29-484c-a225-fda93e3e2e5b ] Request (SecurityGroupsTestAdminJSON:tearDownClass): 204 DELETE http://10.180.1.21:9696/networking/v2.0/security-groups/d8eeee93-71aa-4f6a-9620-60ae9f244865 0.306s
2025-04-22 14:54:55.172 71102 INFO tempest.lib.common.rest_client [req-0b35107a-c6b2-4210-8547-0fc3b3a93b89 req-0b35107a-c6b2-4210-8547-0fc3b3a93b89 ] Request (SecurityGroupsTestAdminJSON:tearDownClass): 204 DELETE http://10.180.1.21/identity/v3/projects/b8a145cf693749139b6c2d7948726558 0.084s
2025-04-22 14:54:55.173 71102 INFO tempest.lib.common.dynamic_creds [-] Deleting project and security group for project: cb258cf91adf41fe994826e8a0924b86
2025-04-22 14:54:55.262 71150 INFO tempest.lib.common.rest_client [req-d3e3af91-d926-4591-96bd-f46b68736811 req-d3e3af91-d926-4591-96bd-f46b68736811 ] Request (ServicesAdminNegativeV253TestJSON:tearDownClass): 204 DELETE http://10.180.1.21:9696/networking/v2.0/security-groups/4799bc89-e4ee-4aa1-8e80-d2360b9d4fda 0.473s
2025-04-22 14:54:55.327 71090 INFO tempest.lib.common.rest_client [req-bfd6a5aa-e9f8-456e-8f7d-f502e540c0fb req-bfd6a5aa-e9f8-456e-8f7d-f502e540c0fb ] Request (QuotaClassesAdminTestJSON:tearDownClass): 204 DELETE http://10.180.1.21:9696/networking/v2.0/security-groups/ace2d94a-2905-4e1f-8203-a1fe65c2a058 0.496s
2025-04-22 14:54:55.336 71102 INFO tempest.lib.common.rest_client [req-81f6edb3-f88a-4a95-b706-f8c5e9c0b995 req-81f6edb3-f88a-4a95-b706-f8c5e9c0b995 ] Request (SecurityGroupsTestAdminJSON:tearDownClass): 200 GET http://10.180.1.21:9696/networking/v2.0/security-groups?tenant_id=cb258cf91adf41fe994826e8a0924b86&name=default 0.162s
2025-04-22 14:54:55.375 71150 INFO tempest.lib.common.rest_client [req-55f556d3-11d6-4260-b1af-fbb057bd3f91 req-55f556d3-11d6-4260-b1af-fbb057bd3f91 ] Request (ServicesAdminNegativeV253TestJSON:tearDownClass): 204 DELETE http://10.180.1.21/identity/v3/projects/cd15bd8c5b1b47f384f8af5e0e7fae38 0.113s
2025-04-22 14:54:55.376 71150 INFO tempest.lib.common.dynamic_creds [-] Deleting project and security group for project: b40aca25597b45b6acc2ee2699207542
2025-04-22 14:54:55.421 71090 INFO tempest.lib.common.rest_client [req-c8f628dc-75d6-45fe-9f22-42944eb50ae3 req-c8f628dc-75d6-45fe-9f22-42944eb50ae3 ] Request (QuotaClassesAdminTestJSON:tearDownClass): 204 DELETE http://10.180.1.21/identity/v3/projects/58298b0099924270b2b23440c8cfa7d6 0.094s
2025-04-22 14:54:55.421 71090 INFO tempest.lib.common.dynamic_creds [-] Deleting project and security group for project: d1bcc879a478459c9305d9e0e49fe05d
2025-04-22 14:54:55.635 71102 INFO tempest.lib.common.rest_client [req-a660b76b-5a7f-4c67-8ef8-8680d61cdfa2 req-a660b76b-5a7f-4c67-8ef8-8680d61cdfa2 ] Request (SecurityGroupsTestAdminJSON:tearDownClass): 204 DELETE http://10.180.1.21:9696/networking/v2.0/security-groups/ecf69403-5f12-4c43-bdf9-0c0586accd1a 0.299s
2025-04-22 14:54:55.785 71102 INFO tempest.lib.common.rest_client [req-6e54cf02-4247-4d9e-ab25-d0199c458136 req-6e54cf02-4247-4d9e-ab25-d0199c458136 ] Request (SecurityGroupsTestAdminJSON:tearDownClass): 204 DELETE http://10.180.1.21/identity/v3/projects/cb258cf91adf41fe994826e8a0924b86 0.150s
