2025-04-24 10:26:43.559 70002 INFO tempest.lib.common.rest_client [req-a9b1a7c9-06f6-4f0e-a8bf-7c50ffd60337 req-a9b1a7c9-06f6-4f0e-a8bf-7c50ffd60337 ] Request (ImagesTestJSON:test_create_image_from_suspended_server): 200 GET http://10.180.1.21/compute/v2.1/servers/4170a779-a76c-494e-9ae9-6ba53cb4357f 0.903s
2025-04-24 10:26:43.615 69992 INFO tempest.lib.common.rest_client [req-6ad4b0de-7571-4080-8c2c-891205a8bc18 req-6ad4b0de-7571-4080-8c2c-891205a8bc18 ] Request (DeleteServersTestJSON:test_delete_active_server): 200 GET http://10.180.1.21/compute/v2.1/servers/b95c4b0b-dd10-4046-9959-f2c6b36cabe0 0.882s
2025-04-24 10:26:43.687 70004 INFO tempest.lib.common.rest_client [req-8f700b3f-5986-4f3f-841c-4a1b4c46624c req-8f700b3f-5986-4f3f-841c-4a1b4c46624c ] Request (ServersAdminTestJSON:test_inject_network_info): 200 GET http://10.180.1.21/compute/v2.1/servers/e55e3bd1-6f5a-4aee-bfe2-638ec2c3987b 0.944s
2025-04-24 10:26:43.707 70020 INFO tempest.lib.common.rest_client [req-bd5a99bb-7d73-44f8-bc5a-85f21f2e5c53 req-bd5a99bb-7d73-44f8-bc5a-85f21f2e5c53 ] Request (ServersV294TestFqdnHostnames:setUpClass): 200 GET http://10.180.1.21/compute/v2.1/servers/03afb7d6-186a-4fce-a004-003937329ff2 1.028s
2025-04-24 10:26:43.782 69978 INFO tempest.lib.common.rest_client [req-d866e3ac-49aa-459c-9272-3f435a3f0669 req-d866e3ac-49aa-459c-9272-3f435a3f0669 ] Request (ListImageFiltersTestJSON:setUpClass): 200 GET http://10.180.1.21/compute/v2.1/servers/4ab390b7-fcfd-4038-b598-84235013de2b 0.895s
2025-04-24 10:26:43.784 70030 INFO tempest.lib.common.rest_client [req-da9ccb13-8916-4eab-b63c-337e8803376f req-da9ccb13-8916-4eab-b63c-337e8803376f ] Request (ServerShowV254Test:tearDownClass): 200 GET http://10.180.1.21/compute/v2.1/servers/dacb9dae-a6a0-4795-a7a9-da7c5a238af0 0.951s
2025-04-24 10:26:43.860 69984 INFO tempest.lib.common.rest_client [req-7aa1faf5-4f36-40a1-8b40-089e70c22553 req-7aa1faf5-4f36-40a1-8b40-089e70c22553 ] Request (ServerActionsTestOtherB:setUpClass): 200 GET http://10.180.1.21/compute/v2.1/servers/ae154727-5f48-4e34-8b19-0d9bfce788c8 0.914s
2025-04-24 10:26:43.882 69980 INFO tempest.lib.common.rest_client [req-1615b52e-7397-4fd5-8217-710e18dc184a req-1615b52e-7397-4fd5-8217-710e18dc184a ] Request (ServersListShow2100Test:test_list_show_rebuild_update_server_2100): 200 GET http://10.180.1.21/compute/v2.1/servers/c6ba11b4-3636-4fda-8951-0eb9122d458d 0.868s
2025-04-24 10:26:43.899 69980 INFO tempest.common.waiters [-] State transition "REBUILD/rebuilding" ==> "REBUILD/rebuild_spawning" after 3 second wait
2025-04-24 10:26:43.937 70022 INFO tempest.lib.common.rest_client [req-d87efb15-3e7f-4d42-822a-78731cefe926 req-d87efb15-3e7f-4d42-822a-78731cefe926 ] Request (AttachInterfacesTestJSON:test_create_list_show_delete_interfaces_by_network_port): 200 GET http://10.180.1.21/compute/v2.1/servers/bba29867-afd7-402e-a8c9-811b22dced76 0.857s
2025-04-24 10:26:43.943 70000 INFO tempest.lib.common.rest_client [req-56c16cf5-aff7-4938-b749-0cc333f038ae req-56c16cf5-aff7-4938-b749-0cc333f038ae ] Request (ServersTestMultiNic:test_verify_duplicate_network_nics): 200 GET http://10.180.1.21/compute/v2.1/servers/2431c213-29d6-4438-aa3b-dc3e888dd5bc 0.782s
2025-04-24 10:26:44.016 69974 INFO tempest.lib.common.rest_client [req-0867edcf-5ed9-499e-916f-0cb089102946 req-0867edcf-5ed9-499e-916f-0cb089102946 ] Request (ListServersNegativeTestJSON:setUpClass): 200 GET http://10.180.1.21/compute/v2.1/servers/b58f7515-3ef3-4adc-9c45-5d4cc9412570 0.518s
2025-04-24 10:26:44.076 70012 INFO tempest.lib.common.rest_client [req-54854a15-237a-44ff-ac22-f10236e6f3de req-54854a15-237a-44ff-ac22-f10236e6f3de ] Request (ServerRescueTestJSON:setUpClass): 200 GET http://10.180.1.21/compute/v2.1/servers/c313d34f-a527-4c11-b136-f11072822afa 0.494s
2025-04-24 10:26:44.089 69970 INFO tempest.lib.common.rest_client [req-7d47c5bf-b259-4fcd-920f-7f1284aa78db req-7d47c5bf-b259-4fcd-920f-7f1284aa78db ] Request (VolumesAdminNegativeTest:test_update_attached_volume_with_nonexistent_volume_in_body): 200 GET http://10.180.1.21/compute/v2.1/servers/1338ffea-5424-495c-89d4-425e55ee7874 0.700s
2025-04-24 10:26:44.096 70014 INFO tempest.lib.common.rest_client [req-d14ba670-f137-4219-8a1a-2465664701bd req-d14ba670-f137-4219-8a1a-2465664701bd ] Request (ServerShowV247Test:tearDownClass): 404 GET http://10.180.1.21/compute/v2.1/servers/3a635f02-cf12-43d8-914e-763990cfb5b8 0.415s
2025-04-24 10:26:44.101 69970 INFO tempest.common.waiters [-] State transition "BUILD/spawning" ==> "ACTIVE/None" after 82 second wait
2025-04-24 10:26:44.185 70014 INFO tempest.lib.common.rest_client [req-2e1cba04-c2f5-4cb8-9b87-042b41577839 req-2e1cba04-c2f5-4cb8-9b87-042b41577839 ] Request (ServerShowV247Test:tearDownClass): 204 DELETE http://10.180.1.21/identity/v3/users/d2d1f4cf73e34ef78c933cfe446d0c73 0.088s
2025-04-24 10:26:44.195 69990 INFO tempest.lib.common.rest_client [req-6578ada5-f4d6-4b2a-9bff-bb5c3a459fb3 req-6578ada5-f4d6-4b2a-9bff-bb5c3a459fb3 ] Request (ServerDiskConfigTestJSON:setUpClass): 201 POST http://10.180.1.21:9696/networking/v2.0/networks 0.790s
2025-04-24 10:26:44.257 69970 INFO tempest.lib.common.rest_client [req-292c5d54-84eb-42fe-862a-7c426c225791 req-292c5d54-84eb-42fe-862a-7c426c225791 ] Request (VolumesAdminNegativeTest:test_update_attached_volume_with_nonexistent_volume_in_body): 200 GET http://10.180.1.21/compute/v2.1/servers/1338ffea-5424-495c-89d4-425e55ee7874/os-interface 0.156s
2025-04-24 10:26:44.268 70026 INFO tempest.lib.common.rest_client [req-84c7e4b6-68ca-4b22-9d75-8ff5eeaee440 req-84c7e4b6-68ca-4b22-9d75-8ff5eeaee440 ] Request (MigrationsAdminTest:test_list_migrations_in_flavor_resize_situation): 200 GET http://10.180.1.21/compute/v2.1/servers/76d87d9d-6121-4a3d-b7b2-4a75770ba2ab 0.173s
2025-04-24 10:26:44.281 70014 INFO tempest.lib.common.rest_client [req-f86e25e5-656d-4fc9-856e-54598c010984 req-f86e25e5-656d-4fc9-856e-54598c010984 ] Request (ServerShowV247Test:tearDownClass): 204 DELETE http://10.180.1.21/identity/v3/users/80e1e2fe2216420783c5b22229102bb0 0.095s
2025-04-24 10:26:44.282 70014 INFO tempest.lib.common.dynamic_creds [-] Deleting project and security group for project: e9f5c47105024d36a4d6570862c0a1ec
2025-04-24 10:26:44.339 70014 INFO tempest.lib.common.rest_client [req-6afcc395-cab9-4140-b45f-3a54e94f5a3c req-6afcc395-cab9-4140-b45f-3a54e94f5a3c ] Request (ServerShowV247Test:tearDownClass): 201 POST http://10.180.1.21/identity/v3/auth/tokens 0.057s
2025-04-24 10:26:44.356 69976 INFO tempest.lib.common.rest_client [req-1eff6d99-df2f-4965-97e2-0ba6c6220bb2 req-1eff6d99-df2f-4965-97e2-0ba6c6220bb2 ] Request (ServersWithSpecificFlavorTestJSON:test_verify_created_server_ephemeral_disk): 200 GET http://10.180.1.21/compute/v2.1/servers/f97ab55c-ccb7-43e8-8df9-29e0652e8c5e 0.120s
2025-04-24 10:26:44.456 69996 INFO tempest.lib.common.rest_client [req-46fa8c91-d948-4257-a61c-6ae3a91f04a2 req-46fa8c91-d948-4257-a61c-6ae3a91f04a2 ] Request (FloatingIPsAssociationTestJSON:tearDownClass): 200 GET http://10.180.1.21/compute/v2.1/servers/f86cbb87-023b-42b1-aef2-65c42a493437 0.148s
2025-04-24 10:26:44.483 69972 INFO tempest.lib.common.rest_client [req-e2c7c097-a08e-44fc-9533-ee67472b8bad req-e2c7c097-a08e-44fc-9533-ee67472b8bad ] Request (ServersTestJSON:test_create_server_with_ipv6_addr_only): 200 GET http://10.180.1.21/compute/v2.1/servers/45975393-03bf-4e76-8f88-b96efafe6bb0 0.235s
2025-04-24 10:26:44.553 70006 INFO tempest.lib.common.rest_client [req-1e7256c7-fd01-4f0a-a8f5-7decc8593a66 req-1e7256c7-fd01-4f0a-a8f5-7decc8593a66 ] Request (ServerActionsTestOtherA:test_rebuild_server_in_stop_state): 200 GET http://10.180.1.21/compute/v2.1/servers/450475fe-d1da-4dd9-9547-7f3f350e3859 0.160s
2025-04-24 10:26:44.623 69982 INFO tempest.lib.common.rest_client [req-91c09647-3564-4517-8d88-aa8e7b8e6eb1 req-91c09647-3564-4517-8d88-aa8e7b8e6eb1 ] Request (SecurityGroupsTestJSON:test_server_security_groups): 200 GET http://10.180.1.21/compute/v2.1/servers/d5bdcddc-1bba-4e7d-ac13-36a4a54b7e01 0.172s
2025-04-24 10:26:44.716 69990 INFO tempest.lib.common.rest_client [req-ee70acfb-e5d2-45bc-987c-52480ec6383b req-ee70acfb-e5d2-45bc-987c-52480ec6383b ] Request (ServerDiskConfigTestJSON:setUpClass): 201 POST http://10.180.1.21:9696/networking/v2.0/subnets 0.520s
2025-04-24 10:26:44.736 69986 INFO tempest.lib.common.rest_client [req-6278aa5c-2270-470d-ae01-54b47319d7a3 req-6278aa5c-2270-470d-ae01-54b47319d7a3 ] Request (ImagesOneServerNegativeTestJSON:setUpClass): 200 GET http://10.180.1.21/compute/v2.1/servers/eb087ccc-cfd3-4160-b189-b7b991a9a35c 0.409s
2025-04-24 10:26:44.747 69986 INFO tempest.common.waiters [-] State transition "BUILD/networking" ==> "BUILD/spawning" after 70 second wait
2025-04-24 10:26:44.799 69988 INFO tempest.lib.common.rest_client [req-698fe6bf-7163-4bfd-8c39-0d6f398414e4 req-698fe6bf-7163-4bfd-8c39-0d6f398414e4 ] Request (AttachVolumeShelveTestJSON:test_attach_volume_shelved_or_offload_server): 200 GET http://10.180.1.21/compute/v2.1/servers/cdb720d4-e7ef-4e59-aa43-225cf1ed5e02 0.345s
2025-04-24 10:26:44.819 69994 INFO tempest.lib.common.rest_client [req-ec5526d4-4e80-4677-bb83-e50cb4592d67 req-ec5526d4-4e80-4677-bb83-e50cb4592d67 ] Request (ServersListShow296Test:test_list_show_update_rebuild_server_296): 200 GET http://10.180.1.21/compute/v2.1/servers/c5207e4d-630f-4619-bfed-b7f0e35f3047 0.314s
2025-04-24 10:26:44.882 69998 INFO tempest.lib.common.rest_client [req-64c24773-7c49-4665-8509-d51554249da6 req-64c24773-7c49-4665-8509-d51554249da6 ] Request (ServersAdminNegativeTestJSON:tearDownClass): 200 GET http://10.180.1.21/compute/v2.1/servers/cef84cb6-0860-43d3-be49-593f04be9ade 0.368s
2025-04-24 10:26:44.905 70010 INFO tempest.lib.common.rest_client [req-6b2e9a55-2ac0-4da8-9683-6ebebe78a0ce req-6b2e9a55-2ac0-4da8-9683-6ebebe78a0ce ] Request (InstanceActionsV221TestJSON:test_get_list_deleted_instance_actions): 200 GET http://10.180.1.21/compute/v2.1/servers/55112777-8faf-4d2e-b9ba-6d85c5d76bea 0.342s
2025-04-24 10:26:44.914 70014 INFO tempest.lib.common.rest_client [req-02a83f39-6744-4d19-adcc-0ec72cf606fc req-02a83f39-6744-4d19-adcc-0ec72cf606fc ] Request (ServerShowV247Test:tearDownClass): 200 GET http://10.180.1.21:9696/networking/v2.0/security-groups?tenant_id=e9f5c47105024d36a4d6570862c0a1ec&name=default 0.575s
2025-04-24 10:26:44.970 70002 INFO tempest.lib.common.rest_client [req-db7a6c6f-5f6a-4f40-be60-8005cd750616 req-db7a6c6f-5f6a-4f40-be60-8005cd750616 ] Request (ImagesTestJSON:test_create_image_from_suspended_server): 200 GET http://10.180.1.21/compute/v2.1/servers/4170a779-a76c-494e-9ae9-6ba53cb4357f 0.401s
2025-04-24 10:26:44.979 70018 INFO tempest.lib.common.rest_client [req-b8ff2692-e647-4640-b9a1-9f92177aae06 req-b8ff2692-e647-4640-b9a1-9f92177aae06 ] Request (VolumesAssistedSnapshotsTest:tearDownClass): 200 PUT http://10.180.1.21:9696/networking/v2.0/routers/de2bcc3c-ef3e-4e14-adbb-b5eacb4a9f1f/remove_router_interface 1.962s
2025-04-24 10:26:44.994 69992 INFO tempest.lib.common.rest_client [req-bbb27d89-5e9b-41d7-8a56-e0be1dae7952 req-bbb27d89-5e9b-41d7-8a56-e0be1dae7952 ] Request (DeleteServersTestJSON:test_delete_active_server): 200 GET http://10.180.1.21/compute/v2.1/servers/b95c4b0b-dd10-4046-9959-f2c6b36cabe0 0.370s
2025-04-24 10:26:45.061 70004 INFO tempest.lib.common.rest_client [req-5463f06c-8370-4ace-a571-c654fdf1b96c req-5463f06c-8370-4ace-a571-c654fdf1b96c ] Request (ServersAdminTestJSON:test_inject_network_info): 200 GET http://10.180.1.21/compute/v2.1/servers/e55e3bd1-6f5a-4aee-bfe2-638ec2c3987b 0.367s
2025-04-24 10:26:45.071 70004 INFO tempest.common.waiters [-] State transition "BUILD/scheduling" ==> "BUILD/None" after 41 second wait
2025-04-24 10:26:45.147 69978 INFO tempest.lib.common.rest_client [req-a5e31f3d-6694-4dc2-b69d-da9608ee795c req-a5e31f3d-6694-4dc2-b69d-da9608ee795c ] Request (ListImageFiltersTestJSON:setUpClass): 200 GET http://10.180.1.21/compute/v2.1/servers/4ab390b7-fcfd-4038-b598-84235013de2b 0.355s
2025-04-24 10:26:45.244 70030 INFO tempest.lib.common.rest_client [req-7bdc577d-1b48-483e-aa85-00624edd406b req-7bdc577d-1b48-483e-aa85-00624edd406b ] Request (ServerShowV254Test:tearDownClass): 200 GET http://10.180.1.21/compute/v2.1/servers/dacb9dae-a6a0-4795-a7a9-da7c5a238af0 0.441s
2025-04-24 10:26:45.245 70014 INFO tempest.lib.common.rest_client [req-63f2af4c-7f0b-4db3-ab95-4f2966840ec2 req-63f2af4c-7f0b-4db3-ab95-4f2966840ec2 ] Request (ServerShowV247Test:tearDownClass): 204 DELETE http://10.180.1.21:9696/networking/v2.0/security-groups/18ec502e-0f11-4e0d-9e9e-0367e39871ee 0.330s
2025-04-24 10:26:45.248 70020 INFO tempest.lib.common.rest_client [req-65affbdb-c633-4549-a467-e6a12fc5f1d8 req-65affbdb-c633-4549-a467-e6a12fc5f1d8 ] Request (ServersV294TestFqdnHostnames:setUpClass): 200 GET http://10.180.1.21/compute/v2.1/servers/03afb7d6-186a-4fce-a004-003937329ff2 0.529s
2025-04-24 10:26:45.332 69984 INFO tempest.lib.common.rest_client [req-cae554d0-c6ce-443c-9b72-b66d5e30f306 req-cae554d0-c6ce-443c-9b72-b66d5e30f306 ] Request (ServerActionsTestOtherB:setUpClass): 200 GET http://10.180.1.21/compute/v2.1/servers/ae154727-5f48-4e34-8b19-0d9bfce788c8 0.458s
2025-04-24 10:26:45.343 69970 INFO tempest.lib.common.rest_client [req-ce1af54b-6a5b-4486-b0c5-787b6881e165 req-ce1af54b-6a5b-4486-b0c5-787b6881e165 ] Request (VolumesAdminNegativeTest:test_update_attached_volume_with_nonexistent_volume_in_body): 200 PUT http://10.180.1.21:9696/networking/v2.0/floatingips/dde9a69f-5993-4f33-a129-a7bb61ba3449 1.082s
2025-04-24 10:26:45.345 69970 INFO tempest.lib.common.ssh [-] Creating ssh connection to '10.180.180.135:22' as 'cirros' with public key authentication
2025-04-24 10:26:45.346 70014 INFO tempest.lib.common.rest_client [req-0ee5034a-0380-425e-9611-50010ea9f002 req-0ee5034a-0380-425e-9611-50010ea9f002 ] Request (ServerShowV247Test:tearDownClass): 204 DELETE http://10.180.1.21/identity/v3/projects/e9f5c47105024d36a4d6570862c0a1ec 0.101s
2025-04-24 10:26:45.347 70014 INFO tempest.test [-] raised in AttachVolumeMultiAttachTest.setUpClass. Invoking tearDownClass.
2025-04-24 10:26:45.354 69980 INFO tempest.lib.common.rest_client [req-5decc47d-876b-4bd2-afda-4f129c546284 req-5decc47d-876b-4bd2-afda-4f129c546284 ] Request (ServersListShow2100Test:test_list_show_rebuild_update_server_2100): 200 GET http://10.180.1.21/compute/v2.1/servers/c6ba11b4-3636-4fda-8951-0eb9122d458d 0.453s
2025-04-24 10:26:45.425 70022 INFO tempest.lib.common.rest_client [req-84f5c3d1-d7b2-4a4c-80f4-125b0dff7ef6 req-84f5c3d1-d7b2-4a4c-80f4-125b0dff7ef6 ] Request (AttachInterfacesTestJSON:test_create_list_show_delete_interfaces_by_network_port): 200 GET http://10.180.1.21/compute/v2.1/servers/bba29867-afd7-402e-a8c9-811b22dced76 0.479s
2025-04-24 10:26:45.440 70000 INFO tempest.lib.common.rest_client [req-a62b356d-0b86-4daf-8e1a-bb572e0f4d2f req-a62b356d-0b86-4daf-8e1a-bb572e0f4d2f ] Request (ServersTestMultiNic:test_verify_duplicate_network_nics): 200 GET http://10.180.1.21/compute/v2.1/servers/2431c213-29d6-4438-aa3b-dc3e888dd5bc 0.487s
2025-04-24 10:26:45.550 69974 INFO tempest.lib.common.rest_client [req-17b99767-2633-467a-8d74-3ff7019339b8 req-17b99767-2633-467a-8d74-3ff7019339b8 ] Request (ListServersNegativeTestJSON:setUpClass): 200 GET http://10.180.1.21/compute/v2.1/servers/b58f7515-3ef3-4adc-9c45-5d4cc9412570 0.524s
2025-04-24 10:26:45.551 70012 INFO tempest.lib.common.rest_client [req-7dceaea6-52c2-491c-aecd-158d91c7295c req-7dceaea6-52c2-491c-aecd-158d91c7295c ] Request (ServerRescueTestJSON:setUpClass): 200 GET http://10.180.1.21/compute/v2.1/servers/c313d34f-a527-4c11-b136-f11072822afa 0.467s
2025-04-24 10:26:45.685 69976 INFO tempest.lib.common.rest_client [req-ed338296-480b-4f3a-98e4-524e015d112c req-ed338296-480b-4f3a-98e4-524e015d112c ] Request (ServersWithSpecificFlavorTestJSON:test_verify_created_server_ephemeral_disk): 200 GET http://10.180.1.21/compute/v2.1/servers/f97ab55c-ccb7-43e8-8df9-29e0652e8c5e 0.314s
2025-04-24 10:26:45.749 70026 INFO tempest.lib.common.rest_client [req-c917af21-546d-40f6-a97a-6cc4cc551997 req-c917af21-546d-40f6-a97a-6cc4cc551997 ] Request (MigrationsAdminTest:test_list_migrations_in_flavor_resize_situation): 200 GET http://10.180.1.21/compute/v2.1/servers/76d87d9d-6121-4a3d-b7b2-4a75770ba2ab 0.470s
2025-04-24 10:26:45.769 69996 INFO tempest.lib.common.rest_client [req-2881aebe-17d0-4cc8-a070-aaebe1c84858 req-2881aebe-17d0-4cc8-a070-aaebe1c84858 ] Request (FloatingIPsAssociationTestJSON:tearDownClass): 200 GET http://10.180.1.21/compute/v2.1/servers/f86cbb87-023b-42b1-aef2-65c42a493437 0.306s
2025-04-24 10:26:45.770 70018 INFO tempest.lib.common.rest_client [req-cdde1f89-48ac-46e8-975b-92c0a4e3248f req-cdde1f89-48ac-46e8-975b-92c0a4e3248f ] Request (VolumesAssistedSnapshotsTest:tearDownClass): 204 DELETE http://10.180.1.21:9696/networking/v2.0/routers/de2bcc3c-ef3e-4e14-adbb-b5eacb4a9f1f 0.789s
2025-04-24 10:26:45.847 70006 INFO tempest.lib.common.rest_client [req-78813ba1-a1f2-4e9d-b222-e842c149b8a1 req-78813ba1-a1f2-4e9d-b222-e842c149b8a1 ] Request (ServerActionsTestOtherA:test_rebuild_server_in_stop_state): 200 GET http://10.180.1.21/compute/v2.1/servers/450475fe-d1da-4dd9-9547-7f3f350e3859 0.276s
2025-04-24 10:26:45.883 69972 INFO tempest.lib.common.rest_client [req-9fe4f930-3885-4b0b-8efb-e4aa46115f06 req-9fe4f930-3885-4b0b-8efb-e4aa46115f06 ] Request (ServersTestJSON:test_create_server_with_ipv6_addr_only): 200 GET http://10.180.1.21/compute/v2.1/servers/45975393-03bf-4e76-8f88-b96efafe6bb0 0.389s
2025-04-24 10:26:45.905 69982 INFO tempest.lib.common.rest_client [req-1e0e3e81-2af5-48c5-8cdf-d8817faab841 req-1e0e3e81-2af5-48c5-8cdf-d8817faab841 ] Request (SecurityGroupsTestJSON:test_server_security_groups): 200 GET http://10.180.1.21/compute/v2.1/servers/d5bdcddc-1bba-4e7d-ac13-36a4a54b7e01 0.272s
2025-04-24 10:26:45.920 69990 INFO tempest.lib.common.rest_client [req-12903347-25cf-4077-9433-e8aa329e869a req-12903347-25cf-4077-9433-e8aa329e869a ] Request (ServerDiskConfigTestJSON:setUpClass): 201 POST http://10.180.1.21:9696/networking/v2.0/routers 1.204s
2025-04-24 10:26:45.995 70018 INFO tempest.lib.common.rest_client [req-9f3bb157-bfc6-4d4c-82ae-80f2144d9256 req-9f3bb157-bfc6-4d4c-82ae-80f2144d9256 ] Request (VolumesAssistedSnapshotsTest:tearDownClass): 204 DELETE http://10.180.1.21:9696/networking/v2.0/subnets/19e1a95a-85ca-4d2d-896a-9ec1726dca30 0.224s
2025-04-24 10:26:46.033 69988 INFO tempest.lib.common.rest_client [req-60f6da40-0aa5-4add-97a9-c2bb82ffa486 req-60f6da40-0aa5-4add-97a9-c2bb82ffa486 ] Request (AttachVolumeShelveTestJSON:test_attach_volume_shelved_or_offload_server): 200 GET http://10.180.1.21/compute/v2.1/servers/cdb720d4-e7ef-4e59-aa43-225cf1ed5e02 0.219s
2025-04-24 10:26:46.043 69986 INFO tempest.lib.common.rest_client [req-58f5dcb3-a834-4924-8818-4c10ec78db57 req-58f5dcb3-a834-4924-8818-4c10ec78db57 ] Request (ImagesOneServerNegativeTestJSON:setUpClass): 200 GET http://10.180.1.21/compute/v2.1/servers/eb087ccc-cfd3-4160-b189-b7b991a9a35c 0.294s
2025-04-24 10:26:46.103 69994 INFO tempest.lib.common.rest_client [req-a0d520e6-5876-43b0-bd10-c4a8141880ad req-a0d520e6-5876-43b0-bd10-c4a8141880ad ] Request (ServersListShow296Test:test_list_show_update_rebuild_server_296): 200 GET http://10.180.1.21/compute/v2.1/servers/c5207e4d-630f-4619-bfed-b7f0e35f3047 0.271s
2025-04-24 10:26:46.108 69998 INFO tempest.lib.common.rest_client [req-8459d7fc-8643-4d10-a711-338fa2f26349 req-8459d7fc-8643-4d10-a711-338fa2f26349 ] Request (ServersAdminNegativeTestJSON:tearDownClass): 200 GET http://10.180.1.21/compute/v2.1/servers/cef84cb6-0860-43d3-be49-593f04be9ade 0.217s
2025-04-24 10:26:46.168 70002 INFO tempest.lib.common.rest_client [req-d317e277-71ac-425d-95af-d4856f20c9b3 req-d317e277-71ac-425d-95af-d4856f20c9b3 ] Request (ImagesTestJSON:test_create_image_from_suspended_server): 200 GET http://10.180.1.21/compute/v2.1/servers/4170a779-a76c-494e-9ae9-6ba53cb4357f 0.186s
2025-04-24 10:26:46.174 70010 INFO tempest.lib.common.rest_client [req-984121f7-40cb-4590-9678-eb931db92194 req-984121f7-40cb-4590-9678-eb931db92194 ] Request (InstanceActionsV221TestJSON:test_get_list_deleted_instance_actions): 200 GET http://10.180.1.21/compute/v2.1/servers/55112777-8faf-4d2e-b9ba-6d85c5d76bea 0.258s
2025-04-24 10:26:46.227 70004 INFO tempest.lib.common.rest_client [req-4265c4ef-b143-4d48-a7a8-53d1f929803a req-4265c4ef-b143-4d48-a7a8-53d1f929803a ] Request (ServersAdminTestJSON:test_inject_network_info): 200 GET http://10.180.1.21/compute/v2.1/servers/e55e3bd1-6f5a-4aee-bfe2-638ec2c3987b 0.155s
2025-04-24 10:26:46.237 69992 INFO tempest.lib.common.rest_client [req-2c48cc95-9bc6-4246-8b76-087c69c24a1d req-2c48cc95-9bc6-4246-8b76-087c69c24a1d ] Request (DeleteServersTestJSON:test_delete_active_server): 200 GET http://10.180.1.21/compute/v2.1/servers/b95c4b0b-dd10-4046-9959-f2c6b36cabe0 0.232s
2025-04-24 10:26:46.275 69978 INFO tempest.lib.common.rest_client [req-637b9e85-3bad-41a4-b4be-fb7922b391e8 req-637b9e85-3bad-41a4-b4be-fb7922b391e8 ] Request (ListImageFiltersTestJSON:setUpClass): 200 GET http://10.180.1.21/compute/v2.1/servers/4ab390b7-fcfd-4038-b598-84235013de2b 0.115s
2025-04-24 10:26:46.317 70030 INFO tempest.lib.common.rest_client [req-50a9566a-95f8-4479-a49e-35dac2448fd6 req-50a9566a-95f8-4479-a49e-35dac2448fd6 ] Request (ServerShowV254Test:tearDownClass): 200 GET http://10.180.1.21/compute/v2.1/servers/dacb9dae-a6a0-4795-a7a9-da7c5a238af0 0.062s
2025-04-24 10:26:46.385 70020 INFO tempest.lib.common.rest_client [req-60a02a74-bec6-4b67-9324-4422f5058ce7 req-60a02a74-bec6-4b67-9324-4422f5058ce7 ] Request (ServersV294TestFqdnHostnames:setUpClass): 200 GET http://10.180.1.21/compute/v2.1/servers/03afb7d6-186a-4fce-a004-003937329ff2 0.123s
2025-04-24 10:26:46.407 69984 INFO tempest.lib.common.rest_client [req-35aca889-af9b-477e-8b56-18d52d9e4976 req-35aca889-af9b-477e-8b56-18d52d9e4976 ] Request (ServerActionsTestOtherB:setUpClass): 200 GET http://10.180.1.21/compute/v2.1/servers/ae154727-5f48-4e34-8b19-0d9bfce788c8 0.058s
2025-04-24 10:26:46.453 69980 INFO tempest.lib.common.rest_client [req-121f2219-cc31-46cb-8a7f-343ff5b39960 req-121f2219-cc31-46cb-8a7f-343ff5b39960 ] Request (ServersListShow2100Test:test_list_show_rebuild_update_server_2100): 200 GET http://10.180.1.21/compute/v2.1/servers/c6ba11b4-3636-4fda-8951-0eb9122d458d 0.085s
2025-04-24 10:26:46.492 70022 INFO tempest.lib.common.rest_client [req-e38c6edf-45f0-42cb-8938-afd5235dfcfc req-e38c6edf-45f0-42cb-8938-afd5235dfcfc ] Request (AttachInterfacesTestJSON:test_create_list_show_delete_interfaces_by_network_port): 200 GET http://10.180.1.21/compute/v2.1/servers/bba29867-afd7-402e-a8c9-811b22dced76 0.054s
2025-04-24 10:26:46.517 70000 INFO tempest.lib.common.rest_client [req-dbf3b3da-f862-4cfd-854e-1a42cc7ac5e1 req-dbf3b3da-f862-4cfd-854e-1a42cc7ac5e1 ] Request (ServersTestMultiNic:test_verify_duplicate_network_nics): 200 GET http://10.180.1.21/compute/v2.1/servers/2431c213-29d6-4438-aa3b-dc3e888dd5bc 0.065s
2025-04-24 10:26:46.633 69974 INFO tempest.lib.common.rest_client [req-f6c461b6-a9ee-409e-b8c0-d4db601a7839 req-f6c461b6-a9ee-409e-b8c0-d4db601a7839 ] Request (ListServersNegativeTestJSON:setUpClass): 200 GET http://10.180.1.21/compute/v2.1/servers/b58f7515-3ef3-4adc-9c45-5d4cc9412570 0.073s
2025-04-24 10:26:46.645 70012 INFO tempest.lib.common.rest_client [req-f6d19a95-065a-4b25-97f5-6b957ba2df2f req-f6d19a95-065a-4b25-97f5-6b957ba2df2f ] Request (ServerRescueTestJSON:setUpClass): 200 GET http://10.180.1.21/compute/v2.1/servers/c313d34f-a527-4c11-b136-f11072822afa 0.080s
2025-04-24 10:26:46.652 70012 INFO tempest.common.waiters [-] State transition "BUILD/None" ==> "BUILD/block_device_mapping" after 52 second wait
2025-04-24 10:26:46.762 69976 INFO tempest.lib.common.rest_client [req-83f65640-f274-45ce-b9f0-318d402114be req-83f65640-f274-45ce-b9f0-318d402114be ] Request (ServersWithSpecificFlavorTestJSON:test_verify_created_server_ephemeral_disk): 200 GET http://10.180.1.21/compute/v2.1/servers/f97ab55c-ccb7-43e8-8df9-29e0652e8c5e 0.068s
2025-04-24 10:26:46.859 70018 INFO tempest.lib.common.rest_client [req-83adc7c7-91f5-4db5-b8e7-87f385eb9103 req-83adc7c7-91f5-4db5-b8e7-87f385eb9103 ] Request (VolumesAssistedSnapshotsTest:tearDownClass): 204 DELETE http://10.180.1.21:9696/networking/v2.0/networks/e6e90543-c4bb-4938-bb0a-3a39297a3376 0.864s
2025-04-24 10:26:46.891 69996 INFO tempest.lib.common.rest_client [req-82716e13-e9c4-4832-9fff-7b165e1e812b req-82716e13-e9c4-4832-9fff-7b165e1e812b ] Request (FloatingIPsAssociationTestJSON:tearDownClass): 200 GET http://10.180.1.21/compute/v2.1/servers/f86cbb87-023b-42b1-aef2-65c42a493437 0.113s
2025-04-24 10:26:46.915 70026 INFO tempest.lib.common.rest_client [req-6cc40fc6-ed97-461b-8682-de0c8a7e5aed req-6cc40fc6-ed97-461b-8682-de0c8a7e5aed ] Request (MigrationsAdminTest:test_list_migrations_in_flavor_resize_situation): 200 GET http://10.180.1.21/compute/v2.1/servers/76d87d9d-6121-4a3d-b7b2-4a75770ba2ab 0.156s
2025-04-24 10:26:46.965 70006 INFO tempest.lib.common.rest_client [req-f14e9db9-8433-4b58-8981-6aae0700a289 req-f14e9db9-8433-4b58-8981-6aae0700a289 ] Request (ServerActionsTestOtherA:test_rebuild_server_in_stop_state): 200 GET http://10.180.1.21/compute/v2.1/servers/450475fe-d1da-4dd9-9547-7f3f350e3859 0.107s
2025-04-24 10:26:47.033 70018 INFO tempest.lib.common.rest_client [req-c9e32e32-1f0b-44d3-880f-42616015f120 req-c9e32e32-1f0b-44d3-880f-42616015f120 ] Request (VolumesAssistedSnapshotsTest:tearDownClass): 204 DELETE http://10.180.1.21/identity/v3/users/9fc8d74905f2448a9d3e0905c89f5748 0.173s
2025-04-24 10:26:47.039 69982 INFO tempest.lib.common.rest_client [req-ba952012-42a4-40c5-9cbd-14d93ba1aa33 req-ba952012-42a4-40c5-9cbd-14d93ba1aa33 ] Request (SecurityGroupsTestJSON:test_server_security_groups): 200 GET http://10.180.1.21/compute/v2.1/servers/d5bdcddc-1bba-4e7d-ac13-36a4a54b7e01 0.120s
2025-04-24 10:26:47.053 69972 INFO tempest.lib.common.rest_client [req-99770046-64c3-4780-9e1d-c72ed6f78b81 req-99770046-64c3-4780-9e1d-c72ed6f78b81 ] Request (ServersTestJSON:test_create_server_with_ipv6_addr_only): 200 GET http://10.180.1.21/compute/v2.1/servers/45975393-03bf-4e76-8f88-b96efafe6bb0 0.162s
2025-04-24 10:26:47.163 70018 INFO tempest.lib.common.rest_client [req-aa820723-f740-4e4d-97ca-d65a0b28bc0e req-aa820723-f740-4e4d-97ca-d65a0b28bc0e ] Request (VolumesAssistedSnapshotsTest:tearDownClass): 204 DELETE http://10.180.1.21/identity/v3/users/ad5c004a3fc7402bbffa5b419c17ac1e 0.130s
2025-04-24 10:26:47.199 69988 INFO tempest.lib.common.rest_client [req-0267c2d7-dc1a-44dc-b536-d1a57739ad19 req-0267c2d7-dc1a-44dc-b536-d1a57739ad19 ] Request (AttachVolumeShelveTestJSON:test_attach_volume_shelved_or_offload_server): 200 GET http://10.180.1.21/compute/v2.1/servers/cdb720d4-e7ef-4e59-aa43-225cf1ed5e02 0.155s
2025-04-24 10:26:47.207 69986 INFO tempest.lib.common.rest_client [req-903facf5-4fd9-41b8-b2be-e6e4f18004c7 req-903facf5-4fd9-41b8-b2be-e6e4f18004c7 ] Request (ImagesOneServerNegativeTestJSON:setUpClass): 200 GET http://10.180.1.21/compute/v2.1/servers/eb087ccc-cfd3-4160-b189-b7b991a9a35c 0.155s
2025-04-24 10:26:47.288 69998 INFO tempest.lib.common.rest_client [req-71d14c52-98d1-4e2f-8769-a98a8be90894 req-71d14c52-98d1-4e2f-8769-a98a8be90894 ] Request (ServersAdminNegativeTestJSON:tearDownClass): 200 GET http://10.180.1.21/compute/v2.1/servers/cef84cb6-0860-43d3-be49-593f04be9ade 0.172s
2025-04-24 10:26:47.289 70018 INFO tempest.lib.common.rest_client [req-22563a6f-045b-491b-ad0b-250e5257085c req-22563a6f-045b-491b-ad0b-250e5257085c ] Request (VolumesAssistedSnapshotsTest:tearDownClass): 204 DELETE http://10.180.1.21/identity/v3/users/25e9da1bc41f401699db076e190ddd0a 0.125s
2025-04-24 10:26:47.289 70018 INFO tempest.lib.common.dynamic_creds [-] Deleting project and security group for project: 46fd6e1650e14934aa74f7583c1f9a52
2025-04-24 10:26:47.298 69994 INFO tempest.lib.common.rest_client [req-d336c68c-abd2-4444-acad-c512b6b101ed req-d336c68c-abd2-4444-acad-c512b6b101ed ] Request (ServersListShow296Test:test_list_show_update_rebuild_server_296): 200 GET http://10.180.1.21/compute/v2.1/servers/c5207e4d-630f-4619-bfed-b7f0e35f3047 0.184s
2025-04-24 10:26:47.323 70018 INFO tempest.lib.common.rest_client [req-52b7f5b1-6dbb-4fab-8326-34fa225a3e3a req-52b7f5b1-6dbb-4fab-8326-34fa225a3e3a ] Request (VolumesAssistedSnapshotsTest:tearDownClass): 200 GET http://10.180.1.21:9696/networking/v2.0/security-groups?tenant_id=46fd6e1650e14934aa74f7583c1f9a52&name=default 0.034s
2025-04-24 10:26:47.344 70002 INFO tempest.lib.common.rest_client [req-60301e71-21b9-4896-b9bd-7e77082aa4f8 req-60301e71-21b9-4896-b9bd-7e77082aa4f8 ] Request (ImagesTestJSON:test_create_image_from_suspended_server): 200 GET http://10.180.1.21/compute/v2.1/servers/4170a779-a76c-494e-9ae9-6ba53cb4357f 0.162s
2025-04-24 10:26:47.365 70010 INFO tempest.lib.common.rest_client [req-872beadc-d57a-4ebe-bb9d-15874b1691ba req-872beadc-d57a-4ebe-bb9d-15874b1691ba ] Request (InstanceActionsV221TestJSON:test_get_list_deleted_instance_actions): 200 GET http://10.180.1.21/compute/v2.1/servers/55112777-8faf-4d2e-b9ba-6d85c5d76bea 0.178s
2025-04-24 10:26:47.399 70004 INFO tempest.lib.common.rest_client [req-222bec7b-b532-4e93-a0aa-bd1cc8ee3552 req-222bec7b-b532-4e93-a0aa-bd1cc8ee3552 ] Request (ServersAdminTestJSON:test_inject_network_info): 200 GET http://10.180.1.21/compute/v2.1/servers/e55e3bd1-6f5a-4aee-bfe2-638ec2c3987b 0.160s
2025-04-24 10:26:47.420 69992 INFO tempest.lib.common.rest_client [req-c09e7495-1a4b-4ecf-beaf-7c117ca63542 req-c09e7495-1a4b-4ecf-beaf-7c117ca63542 ] Request (DeleteServersTestJSON:test_delete_active_server): 200 GET http://10.180.1.21/compute/v2.1/servers/b95c4b0b-dd10-4046-9959-f2c6b36cabe0 0.174s
2025-04-24 10:26:47.457 69978 INFO tempest.lib.common.rest_client [req-13b81a1e-a250-4056-97db-23dcf96bc26d req-13b81a1e-a250-4056-97db-23dcf96bc26d ] Request (ListImageFiltersTestJSON:setUpClass): 200 GET http://10.180.1.21/compute/v2.1/servers/4ab390b7-fcfd-4038-b598-84235013de2b 0.166s
2025-04-24 10:26:47.478 70030 INFO tempest.lib.common.rest_client [req-d0e7ea89-5157-4e3c-98a9-6f55b6527eb0 req-d0e7ea89-5157-4e3c-98a9-6f55b6527eb0 ] Request (ServerShowV254Test:tearDownClass): 200 GET http://10.180.1.21/compute/v2.1/servers/dacb9dae-a6a0-4795-a7a9-da7c5a238af0 0.150s
2025-04-24 10:26:47.491 70018 INFO tempest.lib.common.rest_client [req-b7c92be4-59ae-4c1f-b923-6747a2234831 req-b7c92be4-59ae-4c1f-b923-6747a2234831 ] Request (VolumesAssistedSnapshotsTest:tearDownClass): 204 DELETE http://10.180.1.21:9696/networking/v2.0/security-groups/f7ef24c2-c472-484a-848e-c97c23224595 0.167s
2025-04-24 10:26:47.544 69984 INFO tempest.lib.common.rest_client [req-6256d28f-ffe9-4096-a463-14696655857f req-6256d28f-ffe9-4096-a463-14696655857f ] Request (ServerActionsTestOtherB:setUpClass): 200 GET http://10.180.1.21/compute/v2.1/servers/ae154727-5f48-4e34-8b19-0d9bfce788c8 0.124s
2025-04-24 10:26:47.592 70020 INFO tempest.lib.common.rest_client [req-c01cf6ef-5186-4b90-9227-623fb4e1b27d req-c01cf6ef-5186-4b90-9227-623fb4e1b27d ] Request (ServersV294TestFqdnHostnames:setUpClass): 200 GET http://10.180.1.21/compute/v2.1/servers/03afb7d6-186a-4fce-a004-003937329ff2 0.195s
2025-04-24 10:26:47.615 69980 INFO tempest.lib.common.rest_client [req-ce3251b1-50aa-4a7d-858a-0987bf50e7b8 req-ce3251b1-50aa-4a7d-858a-0987bf50e7b8 ] Request (ServersListShow2100Test:test_list_show_rebuild_update_server_2100): 200 GET http://10.180.1.21/compute/v2.1/servers/c6ba11b4-3636-4fda-8951-0eb9122d458d 0.148s
2025-04-24 10:26:47.626 70018 INFO tempest.lib.common.rest_client [req-494244b2-cc38-415a-8c08-fdd9a57d0b4c req-494244b2-cc38-415a-8c08-fdd9a57d0b4c ] Request (VolumesAssistedSnapshotsTest:tearDownClass): 204 DELETE http://10.180.1.21/identity/v3/projects/46fd6e1650e14934aa74f7583c1f9a52 0.135s
2025-04-24 10:26:47.627 70018 INFO tempest.lib.common.dynamic_creds [-] Deleting project and security group for project: 7d24275dd8f041fdac619749ff6a7393
2025-04-24 10:26:47.665 70022 INFO tempest.lib.common.rest_client [req-c4d4d4c6-3740-4d99-bea2-eeba7d148dd7 req-c4d4d4c6-3740-4d99-bea2-eeba7d148dd7 ] Request (AttachInterfacesTestJSON:test_create_list_show_delete_interfaces_by_network_port): 200 GET http://10.180.1.21/compute/v2.1/servers/bba29867-afd7-402e-a8c9-811b22dced76 0.163s
2025-04-24 10:26:47.682 70018 INFO tempest.lib.common.rest_client [req-d320307b-6c8c-47d2-9668-302edff6794d req-d320307b-6c8c-47d2-9668-302edff6794d ] Request (VolumesAssistedSnapshotsTest:tearDownClass): 200 GET http://10.180.1.21:9696/networking/v2.0/security-groups?tenant_id=7d24275dd8f041fdac619749ff6a7393&name=default 0.055s
2025-04-24 10:26:47.684 70000 INFO tempest.lib.common.rest_client [req-f267c82d-4655-481f-af64-a2414012ae85 req-f267c82d-4655-481f-af64-a2414012ae85 ] Request (ServersTestMultiNic:test_verify_duplicate_network_nics): 200 GET http://10.180.1.21/compute/v2.1/servers/2431c213-29d6-4438-aa3b-dc3e888dd5bc 0.155s
2025-04-24 10:26:47.740 69974 INFO tempest.lib.common.rest_client [req-c59b3b05-78a6-45f0-849b-2b6315132e1c req-c59b3b05-78a6-45f0-849b-2b6315132e1c ] Request (ListServersNegativeTestJSON:setUpClass): 200 GET http://10.180.1.21/compute/v2.1/servers/b58f7515-3ef3-4adc-9c45-5d4cc9412570 0.098s
2025-04-24 10:26:47.843 70018 INFO tempest.lib.common.rest_client [req-914a7375-b093-4ee4-bce9-1eedeb16bd31 req-914a7375-b093-4ee4-bce9-1eedeb16bd31 ] Request (VolumesAssistedSnapshotsTest:tearDownClass): 204 DELETE http://10.180.1.21:9696/networking/v2.0/security-groups/26702810-0de5-4223-9773-86c980979ff0 0.160s
2025-04-24 10:26:47.856 69976 INFO tempest.lib.common.rest_client [req-4f12fd1f-4dea-4539-96bb-e24f9938a2c8 req-4f12fd1f-4dea-4539-96bb-e24f9938a2c8 ] Request (ServersWithSpecificFlavorTestJSON:test_verify_created_server_ephemeral_disk): 200 GET http://10.180.1.21/compute/v2.1/servers/f97ab55c-ccb7-43e8-8df9-29e0652e8c5e 0.075s
2025-04-24 10:26:47.877 70012 INFO tempest.lib.common.rest_client [req-36c55eff-778e-426b-b938-a85c228d683b req-36c55eff-778e-426b-b938-a85c228d683b ] Request (ServerRescueTestJSON:setUpClass): 200 GET http://10.180.1.21/compute/v2.1/servers/c313d34f-a527-4c11-b136-f11072822afa 0.223s
2025-04-24 10:26:47.884 70012 INFO tempest.common.waiters [-] State transition "BUILD/block_device_mapping" ==> "BUILD/spawning" after 53 second wait
2025-04-24 10:26:47.962 69990 INFO tempest.lib.common.rest_client [req-309993c2-ac34-459c-81d3-8c7f7ccbd7ad req-309993c2-ac34-459c-81d3-8c7f7ccbd7ad ] Request (ServerDiskConfigTestJSON:setUpClass): 200 PUT http://10.180.1.21:9696/networking/v2.0/routers/b30f170b-9192-4f86-9ea9-b126fa04d6b3/add_router_interface 2.040s
2025-04-24 10:26:47.962 69990 INFO tempest.lib.common.dynamic_creds [-] Created isolated network resources for: credentials: Credentials: {'domain_id': 'default', 'domain_name': 'Default', 'username': 'tempest-ServerDiskConfigTestJSON-901540771-project-member', 'project_domain_id': 'default', 'project_domain_name': 'Default', 'project_id': '2f7031122d654ed8807080e15e9b0629', 'project_name': 'tempest-ServerDiskConfigTestJSON-901540771', 'tenant_id': '2f7031122d654ed8807080e15e9b0629', 'tenant_name': 'tempest-ServerDiskConfigTestJSON-901540771', 'user_domain_id': 'default', 'user_domain_name': 'Default', 'user_id': 'f255672516924abebf15b67dd1f154a7', 'system': None}, Network: {'id': 'bda66214-2c16-4571-9bbc-500cebe5acc1', 'name': 'tempest-ServerDiskConfigTestJSON-1566508244-network', 'tenant_id': '2f7031122d654ed8807080e15e9b0629', 'admin_state_up': True, 'mtu': 8950, 'status': 'ACTIVE', 'subnets': [], 'shared': False, 'project_id': '2f7031122d654ed8807080e15e9b0629', 'port_security_enabled': True, 'router:external': False, 'provider:network_type': 'vlan', 'provider:physical_network': 'default', 'provider:segmentation_id': 601, 'availability_zone_hints': [], 'availability_zones': [], 'ipv4_address_scope': None, 'ipv6_address_scope': None, 'description': '', 'tags': [], 'created_at': '2025-04-24T10:26:43Z', 'updated_at': '2025-04-24T10:26:43Z', 'revision_number': 1}, Subnet: {'id': 'd5f46c09-1d1a-4524-a4a6-489ba756b7d9', 'name': 'tempest-ServerDiskConfigTestJSON-1566508244-subnet', 'tenant_id': '2f7031122d654ed8807080e15e9b0629', 'network_id': 'bda66214-2c16-4571-9bbc-500cebe5acc1', 'ip_version': 4, 'subnetpool_id': None, 'enable_dhcp': True, 'ipv6_ra_mode': None, 'ipv6_address_mode': None, 'gateway_ip': '192.168.128.1', 'cidr': '192.168.128.0/28', 'allocation_pools': [{'start': '192.168.128.2', 'end': '192.168.128.14'}], 'host_routes': [], 'dns_nameservers': [], 'description': '', 'router:external': False, 'service_types': [], 'tags': [], 'created_at': '2025-04-24T10:26:44Z', 'updated_at': '2025-04-24T10:26:44Z', 'revision_number': 0, 'project_id': '2f7031122d654ed8807080e15e9b0629'}, Router: {'id': 'b30f170b-9192-4f86-9ea9-b126fa04d6b3', 'name': 'tempest-ServerDiskConfigTestJSON-1566508244-router', 'tenant_id': '2f7031122d654ed8807080e15e9b0629', 'admin_state_up': True, 'status': 'ACTIVE', 'external_gateway_info': {'network_id': 'eb45634c-52fa-4185-889a-c98604fe666f', 'external_fixed_ips': [{'subnet_id': '5290d20c-975b-4cbc-91e2-fec0e20f760b', 'ip_address': '10.180.180.155'}], 'enable_snat': True}, 'description': '', 'availability_zones': [], 'distributed': False, 'ha': False, 'availability_zone_hints': [], 'routes': [], 'flavor_id': None, 'tags': [], 'created_at': '2025-04-24T10:26:44Z', 'updated_at': '2025-04-24T10:26:45Z', 'revision_number': 2, 'project_id': '2f7031122d654ed8807080e15e9b0629'}
2025-04-24 10:26:47.982 70018 INFO tempest.lib.common.rest_client [req-4ffd8fc7-047e-4922-807b-3a04c09def8d req-4ffd8fc7-047e-4922-807b-3a04c09def8d ] Request (VolumesAssistedSnapshotsTest:tearDownClass): 204 DELETE http://10.180.1.21/identity/v3/projects/7d24275dd8f041fdac619749ff6a7393 0.139s
2025-04-24 10:26:47.982 70018 INFO tempest.lib.common.dynamic_creds [-] Deleting project and security group for project: e27826a0f01d4de8ae484fde5cd3b536
2025-04-24 10:26:47.989 69996 INFO tempest.lib.common.rest_client [req-38c0aee6-dffe-4a9e-b387-9220b6b87b26 req-38c0aee6-dffe-4a9e-b387-9220b6b87b26 ] Request (FloatingIPsAssociationTestJSON:tearDownClass): 200 GET http://10.180.1.21/compute/v2.1/servers/f86cbb87-023b-42b1-aef2-65c42a493437 0.088s
2025-04-24 10:26:48.012 70018 INFO tempest.lib.common.rest_client [req-7d75ae3b-3105-4c6f-9d26-7a5aaf7e9f30 req-7d75ae3b-3105-4c6f-9d26-7a5aaf7e9f30 ] Request (VolumesAssistedSnapshotsTest:tearDownClass): 200 GET http://10.180.1.21:9696/networking/v2.0/security-groups?tenant_id=e27826a0f01d4de8ae484fde5cd3b536&name=default 0.029s
2025-04-24 10:26:48.053 70006 INFO tempest.lib.common.rest_client [req-c4d3d4e1-f992-4b2b-bf51-12a05a6e91eb req-c4d3d4e1-f992-4b2b-bf51-12a05a6e91eb ] Request (ServerActionsTestOtherA:test_rebuild_server_in_stop_state): 200 GET http://10.180.1.21/compute/v2.1/servers/450475fe-d1da-4dd9-9547-7f3f350e3859 0.074s
2025-04-24 10:26:48.057 69990 INFO tempest.lib.common.rest_client [req-7de79b3d-ef5a-44d2-ae43-556bc7a9487d req-7de79b3d-ef5a-44d2-ae43-556bc7a9487d ] Request (ServerDiskConfigTestJSON:setUpClass): 201 POST http://10.180.1.21/identity/v3/auth/tokens 0.090s
2025-04-24 10:26:48.068 70026 INFO tempest.lib.common.rest_client [req-e9dd4c18-2ccf-4ed2-9825-a7f62ecdd10a req-e9dd4c18-2ccf-4ed2-9825-a7f62ecdd10a ] Request (MigrationsAdminTest:test_list_migrations_in_flavor_resize_situation): 200 GET http://10.180.1.21/compute/v2.1/servers/76d87d9d-6121-4a3d-b7b2-4a75770ba2ab 0.137s
2025-04-24 10:26:48.092 70018 INFO tempest.lib.common.rest_client [req-7e4691a9-2dc8-4d2a-80f7-c23e59eaee4a req-7e4691a9-2dc8-4d2a-80f7-c23e59eaee4a ] Request (VolumesAssistedSnapshotsTest:tearDownClass): 204 DELETE http://10.180.1.21:9696/networking/v2.0/security-groups/753af75a-5c17-4d2d-8188-5ad72ad3e0a1 0.080s
2025-04-24 10:26:48.094 69990 INFO tempest.lib.common.rest_client [req-8fecf4c5-5168-4eef-9581-c80c06e54f49 req-8fecf4c5-5168-4eef-9581-c80c06e54f49 ] Request (ServerDiskConfigTestJSON:test_rebuild_server_with_auto_disk_config): 201 POST http://10.180.1.21/identity/v3/auth/tokens 0.031s
2025-04-24 10:26:48.094 69990 INFO tempest.lib.common.fixed_network [-] (ServerDiskConfigTestJSON:test_rebuild_server_with_auto_disk_config) Found network {'id': 'bda66214-2c16-4571-9bbc-500cebe5acc1', 'name': 'tempest-ServerDiskConfigTestJSON-1566508244-network', 'tenant_id': '2f7031122d654ed8807080e15e9b0629', 'admin_state_up': True, 'mtu': 8950, 'status': 'ACTIVE', 'subnets': [], 'shared': False, 'project_id': '2f7031122d654ed8807080e15e9b0629', 'port_security_enabled': True, 'router:external': False, 'provider:network_type': 'vlan', 'provider:physical_network': 'default', 'provider:segmentation_id': 601, 'availability_zone_hints': [], 'availability_zones': [], 'ipv4_address_scope': None, 'ipv6_address_scope': None, 'description': '', 'tags': [], 'created_at': '2025-04-24T10:26:43Z', 'updated_at': '2025-04-24T10:26:43Z', 'revision_number': 1} available for tenant
2025-04-24 10:26:48.103 69982 INFO tempest.lib.common.rest_client [req-c774f36f-8089-4dc3-b5c5-b4ce26d42e6a req-c774f36f-8089-4dc3-b5c5-b4ce26d42e6a ] Request (SecurityGroupsTestJSON:test_server_security_groups): 200 GET http://10.180.1.21/compute/v2.1/servers/d5bdcddc-1bba-4e7d-ac13-36a4a54b7e01 0.051s
2025-04-24 10:26:48.192 70018 INFO tempest.lib.common.rest_client [req-f552120d-61ab-45b9-a171-fbc6897fdcef req-f552120d-61ab-45b9-a171-fbc6897fdcef ] Request (VolumesAssistedSnapshotsTest:tearDownClass): 204 DELETE http://10.180.1.21/identity/v3/projects/e27826a0f01d4de8ae484fde5cd3b536 0.099s
2025-04-24 10:26:48.254 70018 INFO tempest.lib.common.rest_client [req-cd65c926-80ef-4896-b7cf-e9ec09448b3f req-cd65c926-80ef-4896-b7cf-e9ec09448b3f ] Request (FlavorsAccessNegativeTestJSON:setUpClass): 201 POST http://10.180.1.21/identity/v3/auth/tokens 0.060s
2025-04-24 10:26:48.300 70018 INFO tempest.lib.common.rest_client [req-da8a7a40-5bf8-4532-b74d-bdd0705c6c26 req-da8a7a40-5bf8-4532-b74d-bdd0705c6c26 ] Request (FlavorsAccessNegativeTestJSON:setUpClass): 201 POST http://10.180.1.21/identity/v3/auth/tokens 0.042s
2025-04-24 10:26:48.331 70018 INFO tempest.lib.common.rest_client [req-ba3048d1-ad8a-44f6-ba1a-3ba6e485eb02 req-ba3048d1-ad8a-44f6-ba1a-3ba6e485eb02 ] Request (FlavorsAccessNegativeTestJSON:setUpClass): 200 GET http://10.180.1.21/identity/v3/domains?name=Default 0.031s
2025-04-24 10:26:48.361 70018 INFO tempest.lib.common.rest_client [req-9e6529f5-0d0d-46cb-a00e-6ced3bf99a8a req-9e6529f5-0d0d-46cb-a00e-6ced3bf99a8a ] Request (FlavorsAccessNegativeTestJSON:setUpClass): 201 POST http://10.180.1.21/identity/v3/projects 0.029s
2025-04-24 10:26:48.422 70018 INFO tempest.lib.common.rest_client [req-73d68fa6-9c29-429f-ae84-c3c21d436ce5 req-73d68fa6-9c29-429f-ae84-c3c21d436ce5 ] Request (FlavorsAccessNegativeTestJSON:setUpClass): 201 POST http://10.180.1.21/identity/v3/users 0.060s
2025-04-24 10:26:48.428 69972 INFO tempest.lib.common.rest_client [req-2bb51c70-7774-41bc-bd72-ae4f4cfc7ed0 req-2bb51c70-7774-41bc-bd72-ae4f4cfc7ed0 ] Request (ServersTestJSON:test_create_server_with_ipv6_addr_only): 200 GET http://10.180.1.21/compute/v2.1/servers/45975393-03bf-4e76-8f88-b96efafe6bb0 0.366s
2025-04-24 10:26:48.448 70018 INFO tempest.lib.common.rest_client [req-8b9518ce-887d-4fb3-bcdc-666d7b98f331 req-8b9518ce-887d-4fb3-bcdc-666d7b98f331 ] Request (FlavorsAccessNegativeTestJSON:setUpClass): 200 GET http://10.180.1.21/identity/v3/roles 0.025s
2025-04-24 10:26:48.475 70018 INFO tempest.lib.common.rest_client [req-895010de-28ea-4747-9207-0f6cebc8fa3a req-895010de-28ea-4747-9207-0f6cebc8fa3a ] Request (FlavorsAccessNegativeTestJSON:setUpClass): 204 PUT http://10.180.1.21/identity/v3/projects/b74aa0209d5441e0b5b46f326accd8a4/users/7bb052b027894d379eac04e66fae1ed2/roles/687e425623754bd9880325c8267054ab 0.027s
2025-04-24 10:26:48.476 70018 INFO tempest.lib.common.dynamic_creds [-] Dynamic test user 7bb052b027894d379eac04e66fae1ed2 is created with scope project and roles: ['member']
2025-04-24 10:26:48.476 70018 INFO tempest.lib.common.dynamic_creds [-] Acquired dynamic creds: credentials: Credentials: {'domain_id': 'default', 'domain_name': 'Default', 'username': 'tempest-FlavorsAccessNegativeTestJSON-1025157335-project-member', 'project_domain_id': 'default', 'project_domain_name': 'Default', 'project_id': 'b74aa0209d5441e0b5b46f326accd8a4', 'project_name': 'tempest-FlavorsAccessNegativeTestJSON-1025157335', 'tenant_id': 'b74aa0209d5441e0b5b46f326accd8a4', 'tenant_name': 'tempest-FlavorsAccessNegativeTestJSON-1025157335', 'user_domain_id': 'default', 'user_domain_name': 'Default', 'user_id': '7bb052b027894d379eac04e66fae1ed2', 'system': None}, Network: None, Subnet: None, Router: None
2025-04-24 10:26:48.476 70018 INFO tempest.lib.common.dynamic_creds [-] Created isolated network resources for: credentials: Credentials: {'domain_id': 'default', 'domain_name': 'Default', 'username': 'tempest-FlavorsAccessNegativeTestJSON-1025157335-project-member', 'project_domain_id': 'default', 'project_domain_name': 'Default', 'project_id': 'b74aa0209d5441e0b5b46f326accd8a4', 'project_name': 'tempest-FlavorsAccessNegativeTestJSON-1025157335', 'tenant_id': 'b74aa0209d5441e0b5b46f326accd8a4', 'tenant_name': 'tempest-FlavorsAccessNegativeTestJSON-1025157335', 'user_domain_id': 'default', 'user_domain_name': 'Default', 'user_id': '7bb052b027894d379eac04e66fae1ed2', 'system': None}, Network: None, Subnet: None, Router: None
2025-04-24 10:26:48.553 70018 INFO tempest.lib.common.rest_client [req-964c13b5-797a-4acf-ab34-bf3d9d3ebed7 req-964c13b5-797a-4acf-ab34-bf3d9d3ebed7 ] Request (FlavorsAccessNegativeTestJSON:setUpClass): 201 POST http://10.180.1.21/identity/v3/auth/tokens 0.072s
2025-04-24 10:26:48.594 69988 INFO tempest.lib.common.rest_client [req-f1cc6d61-8b5a-4e7c-a54a-0592b35cf87f req-f1cc6d61-8b5a-4e7c-a54a-0592b35cf87f ] Request (AttachVolumeShelveTestJSON:test_attach_volume_shelved_or_offload_server): 200 GET http://10.180.1.21/compute/v2.1/servers/cdb720d4-e7ef-4e59-aa43-225cf1ed5e02 0.387s
2025-04-24 10:26:48.603 69988 INFO tempest.common.waiters [-] State transition "BUILD/spawning" ==> "ACTIVE/None" after 84 second wait
2025-04-24 10:26:48.625 70018 INFO tempest.lib.common.rest_client [req-06d08a06-b0d5-499e-8b8b-5cc5cc6bd104 req-06d08a06-b0d5-499e-8b8b-5cc5cc6bd104 ] Request (FlavorsAccessNegativeTestJSON:setUpClass): 201 POST http://10.180.1.21/identity/v3/projects 0.071s
2025-04-24 10:26:48.704 70018 INFO tempest.lib.common.rest_client [req-c1801de5-6b75-4e94-9c00-e23890f4d45c req-c1801de5-6b75-4e94-9c00-e23890f4d45c ] Request (FlavorsAccessNegativeTestJSON:setUpClass): 201 POST http://10.180.1.21/identity/v3/users 0.078s
2025-04-24 10:26:48.709 69986 INFO tempest.lib.common.rest_client [req-ae576478-9e6b-48c7-8a84-5ceecf4d9471 req-ae576478-9e6b-48c7-8a84-5ceecf4d9471 ] Request (ImagesOneServerNegativeTestJSON:setUpClass): 200 GET http://10.180.1.21/compute/v2.1/servers/eb087ccc-cfd3-4160-b189-b7b991a9a35c 0.494s
2025-04-24 10:26:48.735 69990 INFO tempest.lib.common.rest_client [req-55e9da3f-6e1d-4fbf-ad54-94d42311893b req-55e9da3f-6e1d-4fbf-ad54-94d42311893b ] Request (ServerDiskConfigTestJSON:test_rebuild_server_with_auto_disk_config): 202 POST http://10.180.1.21/compute/v2.1/servers 0.640s
2025-04-24 10:26:48.738 70018 INFO tempest.lib.common.rest_client [req-378c0b5f-af3b-4836-961d-30d58c4f1edf req-378c0b5f-af3b-4836-961d-30d58c4f1edf ] Request (FlavorsAccessNegativeTestJSON:setUpClass): 200 GET http://10.180.1.21/identity/v3/roles 0.033s
2025-04-24 10:26:48.788 70018 INFO tempest.lib.common.rest_client [req-5a47f1c5-7b5e-417e-9268-12ecbc218c6f req-5a47f1c5-7b5e-417e-9268-12ecbc218c6f ] Request (FlavorsAccessNegativeTestJSON:setUpClass): 204 PUT http://10.180.1.21/identity/v3/projects/924d10c9f6854eca8bd0f0152c4a5a93/users/3ceb6aa66c394d13bed93c1562677ff4/roles/5124ac79b782410d94b015763b262136 0.049s
2025-04-24 10:26:48.797 69998 INFO tempest.lib.common.rest_client [req-215d5934-7cdb-414c-8a1d-2f22502e792b req-215d5934-7cdb-414c-8a1d-2f22502e792b ] Request (ServersAdminNegativeTestJSON:tearDownClass): 200 GET http://10.180.1.21/compute/v2.1/servers/cef84cb6-0860-43d3-be49-593f04be9ade 0.499s
2025-04-24 10:26:48.810 69994 INFO tempest.lib.common.rest_client [req-f0592e01-b879-477e-948a-9a47887d5e1f req-f0592e01-b879-477e-948a-9a47887d5e1f ] Request (ServersListShow296Test:test_list_show_update_rebuild_server_296): 200 GET http://10.180.1.21/compute/v2.1/servers/c5207e4d-630f-4619-bfed-b7f0e35f3047 0.497s
2025-04-24 10:26:48.863 70002 INFO tempest.lib.common.rest_client [req-79ece43f-a336-47ff-84be-7f27f747ea80 req-79ece43f-a336-47ff-84be-7f27f747ea80 ] Request (ImagesTestJSON:test_create_image_from_suspended_server): 200 GET http://10.180.1.21/compute/v2.1/servers/4170a779-a76c-494e-9ae9-6ba53cb4357f 0.508s
2025-04-24 10:26:48.863 70018 INFO tempest.lib.common.rest_client [req-e4b78097-1712-4199-b3e0-979e958b0cfe req-e4b78097-1712-4199-b3e0-979e958b0cfe ] Request (FlavorsAccessNegativeTestJSON:setUpClass): 200 GET http://10.180.1.21/identity/v3/roles 0.075s
2025-04-24 10:26:48.900 70018 INFO tempest.lib.common.rest_client [req-a23065e4-f138-4467-9b98-a31202561b48 req-a23065e4-f138-4467-9b98-a31202561b48 ] Request (FlavorsAccessNegativeTestJSON:setUpClass): 204 PUT http://10.180.1.21/identity/v3/projects/924d10c9f6854eca8bd0f0152c4a5a93/users/3ceb6aa66c394d13bed93c1562677ff4/roles/5124ac79b782410d94b015763b262136 0.036s
2025-04-24 10:26:48.900 70018 INFO tempest.lib.common.dynamic_creds [-] Dynamic test user 3ceb6aa66c394d13bed93c1562677ff4 is created with scope project and roles: ['admin']
