2025-04-24 10:24:27.999 70024 INFO tempest.lib.common.rest_client [req-7c0c62c2-e1ec-4c8a-ac8b-bdaed9310300 req-7c0c62c2-e1ec-4c8a-ac8b-bdaed9310300 ] Request (TenantUsagesTestJSON:setUpClass): 200 GET http://10.180.1.21/compute/v2.1/servers/1a6f2f90-dab0-44bb-8564-223efaf9f8f6 1.754s
2025-04-24 10:24:28.007 70020 INFO tempest.lib.common.rest_client [req-4117508b-fd45-43e6-bd2f-c459c35197c5 req-4117508b-fd45-43e6-bd2f-c459c35197c5 ] Request (HostsAdminNegativeTestJSON:test_update_host_with_invalid_maintenance_mode): 400 PUT http://10.180.1.21/compute/v2.1/os-hosts/devstack 1.276s
2025-04-24 10:24:28.011 70024 INFO tempest.common.waiters [-] State transition "BUILD/scheduling" ==> "BUILD/None" after 3 second wait
2025-04-24 10:24:28.012 69968 INFO tempest.lib.common.rest_client [req-806a125d-16a9-4bc3-a333-c93639e0e591 req-806a125d-16a9-4bc3-a333-c93639e0e591 ] Request (FlavorsExtraSpecsNegativeTestJSON:test_flavor_non_admin_update_specific_key): 200 POST http://10.180.1.21/compute/v2.1/flavors/95327637/os-extra_specs 1.745s
2025-04-24 10:24:28.030 69994 INFO tempest.lib.common.rest_client [req-90c02b33-193f-4cb9-8d7d-769bde4899d5 req-90c02b33-193f-4cb9-8d7d-769bde4899d5 ] Request (ServerRescueTestJSONUnderV235:setUpClass): 201 POST http://10.180.1.21/identity/v3/projects 0.145s
2025-04-24 10:24:28.039 69984 INFO tempest.lib.common.rest_client [req-81907b05-1f57-4f65-919c-317b2d915d11 req-81907b05-1f57-4f65-919c-317b2d915d11 ] Request (SecurityGroupsTestAdminJSON:tearDownClass): 204 DELETE http://10.180.1.21/identity/v3/users/9aa1788d1e574dddbd3e7e2f8668c3d7 0.205s
2025-04-24 10:24:28.099 69972 INFO tempest.lib.common.rest_client [req-98fb8a2f-0af3-44c3-a837-40adb476955c req-98fb8a2f-0af3-44c3-a837-40adb476955c ] Request (ServersTestJSON:setUpClass): 200 GET http://10.180.1.21/identity/v3/domains?name=Default 0.168s
2025-04-24 10:24:28.130 69974 INFO tempest.lib.common.rest_client [req-fba38735-c4c8-45ab-91fd-f39dd78fad61 req-fba38735-c4c8-45ab-91fd-f39dd78fad61 ] Request (QuotaClassesAdminTestJSON:tearDownClass): 204 DELETE http://10.180.1.21:9696/networking/v2.0/security-groups/1e61ee80-6792-4935-8d83-4ebeeec1c184 0.258s
2025-04-24 10:24:28.132 70002 INFO tempest.lib.common.rest_client [req-430d5db2-5089-4b98-835f-f8239a9f0b87 req-430d5db2-5089-4b98-835f-f8239a9f0b87 ] Request (ServicesAdminTestJSON:setUpClass): 201 POST http://10.180.1.21/identity/v3/auth/tokens 0.224s
2025-04-24 10:24:28.198 70018 INFO tempest.lib.common.rest_client [req-474497bd-842a-4a48-974d-502c48a2bfc9 req-474497bd-842a-4a48-974d-502c48a2bfc9 ] Request (VolumesAssistedSnapshotsTest:test_volume_assisted_snapshot_create_delete): 201 POST http://10.180.1.21/identity/v3/auth/tokens 0.216s
2025-04-24 10:24:28.198 70018 INFO tempest.lib.common.fixed_network [-] (VolumesAssistedSnapshotsTest:test_volume_assisted_snapshot_create_delete) Found network {'id': 'a0f33fa2-9c1e-4daf-9b1c-57740cf4fa29', 'name': 'tempest-VolumesAssistedSnapshotsTest-2034113043-network', 'tenant_id': '46fd6e1650e14934aa74f7583c1f9a52', 'admin_state_up': True, 'mtu': 8950, 'status': 'ACTIVE', 'subnets': [], 'shared': False, 'project_id': '46fd6e1650e14934aa74f7583c1f9a52', 'port_security_enabled': True, 'router:external': False, 'provider:network_type': 'vlan', 'provider:physical_network': 'default', 'provider:segmentation_id': 689, 'availability_zone_hints': [], 'availability_zones': [], 'ipv4_address_scope': None, 'ipv6_address_scope': None, 'description': '', 'tags': [], 'created_at': '2025-04-24T10:24:04Z', 'updated_at': '2025-04-24T10:24:04Z', 'revision_number': 1} available for tenant
2025-04-24 10:24:28.204 69980 INFO tempest.lib.common.rest_client [req-fd3a76c9-2465-411d-9271-79e43c6f18ba req-fd3a76c9-2465-411d-9271-79e43c6f18ba ] Request (ServerDiagnosticsTest:tearDownClass): 200 GET http://10.180.1.21/compute/v2.1/servers/af0c4135-2c1a-4eab-b8a7-9eca5c95d17b 1.319s
2025-04-24 10:24:28.209 70010 INFO tempest.lib.common.rest_client [req-434407ef-4fbf-4ea0-bd91-90708fd00a0d req-434407ef-4fbf-4ea0-bd91-90708fd00a0d ] Request (ImagesMetadataTestJSON:setUpClass): 201 POST http://10.180.1.21/identity/v3/projects 0.225s
2025-04-24 10:24:28.216 70028 INFO tempest.lib.common.rest_client [req-5780b76f-17ec-4fc2-898a-153943085679 req-5780b76f-17ec-4fc2-898a-153943085679 ] Request (FlavorsExtraSpecsTestJSON:test_flavor_set_get_update_show_unset_keys): 200 GET http://10.180.1.21/compute/v2.1/flavors/2038164738/os-extra_specs 1.253s
2025-04-24 10:24:28.240 69976 INFO tempest.lib.common.rest_client [req-0b59fbfd-ec08-41bd-bead-012371062d89 req-0b59fbfd-ec08-41bd-bead-012371062d89 ] Request (ValidationResourcesFixture:setUp): 201 POST http://10.180.1.21:9696/networking/v2.0/security-groups 0.267s
2025-04-24 10:24:28.321 70014 INFO tempest.lib.common.rest_client [req-cf08fcf6-5bd0-451e-953f-4dea0fd443bd req-cf08fcf6-5bd0-451e-953f-4dea0fd443bd ] Request (FlavorsAccessTestJSON:tearDownClass): 204 DELETE http://10.180.1.21/identity/v3/users/1acb14f7edf04ead87609002ef557f31 0.324s
2025-04-24 10:24:28.379 69976 INFO tempest.lib.common.rest_client [req-14d19b58-2be7-4b06-9a7b-d8ccf36f257b req-14d19b58-2be7-4b06-9a7b-d8ccf36f257b ] Request (ValidationResourcesFixture:setUp): 201 POST http://10.180.1.21:9696/networking/v2.0/security-group-rules 0.138s
2025-04-24 10:24:28.394 69994 INFO tempest.lib.common.rest_client [req-af5385f8-c8a0-4244-b667-c487f2c50db2 req-af5385f8-c8a0-4244-b667-c487f2c50db2 ] Request (ServerRescueTestJSONUnderV235:setUpClass): 201 POST http://10.180.1.21/identity/v3/users 0.363s
2025-04-24 10:24:28.425 70008 INFO tempest.lib.common.rest_client [req-eb32fe81-48dc-44f7-b9d4-9e6c052e2e8e req-eb32fe81-48dc-44f7-b9d4-9e6c052e2e8e ] Request (HostsAdminTestJSON:test_list_hosts): 200 GET http://10.180.1.21/compute/v2.1/os-hosts 1.558s
2025-04-24 10:24:28.473 69984 INFO tempest.lib.common.rest_client [req-8f07382c-7599-4337-bb20-0329ba4a520c req-8f07382c-7599-4337-bb20-0329ba4a520c ] Request (SecurityGroupsTestAdminJSON:tearDownClass): 204 DELETE http://10.180.1.21/identity/v3/users/80ee27448cf04f58b976da287d82242b 0.433s
2025-04-24 10:24:28.474 69984 INFO tempest.lib.common.dynamic_creds [-] Deleting project and security group for project: 99334503876b472c8078116b1fba7948
2025-04-24 10:24:28.538 69972 INFO tempest.lib.common.rest_client [req-6b1e69f7-759c-449b-a1e9-efe00e679217 req-6b1e69f7-759c-449b-a1e9-efe00e679217 ] Request (ServersTestJSON:setUpClass): 201 POST http://10.180.1.21/identity/v3/projects 0.438s
2025-04-24 10:24:28.606 70010 INFO tempest.lib.common.rest_client [req-fa0c2e0a-3a81-42d3-97ad-b420430bfe86 req-fa0c2e0a-3a81-42d3-97ad-b420430bfe86 ] Request (ImagesMetadataTestJSON:setUpClass): 201 POST http://10.180.1.21/identity/v3/users 0.396s
2025-04-24 10:24:28.639 69974 INFO tempest.lib.common.rest_client [req-f909008d-b645-4d9d-8011-ebf05d1b88a9 req-f909008d-b645-4d9d-8011-ebf05d1b88a9 ] Request (QuotaClassesAdminTestJSON:tearDownClass): 204 DELETE http://10.180.1.21/identity/v3/projects/cb03fc280bf74c58b9c15b9243cd681c 0.509s
2025-04-24 10:24:28.701 69978 INFO tempest.lib.common.rest_client [req-eb58b0e1-0214-4e9d-b7fe-b16625c208d8 req-eb58b0e1-0214-4e9d-b7fe-b16625c208d8 ] Request (ServersAdmin275Test:test_rebuild_update_server_275): 200 GET http://10.180.1.21/compute/v2.1/servers/2ae35bea-fc6f-4138-b40c-707fe6dc3e12 1.502s
2025-04-24 10:24:28.716 69978 INFO tempest.common.waiters [-] State transition "BUILD/None" ==> "BUILD/networking" after 5 second wait
2025-04-24 10:24:28.722 70014 INFO tempest.lib.common.rest_client [req-72d55a22-4983-40b5-bddb-6bf481fbe197 req-72d55a22-4983-40b5-bddb-6bf481fbe197 ] Request (FlavorsAccessTestJSON:tearDownClass): 204 DELETE http://10.180.1.21/identity/v3/users/f815b404758e411ba02d5d96bc6f1011 0.401s
2025-04-24 10:24:28.723 70014 INFO tempest.lib.common.dynamic_creds [-] Deleting project and security group for project: 12aeb545cfaf41c796fe6ce981714f00
2025-04-24 10:24:28.751 69994 INFO tempest.lib.common.rest_client [req-77480ccb-155f-4328-bcc0-ed6457558ec9 req-77480ccb-155f-4328-bcc0-ed6457558ec9 ] Request (ServerRescueTestJSONUnderV235:setUpClass): 200 GET http://10.180.1.21/identity/v3/roles 0.356s
2025-04-24 10:24:28.752 69976 INFO tempest.lib.common.rest_client [req-67614e8a-7cd8-4ca8-8eb0-97b0fdea4213 req-67614e8a-7cd8-4ca8-8eb0-97b0fdea4213 ] Request (ValidationResourcesFixture:setUp): 201 POST http://10.180.1.21:9696/networking/v2.0/security-group-rules 0.372s
2025-04-24 10:24:28.791 69984 INFO tempest.lib.common.rest_client [req-c51cd007-55b7-466d-850c-1d15ba17b8b8 req-c51cd007-55b7-466d-850c-1d15ba17b8b8 ] Request (SecurityGroupsTestAdminJSON:tearDownClass): 201 POST http://10.180.1.21/identity/v3/auth/tokens 0.317s
2025-04-24 10:24:28.815 69982 INFO tempest.lib.common.rest_client [req-30ca40e6-6e5a-48e4-b011-f2faecd05d2c req-30ca40e6-6e5a-48e4-b011-f2faecd05d2c ] Request (SecurityGroupsTestJSON:setUpClass): 201 POST http://10.180.1.21:9696/networking/v2.0/networks 0.850s
2025-04-24 10:24:28.818 70010 INFO tempest.lib.common.rest_client [req-ac8bb3f9-e217-43c2-b24e-a1b038d7a06b req-ac8bb3f9-e217-43c2-b24e-a1b038d7a06b ] Request (ImagesMetadataTestJSON:setUpClass): 200 GET http://10.180.1.21/identity/v3/roles 0.212s
2025-04-24 10:24:28.822 70000 INFO tempest.lib.common.rest_client [req-d2e56735-f30b-4d35-a3ec-52fe8280639f req-d2e56735-f30b-4d35-a3ec-52fe8280639f ] Request (FloatingIPsTestJSON:tearDownClass): 204 DELETE http://10.180.1.21:9696/networking/v2.0/routers/4eef7f61-f5db-484e-9939-d4b8fa0d75b3 1.311s
2025-04-24 10:24:28.833 69972 INFO tempest.lib.common.rest_client [req-1e1b919b-7ce9-4e55-8d4a-dcd1d535e7e2 req-1e1b919b-7ce9-4e55-8d4a-dcd1d535e7e2 ] Request (ServersTestJSON:setUpClass): 201 POST http://10.180.1.21/identity/v3/users 0.295s
2025-04-24 10:24:28.848 69974 INFO tempest.lib.common.rest_client [req-68d2ef5a-eadd-4199-a627-baeff4becf0b req-68d2ef5a-eadd-4199-a627-baeff4becf0b ] Request (SecurityGroupsNegativeTestJSON:setUpClass): 201 POST http://10.180.1.21/identity/v3/auth/tokens 0.206s
2025-04-24 10:24:28.851 70004 INFO tempest.lib.common.rest_client [req-38b40822-f181-474f-be61-94c184fd2859 req-38b40822-f181-474f-be61-94c184fd2859 ] Request (ServersAdminTestJSON:setUpClass): 202 POST http://10.180.1.21/compute/v2.1/servers 1.839s
2025-04-24 10:24:28.864 70014 INFO tempest.lib.common.rest_client [req-18f0cc4b-60ad-4c88-ba64-89df260f582f req-18f0cc4b-60ad-4c88-ba64-89df260f582f ] Request (FlavorsAccessTestJSON:tearDownClass): 201 POST http://10.180.1.21/identity/v3/auth/tokens 0.141s
2025-04-24 10:24:28.890 69992 INFO tempest.lib.common.rest_client [req-6a0c561d-3d4f-4599-a281-b7d6ee9d5ba5 req-6a0c561d-3d4f-4599-a281-b7d6ee9d5ba5 ] Request (ServersTestManualDisk:setUpClass): 200 GET http://10.180.1.21/compute/v2.1/servers/435b11cd-2a7c-4869-9785-62290b46769e 1.495s
2025-04-24 10:24:28.900 69994 INFO tempest.lib.common.rest_client [req-f085e9d9-c538-4841-b8e1-edb83c6a7126 req-f085e9d9-c538-4841-b8e1-edb83c6a7126 ] Request (ServerRescueTestJSONUnderV235:setUpClass): 204 PUT http://10.180.1.21/identity/v3/projects/77a08fe9b74544a59d6c31f5b27592c6/users/7a7cbe0501d643888b44380696b22f66/roles/687e425623754bd9880325c8267054ab 0.149s
2025-04-24 10:24:28.900 69992 INFO tempest.common.waiters [-] State transition "BUILD/networking" ==> "BUILD/spawning" after 7 second wait
2025-04-24 10:24:28.901 69994 INFO tempest.lib.common.dynamic_creds [-] Dynamic test user 7a7cbe0501d643888b44380696b22f66 is created with scope project and roles: ['member']
2025-04-24 10:24:28.901 69994 INFO tempest.lib.common.dynamic_creds [-] Acquired dynamic creds: credentials: Credentials: {'domain_id': 'default', 'domain_name': 'Default', 'username': 'tempest-ServerRescueTestJSONUnderV235-2080901398-project-member', 'project_domain_id': 'default', 'project_domain_name': 'Default', 'project_id': '77a08fe9b74544a59d6c31f5b27592c6', 'project_name': 'tempest-ServerRescueTestJSONUnderV235-2080901398', 'tenant_id': '77a08fe9b74544a59d6c31f5b27592c6', 'tenant_name': 'tempest-ServerRescueTestJSONUnderV235-2080901398', 'user_domain_id': 'default', 'user_domain_name': 'Default', 'user_id': '7a7cbe0501d643888b44380696b22f66', 'system': None}, Network: None, Subnet: None, Router: None
2025-04-24 10:24:28.987 69988 INFO tempest.lib.common.rest_client [req-fd971e81-5f20-488d-9659-9e1b77c97509 req-fd971e81-5f20-488d-9659-9e1b77c97509 ] Request (QuotaClassesAdmin257Test:test_update_default_quotas): 200 PUT http://10.180.1.21/compute/v2.1/os-quota-class-sets/default 1.199s
2025-04-24 10:24:29.004 70010 INFO tempest.lib.common.rest_client [req-ac5fc42b-eadf-4ef8-ace9-39cab1a36505 req-ac5fc42b-eadf-4ef8-ace9-39cab1a36505 ] Request (ImagesMetadataTestJSON:setUpClass): 204 PUT http://10.180.1.21/identity/v3/projects/a41925cb1e474f8b984b26f78b1de1c8/users/ebbdeee6e4714d9eaf34fe31608e77bc/roles/687e425623754bd9880325c8267054ab 0.184s
2025-04-24 10:24:29.004 70010 INFO tempest.lib.common.dynamic_creds [-] Dynamic test user ebbdeee6e4714d9eaf34fe31608e77bc is created with scope project and roles: ['member']
2025-04-24 10:24:29.004 70010 INFO tempest.lib.common.dynamic_creds [-] Acquired dynamic creds: credentials: Credentials: {'domain_id': 'default', 'domain_name': 'Default', 'username': 'tempest-ImagesMetadataTestJSON-448691898-project-member', 'project_domain_id': 'default', 'project_domain_name': 'Default', 'project_id': 'a41925cb1e474f8b984b26f78b1de1c8', 'project_name': 'tempest-ImagesMetadataTestJSON-448691898', 'tenant_id': 'a41925cb1e474f8b984b26f78b1de1c8', 'tenant_name': 'tempest-ImagesMetadataTestJSON-448691898', 'user_domain_id': 'default', 'user_domain_name': 'Default', 'user_id': 'ebbdeee6e4714d9eaf34fe31608e77bc', 'system': None}, Network: None, Subnet: None, Router: None
2025-04-24 10:24:29.004 70010 INFO tempest.lib.common.dynamic_creds [-] Created isolated network resources for: credentials: Credentials: {'domain_id': 'default', 'domain_name': 'Default', 'username': 'tempest-ImagesMetadataTestJSON-448691898-project-member', 'project_domain_id': 'default', 'project_domain_name': 'Default', 'project_id': 'a41925cb1e474f8b984b26f78b1de1c8', 'project_name': 'tempest-ImagesMetadataTestJSON-448691898', 'tenant_id': 'a41925cb1e474f8b984b26f78b1de1c8', 'tenant_name': 'tempest-ImagesMetadataTestJSON-448691898', 'user_domain_id': 'default', 'user_domain_name': 'Default', 'user_id': 'ebbdeee6e4714d9eaf34fe31608e77bc', 'system': None}, Network: None, Subnet: None, Router: None
2025-04-24 10:24:29.026 70026 INFO tempest.lib.common.rest_client [req-5747c900-7b99-46e6-9412-36481253dfb7 req-5747c900-7b99-46e6-9412-36481253dfb7 ] Request (AggregatesAdminNegativeTestJSON:test_aggregate_add_non_exist_host): 404 POST http://10.180.1.21/compute/v2.1/os-aggregates/3/action 1.180s
2025-04-24 10:24:29.050 69986 INFO tempest.lib.common.rest_client [req-eb8316e1-89a6-4877-888b-1c918a6f5d7c req-eb8316e1-89a6-4877-888b-1c918a6f5d7c ] Request (FlavorsAdminTestJSON:test_create_flavor_with_none_id): 200 POST http://10.180.1.21/compute/v2.1/flavors 1.164s
2025-04-24 10:24:29.066 70006 INFO tempest.lib.common.rest_client [req-a90652ed-2158-42b3-9c8f-465e1801ff41 req-a90652ed-2158-42b3-9c8f-465e1801ff41 ] Request (KeyPairsNegativeTestJSON:test_keypair_delete_nonexistent_key): 404 DELETE http://10.180.1.21/compute/v2.1/os-keypairs/tempest-keypair-non-existent-564282647 1.146s
2025-04-24 10:24:29.076 70020 INFO tempest.lib.common.rest_client [req-23f2f0a8-908c-4ae6-b264-d02c731f02b4 req-23f2f0a8-908c-4ae6-b264-d02c731f02b4 ] Request (HostsAdminNegativeTestJSON:test_update_host_with_invalid_status): 400 PUT http://10.180.1.21/compute/v2.1/os-hosts/devstack 1.067s
2025-04-24 10:24:29.082 69968 INFO tempest.lib.common.rest_client [req-10ac81b8-1ef1-4974-9c77-5d9dcf323e3a req-10ac81b8-1ef1-4974-9c77-5d9dcf323e3a ] Request (FlavorsExtraSpecsNegativeTestJSON:test_flavor_non_admin_update_specific_key): 403 PUT http://10.180.1.21/compute/v2.1/flavors/95327637/os-extra_specs/hw:numa_nodes 1.069s
2025-04-24 10:24:29.094 69972 INFO tempest.lib.common.rest_client [req-a40f83f4-4a3c-45eb-82fd-8db84dec35e3 req-a40f83f4-4a3c-45eb-82fd-8db84dec35e3 ] Request (ServersTestJSON:setUpClass): 200 GET http://10.180.1.21/identity/v3/roles 0.259s
2025-04-24 10:24:29.095 69984 INFO tempest.lib.common.rest_client [req-d24c4e4d-4681-42e7-86cf-efd7b7c997e6 req-d24c4e4d-4681-42e7-86cf-efd7b7c997e6 ] Request (SecurityGroupsTestAdminJSON:tearDownClass): 200 GET http://10.180.1.21:9696/networking/v2.0/security-groups?tenant_id=99334503876b472c8078116b1fba7948&name=default 0.304s
2025-04-24 10:24:29.106 69974 INFO tempest.lib.common.rest_client [req-1c60e163-0e85-41d9-831c-29073ee3adf2 req-1c60e163-0e85-41d9-831c-29073ee3adf2 ] Request (SecurityGroupsNegativeTestJSON:setUpClass): 201 POST http://10.180.1.21/identity/v3/auth/tokens 0.254s
2025-04-24 10:24:29.133 69994 INFO tempest.lib.common.rest_client [req-8f299255-250e-4ae5-8e56-14bf89b95416 req-8f299255-250e-4ae5-8e56-14bf89b95416 ] Request (ServerRescueTestJSONUnderV235:setUpClass): 201 POST http://10.180.1.21/identity/v3/auth/tokens 0.231s
2025-04-24 10:24:29.147 70022 INFO tempest.lib.common.rest_client [req-a94bcac1-696f-40e8-84f8-6e4ed7114a2d req-a94bcac1-696f-40e8-84f8-6e4ed7114a2d ] Request (AttachInterfacesTestJSON:test_create_list_show_delete_interfaces_by_fixed_ip): 200 GET http://10.180.1.21/compute/v2.1/servers/2aaa93a3-9140-4422-9849-0b5a2616e633 1.424s
2025-04-24 10:24:29.231 70010 INFO tempest.lib.common.rest_client [req-a1342240-5269-42a4-a22b-0fb8ae46a3fc req-a1342240-5269-42a4-a22b-0fb8ae46a3fc ] Request (ImagesMetadataTestJSON:setUpClass): 201 POST http://10.180.1.21/identity/v3/auth/tokens 0.222s
2025-04-24 10:24:29.296 70006 INFO tempest.lib.common.rest_client [req-b9e7243e-3801-4ab1-8781-012867b93fbd req-b9e7243e-3801-4ab1-8781-012867b93fbd ] Request (KeyPairsNegativeTestJSON:tearDownClass): 204 DELETE http://10.180.1.21/identity/v3/users/61da37678a8a45839a5efd6bd03ac5c6 0.227s
2025-04-24 10:24:29.297 70006 INFO tempest.lib.common.dynamic_creds [-] Deleting project and security group for project: d9d4b385fb3a4ccaab6412822932aeb1
2025-04-24 10:24:29.308 70000 INFO tempest.lib.common.rest_client [req-65a31f93-b67f-47f3-8403-dece280b59a2 req-65a31f93-b67f-47f3-8403-dece280b59a2 ] Request (FloatingIPsTestJSON:tearDownClass): 204 DELETE http://10.180.1.21:9696/networking/v2.0/subnets/38096898-3f6b-407d-94e1-901df13aed00 0.485s
2025-04-24 10:24:29.363 69972 INFO tempest.lib.common.rest_client [req-41ffdef6-4e5e-4ff2-8625-ee175211d2c0 req-41ffdef6-4e5e-4ff2-8625-ee175211d2c0 ] Request (ServersTestJSON:setUpClass): 204 PUT http://10.180.1.21/identity/v3/projects/e41f290e09ec41f092ad59a914225d60/users/a285fbf0b45b4082b74b68028ad40f85/roles/687e425623754bd9880325c8267054ab 0.269s
2025-04-24 10:24:29.363 69972 INFO tempest.lib.common.dynamic_creds [-] Dynamic test user a285fbf0b45b4082b74b68028ad40f85 is created with scope project and roles: ['member']
2025-04-24 10:24:29.363 69972 INFO tempest.lib.common.dynamic_creds [-] Acquired dynamic creds: credentials: Credentials: {'domain_id': 'default', 'domain_name': 'Default', 'username': 'tempest-ServersTestJSON-1907685439-project-member', 'project_domain_id': 'default', 'project_domain_name': 'Default', 'project_id': 'e41f290e09ec41f092ad59a914225d60', 'project_name': 'tempest-ServersTestJSON-1907685439', 'tenant_id': 'e41f290e09ec41f092ad59a914225d60', 'tenant_name': 'tempest-ServersTestJSON-1907685439', 'user_domain_id': 'default', 'user_domain_name': 'Default', 'user_id': 'a285fbf0b45b4082b74b68028ad40f85', 'system': None}, Network: None, Subnet: None, Router: None
2025-04-24 10:24:29.406 70002 INFO tempest.lib.common.rest_client [req-4e5b9084-d435-4942-a31b-700dfef80f9d req-4e5b9084-d435-4942-a31b-700dfef80f9d ] Request (ServicesAdminTestJSON:test_get_service_by_host_name): 200 GET http://10.180.1.21/compute/v2.1/os-services 1.273s
2025-04-24 10:24:29.424 69974 INFO tempest.lib.common.rest_client [req-789c826a-b98a-4556-9a3c-9bf13494377c req-789c826a-b98a-4556-9a3c-9bf13494377c ] Request (SecurityGroupsNegativeTestJSON:setUpClass): 200 GET http://10.180.1.21/identity/v3/domains?name=Default 0.318s
2025-04-24 10:24:29.428 69984 INFO tempest.lib.common.rest_client [req-916249a7-e5aa-4653-b600-345906e065f7 req-916249a7-e5aa-4653-b600-345906e065f7 ] Request (SecurityGroupsTestAdminJSON:tearDownClass): 204 DELETE http://10.180.1.21:9696/networking/v2.0/security-groups/241a08c2-85e3-4bf6-adfc-6ed3a45c7a53 0.332s
2025-04-24 10:24:29.433 70028 INFO tempest.lib.common.rest_client [req-2f099856-4ff8-433a-bd16-99accb42de13 req-2f099856-4ff8-433a-bd16-99accb42de13 ] Request (FlavorsExtraSpecsTestJSON:tearDownClass): 202 DELETE http://10.180.1.21/compute/v2.1/flavors/2038164738 1.211s
2025-04-24 10:24:29.469 70006 INFO tempest.lib.common.rest_client [req-77b9617b-42dd-453a-9563-7b6beed94596 req-77b9617b-42dd-453a-9563-7b6beed94596 ] Request (KeyPairsNegativeTestJSON:tearDownClass): 201 POST http://10.180.1.21/identity/v3/auth/tokens 0.172s
2025-04-24 10:24:29.504 69972 INFO tempest.lib.common.rest_client [req-f9f9478d-3665-4e97-bc14-95c0cd4ac783 req-f9f9478d-3665-4e97-bc14-95c0cd4ac783 ] Request (ServersTestJSON:setUpClass): 201 POST http://10.180.1.21/identity/v3/auth/tokens 0.140s
2025-04-24 10:24:29.539 69974 INFO tempest.lib.common.rest_client [req-b3d8ed02-1699-420b-98f9-0829d3791634 req-b3d8ed02-1699-420b-98f9-0829d3791634 ] Request (SecurityGroupsNegativeTestJSON:setUpClass): 201 POST http://10.180.1.21/identity/v3/projects 0.113s
2025-04-24 10:24:29.655 69982 INFO tempest.lib.common.rest_client [req-dfe7b954-1d80-4206-b656-8981cfb1431b req-dfe7b954-1d80-4206-b656-8981cfb1431b ] Request (SecurityGroupsTestJSON:setUpClass): 201 POST http://10.180.1.21:9696/networking/v2.0/subnets 0.840s
2025-04-24 10:24:29.657 69974 INFO tempest.lib.common.rest_client [req-d7885c14-13cc-4287-b9fc-36b97129d0cc req-d7885c14-13cc-4287-b9fc-36b97129d0cc ] Request (SecurityGroupsNegativeTestJSON:setUpClass): 201 POST http://10.180.1.21/identity/v3/users 0.117s
2025-04-24 10:24:29.685 69984 INFO tempest.lib.common.rest_client [req-b77b25a2-64ff-4943-85c1-5b530f8ed38e req-b77b25a2-64ff-4943-85c1-5b530f8ed38e ] Request (SecurityGroupsTestAdminJSON:tearDownClass): 204 DELETE http://10.180.1.21/identity/v3/projects/99334503876b472c8078116b1fba7948 0.256s
2025-04-24 10:24:29.686 69984 INFO tempest.lib.common.dynamic_creds [-] Deleting project and security group for project: 5f21f035d2a3484880aa96a3a90e3060
2025-04-24 10:24:29.702 70014 INFO tempest.lib.common.rest_client [req-41180cf7-66e5-461b-9645-79feff253a47 req-41180cf7-66e5-461b-9645-79feff253a47 ] Request (FlavorsAccessTestJSON:tearDownClass): 200 GET http://10.180.1.21:9696/networking/v2.0/security-groups?tenant_id=12aeb545cfaf41c796fe6ce981714f00&name=default 0.837s
2025-04-24 10:24:29.758 69974 INFO tempest.lib.common.rest_client [req-bfbb2510-5a02-4e5b-ab16-6b0b67e8028f req-bfbb2510-5a02-4e5b-ab16-6b0b67e8028f ] Request (SecurityGroupsNegativeTestJSON:setUpClass): 200 GET http://10.180.1.21/identity/v3/roles 0.100s
2025-04-24 10:24:29.825 69974 INFO tempest.lib.common.rest_client [req-c1c9cfb1-5da1-4773-8ee1-d99149e4d9f0 req-c1c9cfb1-5da1-4773-8ee1-d99149e4d9f0 ] Request (SecurityGroupsNegativeTestJSON:setUpClass): 204 PUT http://10.180.1.21/identity/v3/projects/a114007f565e492d97f6dff778eb2237/users/f1a34b110bf84c078f504b4a62b2fe40/roles/687e425623754bd9880325c8267054ab 0.066s
2025-04-24 10:24:29.825 69974 INFO tempest.lib.common.dynamic_creds [-] Dynamic test user f1a34b110bf84c078f504b4a62b2fe40 is created with scope project and roles: ['member']
2025-04-24 10:24:29.826 69974 INFO tempest.lib.common.dynamic_creds [-] Acquired dynamic creds: credentials: Credentials: {'domain_id': 'default', 'domain_name': 'Default', 'username': 'tempest-SecurityGroupsNegativeTestJSON-1302286872-project-member', 'project_domain_id': 'default', 'project_domain_name': 'Default', 'project_id': 'a114007f565e492d97f6dff778eb2237', 'project_name': 'tempest-SecurityGroupsNegativeTestJSON-1302286872', 'tenant_id': 'a114007f565e492d97f6dff778eb2237', 'tenant_name': 'tempest-SecurityGroupsNegativeTestJSON-1302286872', 'user_domain_id': 'default', 'user_domain_name': 'Default', 'user_id': 'f1a34b110bf84c078f504b4a62b2fe40', 'system': None}, Network: None, Subnet: None, Router: None
2025-04-24 10:24:29.868 69984 INFO tempest.lib.common.rest_client [req-fcb27f8d-d5ee-4b84-9f03-587c076725bc req-fcb27f8d-d5ee-4b84-9f03-587c076725bc ] Request (SecurityGroupsTestAdminJSON:tearDownClass): 200 GET http://10.180.1.21:9696/networking/v2.0/security-groups?tenant_id=5f21f035d2a3484880aa96a3a90e3060&name=default 0.182s
2025-04-24 10:24:29.891 69974 INFO tempest.lib.common.rest_client [req-6684c7b2-e457-4d4f-bcae-e8fd0dd4806a req-6684c7b2-e457-4d4f-bcae-e8fd0dd4806a ] Request (SecurityGroupsNegativeTestJSON:setUpClass): 201 POST http://10.180.1.21/identity/v3/auth/tokens 0.065s
2025-04-24 10:24:29.904 69998 INFO tempest.lib.common.rest_client [req-91515343-fb9e-4e86-af47-be0691ec068c req-91515343-fb9e-4e86-af47-be0691ec068c ] Request (ServersAdminNegativeTestJSON:setUpClass): 200 GET http://10.180.1.21/compute/v2.1/servers/cef84cb6-0860-43d3-be49-593f04be9ade 1.508s
2025-04-24 10:24:30.009 70010 INFO tempest.lib.common.rest_client [req-7b6e362a-eff8-40d0-851e-8674dd129c1e req-7b6e362a-eff8-40d0-851e-8674dd129c1e ] Request (ImagesMetadataTestJSON:setUpClass): 201 POST http://10.180.1.21/image/v2/images 0.773s
2025-04-24 10:24:30.063 70006 INFO tempest.lib.common.rest_client [req-e62b7f5e-f8eb-44e7-b952-cc5842c8ee4c req-e62b7f5e-f8eb-44e7-b952-cc5842c8ee4c ] Request (KeyPairsNegativeTestJSON:tearDownClass): 200 GET http://10.180.1.21:9696/networking/v2.0/security-groups?tenant_id=d9d4b385fb3a4ccaab6412822932aeb1&name=default 0.593s
2025-04-24 10:24:30.173 69984 INFO tempest.lib.common.rest_client [req-19bdf278-01f3-4a21-8441-2793480a30ab req-19bdf278-01f3-4a21-8441-2793480a30ab ] Request (SecurityGroupsTestAdminJSON:tearDownClass): 204 DELETE http://10.180.1.21:9696/networking/v2.0/security-groups/b2b98dba-7ee6-4502-8649-1dcb1f6a1e31 0.305s
2025-04-24 10:24:30.251 70006 INFO tempest.lib.common.rest_client [req-4fa2f46a-5252-4bae-a832-7d3e9ed406ee req-4fa2f46a-5252-4bae-a832-7d3e9ed406ee ] Request (KeyPairsNegativeTestJSON:tearDownClass): 204 DELETE http://10.180.1.21:9696/networking/v2.0/security-groups/7dab74dd-08a3-4147-9450-c45cd46c02f7 0.187s
2025-04-24 10:24:30.257 69984 INFO tempest.lib.common.rest_client [req-0ea858ff-2a40-4161-9c75-aed96daf41ac req-0ea858ff-2a40-4161-9c75-aed96daf41ac ] Request (SecurityGroupsTestAdminJSON:tearDownClass): 204 DELETE http://10.180.1.21/identity/v3/projects/5f21f035d2a3484880aa96a3a90e3060 0.083s
2025-04-24 10:24:30.299 70014 INFO tempest.lib.common.rest_client [req-7d7134e8-4e35-4064-935b-508412064fab req-7d7134e8-4e35-4064-935b-508412064fab ] Request (FlavorsAccessTestJSON:tearDownClass): 204 DELETE http://10.180.1.21:9696/networking/v2.0/security-groups/df06921f-9d60-4238-97b6-c66bcd588278 0.593s
2025-04-24 10:24:30.328 69990 INFO tempest.lib.common.rest_client [req-d0d2891f-6226-46c6-9fc6-2888f9448481 req-d0d2891f-6226-46c6-9fc6-2888f9448481 ] Request (DeleteServersAdminTestJSON:test_admin_delete_servers_of_others): 200 GET http://10.180.1.21/compute/v2.1/servers/4cd7bc6c-ce62-4bbf-8058-d65471cbbef0 1.913s
2025-04-24 10:24:30.350 70008 INFO tempest.lib.common.rest_client [req-9e791467-4d76-4fa2-ae04-3cdf51bcc51a req-9e791467-4d76-4fa2-ae04-3cdf51bcc51a ] Request (HostsAdminTestJSON:test_list_hosts_with_a_blank_zone): 200 GET http://10.180.1.21/compute/v2.1/os-hosts?zone= 1.922s
2025-04-24 10:24:30.351 69972 INFO tempest.lib.common.rest_client [req-970e5d95-8536-4fe7-903f-ad04d379a70b req-970e5d95-8536-4fe7-903f-ad04d379a70b ] Request (ServersTestJSON:setUpClass): 201 POST http://10.180.1.21:9696/networking/v2.0/networks 0.845s
2025-04-24 10:24:30.365 70006 INFO tempest.lib.common.rest_client [req-306b090c-2619-4bec-b076-ca2714e0d7fd req-306b090c-2619-4bec-b076-ca2714e0d7fd ] Request (KeyPairsNegativeTestJSON:tearDownClass): 204 DELETE http://10.180.1.21/identity/v3/projects/d9d4b385fb3a4ccaab6412822932aeb1 0.113s
2025-04-24 10:24:30.386 69984 INFO tempest.lib.common.rest_client [req-d337a653-1e07-4110-8710-b66ec4d50128 req-d337a653-1e07-4110-8710-b66ec4d50128 ] Request (ServerDiagnosticsNegativeTest:setUpClass): 201 POST http://10.180.1.21/identity/v3/auth/tokens 0.127s
2025-04-24 10:24:30.413 70006 INFO tempest.lib.common.rest_client [req-7d9f26e3-91c4-47df-bfc5-bc4464e74558 req-7d9f26e3-91c4-47df-bfc5-bc4464e74558 ] Request (ServerActionsTestOtherA:setUpClass): 201 POST http://10.180.1.21/identity/v3/auth/tokens 0.044s
2025-04-24 10:24:30.454 70014 INFO tempest.lib.common.rest_client [req-97a2b540-5485-46bb-a320-534b5cf5c102 req-97a2b540-5485-46bb-a320-534b5cf5c102 ] Request (FlavorsAccessTestJSON:tearDownClass): 204 DELETE http://10.180.1.21/identity/v3/projects/12aeb545cfaf41c796fe6ce981714f00 0.155s
2025-04-24 10:24:30.454 70014 INFO tempest.lib.common.dynamic_creds [-] Deleting project and security group for project: fc23cbb5877d4bcbba97212d3d6ec202
2025-04-24 10:24:30.478 69984 INFO tempest.lib.common.rest_client [req-21ef768c-f3a2-4443-af2d-b896647df5c0 req-21ef768c-f3a2-4443-af2d-b896647df5c0 ] Request (ServerDiagnosticsNegativeTest:setUpClass): 201 POST http://10.180.1.21/identity/v3/auth/tokens 0.090s
2025-04-24 10:24:30.502 69996 INFO tempest.lib.common.rest_client [req-c378f839-b775-4747-8d22-fdeb98299e57 req-c378f839-b775-4747-8d22-fdeb98299e57 ] Request (FloatingIPsAssociationTestJSON:setUpClass): 200 GET http://10.180.1.21/compute/v2.1/servers/f86cbb87-023b-42b1-aef2-65c42a493437 1.991s
2025-04-24 10:24:30.514 70006 INFO tempest.lib.common.rest_client [req-276c4699-06ca-472e-83c2-0cc34be8a310 req-276c4699-06ca-472e-83c2-0cc34be8a310 ] Request (ServerActionsTestOtherA:setUpClass): 201 POST http://10.180.1.21/identity/v3/auth/tokens 0.098s
2025-04-24 10:24:30.539 69984 INFO tempest.lib.common.rest_client [req-b80cfee1-046d-4ee7-a24f-4273bd9f7cb7 req-b80cfee1-046d-4ee7-a24f-4273bd9f7cb7 ] Request (ServerDiagnosticsNegativeTest:setUpClass): 200 GET http://10.180.1.21/identity/v3/domains?name=Default 0.061s
2025-04-24 10:24:30.571 70006 INFO tempest.lib.common.rest_client [req-360f267d-99e6-4aab-948a-5950ed36b0f8 req-360f267d-99e6-4aab-948a-5950ed36b0f8 ] Request (ServerActionsTestOtherA:setUpClass): 200 GET http://10.180.1.21/identity/v3/domains?name=Default 0.056s
2025-04-24 10:24:30.575 69984 INFO tempest.lib.common.rest_client [req-6252c30d-4dca-47b5-ba16-6e4e514122ff req-6252c30d-4dca-47b5-ba16-6e4e514122ff ] Request (ServerDiagnosticsNegativeTest:setUpClass): 201 POST http://10.180.1.21/identity/v3/projects 0.035s
2025-04-24 10:24:30.631 70030 INFO tempest.lib.common.rest_client [req-a78af91e-f9de-4c78-8f6a-a153ab692033 req-a78af91e-f9de-4c78-8f6a-a153ab692033 ] Request (AttachInterfacesUnderV243Test:setUpClass): 200 PUT http://10.180.1.21:9696/networking/v2.0/routers/c197ccdb-d432-47cf-ae45-957394a662ae/add_router_interface 2.733s
2025-04-24 10:24:30.631 70030 INFO tempest.lib.common.dynamic_creds [-] Created isolated network resources for: credentials: Credentials: {'domain_id': 'default', 'domain_name': 'Default', 'username': 'tempest-AttachInterfacesUnderV243Test-1361175650-project-member', 'project_domain_id': 'default', 'project_domain_name': 'Default', 'project_id': '7f8ceafc18454c9799a0eb0836991f8f', 'project_name': 'tempest-AttachInterfacesUnderV243Test-1361175650', 'tenant_id': '7f8ceafc18454c9799a0eb0836991f8f', 'tenant_name': 'tempest-AttachInterfacesUnderV243Test-1361175650', 'user_domain_id': 'default', 'user_domain_name': 'Default', 'user_id': '5a788be84cff449da960d828e3a025d5', 'system': None}, Network: {'id': 'b9847fec-a0cb-47b1-9e17-c9efac1ecdfb', 'name': 'tempest-AttachInterfacesUnderV243Test-953744486-network', 'tenant_id': '7f8ceafc18454c9799a0eb0836991f8f', 'admin_state_up': True, 'mtu': 8950, 'status': 'ACTIVE', 'subnets': [], 'shared': False, 'project_id': '7f8ceafc18454c9799a0eb0836991f8f', 'port_security_enabled': True, 'router:external': False, 'provider:network_type': 'vlan', 'provider:physical_network': 'default', 'provider:segmentation_id': 600, 'availability_zone_hints': [], 'availability_zones': [], 'ipv4_address_scope': None, 'ipv6_address_scope': None, 'description': '', 'tags': [], 'created_at': '2025-04-24T10:24:24Z', 'updated_at': '2025-04-24T10:24:24Z', 'revision_number': 1}, Subnet: {'id': 'eeef4f62-3c1f-472e-b5cd-9cdcd29eb1d8', 'name': 'tempest-AttachInterfacesUnderV243Test-953744486-subnet', 'tenant_id': '7f8ceafc18454c9799a0eb0836991f8f', 'network_id': 'b9847fec-a0cb-47b1-9e17-c9efac1ecdfb', 'ip_version': 4, 'subnetpool_id': None, 'enable_dhcp': True, 'ipv6_ra_mode': None, 'ipv6_address_mode': None, 'gateway_ip': '192.168.128.1', 'cidr': '192.168.128.0/28', 'allocation_pools': [{'start': '192.168.128.2', 'end': '192.168.128.14'}], 'host_routes': [], 'dns_nameservers': [], 'description': '', 'router:external': False, 'service_types': [], 'tags': [], 'created_at': '2025-04-24T10:24:25Z', 'updated_at': '2025-04-24T10:24:25Z', 'revision_number': 0, 'project_id': '7f8ceafc18454c9799a0eb0836991f8f'}, Router: {'id': 'c197ccdb-d432-47cf-ae45-957394a662ae', 'name': 'tempest-AttachInterfacesUnderV243Test-953744486-router', 'tenant_id': '7f8ceafc18454c9799a0eb0836991f8f', 'admin_state_up': True, 'status': 'ACTIVE', 'external_gateway_info': {'network_id': 'eb45634c-52fa-4185-889a-c98604fe666f', 'external_fixed_ips': [{'subnet_id': '5290d20c-975b-4cbc-91e2-fec0e20f760b', 'ip_address': '10.180.180.143'}], 'enable_snat': True}, 'description': '', 'availability_zones': [], 'distributed': False, 'ha': False, 'availability_zone_hints': [], 'routes': [], 'flavor_id': None, 'tags': [], 'created_at': '2025-04-24T10:24:25Z', 'updated_at': '2025-04-24T10:24:26Z', 'revision_number': 2, 'project_id': '7f8ceafc18454c9799a0eb0836991f8f'}
2025-04-24 10:24:30.644 70006 INFO tempest.lib.common.rest_client [req-c7f9a1b7-24b8-4b62-881d-24d2c8fa0c9b req-c7f9a1b7-24b8-4b62-881d-24d2c8fa0c9b ] Request (ServerActionsTestOtherA:setUpClass): 201 POST http://10.180.1.21/identity/v3/projects 0.072s
2025-04-24 10:24:30.660 70014 INFO tempest.lib.common.rest_client [req-d5d4693f-d798-4223-9271-b708277b0ea1 req-d5d4693f-d798-4223-9271-b708277b0ea1 ] Request (FlavorsAccessTestJSON:tearDownClass): 200 GET http://10.180.1.21:9696/networking/v2.0/security-groups?tenant_id=fc23cbb5877d4bcbba97212d3d6ec202&name=default 0.205s
2025-04-24 10:24:30.705 69976 INFO tempest.lib.common.rest_client [req-20d05938-029d-450f-be86-9b5b203e03a0 req-20d05938-029d-450f-be86-9b5b203e03a0 ] Request (ValidationResourcesFixture:setUp): 201 POST http://10.180.1.21:9696/networking/v2.0/floatingips 1.952s
2025-04-24 10:24:30.707 69984 INFO tempest.lib.common.rest_client [req-c3cbbf54-dc01-43b6-aff3-d457ad460307 req-c3cbbf54-dc01-43b6-aff3-d457ad460307 ] Request (ServerDiagnosticsNegativeTest:setUpClass): 201 POST http://10.180.1.21/identity/v3/users 0.131s
2025-04-24 10:24:30.715 69972 INFO tempest.lib.common.rest_client [req-72253e8e-83c6-450f-b7be-d64ecb66fc88 req-72253e8e-83c6-450f-b7be-d64ecb66fc88 ] Request (ServersTestJSON:setUpClass): 201 POST http://10.180.1.21:9696/networking/v2.0/subnets 0.364s
2025-04-24 10:24:30.737 70030 INFO tempest.lib.common.rest_client [req-39d667a2-ad92-4973-a4ea-46d858ed75f5 req-39d667a2-ad92-4973-a4ea-46d858ed75f5 ] Request (AttachInterfacesUnderV243Test:setUpClass): 201 POST http://10.180.1.21/identity/v3/auth/tokens 0.100s
2025-04-24 10:24:30.742 70006 INFO tempest.lib.common.rest_client [req-d8e5a104-aa1e-4c32-b505-fc050e16ced8 req-d8e5a104-aa1e-4c32-b505-fc050e16ced8 ] Request (ServerActionsTestOtherA:setUpClass): 201 POST http://10.180.1.21/identity/v3/users 0.097s
2025-04-24 10:24:30.759 69984 INFO tempest.lib.common.rest_client [req-26cefe6b-3e8c-4101-898a-4703f5db2e97 req-26cefe6b-3e8c-4101-898a-4703f5db2e97 ] Request (ServerDiagnosticsNegativeTest:setUpClass): 200 GET http://10.180.1.21/identity/v3/roles 0.051s
2025-04-24 10:24:30.812 70012 INFO tempest.lib.common.rest_client [req-1f7644b8-d903-4e73-a9c3-520985685dd0 req-1f7644b8-d903-4e73-a9c3-520985685dd0 ] Request (ServerMetadataNegativeTestJSON:setUpClass): 200 GET http://10.180.1.21/compute/v2.1/servers/8da2aa88-2973-40fc-906d-781d86cb2f03 2.221s
2025-04-24 10:24:30.826 70006 INFO tempest.lib.common.rest_client [req-6b39effa-236a-463c-8351-a8ab37952545 req-6b39effa-236a-463c-8351-a8ab37952545 ] Request (ServerActionsTestOtherA:setUpClass): 200 GET http://10.180.1.21/identity/v3/roles 0.083s
2025-04-24 10:24:30.840 70014 INFO tempest.lib.common.rest_client [req-09299a32-5714-49cf-96cb-26b5248aafe4 req-09299a32-5714-49cf-96cb-26b5248aafe4 ] Request (FlavorsAccessTestJSON:tearDownClass): 204 DELETE http://10.180.1.21:9696/networking/v2.0/security-groups/389f8df0-c49a-49ef-a513-893d6791d010 0.180s
2025-04-24 10:24:30.850 69984 INFO tempest.lib.common.rest_client [req-e1a21701-2570-45bf-a558-92f785394eec req-e1a21701-2570-45bf-a558-92f785394eec ] Request (ServerDiagnosticsNegativeTest:setUpClass): 204 PUT http://10.180.1.21/identity/v3/projects/c734dc793f844ae180ecee273a28cf5c/users/f07e97f261e0456694cdc12cd96cd777/roles/687e425623754bd9880325c8267054ab 0.090s
2025-04-24 10:24:30.850 69984 INFO tempest.lib.common.dynamic_creds [-] Dynamic test user f07e97f261e0456694cdc12cd96cd777 is created with scope project and roles: ['member']
2025-04-24 10:24:30.850 69984 INFO tempest.lib.common.dynamic_creds [-] Acquired dynamic creds: credentials: Credentials: {'domain_id': 'default', 'domain_name': 'Default', 'username': 'tempest-ServerDiagnosticsNegativeTest-2114204994-project-member', 'project_domain_id': 'default', 'project_domain_name': 'Default', 'project_id': 'c734dc793f844ae180ecee273a28cf5c', 'project_name': 'tempest-ServerDiagnosticsNegativeTest-2114204994', 'tenant_id': 'c734dc793f844ae180ecee273a28cf5c', 'tenant_name': 'tempest-ServerDiagnosticsNegativeTest-2114204994', 'user_domain_id': 'default', 'user_domain_name': 'Default', 'user_id': 'f07e97f261e0456694cdc12cd96cd777', 'system': None}, Network: None, Subnet: None, Router: None
2025-04-24 10:24:30.850 69984 INFO tempest.lib.common.dynamic_creds [-] Created isolated network resources for: credentials: Credentials: {'domain_id': 'default', 'domain_name': 'Default', 'username': 'tempest-ServerDiagnosticsNegativeTest-2114204994-project-member', 'project_domain_id': 'default', 'project_domain_name': 'Default', 'project_id': 'c734dc793f844ae180ecee273a28cf5c', 'project_name': 'tempest-ServerDiagnosticsNegativeTest-2114204994', 'tenant_id': 'c734dc793f844ae180ecee273a28cf5c', 'tenant_name': 'tempest-ServerDiagnosticsNegativeTest-2114204994', 'user_domain_id': 'default', 'user_domain_name': 'Default', 'user_id': 'f07e97f261e0456694cdc12cd96cd777', 'system': None}, Network: None, Subnet: None, Router: None
2025-04-24 10:24:30.852 69976 INFO tempest.lib.common.rest_client [req-4577563e-f2d7-462b-b2cf-618a2a3b2112 req-4577563e-f2d7-462b-b2cf-618a2a3b2112 ] Request (ServersWithSpecificFlavorTestJSON:test_verify_created_server_ephemeral_disk): 201 POST http://10.180.1.21/identity/v3/auth/tokens 0.143s
2025-04-24 10:24:30.854 69976 INFO tempest.lib.common.fixed_network [-] (ServersWithSpecificFlavorTestJSON:test_verify_created_server_ephemeral_disk) Found network {'id': '342d9a84-0cbd-4a68-bfc7-30137857e96a', 'name': 'tempest-ServersWithSpecificFlavorTestJSON-1441004670-network', 'tenant_id': '9f6ba760817c41498d502472114bb424', 'admin_state_up': True, 'mtu': 8950, 'status': 'ACTIVE', 'subnets': [], 'shared': False, 'project_id': '9f6ba760817c41498d502472114bb424', 'port_security_enabled': True, 'router:external': False, 'provider:network_type': 'vlan', 'provider:physical_network': 'default', 'provider:segmentation_id': 184, 'availability_zone_hints': [], 'availability_zones': [], 'ipv4_address_scope': None, 'ipv6_address_scope': None, 'description': '', 'tags': [], 'created_at': '2025-04-24T10:24:01Z', 'updated_at': '2025-04-24T10:24:01Z', 'revision_number': 1} available for tenant
2025-04-24 10:24:30.885 69994 INFO tempest.lib.common.rest_client [req-8bf760cc-819e-4493-8f78-b603ebc40720 req-8bf760cc-819e-4493-8f78-b603ebc40720 ] Request (ServerRescueTestJSONUnderV235:setUpClass): 201 POST http://10.180.1.21:9696/networking/v2.0/networks 1.750s
2025-04-24 10:24:30.889 70018 INFO tempest.lib.common.rest_client [req-092a8f5e-062a-4d84-8a65-6c4e7a2a1455 req-092a8f5e-062a-4d84-8a65-6c4e7a2a1455 ] Request (VolumesAssistedSnapshotsTest:test_volume_assisted_snapshot_create_delete): 202 POST http://10.180.1.21/compute/v2.1/servers 2.690s
2025-04-24 10:24:30.905 69988 INFO tempest.lib.common.rest_client [req-2e775f97-465b-4f0f-9ed4-3b13cc9ff8d3 req-2e775f97-465b-4f0f-9ed4-3b13cc9ff8d3 ] Request (QuotaClassesAdmin257Test:test_update_default_quotas): 200 GET http://10.180.1.21/compute/v2.1/os-quota-class-sets/default 1.916s
2025-04-24 10:24:30.942 70004 INFO tempest.lib.common.rest_client [req-d14b3647-0dd5-4610-aeca-2705b910abe9 req-d14b3647-0dd5-4610-aeca-2705b910abe9 ] Request (ServersAdminTestJSON:setUpClass): 200 GET http://10.180.1.21/compute/v2.1/servers/4a40d82c-5823-4bd7-ba16-f87cfd283895 2.089s
2025-04-24 10:24:30.960 70006 INFO tempest.lib.common.rest_client [req-a00520dd-ea34-4d65-a853-ce80d2f3da70 req-a00520dd-ea34-4d65-a853-ce80d2f3da70 ] Request (ServerActionsTestOtherA:setUpClass): 204 PUT http://10.180.1.21/identity/v3/projects/550970d6b26d4819a41acf431a4af61e/users/74dac567dd4d41bca91e8b3793b5a75f/roles/687e425623754bd9880325c8267054ab 0.133s
2025-04-24 10:24:30.960 70006 INFO tempest.lib.common.dynamic_creds [-] Dynamic test user 74dac567dd4d41bca91e8b3793b5a75f is created with scope project and roles: ['member']
2025-04-24 10:24:30.960 70006 INFO tempest.lib.common.dynamic_creds [-] Acquired dynamic creds: credentials: Credentials: {'domain_id': 'default', 'domain_name': 'Default', 'username': 'tempest-ServerActionsTestOtherA-1303343426-project-member', 'project_domain_id': 'default', 'project_domain_name': 'Default', 'project_id': '550970d6b26d4819a41acf431a4af61e', 'project_name': 'tempest-ServerActionsTestOtherA-1303343426', 'tenant_id': '550970d6b26d4819a41acf431a4af61e', 'tenant_name': 'tempest-ServerActionsTestOtherA-1303343426', 'user_domain_id': 'default', 'user_domain_name': 'Default', 'user_id': '74dac567dd4d41bca91e8b3793b5a75f', 'system': None}, Network: None, Subnet: None, Router: None
2025-04-24 10:24:30.974 70026 INFO tempest.lib.common.rest_client [req-1ddbbbb1-7537-4202-b4fa-79a0d433b7bc req-1ddbbbb1-7537-4202-b4fa-79a0d433b7bc ] Request (AggregatesAdminNegativeTestJSON:_run_cleanups): 200 DELETE http://10.180.1.21/compute/v2.1/os-aggregates/3 1.947s
2025-04-24 10:24:30.989 70024 INFO tempest.lib.common.rest_client [req-b67f1ac9-cbf5-43bb-aa99-61869a5448d5 req-b67f1ac9-cbf5-43bb-aa99-61869a5448d5 ] Request (TenantUsagesTestJSON:setUpClass): 200 GET http://10.180.1.21/compute/v2.1/servers/1a6f2f90-dab0-44bb-8564-223efaf9f8f6 1.976s
2025-04-24 10:24:30.996 69986 INFO tempest.lib.common.rest_client [req-d45a0d93-2a8a-4a09-9f67-829c20fcd08a req-d45a0d93-2a8a-4a09-9f67-829c20fcd08a ] Request (FlavorsAdminTestJSON:_run_cleanups): 202 DELETE http://10.180.1.21/compute/v2.1/flavors/779d0cc3-05ef-4a0c-9a88-d81a2a475867 1.943s
2025-04-24 10:24:30.999 70020 INFO tempest.lib.common.rest_client [req-54e3955e-cfff-4537-b8ab-e583efe58dd8 req-54e3955e-cfff-4537-b8ab-e583efe58dd8 ] Request (HostsAdminNegativeTestJSON:test_update_host_with_non_admin_user): 403 PUT http://10.180.1.21/compute/v2.1/os-hosts/devstack 1.921s
2025-04-24 10:24:31.006 69968 INFO tempest.lib.common.rest_client [req-d02a8051-dfd8-4cdc-b339-bf400b8869b8 req-d02a8051-dfd8-4cdc-b339-bf400b8869b8 ] Request (FlavorsExtraSpecsNegativeTestJSON:test_flavor_unset_nonexistent_key): 404 DELETE http://10.180.1.21/compute/v2.1/flavors/95327637/os-extra_specs/hw:cpu_thread_policy 1.921s
2025-04-24 10:24:31.008 70014 INFO tempest.lib.common.rest_client [req-90b1e0ed-6869-4dbe-874b-9de1826aa473 req-90b1e0ed-6869-4dbe-874b-9de1826aa473 ] Request (FlavorsAccessTestJSON:tearDownClass): 204 DELETE http://10.180.1.21/identity/v3/projects/fc23cbb5877d4bcbba97212d3d6ec202 0.167s
2025-04-24 10:24:31.009 70014 INFO tempest.test [-] raised in ServerStableDeviceRescueTest.setUpClass. Invoking tearDownClass.
2025-04-24 10:24:31.010 70010 INFO tempest.lib.common.rest_client [req-186c8d84-9556-4611-8255-bbe339a8ec0b req-186c8d84-9556-4611-8255-bbe339a8ec0b ] Request (ImagesMetadataTestJSON:setUpClass): 204 PUT http://10.180.1.21/image/v2/images/ad138407-3c4f-4973-bc31-429635c7a1be/file 1.000s
2025-04-24 10:24:31.026 70002 INFO tempest.lib.common.rest_client [req-357b9bfb-9811-4d72-9ab0-9ab173532fc0 req-357b9bfb-9811-4d72-9ab0-9ab173532fc0 ] Request (ServicesAdminTestJSON:test_get_service_by_host_name): 200 GET http://10.180.1.21/compute/v2.1/os-services?host=devstack 1.617s
2025-04-24 10:24:31.037 70000 INFO tempest.lib.common.rest_client [req-a485a8a1-db71-4c55-8e2a-0324e6365a73 req-a485a8a1-db71-4c55-8e2a-0324e6365a73 ] Request (FloatingIPsTestJSON:tearDownClass): 204 DELETE http://10.180.1.21:9696/networking/v2.0/networks/c2630994-5fa3-4717-b21a-45a62faccd21 1.729s
2025-04-24 10:24:31.050 70028 INFO tempest.lib.common.rest_client [req-7ad52494-4010-47bf-863f-9c94d79acb7d req-7ad52494-4010-47bf-863f-9c94d79acb7d ] Request (FlavorsExtraSpecsTestJSON:tearDownClass): 200 GET http://10.180.1.21/compute/v2.1/flavors/detail 1.616s
2025-04-24 10:24:31.080 69984 INFO tempest.lib.common.rest_client [req-e3081581-0fe3-4295-a14c-c0a3b631dfd1 req-e3081581-0fe3-4295-a14c-c0a3b631dfd1 ] Request (ServerDiagnosticsNegativeTest:setUpClass): 201 POST http://10.180.1.21/identity/v3/auth/tokens 0.220s
2025-04-24 10:24:31.098 69980 INFO tempest.lib.common.rest_client [req-4788f52e-ce0a-4e3c-99f9-a618804cd6d7 req-4788f52e-ce0a-4e3c-99f9-a618804cd6d7 ] Request (ServerDiagnosticsTest:tearDownClass): 200 GET http://10.180.1.21/compute/v2.1/servers/af0c4135-2c1a-4eab-b8a7-9eca5c95d17b 1.877s
2025-04-24 10:24:31.133 70006 INFO tempest.lib.common.rest_client [req-143e3f71-73a2-4dd7-b0a2-f7cf98c6752a req-143e3f71-73a2-4dd7-b0a2-f7cf98c6752a ] Request (ServerActionsTestOtherA:setUpClass): 201 POST http://10.180.1.21/identity/v3/auth/tokens 0.173s
2025-04-24 10:24:31.155 70014 INFO tempest.lib.common.rest_client [req-e086af66-0259-49d3-ad3e-a5548742b5e2 req-e086af66-0259-49d3-ad3e-a5548742b5e2 ] Request (ServerShowV247Test:setUpClass): 201 POST http://10.180.1.21/identity/v3/auth/tokens 0.139s
2025-04-24 10:24:31.167 69978 INFO tempest.lib.common.rest_client [req-2a4a7983-218e-41d0-a1cd-be48fca61d35 req-2a4a7983-218e-41d0-a1cd-be48fca61d35 ] Request (ServersAdmin275Test:test_rebuild_update_server_275): 200 GET http://10.180.1.21/compute/v2.1/servers/2ae35bea-fc6f-4138-b40c-707fe6dc3e12 1.449s
2025-04-24 10:24:31.177 69978 INFO tempest.common.waiters [-] State transition "BUILD/networking" ==> "BUILD/spawning" after 8 second wait
2025-04-24 10:24:31.238 70000 INFO tempest.lib.common.rest_client [req-b80a067a-5415-4619-967e-6c4fef3b1ce7 req-b80a067a-5415-4619-967e-6c4fef3b1ce7 ] Request (FloatingIPsTestJSON:tearDownClass): 204 DELETE http://10.180.1.21/identity/v3/users/c5a2274c3f264012836395e378e8e064 0.200s
2025-04-24 10:24:31.238 70000 INFO tempest.lib.common.dynamic_creds [-] Deleting project and security group for project: bde0c344fdce45d897565f61fafb2e9f
2025-04-24 10:24:31.260 69974 INFO tempest.lib.common.rest_client [req-d7fe0807-d247-48c7-b456-f3351df48f1c req-d7fe0807-d247-48c7-b456-f3351df48f1c ] Request (SecurityGroupsNegativeTestJSON:setUpClass): 201 POST http://10.180.1.21:9696/networking/v2.0/networks 1.368s
2025-04-24 10:24:31.294 69994 INFO tempest.lib.common.rest_client [req-14de4965-5e72-42d6-90aa-12243dbcfed8 req-14de4965-5e72-42d6-90aa-12243dbcfed8 ] Request (ServerRescueTestJSONUnderV235:setUpClass): 201 POST http://10.180.1.21:9696/networking/v2.0/subnets 0.409s
2025-04-24 10:24:31.298 70028 INFO tempest.lib.common.rest_client [req-924cf40c-9cd4-460b-a1f9-19ebef413b81 req-924cf40c-9cd4-460b-a1f9-19ebef413b81 ] Request (FlavorsExtraSpecsTestJSON:tearDownClass): 204 DELETE http://10.180.1.21/identity/v3/users/1a2fdd4103534351a932bfc08563600f 0.238s
2025-04-24 10:24:31.333 69984 INFO tempest.lib.common.rest_client [req-e2f8ea89-b739-4a9f-afd5-b5661a4d95ab req-e2f8ea89-b739-4a9f-afd5-b5661a4d95ab ] Request (ServerDiagnosticsNegativeTest:setUpClass): 201 POST http://10.180.1.21/identity/v3/projects 0.252s
2025-04-24 10:24:31.338 70000 INFO tempest.lib.common.rest_client [req-baf515fb-9bb8-4840-9fee-b41fd448e039 req-baf515fb-9bb8-4840-9fee-b41fd448e039 ] Request (FloatingIPsTestJSON:tearDownClass): 200 GET http://10.180.1.21:9696/networking/v2.0/security-groups?tenant_id=bde0c344fdce45d897565f61fafb2e9f&name=default 0.099s
2025-04-24 10:24:31.342 69992 INFO tempest.lib.common.rest_client [req-6235c035-a2a2-419f-940f-b23252bc1a86 req-6235c035-a2a2-419f-940f-b23252bc1a86 ] Request (ServersTestManualDisk:setUpClass): 200 GET http://10.180.1.21/compute/v2.1/servers/435b11cd-2a7c-4869-9785-62290b46769e 1.440s
2025-04-24 10:24:31.369 70008 INFO tempest.lib.common.rest_client [req-ed9d6c02-d4ad-4366-93df-e90fef3da8f4 req-ed9d6c02-d4ad-4366-93df-e90fef3da8f4 ] Request (HostsAdminTestJSON:test_list_hosts_with_nonexistent_zone): 200 GET http://10.180.1.21/compute/v2.1/os-hosts?zone=xxx 1.017s
2025-04-24 10:24:31.408 70022 INFO tempest.lib.common.rest_client [req-82f23fb9-3995-4029-8baa-09f01a23321d req-82f23fb9-3995-4029-8baa-09f01a23321d ] Request (AttachInterfacesTestJSON:test_create_list_show_delete_interfaces_by_fixed_ip): 200 GET http://10.180.1.21/compute/v2.1/servers/2aaa93a3-9140-4422-9849-0b5a2616e633 1.246s
2025-04-24 10:24:31.412 70014 INFO tempest.lib.common.rest_client [req-b1c3e750-23ea-4dec-b820-c8158d28bcd5 req-b1c3e750-23ea-4dec-b820-c8158d28bcd5 ] Request (ServerShowV247Test:setUpClass): 201 POST http://10.180.1.21/identity/v3/auth/tokens 0.253s
