2025-04-24 10:27:03.020 69976 INFO tempest.lib.common.rest_client [req-31b1d609-1460-4a72-a7b9-d3c33e8dd20c req-31b1d609-1460-4a72-a7b9-d3c33e8dd20c ] Request (ServersWithSpecificFlavorTestJSON:test_verify_created_server_ephemeral_disk): 200 GET http://10.180.1.21/compute/v2.1/servers/f97ab55c-ccb7-43e8-8df9-29e0652e8c5e 0.098s
2025-04-24 10:27:03.033 69976 INFO tempest.common.waiters [-] State transition "BUILD/scheduling" ==> "BUILD/None" after 20 second wait
2025-04-24 10:27:03.039 69986 INFO tempest.lib.common.rest_client [req-e7b874b6-a829-4214-ba7d-da0766ffcf8a req-e7b874b6-a829-4214-ba7d-da0766ffcf8a ] Request (ImagesOneServerNegativeTestJSON:tearDown): 200 GET http://10.180.1.21/compute/v2.1/servers/eb087ccc-cfd3-4160-b189-b7b991a9a35c 0.146s
2025-04-24 10:27:03.054 69986 INFO tempest.common.waiters [-] State transition "ACTIVE/image_snapshot" ==> "ACTIVE/image_pending_upload" after 2 second wait
2025-04-24 10:27:03.092 69998 INFO tempest.lib.common.rest_client [req-f8962be7-eead-4945-b0d7-4b2a7b8350d4 req-f8962be7-eead-4945-b0d7-4b2a7b8350d4 ] Request (ServerAddressesNegativeTestJSON:setUpClass): 200 PUT http://10.180.1.21:9696/networking/v2.0/routers/be106bb8-b5a7-4349-b1bf-d76125cdf4b7/add_router_interface 1.259s
2025-04-24 10:27:03.092 69998 INFO tempest.lib.common.dynamic_creds [-] Created isolated network resources for: credentials: Credentials: {'domain_id': 'default', 'domain_name': 'Default', 'username': 'tempest-ServerAddressesNegativeTestJSON-38531639-project-member', 'project_domain_id': 'default', 'project_domain_name': 'Default', 'project_id': '77ceb725932440709412e637151801e1', 'project_name': 'tempest-ServerAddressesNegativeTestJSON-38531639', 'tenant_id': '77ceb725932440709412e637151801e1', 'tenant_name': 'tempest-ServerAddressesNegativeTestJSON-38531639', 'user_domain_id': 'default', 'user_domain_name': 'Default', 'user_id': '2d581547145e4a669e11c934e7893e4e', 'system': None}, Network: {'id': 'ba9ea15e-3611-4967-94d2-65af6f7cbf43', 'name': 'tempest-ServerAddressesNegativeTestJSON-981557054-network', 'tenant_id': '77ceb725932440709412e637151801e1', 'admin_state_up': True, 'mtu': 8950, 'status': 'ACTIVE', 'subnets': [], 'shared': False, 'project_id': '77ceb725932440709412e637151801e1', 'port_security_enabled': True, 'router:external': False, 'provider:network_type': 'vlan', 'provider:physical_network': 'default', 'provider:segmentation_id': 57, 'availability_zone_hints': [], 'availability_zones': [], 'ipv4_address_scope': None, 'ipv6_address_scope': None, 'description': '', 'tags': [], 'created_at': '2025-04-24T10:26:59Z', 'updated_at': '2025-04-24T10:26:59Z', 'revision_number': 1}, Subnet: {'id': '3fe9911a-d500-4c86-8f71-14c7c9cbef2a', 'name': 'tempest-ServerAddressesNegativeTestJSON-981557054-subnet', 'tenant_id': '77ceb725932440709412e637151801e1', 'network_id': 'ba9ea15e-3611-4967-94d2-65af6f7cbf43', 'ip_version': 4, 'subnetpool_id': None, 'enable_dhcp': True, 'ipv6_ra_mode': None, 'ipv6_address_mode': None, 'gateway_ip': '192.168.128.1', 'cidr': '192.168.128.0/28', 'allocation_pools': [{'start': '192.168.128.2', 'end': '192.168.128.14'}], 'host_routes': [], 'dns_nameservers': [], 'description': '', 'router:external': False, 'service_types': [], 'tags': [], 'created_at': '2025-04-24T10:27:00Z', 'updated_at': '2025-04-24T10:27:00Z', 'revision_number': 0, 'project_id': '77ceb725932440709412e637151801e1'}, Router: {'id': 'be106bb8-b5a7-4349-b1bf-d76125cdf4b7', 'name': 'tempest-ServerAddressesNegativeTestJSON-981557054-router', 'tenant_id': '77ceb725932440709412e637151801e1', 'admin_state_up': True, 'status': 'ACTIVE', 'external_gateway_info': {'network_id': 'eb45634c-52fa-4185-889a-c98604fe666f', 'external_fixed_ips': [{'subnet_id': '5290d20c-975b-4cbc-91e2-fec0e20f760b', 'ip_address': '10.180.180.152'}], 'enable_snat': True}, 'description': '', 'availability_zones': [], 'distributed': False, 'ha': False, 'availability_zone_hints': [], 'routes': [], 'flavor_id': None, 'tags': [], 'created_at': '2025-04-24T10:27:00Z', 'updated_at': '2025-04-24T10:27:01Z', 'revision_number': 2, 'project_id': '77ceb725932440709412e637151801e1'}
2025-04-24 10:27:03.122 69996 INFO tempest.lib.common.rest_client [req-99d09272-1b7e-4446-8861-834901f09270 req-99d09272-1b7e-4446-8861-834901f09270 ] Request (FloatingIPsAssociationTestJSON:tearDownClass): 200 GET http://10.180.1.21/compute/v2.1/servers/f86cbb87-023b-42b1-aef2-65c42a493437 0.144s
2025-04-24 10:27:03.143 70006 INFO tempest.lib.common.rest_client [req-98966e34-b0e2-45e2-b9fd-fb10b85893e8 req-98966e34-b0e2-45e2-b9fd-fb10b85893e8 ] Request (ServerActionsTestOtherA:test_rebuild_server_in_stop_state): 200 GET http://10.180.1.21/compute/v2.1/servers/450475fe-d1da-4dd9-9547-7f3f350e3859 0.106s
2025-04-24 10:27:03.268 69998 INFO tempest.lib.common.rest_client [req-68af2262-9c09-4440-83bc-a6d94e746594 req-68af2262-9c09-4440-83bc-a6d94e746594 ] Request (ServerAddressesNegativeTestJSON:setUpClass): 201 POST http://10.180.1.21/identity/v3/auth/tokens 0.166s
2025-04-24 10:27:03.306 69974 INFO tempest.lib.common.rest_client [req-dc5f5591-bae3-48fb-b100-18f2a4e5517e req-dc5f5591-bae3-48fb-b100-18f2a4e5517e ] Request (ListServersNegativeTestJSON:tearDownClass): 200 GET http://10.180.1.21/compute/v2.1/servers/8da0e706-9a15-45bb-8592-ce21d40800c7 0.084s
2025-04-24 10:27:03.310 70012 INFO tempest.lib.common.rest_client [req-a1085e39-be9c-4727-875f-6da49181490d req-a1085e39-be9c-4727-875f-6da49181490d ] Request (ServerRescueTestJSON:setUpClass): 200 GET http://10.180.1.21/compute/v2.1/servers/c313d34f-a527-4c11-b136-f11072822afa 0.153s
2025-04-24 10:27:03.326 69998 INFO tempest.lib.common.rest_client [req-3cc88235-48c4-4ca1-a4fd-6aa71cb36737 req-3cc88235-48c4-4ca1-a4fd-6aa71cb36737 ] Request (ServerAddressesNegativeTestJSON:setUpClass): 201 POST http://10.180.1.21/identity/v3/auth/tokens 0.054s
2025-04-24 10:27:03.327 69998 INFO tempest.lib.common.fixed_network [-] (ServerAddressesNegativeTestJSON:setUpClass) Found network {'id': 'ba9ea15e-3611-4967-94d2-65af6f7cbf43', 'name': 'tempest-ServerAddressesNegativeTestJSON-981557054-network', 'tenant_id': '77ceb725932440709412e637151801e1', 'admin_state_up': True, 'mtu': 8950, 'status': 'ACTIVE', 'subnets': [], 'shared': False, 'project_id': '77ceb725932440709412e637151801e1', 'port_security_enabled': True, 'router:external': False, 'provider:network_type': 'vlan', 'provider:physical_network': 'default', 'provider:segmentation_id': 57, 'availability_zone_hints': [], 'availability_zones': [], 'ipv4_address_scope': None, 'ipv6_address_scope': None, 'description': '', 'tags': [], 'created_at': '2025-04-24T10:26:59Z', 'updated_at': '2025-04-24T10:26:59Z', 'revision_number': 1} available for tenant
2025-04-24 10:27:03.365 69982 INFO tempest.lib.common.rest_client [req-980370a9-e83a-4948-b677-1fad394e8d3e req-980370a9-e83a-4948-b677-1fad394e8d3e ] Request (SecurityGroupsTestJSON:test_server_security_groups): 200 GET http://10.180.1.21/compute/v2.1/servers/d5bdcddc-1bba-4e7d-ac13-36a4a54b7e01 0.086s
2025-04-24 10:27:03.414 70002 INFO tempest.lib.common.rest_client [req-f9a74c41-cc6a-437e-b067-8685a29f788c req-f9a74c41-cc6a-437e-b067-8685a29f788c ] Request (ImagesTestJSON:test_create_image_from_suspended_server): 200 GET http://10.180.1.21/compute/v2.1/servers/4170a779-a76c-494e-9ae9-6ba53cb4357f 0.073s
2025-04-24 10:27:03.507 70004 INFO tempest.lib.common.rest_client [req-87409a95-d469-4223-b258-bef62d8c9f40 req-87409a95-d469-4223-b258-bef62d8c9f40 ] Request (ServersAdminTestJSON:test_inject_network_info): 200 GET http://10.180.1.21/compute/v2.1/servers/e55e3bd1-6f5a-4aee-bfe2-638ec2c3987b 0.069s
2025-04-24 10:27:03.591 69980 INFO tempest.lib.common.rest_client [req-da7acf6a-4a3d-466f-a17d-0a62e6518de4 req-da7acf6a-4a3d-466f-a17d-0a62e6518de4 ] Request (ServersListShow2100Test:tearDownClass): 200 GET http://10.180.1.21/compute/v2.1/servers/c6ba11b4-3636-4fda-8951-0eb9122d458d 0.150s
2025-04-24 10:27:03.666 70018 INFO tempest.lib.common.rest_client [req-e2f0300c-0a66-4898-8712-58b218ee13f1 req-e2f0300c-0a66-4898-8712-58b218ee13f1 ] Request (ServersNegativeTestMultiTenantJSON:setUpClass): 200 GET http://10.180.1.21/compute/v2.1/servers/4c5a23dc-e2a1-4887-9ece-f05dab1677bb 0.186s
2025-04-24 10:27:03.720 69998 INFO tempest.lib.common.rest_client [req-fe802355-b4bb-4d08-8fbd-80a1575c17f3 req-fe802355-b4bb-4d08-8fbd-80a1575c17f3 ] Request (ServerAddressesNegativeTestJSON:setUpClass): 202 POST http://10.180.1.21/compute/v2.1/servers 0.393s
2025-04-24 10:27:03.741 69994 INFO tempest.lib.common.rest_client [req-f1192921-94db-47dd-a042-60d2a61d16cb req-f1192921-94db-47dd-a042-60d2a61d16cb ] Request (ServersListShow296Test:test_list_show_update_rebuild_server_296): 200 GET http://10.180.1.21/compute/v2.1/servers/c5207e4d-630f-4619-bfed-b7f0e35f3047 0.241s
2025-04-24 10:27:03.811 69978 INFO tempest.lib.common.rest_client [req-4cbc4fab-6566-4fef-9db7-fc1f27bb45d5 req-4cbc4fab-6566-4fef-9db7-fc1f27bb45d5 ] Request (ListImageFiltersTestJSON:setUpClass): 200 GET http://10.180.1.21/compute/v2.1/servers/4ab390b7-fcfd-4038-b598-84235013de2b 0.163s
2025-04-24 10:27:03.821 69978 INFO tempest.common.waiters [-] State transition "BUILD/None" ==> "BUILD/networking" after 61 second wait
2025-04-24 10:27:03.890 69992 INFO tempest.lib.common.rest_client [req-a845907f-312b-4c4a-af53-9bc43c6c8458 req-a845907f-312b-4c4a-af53-9bc43c6c8458 ] Request (DeleteServersTestJSON:test_delete_active_server): 200 GET http://10.180.1.21/compute/v2.1/servers/b95c4b0b-dd10-4046-9959-f2c6b36cabe0 0.194s
2025-04-24 10:27:03.899 70026 INFO tempest.lib.common.rest_client [req-da3319b7-ab18-4ba1-9ac3-9d4d0da03449 req-da3319b7-ab18-4ba1-9ac3-9d4d0da03449 ] Request (MigrationsAdminTest:test_list_migrations_in_flavor_resize_situation): 200 GET http://10.180.1.21/compute/v2.1/servers/76d87d9d-6121-4a3d-b7b2-4a75770ba2ab 0.226s
2025-04-24 10:27:03.907 70026 INFO tempest.common.waiters [-] State transition "RESIZE/resize_prep" ==> "RESIZE/resize_migrating" after 43 second wait
2025-04-24 10:27:03.946 69998 INFO tempest.lib.common.rest_client [req-79e967d0-5a74-4fe4-9a53-7c7d567eca18 req-79e967d0-5a74-4fe4-9a53-7c7d567eca18 ] Request (ServerAddressesNegativeTestJSON:setUpClass): 200 GET http://10.180.1.21/compute/v2.1/servers/6f29f695-9210-4683-a685-21ff6672167b 0.224s
2025-04-24 10:27:03.978 70030 INFO tempest.lib.common.rest_client [req-6237768c-b09c-43fd-8bb7-14c9bc9d5efa req-6237768c-b09c-43fd-8bb7-14c9bc9d5efa ] Request (ServerShowV254Test:tearDownClass): 200 GET http://10.180.1.21/compute/v2.1/servers/dacb9dae-a6a0-4795-a7a9-da7c5a238af0 0.226s
2025-04-24 10:27:04.010 70000 INFO tempest.lib.common.rest_client [req-de6c4e20-68fd-4b4e-99a6-ff69c591938b req-de6c4e20-68fd-4b4e-99a6-ff69c591938b ] Request (ServersTestMultiNic:test_verify_duplicate_network_nics): 200 GET http://10.180.1.21/compute/v2.1/servers/2431c213-29d6-4438-aa3b-dc3e888dd5bc 0.226s
2025-04-24 10:27:04.058 69972 INFO tempest.lib.common.rest_client [req-bfa1ee0b-e1ed-450f-986a-a39592c35b58 req-bfa1ee0b-e1ed-450f-986a-a39592c35b58 ] Request (ServersTestJSON:_run_cleanups): 200 GET http://10.180.1.21/compute/v2.1/servers/45975393-03bf-4e76-8f88-b96efafe6bb0 0.222s
2025-04-24 10:27:04.065 70022 INFO tempest.lib.common.rest_client [req-58d762ec-f7df-4258-bbd0-34c94db20e6d req-58d762ec-f7df-4258-bbd0-34c94db20e6d ] Request (AttachInterfacesTestJSON:test_create_list_show_delete_interfaces_by_network_port): 200 GET http://10.180.1.21/compute/v2.1/servers/bba29867-afd7-402e-a8c9-811b22dced76 0.191s
2025-04-24 10:27:04.113 69990 INFO tempest.lib.common.rest_client [req-fa23c2cc-7842-4137-88c1-8e504b9a98cb req-fa23c2cc-7842-4137-88c1-8e504b9a98cb ] Request (ServerDiskConfigTestJSON:test_rebuild_server_with_auto_disk_config): 200 GET http://10.180.1.21/compute/v2.1/servers/9d4c35aa-afd8-4bf8-ba7c-cf825f467379 0.150s
2025-04-24 10:27:04.122 69976 INFO tempest.lib.common.rest_client [req-60b00c95-56b5-421e-8786-7b37a9efbfd6 req-60b00c95-56b5-421e-8786-7b37a9efbfd6 ] Request (ServersWithSpecificFlavorTestJSON:test_verify_created_server_ephemeral_disk): 200 GET http://10.180.1.21/compute/v2.1/servers/f97ab55c-ccb7-43e8-8df9-29e0652e8c5e 0.087s
2025-04-24 10:27:04.218 69996 INFO tempest.lib.common.rest_client [req-b9a39a21-617f-4be5-81f2-fa85db714d84 req-b9a39a21-617f-4be5-81f2-fa85db714d84 ] Request (FloatingIPsAssociationTestJSON:tearDownClass): 200 GET http://10.180.1.21/compute/v2.1/servers/f86cbb87-023b-42b1-aef2-65c42a493437 0.079s
2025-04-24 10:27:04.230 69986 INFO tempest.lib.common.rest_client [req-bbc1c024-b6c9-456c-b733-c3658ad048db req-bbc1c024-b6c9-456c-b733-c3658ad048db ] Request (ImagesOneServerNegativeTestJSON:tearDown): 200 GET http://10.180.1.21/compute/v2.1/servers/eb087ccc-cfd3-4160-b189-b7b991a9a35c 0.175s
2025-04-24 10:27:04.238 69986 INFO tempest.common.waiters [-] State transition "ACTIVE/image_pending_upload" ==> "ACTIVE/image_uploading" after 3 second wait
2025-04-24 10:27:04.272 70006 INFO tempest.lib.common.rest_client [req-d508a092-0e2c-435e-bbf3-ff0ba4f100cf req-d508a092-0e2c-435e-bbf3-ff0ba4f100cf ] Request (ServerActionsTestOtherA:test_rebuild_server_in_stop_state): 200 GET http://10.180.1.21/compute/v2.1/servers/450475fe-d1da-4dd9-9547-7f3f350e3859 0.117s
2025-04-24 10:27:04.426 69974 INFO tempest.lib.common.rest_client [req-298067e6-b4e0-4f3e-941e-a6cb619a3cd4 req-298067e6-b4e0-4f3e-941e-a6cb619a3cd4 ] Request (ListServersNegativeTestJSON:tearDownClass): 200 GET http://10.180.1.21/compute/v2.1/servers/8da0e706-9a15-45bb-8592-ce21d40800c7 0.111s
2025-04-24 10:27:04.488 69982 INFO tempest.lib.common.rest_client [req-b23c09ba-9004-4679-92eb-8417bbff6fb3 req-b23c09ba-9004-4679-92eb-8417bbff6fb3 ] Request (SecurityGroupsTestJSON:test_server_security_groups): 200 GET http://10.180.1.21/compute/v2.1/servers/d5bdcddc-1bba-4e7d-ac13-36a4a54b7e01 0.112s
2025-04-24 10:27:04.502 70012 INFO tempest.lib.common.rest_client [req-26c85d6d-c1ab-43de-8163-7d9704ca127d req-26c85d6d-c1ab-43de-8163-7d9704ca127d ] Request (ServerRescueTestJSON:setUpClass): 200 GET http://10.180.1.21/compute/v2.1/servers/c313d34f-a527-4c11-b136-f11072822afa 0.176s
2025-04-24 10:27:04.545 70002 INFO tempest.lib.common.rest_client [req-7ad15fdd-1ec7-4268-937f-cec29afcb73a req-7ad15fdd-1ec7-4268-937f-cec29afcb73a ] Request (ImagesTestJSON:test_create_image_from_suspended_server): 200 GET http://10.180.1.21/compute/v2.1/servers/4170a779-a76c-494e-9ae9-6ba53cb4357f 0.121s
2025-04-24 10:27:04.574 70004 INFO tempest.lib.common.rest_client [req-bcbbd9c0-d5bb-48b4-878c-159271b419ad req-bcbbd9c0-d5bb-48b4-878c-159271b419ad ] Request (ServersAdminTestJSON:test_inject_network_info): 200 GET http://10.180.1.21/compute/v2.1/servers/e55e3bd1-6f5a-4aee-bfe2-638ec2c3987b 0.059s
2025-04-24 10:27:04.709 69980 INFO tempest.lib.common.rest_client [req-0dad1872-4aa1-4a40-9be6-fed62b7b88ba req-0dad1872-4aa1-4a40-9be6-fed62b7b88ba ] Request (ServersListShow2100Test:tearDownClass): 200 GET http://10.180.1.21/compute/v2.1/servers/c6ba11b4-3636-4fda-8951-0eb9122d458d 0.104s
2025-04-24 10:27:04.735 70018 INFO tempest.lib.common.rest_client [req-b3ab4957-f56f-40c6-89de-8387c0cece9e req-b3ab4957-f56f-40c6-89de-8387c0cece9e ] Request (ServersNegativeTestMultiTenantJSON:setUpClass): 200 GET http://10.180.1.21/compute/v2.1/servers/4c5a23dc-e2a1-4887-9ece-f05dab1677bb 0.059s
2025-04-24 10:27:04.823 69994 INFO tempest.lib.common.rest_client [req-c8c7eefb-90a9-494b-883b-b84ac25f74b2 req-c8c7eefb-90a9-494b-883b-b84ac25f74b2 ] Request (ServersListShow296Test:test_list_show_update_rebuild_server_296): 200 GET http://10.180.1.21/compute/v2.1/servers/c5207e4d-630f-4619-bfed-b7f0e35f3047 0.067s
2025-04-24 10:27:04.927 69978 INFO tempest.lib.common.rest_client [req-6fc3ded7-2055-4bc4-9f6a-a570bbb62a89 req-6fc3ded7-2055-4bc4-9f6a-a570bbb62a89 ] Request (ListImageFiltersTestJSON:setUpClass): 200 GET http://10.180.1.21/compute/v2.1/servers/4ab390b7-fcfd-4038-b598-84235013de2b 0.105s
2025-04-24 10:27:04.934 69978 INFO tempest.common.waiters [-] State transition "BUILD/networking" ==> "BUILD/spawning" after 62 second wait
2025-04-24 10:27:04.951 69992 INFO tempest.lib.common.rest_client [req-b7da8c44-85f0-4bad-9bfd-1a6bd8a81f2e req-b7da8c44-85f0-4bad-9bfd-1a6bd8a81f2e ] Request (DeleteServersTestJSON:test_delete_active_server): 200 GET http://10.180.1.21/compute/v2.1/servers/b95c4b0b-dd10-4046-9959-f2c6b36cabe0 0.052s
2025-04-24 10:27:05.026 69998 INFO tempest.lib.common.rest_client [req-b684ecd7-f641-482a-9ada-8c3d6bdeaef4 req-b684ecd7-f641-482a-9ada-8c3d6bdeaef4 ] Request (ServerAddressesNegativeTestJSON:setUpClass): 200 GET http://10.180.1.21/compute/v2.1/servers/6f29f695-9210-4683-a685-21ff6672167b 0.065s
2025-04-24 10:27:05.043 70026 INFO tempest.lib.common.rest_client [req-2dc59dc7-0098-4a4f-bed2-a776bba585bc req-2dc59dc7-0098-4a4f-bed2-a776bba585bc ] Request (MigrationsAdminTest:test_list_migrations_in_flavor_resize_situation): 200 GET http://10.180.1.21/compute/v2.1/servers/76d87d9d-6121-4a3d-b7b2-4a75770ba2ab 0.133s
2025-04-24 10:27:05.108 70000 INFO tempest.lib.common.rest_client [req-52871e7f-fd87-4d32-bf77-eb31f9b95591 req-52871e7f-fd87-4d32-bf77-eb31f9b95591 ] Request (ServersTestMultiNic:test_verify_duplicate_network_nics): 200 GET http://10.180.1.21/compute/v2.1/servers/2431c213-29d6-4438-aa3b-dc3e888dd5bc 0.089s
2025-04-24 10:27:05.108 70030 INFO tempest.lib.common.rest_client [req-bde22258-0787-4980-8dfc-bbdb1b3b00cd req-bde22258-0787-4980-8dfc-bbdb1b3b00cd ] Request (ServerShowV254Test:tearDownClass): 200 GET http://10.180.1.21/compute/v2.1/servers/dacb9dae-a6a0-4795-a7a9-da7c5a238af0 0.120s
2025-04-24 10:27:05.187 70022 INFO tempest.lib.common.rest_client [req-16b6050e-53e4-4d73-ab3b-96667b6b5fbb req-16b6050e-53e4-4d73-ab3b-96667b6b5fbb ] Request (AttachInterfacesTestJSON:test_create_list_show_delete_interfaces_by_network_port): 200 GET http://10.180.1.21/compute/v2.1/servers/bba29867-afd7-402e-a8c9-811b22dced76 0.113s
2025-04-24 10:27:05.189 69972 INFO tempest.lib.common.rest_client [req-8cb37a05-5ed9-4d93-b122-f20c0c97e5c0 req-8cb37a05-5ed9-4d93-b122-f20c0c97e5c0 ] Request (ServersTestJSON:_run_cleanups): 200 GET http://10.180.1.21/compute/v2.1/servers/45975393-03bf-4e76-8f88-b96efafe6bb0 0.119s
2025-04-24 10:27:05.262 69990 INFO tempest.lib.common.rest_client [req-9ef87f2b-63d7-4a39-a525-fdb17e59ad0a req-9ef87f2b-63d7-4a39-a525-fdb17e59ad0a ] Request (ServerDiskConfigTestJSON:test_rebuild_server_with_auto_disk_config): 200 GET http://10.180.1.21/compute/v2.1/servers/9d4c35aa-afd8-4bf8-ba7c-cf825f467379 0.140s
2025-04-24 10:27:05.263 69976 INFO tempest.lib.common.rest_client [req-9b620ece-0035-4cd6-abcc-6c9d0511b903 req-9b620ece-0035-4cd6-abcc-6c9d0511b903 ] Request (ServersWithSpecificFlavorTestJSON:test_verify_created_server_ephemeral_disk): 200 GET http://10.180.1.21/compute/v2.1/servers/f97ab55c-ccb7-43e8-8df9-29e0652e8c5e 0.128s
2025-04-24 10:27:05.331 69996 INFO tempest.lib.common.rest_client [req-eb1e7fc4-874e-48f9-8a75-d1378d7aaf8c req-eb1e7fc4-874e-48f9-8a75-d1378d7aaf8c ] Request (FloatingIPsAssociationTestJSON:tearDownClass): 200 GET http://10.180.1.21/compute/v2.1/servers/f86cbb87-023b-42b1-aef2-65c42a493437 0.104s
2025-04-24 10:27:05.368 69986 INFO tempest.lib.common.rest_client [req-6a91adb4-da03-4b35-8f8e-adb9bef45887 req-6a91adb4-da03-4b35-8f8e-adb9bef45887 ] Request (ImagesOneServerNegativeTestJSON:tearDown): 200 GET http://10.180.1.21/compute/v2.1/servers/eb087ccc-cfd3-4160-b189-b7b991a9a35c 0.129s
2025-04-24 10:27:05.386 70006 INFO tempest.lib.common.rest_client [req-6fa473e2-70e8-4e41-85ac-4744707f5114 req-6fa473e2-70e8-4e41-85ac-4744707f5114 ] Request (ServerActionsTestOtherA:test_rebuild_server_in_stop_state): 200 GET http://10.180.1.21/compute/v2.1/servers/450475fe-d1da-4dd9-9547-7f3f350e3859 0.101s
2025-04-24 10:27:05.495 69974 INFO tempest.lib.common.rest_client [req-6bcfe9c8-53e4-4015-bd30-82545e22685c req-6bcfe9c8-53e4-4015-bd30-82545e22685c ] Request (ListServersNegativeTestJSON:tearDownClass): 200 GET http://10.180.1.21/compute/v2.1/servers/8da0e706-9a15-45bb-8592-ce21d40800c7 0.060s
2025-04-24 10:27:05.549 69982 INFO tempest.lib.common.rest_client [req-b63a8033-2fa0-49b6-85ce-bb791af9b76a req-b63a8033-2fa0-49b6-85ce-bb791af9b76a ] Request (SecurityGroupsTestJSON:test_server_security_groups): 200 GET http://10.180.1.21/compute/v2.1/servers/d5bdcddc-1bba-4e7d-ac13-36a4a54b7e01 0.052s
2025-04-24 10:27:05.608 70002 INFO tempest.lib.common.rest_client [req-05d64d12-6d2f-4326-9b4b-8e7e26392063 req-05d64d12-6d2f-4326-9b4b-8e7e26392063 ] Request (ImagesTestJSON:test_create_image_from_suspended_server): 200 GET http://10.180.1.21/compute/v2.1/servers/4170a779-a76c-494e-9ae9-6ba53cb4357f 0.054s
2025-04-24 10:27:05.629 70012 INFO tempest.lib.common.rest_client [req-06f4f69d-cb08-4f9c-b6b1-14686b17368b req-06f4f69d-cb08-4f9c-b6b1-14686b17368b ] Request (ServerRescueTestJSON:setUpClass): 200 GET http://10.180.1.21/compute/v2.1/servers/c313d34f-a527-4c11-b136-f11072822afa 0.112s
2025-04-24 10:27:05.676 70004 INFO tempest.lib.common.rest_client [req-000bd5e7-dfc3-4f97-9489-c0cb2ef7ff80 req-000bd5e7-dfc3-4f97-9489-c0cb2ef7ff80 ] Request (ServersAdminTestJSON:test_inject_network_info): 200 GET http://10.180.1.21/compute/v2.1/servers/e55e3bd1-6f5a-4aee-bfe2-638ec2c3987b 0.088s
2025-04-24 10:27:05.792 70020 WARNING tempest.lib.common.ssh [-] Failed to establish authenticated ssh connection to cirros@10.180.180.143 ([Errno None] Unable to connect to port 22 on 10.180.180.143). Number attempts: 3. Retry after 4 seconds.: paramiko.ssh_exception.NoValidConnectionsError: [Errno None] Unable to connect to port 22 on 10.180.180.143
2025-04-24 10:27:05.812 70018 INFO tempest.lib.common.rest_client [req-e19eac7a-4701-44ad-a274-7a19ab37a74c req-e19eac7a-4701-44ad-a274-7a19ab37a74c ] Request (ServersNegativeTestMultiTenantJSON:setUpClass): 200 GET http://10.180.1.21/compute/v2.1/servers/4c5a23dc-e2a1-4887-9ece-f05dab1677bb 0.069s
2025-04-24 10:27:05.833 69980 INFO tempest.lib.common.rest_client [req-2cdb4c31-621f-4936-adea-b9593dfdd5db req-2cdb4c31-621f-4936-adea-b9593dfdd5db ] Request (ServersListShow2100Test:tearDownClass): 200 GET http://10.180.1.21/compute/v2.1/servers/c6ba11b4-3636-4fda-8951-0eb9122d458d 0.110s
2025-04-24 10:27:05.873 69984 WARNING tempest.lib.common.ssh [-] Failed to establish authenticated ssh connection to cirros@10.180.180.218 ([Errno None] Unable to connect to port 22 on 10.180.180.218). Number attempts: 1. Retry after 2 seconds.: paramiko.ssh_exception.NoValidConnectionsError: [Errno None] Unable to connect to port 22 on 10.180.180.218
2025-04-24 10:27:05.894 69994 INFO tempest.lib.common.rest_client [req-6d00a9cc-4a8f-4d94-b0bc-fac782675dcf req-6d00a9cc-4a8f-4d94-b0bc-fac782675dcf ] Request (ServersListShow296Test:test_list_show_update_rebuild_server_296): 200 GET http://10.180.1.21/compute/v2.1/servers/c5207e4d-630f-4619-bfed-b7f0e35f3047 0.059s
2025-04-24 10:27:06.020 69992 INFO tempest.lib.common.rest_client [req-7c493b38-9c8b-4cf4-8f9e-fc4976e56f32 req-7c493b38-9c8b-4cf4-8f9e-fc4976e56f32 ] Request (DeleteServersTestJSON:test_delete_active_server): 200 GET http://10.180.1.21/compute/v2.1/servers/b95c4b0b-dd10-4046-9959-f2c6b36cabe0 0.060s
2025-04-24 10:27:06.040 69978 INFO tempest.lib.common.rest_client [req-e1dc211a-1e6e-4e9f-9764-98f13fb978c5 req-e1dc211a-1e6e-4e9f-9764-98f13fb978c5 ] Request (ListImageFiltersTestJSON:setUpClass): 200 GET http://10.180.1.21/compute/v2.1/servers/4ab390b7-fcfd-4038-b598-84235013de2b 0.105s
2025-04-24 10:27:06.091 69998 INFO tempest.lib.common.rest_client [req-87c35b9a-21a7-4746-b052-72b01e0cd512 req-87c35b9a-21a7-4746-b052-72b01e0cd512 ] Request (ServerAddressesNegativeTestJSON:setUpClass): 200 GET http://10.180.1.21/compute/v2.1/servers/6f29f695-9210-4683-a685-21ff6672167b 0.056s
2025-04-24 10:27:06.170 70026 INFO tempest.lib.common.rest_client [req-1f1999a0-51b6-4c3e-a0d3-09ce0136fd24 req-1f1999a0-51b6-4c3e-a0d3-09ce0136fd24 ] Request (MigrationsAdminTest:test_list_migrations_in_flavor_resize_situation): 200 GET http://10.180.1.21/compute/v2.1/servers/76d87d9d-6121-4a3d-b7b2-4a75770ba2ab 0.119s
2025-04-24 10:27:06.175 70000 INFO tempest.lib.common.rest_client [req-352a870d-ff8f-4c33-83d2-b724bfd70933 req-352a870d-ff8f-4c33-83d2-b724bfd70933 ] Request (ServersTestMultiNic:test_verify_duplicate_network_nics): 200 GET http://10.180.1.21/compute/v2.1/servers/2431c213-29d6-4438-aa3b-dc3e888dd5bc 0.057s
2025-04-24 10:27:06.212 69988 WARNING tempest.lib.common.ssh [-] Failed to establish authenticated ssh connection to cirros@10.180.180.202 ([Errno None] Unable to connect to port 22 on 10.180.180.202). Number attempts: 4. Retry after 5 seconds.: paramiko.ssh_exception.NoValidConnectionsError: [Errno None] Unable to connect to port 22 on 10.180.180.202
2025-04-24 10:27:06.235 70030 INFO tempest.lib.common.rest_client [req-4ea3c09b-5add-4fe7-8ae4-8fb22fc7e7d9 req-4ea3c09b-5add-4fe7-8ae4-8fb22fc7e7d9 ] Request (ServerShowV254Test:tearDownClass): 200 GET http://10.180.1.21/compute/v2.1/servers/dacb9dae-a6a0-4795-a7a9-da7c5a238af0 0.111s
2025-04-24 10:27:06.249 70022 INFO tempest.lib.common.rest_client [req-e0375708-e1d2-42b8-a0ea-15606e4f660d req-e0375708-e1d2-42b8-a0ea-15606e4f660d ] Request (AttachInterfacesTestJSON:test_create_list_show_delete_interfaces_by_network_port): 200 GET http://10.180.1.21/compute/v2.1/servers/bba29867-afd7-402e-a8c9-811b22dced76 0.053s
2025-04-24 10:27:06.293 69972 INFO tempest.lib.common.rest_client [req-2d116224-890f-454f-8ecc-21369911f36b req-2d116224-890f-454f-8ecc-21369911f36b ] Request (ServersTestJSON:_run_cleanups): 200 GET http://10.180.1.21/compute/v2.1/servers/45975393-03bf-4e76-8f88-b96efafe6bb0 0.090s
2025-04-24 10:27:06.324 69990 INFO tempest.lib.common.rest_client [req-891597cf-8a1f-491e-af4a-3a7726ec5ed8 req-891597cf-8a1f-491e-af4a-3a7726ec5ed8 ] Request (ServerDiskConfigTestJSON:test_rebuild_server_with_auto_disk_config): 200 GET http://10.180.1.21/compute/v2.1/servers/9d4c35aa-afd8-4bf8-ba7c-cf825f467379 0.048s
2025-04-24 10:27:06.343 69976 INFO tempest.lib.common.rest_client [req-6fa85d73-47a5-4ce9-8aa8-54fc624651b1 req-6fa85d73-47a5-4ce9-8aa8-54fc624651b1 ] Request (ServersWithSpecificFlavorTestJSON:test_verify_created_server_ephemeral_disk): 200 GET http://10.180.1.21/compute/v2.1/servers/f97ab55c-ccb7-43e8-8df9-29e0652e8c5e 0.064s
2025-04-24 10:27:06.401 69996 INFO tempest.lib.common.rest_client [req-9b008fe6-5e5c-44d5-8813-c93537b6c85d req-9b008fe6-5e5c-44d5-8813-c93537b6c85d ] Request (FloatingIPsAssociationTestJSON:tearDownClass): 200 GET http://10.180.1.21/compute/v2.1/servers/f86cbb87-023b-42b1-aef2-65c42a493437 0.060s
2025-04-24 10:27:06.455 70006 INFO tempest.lib.common.rest_client [req-4fd4dd16-c850-4a21-b5c9-9217a06ef01d req-4fd4dd16-c850-4a21-b5c9-9217a06ef01d ] Request (ServerActionsTestOtherA:test_rebuild_server_in_stop_state): 200 GET http://10.180.1.21/compute/v2.1/servers/450475fe-d1da-4dd9-9547-7f3f350e3859 0.062s
2025-04-24 10:27:06.472 69986 INFO tempest.lib.common.rest_client [req-6314a335-a7b8-4824-9138-e232340e8253 req-6314a335-a7b8-4824-9138-e232340e8253 ] Request (ImagesOneServerNegativeTestJSON:tearDown): 200 GET http://10.180.1.21/compute/v2.1/servers/eb087ccc-cfd3-4160-b189-b7b991a9a35c 0.096s
2025-04-24 10:27:06.557 69974 INFO tempest.lib.common.rest_client [req-d13aa82c-e845-4934-8d1c-9cea382de0ae req-d13aa82c-e845-4934-8d1c-9cea382de0ae ] Request (ListServersNegativeTestJSON:tearDownClass): 200 GET http://10.180.1.21/compute/v2.1/servers/8da0e706-9a15-45bb-8592-ce21d40800c7 0.054s
2025-04-24 10:27:06.607 69982 INFO tempest.lib.common.rest_client [req-0d389e91-edb5-43e2-961c-89f82e5026ea req-0d389e91-edb5-43e2-961c-89f82e5026ea ] Request (SecurityGroupsTestJSON:test_server_security_groups): 200 GET http://10.180.1.21/compute/v2.1/servers/d5bdcddc-1bba-4e7d-ac13-36a4a54b7e01 0.048s
2025-04-24 10:27:06.673 70002 INFO tempest.lib.common.rest_client [req-a6e10828-b1ac-48fb-a60e-418d55bf5d17 req-a6e10828-b1ac-48fb-a60e-418d55bf5d17 ] Request (ImagesTestJSON:test_create_image_from_suspended_server): 200 GET http://10.180.1.21/compute/v2.1/servers/4170a779-a76c-494e-9ae9-6ba53cb4357f 0.054s
2025-04-24 10:27:06.728 70012 INFO tempest.lib.common.rest_client [req-5be462bd-9ee3-4a14-88e2-d8b4c527fcd3 req-5be462bd-9ee3-4a14-88e2-d8b4c527fcd3 ] Request (ServerRescueTestJSON:setUpClass): 200 GET http://10.180.1.21/compute/v2.1/servers/c313d34f-a527-4c11-b136-f11072822afa 0.086s
2025-04-24 10:27:06.744 70004 INFO tempest.lib.common.rest_client [req-0fa27d9b-eef8-4680-b84f-176cfd603383 req-0fa27d9b-eef8-4680-b84f-176cfd603383 ] Request (ServersAdminTestJSON:test_inject_network_info): 200 GET http://10.180.1.21/compute/v2.1/servers/e55e3bd1-6f5a-4aee-bfe2-638ec2c3987b 0.058s
2025-04-24 10:27:06.877 70018 INFO tempest.lib.common.rest_client [req-a6a9d623-b59f-4633-a582-fbb4811174e4 req-a6a9d623-b59f-4633-a582-fbb4811174e4 ] Request (ServersNegativeTestMultiTenantJSON:setUpClass): 200 GET http://10.180.1.21/compute/v2.1/servers/4c5a23dc-e2a1-4887-9ece-f05dab1677bb 0.054s
2025-04-24 10:27:06.938 69980 INFO tempest.lib.common.rest_client [req-3e52cbac-0516-408e-9de3-23d315e44558 req-3e52cbac-0516-408e-9de3-23d315e44558 ] Request (ServersListShow2100Test:tearDownClass): 200 GET http://10.180.1.21/compute/v2.1/servers/c6ba11b4-3636-4fda-8951-0eb9122d458d 0.090s
2025-04-24 10:27:06.975 69994 INFO tempest.lib.common.rest_client [req-971421e6-72f1-4b15-84ce-5936fdf2d5db req-971421e6-72f1-4b15-84ce-5936fdf2d5db ] Request (ServersListShow296Test:test_list_show_update_rebuild_server_296): 200 GET http://10.180.1.21/compute/v2.1/servers/c5207e4d-630f-4619-bfed-b7f0e35f3047 0.071s
2025-04-24 10:27:07.076 69992 INFO tempest.lib.common.rest_client [req-7536fdb5-7922-4f94-b749-5adfb3c3c87d req-7536fdb5-7922-4f94-b749-5adfb3c3c87d ] Request (DeleteServersTestJSON:test_delete_active_server): 200 GET http://10.180.1.21/compute/v2.1/servers/b95c4b0b-dd10-4046-9959-f2c6b36cabe0 0.046s
2025-04-24 10:27:07.150 69998 INFO tempest.lib.common.rest_client [req-c695d4c1-6b47-4a47-8ab7-e1cefe810415 req-c695d4c1-6b47-4a47-8ab7-e1cefe810415 ] Request (ServerAddressesNegativeTestJSON:setUpClass): 200 GET http://10.180.1.21/compute/v2.1/servers/6f29f695-9210-4683-a685-21ff6672167b 0.050s
2025-04-24 10:27:07.172 69978 INFO tempest.lib.common.rest_client [req-95d4d8b6-b497-4fed-9490-c1ec8894e7f7 req-95d4d8b6-b497-4fed-9490-c1ec8894e7f7 ] Request (ListImageFiltersTestJSON:setUpClass): 200 GET http://10.180.1.21/compute/v2.1/servers/4ab390b7-fcfd-4038-b598-84235013de2b 0.123s
2025-04-24 10:27:07.241 70000 INFO tempest.lib.common.rest_client [req-ef36cb32-3f71-4cdc-a303-b65e02adaa77 req-ef36cb32-3f71-4cdc-a303-b65e02adaa77 ] Request (ServersTestMultiNic:test_verify_duplicate_network_nics): 200 GET http://10.180.1.21/compute/v2.1/servers/2431c213-29d6-4438-aa3b-dc3e888dd5bc 0.059s
2025-04-24 10:27:07.284 70026 INFO tempest.lib.common.rest_client [req-6d360057-33de-4887-92ea-381d0660784c req-6d360057-33de-4887-92ea-381d0660784c ] Request (MigrationsAdminTest:test_list_migrations_in_flavor_resize_situation): 200 GET http://10.180.1.21/compute/v2.1/servers/76d87d9d-6121-4a3d-b7b2-4a75770ba2ab 0.105s
2025-04-24 10:27:07.302 70030 INFO tempest.lib.common.rest_client [req-a5bf187e-deb4-46b4-80f9-aecc77e08509 req-a5bf187e-deb4-46b4-80f9-aecc77e08509 ] Request (ServerShowV254Test:tearDownClass): 200 GET http://10.180.1.21/compute/v2.1/servers/dacb9dae-a6a0-4795-a7a9-da7c5a238af0 0.058s
2025-04-24 10:27:07.329 70022 INFO tempest.lib.common.rest_client [req-c210e58e-dda2-4f7e-9fef-62613140bc54 req-c210e58e-dda2-4f7e-9fef-62613140bc54 ] Request (AttachInterfacesTestJSON:test_create_list_show_delete_interfaces_by_network_port): 200 GET http://10.180.1.21/compute/v2.1/servers/bba29867-afd7-402e-a8c9-811b22dced76 0.072s
2025-04-24 10:27:07.364 69972 INFO tempest.lib.common.rest_client [req-83f073b0-a8a4-4c60-92f2-03a472046e8f req-83f073b0-a8a4-4c60-92f2-03a472046e8f ] Request (ServersTestJSON:_run_cleanups): 200 GET http://10.180.1.21/compute/v2.1/servers/45975393-03bf-4e76-8f88-b96efafe6bb0 0.062s
2025-04-24 10:27:07.384 69990 INFO tempest.lib.common.rest_client [req-12852972-2553-439c-80f4-985264a97b4d req-12852972-2553-439c-80f4-985264a97b4d ] Request (ServerDiskConfigTestJSON:test_rebuild_server_with_auto_disk_config): 200 GET http://10.180.1.21/compute/v2.1/servers/9d4c35aa-afd8-4bf8-ba7c-cf825f467379 0.052s
2025-04-24 10:27:07.411 69976 INFO tempest.lib.common.rest_client [req-434dbd23-9b1b-48f8-ba44-6e716d611415 req-434dbd23-9b1b-48f8-ba44-6e716d611415 ] Request (ServersWithSpecificFlavorTestJSON:test_verify_created_server_ephemeral_disk): 200 GET http://10.180.1.21/compute/v2.1/servers/f97ab55c-ccb7-43e8-8df9-29e0652e8c5e 0.060s
2025-04-24 10:27:07.472 69996 INFO tempest.lib.common.rest_client [req-52c94fa4-21de-46e1-97b7-8dcd33aad8c9 req-52c94fa4-21de-46e1-97b7-8dcd33aad8c9 ] Request (FloatingIPsAssociationTestJSON:tearDownClass): 200 GET http://10.180.1.21/compute/v2.1/servers/f86cbb87-023b-42b1-aef2-65c42a493437 0.062s
2025-04-24 10:27:07.516 70006 INFO tempest.lib.common.rest_client [req-b93848d2-3461-4e39-8ad8-0cf36fb0c348 req-b93848d2-3461-4e39-8ad8-0cf36fb0c348 ] Request (ServerActionsTestOtherA:test_rebuild_server_in_stop_state): 200 GET http://10.180.1.21/compute/v2.1/servers/450475fe-d1da-4dd9-9547-7f3f350e3859 0.052s
2025-04-24 10:27:07.598 69986 INFO tempest.lib.common.rest_client [req-16fcfeff-ac5d-4d60-b7d3-e107e70904e7 req-16fcfeff-ac5d-4d60-b7d3-e107e70904e7 ] Request (ImagesOneServerNegativeTestJSON:tearDown): 200 GET http://10.180.1.21/compute/v2.1/servers/eb087ccc-cfd3-4160-b189-b7b991a9a35c 0.118s
2025-04-24 10:27:07.635 69974 INFO tempest.lib.common.rest_client [req-57b75ba5-e735-4f27-a233-f6c83ec89fb7 req-57b75ba5-e735-4f27-a233-f6c83ec89fb7 ] Request (ListServersNegativeTestJSON:tearDownClass): 200 GET http://10.180.1.21/compute/v2.1/servers/8da0e706-9a15-45bb-8592-ce21d40800c7 0.070s
2025-04-24 10:27:07.752 70002 INFO tempest.lib.common.rest_client [req-697150a1-98de-4c84-b5b9-6bc2a99c6142 req-697150a1-98de-4c84-b5b9-6bc2a99c6142 ] Request (ImagesTestJSON:test_create_image_from_suspended_server): 200 GET http://10.180.1.21/compute/v2.1/servers/4170a779-a76c-494e-9ae9-6ba53cb4357f 0.072s
2025-04-24 10:27:07.768 69982 INFO tempest.lib.common.rest_client [req-0af7334f-7e44-45b5-9fd1-15cef4080151 req-0af7334f-7e44-45b5-9fd1-15cef4080151 ] Request (SecurityGroupsTestJSON:test_server_security_groups): 200 GET http://10.180.1.21/compute/v2.1/servers/d5bdcddc-1bba-4e7d-ac13-36a4a54b7e01 0.154s
2025-04-24 10:27:07.777 69982 INFO tempest.common.waiters [-] State transition "BUILD/None" ==> "BUILD/networking" after 63 second wait
2025-04-24 10:27:07.854 70004 INFO tempest.lib.common.rest_client [req-2562316c-a1a8-4067-ba0c-52a48da65566 req-2562316c-a1a8-4067-ba0c-52a48da65566 ] Request (ServersAdminTestJSON:test_inject_network_info): 200 GET http://10.180.1.21/compute/v2.1/servers/e55e3bd1-6f5a-4aee-bfe2-638ec2c3987b 0.100s
2025-04-24 10:27:07.889 70012 INFO tempest.lib.common.rest_client [req-892020ae-fde2-455a-a1fb-d5129f22adb3 req-892020ae-fde2-455a-a1fb-d5129f22adb3 ] Request (ServerRescueTestJSON:setUpClass): 200 GET http://10.180.1.21/compute/v2.1/servers/c313d34f-a527-4c11-b136-f11072822afa 0.153s
2025-04-24 10:27:07.896 70012 INFO tempest.common.waiters [-] State transition "ACTIVE/rescuing" ==> "RESCUE/None" after 8 second wait
2025-04-24 10:27:07.942 70018 INFO tempest.lib.common.rest_client [req-42431bab-2769-44f7-a783-330d9d0c936a req-42431bab-2769-44f7-a783-330d9d0c936a ] Request (ServersNegativeTestMultiTenantJSON:setUpClass): 200 GET http://10.180.1.21/compute/v2.1/servers/4c5a23dc-e2a1-4887-9ece-f05dab1677bb 0.057s
2025-04-24 10:27:07.967 70012 INFO tempest.lib.common.rest_client [req-741363ea-b658-45bc-8d8e-7bba1cbfd001 req-741363ea-b658-45bc-8d8e-7bba1cbfd001 ] Request (ServerRescueTestJSON:test_rescue_unrescue_instance): 201 POST http://10.180.1.21/identity/v3/auth/tokens 0.067s
2025-04-24 10:27:07.967 70012 INFO tempest.lib.common.fixed_network [-] (ServerRescueTestJSON:test_rescue_unrescue_instance) Found network {'id': '4d9a4725-905b-40a2-90b4-cc8d96964e85', 'name': 'tempest-ServerRescueTestJSON-148776426-network', 'tenant_id': '3cc9d4e696844f4ebd2422af6a352854', 'admin_state_up': True, 'mtu': 8950, 'status': 'ACTIVE', 'subnets': [], 'shared': False, 'project_id': '3cc9d4e696844f4ebd2422af6a352854', 'port_security_enabled': True, 'router:external': False, 'provider:network_type': 'vlan', 'provider:physical_network': 'default', 'provider:segmentation_id': 489, 'availability_zone_hints': [], 'availability_zones': [], 'ipv4_address_scope': None, 'ipv6_address_scope': None, 'description': '', 'tags': [], 'created_at': '2025-04-24T10:25:47Z', 'updated_at': '2025-04-24T10:25:47Z', 'revision_number': 1} available for tenant
2025-04-24 10:27:08.036 69980 INFO tempest.lib.common.rest_client [req-6236b59d-e375-4750-8070-d80d0a089f01 req-6236b59d-e375-4750-8070-d80d0a089f01 ] Request (ServersListShow2100Test:tearDownClass): 200 GET http://10.180.1.21/compute/v2.1/servers/c6ba11b4-3636-4fda-8951-0eb9122d458d 0.079s
2025-04-24 10:27:08.094 69994 INFO tempest.lib.common.rest_client [req-912b7016-b4e2-4899-9d85-4ef444ca5bf3 req-912b7016-b4e2-4899-9d85-4ef444ca5bf3 ] Request (ServersListShow296Test:test_list_show_update_rebuild_server_296): 200 GET http://10.180.1.21/compute/v2.1/servers/c5207e4d-630f-4619-bfed-b7f0e35f3047 0.109s
2025-04-24 10:27:08.149 69992 INFO tempest.lib.common.rest_client [req-5788aa5c-99db-47f4-a22c-dba31dd7ac59 req-5788aa5c-99db-47f4-a22c-dba31dd7ac59 ] Request (DeleteServersTestJSON:test_delete_active_server): 200 GET http://10.180.1.21/compute/v2.1/servers/b95c4b0b-dd10-4046-9959-f2c6b36cabe0 0.064s
2025-04-24 10:27:08.218 69998 INFO tempest.lib.common.rest_client [req-63bf517e-be16-4f04-8b58-45d67a204257 req-63bf517e-be16-4f04-8b58-45d67a204257 ] Request (ServerAddressesNegativeTestJSON:setUpClass): 200 GET http://10.180.1.21/compute/v2.1/servers/6f29f695-9210-4683-a685-21ff6672167b 0.059s
2025-04-24 10:27:08.273 70012 INFO tempest.lib.common.rest_client [req-1e18a6af-f96f-49d0-b5da-6b859bed99c0 req-1e18a6af-f96f-49d0-b5da-6b859bed99c0 ] Request (ServerRescueTestJSON:test_rescue_unrescue_instance): 202 POST http://10.180.1.21/compute/v2.1/servers 0.305s
2025-04-24 10:27:08.324 69978 INFO tempest.lib.common.rest_client [req-d69cfa19-6c86-431e-8cee-46feec050b99 req-d69cfa19-6c86-431e-8cee-46feec050b99 ] Request (ListImageFiltersTestJSON:setUpClass): 200 GET http://10.180.1.21/compute/v2.1/servers/4ab390b7-fcfd-4038-b598-84235013de2b 0.141s
2025-04-24 10:27:08.340 70000 INFO tempest.lib.common.rest_client [req-fbad58b7-a8ec-47b1-9ae0-46122f892eb6 req-fbad58b7-a8ec-47b1-9ae0-46122f892eb6 ] Request (ServersTestMultiNic:test_verify_duplicate_network_nics): 200 GET http://10.180.1.21/compute/v2.1/servers/2431c213-29d6-4438-aa3b-dc3e888dd5bc 0.092s
2025-04-24 10:27:08.367 70012 INFO tempest.lib.common.rest_client [req-c82f73cb-a1af-4f59-ab75-13ba91ec379a req-c82f73cb-a1af-4f59-ab75-13ba91ec379a ] Request (ServerRescueTestJSON:test_rescue_unrescue_instance): 200 GET http://10.180.1.21/compute/v2.1/servers/09c53286-6c55-4a21-a118-f463bf31d88f 0.092s
2025-04-24 10:27:08.436 70030 INFO tempest.lib.common.rest_client [req-8af38258-54b9-4fa2-a252-104c399e5bd1 req-8af38258-54b9-4fa2-a252-104c399e5bd1 ] Request (ServerShowV254Test:tearDownClass): 200 GET http://10.180.1.21/compute/v2.1/servers/dacb9dae-a6a0-4795-a7a9-da7c5a238af0 0.124s
2025-04-24 10:27:08.445 70026 INFO tempest.lib.common.rest_client [req-fa65d245-77b0-4f57-92a6-ac2a999ec357 req-fa65d245-77b0-4f57-92a6-ac2a999ec357 ] Request (MigrationsAdminTest:test_list_migrations_in_flavor_resize_situation): 200 GET http://10.180.1.21/compute/v2.1/servers/76d87d9d-6121-4a3d-b7b2-4a75770ba2ab 0.150s
2025-04-24 10:27:08.486 70022 INFO tempest.lib.common.rest_client [req-d1b59379-f1e5-4f40-9f66-fae3812b2219 req-d1b59379-f1e5-4f40-9f66-fae3812b2219 ] Request (AttachInterfacesTestJSON:test_create_list_show_delete_interfaces_by_network_port): 200 GET http://10.180.1.21/compute/v2.1/servers/bba29867-afd7-402e-a8c9-811b22dced76 0.148s
2025-04-24 10:27:08.503 69972 INFO tempest.lib.common.rest_client [req-79c76fc7-921e-4f60-bcab-e5e1f6d1e54d req-79c76fc7-921e-4f60-bcab-e5e1f6d1e54d ] Request (ServersTestJSON:_run_cleanups): 200 GET http://10.180.1.21/compute/v2.1/servers/45975393-03bf-4e76-8f88-b96efafe6bb0 0.130s
2025-04-24 10:27:08.532 69990 INFO tempest.lib.common.rest_client [req-e0acfb18-d46d-4955-9c8f-59b6ccf5d4bb req-e0acfb18-d46d-4955-9c8f-59b6ccf5d4bb ] Request (ServerDiskConfigTestJSON:test_rebuild_server_with_auto_disk_config): 200 GET http://10.180.1.21/compute/v2.1/servers/9d4c35aa-afd8-4bf8-ba7c-cf825f467379 0.140s
2025-04-24 10:27:08.546 69976 INFO tempest.lib.common.rest_client [req-c37501ab-d1f0-4589-9b99-d0cefe39d0f7 req-c37501ab-d1f0-4589-9b99-d0cefe39d0f7 ] Request (ServersWithSpecificFlavorTestJSON:test_verify_created_server_ephemeral_disk): 200 GET http://10.180.1.21/compute/v2.1/servers/f97ab55c-ccb7-43e8-8df9-29e0652e8c5e 0.126s
2025-04-24 10:27:08.595 69996 INFO tempest.lib.common.rest_client [req-0fc13b6f-39d8-45e9-98e1-d29d5de00f5f req-0fc13b6f-39d8-45e9-98e1-d29d5de00f5f ] Request (FloatingIPsAssociationTestJSON:tearDownClass): 200 GET http://10.180.1.21/compute/v2.1/servers/f86cbb87-023b-42b1-aef2-65c42a493437 0.115s
2025-04-24 10:27:08.596 70006 INFO tempest.lib.common.rest_client [req-68ad7e3e-2dba-453c-ac6f-65321a8a11fc req-68ad7e3e-2dba-453c-ac6f-65321a8a11fc ] Request (ServerActionsTestOtherA:test_rebuild_server_in_stop_state): 200 GET http://10.180.1.21/compute/v2.1/servers/450475fe-d1da-4dd9-9547-7f3f350e3859 0.071s
2025-04-24 10:27:08.710 69974 INFO tempest.lib.common.rest_client [req-b8132789-d1cd-462b-a0fd-c15bd188f4cf req-b8132789-d1cd-462b-a0fd-c15bd188f4cf ] Request (ListServersNegativeTestJSON:tearDownClass): 200 GET http://10.180.1.21/compute/v2.1/servers/8da0e706-9a15-45bb-8592-ce21d40800c7 0.065s
2025-04-24 10:27:08.713 69986 INFO tempest.lib.common.rest_client [req-b7aa2ccb-f52a-49de-b05a-7e4addf3515a req-b7aa2ccb-f52a-49de-b05a-7e4addf3515a ] Request (ImagesOneServerNegativeTestJSON:tearDown): 200 GET http://10.180.1.21/compute/v2.1/servers/eb087ccc-cfd3-4160-b189-b7b991a9a35c 0.104s
2025-04-24 10:27:08.720 69986 INFO tempest.common.waiters [-] State transition "ACTIVE/image_uploading" ==> "ACTIVE/None" after 7 second wait
2025-04-24 10:27:08.789 69986 INFO tempest.lib.common.rest_client [req-3f57a67c-95ca-4e0d-a460-c96caa8d2c4f req-3f57a67c-95ca-4e0d-a460-c96caa8d2c4f ] Request (ImagesOneServerNegativeTestJSON:_run_cleanups): 204 DELETE http://10.180.1.21/compute/v2.1/servers/eb087ccc-cfd3-4160-b189-b7b991a9a35c 0.069s
2025-04-24 10:27:08.814 70002 INFO tempest.lib.common.rest_client [req-0d42d33d-41e2-49f4-a17f-e94c103ecc0a req-0d42d33d-41e2-49f4-a17f-e94c103ecc0a ] Request (ImagesTestJSON:test_create_image_from_suspended_server): 200 GET http://10.180.1.21/compute/v2.1/servers/4170a779-a76c-494e-9ae9-6ba53cb4357f 0.051s
2025-04-24 10:27:08.912 69982 INFO tempest.lib.common.rest_client [req-494451d0-166c-45ae-8428-77ffd3134500 req-494451d0-166c-45ae-8428-77ffd3134500 ] Request (SecurityGroupsTestJSON:test_server_security_groups): 200 GET http://10.180.1.21/compute/v2.1/servers/d5bdcddc-1bba-4e7d-ac13-36a4a54b7e01 0.134s
2025-04-24 10:27:08.919 69982 INFO tempest.common.waiters [-] State transition "BUILD/networking" ==> "BUILD/spawning" after 64 second wait
2025-04-24 10:27:08.927 69984 WARNING tempest.lib.common.ssh [-] Failed to establish authenticated ssh connection to cirros@10.180.180.218 ([Errno None] Unable to connect to port 22 on 10.180.180.218). Number attempts: 2. Retry after 3 seconds.: paramiko.ssh_exception.NoValidConnectionsError: [Errno None] Unable to connect to port 22 on 10.180.180.218
2025-04-24 10:27:08.928 69986 INFO tempest.lib.common.rest_client [req-43bf4538-bbe7-4443-b622-f71b15e34080 req-43bf4538-bbe7-4443-b622-f71b15e34080 ] Request (ImagesOneServerNegativeTestJSON:_run_cleanups): 200 GET http://10.180.1.21/compute/v2.1/servers/eb087ccc-cfd3-4160-b189-b7b991a9a35c 0.139s
2025-04-24 10:27:08.960 70004 INFO tempest.lib.common.rest_client [req-c444688c-1dbb-4a1b-92a1-bfbd45158459 req-c444688c-1dbb-4a1b-92a1-bfbd45158459 ] Request (ServersAdminTestJSON:test_inject_network_info): 200 GET http://10.180.1.21/compute/v2.1/servers/e55e3bd1-6f5a-4aee-bfe2-638ec2c3987b 0.098s
2025-04-24 10:27:09.000 70018 INFO tempest.lib.common.rest_client [req-19c247d5-6451-4c81-bdb9-418357e67645 req-19c247d5-6451-4c81-bdb9-418357e67645 ] Request (ServersNegativeTestMultiTenantJSON:setUpClass): 200 GET http://10.180.1.21/compute/v2.1/servers/4c5a23dc-e2a1-4887-9ece-f05dab1677bb 0.048s
2025-04-24 10:27:09.111 69980 INFO tempest.lib.common.rest_client [req-cad3cfb8-4825-4205-b878-5625a49a065c req-cad3cfb8-4825-4205-b878-5625a49a065c ] Request (ServersListShow2100Test:tearDownClass): 200 GET http://10.180.1.21/compute/v2.1/servers/c6ba11b4-3636-4fda-8951-0eb9122d458d 0.063s
2025-04-24 10:27:09.160 69994 INFO tempest.lib.common.rest_client [req-3160c3fa-7ded-4e5a-9866-196898cbb2aa req-3160c3fa-7ded-4e5a-9866-196898cbb2aa ] Request (ServersListShow296Test:test_list_show_update_rebuild_server_296): 200 GET http://10.180.1.21/compute/v2.1/servers/c5207e4d-630f-4619-bfed-b7f0e35f3047 0.056s
2025-04-24 10:27:09.203 69992 INFO tempest.lib.common.rest_client [req-f72239d8-05d9-4aad-bcdc-b21aebcb296e req-f72239d8-05d9-4aad-bcdc-b21aebcb296e ] Request (DeleteServersTestJSON:test_delete_active_server): 200 GET http://10.180.1.21/compute/v2.1/servers/b95c4b0b-dd10-4046-9959-f2c6b36cabe0 0.046s
2025-04-24 10:27:09.248 69970 WARNING tempest.lib.common.ssh [-] Failed to establish authenticated ssh connection to cirros@10.180.180.135 ([Errno None] Unable to connect to port 22 on 10.180.180.135). Number attempts: 4. Retry after 5 seconds.: paramiko.ssh_exception.NoValidConnectionsError: [Errno None] Unable to connect to port 22 on 10.180.180.135
2025-04-24 10:27:09.277 69998 INFO tempest.lib.common.rest_client [req-100d835c-cc60-4663-a277-215e6f156d40 req-100d835c-cc60-4663-a277-215e6f156d40 ] Request (ServerAddressesNegativeTestJSON:setUpClass): 200 GET http://10.180.1.21/compute/v2.1/servers/6f29f695-9210-4683-a685-21ff6672167b 0.050s
2025-04-24 10:27:09.400 70000 INFO tempest.lib.common.rest_client [req-9d9bdb28-d11e-4373-ae97-922ffbecd3d7 req-9d9bdb28-d11e-4373-ae97-922ffbecd3d7 ] Request (ServersTestMultiNic:test_verify_duplicate_network_nics): 200 GET http://10.180.1.21/compute/v2.1/servers/2431c213-29d6-4438-aa3b-dc3e888dd5bc 0.048s
2025-04-24 10:27:09.407 70000 INFO tempest.common.waiters [-] State transition "BUILD/scheduling" ==> "BUILD/None" after 26 second wait
2025-04-24 10:27:09.432 69978 INFO tempest.lib.common.rest_client [req-36a84e7c-e417-406e-841b-70bfd86045e4 req-36a84e7c-e417-406e-841b-70bfd86045e4 ] Request (ListImageFiltersTestJSON:setUpClass): 200 GET http://10.180.1.21/compute/v2.1/servers/4ab390b7-fcfd-4038-b598-84235013de2b 0.099s
2025-04-24 10:27:09.448 70012 INFO tempest.lib.common.rest_client [req-7d3f02f1-a420-477c-8def-f079fab802cc req-7d3f02f1-a420-477c-8def-f079fab802cc ] Request (ServerRescueTestJSON:test_rescue_unrescue_instance): 200 GET http://10.180.1.21/compute/v2.1/servers/09c53286-6c55-4a21-a118-f463bf31d88f 0.072s
2025-04-24 10:27:09.467 70030 INFO tempest.lib.common.rest_client [req-bdbb7423-971c-4d54-8cf4-1c2b7681c200 req-bdbb7423-971c-4d54-8cf4-1c2b7681c200 ] Request (ServerShowV254Test:tearDownClass): 404 GET http://10.180.1.21/compute/v2.1/servers/dacb9dae-a6a0-4795-a7a9-da7c5a238af0 0.021s
2025-04-24 10:27:09.545 70030 INFO tempest.lib.common.rest_client [req-6c49185f-1be9-487f-92d2-8d3329d451b1 req-6c49185f-1be9-487f-92d2-8d3329d451b1 ] Request (ServerShowV254Test:tearDownClass): 204 DELETE http://10.180.1.21/identity/v3/users/409962aae1724679b098aeae62f4207a 0.078s
2025-04-24 10:27:09.546 70030 INFO tempest.lib.common.dynamic_creds [-] Deleting project and security group for project: ccf0ce01c8a84904b1222519f86815b1
2025-04-24 10:27:09.551 70022 INFO tempest.lib.common.rest_client [req-4bff605d-2983-491f-86a3-8a5793c1f25c req-4bff605d-2983-491f-86a3-8a5793c1f25c ] Request (AttachInterfacesTestJSON:test_create_list_show_delete_interfaces_by_network_port): 200 GET http://10.180.1.21/compute/v2.1/servers/bba29867-afd7-402e-a8c9-811b22dced76 0.058s
2025-04-24 10:27:09.565 70026 INFO tempest.lib.common.rest_client [req-e29d8cb5-89c4-458d-9bf0-6c5f01bdb801 req-e29d8cb5-89c4-458d-9bf0-6c5f01bdb801 ] Request (MigrationsAdminTest:test_list_migrations_in_flavor_resize_situation): 200 GET http://10.180.1.21/compute/v2.1/servers/76d87d9d-6121-4a3d-b7b2-4a75770ba2ab 0.111s
2025-04-24 10:27:09.642 69972 INFO tempest.lib.common.rest_client [req-0bc6356d-cd4f-40c5-8152-345d18a3f716 req-0bc6356d-cd4f-40c5-8152-345d18a3f716 ] Request (ServersTestJSON:_run_cleanups): 200 GET http://10.180.1.21/compute/v2.1/servers/45975393-03bf-4e76-8f88-b96efafe6bb0 0.132s
2025-04-24 10:27:09.647 70030 INFO tempest.lib.common.rest_client [req-2a3aa2ca-4683-490a-a842-270c5544008e req-2a3aa2ca-4683-490a-a842-270c5544008e ] Request (ServerShowV254Test:tearDownClass): 201 POST http://10.180.1.21/identity/v3/auth/tokens 0.101s
2025-04-24 10:27:09.658 69990 INFO tempest.lib.common.rest_client [req-c58749d7-7046-418a-bf71-787718ba2984 req-c58749d7-7046-418a-bf71-787718ba2984 ] Request (ServerDiskConfigTestJSON:test_rebuild_server_with_auto_disk_config): 200 GET http://10.180.1.21/compute/v2.1/servers/9d4c35aa-afd8-4bf8-ba7c-cf825f467379 0.117s
2025-04-24 10:27:09.746 69976 INFO tempest.lib.common.rest_client [req-8375e210-f2f5-4264-8612-7d6a81ecb79f req-8375e210-f2f5-4264-8612-7d6a81ecb79f ] Request (ServersWithSpecificFlavorTestJSON:test_verify_created_server_ephemeral_disk): 200 GET http://10.180.1.21/compute/v2.1/servers/f97ab55c-ccb7-43e8-8df9-29e0652e8c5e 0.192s
