2025-04-24 10:24:16.758 70012 INFO tempest.lib.common.dynamic_creds [-] Acquired dynamic creds: credentials: Credentials: {'domain_id': 'default', 'domain_name': 'Default', 'username': 'tempest-ServerMetadataNegativeTestJSON-815015480-project-member', 'project_domain_id': 'default', 'project_domain_name': 'Default', 'project_id': '73d0e93656024687b45c8cbed1380d45', 'project_name': 'tempest-ServerMetadataNegativeTestJSON-815015480', 'tenant_id': '73d0e93656024687b45c8cbed1380d45', 'tenant_name': 'tempest-ServerMetadataNegativeTestJSON-815015480', 'user_domain_id': 'default', 'user_domain_name': 'Default', 'user_id': '76a60627964243ceb1b6283aaf1970d8', 'system': None}, Network: None, Subnet: None, Router: None
2025-04-24 10:24:16.770 69968 INFO tempest.lib.common.rest_client [req-d9adca0f-1e8f-4a40-a6c4-caaf691d7009 req-d9adca0f-1e8f-4a40-a6c4-caaf691d7009 ] Request (FlavorMetadataValidation:tearDownClass): 204 DELETE http://10.180.1.21/identity/v3/projects/2c413a11361f497d98074f38b5d7f804 0.144s
2025-04-24 10:24:16.770 69968 INFO tempest.lib.common.dynamic_creds [-] Deleting project and security group for project: 1b340d600ca64d5d85ea497432aa5ee0
2025-04-24 10:24:16.773 70018 INFO tempest.lib.common.rest_client [req-ad49e051-21c3-4542-97ac-d34a805f3b02 req-ad49e051-21c3-4542-97ac-d34a805f3b02 ] Request (VolumesAssistedSnapshotsTest:setUpClass): 201 POST http://10.180.1.21:9696/networking/v2.0/networks 0.425s
2025-04-24 10:24:16.838 69972 INFO tempest.lib.common.rest_client [req-d493d5ba-55e7-4621-8056-a8a57bc119b4 req-d493d5ba-55e7-4621-8056-a8a57bc119b4 ] Request (InstanceUsageAuditLogTestJSON:setUpClass): 201 POST http://10.180.1.21/identity/v3/projects 0.125s
2025-04-24 10:24:16.841 70004 INFO tempest.lib.common.rest_client [req-1b327d31-39a8-44bd-8c9c-7eeb47c6b931 req-1b327d31-39a8-44bd-8c9c-7eeb47c6b931 ] Request (ServersAdminTestJSON:setUpClass): 201 POST http://10.180.1.21:9696/networking/v2.0/networks 1.482s
2025-04-24 10:24:16.859 70012 INFO tempest.lib.common.rest_client [req-8cc7d732-9d70-4058-8224-19616e867f44 req-8cc7d732-9d70-4058-8224-19616e867f44 ] Request (ServerMetadataNegativeTestJSON:setUpClass): 201 POST http://10.180.1.21/identity/v3/auth/tokens 0.101s
2025-04-24 10:24:16.861 69996 INFO tempest.lib.common.rest_client [req-06472501-1cec-4e2e-a4c8-e647097ce56f req-06472501-1cec-4e2e-a4c8-e647097ce56f ] Request (FloatingIPsAssociationTestJSON:setUpClass): 200 PUT http://10.180.1.21:9696/networking/v2.0/routers/2612be3f-11bc-49d0-bd1c-7e0a00c9b50d/add_router_interface 1.905s
2025-04-24 10:24:16.862 69996 INFO tempest.lib.common.dynamic_creds [-] Created isolated network resources for: credentials: Credentials: {'domain_id': 'default', 'domain_name': 'Default', 'username': 'tempest-FloatingIPsAssociationTestJSON-1935006235-project-member', 'project_domain_id': 'default', 'project_domain_name': 'Default', 'project_id': '395b70ce4bfc48b8bac14b1c4217593d', 'project_name': 'tempest-FloatingIPsAssociationTestJSON-1935006235', 'tenant_id': '395b70ce4bfc48b8bac14b1c4217593d', 'tenant_name': 'tempest-FloatingIPsAssociationTestJSON-1935006235', 'user_domain_id': 'default', 'user_domain_name': 'Default', 'user_id': '584b31bc04c542d483b7d94ae71961ac', 'system': None}, Network: {'id': '561d146a-2760-4cbc-b690-ede0d047ad8e', 'name': 'tempest-FloatingIPsAssociationTestJSON-275568988-network', 'tenant_id': '395b70ce4bfc48b8bac14b1c4217593d', 'admin_state_up': True, 'mtu': 8950, 'status': 'ACTIVE', 'subnets': [], 'shared': False, 'project_id': '395b70ce4bfc48b8bac14b1c4217593d', 'port_security_enabled': True, 'router:external': False, 'provider:network_type': 'vlan', 'provider:physical_network': 'default', 'provider:segmentation_id': 552, 'availability_zone_hints': [], 'availability_zones': [], 'ipv4_address_scope': None, 'ipv6_address_scope': None, 'description': '', 'tags': [], 'created_at': '2025-04-24T10:24:11Z', 'updated_at': '2025-04-24T10:24:11Z', 'revision_number': 1}, Subnet: {'id': '03d408d9-e7cb-4756-a971-2111ff58b59b', 'name': 'tempest-FloatingIPsAssociationTestJSON-275568988-subnet', 'tenant_id': '395b70ce4bfc48b8bac14b1c4217593d', 'network_id': '561d146a-2760-4cbc-b690-ede0d047ad8e', 'ip_version': 4, 'subnetpool_id': None, 'enable_dhcp': True, 'ipv6_ra_mode': None, 'ipv6_address_mode': None, 'gateway_ip': '192.168.128.1', 'cidr': '192.168.128.0/28', 'allocation_pools': [{'start': '192.168.128.2', 'end': '192.168.128.14'}], 'host_routes': [], 'dns_nameservers': [], 'description': '', 'router:external': False, 'service_types': [], 'tags': [], 'created_at': '2025-04-24T10:24:11Z', 'updated_at': '2025-04-24T10:24:11Z', 'revision_number': 0, 'project_id': '395b70ce4bfc48b8bac14b1c4217593d'}, Router: {'id': '2612be3f-11bc-49d0-bd1c-7e0a00c9b50d', 'name': 'tempest-FloatingIPsAssociationTestJSON-275568988-router', 'tenant_id': '395b70ce4bfc48b8bac14b1c4217593d', 'admin_state_up': True, 'status': 'ACTIVE', 'external_gateway_info': {'network_id': 'eb45634c-52fa-4185-889a-c98604fe666f', 'external_fixed_ips': [{'subnet_id': '5290d20c-975b-4cbc-91e2-fec0e20f760b', 'ip_address': '10.180.180.197'}], 'enable_snat': True}, 'description': '', 'availability_zones': [], 'distributed': False, 'ha': False, 'availability_zone_hints': [], 'routes': [], 'flavor_id': None, 'tags': [], 'created_at': '2025-04-24T10:24:12Z', 'updated_at': '2025-04-24T10:24:14Z', 'revision_number': 2, 'project_id': '395b70ce4bfc48b8bac14b1c4217593d'}
2025-04-24 10:24:16.913 69972 INFO tempest.lib.common.rest_client [req-040e0477-215d-4ee7-9221-1e4eb81fabde req-040e0477-215d-4ee7-9221-1e4eb81fabde ] Request (InstanceUsageAuditLogTestJSON:setUpClass): 201 POST http://10.180.1.21/identity/v3/users 0.075s
2025-04-24 10:24:16.947 69968 INFO tempest.lib.common.rest_client [req-2047e843-1fec-4efa-af95-136ae97ed95d req-2047e843-1fec-4efa-af95-136ae97ed95d ] Request (FlavorMetadataValidation:tearDownClass): 200 GET http://10.180.1.21:9696/networking/v2.0/security-groups?tenant_id=1b340d600ca64d5d85ea497432aa5ee0&name=default 0.177s
2025-04-24 10:24:16.953 69996 INFO tempest.lib.common.rest_client [req-34428f61-7ff6-4972-8d51-e9e4d0643bd6 req-34428f61-7ff6-4972-8d51-e9e4d0643bd6 ] Request (FloatingIPsAssociationTestJSON:setUpClass): 201 POST http://10.180.1.21/identity/v3/auth/tokens 0.084s
2025-04-24 10:24:16.976 69972 INFO tempest.lib.common.rest_client [req-dc0413c7-0862-432f-bc9f-7475f4d5c4a0 req-dc0413c7-0862-432f-bc9f-7475f4d5c4a0 ] Request (InstanceUsageAuditLogTestJSON:setUpClass): 200 GET http://10.180.1.21/identity/v3/roles 0.062s
2025-04-24 10:24:17.002 69996 INFO tempest.lib.common.rest_client [req-16a37e38-f206-47d2-8033-6e05a38a3a31 req-16a37e38-f206-47d2-8033-6e05a38a3a31 ] Request (FloatingIPsAssociationTestJSON:setUpClass): 201 POST http://10.180.1.21/identity/v3/auth/tokens 0.045s
2025-04-24 10:24:17.003 69996 INFO tempest.lib.common.fixed_network [-] (FloatingIPsAssociationTestJSON:setUpClass) Found network {'id': '561d146a-2760-4cbc-b690-ede0d047ad8e', 'name': 'tempest-FloatingIPsAssociationTestJSON-275568988-network', 'tenant_id': '395b70ce4bfc48b8bac14b1c4217593d', 'admin_state_up': True, 'mtu': 8950, 'status': 'ACTIVE', 'subnets': [], 'shared': False, 'project_id': '395b70ce4bfc48b8bac14b1c4217593d', 'port_security_enabled': True, 'router:external': False, 'provider:network_type': 'vlan', 'provider:physical_network': 'default', 'provider:segmentation_id': 552, 'availability_zone_hints': [], 'availability_zones': [], 'ipv4_address_scope': None, 'ipv6_address_scope': None, 'description': '', 'tags': [], 'created_at': '2025-04-24T10:24:11Z', 'updated_at': '2025-04-24T10:24:11Z', 'revision_number': 1} available for tenant
2025-04-24 10:24:17.016 69972 INFO tempest.lib.common.rest_client [req-8c7686bf-3b74-46c7-97c5-7bf2f1e7765d req-8c7686bf-3b74-46c7-97c5-7bf2f1e7765d ] Request (InstanceUsageAuditLogTestJSON:setUpClass): 204 PUT http://10.180.1.21/identity/v3/projects/cfc79842525044f89dae829c879e1ae2/users/ded6469dc9fa4690b91d16318a82072a/roles/5124ac79b782410d94b015763b262136 0.039s
2025-04-24 10:24:17.057 70000 INFO tempest.lib.common.rest_client [req-99a8c690-4c5c-43ff-8215-21be04b8d9d0 req-99a8c690-4c5c-43ff-8215-21be04b8d9d0 ] Request (FloatingIPsTestJSON:_run_cleanups): 202 DELETE http://10.180.1.21/compute/v2.1/os-floating-ips/0ae3a817-e6cc-4ec1-81ca-e6fef3bb235e 3.452s
2025-04-24 10:24:17.094 69968 INFO tempest.lib.common.rest_client [req-8fbb8c35-143e-48cd-a9f3-b431f202358a req-8fbb8c35-143e-48cd-a9f3-b431f202358a ] Request (FlavorMetadataValidation:tearDownClass): 204 DELETE http://10.180.1.21:9696/networking/v2.0/security-groups/077db18a-c3b8-4010-89b1-3e69be14ab33 0.146s
2025-04-24 10:24:17.098 69972 INFO tempest.lib.common.rest_client [req-34473a10-e7b0-461f-830e-484cd451296b req-34473a10-e7b0-461f-830e-484cd451296b ] Request (InstanceUsageAuditLogTestJSON:setUpClass): 200 GET http://10.180.1.21/identity/v3/roles 0.082s
2025-04-24 10:24:17.102 70008 INFO tempest.lib.common.rest_client [req-149cbdbd-002b-4caf-ba24-c9e1d4ffe484 req-149cbdbd-002b-4caf-ba24-c9e1d4ffe484 ] Request (FlavorsV261TestJSON:test_crud_flavor): 200 GET http://10.180.1.21/compute/v2.1/flavors/detail 3.103s
2025-04-24 10:24:17.122 69972 INFO tempest.lib.common.rest_client [req-55278dc7-2930-4ceb-a791-6ca0d048cfdc req-55278dc7-2930-4ceb-a791-6ca0d048cfdc ] Request (InstanceUsageAuditLogTestJSON:setUpClass): 204 PUT http://10.180.1.21/identity/v3/projects/cfc79842525044f89dae829c879e1ae2/users/ded6469dc9fa4690b91d16318a82072a/roles/5124ac79b782410d94b015763b262136 0.023s
2025-04-24 10:24:17.122 69972 INFO tempest.lib.common.dynamic_creds [-] Dynamic test user ded6469dc9fa4690b91d16318a82072a is created with scope project and roles: ['admin']
2025-04-24 10:24:17.123 69972 INFO tempest.lib.common.dynamic_creds [-] Acquired dynamic creds: credentials: Credentials: {'domain_id': 'default', 'domain_name': 'Default', 'username': 'tempest-InstanceUsageAuditLogTestJSON-1589032097-project-admin', 'project_domain_id': 'default', 'project_domain_name': 'Default', 'project_id': 'cfc79842525044f89dae829c879e1ae2', 'project_name': 'tempest-InstanceUsageAuditLogTestJSON-1589032097', 'tenant_id': 'cfc79842525044f89dae829c879e1ae2', 'tenant_name': 'tempest-InstanceUsageAuditLogTestJSON-1589032097', 'user_domain_id': 'default', 'user_domain_name': 'Default', 'user_id': 'ded6469dc9fa4690b91d16318a82072a', 'system': None}, Network: None, Subnet: None, Router: None
2025-04-24 10:24:17.123 69972 INFO tempest.lib.common.dynamic_creds [-] Created isolated network resources for: credentials: Credentials: {'domain_id': 'default', 'domain_name': 'Default', 'username': 'tempest-InstanceUsageAuditLogTestJSON-1589032097-project-admin', 'project_domain_id': 'default', 'project_domain_name': 'Default', 'project_id': 'cfc79842525044f89dae829c879e1ae2', 'project_name': 'tempest-InstanceUsageAuditLogTestJSON-1589032097', 'tenant_id': 'cfc79842525044f89dae829c879e1ae2', 'tenant_name': 'tempest-InstanceUsageAuditLogTestJSON-1589032097', 'user_domain_id': 'default', 'user_domain_name': 'Default', 'user_id': 'ded6469dc9fa4690b91d16318a82072a', 'system': None}, Network: None, Subnet: None, Router: None
2025-04-24 10:24:17.164 70002 INFO tempest.lib.common.rest_client [req-2ad78cdd-802a-4ea2-9599-20e4304af708 req-2ad78cdd-802a-4ea2-9599-20e4304af708 ] Request (KeyPairsV210TestJSON:test_admin_manage_keypairs_for_other_users): 201 POST http://10.180.1.21/compute/v2.1/os-keypairs 3.158s
2025-04-24 10:24:17.198 69982 INFO tempest.lib.common.rest_client [req-513f0470-a7a9-4942-b3cc-09f794dd8732 req-513f0470-a7a9-4942-b3cc-09f794dd8732 ] Request (ServicesAdminNegativeV253TestJSON:test_get_service_by_invalid_service_and_valid_host): 200 GET http://10.180.1.21/compute/v2.1/os-services 3.169s
2025-04-24 10:24:17.217 69986 INFO tempest.lib.common.rest_client [req-42bc3c2d-ea13-40b8-8c37-2c3dc89722f9 req-42bc3c2d-ea13-40b8-8c37-2c3dc89722f9 ] Request (FlavorsAdminTestJSON:test_create_flavor_verify_entry_in_list_details): 200 POST http://10.180.1.21/compute/v2.1/flavors 3.180s
2025-04-24 10:24:17.237 69972 INFO tempest.lib.common.rest_client [req-e1ec216d-2ab5-451b-9050-c031cdce3171 req-e1ec216d-2ab5-451b-9050-c031cdce3171 ] Request (InstanceUsageAuditLogTestJSON:setUpClass): 201 POST http://10.180.1.21/identity/v3/auth/tokens 0.110s
2025-04-24 10:24:17.254 70012 INFO tempest.lib.common.rest_client [req-72a0f9a1-0c6e-4e64-9c44-fce5c109cb75 req-72a0f9a1-0c6e-4e64-9c44-fce5c109cb75 ] Request (ServerMetadataNegativeTestJSON:setUpClass): 201 POST http://10.180.1.21:9696/networking/v2.0/networks 0.395s
2025-04-24 10:24:17.264 69968 INFO tempest.lib.common.rest_client [req-4d8a5ba6-e647-46aa-8c76-636abfc80896 req-4d8a5ba6-e647-46aa-8c76-636abfc80896 ] Request (FlavorMetadataValidation:tearDownClass): 204 DELETE http://10.180.1.21/identity/v3/projects/1b340d600ca64d5d85ea497432aa5ee0 0.170s
2025-04-24 10:24:17.346 69968 INFO tempest.lib.common.rest_client [req-86754e10-e112-4171-8760-50232d821e2e req-86754e10-e112-4171-8760-50232d821e2e ] Request (FlavorsExtraSpecsNegativeTestJSON:setUpClass): 201 POST http://10.180.1.21/identity/v3/auth/tokens 0.081s
2025-04-24 10:24:17.379 69968 INFO tempest.lib.common.rest_client [req-f0c4bcb1-8396-4a69-89e3-e6d089c8ad31 req-f0c4bcb1-8396-4a69-89e3-e6d089c8ad31 ] Request (FlavorsExtraSpecsNegativeTestJSON:setUpClass): 201 POST http://10.180.1.21/identity/v3/auth/tokens 0.031s
2025-04-24 10:24:17.410 69968 INFO tempest.lib.common.rest_client [req-8dd9efb4-02a9-44c3-9aad-0fbe651e10c5 req-8dd9efb4-02a9-44c3-9aad-0fbe651e10c5 ] Request (FlavorsExtraSpecsNegativeTestJSON:setUpClass): 200 GET http://10.180.1.21/identity/v3/domains?name=Default 0.030s
2025-04-24 10:24:17.444 69968 INFO tempest.lib.common.rest_client [req-7328c5c7-d6b9-4316-8d23-ad9c674383ad req-7328c5c7-d6b9-4316-8d23-ad9c674383ad ] Request (FlavorsExtraSpecsNegativeTestJSON:setUpClass): 201 POST http://10.180.1.21/identity/v3/projects 0.034s
2025-04-24 10:24:17.473 69980 INFO tempest.lib.common.rest_client [req-837b583b-204d-48bc-a03d-6b71e9c8d06e req-837b583b-204d-48bc-a03d-6b71e9c8d06e ] Request (ServerDiagnosticsTest:test_get_server_diagnostics): 200 GET http://10.180.1.21/compute/v2.1/servers/af0c4135-2c1a-4eab-b8a7-9eca5c95d17b 3.412s
2025-04-24 10:24:17.478 70012 INFO tempest.lib.common.rest_client [req-6c3417a9-8cb1-4f68-9201-4511df63ed0c req-6c3417a9-8cb1-4f68-9201-4511df63ed0c ] Request (ServerMetadataNegativeTestJSON:setUpClass): 201 POST http://10.180.1.21:9696/networking/v2.0/subnets 0.223s
2025-04-24 10:24:17.510 70006 INFO tempest.lib.common.rest_client [req-e1a92525-8a5a-4d51-abe6-b251a42ff08f req-e1a92525-8a5a-4d51-abe6-b251a42ff08f ] Request (KeyPairsNegativeTestJSON:test_create_keypair_with_duplicate_name): 200 POST http://10.180.1.21/compute/v2.1/os-keypairs 3.448s
2025-04-24 10:24:17.515 69968 INFO tempest.lib.common.rest_client [req-e19e4602-3985-42f2-b2e0-5d0711300ea2 req-e19e4602-3985-42f2-b2e0-5d0711300ea2 ] Request (FlavorsExtraSpecsNegativeTestJSON:setUpClass): 201 POST http://10.180.1.21/identity/v3/users 0.070s
2025-04-24 10:24:17.541 69968 INFO tempest.lib.common.rest_client [req-3b2dd3c5-5a5f-406f-8f2c-36692608f555 req-3b2dd3c5-5a5f-406f-8f2c-36692608f555 ] Request (FlavorsExtraSpecsNegativeTestJSON:setUpClass): 200 GET http://10.180.1.21/identity/v3/roles 0.025s
2025-04-24 10:24:17.571 69968 INFO tempest.lib.common.rest_client [req-158e2d41-cac1-4194-a753-2c14b908c993 req-158e2d41-cac1-4194-a753-2c14b908c993 ] Request (FlavorsExtraSpecsNegativeTestJSON:setUpClass): 204 PUT http://10.180.1.21/identity/v3/projects/e69eb8e57b954e37b8db33b8591a5b80/users/7d645a00505d451cb3713ac751c0d2d0/roles/687e425623754bd9880325c8267054ab 0.029s
2025-04-24 10:24:17.571 69968 INFO tempest.lib.common.dynamic_creds [-] Dynamic test user 7d645a00505d451cb3713ac751c0d2d0 is created with scope project and roles: ['member']
2025-04-24 10:24:17.571 69968 INFO tempest.lib.common.dynamic_creds [-] Acquired dynamic creds: credentials: Credentials: {'domain_id': 'default', 'domain_name': 'Default', 'username': 'tempest-FlavorsExtraSpecsNegativeTestJSON-1058717310-project-member', 'project_domain_id': 'default', 'project_domain_name': 'Default', 'project_id': 'e69eb8e57b954e37b8db33b8591a5b80', 'project_name': 'tempest-FlavorsExtraSpecsNegativeTestJSON-1058717310', 'tenant_id': 'e69eb8e57b954e37b8db33b8591a5b80', 'tenant_name': 'tempest-FlavorsExtraSpecsNegativeTestJSON-1058717310', 'user_domain_id': 'default', 'user_domain_name': 'Default', 'user_id': '7d645a00505d451cb3713ac751c0d2d0', 'system': None}, Network: None, Subnet: None, Router: None
2025-04-24 10:24:17.572 69968 INFO tempest.lib.common.dynamic_creds [-] Created isolated network resources for: credentials: Credentials: {'domain_id': 'default', 'domain_name': 'Default', 'username': 'tempest-FlavorsExtraSpecsNegativeTestJSON-1058717310-project-member', 'project_domain_id': 'default', 'project_domain_name': 'Default', 'project_id': 'e69eb8e57b954e37b8db33b8591a5b80', 'project_name': 'tempest-FlavorsExtraSpecsNegativeTestJSON-1058717310', 'tenant_id': 'e69eb8e57b954e37b8db33b8591a5b80', 'tenant_name': 'tempest-FlavorsExtraSpecsNegativeTestJSON-1058717310', 'user_domain_id': 'default', 'user_domain_name': 'Default', 'user_id': '7d645a00505d451cb3713ac751c0d2d0', 'system': None}, Network: None, Subnet: None, Router: None
2025-04-24 10:24:17.643 69968 INFO tempest.lib.common.rest_client [req-e75d3e2d-d3f7-4b98-acd7-5339d9b901c4 req-e75d3e2d-d3f7-4b98-acd7-5339d9b901c4 ] Request (FlavorsExtraSpecsNegativeTestJSON:setUpClass): 201 POST http://10.180.1.21/identity/v3/auth/tokens 0.067s
2025-04-24 10:24:17.650 70018 INFO tempest.lib.common.rest_client [req-63d49197-9998-4dcf-8302-c3455df1d987 req-63d49197-9998-4dcf-8302-c3455df1d987 ] Request (VolumesAssistedSnapshotsTest:setUpClass): 201 POST http://10.180.1.21:9696/networking/v2.0/subnets 0.876s
2025-04-24 10:24:17.670 70004 INFO tempest.lib.common.rest_client [req-55b4ab15-40be-4f15-b993-718526e44f01 req-55b4ab15-40be-4f15-b993-718526e44f01 ] Request (ServersAdminTestJSON:setUpClass): 201 POST http://10.180.1.21:9696/networking/v2.0/subnets 0.828s
2025-04-24 10:24:17.681 69976 INFO tempest.lib.common.rest_client [req-bebea223-8b8b-4ff5-9dd1-4f6146a3cfd4 req-bebea223-8b8b-4ff5-9dd1-4f6146a3cfd4 ] Request (ServersWithSpecificFlavorTestJSON:test_verify_created_server_ephemeral_disk): 200 POST http://10.180.1.21/compute/v2.1/flavors 3.433s
2025-04-24 10:24:17.700 69968 INFO tempest.lib.common.rest_client [req-0018e8aa-c0b8-4130-ae47-3193dab766d4 req-0018e8aa-c0b8-4130-ae47-3193dab766d4 ] Request (FlavorsExtraSpecsNegativeTestJSON:setUpClass): 201 POST http://10.180.1.21/identity/v3/projects 0.056s
2025-04-24 10:24:17.764 69968 INFO tempest.lib.common.rest_client [req-daa6f570-0a0b-4df6-9656-43bb0f427776 req-daa6f570-0a0b-4df6-9656-43bb0f427776 ] Request (FlavorsExtraSpecsNegativeTestJSON:setUpClass): 201 POST http://10.180.1.21/identity/v3/users 0.064s
2025-04-24 10:24:17.784 69968 INFO tempest.lib.common.rest_client [req-48063d7a-76e6-409a-940e-b6d489e1e802 req-48063d7a-76e6-409a-940e-b6d489e1e802 ] Request (FlavorsExtraSpecsNegativeTestJSON:setUpClass): 200 GET http://10.180.1.21/identity/v3/roles 0.020s
2025-04-24 10:24:17.799 69970 INFO tempest.lib.common.rest_client [req-6570c6df-d554-421e-9af0-80584b8a962a req-6570c6df-d554-421e-9af0-80584b8a962a ] Request (ServerDiagnosticsV248Test:test_get_server_diagnostics): 200 GET http://10.180.1.21/compute/v2.1/servers/443e9d2b-6ecf-4b99-ab73-09b6c0748c18 3.389s
2025-04-24 10:24:17.818 69968 INFO tempest.lib.common.rest_client [req-e37f6f3a-de3f-4e27-8f31-9d9e0bee533e req-e37f6f3a-de3f-4e27-8f31-9d9e0bee533e ] Request (FlavorsExtraSpecsNegativeTestJSON:setUpClass): 204 PUT http://10.180.1.21/identity/v3/projects/238d530f57ee4dd580dba8409a3e1458/users/d4f3d74eaa594d9caebf41343eca8fcc/roles/5124ac79b782410d94b015763b262136 0.033s
2025-04-24 10:24:17.824 70014 INFO tempest.lib.common.rest_client [req-878d64bb-0101-4788-b93d-e3444ad53d2c req-878d64bb-0101-4788-b93d-e3444ad53d2c ] Request (FlavorsAccessTestJSON:test_flavor_access_add_remove): 200 GET http://10.180.1.21/compute/v2.1/flavors/detail 3.237s
2025-04-24 10:24:17.868 69968 INFO tempest.lib.common.rest_client [req-5df78b2f-e882-4276-b0be-0dba29261497 req-5df78b2f-e882-4276-b0be-0dba29261497 ] Request (FlavorsExtraSpecsNegativeTestJSON:setUpClass): 200 GET http://10.180.1.21/identity/v3/roles 0.050s
2025-04-24 10:24:17.885 69968 INFO tempest.lib.common.rest_client [req-5e9424da-062f-4c69-b16b-fbf5e8363cb9 req-5e9424da-062f-4c69-b16b-fbf5e8363cb9 ] Request (FlavorsExtraSpecsNegativeTestJSON:setUpClass): 204 PUT http://10.180.1.21/identity/v3/projects/238d530f57ee4dd580dba8409a3e1458/users/d4f3d74eaa594d9caebf41343eca8fcc/roles/5124ac79b782410d94b015763b262136 0.016s
2025-04-24 10:24:17.886 69968 INFO tempest.lib.common.dynamic_creds [-] Dynamic test user d4f3d74eaa594d9caebf41343eca8fcc is created with scope project and roles: ['admin']
2025-04-24 10:24:17.886 69968 INFO tempest.lib.common.dynamic_creds [-] Acquired dynamic creds: credentials: Credentials: {'domain_id': 'default', 'domain_name': 'Default', 'username': 'tempest-FlavorsExtraSpecsNegativeTestJSON-1858790675-project-admin', 'project_domain_id': 'default', 'project_domain_name': 'Default', 'project_id': '238d530f57ee4dd580dba8409a3e1458', 'project_name': 'tempest-FlavorsExtraSpecsNegativeTestJSON-1858790675', 'tenant_id': '238d530f57ee4dd580dba8409a3e1458', 'tenant_name': 'tempest-FlavorsExtraSpecsNegativeTestJSON-1858790675', 'user_domain_id': 'default', 'user_domain_name': 'Default', 'user_id': 'd4f3d74eaa594d9caebf41343eca8fcc', 'system': None}, Network: None, Subnet: None, Router: None
2025-04-24 10:24:17.886 69968 INFO tempest.lib.common.dynamic_creds [-] Created isolated network resources for: credentials: Credentials: {'domain_id': 'default', 'domain_name': 'Default', 'username': 'tempest-FlavorsExtraSpecsNegativeTestJSON-1858790675-project-admin', 'project_domain_id': 'default', 'project_domain_name': 'Default', 'project_id': '238d530f57ee4dd580dba8409a3e1458', 'project_name': 'tempest-FlavorsExtraSpecsNegativeTestJSON-1858790675', 'tenant_id': '238d530f57ee4dd580dba8409a3e1458', 'tenant_name': 'tempest-FlavorsExtraSpecsNegativeTestJSON-1858790675', 'user_domain_id': 'default', 'user_domain_name': 'Default', 'user_id': 'd4f3d74eaa594d9caebf41343eca8fcc', 'system': None}, Network: None, Subnet: None, Router: None
2025-04-24 10:24:17.954 69968 INFO tempest.lib.common.rest_client [req-3334b91e-aa85-4911-afda-35f2b08acf08 req-3334b91e-aa85-4911-afda-35f2b08acf08 ] Request (FlavorsExtraSpecsNegativeTestJSON:setUpClass): 201 POST http://10.180.1.21/identity/v3/auth/tokens 0.065s
2025-04-24 10:24:18.455 69984 INFO tempest.lib.common.rest_client [req-7f02312e-2e99-4e12-af5b-f5a3b4efd066 req-7f02312e-2e99-4e12-af5b-f5a3b4efd066 ] Request (SecurityGroupsTestAdminJSON:test_list_security_groups_list_all_tenants_filter): 200 GET http://10.180.1.21/compute/v2.1/os-security-groups?all_tenants=true 4.460s
2025-04-24 10:24:18.462 69994 INFO tempest.lib.common.rest_client [req-29ff78e4-fd27-422a-b287-827916314f3e req-29ff78e4-fd27-422a-b287-827916314f3e ] Request (HypervisorAdminNegativeTestJSON:test_get_hypervisor_uptime_with_non_admin_user): 403 GET http://10.180.1.21/compute/v2.1/os-hypervisors/1/uptime 3.672s
2025-04-24 10:24:18.514 69992 INFO tempest.lib.common.rest_client [req-07dd8d25-0b2a-4e07-9fc2-c5c629d82a5b req-07dd8d25-0b2a-4e07-9fc2-c5c629d82a5b ] Request (ServersTestManualDisk:setUpClass): 202 POST http://10.180.1.21/compute/v2.1/servers 3.886s
2025-04-24 10:24:18.601 70010 INFO tempest.lib.common.rest_client [req-3fea1160-0596-4775-8199-b97acd19b856 req-3fea1160-0596-4775-8199-b97acd19b856 ] Request (HypervisorAdminTestJSON:test_get_hypervisor_list): 200 GET http://10.180.1.21/compute/v2.1/os-hypervisors 3.290s
2025-04-24 10:24:18.614 70024 INFO tempest.lib.common.rest_client [req-ee8a989d-2198-48bc-8cf4-eaec9149c628 req-ee8a989d-2198-48bc-8cf4-eaec9149c628 ] Request (QuotasAdminTestV236:test_get_updated_quotas): 200 GET http://10.180.1.21/compute/v2.1/os-quota-sets/ec5644fe5cb8453bb27defc50e87ba99?user_id=6ae302a163d84498affc60baf6957d19 3.261s
2025-04-24 10:24:18.630 70030 INFO tempest.lib.common.rest_client [req-b21ab145-34f4-488d-873d-15af558785e6 req-b21ab145-34f4-488d-873d-15af558785e6 ] Request (ImagesDeleteNegativeTestJSON:test_delete_image_with_id_over_character_limit): 404 DELETE http://10.180.1.21/compute/v2.1/images/24a6057f-9210-465a-81b3-d5c19e2547c01 2.842s
2025-04-24 10:24:18.675 70022 INFO tempest.lib.common.rest_client [req-f98a6fce-fe72-462d-9b60-06bff9fb8b8c req-f98a6fce-fe72-462d-9b60-06bff9fb8b8c ] Request (AttachInterfacesTestJSON:test_create_list_show_delete_interfaces_by_fixed_ip): 200 GET http://10.180.1.21/compute/v2.1/servers/2aaa93a3-9140-4422-9849-0b5a2616e633 3.207s
2025-04-24 10:24:18.686 70020 INFO tempest.lib.common.rest_client [req-6d4528bc-93b9-498d-8510-6f838fbce0a4 req-6d4528bc-93b9-498d-8510-6f838fbce0a4 ] Request (HostsAdminNegativeTestJSON:test_show_host_detail_with_non_admin_user): 403 GET http://10.180.1.21/compute/v2.1/os-hosts/devstack 2.672s
2025-04-24 10:24:18.713 70028 INFO tempest.lib.common.rest_client [req-7704d2e9-f765-48c4-aebf-ecc8e5d5de1a req-7704d2e9-f765-48c4-aebf-ecc8e5d5de1a ] Request (FlavorsExtraSpecsTestJSON:test_flavor_set_get_update_show_unset_keys): 200 POST http://10.180.1.21/compute/v2.1/flavors/2038164738/os-extra_specs 2.686s
2025-04-24 10:24:18.718 70024 INFO tempest.lib.common.rest_client [req-c28aac3f-67e3-4ea6-8ed7-6d8f21f93469 req-c28aac3f-67e3-4ea6-8ed7-6d8f21f93469 ] Request (QuotasAdminTestV236:_run_cleanups): 204 DELETE http://10.180.1.21/identity/v3/users/6ae302a163d84498affc60baf6957d19 0.102s
2025-04-24 10:24:18.766 70012 INFO tempest.lib.common.rest_client [req-ea1af92f-15fc-49de-a339-53a6c1e4a6a8 req-ea1af92f-15fc-49de-a339-53a6c1e4a6a8 ] Request (ServerMetadataNegativeTestJSON:setUpClass): 201 POST http://10.180.1.21:9696/networking/v2.0/routers 1.287s
2025-04-24 10:24:18.803 70026 INFO tempest.lib.common.rest_client [req-5b4e07d1-a65d-4bcf-aa5c-0eee27d69333 req-5b4e07d1-a65d-4bcf-aa5c-0eee27d69333 ] Request (AggregatesAdminNegativeTestJSON:_run_cleanups): 200 POST http://10.180.1.21/compute/v2.1/os-aggregates/1/action 2.802s
2025-04-24 10:24:18.811 70024 INFO tempest.lib.common.rest_client [req-ff384061-efe5-4df8-b45d-bc874812606e req-ff384061-efe5-4df8-b45d-bc874812606e ] Request (QuotasAdminTestV236:_run_cleanups): 204 DELETE http://10.180.1.21/identity/v3/projects/ec5644fe5cb8453bb27defc50e87ba99 0.092s
2025-04-24 10:24:18.920 70024 INFO tempest.lib.common.rest_client [req-823a95c1-a20d-48eb-82e1-9a635694510b req-823a95c1-a20d-48eb-82e1-9a635694510b ] Request (QuotasAdminTestV236:tearDownClass): 204 DELETE http://10.180.1.21/identity/v3/users/98ed56ce8a7145e48b296b26ef3cabd0 0.104s
2025-04-24 10:24:18.941 69978 INFO tempest.lib.common.rest_client [req-e2c51197-f14b-44b9-8843-8636aa8c70c0 req-e2c51197-f14b-44b9-8843-8636aa8c70c0 ] Request (ServersAdmin275Test:test_rebuild_update_server_275): 202 POST http://10.180.1.21/compute/v2.1/servers 2.629s
2025-04-24 10:24:19.014 69990 INFO tempest.lib.common.rest_client [req-0dd93bfd-a4c9-4a8d-b4f6-c80d5838dabb req-0dd93bfd-a4c9-4a8d-b4f6-c80d5838dabb ] Request (DeleteServersAdminTestJSON:test_admin_delete_servers_of_others): 200 GET http://10.180.1.21/compute/v2.1/servers/4cd7bc6c-ce62-4bbf-8058-d65471cbbef0 2.503s
2025-04-24 10:24:19.025 69990 INFO tempest.common.waiters [-] State transition "BUILD/networking" ==> "BUILD/spawning" after 7 second wait
2025-04-24 10:24:19.090 70024 INFO tempest.lib.common.rest_client [req-d92d9d61-cf01-4624-9572-50be27c031f4 req-d92d9d61-cf01-4624-9572-50be27c031f4 ] Request (QuotasAdminTestV236:tearDownClass): 204 DELETE http://10.180.1.21/identity/v3/users/233f637ee75e452babd2c9bef054d0b7 0.169s
2025-04-24 10:24:19.091 70024 INFO tempest.lib.common.dynamic_creds [-] Deleting project and security group for project: ae700898c5d54148a5b7c5aaff261cc7
2025-04-24 10:24:19.133 69998 INFO tempest.lib.common.rest_client [req-42152267-a303-48b7-91f4-1ae1f4e465c2 req-42152267-a303-48b7-91f4-1ae1f4e465c2 ] Request (ServersAdminNegativeTestJSON:setUpClass): 200 GET http://10.180.1.21/compute/v2.1/servers/cef84cb6-0860-43d3-be49-593f04be9ade 2.199s
2025-04-24 10:24:19.144 69998 INFO tempest.common.waiters [-] State transition "BUILD/None" ==> "BUILD/spawning" after 7 second wait
2025-04-24 10:24:19.196 70024 INFO tempest.lib.common.rest_client [req-209806af-0c21-4168-a264-0f10ffa8467f req-209806af-0c21-4168-a264-0f10ffa8467f ] Request (QuotasAdminTestV236:tearDownClass): 201 POST http://10.180.1.21/identity/v3/auth/tokens 0.105s
2025-04-24 10:24:19.389 70004 INFO tempest.lib.common.rest_client [req-ead1d2d1-f8ae-47c6-a49c-6c993b49cc24 req-ead1d2d1-f8ae-47c6-a49c-6c993b49cc24 ] Request (ServersAdminTestJSON:setUpClass): 201 POST http://10.180.1.21:9696/networking/v2.0/routers 1.719s
2025-04-24 10:24:19.401 70018 INFO tempest.lib.common.rest_client [req-be3c024d-0c6b-40f8-94bc-f0d8217bbb4b req-be3c024d-0c6b-40f8-94bc-f0d8217bbb4b ] Request (VolumesAssistedSnapshotsTest:setUpClass): 201 POST http://10.180.1.21:9696/networking/v2.0/routers 1.750s
2025-04-24 10:24:19.775 70024 INFO tempest.lib.common.rest_client [req-147849c8-0bf3-497d-a04a-f7c06768dc3e req-147849c8-0bf3-497d-a04a-f7c06768dc3e ] Request (QuotasAdminTestV236:tearDownClass): 200 GET http://10.180.1.21:9696/networking/v2.0/security-groups?tenant_id=ae700898c5d54148a5b7c5aaff261cc7&name=default 0.578s
2025-04-24 10:24:19.914 70024 INFO tempest.lib.common.rest_client [req-1be9482c-81d0-4591-829f-2b8f612a2ccb req-1be9482c-81d0-4591-829f-2b8f612a2ccb ] Request (QuotasAdminTestV236:tearDownClass): 204 DELETE http://10.180.1.21:9696/networking/v2.0/security-groups/fb84ab7f-e8e4-4c24-9cec-fef6217f33c7 0.138s
2025-04-24 10:24:20.021 70024 INFO tempest.lib.common.rest_client [req-c8ec5399-ecd5-4c0d-bcc8-6f4f44685aee req-c8ec5399-ecd5-4c0d-bcc8-6f4f44685aee ] Request (QuotasAdminTestV236:tearDownClass): 204 DELETE http://10.180.1.21/identity/v3/projects/ae700898c5d54148a5b7c5aaff261cc7 0.106s
2025-04-24 10:24:20.021 70024 INFO tempest.lib.common.dynamic_creds [-] Deleting project and security group for project: ff054c73ec044a2da22bc0007581081a
2025-04-24 10:24:20.182 70024 INFO tempest.lib.common.rest_client [req-103faaa3-d7a4-4771-a384-8f634314d2e2 req-103faaa3-d7a4-4771-a384-8f634314d2e2 ] Request (QuotasAdminTestV236:tearDownClass): 200 GET http://10.180.1.21:9696/networking/v2.0/security-groups?tenant_id=ff054c73ec044a2da22bc0007581081a&name=default 0.160s
2025-04-24 10:24:20.282 69996 INFO tempest.lib.common.rest_client [req-8dbb46d5-cf77-4ebb-9a36-aeed4f343efa req-8dbb46d5-cf77-4ebb-9a36-aeed4f343efa ] Request (FloatingIPsAssociationTestJSON:setUpClass): 202 POST http://10.180.1.21/compute/v2.1/servers 3.278s
2025-04-24 10:24:20.309 70008 INFO tempest.lib.common.rest_client [req-9acd40bb-fca9-4ebd-8969-2c5147687c62 req-9acd40bb-fca9-4ebd-8969-2c5147687c62 ] Request (FlavorsV261TestJSON:test_crud_flavor): 200 GET http://10.180.1.21/compute/v2.1/flavors 3.199s
2025-04-24 10:24:20.320 70002 INFO tempest.lib.common.rest_client [req-b3ada8cf-99a4-4bf0-babf-bfa5e8ead51b req-b3ada8cf-99a4-4bf0-babf-bfa5e8ead51b ] Request (KeyPairsV210TestJSON:test_admin_manage_keypairs_for_other_users): 200 GET http://10.180.1.21/compute/v2.1/os-keypairs?user_id=58492f11e4ab47a2bfc79aa904679d8f 3.154s
2025-04-24 10:24:20.344 69982 INFO tempest.lib.common.rest_client [req-da25f42a-9f5b-42cb-a883-21c2e74c9ec5 req-da25f42a-9f5b-42cb-a883-21c2e74c9ec5 ] Request (ServicesAdminNegativeV253TestJSON:test_get_service_by_invalid_service_and_valid_host): 200 GET http://10.180.1.21/compute/v2.1/os-services?host=devstack&binary=xxx 3.135s
2025-04-24 10:24:20.367 69986 INFO tempest.lib.common.rest_client [req-1ca90f56-d994-4702-b459-75cbe2cbd7a9 req-1ca90f56-d994-4702-b459-75cbe2cbd7a9 ] Request (FlavorsAdminTestJSON:test_create_flavor_verify_entry_in_list_details): 200 GET http://10.180.1.21/compute/v2.1/flavors/detail 3.147s
2025-04-24 10:24:20.395 70024 INFO tempest.lib.common.rest_client [req-eb0d7571-fbbe-4ce5-8d26-5b54f9bb3dc0 req-eb0d7571-fbbe-4ce5-8d26-5b54f9bb3dc0 ] Request (QuotasAdminTestV236:tearDownClass): 204 DELETE http://10.180.1.21:9696/networking/v2.0/security-groups/441e53c8-d7a9-4b43-a99d-2e08ba69cb5d 0.213s
2025-04-24 10:24:20.574 70024 INFO tempest.lib.common.rest_client [req-e9fa2d02-d916-4230-ad9d-32ce80b42060 req-e9fa2d02-d916-4230-ad9d-32ce80b42060 ] Request (QuotasAdminTestV236:tearDownClass): 204 DELETE http://10.180.1.21/identity/v3/projects/ff054c73ec044a2da22bc0007581081a 0.179s
2025-04-24 10:24:20.579 69972 INFO tempest.lib.common.rest_client [req-1dd86417-b9af-4639-9deb-90d8da54c071 req-1dd86417-b9af-4639-9deb-90d8da54c071 ] Request (InstanceUsageAuditLogTestJSON:test_get_instance_usage_audit_log): 200 GET http://10.180.1.21/compute/v2.1/os-instance_usage_audit_log/2025-04-24%2010%3A24%3A17 3.340s
2025-04-24 10:24:20.623 70006 INFO tempest.lib.common.rest_client [req-373a8abd-b8ef-4d42-b598-ffd348f0a922 req-373a8abd-b8ef-4d42-b598-ffd348f0a922 ] Request (KeyPairsNegativeTestJSON:test_create_keypair_with_duplicate_name): 409 POST http://10.180.1.21/compute/v2.1/os-keypairs 3.110s
2025-04-24 10:24:20.638 69976 INFO tempest.lib.common.rest_client [req-c733904c-17df-4f6e-8103-e50e12bbabfa req-c733904c-17df-4f6e-8103-e50e12bbabfa ] Request (ServersWithSpecificFlavorTestJSON:test_verify_created_server_ephemeral_disk): 200 GET http://10.180.1.21/compute/v2.1/flavors/42/os-extra_specs 2.954s
2025-04-24 10:24:20.661 70024 INFO tempest.lib.common.rest_client [req-c1d8add0-05af-4841-b947-98f8f244ccde req-c1d8add0-05af-4841-b947-98f8f244ccde ] Request (TenantUsagesTestJSON:setUpClass): 201 POST http://10.180.1.21/identity/v3/auth/tokens 0.085s
2025-04-24 10:24:20.713 70024 INFO tempest.lib.common.rest_client [req-891c2d24-91fb-4b3b-b693-e125b0e440a4 req-891c2d24-91fb-4b3b-b693-e125b0e440a4 ] Request (TenantUsagesTestJSON:setUpClass): 201 POST http://10.180.1.21/identity/v3/auth/tokens 0.050s
2025-04-24 10:24:20.726 70014 INFO tempest.lib.common.rest_client [req-4b971238-e316-4cf8-b8f1-cd3df74cbd2e req-4b971238-e316-4cf8-b8f1-cd3df74cbd2e ] Request (FlavorsAccessTestJSON:_run_cleanups): 202 DELETE http://10.180.1.21/compute/v2.1/flavors/1375274710 2.895s
2025-04-24 10:24:20.750 70024 INFO tempest.lib.common.rest_client [req-c67a461a-2cc2-45c9-ae27-e4278e4a3ded req-c67a461a-2cc2-45c9-ae27-e4278e4a3ded ] Request (TenantUsagesTestJSON:setUpClass): 200 GET http://10.180.1.21/identity/v3/domains?name=Default 0.036s
2025-04-24 10:24:20.794 70000 INFO tempest.lib.common.rest_client [req-9bcd0a1c-31af-4c0a-ba18-9cef4b3f2380 req-9bcd0a1c-31af-4c0a-ba18-9cef4b3f2380 ] Request (FloatingIPsTestJSON:test_delete_floating_ip): 200 POST http://10.180.1.21/compute/v2.1/os-floating-ips 3.735s
2025-04-24 10:24:20.802 70004 INFO tempest.lib.common.rest_client [req-320e02ce-e93e-433c-b831-0bda261ca2ed req-320e02ce-e93e-433c-b831-0bda261ca2ed ] Request (ServersAdminTestJSON:setUpClass): 200 PUT http://10.180.1.21:9696/networking/v2.0/routers/2bf2f392-c2c8-49dc-888a-9428237cd68f/add_router_interface 1.411s
2025-04-24 10:24:20.802 70004 INFO tempest.lib.common.dynamic_creds [-] Created isolated network resources for: credentials: Credentials: {'domain_id': 'default', 'domain_name': 'Default', 'username': 'tempest-ServersAdminTestJSON-189216652-project-member', 'project_domain_id': 'default', 'project_domain_name': 'Default', 'project_id': 'a44e8e47dae2432c9dda0860cc02c5f6', 'project_name': 'tempest-ServersAdminTestJSON-189216652', 'tenant_id': 'a44e8e47dae2432c9dda0860cc02c5f6', 'tenant_name': 'tempest-ServersAdminTestJSON-189216652', 'user_domain_id': 'default', 'user_domain_name': 'Default', 'user_id': '22575f9a3b1743e3992b884e1f5bbbfb', 'system': None}, Network: {'id': '877cbac6-a073-43e0-827b-baf8c367ba1a', 'name': 'tempest-ServersAdminTestJSON-1507926147-network', 'tenant_id': 'a44e8e47dae2432c9dda0860cc02c5f6', 'admin_state_up': True, 'mtu': 8950, 'status': 'ACTIVE', 'subnets': [], 'shared': False, 'project_id': 'a44e8e47dae2432c9dda0860cc02c5f6', 'port_security_enabled': True, 'router:external': False, 'provider:network_type': 'vlan', 'provider:physical_network': 'default', 'provider:segmentation_id': 62, 'availability_zone_hints': [], 'availability_zones': [], 'ipv4_address_scope': None, 'ipv6_address_scope': None, 'description': '', 'tags': [], 'created_at': '2025-04-24T10:24:16Z', 'updated_at': '2025-04-24T10:24:16Z', 'revision_number': 1}, Subnet: {'id': 'd8edd502-6189-434c-8108-888d1731e89d', 'name': 'tempest-ServersAdminTestJSON-1507926147-subnet', 'tenant_id': 'a44e8e47dae2432c9dda0860cc02c5f6', 'network_id': '877cbac6-a073-43e0-827b-baf8c367ba1a', 'ip_version': 4, 'subnetpool_id': None, 'enable_dhcp': True, 'ipv6_ra_mode': None, 'ipv6_address_mode': None, 'gateway_ip': '192.168.128.1', 'cidr': '192.168.128.0/28', 'allocation_pools': [{'start': '192.168.128.2', 'end': '192.168.128.14'}], 'host_routes': [], 'dns_nameservers': [], 'description': '', 'router:external': False, 'service_types': [], 'tags': [], 'created_at': '2025-04-24T10:24:17Z', 'updated_at': '2025-04-24T10:24:17Z', 'revision_number': 0, 'project_id': 'a44e8e47dae2432c9dda0860cc02c5f6'}, Router: {'id': '2bf2f392-c2c8-49dc-888a-9428237cd68f', 'name': 'tempest-ServersAdminTestJSON-1507926147-router', 'tenant_id': 'a44e8e47dae2432c9dda0860cc02c5f6', 'admin_state_up': True, 'status': 'ACTIVE', 'external_gateway_info': {'network_id': 'eb45634c-52fa-4185-889a-c98604fe666f', 'external_fixed_ips': [{'subnet_id': '5290d20c-975b-4cbc-91e2-fec0e20f760b', 'ip_address': '10.180.180.209'}], 'enable_snat': True}, 'description': '', 'availability_zones': [], 'distributed': False, 'ha': False, 'availability_zone_hints': [], 'routes': [], 'flavor_id': None, 'tags': [], 'created_at': '2025-04-24T10:24:17Z', 'updated_at': '2025-04-24T10:24:18Z', 'revision_number': 2, 'project_id': 'a44e8e47dae2432c9dda0860cc02c5f6'}
2025-04-24 10:24:20.811 70024 INFO tempest.lib.common.rest_client [req-52babf48-5dd9-45ed-a326-056b850b619b req-52babf48-5dd9-45ed-a326-056b850b619b ] Request (TenantUsagesTestJSON:setUpClass): 201 POST http://10.180.1.21/identity/v3/projects 0.057s
2025-04-24 10:24:20.911 69968 INFO tempest.lib.common.rest_client [req-901e0f23-fb01-4d8d-b6ff-f792e76e897d req-901e0f23-fb01-4d8d-b6ff-f792e76e897d ] Request (FlavorsExtraSpecsNegativeTestJSON:setUpClass): 200 POST http://10.180.1.21/compute/v2.1/flavors 2.955s
2025-04-24 10:24:20.925 69994 INFO tempest.lib.common.rest_client [req-e90cec7c-80a2-4ac0-a795-6d2bf584a8e9 req-e90cec7c-80a2-4ac0-a795-6d2bf584a8e9 ] Request (HypervisorAdminNegativeTestJSON:test_get_nonexistent_hypervisor_uptime): 404 GET http://10.180.1.21/compute/v2.1/os-hypervisors/5e2de760-31e6-4bd0-ae35-83ba9f70e77d/uptime 2.460s
2025-04-24 10:24:20.935 70004 INFO tempest.lib.common.rest_client [req-3427f8b1-0367-4b61-9270-0edb8a5f052e req-3427f8b1-0367-4b61-9270-0edb8a5f052e ] Request (ServersAdminTestJSON:setUpClass): 201 POST http://10.180.1.21/identity/v3/auth/tokens 0.125s
2025-04-24 10:24:20.965 70024 INFO tempest.lib.common.rest_client [req-9aa3b530-730b-4d97-8494-47f114eb90ea req-9aa3b530-730b-4d97-8494-47f114eb90ea ] Request (TenantUsagesTestJSON:setUpClass): 201 POST http://10.180.1.21/identity/v3/users 0.153s
2025-04-24 10:24:20.991 70004 INFO tempest.lib.common.rest_client [req-c80de664-cf40-49c4-8733-51dae80674b2 req-c80de664-cf40-49c4-8733-51dae80674b2 ] Request (ServersAdminTestJSON:setUpClass): 201 POST http://10.180.1.21/identity/v3/projects 0.056s
2025-04-24 10:24:21.116 70024 INFO tempest.lib.common.rest_client [req-b2567df4-bc35-47c5-b26c-5dc79bc97046 req-b2567df4-bc35-47c5-b26c-5dc79bc97046 ] Request (TenantUsagesTestJSON:setUpClass): 200 GET http://10.180.1.21/identity/v3/roles 0.151s
2025-04-24 10:24:21.132 70004 INFO tempest.lib.common.rest_client [req-2d0a0ee5-18ef-45d7-a0ca-eedfc741ccd4 req-2d0a0ee5-18ef-45d7-a0ca-eedfc741ccd4 ] Request (ServersAdminTestJSON:setUpClass): 201 POST http://10.180.1.21/identity/v3/users 0.138s
2025-04-24 10:24:21.150 70024 INFO tempest.lib.common.rest_client [req-21262401-982f-45b7-beda-2e0d18390eba req-21262401-982f-45b7-beda-2e0d18390eba ] Request (TenantUsagesTestJSON:setUpClass): 204 PUT http://10.180.1.21/identity/v3/projects/a608fc0fd2624a5b8384ce8334f8e55b/users/8c7059e5e82240a08636c80ebdcc5653/roles/687e425623754bd9880325c8267054ab 0.033s
2025-04-24 10:24:21.150 70024 INFO tempest.lib.common.dynamic_creds [-] Dynamic test user 8c7059e5e82240a08636c80ebdcc5653 is created with scope project and roles: ['member']
2025-04-24 10:24:21.150 70024 INFO tempest.lib.common.dynamic_creds [-] Acquired dynamic creds: credentials: Credentials: {'domain_id': 'default', 'domain_name': 'Default', 'username': 'tempest-TenantUsagesTestJSON-2126569108-project-member', 'project_domain_id': 'default', 'project_domain_name': 'Default', 'project_id': 'a608fc0fd2624a5b8384ce8334f8e55b', 'project_name': 'tempest-TenantUsagesTestJSON-2126569108', 'tenant_id': 'a608fc0fd2624a5b8384ce8334f8e55b', 'tenant_name': 'tempest-TenantUsagesTestJSON-2126569108', 'user_domain_id': 'default', 'user_domain_name': 'Default', 'user_id': '8c7059e5e82240a08636c80ebdcc5653', 'system': None}, Network: None, Subnet: None, Router: None
2025-04-24 10:24:21.150 70024 INFO tempest.lib.common.dynamic_creds [-] Created isolated network resources for: credentials: Credentials: {'domain_id': 'default', 'domain_name': 'Default', 'username': 'tempest-TenantUsagesTestJSON-2126569108-project-member', 'project_domain_id': 'default', 'project_domain_name': 'Default', 'project_id': 'a608fc0fd2624a5b8384ce8334f8e55b', 'project_name': 'tempest-TenantUsagesTestJSON-2126569108', 'tenant_id': 'a608fc0fd2624a5b8384ce8334f8e55b', 'tenant_name': 'tempest-TenantUsagesTestJSON-2126569108', 'user_domain_id': 'default', 'user_domain_name': 'Default', 'user_id': '8c7059e5e82240a08636c80ebdcc5653', 'system': None}, Network: None, Subnet: None, Router: None
2025-04-24 10:24:21.159 70004 INFO tempest.lib.common.rest_client [req-ffc0ba72-aeb3-4792-832e-47aeb1211d71 req-ffc0ba72-aeb3-4792-832e-47aeb1211d71 ] Request (ServersAdminTestJSON:setUpClass): 200 GET http://10.180.1.21/identity/v3/roles 0.026s
2025-04-24 10:24:21.173 69984 INFO tempest.lib.common.rest_client [req-ab011b79-8ce2-4dd5-a696-e0079dac3d05 req-ab011b79-8ce2-4dd5-a696-e0079dac3d05 ] Request (SecurityGroupsTestAdminJSON:test_list_security_groups_list_all_tenants_filter): 200 GET http://10.180.1.21/compute/v2.1/os-security-groups?all_tenants=true 2.709s
2025-04-24 10:24:21.215 69980 INFO tempest.lib.common.rest_client [req-e5255207-8ce6-4e50-828a-695fb4a2a23f req-e5255207-8ce6-4e50-828a-695fb4a2a23f ] Request (ServerDiagnosticsTest:test_get_server_diagnostics): 200 GET http://10.180.1.21/compute/v2.1/servers/af0c4135-2c1a-4eab-b8a7-9eca5c95d17b 2.732s
2025-04-24 10:24:21.244 70010 INFO tempest.lib.common.rest_client [req-1a7f5e9d-e174-4e9f-9774-d8654253b1b9 req-1a7f5e9d-e174-4e9f-9774-d8654253b1b9 ] Request (HypervisorAdminTestJSON:test_get_hypervisor_list_details): 200 GET http://10.180.1.21/compute/v2.1/os-hypervisors/detail 2.638s
2025-04-24 10:24:21.247 70004 INFO tempest.lib.common.rest_client [req-ee36e2ef-ca59-45e5-a621-5afde184c854 req-ee36e2ef-ca59-45e5-a621-5afde184c854 ] Request (ServersAdminTestJSON:setUpClass): 204 PUT http://10.180.1.21/identity/v3/projects/46a20468f4114930b17d74d7f3b7c03d/users/a53fa323cf0d49daba2987a33aff7ca1/roles/5124ac79b782410d94b015763b262136 0.088s
2025-04-24 10:24:21.252 70024 INFO tempest.lib.common.rest_client [req-72f04266-0428-41f5-92dc-4e61f179e8a0 req-72f04266-0428-41f5-92dc-4e61f179e8a0 ] Request (TenantUsagesTestJSON:setUpClass): 201 POST http://10.180.1.21/identity/v3/auth/tokens 0.097s
2025-04-24 10:24:21.264 69992 INFO tempest.lib.common.rest_client [req-02e0dd33-f248-4ca0-9470-d7251246c332 req-02e0dd33-f248-4ca0-9470-d7251246c332 ] Request (ServersTestManualDisk:setUpClass): 200 GET http://10.180.1.21/compute/v2.1/servers/435b11cd-2a7c-4869-9785-62290b46769e 2.748s
2025-04-24 10:24:21.278 70030 INFO tempest.lib.common.rest_client [req-510d9714-d316-4ba2-aef2-e9529e039cab req-510d9714-d316-4ba2-aef2-e9529e039cab ] Request (ImagesDeleteNegativeTestJSON:test_delete_image_with_invalid_image_id): 404 DELETE http://10.180.1.21/compute/v2.1/images/tempest-invalid-780701394 2.647s
2025-04-24 10:24:21.286 70020 INFO tempest.lib.common.rest_client [req-0637d5cd-72ee-4f3f-bac1-5d82385b803d req-0637d5cd-72ee-4f3f-bac1-5d82385b803d ] Request (HostsAdminNegativeTestJSON:test_show_host_detail_with_nonexistent_hostname): 404 GET http://10.180.1.21/compute/v2.1/os-hosts/nonexistent_hostname 2.599s
2025-04-24 10:24:21.297 70028 INFO tempest.lib.common.rest_client [req-98aa2781-af56-4349-b27f-4237079a8853 req-98aa2781-af56-4349-b27f-4237079a8853 ] Request (FlavorsExtraSpecsTestJSON:test_flavor_set_get_update_show_unset_keys): 200 GET http://10.180.1.21/compute/v2.1/flavors/2038164738/os-extra_specs 2.583s
2025-04-24 10:24:21.309 70004 INFO tempest.lib.common.rest_client [req-530b517c-5002-4c32-8bb1-825dfef431d7 req-530b517c-5002-4c32-8bb1-825dfef431d7 ] Request (ServersAdminTestJSON:setUpClass): 200 GET http://10.180.1.21/identity/v3/roles 0.061s
2025-04-24 10:24:21.310 70026 INFO tempest.lib.common.rest_client [req-086223ed-788d-455b-8de6-2b570c36b9ae req-086223ed-788d-455b-8de6-2b570c36b9ae ] Request (AggregatesAdminNegativeTestJSON:_run_cleanups): 200 DELETE http://10.180.1.21/compute/v2.1/os-aggregates/1 2.505s
2025-04-24 10:24:21.322 70024 INFO tempest.lib.common.rest_client [req-d7b5e46f-baf0-4e88-b747-46f19112f359 req-d7b5e46f-baf0-4e88-b747-46f19112f359 ] Request (TenantUsagesTestJSON:setUpClass): 201 POST http://10.180.1.21/identity/v3/projects 0.070s
2025-04-24 10:24:21.383 70004 INFO tempest.lib.common.rest_client [req-cd9c42cb-13ac-446c-9c0c-6950ce2a0a99 req-cd9c42cb-13ac-446c-9c0c-6950ce2a0a99 ] Request (ServersAdminTestJSON:setUpClass): 204 PUT http://10.180.1.21/identity/v3/projects/46a20468f4114930b17d74d7f3b7c03d/users/a53fa323cf0d49daba2987a33aff7ca1/roles/5124ac79b782410d94b015763b262136 0.073s
2025-04-24 10:24:21.383 70004 INFO tempest.lib.common.dynamic_creds [-] Dynamic test user a53fa323cf0d49daba2987a33aff7ca1 is created with scope project and roles: ['admin']
2025-04-24 10:24:21.383 70004 INFO tempest.lib.common.dynamic_creds [-] Acquired dynamic creds: credentials: Credentials: {'domain_id': 'default', 'domain_name': 'Default', 'username': 'tempest-ServersAdminTestJSON-430005860-project-admin', 'project_domain_id': 'default', 'project_domain_name': 'Default', 'project_id': '46a20468f4114930b17d74d7f3b7c03d', 'project_name': 'tempest-ServersAdminTestJSON-430005860', 'tenant_id': '46a20468f4114930b17d74d7f3b7c03d', 'tenant_name': 'tempest-ServersAdminTestJSON-430005860', 'user_domain_id': 'default', 'user_domain_name': 'Default', 'user_id': 'a53fa323cf0d49daba2987a33aff7ca1', 'system': None}, Network: None, Subnet: None, Router: None
2025-04-24 10:24:21.396 69970 INFO tempest.lib.common.rest_client [req-c188a274-a5d8-4c47-be11-fa124acd4d7a req-c188a274-a5d8-4c47-be11-fa124acd4d7a ] Request (ServerDiagnosticsV248Test:test_get_server_diagnostics): 200 GET http://10.180.1.21/compute/v2.1/servers/443e9d2b-6ecf-4b99-ab73-09b6c0748c18 2.584s
2025-04-24 10:24:21.411 69970 INFO tempest.common.waiters [-] State transition "BUILD/spawning" ==> "ACTIVE/None" after 16 second wait
2025-04-24 10:24:21.450 70012 INFO tempest.lib.common.rest_client [req-e17fe7e4-9ce6-4fef-8c68-909da044ae6f req-e17fe7e4-9ce6-4fef-8c68-909da044ae6f ] Request (ServerMetadataNegativeTestJSON:setUpClass): 200 PUT http://10.180.1.21:9696/networking/v2.0/routers/5dee0c00-9363-484b-b7fe-9ba1c9d81acd/add_router_interface 2.683s
