2025-04-24 10:24:24.724 70008 INFO tempest.lib.common.rest_client [req-3fd23f28-7135-4a7c-86b6-07740b3e154d req-3fd23f28-7135-4a7c-86b6-07740b3e154d ] Request (FlavorsV261TestJSON:tearDownClass): 200 GET http://10.180.1.21:9696/networking/v2.0/security-groups?tenant_id=81c0c764d57d4300936a831080e43ec6&name=default 0.275s
2025-04-24 10:24:24.854 70030 INFO tempest.lib.common.rest_client [req-f78d1765-00fd-4504-abe8-b13b85887861 req-f78d1765-00fd-4504-abe8-b13b85887861 ] Request (AttachInterfacesUnderV243Test:setUpClass): 201 POST http://10.180.1.21:9696/networking/v2.0/networks 0.617s
2025-04-24 10:24:24.872 69982 INFO tempest.lib.common.rest_client [req-8c75321a-f088-48d7-8e0d-1374e0b65ddb req-8c75321a-f088-48d7-8e0d-1374e0b65ddb ] Request (ServicesAdminNegativeV253TestJSON:tearDownClass): 204 DELETE http://10.180.1.21/identity/v3/users/38d85b92a35740b689d83ab4342df9c5 0.240s
2025-04-24 10:24:24.896 70002 INFO tempest.lib.common.rest_client [req-0f8a9839-c33a-4c9e-a222-f38985d9b49c req-0f8a9839-c33a-4c9e-a222-f38985d9b49c ] Request (KeyPairsV210TestJSON:tearDownClass): 204 DELETE http://10.180.1.21/identity/v3/users/f8dd1eb83a16416f8aba1cd5a2966526 0.230s
2025-04-24 10:24:24.896 70002 INFO tempest.lib.common.dynamic_creds [-] Deleting project and security group for project: 15eb83590308436dab43a6afda17a929
2025-04-24 10:24:25.041 70018 INFO tempest.lib.common.rest_client [req-eab5d8ac-8aca-4566-a54d-bd5eb146a8f1 req-eab5d8ac-8aca-4566-a54d-bd5eb146a8f1 ] Request (VolumesAssistedSnapshotsTest:test_volume_assisted_snapshot_create_delete): 200 POST http://10.180.1.21/compute/v2.1/os-keypairs 1.137s
2025-04-24 10:24:25.046 69994 INFO tempest.lib.common.rest_client [req-0236c289-628f-4d5c-a73e-8e8516cbf444 req-0236c289-628f-4d5c-a73e-8e8516cbf444 ] Request (HypervisorAdminNegativeTestJSON:tearDownClass): 204 DELETE http://10.180.1.21/identity/v3/users/8d769f9b9d0f43089a3893a301de9a61 0.358s
2025-04-24 10:24:25.105 70008 INFO tempest.lib.common.rest_client [req-e71c7035-7664-46ca-8468-520eee0e905e req-e71c7035-7664-46ca-8468-520eee0e905e ] Request (FlavorsV261TestJSON:tearDownClass): 204 DELETE http://10.180.1.21:9696/networking/v2.0/security-groups/e2beb9a8-3b9c-4560-baee-923cb7dac639 0.380s
2025-04-24 10:24:25.105 69982 INFO tempest.lib.common.rest_client [req-74ec0676-472d-4abf-a1e0-5540431c1913 req-74ec0676-472d-4abf-a1e0-5540431c1913 ] Request (ServicesAdminNegativeV253TestJSON:tearDownClass): 204 DELETE http://10.180.1.21/identity/v3/users/a65627a919b744d7b7d8f595b88f2d22 0.232s
2025-04-24 10:24:25.105 69982 INFO tempest.lib.common.dynamic_creds [-] Deleting project and security group for project: e5ad720fff174f8a9ce5ff48640398fe
2025-04-24 10:24:25.108 70000 INFO tempest.lib.common.rest_client [req-f2e7d2fa-fd6a-4084-ba8c-7032930b681c req-f2e7d2fa-fd6a-4084-ba8c-7032930b681c ] Request (FloatingIPsTestJSON:_run_cleanups): 404 DELETE http://10.180.1.21/compute/v2.1/os-floating-ips/ae2bb839-228e-46ba-9939-9f20deabba05 1.180s
2025-04-24 10:24:25.114 70002 INFO tempest.lib.common.rest_client [req-82815ae1-9b68-4945-a3d4-18a16bc518eb req-82815ae1-9b68-4945-a3d4-18a16bc518eb ] Request (KeyPairsV210TestJSON:tearDownClass): 201 POST http://10.180.1.21/identity/v3/auth/tokens 0.217s
2025-04-24 10:24:25.127 70010 INFO tempest.lib.common.rest_client [req-e56137da-9662-458e-a249-49d6e1a9dc0f req-e56137da-9662-458e-a249-49d6e1a9dc0f ] Request (HypervisorAdminTestJSON:test_get_hypervisor_stats): 200 GET http://10.180.1.21/compute/v2.1/os-hypervisors/statistics 1.173s
2025-04-24 10:24:25.201 69994 INFO tempest.lib.common.rest_client [req-e5d2f823-0c8f-481a-a212-6f7fd984a5fc req-e5d2f823-0c8f-481a-a212-6f7fd984a5fc ] Request (HypervisorAdminNegativeTestJSON:tearDownClass): 204 DELETE http://10.180.1.21/identity/v3/users/bef728eba9b84447a2d9e885fe91cc8c 0.154s
2025-04-24 10:24:25.202 69994 INFO tempest.lib.common.dynamic_creds [-] Deleting project and security group for project: f3b8ca7b92894da196729616424701cb
2025-04-24 10:24:25.213 70008 INFO tempest.lib.common.rest_client [req-7680d499-90d3-48e6-8465-d2da0baf5270 req-7680d499-90d3-48e6-8465-d2da0baf5270 ] Request (FlavorsV261TestJSON:tearDownClass): 204 DELETE http://10.180.1.21/identity/v3/projects/81c0c764d57d4300936a831080e43ec6 0.108s
2025-04-24 10:24:25.231 70024 INFO tempest.lib.common.rest_client [req-fae8630c-03ee-4bc3-b29e-28859511ee68 req-fae8630c-03ee-4bc3-b29e-28859511ee68 ] Request (TenantUsagesTestJSON:setUpClass): 200 GET http://10.180.1.21/compute/v2.1/servers/1a6f2f90-dab0-44bb-8564-223efaf9f8f6 1.265s
2025-04-24 10:24:25.250 70020 INFO tempest.lib.common.rest_client [req-c6f71908-5fbf-4162-b370-c2b8745b7081 req-c6f71908-5fbf-4162-b370-c2b8745b7081 ] Request (HostsAdminNegativeTestJSON:test_startup_host_with_non_admin_user): 403 GET http://10.180.1.21/compute/v2.1/os-hosts/devstack/startup 1.273s
2025-04-24 10:24:25.283 69982 INFO tempest.lib.common.rest_client [req-59507aea-f9bf-4108-a183-871cd1cdf878 req-59507aea-f9bf-4108-a183-871cd1cdf878 ] Request (ServicesAdminNegativeV253TestJSON:tearDownClass): 201 POST http://10.180.1.21/identity/v3/auth/tokens 0.177s
2025-04-24 10:24:25.320 69980 INFO tempest.lib.common.rest_client [req-ca24eb10-fec2-470c-a880-84f112118940 req-ca24eb10-fec2-470c-a880-84f112118940 ] Request (ServerDiagnosticsTest:test_get_server_diagnostics): 200 GET http://10.180.1.21/compute/v2.1/servers/af0c4135-2c1a-4eab-b8a7-9eca5c95d17b/diagnostics 1.491s
2025-04-24 10:24:25.352 70030 INFO tempest.lib.common.rest_client [req-64efd199-995b-4571-ac74-868fcf4acea5 req-64efd199-995b-4571-ac74-868fcf4acea5 ] Request (AttachInterfacesUnderV243Test:setUpClass): 201 POST http://10.180.1.21:9696/networking/v2.0/subnets 0.498s
2025-04-24 10:24:25.353 70028 INFO tempest.lib.common.rest_client [req-e9ed1ffb-a9f2-49bb-b1fb-e661b3bd7eb4 req-e9ed1ffb-a9f2-49bb-b1fb-e661b3bd7eb4 ] Request (FlavorsExtraSpecsTestJSON:test_flavor_set_get_update_show_unset_keys): 200 DELETE http://10.180.1.21/compute/v2.1/flavors/2038164738/os-extra_specs/hw:numa_nodes 1.275s
2025-04-24 10:24:25.363 70010 INFO tempest.lib.common.rest_client [req-27518684-414a-4672-8c99-6d52d102cf5d req-27518684-414a-4672-8c99-6d52d102cf5d ] Request (HypervisorAdminTestJSON:tearDownClass): 204 DELETE http://10.180.1.21/identity/v3/users/bef6f2997c904488a2c0e9f51e9e6704 0.228s
2025-04-24 10:24:25.368 69994 INFO tempest.lib.common.rest_client [req-5f813b2b-884a-486c-a890-5f4bf8d8cde7 req-5f813b2b-884a-486c-a890-5f4bf8d8cde7 ] Request (HypervisorAdminNegativeTestJSON:tearDownClass): 201 POST http://10.180.1.21/identity/v3/auth/tokens 0.166s
2025-04-24 10:24:25.423 69974 INFO tempest.lib.common.rest_client [req-0cb3fd71-4f0e-4cfe-bf16-2b95839ab00f req-0cb3fd71-4f0e-4cfe-bf16-2b95839ab00f ] Request (QuotaClassesAdminTestJSON:_run_cleanups): 200 PUT http://10.180.1.21/compute/v2.1/os-quota-class-sets/default 1.306s
2025-04-24 10:24:25.427 70008 INFO tempest.lib.common.rest_client [req-e94885ca-6f85-463c-9cd1-261059b99cb9 req-e94885ca-6f85-463c-9cd1-261059b99cb9 ] Request (HostsAdminTestJSON:setUpClass): 201 POST http://10.180.1.21/identity/v3/auth/tokens 0.211s
2025-04-24 10:24:25.493 70010 INFO tempest.lib.common.rest_client [req-6335eb3f-e115-4004-8f29-cef9e4cfc7eb req-6335eb3f-e115-4004-8f29-cef9e4cfc7eb ] Request (HypervisorAdminTestJSON:tearDownClass): 204 DELETE http://10.180.1.21/identity/v3/users/2fcb9e7833bb4a94998677aa1e962e18 0.130s
2025-04-24 10:24:25.494 70010 INFO tempest.lib.common.dynamic_creds [-] Deleting project and security group for project: f56b5756a9d44a1abe717b09b17ddab4
2025-04-24 10:24:25.521 70002 INFO tempest.lib.common.rest_client [req-19aaa43c-b2c1-4726-86bc-24faa8fb23b7 req-19aaa43c-b2c1-4726-86bc-24faa8fb23b7 ] Request (KeyPairsV210TestJSON:tearDownClass): 200 GET http://10.180.1.21:9696/networking/v2.0/security-groups?tenant_id=15eb83590308436dab43a6afda17a929&name=default 0.407s
2025-04-24 10:24:25.560 70018 INFO tempest.lib.common.rest_client [req-c74539aa-723b-46ea-8ef6-94057b32245c req-c74539aa-723b-46ea-8ef6-94057b32245c ] Request (VolumesAssistedSnapshotsTest:test_volume_assisted_snapshot_create_delete): 201 POST http://10.180.1.21:9696/networking/v2.0/security-groups 0.517s
2025-04-24 10:24:25.571 70008 INFO tempest.lib.common.rest_client [req-5a47909d-6dc1-4a3d-a89e-85c87e598518 req-5a47909d-6dc1-4a3d-a89e-85c87e598518 ] Request (HostsAdminTestJSON:setUpClass): 201 POST http://10.180.1.21/identity/v3/auth/tokens 0.138s
2025-04-24 10:24:25.627 70010 INFO tempest.lib.common.rest_client [req-0e95f955-c49b-43bd-954c-f97f449d9910 req-0e95f955-c49b-43bd-954c-f97f449d9910 ] Request (HypervisorAdminTestJSON:tearDownClass): 201 POST http://10.180.1.21/identity/v3/auth/tokens 0.133s
2025-04-24 10:24:25.702 69974 INFO tempest.lib.common.rest_client [req-485df0d1-ae7b-4b0f-b65a-4adfd856c8b9 req-485df0d1-ae7b-4b0f-b65a-4adfd856c8b9 ] Request (QuotaClassesAdminTestJSON:tearDownClass): 204 DELETE http://10.180.1.21/identity/v3/users/3ffee6aaa24546b4903eaac28a777f26 0.265s
2025-04-24 10:24:25.711 70008 INFO tempest.lib.common.rest_client [req-9274b970-3378-4dc0-b28a-e35acaccdf63 req-9274b970-3378-4dc0-b28a-e35acaccdf63 ] Request (HostsAdminTestJSON:setUpClass): 200 GET http://10.180.1.21/identity/v3/domains?name=Default 0.139s
2025-04-24 10:24:25.732 69984 INFO tempest.lib.common.rest_client [req-3a4734a6-a798-4629-b942-20e62f00f590 req-3a4734a6-a798-4629-b942-20e62f00f590 ] Request (SecurityGroupsTestAdminJSON:_run_cleanups): 202 DELETE http://10.180.1.21/compute/v2.1/os-security-groups/5a61777a-fadf-4574-898d-9499ceca373c 1.672s
2025-04-24 10:24:25.767 70026 INFO tempest.lib.common.rest_client [req-020fc9ad-9e4c-465f-8877-8999cb896257 req-020fc9ad-9e4c-465f-8877-8999cb896257 ] Request (AggregatesAdminNegativeTestJSON:_run_cleanups): 200 DELETE http://10.180.1.21/compute/v2.1/os-aggregates/2 1.558s
2025-04-24 10:24:25.863 70008 INFO tempest.lib.common.rest_client [req-4c26a91e-f04a-4ddf-8ec6-5cf20580bf7c req-4c26a91e-f04a-4ddf-8ec6-5cf20580bf7c ] Request (HostsAdminTestJSON:setUpClass): 201 POST http://10.180.1.21/identity/v3/projects 0.151s
2025-04-24 10:24:25.866 70018 INFO tempest.lib.common.rest_client [req-8fc3b325-4e9e-4fbc-a89b-65010e1017f7 req-8fc3b325-4e9e-4fbc-a89b-65010e1017f7 ] Request (VolumesAssistedSnapshotsTest:test_volume_assisted_snapshot_create_delete): 201 POST http://10.180.1.21:9696/networking/v2.0/security-group-rules 0.306s
2025-04-24 10:24:25.883 70002 INFO tempest.lib.common.rest_client [req-eb758a06-de68-45d6-a58a-100dfd8efffe req-eb758a06-de68-45d6-a58a-100dfd8efffe ] Request (KeyPairsV210TestJSON:tearDownClass): 204 DELETE http://10.180.1.21:9696/networking/v2.0/security-groups/7a7293a8-b7c9-4272-8b93-3616f4977e7f 0.362s
2025-04-24 10:24:25.888 69994 INFO tempest.lib.common.rest_client [req-323f5de6-e006-4a3c-bcf7-656905267056 req-323f5de6-e006-4a3c-bcf7-656905267056 ] Request (HypervisorAdminNegativeTestJSON:tearDownClass): 200 GET http://10.180.1.21:9696/networking/v2.0/security-groups?tenant_id=f3b8ca7b92894da196729616424701cb&name=default 0.518s
2025-04-24 10:24:25.925 69982 INFO tempest.lib.common.rest_client [req-324f0041-9abf-48fa-840d-94cfa7f90e36 req-324f0041-9abf-48fa-840d-94cfa7f90e36 ] Request (ServicesAdminNegativeV253TestJSON:tearDownClass): 200 GET http://10.180.1.21:9696/networking/v2.0/security-groups?tenant_id=e5ad720fff174f8a9ce5ff48640398fe&name=default 0.642s
2025-04-24 10:24:25.930 69974 INFO tempest.lib.common.rest_client [req-9441c306-0dc9-4cf1-8170-c0431e35fdfa req-9441c306-0dc9-4cf1-8170-c0431e35fdfa ] Request (QuotaClassesAdminTestJSON:tearDownClass): 204 DELETE http://10.180.1.21/identity/v3/users/9d8dafb70bd94878b1fea65f54c08510 0.224s
2025-04-24 10:24:25.931 69974 INFO tempest.lib.common.dynamic_creds [-] Deleting project and security group for project: da5e08eb60e84151a3bfe691164eeae9
2025-04-24 10:24:26.018 70008 INFO tempest.lib.common.rest_client [req-44b2fc92-a655-4b5e-80ca-17e0d63316ab req-44b2fc92-a655-4b5e-80ca-17e0d63316ab ] Request (HostsAdminTestJSON:setUpClass): 201 POST http://10.180.1.21/identity/v3/users 0.155s
2025-04-24 10:24:26.020 69972 INFO tempest.lib.common.rest_client [req-e09f8bbb-68ed-4e12-8dbf-2c52f874a907 req-e09f8bbb-68ed-4e12-8dbf-2c52f874a907 ] Request (AbsoluteLimitsTestJSON:test_absLimits_get): 200 GET http://10.180.1.21/compute/v2.1/limits 1.682s
2025-04-24 10:24:26.034 69994 INFO tempest.lib.common.rest_client [req-6f0a720d-121f-4b0b-a353-0775036a4263 req-6f0a720d-121f-4b0b-a353-0775036a4263 ] Request (HypervisorAdminNegativeTestJSON:tearDownClass): 204 DELETE http://10.180.1.21:9696/networking/v2.0/security-groups/e210236e-5e32-477f-a11b-11de2fd567dd 0.145s
2025-04-24 10:24:26.050 69986 INFO tempest.lib.common.rest_client [req-79f63bdc-1583-4338-989c-f32925758a01 req-79f63bdc-1583-4338-989c-f32925758a01 ] Request (FlavorsAdminTestJSON:_run_cleanups): 202 DELETE http://10.180.1.21/compute/v2.1/flavors/1645210183 1.598s
2025-04-24 10:24:26.064 70010 INFO tempest.lib.common.rest_client [req-5206608a-22e8-4376-aeb1-9e0435de46d7 req-5206608a-22e8-4376-aeb1-9e0435de46d7 ] Request (HypervisorAdminTestJSON:tearDownClass): 200 GET http://10.180.1.21:9696/networking/v2.0/security-groups?tenant_id=f56b5756a9d44a1abe717b09b17ddab4&name=default 0.437s
2025-04-24 10:24:26.088 70002 INFO tempest.lib.common.rest_client [req-7cac960b-eb14-4950-b820-04655fcc7c46 req-7cac960b-eb14-4950-b820-04655fcc7c46 ] Request (KeyPairsV210TestJSON:tearDownClass): 204 DELETE http://10.180.1.21/identity/v3/projects/15eb83590308436dab43a6afda17a929 0.205s
2025-04-24 10:24:26.090 70002 INFO tempest.lib.common.dynamic_creds [-] Deleting project and security group for project: e1717c1424b14a50ae20e7b65cde4179
2025-04-24 10:24:26.117 69974 INFO tempest.lib.common.rest_client [req-548ea0fb-7455-4019-90bb-992b039ec794 req-548ea0fb-7455-4019-90bb-992b039ec794 ] Request (QuotaClassesAdminTestJSON:tearDownClass): 201 POST http://10.180.1.21/identity/v3/auth/tokens 0.185s
2025-04-24 10:24:26.124 69982 INFO tempest.lib.common.rest_client [req-845bbea7-6165-4bc6-9248-f359c21f6547 req-845bbea7-6165-4bc6-9248-f359c21f6547 ] Request (ServicesAdminNegativeV253TestJSON:tearDownClass): 204 DELETE http://10.180.1.21:9696/networking/v2.0/security-groups/e229fca7-1cc2-43c4-b72c-b6df4491d24d 0.198s
2025-04-24 10:24:26.165 70008 INFO tempest.lib.common.rest_client [req-3c5aa46a-df40-4f20-b771-389704fdce80 req-3c5aa46a-df40-4f20-b771-389704fdce80 ] Request (HostsAdminTestJSON:setUpClass): 200 GET http://10.180.1.21/identity/v3/roles 0.147s
2025-04-24 10:24:26.183 69978 INFO tempest.lib.common.rest_client [req-e85cc243-bc63-4cd9-a543-501797f7806c req-e85cc243-bc63-4cd9-a543-501797f7806c ] Request (ServersAdmin275Test:test_rebuild_update_server_275): 200 GET http://10.180.1.21/compute/v2.1/servers/2ae35bea-fc6f-4138-b40c-707fe6dc3e12 1.702s
2025-04-24 10:24:26.183 69972 INFO tempest.lib.common.rest_client [req-eedb7db7-fce0-4fe1-b891-1cfad1d50882 req-eedb7db7-fce0-4fe1-b891-1cfad1d50882 ] Request (AbsoluteLimitsTestJSON:tearDownClass): 204 DELETE http://10.180.1.21/identity/v3/users/64cd79cc85b1410cb3ddf30c1a29538e 0.153s
2025-04-24 10:24:26.183 69972 INFO tempest.lib.common.dynamic_creds [-] Deleting project and security group for project: 43dcb4bfa3b54b82ad873feb30867b63
2025-04-24 10:24:26.193 70006 INFO tempest.lib.common.rest_client [req-fd02f35c-ec34-414f-bf83-7ab9d4b9ff80 req-fd02f35c-ec34-414f-bf83-7ab9d4b9ff80 ] Request (KeyPairsNegativeTestJSON:test_create_keypair_with_long_keynames): 400 POST http://10.180.1.21/compute/v2.1/os-keypairs 1.701s
2025-04-24 10:24:26.245 69976 INFO tempest.lib.common.rest_client [req-e6ba51df-6b61-4938-8adb-77ee73514fc8 req-e6ba51df-6b61-4938-8adb-77ee73514fc8 ] Request (ServersWithSpecificFlavorTestJSON:test_verify_created_server_ephemeral_disk): 200 POST http://10.180.1.21/compute/v2.1/flavors/1998972121/os-extra_specs 1.734s
2025-04-24 10:24:26.261 70014 INFO tempest.lib.common.rest_client [req-b777eea7-5c32-474c-88ed-5bc1ec876d58 req-b777eea7-5c32-474c-88ed-5bc1ec876d58 ] Request (FlavorsAccessTestJSON:_run_cleanups): 202 DELETE http://10.180.1.21/compute/v2.1/flavors/1761248468 1.732s
2025-04-24 10:24:26.265 69968 INFO tempest.lib.common.rest_client [req-14f78841-f4dc-431a-8d5f-0ba5bc556e21 req-14f78841-f4dc-431a-8d5f-0ba5bc556e21 ] Request (FlavorsExtraSpecsNegativeTestJSON:test_flavor_non_admin_unset_keys): 403 DELETE http://10.180.1.21/compute/v2.1/flavors/95327637/os-extra_specs/hw:numa_nodes 1.583s
2025-04-24 10:24:26.284 70002 INFO tempest.lib.common.rest_client [req-73365684-37e9-4cdf-af0f-940960a8677f req-73365684-37e9-4cdf-af0f-940960a8677f ] Request (KeyPairsV210TestJSON:tearDownClass): 200 GET http://10.180.1.21:9696/networking/v2.0/security-groups?tenant_id=e1717c1424b14a50ae20e7b65cde4179&name=default 0.194s
2025-04-24 10:24:26.284 69994 INFO tempest.lib.common.rest_client [req-208fb46d-734b-4a83-bcf9-5794c1bc4b3c req-208fb46d-734b-4a83-bcf9-5794c1bc4b3c ] Request (HypervisorAdminNegativeTestJSON:tearDownClass): 204 DELETE http://10.180.1.21/identity/v3/projects/f3b8ca7b92894da196729616424701cb 0.248s
2025-04-24 10:24:26.284 69994 INFO tempest.lib.common.dynamic_creds [-] Deleting project and security group for project: 997e258fb63c47bd9105af5deaada04b
2025-04-24 10:24:26.297 69982 INFO tempest.lib.common.rest_client [req-ef07646a-ae12-4bfe-a91a-9506ebdbc71b req-ef07646a-ae12-4bfe-a91a-9506ebdbc71b ] Request (ServicesAdminNegativeV253TestJSON:tearDownClass): 204 DELETE http://10.180.1.21/identity/v3/projects/e5ad720fff174f8a9ce5ff48640398fe 0.173s
2025-04-24 10:24:26.298 69982 INFO tempest.lib.common.dynamic_creds [-] Deleting project and security group for project: 4dc3cda71f98430e840c09f5237de6ed
2025-04-24 10:24:26.346 70018 INFO tempest.lib.common.rest_client [req-5332aa46-5cdb-4702-bb7b-3e49bcf6a321 req-5332aa46-5cdb-4702-bb7b-3e49bcf6a321 ] Request (VolumesAssistedSnapshotsTest:test_volume_assisted_snapshot_create_delete): 201 POST http://10.180.1.21:9696/networking/v2.0/security-group-rules 0.479s
2025-04-24 10:24:26.354 70008 INFO tempest.lib.common.rest_client [req-01b3f8a4-de33-4c38-92be-29e8444a8738 req-01b3f8a4-de33-4c38-92be-29e8444a8738 ] Request (HostsAdminTestJSON:setUpClass): 204 PUT http://10.180.1.21/identity/v3/projects/e30e49ccaddc4d6584499d8739258649/users/d64fd080632246b0b024e6c369bb2330/roles/687e425623754bd9880325c8267054ab 0.187s
2025-04-24 10:24:26.354 70008 INFO tempest.lib.common.dynamic_creds [-] Dynamic test user d64fd080632246b0b024e6c369bb2330 is created with scope project and roles: ['member']
2025-04-24 10:24:26.355 70008 INFO tempest.lib.common.dynamic_creds [-] Acquired dynamic creds: credentials: Credentials: {'domain_id': 'default', 'domain_name': 'Default', 'username': 'tempest-HostsAdminTestJSON-1496658674-project-member', 'project_domain_id': 'default', 'project_domain_name': 'Default', 'project_id': 'e30e49ccaddc4d6584499d8739258649', 'project_name': 'tempest-HostsAdminTestJSON-1496658674', 'tenant_id': 'e30e49ccaddc4d6584499d8739258649', 'tenant_name': 'tempest-HostsAdminTestJSON-1496658674', 'user_domain_id': 'default', 'user_domain_name': 'Default', 'user_id': 'd64fd080632246b0b024e6c369bb2330', 'system': None}, Network: None, Subnet: None, Router: None
2025-04-24 10:24:26.355 70008 INFO tempest.lib.common.dynamic_creds [-] Created isolated network resources for: credentials: Credentials: {'domain_id': 'default', 'domain_name': 'Default', 'username': 'tempest-HostsAdminTestJSON-1496658674-project-member', 'project_domain_id': 'default', 'project_domain_name': 'Default', 'project_id': 'e30e49ccaddc4d6584499d8739258649', 'project_name': 'tempest-HostsAdminTestJSON-1496658674', 'tenant_id': 'e30e49ccaddc4d6584499d8739258649', 'tenant_name': 'tempest-HostsAdminTestJSON-1496658674', 'user_domain_id': 'default', 'user_domain_name': 'Default', 'user_id': 'd64fd080632246b0b024e6c369bb2330', 'system': None}, Network: None, Subnet: None, Router: None
2025-04-24 10:24:26.382 69992 INFO tempest.lib.common.rest_client [req-68a0309f-be21-4a5f-996e-de0d3366ce45 req-68a0309f-be21-4a5f-996e-de0d3366ce45 ] Request (ServersTestManualDisk:setUpClass): 200 GET http://10.180.1.21/compute/v2.1/servers/435b11cd-2a7c-4869-9785-62290b46769e 1.479s
2025-04-24 10:24:26.394 69992 INFO tempest.common.waiters [-] State transition "BUILD/None" ==> "BUILD/networking" after 5 second wait
2025-04-24 10:24:26.409 69972 INFO tempest.lib.common.rest_client [req-efebff9d-f6eb-47b2-9170-509143497086 req-efebff9d-f6eb-47b2-9170-509143497086 ] Request (AbsoluteLimitsTestJSON:tearDownClass): 201 POST http://10.180.1.21/identity/v3/auth/tokens 0.226s
2025-04-24 10:24:26.462 70010 INFO tempest.lib.common.rest_client [req-1ae45ce8-651d-4776-a6ce-e6d01aa83318 req-1ae45ce8-651d-4776-a6ce-e6d01aa83318 ] Request (HypervisorAdminTestJSON:tearDownClass): 204 DELETE http://10.180.1.21:9696/networking/v2.0/security-groups/d8680c9a-166e-4416-8771-f8a5bc793010 0.397s
2025-04-24 10:24:26.471 70008 INFO tempest.lib.common.rest_client [req-ef040475-f03e-4ace-bdfd-8bde861760f5 req-ef040475-f03e-4ace-bdfd-8bde861760f5 ] Request (HostsAdminTestJSON:setUpClass): 201 POST http://10.180.1.21/identity/v3/auth/tokens 0.111s
2025-04-24 10:24:26.511 70008 INFO tempest.lib.common.rest_client [req-6cc56068-3692-4d9b-99e5-2e3be094eb68 req-6cc56068-3692-4d9b-99e5-2e3be094eb68 ] Request (HostsAdminTestJSON:setUpClass): 201 POST http://10.180.1.21/identity/v3/projects 0.039s
2025-04-24 10:24:26.513 70002 INFO tempest.lib.common.rest_client [req-1c3d16d4-63f3-4bca-b254-bb7d89a531e1 req-1c3d16d4-63f3-4bca-b254-bb7d89a531e1 ] Request (KeyPairsV210TestJSON:tearDownClass): 204 DELETE http://10.180.1.21:9696/networking/v2.0/security-groups/dbe1a8e6-e4cd-4268-a7ce-7cefb2b8018e 0.228s
2025-04-24 10:24:26.541 70010 INFO tempest.lib.common.rest_client [req-6ab73e7e-2319-4b5b-9d63-5d4f489834c1 req-6ab73e7e-2319-4b5b-9d63-5d4f489834c1 ] Request (HypervisorAdminTestJSON:tearDownClass): 204 DELETE http://10.180.1.21/identity/v3/projects/f56b5756a9d44a1abe717b09b17ddab4 0.078s
2025-04-24 10:24:26.542 70010 INFO tempest.lib.common.dynamic_creds [-] Deleting project and security group for project: 79d0313ce85a461ca59a2d11c7719f46
2025-04-24 10:24:26.578 69982 INFO tempest.lib.common.rest_client [req-1ab16027-86b7-4f3c-a694-5c2f87b669fd req-1ab16027-86b7-4f3c-a694-5c2f87b669fd ] Request (ServicesAdminNegativeV253TestJSON:tearDownClass): 200 GET http://10.180.1.21:9696/networking/v2.0/security-groups?tenant_id=4dc3cda71f98430e840c09f5237de6ed&name=default 0.280s
2025-04-24 10:24:26.589 70008 INFO tempest.lib.common.rest_client [req-2c5f73bc-72e7-4c74-a9ec-b338ae9ed0f7 req-2c5f73bc-72e7-4c74-a9ec-b338ae9ed0f7 ] Request (HostsAdminTestJSON:setUpClass): 201 POST http://10.180.1.21/identity/v3/users 0.077s
2025-04-24 10:24:26.616 70008 INFO tempest.lib.common.rest_client [req-82026904-2bd6-4456-a7f7-717a12088558 req-82026904-2bd6-4456-a7f7-717a12088558 ] Request (HostsAdminTestJSON:setUpClass): 200 GET http://10.180.1.21/identity/v3/roles 0.026s
2025-04-24 10:24:26.634 70002 INFO tempest.lib.common.rest_client [req-a1ac5239-dd91-4747-a94e-8d456256a147 req-a1ac5239-dd91-4747-a94e-8d456256a147 ] Request (KeyPairsV210TestJSON:tearDownClass): 204 DELETE http://10.180.1.21/identity/v3/projects/e1717c1424b14a50ae20e7b65cde4179 0.121s
2025-04-24 10:24:26.666 70002 INFO tempest.lib.common.rest_client [req-7b4cd8b5-2b83-4059-b400-80bbf7a8f051 req-7b4cd8b5-2b83-4059-b400-80bbf7a8f051 ] Request (ServicesAdminTestJSON:setUpClass): 201 POST http://10.180.1.21/identity/v3/auth/tokens 0.030s
2025-04-24 10:24:26.683 70008 INFO tempest.lib.common.rest_client [req-0efbc3c9-afa9-43c7-8f6f-c3be0830499c req-0efbc3c9-afa9-43c7-8f6f-c3be0830499c ] Request (HostsAdminTestJSON:setUpClass): 204 PUT http://10.180.1.21/identity/v3/projects/894540ed6174412e81f907b664d815d9/users/fc8e3a3d473f406cad42c48fd899c10c/roles/5124ac79b782410d94b015763b262136 0.066s
2025-04-24 10:24:26.712 70022 INFO tempest.lib.common.rest_client [req-539008ca-a812-4254-b586-411e25596734 req-539008ca-a812-4254-b586-411e25596734 ] Request (AttachInterfacesTestJSON:test_create_list_show_delete_interfaces_by_fixed_ip): 200 GET http://10.180.1.21/compute/v2.1/servers/2aaa93a3-9140-4422-9849-0b5a2616e633 1.484s
2025-04-24 10:24:26.730 70020 INFO tempest.lib.common.rest_client [req-92687808-c1de-48d5-8fe2-1b15b5b30508 req-92687808-c1de-48d5-8fe2-1b15b5b30508 ] Request (HostsAdminNegativeTestJSON:test_startup_nonexistent_host): 404 GET http://10.180.1.21/compute/v2.1/os-hosts/nonexistent_hostname/startup 1.478s
2025-04-24 10:24:26.733 70002 INFO tempest.lib.common.rest_client [req-c408a29e-37bc-4a36-9c65-dbfcb3d0438f req-c408a29e-37bc-4a36-9c65-dbfcb3d0438f ] Request (ServicesAdminTestJSON:setUpClass): 201 POST http://10.180.1.21/identity/v3/auth/tokens 0.064s
2025-04-24 10:24:26.747 70008 INFO tempest.lib.common.rest_client [req-7e9f2247-b192-43e2-82e2-fa2a597e8c16 req-7e9f2247-b192-43e2-82e2-fa2a597e8c16 ] Request (HostsAdminTestJSON:setUpClass): 200 GET http://10.180.1.21/identity/v3/roles 0.064s
2025-04-24 10:24:26.759 70002 INFO tempest.lib.common.rest_client [req-f89fbcfc-0b80-494e-b199-bfbbe3747073 req-f89fbcfc-0b80-494e-b199-bfbbe3747073 ] Request (ServicesAdminTestJSON:setUpClass): 200 GET http://10.180.1.21/identity/v3/domains?name=Default 0.025s
2025-04-24 10:24:26.765 70008 INFO tempest.lib.common.rest_client [req-5cebffe5-1c7b-4979-8274-572c0f9ab3db req-5cebffe5-1c7b-4979-8274-572c0f9ab3db ] Request (HostsAdminTestJSON:setUpClass): 204 PUT http://10.180.1.21/identity/v3/projects/894540ed6174412e81f907b664d815d9/users/fc8e3a3d473f406cad42c48fd899c10c/roles/5124ac79b782410d94b015763b262136 0.018s
2025-04-24 10:24:26.766 70008 INFO tempest.lib.common.dynamic_creds [-] Dynamic test user fc8e3a3d473f406cad42c48fd899c10c is created with scope project and roles: ['admin']
2025-04-24 10:24:26.766 70008 INFO tempest.lib.common.dynamic_creds [-] Acquired dynamic creds: credentials: Credentials: {'domain_id': 'default', 'domain_name': 'Default', 'username': 'tempest-HostsAdminTestJSON-62742385-project-admin', 'project_domain_id': 'default', 'project_domain_name': 'Default', 'project_id': '894540ed6174412e81f907b664d815d9', 'project_name': 'tempest-HostsAdminTestJSON-62742385', 'tenant_id': '894540ed6174412e81f907b664d815d9', 'tenant_name': 'tempest-HostsAdminTestJSON-62742385', 'user_domain_id': 'default', 'user_domain_name': 'Default', 'user_id': 'fc8e3a3d473f406cad42c48fd899c10c', 'system': None}, Network: None, Subnet: None, Router: None
2025-04-24 10:24:26.766 70008 INFO tempest.lib.common.dynamic_creds [-] Created isolated network resources for: credentials: Credentials: {'domain_id': 'default', 'domain_name': 'Default', 'username': 'tempest-HostsAdminTestJSON-62742385-project-admin', 'project_domain_id': 'default', 'project_domain_name': 'Default', 'project_id': '894540ed6174412e81f907b664d815d9', 'project_name': 'tempest-HostsAdminTestJSON-62742385', 'tenant_id': '894540ed6174412e81f907b664d815d9', 'tenant_name': 'tempest-HostsAdminTestJSON-62742385', 'user_domain_id': 'default', 'user_domain_name': 'Default', 'user_id': 'fc8e3a3d473f406cad42c48fd899c10c', 'system': None}, Network: None, Subnet: None, Router: None
2025-04-24 10:24:26.800 69994 INFO tempest.lib.common.rest_client [req-eb50e94c-ac99-425c-9718-ba8c81e412e4 req-eb50e94c-ac99-425c-9718-ba8c81e412e4 ] Request (HypervisorAdminNegativeTestJSON:tearDownClass): 200 GET http://10.180.1.21:9696/networking/v2.0/security-groups?tenant_id=997e258fb63c47bd9105af5deaada04b&name=default 0.516s
2025-04-24 10:24:26.866 70008 INFO tempest.lib.common.rest_client [req-a1e82fa4-d33c-420d-85b9-e2cffac28e09 req-a1e82fa4-d33c-420d-85b9-e2cffac28e09 ] Request (HostsAdminTestJSON:setUpClass): 201 POST http://10.180.1.21/identity/v3/auth/tokens 0.097s
2025-04-24 10:24:26.877 69972 INFO tempest.lib.common.rest_client [req-7c9ac1ec-39da-4ad3-85c7-b04ddd4d0955 req-7c9ac1ec-39da-4ad3-85c7-b04ddd4d0955 ] Request (AbsoluteLimitsTestJSON:tearDownClass): 200 GET http://10.180.1.21:9696/networking/v2.0/security-groups?tenant_id=43dcb4bfa3b54b82ad873feb30867b63&name=default 0.468s
2025-04-24 10:24:26.884 69980 INFO tempest.lib.common.rest_client [req-05e82a74-e8b5-43cc-a4d3-dbfa148bb26f req-05e82a74-e8b5-43cc-a4d3-dbfa148bb26f ] Request (ServerDiagnosticsTest:tearDownClass): 204 DELETE http://10.180.1.21/compute/v2.1/servers/af0c4135-2c1a-4eab-b8a7-9eca5c95d17b 1.555s
2025-04-24 10:24:26.890 69974 INFO tempest.lib.common.rest_client [req-08d40260-ed91-4c2b-80da-106baab4d905 req-08d40260-ed91-4c2b-80da-106baab4d905 ] Request (QuotaClassesAdminTestJSON:tearDownClass): 200 GET http://10.180.1.21:9696/networking/v2.0/security-groups?tenant_id=da5e08eb60e84151a3bfe691164eeae9&name=default 0.772s
2025-04-24 10:24:26.919 70002 INFO tempest.lib.common.rest_client [req-97da917e-ca5b-451f-9194-3d9a94002054 req-97da917e-ca5b-451f-9194-3d9a94002054 ] Request (ServicesAdminTestJSON:setUpClass): 201 POST http://10.180.1.21/identity/v3/projects 0.160s
2025-04-24 10:24:26.933 70004 INFO tempest.lib.common.rest_client [req-3f670af0-1caa-4f20-aa65-d09f3c9ed841 req-3f670af0-1caa-4f20-aa65-d09f3c9ed841 ] Request (ServersAdminTestJSON:setUpClass): 202 POST http://10.180.1.21/compute/v2.1/servers 2.790s
2025-04-24 10:24:26.962 70028 INFO tempest.lib.common.rest_client [req-1051c714-6638-4c01-8d42-e3cc2ee029df req-1051c714-6638-4c01-8d42-e3cc2ee029df ] Request (FlavorsExtraSpecsTestJSON:test_flavor_set_get_update_show_unset_keys): 200 DELETE http://10.180.1.21/compute/v2.1/flavors/2038164738/os-extra_specs/hw:cpu_policy 1.609s
2025-04-24 10:24:27.011 70004 INFO tempest.lib.common.rest_client [req-bfb5811f-6f68-4511-804c-e1305754403e req-bfb5811f-6f68-4511-804c-e1305754403e ] Request (ServersAdminTestJSON:setUpClass): 201 POST http://10.180.1.21/identity/v3/auth/tokens 0.072s
2025-04-24 10:24:27.012 70004 INFO tempest.lib.common.fixed_network [-] (ServersAdminTestJSON:setUpClass) Found network {'id': '877cbac6-a073-43e0-827b-baf8c367ba1a', 'name': 'tempest-ServersAdminTestJSON-1507926147-network', 'tenant_id': 'a44e8e47dae2432c9dda0860cc02c5f6', 'admin_state_up': True, 'mtu': 8950, 'status': 'ACTIVE', 'subnets': [], 'shared': False, 'project_id': 'a44e8e47dae2432c9dda0860cc02c5f6', 'port_security_enabled': True, 'router:external': False, 'provider:network_type': 'vlan', 'provider:physical_network': 'default', 'provider:segmentation_id': 62, 'availability_zone_hints': [], 'availability_zones': [], 'ipv4_address_scope': None, 'ipv6_address_scope': None, 'description': '', 'tags': [], 'created_at': '2025-04-24T10:24:16Z', 'updated_at': '2025-04-24T10:24:16Z', 'revision_number': 1} available for tenant
2025-04-24 10:24:27.019 70010 INFO tempest.lib.common.rest_client [req-d2ee8768-a17c-4119-9a0a-5332477b0080 req-d2ee8768-a17c-4119-9a0a-5332477b0080 ] Request (HypervisorAdminTestJSON:tearDownClass): 200 GET http://10.180.1.21:9696/networking/v2.0/security-groups?tenant_id=79d0313ce85a461ca59a2d11c7719f46&name=default 0.477s
2025-04-24 10:24:27.021 70002 INFO tempest.lib.common.rest_client [req-0f339edb-8f11-4bd5-a136-7fafec0eb0bf req-0f339edb-8f11-4bd5-a136-7fafec0eb0bf ] Request (ServicesAdminTestJSON:setUpClass): 201 POST http://10.180.1.21/identity/v3/users 0.102s
2025-04-24 10:24:27.026 69982 INFO tempest.lib.common.rest_client [req-3262330b-b1e3-4063-8f0b-29e5665f01de req-3262330b-b1e3-4063-8f0b-29e5665f01de ] Request (ServicesAdminNegativeV253TestJSON:tearDownClass): 204 DELETE http://10.180.1.21:9696/networking/v2.0/security-groups/50f7f23f-f903-44fd-8f3e-fd42341534ef 0.447s
2025-04-24 10:24:27.051 70002 INFO tempest.lib.common.rest_client [req-b65141ac-9aee-4d36-997f-b1aeac53402d req-b65141ac-9aee-4d36-997f-b1aeac53402d ] Request (ServicesAdminTestJSON:setUpClass): 200 GET http://10.180.1.21/identity/v3/roles 0.029s
2025-04-24 10:24:27.085 70002 INFO tempest.lib.common.rest_client [req-97c5d030-5823-44f5-9197-8afc86e240af req-97c5d030-5823-44f5-9197-8afc86e240af ] Request (ServicesAdminTestJSON:setUpClass): 204 PUT http://10.180.1.21/identity/v3/projects/3408f3826bba4985bdf94b268b80d02f/users/686a986a623f4f9991c1dea56f8f3f29/roles/687e425623754bd9880325c8267054ab 0.033s
2025-04-24 10:24:27.085 70002 INFO tempest.lib.common.dynamic_creds [-] Dynamic test user 686a986a623f4f9991c1dea56f8f3f29 is created with scope project and roles: ['member']
2025-04-24 10:24:27.086 70002 INFO tempest.lib.common.dynamic_creds [-] Acquired dynamic creds: credentials: Credentials: {'domain_id': 'default', 'domain_name': 'Default', 'username': 'tempest-ServicesAdminTestJSON-1709005448-project-member', 'project_domain_id': 'default', 'project_domain_name': 'Default', 'project_id': '3408f3826bba4985bdf94b268b80d02f', 'project_name': 'tempest-ServicesAdminTestJSON-1709005448', 'tenant_id': '3408f3826bba4985bdf94b268b80d02f', 'tenant_name': 'tempest-ServicesAdminTestJSON-1709005448', 'user_domain_id': 'default', 'user_domain_name': 'Default', 'user_id': '686a986a623f4f9991c1dea56f8f3f29', 'system': None}, Network: None, Subnet: None, Router: None
2025-04-24 10:24:27.086 70002 INFO tempest.lib.common.dynamic_creds [-] Created isolated network resources for: credentials: Credentials: {'domain_id': 'default', 'domain_name': 'Default', 'username': 'tempest-ServicesAdminTestJSON-1709005448-project-member', 'project_domain_id': 'default', 'project_domain_name': 'Default', 'project_id': '3408f3826bba4985bdf94b268b80d02f', 'project_name': 'tempest-ServicesAdminTestJSON-1709005448', 'tenant_id': '3408f3826bba4985bdf94b268b80d02f', 'tenant_name': 'tempest-ServicesAdminTestJSON-1709005448', 'user_domain_id': 'default', 'user_domain_name': 'Default', 'user_id': '686a986a623f4f9991c1dea56f8f3f29', 'system': None}, Network: None, Subnet: None, Router: None
2025-04-24 10:24:27.099 69982 INFO tempest.lib.common.rest_client [req-f84ce604-df58-45c0-b7ca-b3380084493e req-f84ce604-df58-45c0-b7ca-b3380084493e ] Request (ServicesAdminNegativeV253TestJSON:tearDownClass): 204 DELETE http://10.180.1.21/identity/v3/projects/4dc3cda71f98430e840c09f5237de6ed 0.072s
2025-04-24 10:24:27.163 69982 INFO tempest.lib.common.rest_client [req-0242f166-797f-4c2f-9ad2-f0c231eba7e6 req-0242f166-797f-4c2f-9ad2-f0c231eba7e6 ] Request (SecurityGroupsTestJSON:setUpClass): 201 POST http://10.180.1.21/identity/v3/auth/tokens 0.062s
2025-04-24 10:24:27.165 70002 INFO tempest.lib.common.rest_client [req-f6ddcbae-7bc3-47a0-9621-be01497b93ed req-f6ddcbae-7bc3-47a0-9621-be01497b93ed ] Request (ServicesAdminTestJSON:setUpClass): 201 POST http://10.180.1.21/identity/v3/auth/tokens 0.075s
2025-04-24 10:24:27.197 69982 INFO tempest.lib.common.rest_client [req-41d2e481-be38-4357-9a5c-b0de987fbf22 req-41d2e481-be38-4357-9a5c-b0de987fbf22 ] Request (SecurityGroupsTestJSON:setUpClass): 201 POST http://10.180.1.21/identity/v3/auth/tokens 0.031s
2025-04-24 10:24:27.205 70002 INFO tempest.lib.common.rest_client [req-71274435-9b60-4083-ad98-4eeead620049 req-71274435-9b60-4083-ad98-4eeead620049 ] Request (ServicesAdminTestJSON:setUpClass): 201 POST http://10.180.1.21/identity/v3/projects 0.039s
2025-04-24 10:24:27.248 69994 INFO tempest.lib.common.rest_client [req-15876808-969a-4b1b-ad3b-02cff593d771 req-15876808-969a-4b1b-ad3b-02cff593d771 ] Request (HypervisorAdminNegativeTestJSON:tearDownClass): 204 DELETE http://10.180.1.21:9696/networking/v2.0/security-groups/4d18c5dd-780d-4ada-968d-df7497cb3b92 0.447s
2025-04-24 10:24:27.263 69982 INFO tempest.lib.common.rest_client [req-08a1c992-f0cb-4f31-b790-e8f1b4be6b47 req-08a1c992-f0cb-4f31-b790-e8f1b4be6b47 ] Request (SecurityGroupsTestJSON:setUpClass): 200 GET http://10.180.1.21/identity/v3/domains?name=Default 0.065s
2025-04-24 10:24:27.264 70002 INFO tempest.lib.common.rest_client [req-8863a0b0-8579-443a-bd28-3c9ea7b0b6e6 req-8863a0b0-8579-443a-bd28-3c9ea7b0b6e6 ] Request (ServicesAdminTestJSON:setUpClass): 201 POST http://10.180.1.21/identity/v3/users 0.058s
2025-04-24 10:24:27.287 70010 INFO tempest.lib.common.rest_client [req-004ae334-618f-40cb-8b96-4d63bce4d4ae req-004ae334-618f-40cb-8b96-4d63bce4d4ae ] Request (HypervisorAdminTestJSON:tearDownClass): 204 DELETE http://10.180.1.21:9696/networking/v2.0/security-groups/71a1dcfc-596a-451c-ba45-3b2aa36ef79b 0.267s
2025-04-24 10:24:27.293 69982 INFO tempest.lib.common.rest_client [req-dedc355b-c0ad-4345-ab2e-0c4f737e66be req-dedc355b-c0ad-4345-ab2e-0c4f737e66be ] Request (SecurityGroupsTestJSON:setUpClass): 201 POST http://10.180.1.21/identity/v3/projects 0.030s
2025-04-24 10:24:27.299 69972 INFO tempest.lib.common.rest_client [req-dfcfd61b-797b-4a99-a0f7-83d777ecab3d req-dfcfd61b-797b-4a99-a0f7-83d777ecab3d ] Request (AbsoluteLimitsTestJSON:tearDownClass): 204 DELETE http://10.180.1.21:9696/networking/v2.0/security-groups/225f8585-2647-470e-a622-66996bf07f22 0.421s
2025-04-24 10:24:27.328 69994 INFO tempest.lib.common.rest_client [req-018fcbcd-5a80-414e-8c92-f1e20aaafbac req-018fcbcd-5a80-414e-8c92-f1e20aaafbac ] Request (HypervisorAdminNegativeTestJSON:tearDownClass): 204 DELETE http://10.180.1.21/identity/v3/projects/997e258fb63c47bd9105af5deaada04b 0.079s
2025-04-24 10:24:27.329 69994 INFO tempest.test [-] raised in LiveMigrationNegativeTest.setUpClass. Invoking tearDownClass.
2025-04-24 10:24:27.330 69994 INFO tempest.test [-] raised in UpdateMultiattachVolumeNegativeTest.setUpClass. Invoking tearDownClass.
2025-04-24 10:24:27.331 69974 INFO tempest.lib.common.rest_client [req-e9ccbe3f-aaef-443d-8493-4ff2fe229475 req-e9ccbe3f-aaef-443d-8493-4ff2fe229475 ] Request (QuotaClassesAdminTestJSON:tearDownClass): 204 DELETE http://10.180.1.21:9696/networking/v2.0/security-groups/8fd7fd4e-e032-43b5-ab6a-a9a075df37e9 0.441s
2025-04-24 10:24:27.373 70002 INFO tempest.lib.common.rest_client [req-b1d48515-a2d9-4ea2-a331-a9b1d351d155 req-b1d48515-a2d9-4ea2-a331-a9b1d351d155 ] Request (ServicesAdminTestJSON:setUpClass): 200 GET http://10.180.1.21/identity/v3/roles 0.108s
2025-04-24 10:24:27.381 69998 INFO tempest.lib.common.rest_client [req-25ff2015-4957-4be9-a566-84ba4a7ba3f1 req-25ff2015-4957-4be9-a566-84ba4a7ba3f1 ] Request (ServersAdminNegativeTestJSON:setUpClass): 200 GET http://10.180.1.21/compute/v2.1/servers/cef84cb6-0860-43d3-be49-593f04be9ade 1.995s
2025-04-24 10:24:27.405 69990 INFO tempest.lib.common.rest_client [req-f0014ce9-25b1-41f5-ab08-c36deafc13a6 req-f0014ce9-25b1-41f5-ab08-c36deafc13a6 ] Request (DeleteServersAdminTestJSON:test_admin_delete_servers_of_others): 200 GET http://10.180.1.21/compute/v2.1/servers/4cd7bc6c-ce62-4bbf-8058-d65471cbbef0 2.059s
2025-04-24 10:24:27.423 69982 INFO tempest.lib.common.rest_client [req-f7a82cc7-c286-482f-a3fe-8d3b702e0b3f req-f7a82cc7-c286-482f-a3fe-8d3b702e0b3f ] Request (SecurityGroupsTestJSON:setUpClass): 201 POST http://10.180.1.21/identity/v3/users 0.129s
2025-04-24 10:24:27.441 70010 INFO tempest.lib.common.rest_client [req-a1fbaec0-8e57-4a72-b833-b8aea146fb9c req-a1fbaec0-8e57-4a72-b833-b8aea146fb9c ] Request (HypervisorAdminTestJSON:tearDownClass): 204 DELETE http://10.180.1.21/identity/v3/projects/79d0313ce85a461ca59a2d11c7719f46 0.154s
2025-04-24 10:24:27.496 69996 INFO tempest.lib.common.rest_client [req-14c2e993-e2a0-478d-a929-949dd05dd40c req-14c2e993-e2a0-478d-a929-949dd05dd40c ] Request (FloatingIPsAssociationTestJSON:setUpClass): 200 GET http://10.180.1.21/compute/v2.1/servers/f86cbb87-023b-42b1-aef2-65c42a493437 2.083s
2025-04-24 10:24:27.510 70000 INFO tempest.lib.common.rest_client [req-64a50280-fa37-486b-b25a-218916051443 req-64a50280-fa37-486b-b25a-218916051443 ] Request (FloatingIPsTestJSON:tearDownClass): 200 PUT http://10.180.1.21:9696/networking/v2.0/routers/4eef7f61-f5db-484e-9939-d4b8fa0d75b3/remove_router_interface 2.401s
2025-04-24 10:24:27.561 69972 INFO tempest.lib.common.rest_client [req-00d53b81-701b-4389-9b0e-1b9378ef500e req-00d53b81-701b-4389-9b0e-1b9378ef500e ] Request (AbsoluteLimitsTestJSON:tearDownClass): 204 DELETE http://10.180.1.21/identity/v3/projects/43dcb4bfa3b54b82ad873feb30867b63 0.261s
2025-04-24 10:24:27.579 70012 INFO tempest.lib.common.rest_client [req-02769f75-c65e-4b03-9362-00e563e3fa34 req-02769f75-c65e-4b03-9362-00e563e3fa34 ] Request (ServerMetadataNegativeTestJSON:setUpClass): 200 GET http://10.180.1.21/compute/v2.1/servers/8da2aa88-2973-40fc-906d-781d86cb2f03 2.121s
2025-04-24 10:24:27.589 70012 INFO tempest.common.waiters [-] State transition "BUILD/scheduling" ==> "BUILD/None" after 3 second wait
2025-04-24 10:24:27.593 69994 INFO tempest.lib.common.rest_client [req-6f3da6f6-c652-410a-b671-605c93ab8689 req-6f3da6f6-c652-410a-b671-605c93ab8689 ] Request (ServerRescueTestJSONUnderV235:setUpClass): 201 POST http://10.180.1.21/identity/v3/auth/tokens 0.260s
2025-04-24 10:24:27.623 69974 INFO tempest.lib.common.rest_client [req-7af04f76-d273-4730-ae9d-77665243f935 req-7af04f76-d273-4730-ae9d-77665243f935 ] Request (QuotaClassesAdminTestJSON:tearDownClass): 204 DELETE http://10.180.1.21/identity/v3/projects/da5e08eb60e84151a3bfe691164eeae9 0.291s
2025-04-24 10:24:27.623 69974 INFO tempest.lib.common.dynamic_creds [-] Deleting project and security group for project: cb03fc280bf74c58b9c15b9243cd681c
2025-04-24 10:24:27.664 70002 INFO tempest.lib.common.rest_client [req-b89e5f2e-5800-446f-b091-bc7b5d2d933d req-b89e5f2e-5800-446f-b091-bc7b5d2d933d ] Request (ServicesAdminTestJSON:setUpClass): 204 PUT http://10.180.1.21/identity/v3/projects/8e79330e6b294f609c5c650d99d1f16a/users/f16640cbb8644f3a9e211b531d71b4a3/roles/5124ac79b782410d94b015763b262136 0.289s
2025-04-24 10:24:27.720 69982 INFO tempest.lib.common.rest_client [req-65352ef5-640a-444d-8ba1-34cc0f464fcd req-65352ef5-640a-444d-8ba1-34cc0f464fcd ] Request (SecurityGroupsTestJSON:setUpClass): 200 GET http://10.180.1.21/identity/v3/roles 0.296s
2025-04-24 10:24:27.747 70010 INFO tempest.lib.common.rest_client [req-451f189e-3f58-4d09-9ded-a5403db2ce44 req-451f189e-3f58-4d09-9ded-a5403db2ce44 ] Request (ImagesMetadataTestJSON:setUpClass): 201 POST http://10.180.1.21/identity/v3/auth/tokens 0.303s
2025-04-24 10:24:27.775 69972 INFO tempest.lib.common.rest_client [req-00f94bf8-078c-4598-9ed0-455b5ee3060c req-00f94bf8-078c-4598-9ed0-455b5ee3060c ] Request (ServersTestJSON:setUpClass): 201 POST http://10.180.1.21/identity/v3/auth/tokens 0.212s
2025-04-24 10:24:27.785 69988 INFO tempest.lib.common.rest_client [req-ce0ccb13-2576-45db-9a31-257b5cb419ee req-ce0ccb13-2576-45db-9a31-257b5cb419ee ] Request (QuotaClassesAdmin257Test:test_update_default_quotas): 200 GET http://10.180.1.21/compute/v2.1/os-quota-class-sets/default 2.337s
2025-04-24 10:24:27.786 69994 INFO tempest.lib.common.rest_client [req-b54fa717-499c-4055-b2ac-ca58ab7a83fc req-b54fa717-499c-4055-b2ac-ca58ab7a83fc ] Request (ServerRescueTestJSONUnderV235:setUpClass): 201 POST http://10.180.1.21/identity/v3/auth/tokens 0.188s
2025-04-24 10:24:27.808 70002 INFO tempest.lib.common.rest_client [req-5aa34fe0-133c-44fc-990f-fa7965067a60 req-5aa34fe0-133c-44fc-990f-fa7965067a60 ] Request (ServicesAdminTestJSON:setUpClass): 200 GET http://10.180.1.21/identity/v3/roles 0.143s
2025-04-24 10:24:27.810 69982 INFO tempest.lib.common.rest_client [req-135b74bc-1009-40d6-9d92-cd0a3ebee516 req-135b74bc-1009-40d6-9d92-cd0a3ebee516 ] Request (SecurityGroupsTestJSON:setUpClass): 204 PUT http://10.180.1.21/identity/v3/projects/ed0241ad87f34faea23382e4ab16b480/users/e77f957ca208416c825d5c929fd80186/roles/687e425623754bd9880325c8267054ab 0.090s
2025-04-24 10:24:27.810 69982 INFO tempest.lib.common.dynamic_creds [-] Dynamic test user e77f957ca208416c825d5c929fd80186 is created with scope project and roles: ['member']
2025-04-24 10:24:27.811 69982 INFO tempest.lib.common.dynamic_creds [-] Acquired dynamic creds: credentials: Credentials: {'domain_id': 'default', 'domain_name': 'Default', 'username': 'tempest-SecurityGroupsTestJSON-185105500-project-member', 'project_domain_id': 'default', 'project_domain_name': 'Default', 'project_id': 'ed0241ad87f34faea23382e4ab16b480', 'project_name': 'tempest-SecurityGroupsTestJSON-185105500', 'tenant_id': 'ed0241ad87f34faea23382e4ab16b480', 'tenant_name': 'tempest-SecurityGroupsTestJSON-185105500', 'user_domain_id': 'default', 'user_domain_name': 'Default', 'user_id': 'e77f957ca208416c825d5c929fd80186', 'system': None}, Network: None, Subnet: None, Router: None
2025-04-24 10:24:27.825 69984 INFO tempest.lib.common.rest_client [req-01aacccf-7e52-4657-aef4-68bcec8a073b req-01aacccf-7e52-4657-aef4-68bcec8a073b ] Request (SecurityGroupsTestAdminJSON:_run_cleanups): 202 DELETE http://10.180.1.21/compute/v2.1/os-security-groups/28cc7f96-5cca-4b1d-b152-984e70ac71b2 2.092s
2025-04-24 10:24:27.838 70026 INFO tempest.lib.common.rest_client [req-3cd64af1-ec1f-43b0-8560-6895875afd23 req-3cd64af1-ec1f-43b0-8560-6895875afd23 ] Request (AggregatesAdminNegativeTestJSON:test_aggregate_add_non_exist_host): 200 POST http://10.180.1.21/compute/v2.1/os-aggregates 2.069s
2025-04-24 10:24:27.869 70010 INFO tempest.lib.common.rest_client [req-7dd81fe4-03ad-4119-88ee-f09b1b7f0b8b req-7dd81fe4-03ad-4119-88ee-f09b1b7f0b8b ] Request (ImagesMetadataTestJSON:setUpClass): 201 POST http://10.180.1.21/identity/v3/auth/tokens 0.120s
2025-04-24 10:24:27.870 69974 INFO tempest.lib.common.rest_client [req-544f6e70-25ac-4889-9e8e-7cce682cd220 req-544f6e70-25ac-4889-9e8e-7cce682cd220 ] Request (QuotaClassesAdminTestJSON:tearDownClass): 200 GET http://10.180.1.21:9696/networking/v2.0/security-groups?tenant_id=cb03fc280bf74c58b9c15b9243cd681c&name=default 0.247s
2025-04-24 10:24:27.875 69986 INFO tempest.lib.common.rest_client [req-3f219b48-2105-4ffc-873d-0854607c2e03 req-3f219b48-2105-4ffc-873d-0854607c2e03 ] Request (FlavorsAdminTestJSON:_run_cleanups): 200 GET http://10.180.1.21/compute/v2.1/flavors/detail 1.825s
2025-04-24 10:24:27.884 69994 INFO tempest.lib.common.rest_client [req-5157ea0c-7afe-4c32-8b65-06f506d37ca6 req-5157ea0c-7afe-4c32-8b65-06f506d37ca6 ] Request (ServerRescueTestJSONUnderV235:setUpClass): 200 GET http://10.180.1.21/identity/v3/domains?name=Default 0.098s
2025-04-24 10:24:27.897 70030 INFO tempest.lib.common.rest_client [req-0b7042ec-6174-4b47-8113-8234bbcfe61e req-0b7042ec-6174-4b47-8113-8234bbcfe61e ] Request (AttachInterfacesUnderV243Test:setUpClass): 201 POST http://10.180.1.21:9696/networking/v2.0/routers 2.545s
2025-04-24 10:24:27.902 70002 INFO tempest.lib.common.rest_client [req-00c5f669-2928-4c5d-9d33-60e253010b77 req-00c5f669-2928-4c5d-9d33-60e253010b77 ] Request (ServicesAdminTestJSON:setUpClass): 204 PUT http://10.180.1.21/identity/v3/projects/8e79330e6b294f609c5c650d99d1f16a/users/f16640cbb8644f3a9e211b531d71b4a3/roles/5124ac79b782410d94b015763b262136 0.092s
2025-04-24 10:24:27.902 70002 INFO tempest.lib.common.dynamic_creds [-] Dynamic test user f16640cbb8644f3a9e211b531d71b4a3 is created with scope project and roles: ['admin']
2025-04-24 10:24:27.902 70002 INFO tempest.lib.common.dynamic_creds [-] Acquired dynamic creds: credentials: Credentials: {'domain_id': 'default', 'domain_name': 'Default', 'username': 'tempest-ServicesAdminTestJSON-1445459890-project-admin', 'project_domain_id': 'default', 'project_domain_name': 'Default', 'project_id': '8e79330e6b294f609c5c650d99d1f16a', 'project_name': 'tempest-ServicesAdminTestJSON-1445459890', 'tenant_id': '8e79330e6b294f609c5c650d99d1f16a', 'tenant_name': 'tempest-ServicesAdminTestJSON-1445459890', 'user_domain_id': 'default', 'user_domain_name': 'Default', 'user_id': 'f16640cbb8644f3a9e211b531d71b4a3', 'system': None}, Network: None, Subnet: None, Router: None
2025-04-24 10:24:27.902 70002 INFO tempest.lib.common.dynamic_creds [-] Created isolated network resources for: credentials: Credentials: {'domain_id': 'default', 'domain_name': 'Default', 'username': 'tempest-ServicesAdminTestJSON-1445459890-project-admin', 'project_domain_id': 'default', 'project_domain_name': 'Default', 'project_id': '8e79330e6b294f609c5c650d99d1f16a', 'project_name': 'tempest-ServicesAdminTestJSON-1445459890', 'tenant_id': '8e79330e6b294f609c5c650d99d1f16a', 'tenant_name': 'tempest-ServicesAdminTestJSON-1445459890', 'user_domain_id': 'default', 'user_domain_name': 'Default', 'user_id': 'f16640cbb8644f3a9e211b531d71b4a3', 'system': None}, Network: None, Subnet: None, Router: None
2025-04-24 10:24:27.919 70006 INFO tempest.lib.common.rest_client [req-269706ea-36b1-4d8c-a477-8cbe3b422d73 req-269706ea-36b1-4d8c-a477-8cbe3b422d73 ] Request (KeyPairsNegativeTestJSON:test_keypair_create_with_invalid_pub_key): 400 POST http://10.180.1.21/compute/v2.1/os-keypairs 1.723s
2025-04-24 10:24:27.931 69972 INFO tempest.lib.common.rest_client [req-09374a6b-3e3c-41c1-abf8-fc1e6b712f86 req-09374a6b-3e3c-41c1-abf8-fc1e6b712f86 ] Request (ServersTestJSON:setUpClass): 201 POST http://10.180.1.21/identity/v3/auth/tokens 0.151s
2025-04-24 10:24:27.958 69976 INFO tempest.lib.common.rest_client [req-1f3fc359-9087-4e27-9c4c-3a1f327b7d9c req-1f3fc359-9087-4e27-9c4c-3a1f327b7d9c ] Request (ValidationResourcesFixture:setUp): 200 POST http://10.180.1.21/compute/v2.1/os-keypairs 1.710s
2025-04-24 10:24:27.964 69982 INFO tempest.lib.common.rest_client [req-a531ffc3-7193-47dc-b7d0-1649069c3252 req-a531ffc3-7193-47dc-b7d0-1649069c3252 ] Request (SecurityGroupsTestJSON:setUpClass): 201 POST http://10.180.1.21/identity/v3/auth/tokens 0.153s
2025-04-24 10:24:27.978 70018 INFO tempest.lib.common.rest_client [req-ec77c136-2bf9-4a9c-a459-7ccbfacb014c req-ec77c136-2bf9-4a9c-a459-7ccbfacb014c ] Request (VolumesAssistedSnapshotsTest:test_volume_assisted_snapshot_create_delete): 201 POST http://10.180.1.21:9696/networking/v2.0/floatingips 1.632s
2025-04-24 10:24:27.983 70010 INFO tempest.lib.common.rest_client [req-ab9d9a2d-726d-47fc-bc17-74735f59d4f9 req-ab9d9a2d-726d-47fc-bc17-74735f59d4f9 ] Request (ImagesMetadataTestJSON:setUpClass): 200 GET http://10.180.1.21/identity/v3/domains?name=Default 0.114s
2025-04-24 10:24:27.988 70014 INFO tempest.lib.common.rest_client [req-31d2fbcc-cbc7-45e5-9dae-8f23a3ea0de2 req-31d2fbcc-cbc7-45e5-9dae-8f23a3ea0de2 ] Request (FlavorsAccessTestJSON:_run_cleanups): 200 GET http://10.180.1.21/compute/v2.1/flavors/detail 1.726s
