2025-04-25 02:33:05.690 70673 INFO tempest.lib.common.rest_client [req-215967a4-d374-40ff-a655-d0fea8b57080 req-215967a4-d374-40ff-a655-d0fea8b57080 ] Request (ServersTestJSON:setUpClass): 200 GET http://10.180.1.21/identity/v3/roles 0.298s
2025-04-25 02:33:05.717 70655 INFO tempest.lib.common.rest_client [req-6ee048c2-38b5-46b4-8393-26f11d1a5347 req-6ee048c2-38b5-46b4-8393-26f11d1a5347 ] Request (FloatingIPsAssociationNegativeTestJSON:setUpClass): 201 POST http://10.180.1.21/identity/v3/auth/tokens 0.255s
2025-04-25 02:33:05.718 70655 INFO tempest.lib.common.fixed_network [-] (FloatingIPsAssociationNegativeTestJSON:setUpClass) Found network {'id': '4dfdae1e-c708-4e1e-a090-66529d791df4', 'name': 'tempest-FloatingIPsAssociationNegativeTestJSON-229167986-network', 'tenant_id': '55e3295560844724bf08155b85bec485', 'admin_state_up': True, 'mtu': 8950, 'status': 'ACTIVE', 'subnets': [], 'shared': False, 'project_id': '55e3295560844724bf08155b85bec485', 'port_security_enabled': True, 'router:external': False, 'provider:network_type': 'vlan', 'provider:physical_network': 'default', 'provider:segmentation_id': 758, 'availability_zone_hints': [], 'availability_zones': [], 'ipv4_address_scope': None, 'ipv6_address_scope': None, 'description': '', 'tags': [], 'created_at': '2025-04-25T02:33:01Z', 'updated_at': '2025-04-25T02:33:01Z', 'revision_number': 1} available for tenant
2025-04-25 02:33:05.740 70651 INFO tempest.lib.common.rest_client [req-05353b87-a892-4cf2-a782-b8e67805036a req-05353b87-a892-4cf2-a782-b8e67805036a ] Request (HostsAdminTestJSON:setUpClass): 200 GET http://10.180.1.21/identity/v3/roles 0.234s
2025-04-25 02:33:05.754 70617 INFO tempest.lib.common.rest_client [req-24c6cb96-b95c-4ee7-b900-9a243bad49c8 req-24c6cb96-b95c-4ee7-b900-9a243bad49c8 ] Request (ServerExternalEventsTest:setUpClass): 200 GET http://10.180.1.21/identity/v3/roles 0.204s
2025-04-25 02:33:05.765 70641 INFO tempest.lib.common.rest_client [req-3071d664-301f-440b-b296-592f1c05a37a req-3071d664-301f-440b-b296-592f1c05a37a ] Request (FlavorsV261TestJSON:test_crud_flavor): 200 POST http://10.180.1.21/compute/v2.1/flavors 2.200s
2025-04-25 02:33:05.768 70643 INFO tempest.lib.common.rest_client [req-60119a5f-2414-4913-adae-3d3cecabe206 req-60119a5f-2414-4913-adae-3d3cecabe206 ] Request (VolumesAssistedSnapshotsTest:setUpClass): 204 PUT http://10.180.1.21/identity/v3/projects/a858e6ab686b40a39b8ec72fdeb394d4/users/6c4869d0c0b84411b14184a9b80c9f4d/roles/b67df236e79748f2ada48dccf3c440f2 0.208s
2025-04-25 02:33:05.817 70613 INFO tempest.lib.common.rest_client [req-c6ce40c0-a970-4f56-b0a3-fd591894807e req-c6ce40c0-a970-4f56-b0a3-fd591894807e ] Request (ServersWithSpecificFlavorTestJSON:setUpClass): 200 GET http://10.180.1.21/identity/v3/roles 0.187s
2025-04-25 02:33:05.891 70671 INFO tempest.lib.common.rest_client [req-4926625d-e13e-4920-b010-82674d84159f req-4926625d-e13e-4920-b010-82674d84159f ] Request (ImagesNegativeTestJSON:setUpClass): 201 POST http://10.180.1.21/identity/v3/auth/tokens 0.237s
2025-04-25 02:33:05.931 70673 INFO tempest.lib.common.rest_client [req-e2dd52f7-f607-4436-a416-03aedd3db0cc req-e2dd52f7-f607-4436-a416-03aedd3db0cc ] Request (ServersTestJSON:setUpClass): 204 PUT http://10.180.1.21/identity/v3/projects/4ab1d655a5f0412689bc9f79619c38b0/users/b447f9652b3f49c5a52cfc05248b89aa/roles/ae23f7de4f004ec6bb85bcb629b6afb2 0.240s
2025-04-25 02:33:05.931 70673 INFO tempest.lib.common.dynamic_creds [-] Dynamic test user b447f9652b3f49c5a52cfc05248b89aa is created with scope project and roles: ['member']
2025-04-25 02:33:05.931 70673 INFO tempest.lib.common.dynamic_creds [-] Acquired dynamic creds: credentials: Credentials: {'domain_id': 'default', 'domain_name': 'Default', 'username': 'tempest-ServersTestJSON-1206130467-project-member', 'project_domain_id': 'default', 'project_domain_name': 'Default', 'project_id': '4ab1d655a5f0412689bc9f79619c38b0', 'project_name': 'tempest-ServersTestJSON-1206130467', 'tenant_id': '4ab1d655a5f0412689bc9f79619c38b0', 'tenant_name': 'tempest-ServersTestJSON-1206130467', 'user_domain_id': 'default', 'user_domain_name': 'Default', 'user_id': 'b447f9652b3f49c5a52cfc05248b89aa', 'system': None}, Network: None, Subnet: None, Router: None
2025-04-25 02:33:05.997 70617 INFO tempest.lib.common.rest_client [req-0ce2dd7b-d756-48c2-8d69-c0353dd39480 req-0ce2dd7b-d756-48c2-8d69-c0353dd39480 ] Request (ServerExternalEventsTest:setUpClass): 204 PUT http://10.180.1.21/identity/v3/projects/bb3dcca8e6be43ce8d6c2203df2ef12e/users/9ea1d8fd63e14ea88a78ba46ecc34b09/roles/b67df236e79748f2ada48dccf3c440f2 0.242s
2025-04-25 02:33:06.002 70651 INFO tempest.lib.common.rest_client [req-ec1cbaf3-6662-44bb-8b1f-ad60184498f6 req-ec1cbaf3-6662-44bb-8b1f-ad60184498f6 ] Request (HostsAdminTestJSON:setUpClass): 204 PUT http://10.180.1.21/identity/v3/projects/47e323f528f14f24bc7f69b8e05c30e8/users/7a95d3cb660b42eea90cd86d6280dcc1/roles/b67df236e79748f2ada48dccf3c440f2 0.261s
2025-04-25 02:33:06.004 70648 INFO tempest.lib.common.rest_client [req-4f3508d4-af34-452b-b87a-1acdfe652f71 req-4f3508d4-af34-452b-b87a-1acdfe652f71 ] Request (QuotasSecurityGroupAdminNegativeTest:tearDownClass): 200 GET http://10.180.1.21:9696/networking/v2.0/security-groups?tenant_id=5b8e0bb17cd94453bd169fd07228c273&name=default 0.412s
2025-04-25 02:33:06.072 70643 INFO tempest.lib.common.rest_client [req-12580f25-67bc-414f-8e23-46b6f1a3c381 req-12580f25-67bc-414f-8e23-46b6f1a3c381 ] Request (VolumesAssistedSnapshotsTest:setUpClass): 200 GET http://10.180.1.21/identity/v3/roles 0.303s
2025-04-25 02:33:06.082 70667 INFO tempest.lib.common.rest_client [req-f2fdd9a8-2a2a-4547-9bb0-8d41dcead682 req-f2fdd9a8-2a2a-4547-9bb0-8d41dcead682 ] Request (ImagesMetadataTestJSON:setUpClass): 204 PUT http://10.180.1.21/image/v2/images/b20e1a25-f50e-4d57-857a-bdb11134847f/file 4.349s
2025-04-25 02:33:06.117 70613 INFO tempest.lib.common.rest_client [req-ca5fb9a2-b468-4195-9168-fc315218a1c1 req-ca5fb9a2-b468-4195-9168-fc315218a1c1 ] Request (ServersWithSpecificFlavorTestJSON:setUpClass): 204 PUT http://10.180.1.21/identity/v3/projects/c9acb47234f247f38ca5e13222372d19/users/c1d30d12309c46cbbb275ae3ff9c17f4/roles/b67df236e79748f2ada48dccf3c440f2 0.298s
2025-04-25 02:33:06.167 70611 INFO tempest.lib.common.rest_client [req-858a8c85-7f03-420b-a185-275d7519fa32 req-858a8c85-7f03-420b-a185-275d7519fa32 ] Request (FlavorMetadataValidation:test_flavor_update_with_custom_namespace): 200 POST http://10.180.1.21/compute/v2.1/flavors 2.532s
2025-04-25 02:33:06.190 70673 INFO tempest.lib.common.rest_client [req-be328738-8473-4e3d-a13e-8d18fad188cd req-be328738-8473-4e3d-a13e-8d18fad188cd ] Request (ServersTestJSON:setUpClass): 201 POST http://10.180.1.21/identity/v3/auth/tokens 0.258s
2025-04-25 02:33:06.200 70671 INFO tempest.lib.common.rest_client [req-7ceccb2d-8289-4c64-b76f-9ab97861d33a req-7ceccb2d-8289-4c64-b76f-9ab97861d33a ] Request (ImagesNegativeTestJSON:test_create_image_from_deleted_server): 201 POST http://10.180.1.21/identity/v3/auth/tokens 0.303s
2025-04-25 02:33:06.201 70671 INFO tempest.lib.common.fixed_network [-] (ImagesNegativeTestJSON:test_create_image_from_deleted_server) Found network {'id': 'c8334b93-760e-44aa-abe7-377f82285256', 'name': 'tempest-ImagesNegativeTestJSON-534385764-network', 'tenant_id': '7dfeb691d6db4fe2bb3624c3686b2bb5', 'admin_state_up': True, 'mtu': 8950, 'status': 'ACTIVE', 'subnets': [], 'shared': False, 'project_id': '7dfeb691d6db4fe2bb3624c3686b2bb5', 'port_security_enabled': True, 'router:external': False, 'provider:network_type': 'vlan', 'provider:physical_network': 'default', 'provider:segmentation_id': 95, 'availability_zone_hints': [], 'availability_zones': [], 'ipv4_address_scope': None, 'ipv6_address_scope': None, 'description': '', 'tags': [], 'created_at': '2025-04-25T02:33:01Z', 'updated_at': '2025-04-25T02:33:01Z', 'revision_number': 1} available for tenant
2025-04-25 02:33:06.210 70617 INFO tempest.lib.common.rest_client [req-b7a7c65c-1a45-495d-90f5-48360b3ee03e req-b7a7c65c-1a45-495d-90f5-48360b3ee03e ] Request (ServerExternalEventsTest:setUpClass): 200 GET http://10.180.1.21/identity/v3/roles 0.212s
2025-04-25 02:33:06.218 70648 INFO tempest.lib.common.rest_client [req-82321c9f-c9d5-4e39-9a29-467d8c4b2790 req-82321c9f-c9d5-4e39-9a29-467d8c4b2790 ] Request (QuotasSecurityGroupAdminNegativeTest:tearDownClass): 204 DELETE http://10.180.1.21:9696/networking/v2.0/security-groups/decd20eb-aa71-4993-8e48-7239812c58bb 0.214s
2025-04-25 02:33:06.226 70643 INFO tempest.lib.common.rest_client [req-d94cdc2e-1179-491b-b0b2-331ec7b4ebc8 req-d94cdc2e-1179-491b-b0b2-331ec7b4ebc8 ] Request (VolumesAssistedSnapshotsTest:setUpClass): 204 PUT http://10.180.1.21/identity/v3/projects/a858e6ab686b40a39b8ec72fdeb394d4/users/6c4869d0c0b84411b14184a9b80c9f4d/roles/b67df236e79748f2ada48dccf3c440f2 0.153s
2025-04-25 02:33:06.226 70643 INFO tempest.lib.common.dynamic_creds [-] Dynamic test user 6c4869d0c0b84411b14184a9b80c9f4d is created with scope project and roles: ['admin']
2025-04-25 02:33:06.226 70643 INFO tempest.lib.common.dynamic_creds [-] Acquired dynamic creds: credentials: Credentials: {'domain_id': 'default', 'domain_name': 'Default', 'username': 'tempest-VolumesAssistedSnapshotsTest-2063959018-project-admin', 'project_domain_id': 'default', 'project_domain_name': 'Default', 'project_id': 'a858e6ab686b40a39b8ec72fdeb394d4', 'project_name': 'tempest-VolumesAssistedSnapshotsTest-2063959018', 'tenant_id': 'a858e6ab686b40a39b8ec72fdeb394d4', 'tenant_name': 'tempest-VolumesAssistedSnapshotsTest-2063959018', 'user_domain_id': 'default', 'user_domain_name': 'Default', 'user_id': '6c4869d0c0b84411b14184a9b80c9f4d', 'system': None}, Network: None, Subnet: None, Router: None
2025-04-25 02:33:06.234 70651 INFO tempest.lib.common.rest_client [req-81d4b3ca-cf13-490a-8f54-a813eabb8e1c req-81d4b3ca-cf13-490a-8f54-a813eabb8e1c ] Request (HostsAdminTestJSON:setUpClass): 200 GET http://10.180.1.21/identity/v3/roles 0.231s
2025-04-25 02:33:06.281 70613 INFO tempest.lib.common.rest_client [req-b85b017e-7836-4af9-9711-db6cba3f32f2 req-b85b017e-7836-4af9-9711-db6cba3f32f2 ] Request (ServersWithSpecificFlavorTestJSON:setUpClass): 200 GET http://10.180.1.21/identity/v3/roles 0.164s
2025-04-25 02:33:06.302 70617 INFO tempest.lib.common.rest_client [req-831b6d01-4009-4ec6-83f4-656356ae504c req-831b6d01-4009-4ec6-83f4-656356ae504c ] Request (ServerExternalEventsTest:setUpClass): 204 PUT http://10.180.1.21/identity/v3/projects/bb3dcca8e6be43ce8d6c2203df2ef12e/users/9ea1d8fd63e14ea88a78ba46ecc34b09/roles/5d190f56b49343f783b59eb055865684 0.092s
2025-04-25 02:33:06.303 70617 INFO tempest.lib.common.dynamic_creds [-] Dynamic test user 9ea1d8fd63e14ea88a78ba46ecc34b09 is created with scope project and roles: ['admin', 'service']
2025-04-25 02:33:06.303 70617 INFO tempest.lib.common.dynamic_creds [-] Acquired dynamic creds: credentials: Credentials: {'domain_id': 'default', 'domain_name': 'Default', 'username': 'tempest-ServerExternalEventsTest-274870501-project', 'project_domain_id': 'default', 'project_domain_name': 'Default', 'project_id': 'bb3dcca8e6be43ce8d6c2203df2ef12e', 'project_name': 'tempest-ServerExternalEventsTest-274870501', 'tenant_id': 'bb3dcca8e6be43ce8d6c2203df2ef12e', 'tenant_name': 'tempest-ServerExternalEventsTest-274870501', 'user_domain_id': 'default', 'user_domain_name': 'Default', 'user_id': '9ea1d8fd63e14ea88a78ba46ecc34b09', 'system': None}, Network: None, Subnet: None, Router: None
2025-04-25 02:33:06.303 70617 INFO tempest.lib.common.dynamic_creds [-] Created isolated network resources for: credentials: Credentials: {'domain_id': 'default', 'domain_name': 'Default', 'username': 'tempest-ServerExternalEventsTest-274870501-project', 'project_domain_id': 'default', 'project_domain_name': 'Default', 'project_id': 'bb3dcca8e6be43ce8d6c2203df2ef12e', 'project_name': 'tempest-ServerExternalEventsTest-274870501', 'tenant_id': 'bb3dcca8e6be43ce8d6c2203df2ef12e', 'tenant_name': 'tempest-ServerExternalEventsTest-274870501', 'user_domain_id': 'default', 'user_domain_name': 'Default', 'user_id': '9ea1d8fd63e14ea88a78ba46ecc34b09', 'system': None}, Network: None, Subnet: None, Router: None
2025-04-25 02:33:06.409 70648 INFO tempest.lib.common.rest_client [req-78746a5f-cf7e-4ad4-900a-c7fef92b0a01 req-78746a5f-cf7e-4ad4-900a-c7fef92b0a01 ] Request (QuotasSecurityGroupAdminNegativeTest:tearDownClass): 204 DELETE http://10.180.1.21/identity/v3/projects/5b8e0bb17cd94453bd169fd07228c273 0.191s
2025-04-25 02:33:06.410 70648 INFO tempest.lib.common.dynamic_creds [-] Deleting project and security group for project: 741082300e394505b40b0a27756114b2
2025-04-25 02:33:06.451 70615 INFO tempest.lib.common.rest_client [req-0b5ea9ad-7fe7-4976-ac65-c3b7128b40d1 req-0b5ea9ad-7fe7-4976-ac65-c3b7128b40d1 ] Request (ServersTestBootFromVolume:setUpClass): 201 POST http://10.180.1.21:9696/networking/v2.0/routers 0.898s
2025-04-25 02:33:06.461 70645 INFO tempest.lib.common.rest_client [req-8f5a8365-f216-40dd-b466-d3f63106f02e req-8f5a8365-f216-40dd-b466-d3f63106f02e ] Request (QuotasAdminTestV257:test_get_updated_quotas): 200 GET http://10.180.1.21/compute/v2.1/os-quota-sets/04af8ca9eb734915a13fc95a7bf25eeb/detail 2.814s
2025-04-25 02:33:06.472 70651 INFO tempest.lib.common.rest_client [req-3f3f6a77-97c5-4965-bb4c-48d7e22726c1 req-3f3f6a77-97c5-4965-bb4c-48d7e22726c1 ] Request (HostsAdminTestJSON:setUpClass): 204 PUT http://10.180.1.21/identity/v3/projects/47e323f528f14f24bc7f69b8e05c30e8/users/7a95d3cb660b42eea90cd86d6280dcc1/roles/b67df236e79748f2ada48dccf3c440f2 0.236s
2025-04-25 02:33:06.472 70651 INFO tempest.lib.common.dynamic_creds [-] Dynamic test user 7a95d3cb660b42eea90cd86d6280dcc1 is created with scope project and roles: ['admin']
2025-04-25 02:33:06.472 70651 INFO tempest.lib.common.dynamic_creds [-] Acquired dynamic creds: credentials: Credentials: {'domain_id': 'default', 'domain_name': 'Default', 'username': 'tempest-HostsAdminTestJSON-910576911-project-admin', 'project_domain_id': 'default', 'project_domain_name': 'Default', 'project_id': '47e323f528f14f24bc7f69b8e05c30e8', 'project_name': 'tempest-HostsAdminTestJSON-910576911', 'tenant_id': '47e323f528f14f24bc7f69b8e05c30e8', 'tenant_name': 'tempest-HostsAdminTestJSON-910576911', 'user_domain_id': 'default', 'user_domain_name': 'Default', 'user_id': '7a95d3cb660b42eea90cd86d6280dcc1', 'system': None}, Network: None, Subnet: None, Router: None
2025-04-25 02:33:06.472 70651 INFO tempest.lib.common.dynamic_creds [-] Created isolated network resources for: credentials: Credentials: {'domain_id': 'default', 'domain_name': 'Default', 'username': 'tempest-HostsAdminTestJSON-910576911-project-admin', 'project_domain_id': 'default', 'project_domain_name': 'Default', 'project_id': '47e323f528f14f24bc7f69b8e05c30e8', 'project_name': 'tempest-HostsAdminTestJSON-910576911', 'tenant_id': '47e323f528f14f24bc7f69b8e05c30e8', 'tenant_name': 'tempest-HostsAdminTestJSON-910576911', 'user_domain_id': 'default', 'user_domain_name': 'Default', 'user_id': '7a95d3cb660b42eea90cd86d6280dcc1', 'system': None}, Network: None, Subnet: None, Router: None
2025-04-25 02:33:06.537 70617 INFO tempest.lib.common.rest_client [req-ae606f3d-78b4-4293-9fd9-517335888366 req-ae606f3d-78b4-4293-9fd9-517335888366 ] Request (ServerExternalEventsTest:setUpClass): 201 POST http://10.180.1.21/identity/v3/auth/tokens 0.228s
2025-04-25 02:33:06.542 70613 INFO tempest.lib.common.rest_client [req-46ed702a-868b-4125-bc20-0200d9e2f05c req-46ed702a-868b-4125-bc20-0200d9e2f05c ] Request (ServersWithSpecificFlavorTestJSON:setUpClass): 204 PUT http://10.180.1.21/identity/v3/projects/c9acb47234f247f38ca5e13222372d19/users/c1d30d12309c46cbbb275ae3ff9c17f4/roles/b67df236e79748f2ada48dccf3c440f2 0.260s
2025-04-25 02:33:06.542 70613 INFO tempest.lib.common.dynamic_creds [-] Dynamic test user c1d30d12309c46cbbb275ae3ff9c17f4 is created with scope project and roles: ['admin']
2025-04-25 02:33:06.542 70613 INFO tempest.lib.common.dynamic_creds [-] Acquired dynamic creds: credentials: Credentials: {'domain_id': 'default', 'domain_name': 'Default', 'username': 'tempest-ServersWithSpecificFlavorTestJSON-1241275790-project-admin', 'project_domain_id': 'default', 'project_domain_name': 'Default', 'project_id': 'c9acb47234f247f38ca5e13222372d19', 'project_name': 'tempest-ServersWithSpecificFlavorTestJSON-1241275790', 'tenant_id': 'c9acb47234f247f38ca5e13222372d19', 'tenant_name': 'tempest-ServersWithSpecificFlavorTestJSON-1241275790', 'user_domain_id': 'default', 'user_domain_name': 'Default', 'user_id': 'c1d30d12309c46cbbb275ae3ff9c17f4', 'system': None}, Network: None, Subnet: None, Router: None
2025-04-25 02:33:06.632 70645 INFO tempest.lib.common.rest_client [req-a7e49b82-8e69-444d-962b-9c6ac41b3680 req-a7e49b82-8e69-444d-962b-9c6ac41b3680 ] Request (QuotasAdminTestV257:test_get_updated_quotas): 200 GET http://10.180.1.21/identity/v3/domains?name=Default 0.166s
2025-04-25 02:33:06.709 70619 INFO tempest.lib.common.rest_client [req-437666de-3b41-4830-92ad-76fcc4d36321 req-437666de-3b41-4830-92ad-76fcc4d36321 ] Request (FlavorsAdminTestJSON:test_create_flavor_using_string_ram): 200 POST http://10.180.1.21/compute/v2.1/flavors 2.849s
2025-04-25 02:33:06.728 70617 INFO tempest.lib.common.rest_client [req-861d8428-845e-4aa4-83d9-ac8ff17c1cd5 req-861d8428-845e-4aa4-83d9-ac8ff17c1cd5 ] Request (ServerExternalEventsTest:test_create_server_external_events): 201 POST http://10.180.1.21/identity/v3/auth/tokens 0.184s
2025-04-25 02:33:06.729 70617 INFO tempest.lib.common.fixed_network [-] (ServerExternalEventsTest:test_create_server_external_events) Found network None available for tenant
2025-04-25 02:33:06.748 70651 INFO tempest.lib.common.rest_client [req-66ce6311-eb05-4cbe-852c-8a5fbe107ad3 req-66ce6311-eb05-4cbe-852c-8a5fbe107ad3 ] Request (HostsAdminTestJSON:setUpClass): 201 POST http://10.180.1.21/identity/v3/auth/tokens 0.274s
2025-04-25 02:33:06.757 70645 INFO tempest.lib.common.rest_client [req-7ad728c2-31cd-4fe9-a39b-f0eada6ca42f req-7ad728c2-31cd-4fe9-a39b-f0eada6ca42f ] Request (QuotasAdminTestV257:test_get_updated_quotas): 201 POST http://10.180.1.21/identity/v3/users 0.124s
2025-04-25 02:33:06.761 70648 INFO tempest.lib.common.rest_client [req-a3cf5509-eeab-488f-bd6f-b36adc1dfa27 req-a3cf5509-eeab-488f-bd6f-b36adc1dfa27 ] Request (QuotasSecurityGroupAdminNegativeTest:tearDownClass): 200 GET http://10.180.1.21:9696/networking/v2.0/security-groups?tenant_id=741082300e394505b40b0a27756114b2&name=default 0.351s
2025-04-25 02:33:06.787 70645 INFO tempest.lib.common.rest_client [req-e10b7fbd-c656-46c5-b448-601aeb930f06 req-e10b7fbd-c656-46c5-b448-601aeb930f06 ] Request (QuotasAdminTestV257:test_get_updated_quotas): 200 GET http://10.180.1.21/identity/v3/domains?name=Default 0.030s
2025-04-25 02:33:06.808 70643 INFO tempest.lib.common.rest_client [req-8fa76ce1-ea84-4253-ad60-9679f3d8c076 req-8fa76ce1-ea84-4253-ad60-9679f3d8c076 ] Request (VolumesAssistedSnapshotsTest:setUpClass): 201 POST http://10.180.1.21:9696/networking/v2.0/networks 0.582s
2025-04-25 02:33:06.835 70631 INFO tempest.lib.common.rest_client [req-54659bf4-1204-476c-8bef-d3c5aec878b6 req-54659bf4-1204-476c-8bef-d3c5aec878b6 ] Request (KeyPairsV210TestJSON:test_admin_manage_keypairs_for_other_users): 201 POST http://10.180.1.21/compute/v2.1/os-keypairs 2.882s
2025-04-25 02:33:06.837 70673 INFO tempest.lib.common.rest_client [req-32c460cd-a7ff-4a9f-866b-5987c5694e92 req-32c460cd-a7ff-4a9f-866b-5987c5694e92 ] Request (ServersTestJSON:setUpClass): 201 POST http://10.180.1.21:9696/networking/v2.0/networks 0.646s
2025-04-25 02:33:06.917 70621 INFO tempest.lib.common.rest_client [req-2745e1ac-4c4a-48db-a54d-709178ca8d3b req-2745e1ac-4c4a-48db-a54d-709178ca8d3b ] Request (FlavorsV255TestJSON:test_crud_flavor): 200 POST http://10.180.1.21/compute/v2.1/flavors 2.853s
2025-04-25 02:33:06.957 70613 INFO tempest.lib.common.rest_client [req-6573bd2f-12e9-454f-8a2a-4743389da90e req-6573bd2f-12e9-454f-8a2a-4743389da90e ] Request (ServersWithSpecificFlavorTestJSON:setUpClass): 201 POST http://10.180.1.21:9696/networking/v2.0/networks 0.415s
2025-04-25 02:33:06.989 70648 INFO tempest.lib.common.rest_client [req-b6a6829d-8ff6-48fc-a5f1-8cf70660371d req-b6a6829d-8ff6-48fc-a5f1-8cf70660371d ] Request (QuotasSecurityGroupAdminNegativeTest:tearDownClass): 204 DELETE http://10.180.1.21:9696/networking/v2.0/security-groups/03981245-e199-43c4-baf2-a9935ea8f57d 0.227s
2025-04-25 02:33:07.014 70663 INFO tempest.lib.common.rest_client [req-5ed139e0-ba29-4960-b3ae-d8bd29a9f86f req-5ed139e0-ba29-4960-b3ae-d8bd29a9f86f ] Request (HypervisorAdminTestJSON:test_get_hypervisor_list): 200 GET http://10.180.1.21/compute/v2.1/os-hypervisors 2.814s
2025-04-25 02:33:07.036 70639 INFO tempest.lib.common.rest_client [req-a98679f9-ce73-41df-9a84-fccfb6f94232 req-a98679f9-ce73-41df-9a84-fccfb6f94232 ] Request (FloatingIPDetailsTestJSON:setUpClass): 200 POST http://10.180.1.21/compute/v2.1/os-floating-ips 4.128s
2025-04-25 02:33:07.112 70648 INFO tempest.lib.common.rest_client [req-17a0eafd-fc85-43fe-ae35-048ef756ad1d req-17a0eafd-fc85-43fe-ae35-048ef756ad1d ] Request (QuotasSecurityGroupAdminNegativeTest:tearDownClass): 204 DELETE http://10.180.1.21/identity/v3/projects/741082300e394505b40b0a27756114b2 0.122s
2025-04-25 02:33:07.132 70643 INFO tempest.lib.common.rest_client [req-c2cfa5b1-51e9-46a6-aedd-ae9df5c09579 req-c2cfa5b1-51e9-46a6-aedd-ae9df5c09579 ] Request (VolumesAssistedSnapshotsTest:setUpClass): 201 POST http://10.180.1.21:9696/networking/v2.0/subnets 0.323s
2025-04-25 02:33:07.173 70648 INFO tempest.lib.common.rest_client [req-34697330-5b5a-40cf-81d9-ad6b82fff1d0 req-34697330-5b5a-40cf-81d9-ad6b82fff1d0 ] Request (VolumesAdminNegativeTest:setUpClass): 201 POST http://10.180.1.21/identity/v3/auth/tokens 0.059s
2025-04-25 02:33:07.200 70633 INFO tempest.lib.common.rest_client [req-25ffc0c4-7c17-4f1d-bb1e-790594677fb7 req-25ffc0c4-7c17-4f1d-bb1e-790594677fb7 ] Request (AggregatesAdminNegativeTestJSON:setUpClass): 200 GET http://10.180.1.21/compute/v2.1/os-services?binary=nova-compute 2.918s
2025-04-25 02:33:07.207 70648 INFO tempest.lib.common.rest_client [req-9724ebe9-5bb9-4100-8f84-1a01434fc06d req-9724ebe9-5bb9-4100-8f84-1a01434fc06d ] Request (VolumesAdminNegativeTest:setUpClass): 201 POST http://10.180.1.21/identity/v3/auth/tokens 0.030s
2025-04-25 02:33:07.238 70673 INFO tempest.lib.common.rest_client [req-96fd33f9-42ad-412d-b8ec-e5f6359296e1 req-96fd33f9-42ad-412d-b8ec-e5f6359296e1 ] Request (ServersTestJSON:setUpClass): 201 POST http://10.180.1.21:9696/networking/v2.0/subnets 0.400s
2025-04-25 02:33:07.245 70627 INFO tempest.lib.common.rest_client [req-9a426e08-bacf-4700-a2c7-1f2bdf5e371a req-9a426e08-bacf-4700-a2c7-1f2bdf5e371a ] Request (QuotasAdminNegativeTest:test_create_server_when_cpu_quota_is_full): 200 GET http://10.180.1.21/compute/v2.1/os-quota-sets/3b7faef76bac4bb680ff31473fda9970 2.975s
2025-04-25 02:33:07.261 70648 INFO tempest.lib.common.rest_client [req-51253653-3c5e-4da4-b8d0-2d6cdaf9a9c6 req-51253653-3c5e-4da4-b8d0-2d6cdaf9a9c6 ] Request (VolumesAdminNegativeTest:setUpClass): 200 GET http://10.180.1.21/identity/v3/domains?name=Default 0.054s
2025-04-25 02:33:07.273 70661 INFO tempest.lib.common.rest_client [req-8fab5bbb-cec7-4db3-b0d3-24acc5da4a72 req-8fab5bbb-cec7-4db3-b0d3-24acc5da4a72 ] Request (ServicesAdminTestJSON:test_get_service_by_host_name): 200 GET http://10.180.1.21/compute/v2.1/os-services?host=devstack 2.884s
2025-04-25 02:33:07.288 70635 INFO tempest.lib.common.rest_client [req-8e059e60-9331-4908-89cf-fb6f06cf7357 req-8e059e60-9331-4908-89cf-fb6f06cf7357 ] Request (AZAdminV2TestJSON:test_get_availability_zone_list): 200 GET http://10.180.1.21/compute/v2.1/os-availability-zone 2.911s
2025-04-25 02:33:07.289 70665 INFO tempest.lib.common.rest_client [req-da944833-3531-40db-ac02-0444eb68ae1c req-da944833-3531-40db-ac02-0444eb68ae1c ] Request (FlavorsExtraSpecsTestJSON:test_flavor_non_admin_get_specific_key): 200 GET http://10.180.1.21/compute/v2.1/flavors/1303214444/os-extra_specs/hw:numa_nodes 2.860s
2025-04-25 02:33:07.293 70648 INFO tempest.lib.common.rest_client [req-c4fdd6b0-c28c-4fa3-91cb-1158ad4b0403 req-c4fdd6b0-c28c-4fa3-91cb-1158ad4b0403 ] Request (VolumesAdminNegativeTest:setUpClass): 201 POST http://10.180.1.21/identity/v3/projects 0.032s
2025-04-25 02:33:07.352 70613 INFO tempest.lib.common.rest_client [req-28d93336-85de-457f-8bfd-e795cd00c5c4 req-28d93336-85de-457f-8bfd-e795cd00c5c4 ] Request (ServersWithSpecificFlavorTestJSON:setUpClass): 201 POST http://10.180.1.21:9696/networking/v2.0/subnets 0.394s
2025-04-25 02:33:07.398 70629 INFO tempest.lib.common.rest_client [req-7a42a5e5-7186-4459-a468-1c4abc6705a3 req-7a42a5e5-7186-4459-a468-1c4abc6705a3 ] Request (InstanceUsageAuditLogTestJSON:test_get_instance_usage_audit_log): 200 GET http://10.180.1.21/compute/v2.1/os-instance_usage_audit_log/2025-04-25%2002%3A33%3A04 2.931s
2025-04-25 02:33:07.406 70637 INFO tempest.lib.common.rest_client [req-75ebf2b4-b6a9-4678-83b2-452543fdbee1 req-75ebf2b4-b6a9-4678-83b2-452543fdbee1 ] Request (InstanceUsageAuditLogNegativeTestJSON:test_get_instance_usage_audit_logs_with_invalid_time): 400 GET http://10.180.1.21/compute/v2.1/os-instance_usage_audit_log/invalid_time 2.958s
2025-04-25 02:33:07.456 70648 INFO tempest.lib.common.rest_client [req-1da41fe7-7d52-4de7-a42b-ec5047961bd4 req-1da41fe7-7d52-4de7-a42b-ec5047961bd4 ] Request (VolumesAdminNegativeTest:setUpClass): 201 POST http://10.180.1.21/identity/v3/users 0.162s
2025-04-25 02:33:07.484 70648 INFO tempest.lib.common.rest_client [req-33a6d24b-69a9-496a-b31b-1b6e1a33d9f2 req-33a6d24b-69a9-496a-b31b-1b6e1a33d9f2 ] Request (VolumesAdminNegativeTest:setUpClass): 200 GET http://10.180.1.21/identity/v3/roles 0.026s
2025-04-25 02:33:07.491 70623 INFO tempest.lib.common.rest_client [req-380c2dca-5ada-46e6-9839-903542c8460b req-380c2dca-5ada-46e6-9839-903542c8460b ] Request (HostsAdminNegativeTestJSON:setUpClass): 200 GET http://10.180.1.21/compute/v2.1/os-hosts 2.898s
2025-04-25 02:33:07.496 70659 INFO tempest.lib.common.rest_client [req-91e00beb-619c-4370-ae5f-df368131b5ff req-91e00beb-619c-4370-ae5f-df368131b5ff ] Request (MultipleCreateNegativeTestJSON:test_min_count_less_than_one): 400 POST http://10.180.1.21/compute/v2.1/servers 2.565s
2025-04-25 02:33:07.520 70648 INFO tempest.lib.common.rest_client [req-98ed1a4a-6227-4fb1-986d-8b5ef9a3050d req-98ed1a4a-6227-4fb1-986d-8b5ef9a3050d ] Request (VolumesAdminNegativeTest:setUpClass): 204 PUT http://10.180.1.21/identity/v3/projects/f0d06e3c941b4f648b9232469091eb26/users/ce8c426f287c4e968a6e15071878f915/roles/ae23f7de4f004ec6bb85bcb629b6afb2 0.035s
2025-04-25 02:33:07.520 70648 INFO tempest.lib.common.dynamic_creds [-] Dynamic test user ce8c426f287c4e968a6e15071878f915 is created with scope project and roles: ['member']
2025-04-25 02:33:07.520 70648 INFO tempest.lib.common.dynamic_creds [-] Acquired dynamic creds: credentials: Credentials: {'domain_id': 'default', 'domain_name': 'Default', 'username': 'tempest-VolumesAdminNegativeTest-1117785024-project-member', 'project_domain_id': 'default', 'project_domain_name': 'Default', 'project_id': 'f0d06e3c941b4f648b9232469091eb26', 'project_name': 'tempest-VolumesAdminNegativeTest-1117785024', 'tenant_id': 'f0d06e3c941b4f648b9232469091eb26', 'tenant_name': 'tempest-VolumesAdminNegativeTest-1117785024', 'user_domain_id': 'default', 'user_domain_name': 'Default', 'user_id': 'ce8c426f287c4e968a6e15071878f915', 'system': None}, Network: None, Subnet: None, Router: None
2025-04-25 02:33:07.550 70649 INFO tempest.lib.common.rest_client [req-4f5e7c87-c9a3-48dc-90a5-b02cd1af3faa req-4f5e7c87-c9a3-48dc-90a5-b02cd1af3faa ] Request (FlavorsExtraSpecsNegativeTestJSON:setUpClass): 200 POST http://10.180.1.21/compute/v2.1/flavors 2.802s
2025-04-25 02:33:07.574 70659 INFO tempest.lib.common.rest_client [req-037361ab-57bd-47c4-9800-679e734668f3 req-037361ab-57bd-47c4-9800-679e734668f3 ] Request (MultipleCreateNegativeTestJSON:test_min_count_non_integer): 201 POST http://10.180.1.21/identity/v3/auth/tokens 0.075s
2025-04-25 02:33:07.574 70659 INFO tempest.lib.common.fixed_network [-] (MultipleCreateNegativeTestJSON:test_min_count_non_integer) Found network None available for tenant
2025-04-25 02:33:07.641 70648 INFO tempest.lib.common.rest_client [req-bf31d415-c786-4d88-b3a7-c29e5442fcdf req-bf31d415-c786-4d88-b3a7-c29e5442fcdf ] Request (VolumesAdminNegativeTest:setUpClass): 201 POST http://10.180.1.21/identity/v3/auth/tokens 0.120s
2025-04-25 02:33:07.856 70657 INFO tempest.lib.common.rest_client [req-f665b3d3-dcfc-4878-82d2-0315f71bf8b2 req-f665b3d3-dcfc-4878-82d2-0315f71bf8b2 ] Request (ImagesTestJSON:test_create_image_from_stopped_server): 200 GET http://10.180.1.21/compute/v2.1/servers/1951cb5e-2d4a-4ed4-9380-a79c28752218 2.854s
2025-04-25 02:33:07.976 70625 INFO tempest.lib.common.rest_client [req-b13d7741-93cb-4dc9-9492-9cfbfb048078 req-b13d7741-93cb-4dc9-9492-9cfbfb048078 ] Request (FlavorsAccessTestJSON:test_flavor_access_add_remove): 200 POST http://10.180.1.21/compute/v2.1/flavors/742628113/action 2.608s
2025-04-25 02:33:08.005 70653 INFO tempest.lib.common.rest_client [req-7dc03934-0423-4f36-b4d8-ba6cb3b36ca6 req-7dc03934-0423-4f36-b4d8-ba6cb3b36ca6 ] Request (TenantUsagesTestJSON:setUpClass): 202 POST http://10.180.1.21/compute/v2.1/servers 3.019s
2025-04-25 02:33:08.094 70669 INFO tempest.lib.common.rest_client [req-114d99eb-7e0c-4179-a995-4090a8b74857 req-114d99eb-7e0c-4179-a995-4090a8b74857 ] Request (ValidationResourcesFixture:setUp): 200 POST http://10.180.1.21/compute/v2.1/os-keypairs 2.561s
2025-04-25 02:33:08.131 70615 INFO tempest.lib.common.rest_client [req-d1fa2fbf-d051-4ffb-96d0-d5409024f9a1 req-d1fa2fbf-d051-4ffb-96d0-d5409024f9a1 ] Request (ServersTestBootFromVolume:setUpClass): 200 PUT http://10.180.1.21:9696/networking/v2.0/routers/a6e7151d-8a8c-4288-b17e-2b84184333e8/add_router_interface 1.679s
2025-04-25 02:33:08.131 70615 INFO tempest.lib.common.dynamic_creds [-] Created isolated network resources for: credentials: Credentials: {'domain_id': 'default', 'domain_name': 'Default', 'username': 'tempest-ServersTestBootFromVolume-1362117415-project-member', 'project_domain_id': 'default', 'project_domain_name': 'Default', 'project_id': 'a2433d6a5bc3471695c3896c307f4de4', 'project_name': 'tempest-ServersTestBootFromVolume-1362117415', 'tenant_id': 'a2433d6a5bc3471695c3896c307f4de4', 'tenant_name': 'tempest-ServersTestBootFromVolume-1362117415', 'user_domain_id': 'default', 'user_domain_name': 'Default', 'user_id': '087606585d2c4f9db3c973dd3bf3b190', 'system': None}, Network: {'id': '40ddca60-214f-4284-9e9f-c614901f0c1b', 'name': 'tempest-ServersTestBootFromVolume-759203080-network', 'tenant_id': 'a2433d6a5bc3471695c3896c307f4de4', 'admin_state_up': True, 'mtu': 8950, 'status': 'ACTIVE', 'subnets': [], 'shared': False, 'project_id': 'a2433d6a5bc3471695c3896c307f4de4', 'port_security_enabled': True, 'router:external': False, 'provider:network_type': 'vlan', 'provider:physical_network': 'default', 'provider:segmentation_id': 61, 'availability_zone_hints': [], 'availability_zones': [], 'ipv4_address_scope': None, 'ipv6_address_scope': None, 'description': '', 'tags': [], 'created_at': '2025-04-25T02:33:05Z', 'updated_at': '2025-04-25T02:33:05Z', 'revision_number': 1}, Subnet: {'id': 'c442cac1-85eb-4aab-9cfa-c00d6894b7fa', 'name': 'tempest-ServersTestBootFromVolume-759203080-subnet', 'tenant_id': 'a2433d6a5bc3471695c3896c307f4de4', 'network_id': '40ddca60-214f-4284-9e9f-c614901f0c1b', 'ip_version': 4, 'subnetpool_id': None, 'enable_dhcp': True, 'ipv6_ra_mode': None, 'ipv6_address_mode': None, 'gateway_ip': '192.168.128.1', 'cidr': '192.168.128.0/28', 'allocation_pools': [{'start': '192.168.128.2', 'end': '192.168.128.14'}], 'host_routes': [], 'dns_nameservers': [], 'description': '', 'router:external': False, 'service_types': [], 'tags': [], 'created_at': '2025-04-25T02:33:05Z', 'updated_at': '2025-04-25T02:33:05Z', 'revision_number': 0, 'project_id': 'a2433d6a5bc3471695c3896c307f4de4'}, Router: {'id': 'a6e7151d-8a8c-4288-b17e-2b84184333e8', 'name': 'tempest-ServersTestBootFromVolume-759203080-router', 'tenant_id': 'a2433d6a5bc3471695c3896c307f4de4', 'admin_state_up': True, 'status': 'ACTIVE', 'external_gateway_info': {'network_id': 'dbdbcb24-7160-410a-82d3-72f7320478b3', 'external_fixed_ips': [{'subnet_id': 'cf0c5beb-5c6d-415a-8000-e568eb2f3295', 'ip_address': '10.180.180.220'}], 'enable_snat': True}, 'description': '', 'availability_zones': [], 'distributed': False, 'ha': False, 'availability_zone_hints': [], 'routes': [], 'flavor_id': None, 'tags': [], 'created_at': '2025-04-25T02:33:05Z', 'updated_at': '2025-04-25T02:33:06Z', 'revision_number': 2, 'project_id': 'a2433d6a5bc3471695c3896c307f4de4'}
2025-04-25 02:33:08.205 70641 INFO tempest.lib.common.rest_client [req-67265d85-ceb7-4ebc-9320-dc67441bd4cb req-67265d85-ceb7-4ebc-9320-dc67441bd4cb ] Request (FlavorsV261TestJSON:test_crud_flavor): 200 GET http://10.180.1.21/compute/v2.1/flavors/541640816 2.437s
2025-04-25 02:33:08.234 70615 INFO tempest.lib.common.rest_client [req-31c58509-c6e5-4621-9a02-ca93df381890 req-31c58509-c6e5-4621-9a02-ca93df381890 ] Request (ServersTestBootFromVolume:setUpClass): 201 POST http://10.180.1.21/identity/v3/auth/tokens 0.098s
2025-04-25 02:33:08.252 70667 INFO tempest.lib.common.rest_client [req-0d02cb57-d2f4-48d0-ac4a-dcadaaf1a56e req-0d02cb57-d2f4-48d0-ac4a-dcadaaf1a56e ] Request (ImagesMetadataTestJSON:setUpClass): 200 GET http://10.180.1.21/compute/v2.1/images/b20e1a25-f50e-4d57-857a-bdb11134847f 2.169s
2025-04-25 02:33:08.331 70648 INFO tempest.lib.common.rest_client [req-d74713ca-dd10-4596-83f2-6bf26e63c200 req-d74713ca-dd10-4596-83f2-6bf26e63c200 ] Request (VolumesAdminNegativeTest:setUpClass): 201 POST http://10.180.1.21:9696/networking/v2.0/networks 0.689s
2025-04-25 02:33:08.342 70611 INFO tempest.lib.common.rest_client [req-0970abd5-859d-4893-af55-6a12f5ae3892 req-0970abd5-859d-4893-af55-6a12f5ae3892 ] Request (FlavorMetadataValidation:test_flavor_update_with_custom_namespace): 200 POST http://10.180.1.21/compute/v2.1/flavors/1610228116/os-extra_specs 2.167s
2025-04-25 02:33:08.385 70643 INFO tempest.lib.common.rest_client [req-da2d4709-4a63-4127-b66e-2d3af76b0dc7 req-da2d4709-4a63-4127-b66e-2d3af76b0dc7 ] Request (VolumesAssistedSnapshotsTest:setUpClass): 201 POST http://10.180.1.21:9696/networking/v2.0/routers 1.252s
2025-04-25 02:33:08.505 70669 INFO tempest.lib.common.rest_client [req-086fd8d9-99fb-47be-82c4-af7c002ad8c8 req-086fd8d9-99fb-47be-82c4-af7c002ad8c8 ] Request (ValidationResourcesFixture:setUp): 201 POST http://10.180.1.21:9696/networking/v2.0/security-groups 0.409s
2025-04-25 02:33:08.619 70655 INFO tempest.lib.common.rest_client [req-e1d07b44-50d4-4992-93eb-7246eca91a14 req-e1d07b44-50d4-4992-93eb-7246eca91a14 ] Request (FloatingIPsAssociationNegativeTestJSON:setUpClass): 202 POST http://10.180.1.21/compute/v2.1/servers 2.900s
2025-04-25 02:33:08.649 70619 INFO tempest.lib.common.rest_client [req-5ae598a1-a631-4ab8-941c-8c5c62442aa2 req-5ae598a1-a631-4ab8-941c-8c5c62442aa2 ] Request (FlavorsAdminTestJSON:_run_cleanups): 202 DELETE http://10.180.1.21/compute/v2.1/flavors/299692018 1.936s
2025-04-25 02:33:08.730 70648 INFO tempest.lib.common.rest_client [req-d7fbf5dc-0661-40b7-85b5-9cc60df25cc9 req-d7fbf5dc-0661-40b7-85b5-9cc60df25cc9 ] Request (VolumesAdminNegativeTest:setUpClass): 201 POST http://10.180.1.21:9696/networking/v2.0/subnets 0.399s
2025-04-25 02:33:09.009 70669 INFO tempest.lib.common.rest_client [req-42e2d626-2dae-4ff4-a5db-86ce0b3d53f2 req-42e2d626-2dae-4ff4-a5db-86ce0b3d53f2 ] Request (ValidationResourcesFixture:setUp): 201 POST http://10.180.1.21:9696/networking/v2.0/security-group-rules 0.504s
2025-04-25 02:33:09.077 70673 INFO tempest.lib.common.rest_client [req-77612798-64b5-4428-9425-dd4fafebfd45 req-77612798-64b5-4428-9425-dd4fafebfd45 ] Request (ServersTestJSON:setUpClass): 201 POST http://10.180.1.21:9696/networking/v2.0/routers 1.839s
2025-04-25 02:33:09.195 70613 INFO tempest.lib.common.rest_client [req-53c85a6f-3737-454c-98e0-a2ded7c90085 req-53c85a6f-3737-454c-98e0-a2ded7c90085 ] Request (ServersWithSpecificFlavorTestJSON:setUpClass): 201 POST http://10.180.1.21:9696/networking/v2.0/routers 1.843s
2025-04-25 02:33:09.306 70671 INFO tempest.lib.common.rest_client [req-47a47bfa-2ecd-45bf-9461-cdb0ca124bc5 req-47a47bfa-2ecd-45bf-9461-cdb0ca124bc5 ] Request (ImagesNegativeTestJSON:test_create_image_from_deleted_server): 202 POST http://10.180.1.21/compute/v2.1/servers 3.105s
2025-04-25 02:33:09.378 70617 INFO tempest.lib.common.rest_client [req-376398d6-2a5a-4b33-ad99-1b8058338797 req-376398d6-2a5a-4b33-ad99-1b8058338797 ] Request (ServerExternalEventsTest:test_create_server_external_events): 202 POST http://10.180.1.21/compute/v2.1/servers 2.648s
2025-04-25 02:33:09.390 70669 INFO tempest.lib.common.rest_client [req-a92d3f4e-4097-4ac6-8ad6-fbedc2c8ecb8 req-a92d3f4e-4097-4ac6-8ad6-fbedc2c8ecb8 ] Request (ValidationResourcesFixture:setUp): 201 POST http://10.180.1.21:9696/networking/v2.0/security-group-rules 0.380s
2025-04-25 02:33:09.470 70651 INFO tempest.lib.common.rest_client [req-9d844f07-7162-4f7b-8d2c-13103402db13 req-9d844f07-7162-4f7b-8d2c-13103402db13 ] Request (HostsAdminTestJSON:test_list_hosts): 200 GET http://10.180.1.21/compute/v2.1/os-hosts 2.720s
2025-04-25 02:33:09.515 70631 INFO tempest.lib.common.rest_client [req-51c2b1a1-f6ea-4b71-96e5-10318aa0615b req-51c2b1a1-f6ea-4b71-96e5-10318aa0615b ] Request (KeyPairsV210TestJSON:test_admin_manage_keypairs_for_other_users): 201 POST http://10.180.1.21/compute/v2.1/os-keypairs 2.678s
2025-04-25 02:33:09.604 70621 INFO tempest.lib.common.rest_client [req-5d068c2c-02f6-4c86-87e9-27dea080525e req-5d068c2c-02f6-4c86-87e9-27dea080525e ] Request (FlavorsV255TestJSON:test_crud_flavor): 200 GET http://10.180.1.21/compute/v2.1/flavors/591729968 2.681s
2025-04-25 02:33:09.638 70663 INFO tempest.lib.common.rest_client [req-9266603d-e38a-46a3-9e9b-328ecb19f017 req-9266603d-e38a-46a3-9e9b-328ecb19f017 ] Request (HypervisorAdminTestJSON:test_get_hypervisor_list_details): 200 GET http://10.180.1.21/compute/v2.1/os-hypervisors/detail 2.615s
2025-04-25 02:33:09.722 70645 INFO tempest.lib.common.rest_client [req-4f7b23f0-d876-4474-9233-98403c3d6fba req-4f7b23f0-d876-4474-9233-98403c3d6fba ] Request (QuotasAdminTestV257:test_get_updated_quotas): 200 PUT http://10.180.1.21/compute/v2.1/os-quota-sets/04af8ca9eb734915a13fc95a7bf25eeb?user_id=db0c878247df45228048cc227d061f37 2.934s
2025-04-25 02:33:09.762 70633 INFO tempest.lib.common.rest_client [req-ea851731-0f13-4f45-84bb-1e391e26a939 req-ea851731-0f13-4f45-84bb-1e391e26a939 ] Request (AggregatesAdminNegativeTestJSON:test_aggregate_add_existent_host): 200 POST http://10.180.1.21/compute/v2.1/os-aggregates 2.559s
2025-04-25 02:33:09.910 70627 INFO tempest.lib.common.rest_client [req-72d884de-84dc-4a14-b91f-4cccc2c2a4a1 req-72d884de-84dc-4a14-b91f-4cccc2c2a4a1 ] Request (QuotasAdminNegativeTest:test_create_server_when_cpu_quota_is_full): 200 PUT http://10.180.1.21/compute/v2.1/os-quota-sets/3b7faef76bac4bb680ff31473fda9970 2.663s
2025-04-25 02:33:09.941 70661 INFO tempest.lib.common.rest_client [req-85f23604-e743-4d2e-be21-44e01c2a488b req-85f23604-e743-4d2e-be21-44e01c2a488b ] Request (ServicesAdminTestJSON:test_get_service_by_service_binary_name): 200 GET http://10.180.1.21/compute/v2.1/os-services?binary=nova-compute 2.661s
2025-04-25 02:33:09.967 70665 INFO tempest.lib.common.rest_client [req-2eac890a-e2a9-475c-afad-e0f2fd021d7a req-2eac890a-e2a9-475c-afad-e0f2fd021d7a ] Request (FlavorsExtraSpecsTestJSON:test_flavor_set_get_update_show_unset_keys): 200 POST http://10.180.1.21/compute/v2.1/flavors/1303214444/os-extra_specs 2.677s
2025-04-25 02:33:09.992 70635 INFO tempest.lib.common.rest_client [req-895f3464-9a37-45d0-b17d-6dd6377e4648 req-895f3464-9a37-45d0-b17d-6dd6377e4648 ] Request (AZAdminV2TestJSON:test_get_availability_zone_list_detail): 200 GET http://10.180.1.21/compute/v2.1/os-availability-zone/detail 2.698s
2025-04-25 02:33:09.997 70627 INFO tempest.lib.common.rest_client [req-5ecc4013-3297-4f78-9f43-936b122738fb req-5ecc4013-3297-4f78-9f43-936b122738fb ] Request (QuotasAdminNegativeTest:test_create_server_when_cpu_quota_is_full): 201 POST http://10.180.1.21/identity/v3/auth/tokens 0.078s
2025-04-25 02:33:09.998 70627 INFO tempest.lib.common.fixed_network [-] (QuotasAdminNegativeTest:test_create_server_when_cpu_quota_is_full) Found network None available for tenant
2025-04-25 02:33:10.006 70629 INFO tempest.lib.common.rest_client [req-39a55e31-3bc5-4cdb-a4b9-31652a6c4e23 req-39a55e31-3bc5-4cdb-a4b9-31652a6c4e23 ] Request (InstanceUsageAuditLogTestJSON:test_list_instance_usage_audit_logs): 200 GET http://10.180.1.21/compute/v2.1/os-instance_usage_audit_log 2.599s
2025-04-25 02:33:10.086 70637 INFO tempest.lib.common.rest_client [req-9c450e77-263d-4e92-9222-71cbcfee2720 req-9c450e77-263d-4e92-9222-71cbcfee2720 ] Request (InstanceUsageAuditLogNegativeTestJSON:test_instance_usage_audit_logs_with_nonadmin_user): 403 GET http://10.180.1.21/compute/v2.1/os-instance_usage_audit_log 2.671s
2025-04-25 02:33:10.130 70635 INFO tempest.lib.common.rest_client [req-5c3c6f6a-516d-47c7-b8c3-251e296b7389 req-5c3c6f6a-516d-47c7-b8c3-251e296b7389 ] Request (AZAdminV2TestJSON:tearDownClass): 204 DELETE http://10.180.1.21/identity/v3/users/7f816ab83c48417d929fccd9180bb6bd 0.135s
2025-04-25 02:33:10.166 70629 INFO tempest.lib.common.rest_client [req-db1c980c-7b5f-4e38-a100-cf446d6e9a5a req-db1c980c-7b5f-4e38-a100-cf446d6e9a5a ] Request (InstanceUsageAuditLogTestJSON:tearDownClass): 204 DELETE http://10.180.1.21/identity/v3/users/1c53d1845a0f48239188190d9ab0aa5c 0.156s
2025-04-25 02:33:10.257 70635 INFO tempest.lib.common.rest_client [req-47dea4eb-bdff-4624-80fb-a1cc844064a6 req-47dea4eb-bdff-4624-80fb-a1cc844064a6 ] Request (AZAdminV2TestJSON:tearDownClass): 204 DELETE http://10.180.1.21/identity/v3/users/be1f3962806d400081f3ef6911673a6b 0.126s
2025-04-25 02:33:10.258 70635 INFO tempest.lib.common.dynamic_creds [-] Deleting project and security group for project: 930fd225a9f645c2b01dd59af1a897ed
2025-04-25 02:33:10.269 70623 INFO tempest.lib.common.rest_client [req-f7fa70bb-f240-4f50-a85e-d2b1e8a87d71 req-f7fa70bb-f240-4f50-a85e-d2b1e8a87d71 ] Request (HostsAdminNegativeTestJSON:test_list_hosts_with_non_admin_user): 403 GET http://10.180.1.21/compute/v2.1/os-hosts 2.774s
2025-04-25 02:33:10.337 70629 INFO tempest.lib.common.rest_client [req-472e8995-5054-4371-a3fd-f3be4f537b4c req-472e8995-5054-4371-a3fd-f3be4f537b4c ] Request (InstanceUsageAuditLogTestJSON:tearDownClass): 204 DELETE http://10.180.1.21/identity/v3/users/e0b6f5fb84644e38ab9c66a6a47b20fb 0.170s
2025-04-25 02:33:10.337 70629 INFO tempest.lib.common.dynamic_creds [-] Deleting project and security group for project: f4f5f2252e2d45e89c2944d9937e259b
2025-04-25 02:33:10.389 70635 INFO tempest.lib.common.rest_client [req-00ef08fd-320a-47a6-92f8-947f64449113 req-00ef08fd-320a-47a6-92f8-947f64449113 ] Request (AZAdminV2TestJSON:tearDownClass): 201 POST http://10.180.1.21/identity/v3/auth/tokens 0.131s
2025-04-25 02:33:10.433 70649 INFO tempest.lib.common.rest_client [req-76209ace-2994-4b98-9b00-dfa53df13935 req-76209ace-2994-4b98-9b00-dfa53df13935 ] Request (FlavorsExtraSpecsNegativeTestJSON:test_flavor_get_nonexistent_key): 404 GET http://10.180.1.21/compute/v2.1/flavors/252017147/os-extra_specs/hw:cpu_thread_policy 2.878s
2025-04-25 02:33:10.438 70669 INFO tempest.lib.common.rest_client [req-1cea0d05-d68e-4dee-a263-e16f2cf9e1f8 req-1cea0d05-d68e-4dee-a263-e16f2cf9e1f8 ] Request (ValidationResourcesFixture:setUp): 201 POST http://10.180.1.21:9696/networking/v2.0/floatingips 1.047s
2025-04-25 02:33:10.440 70659 INFO tempest.lib.common.rest_client [req-37d2597f-f6e4-49e2-8c8c-d51f53982d61 req-37d2597f-f6e4-49e2-8c8c-d51f53982d61 ] Request (MultipleCreateNegativeTestJSON:test_min_count_non_integer): 400 POST http://10.180.1.21/compute/v2.1/servers 2.865s
2025-04-25 02:33:10.445 70629 INFO tempest.lib.common.rest_client [req-7cbb24eb-82f8-46a9-8347-5c5548e3351c req-7cbb24eb-82f8-46a9-8347-5c5548e3351c ] Request (InstanceUsageAuditLogTestJSON:tearDownClass): 201 POST http://10.180.1.21/identity/v3/auth/tokens 0.107s
2025-04-25 02:33:10.524 70659 INFO tempest.lib.common.rest_client [req-27842d26-c849-4c25-9c46-007a38b6dc6b req-27842d26-c849-4c25-9c46-007a38b6dc6b ] Request (MultipleCreateNegativeTestJSON:tearDownClass): 204 DELETE http://10.180.1.21/identity/v3/users/039e8101742a4db39eed04ed03cdebb1 0.082s
2025-04-25 02:33:10.525 70659 INFO tempest.lib.common.dynamic_creds [-] Deleting project and security group for project: 50a4daee502e494f895a4093280fcb1f
2025-04-25 02:33:10.554 70625 INFO tempest.lib.common.rest_client [req-baf8b581-88be-419b-b48b-6a565022b7ba req-baf8b581-88be-419b-b48b-6a565022b7ba ] Request (FlavorsAccessTestJSON:test_flavor_access_add_remove): 200 GET http://10.180.1.21/compute/v2.1/flavors/detail 2.577s
2025-04-25 02:33:10.558 70669 INFO tempest.lib.common.rest_client [req-d659b3c7-2ad0-4a8b-b81b-9171111abcf0 req-d659b3c7-2ad0-4a8b-b81b-9171111abcf0 ] Request (AttachInterfacesTestJSON:test_create_list_show_delete_interfaces_by_fixed_ip): 201 POST http://10.180.1.21/identity/v3/auth/tokens 0.114s
2025-04-25 02:33:10.559 70669 INFO tempest.lib.common.fixed_network [-] (AttachInterfacesTestJSON:test_create_list_show_delete_interfaces_by_fixed_ip) Found network {'id': '00e44f81-593f-4aa1-b74d-4ac9a422ce25', 'name': 'tempest-AttachInterfacesTestJSON-1414169616-network', 'tenant_id': 'bcac892413694e36bead68b507cfbd1e', 'admin_state_up': True, 'mtu': 8950, 'status': 'ACTIVE', 'subnets': [], 'shared': False, 'project_id': 'bcac892413694e36bead68b507cfbd1e', 'port_security_enabled': True, 'router:external': False, 'provider:network_type': 'vlan', 'provider:physical_network': 'default', 'provider:segmentation_id': 903, 'availability_zone_hints': [], 'availability_zones': [], 'ipv4_address_scope': None, 'ipv6_address_scope': None, 'description': '', 'tags': [], 'created_at': '2025-04-25T02:33:00Z', 'updated_at': '2025-04-25T02:33:00Z', 'revision_number': 1} available for tenant
2025-04-25 02:33:10.669 70659 INFO tempest.lib.common.rest_client [req-58b22b9b-b9f5-499c-aae5-c6981b651f36 req-58b22b9b-b9f5-499c-aae5-c6981b651f36 ] Request (MultipleCreateNegativeTestJSON:tearDownClass): 201 POST http://10.180.1.21/identity/v3/auth/tokens 0.144s
2025-04-25 02:33:10.788 70653 INFO tempest.lib.common.rest_client [req-76e06d5f-c4f3-4cd7-8d14-16e7cbf44d8c req-76e06d5f-c4f3-4cd7-8d14-16e7cbf44d8c ] Request (TenantUsagesTestJSON:setUpClass): 200 GET http://10.180.1.21/compute/v2.1/servers/a166d0ec-e96a-453b-948e-b0cc8010b070 2.778s
2025-04-25 02:33:10.807 70643 INFO tempest.lib.common.rest_client [req-e4e696df-9a65-42f0-9c93-2183f2c6081e req-e4e696df-9a65-42f0-9c93-2183f2c6081e ] Request (VolumesAssistedSnapshotsTest:setUpClass): 200 PUT http://10.180.1.21:9696/networking/v2.0/routers/60d89801-98be-442a-a621-c73832e23d85/add_router_interface 2.421s
2025-04-25 02:33:10.807 70643 INFO tempest.lib.common.dynamic_creds [-] Created isolated network resources for: credentials: Credentials: {'domain_id': 'default', 'domain_name': 'Default', 'username': 'tempest-VolumesAssistedSnapshotsTest-2063959018-project-admin', 'project_domain_id': 'default', 'project_domain_name': 'Default', 'project_id': 'a858e6ab686b40a39b8ec72fdeb394d4', 'project_name': 'tempest-VolumesAssistedSnapshotsTest-2063959018', 'tenant_id': 'a858e6ab686b40a39b8ec72fdeb394d4', 'tenant_name': 'tempest-VolumesAssistedSnapshotsTest-2063959018', 'user_domain_id': 'default', 'user_domain_name': 'Default', 'user_id': '6c4869d0c0b84411b14184a9b80c9f4d', 'system': None}, Network: {'id': 'e92083af-a6d4-48be-ab4b-8c4f553f91e8', 'name': 'tempest-VolumesAssistedSnapshotsTest-1342235307-network', 'tenant_id': 'a858e6ab686b40a39b8ec72fdeb394d4', 'admin_state_up': True, 'mtu': 8950, 'status': 'ACTIVE', 'subnets': [], 'shared': False, 'project_id': 'a858e6ab686b40a39b8ec72fdeb394d4', 'port_security_enabled': True, 'router:external': False, 'provider:network_type': 'vlan', 'provider:physical_network': 'default', 'provider:segmentation_id': 126, 'availability_zone_hints': [], 'availability_zones': [], 'ipv4_address_scope': None, 'ipv6_address_scope': None, 'description': '', 'tags': [], 'created_at': '2025-04-25T02:33:06Z', 'updated_at': '2025-04-25T02:33:06Z', 'revision_number': 1}, Subnet: {'id': 'c128eec3-f715-4172-be73-45ab1d3ce211', 'name': 'tempest-VolumesAssistedSnapshotsTest-1342235307-subnet', 'tenant_id': 'a858e6ab686b40a39b8ec72fdeb394d4', 'network_id': 'e92083af-a6d4-48be-ab4b-8c4f553f91e8', 'ip_version': 4, 'subnetpool_id': None, 'enable_dhcp': True, 'ipv6_ra_mode': None, 'ipv6_address_mode': None, 'gateway_ip': '192.168.128.1', 'cidr': '192.168.128.0/28', 'allocation_pools': [{'start': '192.168.128.2', 'end': '192.168.128.14'}], 'host_routes': [], 'dns_nameservers': [], 'description': '', 'router:external': False, 'service_types': [], 'tags': [], 'created_at': '2025-04-25T02:33:06Z', 'updated_at': '2025-04-25T02:33:06Z', 'revision_number': 0, 'project_id': 'a858e6ab686b40a39b8ec72fdeb394d4'}, Router: {'id': '60d89801-98be-442a-a621-c73832e23d85', 'name': 'tempest-VolumesAssistedSnapshotsTest-1342235307-router', 'tenant_id': 'a858e6ab686b40a39b8ec72fdeb394d4', 'admin_state_up': True, 'status': 'ACTIVE', 'external_gateway_info': {'network_id': 'dbdbcb24-7160-410a-82d3-72f7320478b3', 'external_fixed_ips': [{'subnet_id': 'cf0c5beb-5c6d-415a-8000-e568eb2f3295', 'ip_address': '10.180.180.150'}], 'enable_snat': True}, 'description': '', 'availability_zones': [], 'distributed': False, 'ha': False, 'availability_zone_hints': [], 'routes': [], 'flavor_id': None, 'tags': [], 'created_at': '2025-04-25T02:33:07Z', 'updated_at': '2025-04-25T02:33:07Z', 'revision_number': 2, 'project_id': 'a858e6ab686b40a39b8ec72fdeb394d4'}
