2025-04-25 02:34:22.779 70633 INFO tempest.lib.common.rest_client [req-19c7940b-554b-40a3-bb9c-e221ab7192b7 req-19c7940b-554b-40a3-bb9c-e221ab7192b7 ] Request (FlavorsAccessNegativeTestJSON:test_remove_flavor_access_not_found): 404 POST http://10.180.1.21/compute/v2.1/flavors/1260572554/action 1.188s
2025-04-25 02:34:22.846 70651 INFO tempest.lib.common.rest_client [req-eca144c6-2492-4f5b-b5f0-c8c4a65f0d11 req-eca144c6-2492-4f5b-b5f0-c8c4a65f0d11 ] Request (ServersV294TestFqdnHostnames:setUpClass): 200 GET http://10.180.1.21/compute/v2.1/servers/b1b93c50-cef5-448c-b312-8f08ae78f8ba 1.084s
2025-04-25 02:34:22.897 70671 INFO tempest.lib.common.rest_client [req-2fcae22c-d9bd-4b8d-91d2-b950a673dd60 req-2fcae22c-d9bd-4b8d-91d2-b950a673dd60 ] Request (MultipleCreateTestJSON:test_multiple_create): 200 GET http://10.180.1.21/compute/v2.1/servers/21c50e4e-1f80-4e31-a499-0f550743bc7a 1.082s
2025-04-25 02:34:22.950 70637 INFO tempest.lib.common.rest_client [req-8866c889-2b6f-412b-ab68-4adade06b79c req-8866c889-2b6f-412b-ab68-4adade06b79c ] Request (FloatingIPsAssociationTestJSON:setUpClass): 200 GET http://10.180.1.21/compute/v2.1/servers/5c641c3f-7ada-44ea-91a7-c491568dec47 1.081s
2025-04-25 02:34:22.995 70621 INFO tempest.lib.common.rest_client [req-db806472-6980-4090-b836-e98a293c641d req-db806472-6980-4090-b836-e98a293c641d ] Request (ServerGroupTestJSON:test_create_server_with_scheduler_hint_group): 200 GET http://10.180.1.21/compute/v2.1/servers/d10e53ce-6b1c-4fb9-a6c0-0b99ce3ac829 1.065s
2025-04-25 02:34:23.039 70665 INFO tempest.lib.common.rest_client [req-ba5b3b09-0410-4a7d-bc05-aca3f4177a0b req-ba5b3b09-0410-4a7d-bc05-aca3f4177a0b ] Request (SecurityGroupsTestJSON:test_list_security_groups_by_server): 200 GET http://10.180.1.21/compute/v2.1/servers/826dd2e1-82d2-42be-aee0-15e8a11822ed 1.056s
2025-04-25 02:34:23.071 70661 INFO tempest.lib.common.rest_client [req-f3cd4983-5592-4940-b24a-3c16e2d92b02 req-f3cd4983-5592-4940-b24a-3c16e2d92b02 ] Request (ListImageFiltersTestJSON:setUpClass): 200 GET http://10.180.1.21/compute/v2.1/images/278eb813-a452-472f-8305-cef70eeb12a7 1.039s
2025-04-25 02:34:23.114 70625 INFO tempest.lib.common.rest_client [req-51bd4467-8d9a-41ab-9227-f3e702410cfe req-51bd4467-8d9a-41ab-9227-f3e702410cfe ] Request (ServerAddressesTestJSON:setUpClass): 200 GET http://10.180.1.21/compute/v2.1/servers/6e44bf1d-a046-44bd-a5a8-0e4fb4d219de 1.074s
2025-04-25 02:34:23.148 70619 INFO tempest.lib.common.rest_client [req-acf57a37-bf13-42e8-943c-52ea3ab66742 req-acf57a37-bf13-42e8-943c-52ea3ab66742 ] Request (KeyPairsV22TestJSON:test_keypair_create_delete): 201 POST http://10.180.1.21/compute/v2.1/os-keypairs 1.102s
2025-04-25 02:34:23.196 70657 INFO tempest.lib.common.rest_client [req-9ecb6c9a-f458-4fa4-a654-f5950731113c req-9ecb6c9a-f458-4fa4-a654-f5950731113c ] Request (ImagesTestJSON:test_create_image_from_suspended_server): 200 GET http://10.180.1.21/compute/v2.1/servers/55ae5695-4854-4291-8478-1de9b85b060c 1.073s
2025-04-25 02:34:23.250 70655 INFO tempest.lib.common.rest_client [req-9dda3259-4b6e-4bd2-80a2-258a3be1de60 req-9dda3259-4b6e-4bd2-80a2-258a3be1de60 ] Request (FloatingIPsAssociationNegativeTestJSON:tearDownClass): 200 GET http://10.180.1.21/compute/v2.1/servers/be317dea-3a7b-4856-8e39-0af015f515ec 1.068s
2025-04-25 02:34:23.293 70649 INFO tempest.lib.common.rest_client [req-1754d10d-6026-46e6-af23-f01b9a318157 req-1754d10d-6026-46e6-af23-f01b9a318157 ] Request (ServerActionsTestJSON:setUpClass): 200 GET http://10.180.1.21/compute/v2.1/servers/8288abc2-c769-41b9-9e26-b3fc0628e127 1.053s
2025-04-25 02:34:23.330 70673 INFO paramiko.transport [-] Connected (version 2.0, client dropbear_2020.81)
2025-04-25 02:34:23.338 70641 INFO tempest.lib.common.rest_client [req-88624136-2d46-42f7-a068-79e2b922c093 req-88624136-2d46-42f7-a068-79e2b922c093 ] Request (ServersAdminTestJSON:setUpClass): 200 GET http://10.180.1.21/compute/v2.1/servers/dc71a3fe-2b9d-4c33-ba5a-aa36992efd8b 1.046s
2025-04-25 02:34:23.380 70631 INFO tempest.lib.common.rest_client [req-7b8f3227-c9be-4e3f-b929-57a20b14da0e req-7b8f3227-c9be-4e3f-b929-57a20b14da0e ] Request (ImagesOneServerNegativeTestJSON:setUpClass): 200 GET http://10.180.1.21/compute/v2.1/servers/0c8f5a5a-f553-4d44-9029-68c858a2c8f5 1.036s
2025-04-25 02:34:23.425 70667 INFO tempest.lib.common.rest_client [req-98e9a212-9b06-4e08-a23c-b1dc59e8c18b req-98e9a212-9b06-4e08-a23c-b1dc59e8c18b ] Request (ServersTestFqdnHostnames:test_create_server_with_fqdn_name): 200 GET http://10.180.1.21/compute/v2.1/servers/0bfe1cdb-88cb-47db-bec0-44e1d42a21a0 1.032s
2025-04-25 02:34:23.432 70673 INFO paramiko.transport [-] Authentication (publickey) successful!
2025-04-25 02:34:23.432 70673 INFO tempest.lib.common.ssh [-] ssh connection to cirros@10.180.180.215 successfully created
2025-04-25 02:34:23.473 70645 INFO tempest.lib.common.rest_client [req-ddb54aa9-9c42-4576-b750-79116788d5ea req-ddb54aa9-9c42-4576-b750-79116788d5ea ] Request (ServersAdminNegativeTestJSON:test_migrate_server_invalid_state): 200 GET http://10.180.1.21/compute/v2.1/servers/8caa21cb-d82d-4d06-8f63-e7c43a0a8f6d 1.023s
2025-04-25 02:34:23.519 70659 INFO tempest.lib.common.rest_client [req-de94289a-388e-462c-afe6-a341bd97e453 req-de94289a-388e-462c-afe6-a341bd97e453 ] Request (ServersTestJSON:test_create_server_with_ipv6_addr_only): 200 GET http://10.180.1.21/compute/v2.1/servers/4e30f16e-1f3d-458c-897e-fae650eb17c7 1.009s
2025-04-25 02:34:23.562 70653 INFO tempest.lib.common.rest_client [req-208541bc-a330-4488-8e32-6e3f37ab122e req-208541bc-a330-4488-8e32-6e3f37ab122e ] Request (ServerDiskConfigTestJSON:test_rebuild_server_with_auto_disk_config): 200 GET http://10.180.1.21/compute/v2.1/servers/611f430a-03a4-4312-bfbc-ef921ef14098 0.952s
2025-04-25 02:34:23.607 70663 INFO tempest.lib.common.rest_client [req-0bd796f4-9256-42c2-8307-1c3a78ff8b50 req-0bd796f4-9256-42c2-8307-1c3a78ff8b50 ] Request (ServersTestManualDisk:setUpClass): 200 GET http://10.180.1.21/compute/v2.1/servers/ecf7b179-5141-4d87-951d-5f40cae4319c 0.961s
2025-04-25 02:34:24.001 70639 INFO tempest.lib.common.rest_client [req-9b0c896f-b349-43ec-ad76-7db816b70254 req-9b0c896f-b349-43ec-ad76-7db816b70254 ] Request (ImagesOneServerTestJSON:test_create_delete_image): 202 POST http://10.180.1.21/compute/v2.1/servers/fad949d8-5a5b-4657-b155-050280d1d0a4/action 1.313s
2025-04-25 02:34:24.015 70617 INFO tempest.lib.common.rest_client [req-0df77f1a-be0c-4788-83b0-51326a3632da req-0df77f1a-be0c-4788-83b0-51326a3632da ] Request (ImagesDeleteNegativeTestJSON:test_delete_image_with_invalid_image_id): 404 DELETE http://10.180.1.21/compute/v2.1/images/tempest-invalid-121963761 1.324s
2025-04-25 02:34:24.034 70633 INFO tempest.lib.common.rest_client [req-c0b8c8fb-4e29-4ba4-a1e9-73651a7349cb req-c0b8c8fb-4e29-4ba4-a1e9-73651a7349cb ] Request (FlavorsAccessNegativeTestJSON:_run_cleanups): 202 DELETE http://10.180.1.21/compute/v2.1/flavors/1260572554 1.255s
2025-04-25 02:34:24.116 70635 INFO tempest.lib.common.rest_client [req-b72a787f-5ddc-43ef-887a-aaf2ed13dc77 req-b72a787f-5ddc-43ef-887a-aaf2ed13dc77 ] Request (DeleteServersAdminTestJSON:test_delete_server_while_in_error_state): 200 GET http://10.180.1.21/compute/v2.1/servers/deef84ee-e076-4089-b66a-317633fde939 1.014s
2025-04-25 02:34:24.131 70619 INFO tempest.lib.common.rest_client [req-365dc7b5-f51c-4983-9fbb-dc17ae0cb2d7 req-365dc7b5-f51c-4983-9fbb-dc17ae0cb2d7 ] Request (KeyPairsV22TestJSON:_run_cleanups): 204 DELETE http://10.180.1.21/compute/v2.1/os-keypairs/tempest-keypair-1455541562 0.981s
2025-04-25 02:34:24.196 70629 INFO tempest.lib.common.rest_client [req-ed26ff1a-8054-4acd-9c06-afd755d004a8 req-ed26ff1a-8054-4acd-9c06-afd755d004a8 ] Request (ServerDiagnosticsV248Test:tearDownClass): 200 GET http://10.180.1.21/compute/v2.1/servers/2db09644-9d2c-4a5c-8d3f-2d2d30278ef7 1.034s
2025-04-25 02:34:24.238 70669 INFO tempest.lib.common.rest_client [req-66af0ac8-8ccd-4721-8a43-1f21214a2cc4 req-66af0ac8-8ccd-4721-8a43-1f21214a2cc4 ] Request (AttachInterfacesTestJSON:test_create_list_show_delete_interfaces_by_fixed_ip): 200 POST http://10.180.1.21/compute/v2.1/servers/480aaef7-ba59-4e4b-89e8-dd46b5db1016/os-interface 8.884s
2025-04-25 02:34:24.290 70611 INFO tempest.lib.common.rest_client [req-4de35689-e12a-4f7a-ae00-9a66e60a179e req-4de35689-e12a-4f7a-ae00-9a66e60a179e ] Request (MigrationsAdminTest:test_list_migrations_in_flavor_resize_situation): 200 GET http://10.180.1.21/compute/v2.1/servers/4c71fa1f-c643-4719-9074-946949b9a652 1.034s
2025-04-25 02:34:24.355 70627 INFO tempest.lib.common.rest_client [req-a285d8de-4580-44f7-a9e2-a57687c14fa5 req-a285d8de-4580-44f7-a9e2-a57687c14fa5 ] Request (ServerDiagnosticsNegativeTest:tearDownClass): 200 GET http://10.180.1.21/compute/v2.1/servers/b566cac8-c68d-4cb5-ade0-50c151023412 0.964s
2025-04-25 02:34:24.359 70623 INFO tempest.lib.common.rest_client [req-e7be2af0-49ea-451d-b76e-8e85236017f0 req-e7be2af0-49ea-451d-b76e-8e85236017f0 ] Request (DeleteServersTestJSON:test_delete_active_server): 200 GET http://10.180.1.21/compute/v2.1/servers/149b8450-04d5-43f9-bedd-a562854e19cd 1.019s
2025-04-25 02:34:24.403 70673 INFO tempest.lib.common.rest_client [req-ef0400a4-0d57-46ed-bdb6-9b3605b9819c req-ef0400a4-0d57-46ed-bdb6-9b3605b9819c ] Request (ServersTestJSON:test_list_servers): 200 GET http://10.180.1.21/compute/v2.1/servers 0.962s
2025-04-25 02:34:24.413 70651 INFO tempest.lib.common.rest_client [req-9fd72017-8bd5-4c40-98ba-8f1081ef7545 req-9fd72017-8bd5-4c40-98ba-8f1081ef7545 ] Request (ServersV294TestFqdnHostnames:setUpClass): 200 GET http://10.180.1.21/compute/v2.1/servers/b1b93c50-cef5-448c-b312-8f08ae78f8ba 0.557s
2025-04-25 02:34:24.450 70671 INFO tempest.lib.common.rest_client [req-c43ac3d3-36f6-4be8-9028-e2f54147e915 req-c43ac3d3-36f6-4be8-9028-e2f54147e915 ] Request (MultipleCreateTestJSON:test_multiple_create): 200 GET http://10.180.1.21/compute/v2.1/servers/21c50e4e-1f80-4e31-a499-0f550743bc7a 0.546s
2025-04-25 02:34:24.465 70637 INFO tempest.lib.common.rest_client [req-d46b67f7-bb39-4c35-be71-c565ed04809d req-d46b67f7-bb39-4c35-be71-c565ed04809d ] Request (FloatingIPsAssociationTestJSON:setUpClass): 200 GET http://10.180.1.21/compute/v2.1/servers/5c641c3f-7ada-44ea-91a7-c491568dec47 0.505s
2025-04-25 02:34:24.481 70639 INFO tempest.lib.common.rest_client [req-1ddcce6b-2ce5-40da-b1c8-4906c166f3fb req-1ddcce6b-2ce5-40da-b1c8-4906c166f3fb ] Request (ImagesOneServerTestJSON:test_create_delete_image): 200 GET http://10.180.1.21/compute/v2.1/images/934b1c30-2705-4a11-9324-a9cbf8b7bd3b 0.479s
2025-04-25 02:34:24.496 70617 INFO tempest.lib.common.rest_client [req-021b2ffb-c81e-4c9a-924d-0cac2461ea3c req-021b2ffb-c81e-4c9a-924d-0cac2461ea3c ] Request (ImagesDeleteNegativeTestJSON:test_delete_non_existent_image): 404 DELETE http://10.180.1.21/compute/v2.1/images/f4637a86-5115-4fb7-b2ed-893792889ff6 0.479s
2025-04-25 02:34:24.515 70621 INFO tempest.lib.common.rest_client [req-931364af-4140-43ea-bda5-9091cbde2402 req-931364af-4140-43ea-bda5-9091cbde2402 ] Request (ServerGroupTestJSON:test_create_server_with_scheduler_hint_group): 200 GET http://10.180.1.21/compute/v2.1/servers/d10e53ce-6b1c-4fb9-a6c0-0b99ce3ac829 0.511s
2025-04-25 02:34:24.524 70633 INFO tempest.lib.common.rest_client [req-cef3c484-02a3-41ce-9593-f8e968741444 req-cef3c484-02a3-41ce-9593-f8e968741444 ] Request (FlavorsAccessNegativeTestJSON:_run_cleanups): 200 GET http://10.180.1.21/compute/v2.1/flavors/detail 0.489s
2025-04-25 02:34:24.557 70661 INFO tempest.lib.common.rest_client [req-d2c7c2e1-7100-4ee0-ba15-4f4875074b14 req-d2c7c2e1-7100-4ee0-ba15-4f4875074b14 ] Request (ListImageFiltersTestJSON:setUpClass): 200 GET http://10.180.1.21/compute/v2.1/images/278eb813-a452-472f-8305-cef70eeb12a7 0.480s
2025-04-25 02:34:24.564 70665 INFO tempest.lib.common.rest_client [req-d0f38c58-2dd1-4abc-ad21-cedd24468a21 req-d0f38c58-2dd1-4abc-ad21-cedd24468a21 ] Request (SecurityGroupsTestJSON:test_list_security_groups_by_server): 200 GET http://10.180.1.21/compute/v2.1/servers/826dd2e1-82d2-42be-aee0-15e8a11822ed 0.517s
2025-04-25 02:34:24.597 70619 INFO tempest.lib.common.rest_client [req-b755eb26-3696-4cff-b1c0-ad13de5b38ec req-b755eb26-3696-4cff-b1c0-ad13de5b38ec ] Request (KeyPairsV22TestJSON:test_keypair_create_with_pub_key): 201 POST http://10.180.1.21/compute/v2.1/os-keypairs 0.464s
2025-04-25 02:34:24.608 70625 INFO tempest.lib.common.rest_client [req-f74835ce-eec9-44b6-8071-5e27eb626379 req-f74835ce-eec9-44b6-8071-5e27eb626379 ] Request (ServerAddressesTestJSON:setUpClass): 200 GET http://10.180.1.21/compute/v2.1/servers/6e44bf1d-a046-44bd-a5a8-0e4fb4d219de 0.487s
2025-04-25 02:34:24.613 70617 INFO tempest.lib.common.rest_client [req-053a52c5-537f-4ee1-91dd-dae43f6117cb req-053a52c5-537f-4ee1-91dd-dae43f6117cb ] Request (ImagesDeleteNegativeTestJSON:tearDownClass): 204 DELETE http://10.180.1.21/identity/v3/users/47ca8cd99ebd45a8835c9c67b6a33f3f 0.115s
2025-04-25 02:34:24.613 70617 INFO tempest.lib.common.dynamic_creds [-] Deleting project and security group for project: 80f4408371024c299bbcd080ff8ef0ea
2025-04-25 02:34:24.650 70657 INFO tempest.lib.common.rest_client [req-b79976de-2c9d-414f-9a8d-8f447acb54e9 req-b79976de-2c9d-414f-9a8d-8f447acb54e9 ] Request (ImagesTestJSON:test_create_image_from_suspended_server): 200 GET http://10.180.1.21/compute/v2.1/servers/55ae5695-4854-4291-8478-1de9b85b060c 0.446s
2025-04-25 02:34:24.661 70657 INFO tempest.common.waiters [-] State transition "BUILD/scheduling" ==> "BUILD/None" after 21 second wait
2025-04-25 02:34:24.681 70633 INFO tempest.lib.common.rest_client [req-268b2462-b16c-46d0-87c4-239f365364dd req-268b2462-b16c-46d0-87c4-239f365364dd ] Request (FlavorsAccessNegativeTestJSON:tearDownClass): 204 DELETE http://10.180.1.21/identity/v3/users/c36a28b3e6024c3391b74ef1cae3311a 0.149s
2025-04-25 02:34:24.686 70617 INFO tempest.lib.common.rest_client [req-fad6d3f7-3838-433b-a522-68105d9e0cd8 req-fad6d3f7-3838-433b-a522-68105d9e0cd8 ] Request (ImagesDeleteNegativeTestJSON:tearDownClass): 201 POST http://10.180.1.21/identity/v3/auth/tokens 0.073s
2025-04-25 02:34:24.721 70655 INFO tempest.lib.common.rest_client [req-15acb2a3-47dd-4687-a1ad-ac04487f0ec8 req-15acb2a3-47dd-4687-a1ad-ac04487f0ec8 ] Request (FloatingIPsAssociationNegativeTestJSON:tearDownClass): 200 GET http://10.180.1.21/compute/v2.1/servers/be317dea-3a7b-4856-8e39-0af015f515ec 0.463s
2025-04-25 02:34:24.756 70669 INFO tempest.lib.common.rest_client [req-9ea40472-6a25-4548-8687-700436d75d5b req-9ea40472-6a25-4548-8687-700436d75d5b ] Request (AttachInterfacesTestJSON:test_create_list_show_delete_interfaces_by_fixed_ip): 200 GET http://10.180.1.21/compute/v2.1/servers/480aaef7-ba59-4e4b-89e8-dd46b5db1016/os-interface/0c91a788-04b4-456c-9b01-ac3c5e099892 0.516s
2025-04-25 02:34:24.792 70649 INFO tempest.lib.common.rest_client [req-fff2f9cd-9217-4f68-b497-9d05ef95057d req-fff2f9cd-9217-4f68-b497-9d05ef95057d ] Request (ServerActionsTestJSON:setUpClass): 200 GET http://10.180.1.21/compute/v2.1/servers/8288abc2-c769-41b9-9e26-b3fc0628e127 0.492s
2025-04-25 02:34:24.806 70633 INFO tempest.lib.common.rest_client [req-d1013de1-c556-4a3a-9a8e-80e2e14e0d79 req-d1013de1-c556-4a3a-9a8e-80e2e14e0d79 ] Request (FlavorsAccessNegativeTestJSON:tearDownClass): 204 DELETE http://10.180.1.21/identity/v3/users/775e21d49f21485cb6dac74e0462699d 0.124s
2025-04-25 02:34:24.821 70641 INFO tempest.lib.common.rest_client [req-59c5ef3c-f45f-411e-8bbf-5cd7dfbe80a2 req-59c5ef3c-f45f-411e-8bbf-5cd7dfbe80a2 ] Request (ServersAdminTestJSON:setUpClass): 200 GET http://10.180.1.21/compute/v2.1/servers/dc71a3fe-2b9d-4c33-ba5a-aa36992efd8b 0.473s
2025-04-25 02:34:24.846 70631 INFO tempest.lib.common.rest_client [req-96051b86-ee70-40d8-9b65-fd0eeacfd77c req-96051b86-ee70-40d8-9b65-fd0eeacfd77c ] Request (ImagesOneServerNegativeTestJSON:setUpClass): 200 GET http://10.180.1.21/compute/v2.1/servers/0c8f5a5a-f553-4d44-9029-68c858a2c8f5 0.458s
2025-04-25 02:34:24.901 70633 INFO tempest.lib.common.rest_client [req-23ae4ee9-6447-4854-995a-46a45c1dc13f req-23ae4ee9-6447-4854-995a-46a45c1dc13f ] Request (FlavorsAccessNegativeTestJSON:tearDownClass): 204 DELETE http://10.180.1.21/identity/v3/users/54f8187dd69f4a47a4a7d80b3c382ebb 0.095s
2025-04-25 02:34:24.901 70633 INFO tempest.lib.common.dynamic_creds [-] Deleting project and security group for project: dc994bfaad7d41439a362f4dfdaf713a
2025-04-25 02:34:24.905 70667 INFO tempest.lib.common.rest_client [req-3f228128-cf32-4def-86d2-9c01fbb0e386 req-3f228128-cf32-4def-86d2-9c01fbb0e386 ] Request (ServersTestFqdnHostnames:test_create_server_with_fqdn_name): 200 GET http://10.180.1.21/compute/v2.1/servers/0bfe1cdb-88cb-47db-bec0-44e1d42a21a0 0.473s
2025-04-25 02:34:24.958 70633 INFO tempest.lib.common.rest_client [req-0433e313-b71c-4e65-935e-87435fb0630a req-0433e313-b71c-4e65-935e-87435fb0630a ] Request (FlavorsAccessNegativeTestJSON:tearDownClass): 201 POST http://10.180.1.21/identity/v3/auth/tokens 0.057s
2025-04-25 02:34:24.963 70617 INFO tempest.lib.common.rest_client [req-c866052c-ee55-4384-b104-83c59d5fd09b req-c866052c-ee55-4384-b104-83c59d5fd09b ] Request (ImagesDeleteNegativeTestJSON:tearDownClass): 200 GET http://10.180.1.21:9696/networking/v2.0/security-groups?tenant_id=80f4408371024c299bbcd080ff8ef0ea&name=default 0.277s
2025-04-25 02:34:24.972 70645 INFO tempest.lib.common.rest_client [req-824e6c7a-af56-4209-a674-d6bd49772d60 req-824e6c7a-af56-4209-a674-d6bd49772d60 ] Request (ServersAdminNegativeTestJSON:test_migrate_server_invalid_state): 200 GET http://10.180.1.21/compute/v2.1/servers/8caa21cb-d82d-4d06-8f63-e7c43a0a8f6d 0.491s
2025-04-25 02:34:25.023 70659 INFO tempest.lib.common.rest_client [req-0746d278-1361-475b-b4dd-32e0e63c6048 req-0746d278-1361-475b-b4dd-32e0e63c6048 ] Request (ServersTestJSON:test_create_server_with_ipv6_addr_only): 200 GET http://10.180.1.21/compute/v2.1/servers/4e30f16e-1f3d-458c-897e-fae650eb17c7 0.496s
2025-04-25 02:34:25.073 70653 INFO tempest.lib.common.rest_client [req-0019f6a2-09da-4642-a385-b280b654898c req-0019f6a2-09da-4642-a385-b280b654898c ] Request (ServerDiskConfigTestJSON:test_rebuild_server_with_auto_disk_config): 200 GET http://10.180.1.21/compute/v2.1/servers/611f430a-03a4-4312-bfbc-ef921ef14098 0.503s
2025-04-25 02:34:25.075 70617 INFO tempest.lib.common.rest_client [req-856b5bff-9b06-4f28-a5c1-9129945c630f req-856b5bff-9b06-4f28-a5c1-9129945c630f ] Request (ImagesDeleteNegativeTestJSON:tearDownClass): 204 DELETE http://10.180.1.21:9696/networking/v2.0/security-groups/19375748-eb17-4f75-b11a-08330da2d9ef 0.111s
2025-04-25 02:34:25.090 70619 INFO tempest.lib.common.rest_client [req-d910d442-93bc-40fc-988c-6a63e0ffdfe4 req-d910d442-93bc-40fc-988c-6a63e0ffdfe4 ] Request (KeyPairsV22TestJSON:_run_cleanups): 204 DELETE http://10.180.1.21/compute/v2.1/os-keypairs/tempest-keypair-178699048 0.491s
2025-04-25 02:34:25.130 70633 INFO tempest.lib.common.rest_client [req-280140d7-c675-4b34-a6b2-110457e71f0b req-280140d7-c675-4b34-a6b2-110457e71f0b ] Request (FlavorsAccessNegativeTestJSON:tearDownClass): 200 GET http://10.180.1.21:9696/networking/v2.0/security-groups?tenant_id=dc994bfaad7d41439a362f4dfdaf713a&name=default 0.171s
2025-04-25 02:34:25.142 70617 INFO tempest.lib.common.rest_client [req-f37952f9-75d9-4fd7-a5ad-915fd0968286 req-f37952f9-75d9-4fd7-a5ad-915fd0968286 ] Request (ImagesDeleteNegativeTestJSON:tearDownClass): 204 DELETE http://10.180.1.21/identity/v3/projects/80f4408371024c299bbcd080ff8ef0ea 0.066s
2025-04-25 02:34:25.142 70663 INFO tempest.lib.common.rest_client [req-722d2a97-c043-4fad-965e-202e0bffdf1a req-722d2a97-c043-4fad-965e-202e0bffdf1a ] Request (ServersTestManualDisk:setUpClass): 200 GET http://10.180.1.21/compute/v2.1/servers/ecf7b179-5141-4d87-951d-5f40cae4319c 0.528s
2025-04-25 02:34:25.208 70617 INFO tempest.lib.common.rest_client [req-4f601592-8507-49c7-a2dc-79cd1aa953db req-4f601592-8507-49c7-a2dc-79cd1aa953db ] Request (AbsoluteLimitsTestJSON:setUpClass): 201 POST http://10.180.1.21/identity/v3/auth/tokens 0.064s
2025-04-25 02:34:25.210 70669 INFO tempest.lib.common.rest_client [req-a6677a55-7ffd-4249-a843-a6b517ddfb7b req-a6677a55-7ffd-4249-a843-a6b517ddfb7b ] Request (AttachInterfacesTestJSON:test_create_list_show_delete_interfaces_by_fixed_ip): 200 GET http://10.180.1.21/compute/v2.1/servers/480aaef7-ba59-4e4b-89e8-dd46b5db1016/os-interface 0.452s
2025-04-25 02:34:25.238 70617 INFO tempest.lib.common.rest_client [req-a4fc523e-e1a2-4ae1-9832-8e79ebbba9d4 req-a4fc523e-e1a2-4ae1-9832-8e79ebbba9d4 ] Request (AbsoluteLimitsTestJSON:setUpClass): 201 POST http://10.180.1.21/identity/v3/auth/tokens 0.026s
2025-04-25 02:34:25.244 70619 INFO tempest.lib.common.rest_client [req-8413503e-dfd5-45dc-9eff-a007969ebc15 req-8413503e-dfd5-45dc-9eff-a007969ebc15 ] Request (KeyPairsV22TestJSON:test_keypairs_create_list_delete): 201 POST http://10.180.1.21/compute/v2.1/os-keypairs 0.152s
2025-04-25 02:34:25.255 70633 INFO tempest.lib.common.rest_client [req-28ae19fb-8095-45b4-896f-8f4e68fe3033 req-28ae19fb-8095-45b4-896f-8f4e68fe3033 ] Request (FlavorsAccessNegativeTestJSON:tearDownClass): 204 DELETE http://10.180.1.21:9696/networking/v2.0/security-groups/e05e76c8-7cd1-4866-a178-5872e581dede 0.125s
2025-04-25 02:34:25.274 70617 INFO tempest.lib.common.rest_client [req-a744ff2d-36a5-4ea1-953b-4608c9e5e5f5 req-a744ff2d-36a5-4ea1-953b-4608c9e5e5f5 ] Request (AbsoluteLimitsTestJSON:setUpClass): 200 GET http://10.180.1.21/identity/v3/domains?name=Default 0.036s
2025-04-25 02:34:25.278 70673 INFO tempest.lib.common.rest_client [req-6715d025-f8fb-4c57-a7db-9aa622ef75a2 req-6715d025-f8fb-4c57-a7db-9aa622ef75a2 ] Request (ServersTestJSON:test_list_servers_with_detail): 200 GET http://10.180.1.21/compute/v2.1/servers/detail 0.872s
2025-04-25 02:34:25.298 70635 INFO tempest.lib.common.rest_client [req-d8dd5279-d3ed-44d6-a3fb-dfdb9ae76a63 req-d8dd5279-d3ed-44d6-a3fb-dfdb9ae76a63 ] Request (DeleteServersAdminTestJSON:test_delete_server_while_in_error_state): 200 GET http://10.180.1.21/compute/v2.1/servers/deef84ee-e076-4089-b66a-317633fde939 0.174s
2025-04-25 02:34:25.311 70617 INFO tempest.lib.common.rest_client [req-fa1f4d87-9f5f-4e7d-adbb-1b955a456cdd req-fa1f4d87-9f5f-4e7d-adbb-1b955a456cdd ] Request (AbsoluteLimitsTestJSON:setUpClass): 201 POST http://10.180.1.21/identity/v3/projects 0.036s
2025-04-25 02:34:25.325 70633 INFO tempest.lib.common.rest_client [req-58f8e610-19e1-4c87-9a56-f077d3eb5bb4 req-58f8e610-19e1-4c87-9a56-f077d3eb5bb4 ] Request (FlavorsAccessNegativeTestJSON:tearDownClass): 204 DELETE http://10.180.1.21/identity/v3/projects/dc994bfaad7d41439a362f4dfdaf713a 0.070s
2025-04-25 02:34:25.325 70633 INFO tempest.lib.common.dynamic_creds [-] Deleting project and security group for project: 430f1d224e2744f28c14da2323c0f44a
2025-04-25 02:34:25.362 70629 INFO tempest.lib.common.rest_client [req-558549df-1a1d-458a-b36b-0a20b4832e93 req-558549df-1a1d-458a-b36b-0a20b4832e93 ] Request (ServerDiagnosticsV248Test:tearDownClass): 200 GET http://10.180.1.21/compute/v2.1/servers/2db09644-9d2c-4a5c-8d3f-2d2d30278ef7 0.157s
2025-04-25 02:34:25.364 70669 INFO tempest.lib.common.rest_client [req-3f97075e-b848-4c17-9500-18774457dd6a req-3f97075e-b848-4c17-9500-18774457dd6a ] Request (AttachInterfacesTestJSON:test_create_list_show_delete_interfaces_by_fixed_ip): 200 GET http://10.180.1.21/compute/v2.1/servers/480aaef7-ba59-4e4b-89e8-dd46b5db1016/os-interface/e7caa92f-9245-47ed-bd2c-81565fa87826 0.151s
2025-04-25 02:34:25.383 70673 INFO tempest.lib.common.rest_client [req-052d30bd-f2bd-4dc9-84e1-9dd71de3a3d8 req-052d30bd-f2bd-4dc9-84e1-9dd71de3a3d8 ] Request (ServersTestJSON:test_verify_created_server_vcpus): 200 GET http://10.180.1.21/compute/v2.1/flavors/42 0.089s
2025-04-25 02:34:25.385 70673 INFO tempest.lib.common.ssh [-] Creating ssh connection to '10.180.180.215:22' as 'cirros' with public key authentication
2025-04-25 02:34:25.388 70617 INFO tempest.lib.common.rest_client [req-16e12a4d-0403-4806-b560-a75ddae9f3b5 req-16e12a4d-0403-4806-b560-a75ddae9f3b5 ] Request (AbsoluteLimitsTestJSON:setUpClass): 201 POST http://10.180.1.21/identity/v3/users 0.076s
2025-04-25 02:34:25.388 70673 INFO paramiko.transport [-] Connected (version 2.0, client dropbear_2020.81)
2025-04-25 02:34:25.408 70619 INFO tempest.lib.common.rest_client [req-4eb834f2-3944-4fcd-a2ea-cef3256b85a4 req-4eb834f2-3944-4fcd-a2ea-cef3256b85a4 ] Request (KeyPairsV22TestJSON:test_keypairs_create_list_delete): 201 POST http://10.180.1.21/compute/v2.1/os-keypairs 0.163s
2025-04-25 02:34:25.455 70617 INFO tempest.lib.common.rest_client [req-e65342ba-de25-469e-be4f-b7046d92a1a8 req-e65342ba-de25-469e-be4f-b7046d92a1a8 ] Request (AbsoluteLimitsTestJSON:setUpClass): 200 GET http://10.180.1.21/identity/v3/roles 0.067s
2025-04-25 02:34:25.471 70627 INFO tempest.lib.common.rest_client [req-09b69c94-81a9-4efc-a8c7-87f3ba24725d req-09b69c94-81a9-4efc-a8c7-87f3ba24725d ] Request (ServerDiagnosticsNegativeTest:tearDownClass): 200 GET http://10.180.1.21/compute/v2.1/servers/b566cac8-c68d-4cb5-ade0-50c151023412 0.106s
2025-04-25 02:34:25.488 70617 INFO tempest.lib.common.rest_client [req-44f13b2a-c4eb-4065-9f88-ec75cff512ee req-44f13b2a-c4eb-4065-9f88-ec75cff512ee ] Request (AbsoluteLimitsTestJSON:setUpClass): 204 PUT http://10.180.1.21/identity/v3/projects/c88b1b64080d4024966eff6353ffd431/users/5787e83c594f492985090893dbc6c0ae/roles/ae23f7de4f004ec6bb85bcb629b6afb2 0.032s
2025-04-25 02:34:25.488 70617 INFO tempest.lib.common.dynamic_creds [-] Dynamic test user 5787e83c594f492985090893dbc6c0ae is created with scope project and roles: ['member']
2025-04-25 02:34:25.489 70617 INFO tempest.lib.common.dynamic_creds [-] Acquired dynamic creds: credentials: Credentials: {'domain_id': 'default', 'domain_name': 'Default', 'username': 'tempest-AbsoluteLimitsTestJSON-708728324-project-member', 'project_domain_id': 'default', 'project_domain_name': 'Default', 'project_id': 'c88b1b64080d4024966eff6353ffd431', 'project_name': 'tempest-AbsoluteLimitsTestJSON-708728324', 'tenant_id': 'c88b1b64080d4024966eff6353ffd431', 'tenant_name': 'tempest-AbsoluteLimitsTestJSON-708728324', 'user_domain_id': 'default', 'user_domain_name': 'Default', 'user_id': '5787e83c594f492985090893dbc6c0ae', 'system': None}, Network: None, Subnet: None, Router: None
2025-04-25 02:34:25.489 70617 INFO tempest.lib.common.dynamic_creds [-] Created isolated network resources for: credentials: Credentials: {'domain_id': 'default', 'domain_name': 'Default', 'username': 'tempest-AbsoluteLimitsTestJSON-708728324-project-member', 'project_domain_id': 'default', 'project_domain_name': 'Default', 'project_id': 'c88b1b64080d4024966eff6353ffd431', 'project_name': 'tempest-AbsoluteLimitsTestJSON-708728324', 'tenant_id': 'c88b1b64080d4024966eff6353ffd431', 'tenant_name': 'tempest-AbsoluteLimitsTestJSON-708728324', 'user_domain_id': 'default', 'user_domain_name': 'Default', 'user_id': '5787e83c594f492985090893dbc6c0ae', 'system': None}, Network: None, Subnet: None, Router: None
2025-04-25 02:34:25.491 70673 INFO paramiko.transport [-] Authentication (publickey) successful!
2025-04-25 02:34:25.492 70633 INFO tempest.lib.common.rest_client [req-e12ce4e5-4a49-4c8f-b0ca-a4fb08d6d09a req-e12ce4e5-4a49-4c8f-b0ca-a4fb08d6d09a ] Request (FlavorsAccessNegativeTestJSON:tearDownClass): 200 GET http://10.180.1.21:9696/networking/v2.0/security-groups?tenant_id=430f1d224e2744f28c14da2323c0f44a&name=default 0.166s
2025-04-25 02:34:25.492 70673 INFO tempest.lib.common.ssh [-] ssh connection to cirros@10.180.180.215 successfully created
2025-04-25 02:34:25.531 70669 INFO tempest.lib.common.rest_client [req-d56ad2c1-5bc9-435e-8e9b-9a10c9a604d3 req-d56ad2c1-5bc9-435e-8e9b-9a10c9a604d3 ] Request (AttachInterfacesTestJSON:test_create_list_show_delete_interfaces_by_fixed_ip): 202 DELETE http://10.180.1.21/compute/v2.1/servers/480aaef7-ba59-4e4b-89e8-dd46b5db1016/os-interface/0c91a788-04b4-456c-9b01-ac3c5e099892 0.165s
2025-04-25 02:34:25.539 70611 INFO tempest.lib.common.rest_client [req-401afc4a-e874-45ae-b92e-740479c50410 req-401afc4a-e874-45ae-b92e-740479c50410 ] Request (MigrationsAdminTest:test_list_migrations_in_flavor_resize_situation): 200 GET http://10.180.1.21/compute/v2.1/servers/4c71fa1f-c643-4719-9074-946949b9a652 0.240s
2025-04-25 02:34:25.568 70619 INFO tempest.lib.common.rest_client [req-6e95d47f-7872-4d4e-bc29-fc3dcca2b3a5 req-6e95d47f-7872-4d4e-bc29-fc3dcca2b3a5 ] Request (KeyPairsV22TestJSON:test_keypairs_create_list_delete): 201 POST http://10.180.1.21/compute/v2.1/os-keypairs 0.156s
2025-04-25 02:34:25.568 70617 INFO tempest.lib.common.rest_client [req-bb732a28-987e-48c2-a45a-473a9848dbe2 req-bb732a28-987e-48c2-a45a-473a9848dbe2 ] Request (AbsoluteLimitsTestJSON:setUpClass): 201 POST http://10.180.1.21/identity/v3/auth/tokens 0.075s
2025-04-25 02:34:25.597 70633 INFO tempest.lib.common.rest_client [req-833b6f7a-d721-4c12-8b6a-579bfba71c26 req-833b6f7a-d721-4c12-8b6a-579bfba71c26 ] Request (FlavorsAccessNegativeTestJSON:tearDownClass): 204 DELETE http://10.180.1.21:9696/networking/v2.0/security-groups/5f8977b2-c295-4231-b40f-dfc7ee9148a0 0.105s
2025-04-25 02:34:25.623 70623 INFO tempest.lib.common.rest_client [req-5d4450c9-93d2-4de8-96f9-68db54137a0f req-5d4450c9-93d2-4de8-96f9-68db54137a0f ] Request (DeleteServersTestJSON:test_delete_active_server): 200 GET http://10.180.1.21/compute/v2.1/servers/149b8450-04d5-43f9-bedd-a562854e19cd 0.253s
2025-04-25 02:34:25.623 70651 INFO tempest.lib.common.rest_client [req-3f9784c9-12ae-46c5-b17d-f57354be55be req-3f9784c9-12ae-46c5-b17d-f57354be55be ] Request (ServersV294TestFqdnHostnames:setUpClass): 200 GET http://10.180.1.21/compute/v2.1/servers/b1b93c50-cef5-448c-b312-8f08ae78f8ba 0.200s
2025-04-25 02:34:25.670 70637 INFO tempest.lib.common.rest_client [req-75f3849b-723d-4ee7-9aed-477f3b15bade req-75f3849b-723d-4ee7-9aed-477f3b15bade ] Request (FloatingIPsAssociationTestJSON:setUpClass): 200 GET http://10.180.1.21/compute/v2.1/servers/5c641c3f-7ada-44ea-91a7-c491568dec47 0.196s
2025-04-25 02:34:25.673 70671 INFO tempest.lib.common.rest_client [req-441f23e1-15a9-4dda-9bbf-1fb82379330f req-441f23e1-15a9-4dda-9bbf-1fb82379330f ] Request (MultipleCreateTestJSON:test_multiple_create): 200 GET http://10.180.1.21/compute/v2.1/servers/21c50e4e-1f80-4e31-a499-0f550743bc7a 0.216s
2025-04-25 02:34:25.678 70637 INFO tempest.common.waiters [-] State transition "BUILD/None" ==> "BUILD/networking" after 34 second wait
2025-04-25 02:34:25.690 70615 WARNING tempest.lib.common.ssh [-] Failed to establish authenticated ssh connection to cirros@10.180.180.161 ([Errno None] Unable to connect to port 22 on 10.180.180.161). Number attempts: 3. Retry after 4 seconds.: paramiko.ssh_exception.NoValidConnectionsError: [Errno None] Unable to connect to port 22 on 10.180.180.161
2025-04-25 02:34:25.707 70639 INFO tempest.lib.common.rest_client [req-c99e7b8a-88b5-4656-be94-598e4ad0cffe req-c99e7b8a-88b5-4656-be94-598e4ad0cffe ] Request (ImagesOneServerTestJSON:test_create_delete_image): 200 GET http://10.180.1.21/compute/v2.1/images/934b1c30-2705-4a11-9324-a9cbf8b7bd3b 0.221s
2025-04-25 02:34:25.757 70621 INFO tempest.lib.common.rest_client [req-fb8133d8-96a2-4041-8700-a1711bcde994 req-fb8133d8-96a2-4041-8700-a1711bcde994 ] Request (ServerGroupTestJSON:test_create_server_with_scheduler_hint_group): 200 GET http://10.180.1.21/compute/v2.1/servers/d10e53ce-6b1c-4fb9-a6c0-0b99ce3ac829 0.235s
2025-04-25 02:34:25.769 70633 INFO tempest.lib.common.rest_client [req-32583ee4-8b03-477a-a599-efa1eb0b7ef1 req-32583ee4-8b03-477a-a599-efa1eb0b7ef1 ] Request (FlavorsAccessNegativeTestJSON:tearDownClass): 204 DELETE http://10.180.1.21/identity/v3/projects/430f1d224e2744f28c14da2323c0f44a 0.171s
2025-04-25 02:34:25.769 70633 INFO tempest.lib.common.dynamic_creds [-] Deleting project and security group for project: 333c57d1f0cd40559a07bfc486a546ff
2025-04-25 02:34:25.803 70673 INFO tempest.lib.common.rest_client [req-9827feff-b3bd-43d3-8d43-2dbf493871b4 req-9827feff-b3bd-43d3-8d43-2dbf493871b4 ] Request (ServersTestJSON:tearDownClass): 204 DELETE http://10.180.1.21/compute/v2.1/servers/53799918-abc1-4d31-941e-76ee94bafb3c 0.304s
2025-04-25 02:34:25.832 70669 INFO tempest.lib.common.rest_client [req-7488575e-1095-48a4-bfac-3a582a88cea7 req-7488575e-1095-48a4-bfac-3a582a88cea7 ] Request (AttachInterfacesTestJSON:test_create_list_show_delete_interfaces_by_fixed_ip): 200 GET http://10.180.1.21/compute/v2.1/servers/480aaef7-ba59-4e4b-89e8-dd46b5db1016/os-interface 0.300s
2025-04-25 02:34:25.839 70661 INFO tempest.lib.common.rest_client [req-6f3207ba-74c9-4b67-b1f5-3c6411b378b0 req-6f3207ba-74c9-4b67-b1f5-3c6411b378b0 ] Request (ListImageFiltersTestJSON:setUpClass): 200 GET http://10.180.1.21/compute/v2.1/images/278eb813-a452-472f-8305-cef70eeb12a7 0.278s
2025-04-25 02:34:25.851 70619 INFO tempest.lib.common.rest_client [req-8da8f08b-16a7-418f-adc7-1e9a468006d8 req-8da8f08b-16a7-418f-adc7-1e9a468006d8 ] Request (KeyPairsV22TestJSON:test_keypairs_create_list_delete): 200 GET http://10.180.1.21/compute/v2.1/os-keypairs 0.280s
2025-04-25 02:34:25.890 70633 INFO tempest.lib.common.rest_client [req-b75b6695-463f-415f-b102-770d55413f45 req-b75b6695-463f-415f-b102-770d55413f45 ] Request (FlavorsAccessNegativeTestJSON:tearDownClass): 200 GET http://10.180.1.21:9696/networking/v2.0/security-groups?tenant_id=333c57d1f0cd40559a07bfc486a546ff&name=default 0.120s
2025-04-25 02:34:25.915 70665 INFO tempest.lib.common.rest_client [req-2222b8a9-0181-4a43-beb3-7509da44d192 req-2222b8a9-0181-4a43-beb3-7509da44d192 ] Request (SecurityGroupsTestJSON:test_list_security_groups_by_server): 200 GET http://10.180.1.21/compute/v2.1/servers/826dd2e1-82d2-42be-aee0-15e8a11822ed 0.343s
2025-04-25 02:34:25.984 70625 INFO tempest.lib.common.rest_client [req-d605a6bd-c645-48bc-acd2-542f630e8199 req-d605a6bd-c645-48bc-acd2-542f630e8199 ] Request (ServerAddressesTestJSON:setUpClass): 200 GET http://10.180.1.21/compute/v2.1/servers/6e44bf1d-a046-44bd-a5a8-0e4fb4d219de 0.367s
2025-04-25 02:34:26.020 70617 INFO tempest.lib.common.rest_client [req-fab43b97-2389-4821-9ce1-2f2527179985 req-fab43b97-2389-4821-9ce1-2f2527179985 ] Request (AbsoluteLimitsTestJSON:test_absLimits_get): 200 GET http://10.180.1.21/compute/v2.1/limits 0.450s
2025-04-25 02:34:26.046 70633 INFO tempest.lib.common.rest_client [req-a5d6bf46-12e7-41b5-b5bd-a92c4a23fdd0 req-a5d6bf46-12e7-41b5-b5bd-a92c4a23fdd0 ] Request (FlavorsAccessNegativeTestJSON:tearDownClass): 204 DELETE http://10.180.1.21:9696/networking/v2.0/security-groups/f2895024-3eaf-4308-8296-b77df9227364 0.156s
2025-04-25 02:34:26.055 70657 INFO tempest.lib.common.rest_client [req-e75f2e71-079e-4e67-aaae-ca218238b7b8 req-e75f2e71-079e-4e67-aaae-ca218238b7b8 ] Request (ImagesTestJSON:test_create_image_from_suspended_server): 200 GET http://10.180.1.21/compute/v2.1/servers/55ae5695-4854-4291-8478-1de9b85b060c 0.393s
2025-04-25 02:34:26.103 70655 INFO tempest.lib.common.rest_client [req-bdbdaefd-92b2-4d84-ae4d-8d98f482b94e req-bdbdaefd-92b2-4d84-ae4d-8d98f482b94e ] Request (FloatingIPsAssociationNegativeTestJSON:tearDownClass): 200 GET http://10.180.1.21/compute/v2.1/servers/be317dea-3a7b-4856-8e39-0af015f515ec 0.374s
2025-04-25 02:34:26.131 70649 INFO tempest.lib.common.rest_client [req-369a60ab-45fd-49e3-8479-04ada331b408 req-369a60ab-45fd-49e3-8479-04ada331b408 ] Request (ServerActionsTestJSON:setUpClass): 200 GET http://10.180.1.21/compute/v2.1/servers/8288abc2-c769-41b9-9e26-b3fc0628e127 0.328s
2025-04-25 02:34:26.153 70633 INFO tempest.lib.common.rest_client [req-e0a07c95-ad27-4c7b-8fda-f2b8b2805b00 req-e0a07c95-ad27-4c7b-8fda-f2b8b2805b00 ] Request (FlavorsAccessNegativeTestJSON:tearDownClass): 204 DELETE http://10.180.1.21/identity/v3/projects/333c57d1f0cd40559a07bfc486a546ff 0.107s
2025-04-25 02:34:26.162 70617 INFO tempest.lib.common.rest_client [req-d209a477-c688-4270-9c2f-f08194a9c736 req-d209a477-c688-4270-9c2f-f08194a9c736 ] Request (AbsoluteLimitsTestJSON:tearDownClass): 204 DELETE http://10.180.1.21/identity/v3/users/5787e83c594f492985090893dbc6c0ae 0.137s
2025-04-25 02:34:26.163 70617 INFO tempest.lib.common.dynamic_creds [-] Deleting project and security group for project: c88b1b64080d4024966eff6353ffd431
2025-04-25 02:34:26.214 70633 INFO tempest.lib.common.rest_client [req-b3b68c0e-2fd0-42c5-8967-a52272db19ba req-b3b68c0e-2fd0-42c5-8967-a52272db19ba ] Request (AttachInterfacesUnderV243Test:setUpClass): 201 POST http://10.180.1.21/identity/v3/auth/tokens 0.058s
2025-04-25 02:34:26.225 70641 INFO tempest.lib.common.rest_client [req-3a4f480e-36c4-42c7-a81a-d56243557ffb req-3a4f480e-36c4-42c7-a81a-d56243557ffb ] Request (ServersAdminTestJSON:setUpClass): 200 GET http://10.180.1.21/compute/v2.1/servers/dc71a3fe-2b9d-4c33-ba5a-aa36992efd8b 0.396s
2025-04-25 02:34:26.236 70617 INFO tempest.lib.common.rest_client [req-23327355-7720-4bae-88df-034ebdef7252 req-23327355-7720-4bae-88df-034ebdef7252 ] Request (AbsoluteLimitsTestJSON:tearDownClass): 201 POST http://10.180.1.21/identity/v3/auth/tokens 0.072s
2025-04-25 02:34:26.245 70619 INFO tempest.lib.common.rest_client [req-004b8467-c306-4070-a488-b142bf66008b req-004b8467-c306-4070-a488-b142bf66008b ] Request (KeyPairsV22TestJSON:_run_cleanups): 204 DELETE http://10.180.1.21/compute/v2.1/os-keypairs/tempest-KeyPairsV22TestJSON-keypair-948028941 0.392s
2025-04-25 02:34:26.253 70633 INFO tempest.lib.common.rest_client [req-fc979d3b-cdce-4c48-846f-8a0b5b183426 req-fc979d3b-cdce-4c48-846f-8a0b5b183426 ] Request (AttachInterfacesUnderV243Test:setUpClass): 201 POST http://10.180.1.21/identity/v3/auth/tokens 0.037s
2025-04-25 02:34:26.280 70633 INFO tempest.lib.common.rest_client [req-573b78eb-0771-4bdd-84a4-e692d77f8691 req-573b78eb-0771-4bdd-84a4-e692d77f8691 ] Request (AttachInterfacesUnderV243Test:setUpClass): 200 GET http://10.180.1.21/identity/v3/domains?name=Default 0.026s
2025-04-25 02:34:26.313 70633 INFO tempest.lib.common.rest_client [req-cb55b20e-2dad-4635-954d-3601401049bc req-cb55b20e-2dad-4635-954d-3601401049bc ] Request (AttachInterfacesUnderV243Test:setUpClass): 201 POST http://10.180.1.21/identity/v3/projects 0.033s
2025-04-25 02:34:26.319 70631 INFO tempest.lib.common.rest_client [req-e1cf946b-5616-4345-816b-3e0133d27f96 req-e1cf946b-5616-4345-816b-3e0133d27f96 ] Request (ImagesOneServerNegativeTestJSON:setUpClass): 200 GET http://10.180.1.21/compute/v2.1/servers/0c8f5a5a-f553-4d44-9029-68c858a2c8f5 0.463s
2025-04-25 02:34:26.378 70633 INFO tempest.lib.common.rest_client [req-519c8da0-8a43-4aea-958e-7c3cceda6128 req-519c8da0-8a43-4aea-958e-7c3cceda6128 ] Request (AttachInterfacesUnderV243Test:setUpClass): 201 POST http://10.180.1.21/identity/v3/users 0.064s
2025-04-25 02:34:26.388 70667 INFO tempest.lib.common.rest_client [req-ebe8e3c3-d3b4-4db0-bc5f-6fb86ebeecc9 req-ebe8e3c3-d3b4-4db0-bc5f-6fb86ebeecc9 ] Request (ServersTestFqdnHostnames:test_create_server_with_fqdn_name): 200 GET http://10.180.1.21/compute/v2.1/servers/0bfe1cdb-88cb-47db-bec0-44e1d42a21a0 0.473s
2025-04-25 02:34:26.409 70633 INFO tempest.lib.common.rest_client [req-e3593b5b-0b05-4cdb-9632-81ea2c50b882 req-e3593b5b-0b05-4cdb-9632-81ea2c50b882 ] Request (AttachInterfacesUnderV243Test:setUpClass): 200 GET http://10.180.1.21/identity/v3/roles 0.031s
2025-04-25 02:34:26.440 70633 INFO tempest.lib.common.rest_client [req-6c686957-3e86-41f1-b25f-3cb916420d40 req-6c686957-3e86-41f1-b25f-3cb916420d40 ] Request (AttachInterfacesUnderV243Test:setUpClass): 204 PUT http://10.180.1.21/identity/v3/projects/2cda568e7599417c8cad9ff35dc2cbe2/users/104cce341b9c4fa88e9e3d76995aa92a/roles/ae23f7de4f004ec6bb85bcb629b6afb2 0.030s
2025-04-25 02:34:26.441 70633 INFO tempest.lib.common.dynamic_creds [-] Dynamic test user 104cce341b9c4fa88e9e3d76995aa92a is created with scope project and roles: ['member']
2025-04-25 02:34:26.441 70633 INFO tempest.lib.common.dynamic_creds [-] Acquired dynamic creds: credentials: Credentials: {'domain_id': 'default', 'domain_name': 'Default', 'username': 'tempest-AttachInterfacesUnderV243Test-1729306752-project-member', 'project_domain_id': 'default', 'project_domain_name': 'Default', 'project_id': '2cda568e7599417c8cad9ff35dc2cbe2', 'project_name': 'tempest-AttachInterfacesUnderV243Test-1729306752', 'tenant_id': '2cda568e7599417c8cad9ff35dc2cbe2', 'tenant_name': 'tempest-AttachInterfacesUnderV243Test-1729306752', 'user_domain_id': 'default', 'user_domain_name': 'Default', 'user_id': '104cce341b9c4fa88e9e3d76995aa92a', 'system': None}, Network: None, Subnet: None, Router: None
2025-04-25 02:34:26.453 70673 INFO tempest.lib.common.rest_client [req-0d6489bb-a0a7-4272-b7bc-6a69968ef692 req-0d6489bb-a0a7-4272-b7bc-6a69968ef692 ] Request (ServersTestJSON:tearDownClass): 200 GET http://10.180.1.21/compute/v2.1/servers/53799918-abc1-4d31-941e-76ee94bafb3c 0.650s
2025-04-25 02:34:26.457 70645 INFO tempest.lib.common.rest_client [req-37a1e399-1201-4e82-8182-13bfff182b97 req-37a1e399-1201-4e82-8182-13bfff182b97 ] Request (ServersAdminNegativeTestJSON:test_migrate_server_invalid_state): 200 GET http://10.180.1.21/compute/v2.1/servers/8caa21cb-d82d-4d06-8f63-e7c43a0a8f6d 0.475s
2025-04-25 02:34:26.502 70617 INFO tempest.lib.common.rest_client [req-513c5d44-08c0-48a0-8fe1-fa6998280d67 req-513c5d44-08c0-48a0-8fe1-fa6998280d67 ] Request (AbsoluteLimitsTestJSON:tearDownClass): 200 GET http://10.180.1.21:9696/networking/v2.0/security-groups?tenant_id=c88b1b64080d4024966eff6353ffd431&name=default 0.266s
2025-04-25 02:34:26.516 70659 INFO tempest.lib.common.rest_client [req-3a9c93aa-6d5f-4df7-9c26-7ee9ce868d10 req-3a9c93aa-6d5f-4df7-9c26-7ee9ce868d10 ] Request (ServersTestJSON:test_create_server_with_ipv6_addr_only): 200 GET http://10.180.1.21/compute/v2.1/servers/4e30f16e-1f3d-458c-897e-fae650eb17c7 0.485s
2025-04-25 02:34:26.525 70633 INFO tempest.lib.common.rest_client [req-fd8b3f18-e8d2-4813-a641-efc18ab3003b req-fd8b3f18-e8d2-4813-a641-efc18ab3003b ] Request (AttachInterfacesUnderV243Test:setUpClass): 201 POST http://10.180.1.21/identity/v3/auth/tokens 0.083s
2025-04-25 02:34:26.528 70653 INFO tempest.lib.common.rest_client [req-1eb3a375-5c20-4ab5-bd3c-8db1af2de39d req-1eb3a375-5c20-4ab5-bd3c-8db1af2de39d ] Request (ServerDiskConfigTestJSON:test_rebuild_server_with_auto_disk_config): 200 GET http://10.180.1.21/compute/v2.1/servers/611f430a-03a4-4312-bfbc-ef921ef14098 0.447s
2025-04-25 02:34:26.548 70619 INFO tempest.lib.common.rest_client [req-2091a59b-85ee-423e-9fb3-d7d9461dd49c req-2091a59b-85ee-423e-9fb3-d7d9461dd49c ] Request (KeyPairsV22TestJSON:_run_cleanups): 204 DELETE http://10.180.1.21/compute/v2.1/os-keypairs/tempest-KeyPairsV22TestJSON-keypair-1728813534 0.303s
2025-04-25 02:34:26.578 70663 INFO tempest.lib.common.rest_client [req-0d439d43-8493-4437-8661-2a61945ab839 req-0d439d43-8493-4437-8661-2a61945ab839 ] Request (ServersTestManualDisk:setUpClass): 200 GET http://10.180.1.21/compute/v2.1/servers/ecf7b179-5141-4d87-951d-5f40cae4319c 0.427s
2025-04-25 02:34:26.616 70635 INFO tempest.lib.common.rest_client [req-dc077a1c-ebe7-4b5f-a8ce-54073a5b85c9 req-dc077a1c-ebe7-4b5f-a8ce-54073a5b85c9 ] Request (DeleteServersAdminTestJSON:test_delete_server_while_in_error_state): 200 GET http://10.180.1.21/compute/v2.1/servers/deef84ee-e076-4089-b66a-317633fde939 0.309s
2025-04-25 02:34:26.641 70629 INFO tempest.lib.common.rest_client [req-d4bff02a-526f-403a-8f13-7b5611cb34ba req-d4bff02a-526f-403a-8f13-7b5611cb34ba ] Request (ServerDiagnosticsV248Test:tearDownClass): 200 GET http://10.180.1.21/compute/v2.1/servers/2db09644-9d2c-4a5c-8d3f-2d2d30278ef7 0.265s
2025-04-25 02:34:26.646 70617 INFO tempest.lib.common.rest_client [req-443978a7-18a2-46f9-83ed-c56f769ebf3c req-443978a7-18a2-46f9-83ed-c56f769ebf3c ] Request (AbsoluteLimitsTestJSON:tearDownClass): 204 DELETE http://10.180.1.21:9696/networking/v2.0/security-groups/74da85b6-d5e7-4529-a5b0-c1db3bd1bff2 0.143s
2025-04-25 02:34:26.695 70627 INFO tempest.lib.common.rest_client [req-2df62e81-db9b-4d78-913a-90ce1e1a5563 req-2df62e81-db9b-4d78-913a-90ce1e1a5563 ] Request (ServerDiagnosticsNegativeTest:tearDownClass): 200 GET http://10.180.1.21/compute/v2.1/servers/b566cac8-c68d-4cb5-ade0-50c151023412 0.215s
2025-04-25 02:34:26.713 70613 WARNING tempest.lib.common.ssh [-] Failed to establish authenticated ssh connection to cirros@10.180.180.248 ([Errno None] Unable to connect to port 22 on 10.180.180.248). Number attempts: 4. Retry after 5 seconds.: paramiko.ssh_exception.NoValidConnectionsError: [Errno None] Unable to connect to port 22 on 10.180.180.248
2025-04-25 02:34:26.715 70619 INFO tempest.lib.common.rest_client [req-39ae96c9-1384-4383-ae15-a9750ac25917 req-39ae96c9-1384-4383-ae15-a9750ac25917 ] Request (KeyPairsV22TestJSON:_run_cleanups): 204 DELETE http://10.180.1.21/compute/v2.1/os-keypairs/tempest-KeyPairsV22TestJSON-keypair-1646312846 0.166s
2025-04-25 02:34:26.748 70617 INFO tempest.lib.common.rest_client [req-ae256d95-0733-4b00-b69d-bd6111f5ef3f req-ae256d95-0733-4b00-b69d-bd6111f5ef3f ] Request (AbsoluteLimitsTestJSON:tearDownClass): 204 DELETE http://10.180.1.21/identity/v3/projects/c88b1b64080d4024966eff6353ffd431 0.101s
2025-04-25 02:34:26.831 70617 INFO tempest.lib.common.rest_client [req-ef96fca1-7ef3-4d28-b792-ebd22b587253 req-ef96fca1-7ef3-4d28-b792-ebd22b587253 ] Request (ServerShowV263Test:setUpClass): 201 POST http://10.180.1.21/identity/v3/auth/tokens 0.081s
2025-04-25 02:34:26.841 70611 INFO tempest.lib.common.rest_client [req-4860447b-d589-4bba-9188-e4ba94a2b4c9 req-4860447b-d589-4bba-9188-e4ba94a2b4c9 ] Request (MigrationsAdminTest:test_list_migrations_in_flavor_resize_situation): 200 GET http://10.180.1.21/compute/v2.1/servers/4c71fa1f-c643-4719-9074-946949b9a652 0.294s
2025-04-25 02:34:26.851 70611 INFO tempest.common.waiters [-] State transition "RESIZE/resize_prep" ==> "RESIZE/resize_migrating" after 28 second wait
2025-04-25 02:34:26.856 70633 INFO tempest.lib.common.rest_client [req-c96d8274-9db5-4735-8eb3-1f43e9287e9a req-c96d8274-9db5-4735-8eb3-1f43e9287e9a ] Request (AttachInterfacesUnderV243Test:setUpClass): 201 POST http://10.180.1.21:9696/networking/v2.0/networks 0.331s
2025-04-25 02:34:26.873 70617 INFO tempest.lib.common.rest_client [req-b6703802-af12-4494-bfc5-03cff573c051 req-b6703802-af12-4494-bfc5-03cff573c051 ] Request (ServerShowV263Test:setUpClass): 201 POST http://10.180.1.21/identity/v3/auth/tokens 0.037s
2025-04-25 02:34:26.903 70617 INFO tempest.lib.common.rest_client [req-8c27ec0d-71f9-4fd3-87f4-eab039f3844b req-8c27ec0d-71f9-4fd3-87f4-eab039f3844b ] Request (ServerShowV263Test:setUpClass): 200 GET http://10.180.1.21/identity/v3/domains?name=Default 0.029s
2025-04-25 02:34:26.903 70623 INFO tempest.lib.common.rest_client [req-8b805cc7-2c88-4ddf-acf3-65143fb5ccc1 req-8b805cc7-2c88-4ddf-acf3-65143fb5ccc1 ] Request (DeleteServersTestJSON:test_delete_active_server): 200 GET http://10.180.1.21/compute/v2.1/servers/149b8450-04d5-43f9-bedd-a562854e19cd 0.272s
2025-04-25 02:34:26.916 70651 INFO tempest.lib.common.rest_client [req-ce166893-88ed-48c0-a0dc-5420ab0d2501 req-ce166893-88ed-48c0-a0dc-5420ab0d2501 ] Request (ServersV294TestFqdnHostnames:setUpClass): 200 GET http://10.180.1.21/compute/v2.1/servers/b1b93c50-cef5-448c-b312-8f08ae78f8ba 0.280s
2025-04-25 02:34:26.953 70617 INFO tempest.lib.common.rest_client [req-64b6b3dc-4a4a-4d51-816a-5525e9b33b3d req-64b6b3dc-4a4a-4d51-816a-5525e9b33b3d ] Request (ServerShowV263Test:setUpClass): 201 POST http://10.180.1.21/identity/v3/projects 0.050s
2025-04-25 02:34:26.989 70671 INFO tempest.lib.common.rest_client [req-cb616452-a989-4206-a21d-f4d1bd5174df req-cb616452-a989-4206-a21d-f4d1bd5174df ] Request (MultipleCreateTestJSON:test_multiple_create): 200 GET http://10.180.1.21/compute/v2.1/servers/21c50e4e-1f80-4e31-a499-0f550743bc7a 0.308s
2025-04-25 02:34:27.022 70637 INFO tempest.lib.common.rest_client [req-676ff2b3-1ce9-4cb6-8ad8-223c3bc28288 req-676ff2b3-1ce9-4cb6-8ad8-223c3bc28288 ] Request (FloatingIPsAssociationTestJSON:setUpClass): 200 GET http://10.180.1.21/compute/v2.1/servers/5c641c3f-7ada-44ea-91a7-c491568dec47 0.341s
2025-04-25 02:34:27.029 70637 INFO tempest.common.waiters [-] State transition "BUILD/networking" ==> "BUILD/block_device_mapping" after 36 second wait
2025-04-25 02:34:27.030 70639 INFO tempest.lib.common.rest_client [req-bf53b42a-4d41-4679-a11a-9682222d4343 req-bf53b42a-4d41-4679-a11a-9682222d4343 ] Request (ImagesOneServerTestJSON:test_create_delete_image): 200 GET http://10.180.1.21/compute/v2.1/images/934b1c30-2705-4a11-9324-a9cbf8b7bd3b 0.319s
2025-04-25 02:34:27.033 70643 WARNING tempest.lib.common.ssh [-] Failed to establish authenticated ssh connection to cirros@10.180.180.230 ([Errno None] Unable to connect to port 22 on 10.180.180.230). Number attempts: 4. Retry after 5 seconds.: paramiko.ssh_exception.NoValidConnectionsError: [Errno None] Unable to connect to port 22 on 10.180.180.230
2025-04-25 02:34:27.048 70617 INFO tempest.lib.common.rest_client [req-27c8659a-b709-40cf-ae4f-ce4aafdd3e7d req-27c8659a-b709-40cf-ae4f-ce4aafdd3e7d ] Request (ServerShowV263Test:setUpClass): 201 POST http://10.180.1.21/identity/v3/users 0.094s
2025-04-25 02:34:27.069 70619 INFO tempest.lib.common.rest_client [req-2bbe1087-108f-4a45-9590-fe74a71b1218 req-2bbe1087-108f-4a45-9590-fe74a71b1218 ] Request (KeyPairsV22TestJSON:test_keypairsv22_create_list_show): 201 POST http://10.180.1.21/compute/v2.1/os-keypairs 0.352s
2025-04-25 02:34:27.081 70617 INFO tempest.lib.common.rest_client [req-248d5371-ed96-4148-8ac6-2db5f03bbc2b req-248d5371-ed96-4148-8ac6-2db5f03bbc2b ] Request (ServerShowV263Test:setUpClass): 200 GET http://10.180.1.21/identity/v3/roles 0.033s
2025-04-25 02:34:27.096 70621 INFO tempest.lib.common.rest_client [req-e3d7bac8-0495-44f1-a4a5-e53b160b4f8d req-e3d7bac8-0495-44f1-a4a5-e53b160b4f8d ] Request (ServerGroupTestJSON:test_create_server_with_scheduler_hint_group): 200 GET http://10.180.1.21/compute/v2.1/servers/d10e53ce-6b1c-4fb9-a6c0-0b99ce3ac829 0.331s
