2025-04-25 02:33:10.833 70641 INFO tempest.lib.common.rest_client [req-c3fcbba2-5915-4281-8bd1-bd82dc3094d8 req-c3fcbba2-5915-4281-8bd1-bd82dc3094d8 ] Request (FlavorsV261TestJSON:test_crud_flavor): 200 PUT http://10.180.1.21/compute/v2.1/flavors/541640816 2.625s
2025-04-25 02:33:10.901 70643 INFO tempest.lib.common.rest_client [req-5ed0df74-2f00-4722-928d-1e5420bd1032 req-5ed0df74-2f00-4722-928d-1e5420bd1032 ] Request (VolumesAssistedSnapshotsTest:setUpClass): 201 POST http://10.180.1.21/identity/v3/auth/tokens 0.091s
2025-04-25 02:33:10.926 70635 INFO tempest.lib.common.rest_client [req-db19481f-08ec-4107-96b8-c3916fe65982 req-db19481f-08ec-4107-96b8-c3916fe65982 ] Request (AZAdminV2TestJSON:tearDownClass): 200 GET http://10.180.1.21:9696/networking/v2.0/security-groups?tenant_id=930fd225a9f645c2b01dd59af1a897ed&name=default 0.536s
2025-04-25 02:33:10.930 70648 INFO tempest.lib.common.rest_client [req-6c620bed-2642-4acb-abd7-5e06936b9cdd req-6c620bed-2642-4acb-abd7-5e06936b9cdd ] Request (VolumesAdminNegativeTest:setUpClass): 201 POST http://10.180.1.21:9696/networking/v2.0/routers 2.199s
2025-04-25 02:33:10.935 70643 INFO tempest.lib.common.rest_client [req-203e6c1c-23e3-47cf-8fb8-78c471f79f20 req-203e6c1c-23e3-47cf-8fb8-78c471f79f20 ] Request (VolumesAssistedSnapshotsTest:setUpClass): 201 POST http://10.180.1.21/identity/v3/projects 0.032s
2025-04-25 02:33:10.993 70643 INFO tempest.lib.common.rest_client [req-88e6abfb-4123-4dea-96ed-247b3e4ab12f req-88e6abfb-4123-4dea-96ed-247b3e4ab12f ] Request (VolumesAssistedSnapshotsTest:setUpClass): 201 POST http://10.180.1.21/identity/v3/users 0.058s
2025-04-25 02:33:11.023 70643 INFO tempest.lib.common.rest_client [req-76c7923d-9824-4b59-a7d2-9b79db9f182c req-76c7923d-9824-4b59-a7d2-9b79db9f182c ] Request (VolumesAssistedSnapshotsTest:setUpClass): 200 GET http://10.180.1.21/identity/v3/roles 0.030s
2025-04-25 02:33:11.032 70615 INFO tempest.lib.common.rest_client [req-b58d421c-4398-4784-bb0d-9f9cbc5172a5 req-b58d421c-4398-4784-bb0d-9f9cbc5172a5 ] Request (ServersTestBootFromVolume:setUpClass): 200 POST http://10.180.1.21/compute/v2.1/os-keypairs 2.796s
2025-04-25 02:33:11.080 70643 INFO tempest.lib.common.rest_client [req-96e4c7d9-4d10-40aa-b1d5-1c12054a15fc req-96e4c7d9-4d10-40aa-b1d5-1c12054a15fc ] Request (VolumesAssistedSnapshotsTest:setUpClass): 204 PUT http://10.180.1.21/identity/v3/projects/f50999b23ef841f8b1596445ef089b1d/users/5b9d80da4ec248feb1e0a33c3bb75c12/roles/b67df236e79748f2ada48dccf3c440f2 0.056s
2025-04-25 02:33:11.112 70635 INFO tempest.lib.common.rest_client [req-8f0a6612-261f-4f06-80aa-34bef8b2960e req-8f0a6612-261f-4f06-80aa-34bef8b2960e ] Request (AZAdminV2TestJSON:tearDownClass): 204 DELETE http://10.180.1.21:9696/networking/v2.0/security-groups/4ceadb2e-e543-497f-875c-52e6065de38e 0.186s
2025-04-25 02:33:11.117 70639 INFO tempest.lib.common.rest_client [req-58d3b205-fb64-457a-a2bf-69b255a46280 req-58d3b205-fb64-457a-a2bf-69b255a46280 ] Request (FloatingIPDetailsTestJSON:setUpClass): 200 POST http://10.180.1.21/compute/v2.1/os-floating-ips 4.078s
2025-04-25 02:33:11.156 70611 INFO tempest.lib.common.rest_client [req-9847cb02-4b2a-4eb8-9622-043c4368567b req-9847cb02-4b2a-4eb8-9622-043c4368567b ] Request (FlavorMetadataValidation:_run_cleanups): 202 DELETE http://10.180.1.21/compute/v2.1/flavors/1610228116 2.812s
2025-04-25 02:33:11.173 70643 INFO tempest.lib.common.rest_client [req-613a1260-507a-49a6-a733-2131a7318f77 req-613a1260-507a-49a6-a733-2131a7318f77 ] Request (VolumesAssistedSnapshotsTest:setUpClass): 200 GET http://10.180.1.21/identity/v3/roles 0.092s
2025-04-25 02:33:11.204 70643 INFO tempest.lib.common.rest_client [req-471cee80-53b6-40c7-9e5f-b9c51506bdc5 req-471cee80-53b6-40c7-9e5f-b9c51506bdc5 ] Request (VolumesAssistedSnapshotsTest:setUpClass): 204 PUT http://10.180.1.21/identity/v3/projects/f50999b23ef841f8b1596445ef089b1d/users/5b9d80da4ec248feb1e0a33c3bb75c12/roles/5d190f56b49343f783b59eb055865684 0.030s
2025-04-25 02:33:11.204 70643 INFO tempest.lib.common.dynamic_creds [-] Dynamic test user 5b9d80da4ec248feb1e0a33c3bb75c12 is created with scope project and roles: ['admin', 'service']
2025-04-25 02:33:11.204 70643 INFO tempest.lib.common.dynamic_creds [-] Acquired dynamic creds: credentials: Credentials: {'domain_id': 'default', 'domain_name': 'Default', 'username': 'tempest-VolumesAssistedSnapshotsTest-919911825-project', 'project_domain_id': 'default', 'project_domain_name': 'Default', 'project_id': 'f50999b23ef841f8b1596445ef089b1d', 'project_name': 'tempest-VolumesAssistedSnapshotsTest-919911825', 'tenant_id': 'f50999b23ef841f8b1596445ef089b1d', 'tenant_name': 'tempest-VolumesAssistedSnapshotsTest-919911825', 'user_domain_id': 'default', 'user_domain_name': 'Default', 'user_id': '5b9d80da4ec248feb1e0a33c3bb75c12', 'system': None}, Network: None, Subnet: None, Router: None
2025-04-25 02:33:11.208 70629 INFO tempest.lib.common.rest_client [req-3a001c8a-1ca1-4a65-a4b0-cd25d3872976 req-3a001c8a-1ca1-4a65-a4b0-cd25d3872976 ] Request (InstanceUsageAuditLogTestJSON:tearDownClass): 200 GET http://10.180.1.21:9696/networking/v2.0/security-groups?tenant_id=f4f5f2252e2d45e89c2944d9937e259b&name=default 0.762s
2025-04-25 02:33:11.262 70655 INFO tempest.lib.common.rest_client [req-3fde3b38-8e24-48e3-9772-aa3192e0dcfe req-3fde3b38-8e24-48e3-9772-aa3192e0dcfe ] Request (FloatingIPsAssociationNegativeTestJSON:setUpClass): 200 GET http://10.180.1.21/compute/v2.1/servers/be317dea-3a7b-4856-8e39-0af015f515ec 2.640s
2025-04-25 02:33:11.265 70659 INFO tempest.lib.common.rest_client [req-5713c289-54d8-4d0e-9473-93e55450eec4 req-5713c289-54d8-4d0e-9473-93e55450eec4 ] Request (MultipleCreateNegativeTestJSON:tearDownClass): 200 GET http://10.180.1.21:9696/networking/v2.0/security-groups?tenant_id=50a4daee502e494f895a4093280fcb1f&name=default 0.596s
2025-04-25 02:33:11.293 70619 INFO tempest.lib.common.rest_client [req-32095479-6011-4bfe-970e-0d4d55aba7db req-32095479-6011-4bfe-970e-0d4d55aba7db ] Request (FlavorsAdminTestJSON:_run_cleanups): 200 GET http://10.180.1.21/compute/v2.1/flavors/detail 2.644s
2025-04-25 02:33:11.298 70613 INFO tempest.lib.common.rest_client [req-acf602df-81c1-4ba0-9165-4e5d23fd9e99 req-acf602df-81c1-4ba0-9165-4e5d23fd9e99 ] Request (ServersWithSpecificFlavorTestJSON:setUpClass): 200 PUT http://10.180.1.21:9696/networking/v2.0/routers/895c61ff-7d8d-41f7-a0e6-db37bedb44c5/add_router_interface 2.102s
2025-04-25 02:33:11.298 70613 INFO tempest.lib.common.dynamic_creds [-] Created isolated network resources for: credentials: Credentials: {'domain_id': 'default', 'domain_name': 'Default', 'username': 'tempest-ServersWithSpecificFlavorTestJSON-1241275790-project-admin', 'project_domain_id': 'default', 'project_domain_name': 'Default', 'project_id': 'c9acb47234f247f38ca5e13222372d19', 'project_name': 'tempest-ServersWithSpecificFlavorTestJSON-1241275790', 'tenant_id': 'c9acb47234f247f38ca5e13222372d19', 'tenant_name': 'tempest-ServersWithSpecificFlavorTestJSON-1241275790', 'user_domain_id': 'default', 'user_domain_name': 'Default', 'user_id': 'c1d30d12309c46cbbb275ae3ff9c17f4', 'system': None}, Network: {'id': '573049a3-1380-4940-8895-c53e0d84a9ce', 'name': 'tempest-ServersWithSpecificFlavorTestJSON-1347457446-network', 'tenant_id': 'c9acb47234f247f38ca5e13222372d19', 'admin_state_up': True, 'mtu': 8950, 'status': 'ACTIVE', 'subnets': [], 'shared': False, 'project_id': 'c9acb47234f247f38ca5e13222372d19', 'port_security_enabled': True, 'router:external': False, 'provider:network_type': 'vlan', 'provider:physical_network': 'default', 'provider:segmentation_id': 162, 'availability_zone_hints': [], 'availability_zones': [], 'ipv4_address_scope': None, 'ipv6_address_scope': None, 'description': '', 'tags': [], 'created_at': '2025-04-25T02:33:06Z', 'updated_at': '2025-04-25T02:33:06Z', 'revision_number': 1}, Subnet: {'id': 'aea73e26-4cc1-431d-bbfb-549781c1ea56', 'name': 'tempest-ServersWithSpecificFlavorTestJSON-1347457446-subnet', 'tenant_id': 'c9acb47234f247f38ca5e13222372d19', 'network_id': '573049a3-1380-4940-8895-c53e0d84a9ce', 'ip_version': 4, 'subnetpool_id': None, 'enable_dhcp': True, 'ipv6_ra_mode': None, 'ipv6_address_mode': None, 'gateway_ip': '192.168.128.1', 'cidr': '192.168.128.0/28', 'allocation_pools': [{'start': '192.168.128.2', 'end': '192.168.128.14'}], 'host_routes': [], 'dns_nameservers': [], 'description': '', 'router:external': False, 'service_types': [], 'tags': [], 'created_at': '2025-04-25T02:33:07Z', 'updated_at': '2025-04-25T02:33:07Z', 'revision_number': 0, 'project_id': 'c9acb47234f247f38ca5e13222372d19'}, Router: {'id': '895c61ff-7d8d-41f7-a0e6-db37bedb44c5', 'name': 'tempest-ServersWithSpecificFlavorTestJSON-1347457446-router', 'tenant_id': 'c9acb47234f247f38ca5e13222372d19', 'admin_state_up': True, 'status': 'ACTIVE', 'external_gateway_info': {'network_id': 'dbdbcb24-7160-410a-82d3-72f7320478b3', 'external_fixed_ips': [{'subnet_id': 'cf0c5beb-5c6d-415a-8000-e568eb2f3295', 'ip_address': '10.180.180.251'}], 'enable_snat': True}, 'description': '', 'availability_zones': [], 'distributed': False, 'ha': False, 'availability_zone_hints': [], 'routes': [], 'flavor_id': None, 'tags': [], 'created_at': '2025-04-25T02:33:07Z', 'updated_at': '2025-04-25T02:33:08Z', 'revision_number': 2, 'project_id': 'c9acb47234f247f38ca5e13222372d19'}
2025-04-25 02:33:11.336 70635 INFO tempest.lib.common.rest_client [req-b5573abf-9986-4125-b6fb-9c4d8d55e87d req-b5573abf-9986-4125-b6fb-9c4d8d55e87d ] Request (AZAdminV2TestJSON:tearDownClass): 204 DELETE http://10.180.1.21/identity/v3/projects/930fd225a9f645c2b01dd59af1a897ed 0.220s
2025-04-25 02:33:11.336 70635 INFO tempest.lib.common.dynamic_creds [-] Deleting project and security group for project: 7e643fa5beed49ecbcb7ad7e76d24797
2025-04-25 02:33:11.364 70667 INFO tempest.lib.common.rest_client [req-68185529-bf85-4af5-89b7-80d68c378e1e req-68185529-bf85-4af5-89b7-80d68c378e1e ] Request (ImagesMetadataTestJSON:setUp): 200 PUT http://10.180.1.21/compute/v2.1/images/b20e1a25-f50e-4d57-857a-bdb11134847f/metadata 3.108s
2025-04-25 02:33:11.376 70657 INFO tempest.lib.common.rest_client [req-1bb8ef0d-706b-4045-aef1-0f30fae46682 req-1bb8ef0d-706b-4045-aef1-0f30fae46682 ] Request (ImagesTestJSON:test_create_image_from_stopped_server): 200 GET http://10.180.1.21/compute/v2.1/servers/1951cb5e-2d4a-4ed4-9380-a79c28752218 2.511s
2025-04-25 02:33:11.387 70657 INFO tempest.common.waiters [-] State transition "BUILD/None" ==> "BUILD/spawning" after 4 second wait
2025-04-25 02:33:11.410 70613 INFO tempest.lib.common.rest_client [req-d0e54b2e-94fe-4f53-b44a-759890d19cd3 req-d0e54b2e-94fe-4f53-b44a-759890d19cd3 ] Request (ServersWithSpecificFlavorTestJSON:setUpClass): 201 POST http://10.180.1.21/identity/v3/auth/tokens 0.107s
2025-04-25 02:33:11.418 70615 INFO tempest.lib.common.rest_client [req-91279096-ce99-4087-991b-1527a66caa57 req-91279096-ce99-4087-991b-1527a66caa57 ] Request (ServersTestBootFromVolume:setUpClass): 201 POST http://10.180.1.21:9696/networking/v2.0/security-groups 0.384s
2025-04-25 02:33:11.430 70629 INFO tempest.lib.common.rest_client [req-7514aeca-121b-4495-96e1-361139c8faa3 req-7514aeca-121b-4495-96e1-361139c8faa3 ] Request (InstanceUsageAuditLogTestJSON:tearDownClass): 204 DELETE http://10.180.1.21:9696/networking/v2.0/security-groups/b6445a72-aba1-4fc0-8a5d-6b5c20f20682 0.222s
2025-04-25 02:33:11.449 70617 INFO tempest.lib.common.rest_client [req-1a0f3bcb-d7c0-4bdf-a1dc-caf7967c4e07 req-1a0f3bcb-d7c0-4bdf-a1dc-caf7967c4e07 ] Request (ServerExternalEventsTest:test_create_server_external_events): 200 GET http://10.180.1.21/compute/v2.1/servers/062b20de-2f89-4deb-b04a-0d972d17f44e 2.069s
2025-04-25 02:33:11.473 70671 INFO tempest.lib.common.rest_client [req-d18e7ae7-5e23-4b01-ab53-1b9fc4f80229 req-d18e7ae7-5e23-4b01-ab53-1b9fc4f80229 ] Request (ImagesNegativeTestJSON:test_create_image_from_deleted_server): 200 GET http://10.180.1.21/compute/v2.1/servers/45500dce-3a29-4634-ac56-19b9fa9b439e 2.165s
2025-04-25 02:33:11.474 70651 INFO tempest.lib.common.rest_client [req-57359358-5791-4524-afc5-f252309c7966 req-57359358-5791-4524-afc5-f252309c7966 ] Request (HostsAdminTestJSON:test_list_hosts_with_a_blank_zone): 200 GET http://10.180.1.21/compute/v2.1/os-hosts?zone= 2.001s
2025-04-25 02:33:11.482 70631 INFO tempest.lib.common.rest_client [req-cd8940fa-1369-4c5a-b9fc-38df4adaf54f req-cd8940fa-1369-4c5a-b9fc-38df4adaf54f ] Request (KeyPairsV210TestJSON:test_admin_manage_keypairs_for_other_users): 200 GET http://10.180.1.21/compute/v2.1/os-keypairs/tempest-keypair-1587242584?user_id=5de89d74182f42b58646d33de0c5f1e6 1.965s
2025-04-25 02:33:11.489 70659 INFO tempest.lib.common.rest_client [req-fb0723f2-2ae4-4ea4-b158-d214328b4229 req-fb0723f2-2ae4-4ea4-b158-d214328b4229 ] Request (MultipleCreateNegativeTestJSON:tearDownClass): 204 DELETE http://10.180.1.21:9696/networking/v2.0/security-groups/91539e9c-d822-4a8b-b1d0-71b37a7f53ab 0.223s
2025-04-25 02:33:11.504 70663 INFO tempest.lib.common.rest_client [req-cb3fd9dc-0567-4018-b754-953fad8d246f req-cb3fd9dc-0567-4018-b754-953fad8d246f ] Request (HypervisorAdminTestJSON:test_get_hypervisor_show_details): 200 GET http://10.180.1.21/compute/v2.1/os-hypervisors 1.860s
2025-04-25 02:33:11.516 70621 INFO tempest.lib.common.rest_client [req-0aa055b3-b693-4c22-8724-29706bbf8a97 req-0aa055b3-b693-4c22-8724-29706bbf8a97 ] Request (FlavorsV255TestJSON:test_crud_flavor): 200 PUT http://10.180.1.21/compute/v2.1/flavors/591729968 1.909s
2025-04-25 02:33:11.543 70629 INFO tempest.lib.common.rest_client [req-97bb8228-a91a-411d-b7d6-394bbda09763 req-97bb8228-a91a-411d-b7d6-394bbda09763 ] Request (InstanceUsageAuditLogTestJSON:tearDownClass): 204 DELETE http://10.180.1.21/identity/v3/projects/f4f5f2252e2d45e89c2944d9937e259b 0.112s
2025-04-25 02:33:11.544 70629 INFO tempest.lib.common.dynamic_creds [-] Deleting project and security group for project: d44e9b882b764637bc02cbbaac3fddf3
2025-04-25 02:33:11.572 70659 INFO tempest.lib.common.rest_client [req-e32337fa-8418-42f1-9f77-d4ca789e0d44 req-e32337fa-8418-42f1-9f77-d4ca789e0d44 ] Request (MultipleCreateNegativeTestJSON:tearDownClass): 204 DELETE http://10.180.1.21/identity/v3/projects/50a4daee502e494f895a4093280fcb1f 0.082s
2025-04-25 02:33:11.646 70643 INFO tempest.lib.common.rest_client [req-3600ce4e-0622-46d1-9940-b5abb159d73a req-3600ce4e-0622-46d1-9940-b5abb159d73a ] Request (VolumesAssistedSnapshotsTest:setUpClass): 201 POST http://10.180.1.21:9696/networking/v2.0/networks 0.441s
2025-04-25 02:33:11.649 70659 INFO tempest.lib.common.rest_client [req-6bce7921-32f1-4512-b12d-f7bf2341b5fa req-6bce7921-32f1-4512-b12d-f7bf2341b5fa ] Request (ServersTestJSON:setUpClass): 201 POST http://10.180.1.21/identity/v3/auth/tokens 0.075s
2025-04-25 02:33:11.688 70635 INFO tempest.lib.common.rest_client [req-2cc549f6-ac0c-4ba4-bdbf-ee1a276132ed req-2cc549f6-ac0c-4ba4-bdbf-ee1a276132ed ] Request (AZAdminV2TestJSON:tearDownClass): 200 GET http://10.180.1.21:9696/networking/v2.0/security-groups?tenant_id=7e643fa5beed49ecbcb7ad7e76d24797&name=default 0.352s
2025-04-25 02:33:11.711 70659 INFO tempest.lib.common.rest_client [req-37060a0f-f62c-4deb-a0fd-0bfac0ac6884 req-37060a0f-f62c-4deb-a0fd-0bfac0ac6884 ] Request (ServersTestJSON:setUpClass): 201 POST http://10.180.1.21/identity/v3/auth/tokens 0.059s
2025-04-25 02:33:11.711 70645 INFO tempest.lib.common.rest_client [req-26b20824-9f1e-413e-b65a-0f8614c7de29 req-26b20824-9f1e-413e-b65a-0f8614c7de29 ] Request (QuotasAdminTestV257:test_get_updated_quotas): 200 GET http://10.180.1.21/compute/v2.1/os-quota-sets/04af8ca9eb734915a13fc95a7bf25eeb?user_id=db0c878247df45228048cc227d061f37 1.986s
2025-04-25 02:33:11.740 70661 INFO tempest.lib.common.rest_client [req-a25f70c7-7459-4081-b72c-6a6aca3106ee req-a25f70c7-7459-4081-b72c-6a6aca3106ee ] Request (ServicesAdminTestJSON:test_list_services): 200 GET http://10.180.1.21/compute/v2.1/os-services 1.795s
2025-04-25 02:33:11.758 70665 INFO tempest.lib.common.rest_client [req-5547661d-56bb-4b2d-b096-42bc0df6a53b req-5547661d-56bb-4b2d-b096-42bc0df6a53b ] Request (FlavorsExtraSpecsTestJSON:test_flavor_set_get_update_show_unset_keys): 200 GET http://10.180.1.21/compute/v2.1/flavors/1303214444/os-extra_specs 1.788s
2025-04-25 02:33:11.766 70659 INFO tempest.lib.common.rest_client [req-c41492f7-9c39-4b24-90b4-9b83fb1a8b65 req-c41492f7-9c39-4b24-90b4-9b83fb1a8b65 ] Request (ServersTestJSON:setUpClass): 200 GET http://10.180.1.21/identity/v3/domains?name=Default 0.055s
2025-04-25 02:33:11.769 70629 INFO tempest.lib.common.rest_client [req-bac59e1f-5b54-4dee-8b9e-cf977f22b0c2 req-bac59e1f-5b54-4dee-8b9e-cf977f22b0c2 ] Request (InstanceUsageAuditLogTestJSON:tearDownClass): 200 GET http://10.180.1.21:9696/networking/v2.0/security-groups?tenant_id=d44e9b882b764637bc02cbbaac3fddf3&name=default 0.225s
2025-04-25 02:33:11.802 70615 INFO tempest.lib.common.rest_client [req-637bd70b-00f8-48c5-bcc0-f5d3eac30233 req-637bd70b-00f8-48c5-bcc0-f5d3eac30233 ] Request (ServersTestBootFromVolume:setUpClass): 201 POST http://10.180.1.21:9696/networking/v2.0/security-group-rules 0.383s
2025-04-25 02:33:11.830 70645 INFO tempest.lib.common.rest_client [req-e002ca79-5642-46ac-9729-84837d26c4db req-e002ca79-5642-46ac-9729-84837d26c4db ] Request (QuotasAdminTestV257:_run_cleanups): 204 DELETE http://10.180.1.21/identity/v3/users/db0c878247df45228048cc227d061f37 0.115s
2025-04-25 02:33:11.903 70673 INFO tempest.lib.common.rest_client [req-d5cbfc09-16c7-4413-b5d9-b73152905f54 req-d5cbfc09-16c7-4413-b5d9-b73152905f54 ] Request (ServersTestJSON:setUpClass): 200 PUT http://10.180.1.21:9696/networking/v2.0/routers/6ee26493-9b18-433a-aa33-f1218066f30e/add_router_interface 2.825s
2025-04-25 02:33:11.903 70673 INFO tempest.lib.common.dynamic_creds [-] Created isolated network resources for: credentials: Credentials: {'domain_id': 'default', 'domain_name': 'Default', 'username': 'tempest-ServersTestJSON-1206130467-project-member', 'project_domain_id': 'default', 'project_domain_name': 'Default', 'project_id': '4ab1d655a5f0412689bc9f79619c38b0', 'project_name': 'tempest-ServersTestJSON-1206130467', 'tenant_id': '4ab1d655a5f0412689bc9f79619c38b0', 'tenant_name': 'tempest-ServersTestJSON-1206130467', 'user_domain_id': 'default', 'user_domain_name': 'Default', 'user_id': 'b447f9652b3f49c5a52cfc05248b89aa', 'system': None}, Network: {'id': '336ea8b0-e232-47af-8997-3593bc3665ad', 'name': 'tempest-ServersTestJSON-1563244558-network', 'tenant_id': '4ab1d655a5f0412689bc9f79619c38b0', 'admin_state_up': True, 'mtu': 8950, 'status': 'ACTIVE', 'subnets': [], 'shared': False, 'project_id': '4ab1d655a5f0412689bc9f79619c38b0', 'port_security_enabled': True, 'router:external': False, 'provider:network_type': 'vlan', 'provider:physical_network': 'default', 'provider:segmentation_id': 549, 'availability_zone_hints': [], 'availability_zones': [], 'ipv4_address_scope': None, 'ipv6_address_scope': None, 'description': '', 'tags': [], 'created_at': '2025-04-25T02:33:06Z', 'updated_at': '2025-04-25T02:33:06Z', 'revision_number': 1}, Subnet: {'id': '15d6104b-57bb-4c7c-bd3c-a1e37250967a', 'name': 'tempest-ServersTestJSON-1563244558-subnet', 'tenant_id': '4ab1d655a5f0412689bc9f79619c38b0', 'network_id': '336ea8b0-e232-47af-8997-3593bc3665ad', 'ip_version': 4, 'subnetpool_id': None, 'enable_dhcp': True, 'ipv6_ra_mode': None, 'ipv6_address_mode': None, 'gateway_ip': '192.168.128.1', 'cidr': '192.168.128.0/28', 'allocation_pools': [{'start': '192.168.128.2', 'end': '192.168.128.14'}], 'host_routes': [], 'dns_nameservers': [], 'description': '', 'router:external': False, 'service_types': [], 'tags': [], 'created_at': '2025-04-25T02:33:06Z', 'updated_at': '2025-04-25T02:33:06Z', 'revision_number': 0, 'project_id': '4ab1d655a5f0412689bc9f79619c38b0'}, Router: {'id': '6ee26493-9b18-433a-aa33-f1218066f30e', 'name': 'tempest-ServersTestJSON-1563244558-router', 'tenant_id': '4ab1d655a5f0412689bc9f79619c38b0', 'admin_state_up': True, 'status': 'ACTIVE', 'external_gateway_info': {'network_id': 'dbdbcb24-7160-410a-82d3-72f7320478b3', 'external_fixed_ips': [{'subnet_id': 'cf0c5beb-5c6d-415a-8000-e568eb2f3295', 'ip_address': '10.180.180.170'}], 'enable_snat': True}, 'description': '', 'availability_zones': [], 'distributed': False, 'ha': False, 'availability_zone_hints': [], 'routes': [], 'flavor_id': None, 'tags': [], 'created_at': '2025-04-25T02:33:07Z', 'updated_at': '2025-04-25T02:33:07Z', 'revision_number': 2, 'project_id': '4ab1d655a5f0412689bc9f79619c38b0'}
2025-04-25 02:33:11.917 70635 INFO tempest.lib.common.rest_client [req-888a782d-dc27-420b-b3c9-3e58f933d198 req-888a782d-dc27-420b-b3c9-3e58f933d198 ] Request (AZAdminV2TestJSON:tearDownClass): 204 DELETE http://10.180.1.21:9696/networking/v2.0/security-groups/84c037e9-1f7d-4c3f-ad02-3418d57f13f4 0.228s
2025-04-25 02:33:11.938 70661 INFO tempest.lib.common.rest_client [req-069ce826-00d4-4d17-b6b4-6c5df3eaff85 req-069ce826-00d4-4d17-b6b4-6c5df3eaff85 ] Request (ServicesAdminTestJSON:tearDownClass): 204 DELETE http://10.180.1.21/identity/v3/users/a51af79844c94c50b2c97d000d061bf6 0.190s
2025-04-25 02:33:11.945 70633 INFO tempest.lib.common.rest_client [req-96153bf0-82f0-4ece-bda9-1f0510ece48c req-96153bf0-82f0-4ece-bda9-1f0510ece48c ] Request (AggregatesAdminNegativeTestJSON:test_aggregate_add_existent_host): 200 POST http://10.180.1.21/compute/v2.1/os-aggregates/1/action 2.180s
2025-04-25 02:33:11.951 70637 INFO tempest.lib.common.rest_client [req-1fd0106a-90d4-4568-9dd5-2e5f9c4564e5 req-1fd0106a-90d4-4568-9dd5-2e5f9c4564e5 ] Request (InstanceUsageAuditLogNegativeTestJSON:test_instance_usage_audit_logs_with_nonadmin_user): 403 GET http://10.180.1.21/compute/v2.1/os-instance_usage_audit_log/2025-04-25%2002%3A33%3A10 1.864s
2025-04-25 02:33:11.956 70623 INFO tempest.lib.common.rest_client [req-c11fa3dc-d19d-4cbe-82cb-6bfa88bff222 req-c11fa3dc-d19d-4cbe-82cb-6bfa88bff222 ] Request (HostsAdminNegativeTestJSON:test_reboot_host_with_non_admin_user): 403 GET http://10.180.1.21/compute/v2.1/os-hosts/devstack/reboot 1.679s
2025-04-25 02:33:11.961 70649 INFO tempest.lib.common.rest_client [req-205cecfb-a960-476d-8a2b-c46c007ec424 req-205cecfb-a960-476d-8a2b-c46c007ec424 ] Request (FlavorsExtraSpecsNegativeTestJSON:test_flavor_non_admin_set_keys): 403 POST http://10.180.1.21/compute/v2.1/flavors/252017147/os-extra_specs 1.519s
2025-04-25 02:33:11.981 70629 INFO tempest.lib.common.rest_client [req-eac6a22b-b410-4402-9a03-0970ec537f7f req-eac6a22b-b410-4402-9a03-0970ec537f7f ] Request (InstanceUsageAuditLogTestJSON:tearDownClass): 204 DELETE http://10.180.1.21:9696/networking/v2.0/security-groups/f813e22a-bde2-4237-b3f4-fe17f9e8bcc3 0.212s
2025-04-25 02:33:12.002 70659 INFO tempest.lib.common.rest_client [req-c8b680a6-6690-45e3-baca-a1a757681920 req-c8b680a6-6690-45e3-baca-a1a757681920 ] Request (ServersTestJSON:setUpClass): 201 POST http://10.180.1.21/identity/v3/projects 0.235s
2025-04-25 02:33:12.024 70615 INFO tempest.lib.common.rest_client [req-f8f4541f-d834-46b5-b5be-41c9b5e8d56b req-f8f4541f-d834-46b5-b5be-41c9b5e8d56b ] Request (ServersTestBootFromVolume:setUpClass): 201 POST http://10.180.1.21:9696/networking/v2.0/security-group-rules 0.221s
2025-04-25 02:33:12.111 70645 INFO tempest.lib.common.rest_client [req-17797d15-0e39-44d2-9bc5-3d1849991fff req-17797d15-0e39-44d2-9bc5-3d1849991fff ] Request (QuotasAdminTestV257:_run_cleanups): 204 DELETE http://10.180.1.21/identity/v3/projects/04af8ca9eb734915a13fc95a7bf25eeb 0.280s
2025-04-25 02:33:12.123 70673 INFO tempest.lib.common.rest_client [req-e870fe61-5377-4010-80f9-b9ce28e1a18b req-e870fe61-5377-4010-80f9-b9ce28e1a18b ] Request (ServersTestJSON:setUpClass): 201 POST http://10.180.1.21/identity/v3/auth/tokens 0.217s
2025-04-25 02:33:12.125 70643 INFO tempest.lib.common.rest_client [req-2b5236b3-1e8d-4ab8-aebf-9402e68383b6 req-2b5236b3-1e8d-4ab8-aebf-9402e68383b6 ] Request (VolumesAssistedSnapshotsTest:setUpClass): 201 POST http://10.180.1.21:9696/networking/v2.0/subnets 0.479s
2025-04-25 02:33:12.206 70635 INFO tempest.lib.common.rest_client [req-01f187fd-4561-448a-9745-91b459135ec6 req-01f187fd-4561-448a-9745-91b459135ec6 ] Request (AZAdminV2TestJSON:tearDownClass): 204 DELETE http://10.180.1.21/identity/v3/projects/7e643fa5beed49ecbcb7ad7e76d24797 0.288s
2025-04-25 02:33:12.274 70661 INFO tempest.lib.common.rest_client [req-97b0ef68-77ed-4dad-a2f3-6ca194e16945 req-97b0ef68-77ed-4dad-a2f3-6ca194e16945 ] Request (ServicesAdminTestJSON:tearDownClass): 204 DELETE http://10.180.1.21/identity/v3/users/b154824f5ea847d7b724ad07533c433e 0.335s
2025-04-25 02:33:12.274 70661 INFO tempest.lib.common.dynamic_creds [-] Deleting project and security group for project: 62641af3f9c544e48229b80f2cfca9ad
2025-04-25 02:33:12.287 70627 INFO tempest.lib.common.rest_client [req-e04f570e-f8c8-4c99-bab8-10322d59ad57 req-e04f570e-f8c8-4c99-bab8-10322d59ad57 ] Request (QuotasAdminNegativeTest:test_create_server_when_cpu_quota_is_full): 403 POST http://10.180.1.21/compute/v2.1/servers 2.288s
2025-04-25 02:33:12.297 70637 INFO tempest.lib.common.rest_client [req-234a61fa-ffe2-4fbc-9ce5-5240ae97df4a req-234a61fa-ffe2-4fbc-9ce5-5240ae97df4a ] Request (InstanceUsageAuditLogNegativeTestJSON:tearDownClass): 204 DELETE http://10.180.1.21/identity/v3/users/9f1b84eec23f4373a8907ad8ae58b069 0.345s
2025-04-25 02:33:12.356 70659 INFO tempest.lib.common.rest_client [req-6d616132-1669-4dcf-9b6c-292626277870 req-6d616132-1669-4dcf-9b6c-292626277870 ] Request (ServersTestJSON:setUpClass): 201 POST http://10.180.1.21/identity/v3/users 0.353s
2025-04-25 02:33:12.389 70629 INFO tempest.lib.common.rest_client [req-7733aba2-b5d3-4745-9adb-66caa88e3492 req-7733aba2-b5d3-4745-9adb-66caa88e3492 ] Request (InstanceUsageAuditLogTestJSON:tearDownClass): 204 DELETE http://10.180.1.21/identity/v3/projects/d44e9b882b764637bc02cbbaac3fddf3 0.407s
2025-04-25 02:33:12.390 70629 INFO tempest.test [-] raised in LiveAutoBlockMigrationV225Test.setUpClass. Invoking tearDownClass.
2025-04-25 02:33:12.479 70645 INFO tempest.lib.common.rest_client [req-aad0eda5-8c6b-473e-87a5-3e99e106df77 req-aad0eda5-8c6b-473e-87a5-3e99e106df77 ] Request (QuotasAdminTestV257:tearDownClass): 204 DELETE http://10.180.1.21/identity/v3/users/a08092fd91974ace957708128cba7a40 0.361s
2025-04-25 02:33:12.530 70635 INFO tempest.lib.common.rest_client [req-e71eba89-05da-48fb-90b3-2f0626a07b78 req-e71eba89-05da-48fb-90b3-2f0626a07b78 ] Request (DeleteServersAdminTestJSON:setUpClass): 201 POST http://10.180.1.21/identity/v3/auth/tokens 0.320s
2025-04-25 02:33:12.536 70669 INFO tempest.lib.common.rest_client [req-0ad9df34-ec8e-4396-bf09-0e9b51311ba2 req-0ad9df34-ec8e-4396-bf09-0e9b51311ba2 ] Request (AttachInterfacesTestJSON:test_create_list_show_delete_interfaces_by_fixed_ip): 202 POST http://10.180.1.21/compute/v2.1/servers 1.976s
2025-04-25 02:33:12.536 70661 INFO tempest.lib.common.rest_client [req-423163ed-3213-44b2-8131-c37184d231d4 req-423163ed-3213-44b2-8131-c37184d231d4 ] Request (ServicesAdminTestJSON:tearDownClass): 201 POST http://10.180.1.21/identity/v3/auth/tokens 0.262s
2025-04-25 02:33:12.567 70659 INFO tempest.lib.common.rest_client [req-2bfd9316-7ad9-41de-a028-bc08991cc834 req-2bfd9316-7ad9-41de-a028-bc08991cc834 ] Request (ServersTestJSON:setUpClass): 200 GET http://10.180.1.21/identity/v3/roles 0.211s
2025-04-25 02:33:12.571 70641 INFO tempest.lib.common.rest_client [req-ed7113ba-c3bb-4328-8423-4b630c685141 req-ed7113ba-c3bb-4328-8423-4b630c685141 ] Request (FlavorsV261TestJSON:test_crud_flavor): 200 GET http://10.180.1.21/compute/v2.1/flavors/detail 1.734s
2025-04-25 02:33:12.638 70637 INFO tempest.lib.common.rest_client [req-e446f37f-bdc6-4fa4-bdb2-b364c73d7f7a req-e446f37f-bdc6-4fa4-bdb2-b364c73d7f7a ] Request (InstanceUsageAuditLogNegativeTestJSON:tearDownClass): 204 DELETE http://10.180.1.21/identity/v3/users/dead12aa56fb4b3d95560f0d75b574fe 0.340s
2025-04-25 02:33:12.638 70637 INFO tempest.lib.common.dynamic_creds [-] Deleting project and security group for project: dc569675c87e4414b75bcb50eb343103
2025-04-25 02:33:12.645 70629 INFO tempest.lib.common.rest_client [req-83625055-5515-424b-90a5-7f5547263e2e req-83625055-5515-424b-90a5-7f5547263e2e ] Request (ServerDiagnosticsV248Test:setUpClass): 201 POST http://10.180.1.21/identity/v3/auth/tokens 0.253s
2025-04-25 02:33:12.797 70645 INFO tempest.lib.common.rest_client [req-0d2b533d-9baa-4c9e-a54a-5325b8afa6c2 req-0d2b533d-9baa-4c9e-a54a-5325b8afa6c2 ] Request (QuotasAdminTestV257:tearDownClass): 204 DELETE http://10.180.1.21/identity/v3/users/fd8f2103adb342e6a56c6380b2949d62 0.317s
2025-04-25 02:33:12.797 70645 INFO tempest.lib.common.dynamic_creds [-] Deleting project and security group for project: 7b6e7023e80944a2a5197f72d1547bd8
2025-04-25 02:33:12.871 70625 INFO tempest.lib.common.rest_client [req-b9e188a7-fc9a-44dc-8277-ebd312ea6ce8 req-b9e188a7-fc9a-44dc-8277-ebd312ea6ce8 ] Request (FlavorsAccessTestJSON:test_flavor_access_add_remove): 200 POST http://10.180.1.21/compute/v2.1/flavors/742628113/action 2.310s
2025-04-25 02:33:12.877 70635 INFO tempest.lib.common.rest_client [req-3866c638-9a05-4749-8d75-ea5b4b612bd3 req-3866c638-9a05-4749-8d75-ea5b4b612bd3 ] Request (DeleteServersAdminTestJSON:setUpClass): 201 POST http://10.180.1.21/identity/v3/auth/tokens 0.345s
2025-04-25 02:33:12.900 70637 INFO tempest.lib.common.rest_client [req-c8fa1216-3fca-489a-a2e8-a88e46395086 req-c8fa1216-3fca-489a-a2e8-a88e46395086 ] Request (InstanceUsageAuditLogNegativeTestJSON:tearDownClass): 201 POST http://10.180.1.21/identity/v3/auth/tokens 0.262s
2025-04-25 02:33:12.905 70611 INFO tempest.lib.common.rest_client [req-a2de02c3-bbfa-4431-bc92-f5297894b750 req-a2de02c3-bbfa-4431-bc92-f5297894b750 ] Request (FlavorMetadataValidation:_run_cleanups): 200 GET http://10.180.1.21/compute/v2.1/flavors/detail 1.749s
2025-04-25 02:33:12.923 70615 INFO tempest.lib.common.rest_client [req-b1ac1cb9-b0c9-4478-924f-e532d5510d62 req-b1ac1cb9-b0c9-4478-924f-e532d5510d62 ] Request (ServersTestBootFromVolume:setUpClass): 201 POST http://10.180.1.21:9696/networking/v2.0/floatingips 0.899s
2025-04-25 02:33:12.925 70619 INFO tempest.lib.common.rest_client [req-09c5d345-58f6-4f12-a256-723f1b777cc7 req-09c5d345-58f6-4f12-a256-723f1b777cc7 ] Request (FlavorsAdminTestJSON:test_create_flavor_verify_entry_in_list_details): 200 POST http://10.180.1.21/compute/v2.1/flavors 1.620s
2025-04-25 02:33:12.926 70629 INFO tempest.lib.common.rest_client [req-568d1ca4-a3b3-428f-bec4-75767af35da6 req-568d1ca4-a3b3-428f-bec4-75767af35da6 ] Request (ServerDiagnosticsV248Test:setUpClass): 201 POST http://10.180.1.21/identity/v3/auth/tokens 0.277s
2025-04-25 02:33:12.936 70648 INFO tempest.lib.common.rest_client [req-6dd618f4-a05b-45d1-a757-923d3cfb14f1 req-6dd618f4-a05b-45d1-a757-923d3cfb14f1 ] Request (VolumesAdminNegativeTest:setUpClass): 200 PUT http://10.180.1.21:9696/networking/v2.0/routers/7e43ffef-d9a0-4748-8d2e-f54959b2f03f/add_router_interface 2.006s
2025-04-25 02:33:12.936 70648 INFO tempest.lib.common.dynamic_creds [-] Created isolated network resources for: credentials: Credentials: {'domain_id': 'default', 'domain_name': 'Default', 'username': 'tempest-VolumesAdminNegativeTest-1117785024-project-member', 'project_domain_id': 'default', 'project_domain_name': 'Default', 'project_id': 'f0d06e3c941b4f648b9232469091eb26', 'project_name': 'tempest-VolumesAdminNegativeTest-1117785024', 'tenant_id': 'f0d06e3c941b4f648b9232469091eb26', 'tenant_name': 'tempest-VolumesAdminNegativeTest-1117785024', 'user_domain_id': 'default', 'user_domain_name': 'Default', 'user_id': 'ce8c426f287c4e968a6e15071878f915', 'system': None}, Network: {'id': '8015371b-25b7-47fd-9c7c-eb131975be35', 'name': 'tempest-VolumesAdminNegativeTest-1171483582-network', 'tenant_id': 'f0d06e3c941b4f648b9232469091eb26', 'admin_state_up': True, 'mtu': 8950, 'status': 'ACTIVE', 'subnets': [], 'shared': False, 'project_id': 'f0d06e3c941b4f648b9232469091eb26', 'port_security_enabled': True, 'router:external': False, 'provider:network_type': 'vlan', 'provider:physical_network': 'default', 'provider:segmentation_id': 714, 'availability_zone_hints': [], 'availability_zones': [], 'ipv4_address_scope': None, 'ipv6_address_scope': None, 'description': '', 'tags': [], 'created_at': '2025-04-25T02:33:08Z', 'updated_at': '2025-04-25T02:33:08Z', 'revision_number': 1}, Subnet: {'id': 'c773631b-c851-4246-a1f7-4a4a55f8abc4', 'name': 'tempest-VolumesAdminNegativeTest-1171483582-subnet', 'tenant_id': 'f0d06e3c941b4f648b9232469091eb26', 'network_id': '8015371b-25b7-47fd-9c7c-eb131975be35', 'ip_version': 4, 'subnetpool_id': None, 'enable_dhcp': True, 'ipv6_ra_mode': None, 'ipv6_address_mode': None, 'gateway_ip': '192.168.128.1', 'cidr': '192.168.128.0/28', 'allocation_pools': [{'start': '192.168.128.2', 'end': '192.168.128.14'}], 'host_routes': [], 'dns_nameservers': [], 'description': '', 'router:external': False, 'service_types': [], 'tags': [], 'created_at': '2025-04-25T02:33:08Z', 'updated_at': '2025-04-25T02:33:08Z', 'revision_number': 0, 'project_id': 'f0d06e3c941b4f648b9232469091eb26'}, Router: {'id': '7e43ffef-d9a0-4748-8d2e-f54959b2f03f', 'name': 'tempest-VolumesAdminNegativeTest-1171483582-router', 'tenant_id': 'f0d06e3c941b4f648b9232469091eb26', 'admin_state_up': True, 'status': 'ACTIVE', 'external_gateway_info': {'network_id': 'dbdbcb24-7160-410a-82d3-72f7320478b3', 'external_fixed_ips': [{'subnet_id': 'cf0c5beb-5c6d-415a-8000-e568eb2f3295', 'ip_address': '10.180.180.221'}], 'enable_snat': True}, 'description': '', 'availability_zones': [], 'distributed': False, 'ha': False, 'availability_zone_hints': [], 'routes': [], 'flavor_id': None, 'tags': [], 'created_at': '2025-04-25T02:33:08Z', 'updated_at': '2025-04-25T02:33:09Z', 'revision_number': 2, 'project_id': 'f0d06e3c941b4f648b9232469091eb26'}
2025-04-25 02:33:12.941 70659 INFO tempest.lib.common.rest_client [req-a40ad98a-1587-4141-83d6-3de8fc31fd29 req-a40ad98a-1587-4141-83d6-3de8fc31fd29 ] Request (ServersTestJSON:setUpClass): 204 PUT http://10.180.1.21/identity/v3/projects/f5e07eb8fe4749b09d15da58bda3328c/users/dc2d2c66ac0f4b3cb12ab36cd70ca186/roles/ae23f7de4f004ec6bb85bcb629b6afb2 0.373s
2025-04-25 02:33:12.942 70659 INFO tempest.lib.common.dynamic_creds [-] Dynamic test user dc2d2c66ac0f4b3cb12ab36cd70ca186 is created with scope project and roles: ['member']
2025-04-25 02:33:12.942 70659 INFO tempest.lib.common.dynamic_creds [-] Acquired dynamic creds: credentials: Credentials: {'domain_id': 'default', 'domain_name': 'Default', 'username': 'tempest-ServersTestJSON-357391558-project-member', 'project_domain_id': 'default', 'project_domain_name': 'Default', 'project_id': 'f5e07eb8fe4749b09d15da58bda3328c', 'project_name': 'tempest-ServersTestJSON-357391558', 'tenant_id': 'f5e07eb8fe4749b09d15da58bda3328c', 'tenant_name': 'tempest-ServersTestJSON-357391558', 'user_domain_id': 'default', 'user_domain_name': 'Default', 'user_id': 'dc2d2c66ac0f4b3cb12ab36cd70ca186', 'system': None}, Network: None, Subnet: None, Router: None
2025-04-25 02:33:12.999 70645 INFO tempest.lib.common.rest_client [req-08da5faf-bec8-47d8-b8f0-6aecbf61630b req-08da5faf-bec8-47d8-b8f0-6aecbf61630b ] Request (QuotasAdminTestV257:tearDownClass): 201 POST http://10.180.1.21/identity/v3/auth/tokens 0.201s
2025-04-25 02:33:13.023 70635 INFO tempest.lib.common.rest_client [req-3bdb6d64-77d9-45c6-aa78-94eee4808e47 req-3bdb6d64-77d9-45c6-aa78-94eee4808e47 ] Request (DeleteServersAdminTestJSON:setUpClass): 200 GET http://10.180.1.21/identity/v3/domains?name=Default 0.144s
2025-04-25 02:33:13.090 70611 INFO tempest.lib.common.rest_client [req-609a70ce-cacc-46db-a72e-1fa4f8b3cf1a req-609a70ce-cacc-46db-a72e-1fa4f8b3cf1a ] Request (FlavorMetadataValidation:tearDownClass): 204 DELETE http://10.180.1.21/identity/v3/users/649e3668a70b43e1a24bf4e6f09e3a01 0.171s
2025-04-25 02:33:13.092 70615 INFO tempest.lib.common.rest_client [req-5aac0822-90c5-44cb-81ef-808fd1ff826f req-5aac0822-90c5-44cb-81ef-808fd1ff826f ] Request (ServersTestBootFromVolume:setUpClass): 201 POST http://10.180.1.21/identity/v3/auth/tokens 0.165s
2025-04-25 02:33:13.092 70615 INFO tempest.lib.common.fixed_network [-] (ServersTestBootFromVolume:setUpClass) Found network {'id': '40ddca60-214f-4284-9e9f-c614901f0c1b', 'name': 'tempest-ServersTestBootFromVolume-759203080-network', 'tenant_id': 'a2433d6a5bc3471695c3896c307f4de4', 'admin_state_up': True, 'mtu': 8950, 'status': 'ACTIVE', 'subnets': [], 'shared': False, 'project_id': 'a2433d6a5bc3471695c3896c307f4de4', 'port_security_enabled': True, 'router:external': False, 'provider:network_type': 'vlan', 'provider:physical_network': 'default', 'provider:segmentation_id': 61, 'availability_zone_hints': [], 'availability_zones': [], 'ipv4_address_scope': None, 'ipv6_address_scope': None, 'description': '', 'tags': [], 'created_at': '2025-04-25T02:33:05Z', 'updated_at': '2025-04-25T02:33:05Z', 'revision_number': 1} available for tenant
2025-04-25 02:33:13.151 70629 INFO tempest.lib.common.rest_client [req-04bad544-2700-40b7-8cd3-1a7cbcd1c14d req-04bad544-2700-40b7-8cd3-1a7cbcd1c14d ] Request (ServerDiagnosticsV248Test:setUpClass): 200 GET http://10.180.1.21/identity/v3/domains?name=Default 0.223s
2025-04-25 02:33:13.163 70648 INFO tempest.lib.common.rest_client [req-745dd594-a091-44ed-8533-0645ce7cebb1 req-745dd594-a091-44ed-8533-0645ce7cebb1 ] Request (VolumesAdminNegativeTest:setUpClass): 201 POST http://10.180.1.21/identity/v3/auth/tokens 0.224s
2025-04-25 02:33:13.173 70659 INFO tempest.lib.common.rest_client [req-04c624d5-06a0-4806-8021-37475c4d01ad req-04c624d5-06a0-4806-8021-37475c4d01ad ] Request (ServersTestJSON:setUpClass): 201 POST http://10.180.1.21/identity/v3/auth/tokens 0.230s
2025-04-25 02:33:13.202 70635 INFO tempest.lib.common.rest_client [req-9c93fa88-5bb9-4bb2-8378-365ba2b25dd3 req-9c93fa88-5bb9-4bb2-8378-365ba2b25dd3 ] Request (DeleteServersAdminTestJSON:setUpClass): 201 POST http://10.180.1.21/identity/v3/projects 0.179s
2025-04-25 02:33:13.227 70667 INFO tempest.lib.common.rest_client [req-b57a7d23-1815-4d2f-811f-27b18854b524 req-b57a7d23-1815-4d2f-811f-27b18854b524 ] Request (ImagesMetadataTestJSON:test_delete_image_metadata_item): 204 DELETE http://10.180.1.21/compute/v2.1/images/b20e1a25-f50e-4d57-857a-bdb11134847f/metadata/os_version 1.862s
2025-04-25 02:33:13.278 70629 INFO tempest.lib.common.rest_client [req-0a941bbf-89af-4f65-a4b0-54ce2bbc2d72 req-0a941bbf-89af-4f65-a4b0-54ce2bbc2d72 ] Request (ServerDiagnosticsV248Test:setUpClass): 201 POST http://10.180.1.21/identity/v3/projects 0.126s
2025-04-25 02:33:13.329 70661 INFO tempest.lib.common.rest_client [req-863cf9ba-721a-4241-ae0a-73d943799416 req-863cf9ba-721a-4241-ae0a-73d943799416 ] Request (ServicesAdminTestJSON:tearDownClass): 200 GET http://10.180.1.21:9696/networking/v2.0/security-groups?tenant_id=62641af3f9c544e48229b80f2cfca9ad&name=default 0.793s
2025-04-25 02:33:13.331 70611 INFO tempest.lib.common.rest_client [req-d9ed97b7-037c-46e4-a6a3-301a39346706 req-d9ed97b7-037c-46e4-a6a3-301a39346706 ] Request (FlavorMetadataValidation:tearDownClass): 204 DELETE http://10.180.1.21/identity/v3/users/9173861f0fc040fbb1f92267417545c9 0.240s
2025-04-25 02:33:13.331 70611 INFO tempest.lib.common.dynamic_creds [-] Deleting project and security group for project: cb86ce63f145458b8066a7d88c84fa63
2025-04-25 02:33:13.353 70648 INFO tempest.lib.common.rest_client [req-9b352bb0-8e45-4fa2-b805-c44270d559ef req-9b352bb0-8e45-4fa2-b805-c44270d559ef ] Request (VolumesAdminNegativeTest:setUpClass): 201 POST http://10.180.1.21/identity/v3/projects 0.190s
2025-04-25 02:33:13.354 70637 INFO tempest.lib.common.rest_client [req-fcf532bd-665c-4270-8ef4-9f71d998fe5e req-fcf532bd-665c-4270-8ef4-9f71d998fe5e ] Request (InstanceUsageAuditLogNegativeTestJSON:tearDownClass): 200 GET http://10.180.1.21:9696/networking/v2.0/security-groups?tenant_id=dc569675c87e4414b75bcb50eb343103&name=default 0.453s
2025-04-25 02:33:13.417 70635 INFO tempest.lib.common.rest_client [req-2f066a86-bd85-4122-9b76-cb41753f9a85 req-2f066a86-bd85-4122-9b76-cb41753f9a85 ] Request (DeleteServersAdminTestJSON:setUpClass): 201 POST http://10.180.1.21/identity/v3/users 0.214s
2025-04-25 02:33:13.501 70645 INFO tempest.lib.common.rest_client [req-1f0d398d-5427-4625-9b53-a5471df766ec req-1f0d398d-5427-4625-9b53-a5471df766ec ] Request (QuotasAdminTestV257:tearDownClass): 200 GET http://10.180.1.21:9696/networking/v2.0/security-groups?tenant_id=7b6e7023e80944a2a5197f72d1547bd8&name=default 0.501s
2025-04-25 02:33:13.516 70629 INFO tempest.lib.common.rest_client [req-c4e35c76-5255-4c85-a434-aafa442b0190 req-c4e35c76-5255-4c85-a434-aafa442b0190 ] Request (ServerDiagnosticsV248Test:setUpClass): 201 POST http://10.180.1.21/identity/v3/users 0.238s
2025-04-25 02:33:13.528 70643 INFO tempest.lib.common.rest_client [req-715ed05d-8b4f-4b45-8b47-ad68c27b8451 req-715ed05d-8b4f-4b45-8b47-ad68c27b8451 ] Request (VolumesAssistedSnapshotsTest:setUpClass): 201 POST http://10.180.1.21:9696/networking/v2.0/routers 1.402s
2025-04-25 02:33:13.539 70611 INFO tempest.lib.common.rest_client [req-e1a0e214-2efa-4813-8997-f2518f751f43 req-e1a0e214-2efa-4813-8997-f2518f751f43 ] Request (FlavorMetadataValidation:tearDownClass): 201 POST http://10.180.1.21/identity/v3/auth/tokens 0.207s
2025-04-25 02:33:13.559 70635 INFO tempest.lib.common.rest_client [req-17aa11eb-b731-431c-9cac-8b0c4ff04685 req-17aa11eb-b731-431c-9cac-8b0c4ff04685 ] Request (DeleteServersAdminTestJSON:setUpClass): 200 GET http://10.180.1.21/identity/v3/roles 0.141s
2025-04-25 02:33:13.562 70613 INFO tempest.lib.common.rest_client [req-68ce16d2-7494-425c-a03d-50408979ce95 req-68ce16d2-7494-425c-a03d-50408979ce95 ] Request (ServersWithSpecificFlavorTestJSON:test_verify_created_server_ephemeral_disk): 200 GET http://10.180.1.21/compute/v2.1/flavors/42 2.150s
2025-04-25 02:33:13.565 70648 INFO tempest.lib.common.rest_client [req-49ca7e09-078d-429b-b16f-d8944ab6955b req-49ca7e09-078d-429b-b16f-d8944ab6955b ] Request (VolumesAdminNegativeTest:setUpClass): 201 POST http://10.180.1.21/identity/v3/users 0.211s
2025-04-25 02:33:13.566 70661 INFO tempest.lib.common.rest_client [req-434443cc-6411-427e-af53-3c419126ca73 req-434443cc-6411-427e-af53-3c419126ca73 ] Request (ServicesAdminTestJSON:tearDownClass): 204 DELETE http://10.180.1.21:9696/networking/v2.0/security-groups/f0968bc0-8041-4d6f-9a2b-fb9ce595a214 0.236s
2025-04-25 02:33:13.584 70629 INFO tempest.lib.common.rest_client [req-d1420154-819f-42b2-8fcf-f49b8a4f9147 req-d1420154-819f-42b2-8fcf-f49b8a4f9147 ] Request (ServerDiagnosticsV248Test:setUpClass): 200 GET http://10.180.1.21/identity/v3/roles 0.067s
2025-04-25 02:33:13.595 70651 INFO tempest.lib.common.rest_client [req-75ebfc2a-a430-4a5e-a850-000265d0e9be req-75ebfc2a-a430-4a5e-a850-000265d0e9be ] Request (HostsAdminTestJSON:test_list_hosts_with_nonexistent_zone): 200 GET http://10.180.1.21/compute/v2.1/os-hosts?zone=xxx 2.118s
2025-04-25 02:33:13.618 70635 INFO tempest.lib.common.rest_client [req-0dcaf6a8-334a-4763-b20e-1e99ee42b79f req-0dcaf6a8-334a-4763-b20e-1e99ee42b79f ] Request (DeleteServersAdminTestJSON:setUpClass): 204 PUT http://10.180.1.21/identity/v3/projects/964b3421e2534e40a0a7e12b471de25b/users/23dfe4a830f74b13a221ceeb267fb116/roles/ae23f7de4f004ec6bb85bcb629b6afb2 0.059s
2025-04-25 02:33:13.619 70635 INFO tempest.lib.common.dynamic_creds [-] Dynamic test user 23dfe4a830f74b13a221ceeb267fb116 is created with scope project and roles: ['member']
2025-04-25 02:33:13.619 70635 INFO tempest.lib.common.dynamic_creds [-] Acquired dynamic creds: credentials: Credentials: {'domain_id': 'default', 'domain_name': 'Default', 'username': 'tempest-DeleteServersAdminTestJSON-1239410168-project-member', 'project_domain_id': 'default', 'project_domain_name': 'Default', 'project_id': '964b3421e2534e40a0a7e12b471de25b', 'project_name': 'tempest-DeleteServersAdminTestJSON-1239410168', 'tenant_id': '964b3421e2534e40a0a7e12b471de25b', 'tenant_name': 'tempest-DeleteServersAdminTestJSON-1239410168', 'user_domain_id': 'default', 'user_domain_name': 'Default', 'user_id': '23dfe4a830f74b13a221ceeb267fb116', 'system': None}, Network: None, Subnet: None, Router: None
2025-04-25 02:33:13.619 70635 INFO tempest.lib.common.dynamic_creds [-] Created isolated network resources for: credentials: Credentials: {'domain_id': 'default', 'domain_name': 'Default', 'username': 'tempest-DeleteServersAdminTestJSON-1239410168-project-member', 'project_domain_id': 'default', 'project_domain_name': 'Default', 'project_id': '964b3421e2534e40a0a7e12b471de25b', 'project_name': 'tempest-DeleteServersAdminTestJSON-1239410168', 'tenant_id': '964b3421e2534e40a0a7e12b471de25b', 'tenant_name': 'tempest-DeleteServersAdminTestJSON-1239410168', 'user_domain_id': 'default', 'user_domain_name': 'Default', 'user_id': '23dfe4a830f74b13a221ceeb267fb116', 'system': None}, Network: None, Subnet: None, Router: None
2025-04-25 02:33:13.623 70637 INFO tempest.lib.common.rest_client [req-10d90ba3-6e71-4e4a-83ee-82f0b4566e70 req-10d90ba3-6e71-4e4a-83ee-82f0b4566e70 ] Request (InstanceUsageAuditLogNegativeTestJSON:tearDownClass): 204 DELETE http://10.180.1.21:9696/networking/v2.0/security-groups/cd9ff85a-c4fc-4f95-9e12-90bbe8eb88e6 0.268s
2025-04-25 02:33:13.654 70631 INFO tempest.lib.common.rest_client [req-9d18480b-6607-4321-94ca-160edac75cef req-9d18480b-6607-4321-94ca-160edac75cef ] Request (KeyPairsV210TestJSON:test_admin_manage_keypairs_for_other_users): 201 POST http://10.180.1.21/compute/v2.1/os-keypairs 2.164s
2025-04-25 02:33:13.678 70663 INFO tempest.lib.common.rest_client [req-b82c527b-081b-430f-8c66-15376e616ea9 req-b82c527b-081b-430f-8c66-15376e616ea9 ] Request (HypervisorAdminTestJSON:test_get_hypervisor_show_details): 200 GET http://10.180.1.21/compute/v2.1/os-hypervisors/1 2.172s
2025-04-25 02:33:13.723 70621 INFO tempest.lib.common.rest_client [req-6e56aa22-8166-4c97-8bea-6437d5b9b1ed req-6e56aa22-8166-4c97-8bea-6437d5b9b1ed ] Request (FlavorsV255TestJSON:test_crud_flavor): 200 GET http://10.180.1.21/compute/v2.1/flavors/detail 2.204s
2025-04-25 02:33:13.756 70665 INFO tempest.lib.common.rest_client [req-3f9e30ed-7d16-4326-9833-eded842c9eb7 req-3f9e30ed-7d16-4326-9833-eded842c9eb7 ] Request (FlavorsExtraSpecsTestJSON:test_flavor_set_get_update_show_unset_keys): 200 PUT http://10.180.1.21/compute/v2.1/flavors/1303214444/os-extra_specs/hw:numa_nodes 1.997s
2025-04-25 02:33:13.806 70648 INFO tempest.lib.common.rest_client [req-2b189b44-801b-46d6-bad1-539e371a20c7 req-2b189b44-801b-46d6-bad1-539e371a20c7 ] Request (VolumesAdminNegativeTest:setUpClass): 200 GET http://10.180.1.21/identity/v3/roles 0.240s
2025-04-25 02:33:13.831 70661 INFO tempest.lib.common.rest_client [req-31f543bc-0cfd-46a3-a500-f93fc9f3a2b6 req-31f543bc-0cfd-46a3-a500-f93fc9f3a2b6 ] Request (ServicesAdminTestJSON:tearDownClass): 204 DELETE http://10.180.1.21/identity/v3/projects/62641af3f9c544e48229b80f2cfca9ad 0.265s
2025-04-25 02:33:13.832 70661 INFO tempest.lib.common.dynamic_creds [-] Deleting project and security group for project: 87aaf62cf2e14d0b97a73fff0cc4c688
2025-04-25 02:33:13.841 70645 INFO tempest.lib.common.rest_client [req-249b2496-bafe-4e0a-842e-1ac94611a68b req-249b2496-bafe-4e0a-842e-1ac94611a68b ] Request (QuotasAdminTestV257:tearDownClass): 204 DELETE http://10.180.1.21:9696/networking/v2.0/security-groups/aad5bb01-6a68-4ebb-95f9-d64816ad60f1 0.338s
2025-04-25 02:33:13.874 70629 INFO tempest.lib.common.rest_client [req-68b955f0-c839-46e3-9f76-00c479836199 req-68b955f0-c839-46e3-9f76-00c479836199 ] Request (ServerDiagnosticsV248Test:setUpClass): 204 PUT http://10.180.1.21/identity/v3/projects/c77e4bbfab3c46d99601c74ba7c6aa7d/users/1b10d513c92b45248502eefc0611185a/roles/ae23f7de4f004ec6bb85bcb629b6afb2 0.290s
2025-04-25 02:33:13.874 70629 INFO tempest.lib.common.dynamic_creds [-] Dynamic test user 1b10d513c92b45248502eefc0611185a is created with scope project and roles: ['member']
2025-04-25 02:33:13.874 70629 INFO tempest.lib.common.dynamic_creds [-] Acquired dynamic creds: credentials: Credentials: {'domain_id': 'default', 'domain_name': 'Default', 'username': 'tempest-ServerDiagnosticsV248Test-1892644530-project-member', 'project_domain_id': 'default', 'project_domain_name': 'Default', 'project_id': 'c77e4bbfab3c46d99601c74ba7c6aa7d', 'project_name': 'tempest-ServerDiagnosticsV248Test-1892644530', 'tenant_id': 'c77e4bbfab3c46d99601c74ba7c6aa7d', 'tenant_name': 'tempest-ServerDiagnosticsV248Test-1892644530', 'user_domain_id': 'default', 'user_domain_name': 'Default', 'user_id': '1b10d513c92b45248502eefc0611185a', 'system': None}, Network: None, Subnet: None, Router: None
2025-04-25 02:33:13.874 70629 INFO tempest.lib.common.dynamic_creds [-] Created isolated network resources for: credentials: Credentials: {'domain_id': 'default', 'domain_name': 'Default', 'username': 'tempest-ServerDiagnosticsV248Test-1892644530-project-member', 'project_domain_id': 'default', 'project_domain_name': 'Default', 'project_id': 'c77e4bbfab3c46d99601c74ba7c6aa7d', 'project_name': 'tempest-ServerDiagnosticsV248Test-1892644530', 'tenant_id': 'c77e4bbfab3c46d99601c74ba7c6aa7d', 'tenant_name': 'tempest-ServerDiagnosticsV248Test-1892644530', 'user_domain_id': 'default', 'user_domain_name': 'Default', 'user_id': '1b10d513c92b45248502eefc0611185a', 'system': None}, Network: None, Subnet: None, Router: None
2025-04-25 02:33:13.913 70637 INFO tempest.lib.common.rest_client [req-679902ba-a511-419f-8623-e0e85957edc4 req-679902ba-a511-419f-8623-e0e85957edc4 ] Request (InstanceUsageAuditLogNegativeTestJSON:tearDownClass): 204 DELETE http://10.180.1.21/identity/v3/projects/dc569675c87e4414b75bcb50eb343103 0.290s
2025-04-25 02:33:13.914 70637 INFO tempest.lib.common.dynamic_creds [-] Deleting project and security group for project: 503a21aa19394260ba35555fc73d70f7
2025-04-25 02:33:13.959 70635 INFO tempest.lib.common.rest_client [req-b5154bf1-3060-424e-90ac-f97741ee4994 req-b5154bf1-3060-424e-90ac-f97741ee4994 ] Request (DeleteServersAdminTestJSON:setUpClass): 201 POST http://10.180.1.21/identity/v3/auth/tokens 0.333s
