2025-04-25 02:33:47.554 70665 INFO tempest.lib.common.rest_client [req-909c7305-e92b-4dc2-8ecc-650bdd6a0583 req-909c7305-e92b-4dc2-8ecc-650bdd6a0583 ] Request (SecurityGroupsTestJSON:setUpClass): 201 POST http://10.180.1.21/identity/v3/users 0.093s
2025-04-25 02:33:47.594 70665 INFO tempest.lib.common.rest_client [req-63596412-eb21-4f68-83f2-f77cabefafa3 req-63596412-eb21-4f68-83f2-f77cabefafa3 ] Request (SecurityGroupsTestJSON:setUpClass): 200 GET http://10.180.1.21/identity/v3/roles 0.039s
2025-04-25 02:33:47.649 70665 INFO tempest.lib.common.rest_client [req-4e0a8fc3-33bf-40ba-9ed7-9dd46d686c74 req-4e0a8fc3-33bf-40ba-9ed7-9dd46d686c74 ] Request (SecurityGroupsTestJSON:setUpClass): 204 PUT http://10.180.1.21/identity/v3/projects/fc27511d2fb14673b3460cb79d17fa1b/users/d654befd7c924388ab23b2c4a776639c/roles/ae23f7de4f004ec6bb85bcb629b6afb2 0.054s
2025-04-25 02:33:47.650 70665 INFO tempest.lib.common.dynamic_creds [-] Dynamic test user d654befd7c924388ab23b2c4a776639c is created with scope project and roles: ['member']
2025-04-25 02:33:47.650 70665 INFO tempest.lib.common.dynamic_creds [-] Acquired dynamic creds: credentials: Credentials: {'domain_id': 'default', 'domain_name': 'Default', 'username': 'tempest-SecurityGroupsTestJSON-603580516-project-member', 'project_domain_id': 'default', 'project_domain_name': 'Default', 'project_id': 'fc27511d2fb14673b3460cb79d17fa1b', 'project_name': 'tempest-SecurityGroupsTestJSON-603580516', 'tenant_id': 'fc27511d2fb14673b3460cb79d17fa1b', 'tenant_name': 'tempest-SecurityGroupsTestJSON-603580516', 'user_domain_id': 'default', 'user_domain_name': 'Default', 'user_id': 'd654befd7c924388ab23b2c4a776639c', 'system': None}, Network: None, Subnet: None, Router: None
2025-04-25 02:33:47.755 70665 INFO tempest.lib.common.rest_client [req-9ceb6032-2624-45cf-b27b-fbc45eb77cea req-9ceb6032-2624-45cf-b27b-fbc45eb77cea ] Request (SecurityGroupsTestJSON:setUpClass): 201 POST http://10.180.1.21/identity/v3/auth/tokens 0.105s
2025-04-25 02:33:47.877 70655 INFO tempest.lib.common.rest_client [req-2a141f9e-6da2-4310-957c-927a78496917 req-2a141f9e-6da2-4310-957c-927a78496917 ] Request (FloatingIPsAssociationNegativeTestJSON:test_associate_ip_to_server_with_floating_ip): 400 POST http://10.180.1.21/compute/v2.1/servers/be317dea-3a7b-4856-8e39-0af015f515ec/action 2.978s
2025-04-25 02:33:47.909 70649 INFO tempest.lib.common.rest_client [req-9770664f-0f0c-47f7-b44f-c25a60217992 req-9770664f-0f0c-47f7-b44f-c25a60217992 ] Request (ServerActionsTestJSON:setUpClass): 201 POST http://10.180.1.21:9696/networking/v2.0/security-group-rules 0.361s
2025-04-25 02:33:47.984 70663 INFO tempest.lib.common.rest_client [req-6afbeb25-6350-4d2c-b568-597232090488 req-6afbeb25-6350-4d2c-b568-597232090488 ] Request (ServersTestManualDisk:setUpClass): 200 PUT http://10.180.1.21:9696/networking/v2.0/routers/1ba95aa0-2c63-4b8e-a1c5-f2968870c6ce/add_router_interface 2.955s
2025-04-25 02:33:47.985 70663 INFO tempest.lib.common.dynamic_creds [-] Created isolated network resources for: credentials: Credentials: {'domain_id': 'default', 'domain_name': 'Default', 'username': 'tempest-ServersTestManualDisk-1622628182-project-member', 'project_domain_id': 'default', 'project_domain_name': 'Default', 'project_id': 'f7ab6bcef0a44b0f820b3e9a1a43f09b', 'project_name': 'tempest-ServersTestManualDisk-1622628182', 'tenant_id': 'f7ab6bcef0a44b0f820b3e9a1a43f09b', 'tenant_name': 'tempest-ServersTestManualDisk-1622628182', 'user_domain_id': 'default', 'user_domain_name': 'Default', 'user_id': '564a65a5184442c3a87af50b3f3e1928', 'system': None}, Network: {'id': 'd345fb57-3f03-412e-8a52-c32b2927c38a', 'name': 'tempest-ServersTestManualDisk-950642374-network', 'tenant_id': 'f7ab6bcef0a44b0f820b3e9a1a43f09b', 'admin_state_up': True, 'mtu': 8950, 'status': 'ACTIVE', 'subnets': [], 'shared': False, 'project_id': 'f7ab6bcef0a44b0f820b3e9a1a43f09b', 'port_security_enabled': True, 'router:external': False, 'provider:network_type': 'vlan', 'provider:physical_network': 'default', 'provider:segmentation_id': 432, 'availability_zone_hints': [], 'availability_zones': [], 'ipv4_address_scope': None, 'ipv6_address_scope': None, 'description': '', 'tags': [], 'created_at': '2025-04-25T02:33:41Z', 'updated_at': '2025-04-25T02:33:41Z', 'revision_number': 1}, Subnet: {'id': 'be537858-0d79-4110-8d78-91f56a0b99e2', 'name': 'tempest-ServersTestManualDisk-950642374-subnet', 'tenant_id': 'f7ab6bcef0a44b0f820b3e9a1a43f09b', 'network_id': 'd345fb57-3f03-412e-8a52-c32b2927c38a', 'ip_version': 4, 'subnetpool_id': None, 'enable_dhcp': True, 'ipv6_ra_mode': None, 'ipv6_address_mode': None, 'gateway_ip': '192.168.128.1', 'cidr': '192.168.128.0/28', 'allocation_pools': [{'start': '192.168.128.2', 'end': '192.168.128.14'}], 'host_routes': [], 'dns_nameservers': [], 'description': '', 'router:external': False, 'service_types': [], 'tags': [], 'created_at': '2025-04-25T02:33:42Z', 'updated_at': '2025-04-25T02:33:42Z', 'revision_number': 0, 'project_id': 'f7ab6bcef0a44b0f820b3e9a1a43f09b'}, Router: {'id': '1ba95aa0-2c63-4b8e-a1c5-f2968870c6ce', 'name': 'tempest-ServersTestManualDisk-950642374-router', 'tenant_id': 'f7ab6bcef0a44b0f820b3e9a1a43f09b', 'admin_state_up': True, 'status': 'ACTIVE', 'external_gateway_info': {'network_id': 'dbdbcb24-7160-410a-82d3-72f7320478b3', 'external_fixed_ips': [{'subnet_id': 'cf0c5beb-5c6d-415a-8000-e568eb2f3295', 'ip_address': '10.180.180.186'}], 'enable_snat': True}, 'description': '', 'availability_zones': [], 'distributed': False, 'ha': False, 'availability_zone_hints': [], 'routes': [], 'flavor_id': None, 'tags': [], 'created_at': '2025-04-25T02:33:42Z', 'updated_at': '2025-04-25T02:33:43Z', 'revision_number': 2, 'project_id': 'f7ab6bcef0a44b0f820b3e9a1a43f09b'}
2025-04-25 02:33:48.064 70667 INFO tempest.lib.common.rest_client [req-de7c6350-ead2-48b5-8aac-6000c1c8460d req-de7c6350-ead2-48b5-8aac-6000c1c8460d ] Request (ServersTestFqdnHostnames:test_create_server_with_fqdn_name): 200 POST http://10.180.1.21/compute/v2.1/os-keypairs 2.604s
2025-04-25 02:33:48.071 70651 INFO tempest.lib.common.rest_client [req-4de68634-2976-47fd-8359-861bf5b64bc6 req-4de68634-2976-47fd-8359-861bf5b64bc6 ] Request (ServersV294TestFqdnHostnames:setUpClass): 200 PUT http://10.180.1.21:9696/networking/v2.0/routers/1355915d-ddee-4381-a28a-4e3abefa5ecc/add_router_interface 2.980s
2025-04-25 02:33:48.072 70651 INFO tempest.lib.common.dynamic_creds [-] Created isolated network resources for: credentials: Credentials: {'domain_id': 'default', 'domain_name': 'Default', 'username': 'tempest-ServersV294TestFqdnHostnames-340574857-project-member', 'project_domain_id': 'default', 'project_domain_name': 'Default', 'project_id': 'a58028586c0b414ba98907a23e99547e', 'project_name': 'tempest-ServersV294TestFqdnHostnames-340574857', 'tenant_id': 'a58028586c0b414ba98907a23e99547e', 'tenant_name': 'tempest-ServersV294TestFqdnHostnames-340574857', 'user_domain_id': 'default', 'user_domain_name': 'Default', 'user_id': '27bfd349f3c74a178a60a5900f0ff1cb', 'system': None}, Network: {'id': '097f9d3a-9e13-49d6-b807-fbb05e5e7189', 'name': 'tempest-ServersV294TestFqdnHostnames-1919273988-network', 'tenant_id': 'a58028586c0b414ba98907a23e99547e', 'admin_state_up': True, 'mtu': 8950, 'status': 'ACTIVE', 'subnets': [], 'shared': False, 'project_id': 'a58028586c0b414ba98907a23e99547e', 'port_security_enabled': True, 'router:external': False, 'provider:network_type': 'vlan', 'provider:physical_network': 'default', 'provider:segmentation_id': 778, 'availability_zone_hints': [], 'availability_zones': [], 'ipv4_address_scope': None, 'ipv6_address_scope': None, 'description': '', 'tags': [], 'created_at': '2025-04-25T02:33:41Z', 'updated_at': '2025-04-25T02:33:41Z', 'revision_number': 1}, Subnet: {'id': 'e989ae28-26e5-46b9-b26c-aa517b91e6fd', 'name': 'tempest-ServersV294TestFqdnHostnames-1919273988-subnet', 'tenant_id': 'a58028586c0b414ba98907a23e99547e', 'network_id': '097f9d3a-9e13-49d6-b807-fbb05e5e7189', 'ip_version': 4, 'subnetpool_id': None, 'enable_dhcp': True, 'ipv6_ra_mode': None, 'ipv6_address_mode': None, 'gateway_ip': '192.168.128.1', 'cidr': '192.168.128.0/28', 'allocation_pools': [{'start': '192.168.128.2', 'end': '192.168.128.14'}], 'host_routes': [], 'dns_nameservers': [], 'description': '', 'router:external': False, 'service_types': [], 'tags': [], 'created_at': '2025-04-25T02:33:42Z', 'updated_at': '2025-04-25T02:33:42Z', 'revision_number': 0, 'project_id': 'a58028586c0b414ba98907a23e99547e'}, Router: {'id': '1355915d-ddee-4381-a28a-4e3abefa5ecc', 'name': 'tempest-ServersV294TestFqdnHostnames-1919273988-router', 'tenant_id': 'a58028586c0b414ba98907a23e99547e', 'admin_state_up': True, 'status': 'ACTIVE', 'external_gateway_info': {'network_id': 'dbdbcb24-7160-410a-82d3-72f7320478b3', 'external_fixed_ips': [{'subnet_id': 'cf0c5beb-5c6d-415a-8000-e568eb2f3295', 'ip_address': '10.180.180.151'}], 'enable_snat': True}, 'description': '', 'availability_zones': [], 'distributed': False, 'ha': False, 'availability_zone_hints': [], 'routes': [], 'flavor_id': None, 'tags': [], 'created_at': '2025-04-25T02:33:42Z', 'updated_at': '2025-04-25T02:33:43Z', 'revision_number': 2, 'project_id': 'a58028586c0b414ba98907a23e99547e'}
2025-04-25 02:33:48.105 70663 INFO tempest.lib.common.rest_client [req-db7ed77c-161e-40eb-9131-8c77404d1a89 req-db7ed77c-161e-40eb-9131-8c77404d1a89 ] Request (ServersTestManualDisk:setUpClass): 201 POST http://10.180.1.21/identity/v3/auth/tokens 0.111s
2025-04-25 02:33:48.169 70651 INFO tempest.lib.common.rest_client [req-7d801784-cf88-4c76-8e1c-96e773523fba req-7d801784-cf88-4c76-8e1c-96e773523fba ] Request (ServersV294TestFqdnHostnames:setUpClass): 201 POST http://10.180.1.21/identity/v3/auth/tokens 0.093s
2025-04-25 02:33:48.231 70637 INFO tempest.lib.common.rest_client [req-c3c7c707-c8fd-407b-b44b-314cfefbc190 req-c3c7c707-c8fd-407b-b44b-314cfefbc190 ] Request (FloatingIPsAssociationTestJSON:setUpClass): 202 POST http://10.180.1.21/compute/v2.1/servers 3.247s
2025-04-25 02:33:48.244 70625 INFO tempest.lib.common.rest_client [req-4953e6f5-d9bb-46ec-8f6d-d9372ae20de7 req-4953e6f5-d9bb-46ec-8f6d-d9372ae20de7 ] Request (HypervisorAdminNegativeTestJSON:test_show_nonexistent_hypervisor): 404 GET http://10.180.1.21/compute/v2.1/os-hypervisors/4182f578-ca7e-4248-ae33-ea40dd55da3d 2.365s
2025-04-25 02:33:48.264 70621 INFO tempest.lib.common.rest_client [req-892448ba-28ea-4a97-b3ea-729687215228 req-892448ba-28ea-4a97-b3ea-729687215228 ] Request (ServerGroupTestJSON:test_create_delete_multiple_server_groups_with_same_name_policy): 200 GET http://10.180.1.21/compute/v2.1/os-server-groups 2.264s
2025-04-25 02:33:48.312 70649 INFO tempest.lib.common.rest_client [req-e5cc4cd1-e50c-4fd4-bd99-91f322c0e119 req-e5cc4cd1-e50c-4fd4-bd99-91f322c0e119 ] Request (ServerActionsTestJSON:setUpClass): 201 POST http://10.180.1.21:9696/networking/v2.0/security-group-rules 0.402s
2025-04-25 02:33:48.332 70631 INFO tempest.lib.common.rest_client [req-df6cc4d7-a358-4d0f-9ff6-9bc4993bf309 req-df6cc4d7-a358-4d0f-9ff6-9bc4993bf309 ] Request (FloatingIPsTestJSON:test_allocate_floating_ip): 200 GET http://10.180.1.21/compute/v2.1/os-floating-ips 2.462s
2025-04-25 02:33:48.355 70615 INFO tempest.lib.common.rest_client [req-aeefee16-4b30-4be3-8595-69572f43f6c4 req-aeefee16-4b30-4be3-8595-69572f43f6c4 ] Request (ServersTestBootFromVolume:setUpClass): 200 GET http://10.180.1.21/compute/v2.1/servers/63f6ebcd-dbf8-4498-849a-3b782ea741d3 2.321s
2025-04-25 02:33:48.368 70625 INFO tempest.lib.common.rest_client [req-d22ecda8-8a7e-4365-828e-26b3f0cf2afa req-d22ecda8-8a7e-4365-828e-26b3f0cf2afa ] Request (HypervisorAdminNegativeTestJSON:tearDownClass): 204 DELETE http://10.180.1.21/identity/v3/users/9ecd1889b051427cbd4a1ee552f3009c 0.120s
2025-04-25 02:33:48.384 70633 INFO tempest.lib.common.rest_client [req-6e260980-da42-4ca6-8720-cc752d2c290b req-6e260980-da42-4ca6-8720-cc752d2c290b ] Request (AggregatesAdminNegativeTestJSON:test_aggregate_get_details_as_user): 200 POST http://10.180.1.21/compute/v2.1/os-aggregates 2.160s
2025-04-25 02:33:48.441 70667 INFO tempest.lib.common.rest_client [req-c247a347-2431-48f7-90aa-7365f795eb5e req-c247a347-2431-48f7-90aa-7365f795eb5e ] Request (ServersTestFqdnHostnames:test_create_server_with_fqdn_name): 201 POST http://10.180.1.21:9696/networking/v2.0/security-groups 0.375s
2025-04-25 02:33:48.467 70613 INFO tempest.lib.common.rest_client [req-622d2aaf-aa63-4e33-90e1-9749722d1655 req-622d2aaf-aa63-4e33-90e1-9749722d1655 ] Request (ServersWithSpecificFlavorTestJSON:test_verify_created_server_ephemeral_disk): 200 GET http://10.180.1.21/compute/v2.1/servers/22bb2f65-958b-4cc2-8360-afd059d1d524 2.177s
2025-04-25 02:33:48.539 70657 INFO tempest.lib.common.rest_client [req-8152b3d5-733c-4246-850d-6456772b181e req-8152b3d5-733c-4246-850d-6456772b181e ] Request (ImagesTestJSON:test_create_image_from_stopped_server): 200 GET http://10.180.1.21/compute/v2.1/images/b6d20fd0-4ce6-4272-8e96-797ea523b00c 2.214s
2025-04-25 02:33:48.548 70625 INFO tempest.lib.common.rest_client [req-c696ebcc-c9ce-435e-81ab-8736aa65b702 req-c696ebcc-c9ce-435e-81ab-8736aa65b702 ] Request (HypervisorAdminNegativeTestJSON:tearDownClass): 204 DELETE http://10.180.1.21/identity/v3/users/258902a42de949a4904a799d6670f8c3 0.180s
2025-04-25 02:33:48.548 70625 INFO tempest.lib.common.dynamic_creds [-] Deleting project and security group for project: dfec86abfab8437b8f5c5319e787bb3b
2025-04-25 02:33:48.579 70665 INFO tempest.lib.common.rest_client [req-f8dc9095-917f-4640-8077-7587b11b36af req-f8dc9095-917f-4640-8077-7587b11b36af ] Request (SecurityGroupsTestJSON:setUpClass): 201 POST http://10.180.1.21:9696/networking/v2.0/networks 0.824s
2025-04-25 02:33:48.617 70625 INFO tempest.lib.common.rest_client [req-1fa439a4-7c88-4f3d-98cd-510f485824e3 req-1fa439a4-7c88-4f3d-98cd-510f485824e3 ] Request (HypervisorAdminNegativeTestJSON:tearDownClass): 201 POST http://10.180.1.21/identity/v3/auth/tokens 0.069s
2025-04-25 02:33:48.879 70617 INFO tempest.lib.common.rest_client [req-fa872dd6-bf44-4788-ae73-3fc1dfe48645 req-fa872dd6-bf44-4788-ae73-3fc1dfe48645 ] Request (ServerExternalEventsTest:tearDownClass): 200 GET http://10.180.1.21/compute/v2.1/servers/062b20de-2f89-4deb-b04a-0d972d17f44e 2.544s
2025-04-25 02:33:48.896 70667 INFO tempest.lib.common.rest_client [req-e89d8ba9-4e41-4aaa-b86e-8c928db655fa req-e89d8ba9-4e41-4aaa-b86e-8c928db655fa ] Request (ServersTestFqdnHostnames:test_create_server_with_fqdn_name): 201 POST http://10.180.1.21:9696/networking/v2.0/security-group-rules 0.454s
2025-04-25 02:33:49.064 70635 INFO tempest.lib.common.rest_client [req-e1cc1510-90aa-425d-aec4-5b6ddc39ce57 req-e1cc1510-90aa-425d-aec4-5b6ddc39ce57 ] Request (DeleteServersAdminTestJSON:test_admin_delete_servers_of_others): 200 GET http://10.180.1.21/compute/v2.1/servers/fcfa013e-4853-4cbd-8c6b-a5b0bbc7c0e4 2.751s
2025-04-25 02:33:49.152 70627 INFO tempest.lib.common.rest_client [req-5bfba1c5-a586-47f9-83f9-d4ea106de7cc req-5bfba1c5-a586-47f9-83f9-d4ea106de7cc ] Request (ServerDiagnosticsNegativeTest:test_get_server_diagnostics_by_non_admin): 200 GET http://10.180.1.21/compute/v2.1/servers/b566cac8-c68d-4cb5-ade0-50c151023412 2.718s
2025-04-25 02:33:49.245 70653 INFO tempest.lib.common.rest_client [req-a68292b5-29b3-43cb-82b7-1751d561feb4 req-a68292b5-29b3-43cb-82b7-1751d561feb4 ] Request (TenantUsagesTestJSON:tearDownClass): 200 GET http://10.180.1.21/compute/v2.1/servers/a166d0ec-e96a-453b-948e-b0cc8010b070 2.726s
2025-04-25 02:33:49.253 70653 INFO tempest.common.waiters [-] State transition "ACTIVE/deleting" ==> "DELETED/None" after 4 second wait
2025-04-25 02:33:49.294 70625 INFO tempest.lib.common.rest_client [req-5a1de2d4-3d1d-4088-913f-123eefaf908f req-5a1de2d4-3d1d-4088-913f-123eefaf908f ] Request (HypervisorAdminNegativeTestJSON:tearDownClass): 200 GET http://10.180.1.21:9696/networking/v2.0/security-groups?tenant_id=dfec86abfab8437b8f5c5319e787bb3b&name=default 0.677s
2025-04-25 02:33:49.325 70667 INFO tempest.lib.common.rest_client [req-3f055b44-75f1-402d-a9e5-ef5bdf527b21 req-3f055b44-75f1-402d-a9e5-ef5bdf527b21 ] Request (ServersTestFqdnHostnames:test_create_server_with_fqdn_name): 201 POST http://10.180.1.21:9696/networking/v2.0/security-group-rules 0.428s
2025-04-25 02:33:49.344 70673 INFO tempest.lib.common.rest_client [req-a6cb1fe4-2414-4c87-b733-8e9efb24914a req-a6cb1fe4-2414-4c87-b733-8e9efb24914a ] Request (ServersTestJSON:setUpClass): 200 GET http://10.180.1.21/compute/v2.1/servers/53799918-abc1-4d31-941e-76ee94bafb3c 3.007s
2025-04-25 02:33:49.352 70673 INFO tempest.common.waiters [-] State transition "BUILD/spawning" ==> "ACTIVE/None" after 29 second wait
2025-04-25 02:33:49.428 70661 INFO tempest.lib.common.rest_client [req-13d03b1d-0d8a-4fae-acfe-5aba82e2bc1a req-13d03b1d-0d8a-4fae-acfe-5aba82e2bc1a ] Request (ListImageFiltersTestJSON:setUpClass): 200 GET http://10.180.1.21/compute/v2.1/servers/0fc16c6c-9559-4e2e-803f-54452265b7f5 2.807s
2025-04-25 02:33:49.443 70611 INFO tempest.lib.common.rest_client [req-92dfca37-07e4-4c93-bcb0-e33e9e94c71e req-92dfca37-07e4-4c93-bcb0-e33e9e94c71e ] Request (MigrationsAdminTest:test_list_migrations_in_flavor_resize_situation): 200 GET http://10.180.1.21/compute/v2.1/servers/4c71fa1f-c643-4719-9074-946949b9a652 2.898s
2025-04-25 02:33:49.527 70665 INFO tempest.lib.common.rest_client [req-ceb59f2c-af2b-4f4b-ab21-3628e73baf34 req-ceb59f2c-af2b-4f4b-ab21-3628e73baf34 ] Request (SecurityGroupsTestJSON:setUpClass): 201 POST http://10.180.1.21:9696/networking/v2.0/subnets 0.947s
2025-04-25 02:33:49.575 70625 INFO tempest.lib.common.rest_client [req-4a8db9b4-e4ea-4438-8630-a581889f7ba7 req-4a8db9b4-e4ea-4438-8630-a581889f7ba7 ] Request (HypervisorAdminNegativeTestJSON:tearDownClass): 204 DELETE http://10.180.1.21:9696/networking/v2.0/security-groups/60b7d6eb-1c72-4844-a82e-17b95d86b796 0.280s
2025-04-25 02:33:49.603 70643 INFO tempest.lib.common.rest_client [req-3b182eaa-78ff-4515-b8af-8f250dbc61ae req-3b182eaa-78ff-4515-b8af-8f250dbc61ae ] Request (VolumesAssistedSnapshotsTest:test_volume_assisted_snapshot_create_delete): 200 GET http://10.180.1.21/compute/v2.1/servers/372bacf9-dbe6-44db-b30f-181a6fbd08c6 2.970s
2025-04-25 02:33:49.609 70643 INFO tempest.common.waiters [-] State transition "BUILD/None" ==> "BUILD/spawning" after 23 second wait
2025-04-25 02:33:49.663 70625 INFO tempest.lib.common.rest_client [req-fcc9ce20-5046-4e1c-9490-9dab667c5896 req-fcc9ce20-5046-4e1c-9490-9dab667c5896 ] Request (HypervisorAdminNegativeTestJSON:tearDownClass): 204 DELETE http://10.180.1.21/identity/v3/projects/dfec86abfab8437b8f5c5319e787bb3b 0.084s
2025-04-25 02:33:49.664 70625 INFO tempest.lib.common.dynamic_creds [-] Deleting project and security group for project: cc0315278a5c48059279371938ef0530
2025-04-25 02:33:49.688 70671 INFO tempest.lib.common.rest_client [req-f3e35e79-77bc-4cda-b578-27cc2b4ecbc6 req-f3e35e79-77bc-4cda-b578-27cc2b4ecbc6 ] Request (ImagesNegativeTestJSON:test_create_image_from_deleted_server): 200 GET http://10.180.1.21/compute/v2.1/servers/45500dce-3a29-4634-ac56-19b9fa9b439e 2.929s
2025-04-25 02:33:49.713 70619 INFO tempest.lib.common.rest_client [req-58259436-ecf2-45c0-bfc4-2f3fc689e213 req-58259436-ecf2-45c0-bfc4-2f3fc689e213 ] Request (FlavorsAdminTestJSON:_run_cleanups): 202 DELETE http://10.180.1.21/compute/v2.1/flavors/191145012 2.752s
2025-04-25 02:33:49.916 70645 INFO tempest.lib.common.rest_client [req-ea4f14bc-dad1-4d47-a4ce-3c2d95ecf084 req-ea4f14bc-dad1-4d47-a4ce-3c2d95ecf084 ] Request (ServersAdminNegativeTestJSON:test_migrate_server_invalid_state): 202 POST http://10.180.1.21/compute/v2.1/servers 3.259s
2025-04-25 02:33:49.991 70649 INFO tempest.lib.common.rest_client [req-68adfffd-dfa5-4621-a52f-c2cb817ee59c req-68adfffd-dfa5-4621-a52f-c2cb817ee59c ] Request (ServerActionsTestJSON:setUpClass): 201 POST http://10.180.1.21:9696/networking/v2.0/floatingips 1.678s
2025-04-25 02:33:50.019 70625 INFO tempest.lib.common.rest_client [req-6d32bbcb-c211-4bd6-963b-cc486ba31858 req-6d32bbcb-c211-4bd6-963b-cc486ba31858 ] Request (HypervisorAdminNegativeTestJSON:tearDownClass): 200 GET http://10.180.1.21:9696/networking/v2.0/security-groups?tenant_id=cc0315278a5c48059279371938ef0530&name=default 0.355s
2025-04-25 02:33:50.081 70649 INFO tempest.lib.common.rest_client [req-e9942fdb-241a-45d8-8961-51f3f87593c8 req-e9942fdb-241a-45d8-8961-51f3f87593c8 ] Request (ServerActionsTestJSON:setUpClass): 201 POST http://10.180.1.21/identity/v3/auth/tokens 0.086s
2025-04-25 02:33:50.082 70649 INFO tempest.lib.common.fixed_network [-] (ServerActionsTestJSON:setUpClass) Found network {'id': '67d6b6c7-8ff1-4a37-ae15-b98e373304f3', 'name': 'tempest-ServerActionsTestJSON-1388224514-network', 'tenant_id': '1f2eb9cc3fde483a97ca47a557064d1e', 'admin_state_up': True, 'mtu': 8950, 'status': 'ACTIVE', 'subnets': [], 'shared': False, 'project_id': '1f2eb9cc3fde483a97ca47a557064d1e', 'port_security_enabled': True, 'router:external': False, 'provider:network_type': 'vlan', 'provider:physical_network': 'default', 'provider:segmentation_id': 811, 'availability_zone_hints': [], 'availability_zones': [], 'ipv4_address_scope': None, 'ipv6_address_scope': None, 'description': '', 'tags': [], 'created_at': '2025-04-25T02:33:38Z', 'updated_at': '2025-04-25T02:33:38Z', 'revision_number': 1} available for tenant
2025-04-25 02:33:50.261 70659 INFO tempest.lib.common.rest_client [req-97e1e9c0-33e1-4435-bbd4-bce9e7bd6f9c req-97e1e9c0-33e1-4435-bbd4-bce9e7bd6f9c ] Request (ServersTestJSON:test_create_server_specify_multibyte_character_name): 200 GET http://10.180.1.21/compute/v2.1/servers/6c28daed-1cbf-409c-893d-3c916f61a3a8 2.798s
2025-04-25 02:33:50.301 70625 INFO tempest.lib.common.rest_client [req-c5724f58-ad5b-42bb-b6bc-088b5bbea77f req-c5724f58-ad5b-42bb-b6bc-088b5bbea77f ] Request (HypervisorAdminNegativeTestJSON:tearDownClass): 204 DELETE http://10.180.1.21:9696/networking/v2.0/security-groups/72f387ff-6521-419b-9a54-fa8f45001282 0.281s
2025-04-25 02:33:50.339 70639 INFO tempest.lib.common.rest_client [req-dadf68c5-191b-4b2a-b4fc-a118f9410b76 req-dadf68c5-191b-4b2a-b4fc-a118f9410b76 ] Request (ImagesOneServerTestJSON:setUpClass): 200 GET http://10.180.1.21/compute/v2.1/servers/fad949d8-5a5b-4657-b155-050280d1d0a4 2.813s
2025-04-25 02:33:50.350 70639 INFO tempest.common.waiters [-] State transition "BUILD/scheduling" ==> "BUILD/None" after 4 second wait
2025-04-25 02:33:50.417 70623 INFO tempest.lib.common.rest_client [req-95825661-5fc1-4019-9edb-80d2d9d5af0b req-95825661-5fc1-4019-9edb-80d2d9d5af0b ] Request (DeleteServersTestJSON:test_delete_active_server): 200 GET http://10.180.1.21/compute/v2.1/servers/149b8450-04d5-43f9-bedd-a562854e19cd 2.792s
2025-04-25 02:33:50.428 70625 INFO tempest.lib.common.rest_client [req-71172cee-95ef-4cce-bd3c-b10baf0cc070 req-71172cee-95ef-4cce-bd3c-b10baf0cc070 ] Request (HypervisorAdminNegativeTestJSON:tearDownClass): 204 DELETE http://10.180.1.21/identity/v3/projects/cc0315278a5c48059279371938ef0530 0.127s
2025-04-25 02:33:50.509 70625 INFO tempest.lib.common.rest_client [req-090f64d8-1208-4b79-a687-cdb852b70e04 req-090f64d8-1208-4b79-a687-cdb852b70e04 ] Request (ServicesAdminNegativeV253TestJSON:setUpClass): 201 POST http://10.180.1.21/identity/v3/auth/tokens 0.079s
2025-04-25 02:33:50.544 70667 INFO tempest.lib.common.rest_client [req-23ed1aeb-dc88-48e8-b873-9b729b9372a5 req-23ed1aeb-dc88-48e8-b873-9b729b9372a5 ] Request (ServersTestFqdnHostnames:test_create_server_with_fqdn_name): 201 POST http://10.180.1.21:9696/networking/v2.0/floatingips 1.217s
2025-04-25 02:33:50.562 70625 INFO tempest.lib.common.rest_client [req-ac63d792-806d-4068-ba33-b74d478f9068 req-ac63d792-806d-4068-ba33-b74d478f9068 ] Request (ServicesAdminNegativeV253TestJSON:setUpClass): 201 POST http://10.180.1.21/identity/v3/auth/tokens 0.045s
2025-04-25 02:33:50.606 70625 INFO tempest.lib.common.rest_client [req-551e2d45-308b-473d-8d5c-213b66f2a125 req-551e2d45-308b-473d-8d5c-213b66f2a125 ] Request (ServicesAdminNegativeV253TestJSON:setUpClass): 200 GET http://10.180.1.21/identity/v3/domains?name=Default 0.044s
2025-04-25 02:33:50.635 70667 INFO tempest.lib.common.rest_client [req-e56bc67e-9e20-460b-b8cf-96cedd65d269 req-e56bc67e-9e20-460b-b8cf-96cedd65d269 ] Request (ServersTestFqdnHostnames:test_create_server_with_fqdn_name): 201 POST http://10.180.1.21/identity/v3/auth/tokens 0.087s
2025-04-25 02:33:50.636 70667 INFO tempest.lib.common.fixed_network [-] (ServersTestFqdnHostnames:test_create_server_with_fqdn_name) Found network {'id': 'be644be0-66cf-4de3-9534-87e88d655640', 'name': 'tempest-ServersTestFqdnHostnames-165725361-network', 'tenant_id': 'cf91c734dbaf46eb801736084ef17cb1', 'admin_state_up': True, 'mtu': 8950, 'status': 'ACTIVE', 'subnets': [], 'shared': False, 'project_id': 'cf91c734dbaf46eb801736084ef17cb1', 'port_security_enabled': True, 'router:external': False, 'provider:network_type': 'vlan', 'provider:physical_network': 'default', 'provider:segmentation_id': 920, 'availability_zone_hints': [], 'availability_zones': [], 'ipv4_address_scope': None, 'ipv6_address_scope': None, 'description': '', 'tags': [], 'created_at': '2025-04-25T02:33:38Z', 'updated_at': '2025-04-25T02:33:38Z', 'revision_number': 1} available for tenant
2025-04-25 02:33:50.688 70625 INFO tempest.lib.common.rest_client [req-335204f8-5e1c-4e08-9a15-47bb4614ec58 req-335204f8-5e1c-4e08-9a15-47bb4614ec58 ] Request (ServicesAdminNegativeV253TestJSON:setUpClass): 201 POST http://10.180.1.21/identity/v3/projects 0.081s
2025-04-25 02:33:50.793 70625 INFO tempest.lib.common.rest_client [req-deea3977-ac1e-4a01-b484-cd6b77e4d9ae req-deea3977-ac1e-4a01-b484-cd6b77e4d9ae ] Request (ServicesAdminNegativeV253TestJSON:setUpClass): 201 POST http://10.180.1.21/identity/v3/users 0.103s
2025-04-25 02:33:50.824 70625 INFO tempest.lib.common.rest_client [req-7c1fefbd-8c29-47ed-a4a3-45954957279b req-7c1fefbd-8c29-47ed-a4a3-45954957279b ] Request (ServicesAdminNegativeV253TestJSON:setUpClass): 200 GET http://10.180.1.21/identity/v3/roles 0.027s
2025-04-25 02:33:50.861 70625 INFO tempest.lib.common.rest_client [req-70ac38dc-f6f0-41d2-99c5-12d2c1830c9d req-70ac38dc-f6f0-41d2-99c5-12d2c1830c9d ] Request (ServicesAdminNegativeV253TestJSON:setUpClass): 204 PUT http://10.180.1.21/identity/v3/projects/e94232862cf049cfa52b8170cb1dbe3d/users/fd84f4cc7a214e59814d67a08da3fc1c/roles/ae23f7de4f004ec6bb85bcb629b6afb2 0.036s
2025-04-25 02:33:50.861 70625 INFO tempest.lib.common.dynamic_creds [-] Dynamic test user fd84f4cc7a214e59814d67a08da3fc1c is created with scope project and roles: ['member']
2025-04-25 02:33:50.861 70625 INFO tempest.lib.common.dynamic_creds [-] Acquired dynamic creds: credentials: Credentials: {'domain_id': 'default', 'domain_name': 'Default', 'username': 'tempest-ServicesAdminNegativeV253TestJSON-43510852-project-member', 'project_domain_id': 'default', 'project_domain_name': 'Default', 'project_id': 'e94232862cf049cfa52b8170cb1dbe3d', 'project_name': 'tempest-ServicesAdminNegativeV253TestJSON-43510852', 'tenant_id': 'e94232862cf049cfa52b8170cb1dbe3d', 'tenant_name': 'tempest-ServicesAdminNegativeV253TestJSON-43510852', 'user_domain_id': 'default', 'user_domain_name': 'Default', 'user_id': 'fd84f4cc7a214e59814d67a08da3fc1c', 'system': None}, Network: None, Subnet: None, Router: None
2025-04-25 02:33:50.861 70625 INFO tempest.lib.common.dynamic_creds [-] Created isolated network resources for: credentials: Credentials: {'domain_id': 'default', 'domain_name': 'Default', 'username': 'tempest-ServicesAdminNegativeV253TestJSON-43510852-project-member', 'project_domain_id': 'default', 'project_domain_name': 'Default', 'project_id': 'e94232862cf049cfa52b8170cb1dbe3d', 'project_name': 'tempest-ServicesAdminNegativeV253TestJSON-43510852', 'tenant_id': 'e94232862cf049cfa52b8170cb1dbe3d', 'tenant_name': 'tempest-ServicesAdminNegativeV253TestJSON-43510852', 'user_domain_id': 'default', 'user_domain_name': 'Default', 'user_id': 'fd84f4cc7a214e59814d67a08da3fc1c', 'system': None}, Network: None, Subnet: None, Router: None
2025-04-25 02:33:50.877 70669 WARNING tempest.lib.common.ssh [-] Failed to establish authenticated ssh connection to cirros@10.180.180.223 ([Errno None] Unable to connect to port 22 on 10.180.180.223). Number attempts: 1. Retry after 2 seconds.: paramiko.ssh_exception.NoValidConnectionsError: [Errno None] Unable to connect to port 22 on 10.180.180.223
2025-04-25 02:33:50.946 70625 INFO tempest.lib.common.rest_client [req-5017e904-4c97-4c8a-ac53-a995b7d18d3a req-5017e904-4c97-4c8a-ac53-a995b7d18d3a ] Request (ServicesAdminNegativeV253TestJSON:setUpClass): 201 POST http://10.180.1.21/identity/v3/auth/tokens 0.081s
2025-04-25 02:33:50.996 70655 INFO tempest.lib.common.rest_client [req-54a4ce44-5f4a-461e-8260-63b66d1a4244 req-54a4ce44-5f4a-461e-8260-63b66d1a4244 ] Request (FloatingIPsAssociationNegativeTestJSON:_run_cleanups): 202 DELETE http://10.180.1.21/compute/v2.1/os-floating-ips/516778f3-055b-4b64-8244-6e28e4710af5 3.119s
2025-04-25 02:33:51.024 70625 INFO tempest.lib.common.rest_client [req-d312da72-b952-41e8-aa74-1f6c0f2e5ed5 req-d312da72-b952-41e8-aa74-1f6c0f2e5ed5 ] Request (ServicesAdminNegativeV253TestJSON:setUpClass): 201 POST http://10.180.1.21/identity/v3/projects 0.078s
2025-04-25 02:33:51.104 70625 INFO tempest.lib.common.rest_client [req-f5ef35de-165e-4596-b0c0-25e902fa7fd5 req-f5ef35de-165e-4596-b0c0-25e902fa7fd5 ] Request (ServicesAdminNegativeV253TestJSON:setUpClass): 201 POST http://10.180.1.21/identity/v3/users 0.079s
2025-04-25 02:33:51.135 70625 INFO tempest.lib.common.rest_client [req-eea8fb07-5f88-45f1-bef7-e683236f0848 req-eea8fb07-5f88-45f1-bef7-e683236f0848 ] Request (ServicesAdminNegativeV253TestJSON:setUpClass): 200 GET http://10.180.1.21/identity/v3/roles 0.031s
2025-04-25 02:33:51.137 70648 INFO tempest.lib.common.rest_client [req-d556a919-cf50-45ba-bc65-6e6d04c20ac3 req-d556a919-cf50-45ba-bc65-6e6d04c20ac3 ] Request (VolumesAdminNegativeTest:test_update_attached_volume_with_nonexistent_volume_in_body): 200 GET http://10.180.1.21/compute/v2.1/servers/982cbbf3-3993-4230-91f6-3343b0a42f51 3.184s
2025-04-25 02:33:51.168 70625 INFO tempest.lib.common.rest_client [req-62e0fa32-0705-4356-ac67-fbb5f84c5150 req-62e0fa32-0705-4356-ac67-fbb5f84c5150 ] Request (ServicesAdminNegativeV253TestJSON:setUpClass): 204 PUT http://10.180.1.21/identity/v3/projects/610a62b5b549489a96eb3982ef0c083f/users/f168b798b6c54cfeaa24c801ce61ce62/roles/b67df236e79748f2ada48dccf3c440f2 0.032s
2025-04-25 02:33:51.238 70625 INFO tempest.lib.common.rest_client [req-245893be-3218-4305-9169-af93373af2d9 req-245893be-3218-4305-9169-af93373af2d9 ] Request (ServicesAdminNegativeV253TestJSON:setUpClass): 200 GET http://10.180.1.21/identity/v3/roles 0.067s
2025-04-25 02:33:51.261 70625 INFO tempest.lib.common.rest_client [req-7b75a525-12e2-4d91-a52f-4c23445acebf req-7b75a525-12e2-4d91-a52f-4c23445acebf ] Request (ServicesAdminNegativeV253TestJSON:setUpClass): 204 PUT http://10.180.1.21/identity/v3/projects/610a62b5b549489a96eb3982ef0c083f/users/f168b798b6c54cfeaa24c801ce61ce62/roles/b67df236e79748f2ada48dccf3c440f2 0.023s
2025-04-25 02:33:51.262 70625 INFO tempest.lib.common.dynamic_creds [-] Dynamic test user f168b798b6c54cfeaa24c801ce61ce62 is created with scope project and roles: ['admin']
2025-04-25 02:33:51.262 70625 INFO tempest.lib.common.dynamic_creds [-] Acquired dynamic creds: credentials: Credentials: {'domain_id': 'default', 'domain_name': 'Default', 'username': 'tempest-ServicesAdminNegativeV253TestJSON-745530412-project-admin', 'project_domain_id': 'default', 'project_domain_name': 'Default', 'project_id': '610a62b5b549489a96eb3982ef0c083f', 'project_name': 'tempest-ServicesAdminNegativeV253TestJSON-745530412', 'tenant_id': '610a62b5b549489a96eb3982ef0c083f', 'tenant_name': 'tempest-ServicesAdminNegativeV253TestJSON-745530412', 'user_domain_id': 'default', 'user_domain_name': 'Default', 'user_id': 'f168b798b6c54cfeaa24c801ce61ce62', 'system': None}, Network: None, Subnet: None, Router: None
2025-04-25 02:33:51.262 70625 INFO tempest.lib.common.dynamic_creds [-] Created isolated network resources for: credentials: Credentials: {'domain_id': 'default', 'domain_name': 'Default', 'username': 'tempest-ServicesAdminNegativeV253TestJSON-745530412-project-admin', 'project_domain_id': 'default', 'project_domain_name': 'Default', 'project_id': '610a62b5b549489a96eb3982ef0c083f', 'project_name': 'tempest-ServicesAdminNegativeV253TestJSON-745530412', 'tenant_id': '610a62b5b549489a96eb3982ef0c083f', 'tenant_name': 'tempest-ServicesAdminNegativeV253TestJSON-745530412', 'user_domain_id': 'default', 'user_domain_name': 'Default', 'user_id': 'f168b798b6c54cfeaa24c801ce61ce62', 'system': None}, Network: None, Subnet: None, Router: None
2025-04-25 02:33:51.268 70665 INFO tempest.lib.common.rest_client [req-d2852e8e-eedf-483c-a3a5-7fe296bbcda7 req-d2852e8e-eedf-483c-a3a5-7fe296bbcda7 ] Request (SecurityGroupsTestJSON:setUpClass): 201 POST http://10.180.1.21:9696/networking/v2.0/routers 1.741s
2025-04-25 02:33:51.359 70625 INFO tempest.lib.common.rest_client [req-c940da1a-1ce7-437b-9814-609eec79f825 req-c940da1a-1ce7-437b-9814-609eec79f825 ] Request (ServicesAdminNegativeV253TestJSON:setUpClass): 201 POST http://10.180.1.21/identity/v3/auth/tokens 0.095s
2025-04-25 02:33:51.369 70663 INFO tempest.lib.common.rest_client [req-0608c7d5-03d1-4558-964f-99101d971c31 req-0608c7d5-03d1-4558-964f-99101d971c31 ] Request (ServersTestManualDisk:setUpClass): 200 POST http://10.180.1.21/compute/v2.1/os-keypairs 3.261s
2025-04-25 02:33:51.513 70651 INFO tempest.lib.common.rest_client [req-cb2df80d-7574-4e86-a29c-56ea43f0e498 req-cb2df80d-7574-4e86-a29c-56ea43f0e498 ] Request (ServersV294TestFqdnHostnames:setUpClass): 201 POST http://10.180.1.21/compute/v2.1/os-keypairs 3.342s
2025-04-25 02:33:51.564 70663 INFO tempest.lib.common.rest_client [req-abb8c827-13c4-4a7d-9566-bd46f0931c93 req-abb8c827-13c4-4a7d-9566-bd46f0931c93 ] Request (ServersTestManualDisk:setUpClass): 201 POST http://10.180.1.21:9696/networking/v2.0/security-groups 0.193s
2025-04-25 02:33:51.573 70637 INFO tempest.lib.common.rest_client [req-dd30ec65-380d-4c3a-a0e2-e10aae8c41de req-dd30ec65-380d-4c3a-a0e2-e10aae8c41de ] Request (FloatingIPsAssociationTestJSON:setUpClass): 200 GET http://10.180.1.21/compute/v2.1/servers/5c641c3f-7ada-44ea-91a7-c491568dec47 3.340s
2025-04-25 02:33:51.611 70621 INFO tempest.lib.common.rest_client [req-4478cbe5-1abd-44dd-8f11-e56d9b121144 req-4478cbe5-1abd-44dd-8f11-e56d9b121144 ] Request (ServerGroupTestJSON:test_create_delete_multiple_server_groups_with_same_name_policy): 204 DELETE http://10.180.1.21/compute/v2.1/os-server-groups/34d17062-f0b5-4424-946e-ea1948bc5738 3.344s
2025-04-25 02:33:51.799 70651 INFO tempest.lib.common.rest_client [req-238c9603-1090-4a66-b0b0-4e7204d9f968 req-238c9603-1090-4a66-b0b0-4e7204d9f968 ] Request (ServersV294TestFqdnHostnames:setUpClass): 201 POST http://10.180.1.21:9696/networking/v2.0/security-groups 0.284s
2025-04-25 02:33:51.852 70663 INFO tempest.lib.common.rest_client [req-70c00d7f-4f59-432c-90a0-36d172886a8f req-70c00d7f-4f59-432c-90a0-36d172886a8f ] Request (ServersTestManualDisk:setUpClass): 201 POST http://10.180.1.21:9696/networking/v2.0/security-group-rules 0.287s
2025-04-25 02:33:51.946 70651 INFO tempest.lib.common.rest_client [req-98845753-15f6-44f6-8182-f23e7e00e5b7 req-98845753-15f6-44f6-8182-f23e7e00e5b7 ] Request (ServersV294TestFqdnHostnames:setUpClass): 201 POST http://10.180.1.21:9696/networking/v2.0/security-group-rules 0.146s
2025-04-25 02:33:52.096 70663 INFO tempest.lib.common.rest_client [req-11319673-2044-47ff-b51d-880eab47797b req-11319673-2044-47ff-b51d-880eab47797b ] Request (ServersTestManualDisk:setUpClass): 201 POST http://10.180.1.21:9696/networking/v2.0/security-group-rules 0.242s
2025-04-25 02:33:52.211 70651 INFO tempest.lib.common.rest_client [req-fd0ed1e3-cebc-4c50-9779-056e04e3b10c req-fd0ed1e3-cebc-4c50-9779-056e04e3b10c ] Request (ServersV294TestFqdnHostnames:setUpClass): 201 POST http://10.180.1.21:9696/networking/v2.0/security-group-rules 0.265s
2025-04-25 02:33:52.310 70631 INFO tempest.lib.common.rest_client [req-56cef4e0-3acb-4abb-b29c-9e52e585947d req-56cef4e0-3acb-4abb-b29c-9e52e585947d ] Request (FloatingIPsTestJSON:_run_cleanups): 202 DELETE http://10.180.1.21/compute/v2.1/os-floating-ips/d37205f9-cf4d-40a2-9b38-276fb72e46f0 3.975s
2025-04-25 02:33:52.318 70633 INFO tempest.lib.common.rest_client [req-5c321c3c-159c-4097-8eae-f0ba69571b52 req-5c321c3c-159c-4097-8eae-f0ba69571b52 ] Request (AggregatesAdminNegativeTestJSON:test_aggregate_get_details_as_user): 403 GET http://10.180.1.21/compute/v2.1/os-aggregates/6 3.929s
2025-04-25 02:33:52.730 70673 INFO tempest.lib.common.rest_client [req-3c86622d-139b-4aa4-ac8a-7da02c1b896b req-3c86622d-139b-4aa4-ac8a-7da02c1b896b ] Request (ServersTestJSON:setUpClass): 200 GET http://10.180.1.21/compute/v2.1/servers/53799918-abc1-4d31-941e-76ee94bafb3c/os-interface 3.377s
2025-04-25 02:33:52.841 70615 INFO tempest.lib.common.rest_client [req-cfd15e9a-4241-4d9e-8d47-fcb9c71ac2c0 req-cfd15e9a-4241-4d9e-8d47-fcb9c71ac2c0 ] Request (ServersTestBootFromVolume:setUpClass): 200 GET http://10.180.1.21/compute/v2.1/servers/63f6ebcd-dbf8-4498-849a-3b782ea741d3 3.468s
2025-04-25 02:33:53.096 70613 INFO tempest.lib.common.rest_client [req-24a185be-5994-4f5e-8d31-1feaba8f1407 req-24a185be-5994-4f5e-8d31-1feaba8f1407 ] Request (ServersWithSpecificFlavorTestJSON:test_verify_created_server_ephemeral_disk): 200 GET http://10.180.1.21/compute/v2.1/servers/22bb2f65-958b-4cc2-8360-afd059d1d524 3.615s
2025-04-25 02:33:53.105 70613 INFO tempest.common.waiters [-] State transition "BUILD/None" ==> "BUILD/spawning" after 23 second wait
2025-04-25 02:33:53.186 70657 INFO tempest.lib.common.rest_client [req-3a4bb180-477e-4860-83e2-bbebc30a5c0a req-3a4bb180-477e-4860-83e2-bbebc30a5c0a ] Request (ImagesTestJSON:test_create_image_from_stopped_server): 200 GET http://10.180.1.21/compute/v2.1/images/b6d20fd0-4ce6-4272-8e96-797ea523b00c 3.639s
2025-04-25 02:33:53.215 70619 INFO tempest.lib.common.rest_client [req-97ae30b1-082a-46a6-b3c2-ab8b960ee16c req-97ae30b1-082a-46a6-b3c2-ab8b960ee16c ] Request (FlavorsAdminTestJSON:_run_cleanups): 200 GET http://10.180.1.21/compute/v2.1/flavors/detail 3.501s
2025-04-25 02:33:53.321 70617 INFO tempest.lib.common.rest_client [req-c2f7601a-8891-40f6-8154-81699e833e08 req-c2f7601a-8891-40f6-8154-81699e833e08 ] Request (ServerExternalEventsTest:tearDownClass): 200 GET http://10.180.1.21/compute/v2.1/servers/062b20de-2f89-4deb-b04a-0d972d17f44e 3.434s
2025-04-25 02:33:53.330 70617 INFO tempest.common.waiters [-] State transition "ACTIVE/deleting" ==> "DELETED/None" after 5 second wait
2025-04-25 02:33:53.384 70669 WARNING tempest.lib.common.ssh [-] Failed to establish authenticated ssh connection to cirros@10.180.180.223 ([Errno None] Unable to connect to port 22 on 10.180.180.223). Number attempts: 2. Retry after 3 seconds.: paramiko.ssh_exception.NoValidConnectionsError: [Errno None] Unable to connect to port 22 on 10.180.180.223
2025-04-25 02:33:53.432 70645 INFO tempest.lib.common.rest_client [req-7fd8ffe8-4840-4ae5-85b9-625ab5e35bf5 req-7fd8ffe8-4840-4ae5-85b9-625ab5e35bf5 ] Request (ServersAdminNegativeTestJSON:test_migrate_server_invalid_state): 200 GET http://10.180.1.21/compute/v2.1/servers/8caa21cb-d82d-4d06-8f63-e7c43a0a8f6d 3.514s
2025-04-25 02:33:53.437 70663 INFO tempest.lib.common.rest_client [req-6e27554f-523c-48ba-8765-a917e89f0bcb req-6e27554f-523c-48ba-8765-a917e89f0bcb ] Request (ServersTestManualDisk:setUpClass): 201 POST http://10.180.1.21:9696/networking/v2.0/floatingips 1.340s
2025-04-25 02:33:53.517 70663 INFO tempest.lib.common.rest_client [req-f8ac2ce1-3a22-4f6d-b2d0-3511139d20ff req-f8ac2ce1-3a22-4f6d-b2d0-3511139d20ff ] Request (ServersTestManualDisk:setUpClass): 201 POST http://10.180.1.21/identity/v3/auth/tokens 0.076s
2025-04-25 02:33:53.517 70663 INFO tempest.lib.common.fixed_network [-] (ServersTestManualDisk:setUpClass) Found network {'id': 'd345fb57-3f03-412e-8a52-c32b2927c38a', 'name': 'tempest-ServersTestManualDisk-950642374-network', 'tenant_id': 'f7ab6bcef0a44b0f820b3e9a1a43f09b', 'admin_state_up': True, 'mtu': 8950, 'status': 'ACTIVE', 'subnets': [], 'shared': False, 'project_id': 'f7ab6bcef0a44b0f820b3e9a1a43f09b', 'port_security_enabled': True, 'router:external': False, 'provider:network_type': 'vlan', 'provider:physical_network': 'default', 'provider:segmentation_id': 432, 'availability_zone_hints': [], 'availability_zones': [], 'ipv4_address_scope': None, 'ipv6_address_scope': None, 'description': '', 'tags': [], 'created_at': '2025-04-25T02:33:41Z', 'updated_at': '2025-04-25T02:33:41Z', 'revision_number': 1} available for tenant
2025-04-25 02:33:53.538 70635 INFO tempest.lib.common.rest_client [req-17a5145d-579c-4211-b82f-d4de2c800858 req-17a5145d-579c-4211-b82f-d4de2c800858 ] Request (DeleteServersAdminTestJSON:test_admin_delete_servers_of_others): 200 GET http://10.180.1.21/compute/v2.1/servers/fcfa013e-4853-4cbd-8c6b-a5b0bbc7c0e4 3.463s
2025-04-25 02:33:53.551 70635 INFO tempest.common.waiters [-] State transition "ACTIVE/deleting" ==> "DELETED/None" after 4 second wait
2025-04-25 02:33:53.781 70651 INFO tempest.lib.common.rest_client [req-1d5cbaeb-26df-4f87-9038-089bda06c9c9 req-1d5cbaeb-26df-4f87-9038-089bda06c9c9 ] Request (ServersV294TestFqdnHostnames:setUpClass): 201 POST http://10.180.1.21:9696/networking/v2.0/floatingips 1.569s
2025-04-25 02:33:53.793 70641 INFO tempest.lib.common.rest_client [req-eeb95a6a-c48d-4766-8291-c1593986d2ab req-eeb95a6a-c48d-4766-8291-c1593986d2ab ] Request (SecurityGroupsTestAdminJSON:test_list_security_groups_list_all_tenants_filter): 200 GET http://10.180.1.21/compute/v2.1/os-security-groups?all_tenants=true 6.720s
2025-04-25 02:33:53.834 70651 INFO tempest.lib.common.rest_client [req-327a9807-5c26-406a-b68c-97044f26102d req-327a9807-5c26-406a-b68c-97044f26102d ] Request (ServersV294TestFqdnHostnames:setUpClass): 201 POST http://10.180.1.21/identity/v3/auth/tokens 0.050s
2025-04-25 02:33:53.834 70651 INFO tempest.lib.common.fixed_network [-] (ServersV294TestFqdnHostnames:setUpClass) Found network {'id': '097f9d3a-9e13-49d6-b807-fbb05e5e7189', 'name': 'tempest-ServersV294TestFqdnHostnames-1919273988-network', 'tenant_id': 'a58028586c0b414ba98907a23e99547e', 'admin_state_up': True, 'mtu': 8950, 'status': 'ACTIVE', 'subnets': [], 'shared': False, 'project_id': 'a58028586c0b414ba98907a23e99547e', 'port_security_enabled': True, 'router:external': False, 'provider:network_type': 'vlan', 'provider:physical_network': 'default', 'provider:segmentation_id': 778, 'availability_zone_hints': [], 'availability_zones': [], 'ipv4_address_scope': None, 'ipv6_address_scope': None, 'description': '', 'tags': [], 'created_at': '2025-04-25T02:33:41Z', 'updated_at': '2025-04-25T02:33:41Z', 'revision_number': 1} available for tenant
2025-04-25 02:33:53.861 70627 INFO tempest.lib.common.rest_client [req-ffc175c2-6833-4a5a-923c-56e312cd86d2 req-ffc175c2-6833-4a5a-923c-56e312cd86d2 ] Request (ServerDiagnosticsNegativeTest:test_get_server_diagnostics_by_non_admin): 200 GET http://10.180.1.21/compute/v2.1/servers/b566cac8-c68d-4cb5-ade0-50c151023412 3.698s
2025-04-25 02:33:53.922 70653 INFO tempest.lib.common.rest_client [req-adb56d39-ad57-4c26-93fb-39c4e5083e87 req-adb56d39-ad57-4c26-93fb-39c4e5083e87 ] Request (TenantUsagesTestJSON:tearDownClass): 200 GET http://10.180.1.21/compute/v2.1/servers/a166d0ec-e96a-453b-948e-b0cc8010b070 3.667s
2025-04-25 02:33:53.986 70661 INFO tempest.lib.common.rest_client [req-88560ec8-0f5c-42b4-ac99-748e60d80e1e req-88560ec8-0f5c-42b4-ac99-748e60d80e1e ] Request (ListImageFiltersTestJSON:setUpClass): 200 GET http://10.180.1.21/compute/v2.1/servers/0fc16c6c-9559-4e2e-803f-54452265b7f5 3.548s
2025-04-25 02:33:54.081 70611 INFO tempest.lib.common.rest_client [req-ad8fa5c2-78b5-4b80-b991-6fa9004e443e req-ad8fa5c2-78b5-4b80-b991-6fa9004e443e ] Request (MigrationsAdminTest:test_list_migrations_in_flavor_resize_situation): 200 GET http://10.180.1.21/compute/v2.1/servers/4c71fa1f-c643-4719-9074-946949b9a652 3.623s
2025-04-25 02:33:54.089 70611 INFO tempest.common.waiters [-] State transition "BUILD/spawning" ==> "ACTIVE/None" after 31 second wait
2025-04-25 02:33:54.125 70665 INFO tempest.lib.common.rest_client [req-d58cd53c-28fa-4197-ac23-ea7251480e8b req-d58cd53c-28fa-4197-ac23-ea7251480e8b ] Request (SecurityGroupsTestJSON:setUpClass): 200 PUT http://10.180.1.21:9696/networking/v2.0/routers/f346d9ed-2532-44c3-a6aa-6c274b69e4da/add_router_interface 2.856s
2025-04-25 02:33:54.125 70665 INFO tempest.lib.common.dynamic_creds [-] Created isolated network resources for: credentials: Credentials: {'domain_id': 'default', 'domain_name': 'Default', 'username': 'tempest-SecurityGroupsTestJSON-603580516-project-member', 'project_domain_id': 'default', 'project_domain_name': 'Default', 'project_id': 'fc27511d2fb14673b3460cb79d17fa1b', 'project_name': 'tempest-SecurityGroupsTestJSON-603580516', 'tenant_id': 'fc27511d2fb14673b3460cb79d17fa1b', 'tenant_name': 'tempest-SecurityGroupsTestJSON-603580516', 'user_domain_id': 'default', 'user_domain_name': 'Default', 'user_id': 'd654befd7c924388ab23b2c4a776639c', 'system': None}, Network: {'id': '86b03c2f-f1ce-4924-9923-42452273b2f8', 'name': 'tempest-SecurityGroupsTestJSON-882501797-network', 'tenant_id': 'fc27511d2fb14673b3460cb79d17fa1b', 'admin_state_up': True, 'mtu': 8950, 'status': 'ACTIVE', 'subnets': [], 'shared': False, 'project_id': 'fc27511d2fb14673b3460cb79d17fa1b', 'port_security_enabled': True, 'router:external': False, 'provider:network_type': 'vlan', 'provider:physical_network': 'default', 'provider:segmentation_id': 29, 'availability_zone_hints': [], 'availability_zones': [], 'ipv4_address_scope': None, 'ipv6_address_scope': None, 'description': '', 'tags': [], 'created_at': '2025-04-25T02:33:48Z', 'updated_at': '2025-04-25T02:33:48Z', 'revision_number': 1}, Subnet: {'id': '6a6833d0-2d04-42b0-b46d-b70253d24251', 'name': 'tempest-SecurityGroupsTestJSON-882501797-subnet', 'tenant_id': 'fc27511d2fb14673b3460cb79d17fa1b', 'network_id': '86b03c2f-f1ce-4924-9923-42452273b2f8', 'ip_version': 4, 'subnetpool_id': None, 'enable_dhcp': True, 'ipv6_ra_mode': None, 'ipv6_address_mode': None, 'gateway_ip': '192.168.128.1', 'cidr': '192.168.128.0/28', 'allocation_pools': [{'start': '192.168.128.2', 'end': '192.168.128.14'}], 'host_routes': [], 'dns_nameservers': [], 'description': '', 'router:external': False, 'service_types': [], 'tags': [], 'created_at': '2025-04-25T02:33:48Z', 'updated_at': '2025-04-25T02:33:48Z', 'revision_number': 0, 'project_id': 'fc27511d2fb14673b3460cb79d17fa1b'}, Router: {'id': 'f346d9ed-2532-44c3-a6aa-6c274b69e4da', 'name': 'tempest-SecurityGroupsTestJSON-882501797-router', 'tenant_id': 'fc27511d2fb14673b3460cb79d17fa1b', 'admin_state_up': True, 'status': 'ACTIVE', 'external_gateway_info': {'network_id': 'dbdbcb24-7160-410a-82d3-72f7320478b3', 'external_fixed_ips': [{'subnet_id': 'cf0c5beb-5c6d-415a-8000-e568eb2f3295', 'ip_address': '10.180.180.132'}], 'enable_snat': True}, 'description': '', 'availability_zones': [], 'distributed': False, 'ha': False, 'availability_zone_hints': [], 'routes': [], 'flavor_id': None, 'tags': [], 'created_at': '2025-04-25T02:33:49Z', 'updated_at': '2025-04-25T02:33:50Z', 'revision_number': 2, 'project_id': 'fc27511d2fb14673b3460cb79d17fa1b'}
2025-04-25 02:33:54.205 70643 INFO tempest.lib.common.rest_client [req-26d2b58d-3c69-4e17-8ff7-d1e94e73e1cc req-26d2b58d-3c69-4e17-8ff7-d1e94e73e1cc ] Request (VolumesAssistedSnapshotsTest:test_volume_assisted_snapshot_create_delete): 200 GET http://10.180.1.21/compute/v2.1/servers/372bacf9-dbe6-44db-b30f-181a6fbd08c6 3.595s
2025-04-25 02:33:54.237 70665 INFO tempest.lib.common.rest_client [req-2796440a-0d02-4743-a203-e9ee0a640a20 req-2796440a-0d02-4743-a203-e9ee0a640a20 ] Request (SecurityGroupsTestJSON:setUpClass): 201 POST http://10.180.1.21/identity/v3/auth/tokens 0.106s
2025-04-25 02:33:54.292 70673 INFO tempest.lib.common.rest_client [req-573f9d6b-dac1-4d69-bfc2-78244267d48c req-573f9d6b-dac1-4d69-bfc2-78244267d48c ] Request (ServersTestJSON:setUpClass): 200 PUT http://10.180.1.21:9696/networking/v2.0/floatingips/b93f7713-aaa8-4dc3-baf0-1646bfc7d12d 1.558s
2025-04-25 02:33:54.372 70649 INFO tempest.lib.common.rest_client [req-0ee3827d-a958-4f25-98de-56873d38164a req-0ee3827d-a958-4f25-98de-56873d38164a ] Request (ServerActionsTestJSON:setUpClass): 202 POST http://10.180.1.21/compute/v2.1/servers 4.289s
2025-04-25 02:33:54.432 70671 INFO tempest.lib.common.rest_client [req-bb4ccd2a-1b96-4680-b6cb-84137f123ed6 req-bb4ccd2a-1b96-4680-b6cb-84137f123ed6 ] Request (ImagesNegativeTestJSON:test_create_image_from_deleted_server): 200 GET http://10.180.1.21/compute/v2.1/servers/45500dce-3a29-4634-ac56-19b9fa9b439e 3.731s
2025-04-25 02:33:54.559 70667 INFO tempest.lib.common.rest_client [req-69c39a68-eec2-48b6-b05c-d4780bd72e51 req-69c39a68-eec2-48b6-b05c-d4780bd72e51 ] Request (ServersTestFqdnHostnames:test_create_server_with_fqdn_name): 202 POST http://10.180.1.21/compute/v2.1/servers 3.921s
2025-04-25 02:33:54.779 70659 INFO tempest.lib.common.rest_client [req-ffa45843-20d1-4a7e-bf4f-b7bb555d772c req-ffa45843-20d1-4a7e-bf4f-b7bb555d772c ] Request (ServersTestJSON:test_create_server_specify_multibyte_character_name): 200 GET http://10.180.1.21/compute/v2.1/servers/6c28daed-1cbf-409c-893d-3c916f61a3a8 3.507s
2025-04-25 02:33:54.858 70639 INFO tempest.lib.common.rest_client [req-f533d408-2177-4b92-a120-33f0341212a8 req-f533d408-2177-4b92-a120-33f0341212a8 ] Request (ImagesOneServerTestJSON:setUpClass): 200 GET http://10.180.1.21/compute/v2.1/servers/fad949d8-5a5b-4657-b155-050280d1d0a4 3.507s
