2025-04-25 02:33:20.562 70659 INFO tempest.lib.common.rest_client [req-dc4d4a35-a1a0-4b18-babd-c6190efab8b5 req-dc4d4a35-a1a0-4b18-babd-c6190efab8b5 ] Request (ServersTestJSON:setUpClass): 201 POST http://10.180.1.21/identity/v3/auth/tokens 0.219s
2025-04-25 02:33:20.659 70641 INFO tempest.lib.common.rest_client [req-5ce4019d-1cc6-4d7a-b684-106c849d2486 req-5ce4019d-1cc6-4d7a-b684-106c849d2486 ] Request (QuotaClassesAdminTestJSON:setUpClass): 201 POST http://10.180.1.21/identity/v3/auth/tokens 0.151s
2025-04-25 02:33:20.670 70659 INFO tempest.lib.common.rest_client [req-1410ca33-3d88-466d-b734-5e5eca05900d req-1410ca33-3d88-466d-b734-5e5eca05900d ] Request (ServersTestJSON:test_create_server_specify_multibyte_character_name): 201 POST http://10.180.1.21/identity/v3/auth/tokens 0.101s
2025-04-25 02:33:20.671 70659 INFO tempest.lib.common.fixed_network [-] (ServersTestJSON:test_create_server_specify_multibyte_character_name) Found network {'id': '63650a80-3ad0-4004-82a2-a04ed1b49c13', 'name': 'tempest-ServersTestJSON-2060710086-network', 'tenant_id': 'f5e07eb8fe4749b09d15da58bda3328c', 'admin_state_up': True, 'mtu': 8950, 'status': 'ACTIVE', 'subnets': [], 'shared': False, 'project_id': 'f5e07eb8fe4749b09d15da58bda3328c', 'port_security_enabled': True, 'router:external': False, 'provider:network_type': 'vlan', 'provider:physical_network': 'default', 'provider:segmentation_id': 590, 'availability_zone_hints': [], 'availability_zones': [], 'ipv4_address_scope': None, 'ipv6_address_scope': None, 'description': '', 'tags': [], 'created_at': '2025-04-25T02:33:13Z', 'updated_at': '2025-04-25T02:33:13Z', 'revision_number': 1} available for tenant
2025-04-25 02:33:20.687 70615 INFO tempest.lib.common.rest_client [req-4bef795e-c6e7-4afc-a0ba-7bdabc8f85d9 req-4bef795e-c6e7-4afc-a0ba-7bdabc8f85d9 ] Request (ServersTestBootFromVolume:setUpClass): 200 GET http://10.180.1.21/volume/v3/volumes/0ae1897d-636e-4b92-9f50-5a76b47f8fa9 0.201s
2025-04-25 02:33:20.708 70641 INFO tempest.lib.common.rest_client [req-e3a1d1e5-06f3-4398-bcf6-ec93e9f5e443 req-e3a1d1e5-06f3-4398-bcf6-ec93e9f5e443 ] Request (QuotaClassesAdminTestJSON:setUpClass): 201 POST http://10.180.1.21/identity/v3/auth/tokens 0.047s
2025-04-25 02:33:20.731 70637 INFO tempest.lib.common.rest_client [req-1220f8ee-4a23-42e2-b135-5836e2ab8ff0 req-1220f8ee-4a23-42e2-b135-5836e2ab8ff0 ] Request (QuotaClassesAdmin257Test:test_update_default_quotas): 200 PUT http://10.180.1.21/compute/v2.1/os-quota-class-sets/default 1.369s
2025-04-25 02:33:20.750 70641 INFO tempest.lib.common.rest_client [req-b449ddef-3bbe-4712-a6ee-98b27a1f7700 req-b449ddef-3bbe-4712-a6ee-98b27a1f7700 ] Request (QuotaClassesAdminTestJSON:setUpClass): 200 GET http://10.180.1.21/identity/v3/domains?name=Default 0.041s
2025-04-25 02:33:20.795 70641 INFO tempest.lib.common.rest_client [req-13c717a8-5be6-42ef-98fc-d3fa0136a758 req-13c717a8-5be6-42ef-98fc-d3fa0136a758 ] Request (QuotaClassesAdminTestJSON:setUpClass): 201 POST http://10.180.1.21/identity/v3/projects 0.044s
2025-04-25 02:33:20.811 70673 INFO tempest.lib.common.rest_client [req-a19f4543-c2cd-47b5-ae43-f446bea46511 req-a19f4543-c2cd-47b5-ae43-f446bea46511 ] Request (ServersTestJSON:setUpClass): 200 GET http://10.180.1.21/compute/v2.1/servers/53799918-abc1-4d31-941e-76ee94bafb3c 1.350s
2025-04-25 02:33:20.814 70671 INFO tempest.lib.common.rest_client [req-bc22f441-140c-444b-a12a-c8963638635d req-bc22f441-140c-444b-a12a-c8963638635d ] Request (ImagesNegativeTestJSON:test_create_image_from_deleted_server): 200 GET http://10.180.1.21/compute/v2.1/servers/45500dce-3a29-4634-ac56-19b9fa9b439e 1.472s
2025-04-25 02:33:20.824 70671 INFO tempest.common.waiters [-] State transition "BUILD/block_device_mapping" ==> "BUILD/spawning" after 9 second wait
2025-04-25 02:33:20.881 70621 INFO tempest.lib.common.rest_client [req-7a68d56c-1d48-442a-95f2-4c2b30f50387 req-7a68d56c-1d48-442a-95f2-4c2b30f50387 ] Request (FlavorsV255TestJSON:tearDownClass): 200 GET http://10.180.1.21:9696/networking/v2.0/security-groups?tenant_id=192bc7ae1e614c1abec0b179d60a4048&name=default 0.778s
2025-04-25 02:33:20.895 70641 INFO tempest.lib.common.rest_client [req-4335037a-ddbc-4f9d-b4e6-2046b79fbbf7 req-4335037a-ddbc-4f9d-b4e6-2046b79fbbf7 ] Request (QuotaClassesAdminTestJSON:setUpClass): 201 POST http://10.180.1.21/identity/v3/users 0.099s
2025-04-25 02:33:20.905 70648 INFO tempest.lib.common.rest_client [req-07b7ff21-26fe-4274-97f9-7556a6011cb7 req-07b7ff21-26fe-4274-97f9-7556a6011cb7 ] Request (VolumesAdminNegativeTest:test_update_attached_volume_with_nonexistent_volume_in_body): 201 POST http://10.180.1.21:9696/networking/v2.0/security-groups 0.383s
2025-04-25 02:33:20.920 70641 INFO tempest.lib.common.rest_client [req-8e42e0ae-2cf0-4c1d-b98b-9788ceb93bc6 req-8e42e0ae-2cf0-4c1d-b98b-9788ceb93bc6 ] Request (QuotaClassesAdminTestJSON:setUpClass): 200 GET http://10.180.1.21/identity/v3/roles 0.024s
2025-04-25 02:33:20.952 70641 INFO tempest.lib.common.rest_client [req-3466ea3b-3830-4cd1-9cd2-54bc6afd11f7 req-3466ea3b-3830-4cd1-9cd2-54bc6afd11f7 ] Request (QuotaClassesAdminTestJSON:setUpClass): 204 PUT http://10.180.1.21/identity/v3/projects/8f59cfadabdf4cc6aff5898bcc3df7ef/users/e6226beba745452ead061091486e8e2d/roles/ae23f7de4f004ec6bb85bcb629b6afb2 0.032s
2025-04-25 02:33:20.952 70641 INFO tempest.lib.common.dynamic_creds [-] Dynamic test user e6226beba745452ead061091486e8e2d is created with scope project and roles: ['member']
2025-04-25 02:33:20.952 70641 INFO tempest.lib.common.dynamic_creds [-] Acquired dynamic creds: credentials: Credentials: {'domain_id': 'default', 'domain_name': 'Default', 'username': 'tempest-QuotaClassesAdminTestJSON-1309367504-project-member', 'project_domain_id': 'default', 'project_domain_name': 'Default', 'project_id': '8f59cfadabdf4cc6aff5898bcc3df7ef', 'project_name': 'tempest-QuotaClassesAdminTestJSON-1309367504', 'tenant_id': '8f59cfadabdf4cc6aff5898bcc3df7ef', 'tenant_name': 'tempest-QuotaClassesAdminTestJSON-1309367504', 'user_domain_id': 'default', 'user_domain_name': 'Default', 'user_id': 'e6226beba745452ead061091486e8e2d', 'system': None}, Network: None, Subnet: None, Router: None
2025-04-25 02:33:20.953 70641 INFO tempest.lib.common.dynamic_creds [-] Created isolated network resources for: credentials: Credentials: {'domain_id': 'default', 'domain_name': 'Default', 'username': 'tempest-QuotaClassesAdminTestJSON-1309367504-project-member', 'project_domain_id': 'default', 'project_domain_name': 'Default', 'project_id': '8f59cfadabdf4cc6aff5898bcc3df7ef', 'project_name': 'tempest-QuotaClassesAdminTestJSON-1309367504', 'tenant_id': '8f59cfadabdf4cc6aff5898bcc3df7ef', 'tenant_name': 'tempest-QuotaClassesAdminTestJSON-1309367504', 'user_domain_id': 'default', 'user_domain_name': 'Default', 'user_id': 'e6226beba745452ead061091486e8e2d', 'system': None}, Network: None, Subnet: None, Router: None
2025-04-25 02:33:21.045 70641 INFO tempest.lib.common.rest_client [req-0f6f44b5-1de4-4ab4-95d3-f44832a88dd6 req-0f6f44b5-1de4-4ab4-95d3-f44832a88dd6 ] Request (QuotaClassesAdminTestJSON:setUpClass): 201 POST http://10.180.1.21/identity/v3/auth/tokens 0.085s
2025-04-25 02:33:21.112 70641 INFO tempest.lib.common.rest_client [req-bf66997e-2403-4aa1-97ac-5eb6b18a1e80 req-bf66997e-2403-4aa1-97ac-5eb6b18a1e80 ] Request (QuotaClassesAdminTestJSON:setUpClass): 201 POST http://10.180.1.21/identity/v3/projects 0.067s
2025-04-25 02:33:21.126 70621 INFO tempest.lib.common.rest_client [req-3b5cd79e-c921-4dcb-9acd-2b06dc778451 req-3b5cd79e-c921-4dcb-9acd-2b06dc778451 ] Request (FlavorsV255TestJSON:tearDownClass): 204 DELETE http://10.180.1.21:9696/networking/v2.0/security-groups/28724960-e2f9-42cc-a538-d3e32fbd5d40 0.245s
2025-04-25 02:33:21.175 70648 INFO tempest.lib.common.rest_client [req-f37e8db4-bb10-4de4-bc3e-f48a0a793791 req-f37e8db4-bb10-4de4-bc3e-f48a0a793791 ] Request (VolumesAdminNegativeTest:test_update_attached_volume_with_nonexistent_volume_in_body): 201 POST http://10.180.1.21:9696/networking/v2.0/security-group-rules 0.269s
2025-04-25 02:33:21.183 70641 INFO tempest.lib.common.rest_client [req-cd0ae69f-e211-40d8-b991-e55777526f9a req-cd0ae69f-e211-40d8-b991-e55777526f9a ] Request (QuotaClassesAdminTestJSON:setUpClass): 201 POST http://10.180.1.21/identity/v3/users 0.069s
2025-04-25 02:33:21.206 70641 INFO tempest.lib.common.rest_client [req-c311a207-5803-4639-bdfb-72c17cca357c req-c311a207-5803-4639-bdfb-72c17cca357c ] Request (QuotaClassesAdminTestJSON:setUpClass): 200 GET http://10.180.1.21/identity/v3/roles 0.022s
2025-04-25 02:33:21.232 70621 INFO tempest.lib.common.rest_client [req-34e448aa-0509-482f-a299-35c2de81d7b5 req-34e448aa-0509-482f-a299-35c2de81d7b5 ] Request (FlavorsV255TestJSON:tearDownClass): 204 DELETE http://10.180.1.21/identity/v3/projects/192bc7ae1e614c1abec0b179d60a4048 0.105s
2025-04-25 02:33:21.232 70621 INFO tempest.lib.common.dynamic_creds [-] Deleting project and security group for project: adac3ceea32d4d7780c8d6dd56ea2121
2025-04-25 02:33:21.258 70641 INFO tempest.lib.common.rest_client [req-f7c51b78-3f33-48b7-ab63-b10f44e51459 req-f7c51b78-3f33-48b7-ab63-b10f44e51459 ] Request (QuotaClassesAdminTestJSON:setUpClass): 204 PUT http://10.180.1.21/identity/v3/projects/e7c97051ebb44020bbd325af1cde5739/users/584118855f674722a5ba15078ed85774/roles/b67df236e79748f2ada48dccf3c440f2 0.051s
2025-04-25 02:33:21.315 70657 INFO tempest.lib.common.rest_client [req-12d889a2-e514-49e5-89c0-b77673f1a76c req-12d889a2-e514-49e5-89c0-b77673f1a76c ] Request (ImagesTestJSON:test_create_image_from_stopped_server): 200 GET http://10.180.1.21/compute/v2.1/servers/1951cb5e-2d4a-4ed4-9380-a79c28752218 1.851s
2025-04-25 02:33:21.329 70641 INFO tempest.lib.common.rest_client [req-51a580d8-1011-4692-810d-8aab8fd8fcf8 req-51a580d8-1011-4692-810d-8aab8fd8fcf8 ] Request (QuotaClassesAdminTestJSON:setUpClass): 200 GET http://10.180.1.21/identity/v3/roles 0.071s
2025-04-25 02:33:21.346 70648 INFO tempest.lib.common.rest_client [req-a1f84562-a49c-4ce8-9db2-4f11fa5c3db8 req-a1f84562-a49c-4ce8-9db2-4f11fa5c3db8 ] Request (VolumesAdminNegativeTest:test_update_attached_volume_with_nonexistent_volume_in_body): 201 POST http://10.180.1.21:9696/networking/v2.0/security-group-rules 0.170s
2025-04-25 02:33:21.351 70641 INFO tempest.lib.common.rest_client [req-f7c793f0-cac7-4e5f-9a9b-83ec5f87dca0 req-f7c793f0-cac7-4e5f-9a9b-83ec5f87dca0 ] Request (QuotaClassesAdminTestJSON:setUpClass): 204 PUT http://10.180.1.21/identity/v3/projects/e7c97051ebb44020bbd325af1cde5739/users/584118855f674722a5ba15078ed85774/roles/b67df236e79748f2ada48dccf3c440f2 0.020s
2025-04-25 02:33:21.351 70641 INFO tempest.lib.common.dynamic_creds [-] Dynamic test user 584118855f674722a5ba15078ed85774 is created with scope project and roles: ['admin']
2025-04-25 02:33:21.351 70641 INFO tempest.lib.common.dynamic_creds [-] Acquired dynamic creds: credentials: Credentials: {'domain_id': 'default', 'domain_name': 'Default', 'username': 'tempest-QuotaClassesAdminTestJSON-177509250-project-admin', 'project_domain_id': 'default', 'project_domain_name': 'Default', 'project_id': 'e7c97051ebb44020bbd325af1cde5739', 'project_name': 'tempest-QuotaClassesAdminTestJSON-177509250', 'tenant_id': 'e7c97051ebb44020bbd325af1cde5739', 'tenant_name': 'tempest-QuotaClassesAdminTestJSON-177509250', 'user_domain_id': 'default', 'user_domain_name': 'Default', 'user_id': '584118855f674722a5ba15078ed85774', 'system': None}, Network: None, Subnet: None, Router: None
2025-04-25 02:33:21.352 70641 INFO tempest.lib.common.dynamic_creds [-] Created isolated network resources for: credentials: Credentials: {'domain_id': 'default', 'domain_name': 'Default', 'username': 'tempest-QuotaClassesAdminTestJSON-177509250-project-admin', 'project_domain_id': 'default', 'project_domain_name': 'Default', 'project_id': 'e7c97051ebb44020bbd325af1cde5739', 'project_name': 'tempest-QuotaClassesAdminTestJSON-177509250', 'tenant_id': 'e7c97051ebb44020bbd325af1cde5739', 'tenant_name': 'tempest-QuotaClassesAdminTestJSON-177509250', 'user_domain_id': 'default', 'user_domain_name': 'Default', 'user_id': '584118855f674722a5ba15078ed85774', 'system': None}, Network: None, Subnet: None, Router: None
2025-04-25 02:33:21.414 70639 INFO tempest.lib.common.rest_client [req-b102068c-87de-438b-9932-67576f31f714 req-b102068c-87de-438b-9932-67576f31f714 ] Request (FloatingIPDetailsTestJSON:_run_cleanups): 202 DELETE http://10.180.1.21/compute/v2.1/os-floating-ips/af655dd4-b1b7-49ba-989e-68e2bfa5ca7f 1.896s
2025-04-25 02:33:21.432 70641 INFO tempest.lib.common.rest_client [req-9be1b024-e367-4522-8816-959e04791a13 req-9be1b024-e367-4522-8816-959e04791a13 ] Request (QuotaClassesAdminTestJSON:setUpClass): 201 POST http://10.180.1.21/identity/v3/auth/tokens 0.078s
2025-04-25 02:33:21.491 70669 INFO tempest.lib.common.rest_client [req-e219ad33-53c6-428f-89fe-13eee1803482 req-e219ad33-53c6-428f-89fe-13eee1803482 ] Request (AttachInterfacesTestJSON:test_create_list_show_delete_interfaces_by_fixed_ip): 200 GET http://10.180.1.21/compute/v2.1/servers/480aaef7-ba59-4e4b-89e8-dd46b5db1016 1.950s
2025-04-25 02:33:21.497 70643 INFO tempest.lib.common.rest_client [req-249dd24a-5aaa-47b2-bb37-c14c8aaf2419 req-249dd24a-5aaa-47b2-bb37-c14c8aaf2419 ] Request (VolumesAssistedSnapshotsTest:test_volume_assisted_snapshot_create_delete): 200 POST http://10.180.1.21/compute/v2.1/os-keypairs 1.965s
2025-04-25 02:33:21.520 70631 INFO tempest.lib.common.rest_client [req-2b8d21af-8246-42a2-ac8f-9e56b62a4131 req-2b8d21af-8246-42a2-ac8f-9e56b62a4131 ] Request (KeyPairsV210TestJSON:_run_cleanups): 204 DELETE http://10.180.1.21/compute/v2.1/os-keypairs/tempest-keypair-1587242584?user_id=5de89d74182f42b58646d33de0c5f1e6 1.978s
2025-04-25 02:33:21.535 70621 INFO tempest.lib.common.rest_client [req-838834ec-cbe5-41cc-81c1-779a1aa9e026 req-838834ec-cbe5-41cc-81c1-779a1aa9e026 ] Request (FlavorsV255TestJSON:tearDownClass): 200 GET http://10.180.1.21:9696/networking/v2.0/security-groups?tenant_id=adac3ceea32d4d7780c8d6dd56ea2121&name=default 0.302s
2025-04-25 02:33:21.538 70665 INFO tempest.lib.common.rest_client [req-3b380cdc-a714-47ff-a458-fab309116e6a req-3b380cdc-a714-47ff-a458-fab309116e6a ] Request (FlavorsExtraSpecsTestJSON:test_flavor_set_get_update_show_unset_keys): 200 GET http://10.180.1.21/compute/v2.1/flavors/1303214444/os-extra_specs 1.909s
2025-04-25 02:33:21.608 70629 INFO tempest.lib.common.rest_client [req-e4bc2a26-e89e-47a8-8417-02974f11c539 req-e4bc2a26-e89e-47a8-8417-02974f11c539 ] Request (ServerDiagnosticsV248Test:test_get_server_diagnostics): 200 GET http://10.180.1.21/compute/v2.1/servers/2db09644-9d2c-4a5c-8d3f-2d2d30278ef7 2.019s
2025-04-25 02:33:21.634 70613 INFO tempest.lib.common.rest_client [req-f4e19279-c0b8-4045-a822-b806aa3b5f95 req-f4e19279-c0b8-4045-a822-b806aa3b5f95 ] Request (ServersWithSpecificFlavorTestJSON:test_verify_created_server_ephemeral_disk): 200 POST http://10.180.1.21/compute/v2.1/flavors 1.981s
2025-04-25 02:33:21.675 70631 INFO tempest.lib.common.rest_client [req-f3d115c4-c8df-4a9d-a84e-6aab39ac3407 req-f3d115c4-c8df-4a9d-a84e-6aab39ac3407 ] Request (KeyPairsV210TestJSON:tearDownClass): 204 DELETE http://10.180.1.21/identity/v3/users/5de89d74182f42b58646d33de0c5f1e6 0.146s
2025-04-25 02:33:21.703 70621 INFO tempest.lib.common.rest_client [req-8b7d1ebc-4e63-4e7e-aec2-285e0b307d5b req-8b7d1ebc-4e63-4e7e-aec2-285e0b307d5b ] Request (FlavorsV255TestJSON:tearDownClass): 204 DELETE http://10.180.1.21:9696/networking/v2.0/security-groups/ce3874e2-0e19-4ee1-a76a-13bccf031825 0.168s
2025-04-25 02:33:21.744 70615 INFO tempest.lib.common.rest_client [req-10fc4750-8986-4b9e-a959-da56d350cd47 req-10fc4750-8986-4b9e-a959-da56d350cd47 ] Request (ServersTestBootFromVolume:setUpClass): 200 GET http://10.180.1.21/volume/v3/volumes/0ae1897d-636e-4b92-9f50-5a76b47f8fa9 0.044s
2025-04-25 02:33:21.755 70635 INFO tempest.lib.common.rest_client [req-121b601e-fe90-4873-9674-d4d12aae5e97 req-121b601e-fe90-4873-9674-d4d12aae5e97 ] Request (DeleteServersAdminTestJSON:test_admin_delete_servers_of_others): 200 GET http://10.180.1.21/compute/v2.1/servers/fcfa013e-4853-4cbd-8c6b-a5b0bbc7c0e4 2.099s
2025-04-25 02:33:21.780 70643 INFO tempest.lib.common.rest_client [req-26c18b24-c7c5-404a-8fab-3bb4fbce39f9 req-26c18b24-c7c5-404a-8fab-3bb4fbce39f9 ] Request (VolumesAssistedSnapshotsTest:test_volume_assisted_snapshot_create_delete): 201 POST http://10.180.1.21:9696/networking/v2.0/security-groups 0.281s
2025-04-25 02:33:21.819 70631 INFO tempest.lib.common.rest_client [req-dd1dac2a-a11e-4b35-aa4b-0374e2ad79cb req-dd1dac2a-a11e-4b35-aa4b-0374e2ad79cb ] Request (KeyPairsV210TestJSON:tearDownClass): 204 DELETE http://10.180.1.21/identity/v3/users/e4644562b9d2470caef0f2bb100e63eb 0.143s
2025-04-25 02:33:21.819 70631 INFO tempest.lib.common.dynamic_creds [-] Deleting project and security group for project: 7062b801b19e40808016911640255131
2025-04-25 02:33:21.830 70621 INFO tempest.lib.common.rest_client [req-acb40d0d-e5b1-4b4f-bb12-52dd7d57b4cc req-acb40d0d-e5b1-4b4f-bb12-52dd7d57b4cc ] Request (FlavorsV255TestJSON:tearDownClass): 204 DELETE http://10.180.1.21/identity/v3/projects/adac3ceea32d4d7780c8d6dd56ea2121 0.127s
2025-04-25 02:33:21.888 70631 INFO tempest.lib.common.rest_client [req-d122c1a3-f64c-41e6-a692-a642031d204a req-d122c1a3-f64c-41e6-a692-a642031d204a ] Request (KeyPairsV210TestJSON:tearDownClass): 201 POST http://10.180.1.21/identity/v3/auth/tokens 0.069s
2025-04-25 02:33:21.914 70648 INFO tempest.lib.common.rest_client [req-534b24ea-8108-450b-ba54-e036e87f6a66 req-534b24ea-8108-450b-ba54-e036e87f6a66 ] Request (VolumesAdminNegativeTest:test_update_attached_volume_with_nonexistent_volume_in_body): 201 POST http://10.180.1.21:9696/networking/v2.0/floatingips 0.567s
2025-04-25 02:33:21.915 70643 INFO tempest.lib.common.rest_client [req-0d4e0367-9b55-4d70-bca6-f3800fcc1158 req-0d4e0367-9b55-4d70-bca6-f3800fcc1158 ] Request (VolumesAssistedSnapshotsTest:test_volume_assisted_snapshot_create_delete): 201 POST http://10.180.1.21:9696/networking/v2.0/security-group-rules 0.135s
2025-04-25 02:33:21.923 70621 INFO tempest.lib.common.rest_client [req-bb30e318-626f-4f6f-8ce2-4bb058556fce req-bb30e318-626f-4f6f-8ce2-4bb058556fce ] Request (HypervisorAdminV228Test:setUpClass): 201 POST http://10.180.1.21/identity/v3/auth/tokens 0.091s
2025-04-25 02:33:21.935 70633 INFO tempest.lib.common.rest_client [req-a22022e2-6494-4301-90d6-e7f48d31e7c3 req-a22022e2-6494-4301-90d6-e7f48d31e7c3 ] Request (AggregatesAdminNegativeTestJSON:test_aggregate_add_host_as_user): 403 POST http://10.180.1.21/compute/v2.1/os-aggregates/2/action 2.246s
2025-04-25 02:33:21.947 70611 INFO tempest.lib.common.rest_client [req-edb97c6d-bd03-42b3-868e-0ab78b21d9f8 req-edb97c6d-bd03-42b3-868e-0ab78b21d9f8 ] Request (MigrationsAdminTest:test_list_migrations_in_flavor_resize_situation): 202 POST http://10.180.1.21/compute/v2.1/servers 2.307s
2025-04-25 02:33:21.950 70623 INFO tempest.lib.common.rest_client [req-7e20bd9c-9856-40e2-8cdf-b36eb954b84c req-7e20bd9c-9856-40e2-8cdf-b36eb954b84c ] Request (HostsAdminNegativeTestJSON:test_shutdown_nonexistent_host): 404 GET http://10.180.1.21/compute/v2.1/os-hosts/nonexistent_hostname/shutdown 2.256s
2025-04-25 02:33:21.966 70649 INFO tempest.lib.common.rest_client [req-162484a8-c2c2-40f9-a7f5-d19138ffcbbc req-162484a8-c2c2-40f9-a7f5-d19138ffcbbc ] Request (FlavorsExtraSpecsNegativeTestJSON:test_flavor_unset_nonexistent_key): 404 DELETE http://10.180.1.21/compute/v2.1/flavors/252017147/os-extra_specs/hw:cpu_thread_policy 2.262s
2025-04-25 02:33:21.989 70651 INFO tempest.lib.common.rest_client [req-052792aa-ac92-44b1-a78a-95791981c067 req-052792aa-ac92-44b1-a78a-95791981c067 ] Request (HostsAdminTestJSON:test_list_hosts_with_zone): 200 GET http://10.180.1.21/compute/v2.1/os-hosts?zone=internal 2.268s
2025-04-25 02:33:22.021 70621 INFO tempest.lib.common.rest_client [req-43ee6cc5-1701-4ed3-863d-1510ade70392 req-43ee6cc5-1701-4ed3-863d-1510ade70392 ] Request (HypervisorAdminV228Test:setUpClass): 201 POST http://10.180.1.21/identity/v3/auth/tokens 0.095s
2025-04-25 02:33:22.041 70648 INFO tempest.lib.common.rest_client [req-0c5dfb79-dbd7-4129-9831-c0e1285692d0 req-0c5dfb79-dbd7-4129-9831-c0e1285692d0 ] Request (VolumesAdminNegativeTest:test_update_attached_volume_with_nonexistent_volume_in_body): 201 POST http://10.180.1.21/identity/v3/auth/tokens 0.120s
2025-04-25 02:33:22.042 70648 INFO tempest.lib.common.fixed_network [-] (VolumesAdminNegativeTest:test_update_attached_volume_with_nonexistent_volume_in_body) Found network {'id': '8015371b-25b7-47fd-9c7c-eb131975be35', 'name': 'tempest-VolumesAdminNegativeTest-1171483582-network', 'tenant_id': 'f0d06e3c941b4f648b9232469091eb26', 'admin_state_up': True, 'mtu': 8950, 'status': 'ACTIVE', 'subnets': [], 'shared': False, 'project_id': 'f0d06e3c941b4f648b9232469091eb26', 'port_security_enabled': True, 'router:external': False, 'provider:network_type': 'vlan', 'provider:physical_network': 'default', 'provider:segmentation_id': 714, 'availability_zone_hints': [], 'availability_zones': [], 'ipv4_address_scope': None, 'ipv6_address_scope': None, 'description': '', 'tags': [], 'created_at': '2025-04-25T02:33:08Z', 'updated_at': '2025-04-25T02:33:08Z', 'revision_number': 1} available for tenant
2025-04-25 02:33:22.058 70621 INFO tempest.lib.common.rest_client [req-eec444db-8820-41ff-bc4b-02b714d415ac req-eec444db-8820-41ff-bc4b-02b714d415ac ] Request (HypervisorAdminV228Test:setUpClass): 200 GET http://10.180.1.21/identity/v3/domains?name=Default 0.036s
2025-04-25 02:33:22.079 70643 INFO tempest.lib.common.rest_client [req-74e9cfaf-25d5-41bd-a6fc-4c9d39f2d03b req-74e9cfaf-25d5-41bd-a6fc-4c9d39f2d03b ] Request (VolumesAssistedSnapshotsTest:test_volume_assisted_snapshot_create_delete): 201 POST http://10.180.1.21:9696/networking/v2.0/security-group-rules 0.163s
2025-04-25 02:33:22.103 70621 INFO tempest.lib.common.rest_client [req-e2e08f0e-d05e-4980-9131-eabe80ec718f req-e2e08f0e-d05e-4980-9131-eabe80ec718f ] Request (HypervisorAdminV228Test:setUpClass): 201 POST http://10.180.1.21/identity/v3/projects 0.044s
2025-04-25 02:33:22.174 70621 INFO tempest.lib.common.rest_client [req-cd5d7ab5-e48d-4ea9-babb-ad5d5017b2ca req-cd5d7ab5-e48d-4ea9-babb-ad5d5017b2ca ] Request (HypervisorAdminV228Test:setUpClass): 201 POST http://10.180.1.21/identity/v3/users 0.069s
2025-04-25 02:33:22.179 70631 INFO tempest.lib.common.rest_client [req-ac4563cc-2a02-476e-93b4-0bbf21d30077 req-ac4563cc-2a02-476e-93b4-0bbf21d30077 ] Request (KeyPairsV210TestJSON:tearDownClass): 200 GET http://10.180.1.21:9696/networking/v2.0/security-groups?tenant_id=7062b801b19e40808016911640255131&name=default 0.290s
2025-04-25 02:33:22.194 70667 INFO tempest.lib.common.rest_client [req-2123cdc8-ffbc-41b2-aadd-41d39d28cc7e req-2123cdc8-ffbc-41b2-aadd-41d39d28cc7e ] Request (ImagesMetadataTestJSON:setUp): 200 PUT http://10.180.1.21/compute/v2.1/images/b20e1a25-f50e-4d57-857a-bdb11134847f/metadata 2.458s
2025-04-25 02:33:22.205 70621 INFO tempest.lib.common.rest_client [req-b7181afb-98e2-4caf-81a1-6a90c470481d req-b7181afb-98e2-4caf-81a1-6a90c470481d ] Request (HypervisorAdminV228Test:setUpClass): 200 GET http://10.180.1.21/identity/v3/roles 0.028s
2025-04-25 02:33:22.224 70661 INFO tempest.lib.common.rest_client [req-a4a7c426-f3f3-4a5c-b756-711085114d47 req-a4a7c426-f3f3-4a5c-b756-711085114d47 ] Request (ListImageFiltersTestJSON:setUpClass): 200 GET http://10.180.1.21/compute/v2.1/images/a1d03ca4-fb28-4d7d-a8ed-9c44271964a6 2.193s
2025-04-25 02:33:22.247 70621 INFO tempest.lib.common.rest_client [req-e1f29548-0142-4dd9-ae38-f2bc03187a7a req-e1f29548-0142-4dd9-ae38-f2bc03187a7a ] Request (HypervisorAdminV228Test:setUpClass): 204 PUT http://10.180.1.21/identity/v3/projects/1714f2a7849a496db73418805d81c5fb/users/492fd810152d4ae9a0862c35ace991c6/roles/ae23f7de4f004ec6bb85bcb629b6afb2 0.041s
2025-04-25 02:33:22.247 70621 INFO tempest.lib.common.dynamic_creds [-] Dynamic test user 492fd810152d4ae9a0862c35ace991c6 is created with scope project and roles: ['member']
2025-04-25 02:33:22.247 70621 INFO tempest.lib.common.dynamic_creds [-] Acquired dynamic creds: credentials: Credentials: {'domain_id': 'default', 'domain_name': 'Default', 'username': 'tempest-HypervisorAdminV228Test-1975669745-project-member', 'project_domain_id': 'default', 'project_domain_name': 'Default', 'project_id': '1714f2a7849a496db73418805d81c5fb', 'project_name': 'tempest-HypervisorAdminV228Test-1975669745', 'tenant_id': '1714f2a7849a496db73418805d81c5fb', 'tenant_name': 'tempest-HypervisorAdminV228Test-1975669745', 'user_domain_id': 'default', 'user_domain_name': 'Default', 'user_id': '492fd810152d4ae9a0862c35ace991c6', 'system': None}, Network: None, Subnet: None, Router: None
2025-04-25 02:33:22.247 70621 INFO tempest.lib.common.dynamic_creds [-] Created isolated network resources for: credentials: Credentials: {'domain_id': 'default', 'domain_name': 'Default', 'username': 'tempest-HypervisorAdminV228Test-1975669745-project-member', 'project_domain_id': 'default', 'project_domain_name': 'Default', 'project_id': '1714f2a7849a496db73418805d81c5fb', 'project_name': 'tempest-HypervisorAdminV228Test-1975669745', 'tenant_id': '1714f2a7849a496db73418805d81c5fb', 'tenant_name': 'tempest-HypervisorAdminV228Test-1975669745', 'user_domain_id': 'default', 'user_domain_name': 'Default', 'user_id': '492fd810152d4ae9a0862c35ace991c6', 'system': None}, Network: None, Subnet: None, Router: None
2025-04-25 02:33:22.257 70619 INFO tempest.lib.common.rest_client [req-ede65212-13f3-4eff-acdf-0801bcece62a req-ede65212-13f3-4eff-acdf-0801bcece62a ] Request (FlavorsAdminTestJSON:_run_cleanups): 202 DELETE http://10.180.1.21/compute/v2.1/flavors/1153615160 2.196s
2025-04-25 02:33:22.277 70625 INFO tempest.lib.common.rest_client [req-75e193ec-634e-4e57-832b-d2e42cab7efe req-75e193ec-634e-4e57-832b-d2e42cab7efe ] Request (FlavorsAccessTestJSON:test_flavor_access_list_with_private_flavor): 200 GET http://10.180.1.21/compute/v2.1/flavors/667568726/os-flavor-access 2.205s
2025-04-25 02:33:22.290 70627 INFO tempest.lib.common.rest_client [req-d9359209-fe6c-49d4-b104-87e0bb3a3e87 req-d9359209-fe6c-49d4-b104-87e0bb3a3e87 ] Request (QuotasAdminNegativeTest:_run_cleanups): 200 PUT http://10.180.1.21/compute/v2.1/os-quota-sets/3b7faef76bac4bb680ff31473fda9970 2.316s
2025-04-25 02:33:22.307 70637 INFO tempest.lib.common.rest_client [req-0e0516ea-4f2d-44cf-b29e-0aae8fc59aad req-0e0516ea-4f2d-44cf-b29e-0aae8fc59aad ] Request (QuotaClassesAdmin257Test:test_update_default_quotas): 200 GET http://10.180.1.21/compute/v2.1/os-quota-class-sets/default 1.574s
2025-04-25 02:33:22.384 70621 INFO tempest.lib.common.rest_client [req-16252c5b-e2a7-41b0-81b8-3cfce522c7eb req-16252c5b-e2a7-41b0-81b8-3cfce522c7eb ] Request (HypervisorAdminV228Test:setUpClass): 201 POST http://10.180.1.21/identity/v3/auth/tokens 0.128s
2025-04-25 02:33:22.416 70631 INFO tempest.lib.common.rest_client [req-cd6fbb68-97c6-4a66-b2a8-1c425070f1a5 req-cd6fbb68-97c6-4a66-b2a8-1c425070f1a5 ] Request (KeyPairsV210TestJSON:tearDownClass): 204 DELETE http://10.180.1.21:9696/networking/v2.0/security-groups/a42e962d-40c7-4f30-88a2-1a27c1e4bb08 0.236s
2025-04-25 02:33:22.472 70653 INFO tempest.lib.common.rest_client [req-eaa7c347-6bd4-4571-a1f2-32dc09355f33 req-eaa7c347-6bd4-4571-a1f2-32dc09355f33 ] Request (TenantUsagesTestJSON:setUpClass): 200 GET http://10.180.1.21/compute/v2.1/servers/a166d0ec-e96a-453b-948e-b0cc8010b070 1.434s
2025-04-25 02:33:22.510 70621 INFO tempest.lib.common.rest_client [req-19035b5c-30fd-4cad-82b0-c9627d3582c8 req-19035b5c-30fd-4cad-82b0-c9627d3582c8 ] Request (HypervisorAdminV228Test:setUpClass): 201 POST http://10.180.1.21/identity/v3/projects 0.125s
2025-04-25 02:33:22.645 70631 INFO tempest.lib.common.rest_client [req-d25bbfad-c13e-4a3e-b524-6587af1b802e req-d25bbfad-c13e-4a3e-b524-6587af1b802e ] Request (KeyPairsV210TestJSON:tearDownClass): 204 DELETE http://10.180.1.21/identity/v3/projects/7062b801b19e40808016911640255131 0.227s
2025-04-25 02:33:22.645 70631 INFO tempest.lib.common.dynamic_creds [-] Deleting project and security group for project: 19b7c222a4f84b6eaae2fec4840a4944
2025-04-25 02:33:22.690 70617 INFO tempest.lib.common.rest_client [req-09e7378d-f698-4186-be89-d8a3bd169c8c req-09e7378d-f698-4186-be89-d8a3bd169c8c ] Request (ServerExternalEventsTest:test_create_server_external_events): 200 GET http://10.180.1.21/compute/v2.1/servers/062b20de-2f89-4deb-b04a-0d972d17f44e 1.418s
2025-04-25 02:33:22.698 70617 INFO tempest.common.waiters [-] State transition "BUILD/networking" ==> "BUILD/spawning" after 11 second wait
2025-04-25 02:33:22.701 70621 INFO tempest.lib.common.rest_client [req-737eda9f-af2a-4a07-9859-b3a0ed3dc097 req-737eda9f-af2a-4a07-9859-b3a0ed3dc097 ] Request (HypervisorAdminV228Test:setUpClass): 201 POST http://10.180.1.21/identity/v3/users 0.188s
2025-04-25 02:33:22.752 70621 INFO tempest.lib.common.rest_client [req-21ef8765-891b-468c-a0e8-7858ad785c33 req-21ef8765-891b-468c-a0e8-7858ad785c33 ] Request (HypervisorAdminV228Test:setUpClass): 200 GET http://10.180.1.21/identity/v3/roles 0.051s
2025-04-25 02:33:22.799 70615 INFO tempest.lib.common.rest_client [req-55029471-0ae7-4152-9c66-373d8d4d0fd5 req-55029471-0ae7-4152-9c66-373d8d4d0fd5 ] Request (ServersTestBootFromVolume:setUpClass): 200 GET http://10.180.1.21/volume/v3/volumes/0ae1897d-636e-4b92-9f50-5a76b47f8fa9 0.041s
2025-04-25 02:33:22.818 70621 INFO tempest.lib.common.rest_client [req-77333b6e-7cb4-4c73-8ec1-0ed75612b617 req-77333b6e-7cb4-4c73-8ec1-0ed75612b617 ] Request (HypervisorAdminV228Test:setUpClass): 204 PUT http://10.180.1.21/identity/v3/projects/8745628c0c314cedb8f9d32053e65b36/users/b3eb40c5bd154b9cb52b243a70e4d7ec/roles/b67df236e79748f2ada48dccf3c440f2 0.066s
2025-04-25 02:33:22.818 70643 INFO tempest.lib.common.rest_client [req-9fd1c209-8658-4512-85bc-203cf32b37a4 req-9fd1c209-8658-4512-85bc-203cf32b37a4 ] Request (VolumesAssistedSnapshotsTest:test_volume_assisted_snapshot_create_delete): 201 POST http://10.180.1.21:9696/networking/v2.0/floatingips 0.739s
2025-04-25 02:33:22.885 70621 INFO tempest.lib.common.rest_client [req-3f9808e9-5bf2-443f-935b-4677ecfe5bb8 req-3f9808e9-5bf2-443f-935b-4677ecfe5bb8 ] Request (HypervisorAdminV228Test:setUpClass): 200 GET http://10.180.1.21/identity/v3/roles 0.066s
2025-04-25 02:33:22.914 70621 INFO tempest.lib.common.rest_client [req-5e4df901-87f6-4470-bb1a-052fd099e871 req-5e4df901-87f6-4470-bb1a-052fd099e871 ] Request (HypervisorAdminV228Test:setUpClass): 204 PUT http://10.180.1.21/identity/v3/projects/8745628c0c314cedb8f9d32053e65b36/users/b3eb40c5bd154b9cb52b243a70e4d7ec/roles/b67df236e79748f2ada48dccf3c440f2 0.029s
2025-04-25 02:33:22.914 70621 INFO tempest.lib.common.dynamic_creds [-] Dynamic test user b3eb40c5bd154b9cb52b243a70e4d7ec is created with scope project and roles: ['admin']
2025-04-25 02:33:22.915 70621 INFO tempest.lib.common.dynamic_creds [-] Acquired dynamic creds: credentials: Credentials: {'domain_id': 'default', 'domain_name': 'Default', 'username': 'tempest-HypervisorAdminV228Test-689269717-project-admin', 'project_domain_id': 'default', 'project_domain_name': 'Default', 'project_id': '8745628c0c314cedb8f9d32053e65b36', 'project_name': 'tempest-HypervisorAdminV228Test-689269717', 'tenant_id': '8745628c0c314cedb8f9d32053e65b36', 'tenant_name': 'tempest-HypervisorAdminV228Test-689269717', 'user_domain_id': 'default', 'user_domain_name': 'Default', 'user_id': 'b3eb40c5bd154b9cb52b243a70e4d7ec', 'system': None}, Network: None, Subnet: None, Router: None
2025-04-25 02:33:22.915 70621 INFO tempest.lib.common.dynamic_creds [-] Created isolated network resources for: credentials: Credentials: {'domain_id': 'default', 'domain_name': 'Default', 'username': 'tempest-HypervisorAdminV228Test-689269717-project-admin', 'project_domain_id': 'default', 'project_domain_name': 'Default', 'project_id': '8745628c0c314cedb8f9d32053e65b36', 'project_name': 'tempest-HypervisorAdminV228Test-689269717', 'tenant_id': '8745628c0c314cedb8f9d32053e65b36', 'tenant_name': 'tempest-HypervisorAdminV228Test-689269717', 'user_domain_id': 'default', 'user_domain_name': 'Default', 'user_id': 'b3eb40c5bd154b9cb52b243a70e4d7ec', 'system': None}, Network: None, Subnet: None, Router: None
2025-04-25 02:33:22.947 70643 INFO tempest.lib.common.rest_client [req-5ab05a91-6b55-4fd1-a4de-4ca9b522b5c3 req-5ab05a91-6b55-4fd1-a4de-4ca9b522b5c3 ] Request (VolumesAssistedSnapshotsTest:test_volume_assisted_snapshot_create_delete): 201 POST http://10.180.1.21/identity/v3/auth/tokens 0.123s
2025-04-25 02:33:22.948 70643 INFO tempest.lib.common.fixed_network [-] (VolumesAssistedSnapshotsTest:test_volume_assisted_snapshot_create_delete) Found network {'id': 'efc676c5-ef16-4020-9bd7-8dfb76fdd6f1', 'name': 'tempest-VolumesAssistedSnapshotsTest-1221363160-network', 'tenant_id': 'e8aec1e99ea24dbcade558c02c8e828a', 'admin_state_up': True, 'mtu': 8950, 'status': 'ACTIVE', 'subnets': [], 'shared': False, 'project_id': 'e8aec1e99ea24dbcade558c02c8e828a', 'port_security_enabled': True, 'router:external': False, 'provider:network_type': 'vlan', 'provider:physical_network': 'default', 'provider:segmentation_id': 752, 'availability_zone_hints': [], 'availability_zones': [], 'ipv4_address_scope': None, 'ipv6_address_scope': None, 'description': '', 'tags': [], 'created_at': '2025-04-25T02:33:00Z', 'updated_at': '2025-04-25T02:33:00Z', 'revision_number': 1} available for tenant
2025-04-25 02:33:22.949 70661 INFO tempest.lib.common.rest_client [req-a51d11f1-7954-4edf-8e12-a95ce3c031d6 req-a51d11f1-7954-4edf-8e12-a95ce3c031d6 ] Request (ListImageFiltersTestJSON:setUpClass): 201 POST http://10.180.1.21/image/v2/images 0.719s
2025-04-25 02:33:22.990 70639 INFO tempest.lib.common.rest_client [req-71672302-8f08-468e-ae23-22cf85ce5622 req-71672302-8f08-468e-ae23-22cf85ce5622 ] Request (FloatingIPDetailsTestJSON:test_list_floating_ips): 200 GET http://10.180.1.21/compute/v2.1/os-floating-ips 1.569s
2025-04-25 02:33:23.010 70631 INFO tempest.lib.common.rest_client [req-86082dc5-5831-4d66-92e3-bf61448d7e6e req-86082dc5-5831-4d66-92e3-bf61448d7e6e ] Request (KeyPairsV210TestJSON:tearDownClass): 200 GET http://10.180.1.21:9696/networking/v2.0/security-groups?tenant_id=19b7c222a4f84b6eaae2fec4840a4944&name=default 0.365s
2025-04-25 02:33:23.010 70621 INFO tempest.lib.common.rest_client [req-d1985d0c-41b2-43bb-af35-1d988a899d51 req-d1985d0c-41b2-43bb-af35-1d988a899d51 ] Request (HypervisorAdminV228Test:setUpClass): 201 POST http://10.180.1.21/identity/v3/auth/tokens 0.092s
2025-04-25 02:33:23.017 70659 INFO tempest.lib.common.rest_client [req-7b50c998-779b-4731-aba0-e60b8d246690 req-7b50c998-779b-4731-aba0-e60b8d246690 ] Request (ServersTestJSON:test_create_server_specify_multibyte_character_name): 202 POST http://10.180.1.21/compute/v2.1/servers 2.345s
2025-04-25 02:33:23.037 70665 INFO tempest.lib.common.rest_client [req-3f1596e0-4a20-42b4-8b06-93e471645eea req-3f1596e0-4a20-42b4-8b06-93e471645eea ] Request (FlavorsExtraSpecsTestJSON:tearDownClass): 202 DELETE http://10.180.1.21/compute/v2.1/flavors/1303214444 1.497s
2025-04-25 02:33:23.096 70645 INFO tempest.lib.common.rest_client [req-1157b0b8-7e24-419e-8364-ea7d62ade4f2 req-1157b0b8-7e24-419e-8364-ea7d62ade4f2 ] Request (ServersAdminNegativeTestJSON:setUpClass): 200 GET http://10.180.1.21/compute/v2.1/servers/57ca9376-7a1b-4d16-976b-b44c3a6c0c0e 1.525s
2025-04-25 02:33:23.104 70645 INFO tempest.common.waiters [-] State transition "BUILD/scheduling" ==> "BUILD/None" after 3 second wait
2025-04-25 02:33:23.108 70613 INFO tempest.lib.common.rest_client [req-c2a64016-3474-4a9e-8ded-0cab3fa3b284 req-c2a64016-3474-4a9e-8ded-0cab3fa3b284 ] Request (ServersWithSpecificFlavorTestJSON:test_verify_created_server_ephemeral_disk): 200 GET http://10.180.1.21/compute/v2.1/flavors/42/os-extra_specs 1.468s
2025-04-25 02:33:23.182 70673 INFO tempest.lib.common.rest_client [req-f81236b2-0f25-492c-b702-6a6c9120994a req-f81236b2-0f25-492c-b702-6a6c9120994a ] Request (ServersTestJSON:setUpClass): 200 GET http://10.180.1.21/compute/v2.1/servers/53799918-abc1-4d31-941e-76ee94bafb3c 1.360s
2025-04-25 02:33:23.190 70673 INFO tempest.common.waiters [-] State transition "BUILD/scheduling" ==> "BUILD/None" after 3 second wait
2025-04-25 02:33:23.269 70631 INFO tempest.lib.common.rest_client [req-b2500146-b5eb-4287-86be-89d2c6475a48 req-b2500146-b5eb-4287-86be-89d2c6475a48 ] Request (KeyPairsV210TestJSON:tearDownClass): 204 DELETE http://10.180.1.21:9696/networking/v2.0/security-groups/e015012a-8d93-4f35-8b6e-0695971c69a7 0.258s
2025-04-25 02:33:23.296 70671 INFO tempest.lib.common.rest_client [req-94c16f0b-e6ee-47f0-b4fb-25b3c027b67a req-94c16f0b-e6ee-47f0-b4fb-25b3c027b67a ] Request (ImagesNegativeTestJSON:test_create_image_from_deleted_server): 200 GET http://10.180.1.21/compute/v2.1/servers/45500dce-3a29-4634-ac56-19b9fa9b439e 1.471s
2025-04-25 02:33:23.300 70655 INFO tempest.lib.common.rest_client [req-d73cb375-370b-41b2-b440-2c3a7755c65f req-d73cb375-370b-41b2-b440-2c3a7755c65f ] Request (FloatingIPsAssociationNegativeTestJSON:setUpClass): 200 GET http://10.180.1.21/compute/v2.1/servers/be317dea-3a7b-4856-8e39-0af015f515ec 1.817s
2025-04-25 02:33:23.323 70633 INFO tempest.lib.common.rest_client [req-38948291-9a71-4aae-9343-51a246123e25 req-38948291-9a71-4aae-9343-51a246123e25 ] Request (AggregatesAdminNegativeTestJSON:_run_cleanups): 200 DELETE http://10.180.1.21/compute/v2.1/os-aggregates/2 1.386s
2025-04-25 02:33:23.328 70623 INFO tempest.lib.common.rest_client [req-e175a737-c47b-457c-bf82-47f58adcf153 req-e175a737-c47b-457c-bf82-47f58adcf153 ] Request (HostsAdminNegativeTestJSON:test_startup_host_with_non_admin_user): 403 GET http://10.180.1.21/compute/v2.1/os-hosts/devstack/startup 1.377s
2025-04-25 02:33:23.332 70649 INFO tempest.lib.common.rest_client [req-3c5d1366-90ec-40a3-a38e-300216ff80bb req-3c5d1366-90ec-40a3-a38e-300216ff80bb ] Request (FlavorsExtraSpecsNegativeTestJSON:test_flavor_update_mismatch_key): 400 PUT http://10.180.1.21/compute/v2.1/flavors/252017147/os-extra_specs/hw:numa_nodes 1.364s
2025-04-25 02:33:23.352 70651 INFO tempest.lib.common.rest_client [req-a1bbfc3b-3f48-475f-b2d1-39164fbf3511 req-a1bbfc3b-3f48-475f-b2d1-39164fbf3511 ] Request (HostsAdminTestJSON:test_show_host_detail): 200 GET http://10.180.1.21/compute/v2.1/os-hosts 1.361s
2025-04-25 02:33:23.375 70611 INFO tempest.lib.common.rest_client [req-ea0d79d8-1246-4c18-820b-33aa1fe39d6c req-ea0d79d8-1246-4c18-820b-33aa1fe39d6c ] Request (MigrationsAdminTest:test_list_migrations_in_flavor_resize_situation): 200 GET http://10.180.1.21/compute/v2.1/servers/4c71fa1f-c643-4719-9074-946949b9a652 1.426s
2025-04-25 02:33:23.391 70631 INFO tempest.lib.common.rest_client [req-3cb8dd5a-bd95-49d1-9506-1dd84a133de0 req-3cb8dd5a-bd95-49d1-9506-1dd84a133de0 ] Request (KeyPairsV210TestJSON:tearDownClass): 204 DELETE http://10.180.1.21/identity/v3/projects/19b7c222a4f84b6eaae2fec4840a4944 0.121s
2025-04-25 02:33:23.440 70667 INFO tempest.lib.common.rest_client [req-9b0e59ac-d57b-4aaf-9f52-8f7f3a6b8910 req-9b0e59ac-d57b-4aaf-9f52-8f7f3a6b8910 ] Request (ImagesMetadataTestJSON:test_list_image_metadata): 200 GET http://10.180.1.21/compute/v2.1/images/b20e1a25-f50e-4d57-857a-bdb11134847f/metadata 1.245s
2025-04-25 02:33:23.467 70619 INFO tempest.lib.common.rest_client [req-50d6d1ef-b257-44fa-8004-912a142425f5 req-50d6d1ef-b257-44fa-8004-912a142425f5 ] Request (FlavorsAdminTestJSON:_run_cleanups): 200 GET http://10.180.1.21/compute/v2.1/flavors/detail 1.209s
2025-04-25 02:33:23.484 70625 INFO tempest.lib.common.rest_client [req-876c80da-3672-4746-bbb1-d80f38f48114 req-876c80da-3672-4746-bbb1-d80f38f48114 ] Request (FlavorsAccessTestJSON:_run_cleanups): 202 DELETE http://10.180.1.21/compute/v2.1/flavors/667568726 1.206s
2025-04-25 02:33:23.499 70631 INFO tempest.lib.common.rest_client [req-0805c72e-dd5c-4754-995f-31ba92824ca1 req-0805c72e-dd5c-4754-995f-31ba92824ca1 ] Request (NetworksTest:setUpClass): 201 POST http://10.180.1.21/identity/v3/auth/tokens 0.106s
2025-04-25 02:33:23.543 70631 INFO tempest.lib.common.rest_client [req-a499f35d-0421-492b-8a85-0fccda7c87bb req-a499f35d-0421-492b-8a85-0fccda7c87bb ] Request (NetworksTest:setUpClass): 201 POST http://10.180.1.21/identity/v3/auth/tokens 0.042s
2025-04-25 02:33:23.581 70631 INFO tempest.lib.common.rest_client [req-a19f5112-bf50-4add-adb6-2e32bdee258c req-a19f5112-bf50-4add-adb6-2e32bdee258c ] Request (NetworksTest:setUpClass): 200 GET http://10.180.1.21/identity/v3/domains?name=Default 0.038s
2025-04-25 02:33:23.616 70631 INFO tempest.lib.common.rest_client [req-475d09e4-1824-4e4c-9003-9a4aaa690d46 req-475d09e4-1824-4e4c-9003-9a4aaa690d46 ] Request (NetworksTest:setUpClass): 201 POST http://10.180.1.21/identity/v3/projects 0.034s
2025-04-25 02:33:23.627 70627 INFO tempest.lib.common.rest_client [req-53bd9b4b-f18c-49a9-b4cb-bcc96647c262 req-53bd9b4b-f18c-49a9-b4cb-bcc96647c262 ] Request (QuotasAdminNegativeTest:test_create_server_when_memory_quota_is_full): 200 GET http://10.180.1.21/compute/v2.1/os-quota-sets/3b7faef76bac4bb680ff31473fda9970 1.333s
2025-04-25 02:33:23.688 70637 INFO tempest.lib.common.rest_client [req-a4d6c5e4-d976-4f47-a29f-fc49f3eb13bc req-a4d6c5e4-d976-4f47-a29f-fc49f3eb13bc ] Request (QuotaClassesAdmin257Test:_run_cleanups): 200 PUT http://10.180.1.21/compute/v2.1/os-quota-class-sets/default 1.378s
2025-04-25 02:33:23.688 70631 INFO tempest.lib.common.rest_client [req-a0782c38-2038-4df3-b2c9-7750a6668ad5 req-a0782c38-2038-4df3-b2c9-7750a6668ad5 ] Request (NetworksTest:setUpClass): 201 POST http://10.180.1.21/identity/v3/users 0.072s
2025-04-25 02:33:23.715 70631 INFO tempest.lib.common.rest_client [req-5b67148a-c2b7-4215-89c1-f36f630c820b req-5b67148a-c2b7-4215-89c1-f36f630c820b ] Request (NetworksTest:setUpClass): 200 GET http://10.180.1.21/identity/v3/roles 0.026s
2025-04-25 02:33:23.749 70631 INFO tempest.lib.common.rest_client [req-eda63483-46f7-46a4-9745-edf74562dd12 req-eda63483-46f7-46a4-9745-edf74562dd12 ] Request (NetworksTest:setUpClass): 204 PUT http://10.180.1.21/identity/v3/projects/e157e18adf044a87a2a31a9610eea599/users/10b0ea8131a54261b55750fe2916e2fa/roles/ae23f7de4f004ec6bb85bcb629b6afb2 0.033s
2025-04-25 02:33:23.749 70631 INFO tempest.lib.common.dynamic_creds [-] Dynamic test user 10b0ea8131a54261b55750fe2916e2fa is created with scope project and roles: ['member']
2025-04-25 02:33:23.750 70631 INFO tempest.lib.common.dynamic_creds [-] Acquired dynamic creds: credentials: Credentials: {'domain_id': 'default', 'domain_name': 'Default', 'username': 'tempest-NetworksTest-2065554833-project-member', 'project_domain_id': 'default', 'project_domain_name': 'Default', 'project_id': 'e157e18adf044a87a2a31a9610eea599', 'project_name': 'tempest-NetworksTest-2065554833', 'tenant_id': 'e157e18adf044a87a2a31a9610eea599', 'tenant_name': 'tempest-NetworksTest-2065554833', 'user_domain_id': 'default', 'user_domain_name': 'Default', 'user_id': '10b0ea8131a54261b55750fe2916e2fa', 'system': None}, Network: None, Subnet: None, Router: None
2025-04-25 02:33:23.750 70631 INFO tempest.lib.common.dynamic_creds [-] Created isolated network resources for: credentials: Credentials: {'domain_id': 'default', 'domain_name': 'Default', 'username': 'tempest-NetworksTest-2065554833-project-member', 'project_domain_id': 'default', 'project_domain_name': 'Default', 'project_id': 'e157e18adf044a87a2a31a9610eea599', 'project_name': 'tempest-NetworksTest-2065554833', 'tenant_id': 'e157e18adf044a87a2a31a9610eea599', 'tenant_name': 'tempest-NetworksTest-2065554833', 'user_domain_id': 'default', 'user_domain_name': 'Default', 'user_id': '10b0ea8131a54261b55750fe2916e2fa', 'system': None}, Network: None, Subnet: None, Router: None
2025-04-25 02:33:23.752 70648 INFO tempest.lib.common.rest_client [req-22883815-f040-4629-9c7e-47391b372ae0 req-22883815-f040-4629-9c7e-47391b372ae0 ] Request (VolumesAdminNegativeTest:test_update_attached_volume_with_nonexistent_volume_in_body): 202 POST http://10.180.1.21/compute/v2.1/servers 1.709s
2025-04-25 02:33:23.770 70637 INFO tempest.lib.common.rest_client [req-e0873c45-b4cd-4f1c-83ba-6a485e023b49 req-e0873c45-b4cd-4f1c-83ba-6a485e023b49 ] Request (QuotaClassesAdmin257Test:tearDownClass): 204 DELETE http://10.180.1.21/identity/v3/users/9c3f9084ce03475d9e0bbafe3a3f5cba 0.078s
2025-04-25 02:33:23.823 70631 INFO tempest.lib.common.rest_client [req-6ef5d279-ce6c-428c-b690-2c687bec5e43 req-6ef5d279-ce6c-428c-b690-2c687bec5e43 ] Request (NetworksTest:setUpClass): 201 POST http://10.180.1.21/identity/v3/auth/tokens 0.069s
2025-04-25 02:33:23.840 70615 INFO tempest.lib.common.rest_client [req-6583a724-c237-40ec-b52f-b1f0a546835d req-6583a724-c237-40ec-b52f-b1f0a546835d ] Request (ServersTestBootFromVolume:setUpClass): 200 GET http://10.180.1.21/volume/v3/volumes/0ae1897d-636e-4b92-9f50-5a76b47f8fa9 0.029s
2025-04-25 02:33:23.840 70657 INFO tempest.lib.common.rest_client [req-688e95f4-bbf1-4211-901b-4ed332b5dcb4 req-688e95f4-bbf1-4211-901b-4ed332b5dcb4 ] Request (ImagesTestJSON:test_create_image_from_stopped_server): 200 GET http://10.180.1.21/compute/v2.1/servers/1951cb5e-2d4a-4ed4-9380-a79c28752218 1.510s
2025-04-25 02:33:23.859 70631 INFO tempest.lib.common.rest_client [req-e92b00f5-7af7-4bb7-8f52-f2d4edd234b7 req-e92b00f5-7af7-4bb7-8f52-f2d4edd234b7 ] Request (NetworksTest:setUpClass): 201 POST http://10.180.1.21/identity/v3/projects 0.035s
2025-04-25 02:33:23.866 70637 INFO tempest.lib.common.rest_client [req-7be029cb-3623-4e8e-a581-0f1216c7ff68 req-7be029cb-3623-4e8e-a581-0f1216c7ff68 ] Request (QuotaClassesAdmin257Test:tearDownClass): 204 DELETE http://10.180.1.21/identity/v3/users/796a9b43b7db48a0bd44d0a9dcd77a90 0.095s
2025-04-25 02:33:23.866 70637 INFO tempest.lib.common.dynamic_creds [-] Deleting project and security group for project: 15814adbcd2f4e4090c89eeeb09c04c4
2025-04-25 02:33:23.884 70669 INFO tempest.lib.common.rest_client [req-1ab83317-696a-4dbf-9c06-42c136ac20eb req-1ab83317-696a-4dbf-9c06-42c136ac20eb ] Request (AttachInterfacesTestJSON:test_create_list_show_delete_interfaces_by_fixed_ip): 200 GET http://10.180.1.21/compute/v2.1/servers/480aaef7-ba59-4e4b-89e8-dd46b5db1016 1.382s
2025-04-25 02:33:23.894 70669 INFO tempest.common.waiters [-] State transition "BUILD/None" ==> "BUILD/spawning" after 8 second wait
2025-04-25 02:33:23.912 70629 INFO tempest.lib.common.rest_client [req-d423e6da-84ff-4fff-9411-fb50bcb91acf req-d423e6da-84ff-4fff-9411-fb50bcb91acf ] Request (ServerDiagnosticsV248Test:test_get_server_diagnostics): 200 GET http://10.180.1.21/compute/v2.1/servers/2db09644-9d2c-4a5c-8d3f-2d2d30278ef7 1.285s
2025-04-25 02:33:23.923 70637 INFO tempest.lib.common.rest_client [req-60e7c498-a630-459d-9daf-95631935b6fc req-60e7c498-a630-459d-9daf-95631935b6fc ] Request (QuotaClassesAdmin257Test:tearDownClass): 201 POST http://10.180.1.21/identity/v3/auth/tokens 0.056s
2025-04-25 02:33:23.934 70635 INFO tempest.lib.common.rest_client [req-b3679b3a-80e4-4ed8-a211-794e197a55f9 req-b3679b3a-80e4-4ed8-a211-794e197a55f9 ] Request (DeleteServersAdminTestJSON:test_admin_delete_servers_of_others): 200 GET http://10.180.1.21/compute/v2.1/servers/fcfa013e-4853-4cbd-8c6b-a5b0bbc7c0e4 1.166s
2025-04-25 02:33:23.960 70631 INFO tempest.lib.common.rest_client [req-3b1aedfb-e55b-4c5a-83f5-ad8591db904a req-3b1aedfb-e55b-4c5a-83f5-ad8591db904a ] Request (NetworksTest:setUpClass): 201 POST http://10.180.1.21/identity/v3/users 0.100s
2025-04-25 02:33:24.009 70631 INFO tempest.lib.common.rest_client [req-6108728b-4bcd-4a73-99d1-2aa4bb64a57d req-6108728b-4bcd-4a73-99d1-2aa4bb64a57d ] Request (NetworksTest:setUpClass): 200 GET http://10.180.1.21/identity/v3/roles 0.049s
2025-04-25 02:33:24.034 70631 INFO tempest.lib.common.rest_client [req-cdeaa9db-8eb0-42c9-98ae-68a9c18cd2c7 req-cdeaa9db-8eb0-42c9-98ae-68a9c18cd2c7 ] Request (NetworksTest:setUpClass): 204 PUT http://10.180.1.21/identity/v3/projects/f2ce929c372f43c49c4177bb44f47049/users/8d4aa566cf7941f196410056d39cbfff/roles/b67df236e79748f2ada48dccf3c440f2 0.024s
2025-04-25 02:33:24.105 70631 INFO tempest.lib.common.rest_client [req-0e5b4dbb-5179-4e8d-b262-e51eef9f3652 req-0e5b4dbb-5179-4e8d-b262-e51eef9f3652 ] Request (NetworksTest:setUpClass): 200 GET http://10.180.1.21/identity/v3/roles 0.069s
2025-04-25 02:33:24.122 70631 INFO tempest.lib.common.rest_client [req-8872b5fb-4c3b-4cf7-8ecd-c76503fdb14c req-8872b5fb-4c3b-4cf7-8ecd-c76503fdb14c ] Request (NetworksTest:setUpClass): 204 PUT http://10.180.1.21/identity/v3/projects/f2ce929c372f43c49c4177bb44f47049/users/8d4aa566cf7941f196410056d39cbfff/roles/b67df236e79748f2ada48dccf3c440f2 0.017s
2025-04-25 02:33:24.122 70631 INFO tempest.lib.common.dynamic_creds [-] Dynamic test user 8d4aa566cf7941f196410056d39cbfff is created with scope project and roles: ['admin']
2025-04-25 02:33:24.122 70631 INFO tempest.lib.common.dynamic_creds [-] Acquired dynamic creds: credentials: Credentials: {'domain_id': 'default', 'domain_name': 'Default', 'username': 'tempest-NetworksTest-1289721226-project-admin', 'project_domain_id': 'default', 'project_domain_name': 'Default', 'project_id': 'f2ce929c372f43c49c4177bb44f47049', 'project_name': 'tempest-NetworksTest-1289721226', 'tenant_id': 'f2ce929c372f43c49c4177bb44f47049', 'tenant_name': 'tempest-NetworksTest-1289721226', 'user_domain_id': 'default', 'user_domain_name': 'Default', 'user_id': '8d4aa566cf7941f196410056d39cbfff', 'system': None}, Network: None, Subnet: None, Router: None
