2025-05-06 08:24:25.542 70260 INFO tempest.lib.common.rest_client [req-04cfb1be-f666-4eb9-bcc9-d32f3c0127c4 req-04cfb1be-f666-4eb9-bcc9-d32f3c0127c4 ] Request (ServersTestBootFromVolume:setUpClass): 200 GET http://10.180.1.21/compute/v2.1/servers/8916f208-29a1-4a00-af38-29201d651726 0.077s
2025-05-06 08:24:25.555 70254 INFO tempest.lib.common.rest_client [req-b8ba5cb9-f45e-416f-bcab-5887a9a6bb28 req-b8ba5cb9-f45e-416f-bcab-5887a9a6bb28 ] Request (ImagesTestJSON:test_create_image_from_stopped_server): 200 GET http://10.180.1.21/compute/v2.1/servers/08c30c2e-9588-4990-8d85-b747ff174e1b 0.104s
2025-05-06 08:24:25.597 70244 INFO tempest.lib.common.rest_client [req-cf28b640-f94f-4527-805b-2355bcfa0eca req-cf28b640-f94f-4527-805b-2355bcfa0eca ] Request (ServerActionsTestOtherA:setUpClass): 200 GET http://10.180.1.21/compute/v2.1/servers/75bb2855-1e92-47e3-b181-2ace83c7ee2f 0.093s
2025-05-06 08:24:25.616 70258 INFO tempest.lib.common.rest_client [req-e345165f-d98d-40e3-9e0d-08ca6a45dcc6 req-e345165f-d98d-40e3-9e0d-08ca6a45dcc6 ] Request (VolumesAdminNegativeTest:test_update_attached_volume_with_nonexistent_volume_in_uri): 200 GET http://10.180.1.21/compute/v2.1/servers/21b385b6-9cca-4ed1-8bd2-57336451452a 0.099s
2025-05-06 08:24:25.656 70220 INFO tempest.lib.common.rest_client [req-643bc591-d6f0-499b-99b6-70eeff649caf req-643bc591-d6f0-499b-99b6-70eeff649caf ] Request (ServerAddressesNegativeTestJSON:setUpClass): 200 GET http://10.180.1.21/compute/v2.1/servers/886226c8-616b-43cf-bfc6-aa5aac2ca158 0.109s
2025-05-06 08:24:25.684 70228 INFO tempest.lib.common.rest_client [req-7d61a1ad-7560-4015-8c3d-d348dd01794d req-7d61a1ad-7560-4015-8c3d-d348dd01794d ] Request (VolumesAssistedSnapshotsTest:tearDownClass): 200 GET http://10.180.1.21/compute/v2.1/servers/fdda6ebb-5831-4af0-baf1-6ff61e7ff96d 0.101s
2025-05-06 08:24:25.685 70248 INFO tempest.lib.common.rest_client [req-04a079cb-7369-4b6b-bd5c-648b2f1526e3 req-04a079cb-7369-4b6b-bd5c-648b2f1526e3 ] Request (ImagesOneServerNegativeTestJSON:_run_cleanups): 404 GET http://10.180.1.21/compute/v2.1/servers/08a7846f-ac7f-47ef-ae49-fafd66163176 0.079s
2025-05-06 08:24:25.736 70248 INFO tempest.lib.common.rest_client [req-b70a20e2-1dc6-4aa6-bff8-4ca22cb1905b req-b70a20e2-1dc6-4aa6-bff8-4ca22cb1905b ] Request (ImagesOneServerNegativeTestJSON:_run_cleanups): 200 POST http://10.180.1.21/compute/v2.1/os-keypairs 0.049s
2025-05-06 08:24:25.743 70240 INFO tempest.lib.common.rest_client [req-235302c2-0963-4b7e-b2eb-7ac49eba174b req-235302c2-0963-4b7e-b2eb-7ac49eba174b ] Request (ServersAdminTestJSON:test_create_server_with_scheduling_hint): 200 GET http://10.180.1.21/compute/v2.1/servers/2de2aaa0-ef92-421d-9590-21e298c6f0bf 0.091s
2025-05-06 08:24:25.768 70246 WARNING tempest.lib.common.ssh [-] Failed to establish authenticated ssh connection to cirros@10.180.180.246 ([Errno None] Unable to connect to port 22 on 10.180.180.246). Number attempts: 4. Retry after 5 seconds.: paramiko.ssh_exception.NoValidConnectionsError: [Errno None] Unable to connect to port 22 on 10.180.180.246
2025-05-06 08:24:25.845 70250 INFO tempest.lib.common.rest_client [req-04d14ca4-2854-464c-b6d0-bd647fd9e070 req-04d14ca4-2854-464c-b6d0-bd647fd9e070 ] Request (ServersTestMultiNic:_run_cleanups): 200 GET http://10.180.1.21/compute/v2.1/servers/fadebc22-a7c0-484f-b613-662531256145 0.092s
2025-05-06 08:24:25.952 70276 INFO tempest.lib.common.rest_client [req-55117e4e-bf45-440b-93ab-ca816a067365 req-55117e4e-bf45-440b-93ab-ca816a067365 ] Request (FloatingIPsAssociationTestJSON:test_associate_already_associated_floating_ip): 200 GET http://10.180.1.21/compute/v2.1/servers/fac32025-0b66-4870-922f-99c9b0f6ee6f 0.224s
2025-05-06 08:24:25.968 70248 INFO tempest.lib.common.rest_client [req-035c660a-949f-4efb-a155-a299cc74cf03 req-035c660a-949f-4efb-a155-a299cc74cf03 ] Request (ImagesOneServerNegativeTestJSON:_run_cleanups): 201 POST http://10.180.1.21:9696/networking/v2.0/security-groups 0.230s
2025-05-06 08:24:25.990 70278 INFO tempest.lib.common.rest_client [req-571c4854-c98b-4e7a-90eb-5e401c548564 req-571c4854-c98b-4e7a-90eb-5e401c548564 ] Request (AttachInterfacesUnderV243Test:_run_cleanups): 200 GET http://10.180.1.21/compute/v2.1/servers/af07841b-b3cf-4064-aa18-46cf941305cf 0.106s
2025-05-06 08:24:26.070 70234 INFO tempest.lib.common.rest_client [req-842fa60a-21c3-45eb-942d-1bc44e8dc0b5 req-842fa60a-21c3-45eb-942d-1bc44e8dc0b5 ] Request (ServerShowV257Test:test_rebuild_server): 200 GET http://10.180.1.21/compute/v2.1/servers/78616ef2-91a3-4a1e-946e-cfbc67de846d 0.102s
2025-05-06 08:24:26.107 70222 INFO tempest.lib.common.rest_client [req-4a87d8be-6868-4147-bea1-93cc2bae30e0 req-4a87d8be-6868-4147-bea1-93cc2bae30e0 ] Request (InstanceActionsTestJSON:setUpClass): 200 GET http://10.180.1.21/compute/v2.1/servers/faab6f2d-3f7f-4adb-a71b-2319c56d706a 0.097s
2025-05-06 08:24:26.136 70248 INFO tempest.lib.common.rest_client [req-a232f330-7d27-4ad1-831d-7032dd1fb5fd req-a232f330-7d27-4ad1-831d-7032dd1fb5fd ] Request (ImagesOneServerNegativeTestJSON:_run_cleanups): 201 POST http://10.180.1.21:9696/networking/v2.0/security-group-rules 0.167s
2025-05-06 08:24:26.140 70232 INFO tempest.lib.common.rest_client [req-ee2c9e1c-705a-48ac-bd9b-2b795e1cac02 req-ee2c9e1c-705a-48ac-bd9b-2b795e1cac02 ] Request (ListImageFiltersTestJSON:setUpClass): 200 GET http://10.180.1.21/compute/v2.1/images/40237f22-d6de-44d8-991f-b87ddbbcc038 0.120s
2025-05-06 08:24:26.209 70264 INFO tempest.lib.common.rest_client [req-6f264f7b-adb7-4535-965a-6a3221935e92 req-6f264f7b-adb7-4535-965a-6a3221935e92 ] Request (FloatingIPsAssociationNegativeTestJSON:setUpClass): 200 GET http://10.180.1.21/compute/v2.1/servers/ce1c1a25-2095-4f6e-a9d3-194351c69ae5 0.096s
2025-05-06 08:24:26.263 70252 INFO tempest.lib.common.rest_client [req-05770819-868c-4a71-8646-d8a3c28228a9 req-05770819-868c-4a71-8646-d8a3c28228a9 ] Request (ServersTestManualDisk:setUpClass): 200 GET http://10.180.1.21/compute/v2.1/servers/ce9aac70-29d1-4205-b456-6b03b4dd8b7b 0.100s
2025-05-06 08:24:26.293 70248 INFO tempest.lib.common.rest_client [req-46914901-6b26-4de4-8511-c09371631bae req-46914901-6b26-4de4-8511-c09371631bae ] Request (ImagesOneServerNegativeTestJSON:_run_cleanups): 201 POST http://10.180.1.21:9696/networking/v2.0/security-group-rules 0.154s
2025-05-06 08:24:26.355 70236 INFO tempest.lib.common.rest_client [req-67082baf-2494-46e1-944c-862a25cc431e req-67082baf-2494-46e1-944c-862a25cc431e ] Request (ServersTestFqdnHostnames:tearDownClass): 200 GET http://10.180.1.21/compute/v2.1/servers/30ef4444-a9fb-41c8-befd-5a4d6304157e 0.100s
2025-05-06 08:24:26.414 70282 INFO tempest.lib.common.rest_client [req-e402edaf-69f0-4250-a0a2-1f6293e878b0 req-e402edaf-69f0-4250-a0a2-1f6293e878b0 ] Request (ServerDiagnosticsTest:tearDownClass): 200 GET http://10.180.1.21/compute/v2.1/servers/57366f9e-45c9-4d32-813d-791518134948 0.085s
2025-05-06 08:24:26.495 70257 INFO tempest.lib.common.rest_client [req-f7c761cb-f518-4edc-a35c-b9b9df57c325 req-f7c761cb-f518-4edc-a35c-b9b9df57c325 ] Request (ImagesNegativeTestJSON:test_create_image_from_deleted_server): 200 GET http://10.180.1.21/compute/v2.1/servers/50c433bb-66a1-4587-9ff7-fbbf3596587a 0.061s
2025-05-06 08:24:26.508 70242 INFO tempest.lib.common.rest_client [req-4ba1ea86-0e65-4ee5-8aa1-749372a9bde1 req-4ba1ea86-0e65-4ee5-8aa1-749372a9bde1 ] Request (ServerExternalEventsTest:tearDownClass): 200 GET http://10.180.1.21/compute/v2.1/servers/d5d427de-4146-4712-a169-403cb430af2d 0.082s
2025-05-06 08:24:26.585 70280 INFO tempest.lib.common.rest_client [req-db356e8d-c2f3-4019-8d6e-ba4aee86bb41 req-db356e8d-c2f3-4019-8d6e-ba4aee86bb41 ] Request (ServersAdminNegativeTestJSON:tearDownClass): 200 GET http://10.180.1.21/compute/v2.1/servers/f90ddb31-e6d1-4c72-beeb-af6a60afa09b 0.085s
2025-05-06 08:24:26.601 70268 INFO tempest.lib.common.rest_client [req-add1dec9-8efd-4384-81ef-1550e71dfebf req-add1dec9-8efd-4384-81ef-1550e71dfebf ] Request (MigrationsAdminTest:test_list_migrations_in_flavor_resize_situation): 200 GET http://10.180.1.21/compute/v2.1/servers/cc9e95be-00b3-4a50-902b-fd06b2809b69 0.100s
2025-05-06 08:24:26.639 70260 INFO tempest.lib.common.rest_client [req-18888478-88f0-43ca-8033-dcb6d016f19d req-18888478-88f0-43ca-8033-dcb6d016f19d ] Request (ServersTestBootFromVolume:setUpClass): 200 GET http://10.180.1.21/compute/v2.1/servers/8916f208-29a1-4a00-af38-29201d651726 0.085s
2025-05-06 08:24:26.672 70254 INFO tempest.lib.common.rest_client [req-10cf7d3d-5d7c-44e1-9350-72d21dbea829 req-10cf7d3d-5d7c-44e1-9350-72d21dbea829 ] Request (ImagesTestJSON:test_create_image_from_stopped_server): 200 GET http://10.180.1.21/compute/v2.1/servers/08c30c2e-9588-4990-8d85-b747ff174e1b 0.108s
2025-05-06 08:24:26.710 70244 INFO tempest.lib.common.rest_client [req-85f90a97-04d0-49e5-b46c-ee0331d01320 req-85f90a97-04d0-49e5-b46c-ee0331d01320 ] Request (ServerActionsTestOtherA:setUpClass): 200 GET http://10.180.1.21/compute/v2.1/servers/75bb2855-1e92-47e3-b181-2ace83c7ee2f 0.104s
2025-05-06 08:24:26.741 70258 INFO tempest.lib.common.rest_client [req-e63f10ad-8922-48b6-a3dc-b6e1e5477b3b req-e63f10ad-8922-48b6-a3dc-b6e1e5477b3b ] Request (VolumesAdminNegativeTest:test_update_attached_volume_with_nonexistent_volume_in_uri): 200 GET http://10.180.1.21/compute/v2.1/servers/21b385b6-9cca-4ed1-8bd2-57336451452a 0.113s
2025-05-06 08:24:26.775 70220 INFO tempest.lib.common.rest_client [req-7b7de02f-55e3-41cc-8ded-723dcb1f450c req-7b7de02f-55e3-41cc-8ded-723dcb1f450c ] Request (ServerAddressesNegativeTestJSON:setUpClass): 200 GET http://10.180.1.21/compute/v2.1/servers/886226c8-616b-43cf-bfc6-aa5aac2ca158 0.107s
2025-05-06 08:24:26.844 70228 INFO tempest.lib.common.rest_client [req-fd97b780-c95a-4aa9-872c-cea9d598d9bb req-fd97b780-c95a-4aa9-872c-cea9d598d9bb ] Request (VolumesAssistedSnapshotsTest:tearDownClass): 200 GET http://10.180.1.21/compute/v2.1/servers/fdda6ebb-5831-4af0-baf1-6ff61e7ff96d 0.151s
2025-05-06 08:24:26.844 70240 INFO tempest.lib.common.rest_client [req-19072e80-0540-4c76-8591-9d8e2c6a2680 req-19072e80-0540-4c76-8591-9d8e2c6a2680 ] Request (ServersAdminTestJSON:test_create_server_with_scheduling_hint): 200 GET http://10.180.1.21/compute/v2.1/servers/2de2aaa0-ef92-421d-9590-21e298c6f0bf 0.092s
2025-05-06 08:24:26.888 70226 INFO tempest.lib.common.rest_client [req-84562ec0-5732-4115-8c9c-b1f7b0918be9 req-84562ec0-5732-4115-8c9c-b1f7b0918be9 ] Request (ServersTestJSON:setUpClass): 200 PUT http://10.180.1.21:9696/networking/v2.0/routers/1eaf8d41-4884-4be0-b6ae-22efcc30b536/add_router_interface 1.443s
2025-05-06 08:24:26.889 70226 INFO tempest.lib.common.dynamic_creds [-] Created isolated network resources for: credentials: Credentials: {'domain_id': 'default', 'domain_name': 'Default', 'username': 'tempest-ServersTestJSON-1481461548-project-member', 'project_domain_id': 'default', 'project_domain_name': 'Default', 'project_id': '3b54e75a228e4afcba3bbdf06dc909a0', 'project_name': 'tempest-ServersTestJSON-1481461548', 'tenant_id': '3b54e75a228e4afcba3bbdf06dc909a0', 'tenant_name': 'tempest-ServersTestJSON-1481461548', 'user_domain_id': 'default', 'user_domain_name': 'Default', 'user_id': '5bc98f3d95c44f54ba5f918b5f44695d', 'system': None}, Network: {'id': '6bf1a6cf-e503-4a31-ba43-4ca66deeb69b', 'name': 'tempest-ServersTestJSON-361792329-network', 'tenant_id': '3b54e75a228e4afcba3bbdf06dc909a0', 'admin_state_up': True, 'mtu': 8950, 'status': 'ACTIVE', 'subnets': [], 'shared': False, 'project_id': '3b54e75a228e4afcba3bbdf06dc909a0', 'port_security_enabled': True, 'router:external': False, 'provider:network_type': 'vlan', 'provider:physical_network': 'default', 'provider:segmentation_id': 692, 'availability_zone_hints': [], 'availability_zones': [], 'ipv4_address_scope': None, 'ipv6_address_scope': None, 'description': '', 'tags': [], 'created_at': '2025-05-06T08:24:24Z', 'updated_at': '2025-05-06T08:24:24Z', 'revision_number': 1}, Subnet: {'id': '930303be-a172-4c96-918e-362c9b13aa68', 'name': 'tempest-ServersTestJSON-361792329-subnet', 'tenant_id': '3b54e75a228e4afcba3bbdf06dc909a0', 'network_id': '6bf1a6cf-e503-4a31-ba43-4ca66deeb69b', 'ip_version': 4, 'subnetpool_id': None, 'enable_dhcp': True, 'ipv6_ra_mode': None, 'ipv6_address_mode': None, 'gateway_ip': '192.168.128.1', 'cidr': '192.168.128.0/28', 'allocation_pools': [{'start': '192.168.128.2', 'end': '192.168.128.14'}], 'host_routes': [], 'dns_nameservers': [], 'description': '', 'router:external': False, 'service_types': [], 'tags': [], 'created_at': '2025-05-06T08:24:24Z', 'updated_at': '2025-05-06T08:24:24Z', 'revision_number': 0, 'project_id': '3b54e75a228e4afcba3bbdf06dc909a0'}, Router: {'id': '1eaf8d41-4884-4be0-b6ae-22efcc30b536', 'name': 'tempest-ServersTestJSON-361792329-router', 'tenant_id': '3b54e75a228e4afcba3bbdf06dc909a0', 'admin_state_up': True, 'status': 'ACTIVE', 'external_gateway_info': {'network_id': 'ac50e518-3d48-46db-bb64-9c832e178daf', 'external_fixed_ips': [{'subnet_id': '6f634fbb-5214-490d-ace3-a53e93935c8e', 'ip_address': '10.180.180.173'}], 'enable_snat': True}, 'description': '', 'availability_zones': [], 'distributed': False, 'ha': False, 'availability_zone_hints': [], 'routes': [], 'flavor_id': None, 'tags': [], 'created_at': '2025-05-06T08:24:24Z', 'updated_at': '2025-05-06T08:24:25Z', 'revision_number': 2, 'project_id': '3b54e75a228e4afcba3bbdf06dc909a0'}
2025-05-06 08:24:26.935 70250 INFO tempest.lib.common.rest_client [req-b9fee6b1-9d07-474a-896c-f2bfe0efe85e req-b9fee6b1-9d07-474a-896c-f2bfe0efe85e ] Request (ServersTestMultiNic:_run_cleanups): 200 GET http://10.180.1.21/compute/v2.1/servers/fadebc22-a7c0-484f-b613-662531256145 0.081s
2025-05-06 08:24:27.022 70226 INFO tempest.lib.common.rest_client [req-07d2ac39-e5e2-4832-bfea-9c9a1e91408e req-07d2ac39-e5e2-4832-bfea-9c9a1e91408e ] Request (ServersTestJSON:setUpClass): 201 POST http://10.180.1.21/identity/v3/auth/tokens 0.128s
2025-05-06 08:24:27.042 70248 INFO tempest.lib.common.rest_client [req-d2eb6d44-58c9-4e43-a847-2ea36fa387dc req-d2eb6d44-58c9-4e43-a847-2ea36fa387dc ] Request (ImagesOneServerNegativeTestJSON:_run_cleanups): 201 POST http://10.180.1.21:9696/networking/v2.0/floatingips 0.748s
2025-05-06 08:24:27.055 70226 INFO tempest.lib.common.rest_client [req-f0eb7c43-5856-434d-bea3-b162a9d1eeb3 req-f0eb7c43-5856-434d-bea3-b162a9d1eeb3 ] Request (ServersTestJSON:setUpClass): 200 GET http://10.180.1.21/identity/v3/projects/3b54e75a228e4afcba3bbdf06dc909a0 0.031s
2025-05-06 08:24:27.055 70226 INFO tempest.lib.common.dynamic_creds [-] Using the existing project 3b54e75a228e4afcba3bbdf06dc909a0 for scope project and roles: ['reader']
2025-05-06 08:24:27.103 70278 INFO tempest.lib.common.rest_client [req-2a44c016-7fad-46c2-9deb-eb767e1c382a req-2a44c016-7fad-46c2-9deb-eb767e1c382a ] Request (AttachInterfacesUnderV243Test:_run_cleanups): 200 GET http://10.180.1.21/compute/v2.1/servers/af07841b-b3cf-4064-aa18-46cf941305cf 0.100s
2025-05-06 08:24:27.113 70226 INFO tempest.lib.common.rest_client [req-d563eb11-833d-4711-8059-1db1b3099fd2 req-d563eb11-833d-4711-8059-1db1b3099fd2 ] Request (ServersTestJSON:setUpClass): 201 POST http://10.180.1.21/identity/v3/users 0.057s
2025-05-06 08:24:27.125 70248 INFO tempest.lib.common.rest_client [req-12b1cc00-169c-40c5-9ddc-b3d7e13de7c5 req-12b1cc00-169c-40c5-9ddc-b3d7e13de7c5 ] Request (ImagesOneServerNegativeTestJSON:_run_cleanups): 201 POST http://10.180.1.21/identity/v3/auth/tokens 0.077s
2025-05-06 08:24:27.125 70248 INFO tempest.lib.common.fixed_network [-] (ImagesOneServerNegativeTestJSON:_run_cleanups) Found network {'id': '00f3ea31-c135-407a-9f4d-87232454bbff', 'name': 'tempest-ImagesOneServerNegativeTestJSON-789493059-network', 'tenant_id': '238450bd92554c2bbaf2b3a2352674ef', 'admin_state_up': True, 'mtu': 8950, 'status': 'ACTIVE', 'subnets': [], 'shared': False, 'project_id': '238450bd92554c2bbaf2b3a2352674ef', 'port_security_enabled': True, 'router:external': False, 'provider:network_type': 'vlan', 'provider:physical_network': 'default', 'provider:segmentation_id': 312, 'availability_zone_hints': [], 'availability_zones': [], 'ipv4_address_scope': None, 'ipv6_address_scope': None, 'description': '', 'tags': [], 'created_at': '2025-05-06T08:22:39Z', 'updated_at': '2025-05-06T08:22:39Z', 'revision_number': 1} available for tenant
2025-05-06 08:24:27.142 70276 INFO tempest.lib.common.rest_client [req-1e5b437f-973d-41b6-9d48-d093834f60eb req-1e5b437f-973d-41b6-9d48-d093834f60eb ] Request (FloatingIPsAssociationTestJSON:test_associate_already_associated_floating_ip): 200 GET http://10.180.1.21/compute/v2.1/servers/fac32025-0b66-4870-922f-99c9b0f6ee6f 0.178s
2025-05-06 08:24:27.143 70226 INFO tempest.lib.common.rest_client [req-95f6284c-b61b-49b3-ad05-3e8db3628f6e req-95f6284c-b61b-49b3-ad05-3e8db3628f6e ] Request (ServersTestJSON:setUpClass): 200 GET http://10.180.1.21/identity/v3/roles 0.030s
2025-05-06 08:24:27.171 70234 INFO tempest.lib.common.rest_client [req-8bcbf5b2-f9f3-4100-a498-b29263d49cab req-8bcbf5b2-f9f3-4100-a498-b29263d49cab ] Request (ServerShowV257Test:test_rebuild_server): 200 GET http://10.180.1.21/compute/v2.1/servers/78616ef2-91a3-4a1e-946e-cfbc67de846d 0.090s
2025-05-06 08:24:27.190 70226 INFO tempest.lib.common.rest_client [req-c4eb5b28-edbb-4a10-8977-4386cb5470c6 req-c4eb5b28-edbb-4a10-8977-4386cb5470c6 ] Request (ServersTestJSON:setUpClass): 204 PUT http://10.180.1.21/identity/v3/projects/3b54e75a228e4afcba3bbdf06dc909a0/users/693c33a17d1c40bc875007a34a5939fa/roles/b4dab32f0b7743a09e17912392d2f707 0.045s
2025-05-06 08:24:27.191 70226 INFO tempest.lib.common.dynamic_creds [-] Dynamic test user 693c33a17d1c40bc875007a34a5939fa is created with scope project and roles: ['reader']
2025-05-06 08:24:27.191 70226 INFO tempest.lib.common.dynamic_creds [-] Acquired dynamic creds: credentials: Credentials: {'domain_id': 'default', 'domain_name': 'Default', 'username': 'tempest-ServersTestJSON-1481461548-project-reader', 'project_domain_id': 'default', 'project_domain_name': 'Default', 'project_id': '3b54e75a228e4afcba3bbdf06dc909a0', 'project_name': 'tempest-ServersTestJSON-1481461548', 'tenant_id': '3b54e75a228e4afcba3bbdf06dc909a0', 'tenant_name': 'tempest-ServersTestJSON-1481461548', 'user_domain_id': 'default', 'user_domain_name': 'Default', 'user_id': '693c33a17d1c40bc875007a34a5939fa', 'system': None}, Network: None, Subnet: None, Router: None
2025-05-06 08:24:27.191 70226 INFO tempest.lib.common.dynamic_creds [-] Network resources are not created for requested scope: project and credentials: Credentials: {'domain_id': 'default', 'domain_name': 'Default', 'username': 'tempest-ServersTestJSON-1481461548-project-reader', 'project_domain_id': 'default', 'project_domain_name': 'Default', 'project_id': '3b54e75a228e4afcba3bbdf06dc909a0', 'project_name': 'tempest-ServersTestJSON-1481461548', 'tenant_id': '3b54e75a228e4afcba3bbdf06dc909a0', 'tenant_name': 'tempest-ServersTestJSON-1481461548', 'user_domain_id': 'default', 'user_domain_name': 'Default', 'user_id': '693c33a17d1c40bc875007a34a5939fa', 'system': None}, Network: None, Subnet: None, Router: None
2025-05-06 08:24:27.217 70222 INFO tempest.lib.common.rest_client [req-d473c5d4-f891-43db-997c-95280cc3c5e8 req-d473c5d4-f891-43db-997c-95280cc3c5e8 ] Request (InstanceActionsTestJSON:setUpClass): 200 GET http://10.180.1.21/compute/v2.1/servers/faab6f2d-3f7f-4adb-a71b-2319c56d706a 0.098s
2025-05-06 08:24:27.250 70232 INFO tempest.lib.common.rest_client [req-e6199d10-ebd6-4b31-b11f-b96e97bd80cd req-e6199d10-ebd6-4b31-b11f-b96e97bd80cd ] Request (ListImageFiltersTestJSON:setUpClass): 200 GET http://10.180.1.21/compute/v2.1/images/40237f22-d6de-44d8-991f-b87ddbbcc038 0.104s
2025-05-06 08:24:27.296 70226 INFO tempest.lib.common.rest_client [req-b4a8c30b-becb-4e95-aa82-427a03b743e5 req-b4a8c30b-becb-4e95-aa82-427a03b743e5 ] Request (ServersTestJSON:setUpClass): 201 POST http://10.180.1.21/identity/v3/auth/tokens 0.101s
2025-05-06 08:24:27.335 70264 INFO tempest.lib.common.rest_client [req-4f3dcb8c-9ced-46f7-a4de-2af167d1534c req-4f3dcb8c-9ced-46f7-a4de-2af167d1534c ] Request (FloatingIPsAssociationNegativeTestJSON:setUpClass): 200 GET http://10.180.1.21/compute/v2.1/servers/ce1c1a25-2095-4f6e-a9d3-194351c69ae5 0.112s
2025-05-06 08:24:27.369 70226 INFO tempest.lib.common.rest_client [req-7f2c7c17-2dc9-4efd-aab5-f16828bfe4aa req-7f2c7c17-2dc9-4efd-aab5-f16828bfe4aa ] Request (ServersTestJSON:test_create_server_specify_multibyte_character_name): 201 POST http://10.180.1.21/identity/v3/auth/tokens 0.070s
2025-05-06 08:24:27.370 70226 INFO tempest.lib.common.fixed_network [-] (ServersTestJSON:test_create_server_specify_multibyte_character_name) Found network {'id': '6bf1a6cf-e503-4a31-ba43-4ca66deeb69b', 'name': 'tempest-ServersTestJSON-361792329-network', 'tenant_id': '3b54e75a228e4afcba3bbdf06dc909a0', 'admin_state_up': True, 'mtu': 8950, 'status': 'ACTIVE', 'subnets': [], 'shared': False, 'project_id': '3b54e75a228e4afcba3bbdf06dc909a0', 'port_security_enabled': True, 'router:external': False, 'provider:network_type': 'vlan', 'provider:physical_network': 'default', 'provider:segmentation_id': 692, 'availability_zone_hints': [], 'availability_zones': [], 'ipv4_address_scope': None, 'ipv6_address_scope': None, 'description': '', 'tags': [], 'created_at': '2025-05-06T08:24:24Z', 'updated_at': '2025-05-06T08:24:24Z', 'revision_number': 1} available for tenant
2025-05-06 08:24:27.390 70252 INFO tempest.lib.common.rest_client [req-53feaadd-9106-48eb-b929-4c117128208a req-53feaadd-9106-48eb-b929-4c117128208a ] Request (ServersTestManualDisk:setUpClass): 200 GET http://10.180.1.21/compute/v2.1/servers/ce9aac70-29d1-4205-b456-6b03b4dd8b7b 0.116s
2025-05-06 08:24:27.463 70236 INFO tempest.lib.common.rest_client [req-8ac92b1a-a721-45ca-8505-0d04abad8aa3 req-8ac92b1a-a721-45ca-8505-0d04abad8aa3 ] Request (ServersTestFqdnHostnames:tearDownClass): 200 GET http://10.180.1.21/compute/v2.1/servers/30ef4444-a9fb-41c8-befd-5a4d6304157e 0.097s
2025-05-06 08:24:27.565 70248 INFO tempest.lib.common.rest_client [req-7945280b-275c-4f71-90f3-fc594320c3f1 req-7945280b-275c-4f71-90f3-fc594320c3f1 ] Request (ImagesOneServerNegativeTestJSON:_run_cleanups): 202 POST http://10.180.1.21/compute/v2.1/servers 0.438s
2025-05-06 08:24:27.657 70282 INFO tempest.lib.common.rest_client [req-eab2d455-add2-4ea0-8bda-47f91a03b87b req-eab2d455-add2-4ea0-8bda-47f91a03b87b ] Request (ServerDiagnosticsTest:tearDownClass): 200 GET http://10.180.1.21/compute/v2.1/servers/57366f9e-45c9-4d32-813d-791518134948 0.230s
2025-05-06 08:24:27.719 70257 INFO tempest.lib.common.rest_client [req-f1b860b8-88b5-4e93-b829-2c8fe0db559e req-f1b860b8-88b5-4e93-b829-2c8fe0db559e ] Request (ImagesNegativeTestJSON:test_create_image_from_deleted_server): 200 GET http://10.180.1.21/compute/v2.1/servers/50c433bb-66a1-4587-9ff7-fbbf3596587a 0.217s
2025-05-06 08:24:27.782 70242 INFO tempest.lib.common.rest_client [req-5abf5b28-137b-4c9f-92ea-e78903149dca req-5abf5b28-137b-4c9f-92ea-e78903149dca ] Request (ServerExternalEventsTest:tearDownClass): 200 GET http://10.180.1.21/compute/v2.1/servers/d5d427de-4146-4712-a169-403cb430af2d 0.258s
2025-05-06 08:24:27.817 70248 INFO tempest.lib.common.rest_client [req-c8928096-068a-4623-9781-30166f849a64 req-c8928096-068a-4623-9781-30166f849a64 ] Request (ImagesOneServerNegativeTestJSON:_run_cleanups): 200 GET http://10.180.1.21/compute/v2.1/servers/0928cc3f-e729-4400-bdfd-ac55c9c1dfa4 0.251s
2025-05-06 08:24:27.882 70280 INFO tempest.lib.common.rest_client [req-501a1f75-95bd-4c2a-beee-6cd0e4069988 req-501a1f75-95bd-4c2a-beee-6cd0e4069988 ] Request (ServersAdminNegativeTestJSON:tearDownClass): 200 GET http://10.180.1.21/compute/v2.1/servers/f90ddb31-e6d1-4c72-beeb-af6a60afa09b 0.287s
2025-05-06 08:24:27.929 70226 INFO tempest.lib.common.rest_client [req-4ec59ed1-c5f0-46e4-bbbf-5951eee5fee8 req-4ec59ed1-c5f0-46e4-bbbf-5951eee5fee8 ] Request (ServersTestJSON:test_create_server_specify_multibyte_character_name): 202 POST http://10.180.1.21/compute/v2.1/servers 0.558s
2025-05-06 08:24:27.944 70268 INFO tempest.lib.common.rest_client [req-0be37604-aea4-446e-9c94-40e1a8523823 req-0be37604-aea4-446e-9c94-40e1a8523823 ] Request (MigrationsAdminTest:test_list_migrations_in_flavor_resize_situation): 200 GET http://10.180.1.21/compute/v2.1/servers/cc9e95be-00b3-4a50-902b-fd06b2809b69 0.333s
2025-05-06 08:24:27.990 70260 INFO tempest.lib.common.rest_client [req-15bd0d07-5d63-43e8-acaf-db7da41f39af req-15bd0d07-5d63-43e8-acaf-db7da41f39af ] Request (ServersTestBootFromVolume:setUpClass): 200 GET http://10.180.1.21/compute/v2.1/servers/8916f208-29a1-4a00-af38-29201d651726 0.338s
2025-05-06 08:24:28.009 70254 INFO tempest.lib.common.rest_client [req-f6085ac6-b28a-4c93-8c29-92abc7d1bd4b req-f6085ac6-b28a-4c93-8c29-92abc7d1bd4b ] Request (ImagesTestJSON:test_create_image_from_stopped_server): 200 GET http://10.180.1.21/compute/v2.1/servers/08c30c2e-9588-4990-8d85-b747ff174e1b 0.324s
2025-05-06 08:24:28.049 70244 INFO tempest.lib.common.rest_client [req-865c7692-794f-433c-aaf4-634e02958317 req-865c7692-794f-433c-aaf4-634e02958317 ] Request (ServerActionsTestOtherA:setUpClass): 200 GET http://10.180.1.21/compute/v2.1/servers/75bb2855-1e92-47e3-b181-2ace83c7ee2f 0.325s
2025-05-06 08:24:28.073 70258 INFO tempest.lib.common.rest_client [req-490437a3-ca3f-4b3c-912c-027c795093f3 req-490437a3-ca3f-4b3c-912c-027c795093f3 ] Request (VolumesAdminNegativeTest:test_update_attached_volume_with_nonexistent_volume_in_uri): 200 GET http://10.180.1.21/compute/v2.1/servers/21b385b6-9cca-4ed1-8bd2-57336451452a 0.320s
2025-05-06 08:24:28.110 70220 INFO tempest.lib.common.rest_client [req-ee50bad7-5640-44f7-9eaf-56987f17f56b req-ee50bad7-5640-44f7-9eaf-56987f17f56b ] Request (ServerAddressesNegativeTestJSON:setUpClass): 200 GET http://10.180.1.21/compute/v2.1/servers/886226c8-616b-43cf-bfc6-aa5aac2ca158 0.328s
2025-05-06 08:24:28.140 70228 INFO tempest.lib.common.rest_client [req-9f5d4328-9e2f-4f68-92e6-4f18f122d4a4 req-9f5d4328-9e2f-4f68-92e6-4f18f122d4a4 ] Request (VolumesAssistedSnapshotsTest:tearDownClass): 200 GET http://10.180.1.21/compute/v2.1/servers/fdda6ebb-5831-4af0-baf1-6ff61e7ff96d 0.287s
2025-05-06 08:24:28.174 70240 INFO tempest.lib.common.rest_client [req-09543fe1-506a-4afa-aae1-7edaf7d0ed2c req-09543fe1-506a-4afa-aae1-7edaf7d0ed2c ] Request (ServersAdminTestJSON:test_create_server_with_scheduling_hint): 200 GET http://10.180.1.21/compute/v2.1/servers/2de2aaa0-ef92-421d-9590-21e298c6f0bf 0.314s
2025-05-06 08:24:28.190 70226 INFO tempest.lib.common.rest_client [req-cd2aa952-f794-4a04-80f3-236f26eaa516 req-cd2aa952-f794-4a04-80f3-236f26eaa516 ] Request (ServersTestJSON:test_create_server_specify_multibyte_character_name): 200 GET http://10.180.1.21/compute/v2.1/servers/fc4343e8-054c-41d5-9d43-010d83bb9135 0.259s
2025-05-06 08:24:28.252 70250 INFO tempest.lib.common.rest_client [req-71470979-c856-4fe7-a968-eb9c8410925a req-71470979-c856-4fe7-a968-eb9c8410925a ] Request (ServersTestMultiNic:_run_cleanups): 200 GET http://10.180.1.21/compute/v2.1/servers/fadebc22-a7c0-484f-b613-662531256145 0.308s
2025-05-06 08:24:28.256 70278 INFO tempest.lib.common.rest_client [req-f00f61bb-2d08-4655-bdca-76316a37dc30 req-f00f61bb-2d08-4655-bdca-76316a37dc30 ] Request (AttachInterfacesUnderV243Test:_run_cleanups): 200 GET http://10.180.1.21/compute/v2.1/servers/af07841b-b3cf-4064-aa18-46cf941305cf 0.142s
2025-05-06 08:24:28.315 70234 INFO tempest.lib.common.rest_client [req-189bba72-ee84-4f52-ba83-89cdae0e8f17 req-189bba72-ee84-4f52-ba83-89cdae0e8f17 ] Request (ServerShowV257Test:test_rebuild_server): 200 GET http://10.180.1.21/compute/v2.1/servers/78616ef2-91a3-4a1e-946e-cfbc67de846d 0.129s
2025-05-06 08:24:28.357 70276 INFO tempest.lib.common.rest_client [req-bff2a85f-8876-43d7-ad85-646f616b3ba8 req-bff2a85f-8876-43d7-ad85-646f616b3ba8 ] Request (FloatingIPsAssociationTestJSON:test_associate_already_associated_floating_ip): 200 GET http://10.180.1.21/compute/v2.1/servers/fac32025-0b66-4870-922f-99c9b0f6ee6f 0.206s
2025-05-06 08:24:28.370 70222 INFO tempest.lib.common.rest_client [req-ed834f8b-78c5-4157-9f18-0a4df3eba0ce req-ed834f8b-78c5-4157-9f18-0a4df3eba0ce ] Request (InstanceActionsTestJSON:setUpClass): 200 GET http://10.180.1.21/compute/v2.1/servers/faab6f2d-3f7f-4adb-a71b-2319c56d706a 0.144s
2025-05-06 08:24:28.394 70232 INFO tempest.lib.common.rest_client [req-521c68af-149d-433d-b248-a955b63c7160 req-521c68af-149d-433d-b248-a955b63c7160 ] Request (ListImageFiltersTestJSON:setUpClass): 200 GET http://10.180.1.21/compute/v2.1/images/40237f22-d6de-44d8-991f-b87ddbbcc038 0.140s
2025-05-06 08:24:28.420 70264 INFO tempest.lib.common.rest_client [req-127a7424-0176-4043-a41a-71f56c20146e req-127a7424-0176-4043-a41a-71f56c20146e ] Request (FloatingIPsAssociationNegativeTestJSON:setUpClass): 200 GET http://10.180.1.21/compute/v2.1/servers/ce1c1a25-2095-4f6e-a9d3-194351c69ae5 0.075s
2025-05-06 08:24:28.465 70252 INFO tempest.lib.common.rest_client [req-031a8442-389b-431c-9163-5d1bcd5bb1ca req-031a8442-389b-431c-9163-5d1bcd5bb1ca ] Request (ServersTestManualDisk:setUpClass): 200 GET http://10.180.1.21/compute/v2.1/servers/ce9aac70-29d1-4205-b456-6b03b4dd8b7b 0.067s
2025-05-06 08:24:28.733 70282 INFO tempest.lib.common.rest_client [req-be6b6f68-d7a4-45f9-81dc-7fe7fea1843a req-be6b6f68-d7a4-45f9-81dc-7fe7fea1843a ] Request (ServerDiagnosticsTest:tearDownClass): 200 GET http://10.180.1.21/compute/v2.1/servers/57366f9e-45c9-4d32-813d-791518134948 0.064s
2025-05-06 08:24:28.791 70257 INFO tempest.lib.common.rest_client [req-1fffa0cb-ab45-45e9-8c09-363007b9f0ba req-1fffa0cb-ab45-45e9-8c09-363007b9f0ba ] Request (ImagesNegativeTestJSON:test_create_image_from_deleted_server): 200 GET http://10.180.1.21/compute/v2.1/servers/50c433bb-66a1-4587-9ff7-fbbf3596587a 0.063s
2025-05-06 08:24:28.822 70236 INFO tempest.lib.common.rest_client [req-a8eba31b-56cf-4f31-879a-5d1ea8154c30 req-a8eba31b-56cf-4f31-879a-5d1ea8154c30 ] Request (ServersTestFqdnHostnames:tearDownClass): 200 GET http://10.180.1.21/compute/v2.1/servers/30ef4444-a9fb-41c8-befd-5a4d6304157e 0.345s
2025-05-06 08:24:28.856 70242 INFO tempest.lib.common.rest_client [req-bc5d6a3a-ff96-42c8-a51d-43488ced6afc req-bc5d6a3a-ff96-42c8-a51d-43488ced6afc ] Request (ServerExternalEventsTest:tearDownClass): 200 GET http://10.180.1.21/compute/v2.1/servers/d5d427de-4146-4712-a169-403cb430af2d 0.066s
2025-05-06 08:24:28.894 70248 INFO tempest.lib.common.rest_client [req-fa157bf0-57bb-4a9b-b3a3-3403c2e1571d req-fa157bf0-57bb-4a9b-b3a3-3403c2e1571d ] Request (ImagesOneServerNegativeTestJSON:_run_cleanups): 200 GET http://10.180.1.21/compute/v2.1/servers/0928cc3f-e729-4400-bdfd-ac55c9c1dfa4 0.063s
2025-05-06 08:24:28.955 70280 INFO tempest.lib.common.rest_client [req-f3e7063b-1bac-4a46-83d9-e99dff0bab50 req-f3e7063b-1bac-4a46-83d9-e99dff0bab50 ] Request (ServersAdminNegativeTestJSON:tearDownClass): 200 GET http://10.180.1.21/compute/v2.1/servers/f90ddb31-e6d1-4c72-beeb-af6a60afa09b 0.064s
2025-05-06 08:24:29.013 70268 INFO tempest.lib.common.rest_client [req-9cb32e39-c177-450d-98d1-f933f6312afc req-9cb32e39-c177-450d-98d1-f933f6312afc ] Request (MigrationsAdminTest:test_list_migrations_in_flavor_resize_situation): 200 GET http://10.180.1.21/compute/v2.1/servers/cc9e95be-00b3-4a50-902b-fd06b2809b69 0.058s
2025-05-06 08:24:29.061 70260 INFO tempest.lib.common.rest_client [req-245344ea-b9d6-460b-a3ed-a8e9594bf204 req-245344ea-b9d6-460b-a3ed-a8e9594bf204 ] Request (ServersTestBootFromVolume:setUpClass): 200 GET http://10.180.1.21/compute/v2.1/servers/8916f208-29a1-4a00-af38-29201d651726 0.060s
2025-05-06 08:24:29.077 70254 INFO tempest.lib.common.rest_client [req-398740e8-68fa-4cad-85d9-9e6fe360fb2d req-398740e8-68fa-4cad-85d9-9e6fe360fb2d ] Request (ImagesTestJSON:test_create_image_from_stopped_server): 200 GET http://10.180.1.21/compute/v2.1/servers/08c30c2e-9588-4990-8d85-b747ff174e1b 0.058s
2025-05-06 08:24:29.115 70244 INFO tempest.lib.common.rest_client [req-1e174224-680d-48b2-ac68-2d8cc437f7d9 req-1e174224-680d-48b2-ac68-2d8cc437f7d9 ] Request (ServerActionsTestOtherA:setUpClass): 200 GET http://10.180.1.21/compute/v2.1/servers/75bb2855-1e92-47e3-b181-2ace83c7ee2f 0.056s
2025-05-06 08:24:29.143 70258 INFO tempest.lib.common.rest_client [req-44eaf55b-f767-4416-9420-601569a9362d req-44eaf55b-f767-4416-9420-601569a9362d ] Request (VolumesAdminNegativeTest:test_update_attached_volume_with_nonexistent_volume_in_uri): 200 GET http://10.180.1.21/compute/v2.1/servers/21b385b6-9cca-4ed1-8bd2-57336451452a 0.061s
2025-05-06 08:24:29.184 70220 INFO tempest.lib.common.rest_client [req-3da85376-e0c6-4075-be34-f1e7c7bd593c req-3da85376-e0c6-4075-be34-f1e7c7bd593c ] Request (ServerAddressesNegativeTestJSON:setUpClass): 200 GET http://10.180.1.21/compute/v2.1/servers/886226c8-616b-43cf-bfc6-aa5aac2ca158 0.065s
2025-05-06 08:24:29.230 70228 INFO tempest.lib.common.rest_client [req-b00489b2-4f1e-43ee-a10b-ed93438cc864 req-b00489b2-4f1e-43ee-a10b-ed93438cc864 ] Request (VolumesAssistedSnapshotsTest:tearDownClass): 200 GET http://10.180.1.21/compute/v2.1/servers/fdda6ebb-5831-4af0-baf1-6ff61e7ff96d 0.075s
2025-05-06 08:24:29.246 70240 INFO tempest.lib.common.rest_client [req-19cb33f1-33bf-4886-a62a-512df212ecce req-19cb33f1-33bf-4886-a62a-512df212ecce ] Request (ServersAdminTestJSON:test_create_server_with_scheduling_hint): 200 GET http://10.180.1.21/compute/v2.1/servers/2de2aaa0-ef92-421d-9590-21e298c6f0bf 0.057s
2025-05-06 08:24:29.278 70226 INFO tempest.lib.common.rest_client [req-3778039d-5fba-4fbf-a5f0-b93eb7f768eb req-3778039d-5fba-4fbf-a5f0-b93eb7f768eb ] Request (ServersTestJSON:test_create_server_specify_multibyte_character_name): 200 GET http://10.180.1.21/compute/v2.1/servers/fc4343e8-054c-41d5-9d43-010d83bb9135 0.074s
2025-05-06 08:24:29.329 70250 INFO tempest.lib.common.rest_client [req-dca3ffb0-b868-4d70-b99a-bed09a7a18b5 req-dca3ffb0-b868-4d70-b99a-bed09a7a18b5 ] Request (ServersTestMultiNic:_run_cleanups): 200 GET http://10.180.1.21/compute/v2.1/servers/fadebc22-a7c0-484f-b613-662531256145 0.060s
2025-05-06 08:24:29.336 70278 INFO tempest.lib.common.rest_client [req-8050622c-8893-4e3b-9563-19edc05514ea req-8050622c-8893-4e3b-9563-19edc05514ea ] Request (AttachInterfacesUnderV243Test:_run_cleanups): 200 GET http://10.180.1.21/compute/v2.1/servers/af07841b-b3cf-4064-aa18-46cf941305cf 0.062s
2025-05-06 08:24:29.386 70234 INFO tempest.lib.common.rest_client [req-291667a9-573c-4fb1-815d-21503b81a1ca req-291667a9-573c-4fb1-815d-21503b81a1ca ] Request (ServerShowV257Test:test_rebuild_server): 200 GET http://10.180.1.21/compute/v2.1/servers/78616ef2-91a3-4a1e-946e-cfbc67de846d 0.055s
2025-05-06 08:24:29.433 70222 INFO tempest.lib.common.rest_client [req-d25291b3-df9e-4b0d-8cc6-6fac6e5c90a0 req-d25291b3-df9e-4b0d-8cc6-6fac6e5c90a0 ] Request (InstanceActionsTestJSON:setUpClass): 200 GET http://10.180.1.21/compute/v2.1/servers/faab6f2d-3f7f-4adb-a71b-2319c56d706a 0.052s
2025-05-06 08:24:29.465 70276 INFO tempest.lib.common.rest_client [req-f094b683-61b3-45a7-a53d-c2e479b737ae req-f094b683-61b3-45a7-a53d-c2e479b737ae ] Request (FloatingIPsAssociationTestJSON:test_associate_already_associated_floating_ip): 200 GET http://10.180.1.21/compute/v2.1/servers/fac32025-0b66-4870-922f-99c9b0f6ee6f 0.100s
2025-05-06 08:24:29.471 70232 INFO tempest.lib.common.rest_client [req-2a0cedb0-a247-4e26-b47b-20eb586256ac req-2a0cedb0-a247-4e26-b47b-20eb586256ac ] Request (ListImageFiltersTestJSON:setUpClass): 200 GET http://10.180.1.21/compute/v2.1/images/40237f22-d6de-44d8-991f-b87ddbbcc038 0.072s
2025-05-06 08:24:29.472 70276 INFO tempest.common.waiters [-] State transition "BUILD/spawning" ==> "ACTIVE/None" after 62 second wait
2025-05-06 08:24:29.516 70264 INFO tempest.lib.common.rest_client [req-66771193-9e9d-4f8a-92f0-ff853f212969 req-66771193-9e9d-4f8a-92f0-ff853f212969 ] Request (FloatingIPsAssociationNegativeTestJSON:setUpClass): 200 GET http://10.180.1.21/compute/v2.1/servers/ce1c1a25-2095-4f6e-a9d3-194351c69ae5 0.086s
2025-05-06 08:24:29.565 70252 INFO tempest.lib.common.rest_client [req-8696a223-4749-4495-8b6d-0987106e4308 req-8696a223-4749-4495-8b6d-0987106e4308 ] Request (ServersTestManualDisk:setUpClass): 200 GET http://10.180.1.21/compute/v2.1/servers/ce9aac70-29d1-4205-b456-6b03b4dd8b7b 0.080s
2025-05-06 08:24:29.815 70282 INFO tempest.lib.common.rest_client [req-69bf5ad2-f8aa-4f27-a4f3-ad3c6edfd13c req-69bf5ad2-f8aa-4f27-a4f3-ad3c6edfd13c ] Request (ServerDiagnosticsTest:tearDownClass): 200 GET http://10.180.1.21/compute/v2.1/servers/57366f9e-45c9-4d32-813d-791518134948 0.070s
2025-05-06 08:24:29.867 70257 INFO tempest.lib.common.rest_client [req-1b323c75-0367-4510-88ea-9ec1bcaacc27 req-1b323c75-0367-4510-88ea-9ec1bcaacc27 ] Request (ImagesNegativeTestJSON:test_create_image_from_deleted_server): 200 GET http://10.180.1.21/compute/v2.1/servers/50c433bb-66a1-4587-9ff7-fbbf3596587a 0.065s
2025-05-06 08:24:29.920 70236 INFO tempest.lib.common.rest_client [req-e9f8a2a2-1365-48d7-ade8-a98a25bb3463 req-e9f8a2a2-1365-48d7-ade8-a98a25bb3463 ] Request (ServersTestFqdnHostnames:tearDownClass): 200 GET http://10.180.1.21/compute/v2.1/servers/30ef4444-a9fb-41c8-befd-5a4d6304157e 0.088s
2025-05-06 08:24:29.976 70242 INFO tempest.lib.common.rest_client [req-6937d968-bbf1-4055-906c-a54ed14a4b46 req-6937d968-bbf1-4055-906c-a54ed14a4b46 ] Request (ServerExternalEventsTest:tearDownClass): 200 GET http://10.180.1.21/compute/v2.1/servers/d5d427de-4146-4712-a169-403cb430af2d 0.111s
2025-05-06 08:24:30.022 70248 INFO tempest.lib.common.rest_client [req-61d1f4cc-cf19-4bdc-97a6-7ba8a89e37c6 req-61d1f4cc-cf19-4bdc-97a6-7ba8a89e37c6 ] Request (ImagesOneServerNegativeTestJSON:_run_cleanups): 200 GET http://10.180.1.21/compute/v2.1/servers/0928cc3f-e729-4400-bdfd-ac55c9c1dfa4 0.118s
2025-05-06 08:24:30.077 70280 INFO tempest.lib.common.rest_client [req-3b61f888-f2d5-4c67-b4bd-56dde7f4606c req-3b61f888-f2d5-4c67-b4bd-56dde7f4606c ] Request (ServersAdminNegativeTestJSON:tearDownClass): 200 GET http://10.180.1.21/compute/v2.1/servers/f90ddb31-e6d1-4c72-beeb-af6a60afa09b 0.112s
2025-05-06 08:24:30.129 70268 INFO tempest.lib.common.rest_client [req-f514e0b0-624b-4dba-a740-c21b0d451838 req-f514e0b0-624b-4dba-a740-c21b0d451838 ] Request (MigrationsAdminTest:test_list_migrations_in_flavor_resize_situation): 200 GET http://10.180.1.21/compute/v2.1/servers/cc9e95be-00b3-4a50-902b-fd06b2809b69 0.105s
2025-05-06 08:24:30.178 70260 INFO tempest.lib.common.rest_client [req-ecf88bbe-04c1-4033-86b0-6d5c957fd239 req-ecf88bbe-04c1-4033-86b0-6d5c957fd239 ] Request (ServersTestBootFromVolume:setUpClass): 200 GET http://10.180.1.21/compute/v2.1/servers/8916f208-29a1-4a00-af38-29201d651726 0.108s
2025-05-06 08:24:30.230 70254 INFO tempest.lib.common.rest_client [req-37fe0b65-d961-4875-b164-954b0c4977c8 req-37fe0b65-d961-4875-b164-954b0c4977c8 ] Request (ImagesTestJSON:test_create_image_from_stopped_server): 200 GET http://10.180.1.21/compute/v2.1/servers/08c30c2e-9588-4990-8d85-b747ff174e1b 0.143s
2025-05-06 08:24:30.277 70244 INFO tempest.lib.common.rest_client [req-f9277787-226f-48c7-914d-4ba49dfe1623 req-f9277787-226f-48c7-914d-4ba49dfe1623 ] Request (ServerActionsTestOtherA:setUpClass): 200 GET http://10.180.1.21/compute/v2.1/servers/75bb2855-1e92-47e3-b181-2ace83c7ee2f 0.153s
2025-05-06 08:24:30.290 70244 INFO tempest.common.waiters [-] State transition "BUILD/scheduling" ==> "BUILD/None" after 17 second wait
2025-05-06 08:24:30.327 70258 INFO tempest.lib.common.rest_client [req-1d0a357c-ad83-46a3-98e7-6455f04958e9 req-1d0a357c-ad83-46a3-98e7-6455f04958e9 ] Request (VolumesAdminNegativeTest:test_update_attached_volume_with_nonexistent_volume_in_uri): 200 GET http://10.180.1.21/compute/v2.1/servers/21b385b6-9cca-4ed1-8bd2-57336451452a 0.175s
2025-05-06 08:24:30.377 70220 INFO tempest.lib.common.rest_client [req-eced5f6b-fbf5-4d39-b125-8d8d33da5964 req-eced5f6b-fbf5-4d39-b125-8d8d33da5964 ] Request (ServerAddressesNegativeTestJSON:setUpClass): 200 GET http://10.180.1.21/compute/v2.1/servers/886226c8-616b-43cf-bfc6-aa5aac2ca158 0.184s
2025-05-06 08:24:30.443 70228 INFO tempest.lib.common.rest_client [req-7f855f7f-a963-4e8d-95d4-5f70a2c6e1db req-7f855f7f-a963-4e8d-95d4-5f70a2c6e1db ] Request (VolumesAssistedSnapshotsTest:tearDownClass): 200 GET http://10.180.1.21/compute/v2.1/servers/fdda6ebb-5831-4af0-baf1-6ff61e7ff96d 0.204s
2025-05-06 08:24:30.489 70240 INFO tempest.lib.common.rest_client [req-96c98f44-f649-42bb-a5e9-4837f801c03b req-96c98f44-f649-42bb-a5e9-4837f801c03b ] Request (ServersAdminTestJSON:test_create_server_with_scheduling_hint): 200 GET http://10.180.1.21/compute/v2.1/servers/2de2aaa0-ef92-421d-9590-21e298c6f0bf 0.235s
2025-05-06 08:24:30.541 70226 INFO tempest.lib.common.rest_client [req-54e498f0-efca-4d9d-80e1-85060a13b554 req-54e498f0-efca-4d9d-80e1-85060a13b554 ] Request (ServersTestJSON:test_create_server_specify_multibyte_character_name): 200 GET http://10.180.1.21/compute/v2.1/servers/fc4343e8-054c-41d5-9d43-010d83bb9135 0.252s
2025-05-06 08:24:30.609 70276 INFO tempest.lib.common.rest_client [req-3ccb7604-0f64-42e5-9980-f569bd3dc349 req-3ccb7604-0f64-42e5-9980-f569bd3dc349 ] Request (FloatingIPsAssociationTestJSON:test_associate_already_associated_floating_ip): 202 POST http://10.180.1.21/compute/v2.1/servers/5c226156-e597-42b0-bc7b-6ea6cc105004/action 1.136s
2025-05-06 08:24:30.619 70250 INFO tempest.lib.common.rest_client [req-36cb3c58-c123-4eaa-ab03-fb0a2af44521 req-36cb3c58-c123-4eaa-ab03-fb0a2af44521 ] Request (ServersTestMultiNic:_run_cleanups): 200 GET http://10.180.1.21/compute/v2.1/servers/fadebc22-a7c0-484f-b613-662531256145 0.282s
2025-05-06 08:24:30.667 70234 INFO tempest.lib.common.rest_client [req-6e0ba76c-a99f-4f3c-afab-d2686ba02526 req-6e0ba76c-a99f-4f3c-afab-d2686ba02526 ] Request (ServerShowV257Test:test_rebuild_server): 200 GET http://10.180.1.21/compute/v2.1/servers/78616ef2-91a3-4a1e-946e-cfbc67de846d 0.270s
2025-05-06 08:24:30.684 70278 INFO tempest.lib.common.rest_client [req-924f0201-d317-4bb2-ace6-c4a41a42b18b req-924f0201-d317-4bb2-ace6-c4a41a42b18b ] Request (AttachInterfacesUnderV243Test:_run_cleanups): 200 GET http://10.180.1.21/compute/v2.1/servers/af07841b-b3cf-4064-aa18-46cf941305cf 0.339s
2025-05-06 08:24:30.714 70222 INFO tempest.lib.common.rest_client [req-017f12f5-b487-4ec5-919f-e823a0f0ff71 req-017f12f5-b487-4ec5-919f-e823a0f0ff71 ] Request (InstanceActionsTestJSON:setUpClass): 200 GET http://10.180.1.21/compute/v2.1/servers/faab6f2d-3f7f-4adb-a71b-2319c56d706a 0.272s
2025-05-06 08:24:30.719 70232 INFO tempest.lib.common.rest_client [req-9cac6d01-5c36-4ce8-a81a-72b1e3cd7e4a req-9cac6d01-5c36-4ce8-a81a-72b1e3cd7e4a ] Request (ListImageFiltersTestJSON:setUpClass): 200 GET http://10.180.1.21/compute/v2.1/images/40237f22-d6de-44d8-991f-b87ddbbcc038 0.243s
2025-05-06 08:24:30.759 70264 INFO tempest.lib.common.rest_client [req-88a92d76-8303-495e-ae18-3516312284f9 req-88a92d76-8303-495e-ae18-3516312284f9 ] Request (FloatingIPsAssociationNegativeTestJSON:setUpClass): 200 GET http://10.180.1.21/compute/v2.1/servers/ce1c1a25-2095-4f6e-a9d3-194351c69ae5 0.236s
2025-05-06 08:24:30.775 70252 INFO tempest.lib.common.rest_client [req-63c4b701-0676-4087-a58f-b19ddc450357 req-63c4b701-0676-4087-a58f-b19ddc450357 ] Request (ServersTestManualDisk:setUpClass): 200 GET http://10.180.1.21/compute/v2.1/servers/ce9aac70-29d1-4205-b456-6b03b4dd8b7b 0.202s
2025-05-06 08:24:30.892 70282 INFO tempest.lib.common.rest_client [req-fa39d816-0b84-401c-8bb4-b8ff864130ad req-fa39d816-0b84-401c-8bb4-b8ff864130ad ] Request (ServerDiagnosticsTest:tearDownClass): 200 GET http://10.180.1.21/compute/v2.1/servers/57366f9e-45c9-4d32-813d-791518134948 0.070s
2025-05-06 08:24:30.964 70257 INFO tempest.lib.common.rest_client [req-e9268ce4-1dc0-4905-9af5-e9e142033a3e req-e9268ce4-1dc0-4905-9af5-e9e142033a3e ] Request (ImagesNegativeTestJSON:test_create_image_from_deleted_server): 200 GET http://10.180.1.21/compute/v2.1/servers/50c433bb-66a1-4587-9ff7-fbbf3596587a 0.087s
2025-05-06 08:24:31.025 70236 INFO tempest.lib.common.rest_client [req-006366c1-099f-4c0b-9c57-a72f2feb45f3 req-006366c1-099f-4c0b-9c57-a72f2feb45f3 ] Request (ServersTestFqdnHostnames:tearDownClass): 200 GET http://10.180.1.21/compute/v2.1/servers/30ef4444-a9fb-41c8-befd-5a4d6304157e 0.097s
2025-05-06 08:24:31.093 70242 INFO tempest.lib.common.rest_client [req-865811fa-a4f1-4fa3-865d-ee1130fee208 req-865811fa-a4f1-4fa3-865d-ee1130fee208 ] Request (ServerExternalEventsTest:tearDownClass): 200 GET http://10.180.1.21/compute/v2.1/servers/d5d427de-4146-4712-a169-403cb430af2d 0.109s
2025-05-06 08:24:31.166 70248 INFO tempest.lib.common.rest_client [req-d15c5801-4abb-493b-b6c9-565a07cd12fb req-d15c5801-4abb-493b-b6c9-565a07cd12fb ] Request (ImagesOneServerNegativeTestJSON:_run_cleanups): 200 GET http://10.180.1.21/compute/v2.1/servers/0928cc3f-e729-4400-bdfd-ac55c9c1dfa4 0.135s
2025-05-06 08:24:31.170 70274 WARNING tempest.lib.common.ssh [-] Failed to establish authenticated ssh connection to cirros@10.180.180.179 ([Errno None] Unable to connect to port 22 on 10.180.180.179). Number attempts: 6. Retry after 7 seconds.: paramiko.ssh_exception.NoValidConnectionsError: [Errno None] Unable to connect to port 22 on 10.180.180.179
2025-05-06 08:24:31.245 70280 INFO tempest.lib.common.rest_client [req-87a360d6-5f08-479b-b1f6-4bce463a4d14 req-87a360d6-5f08-479b-b1f6-4bce463a4d14 ] Request (ServersAdminNegativeTestJSON:tearDownClass): 200 GET http://10.180.1.21/compute/v2.1/servers/f90ddb31-e6d1-4c72-beeb-af6a60afa09b 0.158s
2025-05-06 08:24:31.275 70246 WARNING tempest.lib.common.ssh [-] Failed to establish authenticated ssh connection to cirros@10.180.180.246 ([Errno None] Unable to connect to port 22 on 10.180.180.246). Number attempts: 5. Retry after 6 seconds.: paramiko.ssh_exception.NoValidConnectionsError: [Errno None] Unable to connect to port 22 on 10.180.180.246
2025-05-06 08:24:31.303 70268 INFO tempest.lib.common.rest_client [req-dc495f8a-1f47-4121-bafb-ce4f50be89d9 req-dc495f8a-1f47-4121-bafb-ce4f50be89d9 ] Request (MigrationsAdminTest:test_list_migrations_in_flavor_resize_situation): 200 GET http://10.180.1.21/compute/v2.1/servers/cc9e95be-00b3-4a50-902b-fd06b2809b69 0.163s
2025-05-06 08:24:31.310 70268 INFO tempest.common.waiters [-] State transition "BUILD/None" ==> "BUILD/networking" after 59 second wait
2025-05-06 08:24:31.368 70260 INFO tempest.lib.common.rest_client [req-dd27d316-d8bc-4c90-b06c-6dc6a36d89dd req-dd27d316-d8bc-4c90-b06c-6dc6a36d89dd ] Request (ServersTestBootFromVolume:setUpClass): 200 GET http://10.180.1.21/compute/v2.1/servers/8916f208-29a1-4a00-af38-29201d651726 0.180s
2025-05-06 08:24:31.424 70254 INFO tempest.lib.common.rest_client [req-1cd8bf18-f1a4-4495-a7b5-b4c698f7892b req-1cd8bf18-f1a4-4495-a7b5-b4c698f7892b ] Request (ImagesTestJSON:test_create_image_from_stopped_server): 200 GET http://10.180.1.21/compute/v2.1/servers/08c30c2e-9588-4990-8d85-b747ff174e1b 0.186s
2025-05-06 08:24:31.477 70244 INFO tempest.lib.common.rest_client [req-f5f2f745-9f5b-47b7-8f22-f4e57aff7c07 req-f5f2f745-9f5b-47b7-8f22-f4e57aff7c07 ] Request (ServerActionsTestOtherA:setUpClass): 200 GET http://10.180.1.21/compute/v2.1/servers/75bb2855-1e92-47e3-b181-2ace83c7ee2f 0.185s
2025-05-06 08:24:31.524 70258 INFO tempest.lib.common.rest_client [req-fcf8d112-4309-42fa-86ae-7989d5cf7560 req-fcf8d112-4309-42fa-86ae-7989d5cf7560 ] Request (VolumesAdminNegativeTest:test_update_attached_volume_with_nonexistent_volume_in_uri): 200 GET http://10.180.1.21/compute/v2.1/servers/21b385b6-9cca-4ed1-8bd2-57336451452a 0.186s
2025-05-06 08:24:31.574 70220 INFO tempest.lib.common.rest_client [req-aa8d96a3-dbdb-4875-952b-e213bc1ed49d req-aa8d96a3-dbdb-4875-952b-e213bc1ed49d ] Request (ServerAddressesNegativeTestJSON:setUpClass): 200 GET http://10.180.1.21/compute/v2.1/servers/886226c8-616b-43cf-bfc6-aa5aac2ca158 0.188s
2025-05-06 08:24:31.640 70228 INFO tempest.lib.common.rest_client [req-d05993ed-5f30-4ece-97be-fb843fb1a7da req-d05993ed-5f30-4ece-97be-fb843fb1a7da ] Request (VolumesAssistedSnapshotsTest:tearDownClass): 200 GET http://10.180.1.21/compute/v2.1/servers/fdda6ebb-5831-4af0-baf1-6ff61e7ff96d 0.189s
2025-05-06 08:24:31.691 70240 INFO tempest.lib.common.rest_client [req-c130e8e4-579a-4421-9c98-abae3faa8574 req-c130e8e4-579a-4421-9c98-abae3faa8574 ] Request (ServersAdminTestJSON:test_create_server_with_scheduling_hint): 200 GET http://10.180.1.21/compute/v2.1/servers/2de2aaa0-ef92-421d-9590-21e298c6f0bf 0.190s
2025-05-06 08:24:31.748 70226 INFO tempest.lib.common.rest_client [req-3f68f7ae-37f4-4e23-8930-b70d23f572b4 req-3f68f7ae-37f4-4e23-8930-b70d23f572b4 ] Request (ServersTestJSON:test_create_server_specify_multibyte_character_name): 200 GET http://10.180.1.21/compute/v2.1/servers/fc4343e8-054c-41d5-9d43-010d83bb9135 0.198s
2025-05-06 08:24:31.813 70250 INFO tempest.lib.common.rest_client [req-b06a73b0-9374-4340-9d2a-142937229dd9 req-b06a73b0-9374-4340-9d2a-142937229dd9 ] Request (ServersTestMultiNic:_run_cleanups): 200 GET http://10.180.1.21/compute/v2.1/servers/fadebc22-a7c0-484f-b613-662531256145 0.175s
2025-05-06 08:24:31.884 70234 INFO tempest.lib.common.rest_client [req-e42e1f2a-fdd7-4175-a5ed-703e9161ed61 req-e42e1f2a-fdd7-4175-a5ed-703e9161ed61 ] Request (ServerShowV257Test:test_rebuild_server): 200 GET http://10.180.1.21/compute/v2.1/servers/78616ef2-91a3-4a1e-946e-cfbc67de846d 0.206s
2025-05-06 08:24:31.947 70278 INFO tempest.lib.common.rest_client [req-fa961dcb-449d-4612-b8f1-fed317c92f8f req-fa961dcb-449d-4612-b8f1-fed317c92f8f ] Request (AttachInterfacesUnderV243Test:_run_cleanups): 200 GET http://10.180.1.21/compute/v2.1/servers/af07841b-b3cf-4064-aa18-46cf941305cf 0.254s
2025-05-06 08:24:31.998 70222 INFO tempest.lib.common.rest_client [req-75095eb9-d15b-43a7-b82b-6d99b98c1acb req-75095eb9-d15b-43a7-b82b-6d99b98c1acb ] Request (InstanceActionsTestJSON:setUpClass): 200 GET http://10.180.1.21/compute/v2.1/servers/faab6f2d-3f7f-4adb-a71b-2319c56d706a 0.277s
