2025-05-06 08:23:19.910 70222 INFO tempest.lib.common.rest_client [req-261c43af-3178-4ebf-a121-6a05702b0010 req-261c43af-3178-4ebf-a121-6a05702b0010 ] Request (AggregatesAdminNegativeTestJSON:tearDownClass): 204 DELETE http://10.180.1.21/identity/v3/users/9bb6e191468f4b8480e5dffb5a3d3e1c 0.139s
2025-05-06 08:23:19.910 70222 INFO tempest.lib.common.dynamic_creds [-] Deleting project and security group for project: f57b8e65eef743a481dfd9b370b59281
2025-05-06 08:23:19.981 70222 INFO tempest.lib.common.rest_client [req-bd5e4cf2-2a10-4843-96af-c4fdf6fddf8a req-bd5e4cf2-2a10-4843-96af-c4fdf6fddf8a ] Request (AggregatesAdminNegativeTestJSON:tearDownClass): 201 POST http://10.180.1.21/identity/v3/auth/tokens 0.070s
2025-05-06 08:23:20.043 70242 INFO tempest.lib.common.rest_client [req-874c3c1f-3212-4ee2-b575-1191f41ed2a2 req-874c3c1f-3212-4ee2-b575-1191f41ed2a2 ] Request (QuotaClassesAdmin257Test:tearDownClass): 204 DELETE http://10.180.1.21/identity/v3/projects/cff3512a06974abd9958236a32e1cd3f 0.148s
2025-05-06 08:23:20.086 70280 INFO tempest.lib.common.rest_client [req-ad49de9a-6e26-4889-a813-b83a75d308a1 req-ad49de9a-6e26-4889-a813-b83a75d308a1 ] Request (ServersAdminNegativeTestJSON:test_migrate_server_invalid_state): 202 POST http://10.180.1.21/compute/v2.1/servers 0.839s
2025-05-06 08:23:20.145 70242 INFO tempest.lib.common.rest_client [req-75c5df00-e9ef-4fcc-a18c-1c04484e8ff6 req-75c5df00-e9ef-4fcc-a18c-1c04484e8ff6 ] Request (ServerExternalEventsTest:setUpClass): 201 POST http://10.180.1.21/identity/v3/auth/tokens 0.099s
2025-05-06 08:23:20.195 70242 INFO tempest.lib.common.rest_client [req-1ba054c1-8008-4fa0-b3fb-2f6fbfe13580 req-1ba054c1-8008-4fa0-b3fb-2f6fbfe13580 ] Request (ServerExternalEventsTest:setUpClass): 201 POST http://10.180.1.21/identity/v3/auth/tokens 0.044s
2025-05-06 08:23:20.236 70242 INFO tempest.lib.common.rest_client [req-5d1b9323-8b4f-48e6-8771-987a4fdbe5fa req-5d1b9323-8b4f-48e6-8771-987a4fdbe5fa ] Request (ServerExternalEventsTest:setUpClass): 200 GET http://10.180.1.21/identity/v3/domains?name=Default 0.041s
2025-05-06 08:23:20.243 70262 INFO tempest.lib.common.rest_client [req-8e29d5a1-a6ca-4cde-b855-e58dca5bdacf req-8e29d5a1-a6ca-4cde-b855-e58dca5bdacf ] Request (FloatingIPDetailsTestJSON:tearDownClass): 204 DELETE http://10.180.1.21:9696/networking/v2.0/subnets/af6abd2c-2451-4eb6-8ee8-bb3dd86efc11 0.588s
2025-05-06 08:23:20.272 70242 INFO tempest.lib.common.rest_client [req-607869c9-2aac-46fd-94aa-e3a5c6d5ffa3 req-607869c9-2aac-46fd-94aa-e3a5c6d5ffa3 ] Request (ServerExternalEventsTest:setUpClass): 201 POST http://10.180.1.21/identity/v3/projects 0.035s
2025-05-06 08:23:20.357 70242 INFO tempest.lib.common.rest_client [req-84409c76-ec74-43e7-8d46-6c62104df77c req-84409c76-ec74-43e7-8d46-6c62104df77c ] Request (ServerExternalEventsTest:setUpClass): 201 POST http://10.180.1.21/identity/v3/users 0.084s
2025-05-06 08:23:20.359 70252 INFO tempest.lib.common.rest_client [req-26134c4f-e4d2-4cfe-9da9-7fa899293a69 req-26134c4f-e4d2-4cfe-9da9-7fa899293a69 ] Request (DeleteServersAdminTestJSON:test_delete_server_while_in_error_state): 200 GET http://10.180.1.21/compute/v2.1/servers/bda4aec8-266d-420a-9b3b-75af4deb8a8d 1.098s
2025-05-06 08:23:20.383 70242 INFO tempest.lib.common.rest_client [req-5897fa14-cd52-40e3-9376-812eca6f06db req-5897fa14-cd52-40e3-9376-812eca6f06db ] Request (ServerExternalEventsTest:setUpClass): 200 GET http://10.180.1.21/identity/v3/roles 0.025s
2025-05-06 08:23:20.416 70242 INFO tempest.lib.common.rest_client [req-76084bd5-742b-421b-8766-80622fec6ccb req-76084bd5-742b-421b-8766-80622fec6ccb ] Request (ServerExternalEventsTest:setUpClass): 204 PUT http://10.180.1.21/identity/v3/projects/77492b917bd44abcbf879c84378322c6/users/e8d4a0926fe440f599192435b2ea1ca6/roles/90a6a3e6c7d44a9ba92486d85149a015 0.032s
2025-05-06 08:23:20.416 70242 INFO tempest.lib.common.dynamic_creds [-] Dynamic test user e8d4a0926fe440f599192435b2ea1ca6 is created with scope project and roles: ['member']
2025-05-06 08:23:20.417 70242 INFO tempest.lib.common.dynamic_creds [-] Acquired dynamic creds: credentials: Credentials: {'domain_id': 'default', 'domain_name': 'Default', 'username': 'tempest-ServerExternalEventsTest-1268930301-project-member', 'project_domain_id': 'default', 'project_domain_name': 'Default', 'project_id': '77492b917bd44abcbf879c84378322c6', 'project_name': 'tempest-ServerExternalEventsTest-1268930301', 'tenant_id': '77492b917bd44abcbf879c84378322c6', 'tenant_name': 'tempest-ServerExternalEventsTest-1268930301', 'user_domain_id': 'default', 'user_domain_name': 'Default', 'user_id': 'e8d4a0926fe440f599192435b2ea1ca6', 'system': None}, Network: None, Subnet: None, Router: None
2025-05-06 08:23:20.417 70242 INFO tempest.lib.common.dynamic_creds [-] Created isolated network resources for: credentials: Credentials: {'domain_id': 'default', 'domain_name': 'Default', 'username': 'tempest-ServerExternalEventsTest-1268930301-project-member', 'project_domain_id': 'default', 'project_domain_name': 'Default', 'project_id': '77492b917bd44abcbf879c84378322c6', 'project_name': 'tempest-ServerExternalEventsTest-1268930301', 'tenant_id': '77492b917bd44abcbf879c84378322c6', 'tenant_name': 'tempest-ServerExternalEventsTest-1268930301', 'user_domain_id': 'default', 'user_domain_name': 'Default', 'user_id': 'e8d4a0926fe440f599192435b2ea1ca6', 'system': None}, Network: None, Subnet: None, Router: None
2025-05-06 08:23:20.528 70242 INFO tempest.lib.common.rest_client [req-da962945-029b-402a-bca3-54ebfb2d0005 req-da962945-029b-402a-bca3-54ebfb2d0005 ] Request (ServerExternalEventsTest:setUpClass): 201 POST http://10.180.1.21/identity/v3/auth/tokens 0.107s
2025-05-06 08:23:20.545 70222 INFO tempest.lib.common.rest_client [req-08af9a6b-2b23-47c7-b717-d094eea5886f req-08af9a6b-2b23-47c7-b717-d094eea5886f ] Request (AggregatesAdminNegativeTestJSON:tearDownClass): 200 GET http://10.180.1.21:9696/networking/v2.0/security-groups?tenant_id=f57b8e65eef743a481dfd9b370b59281&name=default 0.563s
2025-05-06 08:23:20.601 70242 INFO tempest.lib.common.rest_client [req-b7ebe75a-de21-4713-b50c-c2f3d073ac5e req-b7ebe75a-de21-4713-b50c-c2f3d073ac5e ] Request (ServerExternalEventsTest:setUpClass): 201 POST http://10.180.1.21/identity/v3/projects 0.072s
2025-05-06 08:23:20.654 70246 INFO tempest.lib.common.rest_client [req-5f3fff9c-790c-4b8d-8440-a1fa3af7cb9e req-5f3fff9c-790c-4b8d-8440-a1fa3af7cb9e ] Request (ServerActionsV293TestJSON:setUpClass): 202 POST http://10.180.1.21/compute/v2.1/servers 1.824s
2025-05-06 08:23:20.671 70266 INFO tempest.lib.common.rest_client [req-456ae883-f6dc-4911-a14f-02a22a4feeab req-456ae883-f6dc-4911-a14f-02a22a4feeab ] Request (SecurityGroupRulesTestJSON:tearDownClass): 202 DELETE http://10.180.1.21/compute/v2.1/os-security-groups/23220a6f-91b9-41c1-a864-d6abd5c00d65 1.298s
2025-05-06 08:23:20.733 70260 INFO tempest.lib.common.rest_client [req-50d8dcc2-4911-4478-8d33-e80e6f2bc433 req-50d8dcc2-4911-4478-8d33-e80e6f2bc433 ] Request (ServersTestBootFromVolume:setUpClass): 200 GET http://10.180.1.21/volume/v3/volumes/da5e2afa-40bb-4c52-a115-7f553c3ec8fa 0.046s
2025-05-06 08:23:20.743 70222 INFO tempest.lib.common.rest_client [req-ef6e9c26-b561-4820-8c5f-49dcf8e9e79b req-ef6e9c26-b561-4820-8c5f-49dcf8e9e79b ] Request (AggregatesAdminNegativeTestJSON:tearDownClass): 204 DELETE http://10.180.1.21:9696/networking/v2.0/security-groups/e95c9521-aa26-49ba-9327-79bf848ba47f 0.198s
2025-05-06 08:23:20.752 70242 INFO tempest.lib.common.rest_client [req-6e453106-e7bc-4b4c-9e6a-cd924aeaa1ed req-6e453106-e7bc-4b4c-9e6a-cd924aeaa1ed ] Request (ServerExternalEventsTest:setUpClass): 201 POST http://10.180.1.21/identity/v3/users 0.149s
2025-05-06 08:23:20.793 70242 INFO tempest.lib.common.rest_client [req-483056fd-423b-4e62-862f-6a158174af7d req-483056fd-423b-4e62-862f-6a158174af7d ] Request (ServerExternalEventsTest:setUpClass): 200 GET http://10.180.1.21/identity/v3/roles 0.041s
2025-05-06 08:23:20.799 70250 INFO tempest.lib.common.rest_client [req-60994191-3f89-448c-bffd-d8674c5ed1c6 req-60994191-3f89-448c-bffd-d8674c5ed1c6 ] Request (ServersTestMultiNic:test_verify_duplicate_network_nics): 200 GET http://10.180.1.21/compute/v2.1/servers/fadebc22-a7c0-484f-b613-662531256145 1.389s
2025-05-06 08:23:20.846 70232 INFO tempest.lib.common.rest_client [req-80153ee9-2cb0-47b9-bc07-23ccbfa3a14b req-80153ee9-2cb0-47b9-bc07-23ccbfa3a14b ] Request (ListImageFiltersTestJSON:setUpClass): 200 GET http://10.180.1.21/compute/v2.1/images/f976037a-c1f8-4038-bdd7-7018b82b9426 1.276s
2025-05-06 08:23:20.851 70242 INFO tempest.lib.common.rest_client [req-7dbd9b1c-91a9-403f-81fe-646638b7ba5e req-7dbd9b1c-91a9-403f-81fe-646638b7ba5e ] Request (ServerExternalEventsTest:setUpClass): 204 PUT http://10.180.1.21/identity/v3/projects/4658f05ff77a4f21962c77d741d3c9d9/users/2fac5e5830304906875ed16acc369091/roles/69d4c06512de47559e06f05d084e7a95 0.057s
2025-05-06 08:23:20.870 70268 INFO tempest.lib.common.rest_client [req-7013575d-00f0-460d-b203-e3d5a3262aa3 req-7013575d-00f0-460d-b203-e3d5a3262aa3 ] Request (FlavorsAdminTestJSON:_run_cleanups): 202 DELETE http://10.180.1.21/compute/v2.1/flavors/623514140 1.259s
2025-05-06 08:23:20.876 70222 INFO tempest.lib.common.rest_client [req-cef45cde-8dd3-4d51-b2b0-218b4589133d req-cef45cde-8dd3-4d51-b2b0-218b4589133d ] Request (AggregatesAdminNegativeTestJSON:tearDownClass): 204 DELETE http://10.180.1.21/identity/v3/projects/f57b8e65eef743a481dfd9b370b59281 0.132s
2025-05-06 08:23:20.877 70222 INFO tempest.lib.common.dynamic_creds [-] Deleting project and security group for project: ddcacc6f7b2744b887829b903b561137
2025-05-06 08:23:20.930 70248 INFO tempest.lib.common.rest_client [req-efa068e5-0c73-4552-a33f-fd47c5e57f65 req-efa068e5-0c73-4552-a33f-fd47c5e57f65 ] Request (ImagesOneServerNegativeTestJSON:setUpClass): 200 GET http://10.180.1.21/compute/v2.1/servers/08a7846f-ac7f-47ef-ae49-fafd66163176 1.527s
2025-05-06 08:23:20.933 70262 INFO tempest.lib.common.rest_client [req-6fc395f4-aad8-41ff-a784-18b4cbfab035 req-6fc395f4-aad8-41ff-a784-18b4cbfab035 ] Request (FloatingIPDetailsTestJSON:tearDownClass): 204 DELETE http://10.180.1.21:9696/networking/v2.0/networks/3ec2bf7c-41d0-449a-ae88-063a6786df11 0.690s
2025-05-06 08:23:20.938 70242 INFO tempest.lib.common.rest_client [req-79e736c3-2298-48ab-a731-c7ac52bcf681 req-79e736c3-2298-48ab-a731-c7ac52bcf681 ] Request (ServerExternalEventsTest:setUpClass): 200 GET http://10.180.1.21/identity/v3/roles 0.087s
2025-05-06 08:23:20.947 70232 INFO tempest.lib.common.rest_client [req-cdb4c363-dc0f-4fb2-902c-c6c303740194 req-cdb4c363-dc0f-4fb2-902c-c6c303740194 ] Request (ListImageFiltersTestJSON:setUpClass): 201 POST http://10.180.1.21/identity/v3/auth/tokens 0.088s
2025-05-06 08:23:20.947 70232 INFO tempest.lib.common.fixed_network [-] (ListImageFiltersTestJSON:setUpClass) Found network None available for tenant
2025-05-06 08:23:20.970 70242 INFO tempest.lib.common.rest_client [req-80f39c86-d3cb-4038-bab8-5e37f606a0aa req-80f39c86-d3cb-4038-bab8-5e37f606a0aa ] Request (ServerExternalEventsTest:setUpClass): 204 PUT http://10.180.1.21/identity/v3/projects/4658f05ff77a4f21962c77d741d3c9d9/users/2fac5e5830304906875ed16acc369091/roles/69d4c06512de47559e06f05d084e7a95 0.031s
2025-05-06 08:23:20.970 70242 INFO tempest.lib.common.dynamic_creds [-] Dynamic test user 2fac5e5830304906875ed16acc369091 is created with scope project and roles: ['admin']
2025-05-06 08:23:20.970 70242 INFO tempest.lib.common.dynamic_creds [-] Acquired dynamic creds: credentials: Credentials: {'domain_id': 'default', 'domain_name': 'Default', 'username': 'tempest-ServerExternalEventsTest-587687192-project-admin', 'project_domain_id': 'default', 'project_domain_name': 'Default', 'project_id': '4658f05ff77a4f21962c77d741d3c9d9', 'project_name': 'tempest-ServerExternalEventsTest-587687192', 'tenant_id': '4658f05ff77a4f21962c77d741d3c9d9', 'tenant_name': 'tempest-ServerExternalEventsTest-587687192', 'user_domain_id': 'default', 'user_domain_name': 'Default', 'user_id': '2fac5e5830304906875ed16acc369091', 'system': None}, Network: None, Subnet: None, Router: None
2025-05-06 08:23:20.970 70242 INFO tempest.lib.common.dynamic_creds [-] Created isolated network resources for: credentials: Credentials: {'domain_id': 'default', 'domain_name': 'Default', 'username': 'tempest-ServerExternalEventsTest-587687192-project-admin', 'project_domain_id': 'default', 'project_domain_name': 'Default', 'project_id': '4658f05ff77a4f21962c77d741d3c9d9', 'project_name': 'tempest-ServerExternalEventsTest-587687192', 'tenant_id': '4658f05ff77a4f21962c77d741d3c9d9', 'tenant_name': 'tempest-ServerExternalEventsTest-587687192', 'user_domain_id': 'default', 'user_domain_name': 'Default', 'user_id': '2fac5e5830304906875ed16acc369091', 'system': None}, Network: None, Subnet: None, Router: None
2025-05-06 08:23:21.012 70262 INFO tempest.lib.common.rest_client [req-80b6933d-36ea-4aa0-90b8-7ee16b7a79ff req-80b6933d-36ea-4aa0-90b8-7ee16b7a79ff ] Request (FloatingIPDetailsTestJSON:tearDownClass): 204 DELETE http://10.180.1.21/identity/v3/users/5e1129a9d678453885c2f4d45513634f 0.078s
2025-05-06 08:23:21.012 70262 INFO tempest.lib.common.dynamic_creds [-] Deleting project and security group for project: 612f132a6d4147888b8b5bafc2a9b0c8
2025-05-06 08:23:21.021 70278 WARNING tempest.lib.common.ssh [-] Failed to establish authenticated ssh connection to cirros@10.180.180.220 ([Errno None] Unable to connect to port 22 on 10.180.180.220). Number attempts: 2. Retry after 3 seconds.: paramiko.ssh_exception.NoValidConnectionsError: [Errno None] Unable to connect to port 22 on 10.180.180.220
2025-05-06 08:23:21.028 70244 INFO tempest.lib.common.rest_client [req-aa1480cd-b8d1-4fdb-b6f0-4d8effeefdbb req-aa1480cd-b8d1-4fdb-b6f0-4d8effeefdbb ] Request (InstanceActionsV221TestJSON:test_get_list_deleted_instance_actions): 200 GET http://10.180.1.21/compute/v2.1/servers/d11aba1e-cae3-47fb-9def-3e4540f89e50 1.369s
2025-05-06 08:23:21.048 70242 INFO tempest.lib.common.rest_client [req-3806e583-c1dc-4420-9673-c7be6d9d6899 req-3806e583-c1dc-4420-9673-c7be6d9d6899 ] Request (ServerExternalEventsTest:setUpClass): 201 POST http://10.180.1.21/identity/v3/auth/tokens 0.075s
2025-05-06 08:23:21.062 70222 INFO tempest.lib.common.rest_client [req-627b1b62-5fd3-4b1c-8a2a-904860e25af0 req-627b1b62-5fd3-4b1c-8a2a-904860e25af0 ] Request (AggregatesAdminNegativeTestJSON:tearDownClass): 200 GET http://10.180.1.21:9696/networking/v2.0/security-groups?tenant_id=ddcacc6f7b2744b887829b903b561137&name=default 0.185s
2025-05-06 08:23:21.075 70262 INFO tempest.lib.common.rest_client [req-6547eaf1-85f9-4c37-9489-0cb30388db9d req-6547eaf1-85f9-4c37-9489-0cb30388db9d ] Request (FloatingIPDetailsTestJSON:tearDownClass): 200 GET http://10.180.1.21:9696/networking/v2.0/security-groups?tenant_id=612f132a6d4147888b8b5bafc2a9b0c8&name=default 0.063s
2025-05-06 08:23:21.088 70274 INFO tempest.lib.common.rest_client [req-98b2973d-d6bb-4a76-bf6e-b1693a15ce27 req-98b2973d-d6bb-4a76-bf6e-b1693a15ce27 ] Request (AttachInterfacesTestJSON:test_create_list_show_delete_interfaces_by_fixed_ip): 200 GET http://10.180.1.21/compute/v2.1/servers/ff779bda-9a1d-44de-b1f8-f8d4b777ebea 1.335s
2025-05-06 08:23:21.099 70274 INFO tempest.common.waiters [-] State transition "BUILD/scheduling" ==> "BUILD/None" after 3 second wait
2025-05-06 08:23:21.121 70242 INFO tempest.lib.common.rest_client [req-88f3c003-c09c-4fe9-99a5-1d9800bcd410 req-88f3c003-c09c-4fe9-99a5-1d9800bcd410 ] Request (ServerExternalEventsTest:setUpClass): 201 POST http://10.180.1.21/identity/v3/projects 0.072s
2025-05-06 08:23:21.165 70270 INFO tempest.lib.common.rest_client [req-47cce4a3-cd45-4922-8a02-cd5f2d02197f req-47cce4a3-cd45-4922-8a02-cd5f2d02197f ] Request (ServerActionsTestJSON:setUpClass): 200 GET http://10.180.1.21/compute/v2.1/servers/3a26d4c7-aeaf-4695-a9df-fe4c578fe5e2 1.399s
2025-05-06 08:23:21.171 70270 INFO tempest.common.waiters [-] State transition "BUILD/None" ==> "BUILD/networking" after 19 second wait
2025-05-06 08:23:21.172 70226 INFO tempest.lib.common.rest_client [req-9861370d-cb99-4c77-8d61-d8d23b231b95 req-9861370d-cb99-4c77-8d61-d8d23b231b95 ] Request (ServerTagsTestJSON:setUpClass): 200 GET http://10.180.1.21/compute/v2.1/servers/33ba1953-b692-4305-8298-8284e46d5ef8 1.485s
2025-05-06 08:23:21.236 70234 INFO tempest.lib.common.rest_client [req-c5ec1f4a-ecff-4c1b-89cb-944eb2c8bef4 req-c5ec1f4a-ecff-4c1b-89cb-944eb2c8bef4 ] Request (HostsAdminTestJSON:test_show_host_detail): 200 GET http://10.180.1.21/compute/v2.1/os-hosts/cpu-1 1.421s
2025-05-06 08:23:21.279 70272 INFO tempest.lib.common.rest_client [req-5a18517c-4927-450b-9d68-e770b75fb344 req-5a18517c-4927-450b-9d68-e770b75fb344 ] Request (ServerAddressesTestJSON:tearDownClass): 200 GET http://10.180.1.21/compute/v2.1/servers/bd231ac8-1839-4173-8a22-ca80384103fa 1.389s
2025-05-06 08:23:21.307 70242 INFO tempest.lib.common.rest_client [req-a0052ce6-3068-4cf8-9931-7893a0fcca4d req-a0052ce6-3068-4cf8-9931-7893a0fcca4d ] Request (ServerExternalEventsTest:setUpClass): 201 POST http://10.180.1.21/identity/v3/users 0.185s
2025-05-06 08:23:21.338 70242 INFO tempest.lib.common.rest_client [req-be4ace3a-7b3a-408d-aa59-ddc180b6d8ae req-be4ace3a-7b3a-408d-aa59-ddc180b6d8ae ] Request (ServerExternalEventsTest:setUpClass): 200 GET http://10.180.1.21/identity/v3/roles 0.030s
2025-05-06 08:23:21.349 70264 INFO tempest.lib.common.rest_client [req-a4021a6c-c689-4d8e-b310-3cd37a09a497 req-a4021a6c-c689-4d8e-b310-3cd37a09a497 ] Request (ServersAdmin275Test:tearDownClass): 200 GET http://10.180.1.21/compute/v2.1/servers/8d66c5e5-c8ad-4aed-83cb-d629ba0239b3 1.337s
2025-05-06 08:23:21.363 70222 INFO tempest.lib.common.rest_client [req-c207de2c-969e-430e-9518-e7c0b61c8082 req-c207de2c-969e-430e-9518-e7c0b61c8082 ] Request (AggregatesAdminNegativeTestJSON:tearDownClass): 204 DELETE http://10.180.1.21:9696/networking/v2.0/security-groups/97e4b0ce-6ca0-444e-b846-108776d46093 0.300s
2025-05-06 08:23:21.378 70262 INFO tempest.lib.common.rest_client [req-c52bc619-b747-429b-abbc-544c70400268 req-c52bc619-b747-429b-abbc-544c70400268 ] Request (FloatingIPDetailsTestJSON:tearDownClass): 204 DELETE http://10.180.1.21:9696/networking/v2.0/security-groups/307dc6a3-929b-4784-a258-dd67425c1b77 0.302s
2025-05-06 08:23:21.381 70242 INFO tempest.lib.common.rest_client [req-007653c7-cfe6-426f-bd9b-76676e91cf35 req-007653c7-cfe6-426f-bd9b-76676e91cf35 ] Request (ServerExternalEventsTest:setUpClass): 204 PUT http://10.180.1.21/identity/v3/projects/585b3b1e9cc0460b97bbdc79dac22f19/users/f44a2c2690ea4a4a9738bb38b7b2fe92/roles/69d4c06512de47559e06f05d084e7a95 0.043s
2025-05-06 08:23:21.384 70280 INFO tempest.lib.common.rest_client [req-7ad28246-83cf-40ab-b533-b33e0a7d2efd req-7ad28246-83cf-40ab-b533-b33e0a7d2efd ] Request (ServersAdminNegativeTestJSON:test_migrate_server_invalid_state): 200 GET http://10.180.1.21/compute/v2.1/servers/f90ddb31-e6d1-4c72-beeb-af6a60afa09b 1.295s
2025-05-06 08:23:21.394 70234 INFO tempest.lib.common.rest_client [req-1e125683-d7de-4cd6-a6fa-f8290e77d1e0 req-1e125683-d7de-4cd6-a6fa-f8290e77d1e0 ] Request (HostsAdminTestJSON:tearDownClass): 204 DELETE http://10.180.1.21/identity/v3/users/189452254167455386b3fb7c7d3d3a83 0.153s
2025-05-06 08:23:21.443 70220 INFO tempest.lib.common.rest_client [req-42faa9ce-185b-4a62-a6ec-e0944130b93e req-42faa9ce-185b-4a62-a6ec-e0944130b93e ] Request (ListServersNegativeTestJSON:setUpClass): 200 GET http://10.180.1.21/compute/v2.1/servers/3fd54b7d-43fb-48cf-b8ca-9d29dad0cc93 1.127s
2025-05-06 08:23:21.465 70257 INFO tempest.lib.common.rest_client [req-8d09e023-8169-4730-9925-da9e1313b4fd req-8d09e023-8169-4730-9925-da9e1313b4fd ] Request (ServerDiagnosticsV248Test:tearDownClass): 200 GET http://10.180.1.21/compute/v2.1/servers/6b2238be-641f-4e97-a83b-bea64ecaff30 0.957s
2025-05-06 08:23:21.506 70262 INFO tempest.lib.common.rest_client [req-f374748d-eaf4-472c-b2a8-de7a91e82603 req-f374748d-eaf4-472c-b2a8-de7a91e82603 ] Request (FloatingIPDetailsTestJSON:tearDownClass): 204 DELETE http://10.180.1.21/identity/v3/projects/612f132a6d4147888b8b5bafc2a9b0c8 0.127s
2025-05-06 08:23:21.515 70222 INFO tempest.lib.common.rest_client [req-723882f3-9525-4edd-82e5-627a0836bea2 req-723882f3-9525-4edd-82e5-627a0836bea2 ] Request (AggregatesAdminNegativeTestJSON:tearDownClass): 204 DELETE http://10.180.1.21/identity/v3/projects/ddcacc6f7b2744b887829b903b561137 0.152s
2025-05-06 08:23:21.519 70228 WARNING tempest.lib.common.ssh [-] Failed to establish authenticated ssh connection to cirros@10.180.180.184 ([Errno None] Unable to connect to port 22 on 10.180.180.184). Number attempts: 3. Retry after 4 seconds.: paramiko.ssh_exception.NoValidConnectionsError: [Errno None] Unable to connect to port 22 on 10.180.180.184
2025-05-06 08:23:21.529 70282 INFO tempest.lib.common.rest_client [req-2bf676c9-8d40-49a3-950e-8187db0f62fd req-2bf676c9-8d40-49a3-950e-8187db0f62fd ] Request (ServerDiagnosticsTest:test_get_server_diagnostics): 200 GET http://10.180.1.21/compute/v2.1/servers/57366f9e-45c9-4d32-813d-791518134948 0.947s
2025-05-06 08:23:21.559 70242 INFO tempest.lib.common.rest_client [req-3332c047-0bda-407b-9564-0d3b115ce9e5 req-3332c047-0bda-407b-9564-0d3b115ce9e5 ] Request (ServerExternalEventsTest:setUpClass): 200 GET http://10.180.1.21/identity/v3/roles 0.177s
2025-05-06 08:23:21.578 70276 INFO tempest.lib.common.rest_client [req-8ac9c2f2-bcc8-4a08-abe9-38d499d1d264 req-8ac9c2f2-bcc8-4a08-abe9-38d499d1d264 ] Request (FloatingIPsAssociationTestJSON:setUpClass): 200 GET http://10.180.1.21/compute/v2.1/servers/5c226156-e597-42b0-bc7b-6ea6cc105004 1.040s
2025-05-06 08:23:21.594 70262 INFO tempest.lib.common.rest_client [req-1880aa7b-7c0d-4440-bbe7-d3eadd05bcdc req-1880aa7b-7c0d-4440-bbe7-d3eadd05bcdc ] Request (VolumesSnapshotsTestJSON:setUpClass): 201 POST http://10.180.1.21/identity/v3/auth/tokens 0.087s
2025-05-06 08:23:21.602 70246 INFO tempest.lib.common.rest_client [req-da92dff0-f52d-4bdd-838b-d5235a0b022e req-da92dff0-f52d-4bdd-838b-d5235a0b022e ] Request (ServerActionsV293TestJSON:setUpClass): 200 GET http://10.180.1.21/compute/v2.1/servers/f4205f1b-fc63-496a-8cf6-d41a71f14e36 0.944s
2025-05-06 08:23:21.643 70234 INFO tempest.lib.common.rest_client [req-ae7614e9-8117-49c1-a76a-f4e937fc0e32 req-ae7614e9-8117-49c1-a76a-f4e937fc0e32 ] Request (HostsAdminTestJSON:tearDownClass): 204 DELETE http://10.180.1.21/identity/v3/users/efb36af3ae394f998e82608ee0594909 0.248s
2025-05-06 08:23:21.643 70234 INFO tempest.lib.common.dynamic_creds [-] Deleting project and security group for project: 4a9b716b6e0c4584a5dcdfe9c5a1424a
2025-05-06 08:23:21.667 70222 INFO tempest.lib.common.rest_client [req-4f6837d3-27c8-4985-b6c0-66d049886f82 req-4f6837d3-27c8-4985-b6c0-66d049886f82 ] Request (ServicesAdminNegativeTestJSON:setUpClass): 201 POST http://10.180.1.21/identity/v3/auth/tokens 0.150s
2025-05-06 08:23:21.689 70254 INFO tempest.lib.common.rest_client [req-09ba262e-541c-4120-bcf6-82997eaa276b req-09ba262e-541c-4120-bcf6-82997eaa276b ] Request (ServerDiagnosticsNegativeTest:tearDownClass): 200 GET http://10.180.1.21/compute/v2.1/servers/86f32ea8-0324-4c88-afdd-6cdec9c19fdc 0.964s
2025-05-06 08:23:21.703 70262 INFO tempest.lib.common.rest_client [req-70d08c15-539c-4945-8f99-87a0666d0539 req-70d08c15-539c-4945-8f99-87a0666d0539 ] Request (VolumesSnapshotsTestJSON:setUpClass): 201 POST http://10.180.1.21/identity/v3/auth/tokens 0.106s
2025-05-06 08:23:21.708 70242 INFO tempest.lib.common.rest_client [req-69f32067-7bdd-4dd5-86a4-7c2bdaafb419 req-69f32067-7bdd-4dd5-86a4-7c2bdaafb419 ] Request (ServerExternalEventsTest:setUpClass): 204 PUT http://10.180.1.21/identity/v3/projects/585b3b1e9cc0460b97bbdc79dac22f19/users/f44a2c2690ea4a4a9738bb38b7b2fe92/roles/9ae199a6c5a845658e325614f9f1afee 0.148s
2025-05-06 08:23:21.709 70242 INFO tempest.lib.common.dynamic_creds [-] Dynamic test user f44a2c2690ea4a4a9738bb38b7b2fe92 is created with scope project and roles: ['admin', 'service']
2025-05-06 08:23:21.709 70242 INFO tempest.lib.common.dynamic_creds [-] Acquired dynamic creds: credentials: Credentials: {'domain_id': 'default', 'domain_name': 'Default', 'username': 'tempest-ServerExternalEventsTest-802313860-project', 'project_domain_id': 'default', 'project_domain_name': 'Default', 'project_id': '585b3b1e9cc0460b97bbdc79dac22f19', 'project_name': 'tempest-ServerExternalEventsTest-802313860', 'tenant_id': '585b3b1e9cc0460b97bbdc79dac22f19', 'tenant_name': 'tempest-ServerExternalEventsTest-802313860', 'user_domain_id': 'default', 'user_domain_name': 'Default', 'user_id': 'f44a2c2690ea4a4a9738bb38b7b2fe92', 'system': None}, Network: None, Subnet: None, Router: None
2025-05-06 08:23:21.709 70242 INFO tempest.lib.common.dynamic_creds [-] Created isolated network resources for: credentials: Credentials: {'domain_id': 'default', 'domain_name': 'Default', 'username': 'tempest-ServerExternalEventsTest-802313860-project', 'project_domain_id': 'default', 'project_domain_name': 'Default', 'project_id': '585b3b1e9cc0460b97bbdc79dac22f19', 'project_name': 'tempest-ServerExternalEventsTest-802313860', 'tenant_id': '585b3b1e9cc0460b97bbdc79dac22f19', 'tenant_name': 'tempest-ServerExternalEventsTest-802313860', 'user_domain_id': 'default', 'user_domain_name': 'Default', 'user_id': 'f44a2c2690ea4a4a9738bb38b7b2fe92', 'system': None}, Network: None, Subnet: None, Router: None
2025-05-06 08:23:21.780 70240 INFO tempest.lib.common.rest_client [req-96e9ba73-c20c-4736-a8db-23c5a7f99cb8 req-96e9ba73-c20c-4736-a8db-23c5a7f99cb8 ] Request (ServersAdminTestJSON:setUpClass): 200 GET http://10.180.1.21/compute/v2.1/servers/2ef22cc8-aca3-4125-8844-15f55b67cd63 0.983s
2025-05-06 08:23:21.788 70222 INFO tempest.lib.common.rest_client [req-59e553d7-183e-4c29-89e1-5dd6c8e9125d req-59e553d7-183e-4c29-89e1-5dd6c8e9125d ] Request (ServicesAdminNegativeTestJSON:setUpClass): 201 POST http://10.180.1.21/identity/v3/auth/tokens 0.118s
2025-05-06 08:23:21.799 70260 INFO tempest.lib.common.rest_client [req-32d61139-d977-4bc2-876c-7d712bb7ae0d req-32d61139-d977-4bc2-876c-7d712bb7ae0d ] Request (ServersTestBootFromVolume:setUpClass): 200 GET http://10.180.1.21/volume/v3/volumes/da5e2afa-40bb-4c52-a115-7f553c3ec8fa 0.047s
2025-05-06 08:23:21.801 70266 INFO tempest.lib.common.rest_client [req-252a575f-b9ca-44a5-852c-fd7a84be85cd req-252a575f-b9ca-44a5-852c-fd7a84be85cd ] Request (SecurityGroupRulesTestJSON:tearDownClass): 202 DELETE http://10.180.1.21/compute/v2.1/os-security-groups/12b63074-59b2-4a79-b45e-1fbff80f12cf 1.129s
2025-05-06 08:23:21.808 70234 INFO tempest.lib.common.rest_client [req-885f5039-be83-4b81-a740-352506e59712 req-885f5039-be83-4b81-a740-352506e59712 ] Request (HostsAdminTestJSON:tearDownClass): 201 POST http://10.180.1.21/identity/v3/auth/tokens 0.165s
2025-05-06 08:23:21.818 70268 INFO tempest.lib.common.rest_client [req-581105eb-3765-4278-a19d-8fbd2beb659b req-581105eb-3765-4278-a19d-8fbd2beb659b ] Request (FlavorsAdminTestJSON:_run_cleanups): 200 GET http://10.180.1.21/compute/v2.1/flavors/detail 0.947s
2025-05-06 08:23:21.831 70262 INFO tempest.lib.common.rest_client [req-34c593ac-82e7-4f9a-8e35-4c2104a5b093 req-34c593ac-82e7-4f9a-8e35-4c2104a5b093 ] Request (VolumesSnapshotsTestJSON:setUpClass): 200 GET http://10.180.1.21/identity/v3/domains?name=Default 0.128s
2025-05-06 08:23:21.862 70222 INFO tempest.lib.common.rest_client [req-5bfda453-0259-421b-a710-e0be09cc8b05 req-5bfda453-0259-421b-a710-e0be09cc8b05 ] Request (ServicesAdminNegativeTestJSON:setUpClass): 200 GET http://10.180.1.21/identity/v3/domains?name=Default 0.073s
2025-05-06 08:23:21.893 70242 INFO tempest.lib.common.rest_client [req-882a65f4-0cdc-41c6-8e62-cb3870355c5a req-882a65f4-0cdc-41c6-8e62-cb3870355c5a ] Request (ServerExternalEventsTest:setUpClass): 201 POST http://10.180.1.21/identity/v3/auth/tokens 0.177s
2025-05-06 08:23:21.926 70262 INFO tempest.lib.common.rest_client [req-17a4879b-4997-4e76-ba47-d2ad8d5d4747 req-17a4879b-4997-4e76-ba47-d2ad8d5d4747 ] Request (VolumesSnapshotsTestJSON:setUpClass): 201 POST http://10.180.1.21/identity/v3/projects 0.094s
2025-05-06 08:23:21.986 70242 INFO tempest.lib.common.rest_client [req-c4c4148e-c6a9-4784-bfe2-12a857948e79 req-c4c4148e-c6a9-4784-bfe2-12a857948e79 ] Request (ServerExternalEventsTest:test_create_server_external_events): 201 POST http://10.180.1.21/identity/v3/auth/tokens 0.086s
2025-05-06 08:23:21.986 70242 INFO tempest.lib.common.fixed_network [-] (ServerExternalEventsTest:test_create_server_external_events) Found network None available for tenant
2025-05-06 08:23:21.992 70222 INFO tempest.lib.common.rest_client [req-eeb41865-45d2-40eb-b98f-4f4c95d36b46 req-eeb41865-45d2-40eb-b98f-4f4c95d36b46 ] Request (ServicesAdminNegativeTestJSON:setUpClass): 201 POST http://10.180.1.21/identity/v3/projects 0.130s
2025-05-06 08:23:22.053 70222 INFO tempest.lib.common.rest_client [req-493ef362-66e7-43be-88ef-082d72a9873e req-493ef362-66e7-43be-88ef-082d72a9873e ] Request (ServicesAdminNegativeTestJSON:setUpClass): 201 POST http://10.180.1.21/identity/v3/users 0.059s
2025-05-06 08:23:22.066 70262 INFO tempest.lib.common.rest_client [req-9e7c086b-cca0-4947-9904-016df8c65359 req-9e7c086b-cca0-4947-9904-016df8c65359 ] Request (VolumesSnapshotsTestJSON:setUpClass): 201 POST http://10.180.1.21/identity/v3/users 0.140s
2025-05-06 08:23:22.083 70222 INFO tempest.lib.common.rest_client [req-e4f2238a-58b7-4d5b-ac93-f74fe1db480a req-e4f2238a-58b7-4d5b-ac93-f74fe1db480a ] Request (ServicesAdminNegativeTestJSON:setUpClass): 200 GET http://10.180.1.21/identity/v3/roles 0.029s
2025-05-06 08:23:22.099 70252 INFO tempest.lib.common.rest_client [req-59e94913-82b6-4518-80bc-b862f48c4dd2 req-59e94913-82b6-4518-80bc-b862f48c4dd2 ] Request (DeleteServersAdminTestJSON:test_delete_server_while_in_error_state): 200 GET http://10.180.1.21/compute/v2.1/servers/bda4aec8-266d-420a-9b3b-75af4deb8a8d 0.726s
2025-05-06 08:23:22.105 70262 INFO tempest.lib.common.rest_client [req-7e451a3b-7fa9-4a6c-9204-3e8b379a5371 req-7e451a3b-7fa9-4a6c-9204-3e8b379a5371 ] Request (VolumesSnapshotsTestJSON:setUpClass): 200 GET http://10.180.1.21/identity/v3/roles 0.038s
2025-05-06 08:23:22.135 70222 INFO tempest.lib.common.rest_client [req-59fd9314-843b-4b2d-8ff7-8c45a04675c0 req-59fd9314-843b-4b2d-8ff7-8c45a04675c0 ] Request (ServicesAdminNegativeTestJSON:setUpClass): 204 PUT http://10.180.1.21/identity/v3/projects/157a2c2b58e54165926b9e82a56d051a/users/d3a1e833addd410c986b5d34f2c8c65e/roles/90a6a3e6c7d44a9ba92486d85149a015 0.052s
2025-05-06 08:23:22.137 70222 INFO tempest.lib.common.dynamic_creds [-] Dynamic test user d3a1e833addd410c986b5d34f2c8c65e is created with scope project and roles: ['member']
2025-05-06 08:23:22.137 70222 INFO tempest.lib.common.dynamic_creds [-] Acquired dynamic creds: credentials: Credentials: {'domain_id': 'default', 'domain_name': 'Default', 'username': 'tempest-ServicesAdminNegativeTestJSON-1659701858-project-member', 'project_domain_id': 'default', 'project_domain_name': 'Default', 'project_id': '157a2c2b58e54165926b9e82a56d051a', 'project_name': 'tempest-ServicesAdminNegativeTestJSON-1659701858', 'tenant_id': '157a2c2b58e54165926b9e82a56d051a', 'tenant_name': 'tempest-ServicesAdminNegativeTestJSON-1659701858', 'user_domain_id': 'default', 'user_domain_name': 'Default', 'user_id': 'd3a1e833addd410c986b5d34f2c8c65e', 'system': None}, Network: None, Subnet: None, Router: None
2025-05-06 08:23:22.138 70222 INFO tempest.lib.common.dynamic_creds [-] Created isolated network resources for: credentials: Credentials: {'domain_id': 'default', 'domain_name': 'Default', 'username': 'tempest-ServicesAdminNegativeTestJSON-1659701858-project-member', 'project_domain_id': 'default', 'project_domain_name': 'Default', 'project_id': '157a2c2b58e54165926b9e82a56d051a', 'project_name': 'tempest-ServicesAdminNegativeTestJSON-1659701858', 'tenant_id': '157a2c2b58e54165926b9e82a56d051a', 'tenant_name': 'tempest-ServicesAdminNegativeTestJSON-1659701858', 'user_domain_id': 'default', 'user_domain_name': 'Default', 'user_id': 'd3a1e833addd410c986b5d34f2c8c65e', 'system': None}, Network: None, Subnet: None, Router: None
2025-05-06 08:23:22.139 70232 INFO tempest.lib.common.rest_client [req-e748d90f-6e73-4287-a8ed-eafca1e14c5f req-e748d90f-6e73-4287-a8ed-eafca1e14c5f ] Request (ListImageFiltersTestJSON:setUpClass): 202 POST http://10.180.1.21/compute/v2.1/servers 1.191s
2025-05-06 08:23:22.147 70262 INFO tempest.lib.common.rest_client [req-cde50ed0-89a1-4298-9dd4-4588012c4167 req-cde50ed0-89a1-4298-9dd4-4588012c4167 ] Request (VolumesSnapshotsTestJSON:setUpClass): 204 PUT http://10.180.1.21/identity/v3/projects/d0ffb5bbb23b4820b722c5519a6b94ad/users/802a03cbe42d44a297fc9586320528c0/roles/90a6a3e6c7d44a9ba92486d85149a015 0.041s
2025-05-06 08:23:22.147 70262 INFO tempest.lib.common.dynamic_creds [-] Dynamic test user 802a03cbe42d44a297fc9586320528c0 is created with scope project and roles: ['member']
2025-05-06 08:23:22.148 70262 INFO tempest.lib.common.dynamic_creds [-] Acquired dynamic creds: credentials: Credentials: {'domain_id': 'default', 'domain_name': 'Default', 'username': 'tempest-VolumesSnapshotsTestJSON-1535286522-project-member', 'project_domain_id': 'default', 'project_domain_name': 'Default', 'project_id': 'd0ffb5bbb23b4820b722c5519a6b94ad', 'project_name': 'tempest-VolumesSnapshotsTestJSON-1535286522', 'tenant_id': 'd0ffb5bbb23b4820b722c5519a6b94ad', 'tenant_name': 'tempest-VolumesSnapshotsTestJSON-1535286522', 'user_domain_id': 'default', 'user_domain_name': 'Default', 'user_id': '802a03cbe42d44a297fc9586320528c0', 'system': None}, Network: None, Subnet: None, Router: None
2025-05-06 08:23:22.148 70262 INFO tempest.lib.common.dynamic_creds [-] Created isolated network resources for: credentials: Credentials: {'domain_id': 'default', 'domain_name': 'Default', 'username': 'tempest-VolumesSnapshotsTestJSON-1535286522-project-member', 'project_domain_id': 'default', 'project_domain_name': 'Default', 'project_id': 'd0ffb5bbb23b4820b722c5519a6b94ad', 'project_name': 'tempest-VolumesSnapshotsTestJSON-1535286522', 'tenant_id': 'd0ffb5bbb23b4820b722c5519a6b94ad', 'tenant_name': 'tempest-VolumesSnapshotsTestJSON-1535286522', 'user_domain_id': 'default', 'user_domain_name': 'Default', 'user_id': '802a03cbe42d44a297fc9586320528c0', 'system': None}, Network: None, Subnet: None, Router: None
2025-05-06 08:23:22.177 70234 INFO tempest.lib.common.rest_client [req-07d234cd-c6df-4cec-b912-6ebf035f8be1 req-07d234cd-c6df-4cec-b912-6ebf035f8be1 ] Request (HostsAdminTestJSON:tearDownClass): 200 GET http://10.180.1.21:9696/networking/v2.0/security-groups?tenant_id=4a9b716b6e0c4584a5dcdfe9c5a1424a&name=default 0.368s
2025-05-06 08:23:22.178 70238 WARNING tempest.lib.common.ssh [-] Failed to establish authenticated ssh connection to cirros@10.180.180.243 ([Errno None] Unable to connect to port 22 on 10.180.180.243). Number attempts: 1. Retry after 2 seconds.: paramiko.ssh_exception.NoValidConnectionsError: [Errno None] Unable to connect to port 22 on 10.180.180.243
2025-05-06 08:23:22.265 70232 INFO tempest.lib.common.rest_client [req-df53c1c8-1e14-4b21-8ea9-4bdf0601acde req-df53c1c8-1e14-4b21-8ea9-4bdf0601acde ] Request (ListImageFiltersTestJSON:setUpClass): 201 POST http://10.180.1.21/identity/v3/auth/tokens 0.117s
2025-05-06 08:23:22.266 70232 INFO tempest.lib.common.fixed_network [-] (ListImageFiltersTestJSON:setUpClass) Found network None available for tenant
2025-05-06 08:23:22.268 70250 INFO tempest.lib.common.rest_client [req-4efa7375-4434-48ed-b5c8-5687df981e32 req-4efa7375-4434-48ed-b5c8-5687df981e32 ] Request (ServersTestMultiNic:test_verify_duplicate_network_nics): 200 GET http://10.180.1.21/compute/v2.1/servers/fadebc22-a7c0-484f-b613-662531256145 0.458s
2025-05-06 08:23:22.276 70222 INFO tempest.lib.common.rest_client [req-9629d77c-7920-4cb6-b456-023c63d19953 req-9629d77c-7920-4cb6-b456-023c63d19953 ] Request (ServicesAdminNegativeTestJSON:setUpClass): 201 POST http://10.180.1.21/identity/v3/auth/tokens 0.130s
2025-05-06 08:23:22.293 70266 INFO tempest.lib.common.rest_client [req-0ba5e252-c503-47a2-a481-c09f52bbc99d req-0ba5e252-c503-47a2-a481-c09f52bbc99d ] Request (SecurityGroupRulesTestJSON:tearDownClass): 202 DELETE http://10.180.1.21/compute/v2.1/os-security-groups/57c0423e-eb56-494b-83cf-52305f6d28a7 0.492s
2025-05-06 08:23:22.298 70268 INFO tempest.lib.common.rest_client [req-742129ac-713f-4316-8744-cfa98d398c3f req-742129ac-713f-4316-8744-cfa98d398c3f ] Request (FlavorsAdminTestJSON:_run_cleanups): 202 DELETE http://10.180.1.21/compute/v2.1/flavors/1817019360 0.471s
2025-05-06 08:23:22.361 70262 INFO tempest.lib.common.rest_client [req-df4daffa-c6b8-437c-b364-3c357d827733 req-df4daffa-c6b8-437c-b364-3c357d827733 ] Request (VolumesSnapshotsTestJSON:setUpClass): 201 POST http://10.180.1.21/identity/v3/auth/tokens 0.208s
2025-05-06 08:23:22.376 70222 INFO tempest.lib.common.rest_client [req-768f9ab1-2b5b-46b9-ae11-f5ef0eee99aa req-768f9ab1-2b5b-46b9-ae11-f5ef0eee99aa ] Request (ServicesAdminNegativeTestJSON:setUpClass): 201 POST http://10.180.1.21/identity/v3/projects 0.098s
2025-05-06 08:23:22.390 70234 INFO tempest.lib.common.rest_client [req-db13fcee-170d-4b1d-bbee-a08b8adc1f55 req-db13fcee-170d-4b1d-bbee-a08b8adc1f55 ] Request (HostsAdminTestJSON:tearDownClass): 204 DELETE http://10.180.1.21:9696/networking/v2.0/security-groups/b1b46dda-e97a-4233-adc6-2bd8a3252c29 0.212s
2025-05-06 08:23:22.415 70248 INFO tempest.lib.common.rest_client [req-c0717f01-f470-4946-b392-fb062227cce4 req-c0717f01-f470-4946-b392-fb062227cce4 ] Request (ImagesOneServerNegativeTestJSON:setUpClass): 200 GET http://10.180.1.21/compute/v2.1/servers/08a7846f-ac7f-47ef-ae49-fafd66163176 0.475s
2025-05-06 08:23:22.462 70222 INFO tempest.lib.common.rest_client [req-6a460ab7-cc05-45bd-a9e8-3439066ffec9 req-6a460ab7-cc05-45bd-a9e8-3439066ffec9 ] Request (ServicesAdminNegativeTestJSON:setUpClass): 201 POST http://10.180.1.21/identity/v3/users 0.085s
2025-05-06 08:23:22.541 70234 INFO tempest.lib.common.rest_client [req-7d039042-f11e-4753-aa65-927a535c6b65 req-7d039042-f11e-4753-aa65-927a535c6b65 ] Request (HostsAdminTestJSON:tearDownClass): 204 DELETE http://10.180.1.21/identity/v3/projects/4a9b716b6e0c4584a5dcdfe9c5a1424a 0.151s
2025-05-06 08:23:22.541 70234 INFO tempest.lib.common.dynamic_creds [-] Deleting project and security group for project: 65ad22ef72124bfab85495e8f2d31663
2025-05-06 08:23:22.543 70244 INFO tempest.lib.common.rest_client [req-222ca21f-41c6-4dbd-b883-89c6317fb3dd req-222ca21f-41c6-4dbd-b883-89c6317fb3dd ] Request (InstanceActionsV221TestJSON:test_get_list_deleted_instance_actions): 200 GET http://10.180.1.21/compute/v2.1/servers/d11aba1e-cae3-47fb-9def-3e4540f89e50 0.503s
2025-05-06 08:23:22.577 70222 INFO tempest.lib.common.rest_client [req-278a6c54-61d6-44cf-8a87-469820e21b93 req-278a6c54-61d6-44cf-8a87-469820e21b93 ] Request (ServicesAdminNegativeTestJSON:setUpClass): 200 GET http://10.180.1.21/identity/v3/roles 0.114s
2025-05-06 08:23:22.614 70222 INFO tempest.lib.common.rest_client [req-2619c7cc-da96-4efd-83bd-303542f3cc06 req-2619c7cc-da96-4efd-83bd-303542f3cc06 ] Request (ServicesAdminNegativeTestJSON:setUpClass): 204 PUT http://10.180.1.21/identity/v3/projects/0c95f0d9f568457cacb086cbc2e6e384/users/0e60113e08f74ce7aff98151ed079ca4/roles/69d4c06512de47559e06f05d084e7a95 0.036s
2025-05-06 08:23:22.626 70274 INFO tempest.lib.common.rest_client [req-0c8c4a3a-4f95-46ee-863d-6f8074f292bd req-0c8c4a3a-4f95-46ee-863d-6f8074f292bd ] Request (AttachInterfacesTestJSON:test_create_list_show_delete_interfaces_by_fixed_ip): 200 GET http://10.180.1.21/compute/v2.1/servers/ff779bda-9a1d-44de-b1f8-f8d4b777ebea 0.523s
2025-05-06 08:23:22.677 70222 INFO tempest.lib.common.rest_client [req-5f114a3f-a4b6-4c68-95e8-d725291db8cc req-5f114a3f-a4b6-4c68-95e8-d725291db8cc ] Request (ServicesAdminNegativeTestJSON:setUpClass): 200 GET http://10.180.1.21/identity/v3/roles 0.063s
2025-05-06 08:23:22.696 70222 INFO tempest.lib.common.rest_client [req-7809a1dd-eea3-4ab3-a07d-5561c0f45f3a req-7809a1dd-eea3-4ab3-a07d-5561c0f45f3a ] Request (ServicesAdminNegativeTestJSON:setUpClass): 204 PUT http://10.180.1.21/identity/v3/projects/0c95f0d9f568457cacb086cbc2e6e384/users/0e60113e08f74ce7aff98151ed079ca4/roles/69d4c06512de47559e06f05d084e7a95 0.019s
2025-05-06 08:23:22.696 70222 INFO tempest.lib.common.dynamic_creds [-] Dynamic test user 0e60113e08f74ce7aff98151ed079ca4 is created with scope project and roles: ['admin']
2025-05-06 08:23:22.697 70222 INFO tempest.lib.common.dynamic_creds [-] Acquired dynamic creds: credentials: Credentials: {'domain_id': 'default', 'domain_name': 'Default', 'username': 'tempest-ServicesAdminNegativeTestJSON-815151306-project-admin', 'project_domain_id': 'default', 'project_domain_name': 'Default', 'project_id': '0c95f0d9f568457cacb086cbc2e6e384', 'project_name': 'tempest-ServicesAdminNegativeTestJSON-815151306', 'tenant_id': '0c95f0d9f568457cacb086cbc2e6e384', 'tenant_name': 'tempest-ServicesAdminNegativeTestJSON-815151306', 'user_domain_id': 'default', 'user_domain_name': 'Default', 'user_id': '0e60113e08f74ce7aff98151ed079ca4', 'system': None}, Network: None, Subnet: None, Router: None
2025-05-06 08:23:22.697 70222 INFO tempest.lib.common.dynamic_creds [-] Created isolated network resources for: credentials: Credentials: {'domain_id': 'default', 'domain_name': 'Default', 'username': 'tempest-ServicesAdminNegativeTestJSON-815151306-project-admin', 'project_domain_id': 'default', 'project_domain_name': 'Default', 'project_id': '0c95f0d9f568457cacb086cbc2e6e384', 'project_name': 'tempest-ServicesAdminNegativeTestJSON-815151306', 'tenant_id': '0c95f0d9f568457cacb086cbc2e6e384', 'tenant_name': 'tempest-ServicesAdminNegativeTestJSON-815151306', 'user_domain_id': 'default', 'user_domain_name': 'Default', 'user_id': '0e60113e08f74ce7aff98151ed079ca4', 'system': None}, Network: None, Subnet: None, Router: None
2025-05-06 08:23:22.761 70242 INFO tempest.lib.common.rest_client [req-e7699903-2572-4166-9767-b4ab3b7cd31c req-e7699903-2572-4166-9767-b4ab3b7cd31c ] Request (ServerExternalEventsTest:test_create_server_external_events): 202 POST http://10.180.1.21/compute/v2.1/servers 0.773s
2025-05-06 08:23:22.781 70234 INFO tempest.lib.common.rest_client [req-03db581b-f6ac-4a0a-a85c-d7ac7bc7bbd4 req-03db581b-f6ac-4a0a-a85c-d7ac7bc7bbd4 ] Request (HostsAdminTestJSON:tearDownClass): 200 GET http://10.180.1.21:9696/networking/v2.0/security-groups?tenant_id=65ad22ef72124bfab85495e8f2d31663&name=default 0.238s
2025-05-06 08:23:22.796 70222 INFO tempest.lib.common.rest_client [req-59df3a2c-6c83-4ba9-a385-bdf67e78a281 req-59df3a2c-6c83-4ba9-a385-bdf67e78a281 ] Request (ServicesAdminNegativeTestJSON:setUpClass): 201 POST http://10.180.1.21/identity/v3/auth/tokens 0.097s
2025-05-06 08:23:22.847 70260 INFO tempest.lib.common.rest_client [req-165321d4-958a-4539-9e6c-02ccb869c256 req-165321d4-958a-4539-9e6c-02ccb869c256 ] Request (ServersTestBootFromVolume:setUpClass): 200 GET http://10.180.1.21/volume/v3/volumes/da5e2afa-40bb-4c52-a115-7f553c3ec8fa 0.037s
2025-05-06 08:23:22.889 70270 INFO tempest.lib.common.rest_client [req-40ab9939-60fa-4726-94ff-2c8577594471 req-40ab9939-60fa-4726-94ff-2c8577594471 ] Request (ServerActionsTestJSON:setUpClass): 200 GET http://10.180.1.21/compute/v2.1/servers/3a26d4c7-aeaf-4695-a9df-fe4c578fe5e2 0.715s
2025-05-06 08:23:22.896 70270 INFO tempest.common.waiters [-] State transition "BUILD/networking" ==> "BUILD/spawning" after 20 second wait
2025-05-06 08:23:22.911 70226 INFO tempest.lib.common.rest_client [req-98347e78-75be-40ec-aa6b-25292b55d4ca req-98347e78-75be-40ec-aa6b-25292b55d4ca ] Request (ServerTagsTestJSON:setUpClass): 200 GET http://10.180.1.21/compute/v2.1/servers/33ba1953-b692-4305-8298-8284e46d5ef8 0.723s
2025-05-06 08:23:22.911 70234 INFO tempest.lib.common.rest_client [req-912363cc-46c9-4550-890a-8ee00b66bc2e req-912363cc-46c9-4550-890a-8ee00b66bc2e ] Request (HostsAdminTestJSON:tearDownClass): 204 DELETE http://10.180.1.21:9696/networking/v2.0/security-groups/bc005fa7-6e9e-40a7-990f-281e91950d43 0.129s
2025-05-06 08:23:22.995 70272 INFO tempest.lib.common.rest_client [req-873e8baa-d854-4fd5-8500-3765454904ef req-873e8baa-d854-4fd5-8500-3765454904ef ] Request (ServerAddressesTestJSON:tearDownClass): 200 GET http://10.180.1.21/compute/v2.1/servers/bd231ac8-1839-4173-8a22-ca80384103fa 0.704s
2025-05-06 08:23:23.046 70234 INFO tempest.lib.common.rest_client [req-545b927a-8666-4f3b-bbaa-77b5509916ea req-545b927a-8666-4f3b-bbaa-77b5509916ea ] Request (HostsAdminTestJSON:tearDownClass): 204 DELETE http://10.180.1.21/identity/v3/projects/65ad22ef72124bfab85495e8f2d31663 0.134s
2025-05-06 08:23:23.118 70234 INFO tempest.lib.common.rest_client [req-7cba43db-61f7-4b71-b70e-43c3739df861 req-7cba43db-61f7-4b71-b70e-43c3739df861 ] Request (SecurityGroupsNegativeTestJSON:setUpClass): 201 POST http://10.180.1.21/identity/v3/auth/tokens 0.070s
2025-05-06 08:23:23.123 70266 INFO tempest.lib.common.rest_client [req-5a26ed9e-09be-400c-8962-65326f0951fa req-5a26ed9e-09be-400c-8962-65326f0951fa ] Request (SecurityGroupRulesTestJSON:tearDownClass): 202 DELETE http://10.180.1.21/compute/v2.1/os-security-groups/1ac4b768-4f5d-4ea5-aca9-fb7f27319d4f 0.829s
2025-05-06 08:23:23.154 70268 INFO tempest.lib.common.rest_client [req-9bc8b8b8-79ae-4955-a4c9-9f59de22dc10 req-9bc8b8b8-79ae-4955-a4c9-9f59de22dc10 ] Request (FlavorsAdminTestJSON:_run_cleanups): 200 GET http://10.180.1.21/compute/v2.1/flavors/detail 0.854s
2025-05-06 08:23:23.160 70232 INFO tempest.lib.common.rest_client [req-455e6225-3cf9-4f57-91d1-6b4e5b7e9a40 req-455e6225-3cf9-4f57-91d1-6b4e5b7e9a40 ] Request (ListImageFiltersTestJSON:setUpClass): 202 POST http://10.180.1.21/compute/v2.1/servers 0.893s
2025-05-06 08:23:23.168 70234 INFO tempest.lib.common.rest_client [req-70efd675-c128-4826-b6f8-c6efecf28154 req-70efd675-c128-4826-b6f8-c6efecf28154 ] Request (SecurityGroupsNegativeTestJSON:setUpClass): 201 POST http://10.180.1.21/identity/v3/auth/tokens 0.046s
2025-05-06 08:23:23.206 70234 INFO tempest.lib.common.rest_client [req-599d5f1c-61be-49ca-a4ee-b03b92fb9604 req-599d5f1c-61be-49ca-a4ee-b03b92fb9604 ] Request (SecurityGroupsNegativeTestJSON:setUpClass): 200 GET http://10.180.1.21/identity/v3/domains?name=Default 0.038s
2025-05-06 08:23:23.246 70234 INFO tempest.lib.common.rest_client [req-5f64ea12-4b65-451f-9c4c-9f26fb75f5ab req-5f64ea12-4b65-451f-9c4c-9f26fb75f5ab ] Request (SecurityGroupsNegativeTestJSON:setUpClass): 201 POST http://10.180.1.21/identity/v3/projects 0.039s
2025-05-06 08:23:23.255 70264 INFO tempest.lib.common.rest_client [req-c0dba066-413b-430d-849a-4ac4235ef094 req-c0dba066-413b-430d-849a-4ac4235ef094 ] Request (ServersAdmin275Test:tearDownClass): 200 GET http://10.180.1.21/compute/v2.1/servers/8d66c5e5-c8ad-4aed-83cb-d629ba0239b3 0.887s
2025-05-06 08:23:23.315 70280 INFO tempest.lib.common.rest_client [req-32ad1444-6561-416e-8e89-c7bf14bd2473 req-32ad1444-6561-416e-8e89-c7bf14bd2473 ] Request (ServersAdminNegativeTestJSON:test_migrate_server_invalid_state): 200 GET http://10.180.1.21/compute/v2.1/servers/f90ddb31-e6d1-4c72-beeb-af6a60afa09b 0.920s
2025-05-06 08:23:23.327 70234 INFO tempest.lib.common.rest_client [req-4ef8e017-7cbf-4ed8-bc2f-d43ca6b7f963 req-4ef8e017-7cbf-4ed8-bc2f-d43ca6b7f963 ] Request (SecurityGroupsNegativeTestJSON:setUpClass): 201 POST http://10.180.1.21/identity/v3/users 0.080s
2025-05-06 08:23:23.351 70234 INFO tempest.lib.common.rest_client [req-4c709d15-8376-4fc5-9df9-1d06ff2fafa3 req-4c709d15-8376-4fc5-9df9-1d06ff2fafa3 ] Request (SecurityGroupsNegativeTestJSON:setUpClass): 200 GET http://10.180.1.21/identity/v3/roles 0.023s
2025-05-06 08:23:23.387 70234 INFO tempest.lib.common.rest_client [req-65ec020c-28af-4691-9a43-3039d6e20461 req-65ec020c-28af-4691-9a43-3039d6e20461 ] Request (SecurityGroupsNegativeTestJSON:setUpClass): 204 PUT http://10.180.1.21/identity/v3/projects/b5959f26a16444d4be1d2efde3edfa64/users/febc14088f5b45fc98928156c86a65d4/roles/90a6a3e6c7d44a9ba92486d85149a015 0.036s
2025-05-06 08:23:23.387 70234 INFO tempest.lib.common.dynamic_creds [-] Dynamic test user febc14088f5b45fc98928156c86a65d4 is created with scope project and roles: ['member']
2025-05-06 08:23:23.388 70234 INFO tempest.lib.common.dynamic_creds [-] Acquired dynamic creds: credentials: Credentials: {'domain_id': 'default', 'domain_name': 'Default', 'username': 'tempest-SecurityGroupsNegativeTestJSON-1295397509-project-member', 'project_domain_id': 'default', 'project_domain_name': 'Default', 'project_id': 'b5959f26a16444d4be1d2efde3edfa64', 'project_name': 'tempest-SecurityGroupsNegativeTestJSON-1295397509', 'tenant_id': 'b5959f26a16444d4be1d2efde3edfa64', 'tenant_name': 'tempest-SecurityGroupsNegativeTestJSON-1295397509', 'user_domain_id': 'default', 'user_domain_name': 'Default', 'user_id': 'febc14088f5b45fc98928156c86a65d4', 'system': None}, Network: None, Subnet: None, Router: None
2025-05-06 08:23:23.402 70220 INFO tempest.lib.common.rest_client [req-ea56b5a4-ab1b-49ec-a920-9b1e6a94f5f1 req-ea56b5a4-ab1b-49ec-a920-9b1e6a94f5f1 ] Request (ListServersNegativeTestJSON:setUpClass): 200 GET http://10.180.1.21/compute/v2.1/servers/3fd54b7d-43fb-48cf-b8ca-9d29dad0cc93 0.950s
2025-05-06 08:23:23.474 70234 INFO tempest.lib.common.rest_client [req-e7fe078e-cac1-4062-b8aa-2fbd653cc0da req-e7fe078e-cac1-4062-b8aa-2fbd653cc0da ] Request (SecurityGroupsNegativeTestJSON:setUpClass): 201 POST http://10.180.1.21/identity/v3/auth/tokens 0.086s
2025-05-06 08:23:23.489 70257 INFO tempest.lib.common.rest_client [req-c930f17a-a1ad-41dd-a772-035521e7f0b1 req-c930f17a-a1ad-41dd-a772-035521e7f0b1 ] Request (ServerDiagnosticsV248Test:tearDownClass): 200 GET http://10.180.1.21/compute/v2.1/servers/6b2238be-641f-4e97-a83b-bea64ecaff30 1.008s
