2025-05-06 08:25:06.250 70268 INFO tempest.lib.common.rest_client [req-929e3187-339d-4d1c-8100-0e993a2d6cb6 req-929e3187-339d-4d1c-8100-0e993a2d6cb6 ] Request (MigrationsAdminTest:test_list_migrations_in_flavor_resize_situation): 200 GET http://10.180.1.21/compute/v2.1/servers/cc9e95be-00b3-4a50-902b-fd06b2809b69 0.536s
2025-05-06 08:25:06.339 70274 INFO tempest.lib.common.rest_client [req-f1c7e7e1-121e-447f-a897-fc42d39fa146 req-f1c7e7e1-121e-447f-a897-fc42d39fa146 ] Request (AttachInterfacesTestJSON:_run_cleanups): 200 GET http://10.180.1.21/compute/v2.1/servers/ff779bda-9a1d-44de-b1f8-f8d4b777ebea 0.493s
2025-05-06 08:25:06.371 70257 INFO tempest.lib.common.rest_client [req-8a1c688f-369e-4d4a-93bc-283025c26913 req-8a1c688f-369e-4d4a-93bc-283025c26913 ] Request (ImagesNegativeTestJSON:test_create_image_from_deleted_server): 204 DELETE http://10.180.1.21/compute/v2.1/servers/50c433bb-66a1-4587-9ff7-fbbf3596587a 0.527s
2025-05-06 08:25:06.393 70278 INFO tempest.lib.common.rest_client [req-36804df6-474d-4c73-a3f5-44086cd51ce8 req-36804df6-474d-4c73-a3f5-44086cd51ce8 ] Request (AttachInterfacesUnderV243Test:tearDownClass): 404 DELETE http://10.180.1.21/compute/v2.1/servers/af07841b-b3cf-4064-aa18-46cf941305cf 0.477s
2025-05-06 08:25:06.420 70280 INFO tempest.lib.common.rest_client [req-48a37b75-0415-4172-94ff-b551a9db4339 req-48a37b75-0415-4172-94ff-b551a9db4339 ] Request (ServersAdminNegativeTestJSON:tearDownClass): 200 GET http://10.180.1.21/compute/v2.1/servers/bf3a8bd4-f850-4d94-832f-04a1234d762a 0.508s
2025-05-06 08:25:06.428 70280 INFO tempest.common.waiters [-] State transition "ACTIVE/deleting" ==> "DELETED/None" after 5 second wait
2025-05-06 08:25:06.450 70248 INFO tempest.lib.common.rest_client [req-4b4fd4f6-29e4-4b65-983b-9d4f9fe148c9 req-4b4fd4f6-29e4-4b65-983b-9d4f9fe148c9 ] Request (ImagesOneServerNegativeTestJSON:_run_cleanups): 200 GET http://10.180.1.21/compute/v2.1/servers/0928cc3f-e729-4400-bdfd-ac55c9c1dfa4 0.489s
2025-05-06 08:25:06.503 70242 INFO tempest.lib.common.rest_client [req-cf2190da-61fe-4d7d-80b9-199a8a8e0041 req-cf2190da-61fe-4d7d-80b9-199a8a8e0041 ] Request (ServerExternalEventsTest:tearDownClass): 200 GET http://10.180.1.21/compute/v2.1/servers/d5d427de-4146-4712-a169-403cb430af2d 0.440s
2025-05-06 08:25:06.562 70228 INFO tempest.lib.common.rest_client [req-c9417024-2715-428f-881e-668a94dd769f req-c9417024-2715-428f-881e-668a94dd769f ] Request (SecurityGroupsTestJSON:test_list_security_groups_by_server): 200 GET http://10.180.1.21/compute/v2.1/servers/669b2238-7193-4550-ac42-e3f7134b867e 0.439s
2025-05-06 08:25:06.702 70264 INFO tempest.lib.common.rest_client [req-ed2ceb78-e367-4197-bbb1-2b47b626fa67 req-ed2ceb78-e367-4197-bbb1-2b47b626fa67 ] Request (FloatingIPsAssociationNegativeTestJSON:setUpClass): 200 GET http://10.180.1.21/compute/v2.1/servers/ce1c1a25-2095-4f6e-a9d3-194351c69ae5 0.576s
2025-05-06 08:25:06.713 70264 INFO tempest.common.waiters [-] State transition "BUILD/block_device_mapping" ==> "BUILD/spawning" after 73 second wait
2025-05-06 08:25:06.843 70257 INFO tempest.lib.common.rest_client [req-edd391ac-35bf-4532-855e-5abce4d80391 req-edd391ac-35bf-4532-855e-5abce4d80391 ] Request (ImagesNegativeTestJSON:test_create_image_from_deleted_server): 200 GET http://10.180.1.21/compute/v2.1/servers/50c433bb-66a1-4587-9ff7-fbbf3596587a 0.472s
2025-05-06 08:25:06.882 70278 INFO tempest.lib.common.rest_client [req-07ff41fd-9f14-4013-a8ad-ca6b9fcca137 req-07ff41fd-9f14-4013-a8ad-ca6b9fcca137 ] Request (AttachInterfacesUnderV243Test:tearDownClass): 404 GET http://10.180.1.21/compute/v2.1/servers/af07841b-b3cf-4064-aa18-46cf941305cf 0.489s
2025-05-06 08:25:06.916 70246 INFO tempest.lib.common.rest_client [req-d31729ad-da62-49a7-9279-b3e81e8933a2 req-d31729ad-da62-49a7-9279-b3e81e8933a2 ] Request (ServerRescueNegativeTestJSON:setUpClass): 202 POST http://10.180.1.21/compute/v2.1/servers 0.823s
2025-05-06 08:25:06.955 70250 INFO tempest.lib.common.rest_client [req-799a72a4-0bd5-4581-af31-fbe5fe88f5d9 req-799a72a4-0bd5-4581-af31-fbe5fe88f5d9 ] Request (ServersTestMultiNic:test_verify_multiple_nics_order): 200 GET http://10.180.1.21/compute/v2.1/servers/3655deab-c776-49e7-aa4d-f6aef76048b5 0.550s
2025-05-06 08:25:07.003 70244 INFO tempest.lib.common.rest_client [req-9a57ec91-7827-45a2-9e11-ebb067460f9d req-9a57ec91-7827-45a2-9e11-ebb067460f9d ] Request (ServerActionsTestOtherA:setUpClass): 200 GET http://10.180.1.21/compute/v2.1/servers/75bb2855-1e92-47e3-b181-2ace83c7ee2f 0.533s
2025-05-06 08:25:07.033 70236 INFO tempest.lib.common.rest_client [req-742a5f28-303b-46f1-9beb-ac2e59f26242 req-742a5f28-303b-46f1-9beb-ac2e59f26242 ] Request (ServersTestFqdnHostnames:tearDownClass): 200 PUT http://10.180.1.21:9696/networking/v2.0/routers/148e22b3-1f7d-4e1f-89d9-1b0897e4aae2/remove_router_interface 1.080s
2025-05-06 08:25:07.060 70258 INFO tempest.lib.common.rest_client [req-5a424fc7-7d10-4050-aac6-2cf474346f07 req-5a424fc7-7d10-4050-aac6-2cf474346f07 ] Request (VolumesAdminNegativeTest:test_update_attached_volume_with_nonexistent_volume_in_uri): 200 GET http://10.180.1.21/compute/v2.1/servers/21b385b6-9cca-4ed1-8bd2-57336451452a 0.290s
2025-05-06 08:25:07.116 70220 INFO tempest.lib.common.rest_client [req-d8bf95d6-d1d0-4ee3-9dea-6bff16844498 req-d8bf95d6-d1d0-4ee3-9dea-6bff16844498 ] Request (ServerAddressesNegativeTestJSON:setUpClass): 200 GET http://10.180.1.21/compute/v2.1/servers/886226c8-616b-43cf-bfc6-aa5aac2ca158 0.284s
2025-05-06 08:25:07.135 70222 INFO tempest.lib.common.rest_client [req-cda51988-8cf7-4ba3-b8d9-85fb4623074e req-cda51988-8cf7-4ba3-b8d9-85fb4623074e ] Request (InstanceActionsTestJSON:setUpClass): 200 GET http://10.180.1.21/compute/v2.1/servers/faab6f2d-3f7f-4adb-a71b-2319c56d706a 0.445s
2025-05-06 08:25:07.180 70226 INFO tempest.lib.common.rest_client [req-0756d2b2-4174-4e77-82b7-4fafe5bffbd2 req-0756d2b2-4174-4e77-82b7-4fafe5bffbd2 ] Request (ServersTestJSON:test_create_server_specify_multibyte_character_name): 200 GET http://10.180.1.21/compute/v2.1/servers/fc4343e8-054c-41d5-9d43-010d83bb9135 0.277s
2025-05-06 08:25:07.181 70246 INFO tempest.lib.common.rest_client [req-44f10d8e-c5ea-42b7-a1a6-a0e2724183b8 req-44f10d8e-c5ea-42b7-a1a6-a0e2724183b8 ] Request (ServerRescueNegativeTestJSON:setUpClass): 200 GET http://10.180.1.21/compute/v2.1/servers/2188b102-036e-44fb-9b71-047fc1640af4 0.259s
2025-05-06 08:25:07.295 70234 INFO tempest.lib.common.rest_client [req-819f7316-f655-472d-921a-a5c33fb4c3c9 req-819f7316-f655-472d-921a-a5c33fb4c3c9 ] Request (ServerShowV257Test:tearDownClass): 200 GET http://10.180.1.21/compute/v2.1/servers/78616ef2-91a3-4a1e-946e-cfbc67de846d 0.308s
2025-05-06 08:25:07.366 70276 INFO tempest.lib.common.rest_client [req-37863ef9-7c18-4c80-9c5c-0d5140172160 req-37863ef9-7c18-4c80-9c5c-0d5140172160 ] Request (FloatingIPsAssociationTestJSON:tearDownClass): 200 GET http://10.180.1.21/compute/v2.1/servers/fac32025-0b66-4870-922f-99c9b0f6ee6f 0.338s
2025-05-06 08:25:07.375 70254 INFO tempest.lib.common.rest_client [req-a57aaf1f-8350-4ba1-9f2b-eb48f002c7f6 req-a57aaf1f-8350-4ba1-9f2b-eb48f002c7f6 ] Request (ImagesTestJSON:test_create_image_from_stopped_server): 200 GET http://10.180.1.21/compute/v2.1/servers/08c30c2e-9588-4990-8d85-b747ff174e1b 0.425s
2025-05-06 08:25:07.447 70240 INFO tempest.lib.common.rest_client [req-8be91e56-dc82-4dd8-966d-9f41cfda0c40 req-8be91e56-dc82-4dd8-966d-9f41cfda0c40 ] Request (ServersAdminTestJSON:test_inject_network_info): 200 GET http://10.180.1.21/compute/v2.1/servers/727ce1de-a223-4539-b185-b2bc331a8151 0.339s
2025-05-06 08:25:07.447 70252 INFO tempest.lib.common.rest_client [req-99ea1032-3215-4176-abf7-6dce8b0290d7 req-99ea1032-3215-4176-abf7-6dce8b0290d7 ] Request (ServersTestManualDisk:setUpClass): 200 GET http://10.180.1.21/compute/v2.1/servers/ce9aac70-29d1-4205-b456-6b03b4dd8b7b 0.244s
2025-05-06 08:25:07.492 70232 INFO tempest.lib.common.rest_client [req-09f5ca32-be77-40da-81e4-96fdb1c9acca req-09f5ca32-be77-40da-81e4-96fdb1c9acca ] Request (ListImageFiltersTestJSON:setUpClass): 200 GET http://10.180.1.21/compute/v2.1/images/f136c92a-961f-4035-9ec5-58b6c37cf46e 0.243s
2025-05-06 08:25:07.588 70274 INFO tempest.lib.common.rest_client [req-e8294c43-9e9f-4895-89b4-2d2b72d1a8af req-e8294c43-9e9f-4895-89b4-2d2b72d1a8af ] Request (AttachInterfacesTestJSON:_run_cleanups): 200 GET http://10.180.1.21/compute/v2.1/servers/ff779bda-9a1d-44de-b1f8-f8d4b777ebea 0.241s
2025-05-06 08:25:07.596 70236 INFO tempest.lib.common.rest_client [req-8575b259-4443-464b-af82-5d4c771ea473 req-8575b259-4443-464b-af82-5d4c771ea473 ] Request (ServersTestFqdnHostnames:tearDownClass): 204 DELETE http://10.180.1.21:9696/networking/v2.0/routers/148e22b3-1f7d-4e1f-89d9-1b0897e4aae2 0.562s
2025-05-06 08:25:07.687 70280 INFO tempest.lib.common.rest_client [req-0a35761f-0be1-4cd0-a1ef-7097653d1a0d req-0a35761f-0be1-4cd0-a1ef-7097653d1a0d ] Request (ServersAdminNegativeTestJSON:tearDownClass): 200 GET http://10.180.1.21/compute/v2.1/servers/bf3a8bd4-f850-4d94-832f-04a1234d762a 0.257s
2025-05-06 08:25:07.689 70268 INFO tempest.lib.common.rest_client [req-10ea84d8-7cee-4b1a-9246-805f3817e24a req-10ea84d8-7cee-4b1a-9246-805f3817e24a ] Request (MigrationsAdminTest:test_list_migrations_in_flavor_resize_situation): 200 GET http://10.180.1.21/compute/v2.1/servers/cc9e95be-00b3-4a50-902b-fd06b2809b69 0.430s
2025-05-06 08:25:07.754 70248 INFO tempest.lib.common.rest_client [req-ceb665a7-2a6e-4909-9204-4649db70af0b req-ceb665a7-2a6e-4909-9204-4649db70af0b ] Request (ImagesOneServerNegativeTestJSON:_run_cleanups): 200 GET http://10.180.1.21/compute/v2.1/servers/0928cc3f-e729-4400-bdfd-ac55c9c1dfa4 0.292s
2025-05-06 08:25:07.798 70242 INFO tempest.lib.common.rest_client [req-340804e0-1670-4b34-8927-23e385985ef2 req-340804e0-1670-4b34-8927-23e385985ef2 ] Request (ServerExternalEventsTest:tearDownClass): 200 GET http://10.180.1.21/compute/v2.1/servers/d5d427de-4146-4712-a169-403cb430af2d 0.278s
2025-05-06 08:25:07.816 70228 INFO tempest.lib.common.rest_client [req-40173a11-ea7b-4420-a7c8-f8ff6ca0100d req-40173a11-ea7b-4420-a7c8-f8ff6ca0100d ] Request (SecurityGroupsTestJSON:test_list_security_groups_by_server): 200 GET http://10.180.1.21/compute/v2.1/servers/669b2238-7193-4550-ac42-e3f7134b867e 0.241s
2025-05-06 08:25:07.827 70228 INFO tempest.common.waiters [-] State transition "BUILD/scheduling" ==> "BUILD/None" after 12 second wait
2025-05-06 08:25:07.947 70236 INFO tempest.lib.common.rest_client [req-ba6606ba-c9f8-4ab5-ba7d-8d63aaa64b4f req-ba6606ba-c9f8-4ab5-ba7d-8d63aaa64b4f ] Request (ServersTestFqdnHostnames:tearDownClass): 204 DELETE http://10.180.1.21:9696/networking/v2.0/subnets/67465c46-9775-4de2-bb68-741a39fdf04a 0.351s
2025-05-06 08:25:07.995 70257 INFO tempest.lib.common.rest_client [req-a149c6d5-9d01-43fa-9b7c-bfb07ab7f40e req-a149c6d5-9d01-43fa-9b7c-bfb07ab7f40e ] Request (ImagesNegativeTestJSON:test_create_image_from_deleted_server): 200 GET http://10.180.1.21/compute/v2.1/servers/50c433bb-66a1-4587-9ff7-fbbf3596587a 0.134s
2025-05-06 08:25:07.999 70264 INFO tempest.lib.common.rest_client [req-1019435d-b51f-4fc7-b06c-fadcaf8d8c6d req-1019435d-b51f-4fc7-b06c-fadcaf8d8c6d ] Request (FloatingIPsAssociationNegativeTestJSON:setUpClass): 200 GET http://10.180.1.21/compute/v2.1/servers/ce1c1a25-2095-4f6e-a9d3-194351c69ae5 0.285s
2025-05-06 08:25:08.031 70260 WARNING tempest.lib.common.ssh [-] Failed to establish authenticated ssh connection to cirros@10.180.180.145 ([Errno None] Unable to connect to port 22 on 10.180.180.145). Number attempts: 1. Retry after 2 seconds.: paramiko.ssh_exception.NoValidConnectionsError: [Errno None] Unable to connect to port 22 on 10.180.180.145
2025-05-06 08:25:08.064 70250 INFO tempest.lib.common.rest_client [req-fdd19d33-a192-48f2-89d1-c38b5b0fa8ed req-fdd19d33-a192-48f2-89d1-c38b5b0fa8ed ] Request (ServersTestMultiNic:test_verify_multiple_nics_order): 200 GET http://10.180.1.21/compute/v2.1/servers/3655deab-c776-49e7-aa4d-f6aef76048b5 0.094s
2025-05-06 08:25:08.087 70244 INFO tempest.lib.common.rest_client [req-f78a7fd7-ca8e-441b-a9d6-82a0f386b2bc req-f78a7fd7-ca8e-441b-a9d6-82a0f386b2bc ] Request (ServerActionsTestOtherA:setUpClass): 200 GET http://10.180.1.21/compute/v2.1/servers/75bb2855-1e92-47e3-b181-2ace83c7ee2f 0.068s
2025-05-06 08:25:08.104 70278 INFO tempest.lib.common.rest_client [req-434640f9-f3a8-4e42-b77e-483c12ca6200 req-434640f9-f3a8-4e42-b77e-483c12ca6200 ] Request (AttachInterfacesUnderV243Test:tearDownClass): 200 PUT http://10.180.1.21:9696/networking/v2.0/routers/ee817db8-aecf-46d2-bde1-f8451ae027ca/remove_router_interface 1.221s
2025-05-06 08:25:08.136 70258 INFO tempest.lib.common.rest_client [req-24287f5a-f214-4ff4-9cf9-b7eef8b24d0a req-24287f5a-f214-4ff4-9cf9-b7eef8b24d0a ] Request (VolumesAdminNegativeTest:test_update_attached_volume_with_nonexistent_volume_in_uri): 200 GET http://10.180.1.21/compute/v2.1/servers/21b385b6-9cca-4ed1-8bd2-57336451452a 0.066s
2025-05-06 08:25:08.198 70220 INFO tempest.lib.common.rest_client [req-4a5ada4d-3810-4de2-b768-904ed5c1a978 req-4a5ada4d-3810-4de2-b768-904ed5c1a978 ] Request (ServerAddressesNegativeTestJSON:setUpClass): 200 GET http://10.180.1.21/compute/v2.1/servers/886226c8-616b-43cf-bfc6-aa5aac2ca158 0.070s
2025-05-06 08:25:08.272 70226 INFO tempest.lib.common.rest_client [req-fc3d4781-b8fe-4cd2-9304-b81ce7082ceb req-fc3d4781-b8fe-4cd2-9304-b81ce7082ceb ] Request (ServersTestJSON:test_create_server_specify_multibyte_character_name): 200 GET http://10.180.1.21/compute/v2.1/servers/fc4343e8-054c-41d5-9d43-010d83bb9135 0.083s
2025-05-06 08:25:08.283 70222 INFO tempest.lib.common.rest_client [req-a5ec75fc-98bb-4aac-94e6-56b621866469 req-a5ec75fc-98bb-4aac-94e6-56b621866469 ] Request (InstanceActionsTestJSON:setUpClass): 200 GET http://10.180.1.21/compute/v2.1/servers/faab6f2d-3f7f-4adb-a71b-2319c56d706a 0.140s
2025-05-06 08:25:08.305 70236 INFO tempest.lib.common.rest_client [req-574bb3c3-0f65-4026-bf1e-0d53a3dabf0f req-574bb3c3-0f65-4026-bf1e-0d53a3dabf0f ] Request (ServersTestFqdnHostnames:tearDownClass): 204 DELETE http://10.180.1.21:9696/networking/v2.0/networks/11e2d7d0-778f-42a1-8acf-97aea9f2dac2 0.357s
2025-05-06 08:25:08.352 70246 INFO tempest.lib.common.rest_client [req-6ce879f6-0bc6-4abf-89f5-1ea880a387fb req-6ce879f6-0bc6-4abf-89f5-1ea880a387fb ] Request (ServerRescueNegativeTestJSON:setUpClass): 200 GET http://10.180.1.21/compute/v2.1/servers/2188b102-036e-44fb-9b71-047fc1640af4 0.161s
2025-05-06 08:25:08.396 70234 INFO tempest.lib.common.rest_client [req-4d205389-e529-4b2b-ac59-eb0b407cb560 req-4d205389-e529-4b2b-ac59-eb0b407cb560 ] Request (ServerShowV257Test:tearDownClass): 200 GET http://10.180.1.21/compute/v2.1/servers/78616ef2-91a3-4a1e-946e-cfbc67de846d 0.087s
2025-05-06 08:25:08.416 70236 INFO tempest.lib.common.rest_client [req-ea47e919-6be1-4e4b-9994-028a104bfd1e req-ea47e919-6be1-4e4b-9994-028a104bfd1e ] Request (ServersTestFqdnHostnames:tearDownClass): 204 DELETE http://10.180.1.21/identity/v3/users/04c38976c2464e70935352f4af7fa426 0.110s
2025-05-06 08:25:08.417 70236 INFO tempest.lib.common.dynamic_creds [-] Deleting project and security group for project: 61ad45690c654a9ba856ba58da587e02
2025-05-06 08:25:08.471 70276 INFO tempest.lib.common.rest_client [req-b0bad070-bd1e-4435-9f66-62d3f0bcc18d req-b0bad070-bd1e-4435-9f66-62d3f0bcc18d ] Request (FloatingIPsAssociationTestJSON:tearDownClass): 200 GET http://10.180.1.21/compute/v2.1/servers/fac32025-0b66-4870-922f-99c9b0f6ee6f 0.093s
2025-05-06 08:25:08.483 70236 INFO tempest.lib.common.rest_client [req-d64bfaec-f8b2-4db0-85ff-e41cf9efe2ce req-d64bfaec-f8b2-4db0-85ff-e41cf9efe2ce ] Request (ServersTestFqdnHostnames:tearDownClass): 200 GET http://10.180.1.21:9696/networking/v2.0/security-groups?tenant_id=61ad45690c654a9ba856ba58da587e02&name=default 0.066s
2025-05-06 08:25:08.526 70240 INFO tempest.lib.common.rest_client [req-a9c84a8b-a8a8-4620-95b4-09c8717af36b req-a9c84a8b-a8a8-4620-95b4-09c8717af36b ] Request (ServersAdminTestJSON:test_inject_network_info): 200 GET http://10.180.1.21/compute/v2.1/servers/727ce1de-a223-4539-b185-b2bc331a8151 0.068s
2025-05-06 08:25:08.578 70254 INFO tempest.lib.common.rest_client [req-12167abc-26c5-4ece-9268-892445a085cb req-12167abc-26c5-4ece-9268-892445a085cb ] Request (ImagesTestJSON:test_create_image_from_stopped_server): 200 GET http://10.180.1.21/compute/v2.1/servers/08c30c2e-9588-4990-8d85-b747ff174e1b 0.188s
2025-05-06 08:25:08.596 70236 INFO tempest.lib.common.rest_client [req-3ca8aa52-16f9-4ad6-94c0-9789751ac8c6 req-3ca8aa52-16f9-4ad6-94c0-9789751ac8c6 ] Request (ServersTestFqdnHostnames:tearDownClass): 204 DELETE http://10.180.1.21:9696/networking/v2.0/security-groups/8b03f753-b72e-482d-9d4d-ffe30d5347e5 0.112s
2025-05-06 08:25:08.598 70252 INFO tempest.lib.common.rest_client [req-0384b27b-73f6-4eb7-9ab6-a9226dd70ef0 req-0384b27b-73f6-4eb7-9ab6-a9226dd70ef0 ] Request (ServersTestManualDisk:setUpClass): 200 GET http://10.180.1.21/compute/v2.1/servers/ce9aac70-29d1-4205-b456-6b03b4dd8b7b 0.137s
2025-05-06 08:25:08.637 70232 INFO tempest.lib.common.rest_client [req-8370ff12-ba1c-4ca4-bb2e-8b06976269bb req-8370ff12-ba1c-4ca4-bb2e-8b06976269bb ] Request (ListImageFiltersTestJSON:setUpClass): 200 GET http://10.180.1.21/compute/v2.1/images/f136c92a-961f-4035-9ec5-58b6c37cf46e 0.139s
2025-05-06 08:25:08.640 70278 INFO tempest.lib.common.rest_client [req-dffc8b3b-d552-4fad-9fed-50ddc2e24d2a req-dffc8b3b-d552-4fad-9fed-50ddc2e24d2a ] Request (AttachInterfacesUnderV243Test:tearDownClass): 204 DELETE http://10.180.1.21:9696/networking/v2.0/routers/ee817db8-aecf-46d2-bde1-f8451ae027ca 0.535s
2025-05-06 08:25:08.720 70274 INFO tempest.lib.common.rest_client [req-ae1bb609-0b46-4122-a88a-911f0df6f8cc req-ae1bb609-0b46-4122-a88a-911f0df6f8cc ] Request (AttachInterfacesTestJSON:_run_cleanups): 200 GET http://10.180.1.21/compute/v2.1/servers/ff779bda-9a1d-44de-b1f8-f8d4b777ebea 0.123s
2025-05-06 08:25:08.730 70236 INFO tempest.lib.common.rest_client [req-d8395857-c03e-44b6-ba9d-ac805fb3cc50 req-d8395857-c03e-44b6-ba9d-ac805fb3cc50 ] Request (ServersTestFqdnHostnames:tearDownClass): 204 DELETE http://10.180.1.21/identity/v3/projects/61ad45690c654a9ba856ba58da587e02 0.133s
2025-05-06 08:25:08.776 70280 INFO tempest.lib.common.rest_client [req-4196acd9-c8ec-4a33-b92d-992eca1c87c1 req-4196acd9-c8ec-4a33-b92d-992eca1c87c1 ] Request (ServersAdminNegativeTestJSON:tearDownClass): 200 GET http://10.180.1.21/compute/v2.1/servers/bf3a8bd4-f850-4d94-832f-04a1234d762a 0.076s
2025-05-06 08:25:08.811 70236 INFO tempest.lib.common.rest_client [req-e0ce3f81-729b-45c5-8b84-5b1d4d0ab29f req-e0ce3f81-729b-45c5-8b84-5b1d4d0ab29f ] Request (ServersTestJSON:setUpClass): 201 POST http://10.180.1.21/identity/v3/auth/tokens 0.079s
2025-05-06 08:25:08.851 70248 INFO tempest.lib.common.rest_client [req-8375cc2d-3a6c-4b69-8ebc-50a98926e65a req-8375cc2d-3a6c-4b69-8ebc-50a98926e65a ] Request (ImagesOneServerNegativeTestJSON:_run_cleanups): 200 GET http://10.180.1.21/compute/v2.1/servers/0928cc3f-e729-4400-bdfd-ac55c9c1dfa4 0.083s
2025-05-06 08:25:08.852 70236 INFO tempest.lib.common.rest_client [req-eb2332a8-5938-4555-94de-89e401abb53c req-eb2332a8-5938-4555-94de-89e401abb53c ] Request (ServersTestJSON:setUpClass): 201 POST http://10.180.1.21/identity/v3/auth/tokens 0.037s
2025-05-06 08:25:08.887 70236 INFO tempest.lib.common.rest_client [req-bcd41c6a-d32d-4e48-a5fd-ebeeb1a92b1d req-bcd41c6a-d32d-4e48-a5fd-ebeeb1a92b1d ] Request (ServersTestJSON:setUpClass): 200 GET http://10.180.1.21/identity/v3/domains?name=Default 0.035s
2025-05-06 08:25:08.897 70268 INFO tempest.lib.common.rest_client [req-d118d421-3de1-411c-b990-d964e849d5fc req-d118d421-3de1-411c-b990-d964e849d5fc ] Request (MigrationsAdminTest:test_list_migrations_in_flavor_resize_situation): 200 GET http://10.180.1.21/compute/v2.1/servers/cc9e95be-00b3-4a50-902b-fd06b2809b69 0.196s
2025-05-06 08:25:08.930 70236 INFO tempest.lib.common.rest_client [req-48c2da6f-d961-4ca6-a3a8-96f879fe4a8c req-48c2da6f-d961-4ca6-a3a8-96f879fe4a8c ] Request (ServersTestJSON:setUpClass): 201 POST http://10.180.1.21/identity/v3/projects 0.042s
2025-05-06 08:25:08.934 70242 INFO tempest.lib.common.rest_client [req-41a35bcf-768b-4545-ba00-719774fa53ae req-41a35bcf-768b-4545-ba00-719774fa53ae ] Request (ServerExternalEventsTest:tearDownClass): 200 GET http://10.180.1.21/compute/v2.1/servers/d5d427de-4146-4712-a169-403cb430af2d 0.126s
2025-05-06 08:25:08.938 70278 INFO tempest.lib.common.rest_client [req-d3570e79-e189-4338-b34f-7486a2e28506 req-d3570e79-e189-4338-b34f-7486a2e28506 ] Request (AttachInterfacesUnderV243Test:tearDownClass): 204 DELETE http://10.180.1.21:9696/networking/v2.0/subnets/650bc94b-67a2-445d-8a34-1dccf519ee3d 0.298s
2025-05-06 08:25:08.973 70228 INFO tempest.lib.common.rest_client [req-d4942904-3e6f-4b00-bb78-070a6e21e0c7 req-d4942904-3e6f-4b00-bb78-070a6e21e0c7 ] Request (SecurityGroupsTestJSON:test_list_security_groups_by_server): 200 GET http://10.180.1.21/compute/v2.1/servers/669b2238-7193-4550-ac42-e3f7134b867e 0.145s
2025-05-06 08:25:09.012 70236 INFO tempest.lib.common.rest_client [req-b34298fb-8ba3-4c01-8128-4f4c5bbe6e07 req-b34298fb-8ba3-4c01-8128-4f4c5bbe6e07 ] Request (ServersTestJSON:setUpClass): 201 POST http://10.180.1.21/identity/v3/users 0.082s
2025-05-06 08:25:09.047 70236 INFO tempest.lib.common.rest_client [req-005cdbd1-f331-437b-b8ef-15105190c847 req-005cdbd1-f331-437b-b8ef-15105190c847 ] Request (ServersTestJSON:setUpClass): 200 GET http://10.180.1.21/identity/v3/roles 0.034s
2025-05-06 08:25:09.089 70236 INFO tempest.lib.common.rest_client [req-6a8543db-c848-4b92-9e7e-95ad74558c51 req-6a8543db-c848-4b92-9e7e-95ad74558c51 ] Request (ServersTestJSON:setUpClass): 204 PUT http://10.180.1.21/identity/v3/projects/a352b3ed079f44c4aa01749188af4225/users/359dbee1bcbf43069792c28a8d072b7e/roles/90a6a3e6c7d44a9ba92486d85149a015 0.042s
2025-05-06 08:25:09.089 70236 INFO tempest.lib.common.dynamic_creds [-] Dynamic test user 359dbee1bcbf43069792c28a8d072b7e is created with scope project and roles: ['member']
2025-05-06 08:25:09.089 70236 INFO tempest.lib.common.dynamic_creds [-] Acquired dynamic creds: credentials: Credentials: {'domain_id': 'default', 'domain_name': 'Default', 'username': 'tempest-ServersTestJSON-1716942936-project-member', 'project_domain_id': 'default', 'project_domain_name': 'Default', 'project_id': 'a352b3ed079f44c4aa01749188af4225', 'project_name': 'tempest-ServersTestJSON-1716942936', 'tenant_id': 'a352b3ed079f44c4aa01749188af4225', 'tenant_name': 'tempest-ServersTestJSON-1716942936', 'user_domain_id': 'default', 'user_domain_name': 'Default', 'user_id': '359dbee1bcbf43069792c28a8d072b7e', 'system': None}, Network: None, Subnet: None, Router: None
2025-05-06 08:25:09.129 70257 INFO tempest.lib.common.rest_client [req-2450f5f5-c628-42c2-a517-5dea9de645e3 req-2450f5f5-c628-42c2-a517-5dea9de645e3 ] Request (ImagesNegativeTestJSON:test_create_image_from_deleted_server): 200 GET http://10.180.1.21/compute/v2.1/servers/50c433bb-66a1-4587-9ff7-fbbf3596587a 0.125s
2025-05-06 08:25:09.161 70236 INFO tempest.lib.common.rest_client [req-0a3f774b-e2fd-4298-8b46-8cf6ca7433da req-0a3f774b-e2fd-4298-8b46-8cf6ca7433da ] Request (ServersTestJSON:setUpClass): 201 POST http://10.180.1.21/identity/v3/auth/tokens 0.071s
2025-05-06 08:25:09.171 70264 INFO tempest.lib.common.rest_client [req-09f35244-fbb1-4ccd-9fe6-e172eb94501c req-09f35244-fbb1-4ccd-9fe6-e172eb94501c ] Request (FloatingIPsAssociationNegativeTestJSON:setUpClass): 200 GET http://10.180.1.21/compute/v2.1/servers/ce1c1a25-2095-4f6e-a9d3-194351c69ae5 0.158s
2025-05-06 08:25:09.223 70250 INFO tempest.lib.common.rest_client [req-dded26e2-0596-4e03-969c-f45247c02e57 req-dded26e2-0596-4e03-969c-f45247c02e57 ] Request (ServersTestMultiNic:test_verify_multiple_nics_order): 200 GET http://10.180.1.21/compute/v2.1/servers/3655deab-c776-49e7-aa4d-f6aef76048b5 0.145s
2025-05-06 08:25:09.259 70244 INFO tempest.lib.common.rest_client [req-33c61874-d45d-43fa-8d67-2cb2666e862d req-33c61874-d45d-43fa-8d67-2cb2666e862d ] Request (ServerActionsTestOtherA:setUpClass): 200 GET http://10.180.1.21/compute/v2.1/servers/75bb2855-1e92-47e3-b181-2ace83c7ee2f 0.164s
2025-05-06 08:25:09.316 70220 INFO tempest.lib.common.rest_client [req-ef0b4278-9f54-43da-a8df-f2438d40fe70 req-ef0b4278-9f54-43da-a8df-f2438d40fe70 ] Request (ServerAddressesNegativeTestJSON:setUpClass): 200 GET http://10.180.1.21/compute/v2.1/servers/886226c8-616b-43cf-bfc6-aa5aac2ca158 0.109s
2025-05-06 08:25:09.339 70258 INFO tempest.lib.common.rest_client [req-a343240e-fdea-464a-8816-915e39818dc6 req-a343240e-fdea-464a-8816-915e39818dc6 ] Request (VolumesAdminNegativeTest:test_update_attached_volume_with_nonexistent_volume_in_uri): 200 GET http://10.180.1.21/compute/v2.1/servers/21b385b6-9cca-4ed1-8bd2-57336451452a 0.187s
2025-05-06 08:25:09.348 70258 INFO tempest.common.waiters [-] State transition "BUILD/None" ==> "BUILD/networking" after 71 second wait
2025-05-06 08:25:09.401 70226 INFO tempest.lib.common.rest_client [req-aa41d229-0dc8-4950-ad28-5125cdc859ec req-aa41d229-0dc8-4950-ad28-5125cdc859ec ] Request (ServersTestJSON:test_create_server_specify_multibyte_character_name): 200 GET http://10.180.1.21/compute/v2.1/servers/fc4343e8-054c-41d5-9d43-010d83bb9135 0.118s
2025-05-06 08:25:09.468 70246 INFO tempest.lib.common.rest_client [req-cee8a416-4b8e-4bdf-8b7e-11b64581d982 req-cee8a416-4b8e-4bdf-8b7e-11b64581d982 ] Request (ServerRescueNegativeTestJSON:setUpClass): 200 GET http://10.180.1.21/compute/v2.1/servers/2188b102-036e-44fb-9b71-047fc1640af4 0.103s
2025-05-06 08:25:09.527 70236 INFO tempest.lib.common.rest_client [req-b625a240-5a97-4086-8ee0-ae30e85a80c6 req-b625a240-5a97-4086-8ee0-ae30e85a80c6 ] Request (ServersTestJSON:setUpClass): 201 POST http://10.180.1.21:9696/networking/v2.0/networks 0.366s
2025-05-06 08:25:09.536 70234 INFO tempest.lib.common.rest_client [req-a99e874a-f749-4a1c-9be3-0afdbbbe1a2d req-a99e874a-f749-4a1c-9be3-0afdbbbe1a2d ] Request (ServerShowV257Test:tearDownClass): 200 GET http://10.180.1.21/compute/v2.1/servers/78616ef2-91a3-4a1e-946e-cfbc67de846d 0.126s
2025-05-06 08:25:09.563 70278 INFO tempest.lib.common.rest_client [req-c0d6b48d-3f78-40a9-9b8e-2b219695d4af req-c0d6b48d-3f78-40a9-9b8e-2b219695d4af ] Request (AttachInterfacesUnderV243Test:tearDownClass): 204 DELETE http://10.180.1.21:9696/networking/v2.0/networks/3e51e671-c4aa-4162-9416-6fa43a06847c 0.625s
2025-05-06 08:25:09.564 70222 INFO tempest.lib.common.rest_client [req-a0aa4391-ba39-4a5c-8ea8-745867807fa9 req-a0aa4391-ba39-4a5c-8ea8-745867807fa9 ] Request (InstanceActionsTestJSON:setUpClass): 200 GET http://10.180.1.21/compute/v2.1/servers/faab6f2d-3f7f-4adb-a71b-2319c56d706a 0.266s
2025-05-06 08:25:09.580 70222 INFO tempest.common.waiters [-] State transition "BUILD/spawning" ==> "ACTIVE/None" after 85 second wait
2025-05-06 08:25:09.619 70276 INFO tempest.lib.common.rest_client [req-0d81eb92-c706-4311-aecf-c0ada6678684 req-0d81eb92-c706-4311-aecf-c0ada6678684 ] Request (FloatingIPsAssociationTestJSON:tearDownClass): 200 GET http://10.180.1.21/compute/v2.1/servers/fac32025-0b66-4870-922f-99c9b0f6ee6f 0.136s
2025-05-06 08:25:09.631 70240 INFO tempest.lib.common.rest_client [req-e1104db4-d3bf-4b54-94a1-a666716ab3cb req-e1104db4-d3bf-4b54-94a1-a666716ab3cb ] Request (ServersAdminTestJSON:test_inject_network_info): 200 GET http://10.180.1.21/compute/v2.1/servers/727ce1de-a223-4539-b185-b2bc331a8151 0.093s
2025-05-06 08:25:09.650 70222 INFO tempest.lib.common.rest_client [req-155f0df1-c1e6-4a70-8234-f2531687a100 req-155f0df1-c1e6-4a70-8234-f2531687a100 ] Request (InstanceActionsTestJSON:test_get_instance_action): 200 GET http://10.180.1.21/compute/v2.1/servers/faab6f2d-3f7f-4adb-a71b-2319c56d706a/os-instance-actions/req-e4e5800b-3108-42e9-ac21-d33c977e0fae 0.068s
2025-05-06 08:25:09.666 70278 INFO tempest.lib.common.rest_client [req-df3d09c3-05d6-43cd-a310-7fac8aa6a437 req-df3d09c3-05d6-43cd-a310-7fac8aa6a437 ] Request (AttachInterfacesUnderV243Test:tearDownClass): 204 DELETE http://10.180.1.21/identity/v3/users/d56814c651d145d89e1d4c601b6f10d2 0.102s
2025-05-06 08:25:09.667 70278 INFO tempest.lib.common.dynamic_creds [-] Deleting project and security group for project: 26506c4e38764856bf835f8ab97fa906
2025-05-06 08:25:09.713 70278 INFO tempest.lib.common.rest_client [req-44269f5e-fce9-4398-9bad-a9130d8162b6 req-44269f5e-fce9-4398-9bad-a9130d8162b6 ] Request (AttachInterfacesUnderV243Test:tearDownClass): 200 GET http://10.180.1.21:9696/networking/v2.0/security-groups?tenant_id=26506c4e38764856bf835f8ab97fa906&name=default 0.046s
2025-05-06 08:25:09.725 70252 INFO tempest.lib.common.rest_client [req-478da066-5570-4ff1-951f-f54ce95576f6 req-478da066-5570-4ff1-951f-f54ce95576f6 ] Request (ServersTestManualDisk:setUpClass): 200 GET http://10.180.1.21/compute/v2.1/servers/ce9aac70-29d1-4205-b456-6b03b4dd8b7b 0.118s
2025-05-06 08:25:09.727 70236 INFO tempest.lib.common.rest_client [req-ffec5e20-c9ca-45f0-b089-8ee0d8d4a73e req-ffec5e20-c9ca-45f0-b089-8ee0d8d4a73e ] Request (ServersTestJSON:setUpClass): 201 POST http://10.180.1.21:9696/networking/v2.0/subnets 0.200s
2025-05-06 08:25:09.761 70232 INFO tempest.lib.common.rest_client [req-24bd6827-ec12-4e83-b18b-86bb1b9d349c req-24bd6827-ec12-4e83-b18b-86bb1b9d349c ] Request (ListImageFiltersTestJSON:setUpClass): 200 GET http://10.180.1.21/compute/v2.1/images/f136c92a-961f-4035-9ec5-58b6c37cf46e 0.118s
2025-05-06 08:25:09.768 70254 INFO tempest.lib.common.rest_client [req-b548ee44-98de-42c6-9b08-48205ce2f738 req-b548ee44-98de-42c6-9b08-48205ce2f738 ] Request (ImagesTestJSON:test_create_image_from_stopped_server): 200 GET http://10.180.1.21/compute/v2.1/servers/08c30c2e-9588-4990-8d85-b747ff174e1b 0.175s
2025-05-06 08:25:09.826 70222 INFO tempest.lib.common.rest_client [req-5899ac3f-f749-43a8-9671-a981c2b94dac req-5899ac3f-f749-43a8-9671-a981c2b94dac ] Request (InstanceActionsTestJSON:test_list_instance_actions): 202 POST http://10.180.1.21/compute/v2.1/servers/faab6f2d-3f7f-4adb-a71b-2319c56d706a/action 0.169s
2025-05-06 08:25:09.854 70274 INFO tempest.lib.common.rest_client [req-5d01be53-316d-4db5-8599-ce3a886b0d93 req-5d01be53-316d-4db5-8599-ce3a886b0d93 ] Request (AttachInterfacesTestJSON:_run_cleanups): 200 GET http://10.180.1.21/compute/v2.1/servers/ff779bda-9a1d-44de-b1f8-f8d4b777ebea 0.124s
2025-05-06 08:25:09.883 70278 INFO tempest.lib.common.rest_client [req-4cc51573-9649-4471-9eec-e9b45212ddba req-4cc51573-9649-4471-9eec-e9b45212ddba ] Request (AttachInterfacesUnderV243Test:tearDownClass): 204 DELETE http://10.180.1.21:9696/networking/v2.0/security-groups/73fefc66-3b50-4eb6-9cde-f0485ee82e27 0.169s
2025-05-06 08:25:09.891 70280 INFO tempest.lib.common.rest_client [req-b8246933-f794-455c-8fc0-03a453d6629f req-b8246933-f794-455c-8fc0-03a453d6629f ] Request (ServersAdminNegativeTestJSON:tearDownClass): 200 GET http://10.180.1.21/compute/v2.1/servers/bf3a8bd4-f850-4d94-832f-04a1234d762a 0.107s
2025-05-06 08:25:09.990 70222 INFO tempest.lib.common.rest_client [req-7e357159-8bcf-4f34-9985-9ffc8a9681c8 req-7e357159-8bcf-4f34-9985-9ffc8a9681c8 ] Request (InstanceActionsTestJSON:test_list_instance_actions): 200 GET http://10.180.1.21/compute/v2.1/servers/faab6f2d-3f7f-4adb-a71b-2319c56d706a 0.163s
2025-05-06 08:25:10.024 70278 INFO tempest.lib.common.rest_client [req-a4a2ed8e-d2d3-4aa4-b282-a99935b529b5 req-a4a2ed8e-d2d3-4aa4-b282-a99935b529b5 ] Request (AttachInterfacesUnderV243Test:tearDownClass): 204 DELETE http://10.180.1.21/identity/v3/projects/26506c4e38764856bf835f8ab97fa906 0.141s
2025-05-06 08:25:10.101 70278 INFO tempest.lib.common.rest_client [req-a2264b4f-517d-48ab-b950-7e95d7f4a251 req-a2264b4f-517d-48ab-b950-7e95d7f4a251 ] Request (ServerMetadataTestJSON:setUpClass): 201 POST http://10.180.1.21/identity/v3/auth/tokens 0.075s
2025-05-06 08:25:10.137 70278 INFO tempest.lib.common.rest_client [req-30d7fbd4-bfb8-4679-bae5-9d5ba1a5641e req-30d7fbd4-bfb8-4679-bae5-9d5ba1a5641e ] Request (ServerMetadataTestJSON:setUpClass): 201 POST http://10.180.1.21/identity/v3/auth/tokens 0.033s
2025-05-06 08:25:10.145 70268 INFO tempest.lib.common.rest_client [req-af0f5eec-95eb-41e8-85de-7703147b35f6 req-af0f5eec-95eb-41e8-85de-7703147b35f6 ] Request (MigrationsAdminTest:test_list_migrations_in_flavor_resize_situation): 200 GET http://10.180.1.21/compute/v2.1/servers/cc9e95be-00b3-4a50-902b-fd06b2809b69 0.237s
2025-05-06 08:25:10.171 70278 INFO tempest.lib.common.rest_client [req-4c5d73c9-0f93-47e6-a4c9-3d4e9427ed3e req-4c5d73c9-0f93-47e6-a4c9-3d4e9427ed3e ] Request (ServerMetadataTestJSON:setUpClass): 200 GET http://10.180.1.21/identity/v3/domains?name=Default 0.033s
2025-05-06 08:25:10.171 70242 INFO tempest.lib.common.rest_client [req-43b746e0-565e-4b75-80eb-20be321e4d0f req-43b746e0-565e-4b75-80eb-20be321e4d0f ] Request (ServerExternalEventsTest:tearDownClass): 404 GET http://10.180.1.21/compute/v2.1/servers/d5d427de-4146-4712-a169-403cb430af2d 0.227s
2025-05-06 08:25:10.199 70248 INFO tempest.lib.common.rest_client [req-8d70775e-e2db-411a-9f31-d4f860bed1b3 req-8d70775e-e2db-411a-9f31-d4f860bed1b3 ] Request (ImagesOneServerNegativeTestJSON:_run_cleanups): 200 GET http://10.180.1.21/compute/v2.1/servers/0928cc3f-e729-4400-bdfd-ac55c9c1dfa4 0.336s
2025-05-06 08:25:10.221 70278 INFO tempest.lib.common.rest_client [req-f170ee2f-e6b1-4cd9-8827-e51443b57a3a req-f170ee2f-e6b1-4cd9-8827-e51443b57a3a ] Request (ServerMetadataTestJSON:setUpClass): 201 POST http://10.180.1.21/identity/v3/projects 0.049s
2025-05-06 08:25:10.243 70228 INFO tempest.lib.common.rest_client [req-9930f83c-ef58-48e9-b8c0-d1a54026f240 req-9930f83c-ef58-48e9-b8c0-d1a54026f240 ] Request (SecurityGroupsTestJSON:test_list_security_groups_by_server): 200 GET http://10.180.1.21/compute/v2.1/servers/669b2238-7193-4550-ac42-e3f7134b867e 0.259s
2025-05-06 08:25:10.302 70257 INFO tempest.lib.common.rest_client [req-66c515cd-555c-4c77-851f-d4210b5f1dc4 req-66c515cd-555c-4c77-851f-d4210b5f1dc4 ] Request (ImagesNegativeTestJSON:test_create_image_from_deleted_server): 200 GET http://10.180.1.21/compute/v2.1/servers/50c433bb-66a1-4587-9ff7-fbbf3596587a 0.164s
2025-05-06 08:25:10.311 70242 INFO tempest.lib.common.rest_client [req-ed621bda-efa6-4e76-bb57-9ba4a0fe9460 req-ed621bda-efa6-4e76-bb57-9ba4a0fe9460 ] Request (ServerExternalEventsTest:tearDownClass): 204 DELETE http://10.180.1.21/identity/v3/users/e8d4a0926fe440f599192435b2ea1ca6 0.139s
2025-05-06 08:25:10.315 70257 INFO tempest.common.waiters [-] State transition "ACTIVE/deleting" ==> "DELETED/None" after 4 second wait
2025-05-06 08:25:10.338 70278 INFO tempest.lib.common.rest_client [req-389e0e5e-44e3-4d11-9f33-d71b1d1c3058 req-389e0e5e-44e3-4d11-9f33-d71b1d1c3058 ] Request (ServerMetadataTestJSON:setUpClass): 201 POST http://10.180.1.21/identity/v3/users 0.117s
2025-05-06 08:25:10.406 70250 INFO tempest.lib.common.rest_client [req-1896372f-7031-4a54-a19d-e06c067086fb req-1896372f-7031-4a54-a19d-e06c067086fb ] Request (ServersTestMultiNic:test_verify_multiple_nics_order): 200 GET http://10.180.1.21/compute/v2.1/servers/3655deab-c776-49e7-aa4d-f6aef76048b5 0.174s
2025-05-06 08:25:10.418 70278 INFO tempest.lib.common.rest_client [req-791b44a8-19cd-41db-b08c-6ce8653bbb19 req-791b44a8-19cd-41db-b08c-6ce8653bbb19 ] Request (ServerMetadataTestJSON:setUpClass): 200 GET http://10.180.1.21/identity/v3/roles 0.079s
2025-05-06 08:25:10.451 70242 INFO tempest.lib.common.rest_client [req-f990dcbc-0cbf-4103-a98d-4bcc475fe381 req-f990dcbc-0cbf-4103-a98d-4bcc475fe381 ] Request (ServerExternalEventsTest:tearDownClass): 204 DELETE http://10.180.1.21/identity/v3/users/2fac5e5830304906875ed16acc369091 0.140s
2025-05-06 08:25:10.478 70264 INFO tempest.lib.common.rest_client [req-2f93a7cd-fe22-4029-ab70-6a13a63267be req-2f93a7cd-fe22-4029-ab70-6a13a63267be ] Request (FloatingIPsAssociationNegativeTestJSON:setUpClass): 200 GET http://10.180.1.21/compute/v2.1/servers/ce1c1a25-2095-4f6e-a9d3-194351c69ae5 0.298s
2025-05-06 08:25:10.489 70244 INFO tempest.lib.common.rest_client [req-493bbf43-1a03-4051-b9c2-fd1dc0708aa1 req-493bbf43-1a03-4051-b9c2-fd1dc0708aa1 ] Request (ServerActionsTestOtherA:setUpClass): 200 GET http://10.180.1.21/compute/v2.1/servers/75bb2855-1e92-47e3-b181-2ace83c7ee2f 0.219s
2025-05-06 08:25:10.512 70278 INFO tempest.lib.common.rest_client [req-c4a0c25c-3a16-426b-b2bf-baea2b8fcceb req-c4a0c25c-3a16-426b-b2bf-baea2b8fcceb ] Request (ServerMetadataTestJSON:setUpClass): 204 PUT http://10.180.1.21/identity/v3/projects/4acc155b14ba4db6a8b9d2c422c00c93/users/37d64ee79a134eac9064363ea122e889/roles/90a6a3e6c7d44a9ba92486d85149a015 0.094s
2025-05-06 08:25:10.512 70278 INFO tempest.lib.common.dynamic_creds [-] Dynamic test user 37d64ee79a134eac9064363ea122e889 is created with scope project and roles: ['member']
2025-05-06 08:25:10.512 70278 INFO tempest.lib.common.dynamic_creds [-] Acquired dynamic creds: credentials: Credentials: {'domain_id': 'default', 'domain_name': 'Default', 'username': 'tempest-ServerMetadataTestJSON-460934970-project-member', 'project_domain_id': 'default', 'project_domain_name': 'Default', 'project_id': '4acc155b14ba4db6a8b9d2c422c00c93', 'project_name': 'tempest-ServerMetadataTestJSON-460934970', 'tenant_id': '4acc155b14ba4db6a8b9d2c422c00c93', 'tenant_name': 'tempest-ServerMetadataTestJSON-460934970', 'user_domain_id': 'default', 'user_domain_name': 'Default', 'user_id': '37d64ee79a134eac9064363ea122e889', 'system': None}, Network: None, Subnet: None, Router: None
2025-05-06 08:25:10.604 70278 INFO tempest.lib.common.rest_client [req-7ca65ff7-0512-42db-98d5-dc22277b2aa5 req-7ca65ff7-0512-42db-98d5-dc22277b2aa5 ] Request (ServerMetadataTestJSON:setUpClass): 201 POST http://10.180.1.21/identity/v3/auth/tokens 0.091s
2025-05-06 08:25:10.622 70220 INFO tempest.lib.common.rest_client [req-a635083d-c489-449c-b97c-58de781e9dd8 req-a635083d-c489-449c-b97c-58de781e9dd8 ] Request (ServerAddressesNegativeTestJSON:setUpClass): 200 GET http://10.180.1.21/compute/v2.1/servers/886226c8-616b-43cf-bfc6-aa5aac2ca158 0.288s
2025-05-06 08:25:10.659 70242 INFO tempest.lib.common.rest_client [req-7abaa106-a3cb-4bae-99a2-1c97b34b394a req-7abaa106-a3cb-4bae-99a2-1c97b34b394a ] Request (ServerExternalEventsTest:tearDownClass): 204 DELETE http://10.180.1.21/identity/v3/users/f44a2c2690ea4a4a9738bb38b7b2fe92 0.207s
2025-05-06 08:25:10.660 70242 INFO tempest.lib.common.dynamic_creds [-] Deleting project and security group for project: 585b3b1e9cc0460b97bbdc79dac22f19
2025-05-06 08:25:10.719 70226 INFO tempest.lib.common.rest_client [req-cd954515-2285-4b69-8bb1-a44f5da906dd req-cd954515-2285-4b69-8bb1-a44f5da906dd ] Request (ServersTestJSON:test_create_server_specify_multibyte_character_name): 200 GET http://10.180.1.21/compute/v2.1/servers/fc4343e8-054c-41d5-9d43-010d83bb9135 0.305s
2025-05-06 08:25:10.767 70242 INFO tempest.lib.common.rest_client [req-c8c2d3fb-ea97-4381-b9b9-6cadabdcccf4 req-c8c2d3fb-ea97-4381-b9b9-6cadabdcccf4 ] Request (ServerExternalEventsTest:tearDownClass): 201 POST http://10.180.1.21/identity/v3/auth/tokens 0.107s
2025-05-06 08:25:10.779 70258 INFO tempest.lib.common.rest_client [req-31165711-d28e-4cd7-8aec-d41b295571b1 req-31165711-d28e-4cd7-8aec-d41b295571b1 ] Request (VolumesAdminNegativeTest:test_update_attached_volume_with_nonexistent_volume_in_uri): 200 GET http://10.180.1.21/compute/v2.1/servers/21b385b6-9cca-4ed1-8bd2-57336451452a 0.429s
2025-05-06 08:25:10.789 70246 INFO tempest.lib.common.rest_client [req-21304602-7af4-4e94-8bff-cf3d294b2e89 req-21304602-7af4-4e94-8bff-cf3d294b2e89 ] Request (ServerRescueNegativeTestJSON:setUpClass): 200 GET http://10.180.1.21/compute/v2.1/servers/2188b102-036e-44fb-9b71-047fc1640af4 0.311s
2025-05-06 08:25:10.790 70258 INFO tempest.common.waiters [-] State transition "BUILD/networking" ==> "BUILD/block_device_mapping" after 72 second wait
2025-05-06 08:25:10.883 70234 INFO tempest.lib.common.rest_client [req-daaf3116-c992-4688-841c-28142c5d8664 req-daaf3116-c992-4688-841c-28142c5d8664 ] Request (ServerShowV257Test:tearDownClass): 200 GET http://10.180.1.21/compute/v2.1/servers/78616ef2-91a3-4a1e-946e-cfbc67de846d 0.329s
2025-05-06 08:25:10.888 70276 INFO tempest.lib.common.rest_client [req-ea578b41-e8ea-4daf-8f2a-daf7bdb9b260 req-ea578b41-e8ea-4daf-8f2a-daf7bdb9b260 ] Request (FloatingIPsAssociationTestJSON:tearDownClass): 200 GET http://10.180.1.21/compute/v2.1/servers/fac32025-0b66-4870-922f-99c9b0f6ee6f 0.258s
2025-05-06 08:25:10.951 70240 INFO tempest.lib.common.rest_client [req-6e09f6be-0fa8-4f4b-bae3-230f8b79826e req-6e09f6be-0fa8-4f4b-bae3-230f8b79826e ] Request (ServersAdminTestJSON:test_inject_network_info): 200 GET http://10.180.1.21/compute/v2.1/servers/727ce1de-a223-4539-b185-b2bc331a8151 0.311s
2025-05-06 08:25:10.955 70252 INFO tempest.lib.common.rest_client [req-96892297-4c5b-4f08-b63e-d41168fd7b6f req-96892297-4c5b-4f08-b63e-d41168fd7b6f ] Request (ServersTestManualDisk:setUpClass): 200 GET http://10.180.1.21/compute/v2.1/servers/ce9aac70-29d1-4205-b456-6b03b4dd8b7b 0.218s
2025-05-06 08:25:10.958 70240 INFO tempest.common.waiters [-] State transition "BUILD/scheduling" ==> "BUILD/None" after 6 second wait
2025-05-06 08:25:11.002 70232 INFO tempest.lib.common.rest_client [req-eb183f2a-7bc6-433f-bde0-0413c7f137e0 req-eb183f2a-7bc6-433f-bde0-0413c7f137e0 ] Request (ListImageFiltersTestJSON:setUpClass): 200 GET http://10.180.1.21/compute/v2.1/images/f136c92a-961f-4035-9ec5-58b6c37cf46e 0.235s
2025-05-06 08:25:11.049 70242 INFO tempest.lib.common.rest_client [req-5f2a49f8-1eb0-4d22-92a0-527b169dc5d0 req-5f2a49f8-1eb0-4d22-92a0-527b169dc5d0 ] Request (ServerExternalEventsTest:tearDownClass): 200 GET http://10.180.1.21:9696/networking/v2.0/security-groups?tenant_id=585b3b1e9cc0460b97bbdc79dac22f19&name=default 0.281s
2025-05-06 08:25:11.081 70274 INFO tempest.lib.common.rest_client [req-c5c5a984-4c25-45c3-892a-07fe5313e3dd req-c5c5a984-4c25-45c3-892a-07fe5313e3dd ] Request (AttachInterfacesTestJSON:_run_cleanups): 200 GET http://10.180.1.21/compute/v2.1/servers/ff779bda-9a1d-44de-b1f8-f8d4b777ebea 0.214s
2025-05-06 08:25:11.101 70260 WARNING tempest.lib.common.ssh [-] Failed to establish authenticated ssh connection to cirros@10.180.180.145 ([Errno None] Unable to connect to port 22 on 10.180.180.145). Number attempts: 2. Retry after 3 seconds.: paramiko.ssh_exception.NoValidConnectionsError: [Errno None] Unable to connect to port 22 on 10.180.180.145
2025-05-06 08:25:11.103 70254 INFO tempest.lib.common.rest_client [req-be6c11d6-004b-4fd2-ac5c-e0c23bfe5edd req-be6c11d6-004b-4fd2-ac5c-e0c23bfe5edd ] Request (ImagesTestJSON:test_create_image_from_stopped_server): 200 GET http://10.180.1.21/compute/v2.1/servers/08c30c2e-9588-4990-8d85-b747ff174e1b 0.326s
2025-05-06 08:25:11.154 70280 INFO tempest.lib.common.rest_client [req-e0367f9f-da5b-46c7-8b3e-f02e4a9c37aa req-e0367f9f-da5b-46c7-8b3e-f02e4a9c37aa ] Request (ServersAdminNegativeTestJSON:tearDownClass): 200 GET http://10.180.1.21/compute/v2.1/servers/bf3a8bd4-f850-4d94-832f-04a1234d762a 0.255s
2025-05-06 08:25:11.184 70278 INFO tempest.lib.common.rest_client [req-0ed85e1d-eaed-4f88-9607-0250f93cade2 req-0ed85e1d-eaed-4f88-9607-0250f93cade2 ] Request (ServerMetadataTestJSON:setUpClass): 201 POST http://10.180.1.21:9696/networking/v2.0/networks 0.580s
2025-05-06 08:25:11.238 70236 INFO tempest.lib.common.rest_client [req-29199179-3e51-4851-b0fa-4c2e8bcbefb0 req-29199179-3e51-4851-b0fa-4c2e8bcbefb0 ] Request (ServersTestJSON:setUpClass): 201 POST http://10.180.1.21:9696/networking/v2.0/routers 1.510s
2025-05-06 08:25:11.244 70242 INFO tempest.lib.common.rest_client [req-ae889804-6f06-4022-9739-30b0ac9b5302 req-ae889804-6f06-4022-9739-30b0ac9b5302 ] Request (ServerExternalEventsTest:tearDownClass): 204 DELETE http://10.180.1.21:9696/networking/v2.0/security-groups/9e5b234b-26bf-4177-9efb-fff29d22043a 0.192s
2025-05-06 08:25:11.275 70222 INFO tempest.lib.common.rest_client [req-9578a9a5-5c62-4b3c-afe8-ccf843c4563b req-9578a9a5-5c62-4b3c-afe8-ccf843c4563b ] Request (InstanceActionsTestJSON:test_list_instance_actions): 200 GET http://10.180.1.21/compute/v2.1/servers/faab6f2d-3f7f-4adb-a71b-2319c56d706a 0.276s
2025-05-06 08:25:11.299 70268 INFO tempest.lib.common.rest_client [req-10e209a9-f6f4-4dbb-ae77-2cf7c3c95d62 req-10e209a9-f6f4-4dbb-ae77-2cf7c3c95d62 ] Request (MigrationsAdminTest:test_list_migrations_in_flavor_resize_situation): 200 GET http://10.180.1.21/compute/v2.1/servers/cc9e95be-00b3-4a50-902b-fd06b2809b69 0.140s
2025-05-06 08:25:11.322 70242 INFO tempest.lib.common.rest_client [req-1afa7765-f7c5-4846-bb01-9b970666c75f req-1afa7765-f7c5-4846-bb01-9b970666c75f ] Request (ServerExternalEventsTest:tearDownClass): 204 DELETE http://10.180.1.21/identity/v3/projects/585b3b1e9cc0460b97bbdc79dac22f19 0.078s
2025-05-06 08:25:11.322 70242 INFO tempest.lib.common.dynamic_creds [-] Deleting project and security group for project: 4658f05ff77a4f21962c77d741d3c9d9
2025-05-06 08:25:11.352 70248 INFO tempest.lib.common.rest_client [req-4afadf87-07b2-407a-a926-77240f134466 req-4afadf87-07b2-407a-a926-77240f134466 ] Request (ImagesOneServerNegativeTestJSON:_run_cleanups): 200 GET http://10.180.1.21/compute/v2.1/servers/0928cc3f-e729-4400-bdfd-ac55c9c1dfa4 0.141s
2025-05-06 08:25:11.369 70228 INFO tempest.lib.common.rest_client [req-acbb8d8e-db0c-4499-bc22-2466cc0a3ccc req-acbb8d8e-db0c-4499-bc22-2466cc0a3ccc ] Request (SecurityGroupsTestJSON:test_list_security_groups_by_server): 200 GET http://10.180.1.21/compute/v2.1/servers/669b2238-7193-4550-ac42-e3f7134b867e 0.115s
2025-05-06 08:25:11.440 70257 INFO tempest.lib.common.rest_client [req-986a04a9-a00e-4dc8-9d90-ec34a4b8662c req-986a04a9-a00e-4dc8-9d90-ec34a4b8662c ] Request (ImagesNegativeTestJSON:test_create_image_from_deleted_server): 200 GET http://10.180.1.21/compute/v2.1/servers/50c433bb-66a1-4587-9ff7-fbbf3596587a 0.125s
2025-05-06 08:25:11.499 70250 INFO tempest.lib.common.rest_client [req-9f76b813-69b0-49ce-89bc-1fe6be6f59e4 req-9f76b813-69b0-49ce-89bc-1fe6be6f59e4 ] Request (ServersTestMultiNic:test_verify_multiple_nics_order): 200 GET http://10.180.1.21/compute/v2.1/servers/3655deab-c776-49e7-aa4d-f6aef76048b5 0.081s
2025-05-06 08:25:11.506 70278 INFO tempest.lib.common.rest_client [req-15053cdc-a10f-48d9-8906-18395c1dae62 req-15053cdc-a10f-48d9-8906-18395c1dae62 ] Request (ServerMetadataTestJSON:setUpClass): 201 POST http://10.180.1.21:9696/networking/v2.0/subnets 0.321s
2025-05-06 08:25:11.570 70242 INFO tempest.lib.common.rest_client [req-6b811fe6-5257-4cb6-aa3f-84191c00284b req-6b811fe6-5257-4cb6-aa3f-84191c00284b ] Request (ServerExternalEventsTest:tearDownClass): 200 GET http://10.180.1.21:9696/networking/v2.0/security-groups?tenant_id=4658f05ff77a4f21962c77d741d3c9d9&name=default 0.248s
2025-05-06 08:25:11.572 70244 INFO tempest.lib.common.rest_client [req-9399b017-70f5-4aee-a074-aa3fc98ab593 req-9399b017-70f5-4aee-a074-aa3fc98ab593 ] Request (ServerActionsTestOtherA:setUpClass): 200 GET http://10.180.1.21/compute/v2.1/servers/75bb2855-1e92-47e3-b181-2ace83c7ee2f 0.072s
2025-05-06 08:25:11.721 70220 INFO tempest.lib.common.rest_client [req-556346e8-571b-4e8f-bc2b-ee7b11b89164 req-556346e8-571b-4e8f-bc2b-ee7b11b89164 ] Request (ServerAddressesNegativeTestJSON:setUpClass): 200 GET http://10.180.1.21/compute/v2.1/servers/886226c8-616b-43cf-bfc6-aa5aac2ca158 0.086s
2025-05-06 08:25:11.803 70226 INFO tempest.lib.common.rest_client [req-6c7a68a7-35a6-418a-977a-59a9889cbf1e req-6c7a68a7-35a6-418a-977a-59a9889cbf1e ] Request (ServersTestJSON:test_create_server_specify_multibyte_character_name): 200 GET http://10.180.1.21/compute/v2.1/servers/fc4343e8-054c-41d5-9d43-010d83bb9135 0.072s
2025-05-06 08:25:11.829 70242 INFO tempest.lib.common.rest_client [req-43d70dbd-b226-4f50-a436-739ff9bebc37 req-43d70dbd-b226-4f50-a436-739ff9bebc37 ] Request (ServerExternalEventsTest:tearDownClass): 204 DELETE http://10.180.1.21:9696/networking/v2.0/security-groups/26081b8b-4fae-4a53-b4d9-9a8dd038f6b8 0.258s
2025-05-06 08:25:11.915 70264 INFO tempest.lib.common.rest_client [req-065dc68c-04bf-4abe-bfb5-2f38e790f52f req-065dc68c-04bf-4abe-bfb5-2f38e790f52f ] Request (FloatingIPsAssociationNegativeTestJSON:setUpClass): 200 GET http://10.180.1.21/compute/v2.1/servers/ce1c1a25-2095-4f6e-a9d3-194351c69ae5 0.425s
2025-05-06 08:25:11.960 70242 INFO tempest.lib.common.rest_client [req-d3e9169b-fe4b-4fc6-8cfe-ebad94bc1a91 req-d3e9169b-fe4b-4fc6-8cfe-ebad94bc1a91 ] Request (ServerExternalEventsTest:tearDownClass): 204 DELETE http://10.180.1.21/identity/v3/projects/4658f05ff77a4f21962c77d741d3c9d9 0.130s
2025-05-06 08:25:11.961 70242 INFO tempest.lib.common.dynamic_creds [-] Deleting project and security group for project: 77492b917bd44abcbf879c84378322c6
2025-05-06 08:25:11.994 70258 INFO tempest.lib.common.rest_client [req-58e76297-9a73-4dfd-9017-5c6a60363a49 req-58e76297-9a73-4dfd-9017-5c6a60363a49 ] Request (VolumesAdminNegativeTest:test_update_attached_volume_with_nonexistent_volume_in_uri): 200 GET http://10.180.1.21/compute/v2.1/servers/21b385b6-9cca-4ed1-8bd2-57336451452a 0.204s
2025-05-06 08:25:12.006 70258 INFO tempest.common.waiters [-] State transition "BUILD/block_device_mapping" ==> "BUILD/spawning" after 74 second wait
2025-05-06 08:25:12.008 70246 INFO tempest.lib.common.rest_client [req-e6953484-663b-4a0a-9de1-3064d12d3506 req-e6953484-663b-4a0a-9de1-3064d12d3506 ] Request (ServerRescueNegativeTestJSON:setUpClass): 200 GET http://10.180.1.21/compute/v2.1/servers/2188b102-036e-44fb-9b71-047fc1640af4 0.199s
2025-05-06 08:25:12.027 70242 INFO tempest.lib.common.rest_client [req-f049d879-b498-4e00-b135-ddf3562e52ea req-f049d879-b498-4e00-b135-ddf3562e52ea ] Request (ServerExternalEventsTest:tearDownClass): 200 GET http://10.180.1.21:9696/networking/v2.0/security-groups?tenant_id=77492b917bd44abcbf879c84378322c6&name=default 0.066s
