2025-05-06 08:24:04.491 70280 INFO tempest.common.waiters [-] State transition "BUILD/spawning" ==> "ACTIVE/None" after 43 second wait
2025-05-06 08:24:04.545 70254 INFO tempest.lib.common.rest_client [req-69b13d03-ef93-46a6-ba9a-6b9071129763 req-69b13d03-ef93-46a6-ba9a-6b9071129763 ] Request (ImagesTestJSON:test_create_image_from_stopped_server): 200 GET http://10.180.1.21/compute/v2.1/servers/08c30c2e-9588-4990-8d85-b747ff174e1b 0.162s
2025-05-06 08:24:04.605 70260 INFO tempest.lib.common.rest_client [req-426203e3-5cb4-47fb-a0ad-3bf540763df9 req-426203e3-5cb4-47fb-a0ad-3bf540763df9 ] Request (ServersTestBootFromVolume:setUpClass): 200 GET http://10.180.1.21/compute/v2.1/servers/8916f208-29a1-4a00-af38-29201d651726 0.215s
2025-05-06 08:24:04.668 70258 INFO tempest.lib.common.rest_client [req-2c46297d-ffae-4bd5-817f-70b0a4944666 req-2c46297d-ffae-4bd5-817f-70b0a4944666 ] Request (VolumesAdminNegativeTest:test_update_attached_volume_with_nonexistent_volume_in_uri): 200 GET http://10.180.1.21/compute/v2.1/servers/21b385b6-9cca-4ed1-8bd2-57336451452a 0.195s
2025-05-06 08:24:04.725 70244 INFO tempest.lib.common.rest_client [req-433ebc95-1d43-426e-87d2-066907350b9b req-433ebc95-1d43-426e-87d2-066907350b9b ] Request (InstanceActionsV221TestJSON:tearDownClass): 204 DELETE http://10.180.1.21:9696/networking/v2.0/subnets/820b7322-6027-43a7-88a6-3961d8b75c49 0.301s
2025-05-06 08:24:04.746 70250 INFO tempest.lib.common.rest_client [req-40c46d8a-b652-4483-9e00-aafde5e5a886 req-40c46d8a-b652-4483-9e00-aafde5e5a886 ] Request (ServersTestMultiNic:test_verify_duplicate_network_nics): 200 GET http://10.180.1.21/compute/v2.1/servers/fadebc22-a7c0-484f-b613-662531256145 0.408s
2025-05-06 08:24:04.775 70280 INFO tempest.lib.common.rest_client [req-d5f482b3-065f-443d-8251-abde7fc7cb9a req-d5f482b3-065f-443d-8251-abde7fc7cb9a ] Request (ServersAdminNegativeTestJSON:test_migrate_server_invalid_state): 202 POST http://10.180.1.21/compute/v2.1/servers/f90ddb31-e6d1-4c72-beeb-af6a60afa09b/action 0.284s
2025-05-06 08:24:04.813 70248 INFO tempest.lib.common.rest_client [req-3d16b6d4-3e50-4e85-9604-b676f2250a37 req-3d16b6d4-3e50-4e85-9604-b676f2250a37 ] Request (ImagesOneServerNegativeTestJSON:_run_cleanups): 200 GET http://10.180.1.21/compute/v2.1/servers/08a7846f-ac7f-47ef-ae49-fafd66163176 0.216s
2025-05-06 08:24:04.838 70228 INFO tempest.lib.common.rest_client [req-49845f70-3982-40cd-9c3d-22e4530c9898 req-49845f70-3982-40cd-9c3d-22e4530c9898 ] Request (VolumesAssistedSnapshotsTest:tearDownClass): 200 GET http://10.180.1.21/compute/v2.1/servers/fdda6ebb-5831-4af0-baf1-6ff61e7ff96d 0.196s
2025-05-06 08:24:04.861 70276 INFO tempest.lib.common.rest_client [req-7072c021-327b-4054-8164-ac3f0643322f req-7072c021-327b-4054-8164-ac3f0643322f ] Request (FloatingIPsAssociationTestJSON:test_associate_already_associated_floating_ip): 200 GET http://10.180.1.21/compute/v2.1/servers/fac32025-0b66-4870-922f-99c9b0f6ee6f 0.167s
2025-05-06 08:24:04.911 70220 INFO tempest.lib.common.rest_client [req-c09dd5a8-39b7-4af5-b99d-af87a48e11c4 req-c09dd5a8-39b7-4af5-b99d-af87a48e11c4 ] Request (ListServersNegativeTestJSON:tearDownClass): 200 GET http://10.180.1.21/compute/v2.1/servers/b90df52f-746d-4426-9b24-61fafe014887 0.160s
2025-05-06 08:24:05.003 70244 INFO tempest.lib.common.rest_client [req-25309c87-4fef-46b3-8b62-d64de3bad1b1 req-25309c87-4fef-46b3-8b62-d64de3bad1b1 ] Request (InstanceActionsV221TestJSON:tearDownClass): 204 DELETE http://10.180.1.21:9696/networking/v2.0/networks/2a08af49-99aa-4dc2-bf84-d032ad885841 0.278s
2025-05-06 08:24:05.032 70246 INFO tempest.lib.common.rest_client [req-5faebb88-4109-490a-a518-755664c43672 req-5faebb88-4109-490a-a518-755664c43672 ] Request (ServerActionsV293TestJSON:setUpClass): 200 GET http://10.180.1.21/compute/v2.1/servers/f4205f1b-fc63-496a-8cf6-d41a71f14e36 0.246s
2025-05-06 08:24:05.085 70240 INFO tempest.lib.common.rest_client [req-36697c87-17fe-44b7-8e86-5eae10ee13de req-36697c87-17fe-44b7-8e86-5eae10ee13de ] Request (ServersAdminTestJSON:test_create_server_with_scheduling_hint): 200 GET http://10.180.1.21/compute/v2.1/servers/2de2aaa0-ef92-421d-9590-21e298c6f0bf 0.262s
2025-05-06 08:24:05.129 70280 INFO tempest.lib.common.rest_client [req-05993758-ce24-4785-bcfb-98715f48a31c req-05993758-ce24-4785-bcfb-98715f48a31c ] Request (ServersAdminNegativeTestJSON:test_migrate_server_invalid_state): 200 GET http://10.180.1.21/compute/v2.1/servers/f90ddb31-e6d1-4c72-beeb-af6a60afa09b 0.353s
2025-05-06 08:24:05.143 70242 INFO tempest.lib.common.rest_client [req-49936b72-cce1-4797-87b9-ad5dc12a4751 req-49936b72-cce1-4797-87b9-ad5dc12a4751 ] Request (ServerExternalEventsTest:test_create_server_external_events): 200 GET http://10.180.1.21/compute/v2.1/servers/d5d427de-4146-4712-a169-403cb430af2d 0.301s
2025-05-06 08:24:05.154 70242 INFO tempest.common.waiters [-] State transition "BUILD/None" ==> "BUILD/networking" after 42 second wait
2025-05-06 08:24:05.167 70244 INFO tempest.lib.common.rest_client [req-79711e7b-10f8-4fec-9909-9d3a5c268b8e req-79711e7b-10f8-4fec-9909-9d3a5c268b8e ] Request (InstanceActionsV221TestJSON:tearDownClass): 204 DELETE http://10.180.1.21/identity/v3/users/a457ff120c534099b21caf9fe1d23c52 0.163s
2025-05-06 08:24:05.168 70244 INFO tempest.lib.common.dynamic_creds [-] Deleting project and security group for project: 369c0abb066e43debbbb497f41915387
2025-05-06 08:24:05.204 70232 INFO tempest.lib.common.rest_client [req-c0930fc7-8b3c-4226-8110-12b6c750d9c0 req-c0930fc7-8b3c-4226-8110-12b6c750d9c0 ] Request (ListImageFiltersTestJSON:setUpClass): 200 GET http://10.180.1.21/compute/v2.1/servers/237ca2d4-176f-4766-b741-bd27dbea3654 0.329s
2025-05-06 08:24:05.205 70236 WARNING tempest.lib.common.ssh [-] Failed to establish authenticated ssh connection to cirros@10.180.180.199 ([Errno None] Unable to connect to port 22 on 10.180.180.199). Number attempts: 8. Retry after 9 seconds.: paramiko.ssh_exception.NoValidConnectionsError: [Errno None] Unable to connect to port 22 on 10.180.180.199
2025-05-06 08:24:05.217 70264 INFO tempest.lib.common.rest_client [req-eb23e55e-c7ec-4ee4-a452-d04a86f84fa9 req-eb23e55e-c7ec-4ee4-a452-d04a86f84fa9 ] Request (FloatingIPsAssociationNegativeTestJSON:setUpClass): 200 GET http://10.180.1.21/compute/v2.1/servers/ce1c1a25-2095-4f6e-a9d3-194351c69ae5 0.290s
2025-05-06 08:24:05.230 70244 INFO tempest.lib.common.rest_client [req-d30576bc-530f-46ca-b5e6-b458f74f994a req-d30576bc-530f-46ca-b5e6-b458f74f994a ] Request (InstanceActionsV221TestJSON:tearDownClass): 200 GET http://10.180.1.21:9696/networking/v2.0/security-groups?tenant_id=369c0abb066e43debbbb497f41915387&name=default 0.062s
2025-05-06 08:24:05.279 70222 INFO tempest.lib.common.rest_client [req-93bba981-c05a-48f6-b43e-d1ba83c64c8d req-93bba981-c05a-48f6-b43e-d1ba83c64c8d ] Request (InstanceActionsTestJSON:setUpClass): 200 GET http://10.180.1.21/compute/v2.1/servers/faab6f2d-3f7f-4adb-a71b-2319c56d706a 0.287s
2025-05-06 08:24:05.306 70234 INFO tempest.lib.common.rest_client [req-ff6b5f26-375c-471e-bca8-08d6f55b5184 req-ff6b5f26-375c-471e-bca8-08d6f55b5184 ] Request (ServerShowV257Test:test_rebuild_server): 200 GET http://10.180.1.21/compute/v2.1/servers/78616ef2-91a3-4a1e-946e-cfbc67de846d 0.361s
2025-05-06 08:24:05.350 70226 INFO tempest.lib.common.rest_client [req-b92d5a26-44ea-45c2-92a6-187f366d5285 req-b92d5a26-44ea-45c2-92a6-187f366d5285 ] Request (ServerTagsTestJSON:tearDownClass): 200 GET http://10.180.1.21/compute/v2.1/servers/33ba1953-b692-4305-8298-8284e46d5ef8 0.345s
2025-05-06 08:24:05.394 70282 INFO tempest.lib.common.rest_client [req-8414e299-52c5-4a02-ac91-82c1d2ee2eee req-8414e299-52c5-4a02-ac91-82c1d2ee2eee ] Request (ServerDiagnosticsTest:tearDownClass): 200 GET http://10.180.1.21/compute/v2.1/servers/57366f9e-45c9-4d32-813d-791518134948 0.347s
2025-05-06 08:24:05.408 70257 INFO tempest.lib.common.rest_client [req-e6af5b38-c88c-42b0-bc0a-00c5824829d0 req-e6af5b38-c88c-42b0-bc0a-00c5824829d0 ] Request (ImagesNegativeTestJSON:test_create_image_from_deleted_server): 200 GET http://10.180.1.21/compute/v2.1/servers/50c433bb-66a1-4587-9ff7-fbbf3596587a 0.336s
2025-05-06 08:24:05.444 70244 INFO tempest.lib.common.rest_client [req-2b01015f-e360-472d-b35b-75de8b48d3cc req-2b01015f-e360-472d-b35b-75de8b48d3cc ] Request (InstanceActionsV221TestJSON:tearDownClass): 204 DELETE http://10.180.1.21:9696/networking/v2.0/security-groups/8aea36db-365b-4a7f-9fc7-5703d54b9eea 0.213s
2025-05-06 08:24:05.467 70268 INFO tempest.lib.common.rest_client [req-eb6bf3c8-fd82-4434-924a-70f1996a1910 req-eb6bf3c8-fd82-4434-924a-70f1996a1910 ] Request (MigrationsAdminTest:test_list_migrations_in_flavor_resize_situation): 200 GET http://10.180.1.21/compute/v2.1/servers/cc9e95be-00b3-4a50-902b-fd06b2809b69 0.259s
2025-05-06 08:24:05.506 70252 INFO tempest.lib.common.rest_client [req-87233eb3-2a1f-4cb7-947c-a2a00fc6074e req-87233eb3-2a1f-4cb7-947c-a2a00fc6074e ] Request (DeleteServersAdminTestJSON:test_delete_server_while_in_error_state): 200 GET http://10.180.1.21/compute/v2.1/servers/bda4aec8-266d-420a-9b3b-75af4deb8a8d 0.070s
2025-05-06 08:24:05.583 70244 INFO tempest.lib.common.rest_client [req-2dfe773d-d17e-4131-9c47-cb333bf6c46f req-2dfe773d-d17e-4131-9c47-cb333bf6c46f ] Request (InstanceActionsV221TestJSON:tearDownClass): 204 DELETE http://10.180.1.21/identity/v3/projects/369c0abb066e43debbbb497f41915387 0.138s
2025-05-06 08:24:05.619 70254 INFO tempest.lib.common.rest_client [req-da3ff0dd-7a87-4cf8-b84d-4029bdc94827 req-da3ff0dd-7a87-4cf8-b84d-4029bdc94827 ] Request (ImagesTestJSON:test_create_image_from_stopped_server): 200 GET http://10.180.1.21/compute/v2.1/servers/08c30c2e-9588-4990-8d85-b747ff174e1b 0.064s
2025-05-06 08:24:05.643 70244 INFO tempest.lib.common.rest_client [req-d2975073-0575-4705-af95-26b36ca10717 req-d2975073-0575-4705-af95-26b36ca10717 ] Request (MultipleCreateNegativeTestJSON:setUpClass): 201 POST http://10.180.1.21/identity/v3/auth/tokens 0.059s
2025-05-06 08:24:05.676 70244 INFO tempest.lib.common.rest_client [req-50a05081-50e5-416f-a53d-1848e002bb0e req-50a05081-50e5-416f-a53d-1848e002bb0e ] Request (MultipleCreateNegativeTestJSON:setUpClass): 201 POST http://10.180.1.21/identity/v3/auth/tokens 0.031s
2025-05-06 08:24:05.680 70260 INFO tempest.lib.common.rest_client [req-7c343ebd-b06d-49ba-8f1c-f7fd57df846a req-7c343ebd-b06d-49ba-8f1c-f7fd57df846a ] Request (ServersTestBootFromVolume:setUpClass): 200 GET http://10.180.1.21/compute/v2.1/servers/8916f208-29a1-4a00-af38-29201d651726 0.063s
2025-05-06 08:24:05.704 70244 INFO tempest.lib.common.rest_client [req-37f22122-bb2b-4a53-8493-334b3d09f9f1 req-37f22122-bb2b-4a53-8493-334b3d09f9f1 ] Request (MultipleCreateNegativeTestJSON:setUpClass): 200 GET http://10.180.1.21/identity/v3/domains?name=Default 0.027s
2025-05-06 08:24:05.738 70244 INFO tempest.lib.common.rest_client [req-b974cafd-d1af-49d9-af49-e47000ebefdf req-b974cafd-d1af-49d9-af49-e47000ebefdf ] Request (MultipleCreateNegativeTestJSON:setUpClass): 201 POST http://10.180.1.21/identity/v3/projects 0.033s
2025-05-06 08:24:05.741 70258 INFO tempest.lib.common.rest_client [req-45ac6493-e3f5-47eb-863c-d7c55e207bf3 req-45ac6493-e3f5-47eb-863c-d7c55e207bf3 ] Request (VolumesAdminNegativeTest:test_update_attached_volume_with_nonexistent_volume_in_uri): 200 GET http://10.180.1.21/compute/v2.1/servers/21b385b6-9cca-4ed1-8bd2-57336451452a 0.062s
2025-05-06 08:24:05.813 70244 INFO tempest.lib.common.rest_client [req-93c850a9-6b42-49d5-9abc-b13bac7d340b req-93c850a9-6b42-49d5-9abc-b13bac7d340b ] Request (MultipleCreateNegativeTestJSON:setUpClass): 201 POST http://10.180.1.21/identity/v3/users 0.074s
2025-05-06 08:24:05.851 70244 INFO tempest.lib.common.rest_client [req-19d74cc5-2437-43cc-a2cf-677132df638d req-19d74cc5-2437-43cc-a2cf-677132df638d ] Request (MultipleCreateNegativeTestJSON:setUpClass): 200 GET http://10.180.1.21/identity/v3/roles 0.038s
2025-05-06 08:24:05.903 70244 INFO tempest.lib.common.rest_client [req-4eace47b-668b-4e5b-9a65-9b0ed2ed73fd req-4eace47b-668b-4e5b-9a65-9b0ed2ed73fd ] Request (MultipleCreateNegativeTestJSON:setUpClass): 204 PUT http://10.180.1.21/identity/v3/projects/8fa689d354fa41c6a5e81b6109de383d/users/76f1b6128b2e4da395f59334ad336ba8/roles/90a6a3e6c7d44a9ba92486d85149a015 0.051s
2025-05-06 08:24:05.903 70244 INFO tempest.lib.common.dynamic_creds [-] Dynamic test user 76f1b6128b2e4da395f59334ad336ba8 is created with scope project and roles: ['member']
2025-05-06 08:24:05.903 70244 INFO tempest.lib.common.dynamic_creds [-] Acquired dynamic creds: credentials: Credentials: {'domain_id': 'default', 'domain_name': 'Default', 'username': 'tempest-MultipleCreateNegativeTestJSON-1530784131-project-member', 'project_domain_id': 'default', 'project_domain_name': 'Default', 'project_id': '8fa689d354fa41c6a5e81b6109de383d', 'project_name': 'tempest-MultipleCreateNegativeTestJSON-1530784131', 'tenant_id': '8fa689d354fa41c6a5e81b6109de383d', 'tenant_name': 'tempest-MultipleCreateNegativeTestJSON-1530784131', 'user_domain_id': 'default', 'user_domain_name': 'Default', 'user_id': '76f1b6128b2e4da395f59334ad336ba8', 'system': None}, Network: None, Subnet: None, Router: None
2025-05-06 08:24:05.904 70244 INFO tempest.lib.common.dynamic_creds [-] Created isolated network resources for: credentials: Credentials: {'domain_id': 'default', 'domain_name': 'Default', 'username': 'tempest-MultipleCreateNegativeTestJSON-1530784131-project-member', 'project_domain_id': 'default', 'project_domain_name': 'Default', 'project_id': '8fa689d354fa41c6a5e81b6109de383d', 'project_name': 'tempest-MultipleCreateNegativeTestJSON-1530784131', 'tenant_id': '8fa689d354fa41c6a5e81b6109de383d', 'tenant_name': 'tempest-MultipleCreateNegativeTestJSON-1530784131', 'user_domain_id': 'default', 'user_domain_name': 'Default', 'user_id': '76f1b6128b2e4da395f59334ad336ba8', 'system': None}, Network: None, Subnet: None, Router: None
2025-05-06 08:24:05.904 70248 INFO tempest.lib.common.rest_client [req-13bb9579-2bd4-4eca-a82e-58bceea233ba req-13bb9579-2bd4-4eca-a82e-58bceea233ba ] Request (ImagesOneServerNegativeTestJSON:_run_cleanups): 200 GET http://10.180.1.21/compute/v2.1/servers/08a7846f-ac7f-47ef-ae49-fafd66163176 0.083s
2025-05-06 08:24:05.989 70228 INFO tempest.lib.common.rest_client [req-e629f7b2-c62d-46ab-a86c-ee3f624797c6 req-e629f7b2-c62d-46ab-a86c-ee3f624797c6 ] Request (VolumesAssistedSnapshotsTest:tearDownClass): 200 GET http://10.180.1.21/compute/v2.1/servers/fdda6ebb-5831-4af0-baf1-6ff61e7ff96d 0.142s
2025-05-06 08:24:06.013 70244 INFO tempest.lib.common.rest_client [req-1a5196b1-faf1-4201-9e89-93170c03e0da req-1a5196b1-faf1-4201-9e89-93170c03e0da ] Request (MultipleCreateNegativeTestJSON:setUpClass): 201 POST http://10.180.1.21/identity/v3/auth/tokens 0.103s
2025-05-06 08:24:06.047 70276 INFO tempest.lib.common.rest_client [req-ba557196-178d-466e-843b-41be9e02d355 req-ba557196-178d-466e-843b-41be9e02d355 ] Request (FloatingIPsAssociationTestJSON:test_associate_already_associated_floating_ip): 200 GET http://10.180.1.21/compute/v2.1/servers/fac32025-0b66-4870-922f-99c9b0f6ee6f 0.173s
2025-05-06 08:24:06.064 70244 INFO tempest.lib.common.rest_client [req-0bd93fbe-4cc6-4a2d-ac1e-691dc3d55044 req-0bd93fbe-4cc6-4a2d-ac1e-691dc3d55044 ] Request (MultipleCreateNegativeTestJSON:test_max_count_less_than_min_count): 201 POST http://10.180.1.21/identity/v3/auth/tokens 0.047s
2025-05-06 08:24:06.065 70244 INFO tempest.lib.common.fixed_network [-] (MultipleCreateNegativeTestJSON:test_max_count_less_than_min_count) Found network None available for tenant
2025-05-06 08:24:06.116 70220 INFO tempest.lib.common.rest_client [req-d0a96830-ce13-4076-bd8d-c2cfc20c39bb req-d0a96830-ce13-4076-bd8d-c2cfc20c39bb ] Request (ListServersNegativeTestJSON:tearDownClass): 200 GET http://10.180.1.21/compute/v2.1/servers/b90df52f-746d-4426-9b24-61fafe014887 0.196s
2025-05-06 08:24:06.149 70250 INFO tempest.lib.common.rest_client [req-f31c1443-5a61-442f-a579-ba6ec071b4fd req-f31c1443-5a61-442f-a579-ba6ec071b4fd ] Request (ServersTestMultiNic:test_verify_duplicate_network_nics): 200 GET http://10.180.1.21/compute/v2.1/servers/fadebc22-a7c0-484f-b613-662531256145 0.394s
2025-05-06 08:24:06.232 70244 INFO tempest.lib.common.rest_client [req-601df3ad-21e1-4153-b32f-974284c81c2c req-601df3ad-21e1-4153-b32f-974284c81c2c ] Request (MultipleCreateNegativeTestJSON:test_max_count_less_than_min_count): 400 POST http://10.180.1.21/compute/v2.1/servers 0.166s
2025-05-06 08:24:06.269 70246 INFO tempest.lib.common.rest_client [req-1052336d-8df3-4707-919a-abbd752c03c3 req-1052336d-8df3-4707-919a-abbd752c03c3 ] Request (ServerActionsV293TestJSON:setUpClass): 200 GET http://10.180.1.21/compute/v2.1/servers/f4205f1b-fc63-496a-8cf6-d41a71f14e36 0.218s
2025-05-06 08:24:06.294 70244 INFO tempest.lib.common.rest_client [req-51724485-fb83-4c0f-80a1-bb97ef16160d req-51724485-fb83-4c0f-80a1-bb97ef16160d ] Request (MultipleCreateNegativeTestJSON:test_max_count_less_than_one): 201 POST http://10.180.1.21/identity/v3/auth/tokens 0.055s
2025-05-06 08:24:06.295 70244 INFO tempest.lib.common.fixed_network [-] (MultipleCreateNegativeTestJSON:test_max_count_less_than_one) Found network None available for tenant
2025-05-06 08:24:06.314 70240 INFO tempest.lib.common.rest_client [req-285cf460-8f18-40e1-82ef-80a4dc7524d1 req-285cf460-8f18-40e1-82ef-80a4dc7524d1 ] Request (ServersAdminTestJSON:test_create_server_with_scheduling_hint): 200 GET http://10.180.1.21/compute/v2.1/servers/2de2aaa0-ef92-421d-9590-21e298c6f0bf 0.215s
2025-05-06 08:24:06.326 70240 INFO tempest.common.waiters [-] State transition "BUILD/scheduling" ==> "BUILD/None" after 24 second wait
2025-05-06 08:24:06.336 70278 INFO paramiko.transport [-] Connected (version 2.0, client dropbear_2020.81)
2025-05-06 08:24:06.338 70274 WARNING tempest.lib.common.ssh [-] Failed to establish authenticated ssh connection to cirros@10.180.180.179 ([Errno None] Unable to connect to port 22 on 10.180.180.179). Number attempts: 1. Retry after 2 seconds.: paramiko.ssh_exception.NoValidConnectionsError: [Errno None] Unable to connect to port 22 on 10.180.180.179
2025-05-06 08:24:06.385 70280 INFO tempest.lib.common.rest_client [req-57b7243a-5011-4b6d-b114-90905df26532 req-57b7243a-5011-4b6d-b114-90905df26532 ] Request (ServersAdminNegativeTestJSON:test_migrate_server_invalid_state): 200 GET http://10.180.1.21/compute/v2.1/servers/f90ddb31-e6d1-4c72-beeb-af6a60afa09b 0.243s
2025-05-06 08:24:06.421 70242 INFO tempest.lib.common.rest_client [req-9075492c-ecf3-41bb-8eb0-14b1b8770e94 req-9075492c-ecf3-41bb-8eb0-14b1b8770e94 ] Request (ServerExternalEventsTest:test_create_server_external_events): 200 GET http://10.180.1.21/compute/v2.1/servers/d5d427de-4146-4712-a169-403cb430af2d 0.265s
2025-05-06 08:24:06.430 70242 INFO tempest.common.waiters [-] State transition "BUILD/networking" ==> "BUILD/spawning" after 43 second wait
2025-05-06 08:24:06.437 70232 INFO tempest.lib.common.rest_client [req-b637de68-2416-4c1a-b717-66dcf6796c90 req-b637de68-2416-4c1a-b717-66dcf6796c90 ] Request (ListImageFiltersTestJSON:setUpClass): 200 GET http://10.180.1.21/compute/v2.1/servers/237ca2d4-176f-4766-b741-bd27dbea3654 0.221s
2025-05-06 08:24:06.439 70278 INFO paramiko.transport [-] Authentication (publickey) successful!
2025-05-06 08:24:06.440 70278 INFO tempest.lib.common.ssh [-] ssh connection to cirros@10.180.180.220 successfully created
2025-05-06 08:24:06.445 70244 INFO tempest.lib.common.rest_client [req-fc36e141-9327-4ee9-9451-df93c340c19f req-fc36e141-9327-4ee9-9451-df93c340c19f ] Request (MultipleCreateNegativeTestJSON:test_max_count_less_than_one): 400 POST http://10.180.1.21/compute/v2.1/servers 0.149s
2025-05-06 08:24:06.489 70264 INFO tempest.lib.common.rest_client [req-83ef3fe5-54ac-4edb-9e9b-9fba9f404014 req-83ef3fe5-54ac-4edb-9e9b-9fba9f404014 ] Request (FloatingIPsAssociationNegativeTestJSON:setUpClass): 200 GET http://10.180.1.21/compute/v2.1/servers/ce1c1a25-2095-4f6e-a9d3-194351c69ae5 0.263s
2025-05-06 08:24:06.500 70244 INFO tempest.lib.common.rest_client [req-09535e8f-74e0-4a51-b557-be8ccd7b0312 req-09535e8f-74e0-4a51-b557-be8ccd7b0312 ] Request (MultipleCreateNegativeTestJSON:test_max_count_non_integer): 201 POST http://10.180.1.21/identity/v3/auth/tokens 0.049s
2025-05-06 08:24:06.500 70244 INFO tempest.lib.common.fixed_network [-] (MultipleCreateNegativeTestJSON:test_max_count_non_integer) Found network None available for tenant
2025-05-06 08:24:06.502 70222 INFO tempest.lib.common.rest_client [req-19d19b32-f9ea-4cea-8266-4bc5804abdbe req-19d19b32-f9ea-4cea-8266-4bc5804abdbe ] Request (InstanceActionsTestJSON:setUpClass): 200 GET http://10.180.1.21/compute/v2.1/servers/faab6f2d-3f7f-4adb-a71b-2319c56d706a 0.206s
2025-05-06 08:24:06.552 70234 INFO tempest.lib.common.rest_client [req-558bd333-79ff-47eb-a158-75aeaea10a7a req-558bd333-79ff-47eb-a158-75aeaea10a7a ] Request (ServerShowV257Test:test_rebuild_server): 200 GET http://10.180.1.21/compute/v2.1/servers/78616ef2-91a3-4a1e-946e-cfbc67de846d 0.225s
2025-05-06 08:24:06.571 70226 INFO tempest.lib.common.rest_client [req-329addd5-e81e-4a08-9567-56ceb486c037 req-329addd5-e81e-4a08-9567-56ceb486c037 ] Request (ServerTagsTestJSON:tearDownClass): 200 GET http://10.180.1.21/compute/v2.1/servers/33ba1953-b692-4305-8298-8284e46d5ef8 0.211s
2025-05-06 08:24:06.613 70282 INFO tempest.lib.common.rest_client [req-a98dd156-dfa0-476d-9843-6a839d4ebfd0 req-a98dd156-dfa0-476d-9843-6a839d4ebfd0 ] Request (ServerDiagnosticsTest:tearDownClass): 200 GET http://10.180.1.21/compute/v2.1/servers/57366f9e-45c9-4d32-813d-791518134948 0.212s
2025-05-06 08:24:06.625 70257 INFO tempest.lib.common.rest_client [req-42c36690-e28a-4e07-b407-0394db873f59 req-42c36690-e28a-4e07-b407-0394db873f59 ] Request (ImagesNegativeTestJSON:test_create_image_from_deleted_server): 200 GET http://10.180.1.21/compute/v2.1/servers/50c433bb-66a1-4587-9ff7-fbbf3596587a 0.202s
2025-05-06 08:24:06.679 70268 INFO tempest.lib.common.rest_client [req-3b4543e3-f12d-4482-91f8-07fcb38533d5 req-3b4543e3-f12d-4482-91f8-07fcb38533d5 ] Request (MigrationsAdminTest:test_list_migrations_in_flavor_resize_situation): 200 GET http://10.180.1.21/compute/v2.1/servers/cc9e95be-00b3-4a50-902b-fd06b2809b69 0.198s
2025-05-06 08:24:06.684 70244 INFO tempest.lib.common.rest_client [req-814bb4a0-42e4-4b05-a2ec-8963095aab23 req-814bb4a0-42e4-4b05-a2ec-8963095aab23 ] Request (MultipleCreateNegativeTestJSON:test_max_count_non_integer): 400 POST http://10.180.1.21/compute/v2.1/servers 0.183s
2025-05-06 08:24:06.719 70244 INFO tempest.lib.common.rest_client [req-c98bcb99-0fc4-4f4d-83b9-05150c9acedd req-c98bcb99-0fc4-4f4d-83b9-05150c9acedd ] Request (MultipleCreateNegativeTestJSON:test_min_count_less_than_one): 201 POST http://10.180.1.21/identity/v3/auth/tokens 0.031s
2025-05-06 08:24:06.719 70244 INFO tempest.lib.common.fixed_network [-] (MultipleCreateNegativeTestJSON:test_min_count_less_than_one) Found network None available for tenant
2025-05-06 08:24:06.745 70252 INFO tempest.lib.common.rest_client [req-d0b288b7-07bc-417b-bc7c-11e419ca4ded req-d0b288b7-07bc-417b-bc7c-11e419ca4ded ] Request (DeleteServersAdminTestJSON:test_delete_server_while_in_error_state): 200 GET http://10.180.1.21/compute/v2.1/servers/bda4aec8-266d-420a-9b3b-75af4deb8a8d 0.231s
2025-05-06 08:24:06.800 70254 INFO tempest.lib.common.rest_client [req-684b08a9-0439-45c2-b73f-1a1827431863 req-684b08a9-0439-45c2-b73f-1a1827431863 ] Request (ImagesTestJSON:test_create_image_from_stopped_server): 200 GET http://10.180.1.21/compute/v2.1/servers/08c30c2e-9588-4990-8d85-b747ff174e1b 0.172s
2025-05-06 08:24:06.853 70260 INFO tempest.lib.common.rest_client [req-b4db080f-7425-4890-8ed6-bb4e38f59f0b req-b4db080f-7425-4890-8ed6-bb4e38f59f0b ] Request (ServersTestBootFromVolume:setUpClass): 200 GET http://10.180.1.21/compute/v2.1/servers/8916f208-29a1-4a00-af38-29201d651726 0.165s
2025-05-06 08:24:06.859 70244 INFO tempest.lib.common.rest_client [req-ebf299bb-2488-43ec-a186-7de0d3120309 req-ebf299bb-2488-43ec-a186-7de0d3120309 ] Request (MultipleCreateNegativeTestJSON:test_min_count_less_than_one): 400 POST http://10.180.1.21/compute/v2.1/servers 0.139s
2025-05-06 08:24:06.901 70244 INFO tempest.lib.common.rest_client [req-580f2fbb-6b44-4330-acc4-e25ec1c3c13d req-580f2fbb-6b44-4330-acc4-e25ec1c3c13d ] Request (MultipleCreateNegativeTestJSON:test_min_count_non_integer): 201 POST http://10.180.1.21/identity/v3/auth/tokens 0.037s
2025-05-06 08:24:06.901 70244 INFO tempest.lib.common.fixed_network [-] (MultipleCreateNegativeTestJSON:test_min_count_non_integer) Found network None available for tenant
2025-05-06 08:24:06.918 70258 INFO tempest.lib.common.rest_client [req-d3e1123f-efd4-4f37-b00d-c13e1f8801f6 req-d3e1123f-efd4-4f37-b00d-c13e1f8801f6 ] Request (VolumesAdminNegativeTest:test_update_attached_volume_with_nonexistent_volume_in_uri): 200 GET http://10.180.1.21/compute/v2.1/servers/21b385b6-9cca-4ed1-8bd2-57336451452a 0.169s
2025-05-06 08:24:06.923 70244 INFO tempest.lib.common.rest_client [req-08dd8a29-e3d4-4d28-8343-e135520b166a req-08dd8a29-e3d4-4d28-8343-e135520b166a ] Request (MultipleCreateNegativeTestJSON:test_min_count_non_integer): 400 POST http://10.180.1.21/compute/v2.1/servers 0.021s
2025-05-06 08:24:06.945 70278 INFO tempest.lib.common.rest_client [req-57267314-19c6-4697-b23f-b03d091c16f0 req-57267314-19c6-4697-b23f-b03d091c16f0 ] Request (AttachInterfacesUnderV243Test:test_add_remove_fixed_ip): 200 GET http://10.180.1.21/compute/v2.1/servers/af07841b-b3cf-4064-aa18-46cf941305cf/os-interface 0.505s
2025-05-06 08:24:06.986 70248 INFO tempest.lib.common.rest_client [req-f57b459b-ea0c-4a84-8b5a-8fe90e55a097 req-f57b459b-ea0c-4a84-8b5a-8fe90e55a097 ] Request (ImagesOneServerNegativeTestJSON:_run_cleanups): 200 GET http://10.180.1.21/compute/v2.1/servers/08a7846f-ac7f-47ef-ae49-fafd66163176 0.074s
2025-05-06 08:24:07.011 70278 INFO tempest.lib.common.rest_client [req-fcb76f76-e7a1-413d-9894-60a71db34e50 req-fcb76f76-e7a1-413d-9894-60a71db34e50 ] Request (AttachInterfacesUnderV243Test:test_add_remove_fixed_ip): 200 GET http://10.180.1.21/compute/v2.1/servers/af07841b-b3cf-4064-aa18-46cf941305cf/os-interface/09be9ca5-fad4-4e20-82bb-6b4b2d76b7c0 0.063s
2025-05-06 08:24:07.040 70278 INFO tempest.lib.common.rest_client [req-e3925019-2802-4bd7-96e7-7282d50319e6 req-e3925019-2802-4bd7-96e7-7282d50319e6 ] Request (AttachInterfacesUnderV243Test:test_add_remove_fixed_ip): 200 GET http://10.180.1.21/compute/v2.1/servers/af07841b-b3cf-4064-aa18-46cf941305cf/ips 0.026s
2025-05-06 08:24:07.049 70244 INFO tempest.lib.common.rest_client [req-38e3f93c-2671-4a82-951a-afccb741a0af req-38e3f93c-2671-4a82-951a-afccb741a0af ] Request (MultipleCreateNegativeTestJSON:tearDownClass): 204 DELETE http://10.180.1.21/identity/v3/users/76f1b6128b2e4da395f59334ad336ba8 0.123s
2025-05-06 08:24:07.049 70244 INFO tempest.lib.common.dynamic_creds [-] Deleting project and security group for project: 8fa689d354fa41c6a5e81b6109de383d
2025-05-06 08:24:07.083 70228 INFO tempest.lib.common.rest_client [req-1f539bf8-f9af-48a7-b3f3-30fefd79a3fd req-1f539bf8-f9af-48a7-b3f3-30fefd79a3fd ] Request (VolumesAssistedSnapshotsTest:tearDownClass): 200 GET http://10.180.1.21/compute/v2.1/servers/fdda6ebb-5831-4af0-baf1-6ff61e7ff96d 0.080s
2025-05-06 08:24:07.098 70278 INFO tempest.lib.common.rest_client [req-4043d15e-0668-4176-ac56-a1b3a62b480f req-4043d15e-0668-4176-ac56-a1b3a62b480f ] Request (AttachInterfacesUnderV243Test:test_add_remove_fixed_ip): 202 POST http://10.180.1.21/compute/v2.1/servers/af07841b-b3cf-4064-aa18-46cf941305cf/action 0.056s
2025-05-06 08:24:07.128 70278 INFO tempest.lib.common.rest_client [req-f01a80d7-1fe6-4092-a767-8c4ffb6b6016 req-f01a80d7-1fe6-4092-a767-8c4ffb6b6016 ] Request (AttachInterfacesUnderV243Test:test_add_remove_fixed_ip): 200 GET http://10.180.1.21/compute/v2.1/servers/af07841b-b3cf-4064-aa18-46cf941305cf/ips 0.030s
2025-05-06 08:24:07.133 70244 INFO tempest.lib.common.rest_client [req-21ea96fd-96fe-4284-8bd3-47e8fe0d727e req-21ea96fd-96fe-4284-8bd3-47e8fe0d727e ] Request (MultipleCreateNegativeTestJSON:tearDownClass): 201 POST http://10.180.1.21/identity/v3/auth/tokens 0.083s
2025-05-06 08:24:07.145 70276 INFO tempest.lib.common.rest_client [req-3155221b-674a-4d21-9e43-d51029dd2890 req-3155221b-674a-4d21-9e43-d51029dd2890 ] Request (FloatingIPsAssociationTestJSON:test_associate_already_associated_floating_ip): 200 GET http://10.180.1.21/compute/v2.1/servers/fac32025-0b66-4870-922f-99c9b0f6ee6f 0.087s
2025-05-06 08:24:07.195 70220 INFO tempest.lib.common.rest_client [req-3a99b449-be3d-4b52-b94f-4e5cf9f2859f req-3a99b449-be3d-4b52-b94f-4e5cf9f2859f ] Request (ListServersNegativeTestJSON:tearDownClass): 200 GET http://10.180.1.21/compute/v2.1/servers/b90df52f-746d-4426-9b24-61fafe014887 0.070s
2025-05-06 08:24:07.287 70250 INFO tempest.lib.common.rest_client [req-0d6f6b6c-8150-43dd-b4f2-a67249b8069e req-0d6f6b6c-8150-43dd-b4f2-a67249b8069e ] Request (ServersTestMultiNic:test_verify_duplicate_network_nics): 200 GET http://10.180.1.21/compute/v2.1/servers/fadebc22-a7c0-484f-b613-662531256145 0.119s
2025-05-06 08:24:07.322 70244 INFO tempest.lib.common.rest_client [req-2ec5450c-f973-43c8-bee0-aec720915a81 req-2ec5450c-f973-43c8-bee0-aec720915a81 ] Request (MultipleCreateNegativeTestJSON:tearDownClass): 200 GET http://10.180.1.21:9696/networking/v2.0/security-groups?tenant_id=8fa689d354fa41c6a5e81b6109de383d&name=default 0.189s
2025-05-06 08:24:07.405 70246 INFO tempest.lib.common.rest_client [req-d322087f-c629-4ea8-8279-eff72874755c req-d322087f-c629-4ea8-8279-eff72874755c ] Request (ServerActionsV293TestJSON:setUpClass): 200 GET http://10.180.1.21/compute/v2.1/servers/f4205f1b-fc63-496a-8cf6-d41a71f14e36 0.123s
2025-05-06 08:24:07.405 70240 INFO tempest.lib.common.rest_client [req-a6b7cb67-a806-4f27-953e-e2b52180d590 req-a6b7cb67-a806-4f27-953e-e2b52180d590 ] Request (ServersAdminTestJSON:test_create_server_with_scheduling_hint): 200 GET http://10.180.1.21/compute/v2.1/servers/2de2aaa0-ef92-421d-9590-21e298c6f0bf 0.077s
2025-05-06 08:24:07.431 70244 INFO tempest.lib.common.rest_client [req-c2b16c29-1a6a-4462-82c8-466ce1f10500 req-c2b16c29-1a6a-4462-82c8-466ce1f10500 ] Request (MultipleCreateNegativeTestJSON:tearDownClass): 204 DELETE http://10.180.1.21:9696/networking/v2.0/security-groups/589865fb-2eea-49d0-aa3f-986882bcd8f6 0.108s
2025-05-06 08:24:07.504 70244 INFO tempest.lib.common.rest_client [req-c7865755-f035-4a53-94fe-df5c987b47d5 req-c7865755-f035-4a53-94fe-df5c987b47d5 ] Request (MultipleCreateNegativeTestJSON:tearDownClass): 204 DELETE http://10.180.1.21/identity/v3/projects/8fa689d354fa41c6a5e81b6109de383d 0.073s
2025-05-06 08:24:07.521 70280 INFO tempest.lib.common.rest_client [req-d49b8799-86ed-43c4-adf9-cdab6691dca9 req-d49b8799-86ed-43c4-adf9-cdab6691dca9 ] Request (ServersAdminNegativeTestJSON:test_migrate_server_invalid_state): 200 GET http://10.180.1.21/compute/v2.1/servers/f90ddb31-e6d1-4c72-beeb-af6a60afa09b 0.126s
2025-05-06 08:24:07.534 70280 INFO tempest.common.waiters [-] State transition "ACTIVE/suspending" ==> "SUSPENDED/None" after 2 second wait
2025-05-06 08:24:07.563 70244 INFO tempest.lib.common.rest_client [req-86452c8a-bd39-4588-ad45-3167846f1060 req-86452c8a-bd39-4588-ad45-3167846f1060 ] Request (ServerActionsTestOtherA:setUpClass): 201 POST http://10.180.1.21/identity/v3/auth/tokens 0.058s
2025-05-06 08:24:07.565 70242 INFO tempest.lib.common.rest_client [req-2b53c188-1c51-45de-8a8f-fdaa1f478da3 req-2b53c188-1c51-45de-8a8f-fdaa1f478da3 ] Request (ServerExternalEventsTest:test_create_server_external_events): 200 GET http://10.180.1.21/compute/v2.1/servers/d5d427de-4146-4712-a169-403cb430af2d 0.134s
2025-05-06 08:24:07.570 70232 INFO tempest.lib.common.rest_client [req-d4088ee7-59c7-476f-9722-e5d010feb506 req-d4088ee7-59c7-476f-9722-e5d010feb506 ] Request (ListImageFiltersTestJSON:setUpClass): 200 GET http://10.180.1.21/compute/v2.1/servers/237ca2d4-176f-4766-b741-bd27dbea3654 0.124s
2025-05-06 08:24:07.576 70232 INFO tempest.common.waiters [-] State transition "BUILD/None" ==> "BUILD/networking" after 43 second wait
2025-05-06 08:24:07.595 70244 INFO tempest.lib.common.rest_client [req-ece90ec1-6846-4f69-9ca4-3ed48438fb11 req-ece90ec1-6846-4f69-9ca4-3ed48438fb11 ] Request (ServerActionsTestOtherA:setUpClass): 201 POST http://10.180.1.21/identity/v3/auth/tokens 0.029s
2025-05-06 08:24:07.624 70244 INFO tempest.lib.common.rest_client [req-71092154-bd18-4261-a62f-677563b92845 req-71092154-bd18-4261-a62f-677563b92845 ] Request (ServerActionsTestOtherA:setUpClass): 200 GET http://10.180.1.21/identity/v3/domains?name=Default 0.028s
2025-05-06 08:24:07.630 70264 INFO tempest.lib.common.rest_client [req-b1712207-eabf-4eb0-ad4b-417739c5a60a req-b1712207-eabf-4eb0-ad4b-417739c5a60a ] Request (FloatingIPsAssociationNegativeTestJSON:setUpClass): 200 GET http://10.180.1.21/compute/v2.1/servers/ce1c1a25-2095-4f6e-a9d3-194351c69ae5 0.129s
2025-05-06 08:24:07.656 70244 INFO tempest.lib.common.rest_client [req-8234b815-4046-4719-85f2-5bad91e30c23 req-8234b815-4046-4719-85f2-5bad91e30c23 ] Request (ServerActionsTestOtherA:setUpClass): 201 POST http://10.180.1.21/identity/v3/projects 0.032s
2025-05-06 08:24:07.664 70222 INFO tempest.lib.common.rest_client [req-36faf17b-714e-4dcd-a732-ff5edf3b31b8 req-36faf17b-714e-4dcd-a732-ff5edf3b31b8 ] Request (InstanceActionsTestJSON:setUpClass): 200 GET http://10.180.1.21/compute/v2.1/servers/faab6f2d-3f7f-4adb-a71b-2319c56d706a 0.148s
2025-05-06 08:24:07.707 70280 INFO tempest.lib.common.rest_client [req-e11b5d4b-d0dd-4171-9c9a-5be4fe3719b1 req-e11b5d4b-d0dd-4171-9c9a-5be4fe3719b1 ] Request (ServersAdminNegativeTestJSON:test_migrate_server_invalid_state): 409 POST http://10.180.1.21/compute/v2.1/servers/f90ddb31-e6d1-4c72-beeb-af6a60afa09b/action 0.172s
2025-05-06 08:24:07.745 70244 INFO tempest.lib.common.rest_client [req-936d458b-4b6f-4979-9d04-ea0b42c4d294 req-936d458b-4b6f-4979-9d04-ea0b42c4d294 ] Request (ServerActionsTestOtherA:setUpClass): 201 POST http://10.180.1.21/identity/v3/users 0.088s
2025-05-06 08:24:07.753 70234 INFO tempest.lib.common.rest_client [req-f9bbcbb2-596e-446e-b8a8-6984478d84c7 req-f9bbcbb2-596e-446e-b8a8-6984478d84c7 ] Request (ServerShowV257Test:test_rebuild_server): 200 GET http://10.180.1.21/compute/v2.1/servers/78616ef2-91a3-4a1e-946e-cfbc67de846d 0.188s
2025-05-06 08:24:07.775 70244 INFO tempest.lib.common.rest_client [req-b1b39731-8551-4cb5-9ca5-0726c0dce734 req-b1b39731-8551-4cb5-9ca5-0726c0dce734 ] Request (ServerActionsTestOtherA:setUpClass): 200 GET http://10.180.1.21/identity/v3/roles 0.030s
2025-05-06 08:24:07.789 70226 INFO tempest.lib.common.rest_client [req-7d2567cf-5d3e-4698-9130-ff1db50d9a94 req-7d2567cf-5d3e-4698-9130-ff1db50d9a94 ] Request (ServerTagsTestJSON:tearDownClass): 200 GET http://10.180.1.21/compute/v2.1/servers/33ba1953-b692-4305-8298-8284e46d5ef8 0.207s
2025-05-06 08:24:07.816 70244 INFO tempest.lib.common.rest_client [req-0408301f-9235-4f4e-9921-1d11035df5c7 req-0408301f-9235-4f4e-9921-1d11035df5c7 ] Request (ServerActionsTestOtherA:setUpClass): 204 PUT http://10.180.1.21/identity/v3/projects/7527d75c7e9245ea816ea15783f48758/users/e462f87437ee4ed69ed26d21af588e48/roles/90a6a3e6c7d44a9ba92486d85149a015 0.040s
2025-05-06 08:24:07.816 70244 INFO tempest.lib.common.dynamic_creds [-] Dynamic test user e462f87437ee4ed69ed26d21af588e48 is created with scope project and roles: ['member']
2025-05-06 08:24:07.816 70244 INFO tempest.lib.common.dynamic_creds [-] Acquired dynamic creds: credentials: Credentials: {'domain_id': 'default', 'domain_name': 'Default', 'username': 'tempest-ServerActionsTestOtherA-307805462-project-member', 'project_domain_id': 'default', 'project_domain_name': 'Default', 'project_id': '7527d75c7e9245ea816ea15783f48758', 'project_name': 'tempest-ServerActionsTestOtherA-307805462', 'tenant_id': '7527d75c7e9245ea816ea15783f48758', 'tenant_name': 'tempest-ServerActionsTestOtherA-307805462', 'user_domain_id': 'default', 'user_domain_name': 'Default', 'user_id': 'e462f87437ee4ed69ed26d21af588e48', 'system': None}, Network: None, Subnet: None, Router: None
2025-05-06 08:24:07.827 70282 INFO tempest.lib.common.rest_client [req-c5c7b3dd-19ab-4ffb-b027-8416c31fd8bf req-c5c7b3dd-19ab-4ffb-b027-8416c31fd8bf ] Request (ServerDiagnosticsTest:tearDownClass): 200 GET http://10.180.1.21/compute/v2.1/servers/57366f9e-45c9-4d32-813d-791518134948 0.205s
2025-05-06 08:24:07.848 70257 INFO tempest.lib.common.rest_client [req-01e3abe9-5f57-4cb2-8fe0-caad0b7a859a req-01e3abe9-5f57-4cb2-8fe0-caad0b7a859a ] Request (ImagesNegativeTestJSON:test_create_image_from_deleted_server): 200 GET http://10.180.1.21/compute/v2.1/servers/50c433bb-66a1-4587-9ff7-fbbf3596587a 0.213s
2025-05-06 08:24:07.855 70280 INFO tempest.lib.common.rest_client [req-1432f98f-dbbb-4ff6-b928-bd6340dd3f4f req-1432f98f-dbbb-4ff6-b928-bd6340dd3f4f ] Request (ServersAdminNegativeTestJSON:test_reset_state_server_invalid_state): 400 POST http://10.180.1.21/compute/v2.1/servers/bf3a8bd4-f850-4d94-832f-04a1234d762a/action 0.146s
2025-05-06 08:24:07.897 70268 INFO tempest.lib.common.rest_client [req-da513be3-8a65-4838-bc7a-720098f3e494 req-da513be3-8a65-4838-bc7a-720098f3e494 ] Request (MigrationsAdminTest:test_list_migrations_in_flavor_resize_situation): 200 GET http://10.180.1.21/compute/v2.1/servers/cc9e95be-00b3-4a50-902b-fd06b2809b69 0.210s
2025-05-06 08:24:07.902 70244 INFO tempest.lib.common.rest_client [req-121b6bc2-b932-4eda-9d56-9f3838a6216a req-121b6bc2-b932-4eda-9d56-9f3838a6216a ] Request (ServerActionsTestOtherA:setUpClass): 201 POST http://10.180.1.21/identity/v3/auth/tokens 0.084s
2025-05-06 08:24:07.937 70252 INFO tempest.lib.common.rest_client [req-9a49ff44-3623-4f1e-ab64-4d1786e0daaf req-9a49ff44-3623-4f1e-ab64-4d1786e0daaf ] Request (DeleteServersAdminTestJSON:test_delete_server_while_in_error_state): 200 GET http://10.180.1.21/compute/v2.1/servers/bda4aec8-266d-420a-9b3b-75af4deb8a8d 0.183s
2025-05-06 08:24:07.943 70280 INFO tempest.lib.common.rest_client [req-97921291-8edd-4a76-8dec-6db95c5a77fb req-97921291-8edd-4a76-8dec-6db95c5a77fb ] Request (ServersAdminNegativeTestJSON:test_reset_state_server_invalid_type): 400 POST http://10.180.1.21/compute/v2.1/servers/bf3a8bd4-f850-4d94-832f-04a1234d762a/action 0.084s
2025-05-06 08:24:07.982 70254 INFO tempest.lib.common.rest_client [req-8674b8c7-5ab6-403a-acbd-9dc14a6c44d9 req-8674b8c7-5ab6-403a-acbd-9dc14a6c44d9 ] Request (ImagesTestJSON:test_create_image_from_stopped_server): 200 GET http://10.180.1.21/compute/v2.1/servers/08c30c2e-9588-4990-8d85-b747ff174e1b 0.171s
2025-05-06 08:24:08.021 70260 INFO tempest.lib.common.rest_client [req-c8c188ee-6c13-45e6-9a39-f7d24d0416f2 req-c8c188ee-6c13-45e6-9a39-f7d24d0416f2 ] Request (ServersTestBootFromVolume:setUpClass): 200 GET http://10.180.1.21/compute/v2.1/servers/8916f208-29a1-4a00-af38-29201d651726 0.152s
2025-05-06 08:24:08.028 70280 INFO tempest.lib.common.rest_client [req-357a6de1-d321-482e-abd9-f22686636d50 req-357a6de1-d321-482e-abd9-f22686636d50 ] Request (ServersAdminNegativeTestJSON:test_reset_state_server_nonexistent_server): 404 POST http://10.180.1.21/compute/v2.1/servers/999/action 0.083s
2025-05-06 08:24:08.050 70258 INFO tempest.lib.common.rest_client [req-51466aa5-8d93-4d64-a80e-dfc1c57fbf74 req-51466aa5-8d93-4d64-a80e-dfc1c57fbf74 ] Request (VolumesAdminNegativeTest:test_update_attached_volume_with_nonexistent_volume_in_uri): 200 GET http://10.180.1.21/compute/v2.1/servers/21b385b6-9cca-4ed1-8bd2-57336451452a 0.122s
2025-05-06 08:24:08.097 70248 INFO tempest.lib.common.rest_client [req-c380b2e8-7fbb-483c-9248-c46ffbc27aa1 req-c380b2e8-7fbb-483c-9248-c46ffbc27aa1 ] Request (ImagesOneServerNegativeTestJSON:_run_cleanups): 200 GET http://10.180.1.21/compute/v2.1/servers/08a7846f-ac7f-47ef-ae49-fafd66163176 0.103s
2025-05-06 08:24:08.177 70228 INFO tempest.lib.common.rest_client [req-993c9153-ac29-4695-a4f8-e9493d73d2c5 req-993c9153-ac29-4695-a4f8-e9493d73d2c5 ] Request (VolumesAssistedSnapshotsTest:tearDownClass): 200 GET http://10.180.1.21/compute/v2.1/servers/fdda6ebb-5831-4af0-baf1-6ff61e7ff96d 0.084s
2025-05-06 08:24:08.190 70238 WARNING tempest.lib.common.ssh [-] Failed to establish authenticated ssh connection to cirros@10.180.180.243 ([Errno None] Unable to connect to port 22 on 10.180.180.243). Number attempts: 7. Retry after 8 seconds.: paramiko.ssh_exception.NoValidConnectionsError: [Errno None] Unable to connect to port 22 on 10.180.180.243
2025-05-06 08:24:08.201 70278 INFO tempest.lib.common.rest_client [req-2cd8d3ee-bf63-4600-8447-3177cb4d82b8 req-2cd8d3ee-bf63-4600-8447-3177cb4d82b8 ] Request (AttachInterfacesUnderV243Test:test_add_remove_fixed_ip): 200 GET http://10.180.1.21/compute/v2.1/servers/af07841b-b3cf-4064-aa18-46cf941305cf/ips 0.070s
2025-05-06 08:24:08.215 70280 INFO tempest.lib.common.rest_client [req-d696e590-2ce7-41f1-9607-db41e9a2008e req-d696e590-2ce7-41f1-9607-db41e9a2008e ] Request (ServersAdminNegativeTestJSON:test_resize_server_using_overlimit_ram): 200 GET http://10.180.1.21/compute/v2.1/os-quota-sets/2f9e4f110c5a48dd922a49ef36688ef2 0.182s
2025-05-06 08:24:08.305 70276 INFO tempest.lib.common.rest_client [req-f28eb512-3f11-4283-8a03-4f51233a6724 req-f28eb512-3f11-4283-8a03-4f51233a6724 ] Request (FloatingIPsAssociationTestJSON:test_associate_already_associated_floating_ip): 200 GET http://10.180.1.21/compute/v2.1/servers/fac32025-0b66-4870-922f-99c9b0f6ee6f 0.149s
2025-05-06 08:24:08.315 70220 INFO tempest.lib.common.rest_client [req-18ddde8f-4371-4ccd-ad00-6f1f6ca82101 req-18ddde8f-4371-4ccd-ad00-6f1f6ca82101 ] Request (ListServersNegativeTestJSON:tearDownClass): 200 GET http://10.180.1.21/compute/v2.1/servers/b90df52f-746d-4426-9b24-61fafe014887 0.110s
2025-05-06 08:24:08.325 70280 INFO tempest.lib.common.rest_client [req-94b3b681-af46-40af-9187-1356bf9ea9df req-94b3b681-af46-40af-9187-1356bf9ea9df ] Request (ServersAdminNegativeTestJSON:test_resize_server_using_overlimit_ram): 200 POST http://10.180.1.21/compute/v2.1/flavors 0.107s
2025-05-06 08:24:08.370 70244 INFO tempest.lib.common.rest_client [req-1e48543b-7a11-4fb8-9aeb-640988809833 req-1e48543b-7a11-4fb8-9aeb-640988809833 ] Request (ServerActionsTestOtherA:setUpClass): 201 POST http://10.180.1.21:9696/networking/v2.0/networks 0.468s
2025-05-06 08:24:08.457 70250 INFO tempest.lib.common.rest_client [req-d1f502a2-d871-4f01-b868-f2f32945aa16 req-d1f502a2-d871-4f01-b868-f2f32945aa16 ] Request (ServersTestMultiNic:test_verify_duplicate_network_nics): 200 GET http://10.180.1.21/compute/v2.1/servers/fadebc22-a7c0-484f-b613-662531256145 0.160s
2025-05-06 08:24:08.461 70280 INFO tempest.lib.common.rest_client [req-6e5156f1-47b5-457c-8c7d-7e9a1320fbe6 req-6e5156f1-47b5-457c-8c7d-7e9a1320fbe6 ] Request (ServersAdminNegativeTestJSON:test_resize_server_using_overlimit_ram): 403 POST http://10.180.1.21/compute/v2.1/servers/bf3a8bd4-f850-4d94-832f-04a1234d762a/action 0.133s
2025-05-06 08:24:08.522 70240 INFO tempest.lib.common.rest_client [req-ba38585f-91cf-4fab-8764-f3248bfe062a req-ba38585f-91cf-4fab-8764-f3248bfe062a ] Request (ServersAdminTestJSON:test_create_server_with_scheduling_hint): 200 GET http://10.180.1.21/compute/v2.1/servers/2de2aaa0-ef92-421d-9590-21e298c6f0bf 0.109s
2025-05-06 08:24:08.540 70280 INFO tempest.lib.common.rest_client [req-1ab31f3c-6527-4d3d-8130-be7b5e18a24f req-1ab31f3c-6527-4d3d-8130-be7b5e18a24f ] Request (ServersAdminNegativeTestJSON:_run_cleanups): 202 DELETE http://10.180.1.21/compute/v2.1/flavors/1315560243 0.079s
2025-05-06 08:24:08.566 70280 INFO tempest.lib.common.rest_client [req-3461b93f-255b-4192-aaae-cea6a6336d68 req-3461b93f-255b-4192-aaae-cea6a6336d68 ] Request (ServersAdminNegativeTestJSON:_run_cleanups): 200 GET http://10.180.1.21/compute/v2.1/flavors/detail 0.025s
2025-05-06 08:24:08.587 70246 INFO tempest.lib.common.rest_client [req-b0240cf6-dc4b-4555-932e-099213081828 req-b0240cf6-dc4b-4555-932e-099213081828 ] Request (ServerActionsV293TestJSON:setUpClass): 200 GET http://10.180.1.21/compute/v2.1/servers/f4205f1b-fc63-496a-8cf6-d41a71f14e36 0.172s
2025-05-06 08:24:08.596 70244 INFO tempest.lib.common.rest_client [req-228f49f8-a991-4b74-909c-8627e643a962 req-228f49f8-a991-4b74-909c-8627e643a962 ] Request (ServerActionsTestOtherA:setUpClass): 201 POST http://10.180.1.21:9696/networking/v2.0/subnets 0.225s
2025-05-06 08:24:08.610 70246 INFO tempest.common.waiters [-] State transition "BUILD/spawning" ==> "ACTIVE/None" after 47 second wait
2025-05-06 08:24:08.638 70280 INFO tempest.lib.common.rest_client [req-fdcadbd3-213c-4910-9e3a-6b7650f379bd req-fdcadbd3-213c-4910-9e3a-6b7650f379bd ] Request (ServersAdminNegativeTestJSON:test_resize_server_using_overlimit_vcpus): 200 GET http://10.180.1.21/compute/v2.1/os-quota-sets/2f9e4f110c5a48dd922a49ef36688ef2 0.066s
2025-05-06 08:24:08.742 70232 INFO tempest.lib.common.rest_client [req-d03d8883-4574-4200-953b-48532cfb493a req-d03d8883-4574-4200-953b-48532cfb493a ] Request (ListImageFiltersTestJSON:setUpClass): 200 GET http://10.180.1.21/compute/v2.1/servers/237ca2d4-176f-4766-b741-bd27dbea3654 0.165s
2025-05-06 08:24:08.750 70232 INFO tempest.common.waiters [-] State transition "BUILD/networking" ==> "BUILD/spawning" after 44 second wait
2025-05-06 08:24:08.754 70242 INFO tempest.lib.common.rest_client [req-6c6b9203-8ba4-4684-a109-84ac00300749 req-6c6b9203-8ba4-4684-a109-84ac00300749 ] Request (ServerExternalEventsTest:test_create_server_external_events): 200 GET http://10.180.1.21/compute/v2.1/servers/d5d427de-4146-4712-a169-403cb430af2d 0.181s
2025-05-06 08:24:08.835 70246 INFO tempest.lib.common.rest_client [req-f657de40-f04d-4ce6-8694-5fdaa8630211 req-f657de40-f04d-4ce6-8694-5fdaa8630211 ] Request (ServerActionsV293TestJSON:setUpClass): 200 GET http://10.180.1.21/compute/v2.1/servers/f4205f1b-fc63-496a-8cf6-d41a71f14e36/os-interface 0.224s
2025-05-06 08:24:08.857 70280 INFO tempest.lib.common.rest_client [req-afcbe63f-bcf2-4329-80fe-94b953e926ec req-afcbe63f-bcf2-4329-80fe-94b953e926ec ] Request (ServersAdminNegativeTestJSON:test_resize_server_using_overlimit_vcpus): 200 POST http://10.180.1.21/compute/v2.1/flavors 0.216s
2025-05-06 08:24:08.863 70264 INFO tempest.lib.common.rest_client [req-cd52b92b-2fde-4688-a4df-4a39ffc3b7e4 req-cd52b92b-2fde-4688-a4df-4a39ffc3b7e4 ] Request (FloatingIPsAssociationNegativeTestJSON:setUpClass): 200 GET http://10.180.1.21/compute/v2.1/servers/ce1c1a25-2095-4f6e-a9d3-194351c69ae5 0.224s
2025-05-06 08:24:08.933 70222 INFO tempest.lib.common.rest_client [req-c21ef082-fada-45fb-99ca-48182915db77 req-c21ef082-fada-45fb-99ca-48182915db77 ] Request (InstanceActionsTestJSON:setUpClass): 200 GET http://10.180.1.21/compute/v2.1/servers/faab6f2d-3f7f-4adb-a71b-2319c56d706a 0.261s
2025-05-06 08:24:08.952 70234 INFO tempest.lib.common.rest_client [req-45bd39cb-8eb9-4eb2-8721-1b52260afbb1 req-45bd39cb-8eb9-4eb2-8721-1b52260afbb1 ] Request (ServerShowV257Test:test_rebuild_server): 200 GET http://10.180.1.21/compute/v2.1/servers/78616ef2-91a3-4a1e-946e-cfbc67de846d 0.187s
2025-05-06 08:24:09.013 70226 INFO tempest.lib.common.rest_client [req-8800c46c-e6e1-407f-a294-d4e5c1b0eca9 req-8800c46c-e6e1-407f-a294-d4e5c1b0eca9 ] Request (ServerTagsTestJSON:tearDownClass): 200 GET http://10.180.1.21/compute/v2.1/servers/33ba1953-b692-4305-8298-8284e46d5ef8 0.208s
2025-05-06 08:24:09.038 70282 INFO tempest.lib.common.rest_client [req-2c01513a-b6b3-407e-a7f8-d826500e0506 req-2c01513a-b6b3-407e-a7f8-d826500e0506 ] Request (ServerDiagnosticsTest:tearDownClass): 200 GET http://10.180.1.21/compute/v2.1/servers/57366f9e-45c9-4d32-813d-791518134948 0.202s
2025-05-06 08:24:09.147 70280 INFO tempest.lib.common.rest_client [req-b00231dd-5955-408f-aa76-1ed51099c58c req-b00231dd-5955-408f-aa76-1ed51099c58c ] Request (ServersAdminNegativeTestJSON:test_resize_server_using_overlimit_vcpus): 403 POST http://10.180.1.21/compute/v2.1/servers/bf3a8bd4-f850-4d94-832f-04a1234d762a/action 0.287s
2025-05-06 08:24:09.232 70268 INFO tempest.lib.common.rest_client [req-690f2e95-283a-4189-ab11-1c166e81d9b7 req-690f2e95-283a-4189-ab11-1c166e81d9b7 ] Request (MigrationsAdminTest:test_list_migrations_in_flavor_resize_situation): 200 GET http://10.180.1.21/compute/v2.1/servers/cc9e95be-00b3-4a50-902b-fd06b2809b69 0.324s
2025-05-06 08:24:09.322 70252 INFO tempest.lib.common.rest_client [req-c445c815-4cdb-4665-a1a2-9a4de1639c53 req-c445c815-4cdb-4665-a1a2-9a4de1639c53 ] Request (DeleteServersAdminTestJSON:test_delete_server_while_in_error_state): 200 GET http://10.180.1.21/compute/v2.1/servers/bda4aec8-266d-420a-9b3b-75af4deb8a8d 0.376s
2025-05-06 08:24:09.341 70257 INFO tempest.lib.common.rest_client [req-f424633c-9d78-46b4-801e-5bdf79b5ac20 req-f424633c-9d78-46b4-801e-5bdf79b5ac20 ] Request (ImagesNegativeTestJSON:test_create_image_from_deleted_server): 200 GET http://10.180.1.21/compute/v2.1/servers/50c433bb-66a1-4587-9ff7-fbbf3596587a 0.483s
2025-05-06 08:24:09.400 70254 INFO tempest.lib.common.rest_client [req-48462a08-9d05-46b6-9e8f-889d95a7071d req-48462a08-9d05-46b6-9e8f-889d95a7071d ] Request (ImagesTestJSON:test_create_image_from_stopped_server): 200 GET http://10.180.1.21/compute/v2.1/servers/08c30c2e-9588-4990-8d85-b747ff174e1b 0.406s
2025-05-06 08:24:09.406 70274 WARNING tempest.lib.common.ssh [-] Failed to establish authenticated ssh connection to cirros@10.180.180.179 ([Errno None] Unable to connect to port 22 on 10.180.180.179). Number attempts: 2. Retry after 3 seconds.: paramiko.ssh_exception.NoValidConnectionsError: [Errno None] Unable to connect to port 22 on 10.180.180.179
2025-05-06 08:24:09.435 70260 INFO tempest.lib.common.rest_client [req-d6680fe8-341d-4db2-8c2a-457cfc6182f9 req-d6680fe8-341d-4db2-8c2a-457cfc6182f9 ] Request (ServersTestBootFromVolume:setUpClass): 200 GET http://10.180.1.21/compute/v2.1/servers/8916f208-29a1-4a00-af38-29201d651726 0.401s
