2025-05-06 08:23:01.185 70240 INFO tempest.lib.common.rest_client [req-23d438a5-0792-4341-ab49-af523c33f828 req-23d438a5-0792-4341-ab49-af523c33f828 ] Request (ServersAdminTestJSON:setUpClass): 201 POST http://10.180.1.21/identity/v3/auth/tokens 0.130s
2025-05-06 08:23:01.194 70270 INFO tempest.lib.common.rest_client [req-7beb8227-d5cd-49c7-a566-03f137dadc2e req-7beb8227-d5cd-49c7-a566-03f137dadc2e ] Request (ServerActionsTestJSON:setUpClass): 202 POST http://10.180.1.21/compute/v2.1/servers 2.385s
2025-05-06 08:23:01.265 70240 INFO tempest.lib.common.rest_client [req-85335477-3fb8-408d-8b84-4de198a3fdb5 req-85335477-3fb8-408d-8b84-4de198a3fdb5 ] Request (ServersAdminTestJSON:setUpClass): 201 POST http://10.180.1.21/identity/v3/auth/tokens 0.074s
2025-05-06 08:23:01.265 70240 INFO tempest.lib.common.fixed_network [-] (ServersAdminTestJSON:setUpClass) Found network {'id': '1e59093a-4372-4c0d-aa87-aa7488751a99', 'name': 'tempest-ServersAdminTestJSON-616044788-network', 'tenant_id': '12eca5ef922b465bb1ab7eb059b30c67', 'admin_state_up': True, 'mtu': 8950, 'status': 'ACTIVE', 'subnets': [], 'shared': False, 'project_id': '12eca5ef922b465bb1ab7eb059b30c67', 'port_security_enabled': True, 'router:external': False, 'provider:network_type': 'vlan', 'provider:physical_network': 'default', 'provider:segmentation_id': 28, 'availability_zone_hints': [], 'availability_zones': [], 'ipv4_address_scope': None, 'ipv6_address_scope': None, 'description': '', 'tags': [], 'created_at': '2025-05-06T08:22:49Z', 'updated_at': '2025-05-06T08:22:49Z', 'revision_number': 1} available for tenant
2025-05-06 08:23:01.282 70280 INFO tempest.lib.common.rest_client [req-b66fe260-5d6d-4ad9-ab3e-581cfa5db42f req-b66fe260-5d6d-4ad9-ab3e-581cfa5db42f ] Request (ServersAdminNegativeTestJSON:setUpClass): 200 GET http://10.180.1.21/compute/v2.1/servers/bf3a8bd4-f850-4d94-832f-04a1234d762a 2.219s
2025-05-06 08:23:01.391 70238 INFO tempest.lib.common.rest_client [req-ff3cabb2-7479-4a8e-a505-40c9d716be6a req-ff3cabb2-7479-4a8e-a505-40c9d716be6a ] Request (ServersWithSpecificFlavorTestJSON:test_verify_created_server_ephemeral_disk): 200 GET http://10.180.1.21/compute/v2.1/servers/b97e913f-c3de-4a72-ac6f-ffccfcfe6d25 2.394s
2025-05-06 08:23:01.402 70238 INFO tempest.common.waiters [-] State transition "BUILD/None" ==> "BUILD/spawning" after 14 second wait
2025-05-06 08:23:01.425 70266 INFO tempest.lib.common.rest_client [req-efaf4adf-7ac9-4dca-829b-be525f009ac6 req-efaf4adf-7ac9-4dca-829b-be525f009ac6 ] Request (SecurityGroupRulesTestJSON:test_security_group_rules_delete_when_peer_group_deleted): 200 POST http://10.180.1.21/compute/v2.1/os-security-groups 2.185s
2025-05-06 08:23:01.451 70260 INFO tempest.lib.common.rest_client [req-472fed41-f04d-49b9-b297-d21e0941d5a8 req-472fed41-f04d-49b9-b297-d21e0941d5a8 ] Request (SecurityGroupRulesNegativeTestJSON:tearDownClass): 204 DELETE http://10.180.1.21:9696/networking/v2.0/networks/f6a0f02a-3534-4c2f-9742-a624ec1ca8fb 0.524s
2025-05-06 08:23:01.639 70260 INFO tempest.lib.common.rest_client [req-4424b7da-fb39-4820-820a-4cf630135eec req-4424b7da-fb39-4820-820a-4cf630135eec ] Request (SecurityGroupRulesNegativeTestJSON:tearDownClass): 204 DELETE http://10.180.1.21/identity/v3/users/bbb3f7ec8951407ead4dd9bb5397ee29 0.188s
2025-05-06 08:23:01.639 70260 INFO tempest.lib.common.dynamic_creds [-] Deleting project and security group for project: 772735e832b443218403d67788452794
2025-05-06 08:23:01.676 70260 INFO tempest.lib.common.rest_client [req-fe541799-a4cc-440e-863b-dcbb457b1a2c req-fe541799-a4cc-440e-863b-dcbb457b1a2c ] Request (SecurityGroupRulesNegativeTestJSON:tearDownClass): 200 GET http://10.180.1.21:9696/networking/v2.0/security-groups?tenant_id=772735e832b443218403d67788452794&name=default 0.036s
2025-05-06 08:23:01.800 70260 INFO tempest.lib.common.rest_client [req-30ff6380-2f7b-404d-873a-b80113b56cad req-30ff6380-2f7b-404d-873a-b80113b56cad ] Request (SecurityGroupRulesNegativeTestJSON:tearDownClass): 204 DELETE http://10.180.1.21:9696/networking/v2.0/security-groups/6c05165d-64b0-4d1d-bcc1-f075762c91a5 0.123s
2025-05-06 08:23:01.836 70250 INFO tempest.lib.common.rest_client [req-9eaa2876-7346-48fe-9b86-345708415c41 req-9eaa2876-7346-48fe-9b86-345708415c41 ] Request (KeyPairsV22TestJSON:test_keypairsv22_create_list_show_with_type): 201 POST http://10.180.1.21/compute/v2.1/os-keypairs 2.396s
2025-05-06 08:23:01.933 70260 INFO tempest.lib.common.rest_client [req-b49823ad-48bd-4f8b-af6b-363f96e56557 req-b49823ad-48bd-4f8b-af6b-363f96e56557 ] Request (SecurityGroupRulesNegativeTestJSON:tearDownClass): 204 DELETE http://10.180.1.21/identity/v3/projects/772735e832b443218403d67788452794 0.132s
2025-05-06 08:23:02.012 70246 INFO tempest.lib.common.rest_client [req-bffe3d8d-1d4d-4415-ae3e-257fb6ab4dda req-bffe3d8d-1d4d-4415-ae3e-257fb6ab4dda ] Request (ServerActionsV293TestJSON:setUpClass): 200 GET http://10.180.1.21/volume/v3/volumes/cfe77342-0b09-43a0-87c2-c8643b931434 0.183s
2025-05-06 08:23:02.020 70260 INFO tempest.lib.common.rest_client [req-484b0c1e-65cc-4fbf-ae86-164f3716136e req-484b0c1e-65cc-4fbf-ae86-164f3716136e ] Request (ServersTestBootFromVolume:setUpClass): 201 POST http://10.180.1.21/identity/v3/auth/tokens 0.085s
2025-05-06 08:23:02.033 70234 INFO tempest.lib.common.rest_client [req-41718f49-f2ab-4098-9d21-0970dada9472 req-41718f49-f2ab-4098-9d21-0970dada9472 ] Request (FlavorsAccessNegativeTestJSON:test_remove_flavor_access_not_found): 404 POST http://10.180.1.21/compute/v2.1/flavors/1534195996/action 2.569s
2025-05-06 08:23:02.039 70222 INFO tempest.lib.common.rest_client [req-e91af4f5-220f-4953-b58d-0b90857314a3 req-e91af4f5-220f-4953-b58d-0b90857314a3 ] Request (AggregatesAdminNegativeTestJSON:test_aggregate_get_details_as_user): 403 GET http://10.180.1.21/compute/v2.1/os-aggregates/6 2.479s
2025-05-06 08:23:02.055 70260 INFO tempest.lib.common.rest_client [req-79a3e407-e082-4a32-b792-58d7e4bf3669 req-79a3e407-e082-4a32-b792-58d7e4bf3669 ] Request (ServersTestBootFromVolume:setUpClass): 201 POST http://10.180.1.21/identity/v3/auth/tokens 0.031s
2025-05-06 08:23:02.081 70260 INFO tempest.lib.common.rest_client [req-c46ad691-763e-4ae6-bca3-76ad39c81c99 req-c46ad691-763e-4ae6-bca3-76ad39c81c99 ] Request (ServersTestBootFromVolume:setUpClass): 200 GET http://10.180.1.21/identity/v3/domains?name=Default 0.025s
2025-05-06 08:23:02.098 70252 INFO tempest.lib.common.rest_client [req-f32a490e-f03b-4727-a883-eacf1b691fd6 req-f32a490e-f03b-4727-a883-eacf1b691fd6 ] Request (DeleteServersAdminTestJSON:test_delete_server_while_in_error_state): 200 GET http://10.180.1.21/compute/v2.1/servers/bda4aec8-266d-420a-9b3b-75af4deb8a8d 2.275s
2025-05-06 08:23:02.129 70260 INFO tempest.lib.common.rest_client [req-61e551e5-e83f-40c5-9bd0-1ec5c68a2fcf req-61e551e5-e83f-40c5-9bd0-1ec5c68a2fcf ] Request (ServersTestBootFromVolume:setUpClass): 201 POST http://10.180.1.21/identity/v3/projects 0.047s
2025-05-06 08:23:02.169 70248 INFO tempest.lib.common.rest_client [req-15ba83ff-e1e5-4e45-afbe-3409aa2fa035 req-15ba83ff-e1e5-4e45-afbe-3409aa2fa035 ] Request (ImagesOneServerNegativeTestJSON:setUpClass): 200 GET http://10.180.1.21/compute/v2.1/servers/08a7846f-ac7f-47ef-ae49-fafd66163176 2.334s
2025-05-06 08:23:02.189 70232 INFO tempest.lib.common.rest_client [req-16aa37ef-31a9-4fab-88a1-c852a9438e38 req-16aa37ef-31a9-4fab-88a1-c852a9438e38 ] Request (KeyPairsV210TestJSON:_run_cleanups): 204 DELETE http://10.180.1.21/compute/v2.1/os-keypairs/tempest-keypair-1084373463?user_id=30a61384546340d09e1e1bd623dcc590 2.346s
2025-05-06 08:23:02.196 70262 INFO tempest.lib.common.rest_client [req-5e38fd47-6d90-44cc-921a-c45d9be4b08a req-5e38fd47-6d90-44cc-921a-c45d9be4b08a ] Request (FloatingIPDetailsTestJSON:test_get_floating_ip_details): 200 POST http://10.180.1.21/compute/v2.1/os-floating-ips 2.747s
2025-05-06 08:23:02.213 70268 INFO tempest.lib.common.rest_client [req-dce2967b-76cd-49d9-9165-3260cda268c6 req-dce2967b-76cd-49d9-9165-3260cda268c6 ] Request (FlavorsAdminTestJSON:_run_cleanups): 202 DELETE http://10.180.1.21/compute/v2.1/flavors/1180115592 2.288s
2025-05-06 08:23:02.222 70260 INFO tempest.lib.common.rest_client [req-25744b3c-c333-4af7-a89a-e4a0d4a3fc7b req-25744b3c-c333-4af7-a89a-e4a0d4a3fc7b ] Request (ServersTestBootFromVolume:setUpClass): 201 POST http://10.180.1.21/identity/v3/users 0.093s
2025-05-06 08:23:02.246 70260 INFO tempest.lib.common.rest_client [req-cd5baeb7-1937-4315-8678-21ab5aaff474 req-cd5baeb7-1937-4315-8678-21ab5aaff474 ] Request (ServersTestBootFromVolume:setUpClass): 200 GET http://10.180.1.21/identity/v3/roles 0.023s
2025-05-06 08:23:02.294 70276 INFO tempest.lib.common.rest_client [req-86c51eaf-b70c-48ab-9049-9ca7220a4b46 req-86c51eaf-b70c-48ab-9049-9ca7220a4b46 ] Request (FloatingIPsAssociationTestJSON:setUpClass): 200 GET http://10.180.1.21/compute/v2.1/servers/5c226156-e597-42b0-bc7b-6ea6cc105004 1.982s
2025-05-06 08:23:02.295 70232 INFO tempest.lib.common.rest_client [req-638f2ace-00ad-4bb2-b1c5-5fd3a41ff9ae req-638f2ace-00ad-4bb2-b1c5-5fd3a41ff9ae ] Request (KeyPairsV210TestJSON:tearDownClass): 204 DELETE http://10.180.1.21/identity/v3/users/30a61384546340d09e1e1bd623dcc590 0.104s
2025-05-06 08:23:02.350 70260 INFO tempest.lib.common.rest_client [req-288cf4ee-59e2-4b34-bb85-f76c0881ec46 req-288cf4ee-59e2-4b34-bb85-f76c0881ec46 ] Request (ServersTestBootFromVolume:setUpClass): 204 PUT http://10.180.1.21/identity/v3/projects/227bf36e8a1b4ab4abc39886d5415a39/users/b8cf1c71b1494e27b387a7b846dc15f8/roles/90a6a3e6c7d44a9ba92486d85149a015 0.103s
2025-05-06 08:23:02.350 70260 INFO tempest.lib.common.dynamic_creds [-] Dynamic test user b8cf1c71b1494e27b387a7b846dc15f8 is created with scope project and roles: ['member']
2025-05-06 08:23:02.351 70260 INFO tempest.lib.common.dynamic_creds [-] Acquired dynamic creds: credentials: Credentials: {'domain_id': 'default', 'domain_name': 'Default', 'username': 'tempest-ServersTestBootFromVolume-347580199-project-member', 'project_domain_id': 'default', 'project_domain_name': 'Default', 'project_id': '227bf36e8a1b4ab4abc39886d5415a39', 'project_name': 'tempest-ServersTestBootFromVolume-347580199', 'tenant_id': '227bf36e8a1b4ab4abc39886d5415a39', 'tenant_name': 'tempest-ServersTestBootFromVolume-347580199', 'user_domain_id': 'default', 'user_domain_name': 'Default', 'user_id': 'b8cf1c71b1494e27b387a7b846dc15f8', 'system': None}, Network: None, Subnet: None, Router: None
2025-05-06 08:23:02.387 70220 INFO tempest.lib.common.rest_client [req-f52bd401-a6b0-4728-9c32-0114fdd59a96 req-f52bd401-a6b0-4728-9c32-0114fdd59a96 ] Request (ListServersNegativeTestJSON:setUpClass): 200 GET http://10.180.1.21/compute/v2.1/servers/b90df52f-746d-4426-9b24-61fafe014887 2.459s
2025-05-06 08:23:02.432 70260 INFO tempest.lib.common.rest_client [req-a6597775-4833-48c8-9830-d25acf84f36b req-a6597775-4833-48c8-9830-d25acf84f36b ] Request (ServersTestBootFromVolume:setUpClass): 201 POST http://10.180.1.21/identity/v3/auth/tokens 0.081s
2025-05-06 08:23:02.468 70244 INFO tempest.lib.common.rest_client [req-73dbdac3-481e-40c1-a808-dcbf4fee358b req-73dbdac3-481e-40c1-a808-dcbf4fee358b ] Request (InstanceActionsV221TestJSON:test_get_list_deleted_instance_actions): 200 GET http://10.180.1.21/compute/v2.1/servers/d11aba1e-cae3-47fb-9def-3e4540f89e50 2.039s
2025-05-06 08:23:02.496 70232 INFO tempest.lib.common.rest_client [req-b5d74381-fcbf-4403-b99a-fd016a359fa0 req-b5d74381-fcbf-4403-b99a-fd016a359fa0 ] Request (KeyPairsV210TestJSON:tearDownClass): 204 DELETE http://10.180.1.21/identity/v3/users/6d2ec4d0a1c9433e9faa80955c7fa145 0.200s
2025-05-06 08:23:02.496 70232 INFO tempest.lib.common.dynamic_creds [-] Deleting project and security group for project: 27a9a029dbd84396941ca16df8e2a856
2025-05-06 08:23:02.547 70264 INFO tempest.lib.common.rest_client [req-4758d3cc-09a8-4eb5-b364-24e8deaf52da req-4758d3cc-09a8-4eb5-b364-24e8deaf52da ] Request (ServersAdmin275Test:_run_cleanups): 200 GET http://10.180.1.21/compute/v2.1/servers/8d66c5e5-c8ad-4aed-83cb-d629ba0239b3 2.007s
2025-05-06 08:23:02.645 70232 INFO tempest.lib.common.rest_client [req-45f0b3f3-9aab-46c6-8a05-78508c065fed req-45f0b3f3-9aab-46c6-8a05-78508c065fed ] Request (KeyPairsV210TestJSON:tearDownClass): 201 POST http://10.180.1.21/identity/v3/auth/tokens 0.148s
2025-05-06 08:23:02.652 70282 INFO tempest.lib.common.rest_client [req-534676f7-9c82-4e44-ae1b-081367457d2d req-534676f7-9c82-4e44-ae1b-081367457d2d ] Request (QuotasAdminNegativeTest:test_create_server_when_memory_quota_is_full): 200 GET http://10.180.1.21/compute/v2.1/os-quota-sets/06fc2f9582d14729a9b41a0afd7f473c 2.236s
2025-05-06 08:23:02.759 70272 INFO tempest.lib.common.rest_client [req-2389035d-e0d1-4403-a696-742d9bf8ccd8 req-2389035d-e0d1-4403-a696-742d9bf8ccd8 ] Request (ServerAddressesTestJSON:setUpClass): 200 GET http://10.180.1.21/compute/v2.1/servers/bd231ac8-1839-4173-8a22-ca80384103fa 1.742s
2025-05-06 08:23:02.767 70272 INFO tempest.common.waiters [-] State transition "BUILD/spawning" ==> "ACTIVE/None" after 27 second wait
2025-05-06 08:23:02.834 70226 INFO tempest.lib.common.rest_client [req-e5cd1c0f-2d4b-470d-95f1-e263a19a7595 req-e5cd1c0f-2d4b-470d-95f1-e263a19a7595 ] Request (ServerTagsTestJSON:setUpClass): 200 GET http://10.180.1.21/compute/v2.1/servers/33ba1953-b692-4305-8298-8284e46d5ef8 1.720s
2025-05-06 08:23:02.844 70226 INFO tempest.common.waiters [-] State transition "BUILD/scheduling" ==> "BUILD/None" after 5 second wait
2025-05-06 08:23:02.880 70232 INFO tempest.lib.common.rest_client [req-18c1155f-1f43-47f2-b1ee-1dcc941bea1e req-18c1155f-1f43-47f2-b1ee-1dcc941bea1e ] Request (KeyPairsV210TestJSON:tearDownClass): 200 GET http://10.180.1.21:9696/networking/v2.0/security-groups?tenant_id=27a9a029dbd84396941ca16df8e2a856&name=default 0.234s
2025-05-06 08:23:02.894 70270 INFO tempest.lib.common.rest_client [req-ff5de4ef-4762-4bc9-90db-8070262ebc6c req-ff5de4ef-4762-4bc9-90db-8070262ebc6c ] Request (ServerActionsTestJSON:setUpClass): 200 GET http://10.180.1.21/compute/v2.1/servers/3a26d4c7-aeaf-4695-a9df-fe4c578fe5e2 1.698s
2025-05-06 08:23:02.991 70278 INFO tempest.lib.common.rest_client [req-c8d514c5-ed44-4a60-8aec-cec3849ac003 req-c8d514c5-ed44-4a60-8aec-cec3849ac003 ] Request (AttachInterfacesUnderV243Test:test_add_remove_fixed_ip): 200 GET http://10.180.1.21/compute/v2.1/servers/af07841b-b3cf-4064-aa18-46cf941305cf 1.740s
2025-05-06 08:23:03.011 70274 INFO tempest.lib.common.rest_client [req-772b9960-247f-4c91-b92a-905c4596e197 req-772b9960-247f-4c91-b92a-905c4596e197 ] Request (QuotasAdminTestJSON:_run_cleanups): 200 PUT http://10.180.1.21/compute/v2.1/os-quota-sets/a44f969cdda74921bafe4af35b82517c 1.945s
2025-05-06 08:23:03.052 70232 INFO tempest.lib.common.rest_client [req-0707733a-628f-4fb7-bf3e-17ff70aa5ddc req-0707733a-628f-4fb7-bf3e-17ff70aa5ddc ] Request (KeyPairsV210TestJSON:tearDownClass): 204 DELETE http://10.180.1.21:9696/networking/v2.0/security-groups/08792512-7ab4-4579-852a-21854e5c3037 0.171s
2025-05-06 08:23:03.059 70260 INFO tempest.lib.common.rest_client [req-c2e51599-b94d-4012-af33-f63de204198d req-c2e51599-b94d-4012-af33-f63de204198d ] Request (ServersTestBootFromVolume:setUpClass): 201 POST http://10.180.1.21:9696/networking/v2.0/networks 0.626s
2025-05-06 08:23:03.061 70246 INFO tempest.lib.common.rest_client [req-ae6ae963-1ef8-4b9c-8d0c-5b8dc175e27b req-ae6ae963-1ef8-4b9c-8d0c-5b8dc175e27b ] Request (ServerActionsV293TestJSON:setUpClass): 200 GET http://10.180.1.21/volume/v3/volumes/cfe77342-0b09-43a0-87c2-c8643b931434 0.039s
2025-05-06 08:23:03.136 70274 INFO tempest.lib.common.rest_client [req-17444d42-d6b0-444a-b234-e862a1f53cb5 req-17444d42-d6b0-444a-b234-e862a1f53cb5 ] Request (QuotasAdminTestJSON:tearDownClass): 204 DELETE http://10.180.1.21/identity/v3/users/59eda034c097419d9a26bd7f3f4c967e 0.120s
2025-05-06 08:23:03.209 70232 INFO tempest.lib.common.rest_client [req-767cc9c7-2b1c-4945-ae5c-10f87a823243 req-767cc9c7-2b1c-4945-ae5c-10f87a823243 ] Request (KeyPairsV210TestJSON:tearDownClass): 204 DELETE http://10.180.1.21/identity/v3/projects/27a9a029dbd84396941ca16df8e2a856 0.156s
2025-05-06 08:23:03.209 70232 INFO tempest.lib.common.dynamic_creds [-] Deleting project and security group for project: 9badd41c73bb49bf9dd494dd190aef0c
2025-05-06 08:23:03.251 70266 INFO tempest.lib.common.rest_client [req-f9b05e37-4194-49f8-a007-95f108570c5e req-f9b05e37-4194-49f8-a007-95f108570c5e ] Request (SecurityGroupRulesTestJSON:test_security_group_rules_delete_when_peer_group_deleted): 200 POST http://10.180.1.21/compute/v2.1/os-security-group-rules 1.822s
2025-05-06 08:23:03.316 70274 INFO tempest.lib.common.rest_client [req-1babd8d6-316a-44fa-9a5f-4e5084f4d130 req-1babd8d6-316a-44fa-9a5f-4e5084f4d130 ] Request (QuotasAdminTestJSON:tearDownClass): 204 DELETE http://10.180.1.21/identity/v3/users/d120df9dc0f94d35b65e302c3fae7cac 0.180s
2025-05-06 08:23:03.316 70274 INFO tempest.lib.common.dynamic_creds [-] Deleting project and security group for project: ce2d6bdce14e45c2b177132a5cd4e07d
2025-05-06 08:23:03.410 70274 INFO tempest.lib.common.rest_client [req-71f047a3-7bd1-471a-a603-dfa93be025cd req-71f047a3-7bd1-471a-a603-dfa93be025cd ] Request (QuotasAdminTestJSON:tearDownClass): 201 POST http://10.180.1.21/identity/v3/auth/tokens 0.093s
2025-05-06 08:23:03.568 70260 INFO tempest.lib.common.rest_client [req-4e389257-8200-4ec0-bd24-83e223d4dc48 req-4e389257-8200-4ec0-bd24-83e223d4dc48 ] Request (ServersTestBootFromVolume:setUpClass): 201 POST http://10.180.1.21:9696/networking/v2.0/subnets 0.505s
2025-05-06 08:23:03.715 70232 INFO tempest.lib.common.rest_client [req-156716fa-024c-41c2-be38-f01fb0d87fa9 req-156716fa-024c-41c2-be38-f01fb0d87fa9 ] Request (KeyPairsV210TestJSON:tearDownClass): 200 GET http://10.180.1.21:9696/networking/v2.0/security-groups?tenant_id=9badd41c73bb49bf9dd494dd190aef0c&name=default 0.506s
2025-05-06 08:23:03.723 70228 INFO tempest.lib.common.rest_client [req-0b48370a-3556-42eb-8e6a-d8d4e2c9fe03 req-0b48370a-3556-42eb-8e6a-d8d4e2c9fe03 ] Request (VolumesAssistedSnapshotsTest:test_volume_assisted_snapshot_create_delete): 200 GET http://10.180.1.21/compute/v2.1/servers/fdda6ebb-5831-4af0-baf1-6ff61e7ff96d 2.284s
2025-05-06 08:23:03.806 70240 INFO tempest.lib.common.rest_client [req-5796dda3-10c5-4f2b-a1c1-f0f30e03a73c req-5796dda3-10c5-4f2b-a1c1-f0f30e03a73c ] Request (ServersAdminTestJSON:setUpClass): 202 POST http://10.180.1.21/compute/v2.1/servers 2.540s
2025-05-06 08:23:03.815 70274 INFO tempest.lib.common.rest_client [req-960d2902-502f-46d2-adcc-01ddb08065f9 req-960d2902-502f-46d2-adcc-01ddb08065f9 ] Request (QuotasAdminTestJSON:tearDownClass): 200 GET http://10.180.1.21:9696/networking/v2.0/security-groups?tenant_id=ce2d6bdce14e45c2b177132a5cd4e07d&name=default 0.405s
2025-05-06 08:23:03.820 70250 INFO tempest.lib.common.rest_client [req-024590c5-827c-4701-87f5-fb2c17f6aee2 req-024590c5-827c-4701-87f5-fb2c17f6aee2 ] Request (KeyPairsV22TestJSON:test_keypairsv22_create_list_show_with_type): 200 GET http://10.180.1.21/compute/v2.1/os-keypairs/tempest-keypair-321954371 1.978s
2025-05-06 08:23:03.894 70240 INFO tempest.lib.common.rest_client [req-59ab920e-5697-48d4-98c6-7fde0093b178 req-59ab920e-5697-48d4-98c6-7fde0093b178 ] Request (ServersAdminTestJSON:setUpClass): 201 POST http://10.180.1.21/identity/v3/auth/tokens 0.082s
2025-05-06 08:23:03.894 70240 INFO tempest.lib.common.fixed_network [-] (ServersAdminTestJSON:setUpClass) Found network {'id': '1e59093a-4372-4c0d-aa87-aa7488751a99', 'name': 'tempest-ServersAdminTestJSON-616044788-network', 'tenant_id': '12eca5ef922b465bb1ab7eb059b30c67', 'admin_state_up': True, 'mtu': 8950, 'status': 'ACTIVE', 'subnets': [], 'shared': False, 'project_id': '12eca5ef922b465bb1ab7eb059b30c67', 'port_security_enabled': True, 'router:external': False, 'provider:network_type': 'vlan', 'provider:physical_network': 'default', 'provider:segmentation_id': 28, 'availability_zone_hints': [], 'availability_zones': [], 'ipv4_address_scope': None, 'ipv6_address_scope': None, 'description': '', 'tags': [], 'created_at': '2025-05-06T08:22:49Z', 'updated_at': '2025-05-06T08:22:49Z', 'revision_number': 1} available for tenant
2025-05-06 08:23:03.904 70232 INFO tempest.lib.common.rest_client [req-dbb96797-802c-44d9-8c53-e9e0cd447516 req-dbb96797-802c-44d9-8c53-e9e0cd447516 ] Request (KeyPairsV210TestJSON:tearDownClass): 204 DELETE http://10.180.1.21:9696/networking/v2.0/security-groups/3143f039-6215-4462-ac33-a7e12089b7c4 0.188s
2025-05-06 08:23:03.989 70232 INFO tempest.lib.common.rest_client [req-684365be-2185-4069-ac9b-92dfdcd5de84 req-684365be-2185-4069-ac9b-92dfdcd5de84 ] Request (KeyPairsV210TestJSON:tearDownClass): 204 DELETE http://10.180.1.21/identity/v3/projects/9badd41c73bb49bf9dd494dd190aef0c 0.085s
2025-05-06 08:23:03.991 70254 INFO tempest.lib.common.rest_client [req-e1034a39-9e71-476d-bd5b-905c8fb59fed req-e1034a39-9e71-476d-bd5b-905c8fb59fed ] Request (ServerDiagnosticsNegativeTest:test_get_server_diagnostics_by_non_admin): 200 GET http://10.180.1.21/compute/v2.1/servers/86f32ea8-0324-4c88-afdd-6cdec9c19fdc 2.347s
2025-05-06 08:23:04.022 70234 INFO tempest.lib.common.rest_client [req-6bbae346-224e-4b11-aec7-ff75346dee7a req-6bbae346-224e-4b11-aec7-ff75346dee7a ] Request (FlavorsAccessNegativeTestJSON:_run_cleanups): 202 DELETE http://10.180.1.21/compute/v2.1/flavors/1534195996 1.988s
2025-05-06 08:23:04.049 70222 INFO tempest.lib.common.rest_client [req-e5627275-510e-4833-ac42-bdf8d907be94 req-e5627275-510e-4833-ac42-bdf8d907be94 ] Request (AggregatesAdminNegativeTestJSON:_run_cleanups): 200 DELETE http://10.180.1.21/compute/v2.1/os-aggregates/6 2.009s
2025-05-06 08:23:04.066 70232 INFO tempest.lib.common.rest_client [req-82188c93-e7b9-4cb1-9682-77562855e0b1 req-82188c93-e7b9-4cb1-9682-77562855e0b1 ] Request (ListImageFiltersTestJSON:setUpClass): 201 POST http://10.180.1.21/identity/v3/auth/tokens 0.075s
2025-05-06 08:23:04.108 70232 INFO tempest.lib.common.rest_client [req-2571937b-099e-4c26-874a-432fa9bfc5f5 req-2571937b-099e-4c26-874a-432fa9bfc5f5 ] Request (ListImageFiltersTestJSON:setUpClass): 201 POST http://10.180.1.21/identity/v3/auth/tokens 0.040s
2025-05-06 08:23:04.110 70246 INFO tempest.lib.common.rest_client [req-89202d9d-ef73-4392-9df2-52067a38fc3c req-89202d9d-ef73-4392-9df2-52067a38fc3c ] Request (ServerActionsV293TestJSON:setUpClass): 200 GET http://10.180.1.21/volume/v3/volumes/cfe77342-0b09-43a0-87c2-c8643b931434 0.038s
2025-05-06 08:23:04.137 70232 INFO tempest.lib.common.rest_client [req-6fd3ae15-537c-4731-86cf-29665c29bd66 req-6fd3ae15-537c-4731-86cf-29665c29bd66 ] Request (ListImageFiltersTestJSON:setUpClass): 200 GET http://10.180.1.21/identity/v3/domains?name=Default 0.028s
2025-05-06 08:23:04.173 70232 INFO tempest.lib.common.rest_client [req-fc7e8d18-7e14-4f56-ab99-b2a1353abf24 req-fc7e8d18-7e14-4f56-ab99-b2a1353abf24 ] Request (ListImageFiltersTestJSON:setUpClass): 201 POST http://10.180.1.21/identity/v3/projects 0.035s
2025-05-06 08:23:04.179 70262 INFO tempest.lib.common.rest_client [req-d9354acd-5691-4985-8104-aae003830a0d req-d9354acd-5691-4985-8104-aae003830a0d ] Request (FloatingIPDetailsTestJSON:test_get_floating_ip_details): 200 GET http://10.180.1.21/compute/v2.1/os-floating-ips/c69cf8ae-1d4a-45aa-9b10-47db021fc027 1.980s
2025-05-06 08:23:04.204 70268 INFO tempest.lib.common.rest_client [req-cba12f0b-ae61-4fc2-94f6-d904a6e8f323 req-cba12f0b-ae61-4fc2-94f6-d904a6e8f323 ] Request (FlavorsAdminTestJSON:_run_cleanups): 200 GET http://10.180.1.21/compute/v2.1/flavors/detail 1.991s
2025-05-06 08:23:04.283 70232 INFO tempest.lib.common.rest_client [req-587d96c9-9ba2-4bc1-8ad7-c5240dc1445f req-587d96c9-9ba2-4bc1-8ad7-c5240dc1445f ] Request (ListImageFiltersTestJSON:setUpClass): 201 POST http://10.180.1.21/identity/v3/users 0.110s
2025-05-06 08:23:04.296 70274 INFO tempest.lib.common.rest_client [req-0e331deb-6453-40f0-84c3-416e07f754d5 req-0e331deb-6453-40f0-84c3-416e07f754d5 ] Request (QuotasAdminTestJSON:tearDownClass): 204 DELETE http://10.180.1.21:9696/networking/v2.0/security-groups/fb6d2085-73eb-4922-86da-b8a584cd0ab6 0.480s
2025-05-06 08:23:04.312 70232 INFO tempest.lib.common.rest_client [req-08a36815-714e-4bea-9f96-837569f706ab req-08a36815-714e-4bea-9f96-837569f706ab ] Request (ListImageFiltersTestJSON:setUpClass): 200 GET http://10.180.1.21/identity/v3/roles 0.028s
2025-05-06 08:23:04.340 70236 INFO tempest.lib.common.rest_client [req-6186d5c0-9df6-4b2d-8b81-056f49ff6533 req-6186d5c0-9df6-4b2d-8b81-056f49ff6533 ] Request (ServersTestFqdnHostnames:test_create_server_with_fqdn_name): 200 GET http://10.180.1.21/compute/v2.1/servers/30ef4444-a9fb-41c8-befd-5a4d6304157e 2.449s
2025-05-06 08:23:04.352 70280 INFO tempest.lib.common.rest_client [req-a845ecdb-8dd3-4a0e-80c4-96205376fcc2 req-a845ecdb-8dd3-4a0e-80c4-96205376fcc2 ] Request (ServersAdminNegativeTestJSON:setUpClass): 200 GET http://10.180.1.21/compute/v2.1/servers/bf3a8bd4-f850-4d94-832f-04a1234d762a 2.061s
2025-05-06 08:23:04.357 70232 INFO tempest.lib.common.rest_client [req-c312ccd9-02a7-44f6-9a9d-313841205f22 req-c312ccd9-02a7-44f6-9a9d-313841205f22 ] Request (ListImageFiltersTestJSON:setUpClass): 204 PUT http://10.180.1.21/identity/v3/projects/b9b496ae352c4fdd9fac8da95074f3e1/users/78f064593bc6418fb7ced38fc3038ea8/roles/90a6a3e6c7d44a9ba92486d85149a015 0.044s
2025-05-06 08:23:04.357 70232 INFO tempest.lib.common.dynamic_creds [-] Dynamic test user 78f064593bc6418fb7ced38fc3038ea8 is created with scope project and roles: ['member']
2025-05-06 08:23:04.358 70232 INFO tempest.lib.common.dynamic_creds [-] Acquired dynamic creds: credentials: Credentials: {'domain_id': 'default', 'domain_name': 'Default', 'username': 'tempest-ListImageFiltersTestJSON-1493540391-project-member', 'project_domain_id': 'default', 'project_domain_name': 'Default', 'project_id': 'b9b496ae352c4fdd9fac8da95074f3e1', 'project_name': 'tempest-ListImageFiltersTestJSON-1493540391', 'tenant_id': 'b9b496ae352c4fdd9fac8da95074f3e1', 'tenant_name': 'tempest-ListImageFiltersTestJSON-1493540391', 'user_domain_id': 'default', 'user_domain_name': 'Default', 'user_id': '78f064593bc6418fb7ced38fc3038ea8', 'system': None}, Network: None, Subnet: None, Router: None
2025-05-06 08:23:04.358 70232 INFO tempest.lib.common.dynamic_creds [-] Created isolated network resources for: credentials: Credentials: {'domain_id': 'default', 'domain_name': 'Default', 'username': 'tempest-ListImageFiltersTestJSON-1493540391-project-member', 'project_domain_id': 'default', 'project_domain_name': 'Default', 'project_id': 'b9b496ae352c4fdd9fac8da95074f3e1', 'project_name': 'tempest-ListImageFiltersTestJSON-1493540391', 'tenant_id': 'b9b496ae352c4fdd9fac8da95074f3e1', 'tenant_name': 'tempest-ListImageFiltersTestJSON-1493540391', 'user_domain_id': 'default', 'user_domain_name': 'Default', 'user_id': '78f064593bc6418fb7ced38fc3038ea8', 'system': None}, Network: None, Subnet: None, Router: None
2025-05-06 08:23:04.363 70280 INFO tempest.common.waiters [-] State transition "BUILD/None" ==> "BUILD/block_device_mapping" after 17 second wait
2025-05-06 08:23:04.389 70274 INFO tempest.lib.common.rest_client [req-4c531d72-6c53-406e-a449-bad08765c1c4 req-4c531d72-6c53-406e-a449-bad08765c1c4 ] Request (QuotasAdminTestJSON:tearDownClass): 204 DELETE http://10.180.1.21/identity/v3/projects/ce2d6bdce14e45c2b177132a5cd4e07d 0.092s
2025-05-06 08:23:04.390 70274 INFO tempest.lib.common.dynamic_creds [-] Deleting project and security group for project: a44f969cdda74921bafe4af35b82517c
2025-05-06 08:23:04.457 70232 INFO tempest.lib.common.rest_client [req-c51c3dea-1493-4988-b56f-4a4190ce44eb req-c51c3dea-1493-4988-b56f-4a4190ce44eb ] Request (ListImageFiltersTestJSON:setUpClass): 201 POST http://10.180.1.21/identity/v3/auth/tokens 0.094s
2025-05-06 08:23:04.460 70220 INFO tempest.lib.common.rest_client [req-15f22ce7-4b39-4e9e-8a07-1273caedfbb2 req-15f22ce7-4b39-4e9e-8a07-1273caedfbb2 ] Request (ListServersNegativeTestJSON:setUpClass): 204 DELETE http://10.180.1.21/compute/v2.1/servers/3fd54b7d-43fb-48cf-b8ca-9d29dad0cc93 2.062s
2025-05-06 08:23:04.496 70238 INFO tempest.lib.common.rest_client [req-551f3061-9be9-4275-b76e-a268ae3ed893 req-551f3061-9be9-4275-b76e-a268ae3ed893 ] Request (ServersWithSpecificFlavorTestJSON:test_verify_created_server_ephemeral_disk): 200 GET http://10.180.1.21/compute/v2.1/servers/b97e913f-c3de-4a72-ac6f-ffccfcfe6d25 2.092s
2025-05-06 08:23:04.529 70272 INFO tempest.lib.common.rest_client [req-d97ea97e-bd7a-4480-a721-ed221549c7ee req-d97ea97e-bd7a-4480-a721-ed221549c7ee ] Request (ServerAddressesTestJSON:test_list_server_addresses): 200 GET http://10.180.1.21/compute/v2.1/servers/bd231ac8-1839-4173-8a22-ca80384103fa/ips 1.761s
2025-05-06 08:23:04.562 70274 INFO tempest.lib.common.rest_client [req-b2db1da9-1d8c-4c6e-8d28-ff2e54ca6102 req-b2db1da9-1d8c-4c6e-8d28-ff2e54ca6102 ] Request (QuotasAdminTestJSON:tearDownClass): 200 GET http://10.180.1.21:9696/networking/v2.0/security-groups?tenant_id=a44f969cdda74921bafe4af35b82517c&name=default 0.172s
2025-05-06 08:23:04.654 70282 INFO tempest.lib.common.rest_client [req-f7f69630-2656-495e-9f56-2a10565ed78c req-f7f69630-2656-495e-9f56-2a10565ed78c ] Request (QuotasAdminNegativeTest:test_create_server_when_memory_quota_is_full): 200 PUT http://10.180.1.21/compute/v2.1/os-quota-sets/06fc2f9582d14729a9b41a0afd7f473c 1.998s
2025-05-06 08:23:04.680 70224 INFO tempest.lib.common.rest_client [req-43ee7d4a-9a60-4e47-8b61-abcb03e39206 req-43ee7d4a-9a60-4e47-8b61-abcb03e39206 ] Request (QuotasTestJSON:test_compare_tenant_quotas_with_default_quotas): 200 GET http://10.180.1.21/compute/v2.1/os-quota-sets/690554ac5c224e2d8c7f5c6922f8a54b/defaults 1.646s
2025-05-06 08:23:04.724 70252 INFO tempest.lib.common.rest_client [req-0d83fafd-ae9a-4b5a-8526-d94dcfc96387 req-0d83fafd-ae9a-4b5a-8526-d94dcfc96387 ] Request (DeleteServersAdminTestJSON:test_delete_server_while_in_error_state): 200 GET http://10.180.1.21/compute/v2.1/servers/bda4aec8-266d-420a-9b3b-75af4deb8a8d 1.611s
2025-05-06 08:23:04.736 70274 INFO tempest.lib.common.rest_client [req-dc86e252-309f-4240-9f9d-b712e8ed26ff req-dc86e252-309f-4240-9f9d-b712e8ed26ff ] Request (QuotasAdminTestJSON:tearDownClass): 204 DELETE http://10.180.1.21:9696/networking/v2.0/security-groups/9bacee86-6642-4747-ad66-738a5a405a15 0.173s
2025-05-06 08:23:04.736 70252 INFO tempest.common.waiters [-] State transition "BUILD/scheduling" ==> "BUILD/None" after 2 second wait
2025-05-06 08:23:04.737 70248 INFO tempest.lib.common.rest_client [req-c6de235b-2c33-4e89-aa23-a7c3b411d485 req-c6de235b-2c33-4e89-aa23-a7c3b411d485 ] Request (ImagesOneServerNegativeTestJSON:setUpClass): 200 GET http://10.180.1.21/compute/v2.1/servers/08a7846f-ac7f-47ef-ae49-fafd66163176 1.557s
2025-05-06 08:23:04.740 70282 INFO tempest.lib.common.rest_client [req-de49d155-b5fb-4dac-bc32-7a1714a6d734 req-de49d155-b5fb-4dac-bc32-7a1714a6d734 ] Request (QuotasAdminNegativeTest:test_create_server_when_memory_quota_is_full): 201 POST http://10.180.1.21/identity/v3/auth/tokens 0.081s
2025-05-06 08:23:04.741 70282 INFO tempest.lib.common.fixed_network [-] (QuotasAdminNegativeTest:test_create_server_when_memory_quota_is_full) Found network None available for tenant
2025-05-06 08:23:04.800 70276 INFO tempest.lib.common.rest_client [req-7e521d94-73d9-459f-8203-29f0e7edecb6 req-7e521d94-73d9-459f-8203-29f0e7edecb6 ] Request (FloatingIPsAssociationTestJSON:setUpClass): 200 GET http://10.180.1.21/compute/v2.1/servers/5c226156-e597-42b0-bc7b-6ea6cc105004 1.497s
2025-05-06 08:23:04.863 70274 INFO tempest.lib.common.rest_client [req-a24db70a-15a3-40fb-b15f-871588bed10a req-a24db70a-15a3-40fb-b15f-871588bed10a ] Request (QuotasAdminTestJSON:tearDownClass): 204 DELETE http://10.180.1.21/identity/v3/projects/a44f969cdda74921bafe4af35b82517c 0.127s
2025-05-06 08:23:04.941 70274 INFO tempest.lib.common.rest_client [req-b6097854-6a5d-4e1e-9fce-164232f041e2 req-b6097854-6a5d-4e1e-9fce-164232f041e2 ] Request (AttachInterfacesTestJSON:setUpClass): 201 POST http://10.180.1.21/identity/v3/auth/tokens 0.075s
2025-05-06 08:23:04.944 70266 INFO tempest.lib.common.rest_client [req-d73e73f9-4603-4f78-8660-dc0aa4c11aff req-d73e73f9-4603-4f78-8660-dc0aa4c11aff ] Request (SecurityGroupRulesTestJSON:test_security_group_rules_delete_when_peer_group_deleted): 202 DELETE http://10.180.1.21/compute/v2.1/os-security-groups/4d99c732-eec8-40dd-b166-955d598efcd1 1.691s
2025-05-06 08:23:04.983 70274 INFO tempest.lib.common.rest_client [req-5ac5fc05-3b95-48df-b243-b8f8e54fe747 req-5ac5fc05-3b95-48df-b243-b8f8e54fe747 ] Request (AttachInterfacesTestJSON:setUpClass): 201 POST http://10.180.1.21/identity/v3/auth/tokens 0.040s
2025-05-06 08:23:05.001 70232 INFO tempest.lib.common.rest_client [req-4bc0d62f-88c5-442d-8170-734925206f45 req-4bc0d62f-88c5-442d-8170-734925206f45 ] Request (ListImageFiltersTestJSON:setUpClass): 201 POST http://10.180.1.21/image/v2/images 0.543s
2025-05-06 08:23:05.015 70244 INFO tempest.lib.common.rest_client [req-393412d6-19f4-4fc5-af9b-21e78314f248 req-393412d6-19f4-4fc5-af9b-21e78314f248 ] Request (InstanceActionsV221TestJSON:test_get_list_deleted_instance_actions): 200 GET http://10.180.1.21/compute/v2.1/servers/d11aba1e-cae3-47fb-9def-3e4540f89e50 1.530s
2025-05-06 08:23:05.017 70274 INFO tempest.lib.common.rest_client [req-04e0c4b6-b34e-4d74-b053-eced2002a22c req-04e0c4b6-b34e-4d74-b053-eced2002a22c ] Request (AttachInterfacesTestJSON:setUpClass): 200 GET http://10.180.1.21/identity/v3/domains?name=Default 0.032s
2025-05-06 08:23:05.051 70274 INFO tempest.lib.common.rest_client [req-1f581a6e-79d6-4cca-8251-6534cef75a45 req-1f581a6e-79d6-4cca-8251-6534cef75a45 ] Request (AttachInterfacesTestJSON:setUpClass): 201 POST http://10.180.1.21/identity/v3/projects 0.033s
2025-05-06 08:23:05.099 70264 INFO tempest.lib.common.rest_client [req-d4d7ec9a-caa9-4073-88b0-f92ad47a8f82 req-d4d7ec9a-caa9-4073-88b0-f92ad47a8f82 ] Request (ServersAdmin275Test:_run_cleanups): 200 GET http://10.180.1.21/compute/v2.1/servers/8d66c5e5-c8ad-4aed-83cb-d629ba0239b3 1.532s
2025-05-06 08:23:05.110 70250 INFO tempest.lib.common.rest_client [req-d25046df-2e4d-451b-bb35-289cbd3a39ff req-d25046df-2e4d-451b-bb35-289cbd3a39ff ] Request (KeyPairsV22TestJSON:test_keypairsv22_create_list_show_with_type): 200 GET http://10.180.1.21/compute/v2.1/os-keypairs 1.287s
2025-05-06 08:23:05.144 70260 INFO tempest.lib.common.rest_client [req-9967297a-d6f4-4277-8634-6a2f8f2f3ee4 req-9967297a-d6f4-4277-8634-6a2f8f2f3ee4 ] Request (ServersTestBootFromVolume:setUpClass): 201 POST http://10.180.1.21:9696/networking/v2.0/routers 1.576s
2025-05-06 08:23:05.148 70274 INFO tempest.lib.common.rest_client [req-87ebfc8c-bee1-4cbc-9c27-0db34da0998f req-87ebfc8c-bee1-4cbc-9c27-0db34da0998f ] Request (AttachInterfacesTestJSON:setUpClass): 201 POST http://10.180.1.21/identity/v3/users 0.096s
2025-05-06 08:23:05.163 70246 INFO tempest.lib.common.rest_client [req-30e86ce9-8100-4c9c-913c-b46ac35e3ad5 req-30e86ce9-8100-4c9c-913c-b46ac35e3ad5 ] Request (ServerActionsV293TestJSON:setUpClass): 200 GET http://10.180.1.21/volume/v3/volumes/cfe77342-0b09-43a0-87c2-c8643b931434 0.043s
2025-05-06 08:23:05.179 70274 INFO tempest.lib.common.rest_client [req-3b8cc131-92a8-4aca-84ff-a45b077549eb req-3b8cc131-92a8-4aca-84ff-a45b077549eb ] Request (AttachInterfacesTestJSON:setUpClass): 200 GET http://10.180.1.21/identity/v3/roles 0.030s
2025-05-06 08:23:05.189 70226 INFO tempest.lib.common.rest_client [req-78d816ec-3ea3-4a68-92e9-4942352aa694 req-78d816ec-3ea3-4a68-92e9-4942352aa694 ] Request (ServerTagsTestJSON:setUpClass): 200 GET http://10.180.1.21/compute/v2.1/servers/33ba1953-b692-4305-8298-8284e46d5ef8 1.343s
2025-05-06 08:23:05.222 70274 INFO tempest.lib.common.rest_client [req-9b0a00f7-624a-4a9a-8fa2-e3d0641c00ef req-9b0a00f7-624a-4a9a-8fa2-e3d0641c00ef ] Request (AttachInterfacesTestJSON:setUpClass): 204 PUT http://10.180.1.21/identity/v3/projects/cc436384d0b44bb8a68e0f0277a1eb87/users/4187b3d20c0e440f82734e725231857c/roles/90a6a3e6c7d44a9ba92486d85149a015 0.043s
2025-05-06 08:23:05.223 70274 INFO tempest.lib.common.dynamic_creds [-] Dynamic test user 4187b3d20c0e440f82734e725231857c is created with scope project and roles: ['member']
2025-05-06 08:23:05.223 70274 INFO tempest.lib.common.dynamic_creds [-] Acquired dynamic creds: credentials: Credentials: {'domain_id': 'default', 'domain_name': 'Default', 'username': 'tempest-AttachInterfacesTestJSON-1358921315-project-member', 'project_domain_id': 'default', 'project_domain_name': 'Default', 'project_id': 'cc436384d0b44bb8a68e0f0277a1eb87', 'project_name': 'tempest-AttachInterfacesTestJSON-1358921315', 'tenant_id': 'cc436384d0b44bb8a68e0f0277a1eb87', 'tenant_name': 'tempest-AttachInterfacesTestJSON-1358921315', 'user_domain_id': 'default', 'user_domain_name': 'Default', 'user_id': '4187b3d20c0e440f82734e725231857c', 'system': None}, Network: None, Subnet: None, Router: None
2025-05-06 08:23:05.317 70274 INFO tempest.lib.common.rest_client [req-5494cc9d-cdbf-465f-aa4c-7bd74cc95cbf req-5494cc9d-cdbf-465f-aa4c-7bd74cc95cbf ] Request (AttachInterfacesTestJSON:setUpClass): 201 POST http://10.180.1.21/identity/v3/auth/tokens 0.094s
2025-05-06 08:23:05.340 70257 INFO tempest.lib.common.rest_client [req-5af3ca41-5417-44be-9052-eff20f5958e7 req-5af3ca41-5417-44be-9052-eff20f5958e7 ] Request (ServerDiagnosticsV248Test:test_get_server_diagnostics): 200 GET http://10.180.1.21/compute/v2.1/servers/6b2238be-641f-4e97-a83b-bea64ecaff30/diagnostics 1.927s
2025-05-06 08:23:05.418 70270 INFO tempest.lib.common.rest_client [req-137c3baf-0eeb-4a88-b8bb-52eb037264d1 req-137c3baf-0eeb-4a88-b8bb-52eb037264d1 ] Request (ServerActionsTestJSON:setUpClass): 200 GET http://10.180.1.21/compute/v2.1/servers/3a26d4c7-aeaf-4695-a9df-fe4c578fe5e2 1.511s
2025-05-06 08:23:05.614 70240 INFO tempest.lib.common.rest_client [req-6ef7ed94-e130-4341-9faf-6f57b3157810 req-6ef7ed94-e130-4341-9faf-6f57b3157810 ] Request (ServersAdminTestJSON:setUpClass): 202 POST http://10.180.1.21/compute/v2.1/servers 1.719s
2025-05-06 08:23:05.624 70278 INFO tempest.lib.common.rest_client [req-2a487a1c-020e-42f2-936a-d39498d5de77 req-2a487a1c-020e-42f2-936a-d39498d5de77 ] Request (AttachInterfacesUnderV243Test:test_add_remove_fixed_ip): 200 GET http://10.180.1.21/compute/v2.1/servers/af07841b-b3cf-4064-aa18-46cf941305cf 1.620s
2025-05-06 08:23:05.638 70278 INFO tempest.common.waiters [-] State transition "BUILD/spawning" ==> "ACTIVE/None" after 29 second wait
2025-05-06 08:23:05.649 70222 INFO tempest.lib.common.rest_client [req-2207b06b-7e8e-496d-9eba-aa9941d32eaf req-2207b06b-7e8e-496d-9eba-aa9941d32eaf ] Request (AggregatesAdminNegativeTestJSON:test_aggregate_get_details_with_invalid_id): 404 GET http://10.180.1.21/compute/v2.1/os-aggregates/-1 1.598s
2025-05-06 08:23:05.661 70234 INFO tempest.lib.common.rest_client [req-4f83e885-ed35-4c1f-8232-92b6998a5f80 req-4f83e885-ed35-4c1f-8232-92b6998a5f80 ] Request (FlavorsAccessNegativeTestJSON:_run_cleanups): 200 GET http://10.180.1.21/compute/v2.1/flavors/detail 1.638s
2025-05-06 08:23:05.688 70268 INFO tempest.lib.common.rest_client [req-014b0d99-1481-428c-8f9f-175340c1740c req-014b0d99-1481-428c-8f9f-175340c1740c ] Request (FlavorsAdminTestJSON:test_is_public_string_variations): 200 POST http://10.180.1.21/compute/v2.1/flavors 1.478s
2025-05-06 08:23:05.775 70234 INFO tempest.lib.common.rest_client [req-762ef60d-5846-4adf-8b2f-6a0d296898a2 req-762ef60d-5846-4adf-8b2f-6a0d296898a2 ] Request (FlavorsAccessNegativeTestJSON:tearDownClass): 204 DELETE http://10.180.1.21/identity/v3/users/ccdabaf2aefe44efabf7f183968f0437 0.100s
2025-05-06 08:23:05.783 70274 INFO tempest.lib.common.rest_client [req-97788669-ac96-4260-a2fa-11b84b1b56a9 req-97788669-ac96-4260-a2fa-11b84b1b56a9 ] Request (AttachInterfacesTestJSON:setUpClass): 201 POST http://10.180.1.21:9696/networking/v2.0/networks 0.466s
2025-05-06 08:23:05.898 70234 INFO tempest.lib.common.rest_client [req-3a325963-e9f4-481b-abe9-b4c4754163ee req-3a325963-e9f4-481b-abe9-b4c4754163ee ] Request (FlavorsAccessNegativeTestJSON:tearDownClass): 204 DELETE http://10.180.1.21/identity/v3/users/8a04a0eb400a49959d3f9597d9238ae6 0.123s
2025-05-06 08:23:05.959 70220 INFO tempest.lib.common.rest_client [req-01ab71d6-b364-4384-9ef8-c45cfd250eab req-01ab71d6-b364-4384-9ef8-c45cfd250eab ] Request (ListServersNegativeTestJSON:setUpClass): 200 GET http://10.180.1.21/compute/v2.1/servers/3fd54b7d-43fb-48cf-b8ca-9d29dad0cc93 1.498s
2025-05-06 08:23:05.992 70272 INFO tempest.lib.common.rest_client [req-7d544785-9cc1-4319-8c3a-3d4ff894bafb req-7d544785-9cc1-4319-8c3a-3d4ff894bafb ] Request (ServerAddressesTestJSON:test_list_server_addresses_by_network): 200 GET http://10.180.1.21/compute/v2.1/servers/bd231ac8-1839-4173-8a22-ca80384103fa/ips 1.457s
2025-05-06 08:23:06.033 70234 INFO tempest.lib.common.rest_client [req-c1315667-2081-48bc-9ef6-ccb1040b3ad3 req-c1315667-2081-48bc-9ef6-ccb1040b3ad3 ] Request (FlavorsAccessNegativeTestJSON:tearDownClass): 204 DELETE http://10.180.1.21/identity/v3/users/0d6bbe1b4849469a85f16dd8bc259792 0.134s
2025-05-06 08:23:06.033 70234 INFO tempest.lib.common.dynamic_creds [-] Deleting project and security group for project: af9ad7b530074be8a29f7b10a7bcf01c
2025-05-06 08:23:06.169 70224 INFO tempest.lib.common.rest_client [req-7fbe19cf-f4f3-48a2-b47d-b944c9528ad1 req-7fbe19cf-f4f3-48a2-b47d-b944c9528ad1 ] Request (QuotasTestJSON:test_compare_tenant_quotas_with_default_quotas): 200 GET http://10.180.1.21/compute/v2.1/os-quota-sets/690554ac5c224e2d8c7f5c6922f8a54b 1.486s
2025-05-06 08:23:06.185 70234 INFO tempest.lib.common.rest_client [req-e545607c-e7e1-495c-803d-cfb2a789c00c req-e545607c-e7e1-495c-803d-cfb2a789c00c ] Request (FlavorsAccessNegativeTestJSON:tearDownClass): 201 POST http://10.180.1.21/identity/v3/auth/tokens 0.152s
2025-05-06 08:23:06.229 70246 INFO tempest.lib.common.rest_client [req-0c3f8e8d-4033-4d56-9731-1826805e0e41 req-0c3f8e8d-4033-4d56-9731-1826805e0e41 ] Request (ServerActionsV293TestJSON:setUpClass): 200 GET http://10.180.1.21/volume/v3/volumes/cfe77342-0b09-43a0-87c2-c8643b931434 0.050s
2025-05-06 08:23:06.288 70274 INFO tempest.lib.common.rest_client [req-46a15a27-cb43-4581-9206-e066b62d0108 req-46a15a27-cb43-4581-9206-e066b62d0108 ] Request (AttachInterfacesTestJSON:setUpClass): 201 POST http://10.180.1.21:9696/networking/v2.0/subnets 0.504s
2025-05-06 08:23:06.512 70228 INFO tempest.lib.common.rest_client [req-8b9adbe4-fd81-4013-87df-6929fda3eace req-8b9adbe4-fd81-4013-87df-6929fda3eace ] Request (VolumesAssistedSnapshotsTest:test_volume_assisted_snapshot_create_delete): 200 GET http://10.180.1.21/compute/v2.1/servers/fdda6ebb-5831-4af0-baf1-6ff61e7ff96d 1.775s
2025-05-06 08:23:06.521 70228 INFO tempest.common.waiters [-] State transition "BUILD/spawning" ==> "ACTIVE/None" after 28 second wait
2025-05-06 08:23:06.536 70262 INFO tempest.lib.common.rest_client [req-3e140ff8-3ccf-4215-af7e-fd8b690c8322 req-3e140ff8-3ccf-4215-af7e-fd8b690c8322 ] Request (FloatingIPDetailsTestJSON:_run_cleanups): 202 DELETE http://10.180.1.21/compute/v2.1/os-floating-ips/c69cf8ae-1d4a-45aa-9b10-47db021fc027 2.350s
2025-05-06 08:23:06.604 70266 INFO tempest.lib.common.rest_client [req-a5ecf311-fc95-4696-8d74-9a86d91e88e5 req-a5ecf311-fc95-4696-8d74-9a86d91e88e5 ] Request (SecurityGroupRulesTestJSON:test_security_group_rules_delete_when_peer_group_deleted): 200 GET http://10.180.1.21/compute/v2.1/os-security-groups/23220a6f-91b9-41c1-a864-d6abd5c00d65 1.659s
2025-05-06 08:23:06.661 70234 INFO tempest.lib.common.rest_client [req-54461ebf-c0d9-48a0-a77f-587bbe9e9b9a req-54461ebf-c0d9-48a0-a77f-587bbe9e9b9a ] Request (FlavorsAccessNegativeTestJSON:tearDownClass): 200 GET http://10.180.1.21:9696/networking/v2.0/security-groups?tenant_id=af9ad7b530074be8a29f7b10a7bcf01c&name=default 0.475s
2025-05-06 08:23:06.799 70254 INFO tempest.lib.common.rest_client [req-9ef59f3a-3e5f-4c52-8b3d-c57414b0cfd1 req-9ef59f3a-3e5f-4c52-8b3d-c57414b0cfd1 ] Request (ServerDiagnosticsNegativeTest:test_get_server_diagnostics_by_non_admin): 200 GET http://10.180.1.21/compute/v2.1/servers/86f32ea8-0324-4c88-afdd-6cdec9c19fdc 1.794s
2025-05-06 08:23:06.827 70250 INFO tempest.lib.common.rest_client [req-657fcbc9-d88f-4322-bfab-b3c100ab9a16 req-657fcbc9-d88f-4322-bfab-b3c100ab9a16 ] Request (KeyPairsV22TestJSON:_run_cleanups): 204 DELETE http://10.180.1.21/compute/v2.1/os-keypairs/tempest-keypair-321954371 1.715s
2025-05-06 08:23:06.940 70250 INFO tempest.lib.common.rest_client [req-dae9ba84-8336-45fe-8c5b-69d3aefbe058 req-dae9ba84-8336-45fe-8c5b-69d3aefbe058 ] Request (KeyPairsV22TestJSON:tearDownClass): 204 DELETE http://10.180.1.21/identity/v3/users/92d190eeca984533b00f2d41e8c0ad86 0.108s
2025-05-06 08:23:06.941 70250 INFO tempest.lib.common.dynamic_creds [-] Deleting project and security group for project: b85a7f3a29b542f5bb9cdc99d829289f
2025-05-06 08:23:06.993 70260 INFO tempest.lib.common.rest_client [req-fb95689b-9eb5-4ef4-b0fb-cc2274e4d1f6 req-fb95689b-9eb5-4ef4-b0fb-cc2274e4d1f6 ] Request (ServersTestBootFromVolume:setUpClass): 200 PUT http://10.180.1.21:9696/networking/v2.0/routers/3b285745-c528-436a-8c30-1c77aa70a1e6/add_router_interface 1.848s
2025-05-06 08:23:06.993 70260 INFO tempest.lib.common.dynamic_creds [-] Created isolated network resources for: credentials: Credentials: {'domain_id': 'default', 'domain_name': 'Default', 'username': 'tempest-ServersTestBootFromVolume-347580199-project-member', 'project_domain_id': 'default', 'project_domain_name': 'Default', 'project_id': '227bf36e8a1b4ab4abc39886d5415a39', 'project_name': 'tempest-ServersTestBootFromVolume-347580199', 'tenant_id': '227bf36e8a1b4ab4abc39886d5415a39', 'tenant_name': 'tempest-ServersTestBootFromVolume-347580199', 'user_domain_id': 'default', 'user_domain_name': 'Default', 'user_id': 'b8cf1c71b1494e27b387a7b846dc15f8', 'system': None}, Network: {'id': 'a9c85ba0-6c59-4ef2-a318-b5cbb42f7731', 'name': 'tempest-ServersTestBootFromVolume-896578375-network', 'tenant_id': '227bf36e8a1b4ab4abc39886d5415a39', 'admin_state_up': True, 'mtu': 8950, 'status': 'ACTIVE', 'subnets': [], 'shared': False, 'project_id': '227bf36e8a1b4ab4abc39886d5415a39', 'port_security_enabled': True, 'router:external': False, 'provider:network_type': 'vlan', 'provider:physical_network': 'default', 'provider:segmentation_id': 662, 'availability_zone_hints': [], 'availability_zones': [], 'ipv4_address_scope': None, 'ipv6_address_scope': None, 'description': '', 'tags': [], 'created_at': '2025-05-06T08:23:02Z', 'updated_at': '2025-05-06T08:23:02Z', 'revision_number': 1}, Subnet: {'id': '5fc00ad5-d59f-40d0-91f0-b42404f5316b', 'name': 'tempest-ServersTestBootFromVolume-896578375-subnet', 'tenant_id': '227bf36e8a1b4ab4abc39886d5415a39', 'network_id': 'a9c85ba0-6c59-4ef2-a318-b5cbb42f7731', 'ip_version': 4, 'subnetpool_id': None, 'enable_dhcp': True, 'ipv6_ra_mode': None, 'ipv6_address_mode': None, 'gateway_ip': '192.168.128.1', 'cidr': '192.168.128.0/28', 'allocation_pools': [{'start': '192.168.128.2', 'end': '192.168.128.14'}], 'host_routes': [], 'dns_nameservers': [], 'description': '', 'router:external': False, 'service_types': [], 'tags': [], 'created_at': '2025-05-06T08:23:03Z', 'updated_at': '2025-05-06T08:23:03Z', 'revision_number': 0, 'project_id': '227bf36e8a1b4ab4abc39886d5415a39'}, Router: {'id': '3b285745-c528-436a-8c30-1c77aa70a1e6', 'name': 'tempest-ServersTestBootFromVolume-896578375-router', 'tenant_id': '227bf36e8a1b4ab4abc39886d5415a39', 'admin_state_up': True, 'status': 'ACTIVE', 'external_gateway_info': {'network_id': 'ac50e518-3d48-46db-bb64-9c832e178daf', 'external_fixed_ips': [{'subnet_id': '6f634fbb-5214-490d-ace3-a53e93935c8e', 'ip_address': '10.180.180.141'}], 'enable_snat': True}, 'description': '', 'availability_zones': [], 'distributed': False, 'ha': False, 'availability_zone_hints': [], 'routes': [], 'flavor_id': None, 'tags': [], 'created_at': '2025-05-06T08:23:03Z', 'updated_at': '2025-05-06T08:23:04Z', 'revision_number': 2, 'project_id': '227bf36e8a1b4ab4abc39886d5415a39'}
2025-05-06 08:23:07.004 70234 INFO tempest.lib.common.rest_client [req-579a97c6-70de-40bd-b07e-44299753519e req-579a97c6-70de-40bd-b07e-44299753519e ] Request (FlavorsAccessNegativeTestJSON:tearDownClass): 204 DELETE http://10.180.1.21:9696/networking/v2.0/security-groups/caea3429-905c-42a0-b5a1-9c2f08c075d5 0.342s
2025-05-06 08:23:07.004 70282 INFO tempest.lib.common.rest_client [req-fb9212b5-08e4-4f88-b99d-1ae4b828b1da req-fb9212b5-08e4-4f88-b99d-1ae4b828b1da ] Request (QuotasAdminNegativeTest:test_create_server_when_memory_quota_is_full): 403 POST http://10.180.1.21/compute/v2.1/servers 2.263s
2025-05-06 08:23:07.040 70250 INFO tempest.lib.common.rest_client [req-b6e656e4-0ae1-4f70-8588-f65467e120a4 req-b6e656e4-0ae1-4f70-8588-f65467e120a4 ] Request (KeyPairsV22TestJSON:tearDownClass): 201 POST http://10.180.1.21/identity/v3/auth/tokens 0.099s
2025-05-06 08:23:07.061 70232 INFO tempest.lib.common.rest_client [req-867fd483-39bd-4e97-8919-ee96a8befd47 req-867fd483-39bd-4e97-8919-ee96a8befd47 ] Request (ListImageFiltersTestJSON:setUpClass): 204 PUT http://10.180.1.21/image/v2/images/540e3814-7c5a-462b-8be9-c30ff09080fd/file 1.058s
2025-05-06 08:23:07.119 70257 INFO tempest.lib.common.rest_client [req-16960c2e-14f0-4790-844a-270c604e0311 req-16960c2e-14f0-4790-844a-270c604e0311 ] Request (ServerDiagnosticsV248Test:tearDownClass): 204 DELETE http://10.180.1.21/compute/v2.1/servers/6b2238be-641f-4e97-a83b-bea64ecaff30 1.764s
2025-05-06 08:23:07.140 70260 INFO tempest.lib.common.rest_client [req-c4f7278d-135c-4627-a3a8-5574c28c7f66 req-c4f7278d-135c-4627-a3a8-5574c28c7f66 ] Request (ServersTestBootFromVolume:setUpClass): 201 POST http://10.180.1.21/identity/v3/auth/tokens 0.141s
2025-05-06 08:23:07.157 70234 INFO tempest.lib.common.rest_client [req-906a0f13-5c2c-4b3f-b67c-c4e6faec775e req-906a0f13-5c2c-4b3f-b67c-c4e6faec775e ] Request (FlavorsAccessNegativeTestJSON:tearDownClass): 204 DELETE http://10.180.1.21/identity/v3/projects/af9ad7b530074be8a29f7b10a7bcf01c 0.153s
