2025-05-06 08:24:53.153 70234 INFO tempest.lib.common.rest_client [req-410fd606-5e60-4046-acb8-5d2b9ad6ac01 req-410fd606-5e60-4046-acb8-5d2b9ad6ac01 ] Request (ServerShowV257Test:tearDownClass): 200 GET http://10.180.1.21/compute/v2.1/servers/78616ef2-91a3-4a1e-946e-cfbc67de846d 0.224s
2025-05-06 08:24:53.234 70278 INFO tempest.lib.common.rest_client [req-d0c9f4ba-de0a-44b7-bd71-163b0d91d953 req-d0c9f4ba-de0a-44b7-bd71-163b0d91d953 ] Request (AttachInterfacesUnderV243Test:_run_cleanups): 200 GET http://10.180.1.21/compute/v2.1/servers/af07841b-b3cf-4064-aa18-46cf941305cf 0.261s
2025-05-06 08:24:53.306 70250 INFO tempest.lib.common.rest_client [req-ae794d36-6e40-4064-b939-0609b1b8d8e3 req-ae794d36-6e40-4064-b939-0609b1b8d8e3 ] Request (ServersTestMultiNic:_run_cleanups): 200 GET http://10.180.1.21/compute/v2.1/servers/fadebc22-a7c0-484f-b613-662531256145 0.465s
2025-05-06 08:24:53.318 70252 INFO tempest.lib.common.rest_client [req-9b0ff4cf-c142-4eaf-817f-94e9ab0e574d req-9b0ff4cf-c142-4eaf-817f-94e9ab0e574d ] Request (ServersTestManualDisk:setUpClass): 200 GET http://10.180.1.21/compute/v2.1/servers/ce9aac70-29d1-4205-b456-6b03b4dd8b7b 0.254s
2025-05-06 08:24:53.321 70228 INFO tempest.lib.common.rest_client [req-731ca88c-32b3-4516-927a-f810f97fd783 req-731ca88c-32b3-4516-927a-f810f97fd783 ] Request (SecurityGroupsTestJSON:setUpClass): 200 PUT http://10.180.1.21:9696/networking/v2.0/routers/6c2116cd-f682-4cb1-8c46-c4793145e5b4/add_router_interface 1.669s
2025-05-06 08:24:53.321 70228 INFO tempest.lib.common.dynamic_creds [-] Created isolated network resources for: credentials: Credentials: {'domain_id': 'default', 'domain_name': 'Default', 'username': 'tempest-SecurityGroupsTestJSON-431741654-project-member', 'project_domain_id': 'default', 'project_domain_name': 'Default', 'project_id': '0dda6b30a43c4a33b9ee16db109c6234', 'project_name': 'tempest-SecurityGroupsTestJSON-431741654', 'tenant_id': '0dda6b30a43c4a33b9ee16db109c6234', 'tenant_name': 'tempest-SecurityGroupsTestJSON-431741654', 'user_domain_id': 'default', 'user_domain_name': 'Default', 'user_id': '0596ca5bcd5d424f84fe840932390fae', 'system': None}, Network: {'id': '7ac056bb-bbfb-4e7e-b631-01cf684cd10f', 'name': 'tempest-SecurityGroupsTestJSON-144352287-network', 'tenant_id': '0dda6b30a43c4a33b9ee16db109c6234', 'admin_state_up': True, 'mtu': 8950, 'status': 'ACTIVE', 'subnets': [], 'shared': False, 'project_id': '0dda6b30a43c4a33b9ee16db109c6234', 'port_security_enabled': True, 'router:external': False, 'provider:network_type': 'vlan', 'provider:physical_network': 'default', 'provider:segmentation_id': 140, 'availability_zone_hints': [], 'availability_zones': [], 'ipv4_address_scope': None, 'ipv6_address_scope': None, 'description': '', 'tags': [], 'created_at': '2025-05-06T08:24:50Z', 'updated_at': '2025-05-06T08:24:50Z', 'revision_number': 1}, Subnet: {'id': '807ca82f-61c9-49d0-816d-ad0925121252', 'name': 'tempest-SecurityGroupsTestJSON-144352287-subnet', 'tenant_id': '0dda6b30a43c4a33b9ee16db109c6234', 'network_id': '7ac056bb-bbfb-4e7e-b631-01cf684cd10f', 'ip_version': 4, 'subnetpool_id': None, 'enable_dhcp': True, 'ipv6_ra_mode': None, 'ipv6_address_mode': None, 'gateway_ip': '192.168.128.1', 'cidr': '192.168.128.0/28', 'allocation_pools': [{'start': '192.168.128.2', 'end': '192.168.128.14'}], 'host_routes': [], 'dns_nameservers': [], 'description': '', 'router:external': False, 'service_types': [], 'tags': [], 'created_at': '2025-05-06T08:24:50Z', 'updated_at': '2025-05-06T08:24:50Z', 'revision_number': 0, 'project_id': '0dda6b30a43c4a33b9ee16db109c6234'}, Router: {'id': '6c2116cd-f682-4cb1-8c46-c4793145e5b4', 'name': 'tempest-SecurityGroupsTestJSON-144352287-router', 'tenant_id': '0dda6b30a43c4a33b9ee16db109c6234', 'admin_state_up': True, 'status': 'ACTIVE', 'external_gateway_info': {'network_id': 'ac50e518-3d48-46db-bb64-9c832e178daf', 'external_fixed_ips': [{'subnet_id': '6f634fbb-5214-490d-ace3-a53e93935c8e', 'ip_address': '10.180.180.138'}], 'enable_snat': True}, 'description': '', 'availability_zones': [], 'distributed': False, 'ha': False, 'availability_zone_hints': [], 'routes': [], 'flavor_id': None, 'tags': [], 'created_at': '2025-05-06T08:24:50Z', 'updated_at': '2025-05-06T08:24:51Z', 'revision_number': 2, 'project_id': '0dda6b30a43c4a33b9ee16db109c6234'}
2025-05-06 08:24:53.378 70264 INFO tempest.lib.common.rest_client [req-b17e227a-ca58-4b43-a552-50150131d831 req-b17e227a-ca58-4b43-a552-50150131d831 ] Request (FloatingIPsAssociationNegativeTestJSON:setUpClass): 200 GET http://10.180.1.21/compute/v2.1/servers/ce1c1a25-2095-4f6e-a9d3-194351c69ae5 0.264s
2025-05-06 08:24:53.379 70222 INFO tempest.lib.common.rest_client [req-392f74af-0add-41f7-8c0c-95fb4fc47ee9 req-392f74af-0add-41f7-8c0c-95fb4fc47ee9 ] Request (InstanceActionsTestJSON:setUpClass): 200 GET http://10.180.1.21/compute/v2.1/servers/faab6f2d-3f7f-4adb-a71b-2319c56d706a 0.169s
2025-05-06 08:24:53.432 70228 INFO tempest.lib.common.rest_client [req-0f66187d-df74-4969-9cf9-8eccd053d94a req-0f66187d-df74-4969-9cf9-8eccd053d94a ] Request (SecurityGroupsTestJSON:setUpClass): 201 POST http://10.180.1.21/identity/v3/auth/tokens 0.108s
2025-05-06 08:24:53.443 70257 INFO tempest.lib.common.rest_client [req-56ee5ab1-e61c-46d6-8ee6-bef57bbac43e req-56ee5ab1-e61c-46d6-8ee6-bef57bbac43e ] Request (ImagesNegativeTestJSON:test_create_image_from_deleted_server): 200 GET http://10.180.1.21/compute/v2.1/servers/50c433bb-66a1-4587-9ff7-fbbf3596587a 0.165s
2025-05-06 08:24:53.529 70236 INFO tempest.lib.common.rest_client [req-855ec897-df91-4abb-932f-88ef587eee03 req-855ec897-df91-4abb-932f-88ef587eee03 ] Request (ServersTestFqdnHostnames:tearDownClass): 200 GET http://10.180.1.21/compute/v2.1/servers/30ef4444-a9fb-41c8-befd-5a4d6304157e 0.165s
2025-05-06 08:24:53.532 70246 INFO tempest.lib.common.rest_client [req-c33b74c3-f015-438a-9920-d1e33d191f10 req-c33b74c3-f015-438a-9920-d1e33d191f10 ] Request (ServerActionsV293TestJSON:test_rebuild_volume_backed_server): 200 GET http://10.180.1.21/compute/v2.1/servers/f4205f1b-fc63-496a-8cf6-d41a71f14e36 0.196s
2025-05-06 08:24:53.546 70246 INFO tempest.common.waiters [-] State transition "REBUILD/rebuilding" ==> "ERROR/None" after 6 second wait
2025-05-06 08:24:53.589 70242 INFO tempest.lib.common.rest_client [req-e472f72c-55e7-42e6-ab91-ccf57d8fb4bd req-e472f72c-55e7-42e6-ab91-ccf57d8fb4bd ] Request (ServerExternalEventsTest:tearDownClass): 200 GET http://10.180.1.21/compute/v2.1/servers/d5d427de-4146-4712-a169-403cb430af2d 0.172s
2025-05-06 08:24:53.638 70248 INFO tempest.lib.common.rest_client [req-3c417f67-a325-4fe7-8163-787d30b8911f req-3c417f67-a325-4fe7-8163-787d30b8911f ] Request (ImagesOneServerNegativeTestJSON:_run_cleanups): 200 GET http://10.180.1.21/compute/v2.1/servers/0928cc3f-e729-4400-bdfd-ac55c9c1dfa4 0.162s
2025-05-06 08:24:53.697 70280 INFO tempest.lib.common.rest_client [req-b1a80a73-511e-4779-bf68-bee772f5c163 req-b1a80a73-511e-4779-bf68-bee772f5c163 ] Request (ServersAdminNegativeTestJSON:tearDownClass): 200 GET http://10.180.1.21/compute/v2.1/servers/f90ddb31-e6d1-4c72-beeb-af6a60afa09b 0.173s
2025-05-06 08:24:53.724 70228 INFO tempest.lib.common.rest_client [req-5129d76d-b344-4f81-bbf2-086691311a7d req-5129d76d-b344-4f81-bbf2-086691311a7d ] Request (SecurityGroupsTestJSON:test_list_security_groups_by_server): 200 POST http://10.180.1.21/compute/v2.1/os-security-groups 0.290s
2025-05-06 08:24:53.774 70246 INFO tempest.lib.common.rest_client [req-bde0ba2e-4302-491a-999f-e2aa3f0661e9 req-bde0ba2e-4302-491a-999f-e2aa3f0661e9 ] Request (ServerActionsV293TestJSON:tearDownClass): 204 DELETE http://10.180.1.21/compute/v2.1/servers/f4205f1b-fc63-496a-8cf6-d41a71f14e36 0.225s
2025-05-06 08:24:53.828 70254 INFO tempest.lib.common.rest_client [req-a4f7fce6-aa9b-4b91-843e-126471f4c1b7 req-a4f7fce6-aa9b-4b91-843e-126471f4c1b7 ] Request (ImagesTestJSON:test_create_image_from_stopped_server): 200 GET http://10.180.1.21/compute/v2.1/servers/08c30c2e-9588-4990-8d85-b747ff174e1b 0.230s
2025-05-06 08:24:53.832 70232 INFO tempest.lib.common.rest_client [req-47277fd9-4147-47a9-89b1-772b7d94ef6f req-47277fd9-4147-47a9-89b1-772b7d94ef6f ] Request (ListImageFiltersTestJSON:setUpClass): 200 GET http://10.180.1.21/compute/v2.1/servers/237ca2d4-176f-4766-b741-bd27dbea3654 0.252s
2025-05-06 08:24:53.840 70232 INFO tempest.common.waiters [-] State transition "ACTIVE/image_uploading" ==> "ACTIVE/None" after 1 second wait
2025-05-06 08:24:53.875 70244 INFO tempest.lib.common.rest_client [req-008c6b2d-10ac-4572-8938-bd11d8d5cc5a req-008c6b2d-10ac-4572-8938-bd11d8d5cc5a ] Request (ServerActionsTestOtherA:setUpClass): 200 GET http://10.180.1.21/compute/v2.1/servers/75bb2855-1e92-47e3-b181-2ace83c7ee2f 0.199s
2025-05-06 08:24:53.928 70228 INFO tempest.lib.common.rest_client [req-40846e77-7687-478a-bb49-e233f9612d74 req-40846e77-7687-478a-bb49-e233f9612d74 ] Request (SecurityGroupsTestJSON:test_list_security_groups_by_server): 200 POST http://10.180.1.21/compute/v2.1/os-security-groups 0.201s
2025-05-06 08:24:53.960 70228 INFO tempest.lib.common.rest_client [req-eac30889-ac9a-4093-aafa-1a11dce0aab3 req-eac30889-ac9a-4093-aafa-1a11dce0aab3 ] Request (SecurityGroupsTestJSON:test_list_security_groups_by_server): 201 POST http://10.180.1.21/identity/v3/auth/tokens 0.027s
2025-05-06 08:24:53.961 70228 INFO tempest.lib.common.fixed_network [-] (SecurityGroupsTestJSON:test_list_security_groups_by_server) Found network {'id': '7ac056bb-bbfb-4e7e-b631-01cf684cd10f', 'name': 'tempest-SecurityGroupsTestJSON-144352287-network', 'tenant_id': '0dda6b30a43c4a33b9ee16db109c6234', 'admin_state_up': True, 'mtu': 8950, 'status': 'ACTIVE', 'subnets': [], 'shared': False, 'project_id': '0dda6b30a43c4a33b9ee16db109c6234', 'port_security_enabled': True, 'router:external': False, 'provider:network_type': 'vlan', 'provider:physical_network': 'default', 'provider:segmentation_id': 140, 'availability_zone_hints': [], 'availability_zones': [], 'ipv4_address_scope': None, 'ipv6_address_scope': None, 'description': '', 'tags': [], 'created_at': '2025-05-06T08:24:50Z', 'updated_at': '2025-05-06T08:24:50Z', 'revision_number': 1} available for tenant
2025-05-06 08:24:53.982 70260 INFO tempest.lib.common.rest_client [req-56f27fba-6813-4dce-977d-14b20f667d4d req-56f27fba-6813-4dce-977d-14b20f667d4d ] Request (ServersTestBootFromVolume:setUpClass): 200 GET http://10.180.1.21/compute/v2.1/servers/8916f208-29a1-4a00-af38-29201d651726 0.228s
2025-05-06 08:24:54.035 70258 INFO tempest.lib.common.rest_client [req-9df951fd-0a67-4838-9fb0-7bd4fc518ed5 req-9df951fd-0a67-4838-9fb0-7bd4fc518ed5 ] Request (VolumesAdminNegativeTest:test_update_attached_volume_with_nonexistent_volume_in_uri): 200 GET http://10.180.1.21/compute/v2.1/servers/21b385b6-9cca-4ed1-8bd2-57336451452a 0.212s
2025-05-06 08:24:54.071 70246 INFO tempest.lib.common.rest_client [req-3cf0ad7e-6723-4373-925f-f128b1691847 req-3cf0ad7e-6723-4373-925f-f128b1691847 ] Request (ServerActionsV293TestJSON:tearDownClass): 200 GET http://10.180.1.21/compute/v2.1/servers/f4205f1b-fc63-496a-8cf6-d41a71f14e36 0.297s
2025-05-06 08:24:54.236 70268 INFO tempest.lib.common.rest_client [req-dec26802-af70-4a0a-b589-7e566c77528a req-dec26802-af70-4a0a-b589-7e566c77528a ] Request (MigrationsAdminTest:test_list_migrations_in_flavor_resize_situation): 200 GET http://10.180.1.21/compute/v2.1/servers/cc9e95be-00b3-4a50-902b-fd06b2809b69 0.392s
2025-05-06 08:24:54.304 70220 INFO tempest.lib.common.rest_client [req-b7b380af-b3fb-4500-b1d8-01640424bf88 req-b7b380af-b3fb-4500-b1d8-01640424bf88 ] Request (ServerAddressesNegativeTestJSON:setUpClass): 200 GET http://10.180.1.21/compute/v2.1/servers/886226c8-616b-43cf-bfc6-aa5aac2ca158 0.403s
2025-05-06 08:24:54.557 70232 INFO tempest.lib.common.rest_client [req-2db7347a-4ae2-4ff4-8e3a-5a07cea4983d req-2db7347a-4ae2-4ff4-8e3a-5a07cea4983d ] Request (ListImageFiltersTestJSON:setUpClass): 202 POST http://10.180.1.21/compute/v2.1/servers/5f87087e-9589-48ea-9d55-721beac9effe/action 0.716s
2025-05-06 08:24:54.619 70226 INFO tempest.lib.common.rest_client [req-a12d2877-9980-4098-bdf6-69496d97d20c req-a12d2877-9980-4098-bdf6-69496d97d20c ] Request (ServersTestJSON:test_create_server_specify_multibyte_character_name): 200 GET http://10.180.1.21/compute/v2.1/servers/fc4343e8-054c-41d5-9d43-010d83bb9135 0.656s
2025-05-06 08:24:54.691 70228 INFO tempest.lib.common.rest_client [req-9cf10f8e-4e78-4ced-8230-fdb357ef40ae req-9cf10f8e-4e78-4ced-8230-fdb357ef40ae ] Request (SecurityGroupsTestJSON:test_list_security_groups_by_server): 202 POST http://10.180.1.21/compute/v2.1/servers 0.729s
2025-05-06 08:24:54.723 70240 INFO tempest.lib.common.rest_client [req-4834a619-92d7-42d2-af45-fa13b41bc2e5 req-4834a619-92d7-42d2-af45-fa13b41bc2e5 ] Request (ServersAdminTestJSON:test_create_server_with_scheduling_hint): 200 GET http://10.180.1.21/compute/v2.1/servers/2de2aaa0-ef92-421d-9590-21e298c6f0bf 0.722s
2025-05-06 08:24:54.733 70240 INFO tempest.common.waiters [-] State transition "BUILD/block_device_mapping" ==> "BUILD/spawning" after 72 second wait
2025-05-06 08:24:54.782 70276 INFO tempest.lib.common.rest_client [req-6c459093-3ee1-4b1c-9d5e-3b5e466f062f req-6c459093-3ee1-4b1c-9d5e-3b5e466f062f ] Request (FloatingIPsAssociationTestJSON:tearDownClass): 200 GET http://10.180.1.21/compute/v2.1/servers/fac32025-0b66-4870-922f-99c9b0f6ee6f 0.751s
2025-05-06 08:24:54.849 70274 INFO tempest.lib.common.rest_client [req-4de715b1-330d-4fff-9d19-8155f0bb86c1 req-4de715b1-330d-4fff-9d19-8155f0bb86c1 ] Request (AttachInterfacesTestJSON:test_create_list_show_delete_interfaces_by_fixed_ip): 200 GET http://10.180.1.21/compute/v2.1/servers/ff779bda-9a1d-44de-b1f8-f8d4b777ebea/os-interface 0.751s
2025-05-06 08:24:54.890 70234 INFO tempest.lib.common.rest_client [req-cec48bc5-87e5-4bd1-a059-219fc87411b2 req-cec48bc5-87e5-4bd1-a059-219fc87411b2 ] Request (ServerShowV257Test:tearDownClass): 200 GET http://10.180.1.21/compute/v2.1/servers/78616ef2-91a3-4a1e-946e-cfbc67de846d 0.725s
2025-05-06 08:24:54.950 70278 INFO tempest.lib.common.rest_client [req-6b1c0a93-94d8-4043-9a93-37f28ab4111e req-6b1c0a93-94d8-4043-9a93-37f28ab4111e ] Request (AttachInterfacesUnderV243Test:_run_cleanups): 200 GET http://10.180.1.21/compute/v2.1/servers/af07841b-b3cf-4064-aa18-46cf941305cf 0.709s
2025-05-06 08:24:54.968 70250 INFO tempest.lib.common.rest_client [req-7c9b871b-4925-4537-aa8d-f20177366fd8 req-7c9b871b-4925-4537-aa8d-f20177366fd8 ] Request (ServersTestMultiNic:_run_cleanups): 200 GET http://10.180.1.21/compute/v2.1/servers/fadebc22-a7c0-484f-b613-662531256145 0.650s
2025-05-06 08:24:55.013 70252 INFO tempest.lib.common.rest_client [req-bfbee0fe-789c-42b8-9190-eda7bf3d5416 req-bfbee0fe-789c-42b8-9190-eda7bf3d5416 ] Request (ServersTestManualDisk:setUpClass): 200 GET http://10.180.1.21/compute/v2.1/servers/ce9aac70-29d1-4205-b456-6b03b4dd8b7b 0.685s
2025-05-06 08:24:55.036 70264 INFO tempest.lib.common.rest_client [req-63d1c0d8-a665-43cd-8378-ed1f2c4cd71f req-63d1c0d8-a665-43cd-8378-ed1f2c4cd71f ] Request (FloatingIPsAssociationNegativeTestJSON:setUpClass): 200 GET http://10.180.1.21/compute/v2.1/servers/ce1c1a25-2095-4f6e-a9d3-194351c69ae5 0.647s
2025-05-06 08:24:55.094 70222 INFO tempest.lib.common.rest_client [req-44c6b1da-d491-4d79-a126-f80e579801fe req-44c6b1da-d491-4d79-a126-f80e579801fe ] Request (InstanceActionsTestJSON:setUpClass): 200 GET http://10.180.1.21/compute/v2.1/servers/faab6f2d-3f7f-4adb-a71b-2319c56d706a 0.700s
2025-05-06 08:24:55.174 70236 INFO tempest.lib.common.rest_client [req-bc0c0894-d28f-4df4-b9d1-f7874661c450 req-bc0c0894-d28f-4df4-b9d1-f7874661c450 ] Request (ServersTestFqdnHostnames:tearDownClass): 200 GET http://10.180.1.21/compute/v2.1/servers/30ef4444-a9fb-41c8-befd-5a4d6304157e 0.632s
2025-05-06 08:24:55.219 70232 INFO tempest.lib.common.rest_client [req-31cc8790-d70b-4d22-bc16-7caf46fc683f req-31cc8790-d70b-4d22-bc16-7caf46fc683f ] Request (ListImageFiltersTestJSON:setUpClass): 200 GET http://10.180.1.21/compute/v2.1/images/f136c92a-961f-4035-9ec5-58b6c37cf46e 0.660s
2025-05-06 08:24:55.324 70242 INFO tempest.lib.common.rest_client [req-5f176280-c404-47e4-8f8a-778971239380 req-5f176280-c404-47e4-8f8a-778971239380 ] Request (ServerExternalEventsTest:tearDownClass): 200 GET http://10.180.1.21/compute/v2.1/servers/d5d427de-4146-4712-a169-403cb430af2d 0.727s
2025-05-06 08:24:55.399 70248 INFO tempest.lib.common.rest_client [req-09384055-2ef5-4cf5-bb29-674e43d93570 req-09384055-2ef5-4cf5-bb29-674e43d93570 ] Request (ImagesOneServerNegativeTestJSON:_run_cleanups): 200 GET http://10.180.1.21/compute/v2.1/servers/0928cc3f-e729-4400-bdfd-ac55c9c1dfa4 0.750s
2025-05-06 08:24:55.458 70257 INFO tempest.lib.common.rest_client [req-6d2713c5-6613-4d6d-b611-ee9574092874 req-6d2713c5-6613-4d6d-b611-ee9574092874 ] Request (ImagesNegativeTestJSON:test_create_image_from_deleted_server): 200 GET http://10.180.1.21/compute/v2.1/servers/50c433bb-66a1-4587-9ff7-fbbf3596587a 1.003s
2025-05-06 08:24:55.458 70228 INFO tempest.lib.common.rest_client [req-22e15090-acf7-4c93-bfc3-76cfa9fabde8 req-22e15090-acf7-4c93-bfc3-76cfa9fabde8 ] Request (SecurityGroupsTestJSON:test_list_security_groups_by_server): 200 GET http://10.180.1.21/compute/v2.1/servers/669b2238-7193-4550-ac42-e3f7134b867e 0.766s
2025-05-06 08:24:55.468 70257 INFO tempest.common.waiters [-] State transition "BUILD/None" ==> "BUILD/networking" after 72 second wait
2025-05-06 08:24:55.523 70254 INFO tempest.lib.common.rest_client [req-7717467f-ed38-4b9b-bcef-fd9e6aa0fd2b req-7717467f-ed38-4b9b-bcef-fd9e6aa0fd2b ] Request (ImagesTestJSON:test_create_image_from_stopped_server): 200 GET http://10.180.1.21/compute/v2.1/servers/08c30c2e-9588-4990-8d85-b747ff174e1b 0.682s
2025-05-06 08:24:55.541 70280 INFO tempest.lib.common.rest_client [req-4c659f1f-b5da-470a-8afb-5dca2577ca39 req-4c659f1f-b5da-470a-8afb-5dca2577ca39 ] Request (ServersAdminNegativeTestJSON:tearDownClass): 200 GET http://10.180.1.21/compute/v2.1/servers/f90ddb31-e6d1-4c72-beeb-af6a60afa09b 0.836s
2025-05-06 08:24:55.557 70270 INFO paramiko.transport [-] Connected (version 2.0, client dropbear_2020.81)
2025-05-06 08:24:55.586 70244 INFO tempest.lib.common.rest_client [req-59ba4afb-c807-4b28-8cc6-1f8fe6d026d1 req-59ba4afb-c807-4b28-8cc6-1f8fe6d026d1 ] Request (ServerActionsTestOtherA:setUpClass): 200 GET http://10.180.1.21/compute/v2.1/servers/75bb2855-1e92-47e3-b181-2ace83c7ee2f 0.701s
2025-05-06 08:24:55.658 70258 INFO tempest.lib.common.rest_client [req-0187cb4d-bc4f-4e73-abac-6971edc292c1 req-0187cb4d-bc4f-4e73-abac-6971edc292c1 ] Request (VolumesAdminNegativeTest:test_update_attached_volume_with_nonexistent_volume_in_uri): 200 GET http://10.180.1.21/compute/v2.1/servers/21b385b6-9cca-4ed1-8bd2-57336451452a 0.614s
2025-05-06 08:24:55.694 70270 INFO paramiko.transport [-] Authentication (publickey) successful!
2025-05-06 08:24:55.695 70270 INFO tempest.lib.common.ssh [-] ssh connection to cirros@10.180.180.250 successfully created
2025-05-06 08:24:55.709 70260 INFO tempest.lib.common.rest_client [req-d081c3c0-59a5-435d-ac45-1df0a9991150 req-d081c3c0-59a5-435d-ac45-1df0a9991150 ] Request (ServersTestBootFromVolume:setUpClass): 200 GET http://10.180.1.21/compute/v2.1/servers/8916f208-29a1-4a00-af38-29201d651726 0.717s
2025-05-06 08:24:55.710 70270 INFO tempest.lib.common.ssh [-] Creating ssh connection to '10.180.180.250:22' as 'cirros' with public key authentication
2025-05-06 08:24:55.715 70270 INFO paramiko.transport [-] Connected (version 2.0, client dropbear_2020.81)
2025-05-06 08:24:55.733 70246 INFO tempest.lib.common.rest_client [req-15ade75e-4748-443a-8e63-146cb22cdf93 req-15ade75e-4748-443a-8e63-146cb22cdf93 ] Request (ServerActionsV293TestJSON:tearDownClass): 200 GET http://10.180.1.21/compute/v2.1/servers/f4205f1b-fc63-496a-8cf6-d41a71f14e36 0.642s
2025-05-06 08:24:55.774 70270 INFO paramiko.transport [-] Authentication (publickey) successful!
2025-05-06 08:24:55.775 70270 INFO tempest.lib.common.ssh [-] ssh connection to cirros@10.180.180.250 successfully created
2025-05-06 08:24:55.813 70220 INFO tempest.lib.common.rest_client [req-70cc0ea9-165e-4aeb-b646-b53aa78e0958 req-70cc0ea9-165e-4aeb-b646-b53aa78e0958 ] Request (ServerAddressesNegativeTestJSON:setUpClass): 200 GET http://10.180.1.21/compute/v2.1/servers/886226c8-616b-43cf-bfc6-aa5aac2ca158 0.498s
2025-05-06 08:24:55.884 70268 INFO tempest.lib.common.rest_client [req-e8eae39c-2e07-421b-89e6-90c17a1416e8 req-e8eae39c-2e07-421b-89e6-90c17a1416e8 ] Request (MigrationsAdminTest:test_list_migrations_in_flavor_resize_situation): 200 GET http://10.180.1.21/compute/v2.1/servers/cc9e95be-00b3-4a50-902b-fd06b2809b69 0.638s
2025-05-06 08:24:55.900 70226 INFO tempest.lib.common.rest_client [req-81cd6274-7c58-4df7-8750-4c8e8afae4b4 req-81cd6274-7c58-4df7-8750-4c8e8afae4b4 ] Request (ServersTestJSON:test_create_server_specify_multibyte_character_name): 200 GET http://10.180.1.21/compute/v2.1/servers/fc4343e8-054c-41d5-9d43-010d83bb9135 0.270s
2025-05-06 08:24:55.920 70246 INFO tempest.lib.common.rest_client [req-3e529fa0-f259-4fa5-8bfe-1a9449774a10 req-3e529fa0-f259-4fa5-8bfe-1a9449774a10 ] Request (ServerActionsV293TestJSON:tearDownClass): 204 DELETE http://10.180.1.21/compute/v2.1/os-keypairs/tempest-keypair-890325361 0.174s
2025-05-06 08:24:55.990 70270 INFO tempest.lib.common.rest_client [req-4cfef1b4-f4db-4be5-b506-72967a4001ad req-4cfef1b4-f4db-4be5-b506-72967a4001ad ] Request (ServerActionsTestJSON:test_reboot_server_hard): 202 POST http://10.180.1.21/compute/v2.1/servers/3a26d4c7-aeaf-4695-a9df-fe4c578fe5e2/action 0.198s
2025-05-06 08:24:55.994 70240 INFO tempest.lib.common.rest_client [req-0705e9a7-08d6-421f-8948-6064e7275b54 req-0705e9a7-08d6-421f-8948-6064e7275b54 ] Request (ServersAdminTestJSON:test_create_server_with_scheduling_hint): 200 GET http://10.180.1.21/compute/v2.1/servers/2de2aaa0-ef92-421d-9590-21e298c6f0bf 0.259s
2025-05-06 08:24:56.066 70274 INFO tempest.lib.common.rest_client [req-58a52d9a-d8f1-4c2a-ba9b-8d226f61b38c req-58a52d9a-d8f1-4c2a-ba9b-8d226f61b38c ] Request (AttachInterfacesTestJSON:test_create_list_show_delete_interfaces_by_fixed_ip): 200 GET http://10.180.1.21/compute/v2.1/servers/ff779bda-9a1d-44de-b1f8-f8d4b777ebea/os-interface 0.214s
2025-05-06 08:24:56.076 70246 INFO tempest.lib.common.rest_client [req-fd262104-b8c8-428d-953e-b8222287472e req-fd262104-b8c8-428d-953e-b8222287472e ] Request (ServerActionsV293TestJSON:tearDownClass): 204 DELETE http://10.180.1.21:9696/networking/v2.0/security-groups/a8c7ac16-353e-4374-abbc-9a1d012852ff 0.156s
2025-05-06 08:24:56.077 70276 INFO tempest.lib.common.rest_client [req-01a63f7a-c364-45ee-9842-822f326e6fc4 req-01a63f7a-c364-45ee-9842-822f326e6fc4 ] Request (FloatingIPsAssociationTestJSON:tearDownClass): 200 GET http://10.180.1.21/compute/v2.1/servers/fac32025-0b66-4870-922f-99c9b0f6ee6f 0.284s
2025-05-06 08:24:56.090 70246 INFO tempest.lib.common.rest_client [req-005fda5e-0b0a-4cc9-9540-6b07b988be07 req-005fda5e-0b0a-4cc9-9540-6b07b988be07 ] Request (ServerActionsV293TestJSON:tearDownClass): 404 GET http://10.180.1.21:9696/networking/v2.0/security-groups/a8c7ac16-353e-4374-abbc-9a1d012852ff 0.013s
2025-05-06 08:24:56.136 70234 INFO tempest.lib.common.rest_client [req-d1972b30-df41-4dd7-9efb-d9af3c42905e req-d1972b30-df41-4dd7-9efb-d9af3c42905e ] Request (ServerShowV257Test:tearDownClass): 200 GET http://10.180.1.21/compute/v2.1/servers/78616ef2-91a3-4a1e-946e-cfbc67de846d 0.228s
2025-05-06 08:24:56.150 70278 INFO tempest.lib.common.rest_client [req-ba68a83c-f2bd-411c-9805-00115d6145a4 req-ba68a83c-f2bd-411c-9805-00115d6145a4 ] Request (AttachInterfacesUnderV243Test:_run_cleanups): 200 GET http://10.180.1.21/compute/v2.1/servers/af07841b-b3cf-4064-aa18-46cf941305cf 0.192s
2025-05-06 08:24:56.236 70250 INFO tempest.lib.common.rest_client [req-c74779f0-9891-45d8-b4d1-8c8b3a0ec6ef req-c74779f0-9891-45d8-b4d1-8c8b3a0ec6ef ] Request (ServersTestMultiNic:_run_cleanups): 200 GET http://10.180.1.21/compute/v2.1/servers/fadebc22-a7c0-484f-b613-662531256145 0.254s
2025-05-06 08:24:56.311 70252 INFO tempest.lib.common.rest_client [req-87902aba-580a-4347-9d56-904c3f94c55c req-87902aba-580a-4347-9d56-904c3f94c55c ] Request (ServersTestManualDisk:setUpClass): 200 GET http://10.180.1.21/compute/v2.1/servers/ce9aac70-29d1-4205-b456-6b03b4dd8b7b 0.285s
2025-05-06 08:24:56.327 70270 INFO tempest.lib.common.rest_client [req-61b424da-6c5f-4d94-8a2d-b7c80fd4bffc req-61b424da-6c5f-4d94-8a2d-b7c80fd4bffc ] Request (ServerActionsTestJSON:test_reboot_server_hard): 200 GET http://10.180.1.21/compute/v2.1/servers/3a26d4c7-aeaf-4695-a9df-fe4c578fe5e2 0.336s
2025-05-06 08:24:56.384 70264 INFO tempest.lib.common.rest_client [req-2ad5869b-571e-49e9-af1a-6f2b76ebe3f3 req-2ad5869b-571e-49e9-af1a-6f2b76ebe3f3 ] Request (FloatingIPsAssociationNegativeTestJSON:setUpClass): 200 GET http://10.180.1.21/compute/v2.1/servers/ce1c1a25-2095-4f6e-a9d3-194351c69ae5 0.339s
2025-05-06 08:24:56.391 70222 INFO tempest.lib.common.rest_client [req-67a65ba7-81f5-4016-9ad7-d5e838767ff9 req-67a65ba7-81f5-4016-9ad7-d5e838767ff9 ] Request (InstanceActionsTestJSON:setUpClass): 200 GET http://10.180.1.21/compute/v2.1/servers/faab6f2d-3f7f-4adb-a71b-2319c56d706a 0.287s
2025-05-06 08:24:56.449 70232 INFO tempest.lib.common.rest_client [req-5bd84e05-0817-476f-a07e-7f2acce61506 req-5bd84e05-0817-476f-a07e-7f2acce61506 ] Request (ListImageFiltersTestJSON:setUpClass): 200 GET http://10.180.1.21/compute/v2.1/images/f136c92a-961f-4035-9ec5-58b6c37cf46e 0.224s
2025-05-06 08:24:56.462 70236 INFO tempest.lib.common.rest_client [req-8a01100f-c8a0-4810-84ae-d1d496320eae req-8a01100f-c8a0-4810-84ae-d1d496320eae ] Request (ServersTestFqdnHostnames:tearDownClass): 200 GET http://10.180.1.21/compute/v2.1/servers/30ef4444-a9fb-41c8-befd-5a4d6304157e 0.274s
2025-05-06 08:24:56.468 70246 INFO tempest.lib.common.rest_client [req-f86fded3-ca83-4430-9cfb-10b7b31714ed req-f86fded3-ca83-4430-9cfb-10b7b31714ed ] Request (ServerActionsV293TestJSON:tearDownClass): 204 DELETE http://10.180.1.21:9696/networking/v2.0/floatingips/73462b95-d5b5-4e99-a467-b33ead5f7f1b 0.377s
2025-05-06 08:24:56.468 70246 ERROR tempest.test [-] teardown of resources failed: (, Resource %(resource_id)s failed to delete and is in ERROR status Details: Server f4205f1b-fc63-496a-8cf6-d41a71f14e36 failed to delete and is in ERROR status. Fault: {'code': 500, 'created': '2025-05-06T08:24:51Z', 'message': 'Build of instance f4205f1b-fc63-496a-8cf6-d41a71f14e36 aborted: Failed to rebuild volume backed instance.'}., ): testtools.runtest.MultipleExceptions: (, Resource %(resource_id)s failed to delete and is in ERROR status Details: Server f4205f1b-fc63-496a-8cf6-d41a71f14e36 failed to delete and is in ERROR status. Fault: {'code': 500, 'created': '2025-05-06T08:24:51Z', 'message': 'Build of instance f4205f1b-fc63-496a-8cf6-d41a71f14e36 aborted: Failed to rebuild volume backed instance.'}., )
2025-05-06 08:24:56.468 70246 ERROR tempest.test
Traceback (most recent call last):
2025-05-06 08:24:56.468 70246 ERROR tempest.test
File "/opt/stack/tempest/tempest/test.py", line 210, in tearDownClass
2025-05-06 08:24:56.468 70246 ERROR tempest.test teardown()
2025-05-06 08:24:56.468 70246 ERROR tempest.test
File "/opt/stack/tempest/tempest/test.py", line 628, in resource_cleanup
2025-05-06 08:24:56.468 70246 ERROR tempest.test raise testtools.MultipleExceptions(*cleanup_errors)
2025-05-06 08:24:56.468 70246 ERROR tempest.test testtools.runtest.MultipleExceptions: (, Resource %(resource_id)s failed to delete and is in ERROR status
2025-05-06 08:24:56.468 70246 ERROR tempest.test Details: Server f4205f1b-fc63-496a-8cf6-d41a71f14e36 failed to delete and is in ERROR status. Fault: {'code': 500, 'created': '2025-05-06T08:24:51Z', 'message': 'Build of instance f4205f1b-fc63-496a-8cf6-d41a71f14e36 aborted: Failed to rebuild volume backed instance.'}., )
2025-05-06 08:24:56.468 70246 ERROR tempest.test
2025-05-06 08:24:56.518 70248 INFO tempest.lib.common.rest_client [req-b1d05e81-b419-4bbf-ac81-1304e4c663cc req-b1d05e81-b419-4bbf-ac81-1304e4c663cc ] Request (ImagesOneServerNegativeTestJSON:_run_cleanups): 200 GET http://10.180.1.21/compute/v2.1/servers/0928cc3f-e729-4400-bdfd-ac55c9c1dfa4 0.111s
2025-05-06 08:24:56.539 70242 INFO tempest.lib.common.rest_client [req-8859d44c-b606-4f17-b624-4d094ed2df07 req-8859d44c-b606-4f17-b624-4d094ed2df07 ] Request (ServerExternalEventsTest:tearDownClass): 200 GET http://10.180.1.21/compute/v2.1/servers/d5d427de-4146-4712-a169-403cb430af2d 0.206s
2025-05-06 08:24:56.610 70228 INFO tempest.lib.common.rest_client [req-5db59c14-9959-43b1-82d9-7945c04ee30c req-5db59c14-9959-43b1-82d9-7945c04ee30c ] Request (SecurityGroupsTestJSON:test_list_security_groups_by_server): 200 GET http://10.180.1.21/compute/v2.1/servers/669b2238-7193-4550-ac42-e3f7134b867e 0.142s
2025-05-06 08:24:56.634 70257 INFO tempest.lib.common.rest_client [req-339a2387-9694-459b-ad31-60ee847540de req-339a2387-9694-459b-ad31-60ee847540de ] Request (ImagesNegativeTestJSON:test_create_image_from_deleted_server): 200 GET http://10.180.1.21/compute/v2.1/servers/50c433bb-66a1-4587-9ff7-fbbf3596587a 0.165s
2025-05-06 08:24:56.642 70257 INFO tempest.common.waiters [-] State transition "BUILD/networking" ==> "BUILD/spawning" after 73 second wait
2025-05-06 08:24:56.680 70254 INFO tempest.lib.common.rest_client [req-be37e497-1b5f-4bca-ae9e-b60a0a31ca3f req-be37e497-1b5f-4bca-ae9e-b60a0a31ca3f ] Request (ImagesTestJSON:test_create_image_from_stopped_server): 200 GET http://10.180.1.21/compute/v2.1/servers/08c30c2e-9588-4990-8d85-b747ff174e1b 0.147s
2025-05-06 08:24:56.703 70280 INFO tempest.lib.common.rest_client [req-aa5ea088-4d35-4a2b-afc8-314227a26905 req-aa5ea088-4d35-4a2b-afc8-314227a26905 ] Request (ServersAdminNegativeTestJSON:tearDownClass): 200 GET http://10.180.1.21/compute/v2.1/servers/f90ddb31-e6d1-4c72-beeb-af6a60afa09b 0.152s
2025-05-06 08:24:56.747 70244 INFO tempest.lib.common.rest_client [req-06db004a-68d3-4864-a2b5-bb760ddf6f90 req-06db004a-68d3-4864-a2b5-bb760ddf6f90 ] Request (ServerActionsTestOtherA:setUpClass): 200 GET http://10.180.1.21/compute/v2.1/servers/75bb2855-1e92-47e3-b181-2ace83c7ee2f 0.147s
2025-05-06 08:24:56.757 70258 INFO tempest.lib.common.rest_client [req-92da7f66-28f6-437c-a8cc-042a7b086e41 req-92da7f66-28f6-437c-a8cc-042a7b086e41 ] Request (VolumesAdminNegativeTest:test_update_attached_volume_with_nonexistent_volume_in_uri): 200 GET http://10.180.1.21/compute/v2.1/servers/21b385b6-9cca-4ed1-8bd2-57336451452a 0.089s
2025-05-06 08:24:56.879 70260 INFO tempest.lib.common.rest_client [req-a57c8ce0-d881-49de-b9f8-3dd30cfec1cc req-a57c8ce0-d881-49de-b9f8-3dd30cfec1cc ] Request (ServersTestBootFromVolume:setUpClass): 200 GET http://10.180.1.21/compute/v2.1/servers/8916f208-29a1-4a00-af38-29201d651726 0.160s
2025-05-06 08:24:56.886 70220 INFO tempest.lib.common.rest_client [req-0082a84f-4ac2-4ea0-a481-d545b9c5002c req-0082a84f-4ac2-4ea0-a481-d545b9c5002c ] Request (ServerAddressesNegativeTestJSON:setUpClass): 200 GET http://10.180.1.21/compute/v2.1/servers/886226c8-616b-43cf-bfc6-aa5aac2ca158 0.064s
2025-05-06 08:24:56.967 70226 INFO tempest.lib.common.rest_client [req-b4fc1d0d-ce3c-41ec-9543-9de2c933ab8c req-b4fc1d0d-ce3c-41ec-9543-9de2c933ab8c ] Request (ServersTestJSON:test_create_server_specify_multibyte_character_name): 200 GET http://10.180.1.21/compute/v2.1/servers/fc4343e8-054c-41d5-9d43-010d83bb9135 0.057s
2025-05-06 08:24:57.039 70268 INFO tempest.lib.common.rest_client [req-ab32bfde-32f6-459c-b865-7551e509e66f req-ab32bfde-32f6-459c-b865-7551e509e66f ] Request (MigrationsAdminTest:test_list_migrations_in_flavor_resize_situation): 200 GET http://10.180.1.21/compute/v2.1/servers/cc9e95be-00b3-4a50-902b-fd06b2809b69 0.141s
2025-05-06 08:24:57.173 70274 INFO tempest.lib.common.rest_client [req-6c98257d-92c3-42db-b58f-fdede232a741 req-6c98257d-92c3-42db-b58f-fdede232a741 ] Request (AttachInterfacesTestJSON:test_create_list_show_delete_interfaces_by_fixed_ip): 200 GET http://10.180.1.21/compute/v2.1/servers/ff779bda-9a1d-44de-b1f8-f8d4b777ebea/os-interface 0.104s
2025-05-06 08:24:57.174 70240 INFO tempest.lib.common.rest_client [req-1bb1a205-2402-4772-9c0e-2421dcd03aec req-1bb1a205-2402-4772-9c0e-2421dcd03aec ] Request (ServersAdminTestJSON:test_create_server_with_scheduling_hint): 200 GET http://10.180.1.21/compute/v2.1/servers/2de2aaa0-ef92-421d-9590-21e298c6f0bf 0.172s
2025-05-06 08:24:57.203 70274 INFO tempest.lib.common.rest_client [req-80428de2-4a69-4642-a624-9aa58ed6abc7 req-80428de2-4a69-4642-a624-9aa58ed6abc7 ] Request (AttachInterfacesTestJSON:_run_cleanups): 404 DELETE http://10.180.1.21:9696/networking/v2.0/ports/ce30c8f7-6cd6-4d0b-aae9-948026bda765 0.027s
2025-05-06 08:24:57.254 70234 INFO tempest.lib.common.rest_client [req-6399670a-e053-4283-985a-67117eb07225 req-6399670a-e053-4283-985a-67117eb07225 ] Request (ServerShowV257Test:tearDownClass): 200 GET http://10.180.1.21/compute/v2.1/servers/78616ef2-91a3-4a1e-946e-cfbc67de846d 0.106s
2025-05-06 08:24:57.283 70276 INFO tempest.lib.common.rest_client [req-70670395-c91f-457d-8e31-d576a014e07b req-70670395-c91f-457d-8e31-d576a014e07b ] Request (FloatingIPsAssociationTestJSON:tearDownClass): 200 GET http://10.180.1.21/compute/v2.1/servers/fac32025-0b66-4870-922f-99c9b0f6ee6f 0.196s
2025-05-06 08:24:57.328 70278 INFO tempest.lib.common.rest_client [req-722b08ff-f91e-4b7b-9a27-f28e26101225 req-722b08ff-f91e-4b7b-9a27-f28e26101225 ] Request (AttachInterfacesUnderV243Test:_run_cleanups): 200 GET http://10.180.1.21/compute/v2.1/servers/af07841b-b3cf-4064-aa18-46cf941305cf 0.169s
2025-05-06 08:24:57.367 70274 INFO tempest.lib.common.rest_client [req-2beb4946-63f8-4ffc-a282-23aed758cbf9 req-2beb4946-63f8-4ffc-a282-23aed758cbf9 ] Request (AttachInterfacesTestJSON:_run_cleanups): 204 DELETE http://10.180.1.21/compute/v2.1/servers/ff779bda-9a1d-44de-b1f8-f8d4b777ebea 0.164s
2025-05-06 08:24:57.396 70250 INFO tempest.lib.common.rest_client [req-f1e0a1e3-3c25-4bf3-ab04-5cdf93454111 req-f1e0a1e3-3c25-4bf3-ab04-5cdf93454111 ] Request (ServersTestMultiNic:_run_cleanups): 200 GET http://10.180.1.21/compute/v2.1/servers/fadebc22-a7c0-484f-b613-662531256145 0.148s
2025-05-06 08:24:57.426 70252 INFO tempest.lib.common.rest_client [req-6a9206cd-5b5f-4c4d-b382-2314a8bf4829 req-6a9206cd-5b5f-4c4d-b382-2314a8bf4829 ] Request (ServersTestManualDisk:setUpClass): 200 GET http://10.180.1.21/compute/v2.1/servers/ce9aac70-29d1-4205-b456-6b03b4dd8b7b 0.101s
2025-05-06 08:24:57.523 70270 INFO tempest.lib.common.rest_client [req-ccf4bf1c-f663-4d84-be1f-565b2205d326 req-ccf4bf1c-f663-4d84-be1f-565b2205d326 ] Request (ServerActionsTestJSON:test_reboot_server_hard): 200 GET http://10.180.1.21/compute/v2.1/servers/3a26d4c7-aeaf-4695-a9df-fe4c578fe5e2 0.184s
2025-05-06 08:24:57.555 70274 INFO tempest.lib.common.rest_client [req-717a3707-b52b-410c-a7e8-c030047f6a10 req-717a3707-b52b-410c-a7e8-c030047f6a10 ] Request (AttachInterfacesTestJSON:_run_cleanups): 200 GET http://10.180.1.21/compute/v2.1/servers/ff779bda-9a1d-44de-b1f8-f8d4b777ebea 0.188s
2025-05-06 08:24:57.577 70264 INFO tempest.lib.common.rest_client [req-83a51e44-c201-4884-b4e7-dc290e33566f req-83a51e44-c201-4884-b4e7-dc290e33566f ] Request (FloatingIPsAssociationNegativeTestJSON:setUpClass): 200 GET http://10.180.1.21/compute/v2.1/servers/ce1c1a25-2095-4f6e-a9d3-194351c69ae5 0.185s
2025-05-06 08:24:57.622 70222 INFO tempest.lib.common.rest_client [req-0d11ffab-8b04-4b64-a8c8-9ea6cc6087f1 req-0d11ffab-8b04-4b64-a8c8-9ea6cc6087f1 ] Request (InstanceActionsTestJSON:setUpClass): 200 GET http://10.180.1.21/compute/v2.1/servers/faab6f2d-3f7f-4adb-a71b-2319c56d706a 0.220s
2025-05-06 08:24:57.624 70232 INFO tempest.lib.common.rest_client [req-10ac0ec9-fa43-43f1-9f88-5423260a6abe req-10ac0ec9-fa43-43f1-9f88-5423260a6abe ] Request (ListImageFiltersTestJSON:setUpClass): 200 GET http://10.180.1.21/compute/v2.1/images/f136c92a-961f-4035-9ec5-58b6c37cf46e 0.171s
2025-05-06 08:24:57.633 70222 INFO tempest.common.waiters [-] State transition "BUILD/None" ==> "BUILD/networking" after 73 second wait
2025-05-06 08:24:57.647 70246 INFO tempest.lib.common.rest_client [req-eb32daa2-4891-4b25-8f57-f882ccbaf437 req-eb32daa2-4891-4b25-8f57-f882ccbaf437 ] Request (ServerActionsV293TestJSON:tearDownClass): 200 PUT http://10.180.1.21:9696/networking/v2.0/routers/1657280d-0531-4bbd-9306-c7a7fec2e655/remove_router_interface 1.178s
2025-05-06 08:24:57.689 70236 INFO tempest.lib.common.rest_client [req-0b1b7595-f589-4b5d-bb3c-b0ba78833100 req-0b1b7595-f589-4b5d-bb3c-b0ba78833100 ] Request (ServersTestFqdnHostnames:tearDownClass): 200 GET http://10.180.1.21/compute/v2.1/servers/30ef4444-a9fb-41c8-befd-5a4d6304157e 0.214s
2025-05-06 08:24:57.707 70248 INFO tempest.lib.common.rest_client [req-f4cad7b8-c6ea-4f85-b33d-3d1b9c67f34c req-f4cad7b8-c6ea-4f85-b33d-3d1b9c67f34c ] Request (ImagesOneServerNegativeTestJSON:_run_cleanups): 200 GET http://10.180.1.21/compute/v2.1/servers/0928cc3f-e729-4400-bdfd-ac55c9c1dfa4 0.177s
2025-05-06 08:24:57.771 70242 INFO tempest.lib.common.rest_client [req-5a8ea57b-2707-4196-bb1b-fb4777d63fbd req-5a8ea57b-2707-4196-bb1b-fb4777d63fbd ] Request (ServerExternalEventsTest:tearDownClass): 200 GET http://10.180.1.21/compute/v2.1/servers/d5d427de-4146-4712-a169-403cb430af2d 0.219s
2025-05-06 08:24:57.799 70228 INFO tempest.lib.common.rest_client [req-acf2eba4-8896-4eac-945a-d37b05a6c7c3 req-acf2eba4-8896-4eac-945a-d37b05a6c7c3 ] Request (SecurityGroupsTestJSON:test_list_security_groups_by_server): 200 GET http://10.180.1.21/compute/v2.1/servers/669b2238-7193-4550-ac42-e3f7134b867e 0.176s
2025-05-06 08:24:57.964 70257 INFO tempest.lib.common.rest_client [req-15c17e5b-1161-41ad-ad6c-f3307d5abe35 req-15c17e5b-1161-41ad-ad6c-f3307d5abe35 ] Request (ImagesNegativeTestJSON:test_create_image_from_deleted_server): 200 GET http://10.180.1.21/compute/v2.1/servers/50c433bb-66a1-4587-9ff7-fbbf3596587a 0.321s
2025-05-06 08:24:58.052 70280 INFO tempest.lib.common.rest_client [req-c5f126bb-13b4-49c5-9064-60a6d672a3b8 req-c5f126bb-13b4-49c5-9064-60a6d672a3b8 ] Request (ServersAdminNegativeTestJSON:tearDownClass): 200 GET http://10.180.1.21/compute/v2.1/servers/f90ddb31-e6d1-4c72-beeb-af6a60afa09b 0.340s
2025-05-06 08:24:58.126 70244 INFO tempest.lib.common.rest_client [req-4d162419-db19-4a01-88ab-35f8ddcb2f7b req-4d162419-db19-4a01-88ab-35f8ddcb2f7b ] Request (ServerActionsTestOtherA:setUpClass): 200 GET http://10.180.1.21/compute/v2.1/servers/75bb2855-1e92-47e3-b181-2ace83c7ee2f 0.371s
2025-05-06 08:24:58.153 70254 INFO tempest.lib.common.rest_client [req-2076425c-8e4c-471a-acee-7f8dc7bf8fb2 req-2076425c-8e4c-471a-acee-7f8dc7bf8fb2 ] Request (ImagesTestJSON:test_create_image_from_stopped_server): 200 GET http://10.180.1.21/compute/v2.1/servers/08c30c2e-9588-4990-8d85-b747ff174e1b 0.464s
2025-05-06 08:24:58.197 70258 INFO tempest.lib.common.rest_client [req-4b26081c-d8d7-4e54-b88d-674959928535 req-4b26081c-d8d7-4e54-b88d-674959928535 ] Request (VolumesAdminNegativeTest:test_update_attached_volume_with_nonexistent_volume_in_uri): 200 GET http://10.180.1.21/compute/v2.1/servers/21b385b6-9cca-4ed1-8bd2-57336451452a 0.431s
2025-05-06 08:24:58.228 70246 INFO tempest.lib.common.rest_client [req-848ab89b-70ae-46a9-81ce-1189432644c8 req-848ab89b-70ae-46a9-81ce-1189432644c8 ] Request (ServerActionsV293TestJSON:tearDownClass): 204 DELETE http://10.180.1.21:9696/networking/v2.0/routers/1657280d-0531-4bbd-9306-c7a7fec2e655 0.580s
2025-05-06 08:24:58.289 70220 INFO tempest.lib.common.rest_client [req-2d0f8add-8ea3-443b-b587-200a7a56abb4 req-2d0f8add-8ea3-443b-b587-200a7a56abb4 ] Request (ServerAddressesNegativeTestJSON:setUpClass): 200 GET http://10.180.1.21/compute/v2.1/servers/886226c8-616b-43cf-bfc6-aa5aac2ca158 0.392s
2025-05-06 08:24:58.326 70260 INFO tempest.lib.common.rest_client [req-11769c1e-b1d6-4a76-9a80-dea1468d5957 req-11769c1e-b1d6-4a76-9a80-dea1468d5957 ] Request (ServersTestBootFromVolume:setUpClass): 200 GET http://10.180.1.21/compute/v2.1/servers/8916f208-29a1-4a00-af38-29201d651726 0.433s
2025-05-06 08:24:58.365 70226 INFO tempest.lib.common.rest_client [req-6364a146-b755-42f2-9692-93bc1675d7c9 req-6364a146-b755-42f2-9692-93bc1675d7c9 ] Request (ServersTestJSON:test_create_server_specify_multibyte_character_name): 200 GET http://10.180.1.21/compute/v2.1/servers/fc4343e8-054c-41d5-9d43-010d83bb9135 0.389s
2025-05-06 08:24:58.464 70268 INFO tempest.lib.common.rest_client [req-883137dd-8199-4b30-925f-9282bce532f2 req-883137dd-8199-4b30-925f-9282bce532f2 ] Request (MigrationsAdminTest:test_list_migrations_in_flavor_resize_situation): 200 GET http://10.180.1.21/compute/v2.1/servers/cc9e95be-00b3-4a50-902b-fd06b2809b69 0.415s
2025-05-06 08:24:58.548 70234 INFO tempest.lib.common.rest_client [req-bcdb3cca-c5cb-4f98-8af6-1c023a390308 req-bcdb3cca-c5cb-4f98-8af6-1c023a390308 ] Request (ServerShowV257Test:tearDownClass): 200 GET http://10.180.1.21/compute/v2.1/servers/78616ef2-91a3-4a1e-946e-cfbc67de846d 0.281s
2025-05-06 08:24:58.559 70234 INFO tempest.common.waiters [-] State transition "ACTIVE/deleting" ==> "DELETED/None" after 7 second wait
2025-05-06 08:24:58.564 70240 INFO tempest.lib.common.rest_client [req-6c161aae-b25b-4023-bc68-c57dcf4c1c19 req-6c161aae-b25b-4023-bc68-c57dcf4c1c19 ] Request (ServersAdminTestJSON:test_create_server_with_scheduling_hint): 200 GET http://10.180.1.21/compute/v2.1/servers/2de2aaa0-ef92-421d-9590-21e298c6f0bf 0.380s
2025-05-06 08:24:58.573 70246 INFO tempest.lib.common.rest_client [req-0102de10-0b35-4a5e-bd16-ae73c299a9dd req-0102de10-0b35-4a5e-bd16-ae73c299a9dd ] Request (ServerActionsV293TestJSON:tearDownClass): 204 DELETE http://10.180.1.21:9696/networking/v2.0/subnets/0ab27b06-fc59-4e09-930f-e478d2d812cf 0.344s
2025-05-06 08:24:58.628 70276 INFO tempest.lib.common.rest_client [req-2da4198e-9cc6-4192-9586-73cac7c941c3 req-2da4198e-9cc6-4192-9586-73cac7c941c3 ] Request (FloatingIPsAssociationTestJSON:tearDownClass): 200 GET http://10.180.1.21/compute/v2.1/servers/fac32025-0b66-4870-922f-99c9b0f6ee6f 0.329s
2025-05-06 08:24:58.651 70278 INFO tempest.lib.common.rest_client [req-ae231371-106d-4756-b208-e10238948384 req-ae231371-106d-4756-b208-e10238948384 ] Request (AttachInterfacesUnderV243Test:_run_cleanups): 200 GET http://10.180.1.21/compute/v2.1/servers/af07841b-b3cf-4064-aa18-46cf941305cf 0.313s
2025-05-06 08:24:58.696 70250 INFO tempest.lib.common.rest_client [req-8d06b299-e987-4857-b844-dfa7797f2fbd req-8d06b299-e987-4857-b844-dfa7797f2fbd ] Request (ServersTestMultiNic:_run_cleanups): 200 GET http://10.180.1.21/compute/v2.1/servers/fadebc22-a7c0-484f-b613-662531256145 0.288s
2025-05-06 08:24:58.727 70252 INFO tempest.lib.common.rest_client [req-09b9523c-97a8-43d9-8737-a9707411b077 req-09b9523c-97a8-43d9-8737-a9707411b077 ] Request (ServersTestManualDisk:setUpClass): 200 GET http://10.180.1.21/compute/v2.1/servers/ce9aac70-29d1-4205-b456-6b03b4dd8b7b 0.292s
2025-05-06 08:24:58.822 70274 INFO tempest.lib.common.rest_client [req-a9a27cd6-a4d7-48d4-a5b0-b443da698646 req-a9a27cd6-a4d7-48d4-a5b0-b443da698646 ] Request (AttachInterfacesTestJSON:_run_cleanups): 200 GET http://10.180.1.21/compute/v2.1/servers/ff779bda-9a1d-44de-b1f8-f8d4b777ebea 0.257s
2025-05-06 08:24:58.867 70270 INFO tempest.lib.common.rest_client [req-85198961-bb2f-4114-83bc-9cce65ec6243 req-85198961-bb2f-4114-83bc-9cce65ec6243 ] Request (ServerActionsTestJSON:test_reboot_server_hard): 200 GET http://10.180.1.21/compute/v2.1/servers/3a26d4c7-aeaf-4695-a9df-fe4c578fe5e2 0.334s
2025-05-06 08:24:58.872 70264 INFO tempest.lib.common.rest_client [req-5f19eec2-1acf-45d7-a784-2aea5189a900 req-5f19eec2-1acf-45d7-a784-2aea5189a900 ] Request (FloatingIPsAssociationNegativeTestJSON:setUpClass): 200 GET http://10.180.1.21/compute/v2.1/servers/ce1c1a25-2095-4f6e-a9d3-194351c69ae5 0.279s
2025-05-06 08:24:58.909 70232 INFO tempest.lib.common.rest_client [req-221b2c41-5b1b-465b-8ea9-649f94464bdf req-221b2c41-5b1b-465b-8ea9-649f94464bdf ] Request (ListImageFiltersTestJSON:setUpClass): 200 GET http://10.180.1.21/compute/v2.1/images/f136c92a-961f-4035-9ec5-58b6c37cf46e 0.281s
2025-05-06 08:24:58.941 70246 INFO tempest.lib.common.rest_client [req-ca1f7c70-77a6-43bd-bbf0-b408ab509578 req-ca1f7c70-77a6-43bd-bbf0-b408ab509578 ] Request (ServerActionsV293TestJSON:tearDownClass): 204 DELETE http://10.180.1.21:9696/networking/v2.0/networks/417fb783-9947-41d8-b6cb-1790e7ed792d 0.367s
2025-05-06 08:24:58.970 70236 INFO tempest.lib.common.rest_client [req-6f803f95-2086-49f6-979b-77b0d23a560c req-6f803f95-2086-49f6-979b-77b0d23a560c ] Request (ServersTestFqdnHostnames:tearDownClass): 200 GET http://10.180.1.21/compute/v2.1/servers/30ef4444-a9fb-41c8-befd-5a4d6304157e 0.270s
2025-05-06 08:24:58.977 70222 INFO tempest.lib.common.rest_client [req-5b4d36bd-64cb-41d2-8adf-d87120ec0b6a req-5b4d36bd-64cb-41d2-8adf-d87120ec0b6a ] Request (InstanceActionsTestJSON:setUpClass): 200 GET http://10.180.1.21/compute/v2.1/servers/faab6f2d-3f7f-4adb-a71b-2319c56d706a 0.342s
2025-05-06 08:24:58.988 70222 INFO tempest.common.waiters [-] State transition "BUILD/networking" ==> "BUILD/spawning" after 74 second wait
2025-05-06 08:24:59.020 70248 INFO tempest.lib.common.rest_client [req-c6a394f6-2644-455b-9030-a4ace3444aa5 req-c6a394f6-2644-455b-9030-a4ace3444aa5 ] Request (ImagesOneServerNegativeTestJSON:_run_cleanups): 200 GET http://10.180.1.21/compute/v2.1/servers/0928cc3f-e729-4400-bdfd-ac55c9c1dfa4 0.304s
2025-05-06 08:24:59.045 70246 INFO tempest.lib.common.rest_client [req-47c3d165-988a-4fb3-ba91-9637dd872902 req-47c3d165-988a-4fb3-ba91-9637dd872902 ] Request (ServerActionsV293TestJSON:tearDownClass): 204 DELETE http://10.180.1.21/identity/v3/users/bce6039592974ce58430b593ab24fecb 0.104s
2025-05-06 08:24:59.045 70246 INFO tempest.lib.common.dynamic_creds [-] Deleting project and security group for project: 17f4142e70e94a9eafd599976ee1389d
2025-05-06 08:24:59.046 70242 INFO tempest.lib.common.rest_client [req-4ed8a0b2-a63b-454e-9db9-d9aa4e887913 req-4ed8a0b2-a63b-454e-9db9-d9aa4e887913 ] Request (ServerExternalEventsTest:tearDownClass): 200 GET http://10.180.1.21/compute/v2.1/servers/d5d427de-4146-4712-a169-403cb430af2d 0.266s
2025-05-06 08:24:59.074 70246 INFO tempest.lib.common.rest_client [req-49ceb164-a476-4ac1-ae0b-f3211bf36216 req-49ceb164-a476-4ac1-ae0b-f3211bf36216 ] Request (ServerActionsV293TestJSON:tearDownClass): 200 GET http://10.180.1.21:9696/networking/v2.0/security-groups?tenant_id=17f4142e70e94a9eafd599976ee1389d&name=default 0.029s
2025-05-06 08:24:59.077 70228 INFO tempest.lib.common.rest_client [req-6e670774-0cb0-4ead-990d-e6f1499f87f3 req-6e670774-0cb0-4ead-990d-e6f1499f87f3 ] Request (SecurityGroupsTestJSON:test_list_security_groups_by_server): 200 GET http://10.180.1.21/compute/v2.1/servers/669b2238-7193-4550-ac42-e3f7134b867e 0.266s
2025-05-06 08:24:59.146 70280 INFO tempest.lib.common.rest_client [req-759c17fc-ce33-47ee-9ded-8b3a9376a187 req-759c17fc-ce33-47ee-9ded-8b3a9376a187 ] Request (ServersAdminNegativeTestJSON:tearDownClass): 200 GET http://10.180.1.21/compute/v2.1/servers/f90ddb31-e6d1-4c72-beeb-af6a60afa09b 0.084s
2025-05-06 08:24:59.195 70257 INFO tempest.lib.common.rest_client [req-e4485324-f54b-49c1-a3ea-7cd21aab6654 req-e4485324-f54b-49c1-a3ea-7cd21aab6654 ] Request (ImagesNegativeTestJSON:test_create_image_from_deleted_server): 200 GET http://10.180.1.21/compute/v2.1/servers/50c433bb-66a1-4587-9ff7-fbbf3596587a 0.222s
2025-05-06 08:24:59.212 70246 INFO tempest.lib.common.rest_client [req-6604a5cc-7ad5-456d-9c25-acb37f7ea3dc req-6604a5cc-7ad5-456d-9c25-acb37f7ea3dc ] Request (ServerActionsV293TestJSON:tearDownClass): 204 DELETE http://10.180.1.21:9696/networking/v2.0/security-groups/a8b1d5e8-258d-4ca4-ad45-bd52fcc2eb63 0.137s
2025-05-06 08:24:59.219 70244 INFO tempest.lib.common.rest_client [req-2635a95c-9641-492d-b3cf-ab74777a7050 req-2635a95c-9641-492d-b3cf-ab74777a7050 ] Request (ServerActionsTestOtherA:setUpClass): 200 GET http://10.180.1.21/compute/v2.1/servers/75bb2855-1e92-47e3-b181-2ace83c7ee2f 0.082s
2025-05-06 08:24:59.274 70254 INFO tempest.lib.common.rest_client [req-f28868a5-d9a8-42ce-b598-db525eafb50a req-f28868a5-d9a8-42ce-b598-db525eafb50a ] Request (ImagesTestJSON:test_create_image_from_stopped_server): 200 GET http://10.180.1.21/compute/v2.1/servers/08c30c2e-9588-4990-8d85-b747ff174e1b 0.113s
2025-05-06 08:24:59.291 70258 INFO tempest.lib.common.rest_client [req-c74e4da3-86ec-422f-8315-6e259719d544 req-c74e4da3-86ec-422f-8315-6e259719d544 ] Request (VolumesAdminNegativeTest:test_update_attached_volume_with_nonexistent_volume_in_uri): 200 GET http://10.180.1.21/compute/v2.1/servers/21b385b6-9cca-4ed1-8bd2-57336451452a 0.080s
2025-05-06 08:24:59.371 70220 INFO tempest.lib.common.rest_client [req-08009fce-7935-439a-befb-d3df3cb936e9 req-08009fce-7935-439a-befb-d3df3cb936e9 ] Request (ServerAddressesNegativeTestJSON:setUpClass): 200 GET http://10.180.1.21/compute/v2.1/servers/886226c8-616b-43cf-bfc6-aa5aac2ca158 0.070s
2025-05-06 08:24:59.388 70246 INFO tempest.lib.common.rest_client [req-ac97b934-09c7-413e-b720-509d27ced4d3 req-ac97b934-09c7-413e-b720-509d27ced4d3 ] Request (ServerActionsV293TestJSON:tearDownClass): 204 DELETE http://10.180.1.21/identity/v3/projects/17f4142e70e94a9eafd599976ee1389d 0.174s
2025-05-06 08:24:59.443 70226 INFO tempest.lib.common.rest_client [req-2329e5fe-60de-4493-aa25-ee638d749eb2 req-2329e5fe-60de-4493-aa25-ee638d749eb2 ] Request (ServersTestJSON:test_create_server_specify_multibyte_character_name): 200 GET http://10.180.1.21/compute/v2.1/servers/fc4343e8-054c-41d5-9d43-010d83bb9135 0.065s
2025-05-06 08:24:59.458 70260 INFO tempest.lib.common.rest_client [req-4bd0290a-7909-47f2-a4e4-a29b14ceb125 req-4bd0290a-7909-47f2-a4e4-a29b14ceb125 ] Request (ServersTestBootFromVolume:setUpClass): 200 GET http://10.180.1.21/compute/v2.1/servers/8916f208-29a1-4a00-af38-29201d651726 0.122s
