2025-05-19 18:34:14.257 70366 INFO tempest.lib.common.rest_client [req-8cd30df3-eafb-450e-a2c7-3083d922837e req-8cd30df3-eafb-450e-a2c7-3083d922837e ] Request (InstanceActionsV221TestJSON:setUpClass): 201 POST http://10.180.1.21/identity/v3/auth/tokens 0.129s
2025-05-19 18:34:14.280 70348 INFO tempest.lib.common.rest_client [req-7cd2082e-3b51-44ed-a9d1-ac5184908df4 req-7cd2082e-3b51-44ed-a9d1-ac5184908df4 ] Request (QuotasAdminTestJSON:test_delete_quota): 200 PUT http://10.180.1.21/compute/v2.1/os-quota-sets/dd97deaaa0714389a9af04ee9fe66ec7 1.602s
2025-05-19 18:34:14.293 70350 INFO tempest.lib.common.rest_client [req-57a35243-9f55-4507-9a60-481e5dd2ac2c req-57a35243-9f55-4507-9a60-481e5dd2ac2c ] Request (VolumesAdminNegativeTest:setUpClass): 201 POST http://10.180.1.21:9696/networking/v2.0/networks 0.191s
2025-05-19 18:34:14.319 70365 INFO tempest.lib.common.rest_client [req-4f05a386-a14c-4b8b-8075-7494a5974845 req-4f05a386-a14c-4b8b-8075-7494a5974845 ] Request (ServicesAdminNegativeTestJSON:test_list_services_with_non_admin_user): 403 GET http://10.180.1.21/compute/v2.1/os-services 1.608s
2025-05-19 18:34:14.352 70352 INFO tempest.lib.common.rest_client [req-84804ce2-4394-4898-aa6e-84f89c32bf9e req-84804ce2-4394-4898-aa6e-84f89c32bf9e ] Request (AggregatesAdminNegativeTestJSON:_run_cleanups): 200 DELETE http://10.180.1.21/compute/v2.1/os-aggregates/1 1.501s
2025-05-19 18:34:14.377 70326 INFO tempest.lib.common.rest_client [req-35b636ca-f398-4d0e-ba1f-26ef62e403b8 req-35b636ca-f398-4d0e-ba1f-26ef62e403b8 ] Request (FlavorsAdminTestJSON:_run_cleanups): 200 GET http://10.180.1.21/compute/v2.1/flavors/detail 1.495s
2025-05-19 18:34:14.400 70358 INFO tempest.lib.common.rest_client [req-8203040b-7414-471e-baa3-c170eccb63e8 req-8203040b-7414-471e-baa3-c170eccb63e8 ] Request (FlavorsV2NegativeTest:test_boot_with_low_ram): 200 GET http://10.180.1.21/compute/v2.1/flavors/42 1.624s
2025-05-19 18:34:14.409 70365 INFO tempest.lib.common.rest_client [req-ea86aec2-9d60-4192-864b-20bee0c66d5b req-ea86aec2-9d60-4192-864b-20bee0c66d5b ] Request (ServicesAdminNegativeTestJSON:tearDownClass): 204 DELETE http://10.180.1.21/identity/v3/users/f7ada8b95253466d884032d3388df10f 0.088s
2025-05-19 18:34:14.475 70350 INFO tempest.lib.common.rest_client [req-540c5fdb-1153-420d-8f84-93e89f230d77 req-540c5fdb-1153-420d-8f84-93e89f230d77 ] Request (VolumesAdminNegativeTest:setUpClass): 201 POST http://10.180.1.21:9696/networking/v2.0/subnets 0.181s
2025-05-19 18:34:14.554 70362 INFO tempest.lib.common.rest_client [req-269484c7-2051-438c-891b-2334c2116231 req-269484c7-2051-438c-891b-2334c2116231 ] Request (VolumesAssistedSnapshotsTest:test_volume_assisted_snapshot_create_delete): 201 POST http://10.180.1.21:9696/networking/v2.0/security-groups 0.296s
2025-05-19 18:34:14.589 70365 INFO tempest.lib.common.rest_client [req-2c5ae60a-4577-4cea-be05-ae126cbdd05e req-2c5ae60a-4577-4cea-be05-ae126cbdd05e ] Request (ServicesAdminNegativeTestJSON:tearDownClass): 204 DELETE http://10.180.1.21/identity/v3/users/191d28f0beb1433d9263b76b1cfbd9d0 0.180s
2025-05-19 18:34:14.589 70365 INFO tempest.lib.common.dynamic_creds [-] Deleting project and security group for project: 66e1620464d14053a503f4edb9a251f8
2025-05-19 18:34:14.620 70378 INFO tempest.lib.common.rest_client [req-78e91855-a264-4231-9bad-6b2d53a62bf1 req-78e91855-a264-4231-9bad-6b2d53a62bf1 ] Request (QuotasAdminNegativeTest:test_create_server_when_instances_quota_is_full): 200 PUT http://10.180.1.21/compute/v2.1/os-quota-sets/6853d09c76dd47c9afa8e5fc43b206fd 1.451s
2025-05-19 18:34:14.649 70324 INFO tempest.lib.common.rest_client [req-5d0cea81-08b0-493d-ae09-9cda8fffb6ba req-5d0cea81-08b0-493d-ae09-9cda8fffb6ba ] Request (ServicesAdminNegativeV253TestJSON:test_get_service_by_invalid_service_and_valid_host): 200 GET http://10.180.1.21/compute/v2.1/os-services?host=devstack&binary=xxx 1.451s
2025-05-19 18:34:14.661 70366 INFO tempest.lib.common.rest_client [req-d1c77773-b809-4f55-8e4f-a65bb6dc2153 req-d1c77773-b809-4f55-8e4f-a65bb6dc2153 ] Request (InstanceActionsV221TestJSON:setUpClass): 201 POST http://10.180.1.21:9696/networking/v2.0/networks 0.404s
2025-05-19 18:34:14.675 70365 INFO tempest.lib.common.rest_client [req-0123c576-b76a-4123-ab92-115d6e692b16 req-0123c576-b76a-4123-ab92-115d6e692b16 ] Request (ServicesAdminNegativeTestJSON:tearDownClass): 201 POST http://10.180.1.21/identity/v3/auth/tokens 0.085s
2025-05-19 18:34:14.725 70378 INFO tempest.lib.common.rest_client [req-336152c5-87e2-4446-90d2-04b99449490e req-336152c5-87e2-4446-90d2-04b99449490e ] Request (QuotasAdminNegativeTest:test_create_server_when_instances_quota_is_full): 201 POST http://10.180.1.21/identity/v3/auth/tokens 0.099s
2025-05-19 18:34:14.725 70378 INFO tempest.lib.common.fixed_network [-] (QuotasAdminNegativeTest:test_create_server_when_instances_quota_is_full) Found network None available for tenant
2025-05-19 18:34:14.756 70362 INFO tempest.lib.common.rest_client [req-9b98c5da-a9cb-4ed8-a8a3-871272d3fb19 req-9b98c5da-a9cb-4ed8-a8a3-871272d3fb19 ] Request (VolumesAssistedSnapshotsTest:test_volume_assisted_snapshot_create_delete): 201 POST http://10.180.1.21:9696/networking/v2.0/security-group-rules 0.202s
2025-05-19 18:34:14.938 70366 INFO tempest.lib.common.rest_client [req-96051fb2-75f0-4e85-83aa-25797f8c59fe req-96051fb2-75f0-4e85-83aa-25797f8c59fe ] Request (InstanceActionsV221TestJSON:setUpClass): 201 POST http://10.180.1.21:9696/networking/v2.0/subnets 0.276s
2025-05-19 18:34:14.991 70358 INFO tempest.lib.common.rest_client [req-bac08888-5b29-4bd3-b5ca-b1f5512e40d5 req-bac08888-5b29-4bd3-b5ca-b1f5512e40d5 ] Request (FlavorsV2NegativeTest:test_boot_with_low_ram): 201 POST http://10.180.1.21/image/v2/images 0.586s
2025-05-19 18:34:15.024 70334 INFO tempest.lib.common.rest_client [req-098929c0-f4b2-4b38-91b8-e7850bcd3359 req-098929c0-f4b2-4b38-91b8-e7850bcd3359 ] Request (ServerExternalEventsTest:test_create_server_external_events): 204 DELETE http://10.180.1.21/compute/v2.1/servers/4c637415-b73b-498f-88be-dd7b0992adaf 2.025s
2025-05-19 18:34:15.045 70328 INFO tempest.lib.common.rest_client [req-3041ebfe-3a22-4ce4-be2e-e994a0fd3e94 req-3041ebfe-3a22-4ce4-be2e-e994a0fd3e94 ] Request (InstanceActionsTestJSON:setUpClass): 404 GET http://10.180.1.21/compute/v2.1/servers/c4b241ba-2acc-4859-a57c-ca3c0e72b3d4 1.501s
2025-05-19 18:34:15.046 70328 INFO tempest.test [-] raised in InstanceActionsTestJSON.setUpClass. Invoking tearDownClass.
2025-05-19 18:34:15.175 70362 INFO tempest.lib.common.rest_client [req-140f25f8-8c24-4f99-8556-c7035f26cace req-140f25f8-8c24-4f99-8556-c7035f26cace ] Request (VolumesAssistedSnapshotsTest:test_volume_assisted_snapshot_create_delete): 201 POST http://10.180.1.21:9696/networking/v2.0/security-group-rules 0.418s
2025-05-19 18:34:15.199 70365 INFO tempest.lib.common.rest_client [req-26e2e127-21a1-4e91-a77f-9b0f4543d7dc req-26e2e127-21a1-4e91-a77f-9b0f4543d7dc ] Request (ServicesAdminNegativeTestJSON:tearDownClass): 200 GET http://10.180.1.21:9696/networking/v2.0/security-groups?tenant_id=66e1620464d14053a503f4edb9a251f8&name=default 0.524s
2025-05-19 18:34:15.285 70342 INFO tempest.lib.common.rest_client [req-667f555d-b57a-4ca1-b8e8-cab63d22b3d1 req-667f555d-b57a-4ca1-b8e8-cab63d22b3d1 ] Request (FloatingIPDetailsTestJSON:test_get_floating_ip_details): 200 GET http://10.180.1.21/compute/v2.1/os-floating-ips/66f34a23-ced1-43c9-8cd6-94d08334a9bc 1.641s
2025-05-19 18:34:15.562 70365 INFO tempest.lib.common.rest_client [req-aded3600-b949-48ac-9bf5-7fa98604b7ad req-aded3600-b949-48ac-9bf5-7fa98604b7ad ] Request (ServicesAdminNegativeTestJSON:tearDownClass): 204 DELETE http://10.180.1.21:9696/networking/v2.0/security-groups/95528347-9838-44d6-a874-6e4621d4b3f0 0.363s
2025-05-19 18:34:15.630 70332 INFO tempest.lib.common.rest_client [req-7f904189-e94a-43b8-99fa-8d18844fa8bd req-7f904189-e94a-43b8-99fa-8d18844fa8bd ] Request (ServerDiagnosticsNegativeTest:test_get_server_diagnostics_by_non_admin): 204 DELETE http://10.180.1.21/compute/v2.1/servers/d0ce11d5-d729-44e4-8273-47952026d204 1.901s
2025-05-19 18:34:15.647 70358 INFO tempest.lib.common.rest_client [req-cbecc82a-3ec3-4a49-b394-3907da1122ac req-cbecc82a-3ec3-4a49-b394-3907da1122ac ] Request (FlavorsV2NegativeTest:test_boot_with_low_ram): 204 PUT http://10.180.1.21/image/v2/images/ff1fa0e1-de32-4e81-839c-175431ffe9fc/file 0.655s
2025-05-19 18:34:15.655 70356 INFO tempest.lib.common.rest_client [req-931b8461-1387-4ce9-9003-18b77a7643b4 req-931b8461-1387-4ce9-9003-18b77a7643b4 ] Request (MigrationsAdminTest:test_list_migrations_in_flavor_resize_situation): 404 GET http://10.180.1.21/compute/v2.1/servers/40803acc-3ba2-4dd5-8cd5-051dfff06782 1.910s
2025-05-19 18:34:15.664 70365 INFO tempest.lib.common.rest_client [req-6404ab28-8944-4213-9280-6299ad14d99f req-6404ab28-8944-4213-9280-6299ad14d99f ] Request (ServicesAdminNegativeTestJSON:tearDownClass): 204 DELETE http://10.180.1.21/identity/v3/projects/66e1620464d14053a503f4edb9a251f8 0.101s
2025-05-19 18:34:15.664 70365 INFO tempest.lib.common.dynamic_creds [-] Deleting project and security group for project: a07d27dc0aa7463a89fd5a0bb195d9b3
2025-05-19 18:34:15.676 70344 INFO tempest.lib.common.rest_client [req-e094d868-ded1-425d-a556-6770cbe41701 req-e094d868-ded1-425d-a556-6770cbe41701 ] Request (FlavorsV255TestJSON:test_crud_flavor): 200 GET http://10.180.1.21/compute/v2.1/flavors 1.894s
2025-05-19 18:34:15.683 70336 INFO tempest.lib.common.rest_client [req-df77237a-511b-49f3-bfb6-c4ab4e91d2fc req-df77237a-511b-49f3-bfb6-c4ab4e91d2fc ] Request (HostsAdminNegativeTestJSON:test_shutdown_host_with_non_admin_user): 403 GET http://10.180.1.21/compute/v2.1/os-hosts/devstack/shutdown 1.891s
2025-05-19 18:34:15.695 70368 INFO tempest.lib.common.rest_client [req-87d9c0a8-ed96-4c89-837e-272051be405e req-87d9c0a8-ed96-4c89-837e-272051be405e ] Request (MultipleCreateTestJSON:test_multiple_create): 202 POST http://10.180.1.21/compute/v2.1/servers 2.251s
2025-05-19 18:34:15.699 70330 INFO tempest.lib.common.rest_client [req-2b5cd8fa-ab6c-4dc2-a69b-74d2ef1b8c2c req-2b5cd8fa-ab6c-4dc2-a69b-74d2ef1b8c2c ] Request (ServersWithSpecificFlavorTestJSON:test_verify_created_server_ephemeral_disk): 200 POST http://10.180.1.21/compute/v2.1/flavors 1.878s
2025-05-19 18:34:15.722 70358 INFO tempest.lib.common.rest_client [req-efa49ec6-90cc-4464-84a6-80409b47105c req-efa49ec6-90cc-4464-84a6-80409b47105c ] Request (FlavorsV2NegativeTest:test_boot_with_low_ram): 201 POST http://10.180.1.21/identity/v3/auth/tokens 0.073s
2025-05-19 18:34:15.723 70358 INFO tempest.lib.common.fixed_network [-] (FlavorsV2NegativeTest:test_boot_with_low_ram) Found network None available for tenant
2025-05-19 18:34:15.721 70370 INFO tempest.lib.common.rest_client [req-f295a0f7-bf39-4274-b7b3-e01bf2961e83 req-f295a0f7-bf39-4274-b7b3-e01bf2961e83 ] Request (FlavorsAccessNegativeTestJSON:_run_cleanups): 200 GET http://10.180.1.21/compute/v2.1/flavors/detail 1.788s
2025-05-19 18:34:15.763 70380 INFO tempest.lib.common.rest_client [req-9fa5cf1d-3f21-4bf2-8f99-01abe2abeb98 req-9fa5cf1d-3f21-4bf2-8f99-01abe2abeb98 ] Request (SecurityGroupRulesNegativeTestJSON:test_create_security_group_rule_with_invalid_from_port): 400 POST http://10.180.1.21/compute/v2.1/os-security-group-rules 1.852s
2025-05-19 18:34:15.792 70372 INFO tempest.lib.common.rest_client [req-5bbe4fde-9615-4dcc-928b-1c1a53e7daa9 req-5bbe4fde-9615-4dcc-928b-1c1a53e7daa9 ] Request (HypervisorAdminNegativeTestJSON:test_show_hypervisor_with_non_admin_user): 200 GET http://10.180.1.21/compute/v2.1/os-hypervisors 1.782s
2025-05-19 18:34:15.804 70376 INFO tempest.lib.common.rest_client [req-1addd9cc-104b-4fc2-a75e-3ea99b961fd4 req-1addd9cc-104b-4fc2-a75e-3ea99b961fd4 ] Request (FlavorsExtraSpecsTestJSON:test_flavor_set_get_update_show_unset_keys): 200 GET http://10.180.1.21/compute/v2.1/flavors/240286427/os-extra_specs 1.777s
2025-05-19 18:34:15.826 70320 INFO tempest.lib.common.rest_client [req-2d6f6248-9f40-47c6-930b-60dd3867f41e req-2d6f6248-9f40-47c6-930b-60dd3867f41e ] Request (KeyPairsV210TestJSON:_run_cleanups): 204 DELETE http://10.180.1.21/compute/v2.1/os-keypairs/tempest-keypair-1940134365?user_id=fba5777e294f46768df78aeb6577def7 1.785s
2025-05-19 18:34:15.849 70346 INFO tempest.lib.common.rest_client [req-d1ba3614-19d6-417c-9abc-2f6a8d7a18ef req-d1ba3614-19d6-417c-9abc-2f6a8d7a18ef ] Request (ImagesMetadataNegativeTestJSON:test_delete_nonexistent_image_metadata_item): 404 DELETE http://10.180.1.21/compute/v2.1/images/f7ada7cd-d62f-4aca-9e8a-b30a19265fda/metadata/os_distro 1.909s
2025-05-19 18:34:15.850 70354 INFO tempest.lib.common.rest_client [req-da2c4ef1-c5d0-4503-9167-1260d304d53c req-da2c4ef1-c5d0-4503-9167-1260d304d53c ] Request (FlavorsAccessTestJSON:_run_cleanups): 200 GET http://10.180.1.21/compute/v2.1/flavors/detail 1.794s
2025-05-19 18:34:15.862 70348 INFO tempest.lib.common.rest_client [req-37fde969-5383-44b1-8269-c64c0d3e9dfb req-37fde969-5383-44b1-8269-c64c0d3e9dfb ] Request (QuotasAdminTestJSON:test_delete_quota): 202 DELETE http://10.180.1.21/compute/v2.1/os-quota-sets/dd97deaaa0714389a9af04ee9fe66ec7 1.580s
2025-05-19 18:34:15.876 70318 INFO tempest.lib.common.rest_client [req-a536c1f1-9a5d-4275-95fa-6221308208da req-a536c1f1-9a5d-4275-95fa-6221308208da ] Request (ServersAdmin275Test:tearDownClass): 404 GET http://10.180.1.21/compute/v2.1/servers/ab4c2713-1d3e-47c3-80f3-3547650a078a 1.815s
2025-05-19 18:34:15.890 70365 INFO tempest.lib.common.rest_client [req-0f28886d-dd1c-46b1-bf69-bc2186ce15b1 req-0f28886d-dd1c-46b1-bf69-bc2186ce15b1 ] Request (ServicesAdminNegativeTestJSON:tearDownClass): 200 GET http://10.180.1.21:9696/networking/v2.0/security-groups?tenant_id=a07d27dc0aa7463a89fd5a0bb195d9b3&name=default 0.225s
2025-05-19 18:34:15.894 70352 INFO tempest.lib.common.rest_client [req-fe073b60-1c08-4bc4-831e-0d2acdcdcbd2 req-fe073b60-1c08-4bc4-831e-0d2acdcdcbd2 ] Request (AggregatesAdminNegativeTestJSON:test_aggregate_add_host_as_user): 200 POST http://10.180.1.21/compute/v2.1/os-aggregates 1.536s
2025-05-19 18:34:15.896 70326 INFO tempest.lib.common.rest_client [req-359c6b3b-5bd6-42c4-be56-af8e399d048d req-359c6b3b-5bd6-42c4-be56-af8e399d048d ] Request (FlavorsAdminTestJSON:test_create_flavor_with_int_id): 200 POST http://10.180.1.21/compute/v2.1/flavors 1.511s
2025-05-19 18:34:15.916 70340 INFO tempest.lib.common.rest_client [req-ffc7db07-8a52-414a-ba7c-50d2d31392ab req-ffc7db07-8a52-414a-ba7c-50d2d31392ab ] Request (HostsAdminTestJSON:test_list_hosts_with_zone): 200 GET http://10.180.1.21/compute/v2.1/os-hosts 1.476s
2025-05-19 18:34:15.922 70324 INFO tempest.lib.common.rest_client [req-fcf68336-ce26-485b-bedb-0bc6285bdd51 req-fcf68336-ce26-485b-bedb-0bc6285bdd51 ] Request (ServicesAdminNegativeV253TestJSON:test_get_service_with_valid_service_and_invalid_host): 200 GET http://10.180.1.21/compute/v2.1/os-services 1.271s
2025-05-19 18:34:15.988 70318 INFO tempest.lib.common.rest_client [req-eceb11ba-d1e9-4544-95aa-d887e0e7b02d req-eceb11ba-d1e9-4544-95aa-d887e0e7b02d ] Request (ServersAdmin275Test:tearDownClass): 204 DELETE http://10.180.1.21/identity/v3/users/2bd8e35bdbcd41b49209061a25b6e1f0 0.112s
2025-05-19 18:34:15.990 70360 INFO tempest.lib.common.rest_client [req-97fb4643-bec4-4817-9b26-5ab508627e9e req-97fb4643-bec4-4817-9b26-5ab508627e9e ] Request (FloatingIPDetailsNegativeTestJSON:setUpClass): 200 PUT http://10.180.1.21:9696/networking/v2.0/routers/f95a2d91-18ae-4ca2-a9cb-5e47a1221119/add_router_interface 1.836s
2025-05-19 18:34:15.991 70360 INFO tempest.lib.common.dynamic_creds [-] Created isolated network resources for: credentials: Credentials: {'domain_id': 'default', 'domain_name': 'Default', 'username': 'tempest-FloatingIPDetailsNegativeTestJSON-174528976-project-member', 'project_domain_id': 'default', 'project_domain_name': 'Default', 'project_id': 'fdacb428881d4acc94c240e5e3e09245', 'project_name': 'tempest-FloatingIPDetailsNegativeTestJSON-174528976', 'tenant_id': 'fdacb428881d4acc94c240e5e3e09245', 'tenant_name': 'tempest-FloatingIPDetailsNegativeTestJSON-174528976', 'user_domain_id': 'default', 'user_domain_name': 'Default', 'user_id': '9189288ac02f47918588be21b9d943bf', 'system': None}, Network: {'id': 'edf8114d-25df-49d5-88e2-283700286a2a', 'name': 'tempest-FloatingIPDetailsNegativeTestJSON-356418337-network', 'tenant_id': 'fdacb428881d4acc94c240e5e3e09245', 'admin_state_up': True, 'mtu': 8950, 'status': 'ACTIVE', 'subnets': [], 'shared': False, 'project_id': 'fdacb428881d4acc94c240e5e3e09245', 'port_security_enabled': True, 'router:external': False, 'provider:network_type': 'vlan', 'provider:physical_network': 'default', 'provider:segmentation_id': 657, 'availability_zone_hints': [], 'availability_zones': [], 'ipv4_address_scope': None, 'ipv6_address_scope': None, 'description': '', 'tags': [], 'created_at': '2025-05-19T18:34:12Z', 'updated_at': '2025-05-19T18:34:12Z', 'revision_number': 1}, Subnet: {'id': '8236cd45-035c-42c3-92d7-e4c60e86e400', 'name': 'tempest-FloatingIPDetailsNegativeTestJSON-356418337-subnet', 'tenant_id': 'fdacb428881d4acc94c240e5e3e09245', 'network_id': 'edf8114d-25df-49d5-88e2-283700286a2a', 'ip_version': 4, 'subnetpool_id': None, 'enable_dhcp': True, 'ipv6_ra_mode': None, 'ipv6_address_mode': None, 'gateway_ip': '192.168.128.1', 'cidr': '192.168.128.0/28', 'allocation_pools': [{'start': '192.168.128.2', 'end': '192.168.128.14'}], 'host_routes': [], 'dns_nameservers': [], 'description': '', 'router:external': False, 'service_types': [], 'tags': [], 'created_at': '2025-05-19T18:34:13Z', 'updated_at': '2025-05-19T18:34:13Z', 'revision_number': 0, 'project_id': 'fdacb428881d4acc94c240e5e3e09245'}, Router: {'id': 'f95a2d91-18ae-4ca2-a9cb-5e47a1221119', 'name': 'tempest-FloatingIPDetailsNegativeTestJSON-356418337-router', 'tenant_id': 'fdacb428881d4acc94c240e5e3e09245', 'admin_state_up': True, 'status': 'ACTIVE', 'external_gateway_info': {'network_id': '6047c161-c51e-49ce-b0c9-d413bac2bd5a', 'external_fixed_ips': [{'subnet_id': 'abc9ab84-fc1d-46ad-b616-dc331a68fa70', 'ip_address': '10.180.180.206'}], 'enable_snat': True}, 'description': '', 'availability_zones': [], 'distributed': False, 'ha': False, 'availability_zone_hints': [], 'routes': [], 'flavor_id': None, 'tags': [], 'created_at': '2025-05-19T18:34:13Z', 'updated_at': '2025-05-19T18:34:13Z', 'revision_number': 2, 'project_id': 'fdacb428881d4acc94c240e5e3e09245'}
2025-05-19 18:34:16.029 70338 INFO tempest.lib.common.rest_client [req-f5ccbd63-dbc1-4eb2-8f02-af6a55573d07 req-f5ccbd63-dbc1-4eb2-8f02-af6a55573d07 ] Request (FloatingIPsAssociationTestJSON:setUpClass): 200 GET http://10.180.1.21/compute/v2.1/servers/40ef9f92-72d9-41e1-b95d-dc2c62282414 1.019s
2025-05-19 18:34:16.058 70334 INFO tempest.lib.common.rest_client [req-f784954a-f157-4742-b657-a0e8809bca66 req-f784954a-f157-4742-b657-a0e8809bca66 ] Request (ServerExternalEventsTest:test_create_server_external_events): 404 GET http://10.180.1.21/compute/v2.1/servers/4c637415-b73b-498f-88be-dd7b0992adaf 1.034s
2025-05-19 18:34:16.104 70350 INFO tempest.lib.common.rest_client [req-903a95a4-6330-4685-a310-c0e17bd51039 req-903a95a4-6330-4685-a310-c0e17bd51039 ] Request (VolumesAdminNegativeTest:setUpClass): 201 POST http://10.180.1.21:9696/networking/v2.0/routers 1.629s
2025-05-19 18:34:16.119 70318 INFO tempest.lib.common.rest_client [req-f7cb6328-d2ec-4d64-9f6e-448706ee368e req-f7cb6328-d2ec-4d64-9f6e-448706ee368e ] Request (ServersAdmin275Test:tearDownClass): 204 DELETE http://10.180.1.21/identity/v3/users/c9904b81e1ed4e8da0b65caeb6531564 0.131s
2025-05-19 18:34:16.120 70318 INFO tempest.lib.common.dynamic_creds [-] Deleting project and security group for project: a0a10090be7b4b3691ffecb1fb201dbd
2025-05-19 18:34:16.124 70360 INFO tempest.lib.common.rest_client [req-b907270a-8afe-46bb-8c8e-d7667c86b978 req-b907270a-8afe-46bb-8c8e-d7667c86b978 ] Request (FloatingIPDetailsNegativeTestJSON:setUpClass): 201 POST http://10.180.1.21/identity/v3/auth/tokens 0.126s
2025-05-19 18:34:16.151 70322 INFO tempest.lib.common.rest_client [req-746b8b55-9932-4335-84a3-e0c3c39b49f0 req-746b8b55-9932-4335-84a3-e0c3c39b49f0 ] Request (ServersTestFqdnHostnames:test_create_server_with_fqdn_name): 200 GET http://10.180.1.21/compute/v2.1/servers/015c9c24-a398-470b-b142-d77671be0d34 1.020s
2025-05-19 18:34:16.201 70318 INFO tempest.lib.common.rest_client [req-d04789d8-ebbe-4842-bd73-d59ef0d4c781 req-d04789d8-ebbe-4842-bd73-d59ef0d4c781 ] Request (ServersAdmin275Test:tearDownClass): 201 POST http://10.180.1.21/identity/v3/auth/tokens 0.080s
2025-05-19 18:34:16.236 70365 INFO tempest.lib.common.rest_client [req-b6147dfe-f5af-4292-b314-f5e32ca104d5 req-b6147dfe-f5af-4292-b314-f5e32ca104d5 ] Request (ServicesAdminNegativeTestJSON:tearDownClass): 204 DELETE http://10.180.1.21:9696/networking/v2.0/security-groups/86733e35-c684-4687-8bbd-96038d17d3c6 0.345s
2025-05-19 18:34:16.253 70334 INFO tempest.lib.common.rest_client [req-9106586a-5098-45e2-8685-bd1522c54ad0 req-9106586a-5098-45e2-8685-bd1522c54ad0 ] Request (ServerExternalEventsTest:tearDownClass): 204 DELETE http://10.180.1.21/identity/v3/users/51d32529267e43eca86243aa91cbf8a2 0.190s
2025-05-19 18:34:16.330 70378 INFO tempest.lib.common.rest_client [req-6a274280-05cf-4a27-a4d1-3f2db89172a1 req-6a274280-05cf-4a27-a4d1-3f2db89172a1 ] Request (QuotasAdminNegativeTest:test_create_server_when_instances_quota_is_full): 403 POST http://10.180.1.21/compute/v2.1/servers 1.604s
2025-05-19 18:34:16.353 70332 INFO tempest.lib.common.rest_client [req-da7d5546-db2e-427f-9396-1a77eea10892 req-da7d5546-db2e-427f-9396-1a77eea10892 ] Request (ServerDiagnosticsNegativeTest:test_get_server_diagnostics_by_non_admin): 404 GET http://10.180.1.21/compute/v2.1/servers/d0ce11d5-d729-44e4-8273-47952026d204 0.722s
2025-05-19 18:34:16.374 70356 INFO tempest.lib.common.rest_client [req-d3fbb830-590a-45cd-815f-1249129eec0c req-d3fbb830-590a-45cd-815f-1249129eec0c ] Request (MigrationsAdminTest:test_resize_server_revert_deleted_flavor): 200 GET http://10.180.1.21/compute/v2.1/flavors/42 0.715s
2025-05-19 18:34:16.392 70365 INFO tempest.lib.common.rest_client [req-6ef7abf1-717b-41ca-b3ad-10f040736151 req-6ef7abf1-717b-41ca-b3ad-10f040736151 ] Request (ServicesAdminNegativeTestJSON:tearDownClass): 204 DELETE http://10.180.1.21/identity/v3/projects/a07d27dc0aa7463a89fd5a0bb195d9b3 0.155s
2025-05-19 18:34:16.407 70344 INFO tempest.lib.common.rest_client [req-bb59b744-3fed-4e59-ba67-a4b845009bdf req-bb59b744-3fed-4e59-ba67-a4b845009bdf ] Request (FlavorsV255TestJSON:_run_cleanups): 202 DELETE http://10.180.1.21/compute/v2.1/flavors/364432548 0.726s
2025-05-19 18:34:16.435 70336 INFO tempest.lib.common.rest_client [req-07ba6b4b-c9a1-409e-bef3-40ae1627ae63 req-07ba6b4b-c9a1-409e-bef3-40ae1627ae63 ] Request (HostsAdminNegativeTestJSON:test_shutdown_nonexistent_host): 404 GET http://10.180.1.21/compute/v2.1/os-hosts/nonexistent_hostname/shutdown 0.751s
2025-05-19 18:34:16.473 70362 INFO tempest.lib.common.rest_client [req-f6b35726-443b-41cb-ae92-50d5afdc6aee req-f6b35726-443b-41cb-ae92-50d5afdc6aee ] Request (VolumesAssistedSnapshotsTest:test_volume_assisted_snapshot_create_delete): 201 POST http://10.180.1.21:9696/networking/v2.0/floatingips 1.297s
2025-05-19 18:34:16.484 70334 INFO tempest.lib.common.rest_client [req-2c1b6d31-be51-4696-a78c-5f828c29af8c req-2c1b6d31-be51-4696-a78c-5f828c29af8c ] Request (ServerExternalEventsTest:tearDownClass): 204 DELETE http://10.180.1.21/identity/v3/users/128c25edc494482ca0c5117ec8f6f22c 0.230s
2025-05-19 18:34:16.495 70332 INFO tempest.lib.common.rest_client [req-d8944bf1-4a5e-4e4a-b8ae-f7321ba43424 req-d8944bf1-4a5e-4e4a-b8ae-f7321ba43424 ] Request (ServerDiagnosticsNegativeTest:tearDownClass): 204 DELETE http://10.180.1.21/identity/v3/users/644e3ada7b4d44e08f99235515c70c02 0.139s
2025-05-19 18:34:16.548 70362 INFO tempest.lib.common.rest_client [req-1bfd0a14-e748-455e-a03a-dc9ef788b102 req-1bfd0a14-e748-455e-a03a-dc9ef788b102 ] Request (VolumesAssistedSnapshotsTest:test_volume_assisted_snapshot_create_delete): 201 POST http://10.180.1.21/identity/v3/auth/tokens 0.071s
2025-05-19 18:34:16.548 70362 INFO tempest.lib.common.fixed_network [-] (VolumesAssistedSnapshotsTest:test_volume_assisted_snapshot_create_delete) Found network {'id': '400aad61-9032-4afb-93a6-a05cc031ecbc', 'name': 'tempest-VolumesAssistedSnapshotsTest-1051218713-network', 'tenant_id': 'cd2e95b465b24649ad85ec7ebe0d3c02', 'admin_state_up': True, 'mtu': 8950, 'status': 'ACTIVE', 'subnets': [], 'shared': False, 'project_id': 'cd2e95b465b24649ad85ec7ebe0d3c02', 'port_security_enabled': True, 'router:external': False, 'provider:network_type': 'vlan', 'provider:physical_network': 'default', 'provider:segmentation_id': 690, 'availability_zone_hints': [], 'availability_zones': [], 'ipv4_address_scope': None, 'ipv6_address_scope': None, 'description': '', 'tags': [], 'created_at': '2025-05-19T18:33:56Z', 'updated_at': '2025-05-19T18:33:56Z', 'revision_number': 1} available for tenant
2025-05-19 18:34:16.557 70365 INFO tempest.lib.common.rest_client [req-bd73d5c3-2fad-46e2-b266-abdeb4d0f8d0 req-bd73d5c3-2fad-46e2-b266-abdeb4d0f8d0 ] Request (SecurityGroupRulesTestJSON:setUpClass): 201 POST http://10.180.1.21/identity/v3/auth/tokens 0.163s
2025-05-19 18:34:16.568 70368 INFO tempest.lib.common.rest_client [req-3a3a2787-a955-4f00-92d3-89d9ff84613c req-3a3a2787-a955-4f00-92d3-89d9ff84613c ] Request (MultipleCreateTestJSON:test_multiple_create): 200 GET http://10.180.1.21/compute/v2.1/servers 0.871s
2025-05-19 18:34:16.581 70330 INFO tempest.lib.common.rest_client [req-0f41380c-9388-4e9a-b9b7-5d9605766f84 req-0f41380c-9388-4e9a-b9b7-5d9605766f84 ] Request (ServersWithSpecificFlavorTestJSON:test_verify_created_server_ephemeral_disk): 200 GET http://10.180.1.21/compute/v2.1/flavors/42/os-extra_specs 0.880s
2025-05-19 18:34:16.634 70332 INFO tempest.lib.common.rest_client [req-f782d94d-8dc5-444d-9f80-e72822fbba62 req-f782d94d-8dc5-444d-9f80-e72822fbba62 ] Request (ServerDiagnosticsNegativeTest:tearDownClass): 204 DELETE http://10.180.1.21/identity/v3/users/c8c35e4e8d9c44ea82b6ff6393771dac 0.138s
2025-05-19 18:34:16.634 70332 INFO tempest.lib.common.dynamic_creds [-] Deleting project and security group for project: 6ddbbdfc00634d24b4e9479886133127
2025-05-19 18:34:16.693 70365 INFO tempest.lib.common.rest_client [req-6d158fd5-db01-44a0-9ac3-5e8f4aa5c7f3 req-6d158fd5-db01-44a0-9ac3-5e8f4aa5c7f3 ] Request (SecurityGroupRulesTestJSON:setUpClass): 201 POST http://10.180.1.21/identity/v3/auth/tokens 0.128s
2025-05-19 18:34:16.700 70334 INFO tempest.lib.common.rest_client [req-ee0e2f90-c787-4274-9acd-2a62727a8060 req-ee0e2f90-c787-4274-9acd-2a62727a8060 ] Request (ServerExternalEventsTest:tearDownClass): 204 DELETE http://10.180.1.21/identity/v3/users/03a525de0c9049bc82e66675038ce400 0.215s
2025-05-19 18:34:16.700 70334 INFO tempest.lib.common.dynamic_creds [-] Deleting project and security group for project: 1d6adc9f832945d78c350427bf45c8b9
2025-05-19 18:34:16.724 70366 INFO tempest.lib.common.rest_client [req-e163b695-e251-43e9-a235-aa43fc3384bf req-e163b695-e251-43e9-a235-aa43fc3384bf ] Request (InstanceActionsV221TestJSON:setUpClass): 201 POST http://10.180.1.21:9696/networking/v2.0/routers 1.786s
2025-05-19 18:34:16.739 70318 INFO tempest.lib.common.rest_client [req-dd3e335e-5808-4d27-992d-a37563239582 req-dd3e335e-5808-4d27-992d-a37563239582 ] Request (ServersAdmin275Test:tearDownClass): 200 GET http://10.180.1.21:9696/networking/v2.0/security-groups?tenant_id=a0a10090be7b4b3691ffecb1fb201dbd&name=default 0.537s
2025-05-19 18:34:16.746 70332 INFO tempest.lib.common.rest_client [req-dbb4d7ae-bc37-4872-b4eb-593d03c31a96 req-dbb4d7ae-bc37-4872-b4eb-593d03c31a96 ] Request (ServerDiagnosticsNegativeTest:tearDownClass): 201 POST http://10.180.1.21/identity/v3/auth/tokens 0.112s
2025-05-19 18:34:16.765 70365 INFO tempest.lib.common.rest_client [req-e37ca1ec-dd3b-4695-9d1e-74353759233a req-e37ca1ec-dd3b-4695-9d1e-74353759233a ] Request (SecurityGroupRulesTestJSON:setUpClass): 200 GET http://10.180.1.21/identity/v3/domains?name=Default 0.071s
2025-05-19 18:34:16.770 70334 INFO tempest.lib.common.rest_client [req-869b6bc3-2762-4c90-880e-639c8a073a7b req-869b6bc3-2762-4c90-880e-639c8a073a7b ] Request (ServerExternalEventsTest:tearDownClass): 201 POST http://10.180.1.21/identity/v3/auth/tokens 0.070s
2025-05-19 18:34:16.802 70365 INFO tempest.lib.common.rest_client [req-e80087b8-2fb3-4ccb-9a37-11f8c6bb7b4f req-e80087b8-2fb3-4ccb-9a37-11f8c6bb7b4f ] Request (SecurityGroupRulesTestJSON:setUpClass): 201 POST http://10.180.1.21/identity/v3/projects 0.036s
2025-05-19 18:34:16.863 70358 INFO tempest.lib.common.rest_client [req-1f3b18ab-d289-4d24-a615-0fff55eb0e87 req-1f3b18ab-d289-4d24-a615-0fff55eb0e87 ] Request (FlavorsV2NegativeTest:test_boot_with_low_ram): 400 POST http://10.180.1.21/compute/v2.1/servers 1.139s
2025-05-19 18:34:16.887 70370 INFO tempest.lib.common.rest_client [req-f39167a4-d193-439b-97b1-5be0c7a86238 req-f39167a4-d193-439b-97b1-5be0c7a86238 ] Request (FlavorsAccessNegativeTestJSON:test_flavor_access_list_with_public_flavor): 200 POST http://10.180.1.21/compute/v2.1/flavors 1.145s
2025-05-19 18:34:16.897 70380 INFO tempest.lib.common.rest_client [req-47d2ce59-87ca-49c5-9a71-661c58dd6400 req-47d2ce59-87ca-49c5-9a71-661c58dd6400 ] Request (SecurityGroupRulesNegativeTestJSON:test_create_security_group_rule_with_invalid_id): 400 POST http://10.180.1.21/compute/v2.1/os-security-group-rules 1.129s
2025-05-19 18:34:16.900 70372 INFO tempest.lib.common.rest_client [req-deb5969e-4ce1-4c7e-86f6-7cf1749f2daa req-deb5969e-4ce1-4c7e-86f6-7cf1749f2daa ] Request (HypervisorAdminNegativeTestJSON:test_show_hypervisor_with_non_admin_user): 403 GET http://10.180.1.21/compute/v2.1/os-hypervisors/1 1.106s
2025-05-19 18:34:16.925 70365 INFO tempest.lib.common.rest_client [req-0a1bbb44-241a-456a-abc8-49c51e2a5960 req-0a1bbb44-241a-456a-abc8-49c51e2a5960 ] Request (SecurityGroupRulesTestJSON:setUpClass): 201 POST http://10.180.1.21/identity/v3/users 0.123s
2025-05-19 18:34:16.930 70376 INFO tempest.lib.common.rest_client [req-212984ce-0c7b-4727-9a77-b864fa515cd3 req-212984ce-0c7b-4727-9a77-b864fa515cd3 ] Request (FlavorsExtraSpecsTestJSON:test_flavor_set_get_update_show_unset_keys): 200 PUT http://10.180.1.21/compute/v2.1/flavors/240286427/os-extra_specs/hw:numa_nodes 1.124s
2025-05-19 18:34:16.937 70358 INFO tempest.lib.common.rest_client [req-8ffea2d5-53f8-4047-af8d-cffaa541a54d req-8ffea2d5-53f8-4047-af8d-cffaa541a54d ] Request (FlavorsV2NegativeTest:_run_cleanups): 204 DELETE http://10.180.1.21/image/v2/images/ff1fa0e1-de32-4e81-839c-175431ffe9fc 0.072s
2025-05-19 18:34:16.946 70320 INFO tempest.lib.common.rest_client [req-4991bb91-274a-4ce5-8b29-9a8846817ec7 req-4991bb91-274a-4ce5-8b29-9a8846817ec7 ] Request (KeyPairsV210TestJSON:_run_cleanups): 204 DELETE http://10.180.1.21/compute/v2.1/os-keypairs/tempest-keypair-1524834920?user_id=fba5777e294f46768df78aeb6577def7 1.119s
2025-05-19 18:34:16.951 70365 INFO tempest.lib.common.rest_client [req-fbb2f0f3-606a-4af5-b8de-841a6f01a764 req-fbb2f0f3-606a-4af5-b8de-841a6f01a764 ] Request (SecurityGroupRulesTestJSON:setUpClass): 200 GET http://10.180.1.21/identity/v3/roles 0.025s
2025-05-19 18:34:16.965 70346 INFO tempest.lib.common.rest_client [req-f3f74e2d-6ebf-44f3-9784-05564cc96e77 req-f3f74e2d-6ebf-44f3-9784-05564cc96e77 ] Request (ImagesMetadataNegativeTestJSON:test_get_nonexistent_image_metadata_item): 404 GET http://10.180.1.21/compute/v2.1/images/d0f8bb45-4890-4234-a206-04137a78ba9e/metadata/os_version 1.114s
2025-05-19 18:34:16.981 70365 INFO tempest.lib.common.rest_client [req-12ffffc5-cfcd-441a-bdac-c9567cfee8e7 req-12ffffc5-cfcd-441a-bdac-c9567cfee8e7 ] Request (SecurityGroupRulesTestJSON:setUpClass): 204 PUT http://10.180.1.21/identity/v3/projects/5d858d42532648d8a6fed353129a2440/users/ddcfec27009a4062af1af5906a42da82/roles/c3ec1a5db096472ca2a7b5eee8660b83 0.030s
2025-05-19 18:34:16.982 70365 INFO tempest.lib.common.dynamic_creds [-] Dynamic test user ddcfec27009a4062af1af5906a42da82 is created with scope project and roles: ['member']
2025-05-19 18:34:16.982 70365 INFO tempest.lib.common.dynamic_creds [-] Acquired dynamic creds: credentials: Credentials: {'domain_id': 'default', 'domain_name': 'Default', 'username': 'tempest-SecurityGroupRulesTestJSON-638650384-project-member', 'project_domain_id': 'default', 'project_domain_name': 'Default', 'project_id': '5d858d42532648d8a6fed353129a2440', 'project_name': 'tempest-SecurityGroupRulesTestJSON-638650384', 'tenant_id': '5d858d42532648d8a6fed353129a2440', 'tenant_name': 'tempest-SecurityGroupRulesTestJSON-638650384', 'user_domain_id': 'default', 'user_domain_name': 'Default', 'user_id': 'ddcfec27009a4062af1af5906a42da82', 'system': None}, Network: None, Subnet: None, Router: None
2025-05-19 18:34:16.984 70354 INFO tempest.lib.common.rest_client [req-cee65c7e-c6ea-4bbc-a504-1ba8dc763006 req-cee65c7e-c6ea-4bbc-a504-1ba8dc763006 ] Request (FlavorsAccessTestJSON:test_flavor_access_list_with_private_flavor): 200 POST http://10.180.1.21/compute/v2.1/flavors 1.123s
2025-05-19 18:34:17.035 70358 INFO tempest.lib.common.rest_client [req-0025acd1-e5b1-4856-a8cc-1cadf0f53f08 req-0025acd1-e5b1-4856-a8cc-1cadf0f53f08 ] Request (FlavorsV2NegativeTest:tearDownClass): 204 DELETE http://10.180.1.21/identity/v3/users/ca65f8ab894646ca96add1f4616dd2c5 0.097s
2025-05-19 18:34:17.036 70358 INFO tempest.lib.common.dynamic_creds [-] Deleting project and security group for project: 6515b302d7714cf98511d649a2d9c5d7
2025-05-19 18:34:17.039 70318 INFO tempest.lib.common.rest_client [req-2160d722-993c-49da-b2aa-d3040d934f1c req-2160d722-993c-49da-b2aa-d3040d934f1c ] Request (ServersAdmin275Test:tearDownClass): 204 DELETE http://10.180.1.21:9696/networking/v2.0/security-groups/db96850c-be73-4239-830a-14a88b109154 0.300s
2025-05-19 18:34:17.077 70342 INFO tempest.lib.common.rest_client [req-63009ba2-a8e4-48bf-89fe-ed9115cfa592 req-63009ba2-a8e4-48bf-89fe-ed9115cfa592 ] Request (FloatingIPDetailsTestJSON:_run_cleanups): 202 DELETE http://10.180.1.21/compute/v2.1/os-floating-ips/66f34a23-ced1-43c9-8cd6-94d08334a9bc 1.789s
2025-05-19 18:34:17.087 70328 INFO tempest.lib.common.rest_client [req-8515813d-524b-4868-88fd-0b36f9f0c409 req-8515813d-524b-4868-88fd-0b36f9f0c409 ] Request (InstanceActionsTestJSON:tearDownClass): 200 PUT http://10.180.1.21:9696/networking/v2.0/routers/a7af0a39-25d4-4e0c-b47e-f5eb33059a7c/remove_router_interface 2.041s
2025-05-19 18:34:17.124 70365 INFO tempest.lib.common.rest_client [req-d965d3a8-081d-4757-845f-ffee92409450 req-d965d3a8-081d-4757-845f-ffee92409450 ] Request (SecurityGroupRulesTestJSON:setUpClass): 201 POST http://10.180.1.21/identity/v3/auth/tokens 0.142s
2025-05-19 18:34:17.162 70332 INFO tempest.lib.common.rest_client [req-4eceebad-aaf9-4f03-a3f8-6933585f98f3 req-4eceebad-aaf9-4f03-a3f8-6933585f98f3 ] Request (ServerDiagnosticsNegativeTest:tearDownClass): 200 GET http://10.180.1.21:9696/networking/v2.0/security-groups?tenant_id=6ddbbdfc00634d24b4e9479886133127&name=default 0.416s
2025-05-19 18:34:17.175 70320 INFO tempest.lib.common.rest_client [req-166dd932-2d7e-4d7a-9782-f038706e8cf7 req-166dd932-2d7e-4d7a-9782-f038706e8cf7 ] Request (KeyPairsV210TestJSON:tearDownClass): 204 DELETE http://10.180.1.21/identity/v3/users/fba5777e294f46768df78aeb6577def7 0.222s
2025-05-19 18:34:17.199 70358 INFO tempest.lib.common.rest_client [req-e5a30f47-2f54-4e56-b6a7-a310679fd352 req-e5a30f47-2f54-4e56-b6a7-a310679fd352 ] Request (FlavorsV2NegativeTest:tearDownClass): 201 POST http://10.180.1.21/identity/v3/auth/tokens 0.163s
2025-05-19 18:34:17.268 70318 INFO tempest.lib.common.rest_client [req-483c5dd9-3fa8-4ef9-b2ff-022204e2a0e2 req-483c5dd9-3fa8-4ef9-b2ff-022204e2a0e2 ] Request (ServersAdmin275Test:tearDownClass): 204 DELETE http://10.180.1.21/identity/v3/projects/a0a10090be7b4b3691ffecb1fb201dbd 0.229s
2025-05-19 18:34:17.269 70318 INFO tempest.lib.common.dynamic_creds [-] Deleting project and security group for project: 1396757e1a014bdf9e3e022974ca680b
2025-05-19 18:34:17.270 70334 INFO tempest.lib.common.rest_client [req-e8fd9b90-241c-4a1a-b6b4-5a40e7faf051 req-e8fd9b90-241c-4a1a-b6b4-5a40e7faf051 ] Request (ServerExternalEventsTest:tearDownClass): 200 GET http://10.180.1.21:9696/networking/v2.0/security-groups?tenant_id=1d6adc9f832945d78c350427bf45c8b9&name=default 0.499s
2025-05-19 18:34:17.333 70352 INFO tempest.lib.common.rest_client [req-a6d3dbe4-67cd-4525-9de1-f85a8f0f836e req-a6d3dbe4-67cd-4525-9de1-f85a8f0f836e ] Request (AggregatesAdminNegativeTestJSON:test_aggregate_add_host_as_user): 403 POST http://10.180.1.21/compute/v2.1/os-aggregates/2/action 1.437s
2025-05-19 18:34:17.353 70332 INFO tempest.lib.common.rest_client [req-15f11636-2827-48b8-9b8f-1dcbc651c978 req-15f11636-2827-48b8-9b8f-1dcbc651c978 ] Request (ServerDiagnosticsNegativeTest:tearDownClass): 204 DELETE http://10.180.1.21:9696/networking/v2.0/security-groups/b52f30e0-4771-4735-981b-06bc6de79378 0.190s
2025-05-19 18:34:17.358 70326 INFO tempest.lib.common.rest_client [req-b9b9fcb2-9852-4a00-8dfd-aa7a28a7cc90 req-b9b9fcb2-9852-4a00-8dfd-aa7a28a7cc90 ] Request (FlavorsAdminTestJSON:_run_cleanups): 202 DELETE http://10.180.1.21/compute/v2.1/flavors/1184387312 1.459s
2025-05-19 18:34:17.375 70348 INFO tempest.lib.common.rest_client [req-13743399-8498-4f0e-9d8b-67d3a78affbe req-13743399-8498-4f0e-9d8b-67d3a78affbe ] Request (QuotasAdminTestJSON:test_delete_quota): 200 GET http://10.180.1.21/compute/v2.1/os-quota-sets/dd97deaaa0714389a9af04ee9fe66ec7 1.513s
2025-05-19 18:34:17.384 70340 INFO tempest.lib.common.rest_client [req-e4c02b96-9c48-4211-af66-ea22fbfb9d11 req-e4c02b96-9c48-4211-af66-ea22fbfb9d11 ] Request (HostsAdminTestJSON:test_list_hosts_with_zone): 200 GET http://10.180.1.21/compute/v2.1/os-hosts?zone=internal 1.466s
2025-05-19 18:34:17.409 70324 INFO tempest.lib.common.rest_client [req-3c67d047-ede8-461b-9e22-6cfc94edb5be req-3c67d047-ede8-461b-9e22-6cfc94edb5be ] Request (ServicesAdminNegativeV253TestJSON:test_get_service_with_valid_service_and_invalid_host): 200 GET http://10.180.1.21/compute/v2.1/os-services?host=xxx&binary=nova-scheduler 1.482s
2025-05-19 18:34:17.474 70320 INFO tempest.lib.common.rest_client [req-ee8071d3-5776-4aa3-8039-9db34e9cef77 req-ee8071d3-5776-4aa3-8039-9db34e9cef77 ] Request (KeyPairsV210TestJSON:tearDownClass): 204 DELETE http://10.180.1.21/identity/v3/users/191eb14b770c40c19da6674085a5f459 0.298s
2025-05-19 18:34:17.474 70320 INFO tempest.lib.common.dynamic_creds [-] Deleting project and security group for project: 30f23fc466d144ca9d2a71f5f3362f8d
2025-05-19 18:34:17.528 70332 INFO tempest.lib.common.rest_client [req-3b48547d-be60-45db-8dae-903e28767c41 req-3b48547d-be60-45db-8dae-903e28767c41 ] Request (ServerDiagnosticsNegativeTest:tearDownClass): 204 DELETE http://10.180.1.21/identity/v3/projects/6ddbbdfc00634d24b4e9479886133127 0.174s
2025-05-19 18:34:17.528 70332 INFO tempest.lib.common.dynamic_creds [-] Deleting project and security group for project: 6907c85db9c74e03892b5435b16ff582
2025-05-19 18:34:17.540 70334 INFO tempest.lib.common.rest_client [req-5a959618-af60-453e-a29b-785037076105 req-5a959618-af60-453e-a29b-785037076105 ] Request (ServerExternalEventsTest:tearDownClass): 204 DELETE http://10.180.1.21:9696/networking/v2.0/security-groups/2a3bc733-f2b9-450b-b7be-13984a583202 0.270s
2025-05-19 18:34:17.594 70348 INFO tempest.lib.common.rest_client [req-bf6beec2-b8cd-4333-ad51-2672a21d69f8 req-bf6beec2-b8cd-4333-ad51-2672a21d69f8 ] Request (QuotasAdminTestJSON:_run_cleanups): 204 DELETE http://10.180.1.21/identity/v3/projects/dd97deaaa0714389a9af04ee9fe66ec7 0.217s
2025-05-19 18:34:17.598 70318 INFO tempest.lib.common.rest_client [req-e314a03f-5dd4-449c-b2c4-b86ab1c8579a req-e314a03f-5dd4-449c-b2c4-b86ab1c8579a ] Request (ServersAdmin275Test:tearDownClass): 200 GET http://10.180.1.21:9696/networking/v2.0/security-groups?tenant_id=1396757e1a014bdf9e3e022974ca680b&name=default 0.329s
2025-05-19 18:34:17.651 70320 INFO tempest.lib.common.rest_client [req-d5aeacce-bc45-4332-8060-3e4185f66f3a req-d5aeacce-bc45-4332-8060-3e4185f66f3a ] Request (KeyPairsV210TestJSON:tearDownClass): 201 POST http://10.180.1.21/identity/v3/auth/tokens 0.176s
2025-05-19 18:34:17.684 70338 INFO tempest.lib.common.rest_client [req-8e81944a-af7f-498d-bcbc-e99cb2c81603 req-8e81944a-af7f-498d-bcbc-e99cb2c81603 ] Request (FloatingIPsAssociationTestJSON:setUpClass): 204 DELETE http://10.180.1.21/compute/v2.1/servers/40ef9f92-72d9-41e1-b95d-dc2c62282414 1.642s
2025-05-19 18:34:17.711 70334 INFO tempest.lib.common.rest_client [req-c3bd4c5f-03d3-45a2-aa1f-dc5b7e898af2 req-c3bd4c5f-03d3-45a2-aa1f-dc5b7e898af2 ] Request (ServerExternalEventsTest:tearDownClass): 204 DELETE http://10.180.1.21/identity/v3/projects/1d6adc9f832945d78c350427bf45c8b9 0.170s
2025-05-19 18:34:17.711 70334 INFO tempest.lib.common.dynamic_creds [-] Deleting project and security group for project: 9d87ee2df69f4273be58e220229f4a2c
2025-05-19 18:34:17.728 70360 INFO tempest.lib.common.rest_client [req-30e3435f-3e48-411b-9abb-99ca3bfcbace req-30e3435f-3e48-411b-9abb-99ca3bfcbace ] Request (FloatingIPDetailsNegativeTestJSON:test_get_nonexistent_floating_ip_details): 404 GET http://10.180.1.21/compute/v2.1/os-floating-ips/b3b60eba-b4de-48ea-ab3d-f0206f44eb81 1.602s
2025-05-19 18:34:17.788 70332 INFO tempest.lib.common.rest_client [req-beb5738e-284c-4d18-a0cd-4597f7d402b9 req-beb5738e-284c-4d18-a0cd-4597f7d402b9 ] Request (ServerDiagnosticsNegativeTest:tearDownClass): 200 GET http://10.180.1.21:9696/networking/v2.0/security-groups?tenant_id=6907c85db9c74e03892b5435b16ff582&name=default 0.260s
2025-05-19 18:34:17.880 70378 INFO tempest.lib.common.rest_client [req-5ccc3d2f-0945-499f-b16c-3705dceb8053 req-5ccc3d2f-0945-499f-b16c-3705dceb8053 ] Request (QuotasAdminNegativeTest:_run_cleanups): 200 PUT http://10.180.1.21/compute/v2.1/os-quota-sets/6853d09c76dd47c9afa8e5fc43b206fd 1.550s
2025-05-19 18:34:17.899 70356 INFO tempest.lib.common.rest_client [req-6443c8b7-73df-4830-9bc1-93992dd3b5dc req-6443c8b7-73df-4830-9bc1-93992dd3b5dc ] Request (MigrationsAdminTest:test_resize_server_revert_deleted_flavor): 200 POST http://10.180.1.21/compute/v2.1/flavors 1.515s
2025-05-19 18:34:17.930 70344 INFO tempest.lib.common.rest_client [req-23df7336-ddf5-4643-8775-e090bb970e79 req-23df7336-ddf5-4643-8775-e090bb970e79 ] Request (FlavorsV255TestJSON:_run_cleanups): 200 GET http://10.180.1.21/compute/v2.1/flavors/detail 1.521s
2025-05-19 18:34:17.937 70336 INFO tempest.lib.common.rest_client [req-638bd6f9-f672-40af-b6db-d8480a7d66fc req-638bd6f9-f672-40af-b6db-d8480a7d66fc ] Request (HostsAdminNegativeTestJSON:test_startup_host_with_non_admin_user): 403 GET http://10.180.1.21/compute/v2.1/os-hosts/devstack/startup 1.501s
2025-05-19 18:34:18.038 70344 INFO tempest.lib.common.rest_client [req-f0a8b58f-d0a3-4fc6-8286-9cdc183d5206 req-f0a8b58f-d0a3-4fc6-8286-9cdc183d5206 ] Request (FlavorsV255TestJSON:tearDownClass): 204 DELETE http://10.180.1.21/identity/v3/users/0b18b239c01944479870d14ae0112ebf 0.102s
2025-05-19 18:34:18.066 70358 INFO tempest.lib.common.rest_client [req-b2cc82e9-4202-451d-9031-8b1016ca6ca4 req-b2cc82e9-4202-451d-9031-8b1016ca6ca4 ] Request (FlavorsV2NegativeTest:tearDownClass): 200 GET http://10.180.1.21:9696/networking/v2.0/security-groups?tenant_id=6515b302d7714cf98511d649a2d9c5d7&name=default 0.866s
2025-05-19 18:34:18.074 70334 INFO tempest.lib.common.rest_client [req-22821ac4-5ec0-4d6b-992c-5d3038ea15e1 req-22821ac4-5ec0-4d6b-992c-5d3038ea15e1 ] Request (ServerExternalEventsTest:tearDownClass): 200 GET http://10.180.1.21:9696/networking/v2.0/security-groups?tenant_id=9d87ee2df69f4273be58e220229f4a2c&name=default 0.363s
2025-05-19 18:34:18.083 70318 INFO tempest.lib.common.rest_client [req-fc382552-d778-4b76-9f48-6b52cf16f23e req-fc382552-d778-4b76-9f48-6b52cf16f23e ] Request (ServersAdmin275Test:tearDownClass): 204 DELETE http://10.180.1.21:9696/networking/v2.0/security-groups/542b397a-49cd-467e-a7db-63e0dd87eed8 0.484s
2025-05-19 18:34:18.133 70332 INFO tempest.lib.common.rest_client [req-c2299e8b-065c-4028-92c2-5ca1aa17d91c req-c2299e8b-065c-4028-92c2-5ca1aa17d91c ] Request (ServerDiagnosticsNegativeTest:tearDownClass): 204 DELETE http://10.180.1.21:9696/networking/v2.0/security-groups/722bf4c2-942f-434b-85f7-c4c0bcce9e94 0.344s
2025-05-19 18:34:18.170 70322 INFO tempest.lib.common.rest_client [req-af730c4e-1f3d-4fd6-9c35-8a205709e9af req-af730c4e-1f3d-4fd6-9c35-8a205709e9af ] Request (ServersTestFqdnHostnames:test_create_server_with_fqdn_name): 204 DELETE http://10.180.1.21/compute/v2.1/servers/015c9c24-a398-470b-b142-d77671be0d34 2.008s
2025-05-19 18:34:18.205 70320 INFO tempest.lib.common.rest_client [req-d90eeba0-a70f-4dcf-8c09-744af2e5c2ed req-d90eeba0-a70f-4dcf-8c09-744af2e5c2ed ] Request (KeyPairsV210TestJSON:tearDownClass): 200 GET http://10.180.1.21:9696/networking/v2.0/security-groups?tenant_id=30f23fc466d144ca9d2a71f5f3362f8d&name=default 0.554s
2025-05-19 18:34:18.232 70344 INFO tempest.lib.common.rest_client [req-7525157e-9682-45dc-a540-0ae6aab1b918 req-7525157e-9682-45dc-a540-0ae6aab1b918 ] Request (FlavorsV255TestJSON:tearDownClass): 204 DELETE http://10.180.1.21/identity/v3/users/c608ee43d1f8400bb7a4c17fa6c2bc95 0.193s
2025-05-19 18:34:18.232 70344 INFO tempest.lib.common.dynamic_creds [-] Deleting project and security group for project: 9c9f152f690a49008e2f9a33779bcda7
2025-05-19 18:34:18.322 70318 INFO tempest.lib.common.rest_client [req-af7350cc-1d73-49fa-937b-445982cec445 req-af7350cc-1d73-49fa-937b-445982cec445 ] Request (ServersAdmin275Test:tearDownClass): 204 DELETE http://10.180.1.21/identity/v3/projects/1396757e1a014bdf9e3e022974ca680b 0.238s
2025-05-19 18:34:18.352 70368 INFO tempest.lib.common.rest_client [req-e0ac4419-1d3a-49d1-97a0-94960ffc68df req-e0ac4419-1d3a-49d1-97a0-94960ffc68df ] Request (MultipleCreateTestJSON:test_multiple_create): 200 GET http://10.180.1.21/compute/v2.1/servers/d6859091-1eed-41f1-b41d-13cf4baeef5f 1.780s
2025-05-19 18:34:18.355 70344 INFO tempest.lib.common.rest_client [req-29245875-5dde-444b-af56-9bda907d2780 req-29245875-5dde-444b-af56-9bda907d2780 ] Request (FlavorsV255TestJSON:tearDownClass): 201 POST http://10.180.1.21/identity/v3/auth/tokens 0.122s
2025-05-19 18:34:18.381 70330 INFO tempest.lib.common.rest_client [req-70e8bd9b-390e-43d3-8585-a989e349996e req-70e8bd9b-390e-43d3-8585-a989e349996e ] Request (ServersWithSpecificFlavorTestJSON:test_verify_created_server_ephemeral_disk): 200 POST http://10.180.1.21/compute/v2.1/flavors/1893354481/os-extra_specs 1.796s
2025-05-19 18:34:18.392 70370 INFO tempest.lib.common.rest_client [req-4a9d3ca1-b22c-4501-ad9f-57e52629e7e1 req-4a9d3ca1-b22c-4501-ad9f-57e52629e7e1 ] Request (FlavorsAccessNegativeTestJSON:test_flavor_access_list_with_public_flavor): 404 GET http://10.180.1.21/compute/v2.1/flavors/531460874/os-flavor-access 1.503s
2025-05-19 18:34:18.404 70332 INFO tempest.lib.common.rest_client [req-d78f053d-b8ff-46f1-b718-086ca404dd4a req-d78f053d-b8ff-46f1-b718-086ca404dd4a ] Request (ServerDiagnosticsNegativeTest:tearDownClass): 204 DELETE http://10.180.1.21/identity/v3/projects/6907c85db9c74e03892b5435b16ff582 0.270s
2025-05-19 18:34:18.416 70318 INFO tempest.lib.common.rest_client [req-b22a4b4b-15d8-4055-b9cf-5ad4bdb09884 req-b22a4b4b-15d8-4055-b9cf-5ad4bdb09884 ] Request (ImagesTestJSON:setUpClass): 201 POST http://10.180.1.21/identity/v3/auth/tokens 0.091s
2025-05-19 18:34:18.448 70332 INFO tempest.lib.common.rest_client [req-644e1251-e39a-4873-835d-4577918fc54e req-644e1251-e39a-4873-835d-4577918fc54e ] Request (TenantUsagesNegativeTestJSON:setUpClass): 201 POST http://10.180.1.21/identity/v3/auth/tokens 0.042s
2025-05-19 18:34:18.451 70334 INFO tempest.lib.common.rest_client [req-b1485cad-6205-4778-bb3d-db6f5411d72e req-b1485cad-6205-4778-bb3d-db6f5411d72e ] Request (ServerExternalEventsTest:tearDownClass): 204 DELETE http://10.180.1.21:9696/networking/v2.0/security-groups/9a6f380a-819b-47bf-8a1b-55df710a8e6d 0.376s
2025-05-19 18:34:18.457 70365 INFO tempest.lib.common.rest_client [req-54b17410-0acb-4763-9272-cc7192dd6f82 req-54b17410-0acb-4763-9272-cc7192dd6f82 ] Request (SecurityGroupRulesTestJSON:setUpClass): 201 POST http://10.180.1.21:9696/networking/v2.0/networks 1.332s
2025-05-19 18:34:18.462 70358 INFO tempest.lib.common.rest_client [req-881cdeca-29d4-4aa4-9b86-afbd25ed0908 req-881cdeca-29d4-4aa4-9b86-afbd25ed0908 ] Request (FlavorsV2NegativeTest:tearDownClass): 204 DELETE http://10.180.1.21:9696/networking/v2.0/security-groups/09622070-53fd-4612-9698-840dbfe3427e 0.396s
2025-05-19 18:34:18.462 70328 INFO tempest.lib.common.rest_client [req-0568fa71-5d72-4f29-89c4-faac7a3eb875 req-0568fa71-5d72-4f29-89c4-faac7a3eb875 ] Request (InstanceActionsTestJSON:tearDownClass): 204 DELETE http://10.180.1.21:9696/networking/v2.0/routers/a7af0a39-25d4-4e0c-b47e-f5eb33059a7c 1.374s
2025-05-19 18:34:18.478 70318 INFO tempest.lib.common.rest_client [req-46310fd4-0080-4584-82a7-c4f0084fc4f4 req-46310fd4-0080-4584-82a7-c4f0084fc4f4 ] Request (ImagesTestJSON:setUpClass): 201 POST http://10.180.1.21/identity/v3/auth/tokens 0.059s
2025-05-19 18:34:18.501 70332 INFO tempest.lib.common.rest_client [req-3fe61380-c33d-43ca-82eb-f79884779d35 req-3fe61380-c33d-43ca-82eb-f79884779d35 ] Request (TenantUsagesNegativeTestJSON:setUpClass): 201 POST http://10.180.1.21/identity/v3/auth/tokens 0.051s
2025-05-19 18:34:18.519 70320 INFO tempest.lib.common.rest_client [req-9d12dcb4-579f-4be7-95a7-e25a58d61c39 req-9d12dcb4-579f-4be7-95a7-e25a58d61c39 ] Request (KeyPairsV210TestJSON:tearDownClass): 204 DELETE http://10.180.1.21:9696/networking/v2.0/security-groups/d3a088c6-4a9e-445f-b3b8-fc29a8b3cdbe 0.312s
2025-05-19 18:34:18.536 70334 INFO tempest.lib.common.rest_client [req-c8ad3cdb-f0f0-4262-b1a9-ac7df54e69ff req-c8ad3cdb-f0f0-4262-b1a9-ac7df54e69ff ] Request (ServerExternalEventsTest:tearDownClass): 204 DELETE http://10.180.1.21/identity/v3/projects/9d87ee2df69f4273be58e220229f4a2c 0.082s
