2025-05-19 18:34:36.962 70346 INFO tempest.lib.common.dynamic_creds [-] Acquired dynamic creds: credentials: Credentials: {'domain_id': 'default', 'domain_name': 'Default', 'username': 'tempest-VolumesGetTestJSON-472918516-project-member', 'project_domain_id': 'default', 'project_domain_name': 'Default', 'project_id': '6211afa1033945eab0e2317f689d6218', 'project_name': 'tempest-VolumesGetTestJSON-472918516', 'tenant_id': '6211afa1033945eab0e2317f689d6218', 'tenant_name': 'tempest-VolumesGetTestJSON-472918516', 'user_domain_id': 'default', 'user_domain_name': 'Default', 'user_id': '17fe8afe69244fcd8c50711a278c62c7', 'system': None}, Network: None, Subnet: None, Router: None
2025-05-19 18:34:36.962 70346 INFO tempest.lib.common.dynamic_creds [-] Created isolated network resources for: credentials: Credentials: {'domain_id': 'default', 'domain_name': 'Default', 'username': 'tempest-VolumesGetTestJSON-472918516-project-member', 'project_domain_id': 'default', 'project_domain_name': 'Default', 'project_id': '6211afa1033945eab0e2317f689d6218', 'project_name': 'tempest-VolumesGetTestJSON-472918516', 'tenant_id': '6211afa1033945eab0e2317f689d6218', 'tenant_name': 'tempest-VolumesGetTestJSON-472918516', 'user_domain_id': 'default', 'user_domain_name': 'Default', 'user_id': '17fe8afe69244fcd8c50711a278c62c7', 'system': None}, Network: None, Subnet: None, Router: None
2025-05-19 18:34:37.051 70350 INFO tempest.lib.common.rest_client [req-7be33d98-e070-4060-b380-5f90eff4cd23 req-7be33d98-e070-4060-b380-5f90eff4cd23 ] Request (VolumesAdminNegativeTest:test_update_attached_volume_with_nonexistent_volume_in_body): 204 DELETE http://10.180.1.21/compute/v2.1/servers/d963e30a-5e55-4e3e-afbe-4b49590a4449 3.103s
2025-05-19 18:34:37.053 70346 INFO tempest.lib.common.rest_client [req-fc60e54e-1d69-41cd-971a-47f2b02e651c req-fc60e54e-1d69-41cd-971a-47f2b02e651c ] Request (VolumesGetTestJSON:setUpClass): 201 POST http://10.180.1.21/identity/v3/auth/tokens 0.087s
2025-05-19 18:34:37.099 70328 INFO tempest.lib.common.rest_client [req-650996b7-da7a-4d5e-9c55-563afd2b28c9 req-650996b7-da7a-4d5e-9c55-563afd2b28c9 ] Request (ListServersNegativeTestJSON:setUpClass): 200 GET http://10.180.1.21/compute/v2.1/servers 2.797s
2025-05-19 18:34:37.123 70344 INFO tempest.lib.common.rest_client [req-58bb3278-edca-4a8d-98d0-1b9016933f76 req-58bb3278-edca-4a8d-98d0-1b9016933f76 ] Request (TenantUsagesTestJSON:setUpClass): 404 GET http://10.180.1.21/compute/v2.1/servers/b5c22069-9852-4892-a751-1f3d3ba09e0f 2.545s
2025-05-19 18:34:37.124 70344 INFO tempest.test [-] raised in TenantUsagesTestJSON.setUpClass. Invoking tearDownClass.
2025-05-19 18:34:37.144 70378 INFO tempest.lib.common.rest_client [req-131d9f93-6604-4865-9131-d97558ee17dc req-131d9f93-6604-4865-9131-d97558ee17dc ] Request (ImagesDeleteNegativeTestJSON:test_delete_image_negative_image_id): 404 DELETE http://10.180.1.21/compute/v2.1/images/-1 2.438s
2025-05-19 18:34:37.232 70318 INFO tempest.lib.common.rest_client [req-360624d1-b9e5-4f11-88e9-6a4dd4770a25 req-360624d1-b9e5-4f11-88e9-6a4dd4770a25 ] Request (ImagesTestJSON:test_create_image_from_stopped_server): 200 GET http://10.180.1.21/compute/v2.1/servers/e03f83f1-7086-4d05-b085-409f9e71c5ec 2.183s
2025-05-19 18:34:37.238 70344 INFO tempest.lib.common.rest_client [req-8b1fe079-4c42-4616-8df1-9217ebcf1b93 req-8b1fe079-4c42-4616-8df1-9217ebcf1b93 ] Request (TenantUsagesTestJSON:tearDownClass): 204 DELETE http://10.180.1.21/identity/v3/users/07a888c0bd7c4dda99d48e50fdf642a5 0.114s
2025-05-19 18:34:37.280 70362 INFO tempest.lib.common.rest_client [req-63a76034-a145-4234-b5e1-cbc8e6e3448e req-63a76034-a145-4234-b5e1-cbc8e6e3448e ] Request (VolumesAssistedSnapshotsTest:tearDownClass): 204 DELETE http://10.180.1.21:9696/networking/v2.0/routers/2089e36d-abd9-449c-92ee-f79a1c430770 0.776s
2025-05-19 18:34:37.312 70366 INFO tempest.lib.common.rest_client [req-639b1a76-74fa-46d7-b06f-de3328e130ea req-639b1a76-74fa-46d7-b06f-de3328e130ea ] Request (ServerPasswordTestJSON:setUpClass): 201 POST http://10.180.1.21:9696/networking/v2.0/subnets 0.431s
2025-05-19 18:34:37.326 70342 INFO tempest.lib.common.rest_client [req-4cf68233-f8b1-42ce-b737-0c6daa1f1920 req-4cf68233-f8b1-42ce-b737-0c6daa1f1920 ] Request (ImagesOneServerNegativeTestJSON:setUpClass): 201 POST http://10.180.1.21:9696/networking/v2.0/networks 0.496s
2025-05-19 18:34:37.349 70344 INFO tempest.lib.common.rest_client [req-2e5fb9f5-0c16-4db0-97e3-ef44e5ac68d1 req-2e5fb9f5-0c16-4db0-97e3-ef44e5ac68d1 ] Request (TenantUsagesTestJSON:tearDownClass): 204 DELETE http://10.180.1.21/identity/v3/users/d40e187000124bf59d0cff98bfccb7d6 0.110s
2025-05-19 18:34:37.349 70344 INFO tempest.lib.common.dynamic_creds [-] Deleting project and security group for project: 082ed96532fb425094a9c6faae3af5bb
2025-05-19 18:34:37.417 70344 INFO tempest.lib.common.rest_client [req-49606cf2-df42-422b-a865-eb4a72a0decb req-49606cf2-df42-422b-a865-eb4a72a0decb ] Request (TenantUsagesTestJSON:tearDownClass): 201 POST http://10.180.1.21/identity/v3/auth/tokens 0.068s
2025-05-19 18:34:37.595 70348 INFO tempest.lib.common.rest_client [req-b4e8663f-bb41-4691-9c7f-83bf811dbbb1 req-b4e8663f-bb41-4691-9c7f-83bf811dbbb1 ] Request (QuotasAdminTestJSON:_run_cleanups): 200 PUT http://10.180.1.21/compute/v2.1/os-quota-sets/a8f10a94f66b4a4fbf7e3b2c694a1d70 2.326s
2025-05-19 18:34:37.616 70342 INFO tempest.lib.common.rest_client [req-29047eec-9840-48bf-a908-70e8d81502f3 req-29047eec-9840-48bf-a908-70e8d81502f3 ] Request (ImagesOneServerNegativeTestJSON:setUpClass): 201 POST http://10.180.1.21:9696/networking/v2.0/subnets 0.290s
2025-05-19 18:34:37.704 70348 INFO tempest.lib.common.rest_client [req-d462e74a-628f-47ba-8af4-8977a5bb00d3 req-d462e74a-628f-47ba-8af4-8977a5bb00d3 ] Request (QuotasAdminTestJSON:tearDownClass): 204 DELETE http://10.180.1.21/identity/v3/users/0e95fdd34b3c4398af391b2b04faa573 0.106s
2025-05-19 18:34:37.711 70368 INFO tempest.lib.common.rest_client [req-63fed485-0c24-4b6c-8c71-d1ed6c6721f5 req-63fed485-0c24-4b6c-8c71-d1ed6c6721f5 ] Request (MultipleCreateTestJSON:test_multiple_create_with_reservation_return): 200 GET http://10.180.1.21/compute/v2.1/servers/6f178a8c-3f1f-4769-a6a1-4079b7f65b8e 2.290s
2025-05-19 18:34:37.721 70370 INFO tempest.lib.common.rest_client [req-695060dd-6bfb-4673-a7e6-b50f88f5984d req-695060dd-6bfb-4673-a7e6-b50f88f5984d ] Request (FlavorsAccessNegativeTestJSON:test_flavor_non_admin_remove): 403 POST http://10.180.1.21/compute/v2.1/flavors/255479417/action 2.137s
2025-05-19 18:34:37.727 70374 INFO tempest.lib.common.rest_client [req-69583421-20b6-4701-bc2e-97425b063db5 req-69583421-20b6-4701-bc2e-97425b063db5 ] Request (QuotasAdminTestV236:test_get_updated_quotas): 200 GET http://10.180.1.21/identity/v3/domains?name=Default 0.123s
2025-05-19 18:34:37.768 70324 INFO tempest.lib.common.rest_client [req-c60a1576-d4c5-405f-8bd8-27fc6b1241c8 req-c60a1576-d4c5-405f-8bd8-27fc6b1241c8 ] Request (KeyPairsV2TestJSON:test_keypair_create_with_pub_key): 200 POST http://10.180.1.21/compute/v2.1/os-keypairs 2.168s
2025-05-19 18:34:37.789 70352 INFO tempest.lib.common.rest_client [req-ba6eb4a8-8c07-456e-b451-9f4328feeb5e req-ba6eb4a8-8c07-456e-b451-9f4328feeb5e ] Request (AggregatesAdminNegativeTestJSON:_run_cleanups): 200 DELETE http://10.180.1.21/compute/v2.1/os-aggregates/4 2.174s
2025-05-19 18:34:37.820 70374 INFO tempest.lib.common.rest_client [req-56300850-c0bb-4d1e-acfb-27c6435316f1 req-56300850-c0bb-4d1e-acfb-27c6435316f1 ] Request (QuotasAdminTestV236:test_get_updated_quotas): 201 POST http://10.180.1.21/identity/v3/projects 0.092s
2025-05-19 18:34:37.829 70348 INFO tempest.lib.common.rest_client [req-bf8b5f00-593c-440a-9def-9a476c2edf6f req-bf8b5f00-593c-440a-9def-9a476c2edf6f ] Request (QuotasAdminTestJSON:tearDownClass): 204 DELETE http://10.180.1.21/identity/v3/users/efe8bf9345f14275a60957736762636a 0.124s
2025-05-19 18:34:37.829 70348 INFO tempest.lib.common.dynamic_creds [-] Deleting project and security group for project: e60c516ce2ae45bc87456bd03b245261
2025-05-19 18:34:37.909 70360 INFO tempest.lib.common.rest_client [req-5511ca96-3531-40a0-bda5-ee70d73daab6 req-5511ca96-3531-40a0-bda5-ee70d73daab6 ] Request (ImagesOneServerTestJSON:setUpClass): 202 POST http://10.180.1.21/compute/v2.1/servers 3.849s
2025-05-19 18:34:37.912 70348 INFO tempest.lib.common.rest_client [req-45f5a242-4b3e-4af3-9ac6-c53a4300ed94 req-45f5a242-4b3e-4af3-9ac6-c53a4300ed94 ] Request (QuotasAdminTestJSON:tearDownClass): 201 POST http://10.180.1.21/identity/v3/auth/tokens 0.083s
2025-05-19 18:34:37.929 70362 INFO tempest.lib.common.rest_client [req-04636cd8-9628-4504-8f17-f7e4d3da92d8 req-04636cd8-9628-4504-8f17-f7e4d3da92d8 ] Request (VolumesAssistedSnapshotsTest:tearDownClass): 204 DELETE http://10.180.1.21:9696/networking/v2.0/subnets/cb5ccfea-3538-4447-b40f-fbe5a85fcbbb 0.648s
2025-05-19 18:34:37.943 70344 INFO tempest.lib.common.rest_client [req-d3f6e9de-7d9f-40d5-8a2f-f980dbd4d80c req-d3f6e9de-7d9f-40d5-8a2f-f980dbd4d80c ] Request (TenantUsagesTestJSON:tearDownClass): 200 GET http://10.180.1.21:9696/networking/v2.0/security-groups?tenant_id=082ed96532fb425094a9c6faae3af5bb&name=default 0.525s
2025-05-19 18:34:37.949 70374 INFO tempest.lib.common.rest_client [req-31e9531a-cdb8-4d41-8fb4-23e5dd4e7116 req-31e9531a-cdb8-4d41-8fb4-23e5dd4e7116 ] Request (QuotasAdminTestV236:test_get_updated_quotas): 200 GET http://10.180.1.21/identity/v3/domains?name=Default 0.129s
2025-05-19 18:34:38.039 70326 INFO tempest.lib.common.rest_client [req-28711964-7506-4206-aaff-2f9ae14f0015 req-28711964-7506-4206-aaff-2f9ae14f0015 ] Request (FlavorsAdminTestJSON:test_create_list_flavor_without_extra_data): 200 GET http://10.180.1.21/compute/v2.1/flavors/detail 2.364s
2025-05-19 18:34:38.115 70320 INFO tempest.lib.common.rest_client [req-1aac4725-8142-47e3-905c-0f505b6ea633 req-1aac4725-8142-47e3-905c-0f505b6ea633 ] Request (ServersAdminTestJSON:setUpClass): 201 POST http://10.180.1.21:9696/networking/v2.0/routers 1.983s
2025-05-19 18:34:38.128 70380 INFO tempest.lib.common.rest_client [req-7ee2446a-3b03-48c8-9029-9efb6074b2d4 req-7ee2446a-3b03-48c8-9029-9efb6074b2d4 ] Request (SecurityGroupRulesNegativeTestJSON:tearDownClass): 202 DELETE http://10.180.1.21/compute/v2.1/os-security-groups/24faba35-fda2-4a5e-8dc8-0a840dcfab02 2.473s
2025-05-19 18:34:38.182 70344 INFO tempest.lib.common.rest_client [req-64f47d71-f44d-436e-b146-b0df9af2c0e9 req-64f47d71-f44d-436e-b146-b0df9af2c0e9 ] Request (TenantUsagesTestJSON:tearDownClass): 204 DELETE http://10.180.1.21:9696/networking/v2.0/security-groups/f17e5c38-19d2-4e54-8d8a-81f43818199c 0.239s
2025-05-19 18:34:38.226 70376 INFO tempest.lib.common.rest_client [req-98bcac02-4f6e-4525-999b-d2066201b7ab req-98bcac02-4f6e-4525-999b-d2066201b7ab ] Request (HypervisorAdminNegativeUnderV252Test:test_search_hypervisor_with_non_admin_user): 403 GET http://10.180.1.21/compute/v2.1/os-hypervisors/domain-c8.fc996f14-c53b-4953-92e3-bdfa48f5cc28/search 2.327s
2025-05-19 18:34:38.268 70344 INFO tempest.lib.common.rest_client [req-c6ea7704-6a81-4e9e-87c4-80b9c477a4fb req-c6ea7704-6a81-4e9e-87c4-80b9c477a4fb ] Request (TenantUsagesTestJSON:tearDownClass): 204 DELETE http://10.180.1.21/identity/v3/projects/082ed96532fb425094a9c6faae3af5bb 0.085s
2025-05-19 18:34:38.268 70344 INFO tempest.lib.common.dynamic_creds [-] Deleting project and security group for project: 2d5d98d28db24b64acef550fd7a7e9b1
2025-05-19 18:34:38.358 70348 INFO tempest.lib.common.rest_client [req-d3f4d6da-64f0-457c-8634-22fcf673018b req-d3f4d6da-64f0-457c-8634-22fcf673018b ] Request (QuotasAdminTestJSON:tearDownClass): 200 GET http://10.180.1.21:9696/networking/v2.0/security-groups?tenant_id=e60c516ce2ae45bc87456bd03b245261&name=default 0.446s
2025-05-19 18:34:38.430 70372 INFO tempest.lib.common.rest_client [req-1bf9512f-0a1e-4a25-9d98-ebb728a800fd req-1bf9512f-0a1e-4a25-9d98-ebb728a800fd ] Request (FloatingIPsTestJSON:test_allocate_floating_ip): 200 GET http://10.180.1.21/compute/v2.1/os-floating-ips/f23392ee-85df-4de4-b08a-28b41e396c3e 2.346s
2025-05-19 18:34:38.440 70332 INFO tempest.lib.common.rest_client [req-0c6be140-c414-4f0a-a446-0a48e501bb59 req-0c6be140-c414-4f0a-a446-0a48e501bb59 ] Request (AttachInterfacesV270Test:setUpClass): 200 PUT http://10.180.1.21:9696/networking/v2.0/routers/6bb62543-d7a5-4d7a-b705-1c822ff81e54/add_router_interface 2.163s
2025-05-19 18:34:38.441 70332 INFO tempest.lib.common.dynamic_creds [-] Created isolated network resources for: credentials: Credentials: {'domain_id': 'default', 'domain_name': 'Default', 'username': 'tempest-AttachInterfacesV270Test-1741189603-project-member', 'project_domain_id': 'default', 'project_domain_name': 'Default', 'project_id': '1d5add0e9bc14ac597a5bae596e0285c', 'project_name': 'tempest-AttachInterfacesV270Test-1741189603', 'tenant_id': '1d5add0e9bc14ac597a5bae596e0285c', 'tenant_name': 'tempest-AttachInterfacesV270Test-1741189603', 'user_domain_id': 'default', 'user_domain_name': 'Default', 'user_id': '2ccd8207aa3b4df9a501669f3756f62c', 'system': None}, Network: {'id': '835564f7-d0e9-40d4-86b2-9984c0ecd092', 'name': 'tempest-AttachInterfacesV270Test-1774590535-network', 'tenant_id': '1d5add0e9bc14ac597a5bae596e0285c', 'admin_state_up': True, 'mtu': 8950, 'status': 'ACTIVE', 'subnets': [], 'shared': False, 'project_id': '1d5add0e9bc14ac597a5bae596e0285c', 'port_security_enabled': True, 'router:external': False, 'provider:network_type': 'vlan', 'provider:physical_network': 'default', 'provider:segmentation_id': 564, 'availability_zone_hints': [], 'availability_zones': [], 'ipv4_address_scope': None, 'ipv6_address_scope': None, 'description': '', 'tags': [], 'created_at': '2025-05-19T18:34:33Z', 'updated_at': '2025-05-19T18:34:33Z', 'revision_number': 1}, Subnet: {'id': '7bff061e-2953-450f-b94f-2e5baf7a72df', 'name': 'tempest-AttachInterfacesV270Test-1774590535-subnet', 'tenant_id': '1d5add0e9bc14ac597a5bae596e0285c', 'network_id': '835564f7-d0e9-40d4-86b2-9984c0ecd092', 'ip_version': 4, 'subnetpool_id': None, 'enable_dhcp': True, 'ipv6_ra_mode': None, 'ipv6_address_mode': None, 'gateway_ip': '192.168.128.1', 'cidr': '192.168.128.0/28', 'allocation_pools': [{'start': '192.168.128.2', 'end': '192.168.128.14'}], 'host_routes': [], 'dns_nameservers': [], 'description': '', 'router:external': False, 'service_types': [], 'tags': [], 'created_at': '2025-05-19T18:34:33Z', 'updated_at': '2025-05-19T18:34:33Z', 'revision_number': 0, 'project_id': '1d5add0e9bc14ac597a5bae596e0285c'}, Router: {'id': '6bb62543-d7a5-4d7a-b705-1c822ff81e54', 'name': 'tempest-AttachInterfacesV270Test-1774590535-router', 'tenant_id': '1d5add0e9bc14ac597a5bae596e0285c', 'admin_state_up': True, 'status': 'ACTIVE', 'external_gateway_info': {'network_id': '6047c161-c51e-49ce-b0c9-d413bac2bd5a', 'external_fixed_ips': [{'subnet_id': 'abc9ab84-fc1d-46ad-b616-dc331a68fa70', 'ip_address': '10.180.180.138'}], 'enable_snat': True}, 'description': '', 'availability_zones': [], 'distributed': False, 'ha': False, 'availability_zone_hints': [], 'routes': [], 'flavor_id': None, 'tags': [], 'created_at': '2025-05-19T18:34:34Z', 'updated_at': '2025-05-19T18:34:35Z', 'revision_number': 2, 'project_id': '1d5add0e9bc14ac597a5bae596e0285c'}
2025-05-19 18:34:38.461 70356 INFO tempest.lib.common.rest_client [req-5621c8eb-eb8c-49dc-9663-c1c9e6246d17 req-5621c8eb-eb8c-49dc-9663-c1c9e6246d17 ] Request (MigrationsAdminTest:_run_cleanups): 200 GET http://10.180.1.21/compute/v2.1/flavors/detail 2.357s
2025-05-19 18:34:38.545 70332 INFO tempest.lib.common.rest_client [req-8473d552-524b-4df5-9611-23283db1eaa2 req-8473d552-524b-4df5-9611-23283db1eaa2 ] Request (AttachInterfacesV270Test:setUpClass): 201 POST http://10.180.1.21/identity/v3/auth/tokens 0.101s
2025-05-19 18:34:38.569 70344 INFO tempest.lib.common.rest_client [req-2d2ad0c3-d518-4cde-bb4e-fd9e3b2c4150 req-2d2ad0c3-d518-4cde-bb4e-fd9e3b2c4150 ] Request (TenantUsagesTestJSON:tearDownClass): 200 GET http://10.180.1.21:9696/networking/v2.0/security-groups?tenant_id=2d5d98d28db24b64acef550fd7a7e9b1&name=default 0.301s
2025-05-19 18:34:38.621 70348 INFO tempest.lib.common.rest_client [req-881322d1-d7db-48ee-b96a-8051fb5d27c5 req-881322d1-d7db-48ee-b96a-8051fb5d27c5 ] Request (QuotasAdminTestJSON:tearDownClass): 204 DELETE http://10.180.1.21:9696/networking/v2.0/security-groups/ade84283-5ebd-4e28-9056-ac9526205cd6 0.262s
2025-05-19 18:34:38.661 70356 INFO tempest.lib.common.rest_client [req-23d83c5a-1478-4b4f-b309-20e7b183fb68 req-23d83c5a-1478-4b4f-b309-20e7b183fb68 ] Request (MigrationsAdminTest:tearDownClass): 204 DELETE http://10.180.1.21/identity/v3/users/6f8c8b5f050840c48543bac56654ebfd 0.192s
2025-05-19 18:34:38.668 70354 INFO tempest.lib.common.rest_client [req-237f771f-78f7-407b-920a-8e5385bb10eb req-237f771f-78f7-407b-920a-8e5385bb10eb ] Request (ServerActionsV293TestJSON:setUpClass): 201 POST http://10.180.1.21/compute/v2.1/os-keypairs 2.470s
2025-05-19 18:34:38.686 70332 INFO tempest.lib.common.rest_client [req-37faa85c-cdac-449e-84b5-b4acaed13ea7 req-37faa85c-cdac-449e-84b5-b4acaed13ea7 ] Request (AttachInterfacesV270Test:test_create_get_list_interfaces): 201 POST http://10.180.1.21/identity/v3/auth/tokens 0.133s
2025-05-19 18:34:38.687 70332 INFO tempest.lib.common.fixed_network [-] (AttachInterfacesV270Test:test_create_get_list_interfaces) Found network {'id': '835564f7-d0e9-40d4-86b2-9984c0ecd092', 'name': 'tempest-AttachInterfacesV270Test-1774590535-network', 'tenant_id': '1d5add0e9bc14ac597a5bae596e0285c', 'admin_state_up': True, 'mtu': 8950, 'status': 'ACTIVE', 'subnets': [], 'shared': False, 'project_id': '1d5add0e9bc14ac597a5bae596e0285c', 'port_security_enabled': True, 'router:external': False, 'provider:network_type': 'vlan', 'provider:physical_network': 'default', 'provider:segmentation_id': 564, 'availability_zone_hints': [], 'availability_zones': [], 'ipv4_address_scope': None, 'ipv6_address_scope': None, 'description': '', 'tags': [], 'created_at': '2025-05-19T18:34:33Z', 'updated_at': '2025-05-19T18:34:33Z', 'revision_number': 1} available for tenant
2025-05-19 18:34:38.691 70330 INFO tempest.lib.common.rest_client [req-40fca06f-45dd-487d-a0a1-9c93918c818d req-40fca06f-45dd-487d-a0a1-9c93918c818d ] Request (ServersWithSpecificFlavorTestJSON:test_verify_created_server_ephemeral_disk): 404 GET http://10.180.1.21/compute/v2.1/servers/9de1de78-b271-4292-8917-4dbc919b6fc0 2.297s
2025-05-19 18:34:38.761 70348 INFO tempest.lib.common.rest_client [req-281e30ab-f4ec-49bc-b9e9-b11833dd8c65 req-281e30ab-f4ec-49bc-b9e9-b11833dd8c65 ] Request (QuotasAdminTestJSON:tearDownClass): 204 DELETE http://10.180.1.21/identity/v3/projects/e60c516ce2ae45bc87456bd03b245261 0.139s
2025-05-19 18:34:38.762 70348 INFO tempest.lib.common.dynamic_creds [-] Deleting project and security group for project: a8f10a94f66b4a4fbf7e3b2c694a1d70
2025-05-19 18:34:38.817 70344 INFO tempest.lib.common.rest_client [req-a27d880d-b7b2-4af2-bee5-b43d6baec912 req-a27d880d-b7b2-4af2-bee5-b43d6baec912 ] Request (TenantUsagesTestJSON:tearDownClass): 204 DELETE http://10.180.1.21:9696/networking/v2.0/security-groups/c9b17e1e-96d8-4b92-b71f-71b827ad6126 0.247s
2025-05-19 18:34:38.847 70356 INFO tempest.lib.common.rest_client [req-41654788-2dc8-4cea-836b-61396dae4d16 req-41654788-2dc8-4cea-836b-61396dae4d16 ] Request (MigrationsAdminTest:tearDownClass): 204 DELETE http://10.180.1.21/identity/v3/users/6e376e583b5a40f49e1f6a91cd085363 0.186s
2025-05-19 18:34:38.847 70356 INFO tempest.lib.common.dynamic_creds [-] Deleting project and security group for project: 42f495e3e82a423395fb93155986bb1a
2025-05-19 18:34:38.876 70362 INFO tempest.lib.common.rest_client [req-2bd15b0f-d246-4798-a1e3-2d2201bb9472 req-2bd15b0f-d246-4798-a1e3-2d2201bb9472 ] Request (VolumesAssistedSnapshotsTest:tearDownClass): 204 DELETE http://10.180.1.21:9696/networking/v2.0/networks/400aad61-9032-4afb-93a6-a05cc031ecbc 0.947s
2025-05-19 18:34:38.919 70356 INFO tempest.lib.common.rest_client [req-b980f7ba-7c36-4ba3-8753-16d783cc9f41 req-b980f7ba-7c36-4ba3-8753-16d783cc9f41 ] Request (MigrationsAdminTest:tearDownClass): 201 POST http://10.180.1.21/identity/v3/auth/tokens 0.070s
2025-05-19 18:34:38.937 70358 INFO tempest.lib.common.rest_client [req-9217d24a-37a9-4598-9bbf-b2266aabe35c req-9217d24a-37a9-4598-9bbf-b2266aabe35c ] Request (ServerActionsTestOtherB:setUpClass): 202 POST http://10.180.1.21/compute/v2.1/servers 3.084s
2025-05-19 18:34:38.939 70344 INFO tempest.lib.common.rest_client [req-88b4764c-399a-4a06-8651-0988612d3923 req-88b4764c-399a-4a06-8651-0988612d3923 ] Request (TenantUsagesTestJSON:tearDownClass): 204 DELETE http://10.180.1.21/identity/v3/projects/2d5d98d28db24b64acef550fd7a7e9b1 0.122s
2025-05-19 18:34:38.957 70340 INFO tempest.lib.common.rest_client [req-15fde5e4-2ef0-4735-bd0a-273a0dfe3a3a req-15fde5e4-2ef0-4735-bd0a-273a0dfe3a3a ] Request (FlavorsV2TestJSON:test_list_flavors_detailed_filter_by_min_ram): 200 GET http://10.180.1.21/compute/v2.1/flavors/42 2.528s
2025-05-19 18:34:39.026 70344 INFO tempest.lib.common.rest_client [req-2383cb4f-05f2-42a4-b4ad-9904758b00ef req-2383cb4f-05f2-42a4-b4ad-9904758b00ef ] Request (ImagesNegativeTestJSON:setUpClass): 201 POST http://10.180.1.21/identity/v3/auth/tokens 0.083s
2025-05-19 18:34:39.046 70348 INFO tempest.lib.common.rest_client [req-16f61257-559b-45ca-b3d0-26f3f13e1c5a req-16f61257-559b-45ca-b3d0-26f3f13e1c5a ] Request (QuotasAdminTestJSON:tearDownClass): 200 GET http://10.180.1.21:9696/networking/v2.0/security-groups?tenant_id=a8f10a94f66b4a4fbf7e3b2c694a1d70&name=default 0.284s
2025-05-19 18:34:39.063 70344 INFO tempest.lib.common.rest_client [req-c1e210e4-a063-4dd3-a098-b9468f017aaf req-c1e210e4-a063-4dd3-a098-b9468f017aaf ] Request (ImagesNegativeTestJSON:setUpClass): 201 POST http://10.180.1.21/identity/v3/auth/tokens 0.034s
2025-05-19 18:34:39.091 70344 INFO tempest.lib.common.rest_client [req-e362febf-b832-494c-acc6-a38e5e730089 req-e362febf-b832-494c-acc6-a38e5e730089 ] Request (ImagesNegativeTestJSON:setUpClass): 200 GET http://10.180.1.21/identity/v3/domains?name=Default 0.027s
2025-05-19 18:34:39.130 70344 INFO tempest.lib.common.rest_client [req-d81bfa07-1d41-46af-b14f-5eefd7954b57 req-d81bfa07-1d41-46af-b14f-5eefd7954b57 ] Request (ImagesNegativeTestJSON:setUpClass): 201 POST http://10.180.1.21/identity/v3/projects 0.038s
2025-05-19 18:34:39.131 70354 INFO tempest.lib.common.rest_client [req-6b96ad08-a860-4e85-aaf0-d3a974837e15 req-6b96ad08-a860-4e85-aaf0-d3a974837e15 ] Request (ServerActionsV293TestJSON:setUpClass): 201 POST http://10.180.1.21:9696/networking/v2.0/security-groups 0.461s
2025-05-19 18:34:39.190 70338 INFO tempest.lib.common.rest_client [req-247d8786-a945-4cda-bd66-c16643329e0f req-247d8786-a945-4cda-bd66-c16643329e0f ] Request (ImagesMetadataTestJSON:setUp): 200 PUT http://10.180.1.21/compute/v2.1/images/1e93f480-8ed1-40ab-96ea-305fe121f629/metadata 2.756s
2025-05-19 18:34:39.205 70344 INFO tempest.lib.common.rest_client [req-0a2d5575-e9c4-4d20-940c-10b266b1e287 req-0a2d5575-e9c4-4d20-940c-10b266b1e287 ] Request (ImagesNegativeTestJSON:setUpClass): 201 POST http://10.180.1.21/identity/v3/users 0.075s
2025-05-19 18:34:39.230 70365 INFO tempest.lib.common.rest_client [req-573e9c3c-a38d-4e7f-a02c-c029db85d94e req-573e9c3c-a38d-4e7f-a02c-c029db85d94e ] Request (SecurityGroupRulesTestJSON:test_security_group_rules_create_with_optional_cidr): 200 POST http://10.180.1.21/compute/v2.1/os-security-group-rules 2.831s
2025-05-19 18:34:39.234 70344 INFO tempest.lib.common.rest_client [req-2991435a-2455-430b-9c4d-669605d81b0e req-2991435a-2455-430b-9c4d-669605d81b0e ] Request (ImagesNegativeTestJSON:setUpClass): 200 GET http://10.180.1.21/identity/v3/roles 0.028s
2025-05-19 18:34:39.254 70348 INFO tempest.lib.common.rest_client [req-ffbe9f83-0397-4117-b8d8-26b7b523f47f req-ffbe9f83-0397-4117-b8d8-26b7b523f47f ] Request (QuotasAdminTestJSON:tearDownClass): 204 DELETE http://10.180.1.21:9696/networking/v2.0/security-groups/1823126b-10bb-476c-b8b6-8732699b5282 0.208s
2025-05-19 18:34:39.269 70344 INFO tempest.lib.common.rest_client [req-f0a58d0c-0d77-44d2-bc3f-e089a7734dd0 req-f0a58d0c-0d77-44d2-bc3f-e089a7734dd0 ] Request (ImagesNegativeTestJSON:setUpClass): 204 PUT http://10.180.1.21/identity/v3/projects/c9014fb485334d91bf8cb0bb2cef6623/users/d8e91a331d6947f5aa35f53b88d47cf2/roles/c3ec1a5db096472ca2a7b5eee8660b83 0.035s
2025-05-19 18:34:39.270 70344 INFO tempest.lib.common.dynamic_creds [-] Dynamic test user d8e91a331d6947f5aa35f53b88d47cf2 is created with scope project and roles: ['member']
2025-05-19 18:34:39.270 70344 INFO tempest.lib.common.dynamic_creds [-] Acquired dynamic creds: credentials: Credentials: {'domain_id': 'default', 'domain_name': 'Default', 'username': 'tempest-ImagesNegativeTestJSON-805437631-project-member', 'project_domain_id': 'default', 'project_domain_name': 'Default', 'project_id': 'c9014fb485334d91bf8cb0bb2cef6623', 'project_name': 'tempest-ImagesNegativeTestJSON-805437631', 'tenant_id': 'c9014fb485334d91bf8cb0bb2cef6623', 'tenant_name': 'tempest-ImagesNegativeTestJSON-805437631', 'user_domain_id': 'default', 'user_domain_name': 'Default', 'user_id': 'd8e91a331d6947f5aa35f53b88d47cf2', 'system': None}, Network: None, Subnet: None, Router: None
2025-05-19 18:34:39.338 70344 INFO tempest.lib.common.rest_client [req-7aab44ae-31d2-438a-8c5d-2d75c8dc353e req-7aab44ae-31d2-438a-8c5d-2d75c8dc353e ] Request (ImagesNegativeTestJSON:setUpClass): 201 POST http://10.180.1.21/identity/v3/auth/tokens 0.068s
2025-05-19 18:34:39.371 70336 INFO tempest.lib.common.rest_client [req-01f53ede-4f6a-4f8b-9d62-8fd9a41f7b32 req-01f53ede-4f6a-4f8b-9d62-8fd9a41f7b32 ] Request (NetworksTest:test_get_network): 200 GET http://10.180.1.21/compute/v2.1/os-networks/6047c161-c51e-49ce-b0c9-d413bac2bd5a 2.639s
2025-05-19 18:34:39.372 70348 INFO tempest.lib.common.rest_client [req-ffce4380-4fe8-4c1a-8a33-09f167f6375b req-ffce4380-4fe8-4c1a-8a33-09f167f6375b ] Request (QuotasAdminTestJSON:tearDownClass): 204 DELETE http://10.180.1.21/identity/v3/projects/a8f10a94f66b4a4fbf7e3b2c694a1d70 0.117s
2025-05-19 18:34:39.380 70322 INFO tempest.lib.common.rest_client [req-8e34caee-3caa-415b-81a0-5061fcfb63db req-8e34caee-3caa-415b-81a0-5061fcfb63db ] Request (MultipleCreateNegativeTestJSON:test_max_count_less_than_one): 400 POST http://10.180.1.21/compute/v2.1/servers 2.437s
2025-05-19 18:34:39.388 70342 INFO tempest.lib.common.rest_client [req-6752d266-7401-4545-adf4-e08b62d5b715 req-6752d266-7401-4545-adf4-e08b62d5b715 ] Request (ImagesOneServerNegativeTestJSON:setUpClass): 201 POST http://10.180.1.21:9696/networking/v2.0/routers 1.770s
2025-05-19 18:34:39.418 70350 INFO tempest.lib.common.rest_client [req-adf0e801-3417-4216-ba7f-5235ab96ad42 req-adf0e801-3417-4216-ba7f-5235ab96ad42 ] Request (VolumesAdminNegativeTest:test_update_attached_volume_with_nonexistent_volume_in_body): 404 GET http://10.180.1.21/compute/v2.1/servers/d963e30a-5e55-4e3e-afbe-4b49590a4449 2.366s
2025-05-19 18:34:39.436 70348 INFO tempest.lib.common.rest_client [req-70d18906-4175-48ac-82be-f15d5605c0e4 req-70d18906-4175-48ac-82be-f15d5605c0e4 ] Request (QuotasAdminTestV257:setUpClass): 201 POST http://10.180.1.21/identity/v3/auth/tokens 0.061s
2025-05-19 18:34:39.487 70322 INFO tempest.lib.common.rest_client [req-a0eeddec-fc47-4ea5-a75b-9522e88a3225 req-a0eeddec-fc47-4ea5-a75b-9522e88a3225 ] Request (MultipleCreateNegativeTestJSON:test_max_count_non_integer): 201 POST http://10.180.1.21/identity/v3/auth/tokens 0.102s
2025-05-19 18:34:39.487 70322 INFO tempest.lib.common.fixed_network [-] (MultipleCreateNegativeTestJSON:test_max_count_non_integer) Found network None available for tenant
2025-05-19 18:34:39.538 70350 INFO tempest.lib.common.rest_client [req-eb984659-bf0f-4a49-a587-47ec6a50f2a5 req-eb984659-bf0f-4a49-a587-47ec6a50f2a5 ] Request (VolumesAdminNegativeTest:test_update_attached_volume_with_nonexistent_volume_in_uri): 201 POST http://10.180.1.21/identity/v3/auth/tokens 0.112s
2025-05-19 18:34:39.538 70350 INFO tempest.lib.common.fixed_network [-] (VolumesAdminNegativeTest:test_update_attached_volume_with_nonexistent_volume_in_uri) Found network {'id': '9bc74e7c-f8da-487d-9ff3-a949a8a8263e', 'name': 'tempest-VolumesAdminNegativeTest-1434047719-network', 'tenant_id': '8693cece38d1437cbb03d6a8ea58eb40', 'admin_state_up': True, 'mtu': 8950, 'status': 'ACTIVE', 'subnets': [], 'shared': False, 'project_id': '8693cece38d1437cbb03d6a8ea58eb40', 'port_security_enabled': True, 'router:external': False, 'provider:network_type': 'vlan', 'provider:physical_network': 'default', 'provider:segmentation_id': 920, 'availability_zone_hints': [], 'availability_zones': [], 'ipv4_address_scope': None, 'ipv6_address_scope': None, 'description': '', 'tags': [], 'created_at': '2025-05-19T18:34:08Z', 'updated_at': '2025-05-19T18:34:08Z', 'revision_number': 1} available for tenant
2025-05-19 18:34:39.567 70348 INFO tempest.lib.common.rest_client [req-dbe156db-3293-43c7-81de-2fb6927393a0 req-dbe156db-3293-43c7-81de-2fb6927393a0 ] Request (QuotasAdminTestV257:setUpClass): 201 POST http://10.180.1.21/identity/v3/auth/tokens 0.127s
2025-05-19 18:34:39.592 70348 INFO tempest.lib.common.rest_client [req-7685af1a-1bbd-4257-83da-fdbb37c8916d req-7685af1a-1bbd-4257-83da-fdbb37c8916d ] Request (QuotasAdminTestV257:setUpClass): 200 GET http://10.180.1.21/identity/v3/domains?name=Default 0.024s
2025-05-19 18:34:39.619 70348 INFO tempest.lib.common.rest_client [req-d57a88d5-4b58-491f-803e-08f5a0e6c96c req-d57a88d5-4b58-491f-803e-08f5a0e6c96c ] Request (QuotasAdminTestV257:setUpClass): 201 POST http://10.180.1.21/identity/v3/projects 0.026s
2025-05-19 18:34:39.671 70356 INFO tempest.lib.common.rest_client [req-a3ed401b-7bd7-4896-b38d-135b6d8f93ed req-a3ed401b-7bd7-4896-b38d-135b6d8f93ed ] Request (MigrationsAdminTest:tearDownClass): 200 GET http://10.180.1.21:9696/networking/v2.0/security-groups?tenant_id=42f495e3e82a423395fb93155986bb1a&name=default 0.752s
2025-05-19 18:34:39.687 70348 INFO tempest.lib.common.rest_client [req-84a83676-0bec-4d49-8f84-9c72a8518375 req-84a83676-0bec-4d49-8f84-9c72a8518375 ] Request (QuotasAdminTestV257:setUpClass): 201 POST http://10.180.1.21/identity/v3/users 0.068s
2025-05-19 18:34:39.711 70348 INFO tempest.lib.common.rest_client [req-d55fdad8-9717-4b32-a84c-daed39a467f5 req-d55fdad8-9717-4b32-a84c-daed39a467f5 ] Request (QuotasAdminTestV257:setUpClass): 200 GET http://10.180.1.21/identity/v3/roles 0.023s
2025-05-19 18:34:39.732 70354 INFO tempest.lib.common.rest_client [req-80dcc1ed-784c-4455-8c05-665b379b5d61 req-80dcc1ed-784c-4455-8c05-665b379b5d61 ] Request (ServerActionsV293TestJSON:setUpClass): 201 POST http://10.180.1.21:9696/networking/v2.0/security-group-rules 0.600s
2025-05-19 18:34:39.741 70348 INFO tempest.lib.common.rest_client [req-99305983-9c11-4c36-925e-85a6aaa1b756 req-99305983-9c11-4c36-925e-85a6aaa1b756 ] Request (QuotasAdminTestV257:setUpClass): 204 PUT http://10.180.1.21/identity/v3/projects/09be9f2183ae443c9213fbf7525c516b/users/21bbfec820c04fb1b5f3976ec38844ea/roles/c3ec1a5db096472ca2a7b5eee8660b83 0.029s
2025-05-19 18:34:39.742 70348 INFO tempest.lib.common.dynamic_creds [-] Dynamic test user 21bbfec820c04fb1b5f3976ec38844ea is created with scope project and roles: ['member']
2025-05-19 18:34:39.742 70348 INFO tempest.lib.common.dynamic_creds [-] Acquired dynamic creds: credentials: Credentials: {'domain_id': 'default', 'domain_name': 'Default', 'username': 'tempest-QuotasAdminTestV257-280004908-project-member', 'project_domain_id': 'default', 'project_domain_name': 'Default', 'project_id': '09be9f2183ae443c9213fbf7525c516b', 'project_name': 'tempest-QuotasAdminTestV257-280004908', 'tenant_id': '09be9f2183ae443c9213fbf7525c516b', 'tenant_name': 'tempest-QuotasAdminTestV257-280004908', 'user_domain_id': 'default', 'user_domain_name': 'Default', 'user_id': '21bbfec820c04fb1b5f3976ec38844ea', 'system': None}, Network: None, Subnet: None, Router: None
2025-05-19 18:34:39.742 70348 INFO tempest.lib.common.dynamic_creds [-] Created isolated network resources for: credentials: Credentials: {'domain_id': 'default', 'domain_name': 'Default', 'username': 'tempest-QuotasAdminTestV257-280004908-project-member', 'project_domain_id': 'default', 'project_domain_name': 'Default', 'project_id': '09be9f2183ae443c9213fbf7525c516b', 'project_name': 'tempest-QuotasAdminTestV257-280004908', 'tenant_id': '09be9f2183ae443c9213fbf7525c516b', 'tenant_name': 'tempest-QuotasAdminTestV257-280004908', 'user_domain_id': 'default', 'user_domain_name': 'Default', 'user_id': '21bbfec820c04fb1b5f3976ec38844ea', 'system': None}, Network: None, Subnet: None, Router: None
2025-05-19 18:34:39.759 70334 INFO tempest.lib.common.rest_client [req-e5b11f0e-135e-4ced-828c-112ac1437580 req-e5b11f0e-135e-4ced-828c-112ac1437580 ] Request (SecurityGroupsTestJSON:test_list_security_groups_by_server): 200 POST http://10.180.1.21/compute/v2.1/os-security-groups 2.946s
2025-05-19 18:34:39.820 70348 INFO tempest.lib.common.rest_client [req-25b3b2a9-e1fa-483b-8dd4-b3ac79a504e6 req-25b3b2a9-e1fa-483b-8dd4-b3ac79a504e6 ] Request (QuotasAdminTestV257:setUpClass): 201 POST http://10.180.1.21/identity/v3/auth/tokens 0.074s
2025-05-19 18:34:39.845 70334 INFO tempest.lib.common.rest_client [req-84d80e68-0e9f-4431-919c-ef673547258d req-84d80e68-0e9f-4431-919c-ef673547258d ] Request (SecurityGroupsTestJSON:test_list_security_groups_by_server): 201 POST http://10.180.1.21/identity/v3/auth/tokens 0.080s
2025-05-19 18:34:39.845 70334 INFO tempest.lib.common.fixed_network [-] (SecurityGroupsTestJSON:test_list_security_groups_by_server) Found network {'id': '3361366e-136c-47d8-95b0-4901d49b6b25', 'name': 'tempest-SecurityGroupsTestJSON-1849779925-network', 'tenant_id': 'dd08b68313f34a56ad65500be6303282', 'admin_state_up': True, 'mtu': 8950, 'status': 'ACTIVE', 'subnets': [], 'shared': False, 'project_id': 'dd08b68313f34a56ad65500be6303282', 'port_security_enabled': True, 'router:external': False, 'provider:network_type': 'vlan', 'provider:physical_network': 'default', 'provider:segmentation_id': 606, 'availability_zone_hints': [], 'availability_zones': [], 'ipv4_address_scope': None, 'ipv6_address_scope': None, 'description': '', 'tags': [], 'created_at': '2025-05-19T18:34:22Z', 'updated_at': '2025-05-19T18:34:22Z', 'revision_number': 1} available for tenant
2025-05-19 18:34:39.857 70328 INFO tempest.lib.common.rest_client [req-0cbcfeff-174a-4fee-92ef-64a8eca27ad4 req-0cbcfeff-174a-4fee-92ef-64a8eca27ad4 ] Request (ListServersNegativeTestJSON:setUpClass): 200 GET http://10.180.1.21/compute/v2.1/servers/25d0a773-56fc-4054-8c70-8c7cd93d4db2 2.755s
2025-05-19 18:34:39.881 70378 INFO tempest.lib.common.rest_client [req-4a64ccf2-5e8f-4d49-96ea-696a62b4ddfe req-4a64ccf2-5e8f-4d49-96ea-696a62b4ddfe ] Request (ImagesDeleteNegativeTestJSON:test_delete_image_non_hex_string_id): 404 DELETE http://10.180.1.21/compute/v2.1/images/94061fb4-e180-4171-9998-7d23488d91ej 2.736s
2025-05-19 18:34:39.887 70348 INFO tempest.lib.common.rest_client [req-898e87ec-de7e-4dd4-874f-140de280a2f5 req-898e87ec-de7e-4dd4-874f-140de280a2f5 ] Request (QuotasAdminTestV257:setUpClass): 201 POST http://10.180.1.21/identity/v3/projects 0.066s
2025-05-19 18:34:39.937 70346 INFO tempest.lib.common.rest_client [req-c0c4ccd3-742b-4a78-892c-c531dddd6219 req-c0c4ccd3-742b-4a78-892c-c531dddd6219 ] Request (VolumesGetTestJSON:test_volume_create_get_delete): 200 POST http://10.180.1.21/compute/v2.1/os-volumes 2.883s
2025-05-19 18:34:39.957 70366 INFO tempest.lib.common.rest_client [req-0f3673ef-85b0-4b35-9535-9b0f433b6f72 req-0f3673ef-85b0-4b35-9535-9b0f433b6f72 ] Request (ServerPasswordTestJSON:setUpClass): 201 POST http://10.180.1.21:9696/networking/v2.0/routers 2.644s
2025-05-19 18:34:39.958 70348 INFO tempest.lib.common.rest_client [req-4ee46484-0d69-425b-950f-98303a830464 req-4ee46484-0d69-425b-950f-98303a830464 ] Request (QuotasAdminTestV257:setUpClass): 201 POST http://10.180.1.21/identity/v3/users 0.071s
2025-05-19 18:34:39.987 70348 INFO tempest.lib.common.rest_client [req-58ce44c7-05f3-4959-b704-7943dc6eff26 req-58ce44c7-05f3-4959-b704-7943dc6eff26 ] Request (QuotasAdminTestV257:setUpClass): 200 GET http://10.180.1.21/identity/v3/roles 0.028s
2025-05-19 18:34:40.005 70356 INFO tempest.lib.common.rest_client [req-b21c56e5-dd4a-4cb9-92bb-cc9052d00e45 req-b21c56e5-dd4a-4cb9-92bb-cc9052d00e45 ] Request (MigrationsAdminTest:tearDownClass): 204 DELETE http://10.180.1.21:9696/networking/v2.0/security-groups/745dd3e0-b858-4c62-8f26-475c426d37bc 0.333s
2025-05-19 18:34:40.019 70348 INFO tempest.lib.common.rest_client [req-a637c0c6-4e02-45e0-a0a0-affb4b9893be req-a637c0c6-4e02-45e0-a0a0-affb4b9893be ] Request (QuotasAdminTestV257:setUpClass): 204 PUT http://10.180.1.21/identity/v3/projects/2fd807c5b8a746eeab6951df1065be3a/users/0e6f9e16e9584af8bb30f13a7046ec6b/roles/94cfcf733f8440b4acf3c2036d0e439a 0.030s
2025-05-19 18:34:40.075 70354 INFO tempest.lib.common.rest_client [req-77eeb21a-d107-4b98-9f73-44144c59977d req-77eeb21a-d107-4b98-9f73-44144c59977d ] Request (ServerActionsV293TestJSON:setUpClass): 201 POST http://10.180.1.21:9696/networking/v2.0/security-group-rules 0.343s
2025-05-19 18:34:40.120 70348 INFO tempest.lib.common.rest_client [req-932aa0af-a632-4b22-b4dd-25748874b286 req-932aa0af-a632-4b22-b4dd-25748874b286 ] Request (QuotasAdminTestV257:setUpClass): 200 GET http://10.180.1.21/identity/v3/roles 0.101s
2025-05-19 18:34:40.123 70370 INFO tempest.lib.common.rest_client [req-036fc3cb-8e97-4a1d-b415-bb8d0396b18e req-036fc3cb-8e97-4a1d-b415-bb8d0396b18e ] Request (FlavorsAccessNegativeTestJSON:_run_cleanups): 200 POST http://10.180.1.21/compute/v2.1/flavors/255479417/action 2.402s
2025-05-19 18:34:40.151 70324 INFO tempest.lib.common.rest_client [req-2de5d852-b781-4761-a29f-6d1ce08330b1 req-2de5d852-b781-4761-a29f-6d1ce08330b1 ] Request (KeyPairsV2TestJSON:_run_cleanups): 202 DELETE http://10.180.1.21/compute/v2.1/os-keypairs/tempest-keypair-1694966619 2.381s
2025-05-19 18:34:40.155 70356 INFO tempest.lib.common.rest_client [req-efc65adf-655f-4a86-98cb-897354f84caf req-efc65adf-655f-4a86-98cb-897354f84caf ] Request (MigrationsAdminTest:tearDownClass): 204 DELETE http://10.180.1.21/identity/v3/projects/42f495e3e82a423395fb93155986bb1a 0.149s
2025-05-19 18:34:40.155 70356 INFO tempest.lib.common.dynamic_creds [-] Deleting project and security group for project: 1b05685ec5dd4216bec038fdcd4739a6
2025-05-19 18:34:40.184 70352 INFO tempest.lib.common.rest_client [req-fcdd3d6b-7d9f-4f6f-870d-441058af0cf8 req-fcdd3d6b-7d9f-4f6f-870d-441058af0cf8 ] Request (AggregatesAdminNegativeTestJSON:test_aggregate_delete_as_user): 200 POST http://10.180.1.21/compute/v2.1/os-aggregates 2.393s
2025-05-19 18:34:40.212 70348 INFO tempest.lib.common.rest_client [req-8c6f6e38-32aa-4b2e-b592-413212bee247 req-8c6f6e38-32aa-4b2e-b592-413212bee247 ] Request (QuotasAdminTestV257:setUpClass): 204 PUT http://10.180.1.21/identity/v3/projects/2fd807c5b8a746eeab6951df1065be3a/users/0e6f9e16e9584af8bb30f13a7046ec6b/roles/94cfcf733f8440b4acf3c2036d0e439a 0.091s
2025-05-19 18:34:40.212 70348 INFO tempest.lib.common.dynamic_creds [-] Dynamic test user 0e6f9e16e9584af8bb30f13a7046ec6b is created with scope project and roles: ['admin']
2025-05-19 18:34:40.212 70348 INFO tempest.lib.common.dynamic_creds [-] Acquired dynamic creds: credentials: Credentials: {'domain_id': 'default', 'domain_name': 'Default', 'username': 'tempest-QuotasAdminTestV257-223057399-project-admin', 'project_domain_id': 'default', 'project_domain_name': 'Default', 'project_id': '2fd807c5b8a746eeab6951df1065be3a', 'project_name': 'tempest-QuotasAdminTestV257-223057399', 'tenant_id': '2fd807c5b8a746eeab6951df1065be3a', 'tenant_name': 'tempest-QuotasAdminTestV257-223057399', 'user_domain_id': 'default', 'user_domain_name': 'Default', 'user_id': '0e6f9e16e9584af8bb30f13a7046ec6b', 'system': None}, Network: None, Subnet: None, Router: None
2025-05-19 18:34:40.212 70348 INFO tempest.lib.common.dynamic_creds [-] Created isolated network resources for: credentials: Credentials: {'domain_id': 'default', 'domain_name': 'Default', 'username': 'tempest-QuotasAdminTestV257-223057399-project-admin', 'project_domain_id': 'default', 'project_domain_name': 'Default', 'project_id': '2fd807c5b8a746eeab6951df1065be3a', 'project_name': 'tempest-QuotasAdminTestV257-223057399', 'tenant_id': '2fd807c5b8a746eeab6951df1065be3a', 'tenant_name': 'tempest-QuotasAdminTestV257-223057399', 'user_domain_id': 'default', 'user_domain_name': 'Default', 'user_id': '0e6f9e16e9584af8bb30f13a7046ec6b', 'system': None}, Network: None, Subnet: None, Router: None
2025-05-19 18:34:40.226 70318 INFO tempest.lib.common.rest_client [req-4127f960-7eef-4183-92da-0d796371aede req-4127f960-7eef-4183-92da-0d796371aede ] Request (ImagesTestJSON:test_create_image_from_stopped_server): 204 DELETE http://10.180.1.21/compute/v2.1/servers/e03f83f1-7086-4d05-b085-409f9e71c5ec 2.985s
2025-05-19 18:34:40.227 70344 INFO tempest.lib.common.rest_client [req-73e5d0c9-7a49-4b35-ad56-90a18b3d2b35 req-73e5d0c9-7a49-4b35-ad56-90a18b3d2b35 ] Request (ImagesNegativeTestJSON:setUpClass): 201 POST http://10.180.1.21:9696/networking/v2.0/networks 0.888s
2025-05-19 18:34:40.301 70348 INFO tempest.lib.common.rest_client [req-5cfe45e1-51b9-4444-8e9f-c3ccf0c089cf req-5cfe45e1-51b9-4444-8e9f-c3ccf0c089cf ] Request (QuotasAdminTestV257:setUpClass): 201 POST http://10.180.1.21/identity/v3/auth/tokens 0.086s
2025-05-19 18:34:40.311 70360 INFO tempest.lib.common.rest_client [req-8c855c7d-e3d8-4cab-8248-ad72cee221fd req-8c855c7d-e3d8-4cab-8248-ad72cee221fd ] Request (ImagesOneServerTestJSON:setUpClass): 200 GET http://10.180.1.21/compute/v2.1/servers/f81562be-6a04-48c8-8dad-1414c21ba9ab 2.399s
2025-05-19 18:34:40.330 70326 INFO tempest.lib.common.rest_client [req-971987cd-3fa1-4173-a930-bed2796cd367 req-971987cd-3fa1-4173-a930-bed2796cd367 ] Request (FlavorsAdminTestJSON:_run_cleanups): 202 DELETE http://10.180.1.21/compute/v2.1/flavors/147247510 2.284s
2025-05-19 18:34:40.405 70374 INFO tempest.lib.common.rest_client [req-3cd60b77-fe99-4feb-aa44-251ee2e60977 req-3cd60b77-fe99-4feb-aa44-251ee2e60977 ] Request (QuotasAdminTestV236:test_get_updated_quotas): 200 PUT http://10.180.1.21/compute/v2.1/os-quota-sets/e4e74164e30b4215b0c248ae03baf5ee 2.455s
2025-05-19 18:34:40.414 70376 INFO tempest.lib.common.rest_client [req-6ddd37ce-119d-4137-bee7-a5fa30d44a7e req-6ddd37ce-119d-4137-bee7-a5fa30d44a7e ] Request (HypervisorAdminNegativeUnderV252Test:test_search_nonexistent_hypervisor): 404 GET http://10.180.1.21/compute/v2.1/os-hypervisors/nonexistent_hypervisor_name/search 2.186s
2025-05-19 18:34:40.426 70356 INFO tempest.lib.common.rest_client [req-16f310c6-c215-48f9-b036-e121b621d7e6 req-16f310c6-c215-48f9-b036-e121b621d7e6 ] Request (MigrationsAdminTest:tearDownClass): 200 GET http://10.180.1.21:9696/networking/v2.0/security-groups?tenant_id=1b05685ec5dd4216bec038fdcd4739a6&name=default 0.270s
2025-05-19 18:34:40.428 70320 INFO tempest.lib.common.rest_client [req-11d983ab-2c7c-4977-bacf-d2ec05676e99 req-11d983ab-2c7c-4977-bacf-d2ec05676e99 ] Request (ServersAdminTestJSON:setUpClass): 200 PUT http://10.180.1.21:9696/networking/v2.0/routers/ec26c5dd-5528-41fd-93d1-e879139bf20a/add_router_interface 2.312s
2025-05-19 18:34:40.428 70320 INFO tempest.lib.common.dynamic_creds [-] Created isolated network resources for: credentials: Credentials: {'domain_id': 'default', 'domain_name': 'Default', 'username': 'tempest-ServersAdminTestJSON-346150142-project-admin', 'project_domain_id': 'default', 'project_domain_name': 'Default', 'project_id': 'f0b726b1f2e247fb81b3fb07d037e644', 'project_name': 'tempest-ServersAdminTestJSON-346150142', 'tenant_id': 'f0b726b1f2e247fb81b3fb07d037e644', 'tenant_name': 'tempest-ServersAdminTestJSON-346150142', 'user_domain_id': 'default', 'user_domain_name': 'Default', 'user_id': '206cad39ac6943b3b5dc54226b948fc1', 'system': None}, Network: {'id': 'bb0ec21d-4c37-4a2a-8c58-1d2ca2a6c72b', 'name': 'tempest-ServersAdminTestJSON-1619764866-network', 'tenant_id': 'f0b726b1f2e247fb81b3fb07d037e644', 'admin_state_up': True, 'mtu': 8950, 'status': 'ACTIVE', 'subnets': [], 'shared': False, 'project_id': 'f0b726b1f2e247fb81b3fb07d037e644', 'port_security_enabled': True, 'router:external': False, 'provider:network_type': 'vlan', 'provider:physical_network': 'default', 'provider:segmentation_id': 179, 'availability_zone_hints': [], 'availability_zones': [], 'ipv4_address_scope': None, 'ipv6_address_scope': None, 'description': '', 'tags': [], 'created_at': '2025-05-19T18:34:35Z', 'updated_at': '2025-05-19T18:34:35Z', 'revision_number': 1}, Subnet: {'id': 'f4d157b9-43ce-434f-a34d-467d61aee0e8', 'name': 'tempest-ServersAdminTestJSON-1619764866-subnet', 'tenant_id': 'f0b726b1f2e247fb81b3fb07d037e644', 'network_id': 'bb0ec21d-4c37-4a2a-8c58-1d2ca2a6c72b', 'ip_version': 4, 'subnetpool_id': None, 'enable_dhcp': True, 'ipv6_ra_mode': None, 'ipv6_address_mode': None, 'gateway_ip': '192.168.128.1', 'cidr': '192.168.128.0/28', 'allocation_pools': [{'start': '192.168.128.2', 'end': '192.168.128.14'}], 'host_routes': [], 'dns_nameservers': [], 'description': '', 'router:external': False, 'service_types': [], 'tags': [], 'created_at': '2025-05-19T18:34:35Z', 'updated_at': '2025-05-19T18:34:35Z', 'revision_number': 0, 'project_id': 'f0b726b1f2e247fb81b3fb07d037e644'}, Router: {'id': 'ec26c5dd-5528-41fd-93d1-e879139bf20a', 'name': 'tempest-ServersAdminTestJSON-1619764866-router', 'tenant_id': 'f0b726b1f2e247fb81b3fb07d037e644', 'admin_state_up': True, 'status': 'ACTIVE', 'external_gateway_info': {'network_id': '6047c161-c51e-49ce-b0c9-d413bac2bd5a', 'external_fixed_ips': [{'subnet_id': 'abc9ab84-fc1d-46ad-b616-dc331a68fa70', 'ip_address': '10.180.180.196'}], 'enable_snat': True}, 'description': '', 'availability_zones': [], 'distributed': False, 'ha': False, 'availability_zone_hints': [], 'routes': [], 'flavor_id': None, 'tags': [], 'created_at': '2025-05-19T18:34:36Z', 'updated_at': '2025-05-19T18:34:36Z', 'revision_number': 2, 'project_id': 'f0b726b1f2e247fb81b3fb07d037e644'}
2025-05-19 18:34:40.505 70320 INFO tempest.lib.common.rest_client [req-bf0f39f4-4598-4e1f-8008-98741b694c76 req-bf0f39f4-4598-4e1f-8008-98741b694c76 ] Request (ServersAdminTestJSON:setUpClass): 201 POST http://10.180.1.21/identity/v3/auth/tokens 0.073s
2025-05-19 18:34:40.565 70356 INFO tempest.lib.common.rest_client [req-bbdba738-7dda-457f-a60d-1b6394f239fc req-bbdba738-7dda-457f-a60d-1b6394f239fc ] Request (MigrationsAdminTest:tearDownClass): 204 DELETE http://10.180.1.21:9696/networking/v2.0/security-groups/aefde8ad-563a-4342-8dbc-52de838645fa 0.139s
2025-05-19 18:34:40.572 70320 INFO tempest.lib.common.rest_client [req-121d4252-034e-426a-adb4-99d594ca8c8b req-121d4252-034e-426a-adb4-99d594ca8c8b ] Request (ServersAdminTestJSON:setUpClass): 201 POST http://10.180.1.21/identity/v3/auth/tokens 0.063s
2025-05-19 18:34:40.573 70320 INFO tempest.lib.common.fixed_network [-] (ServersAdminTestJSON:setUpClass) Found network {'id': '9ed69f93-cfe9-475f-9f97-e1b481abeb73', 'name': 'tempest-ServersAdminTestJSON-1198993434-network', 'tenant_id': '55b94ec575854aa4830db1351ddc1011', 'admin_state_up': True, 'mtu': 8950, 'status': 'ACTIVE', 'subnets': [], 'shared': False, 'project_id': '55b94ec575854aa4830db1351ddc1011', 'port_security_enabled': True, 'router:external': False, 'provider:network_type': 'vlan', 'provider:physical_network': 'default', 'provider:segmentation_id': 349, 'availability_zone_hints': [], 'availability_zones': [], 'ipv4_address_scope': None, 'ipv6_address_scope': None, 'description': '', 'tags': [], 'created_at': '2025-05-19T18:34:22Z', 'updated_at': '2025-05-19T18:34:22Z', 'revision_number': 1} available for tenant
2025-05-19 18:34:40.643 70372 INFO tempest.lib.common.rest_client [req-299e2033-47a9-4690-8290-4452280fc0ae req-299e2033-47a9-4690-8290-4452280fc0ae ] Request (FloatingIPsTestJSON:test_allocate_floating_ip): 200 GET http://10.180.1.21/compute/v2.1/os-floating-ips 2.210s
2025-05-19 18:34:40.663 70356 INFO tempest.lib.common.rest_client [req-95e60406-edc5-48a2-be2f-da4e3694682f req-95e60406-edc5-48a2-be2f-da4e3694682f ] Request (MigrationsAdminTest:tearDownClass): 204 DELETE http://10.180.1.21/identity/v3/projects/1b05685ec5dd4216bec038fdcd4739a6 0.097s
2025-05-19 18:34:40.664 70356 INFO tempest.test [-] raised in UnshelveToHostMultiNodesTest.setUpClass. Invoking tearDownClass.
2025-05-19 18:34:40.699 70380 INFO tempest.lib.common.rest_client [req-a8e9442c-52d3-4c52-96ad-d6652472d908 req-a8e9442c-52d3-4c52-96ad-d6652472d908 ] Request (SecurityGroupRulesNegativeTestJSON:tearDownClass): 202 DELETE http://10.180.1.21/compute/v2.1/os-security-groups/b0ab1695-ef78-41d2-a7f5-d637280fd3c2 2.570s
2025-05-19 18:34:40.714 70330 INFO tempest.lib.common.rest_client [req-4f4c4c3c-dc72-4443-85e4-1c40b0e88877 req-4f4c4c3c-dc72-4443-85e4-1c40b0e88877 ] Request (ServersWithSpecificFlavorTestJSON:_run_cleanups): 202 DELETE http://10.180.1.21/compute/v2.1/os-keypairs/tempest-keypair-387731540 2.022s
2025-05-19 18:34:40.729 70356 INFO tempest.lib.common.rest_client [req-3dcdf48e-9fde-4ecb-8ac1-1051faae5c53 req-3dcdf48e-9fde-4ecb-8ac1-1051faae5c53 ] Request (ServerRescueTestJSON:setUpClass): 201 POST http://10.180.1.21/identity/v3/auth/tokens 0.062s
2025-05-19 18:34:40.762 70356 INFO tempest.lib.common.rest_client [req-b935d64b-d26e-4550-b6f2-c6efe71ffa05 req-b935d64b-d26e-4550-b6f2-c6efe71ffa05 ] Request (ServerRescueTestJSON:setUpClass): 201 POST http://10.180.1.21/identity/v3/auth/tokens 0.030s
2025-05-19 18:34:40.788 70356 INFO tempest.lib.common.rest_client [req-8c07d439-94c3-40bc-a48b-126f3a0bcc4f req-8c07d439-94c3-40bc-a48b-126f3a0bcc4f ] Request (ServerRescueTestJSON:setUpClass): 200 GET http://10.180.1.21/identity/v3/domains?name=Default 0.025s
