2025-05-19 18:36:10.190 70352 INFO tempest.lib.common.rest_client [req-7499629a-6afe-44d5-a45b-e66b0d85e67b req-7499629a-6afe-44d5-a45b-e66b0d85e67b ] Request (ServerAddressesTestJSON:tearDownClass): 204 DELETE http://10.180.1.21/identity/v3/projects/efb0af6d4d784428b7f54d7f1a8ce45c 0.092s
2025-05-19 18:36:10.255 70372 INFO tempest.lib.common.rest_client [req-3ea0a436-8234-4481-be22-0ba1636cba0f req-3ea0a436-8234-4481-be22-0ba1636cba0f ] Request (AttachVolumeNegativeTest:tearDownClass): 204 DELETE http://10.180.1.21:9696/networking/v2.0/security-groups/72497319-1a60-4ced-b32b-6a14cd0c0731 0.321s
2025-05-19 18:36:10.260 70370 INFO tempest.lib.common.rest_client [req-0a5d213a-faad-4df2-b12e-4054729be071 req-0a5d213a-faad-4df2-b12e-4054729be071 ] Request (VolumesTestJSON:tearDownClass): 204 DELETE http://10.180.1.21:9696/networking/v2.0/security-groups/ff638fb8-d885-4463-b0ba-cf0b3edc0ea3 0.285s
2025-05-19 18:36:10.272 70342 INFO tempest.lib.common.rest_client [req-83cdb4e5-6a61-411c-9e2c-947b65977f88 req-83cdb4e5-6a61-411c-9e2c-947b65977f88 ] Request (ServersListShow2100Test:tearDownClass): 204 DELETE http://10.180.1.21:9696/networking/v2.0/security-groups/7ec64112-a382-43a0-90de-414ffbfbe4e1 0.257s
2025-05-19 18:36:10.382 70372 INFO tempest.lib.common.rest_client [req-0bfec416-99ec-4d1e-bae1-b75f83aa4680 req-0bfec416-99ec-4d1e-bae1-b75f83aa4680 ] Request (AttachVolumeNegativeTest:tearDownClass): 204 DELETE http://10.180.1.21/identity/v3/projects/08bafda2056b45378d9dd5595ee94594 0.127s
2025-05-19 18:36:10.383 70370 INFO tempest.lib.common.rest_client [req-e5616c7b-aec8-4cbd-b29a-adac016c7a4a req-e5616c7b-aec8-4cbd-b29a-adac016c7a4a ] Request (VolumesTestJSON:tearDownClass): 204 DELETE http://10.180.1.21/identity/v3/projects/4b38896950a34034b868258b119fd5a7 0.122s
2025-05-19 18:36:10.401 70326 INFO tempest.lib.common.rest_client [req-46894528-1060-4d09-b7a7-0c8c1c25b843 req-46894528-1060-4d09-b7a7-0c8c1c25b843 ] Request (ServerAddressesNegativeTestJSON:setUpClass): 201 POST http://10.180.1.21:9696/networking/v2.0/routers 2.459s
2025-05-19 18:36:10.498 70342 INFO tempest.lib.common.rest_client [req-461cf048-b26c-475f-bf27-66e22d51f55a req-461cf048-b26c-475f-bf27-66e22d51f55a ] Request (ServersListShow2100Test:tearDownClass): 204 DELETE http://10.180.1.21/identity/v3/projects/180a963190a64e6cb074f722ec7e5b23 0.225s
2025-05-19 18:36:10.541 70334 INFO tempest.lib.common.rest_client [req-323ce331-b6cf-4e1d-9a57-c43329f5d3b0 req-323ce331-b6cf-4e1d-9a57-c43329f5d3b0 ] Request (ValidationResourcesFixture:setUp): 201 POST http://10.180.1.21:9696/networking/v2.0/floatingips 1.673s
2025-05-19 18:36:10.612 70334 INFO tempest.lib.common.rest_client [req-c0ad0a7a-60f8-44f7-ab67-d226be0b8dda req-c0ad0a7a-60f8-44f7-ab67-d226be0b8dda ] Request (AttachVolumeTestJSON:test_list_get_volume_attachments): 201 POST http://10.180.1.21/identity/v3/auth/tokens 0.068s
2025-05-19 18:36:10.613 70334 INFO tempest.lib.common.fixed_network [-] (AttachVolumeTestJSON:test_list_get_volume_attachments) Found network {'id': '070c7dad-77f7-4ae3-88c5-a33b8c1bd1fd', 'name': 'tempest-AttachVolumeTestJSON-337320391-network', 'tenant_id': 'c08cfa5b383f4f5783edc94095d136ab', 'admin_state_up': True, 'mtu': 8950, 'status': 'ACTIVE', 'subnets': [], 'shared': False, 'project_id': 'c08cfa5b383f4f5783edc94095d136ab', 'port_security_enabled': True, 'router:external': False, 'provider:network_type': 'vlan', 'provider:physical_network': 'default', 'provider:segmentation_id': 209, 'availability_zone_hints': [], 'availability_zones': [], 'ipv4_address_scope': None, 'ipv6_address_scope': None, 'description': '', 'tags': [], 'created_at': '2025-05-19T18:35:53Z', 'updated_at': '2025-05-19T18:35:53Z', 'revision_number': 1} available for tenant
2025-05-19 18:36:10.789 70350 INFO tempest.lib.common.rest_client [req-d14a66ca-a2f3-41fe-9854-eb72b8adf380 req-d14a66ca-a2f3-41fe-9854-eb72b8adf380 ] Request (ServersTestJSON:tearDownClass): 200 PUT http://10.180.1.21:9696/networking/v2.0/routers/e9b7a2cd-29c8-43e7-83da-0ff24016da3c/remove_router_interface 2.172s
2025-05-19 18:36:11.028 70324 INFO tempest.lib.common.rest_client [req-58436fc9-b540-48bd-aa10-abcfad4c2d2f req-58436fc9-b540-48bd-aa10-abcfad4c2d2f ] Request (DeleteServersTestJSON:tearDownClass): 204 DELETE http://10.180.1.21:9696/networking/v2.0/routers/2fb2059f-97be-42a3-aa46-aafc8c8ede99 1.324s
2025-05-19 18:36:11.278 70380 INFO tempest.lib.common.rest_client [req-6de3e1ec-9ee4-4d4f-bac9-5c77e8f66202 req-6de3e1ec-9ee4-4d4f-bac9-5c77e8f66202 ] Request (ServersNegativeTestMultiTenantJSON:tearDownClass): 200 PUT http://10.180.1.21:9696/networking/v2.0/routers/ca17ba62-6be7-449e-b66c-c4dbb9c63d93/remove_router_interface 2.349s
2025-05-19 18:36:11.419 70324 INFO tempest.lib.common.rest_client [req-2056cf37-9df7-4b83-a431-1fc2cfe66def req-2056cf37-9df7-4b83-a431-1fc2cfe66def ] Request (DeleteServersTestJSON:tearDownClass): 204 DELETE http://10.180.1.21:9696/networking/v2.0/subnets/5f5310bc-25f1-45cc-a55c-5f771deb7640 0.391s
2025-05-19 18:36:11.444 70334 INFO tempest.lib.common.rest_client [req-37ffe11c-34a8-4520-b523-d2fc6f8c1e7a req-37ffe11c-34a8-4520-b523-d2fc6f8c1e7a ] Request (AttachVolumeTestJSON:test_list_get_volume_attachments): 202 POST http://10.180.1.21/compute/v2.1/servers 0.831s
2025-05-19 18:36:11.513 70334 INFO tempest.lib.common.rest_client [req-88a09e84-6f50-4011-a1b6-9fc2a24413da req-88a09e84-6f50-4011-a1b6-9fc2a24413da ] Request (AttachVolumeTestJSON:test_list_get_volume_attachments): 200 GET http://10.180.1.21/compute/v2.1/servers/79c191aa-c0f2-4546-b5aa-800468ded484 0.068s
2025-05-19 18:36:11.718 70378 INFO tempest.lib.common.rest_client [req-5e2748d6-0d0e-423e-9600-4aa006ac011c req-5e2748d6-0d0e-423e-9600-4aa006ac011c ] Request (ServerRescueTestJSONUnderV235:tearDownClass): 200 PUT http://10.180.1.21:9696/networking/v2.0/routers/8b54f27f-57e5-42b6-becd-aa6821c42237/remove_router_interface 2.420s
2025-05-19 18:36:11.723 70350 INFO tempest.lib.common.rest_client [req-e1c73d7e-b70b-41b3-930d-9dbcf9b0b8e8 req-e1c73d7e-b70b-41b3-930d-9dbcf9b0b8e8 ] Request (ServersTestJSON:tearDownClass): 204 DELETE http://10.180.1.21:9696/networking/v2.0/routers/e9b7a2cd-29c8-43e7-83da-0ff24016da3c 0.934s
2025-05-19 18:36:11.971 70324 INFO tempest.lib.common.rest_client [req-4bc6896c-5fa6-47f9-99b3-80a5ee8c3ead req-4bc6896c-5fa6-47f9-99b3-80a5ee8c3ead ] Request (DeleteServersTestJSON:tearDownClass): 204 DELETE http://10.180.1.21:9696/networking/v2.0/networks/d34a9402-a8aa-49f5-b06f-e388eeaeeeaa 0.552s
2025-05-19 18:36:11.996 70350 INFO tempest.lib.common.rest_client [req-a48fca87-8b4f-4ad1-877c-ef05c353a4cf req-a48fca87-8b4f-4ad1-877c-ef05c353a4cf ] Request (ServersTestJSON:tearDownClass): 204 DELETE http://10.180.1.21:9696/networking/v2.0/subnets/e5ec62d9-aa6c-4449-bfd2-4c32822aa60b 0.272s
2025-05-19 18:36:11.999 70380 INFO tempest.lib.common.rest_client [req-8034dac2-6100-40d6-a160-ec3f136d3a81 req-8034dac2-6100-40d6-a160-ec3f136d3a81 ] Request (ServersNegativeTestMultiTenantJSON:tearDownClass): 204 DELETE http://10.180.1.21:9696/networking/v2.0/routers/ca17ba62-6be7-449e-b66c-c4dbb9c63d93 0.721s
2025-05-19 18:36:12.101 70324 INFO tempest.lib.common.rest_client [req-5db765dc-f91b-4022-b138-8af24ce30bd1 req-5db765dc-f91b-4022-b138-8af24ce30bd1 ] Request (DeleteServersTestJSON:tearDownClass): 204 DELETE http://10.180.1.21/identity/v3/users/07763af3d9534a429f96a6d47db8d95c 0.129s
2025-05-19 18:36:12.101 70324 INFO tempest.lib.common.dynamic_creds [-] Deleting project and security group for project: f8fd89c99d7f4ceda3c47c007c95c3a4
2025-05-19 18:36:12.116 70380 INFO tempest.lib.common.rest_client [req-fa87399a-a867-4141-bd38-b1a2fb642ef8 req-fa87399a-a867-4141-bd38-b1a2fb642ef8 ] Request (ServersNegativeTestMultiTenantJSON:tearDownClass): 204 DELETE http://10.180.1.21:9696/networking/v2.0/subnets/1d218e80-ab65-4529-a9b8-0b23c274da3d 0.116s
2025-05-19 18:36:12.154 70324 INFO tempest.lib.common.rest_client [req-0050a448-6b21-41a5-b909-5f946e6df11c req-0050a448-6b21-41a5-b909-5f946e6df11c ] Request (DeleteServersTestJSON:tearDownClass): 200 GET http://10.180.1.21:9696/networking/v2.0/security-groups?tenant_id=f8fd89c99d7f4ceda3c47c007c95c3a4&name=default 0.052s
2025-05-19 18:36:12.245 70320 INFO tempest.lib.common.rest_client [req-fd928e41-65f1-4ef1-8b7e-b7ffa85e1de5 req-fd928e41-65f1-4ef1-8b7e-b7ffa85e1de5 ] Request (ServersTestMultiNic:setUpClass): 200 PUT http://10.180.1.21:9696/networking/v2.0/routers/dcf42c3b-6e88-4411-b539-4707f597fb4c/add_router_interface 2.811s
2025-05-19 18:36:12.245 70320 INFO tempest.lib.common.dynamic_creds [-] Created isolated network resources for: credentials: Credentials: {'domain_id': 'default', 'domain_name': 'Default', 'username': 'tempest-ServersTestMultiNic-1133087533-project-member', 'project_domain_id': 'default', 'project_domain_name': 'Default', 'project_id': 'e283d987650a4e5686bc78229ed5aa72', 'project_name': 'tempest-ServersTestMultiNic-1133087533', 'tenant_id': 'e283d987650a4e5686bc78229ed5aa72', 'tenant_name': 'tempest-ServersTestMultiNic-1133087533', 'user_domain_id': 'default', 'user_domain_name': 'Default', 'user_id': 'b2cd52057f4b4ac89b6e2ae4f3414a78', 'system': None}, Network: {'id': '23721add-d876-4951-9ef8-3682f901b03e', 'name': 'tempest-ServersTestMultiNic-1717359659-network', 'tenant_id': 'e283d987650a4e5686bc78229ed5aa72', 'admin_state_up': True, 'mtu': 8950, 'status': 'ACTIVE', 'subnets': [], 'shared': False, 'project_id': 'e283d987650a4e5686bc78229ed5aa72', 'port_security_enabled': True, 'router:external': False, 'provider:network_type': 'vlan', 'provider:physical_network': 'default', 'provider:segmentation_id': 418, 'availability_zone_hints': [], 'availability_zones': [], 'ipv4_address_scope': None, 'ipv6_address_scope': None, 'description': '', 'tags': [], 'created_at': '2025-05-19T18:36:06Z', 'updated_at': '2025-05-19T18:36:06Z', 'revision_number': 1}, Subnet: {'id': 'c7084230-a8ac-4349-addc-9f1483995ba1', 'name': 'tempest-ServersTestMultiNic-1717359659-subnet', 'tenant_id': 'e283d987650a4e5686bc78229ed5aa72', 'network_id': '23721add-d876-4951-9ef8-3682f901b03e', 'ip_version': 4, 'subnetpool_id': None, 'enable_dhcp': True, 'ipv6_ra_mode': None, 'ipv6_address_mode': None, 'gateway_ip': '192.168.128.1', 'cidr': '192.168.128.0/28', 'allocation_pools': [{'start': '192.168.128.2', 'end': '192.168.128.14'}], 'host_routes': [], 'dns_nameservers': [], 'description': '', 'router:external': False, 'service_types': [], 'tags': [], 'created_at': '2025-05-19T18:36:06Z', 'updated_at': '2025-05-19T18:36:06Z', 'revision_number': 0, 'project_id': 'e283d987650a4e5686bc78229ed5aa72'}, Router: {'id': 'dcf42c3b-6e88-4411-b539-4707f597fb4c', 'name': 'tempest-ServersTestMultiNic-1717359659-router', 'tenant_id': 'e283d987650a4e5686bc78229ed5aa72', 'admin_state_up': True, 'status': 'ACTIVE', 'external_gateway_info': {'network_id': '6047c161-c51e-49ce-b0c9-d413bac2bd5a', 'external_fixed_ips': [{'subnet_id': 'abc9ab84-fc1d-46ad-b616-dc331a68fa70', 'ip_address': '10.180.180.146'}], 'enable_snat': True}, 'description': '', 'availability_zones': [], 'distributed': False, 'ha': False, 'availability_zone_hints': [], 'routes': [], 'flavor_id': None, 'tags': [], 'created_at': '2025-05-19T18:36:07Z', 'updated_at': '2025-05-19T18:36:08Z', 'revision_number': 2, 'project_id': 'e283d987650a4e5686bc78229ed5aa72'}
2025-05-19 18:36:12.308 70324 INFO tempest.lib.common.rest_client [req-f500992c-d1ba-4510-9a03-af0ed8365575 req-f500992c-d1ba-4510-9a03-af0ed8365575 ] Request (DeleteServersTestJSON:tearDownClass): 204 DELETE http://10.180.1.21:9696/networking/v2.0/security-groups/778bf516-824d-4a2b-a78f-97cc9f225621 0.152s
2025-05-19 18:36:12.334 70380 INFO tempest.lib.common.rest_client [req-a6aad0b5-6639-4786-8caf-fab9a35a7da5 req-a6aad0b5-6639-4786-8caf-fab9a35a7da5 ] Request (ServersNegativeTestMultiTenantJSON:tearDownClass): 204 DELETE http://10.180.1.21:9696/networking/v2.0/networks/cbf54835-7be5-447a-8c05-04824fbe8fae 0.217s
2025-05-19 18:36:12.347 70320 INFO tempest.lib.common.rest_client [req-a327c076-04f7-48ab-a18f-b8ef77c24c6e req-a327c076-04f7-48ab-a18f-b8ef77c24c6e ] Request (ServersTestMultiNic:setUpClass): 201 POST http://10.180.1.21/identity/v3/auth/tokens 0.098s
2025-05-19 18:36:12.423 70324 INFO tempest.lib.common.rest_client [req-efdbe346-8ae0-49eb-aca3-6ada4cbf2c4e req-efdbe346-8ae0-49eb-aca3-6ada4cbf2c4e ] Request (DeleteServersTestJSON:tearDownClass): 204 DELETE http://10.180.1.21/identity/v3/projects/f8fd89c99d7f4ceda3c47c007c95c3a4 0.115s
2025-05-19 18:36:12.450 70380 INFO tempest.lib.common.rest_client [req-d93b58d9-d085-4f4e-a364-17aea4ed46dc req-d93b58d9-d085-4f4e-a364-17aea4ed46dc ] Request (ServersNegativeTestMultiTenantJSON:tearDownClass): 204 DELETE http://10.180.1.21/identity/v3/users/62a76eae6146408085283262a0f30ca5 0.116s
2025-05-19 18:36:12.503 70324 INFO tempest.lib.common.rest_client [req-bc30ac12-1670-46f3-9476-9cadbca73e37 req-bc30ac12-1670-46f3-9476-9cadbca73e37 ] Request (ServersListShow296Test:setUpClass): 201 POST http://10.180.1.21/identity/v3/auth/tokens 0.077s
2025-05-19 18:36:12.570 70380 INFO tempest.lib.common.rest_client [req-d256fe60-034c-4ba6-8d25-8c6dea6c25ac req-d256fe60-034c-4ba6-8d25-8c6dea6c25ac ] Request (ServersNegativeTestMultiTenantJSON:tearDownClass): 204 DELETE http://10.180.1.21/identity/v3/users/d3dd13bef3ff4c89b1d361ca9d7ccf9a 0.119s
2025-05-19 18:36:12.571 70380 INFO tempest.lib.common.dynamic_creds [-] Deleting project and security group for project: ee61b81a4b034a9f98a4c27aab0f1ea6
2025-05-19 18:36:12.593 70324 INFO tempest.lib.common.rest_client [req-0651d840-0f96-4198-989b-68532b69eb5d req-0651d840-0f96-4198-989b-68532b69eb5d ] Request (ServersListShow296Test:setUpClass): 201 POST http://10.180.1.21/identity/v3/auth/tokens 0.088s
2025-05-19 18:36:12.621 70334 INFO tempest.lib.common.rest_client [req-3def8b45-28c4-41a3-9169-706fcd283a03 req-3def8b45-28c4-41a3-9169-706fcd283a03 ] Request (AttachVolumeTestJSON:test_list_get_volume_attachments): 200 GET http://10.180.1.21/compute/v2.1/servers/79c191aa-c0f2-4546-b5aa-800468ded484 0.098s
2025-05-19 18:36:12.626 70380 INFO tempest.lib.common.rest_client [req-f31570ba-37d5-4d89-a3fe-57b622a5ce7b req-f31570ba-37d5-4d89-a3fe-57b622a5ce7b ] Request (ServersNegativeTestMultiTenantJSON:tearDownClass): 200 GET http://10.180.1.21:9696/networking/v2.0/security-groups?tenant_id=ee61b81a4b034a9f98a4c27aab0f1ea6&name=default 0.055s
2025-05-19 18:36:12.631 70334 INFO tempest.common.waiters [-] State transition "BUILD/scheduling" ==> "ERROR/None" after 1 second wait
2025-05-19 18:36:12.654 70324 INFO tempest.lib.common.rest_client [req-83a44b15-6147-47f9-a9d8-8144d5f8b4b6 req-83a44b15-6147-47f9-a9d8-8144d5f8b4b6 ] Request (ServersListShow296Test:setUpClass): 200 GET http://10.180.1.21/identity/v3/domains?name=Default 0.061s
2025-05-19 18:36:12.686 70324 INFO tempest.lib.common.rest_client [req-fe97d892-c902-4a9a-94fb-0fdf22a9d219 req-fe97d892-c902-4a9a-94fb-0fdf22a9d219 ] Request (ServersListShow296Test:setUpClass): 201 POST http://10.180.1.21/identity/v3/projects 0.031s
2025-05-19 18:36:12.688 70320 INFO tempest.lib.common.rest_client [req-fc5954d1-6c72-484b-9745-19c606afcf80 req-fc5954d1-6c72-484b-9745-19c606afcf80 ] Request (ServersTestMultiNic:test_verify_duplicate_network_nics): 201 POST http://10.180.1.21:9696/networking/v2.0/networks 0.339s
2025-05-19 18:36:12.730 70350 INFO tempest.lib.common.rest_client [req-a6168f69-002c-4c64-b81c-caf79249041d req-a6168f69-002c-4c64-b81c-caf79249041d ] Request (ServersTestJSON:tearDownClass): 204 DELETE http://10.180.1.21:9696/networking/v2.0/networks/1fbee121-b09a-49fa-bf1a-2eb6fa12fd2e 0.733s
2025-05-19 18:36:12.741 70378 INFO tempest.lib.common.rest_client [req-5bb6a5db-4362-46bb-b9b0-1790f7901516 req-5bb6a5db-4362-46bb-b9b0-1790f7901516 ] Request (ServerRescueTestJSONUnderV235:tearDownClass): 204 DELETE http://10.180.1.21:9696/networking/v2.0/routers/8b54f27f-57e5-42b6-becd-aa6821c42237 1.023s
2025-05-19 18:36:12.763 70324 INFO tempest.lib.common.rest_client [req-063a8f48-2a2c-4034-ace5-7a0ac4e35192 req-063a8f48-2a2c-4034-ace5-7a0ac4e35192 ] Request (ServersListShow296Test:setUpClass): 201 POST http://10.180.1.21/identity/v3/users 0.076s
2025-05-19 18:36:12.788 70324 INFO tempest.lib.common.rest_client [req-70f87c76-afa2-44da-b9c4-675778b9fb64 req-70f87c76-afa2-44da-b9c4-675778b9fb64 ] Request (ServersListShow296Test:setUpClass): 200 GET http://10.180.1.21/identity/v3/roles 0.025s
2025-05-19 18:36:12.793 70380 INFO tempest.lib.common.rest_client [req-b46f356e-d4a2-4df2-9075-40a74e50bf26 req-b46f356e-d4a2-4df2-9075-40a74e50bf26 ] Request (ServersNegativeTestMultiTenantJSON:tearDownClass): 204 DELETE http://10.180.1.21:9696/networking/v2.0/security-groups/b66293c3-6b43-45de-b584-90b4d3b63cac 0.166s
2025-05-19 18:36:12.821 70324 INFO tempest.lib.common.rest_client [req-8d06fe76-6a56-42c5-87f4-0283285803d1 req-8d06fe76-6a56-42c5-87f4-0283285803d1 ] Request (ServersListShow296Test:setUpClass): 204 PUT http://10.180.1.21/identity/v3/projects/2f7d6c9523374bf5ab3927bf5ec403fe/users/42ef7a2dd1544ab1b907c828eba6546b/roles/c3ec1a5db096472ca2a7b5eee8660b83 0.032s
2025-05-19 18:36:12.821 70324 INFO tempest.lib.common.dynamic_creds [-] Dynamic test user 42ef7a2dd1544ab1b907c828eba6546b is created with scope project and roles: ['member']
2025-05-19 18:36:12.822 70324 INFO tempest.lib.common.dynamic_creds [-] Acquired dynamic creds: credentials: Credentials: {'domain_id': 'default', 'domain_name': 'Default', 'username': 'tempest-ServersListShow296Test-932439979-project-member', 'project_domain_id': 'default', 'project_domain_name': 'Default', 'project_id': '2f7d6c9523374bf5ab3927bf5ec403fe', 'project_name': 'tempest-ServersListShow296Test-932439979', 'tenant_id': '2f7d6c9523374bf5ab3927bf5ec403fe', 'tenant_name': 'tempest-ServersListShow296Test-932439979', 'user_domain_id': 'default', 'user_domain_name': 'Default', 'user_id': '42ef7a2dd1544ab1b907c828eba6546b', 'system': None}, Network: None, Subnet: None, Router: None
2025-05-19 18:36:12.822 70324 INFO tempest.lib.common.dynamic_creds [-] Created isolated network resources for: credentials: Credentials: {'domain_id': 'default', 'domain_name': 'Default', 'username': 'tempest-ServersListShow296Test-932439979-project-member', 'project_domain_id': 'default', 'project_domain_name': 'Default', 'project_id': '2f7d6c9523374bf5ab3927bf5ec403fe', 'project_name': 'tempest-ServersListShow296Test-932439979', 'tenant_id': '2f7d6c9523374bf5ab3927bf5ec403fe', 'tenant_name': 'tempest-ServersListShow296Test-932439979', 'user_domain_id': 'default', 'user_domain_name': 'Default', 'user_id': '42ef7a2dd1544ab1b907c828eba6546b', 'system': None}, Network: None, Subnet: None, Router: None
2025-05-19 18:36:12.853 70350 INFO tempest.lib.common.rest_client [req-9eba6fe7-e2b9-4235-ba07-707240ef8723 req-9eba6fe7-e2b9-4235-ba07-707240ef8723 ] Request (ServersTestJSON:tearDownClass): 204 DELETE http://10.180.1.21/identity/v3/users/69725beef7984a76bc9150a0c3dd949e 0.123s
2025-05-19 18:36:12.870 70326 INFO tempest.lib.common.rest_client [req-36ecc109-707d-40d5-9ae2-0bb8fdfc5ac3 req-36ecc109-707d-40d5-9ae2-0bb8fdfc5ac3 ] Request (ServerAddressesNegativeTestJSON:setUpClass): 200 PUT http://10.180.1.21:9696/networking/v2.0/routers/b901081d-78b7-4fac-8ef0-5981ab7663f3/add_router_interface 2.468s
2025-05-19 18:36:12.870 70326 INFO tempest.lib.common.dynamic_creds [-] Created isolated network resources for: credentials: Credentials: {'domain_id': 'default', 'domain_name': 'Default', 'username': 'tempest-ServerAddressesNegativeTestJSON-182000824-project-member', 'project_domain_id': 'default', 'project_domain_name': 'Default', 'project_id': '25887d79487d44dcbcbe639b57548629', 'project_name': 'tempest-ServerAddressesNegativeTestJSON-182000824', 'tenant_id': '25887d79487d44dcbcbe639b57548629', 'tenant_name': 'tempest-ServerAddressesNegativeTestJSON-182000824', 'user_domain_id': 'default', 'user_domain_name': 'Default', 'user_id': '3468c1539e0e4451b1b4e138641b1bd3', 'system': None}, Network: {'id': 'c38df581-569d-42cf-97cc-2574630241e4', 'name': 'tempest-ServerAddressesNegativeTestJSON-1503591957-network', 'tenant_id': '25887d79487d44dcbcbe639b57548629', 'admin_state_up': True, 'mtu': 8950, 'status': 'ACTIVE', 'subnets': [], 'shared': False, 'project_id': '25887d79487d44dcbcbe639b57548629', 'port_security_enabled': True, 'router:external': False, 'provider:network_type': 'vlan', 'provider:physical_network': 'default', 'provider:segmentation_id': 992, 'availability_zone_hints': [], 'availability_zones': [], 'ipv4_address_scope': None, 'ipv6_address_scope': None, 'description': '', 'tags': [], 'created_at': '2025-05-19T18:36:06Z', 'updated_at': '2025-05-19T18:36:06Z', 'revision_number': 1}, Subnet: {'id': '68bc683b-cd01-4644-82f3-0dd1a163c50b', 'name': 'tempest-ServerAddressesNegativeTestJSON-1503591957-subnet', 'tenant_id': '25887d79487d44dcbcbe639b57548629', 'network_id': 'c38df581-569d-42cf-97cc-2574630241e4', 'ip_version': 4, 'subnetpool_id': None, 'enable_dhcp': True, 'ipv6_ra_mode': None, 'ipv6_address_mode': None, 'gateway_ip': '192.168.128.1', 'cidr': '192.168.128.0/28', 'allocation_pools': [{'start': '192.168.128.2', 'end': '192.168.128.14'}], 'host_routes': [], 'dns_nameservers': [], 'description': '', 'router:external': False, 'service_types': [], 'tags': [], 'created_at': '2025-05-19T18:36:07Z', 'updated_at': '2025-05-19T18:36:07Z', 'revision_number': 0, 'project_id': '25887d79487d44dcbcbe639b57548629'}, Router: {'id': 'b901081d-78b7-4fac-8ef0-5981ab7663f3', 'name': 'tempest-ServerAddressesNegativeTestJSON-1503591957-router', 'tenant_id': '25887d79487d44dcbcbe639b57548629', 'admin_state_up': True, 'status': 'ACTIVE', 'external_gateway_info': {'network_id': '6047c161-c51e-49ce-b0c9-d413bac2bd5a', 'external_fixed_ips': [{'subnet_id': 'abc9ab84-fc1d-46ad-b616-dc331a68fa70', 'ip_address': '10.180.180.234'}], 'enable_snat': True}, 'description': '', 'availability_zones': [], 'distributed': False, 'ha': False, 'availability_zone_hints': [], 'routes': [], 'flavor_id': None, 'tags': [], 'created_at': '2025-05-19T18:36:08Z', 'updated_at': '2025-05-19T18:36:09Z', 'revision_number': 2, 'project_id': '25887d79487d44dcbcbe639b57548629'}
2025-05-19 18:36:12.876 70334 INFO tempest.lib.common.rest_client [req-5458304c-973a-45cc-865c-f434255e433d req-5458304c-973a-45cc-865c-f434255e433d ] Request (AttachVolumeTestJSON:test_list_get_volume_attachments): 204 DELETE http://10.180.1.21/compute/v2.1/servers/79c191aa-c0f2-4546-b5aa-800468ded484 0.244s
2025-05-19 18:36:12.905 70334 INFO tempest.lib.common.rest_client [req-7c493192-c2be-4c91-9281-a2ece07bea93 req-7c493192-c2be-4c91-9281-a2ece07bea93 ] Request (AttachVolumeTestJSON:test_list_get_volume_attachments): 404 GET http://10.180.1.21/compute/v2.1/servers/79c191aa-c0f2-4546-b5aa-800468ded484 0.028s
2025-05-19 18:36:12.914 70378 INFO tempest.lib.common.rest_client [req-ebb0fca5-6695-4ade-a667-054c9ddb1bae req-ebb0fca5-6695-4ade-a667-054c9ddb1bae ] Request (ServerRescueTestJSONUnderV235:tearDownClass): 204 DELETE http://10.180.1.21:9696/networking/v2.0/subnets/e2a4f20d-e6f5-4711-aac8-0a692212db98 0.171s
2025-05-19 18:36:12.929 70324 INFO tempest.lib.common.rest_client [req-4ec31d17-4c13-4e14-9dd6-7ac40e5a43bf req-4ec31d17-4c13-4e14-9dd6-7ac40e5a43bf ] Request (ServersListShow296Test:setUpClass): 201 POST http://10.180.1.21/identity/v3/auth/tokens 0.101s
2025-05-19 18:36:12.929 70334 INFO tempest.lib.common.rest_client [req-a92ef8ea-8df4-412d-a05f-196abaf79a48 req-a92ef8ea-8df4-412d-a05f-196abaf79a48 ] Request (AttachVolumeTestJSON:_run_cleanups): 202 DELETE http://10.180.1.21/compute/v2.1/os-keypairs/tempest-keypair-1807500400 0.023s
2025-05-19 18:36:12.953 70380 INFO tempest.lib.common.rest_client [req-0287a471-8278-40b8-a25d-af01f489f666 req-0287a471-8278-40b8-a25d-af01f489f666 ] Request (ServersNegativeTestMultiTenantJSON:tearDownClass): 204 DELETE http://10.180.1.21/identity/v3/projects/ee61b81a4b034a9f98a4c27aab0f1ea6 0.159s
2025-05-19 18:36:12.953 70380 INFO tempest.lib.common.dynamic_creds [-] Deleting project and security group for project: a7617ed4a2b44d2b8e4fb32934855ff4
2025-05-19 18:36:13.021 70380 INFO tempest.lib.common.rest_client [req-4f7a3e3a-db31-41a1-bd6c-f22fce5cc09a req-4f7a3e3a-db31-41a1-bd6c-f22fce5cc09a ] Request (ServersNegativeTestMultiTenantJSON:tearDownClass): 200 GET http://10.180.1.21:9696/networking/v2.0/security-groups?tenant_id=a7617ed4a2b44d2b8e4fb32934855ff4&name=default 0.067s
2025-05-19 18:36:13.021 70326 INFO tempest.lib.common.rest_client [req-d2c5487b-580d-4aca-8012-55e0bb96d50f req-d2c5487b-580d-4aca-8012-55e0bb96d50f ] Request (ServerAddressesNegativeTestJSON:setUpClass): 201 POST http://10.180.1.21/identity/v3/auth/tokens 0.144s
2025-05-19 18:36:13.033 70350 INFO tempest.lib.common.rest_client [req-953a5996-ec97-4bbf-9816-38b6b868182a req-953a5996-ec97-4bbf-9816-38b6b868182a ] Request (ServersTestJSON:tearDownClass): 204 DELETE http://10.180.1.21/identity/v3/users/b64acfa6f2294a2695b234aff3891f78 0.179s
2025-05-19 18:36:13.033 70350 INFO tempest.lib.common.dynamic_creds [-] Deleting project and security group for project: 95ac7e1bf42a450d969645f24e3bca12
2025-05-19 18:36:13.048 70334 INFO tempest.lib.common.rest_client [req-7cc17af1-504a-4603-9c7b-597233b240ae req-7cc17af1-504a-4603-9c7b-597233b240ae ] Request (AttachVolumeTestJSON:_run_cleanups): 204 DELETE http://10.180.1.21:9696/networking/v2.0/security-groups/c38d5aee-61c2-4d11-81c7-ff485001ca8a 0.118s
2025-05-19 18:36:13.069 70334 INFO tempest.lib.common.rest_client [req-87b572ba-f797-4e44-b19d-860dc6ac05c2 req-87b572ba-f797-4e44-b19d-860dc6ac05c2 ] Request (AttachVolumeTestJSON:_run_cleanups): 404 GET http://10.180.1.21:9696/networking/v2.0/security-groups/c38d5aee-61c2-4d11-81c7-ff485001ca8a 0.021s
2025-05-19 18:36:13.077 70324 INFO tempest.lib.common.rest_client [req-50876bbb-807c-4212-82ff-66bd0d3c23b5 req-50876bbb-807c-4212-82ff-66bd0d3c23b5 ] Request (ServersListShow296Test:test_list_show_update_rebuild_server_296): 201 POST http://10.180.1.21/identity/v3/auth/tokens 0.143s
2025-05-19 18:36:13.077 70324 INFO tempest.lib.common.fixed_network [-] (ServersListShow296Test:test_list_show_update_rebuild_server_296) Found network None available for tenant
2025-05-19 18:36:13.078 70320 INFO tempest.lib.common.rest_client [req-4d2f3908-bf42-450d-b06f-b250be92ddb9 req-4d2f3908-bf42-450d-b06f-b250be92ddb9 ] Request (ServersTestMultiNic:test_verify_duplicate_network_nics): 201 POST http://10.180.1.21:9696/networking/v2.0/subnets 0.388s
2025-05-19 18:36:13.086 70350 INFO tempest.lib.common.rest_client [req-a921fdda-7223-4633-85b4-4041a804d0c5 req-a921fdda-7223-4633-85b4-4041a804d0c5 ] Request (ServersTestJSON:tearDownClass): 200 GET http://10.180.1.21:9696/networking/v2.0/security-groups?tenant_id=95ac7e1bf42a450d969645f24e3bca12&name=default 0.052s
2025-05-19 18:36:13.094 70378 INFO tempest.lib.common.rest_client [req-b6bc652b-2c2a-49e6-86de-50681ef31757 req-b6bc652b-2c2a-49e6-86de-50681ef31757 ] Request (ServerRescueTestJSONUnderV235:tearDownClass): 204 DELETE http://10.180.1.21:9696/networking/v2.0/networks/f285697c-47eb-462e-827c-94a6d759e6bd 0.180s
2025-05-19 18:36:13.103 70326 INFO tempest.lib.common.rest_client [req-79ef5b5e-25d8-4474-b9af-1c3e6adc2b2b req-79ef5b5e-25d8-4474-b9af-1c3e6adc2b2b ] Request (ServerAddressesNegativeTestJSON:setUpClass): 201 POST http://10.180.1.21/identity/v3/auth/tokens 0.076s
2025-05-19 18:36:13.103 70326 INFO tempest.lib.common.fixed_network [-] (ServerAddressesNegativeTestJSON:setUpClass) Found network {'id': 'c38df581-569d-42cf-97cc-2574630241e4', 'name': 'tempest-ServerAddressesNegativeTestJSON-1503591957-network', 'tenant_id': '25887d79487d44dcbcbe639b57548629', 'admin_state_up': True, 'mtu': 8950, 'status': 'ACTIVE', 'subnets': [], 'shared': False, 'project_id': '25887d79487d44dcbcbe639b57548629', 'port_security_enabled': True, 'router:external': False, 'provider:network_type': 'vlan', 'provider:physical_network': 'default', 'provider:segmentation_id': 992, 'availability_zone_hints': [], 'availability_zones': [], 'ipv4_address_scope': None, 'ipv6_address_scope': None, 'description': '', 'tags': [], 'created_at': '2025-05-19T18:36:06Z', 'updated_at': '2025-05-19T18:36:06Z', 'revision_number': 1} available for tenant
2025-05-19 18:36:13.162 70380 INFO tempest.lib.common.rest_client [req-b96bc28c-5c0f-40a7-8b96-226f24d18bef req-b96bc28c-5c0f-40a7-8b96-226f24d18bef ] Request (ServersNegativeTestMultiTenantJSON:tearDownClass): 204 DELETE http://10.180.1.21:9696/networking/v2.0/security-groups/26db613c-7f90-44af-96ea-855f8f165c47 0.140s
2025-05-19 18:36:13.222 70378 INFO tempest.lib.common.rest_client [req-2357942e-699d-41a8-93d2-34de173dc657 req-2357942e-699d-41a8-93d2-34de173dc657 ] Request (ServerRescueTestJSONUnderV235:tearDownClass): 204 DELETE http://10.180.1.21/identity/v3/users/df1482d6564146d384f27d6527249ba7 0.127s
2025-05-19 18:36:13.222 70378 INFO tempest.lib.common.dynamic_creds [-] Deleting project and security group for project: 1aad980bb707464caac5fe463650163a
2025-05-19 18:36:13.225 70320 INFO tempest.lib.common.rest_client [req-ea7ff66e-1a39-41a0-a53c-440497d05b8a req-ea7ff66e-1a39-41a0-a53c-440497d05b8a ] Request (ServersTestMultiNic:test_verify_duplicate_network_nics): 201 POST http://10.180.1.21:9696/networking/v2.0/networks 0.147s
2025-05-19 18:36:13.227 70350 INFO tempest.lib.common.rest_client [req-fba24cd1-f427-4619-88a4-3bd50e343658 req-fba24cd1-f427-4619-88a4-3bd50e343658 ] Request (ServersTestJSON:tearDownClass): 204 DELETE http://10.180.1.21:9696/networking/v2.0/security-groups/a9f4f739-40fb-4eae-9d08-4687b784d128 0.140s
2025-05-19 18:36:13.274 70378 INFO tempest.lib.common.rest_client [req-23975c2d-ca93-4cfb-8ad2-5ea674a929c4 req-23975c2d-ca93-4cfb-8ad2-5ea674a929c4 ] Request (ServerRescueTestJSONUnderV235:tearDownClass): 200 GET http://10.180.1.21:9696/networking/v2.0/security-groups?tenant_id=1aad980bb707464caac5fe463650163a&name=default 0.051s
2025-05-19 18:36:13.355 70324 INFO tempest.lib.common.rest_client [req-c6b97e79-d516-4b20-8c3c-9022debdeeed req-c6b97e79-d516-4b20-8c3c-9022debdeeed ] Request (ServersListShow296Test:test_list_show_update_rebuild_server_296): 202 POST http://10.180.1.21/compute/v2.1/servers 0.277s
2025-05-19 18:36:13.379 70380 INFO tempest.lib.common.rest_client [req-95438e72-ebfb-4042-b392-a48ab0b25096 req-95438e72-ebfb-4042-b392-a48ab0b25096 ] Request (ServersNegativeTestMultiTenantJSON:tearDownClass): 204 DELETE http://10.180.1.21/identity/v3/projects/a7617ed4a2b44d2b8e4fb32934855ff4 0.217s
2025-05-19 18:36:13.402 70378 INFO tempest.lib.common.rest_client [req-5513ad61-7afd-42a2-8150-a1e116761fe8 req-5513ad61-7afd-42a2-8150-a1e116761fe8 ] Request (ServerRescueTestJSONUnderV235:tearDownClass): 204 DELETE http://10.180.1.21:9696/networking/v2.0/security-groups/b2566f1b-b654-4d2f-99a7-d545f4ad6df2 0.127s
2025-05-19 18:36:13.421 70350 INFO tempest.lib.common.rest_client [req-da3bc661-9547-4dae-b1c5-1d7e0937b7e1 req-da3bc661-9547-4dae-b1c5-1d7e0937b7e1 ] Request (ServersTestJSON:tearDownClass): 204 DELETE http://10.180.1.21/identity/v3/projects/95ac7e1bf42a450d969645f24e3bca12 0.194s
2025-05-19 18:36:13.461 70324 INFO tempest.lib.common.rest_client [req-dc362a3a-7724-4846-bdb1-19cf2222098a req-dc362a3a-7724-4846-bdb1-19cf2222098a ] Request (ServersListShow296Test:test_list_show_update_rebuild_server_296): 200 GET http://10.180.1.21/compute/v2.1/servers/3530823d-dc58-41b2-8afe-2abef1eb3cba 0.103s
2025-05-19 18:36:13.521 70334 INFO tempest.lib.common.rest_client [req-92057cb1-8bac-4758-8d25-0bcd9f5157da req-92057cb1-8bac-4758-8d25-0bcd9f5157da ] Request (AttachVolumeTestJSON:_run_cleanups): 204 DELETE http://10.180.1.21:9696/networking/v2.0/floatingips/484e5032-c5d3-47f3-846c-83c40e770050 0.451s
2025-05-19 18:36:13.535 70378 INFO tempest.lib.common.rest_client [req-1e6ebf7c-6e58-41a2-a4fa-6ff49b090882 req-1e6ebf7c-6e58-41a2-a4fa-6ff49b090882 ] Request (ServerRescueTestJSONUnderV235:tearDownClass): 204 DELETE http://10.180.1.21/identity/v3/projects/1aad980bb707464caac5fe463650163a 0.133s
2025-05-19 18:36:13.546 70320 INFO tempest.lib.common.rest_client [req-9e257261-5a6b-4730-bb49-009496b5f18b req-9e257261-5a6b-4730-bb49-009496b5f18b ] Request (ServersTestMultiNic:test_verify_duplicate_network_nics): 201 POST http://10.180.1.21:9696/networking/v2.0/subnets 0.320s
2025-05-19 18:36:13.584 70326 INFO tempest.lib.common.rest_client [req-5da3343d-ab75-443d-a227-de74966cf5dd req-5da3343d-ab75-443d-a227-de74966cf5dd ] Request (ServerAddressesNegativeTestJSON:setUpClass): 202 POST http://10.180.1.21/compute/v2.1/servers 0.480s
2025-05-19 18:36:13.628 70320 INFO tempest.lib.common.rest_client [req-fece4c99-90a6-4f95-aee3-7561eaa06a09 req-fece4c99-90a6-4f95-aee3-7561eaa06a09 ] Request (ServersTestMultiNic:test_verify_duplicate_network_nics): 201 POST http://10.180.1.21/identity/v3/auth/tokens 0.079s
2025-05-19 18:36:13.629 70320 INFO tempest.lib.common.fixed_network [-] (ServersTestMultiNic:test_verify_duplicate_network_nics) Found network {'id': '23721add-d876-4951-9ef8-3682f901b03e', 'name': 'tempest-ServersTestMultiNic-1717359659-network', 'tenant_id': 'e283d987650a4e5686bc78229ed5aa72', 'admin_state_up': True, 'mtu': 8950, 'status': 'ACTIVE', 'subnets': [], 'shared': False, 'project_id': 'e283d987650a4e5686bc78229ed5aa72', 'port_security_enabled': True, 'router:external': False, 'provider:network_type': 'vlan', 'provider:physical_network': 'default', 'provider:segmentation_id': 418, 'availability_zone_hints': [], 'availability_zones': [], 'ipv4_address_scope': None, 'ipv6_address_scope': None, 'description': '', 'tags': [], 'created_at': '2025-05-19T18:36:06Z', 'updated_at': '2025-05-19T18:36:06Z', 'revision_number': 1} available for tenant
2025-05-19 18:36:13.654 70326 INFO tempest.lib.common.rest_client [req-395bed1e-c501-4163-b862-5365c161e3bd req-395bed1e-c501-4163-b862-5365c161e3bd ] Request (ServerAddressesNegativeTestJSON:setUpClass): 200 GET http://10.180.1.21/compute/v2.1/servers/d47dcc62-a93b-4d31-ac3f-e12fec196a00 0.068s
2025-05-19 18:36:14.469 70320 INFO tempest.lib.common.rest_client [req-8c7788d5-fd20-4dee-aaeb-0bdf8edbf769 req-8c7788d5-fd20-4dee-aaeb-0bdf8edbf769 ] Request (ServersTestMultiNic:test_verify_duplicate_network_nics): 202 POST http://10.180.1.21/compute/v2.1/servers 0.839s
2025-05-19 18:36:14.521 70320 INFO tempest.lib.common.rest_client [req-abf016a6-87c7-4e5d-b2db-e4497c497a58 req-abf016a6-87c7-4e5d-b2db-e4497c497a58 ] Request (ServersTestMultiNic:test_verify_duplicate_network_nics): 200 GET http://10.180.1.21/compute/v2.1/servers/38614a40-c7b4-460c-9980-767bb21bfcb8 0.050s
2025-05-19 18:36:14.576 70324 INFO tempest.lib.common.rest_client [req-7c97acdb-d438-4502-a889-e95414de522c req-7c97acdb-d438-4502-a889-e95414de522c ] Request (ServersListShow296Test:test_list_show_update_rebuild_server_296): 200 GET http://10.180.1.21/compute/v2.1/servers/3530823d-dc58-41b2-8afe-2abef1eb3cba 0.089s
2025-05-19 18:36:14.585 70324 INFO tempest.common.waiters [-] State transition "BUILD/scheduling" ==> "ERROR/None" after 1 second wait
2025-05-19 18:36:14.613 70334 INFO tempest.lib.common.rest_client [req-d0f57ba4-96a6-42fd-89d3-ca0fe68e790f req-d0f57ba4-96a6-42fd-89d3-ca0fe68e790f ] Request (AttachVolumeTestJSON:tearDownClass): 200 PUT http://10.180.1.21:9696/networking/v2.0/routers/389a7339-c4c7-4bfb-9591-2669c3fe303f/remove_router_interface 1.081s
2025-05-19 18:36:14.733 70326 INFO tempest.lib.common.rest_client [req-3f6d3932-afdf-45be-9adc-d8a6a07a4b07 req-3f6d3932-afdf-45be-9adc-d8a6a07a4b07 ] Request (ServerAddressesNegativeTestJSON:setUpClass): 200 GET http://10.180.1.21/compute/v2.1/servers/d47dcc62-a93b-4d31-ac3f-e12fec196a00 0.070s
2025-05-19 18:36:14.741 70326 INFO tempest.common.waiters [-] State transition "BUILD/scheduling" ==> "ERROR/None" after 1 second wait
2025-05-19 18:36:14.790 70324 INFO tempest.lib.common.rest_client [req-c493a065-a7a3-48c4-a4ae-74285fb4ad2a req-c493a065-a7a3-48c4-a4ae-74285fb4ad2a ] Request (ServersListShow296Test:test_list_show_update_rebuild_server_296): 204 DELETE http://10.180.1.21/compute/v2.1/servers/3530823d-dc58-41b2-8afe-2abef1eb3cba 0.204s
2025-05-19 18:36:14.815 70324 INFO tempest.lib.common.rest_client [req-012f50d2-d42c-4a43-a5c7-199ee4ddc70f req-012f50d2-d42c-4a43-a5c7-199ee4ddc70f ] Request (ServersListShow296Test:test_list_show_update_rebuild_server_296): 404 GET http://10.180.1.21/compute/v2.1/servers/3530823d-dc58-41b2-8afe-2abef1eb3cba 0.025s
2025-05-19 18:36:14.932 70324 INFO tempest.lib.common.rest_client [req-144a4b31-ca6f-4c73-a5b1-f499d84458fd req-144a4b31-ca6f-4c73-a5b1-f499d84458fd ] Request (ServersListShow296Test:tearDownClass): 204 DELETE http://10.180.1.21/identity/v3/users/42ef7a2dd1544ab1b907c828eba6546b 0.111s
2025-05-19 18:36:14.932 70324 INFO tempest.lib.common.dynamic_creds [-] Deleting project and security group for project: 2f7d6c9523374bf5ab3927bf5ec403fe
2025-05-19 18:36:14.935 70326 INFO tempest.lib.common.rest_client [req-4f9ae394-7dd1-49dc-8405-8f36b025037c req-4f9ae394-7dd1-49dc-8405-8f36b025037c ] Request (ServerAddressesNegativeTestJSON:setUpClass): 204 DELETE http://10.180.1.21/compute/v2.1/servers/d47dcc62-a93b-4d31-ac3f-e12fec196a00 0.194s
2025-05-19 18:36:14.989 70324 INFO tempest.lib.common.rest_client [req-680d222f-cd31-481c-9da2-d5efb89602eb req-680d222f-cd31-481c-9da2-d5efb89602eb ] Request (ServersListShow296Test:tearDownClass): 201 POST http://10.180.1.21/identity/v3/auth/tokens 0.057s
2025-05-19 18:36:15.001 70334 INFO tempest.lib.common.rest_client [req-5b02cfa1-672f-43f4-b217-5160c1d273d1 req-5b02cfa1-672f-43f4-b217-5160c1d273d1 ] Request (AttachVolumeTestJSON:tearDownClass): 204 DELETE http://10.180.1.21:9696/networking/v2.0/routers/389a7339-c4c7-4bfb-9591-2669c3fe303f 0.387s
2025-05-19 18:36:15.089 70334 INFO tempest.lib.common.rest_client [req-6ea4d1a0-ffb3-4b42-8c4b-eb6352645cb9 req-6ea4d1a0-ffb3-4b42-8c4b-eb6352645cb9 ] Request (AttachVolumeTestJSON:tearDownClass): 204 DELETE http://10.180.1.21:9696/networking/v2.0/subnets/64a846e4-9db4-47c8-8bc1-64643454dddf 0.087s
2025-05-19 18:36:15.168 70326 INFO tempest.lib.common.rest_client [req-e43b5afa-05d0-4305-b4c7-b75830537f2c req-e43b5afa-05d0-4305-b4c7-b75830537f2c ] Request (ServerAddressesNegativeTestJSON:setUpClass): 404 GET http://10.180.1.21/compute/v2.1/servers/d47dcc62-a93b-4d31-ac3f-e12fec196a00 0.232s
2025-05-19 18:36:15.168 70326 INFO tempest.test [-] raised in ServerAddressesNegativeTestJSON.setUpClass. Invoking tearDownClass.
2025-05-19 18:36:15.178 70324 INFO tempest.lib.common.rest_client [req-9a97d441-a261-43db-a013-ae2d3b8275ea req-9a97d441-a261-43db-a013-ae2d3b8275ea ] Request (ServersListShow296Test:tearDownClass): 200 GET http://10.180.1.21:9696/networking/v2.0/security-groups?tenant_id=2f7d6c9523374bf5ab3927bf5ec403fe&name=default 0.188s
2025-05-19 18:36:15.248 70334 INFO tempest.lib.common.rest_client [req-76b51a92-ab15-424d-901b-77012f0e0a68 req-76b51a92-ab15-424d-901b-77012f0e0a68 ] Request (AttachVolumeTestJSON:tearDownClass): 204 DELETE http://10.180.1.21:9696/networking/v2.0/networks/070c7dad-77f7-4ae3-88c5-a33b8c1bd1fd 0.159s
2025-05-19 18:36:15.266 70324 INFO tempest.lib.common.rest_client [req-ed7eb9ec-b18d-405b-8e43-f88b4c54a8af req-ed7eb9ec-b18d-405b-8e43-f88b4c54a8af ] Request (ServersListShow296Test:tearDownClass): 204 DELETE http://10.180.1.21:9696/networking/v2.0/security-groups/d4dea25f-37db-43ad-84c6-8d3362311077 0.088s
2025-05-19 18:36:15.327 70324 INFO tempest.lib.common.rest_client [req-5da685af-f56d-4e46-bdd0-e7cc031e5cb8 req-5da685af-f56d-4e46-bdd0-e7cc031e5cb8 ] Request (ServersListShow296Test:tearDownClass): 204 DELETE http://10.180.1.21/identity/v3/projects/2f7d6c9523374bf5ab3927bf5ec403fe 0.060s
2025-05-19 18:36:15.327 70334 INFO tempest.lib.common.rest_client [req-2aed337c-37df-4414-bd0e-6fa2e53f1832 req-2aed337c-37df-4414-bd0e-6fa2e53f1832 ] Request (AttachVolumeTestJSON:tearDownClass): 204 DELETE http://10.180.1.21/identity/v3/users/74d5df268c894bb4a644d27f3fb00f77 0.078s
2025-05-19 18:36:15.327 70334 INFO tempest.lib.common.dynamic_creds [-] Deleting project and security group for project: c08cfa5b383f4f5783edc94095d136ab
2025-05-19 18:36:15.352 70334 INFO tempest.lib.common.rest_client [req-9c144012-1416-4417-a39c-1ac85d91d5f1 req-9c144012-1416-4417-a39c-1ac85d91d5f1 ] Request (AttachVolumeTestJSON:tearDownClass): 200 GET http://10.180.1.21:9696/networking/v2.0/security-groups?tenant_id=c08cfa5b383f4f5783edc94095d136ab&name=default 0.025s
2025-05-19 18:36:15.425 70334 INFO tempest.lib.common.rest_client [req-b460d7df-1956-4cb6-aa80-888bb6d7571c req-b460d7df-1956-4cb6-aa80-888bb6d7571c ] Request (AttachVolumeTestJSON:tearDownClass): 204 DELETE http://10.180.1.21:9696/networking/v2.0/security-groups/8bd1b4c3-6d6e-417e-a9b2-1b650ddf8e94 0.072s
2025-05-19 18:36:15.549 70334 INFO tempest.lib.common.rest_client [req-6ae41c1b-c3a1-4736-b309-9049720e3811 req-6ae41c1b-c3a1-4736-b309-9049720e3811 ] Request (AttachVolumeTestJSON:tearDownClass): 204 DELETE http://10.180.1.21/identity/v3/projects/c08cfa5b383f4f5783edc94095d136ab 0.124s
2025-05-19 18:36:15.614 70320 INFO tempest.lib.common.rest_client [req-1269f6e5-e8e7-4a93-a877-c0797a783fde req-1269f6e5-e8e7-4a93-a877-c0797a783fde ] Request (ServersTestMultiNic:test_verify_duplicate_network_nics): 200 GET http://10.180.1.21/compute/v2.1/servers/38614a40-c7b4-460c-9980-767bb21bfcb8 0.084s
2025-05-19 18:36:15.621 70320 INFO tempest.common.waiters [-] State transition "BUILD/scheduling" ==> "ERROR/None" after 1 second wait
2025-05-19 18:36:15.808 70320 INFO tempest.lib.common.rest_client [req-0eb8344e-c584-4d32-9e20-65ecd4feba89 req-0eb8344e-c584-4d32-9e20-65ecd4feba89 ] Request (ServersTestMultiNic:test_verify_duplicate_network_nics): 204 DELETE http://10.180.1.21/compute/v2.1/servers/38614a40-c7b4-460c-9980-767bb21bfcb8 0.187s
2025-05-19 18:36:15.830 70320 INFO tempest.lib.common.rest_client [req-02a2afd0-c022-462f-8346-070718259456 req-02a2afd0-c022-462f-8346-070718259456 ] Request (ServersTestMultiNic:test_verify_duplicate_network_nics): 404 GET http://10.180.1.21/compute/v2.1/servers/38614a40-c7b4-460c-9980-767bb21bfcb8 0.021s
2025-05-19 18:36:15.849 70326 INFO tempest.lib.common.rest_client [req-d9b748ac-dd69-414f-aaae-499eb9ce5b69 req-d9b748ac-dd69-414f-aaae-499eb9ce5b69 ] Request (ServerAddressesNegativeTestJSON:tearDownClass): 200 PUT http://10.180.1.21:9696/networking/v2.0/routers/b901081d-78b7-4fac-8ef0-5981ab7663f3/remove_router_interface 0.681s
2025-05-19 18:36:15.927 70320 INFO tempest.lib.common.rest_client [req-1fc4b628-b68a-4c6e-b361-5a28862d505f req-1fc4b628-b68a-4c6e-b361-5a28862d505f ] Request (ServersTestMultiNic:_run_cleanups): 204 DELETE http://10.180.1.21:9696/networking/v2.0/subnets/498db8f3-c230-4ed5-9499-f369641e354e 0.096s
2025-05-19 18:36:16.054 70320 INFO tempest.lib.common.rest_client [req-1e3706e2-4f05-46d7-9106-379adf9725bd req-1e3706e2-4f05-46d7-9106-379adf9725bd ] Request (ServersTestMultiNic:_run_cleanups): 204 DELETE http://10.180.1.21:9696/networking/v2.0/networks/1fd685ac-da24-4070-b124-e30c6364d52d 0.126s
2025-05-19 18:36:16.137 70320 INFO tempest.lib.common.rest_client [req-bd76ce7a-b593-41c1-9eae-43bd9d0c6c40 req-bd76ce7a-b593-41c1-9eae-43bd9d0c6c40 ] Request (ServersTestMultiNic:_run_cleanups): 204 DELETE http://10.180.1.21:9696/networking/v2.0/subnets/ba3c9959-bf47-4bc9-b637-9520bbebd8d0 0.083s
2025-05-19 18:36:16.160 70326 INFO tempest.lib.common.rest_client [req-72fce198-c333-4d05-ad8b-19c472d8b4dd req-72fce198-c333-4d05-ad8b-19c472d8b4dd ] Request (ServerAddressesNegativeTestJSON:tearDownClass): 204 DELETE http://10.180.1.21:9696/networking/v2.0/routers/b901081d-78b7-4fac-8ef0-5981ab7663f3 0.311s
2025-05-19 18:36:16.245 70326 INFO tempest.lib.common.rest_client [req-09a5626b-7016-434b-952d-34dc87241002 req-09a5626b-7016-434b-952d-34dc87241002 ] Request (ServerAddressesNegativeTestJSON:tearDownClass): 204 DELETE http://10.180.1.21:9696/networking/v2.0/subnets/68bc683b-cd01-4644-82f3-0dd1a163c50b 0.084s
2025-05-19 18:36:16.249 70320 INFO tempest.lib.common.rest_client [req-8f49ee23-c750-4ad1-813d-3f90d30c82b3 req-8f49ee23-c750-4ad1-813d-3f90d30c82b3 ] Request (ServersTestMultiNic:_run_cleanups): 204 DELETE http://10.180.1.21:9696/networking/v2.0/networks/89434b0d-2f18-438d-ac29-8f7c3e39413e 0.112s
2025-05-19 18:36:16.336 70326 INFO tempest.lib.common.rest_client [req-77163b03-edbe-4d86-acc6-e6ea763193ba req-77163b03-edbe-4d86-acc6-e6ea763193ba ] Request (ServerAddressesNegativeTestJSON:tearDownClass): 204 DELETE http://10.180.1.21:9696/networking/v2.0/networks/c38df581-569d-42cf-97cc-2574630241e4 0.090s
2025-05-19 18:36:16.343 70320 INFO tempest.lib.common.rest_client [req-c5169f22-c9e9-415c-8b83-82c042578fea req-c5169f22-c9e9-415c-8b83-82c042578fea ] Request (ServersTestMultiNic:test_verify_multiple_nics_order): 201 POST http://10.180.1.21:9696/networking/v2.0/networks 0.092s
2025-05-19 18:36:16.437 70326 INFO tempest.lib.common.rest_client [req-e6d9952b-1e0a-4987-b911-0625d4b4b05b req-e6d9952b-1e0a-4987-b911-0625d4b4b05b ] Request (ServerAddressesNegativeTestJSON:tearDownClass): 204 DELETE http://10.180.1.21/identity/v3/users/3468c1539e0e4451b1b4e138641b1bd3 0.100s
2025-05-19 18:36:16.437 70326 INFO tempest.lib.common.dynamic_creds [-] Deleting project and security group for project: 25887d79487d44dcbcbe639b57548629
2025-05-19 18:36:16.462 70326 INFO tempest.lib.common.rest_client [req-c6a8c17e-e97d-4042-b7a7-6094bb60f6a5 req-c6a8c17e-e97d-4042-b7a7-6094bb60f6a5 ] Request (ServerAddressesNegativeTestJSON:tearDownClass): 200 GET http://10.180.1.21:9696/networking/v2.0/security-groups?tenant_id=25887d79487d44dcbcbe639b57548629&name=default 0.025s
2025-05-19 18:36:16.517 70320 INFO tempest.lib.common.rest_client [req-641bf96f-35f8-4b86-b7a7-045fb6703739 req-641bf96f-35f8-4b86-b7a7-045fb6703739 ] Request (ServersTestMultiNic:test_verify_multiple_nics_order): 201 POST http://10.180.1.21:9696/networking/v2.0/subnets 0.173s
2025-05-19 18:36:16.539 70326 INFO tempest.lib.common.rest_client [req-b1bb9452-3c3f-46d7-8254-da6d9586775a req-b1bb9452-3c3f-46d7-8254-da6d9586775a ] Request (ServerAddressesNegativeTestJSON:tearDownClass): 204 DELETE http://10.180.1.21:9696/networking/v2.0/security-groups/301d06d5-71c5-4efb-9b32-c4d15978e5d4 0.076s
2025-05-19 18:36:16.605 70320 INFO tempest.lib.common.rest_client [req-a9c5f405-dbcf-4043-83a0-d9f2eb08cb60 req-a9c5f405-dbcf-4043-83a0-d9f2eb08cb60 ] Request (ServersTestMultiNic:test_verify_multiple_nics_order): 201 POST http://10.180.1.21:9696/networking/v2.0/networks 0.088s
2025-05-19 18:36:16.622 70326 INFO tempest.lib.common.rest_client [req-bc51afb6-47e8-4271-9aae-8c613bce316c req-bc51afb6-47e8-4271-9aae-8c613bce316c ] Request (ServerAddressesNegativeTestJSON:tearDownClass): 204 DELETE http://10.180.1.21/identity/v3/projects/25887d79487d44dcbcbe639b57548629 0.083s
2025-05-19 18:36:16.776 70320 INFO tempest.lib.common.rest_client [req-81832abe-e26f-41bf-a593-2c6cbc330b72 req-81832abe-e26f-41bf-a593-2c6cbc330b72 ] Request (ServersTestMultiNic:test_verify_multiple_nics_order): 201 POST http://10.180.1.21:9696/networking/v2.0/subnets 0.171s
2025-05-19 18:36:16.829 70320 INFO tempest.lib.common.rest_client [req-9aa7ea69-db4e-443a-813b-7567a0cb2030 req-9aa7ea69-db4e-443a-813b-7567a0cb2030 ] Request (ServersTestMultiNic:test_verify_multiple_nics_order): 201 POST http://10.180.1.21/identity/v3/auth/tokens 0.050s
2025-05-19 18:36:16.829 70320 INFO tempest.lib.common.fixed_network [-] (ServersTestMultiNic:test_verify_multiple_nics_order) Found network {'id': '23721add-d876-4951-9ef8-3682f901b03e', 'name': 'tempest-ServersTestMultiNic-1717359659-network', 'tenant_id': 'e283d987650a4e5686bc78229ed5aa72', 'admin_state_up': True, 'mtu': 8950, 'status': 'ACTIVE', 'subnets': [], 'shared': False, 'project_id': 'e283d987650a4e5686bc78229ed5aa72', 'port_security_enabled': True, 'router:external': False, 'provider:network_type': 'vlan', 'provider:physical_network': 'default', 'provider:segmentation_id': 418, 'availability_zone_hints': [], 'availability_zones': [], 'ipv4_address_scope': None, 'ipv6_address_scope': None, 'description': '', 'tags': [], 'created_at': '2025-05-19T18:36:06Z', 'updated_at': '2025-05-19T18:36:06Z', 'revision_number': 1} available for tenant
2025-05-19 18:36:17.146 70320 INFO tempest.lib.common.rest_client [req-0b55ec68-6cf2-4272-ae10-9aaced80186e req-0b55ec68-6cf2-4272-ae10-9aaced80186e ] Request (ServersTestMultiNic:test_verify_multiple_nics_order): 202 POST http://10.180.1.21/compute/v2.1/servers 0.316s
2025-05-19 18:36:17.189 70320 INFO tempest.lib.common.rest_client [req-efaee27f-2cf7-4a42-8e3d-3efb9b67cf52 req-efaee27f-2cf7-4a42-8e3d-3efb9b67cf52 ] Request (ServersTestMultiNic:test_verify_multiple_nics_order): 200 GET http://10.180.1.21/compute/v2.1/servers/4a2997b7-b980-44f6-bd66-60ada126032b 0.041s
2025-05-19 18:36:18.261 70320 INFO tempest.lib.common.rest_client [req-04880f33-a5ab-4ceb-ab8e-4f22ba430c2c req-04880f33-a5ab-4ceb-ab8e-4f22ba430c2c ] Request (ServersTestMultiNic:test_verify_multiple_nics_order): 200 GET http://10.180.1.21/compute/v2.1/servers/4a2997b7-b980-44f6-bd66-60ada126032b 0.063s
2025-05-19 18:36:18.268 70320 INFO tempest.common.waiters [-] State transition "BUILD/scheduling" ==> "ERROR/None" after 1 second wait
2025-05-19 18:36:18.422 70320 INFO tempest.lib.common.rest_client [req-59ffe4e7-3907-4dc6-bbf1-deb830dec0c8 req-59ffe4e7-3907-4dc6-bbf1-deb830dec0c8 ] Request (ServersTestMultiNic:test_verify_multiple_nics_order): 204 DELETE http://10.180.1.21/compute/v2.1/servers/4a2997b7-b980-44f6-bd66-60ada126032b 0.154s
2025-05-19 18:36:18.442 70320 INFO tempest.lib.common.rest_client [req-f587ba3e-5868-4f5c-8a64-1c8267622d86 req-f587ba3e-5868-4f5c-8a64-1c8267622d86 ] Request (ServersTestMultiNic:test_verify_multiple_nics_order): 404 GET http://10.180.1.21/compute/v2.1/servers/4a2997b7-b980-44f6-bd66-60ada126032b 0.020s
