2025-05-19 18:35:06.306 70352 INFO tempest.lib.common.rest_client [req-e7f0440f-1e8d-4e5c-b112-7cd0f18c645c req-e7f0440f-1e8d-4e5c-b112-7cd0f18c645c ] Request (DeleteServersAdminTestJSON:setUpClass): 201 POST http://10.180.1.21/identity/v3/projects 0.044s
2025-05-19 18:35:06.386 70352 INFO tempest.lib.common.rest_client [req-019f0c3a-1fe2-41b7-a9c9-c7c438a5a328 req-019f0c3a-1fe2-41b7-a9c9-c7c438a5a328 ] Request (DeleteServersAdminTestJSON:setUpClass): 201 POST http://10.180.1.21/identity/v3/users 0.079s
2025-05-19 18:35:06.419 70352 INFO tempest.lib.common.rest_client [req-34ee6e74-a5ba-453d-b810-733a6b0f00a6 req-34ee6e74-a5ba-453d-b810-733a6b0f00a6 ] Request (DeleteServersAdminTestJSON:setUpClass): 200 GET http://10.180.1.21/identity/v3/roles 0.032s
2025-05-19 18:35:06.453 70352 INFO tempest.lib.common.rest_client [req-d320345c-4ec1-46af-bc90-86ada98f038b req-d320345c-4ec1-46af-bc90-86ada98f038b ] Request (DeleteServersAdminTestJSON:setUpClass): 204 PUT http://10.180.1.21/identity/v3/projects/d481ca53e2b24bbc892fd543ea45bd0d/users/e9cc971b1ca04aa08d172a4730414192/roles/94cfcf733f8440b4acf3c2036d0e439a 0.034s
2025-05-19 18:35:06.479 70320 INFO tempest.lib.common.rest_client [req-65c8f40b-6736-4b99-99b0-606a5d5b4898 req-65c8f40b-6736-4b99-99b0-606a5d5b4898 ] Request (ServersAdminTestJSON:tearDownClass): 204 DELETE http://10.180.1.21:9696/networking/v2.0/routers/aa172d5c-2fd2-4478-a9af-81e25b6ebc6e 2.597s
2025-05-19 18:35:06.528 70352 INFO tempest.lib.common.rest_client [req-742b5930-cbcf-4ada-a6ae-346111c4df38 req-742b5930-cbcf-4ada-a6ae-346111c4df38 ] Request (DeleteServersAdminTestJSON:setUpClass): 200 GET http://10.180.1.21/identity/v3/roles 0.075s
2025-05-19 18:35:06.552 70352 INFO tempest.lib.common.rest_client [req-8a01fdce-493d-42ee-b69c-4b674300112c req-8a01fdce-493d-42ee-b69c-4b674300112c ] Request (DeleteServersAdminTestJSON:setUpClass): 204 PUT http://10.180.1.21/identity/v3/projects/d481ca53e2b24bbc892fd543ea45bd0d/users/e9cc971b1ca04aa08d172a4730414192/roles/94cfcf733f8440b4acf3c2036d0e439a 0.023s
2025-05-19 18:35:06.552 70352 INFO tempest.lib.common.dynamic_creds [-] Dynamic test user e9cc971b1ca04aa08d172a4730414192 is created with scope project and roles: ['admin']
2025-05-19 18:35:06.552 70352 INFO tempest.lib.common.dynamic_creds [-] Acquired dynamic creds: credentials: Credentials: {'domain_id': 'default', 'domain_name': 'Default', 'username': 'tempest-DeleteServersAdminTestJSON-1592426369-project-admin', 'project_domain_id': 'default', 'project_domain_name': 'Default', 'project_id': 'd481ca53e2b24bbc892fd543ea45bd0d', 'project_name': 'tempest-DeleteServersAdminTestJSON-1592426369', 'tenant_id': 'd481ca53e2b24bbc892fd543ea45bd0d', 'tenant_name': 'tempest-DeleteServersAdminTestJSON-1592426369', 'user_domain_id': 'default', 'user_domain_name': 'Default', 'user_id': 'e9cc971b1ca04aa08d172a4730414192', 'system': None}, Network: None, Subnet: None, Router: None
2025-05-19 18:35:06.552 70352 INFO tempest.lib.common.dynamic_creds [-] Created isolated network resources for: credentials: Credentials: {'domain_id': 'default', 'domain_name': 'Default', 'username': 'tempest-DeleteServersAdminTestJSON-1592426369-project-admin', 'project_domain_id': 'default', 'project_domain_name': 'Default', 'project_id': 'd481ca53e2b24bbc892fd543ea45bd0d', 'project_name': 'tempest-DeleteServersAdminTestJSON-1592426369', 'tenant_id': 'd481ca53e2b24bbc892fd543ea45bd0d', 'tenant_name': 'tempest-DeleteServersAdminTestJSON-1592426369', 'user_domain_id': 'default', 'user_domain_name': 'Default', 'user_id': 'e9cc971b1ca04aa08d172a4730414192', 'system': None}, Network: None, Subnet: None, Router: None
2025-05-19 18:35:06.553 70372 INFO tempest.lib.common.rest_client [req-98de9a8e-c639-4ec6-b0cd-4a0902e5d1bc req-98de9a8e-c639-4ec6-b0cd-4a0902e5d1bc ] Request (AbsoluteLimitsNegativeTestJSON:test_max_metadata_exceed_limit): 403 POST http://10.180.1.21/compute/v2.1/servers 1.766s
2025-05-19 18:35:06.570 70350 INFO tempest.lib.common.rest_client [req-467e0960-e43b-48d3-bd1e-67212c74c1ab req-467e0960-e43b-48d3-bd1e-67212c74c1ab ] Request (VolumesAdminNegativeTest:tearDownClass): 204 DELETE http://10.180.1.21:9696/networking/v2.0/networks/9bc74e7c-f8da-487d-9ff3-a949a8a8263e 2.137s
2025-05-19 18:35:06.658 70352 INFO tempest.lib.common.rest_client [req-db92630c-260a-444d-b275-ce686c16e5a7 req-db92630c-260a-444d-b275-ce686c16e5a7 ] Request (DeleteServersAdminTestJSON:setUpClass): 201 POST http://10.180.1.21/identity/v3/auth/tokens 0.102s
2025-05-19 18:35:06.673 70372 INFO tempest.lib.common.rest_client [req-a4950104-db56-4118-8289-4d8539bdc1eb req-a4950104-db56-4118-8289-4d8539bdc1eb ] Request (AbsoluteLimitsNegativeTestJSON:tearDownClass): 204 DELETE http://10.180.1.21/identity/v3/users/a25c4b8426e746b080918de564f7bdb5 0.117s
2025-05-19 18:35:06.673 70372 INFO tempest.lib.common.dynamic_creds [-] Deleting project and security group for project: e64055d743d34bc38c63f7c1d75b24f8
2025-05-19 18:35:06.712 70352 INFO tempest.lib.common.rest_client [req-4473ebe9-7687-478c-ac6a-923e0e1e93a1 req-4473ebe9-7687-478c-ac6a-923e0e1e93a1 ] Request (DeleteServersAdminTestJSON:test_admin_delete_servers_of_others): 201 POST http://10.180.1.21/identity/v3/auth/tokens 0.049s
2025-05-19 18:35:06.712 70352 INFO tempest.lib.common.fixed_network [-] (DeleteServersAdminTestJSON:test_admin_delete_servers_of_others) Found network None available for tenant
2025-05-19 18:35:06.735 70372 INFO tempest.lib.common.rest_client [req-b2f19098-b3d8-42b5-a196-cfa81fd9ef97 req-b2f19098-b3d8-42b5-a196-cfa81fd9ef97 ] Request (AbsoluteLimitsNegativeTestJSON:tearDownClass): 201 POST http://10.180.1.21/identity/v3/auth/tokens 0.061s
2025-05-19 18:35:06.800 70334 INFO tempest.lib.common.rest_client [req-f309d3b5-5d45-47fa-9614-d4a98cdfa487 req-f309d3b5-5d45-47fa-9614-d4a98cdfa487 ] Request (SecurityGroupsTestJSON:test_security_groups_create_list_delete): 404 GET http://10.180.1.21/compute/v2.1/os-security-groups/f3ee2902-7b0b-4099-8df2-fb1b7eceefa5 0.972s
2025-05-19 18:35:06.981 70356 INFO tempest.lib.common.rest_client [req-d4e40c86-716d-474b-98b3-0ba8addd4fa6 req-d4e40c86-716d-474b-98b3-0ba8addd4fa6 ] Request (ServerRescueTestJSON:tearDownClass): 204 DELETE http://10.180.1.21:9696/networking/v2.0/security-groups/a741014f-e8c9-4649-9bd9-e103036e84b5 0.908s
2025-05-19 18:35:07.063 70356 INFO tempest.lib.common.rest_client [req-bcb95419-df69-480d-982b-9ef320f78e07 req-bcb95419-df69-480d-982b-9ef320f78e07 ] Request (ServerRescueTestJSON:tearDownClass): 204 DELETE http://10.180.1.21/identity/v3/projects/19eb8665ad694c939507155cf3345b8f 0.082s
2025-05-19 18:35:07.124 70318 INFO tempest.lib.common.rest_client [req-244becbb-7be2-41d9-a472-f137a43d110a req-244becbb-7be2-41d9-a472-f137a43d110a ] Request (ImagesTestJSON:test_delete_saving_image): 204 DELETE http://10.180.1.21/compute/v2.1/servers/8c909e13-a006-4714-9dc3-1d1705227c72 1.285s
2025-05-19 18:35:07.138 70380 INFO tempest.lib.common.rest_client [req-571108f3-9189-4e24-805d-3b3523d926fe req-571108f3-9189-4e24-805d-3b3523d926fe ] Request (ServerGroupTestJSON:setUpClass): 200 PUT http://10.180.1.21:9696/networking/v2.0/routers/763b8167-e31b-4182-8921-f430ca462278/add_router_interface 6.634s
2025-05-19 18:35:07.138 70380 INFO tempest.lib.common.dynamic_creds [-] Created isolated network resources for: credentials: Credentials: {'domain_id': 'default', 'domain_name': 'Default', 'username': 'tempest-ServerGroupTestJSON-1921278193-project-member', 'project_domain_id': 'default', 'project_domain_name': 'Default', 'project_id': 'f5763d088cb346c0b4cb9f3a61742a89', 'project_name': 'tempest-ServerGroupTestJSON-1921278193', 'tenant_id': 'f5763d088cb346c0b4cb9f3a61742a89', 'tenant_name': 'tempest-ServerGroupTestJSON-1921278193', 'user_domain_id': 'default', 'user_domain_name': 'Default', 'user_id': '8b8362e0d4fa4cc5bb53f0a75452805e', 'system': None}, Network: {'id': '4c0976de-8d27-464c-9547-af14602f6e3b', 'name': 'tempest-ServerGroupTestJSON-841814247-network', 'tenant_id': 'f5763d088cb346c0b4cb9f3a61742a89', 'admin_state_up': True, 'mtu': 8950, 'status': 'ACTIVE', 'subnets': [], 'shared': False, 'project_id': 'f5763d088cb346c0b4cb9f3a61742a89', 'port_security_enabled': True, 'router:external': False, 'provider:network_type': 'vlan', 'provider:physical_network': 'default', 'provider:segmentation_id': 362, 'availability_zone_hints': [], 'availability_zones': [], 'ipv4_address_scope': None, 'ipv6_address_scope': None, 'description': '', 'tags': [], 'created_at': '2025-05-19T18:34:52Z', 'updated_at': '2025-05-19T18:34:52Z', 'revision_number': 1}, Subnet: {'id': '84d8f9f3-7beb-4afc-a605-02e3a44f2b4a', 'name': 'tempest-ServerGroupTestJSON-841814247-subnet', 'tenant_id': 'f5763d088cb346c0b4cb9f3a61742a89', 'network_id': '4c0976de-8d27-464c-9547-af14602f6e3b', 'ip_version': 4, 'subnetpool_id': None, 'enable_dhcp': True, 'ipv6_ra_mode': None, 'ipv6_address_mode': None, 'gateway_ip': '192.168.128.1', 'cidr': '192.168.128.0/28', 'allocation_pools': [{'start': '192.168.128.2', 'end': '192.168.128.14'}], 'host_routes': [], 'dns_nameservers': [], 'description': '', 'router:external': False, 'service_types': [], 'tags': [], 'created_at': '2025-05-19T18:34:53Z', 'updated_at': '2025-05-19T18:34:53Z', 'revision_number': 0, 'project_id': 'f5763d088cb346c0b4cb9f3a61742a89'}, Router: {'id': '763b8167-e31b-4182-8921-f430ca462278', 'name': 'tempest-ServerGroupTestJSON-841814247-router', 'tenant_id': 'f5763d088cb346c0b4cb9f3a61742a89', 'admin_state_up': True, 'status': 'ACTIVE', 'external_gateway_info': {'network_id': '6047c161-c51e-49ce-b0c9-d413bac2bd5a', 'external_fixed_ips': [{'subnet_id': 'abc9ab84-fc1d-46ad-b616-dc331a68fa70', 'ip_address': '10.180.180.178'}], 'enable_snat': True}, 'description': '', 'availability_zones': [], 'distributed': False, 'ha': False, 'availability_zone_hints': [], 'routes': [], 'flavor_id': None, 'tags': [], 'created_at': '2025-05-19T18:34:54Z', 'updated_at': '2025-05-19T18:34:57Z', 'revision_number': 2, 'project_id': 'f5763d088cb346c0b4cb9f3a61742a89'}
2025-05-19 18:35:07.148 70356 INFO tempest.lib.common.rest_client [req-96d8ff35-a5fe-468c-a40a-fcc8b617ccbb req-96d8ff35-a5fe-468c-a40a-fcc8b617ccbb ] Request (ServerShowV254Test:setUpClass): 201 POST http://10.180.1.21/identity/v3/auth/tokens 0.082s
2025-05-19 18:35:07.150 70326 INFO tempest.lib.common.rest_client [req-16386e09-3d7d-4d76-a220-2ed6817274c4 req-16386e09-3d7d-4d76-a220-2ed6817274c4 ] Request (FlavorsAdminTestJSON:test_list_non_public_flavor): 200 GET http://10.180.1.21/compute/v2.1/flavors/detail 1.298s
2025-05-19 18:35:07.160 70376 INFO tempest.lib.common.rest_client [req-a4470738-df46-4cf3-b3a9-3de4835767d0 req-a4470738-df46-4cf3-b3a9-3de4835767d0 ] Request (KeyPairsV22TestJSON:test_keypairsv22_create_list_show): 200 GET http://10.180.1.21/compute/v2.1/os-keypairs 1.297s
2025-05-19 18:35:07.166 70342 INFO tempest.lib.common.rest_client [req-e5656bab-0d76-4803-97ba-db3d98fba2fc req-e5656bab-0d76-4803-97ba-db3d98fba2fc ] Request (ServerDiskConfigTestJSON:setUpClass): 201 POST http://10.180.1.21:9696/networking/v2.0/networks 2.004s
2025-05-19 18:35:07.183 70365 INFO tempest.lib.common.rest_client [req-e3daaeba-2f1b-450a-97b3-a0fc8e74e325 req-e3daaeba-2f1b-450a-97b3-a0fc8e74e325 ] Request (SecurityGroupRulesTestJSON:tearDownClass): 202 DELETE http://10.180.1.21/compute/v2.1/os-security-groups/8d8ff986-0e06-486a-8b11-5c6b2bdcbc4b 1.497s
2025-05-19 18:35:07.193 70356 INFO tempest.lib.common.rest_client [req-dee5a74a-ffed-4aa4-8440-1f35cfcb2aa0 req-dee5a74a-ffed-4aa4-8440-1f35cfcb2aa0 ] Request (ServerShowV254Test:setUpClass): 201 POST http://10.180.1.21/identity/v3/auth/tokens 0.036s
2025-05-19 18:35:07.237 70378 INFO tempest.lib.common.rest_client [req-20ef609f-2af7-406f-b9bf-5fda05a5fe7a req-20ef609f-2af7-406f-b9bf-5fda05a5fe7a ] Request (ValidationResourcesFixture:setUp): 201 POST http://10.180.1.21:9696/networking/v2.0/security-groups 1.104s
2025-05-19 18:35:07.238 70356 INFO tempest.lib.common.rest_client [req-a7b5a620-d55d-4e19-aefd-2fc6e8f5ce3e req-a7b5a620-d55d-4e19-aefd-2fc6e8f5ce3e ] Request (ServerShowV254Test:setUpClass): 200 GET http://10.180.1.21/identity/v3/domains?name=Default 0.044s
2025-05-19 18:35:07.272 70380 INFO tempest.lib.common.rest_client [req-9b0f4bdb-19a4-4394-9ef6-fb9295021f24 req-9b0f4bdb-19a4-4394-9ef6-fb9295021f24 ] Request (ServerGroupTestJSON:setUpClass): 201 POST http://10.180.1.21/identity/v3/auth/tokens 0.127s
2025-05-19 18:35:07.279 70356 INFO tempest.lib.common.rest_client [req-43ceba23-e3ea-4728-b878-1222ea6fcd45 req-43ceba23-e3ea-4728-b878-1222ea6fcd45 ] Request (ServerShowV254Test:setUpClass): 201 POST http://10.180.1.21/identity/v3/projects 0.039s
2025-05-19 18:35:07.305 70328 INFO tempest.lib.common.rest_client [req-8d6a449a-82a7-4f27-9405-f9c7316fd580 req-8d6a449a-82a7-4f27-9405-f9c7316fd580 ] Request (ServerMetadataNegativeTestJSON:setUpClass): 201 POST http://10.180.1.21:9696/networking/v2.0/networks 1.849s
2025-05-19 18:35:07.323 70338 INFO tempest.lib.common.rest_client [req-f926432c-36e4-4036-9284-f94e12c72fd4 req-f926432c-36e4-4036-9284-f94e12c72fd4 ] Request (AttachInterfacesUnderV243Test:setUpClass): 201 POST http://10.180.1.21:9696/networking/v2.0/networks 1.740s
2025-05-19 18:35:07.333 70354 INFO tempest.lib.common.rest_client [req-57f4c169-5ca6-473d-8cd3-0b8145041318 req-57f4c169-5ca6-473d-8cd3-0b8145041318 ] Request (ServerActionsV293TestJSON:setUpClass): 200 GET http://10.180.1.21/compute/v2.1/servers/f5aab1ef-5c13-411f-aff5-033e0224e9ed 1.403s
2025-05-19 18:35:07.355 70354 INFO tempest.common.waiters [-] State transition "BUILD/scheduling" ==> "ERROR/None" after 3 second wait
2025-05-19 18:35:07.391 70356 INFO tempest.lib.common.rest_client [req-5a038dd6-637f-4e8a-9e7b-f3fd3bff7698 req-5a038dd6-637f-4e8a-9e7b-f3fd3bff7698 ] Request (ServerShowV254Test:setUpClass): 201 POST http://10.180.1.21/identity/v3/users 0.112s
2025-05-19 18:35:07.430 70332 INFO tempest.lib.common.rest_client [req-e2f660d9-42d8-4788-a704-363e71754706 req-e2f660d9-42d8-4788-a704-363e71754706 ] Request (ServersAaction247Test:test_create_backup): 200 GET http://10.180.1.21/compute/v2.1/servers/4dbcc251-0345-434b-9773-77d108dba0e8 1.465s
2025-05-19 18:35:07.431 70356 INFO tempest.lib.common.rest_client [req-4fca6597-2f71-4d69-b6f8-2d1a794181b4 req-4fca6597-2f71-4d69-b6f8-2d1a794181b4 ] Request (ServerShowV254Test:setUpClass): 200 GET http://10.180.1.21/identity/v3/roles 0.040s
2025-05-19 18:35:07.481 70356 INFO tempest.lib.common.rest_client [req-ef75ffe6-b0f4-4bf9-9283-9cb63c0ed8a7 req-ef75ffe6-b0f4-4bf9-9283-9cb63c0ed8a7 ] Request (ServerShowV254Test:setUpClass): 204 PUT http://10.180.1.21/identity/v3/projects/7f015ae6499546d4a9736be5788a9328/users/6416128fa3814ebc810c9ce8d1878433/roles/c3ec1a5db096472ca2a7b5eee8660b83 0.049s
2025-05-19 18:35:07.481 70356 INFO tempest.lib.common.dynamic_creds [-] Dynamic test user 6416128fa3814ebc810c9ce8d1878433 is created with scope project and roles: ['member']
2025-05-19 18:35:07.481 70356 INFO tempest.lib.common.dynamic_creds [-] Acquired dynamic creds: credentials: Credentials: {'domain_id': 'default', 'domain_name': 'Default', 'username': 'tempest-ServerShowV254Test-974964594-project-member', 'project_domain_id': 'default', 'project_domain_name': 'Default', 'project_id': '7f015ae6499546d4a9736be5788a9328', 'project_name': 'tempest-ServerShowV254Test-974964594', 'tenant_id': '7f015ae6499546d4a9736be5788a9328', 'tenant_name': 'tempest-ServerShowV254Test-974964594', 'user_domain_id': 'default', 'user_domain_name': 'Default', 'user_id': '6416128fa3814ebc810c9ce8d1878433', 'system': None}, Network: None, Subnet: None, Router: None
2025-05-19 18:35:07.482 70356 INFO tempest.lib.common.dynamic_creds [-] Created isolated network resources for: credentials: Credentials: {'domain_id': 'default', 'domain_name': 'Default', 'username': 'tempest-ServerShowV254Test-974964594-project-member', 'project_domain_id': 'default', 'project_domain_name': 'Default', 'project_id': '7f015ae6499546d4a9736be5788a9328', 'project_name': 'tempest-ServerShowV254Test-974964594', 'tenant_id': '7f015ae6499546d4a9736be5788a9328', 'tenant_name': 'tempest-ServerShowV254Test-974964594', 'user_domain_id': 'default', 'user_domain_name': 'Default', 'user_id': '6416128fa3814ebc810c9ce8d1878433', 'system': None}, Network: None, Subnet: None, Router: None
2025-05-19 18:35:07.534 70348 INFO tempest.lib.common.rest_client [req-cda2ce7a-9f56-46d8-8f56-7e6d2fe94965 req-cda2ce7a-9f56-46d8-8f56-7e6d2fe94965 ] Request (ServerDiagnosticsTest:test_get_server_diagnostics): 200 GET http://10.180.1.21/compute/v2.1/servers/82de9560-72cc-4d29-baa2-60151e82752b 1.276s
2025-05-19 18:35:07.548 70348 INFO tempest.common.waiters [-] State transition "BUILD/scheduling" ==> "ERROR/None" after 2 second wait
2025-05-19 18:35:07.567 70356 INFO tempest.lib.common.rest_client [req-a59f5c4d-6cca-4b50-9d8a-b125e650d08c req-a59f5c4d-6cca-4b50-9d8a-b125e650d08c ] Request (ServerShowV254Test:setUpClass): 201 POST http://10.180.1.21/identity/v3/auth/tokens 0.080s
2025-05-19 18:35:07.606 70356 INFO tempest.lib.common.rest_client [req-8789ccc8-bb61-4798-8dd2-409fdbb32925 req-8789ccc8-bb61-4798-8dd2-409fdbb32925 ] Request (ServerShowV254Test:test_rebuild_server): 201 POST http://10.180.1.21/identity/v3/auth/tokens 0.035s
2025-05-19 18:35:07.607 70356 INFO tempest.lib.common.fixed_network [-] (ServerShowV254Test:test_rebuild_server) Found network None available for tenant
2025-05-19 18:35:07.680 70320 INFO tempest.lib.common.rest_client [req-cbd7372b-8e28-430f-9fa8-74b6b7e21c00 req-cbd7372b-8e28-430f-9fa8-74b6b7e21c00 ] Request (ServersAdminTestJSON:tearDownClass): 204 DELETE http://10.180.1.21:9696/networking/v2.0/subnets/928d40ce-3aac-4464-869c-1461104cd237 1.200s
2025-05-19 18:35:08.065 70378 INFO tempest.lib.common.rest_client [req-8514181c-342f-4cc6-a3b7-51e951d280ae req-8514181c-342f-4cc6-a3b7-51e951d280ae ] Request (ValidationResourcesFixture:setUp): 201 POST http://10.180.1.21:9696/networking/v2.0/security-group-rules 0.827s
2025-05-19 18:35:08.158 70372 INFO tempest.lib.common.rest_client [req-05db46ac-30a4-49d6-ba4d-16e9a29e96a3 req-05db46ac-30a4-49d6-ba4d-16e9a29e96a3 ] Request (AbsoluteLimitsNegativeTestJSON:tearDownClass): 200 GET http://10.180.1.21:9696/networking/v2.0/security-groups?tenant_id=e64055d743d34bc38c63f7c1d75b24f8&name=default 1.423s
2025-05-19 18:35:08.170 70344 INFO tempest.lib.common.rest_client [req-a909d99d-aa7e-4746-ac7f-9d258c2b570f req-a909d99d-aa7e-4746-ac7f-9d258c2b570f ] Request (ImagesNegativeTestJSON:tearDownClass): 204 DELETE http://10.180.1.21:9696/networking/v2.0/routers/34016f7d-9e94-4693-ba2b-f48a9d5f47c6 3.284s
2025-05-19 18:35:08.177 70368 INFO tempest.lib.common.rest_client [req-db67ed5e-cc5b-435a-8619-91a6de6960d7 req-db67ed5e-cc5b-435a-8619-91a6de6960d7 ] Request (ServerActionsTestOtherA:setUpClass): 201 POST http://10.180.1.21:9696/networking/v2.0/routers 6.597s
2025-05-19 18:35:08.226 70334 INFO tempest.lib.common.rest_client [req-2f65d491-58de-4cfb-aa55-e0eaddbd121d req-2f65d491-58de-4cfb-aa55-e0eaddbd121d ] Request (SecurityGroupsTestJSON:test_security_groups_create_list_delete): 202 DELETE http://10.180.1.21/compute/v2.1/os-security-groups/5232f525-5586-43cc-adf5-ea2f950df59c 1.425s
2025-05-19 18:35:08.230 70340 INFO tempest.lib.common.rest_client [req-a9f9ec93-a2bf-41f0-b018-cd2eaf2f24a9 req-a9f9ec93-a2bf-41f0-b018-cd2eaf2f24a9 ] Request (ServersTestBootFromVolume:setUpClass): 201 POST http://10.180.1.21:9696/networking/v2.0/networks 2.174s
2025-05-19 18:35:08.233 70324 INFO tempest.lib.common.rest_client [req-22dc5b21-8db3-4810-847c-f7d45be9e800 req-22dc5b21-8db3-4810-847c-f7d45be9e800 ] Request (DeleteServersTestJSON:setUpClass): 201 POST http://10.180.1.21:9696/networking/v2.0/networks 2.075s
2025-05-19 18:35:08.274 70318 INFO tempest.lib.common.rest_client [req-a32ba60f-8d14-47c1-a6ad-ca130b6b5a59 req-a32ba60f-8d14-47c1-a6ad-ca130b6b5a59 ] Request (ImagesTestJSON:test_delete_saving_image): 404 GET http://10.180.1.21/compute/v2.1/servers/8c909e13-a006-4714-9dc3-1d1705227c72 1.149s
2025-05-19 18:35:08.311 70326 INFO tempest.lib.common.rest_client [req-85793a51-2978-4c6d-b56e-ed5f82308b1a req-85793a51-2978-4c6d-b56e-ed5f82308b1a ] Request (FlavorsAdminTestJSON:test_list_non_public_flavor): 200 GET http://10.180.1.21/compute/v2.1/flavors/detail 1.156s
2025-05-19 18:35:08.333 70376 INFO tempest.lib.common.rest_client [req-37bc3227-b6dc-42ef-89fc-20dc4978a7f5 req-37bc3227-b6dc-42ef-89fc-20dc4978a7f5 ] Request (KeyPairsV22TestJSON:_run_cleanups): 204 DELETE http://10.180.1.21/compute/v2.1/os-keypairs/tempest-keypair-1810828176 1.172s
2025-05-19 18:35:08.344 70352 INFO tempest.lib.common.rest_client [req-0dc18e88-1e57-496c-8612-3da644bffba5 req-0dc18e88-1e57-496c-8612-3da644bffba5 ] Request (DeleteServersAdminTestJSON:test_admin_delete_servers_of_others): 202 POST http://10.180.1.21/compute/v2.1/servers 1.630s
2025-05-19 18:35:08.411 70366 INFO tempest.lib.common.rest_client [req-d36c05d6-b8b9-460b-ad40-899b91de1e05 req-d36c05d6-b8b9-460b-ad40-899b91de1e05 ] Request (ServerRescueNegativeTestJSON:setUpClass): 201 POST http://10.180.1.21:9696/networking/v2.0/subnets 2.252s
2025-05-19 18:35:08.485 70380 INFO tempest.lib.common.rest_client [req-be33bf19-d54e-4ad0-be64-ab19112fea57 req-be33bf19-d54e-4ad0-be64-ab19112fea57 ] Request (ServerGroupTestJSON:setUp): 200 POST http://10.180.1.21/compute/v2.1/os-server-groups 1.212s
2025-05-19 18:35:08.772 70370 INFO tempest.lib.common.rest_client [req-63bffdb4-cee7-4daa-857a-663e42f12fe9 req-63bffdb4-cee7-4daa-857a-663e42f12fe9 ] Request (ServersV294TestFqdnHostnames:setUpClass): 201 POST http://10.180.1.21:9696/networking/v2.0/routers 5.607s
2025-05-19 18:35:08.864 70378 INFO tempest.lib.common.rest_client [req-94457dcf-5b12-4343-9ef3-4c2a36b9d0a7 req-94457dcf-5b12-4343-9ef3-4c2a36b9d0a7 ] Request (ValidationResourcesFixture:setUp): 201 POST http://10.180.1.21:9696/networking/v2.0/security-group-rules 0.798s
2025-05-19 18:35:09.061 70342 INFO tempest.lib.common.rest_client [req-8f6b36d1-a610-4793-8ecc-11db458822c4 req-8f6b36d1-a610-4793-8ecc-11db458822c4 ] Request (ServerDiskConfigTestJSON:setUpClass): 201 POST http://10.180.1.21:9696/networking/v2.0/subnets 1.894s
2025-05-19 18:35:09.065 70354 INFO tempest.lib.common.rest_client [req-0b7efe8c-8d8c-4653-8a98-ae4ae2b48c3c req-0b7efe8c-8d8c-4653-8a98-ae4ae2b48c3c ] Request (ServerActionsV293TestJSON:setUpClass): 204 DELETE http://10.180.1.21/compute/v2.1/servers/f5aab1ef-5c13-411f-aff5-033e0224e9ed 1.710s
2025-05-19 18:35:09.102 70372 INFO tempest.lib.common.rest_client [req-40c11586-b776-4bac-895b-147674e35175 req-40c11586-b776-4bac-895b-147674e35175 ] Request (AbsoluteLimitsNegativeTestJSON:tearDownClass): 204 DELETE http://10.180.1.21:9696/networking/v2.0/security-groups/15ba1475-f874-4692-97ce-46438375dd37 0.943s
2025-05-19 18:35:09.162 70322 INFO tempest.lib.common.rest_client [req-5aa571ca-e7ce-4a54-8c15-969430dd4fab req-5aa571ca-e7ce-4a54-8c15-969430dd4fab ] Request (ServerActionsTestJSON:setUpClass): 201 POST http://10.180.1.21:9696/networking/v2.0/floatingips 3.908s
2025-05-19 18:35:09.248 70322 INFO tempest.lib.common.rest_client [req-d07ce5b0-77f3-4f76-9902-b401ef0245bf req-d07ce5b0-77f3-4f76-9902-b401ef0245bf ] Request (ServerActionsTestJSON:setUpClass): 201 POST http://10.180.1.21/identity/v3/auth/tokens 0.078s
2025-05-19 18:35:09.248 70322 INFO tempest.lib.common.fixed_network [-] (ServerActionsTestJSON:setUpClass) Found network {'id': '37d9fddb-0982-4308-a422-bffd85f33f76', 'name': 'tempest-ServerActionsTestJSON-111864531-network', 'tenant_id': 'a5fe345258474d7995762c0351f96390', 'admin_state_up': True, 'mtu': 8950, 'status': 'ACTIVE', 'subnets': [], 'shared': False, 'project_id': 'a5fe345258474d7995762c0351f96390', 'port_security_enabled': True, 'router:external': False, 'provider:network_type': 'vlan', 'provider:physical_network': 'default', 'provider:segmentation_id': 553, 'availability_zone_hints': [], 'availability_zones': [], 'ipv4_address_scope': None, 'ipv6_address_scope': None, 'description': '', 'tags': [], 'created_at': '2025-05-19T18:34:49Z', 'updated_at': '2025-05-19T18:34:49Z', 'revision_number': 1} available for tenant
2025-05-19 18:35:09.250 70328 INFO tempest.lib.common.rest_client [req-d5fd144e-d38b-409c-8fba-d1c33bb0112f req-d5fd144e-d38b-409c-8fba-d1c33bb0112f ] Request (ServerMetadataNegativeTestJSON:setUpClass): 201 POST http://10.180.1.21:9696/networking/v2.0/subnets 1.945s
2025-05-19 18:35:09.252 70338 INFO tempest.lib.common.rest_client [req-80da3871-bb4b-4613-b8fb-9112a37916bc req-80da3871-bb4b-4613-b8fb-9112a37916bc ] Request (AttachInterfacesUnderV243Test:setUpClass): 201 POST http://10.180.1.21:9696/networking/v2.0/subnets 1.925s
2025-05-19 18:35:09.264 70372 INFO tempest.lib.common.rest_client [req-8504a81b-daaf-4f4c-9c12-52f994168497 req-8504a81b-daaf-4f4c-9c12-52f994168497 ] Request (AbsoluteLimitsNegativeTestJSON:tearDownClass): 204 DELETE http://10.180.1.21/identity/v3/projects/e64055d743d34bc38c63f7c1d75b24f8 0.161s
2025-05-19 18:35:09.312 70365 INFO tempest.lib.common.rest_client [req-1fbf0307-756a-4b36-ab5a-fdc463b67597 req-1fbf0307-756a-4b36-ab5a-fdc463b67597 ] Request (SecurityGroupRulesTestJSON:tearDownClass): 202 DELETE http://10.180.1.21/compute/v2.1/os-security-groups/ca874a13-8089-40d9-82c2-c140ce490a66 2.128s
2025-05-19 18:35:09.322 70344 INFO tempest.lib.common.rest_client [req-2d031eb7-93f2-4099-b36e-31cb96f9f5ac req-2d031eb7-93f2-4099-b36e-31cb96f9f5ac ] Request (ImagesNegativeTestJSON:tearDownClass): 204 DELETE http://10.180.1.21:9696/networking/v2.0/subnets/cd8a813a-2a79-430d-95a7-d44048347d4c 1.151s
2025-05-19 18:35:09.359 70372 INFO tempest.lib.common.rest_client [req-c5bea7a2-b0e6-42f3-8d01-0bce3efec931 req-c5bea7a2-b0e6-42f3-8d01-0bce3efec931 ] Request (AttachVolumeNegativeTest:setUpClass): 201 POST http://10.180.1.21/identity/v3/auth/tokens 0.093s
2025-05-19 18:35:09.413 70372 INFO tempest.lib.common.rest_client [req-ada02dc6-e823-4335-bdb6-52ae864aeb85 req-ada02dc6-e823-4335-bdb6-52ae864aeb85 ] Request (AttachVolumeNegativeTest:setUpClass): 201 POST http://10.180.1.21/identity/v3/auth/tokens 0.052s
2025-05-19 18:35:09.426 70332 INFO tempest.lib.common.rest_client [req-506226e1-7a7c-4dbc-9fca-cec58d29c02c req-506226e1-7a7c-4dbc-9fca-cec58d29c02c ] Request (ServersAaction247Test:test_create_backup): 204 DELETE http://10.180.1.21/compute/v2.1/servers/4dbcc251-0345-434b-9773-77d108dba0e8 1.985s
2025-05-19 18:35:09.456 70372 INFO tempest.lib.common.rest_client [req-39bf89fc-e376-4b5d-b046-cafdec7f36e3 req-39bf89fc-e376-4b5d-b046-cafdec7f36e3 ] Request (AttachVolumeNegativeTest:setUpClass): 200 GET http://10.180.1.21/identity/v3/domains?name=Default 0.043s
2025-05-19 18:35:09.458 70330 INFO tempest.lib.common.rest_client [req-44d922b4-e071-4665-9f66-5d154e603260 req-44d922b4-e071-4665-9f66-5d154e603260 ] Request (ServersWithSpecificFlavorTestJSON:tearDownClass): 204 DELETE http://10.180.1.21:9696/networking/v2.0/routers/a136a54b-4152-4edb-8ba1-be49be4f7a53 3.213s
2025-05-19 18:35:09.514 70372 INFO tempest.lib.common.rest_client [req-f9f4dbef-f8ce-45fa-96f9-09494539b6c5 req-f9f4dbef-f8ce-45fa-96f9-09494539b6c5 ] Request (AttachVolumeNegativeTest:setUpClass): 201 POST http://10.180.1.21/identity/v3/projects 0.057s
2025-05-19 18:35:09.583 70372 INFO tempest.lib.common.rest_client [req-e9f66222-c4ef-43d4-9227-f6706797a482 req-e9f66222-c4ef-43d4-9227-f6706797a482 ] Request (AttachVolumeNegativeTest:setUpClass): 201 POST http://10.180.1.21/identity/v3/users 0.068s
2025-05-19 18:35:09.605 70372 INFO tempest.lib.common.rest_client [req-655c10a0-588f-431d-8aa0-fc851fe40360 req-655c10a0-588f-431d-8aa0-fc851fe40360 ] Request (AttachVolumeNegativeTest:setUpClass): 200 GET http://10.180.1.21/identity/v3/roles 0.021s
2025-05-19 18:35:09.641 70372 INFO tempest.lib.common.rest_client [req-bedb9c5c-5ae9-4612-8853-ce4e8d82ea65 req-bedb9c5c-5ae9-4612-8853-ce4e8d82ea65 ] Request (AttachVolumeNegativeTest:setUpClass): 204 PUT http://10.180.1.21/identity/v3/projects/08bafda2056b45378d9dd5595ee94594/users/c6c6206a7ccf4c86b05917ea46340be5/roles/c3ec1a5db096472ca2a7b5eee8660b83 0.035s
2025-05-19 18:35:09.641 70372 INFO tempest.lib.common.dynamic_creds [-] Dynamic test user c6c6206a7ccf4c86b05917ea46340be5 is created with scope project and roles: ['member']
2025-05-19 18:35:09.641 70372 INFO tempest.lib.common.dynamic_creds [-] Acquired dynamic creds: credentials: Credentials: {'domain_id': 'default', 'domain_name': 'Default', 'username': 'tempest-AttachVolumeNegativeTest-685486954-project-member', 'project_domain_id': 'default', 'project_domain_name': 'Default', 'project_id': '08bafda2056b45378d9dd5595ee94594', 'project_name': 'tempest-AttachVolumeNegativeTest-685486954', 'tenant_id': '08bafda2056b45378d9dd5595ee94594', 'tenant_name': 'tempest-AttachVolumeNegativeTest-685486954', 'user_domain_id': 'default', 'user_domain_name': 'Default', 'user_id': 'c6c6206a7ccf4c86b05917ea46340be5', 'system': None}, Network: None, Subnet: None, Router: None
2025-05-19 18:35:09.720 70372 INFO tempest.lib.common.rest_client [req-f64fd241-21fb-40fa-a99c-5c25ce9794e7 req-f64fd241-21fb-40fa-a99c-5c25ce9794e7 ] Request (AttachVolumeNegativeTest:setUpClass): 201 POST http://10.180.1.21/identity/v3/auth/tokens 0.079s
2025-05-19 18:35:09.729 70356 INFO tempest.lib.common.rest_client [req-40d00384-2ba8-4fcb-9b19-e8aeec7fdd87 req-40d00384-2ba8-4fcb-9b19-e8aeec7fdd87 ] Request (ServerShowV254Test:test_rebuild_server): 202 POST http://10.180.1.21/compute/v2.1/servers 2.122s
2025-05-19 18:35:09.734 70348 INFO tempest.lib.common.rest_client [req-1dd71c45-cc55-4758-8f64-efc77ac5d763 req-1dd71c45-cc55-4758-8f64-efc77ac5d763 ] Request (ServerDiagnosticsTest:test_get_server_diagnostics): 204 DELETE http://10.180.1.21/compute/v2.1/servers/82de9560-72cc-4d29-baa2-60151e82752b 2.185s
2025-05-19 18:35:09.750 70326 INFO tempest.lib.common.rest_client [req-aab8ebaf-bb6a-45a5-94a6-78df5c9e512f req-aab8ebaf-bb6a-45a5-94a6-78df5c9e512f ] Request (FlavorsAdminTestJSON:_run_cleanups): 202 DELETE http://10.180.1.21/compute/v2.1/flavors/496450363 1.434s
2025-05-19 18:35:09.896 70334 INFO tempest.lib.common.rest_client [req-6d4706ce-0f87-4baa-b3fe-e4b34ddc32c0 req-6d4706ce-0f87-4baa-b3fe-e4b34ddc32c0 ] Request (SecurityGroupsTestJSON:test_security_groups_create_list_delete): 404 GET http://10.180.1.21/compute/v2.1/os-security-groups/5232f525-5586-43cc-adf5-ea2f950df59c 1.669s
2025-05-19 18:35:09.900 70340 INFO tempest.lib.common.rest_client [req-2abb8ab8-364c-4070-bc7e-042ba8ff59be req-2abb8ab8-364c-4070-bc7e-042ba8ff59be ] Request (ServersTestBootFromVolume:setUpClass): 201 POST http://10.180.1.21:9696/networking/v2.0/subnets 1.668s
2025-05-19 18:35:09.907 70324 INFO tempest.lib.common.rest_client [req-cfa3194f-596f-4846-8316-1144b39fc484 req-cfa3194f-596f-4846-8316-1144b39fc484 ] Request (DeleteServersTestJSON:setUpClass): 201 POST http://10.180.1.21:9696/networking/v2.0/subnets 1.672s
2025-05-19 18:35:10.228 70320 INFO tempest.lib.common.rest_client [req-dee84404-b619-4c46-9aa0-ab3e87c81460 req-dee84404-b619-4c46-9aa0-ab3e87c81460 ] Request (ServersAdminTestJSON:tearDownClass): 204 DELETE http://10.180.1.21:9696/networking/v2.0/networks/9ed69f93-cfe9-475f-9f97-e1b481abeb73 2.548s
2025-05-19 18:35:10.264 70352 INFO tempest.lib.common.rest_client [req-c99ea9ea-8a79-4d78-bd71-db6ba0db1fa4 req-c99ea9ea-8a79-4d78-bd71-db6ba0db1fa4 ] Request (DeleteServersAdminTestJSON:test_admin_delete_servers_of_others): 200 GET http://10.180.1.21/compute/v2.1/servers/a014672c-e138-4a3e-9c57-017674da082f 1.918s
2025-05-19 18:35:10.315 70330 INFO tempest.lib.common.rest_client [req-3596fd18-4215-489f-b833-ff62d748403a req-3596fd18-4215-489f-b833-ff62d748403a ] Request (ServersWithSpecificFlavorTestJSON:tearDownClass): 204 DELETE http://10.180.1.21:9696/networking/v2.0/subnets/f948211b-d421-4955-9757-f535ea1bacaf 0.857s
2025-05-19 18:35:10.347 70380 INFO tempest.lib.common.rest_client [req-86cbcc66-2000-4912-9254-82dc90b9e0e1 req-86cbcc66-2000-4912-9254-82dc90b9e0e1 ] Request (ServerGroupTestJSON:test_create_delete_multiple_server_groups_with_same_name_policy): 200 POST http://10.180.1.21/compute/v2.1/os-server-groups 1.860s
2025-05-19 18:35:10.375 70354 INFO tempest.lib.common.rest_client [req-e852f750-3e5d-43d0-9fad-ca8c2b394321 req-e852f750-3e5d-43d0-9fad-ca8c2b394321 ] Request (ServerActionsV293TestJSON:setUpClass): 404 GET http://10.180.1.21/compute/v2.1/servers/f5aab1ef-5c13-411f-aff5-033e0224e9ed 1.310s
2025-05-19 18:35:10.376 70354 INFO tempest.test [-] raised in ServerActionsV293TestJSON.setUpClass. Invoking tearDownClass.
2025-05-19 18:35:10.526 70376 INFO tempest.lib.common.rest_client [req-75062ce7-3b05-44ef-9bca-4396277a6f0b req-75062ce7-3b05-44ef-9bca-4396277a6f0b ] Request (KeyPairsV22TestJSON:test_keypairsv22_create_list_show_with_type): 201 POST http://10.180.1.21/compute/v2.1/os-keypairs 2.192s
2025-05-19 18:35:10.727 70358 INFO tempest.lib.common.rest_client [req-2f84b5a4-74a5-4662-9589-f63c23b81886 req-2f84b5a4-74a5-4662-9589-f63c23b81886 ] Request (AttachVolumeShelveTestJSON:setUpClass): 201 POST http://10.180.1.21:9696/networking/v2.0/routers 6.091s
2025-05-19 18:35:10.749 70344 INFO tempest.lib.common.rest_client [req-aea10797-e37a-495b-83e0-323ed4957414 req-aea10797-e37a-495b-83e0-323ed4957414 ] Request (ImagesNegativeTestJSON:tearDownClass): 204 DELETE http://10.180.1.21:9696/networking/v2.0/networks/4d498f67-43b4-4aaf-873a-4d2e8755fc21 1.427s
2025-05-19 18:35:10.847 70344 INFO tempest.lib.common.rest_client [req-b74fda56-08c9-411a-8fc6-63e02c3307fb req-b74fda56-08c9-411a-8fc6-63e02c3307fb ] Request (ImagesNegativeTestJSON:tearDownClass): 204 DELETE http://10.180.1.21/identity/v3/users/d8e91a331d6947f5aa35f53b88d47cf2 0.097s
2025-05-19 18:35:10.848 70344 INFO tempest.lib.common.dynamic_creds [-] Deleting project and security group for project: c9014fb485334d91bf8cb0bb2cef6623
2025-05-19 18:35:11.078 70344 INFO tempest.lib.common.rest_client [req-cf0c0689-a248-4c91-b7ed-fbd6806052ae req-cf0c0689-a248-4c91-b7ed-fbd6806052ae ] Request (ImagesNegativeTestJSON:tearDownClass): 200 GET http://10.180.1.21:9696/networking/v2.0/security-groups?tenant_id=c9014fb485334d91bf8cb0bb2cef6623&name=default 0.229s
2025-05-19 18:35:11.326 70365 INFO tempest.lib.common.rest_client [req-4ecadfb4-2e95-4c9c-abf7-2cf4c3913ce7 req-4ecadfb4-2e95-4c9c-abf7-2cf4c3913ce7 ] Request (SecurityGroupRulesTestJSON:tearDownClass): 202 DELETE http://10.180.1.21/compute/v2.1/os-security-groups/5b67a3b8-1dc7-4786-9bb9-b5de835704ea 2.014s
2025-05-19 18:35:11.364 70332 INFO tempest.lib.common.rest_client [req-e0cd4a16-0295-42c7-a6ec-ed20e29c72a1 req-e0cd4a16-0295-42c7-a6ec-ed20e29c72a1 ] Request (ServersAaction247Test:test_create_backup): 404 GET http://10.180.1.21/compute/v2.1/servers/4dbcc251-0345-434b-9773-77d108dba0e8 1.937s
2025-05-19 18:35:11.384 70372 INFO tempest.lib.common.rest_client [req-d2fe35ca-e8e1-4ff0-b562-e6cb5bfd054e req-d2fe35ca-e8e1-4ff0-b562-e6cb5bfd054e ] Request (AttachVolumeNegativeTest:setUpClass): 201 POST http://10.180.1.21:9696/networking/v2.0/networks 1.663s
2025-05-19 18:35:11.502 70332 INFO tempest.lib.common.rest_client [req-9f3b7972-6959-4566-8b95-1fb570d0a8b0 req-9f3b7972-6959-4566-8b95-1fb570d0a8b0 ] Request (ServersAaction247Test:tearDownClass): 204 DELETE http://10.180.1.21/identity/v3/users/7943a54934ef484b83ddac55826c4661 0.131s
2025-05-19 18:35:11.502 70332 INFO tempest.lib.common.dynamic_creds [-] Deleting project and security group for project: cbd2f092765149e683c7567209f8a062
2025-05-19 18:35:11.581 70332 INFO tempest.lib.common.rest_client [req-de5c15a2-fab1-4250-97db-df7b7a3a7776 req-de5c15a2-fab1-4250-97db-df7b7a3a7776 ] Request (ServersAaction247Test:tearDownClass): 201 POST http://10.180.1.21/identity/v3/auth/tokens 0.078s
2025-05-19 18:35:11.737 70356 INFO tempest.lib.common.rest_client [req-7981e90e-0e68-4808-a485-b69ad4264d1f req-7981e90e-0e68-4808-a485-b69ad4264d1f ] Request (ServerShowV254Test:test_rebuild_server): 200 GET http://10.180.1.21/compute/v2.1/servers/fd6766d6-a54b-47a8-83e5-265314e55902 2.005s
2025-05-19 18:35:11.763 70348 INFO tempest.lib.common.rest_client [req-11b1da90-3c30-489d-90e6-6a21ac973784 req-11b1da90-3c30-489d-90e6-6a21ac973784 ] Request (ServerDiagnosticsTest:test_get_server_diagnostics): 404 GET http://10.180.1.21/compute/v2.1/servers/82de9560-72cc-4d29-baa2-60151e82752b 2.028s
2025-05-19 18:35:11.789 70326 INFO tempest.lib.common.rest_client [req-f2dafd38-ad12-4357-b5b0-c353231cef5f req-f2dafd38-ad12-4357-b5b0-c353231cef5f ] Request (FlavorsAdminTestJSON:_run_cleanups): 200 GET http://10.180.1.21/compute/v2.1/flavors/detail 2.039s
2025-05-19 18:35:11.836 70348 INFO tempest.lib.common.rest_client [req-40d0cd77-78fc-4187-b764-401ed26310ee req-40d0cd77-78fc-4187-b764-401ed26310ee ] Request (ServerDiagnosticsTest:tearDownClass): 204 DELETE http://10.180.1.21/identity/v3/users/cf8b399e44e3439098866cba1c2dc8e0 0.068s
2025-05-19 18:35:11.923 70348 INFO tempest.lib.common.rest_client [req-83eccce9-ebc6-43c5-81f2-a3b469765ff3 req-83eccce9-ebc6-43c5-81f2-a3b469765ff3 ] Request (ServerDiagnosticsTest:tearDownClass): 204 DELETE http://10.180.1.21/identity/v3/users/e3f5cd5661e14b73baa2b2c99d67dbd6 0.086s
2025-05-19 18:35:11.923 70348 INFO tempest.lib.common.dynamic_creds [-] Deleting project and security group for project: b02e6dce397b4f1e845d8b87b9cade42
2025-05-19 18:35:11.928 70344 INFO tempest.lib.common.rest_client [req-5200847e-d6f5-4ca2-84fa-5937459d088d req-5200847e-d6f5-4ca2-84fa-5937459d088d ] Request (ImagesNegativeTestJSON:tearDownClass): 204 DELETE http://10.180.1.21:9696/networking/v2.0/security-groups/8e1c0b5f-5102-41e4-bfa6-672e39b38dde 0.849s
2025-05-19 18:35:11.990 70348 INFO tempest.lib.common.rest_client [req-b468f05f-4698-4c38-97fb-3ab9861e4f81 req-b468f05f-4698-4c38-97fb-3ab9861e4f81 ] Request (ServerDiagnosticsTest:tearDownClass): 201 POST http://10.180.1.21/identity/v3/auth/tokens 0.067s
2025-05-19 18:35:12.022 70344 INFO tempest.lib.common.rest_client [req-79bfca6e-eaf4-47e1-ac25-f582f946d07f req-79bfca6e-eaf4-47e1-ac25-f582f946d07f ] Request (ImagesNegativeTestJSON:tearDownClass): 204 DELETE http://10.180.1.21/identity/v3/projects/c9014fb485334d91bf8cb0bb2cef6623 0.094s
2025-05-19 18:35:12.035 70362 INFO tempest.lib.common.rest_client [req-e5f6d620-955f-40df-9c98-560fa85b3d4a req-e5f6d620-955f-40df-9c98-560fa85b3d4a ] Request (ServerGroup264TestJSON:setUpClass): 201 POST http://10.180.1.21:9696/networking/v2.0/routers 6.346s
2025-05-19 18:35:12.090 70344 INFO tempest.lib.common.rest_client [req-da8d7ea9-c9ad-4c6e-a935-2c6330b1fa57 req-da8d7ea9-c9ad-4c6e-a935-2c6330b1fa57 ] Request (SecurityGroupsNegativeTestJSON:setUpClass): 201 POST http://10.180.1.21/identity/v3/auth/tokens 0.065s
2025-05-19 18:35:12.129 70344 INFO tempest.lib.common.rest_client [req-3491fc72-da1d-4c23-b7c5-a5aa2d8c9f70 req-3491fc72-da1d-4c23-b7c5-a5aa2d8c9f70 ] Request (SecurityGroupsNegativeTestJSON:setUpClass): 201 POST http://10.180.1.21/identity/v3/auth/tokens 0.035s
2025-05-19 18:35:12.168 70344 INFO tempest.lib.common.rest_client [req-b9c2ccd8-ee4f-4696-809a-ee6cbe4ea654 req-b9c2ccd8-ee4f-4696-809a-ee6cbe4ea654 ] Request (SecurityGroupsNegativeTestJSON:setUpClass): 200 GET http://10.180.1.21/identity/v3/domains?name=Default 0.039s
2025-05-19 18:35:12.204 70344 INFO tempest.lib.common.rest_client [req-8d84e481-3c82-43d4-b05f-72c9e3fb50d0 req-8d84e481-3c82-43d4-b05f-72c9e3fb50d0 ] Request (SecurityGroupsNegativeTestJSON:setUpClass): 201 POST http://10.180.1.21/identity/v3/projects 0.035s
2025-05-19 18:35:12.293 70344 INFO tempest.lib.common.rest_client [req-9840c2f3-c121-4c8c-af81-9425aff41a3e req-9840c2f3-c121-4c8c-af81-9425aff41a3e ] Request (SecurityGroupsNegativeTestJSON:setUpClass): 201 POST http://10.180.1.21/identity/v3/users 0.088s
2025-05-19 18:35:12.317 70344 INFO tempest.lib.common.rest_client [req-0ab00e86-76f9-4411-95a6-2f7b80f863b7 req-0ab00e86-76f9-4411-95a6-2f7b80f863b7 ] Request (SecurityGroupsNegativeTestJSON:setUpClass): 200 GET http://10.180.1.21/identity/v3/roles 0.024s
2025-05-19 18:35:12.355 70344 INFO tempest.lib.common.rest_client [req-39690505-1c6b-475b-a76a-79625b2a78c9 req-39690505-1c6b-475b-a76a-79625b2a78c9 ] Request (SecurityGroupsNegativeTestJSON:setUpClass): 204 PUT http://10.180.1.21/identity/v3/projects/d4f21e9afb784b1b86fb46c43c8bdd5d/users/76b69954661a4179bc063a96291173a0/roles/c3ec1a5db096472ca2a7b5eee8660b83 0.037s
2025-05-19 18:35:12.355 70344 INFO tempest.lib.common.dynamic_creds [-] Dynamic test user 76b69954661a4179bc063a96291173a0 is created with scope project and roles: ['member']
2025-05-19 18:35:12.355 70344 INFO tempest.lib.common.dynamic_creds [-] Acquired dynamic creds: credentials: Credentials: {'domain_id': 'default', 'domain_name': 'Default', 'username': 'tempest-SecurityGroupsNegativeTestJSON-1319570445-project-member', 'project_domain_id': 'default', 'project_domain_name': 'Default', 'project_id': 'd4f21e9afb784b1b86fb46c43c8bdd5d', 'project_name': 'tempest-SecurityGroupsNegativeTestJSON-1319570445', 'tenant_id': 'd4f21e9afb784b1b86fb46c43c8bdd5d', 'tenant_name': 'tempest-SecurityGroupsNegativeTestJSON-1319570445', 'user_domain_id': 'default', 'user_domain_name': 'Default', 'user_id': '76b69954661a4179bc063a96291173a0', 'system': None}, Network: None, Subnet: None, Router: None
2025-05-19 18:35:12.427 70344 INFO tempest.lib.common.rest_client [req-3330908b-0183-4d3f-86b4-ae1901e3b16a req-3330908b-0183-4d3f-86b4-ae1901e3b16a ] Request (SecurityGroupsNegativeTestJSON:setUpClass): 201 POST http://10.180.1.21/identity/v3/auth/tokens 0.071s
2025-05-19 18:35:12.504 70334 INFO tempest.lib.common.rest_client [req-9c53af26-f7ea-48d4-8ea7-3432a2457600 req-9c53af26-f7ea-48d4-8ea7-3432a2457600 ] Request (SecurityGroupsTestJSON:test_security_groups_create_list_delete): 200 GET http://10.180.1.21/compute/v2.1/os-security-groups 2.608s
2025-05-19 18:35:12.509 70330 INFO tempest.lib.common.rest_client [req-33cd1406-1260-4066-940d-28f5d186a259 req-33cd1406-1260-4066-940d-28f5d186a259 ] Request (ServersWithSpecificFlavorTestJSON:tearDownClass): 204 DELETE http://10.180.1.21:9696/networking/v2.0/networks/885dc9b8-4db8-4936-9a9b-f7117d9af3ce 2.193s
2025-05-19 18:35:12.563 70322 INFO tempest.lib.common.rest_client [req-2723cfbe-f7b5-4b03-aa81-773af5694535 req-2723cfbe-f7b5-4b03-aa81-773af5694535 ] Request (ServerActionsTestJSON:setUpClass): 202 POST http://10.180.1.21/compute/v2.1/servers 3.314s
2025-05-19 18:35:12.581 70354 INFO tempest.lib.common.rest_client [req-60a44f7d-1a79-4b6a-825b-732886a2809c req-60a44f7d-1a79-4b6a-825b-732886a2809c ] Request (ServerActionsV293TestJSON:tearDownClass): 204 DELETE http://10.180.1.21/compute/v2.1/os-keypairs/tempest-keypair-392089464 2.204s
2025-05-19 18:35:12.591 70376 INFO tempest.lib.common.rest_client [req-6accafed-8661-425c-bfc1-e5238da625a7 req-6accafed-8661-425c-bfc1-e5238da625a7 ] Request (KeyPairsV22TestJSON:test_keypairsv22_create_list_show_with_type): 200 GET http://10.180.1.21/compute/v2.1/os-keypairs/tempest-keypair-1429339271 2.063s
2025-05-19 18:35:12.594 70380 INFO tempest.lib.common.rest_client [req-6abfd43e-ad1b-4d2a-bebf-f53ae1c2653f req-6abfd43e-ad1b-4d2a-bebf-f53ae1c2653f ] Request (ServerGroupTestJSON:test_create_delete_multiple_server_groups_with_same_name_policy): 200 POST http://10.180.1.21/compute/v2.1/os-server-groups 2.245s
2025-05-19 18:35:12.597 70350 INFO tempest.lib.common.rest_client [req-2f26d212-79ad-441d-8756-3b04baa0ac77 req-2f26d212-79ad-441d-8756-3b04baa0ac77 ] Request (VolumesAdminNegativeTest:tearDownClass): 200 PUT http://10.180.1.21:9696/networking/v2.0/routers/b646b830-4642-43ea-a252-5bb20b02d159/remove_router_interface 6.027s
2025-05-19 18:35:12.604 70330 INFO tempest.lib.common.rest_client [req-db7ed141-64fc-4d96-816c-e4907d12c835 req-db7ed141-64fc-4d96-816c-e4907d12c835 ] Request (ServersWithSpecificFlavorTestJSON:tearDownClass): 204 DELETE http://10.180.1.21/identity/v3/users/05e981b50feb4612b98d01ec9e8be0ab 0.094s
2025-05-19 18:35:12.636 70332 INFO tempest.lib.common.rest_client [req-b19eec81-733b-43f8-8db7-a4b88395db6c req-b19eec81-733b-43f8-8db7-a4b88395db6c ] Request (ServersAaction247Test:tearDownClass): 200 GET http://10.180.1.21:9696/networking/v2.0/security-groups?tenant_id=cbd2f092765149e683c7567209f8a062&name=default 1.055s
2025-05-19 18:35:12.697 70330 INFO tempest.lib.common.rest_client [req-311780e6-b3e1-4d63-af15-542ed40a3eff req-311780e6-b3e1-4d63-af15-542ed40a3eff ] Request (ServersWithSpecificFlavorTestJSON:tearDownClass): 204 DELETE http://10.180.1.21/identity/v3/users/429fd0ed088649a5a4374650e6ea3d19 0.092s
2025-05-19 18:35:12.697 70330 INFO tempest.lib.common.dynamic_creds [-] Deleting project and security group for project: 2e5018be07584b329913efa50d35ba03
2025-05-19 18:35:12.786 70352 INFO tempest.lib.common.rest_client [req-f3973c35-9fb2-4bf6-b69e-00db2edd5f89 req-f3973c35-9fb2-4bf6-b69e-00db2edd5f89 ] Request (DeleteServersAdminTestJSON:test_admin_delete_servers_of_others): 200 GET http://10.180.1.21/compute/v2.1/servers/a014672c-e138-4a3e-9c57-017674da082f 1.507s
2025-05-19 18:35:12.795 70378 INFO tempest.lib.common.rest_client [req-d32c956e-846a-4c7e-8925-2a883e38754c req-d32c956e-846a-4c7e-8925-2a883e38754c ] Request (ValidationResourcesFixture:setUp): 201 POST http://10.180.1.21:9696/networking/v2.0/floatingips 3.930s
2025-05-19 18:35:12.808 70326 INFO tempest.lib.common.rest_client [req-8045d999-419c-448d-ac18-bf9acb40326b req-8045d999-419c-448d-ac18-bf9acb40326b ] Request (FlavorsAdminTestJSON:test_list_public_flavor_with_other_user): 200 POST http://10.180.1.21/compute/v2.1/flavors 1.014s
2025-05-19 18:35:12.866 70378 INFO tempest.lib.common.rest_client [req-73f408ad-f62c-4e63-b095-23a160d33eac req-73f408ad-f62c-4e63-b095-23a160d33eac ] Request (AttachInterfacesTestJSON:test_create_list_show_delete_interfaces_by_fixed_ip): 201 POST http://10.180.1.21/identity/v3/auth/tokens 0.068s
2025-05-19 18:35:12.866 70378 INFO tempest.lib.common.fixed_network [-] (AttachInterfacesTestJSON:test_create_list_show_delete_interfaces_by_fixed_ip) Found network {'id': '4c5d5225-f2b1-4960-aeb7-5ba488861a25', 'name': 'tempest-AttachInterfacesTestJSON-1832095197-network', 'tenant_id': '277d7a67fbc642acaa20294d4f4e84ac', 'admin_state_up': True, 'mtu': 8950, 'status': 'ACTIVE', 'subnets': [], 'shared': False, 'project_id': '277d7a67fbc642acaa20294d4f4e84ac', 'port_security_enabled': True, 'router:external': False, 'provider:network_type': 'vlan', 'provider:physical_network': 'default', 'provider:segmentation_id': 602, 'availability_zone_hints': [], 'availability_zones': [], 'ipv4_address_scope': None, 'ipv6_address_scope': None, 'description': '', 'tags': [], 'created_at': '2025-05-19T18:34:50Z', 'updated_at': '2025-05-19T18:34:50Z', 'revision_number': 1} available for tenant
2025-05-19 18:35:12.873 70360 INFO tempest.lib.common.rest_client [req-a33cae7b-5537-4e53-934f-a2051406562f req-a33cae7b-5537-4e53-934f-a2051406562f ] Request (ServersTestManualDisk:setUpClass): 200 PUT http://10.180.1.21:9696/networking/v2.0/routers/f5133a06-d488-418f-83df-b2f7f44fd50e/add_router_interface 7.754s
2025-05-19 18:35:12.874 70360 INFO tempest.lib.common.dynamic_creds [-] Created isolated network resources for: credentials: Credentials: {'domain_id': 'default', 'domain_name': 'Default', 'username': 'tempest-ServersTestManualDisk-858867401-project-member', 'project_domain_id': 'default', 'project_domain_name': 'Default', 'project_id': 'f16d509e3c244eb1b988eb0824c88ebc', 'project_name': 'tempest-ServersTestManualDisk-858867401', 'tenant_id': 'f16d509e3c244eb1b988eb0824c88ebc', 'tenant_name': 'tempest-ServersTestManualDisk-858867401', 'user_domain_id': 'default', 'user_domain_name': 'Default', 'user_id': '26a4f6c3e4774e4b8be46f18507f75a9', 'system': None}, Network: {'id': 'eed20db7-7532-440a-8a28-cca8c25a5422', 'name': 'tempest-ServersTestManualDisk-1254028035-network', 'tenant_id': 'f16d509e3c244eb1b988eb0824c88ebc', 'admin_state_up': True, 'mtu': 8950, 'status': 'ACTIVE', 'subnets': [], 'shared': False, 'project_id': 'f16d509e3c244eb1b988eb0824c88ebc', 'port_security_enabled': True, 'router:external': False, 'provider:network_type': 'vlan', 'provider:physical_network': 'default', 'provider:segmentation_id': 597, 'availability_zone_hints': [], 'availability_zones': [], 'ipv4_address_scope': None, 'ipv6_address_scope': None, 'description': '', 'tags': [], 'created_at': '2025-05-19T18:34:55Z', 'updated_at': '2025-05-19T18:34:55Z', 'revision_number': 1}, Subnet: {'id': 'bb08e8d8-25d1-4e10-ae7d-99a137d6c163', 'name': 'tempest-ServersTestManualDisk-1254028035-subnet', 'tenant_id': 'f16d509e3c244eb1b988eb0824c88ebc', 'network_id': 'eed20db7-7532-440a-8a28-cca8c25a5422', 'ip_version': 4, 'subnetpool_id': None, 'enable_dhcp': True, 'ipv6_ra_mode': None, 'ipv6_address_mode': None, 'gateway_ip': '192.168.128.1', 'cidr': '192.168.128.0/28', 'allocation_pools': [{'start': '192.168.128.2', 'end': '192.168.128.14'}], 'host_routes': [], 'dns_nameservers': [], 'description': '', 'router:external': False, 'service_types': [], 'tags': [], 'created_at': '2025-05-19T18:34:56Z', 'updated_at': '2025-05-19T18:34:56Z', 'revision_number': 0, 'project_id': 'f16d509e3c244eb1b988eb0824c88ebc'}, Router: {'id': 'f5133a06-d488-418f-83df-b2f7f44fd50e', 'name': 'tempest-ServersTestManualDisk-1254028035-router', 'tenant_id': 'f16d509e3c244eb1b988eb0824c88ebc', 'admin_state_up': True, 'status': 'ACTIVE', 'external_gateway_info': {'network_id': '6047c161-c51e-49ce-b0c9-d413bac2bd5a', 'external_fixed_ips': [{'subnet_id': 'abc9ab84-fc1d-46ad-b616-dc331a68fa70', 'ip_address': '10.180.180.189'}], 'enable_snat': True}, 'description': '', 'availability_zones': [], 'distributed': False, 'ha': False, 'availability_zone_hints': [], 'routes': [], 'flavor_id': None, 'tags': [], 'created_at': '2025-05-19T18:34:58Z', 'updated_at': '2025-05-19T18:35:02Z', 'revision_number': 2, 'project_id': 'f16d509e3c244eb1b988eb0824c88ebc'}
