2025-05-19 18:36:05.065 70326 INFO tempest.lib.common.dynamic_creds [-] Deleting project and security group for project: bf972f3462fd403394f4abf275064c8a
2025-05-19 18:36:05.114 70334 INFO tempest.lib.common.rest_client [req-a56d5f29-476d-4bda-a355-191999ddb18c req-a56d5f29-476d-4bda-a355-191999ddb18c ] Request (AttachVolumeTestJSON:test_attach_detach_volume): 200 GET http://10.180.1.21/compute/v2.1/servers/f12aaca0-1b39-44e3-8837-912aa4eaedfc 0.114s
2025-05-19 18:36:05.125 70326 INFO tempest.lib.common.rest_client [req-21993d8c-f13d-48a3-91f1-d805f119ac05 req-21993d8c-f13d-48a3-91f1-d805f119ac05 ] Request (ListImageFiltersTestJSON:tearDownClass): 201 POST http://10.180.1.21/identity/v3/auth/tokens 0.060s
2025-05-19 18:36:05.151 70370 INFO tempest.lib.common.rest_client [req-65eb9c74-a8f0-417b-8c96-aa5899ec8504 req-65eb9c74-a8f0-417b-8c96-aa5899ec8504 ] Request (VolumesTestJSON:test_volume_list_param_offset_and_limit): 200 GET http://10.180.1.21/compute/v2.1/os-volumes 0.108s
2025-05-19 18:36:05.162 70342 INFO tempest.lib.common.rest_client [req-3a99c631-80b0-4028-a322-e4ace7e11a53 req-3a99c631-80b0-4028-a322-e4ace7e11a53 ] Request (ServerDiskConfigTestJSON:tearDownClass): 204 DELETE http://10.180.1.21:9696/networking/v2.0/routers/e6e080ec-925f-4307-9332-6b43e6a547e7 0.577s
2025-05-19 18:36:05.162 70320 INFO tempest.lib.common.rest_client [req-7abeb03f-daab-42c5-ba37-a415b8641a1a req-7abeb03f-daab-42c5-ba37-a415b8641a1a ] Request (ServersTestJSON:tearDownClass): 200 GET http://10.180.1.21:9696/networking/v2.0/security-groups?tenant_id=465ed913779247e39e0544aec37f32fd&name=default 0.106s
2025-05-19 18:36:05.182 70318 INFO tempest.lib.common.rest_client [req-3724be59-429b-421e-b0b5-88666a881d39 req-3724be59-429b-421e-b0b5-88666a881d39 ] Request (VolumesSnapshotsTestJSON:tearDownClass): 404 GET http://10.180.1.21/compute/v2.1/os-volumes/ef916105-de1c-4984-89f7-2686f5c70081 0.118s
2025-05-19 18:36:05.216 70370 INFO tempest.lib.common.rest_client [req-070b0a1f-5b5a-4f9a-9436-a860e14a0dac req-070b0a1f-5b5a-4f9a-9436-a860e14a0dac ] Request (VolumesTestJSON:test_volume_list_param_offset_and_limit): 200 GET http://10.180.1.21/compute/v2.1/os-volumes?offset=1&limit=1 0.060s
2025-05-19 18:36:05.280 70318 INFO tempest.lib.common.rest_client [req-e66105d5-e715-4e5a-92ff-15e0704144af req-e66105d5-e715-4e5a-92ff-15e0704144af ] Request (VolumesSnapshotsTestJSON:tearDownClass): 204 DELETE http://10.180.1.21/identity/v3/users/d8f1f1a26d724cdeb4e0f13166d82619 0.097s
2025-05-19 18:36:05.280 70318 INFO tempest.lib.common.dynamic_creds [-] Deleting project and security group for project: 98d4a925e7e443898d2a50e844124c4a
2025-05-19 18:36:05.316 70352 INFO tempest.lib.common.rest_client [req-337b2bf4-c8fc-4a97-98d5-8f896a4b3c57 req-337b2bf4-c8fc-4a97-98d5-8f896a4b3c57 ] Request (ServerAddressesTestJSON:setUpClass): 200 GET http://10.180.1.21/compute/v2.1/servers/ff79d9d9-80b1-40d5-95e4-e77c33e20e64 0.146s
2025-05-19 18:36:05.323 70352 INFO tempest.common.waiters [-] State transition "BUILD/scheduling" ==> "ERROR/None" after 1 second wait
2025-05-19 18:36:05.342 70318 INFO tempest.lib.common.rest_client [req-2c82db3d-be4d-465d-bde3-607b4514fc27 req-2c82db3d-be4d-465d-bde3-607b4514fc27 ] Request (VolumesSnapshotsTestJSON:tearDownClass): 201 POST http://10.180.1.21/identity/v3/auth/tokens 0.061s
2025-05-19 18:36:05.376 70372 INFO tempest.lib.common.rest_client [req-6674c644-e30e-4f41-9111-3ec408142f29 req-6674c644-e30e-4f41-9111-3ec408142f29 ] Request (AttachVolumeNegativeTest:_run_cleanups): 204 DELETE http://10.180.1.21:9696/networking/v2.0/floatingips/0db43251-56e3-49ac-b5cd-c57f40a65b72 0.429s
2025-05-19 18:36:05.383 70370 INFO tempest.lib.common.rest_client [req-ac76832e-37f1-437b-b800-264f4fbb5dcb req-ac76832e-37f1-437b-b800-264f4fbb5dcb ] Request (VolumesTestJSON:test_volume_list_with_detail_param_limit): 200 GET http://10.180.1.21/compute/v2.1/os-volumes/detail?limit=2 0.162s
2025-05-19 18:36:05.428 70320 INFO tempest.lib.common.rest_client [req-28bc9d22-87a8-4511-8753-0182c9230d8f req-28bc9d22-87a8-4511-8753-0182c9230d8f ] Request (ServersTestJSON:tearDownClass): 204 DELETE http://10.180.1.21:9696/networking/v2.0/security-groups/d3981965-2cc7-40f9-aeef-2d494a4400f6 0.265s
2025-05-19 18:36:05.513 70326 INFO tempest.lib.common.rest_client [req-29db9c0c-72f7-4d80-8e6c-6930b814fc6c req-29db9c0c-72f7-4d80-8e6c-6930b814fc6c ] Request (ListImageFiltersTestJSON:tearDownClass): 200 GET http://10.180.1.21:9696/networking/v2.0/security-groups?tenant_id=bf972f3462fd403394f4abf275064c8a&name=default 0.387s
2025-05-19 18:36:05.527 70320 INFO tempest.lib.common.rest_client [req-aa1bd2a2-f958-4670-84f7-0b8bbd3c61f9 req-aa1bd2a2-f958-4670-84f7-0b8bbd3c61f9 ] Request (ServersTestJSON:tearDownClass): 204 DELETE http://10.180.1.21/identity/v3/projects/465ed913779247e39e0544aec37f32fd 0.098s
2025-05-19 18:36:05.538 70342 INFO tempest.lib.common.rest_client [req-e4d4af02-e6d4-42a7-9b7e-0937903b46e8 req-e4d4af02-e6d4-42a7-9b7e-0937903b46e8 ] Request (ServerDiskConfigTestJSON:tearDownClass): 204 DELETE http://10.180.1.21:9696/networking/v2.0/subnets/e90479ab-c55c-44fd-a7aa-7e388f608160 0.376s
2025-05-19 18:36:05.583 70324 INFO tempest.lib.common.rest_client [req-1fb6b478-2a0f-44eb-87b4-a6b56bdc6646 req-1fb6b478-2a0f-44eb-87b4-a6b56bdc6646 ] Request (DeleteServersTestJSON:test_delete_server_while_in_verify_resize_state): 202 POST http://10.180.1.21/compute/v2.1/servers 0.728s
2025-05-19 18:36:05.605 70320 INFO tempest.lib.common.rest_client [req-e91fed33-5cc2-4dc3-bc72-da7cc3243ac5 req-e91fed33-5cc2-4dc3-bc72-da7cc3243ac5 ] Request (ServersTestMultiNic:setUpClass): 201 POST http://10.180.1.21/identity/v3/auth/tokens 0.075s
2025-05-19 18:36:05.629 70370 INFO tempest.lib.common.rest_client [req-3a0c2b0c-7acc-4e5d-8bb4-7ef6f3db405c req-3a0c2b0c-7acc-4e5d-8bb4-7ef6f3db405c ] Request (VolumesTestJSON:test_volume_list_with_detail_param_offset_and_limit): 200 GET http://10.180.1.21/compute/v2.1/os-volumes/detail 0.240s
2025-05-19 18:36:05.668 70320 INFO tempest.lib.common.rest_client [req-061d59df-f706-42dc-9d6f-b433a0b5abfd req-061d59df-f706-42dc-9d6f-b433a0b5abfd ] Request (ServersTestMultiNic:setUpClass): 201 POST http://10.180.1.21/identity/v3/auth/tokens 0.061s
2025-05-19 18:36:05.674 70352 INFO tempest.lib.common.rest_client [req-38a4d175-bbaa-4403-b54d-54809d651afb req-38a4d175-bbaa-4403-b54d-54809d651afb ] Request (ServerAddressesTestJSON:setUpClass): 204 DELETE http://10.180.1.21/compute/v2.1/servers/ff79d9d9-80b1-40d5-95e4-e77c33e20e64 0.351s
2025-05-19 18:36:05.705 70320 INFO tempest.lib.common.rest_client [req-5f16b722-8539-45ae-b964-09057d0065b0 req-5f16b722-8539-45ae-b964-09057d0065b0 ] Request (ServersTestMultiNic:setUpClass): 200 GET http://10.180.1.21/identity/v3/domains?name=Default 0.037s
2025-05-19 18:36:05.733 70350 INFO tempest.lib.common.rest_client [req-35e04409-107f-402d-be69-fdeba1977f08 req-35e04409-107f-402d-be69-fdeba1977f08 ] Request (ServersTestJSON:test_update_access_server_address): 200 GET http://10.180.1.21/compute/v2.1/servers/6d6fc6ad-e03c-46da-81c6-9aff670e7788 0.337s
2025-05-19 18:36:05.740 70318 INFO tempest.lib.common.rest_client [req-3b4ff624-ff70-424e-af73-f7dae6955841 req-3b4ff624-ff70-424e-af73-f7dae6955841 ] Request (VolumesSnapshotsTestJSON:tearDownClass): 200 GET http://10.180.1.21:9696/networking/v2.0/security-groups?tenant_id=98d4a925e7e443898d2a50e844124c4a&name=default 0.396s
2025-05-19 18:36:05.742 70350 INFO tempest.common.waiters [-] State transition "BUILD/scheduling" ==> "ERROR/None" after 1 second wait
2025-05-19 18:36:05.747 70320 INFO tempest.lib.common.rest_client [req-cad49e25-c5a2-47f3-9256-37bfe3636a39 req-cad49e25-c5a2-47f3-9256-37bfe3636a39 ] Request (ServersTestMultiNic:setUpClass): 201 POST http://10.180.1.21/identity/v3/projects 0.041s
2025-05-19 18:36:05.752 70324 INFO tempest.lib.common.rest_client [req-8d138e03-6dbc-4405-9608-92c17f9ddc70 req-8d138e03-6dbc-4405-9608-92c17f9ddc70 ] Request (DeleteServersTestJSON:test_delete_server_while_in_verify_resize_state): 200 GET http://10.180.1.21/compute/v2.1/servers/e2a40a53-d77f-4629-bc47-8c097633a1a0 0.167s
2025-05-19 18:36:05.762 70326 INFO tempest.lib.common.rest_client [req-fe21d113-cf93-42a2-a865-c47a323e550e req-fe21d113-cf93-42a2-a865-c47a323e550e ] Request (ListImageFiltersTestJSON:tearDownClass): 204 DELETE http://10.180.1.21:9696/networking/v2.0/security-groups/2e8a4f66-835c-4396-80ba-17ef67953956 0.249s
2025-05-19 18:36:05.775 70370 INFO tempest.lib.common.rest_client [req-8d63a345-181f-4aa2-9b7c-6acb0b835a22 req-8d63a345-181f-4aa2-9b7c-6acb0b835a22 ] Request (VolumesTestJSON:test_volume_list_with_detail_param_offset_and_limit): 200 GET http://10.180.1.21/compute/v2.1/os-volumes/detail?offset=1&limit=1 0.140s
2025-05-19 18:36:05.781 70352 INFO tempest.lib.common.rest_client [req-71393940-f872-4cf7-b442-af56e30f31dd req-71393940-f872-4cf7-b442-af56e30f31dd ] Request (ServerAddressesTestJSON:setUpClass): 404 GET http://10.180.1.21/compute/v2.1/servers/ff79d9d9-80b1-40d5-95e4-e77c33e20e64 0.107s
2025-05-19 18:36:05.782 70352 INFO tempest.test [-] raised in ServerAddressesTestJSON.setUpClass. Invoking tearDownClass.
2025-05-19 18:36:05.825 70370 INFO tempest.lib.common.rest_client [req-9e9758cb-e3c4-4cdb-a67d-2b77f55a23c5 req-9e9758cb-e3c4-4cdb-a67d-2b77f55a23c5 ] Request (VolumesTestJSON:test_volume_list_with_details): 200 GET http://10.180.1.21/compute/v2.1/os-volumes/detail 0.045s
2025-05-19 18:36:05.844 70320 INFO tempest.lib.common.rest_client [req-2ebd9c61-a960-4a39-8ba2-85478c7468ec req-2ebd9c61-a960-4a39-8ba2-85478c7468ec ] Request (ServersTestMultiNic:setUpClass): 201 POST http://10.180.1.21/identity/v3/users 0.097s
2025-05-19 18:36:05.868 70320 INFO tempest.lib.common.rest_client [req-ae891f6a-af90-4c54-aea0-b226ab81d819 req-ae891f6a-af90-4c54-aea0-b226ab81d819 ] Request (ServersTestMultiNic:setUpClass): 200 GET http://10.180.1.21/identity/v3/roles 0.023s
2025-05-19 18:36:05.882 70370 INFO tempest.lib.common.rest_client [req-3dbc0b84-f8f9-4cf8-9a6d-1be59dda8c0e req-3dbc0b84-f8f9-4cf8-9a6d-1be59dda8c0e ] Request (VolumesTestJSON:tearDownClass): 202 DELETE http://10.180.1.21/volume/v3/volumes/258a484d-4f05-4fc0-9e84-835323c14051 0.045s
2025-05-19 18:36:05.901 70320 INFO tempest.lib.common.rest_client [req-5bc83f48-070a-4547-9e46-5b05f6edd967 req-5bc83f48-070a-4547-9e46-5b05f6edd967 ] Request (ServersTestMultiNic:setUpClass): 204 PUT http://10.180.1.21/identity/v3/projects/e283d987650a4e5686bc78229ed5aa72/users/b2cd52057f4b4ac89b6e2ae4f3414a78/roles/c3ec1a5db096472ca2a7b5eee8660b83 0.032s
2025-05-19 18:36:05.901 70320 INFO tempest.lib.common.dynamic_creds [-] Dynamic test user b2cd52057f4b4ac89b6e2ae4f3414a78 is created with scope project and roles: ['member']
2025-05-19 18:36:05.904 70320 INFO tempest.lib.common.dynamic_creds [-] Acquired dynamic creds: credentials: Credentials: {'domain_id': 'default', 'domain_name': 'Default', 'username': 'tempest-ServersTestMultiNic-1133087533-project-member', 'project_domain_id': 'default', 'project_domain_name': 'Default', 'project_id': 'e283d987650a4e5686bc78229ed5aa72', 'project_name': 'tempest-ServersTestMultiNic-1133087533', 'tenant_id': 'e283d987650a4e5686bc78229ed5aa72', 'tenant_name': 'tempest-ServersTestMultiNic-1133087533', 'user_domain_id': 'default', 'user_domain_name': 'Default', 'user_id': 'b2cd52057f4b4ac89b6e2ae4f3414a78', 'system': None}, Network: None, Subnet: None, Router: None
2025-05-19 18:36:05.919 70370 INFO tempest.lib.common.rest_client [req-5945fe28-a19d-4a7d-a1ff-3eb4b76be000 req-5945fe28-a19d-4a7d-a1ff-3eb4b76be000 ] Request (VolumesTestJSON:tearDownClass): 200 GET http://10.180.1.21/volume/v3/volumes/258a484d-4f05-4fc0-9e84-835323c14051 0.037s
2025-05-19 18:36:05.936 70326 INFO tempest.lib.common.rest_client [req-d5b589d2-7775-4f90-862a-09ec236721e7 req-d5b589d2-7775-4f90-862a-09ec236721e7 ] Request (ListImageFiltersTestJSON:tearDownClass): 204 DELETE http://10.180.1.21/identity/v3/projects/bf972f3462fd403394f4abf275064c8a 0.171s
2025-05-19 18:36:05.976 70320 INFO tempest.lib.common.rest_client [req-f2d9511b-439e-49d3-8869-ec504ffa51a0 req-f2d9511b-439e-49d3-8869-ec504ffa51a0 ] Request (ServersTestMultiNic:setUpClass): 201 POST http://10.180.1.21/identity/v3/auth/tokens 0.071s
2025-05-19 18:36:05.985 70318 INFO tempest.lib.common.rest_client [req-fb3dd455-16a1-4bd0-9a0d-8a750f17dfca req-fb3dd455-16a1-4bd0-9a0d-8a750f17dfca ] Request (VolumesSnapshotsTestJSON:tearDownClass): 204 DELETE http://10.180.1.21:9696/networking/v2.0/security-groups/277df0bb-ea8f-4978-989f-a1e35a432bf5 0.244s
2025-05-19 18:36:06.008 70326 INFO tempest.lib.common.rest_client [req-7ea453fe-4f45-43b0-9661-922d93c3215b req-7ea453fe-4f45-43b0-9661-922d93c3215b ] Request (ServerAddressesNegativeTestJSON:setUpClass): 201 POST http://10.180.1.21/identity/v3/auth/tokens 0.068s
2025-05-19 18:36:06.019 70350 INFO tempest.lib.common.rest_client [req-2022c320-e33f-4e10-9f36-259955433e17 req-2022c320-e33f-4e10-9f36-259955433e17 ] Request (ServersTestJSON:test_update_access_server_address): 204 DELETE http://10.180.1.21/compute/v2.1/servers/6d6fc6ad-e03c-46da-81c6-9aff670e7788 0.276s
2025-05-19 18:36:06.042 70350 INFO tempest.lib.common.rest_client [req-189b2d71-bdf0-4c2b-ba51-596794bd5567 req-189b2d71-bdf0-4c2b-ba51-596794bd5567 ] Request (ServersTestJSON:test_update_access_server_address): 404 GET http://10.180.1.21/compute/v2.1/servers/6d6fc6ad-e03c-46da-81c6-9aff670e7788 0.023s
2025-05-19 18:36:06.055 70318 INFO tempest.lib.common.rest_client [req-99596601-1ed0-4fdf-8308-9bed2f934e6e req-99596601-1ed0-4fdf-8308-9bed2f934e6e ] Request (VolumesSnapshotsTestJSON:tearDownClass): 204 DELETE http://10.180.1.21/identity/v3/projects/98d4a925e7e443898d2a50e844124c4a 0.070s
2025-05-19 18:36:06.112 70326 INFO tempest.lib.common.rest_client [req-9d73dd31-483a-45ed-9121-f01954fc40b1 req-9d73dd31-483a-45ed-9121-f01954fc40b1 ] Request (ServerAddressesNegativeTestJSON:setUpClass): 201 POST http://10.180.1.21/identity/v3/auth/tokens 0.100s
2025-05-19 18:36:06.144 70326 INFO tempest.lib.common.rest_client [req-5861de42-f531-4930-ab87-c98bfe78ed47 req-5861de42-f531-4930-ab87-c98bfe78ed47 ] Request (ServerAddressesNegativeTestJSON:setUpClass): 200 GET http://10.180.1.21/identity/v3/domains?name=Default 0.032s
2025-05-19 18:36:06.167 70350 INFO tempest.lib.common.rest_client [req-badc6183-c57d-406d-9f84-0e8ed6363d69 req-badc6183-c57d-406d-9f84-0e8ed6363d69 ] Request (ServersTestJSON:test_update_server_name): 201 POST http://10.180.1.21/identity/v3/auth/tokens 0.117s
2025-05-19 18:36:06.167 70350 INFO tempest.lib.common.fixed_network [-] (ServersTestJSON:test_update_server_name) Found network {'id': '1fbee121-b09a-49fa-bf1a-2eb6fa12fd2e', 'name': 'tempest-ServersTestJSON-1501778401-network', 'tenant_id': '95ac7e1bf42a450d969645f24e3bca12', 'admin_state_up': True, 'mtu': 8950, 'status': 'ACTIVE', 'subnets': [], 'shared': False, 'project_id': '95ac7e1bf42a450d969645f24e3bca12', 'port_security_enabled': True, 'router:external': False, 'provider:network_type': 'vlan', 'provider:physical_network': 'default', 'provider:segmentation_id': 820, 'availability_zone_hints': [], 'availability_zones': [], 'ipv4_address_scope': None, 'ipv6_address_scope': None, 'description': '', 'tags': [], 'created_at': '2025-05-19T18:35:23Z', 'updated_at': '2025-05-19T18:35:23Z', 'revision_number': 1} available for tenant
2025-05-19 18:36:06.180 70326 INFO tempest.lib.common.rest_client [req-a54c76d0-645d-48c5-b304-fc74e83ee8e7 req-a54c76d0-645d-48c5-b304-fc74e83ee8e7 ] Request (ServerAddressesNegativeTestJSON:setUpClass): 201 POST http://10.180.1.21/identity/v3/projects 0.035s
2025-05-19 18:36:06.227 70334 INFO tempest.lib.common.rest_client [req-35d69f9e-02fe-44cc-aa61-c37fa8e8585e req-35d69f9e-02fe-44cc-aa61-c37fa8e8585e ] Request (AttachVolumeTestJSON:test_attach_detach_volume): 200 GET http://10.180.1.21/compute/v2.1/servers/f12aaca0-1b39-44e3-8837-912aa4eaedfc 0.104s
2025-05-19 18:36:06.236 70334 INFO tempest.common.waiters [-] State transition "BUILD/scheduling" ==> "ERROR/None" after 1 second wait
2025-05-19 18:36:06.246 70326 INFO tempest.lib.common.rest_client [req-7d150f6f-0027-4d52-b43d-a538ac3e13e7 req-7d150f6f-0027-4d52-b43d-a538ac3e13e7 ] Request (ServerAddressesNegativeTestJSON:setUpClass): 201 POST http://10.180.1.21/identity/v3/users 0.065s
2025-05-19 18:36:06.272 70326 INFO tempest.lib.common.rest_client [req-044926cc-2520-4644-b9f6-73c86d110afc req-044926cc-2520-4644-b9f6-73c86d110afc ] Request (ServerAddressesNegativeTestJSON:setUpClass): 200 GET http://10.180.1.21/identity/v3/roles 0.025s
2025-05-19 18:36:06.307 70326 INFO tempest.lib.common.rest_client [req-1f0feb90-fa16-4537-b026-b3ce1e2288a0 req-1f0feb90-fa16-4537-b026-b3ce1e2288a0 ] Request (ServerAddressesNegativeTestJSON:setUpClass): 204 PUT http://10.180.1.21/identity/v3/projects/25887d79487d44dcbcbe639b57548629/users/3468c1539e0e4451b1b4e138641b1bd3/roles/c3ec1a5db096472ca2a7b5eee8660b83 0.034s
2025-05-19 18:36:06.307 70326 INFO tempest.lib.common.dynamic_creds [-] Dynamic test user 3468c1539e0e4451b1b4e138641b1bd3 is created with scope project and roles: ['member']
2025-05-19 18:36:06.307 70326 INFO tempest.lib.common.dynamic_creds [-] Acquired dynamic creds: credentials: Credentials: {'domain_id': 'default', 'domain_name': 'Default', 'username': 'tempest-ServerAddressesNegativeTestJSON-182000824-project-member', 'project_domain_id': 'default', 'project_domain_name': 'Default', 'project_id': '25887d79487d44dcbcbe639b57548629', 'project_name': 'tempest-ServerAddressesNegativeTestJSON-182000824', 'tenant_id': '25887d79487d44dcbcbe639b57548629', 'tenant_name': 'tempest-ServerAddressesNegativeTestJSON-182000824', 'user_domain_id': 'default', 'user_domain_name': 'Default', 'user_id': '3468c1539e0e4451b1b4e138641b1bd3', 'system': None}, Network: None, Subnet: None, Router: None
2025-05-19 18:36:06.379 70326 INFO tempest.lib.common.rest_client [req-89b51c91-dea8-4146-9848-92644f6f7138 req-89b51c91-dea8-4146-9848-92644f6f7138 ] Request (ServerAddressesNegativeTestJSON:setUpClass): 201 POST http://10.180.1.21/identity/v3/auth/tokens 0.071s
2025-05-19 18:36:06.475 70334 INFO tempest.lib.common.rest_client [req-7b151d43-7c3e-4bc9-ad6a-b7a5c00f8274 req-7b151d43-7c3e-4bc9-ad6a-b7a5c00f8274 ] Request (AttachVolumeTestJSON:test_attach_detach_volume): 204 DELETE http://10.180.1.21/compute/v2.1/servers/f12aaca0-1b39-44e3-8837-912aa4eaedfc 0.238s
2025-05-19 18:36:06.479 70342 INFO tempest.lib.common.rest_client [req-2b73c337-b5fa-4b6c-a996-e331b0afdb17 req-2b73c337-b5fa-4b6c-a996-e331b0afdb17 ] Request (ServerDiskConfigTestJSON:tearDownClass): 204 DELETE http://10.180.1.21:9696/networking/v2.0/networks/47bdbceb-a887-4bcc-a3a3-1eca4c188315 0.937s
2025-05-19 18:36:06.496 70334 INFO tempest.lib.common.rest_client [req-4537c8ee-5611-4cd0-83b5-e6aba2fd8c3f req-4537c8ee-5611-4cd0-83b5-e6aba2fd8c3f ] Request (AttachVolumeTestJSON:test_attach_detach_volume): 404 GET http://10.180.1.21/compute/v2.1/servers/f12aaca0-1b39-44e3-8837-912aa4eaedfc 0.021s
2025-05-19 18:36:06.513 70334 INFO tempest.lib.common.rest_client [req-21e72ce6-8c1c-4510-835c-f6f1ae59a80d req-21e72ce6-8c1c-4510-835c-f6f1ae59a80d ] Request (AttachVolumeTestJSON:_run_cleanups): 202 DELETE http://10.180.1.21/compute/v2.1/os-keypairs/tempest-keypair-1800739140 0.016s
2025-05-19 18:36:06.554 70342 INFO tempest.lib.common.rest_client [req-8a3a7f36-6013-445c-943c-ea9b10dd12f3 req-8a3a7f36-6013-445c-943c-ea9b10dd12f3 ] Request (ServerDiskConfigTestJSON:tearDownClass): 204 DELETE http://10.180.1.21/identity/v3/users/7138a9a774b84c6780722d7c30518378 0.074s
2025-05-19 18:36:06.554 70342 INFO tempest.lib.common.dynamic_creds [-] Deleting project and security group for project: 7e389c970ade47dd8de425f3fff9a778
2025-05-19 18:36:06.621 70378 INFO tempest.lib.common.rest_client [req-e44757c7-e5c2-4a36-a92e-5e002701ce20 req-e44757c7-e5c2-4a36-a92e-5e002701ce20 ] Request (ServerRescueTestJSONUnderV235:setUpClass): 200 PUT http://10.180.1.21:9696/networking/v2.0/routers/8b54f27f-57e5-42b6-becd-aa6821c42237/add_router_interface 2.343s
2025-05-19 18:36:06.622 70378 INFO tempest.lib.common.dynamic_creds [-] Created isolated network resources for: credentials: Credentials: {'domain_id': 'default', 'domain_name': 'Default', 'username': 'tempest-ServerRescueTestJSONUnderV235-1064627085-project-member', 'project_domain_id': 'default', 'project_domain_name': 'Default', 'project_id': '1aad980bb707464caac5fe463650163a', 'project_name': 'tempest-ServerRescueTestJSONUnderV235-1064627085', 'tenant_id': '1aad980bb707464caac5fe463650163a', 'tenant_name': 'tempest-ServerRescueTestJSONUnderV235-1064627085', 'user_domain_id': 'default', 'user_domain_name': 'Default', 'user_id': 'df1482d6564146d384f27d6527249ba7', 'system': None}, Network: {'id': 'f285697c-47eb-462e-827c-94a6d759e6bd', 'name': 'tempest-ServerRescueTestJSONUnderV235-247889452-network', 'tenant_id': '1aad980bb707464caac5fe463650163a', 'admin_state_up': True, 'mtu': 8950, 'status': 'ACTIVE', 'subnets': [], 'shared': False, 'project_id': '1aad980bb707464caac5fe463650163a', 'port_security_enabled': True, 'router:external': False, 'provider:network_type': 'vlan', 'provider:physical_network': 'default', 'provider:segmentation_id': 518, 'availability_zone_hints': [], 'availability_zones': [], 'ipv4_address_scope': None, 'ipv6_address_scope': None, 'description': '', 'tags': [], 'created_at': '2025-05-19T18:36:02Z', 'updated_at': '2025-05-19T18:36:02Z', 'revision_number': 1}, Subnet: {'id': 'e2a4f20d-e6f5-4711-aac8-0a692212db98', 'name': 'tempest-ServerRescueTestJSONUnderV235-247889452-subnet', 'tenant_id': '1aad980bb707464caac5fe463650163a', 'network_id': 'f285697c-47eb-462e-827c-94a6d759e6bd', 'ip_version': 4, 'subnetpool_id': None, 'enable_dhcp': False, 'ipv6_ra_mode': None, 'ipv6_address_mode': None, 'gateway_ip': '192.168.128.1', 'cidr': '192.168.128.0/28', 'allocation_pools': [{'start': '192.168.128.2', 'end': '192.168.128.14'}], 'host_routes': [], 'dns_nameservers': [], 'description': '', 'router:external': False, 'service_types': [], 'tags': [], 'created_at': '2025-05-19T18:36:02Z', 'updated_at': '2025-05-19T18:36:02Z', 'revision_number': 0, 'project_id': '1aad980bb707464caac5fe463650163a'}, Router: {'id': '8b54f27f-57e5-42b6-becd-aa6821c42237', 'name': 'tempest-ServerRescueTestJSONUnderV235-247889452-router', 'tenant_id': '1aad980bb707464caac5fe463650163a', 'admin_state_up': True, 'status': 'ACTIVE', 'external_gateway_info': {'network_id': '6047c161-c51e-49ce-b0c9-d413bac2bd5a', 'external_fixed_ips': [{'subnet_id': 'abc9ab84-fc1d-46ad-b616-dc331a68fa70', 'ip_address': '10.180.180.177'}], 'enable_snat': True}, 'description': '', 'availability_zones': [], 'distributed': False, 'ha': False, 'availability_zone_hints': [], 'routes': [], 'flavor_id': None, 'tags': [], 'created_at': '2025-05-19T18:36:03Z', 'updated_at': '2025-05-19T18:36:03Z', 'revision_number': 2, 'project_id': '1aad980bb707464caac5fe463650163a'}
2025-05-19 18:36:06.633 70320 INFO tempest.lib.common.rest_client [req-7cb3003e-151b-4c35-b74f-af17b7cc1e9c req-7cb3003e-151b-4c35-b74f-af17b7cc1e9c ] Request (ServersTestMultiNic:setUpClass): 201 POST http://10.180.1.21:9696/networking/v2.0/networks 0.657s
2025-05-19 18:36:06.634 70342 INFO tempest.lib.common.rest_client [req-bf42f77d-1bf5-46f0-b0da-12186cdbd01a req-bf42f77d-1bf5-46f0-b0da-12186cdbd01a ] Request (ServerDiskConfigTestJSON:tearDownClass): 200 GET http://10.180.1.21:9696/networking/v2.0/security-groups?tenant_id=7e389c970ade47dd8de425f3fff9a778&name=default 0.079s
2025-05-19 18:36:06.695 70378 INFO tempest.lib.common.rest_client [req-4fcb688f-f3b5-459b-907e-dc3c6a945990 req-4fcb688f-f3b5-459b-907e-dc3c6a945990 ] Request (ServerRescueTestJSONUnderV235:setUpClass): 201 POST http://10.180.1.21/identity/v3/auth/tokens 0.070s
2025-05-19 18:36:06.726 70378 INFO tempest.lib.common.rest_client [req-8e378c9f-2bb7-4dfb-b805-98ecfc6b17ac req-8e378c9f-2bb7-4dfb-b805-98ecfc6b17ac ] Request (ServerRescueTestJSONUnderV235:setUpClass): 201 POST http://10.180.1.21/identity/v3/auth/tokens 0.027s
2025-05-19 18:36:06.727 70378 INFO tempest.lib.common.fixed_network [-] (ServerRescueTestJSONUnderV235:setUpClass) Found network {'id': 'f285697c-47eb-462e-827c-94a6d759e6bd', 'name': 'tempest-ServerRescueTestJSONUnderV235-247889452-network', 'tenant_id': '1aad980bb707464caac5fe463650163a', 'admin_state_up': True, 'mtu': 8950, 'status': 'ACTIVE', 'subnets': [], 'shared': False, 'project_id': '1aad980bb707464caac5fe463650163a', 'port_security_enabled': True, 'router:external': False, 'provider:network_type': 'vlan', 'provider:physical_network': 'default', 'provider:segmentation_id': 518, 'availability_zone_hints': [], 'availability_zones': [], 'ipv4_address_scope': None, 'ipv6_address_scope': None, 'description': '', 'tags': [], 'created_at': '2025-05-19T18:36:02Z', 'updated_at': '2025-05-19T18:36:02Z', 'revision_number': 1} available for tenant
2025-05-19 18:36:06.801 70334 INFO tempest.lib.common.rest_client [req-7ccfc1f5-888e-47e3-90dd-2f85a71a277b req-7ccfc1f5-888e-47e3-90dd-2f85a71a277b ] Request (AttachVolumeTestJSON:_run_cleanups): 204 DELETE http://10.180.1.21:9696/networking/v2.0/security-groups/f6850eb3-0032-4cef-838b-fe727a727a4d 0.287s
2025-05-19 18:36:06.832 70350 INFO tempest.lib.common.rest_client [req-e5b689f1-106b-46d7-8949-68a59175e9aa req-e5b689f1-106b-46d7-8949-68a59175e9aa ] Request (ServersTestJSON:test_update_server_name): 202 POST http://10.180.1.21/compute/v2.1/servers 0.664s
2025-05-19 18:36:06.842 70334 INFO tempest.lib.common.rest_client [req-fd0801e9-b682-429b-acc1-9a8c7630f576 req-fd0801e9-b682-429b-acc1-9a8c7630f576 ] Request (AttachVolumeTestJSON:_run_cleanups): 404 GET http://10.180.1.21:9696/networking/v2.0/security-groups/f6850eb3-0032-4cef-838b-fe727a727a4d 0.040s
2025-05-19 18:36:06.899 70342 INFO tempest.lib.common.rest_client [req-78d3aa78-73f5-4152-a3c5-d5427c963d90 req-78d3aa78-73f5-4152-a3c5-d5427c963d90 ] Request (ServerDiskConfigTestJSON:tearDownClass): 204 DELETE http://10.180.1.21:9696/networking/v2.0/security-groups/db1dbd88-0596-4d63-b607-d87a0ef8bd6b 0.263s
2025-05-19 18:36:06.941 70370 INFO tempest.lib.common.rest_client [req-1150bbda-566d-4488-ac24-d39109c9dc27 req-1150bbda-566d-4488-ac24-d39109c9dc27 ] Request (VolumesTestJSON:tearDownClass): 404 GET http://10.180.1.21/volume/v3/volumes/258a484d-4f05-4fc0-9e84-835323c14051 0.014s
2025-05-19 18:36:06.951 70324 INFO tempest.lib.common.rest_client [req-716f407d-e6e4-43d8-af4b-ca6da76e9fea req-716f407d-e6e4-43d8-af4b-ca6da76e9fea ] Request (DeleteServersTestJSON:test_delete_server_while_in_verify_resize_state): 200 GET http://10.180.1.21/compute/v2.1/servers/e2a40a53-d77f-4629-bc47-8c097633a1a0 0.190s
2025-05-19 18:36:06.959 70324 INFO tempest.common.waiters [-] State transition "BUILD/scheduling" ==> "ERROR/None" after 1 second wait
2025-05-19 18:36:06.991 70370 INFO tempest.lib.common.rest_client [req-be03b076-9c9d-4031-aca3-ff5ec4341302 req-be03b076-9c9d-4031-aca3-ff5ec4341302 ] Request (VolumesTestJSON:tearDownClass): 202 DELETE http://10.180.1.21/volume/v3/volumes/92fc7e77-3ad8-448a-83e2-fb548104f01f 0.050s
2025-05-19 18:36:07.008 70350 INFO tempest.lib.common.rest_client [req-47f6e306-8938-48b1-b49a-4487cc4ea84d req-47f6e306-8938-48b1-b49a-4487cc4ea84d ] Request (ServersTestJSON:test_update_server_name): 200 GET http://10.180.1.21/compute/v2.1/servers/8e2a8f46-c708-405a-ba86-2099c208c99b 0.174s
2025-05-19 18:36:07.024 70370 INFO tempest.lib.common.rest_client [req-5aceeb4e-f3a7-42a8-9095-2f7298b9298f req-5aceeb4e-f3a7-42a8-9095-2f7298b9298f ] Request (VolumesTestJSON:tearDownClass): 200 GET http://10.180.1.21/volume/v3/volumes/92fc7e77-3ad8-448a-83e2-fb548104f01f 0.033s
2025-05-19 18:36:07.031 70342 INFO tempest.lib.common.rest_client [req-80c0463c-7c2b-4ff4-964b-52a50d83396b req-80c0463c-7c2b-4ff4-964b-52a50d83396b ] Request (ServerDiskConfigTestJSON:tearDownClass): 204 DELETE http://10.180.1.21/identity/v3/projects/7e389c970ade47dd8de425f3fff9a778 0.132s
2025-05-19 18:36:07.105 70326 INFO tempest.lib.common.rest_client [req-8f6c2f1a-68c2-4cad-81be-ace0960a0e52 req-8f6c2f1a-68c2-4cad-81be-ace0960a0e52 ] Request (ServerAddressesNegativeTestJSON:setUpClass): 201 POST http://10.180.1.21:9696/networking/v2.0/networks 0.725s
2025-05-19 18:36:07.109 70342 INFO tempest.lib.common.rest_client [req-10f2dcab-5e82-4b2c-b4b7-a873d1d9cfe3 req-10f2dcab-5e82-4b2c-b4b7-a873d1d9cfe3 ] Request (ServersListShow2100Test:setUpClass): 201 POST http://10.180.1.21/identity/v3/auth/tokens 0.074s
2025-05-19 18:36:07.145 70342 INFO tempest.lib.common.rest_client [req-22086ef2-807a-404f-a37e-4d4c56c845be req-22086ef2-807a-404f-a37e-4d4c56c845be ] Request (ServersListShow2100Test:setUpClass): 201 POST http://10.180.1.21/identity/v3/auth/tokens 0.033s
2025-05-19 18:36:07.174 70342 INFO tempest.lib.common.rest_client [req-4a06f675-e06f-472d-bd3c-94e4861ce5ed req-4a06f675-e06f-472d-bd3c-94e4861ce5ed ] Request (ServersListShow2100Test:setUpClass): 200 GET http://10.180.1.21/identity/v3/domains?name=Default 0.028s
2025-05-19 18:36:07.202 70342 INFO tempest.lib.common.rest_client [req-7a4a46a2-e654-4278-a21c-b45e3732a75a req-7a4a46a2-e654-4278-a21c-b45e3732a75a ] Request (ServersListShow2100Test:setUpClass): 201 POST http://10.180.1.21/identity/v3/projects 0.027s
2025-05-19 18:36:07.237 70380 INFO tempest.lib.common.rest_client [req-97da795b-82a3-4086-9398-68199be6d2ff req-97da795b-82a3-4086-9398-68199be6d2ff ] Request (ServersNegativeTestMultiTenantJSON:tearDownClass): 200 PUT http://10.180.1.21:9696/networking/v2.0/routers/6d219f29-5690-4ac6-9f66-0c151f2f08fa/remove_router_interface 2.258s
2025-05-19 18:36:07.256 70372 INFO tempest.lib.common.rest_client [req-ecfa7596-f9c3-44cb-a511-1b251c610d6a req-ecfa7596-f9c3-44cb-a511-1b251c610d6a ] Request (AttachVolumeNegativeTest:tearDownClass): 200 PUT http://10.180.1.21:9696/networking/v2.0/routers/2ca29f24-8d2f-4e42-a9a5-600212ba21f7/remove_router_interface 1.875s
2025-05-19 18:36:07.265 70320 INFO tempest.lib.common.rest_client [req-52e9d08b-ce61-4cdb-9b05-1806def28bb9 req-52e9d08b-ce61-4cdb-9b05-1806def28bb9 ] Request (ServersTestMultiNic:setUpClass): 201 POST http://10.180.1.21:9696/networking/v2.0/subnets 0.629s
2025-05-19 18:36:07.274 70324 INFO tempest.lib.common.rest_client [req-f5e9d239-c16e-417a-b939-57449b36b4dc req-f5e9d239-c16e-417a-b939-57449b36b4dc ] Request (DeleteServersTestJSON:test_delete_server_while_in_verify_resize_state): 204 DELETE http://10.180.1.21/compute/v2.1/servers/e2a40a53-d77f-4629-bc47-8c097633a1a0 0.314s
2025-05-19 18:36:07.306 70324 INFO tempest.lib.common.rest_client [req-bba94989-5c11-4510-a76f-c4250445a188 req-bba94989-5c11-4510-a76f-c4250445a188 ] Request (DeleteServersTestJSON:test_delete_server_while_in_verify_resize_state): 404 GET http://10.180.1.21/compute/v2.1/servers/e2a40a53-d77f-4629-bc47-8c097633a1a0 0.031s
2025-05-19 18:36:07.310 70342 INFO tempest.lib.common.rest_client [req-7fb64045-7c1f-4e71-b33f-b67590add610 req-7fb64045-7c1f-4e71-b33f-b67590add610 ] Request (ServersListShow2100Test:setUpClass): 201 POST http://10.180.1.21/identity/v3/users 0.108s
2025-05-19 18:36:07.336 70324 INFO tempest.lib.common.rest_client [req-af15c236-c176-45cf-ac79-611bbc346bc2 req-af15c236-c176-45cf-ac79-611bbc346bc2 ] Request (DeleteServersTestJSON:tearDownClass): 404 DELETE http://10.180.1.21/compute/v2.1/servers/1f8ac8f3-c4f8-474a-ac8c-e7af8288c7eb 0.026s
2025-05-19 18:36:07.344 70342 INFO tempest.lib.common.rest_client [req-a6edac4b-60c3-4252-bd5c-99689cc673e3 req-a6edac4b-60c3-4252-bd5c-99689cc673e3 ] Request (ServersListShow2100Test:setUpClass): 200 GET http://10.180.1.21/identity/v3/roles 0.033s
2025-05-19 18:36:07.365 70324 INFO tempest.lib.common.rest_client [req-df2e7842-1395-44ef-9a73-80c3534a7edb req-df2e7842-1395-44ef-9a73-80c3534a7edb ] Request (DeleteServersTestJSON:tearDownClass): 404 GET http://10.180.1.21/compute/v2.1/servers/1f8ac8f3-c4f8-474a-ac8c-e7af8288c7eb 0.028s
2025-05-19 18:36:07.385 70342 INFO tempest.lib.common.rest_client [req-74b760f3-7004-43a6-9570-11082bbb170b req-74b760f3-7004-43a6-9570-11082bbb170b ] Request (ServersListShow2100Test:setUpClass): 204 PUT http://10.180.1.21/identity/v3/projects/180a963190a64e6cb074f722ec7e5b23/users/6bc45a4621384a8291afafd1c231b269/roles/c3ec1a5db096472ca2a7b5eee8660b83 0.040s
2025-05-19 18:36:07.385 70342 INFO tempest.lib.common.dynamic_creds [-] Dynamic test user 6bc45a4621384a8291afafd1c231b269 is created with scope project and roles: ['member']
2025-05-19 18:36:07.385 70342 INFO tempest.lib.common.dynamic_creds [-] Acquired dynamic creds: credentials: Credentials: {'domain_id': 'default', 'domain_name': 'Default', 'username': 'tempest-ServersListShow2100Test-1319140892-project-member', 'project_domain_id': 'default', 'project_domain_name': 'Default', 'project_id': '180a963190a64e6cb074f722ec7e5b23', 'project_name': 'tempest-ServersListShow2100Test-1319140892', 'tenant_id': '180a963190a64e6cb074f722ec7e5b23', 'tenant_name': 'tempest-ServersListShow2100Test-1319140892', 'user_domain_id': 'default', 'user_domain_name': 'Default', 'user_id': '6bc45a4621384a8291afafd1c231b269', 'system': None}, Network: None, Subnet: None, Router: None
2025-05-19 18:36:07.385 70342 INFO tempest.lib.common.dynamic_creds [-] Created isolated network resources for: credentials: Credentials: {'domain_id': 'default', 'domain_name': 'Default', 'username': 'tempest-ServersListShow2100Test-1319140892-project-member', 'project_domain_id': 'default', 'project_domain_name': 'Default', 'project_id': '180a963190a64e6cb074f722ec7e5b23', 'project_name': 'tempest-ServersListShow2100Test-1319140892', 'tenant_id': '180a963190a64e6cb074f722ec7e5b23', 'tenant_name': 'tempest-ServersListShow2100Test-1319140892', 'user_domain_id': 'default', 'user_domain_name': 'Default', 'user_id': '6bc45a4621384a8291afafd1c231b269', 'system': None}, Network: None, Subnet: None, Router: None
2025-05-19 18:36:07.486 70342 INFO tempest.lib.common.rest_client [req-c4167358-38f6-4a95-bf9e-a786650ee547 req-c4167358-38f6-4a95-bf9e-a786650ee547 ] Request (ServersListShow2100Test:setUpClass): 201 POST http://10.180.1.21/identity/v3/auth/tokens 0.095s
2025-05-19 18:36:07.521 70342 INFO tempest.lib.common.rest_client [req-30313e63-4366-4085-a117-f374f63ef617 req-30313e63-4366-4085-a117-f374f63ef617 ] Request (ServersListShow2100Test:test_list_show_rebuild_update_server_2100): 201 POST http://10.180.1.21/identity/v3/auth/tokens 0.030s
2025-05-19 18:36:07.522 70342 INFO tempest.lib.common.fixed_network [-] (ServersListShow2100Test:test_list_show_rebuild_update_server_2100) Found network None available for tenant
2025-05-19 18:36:07.557 70352 INFO tempest.lib.common.rest_client [req-dd71c820-bd3f-4914-b9e0-136771ad094e req-dd71c820-bd3f-4914-b9e0-136771ad094e ] Request (ServerAddressesTestJSON:tearDownClass): 200 PUT http://10.180.1.21:9696/networking/v2.0/routers/25a29697-db1d-45bc-a690-c1b7c8def95a/remove_router_interface 1.775s
2025-05-19 18:36:07.727 70342 INFO tempest.lib.common.rest_client [req-55ad5b3e-e7af-4b3e-920e-9c259ae92ca9 req-55ad5b3e-e7af-4b3e-920e-9c259ae92ca9 ] Request (ServersListShow2100Test:test_list_show_rebuild_update_server_2100): 202 POST http://10.180.1.21/compute/v2.1/servers 0.205s
2025-05-19 18:36:07.764 70334 INFO tempest.lib.common.rest_client [req-1bbca1c1-c725-4ef7-bbc3-8bf59cb356ed req-1bbca1c1-c725-4ef7-bbc3-8bf59cb356ed ] Request (AttachVolumeTestJSON:_run_cleanups): 204 DELETE http://10.180.1.21:9696/networking/v2.0/floatingips/f84f4b8a-c714-4238-847e-6a8efe4e174a 0.922s
2025-05-19 18:36:07.772 70378 INFO tempest.lib.common.rest_client [req-fdaa4feb-11af-41d8-b6dc-25acfa6ebb4d req-fdaa4feb-11af-41d8-b6dc-25acfa6ebb4d ] Request (ServerRescueTestJSONUnderV235:setUpClass): 202 POST http://10.180.1.21/compute/v2.1/servers 1.045s
2025-05-19 18:36:07.818 70342 INFO tempest.lib.common.rest_client [req-f6073f3d-e72a-4e62-95a7-4276c72241f6 req-f6073f3d-e72a-4e62-95a7-4276c72241f6 ] Request (ServersListShow2100Test:test_list_show_rebuild_update_server_2100): 200 GET http://10.180.1.21/compute/v2.1/servers/8d87c103-f53d-43d7-9207-f2f78e32cad1 0.089s
2025-05-19 18:36:07.820 70334 INFO tempest.lib.common.rest_client [req-ee0c781e-cdf9-4b01-ba62-dcb3c34e2c29 req-ee0c781e-cdf9-4b01-ba62-dcb3c34e2c29 ] Request (ValidationResourcesFixture:setUp): 200 POST http://10.180.1.21/compute/v2.1/os-keypairs 0.050s
2025-05-19 18:36:07.883 70378 INFO tempest.lib.common.rest_client [req-8eda4211-05b4-4cc1-83f2-c9545f14243f req-8eda4211-05b4-4cc1-83f2-c9545f14243f ] Request (ServerRescueTestJSONUnderV235:setUpClass): 200 GET http://10.180.1.21/compute/v2.1/servers/33213112-5e83-4075-8d65-eddda4ef99c3 0.109s
2025-05-19 18:36:07.941 70326 INFO tempest.lib.common.rest_client [req-02aea040-d581-48b7-8064-4d28f845b3a7 req-02aea040-d581-48b7-8064-4d28f845b3a7 ] Request (ServerAddressesNegativeTestJSON:setUpClass): 201 POST http://10.180.1.21:9696/networking/v2.0/subnets 0.836s
2025-05-19 18:36:08.053 70370 INFO tempest.lib.common.rest_client [req-56011ccb-44ef-4d1b-b592-bcbff2e43ddf req-56011ccb-44ef-4d1b-b592-bcbff2e43ddf ] Request (VolumesTestJSON:tearDownClass): 404 GET http://10.180.1.21/volume/v3/volumes/92fc7e77-3ad8-448a-83e2-fb548104f01f 0.019s
2025-05-19 18:36:08.087 70334 INFO tempest.lib.common.rest_client [req-81bc172a-027d-4f18-8405-77a7552f5478 req-81bc172a-027d-4f18-8405-77a7552f5478 ] Request (ValidationResourcesFixture:setUp): 201 POST http://10.180.1.21:9696/networking/v2.0/security-groups 0.265s
2025-05-19 18:36:08.107 70380 INFO tempest.lib.common.rest_client [req-a76f0690-367c-4f3c-a3a6-67c7a1815a5d req-a76f0690-367c-4f3c-a3a6-67c7a1815a5d ] Request (ServersNegativeTestMultiTenantJSON:tearDownClass): 204 DELETE http://10.180.1.21:9696/networking/v2.0/routers/6d219f29-5690-4ac6-9f66-0c151f2f08fa 0.869s
2025-05-19 18:36:08.159 70370 INFO tempest.lib.common.rest_client [req-f428260e-a3a0-40b7-a6f7-e3863c50ba21 req-f428260e-a3a0-40b7-a6f7-e3863c50ba21 ] Request (VolumesTestJSON:tearDownClass): 202 DELETE http://10.180.1.21/volume/v3/volumes/62c4b9fd-d7db-4de2-a824-2ffa308a676a 0.105s
2025-05-19 18:36:08.200 70370 INFO tempest.lib.common.rest_client [req-490c97b0-3383-4dc1-b805-8ecf3b471bc3 req-490c97b0-3383-4dc1-b805-8ecf3b471bc3 ] Request (VolumesTestJSON:tearDownClass): 200 GET http://10.180.1.21/volume/v3/volumes/62c4b9fd-d7db-4de2-a824-2ffa308a676a 0.041s
2025-05-19 18:36:08.239 70350 INFO tempest.lib.common.rest_client [req-47ad51e6-f0ed-4e42-8a43-510d8a146c7c req-47ad51e6-f0ed-4e42-8a43-510d8a146c7c ] Request (ServersTestJSON:test_update_server_name): 200 GET http://10.180.1.21/compute/v2.1/servers/8e2a8f46-c708-405a-ba86-2099c208c99b 0.218s
2025-05-19 18:36:08.250 70350 INFO tempest.common.waiters [-] State transition "BUILD/scheduling" ==> "ERROR/None" after 1 second wait
2025-05-19 18:36:08.428 70334 INFO tempest.lib.common.rest_client [req-cc8e4df8-7979-494a-9a23-70d5f03a2808 req-cc8e4df8-7979-494a-9a23-70d5f03a2808 ] Request (ValidationResourcesFixture:setUp): 201 POST http://10.180.1.21:9696/networking/v2.0/security-group-rules 0.341s
2025-05-19 18:36:08.445 70380 INFO tempest.lib.common.rest_client [req-46076c5b-bfa7-417a-885c-4bb6d42140c9 req-46076c5b-bfa7-417a-885c-4bb6d42140c9 ] Request (ServersNegativeTestMultiTenantJSON:tearDownClass): 204 DELETE http://10.180.1.21:9696/networking/v2.0/subnets/5c0928ba-dde4-40c4-9486-c7ad01352316 0.338s
2025-05-19 18:36:08.452 70372 INFO tempest.lib.common.rest_client [req-1f01464e-92ad-49a7-8a78-99f53b68cc85 req-1f01464e-92ad-49a7-8a78-99f53b68cc85 ] Request (AttachVolumeNegativeTest:tearDownClass): 204 DELETE http://10.180.1.21:9696/networking/v2.0/routers/2ca29f24-8d2f-4e42-a9a5-600212ba21f7 1.196s
2025-05-19 18:36:08.521 70350 INFO tempest.lib.common.rest_client [req-7e0d4573-28b0-4efb-96b5-36f8f1501f01 req-7e0d4573-28b0-4efb-96b5-36f8f1501f01 ] Request (ServersTestJSON:test_update_server_name): 204 DELETE http://10.180.1.21/compute/v2.1/servers/8e2a8f46-c708-405a-ba86-2099c208c99b 0.270s
2025-05-19 18:36:08.555 70350 INFO tempest.lib.common.rest_client [req-5d191882-a7c7-4bf2-b12a-cb49342fbfa1 req-5d191882-a7c7-4bf2-b12a-cb49342fbfa1 ] Request (ServersTestJSON:test_update_server_name): 404 GET http://10.180.1.21/compute/v2.1/servers/8e2a8f46-c708-405a-ba86-2099c208c99b 0.033s
2025-05-19 18:36:08.590 70350 INFO tempest.lib.common.rest_client [req-fa9e3301-395f-4c69-875f-df2f6606e7b2 req-fa9e3301-395f-4c69-875f-df2f6606e7b2 ] Request (ServersTestJSON:tearDownClass): 404 DELETE http://10.180.1.21/compute/v2.1/servers/ccb245a4-56e7-4a90-a664-7c5196bf8fc9 0.029s
2025-05-19 18:36:08.617 70350 INFO tempest.lib.common.rest_client [req-ef306d0f-be20-43b6-8ffa-11d389014dff req-ef306d0f-be20-43b6-8ffa-11d389014dff ] Request (ServersTestJSON:tearDownClass): 404 GET http://10.180.1.21/compute/v2.1/servers/ccb245a4-56e7-4a90-a664-7c5196bf8fc9 0.025s
2025-05-19 18:36:08.649 70372 INFO tempest.lib.common.rest_client [req-50052527-320f-491f-aac6-7158a056b1e3 req-50052527-320f-491f-aac6-7158a056b1e3 ] Request (AttachVolumeNegativeTest:tearDownClass): 204 DELETE http://10.180.1.21:9696/networking/v2.0/subnets/20279213-258b-4029-a65e-39fb3531efad 0.196s
2025-05-19 18:36:08.729 70352 INFO tempest.lib.common.rest_client [req-e9d80e7a-c9ac-455a-a51b-47f28447fa86 req-e9d80e7a-c9ac-455a-a51b-47f28447fa86 ] Request (ServerAddressesTestJSON:tearDownClass): 204 DELETE http://10.180.1.21:9696/networking/v2.0/routers/25a29697-db1d-45bc-a690-c1b7c8def95a 1.172s
2025-05-19 18:36:08.868 70334 INFO tempest.lib.common.rest_client [req-cbce13d3-0af3-4fc9-aab9-a05fd44a2dcf req-cbce13d3-0af3-4fc9-aab9-a05fd44a2dcf ] Request (ValidationResourcesFixture:setUp): 201 POST http://10.180.1.21:9696/networking/v2.0/security-group-rules 0.439s
2025-05-19 18:36:08.928 70380 INFO tempest.lib.common.rest_client [req-99929e8e-08a8-490e-93e4-11a55d99b83c req-99929e8e-08a8-490e-93e4-11a55d99b83c ] Request (ServersNegativeTestMultiTenantJSON:tearDownClass): 204 DELETE http://10.180.1.21:9696/networking/v2.0/networks/19fb7411-dc11-4872-947f-cb041b3ac609 0.483s
2025-05-19 18:36:08.959 70342 INFO tempest.lib.common.rest_client [req-97143195-6196-4ce3-84b1-c8773819608b req-97143195-6196-4ce3-84b1-c8773819608b ] Request (ServersListShow2100Test:test_list_show_rebuild_update_server_2100): 200 GET http://10.180.1.21/compute/v2.1/servers/8d87c103-f53d-43d7-9207-f2f78e32cad1 0.118s
2025-05-19 18:36:08.973 70342 INFO tempest.common.waiters [-] State transition "BUILD/scheduling" ==> "ERROR/None" after 1 second wait
2025-05-19 18:36:09.005 70378 INFO tempest.lib.common.rest_client [req-a1d985d1-64b7-40fb-b0cc-ec3b1a5d8ff3 req-a1d985d1-64b7-40fb-b0cc-ec3b1a5d8ff3 ] Request (ServerRescueTestJSONUnderV235:setUpClass): 200 GET http://10.180.1.21/compute/v2.1/servers/33213112-5e83-4075-8d65-eddda4ef99c3 0.112s
2025-05-19 18:36:09.012 70378 INFO tempest.common.waiters [-] State transition "BUILD/scheduling" ==> "ERROR/None" after 2 second wait
2025-05-19 18:36:09.024 70352 INFO tempest.lib.common.rest_client [req-dc2ec21e-995f-4834-96e4-62f6ff96df5c req-dc2ec21e-995f-4834-96e4-62f6ff96df5c ] Request (ServerAddressesTestJSON:tearDownClass): 204 DELETE http://10.180.1.21:9696/networking/v2.0/subnets/ec29be9a-fe63-4187-bcc9-87a61dd409e2 0.294s
2025-05-19 18:36:09.223 70342 INFO tempest.lib.common.rest_client [req-7e0ac8dd-a353-4022-9568-f63d4fce3e6f req-7e0ac8dd-a353-4022-9568-f63d4fce3e6f ] Request (ServersListShow2100Test:test_list_show_rebuild_update_server_2100): 204 DELETE http://10.180.1.21/compute/v2.1/servers/8d87c103-f53d-43d7-9207-f2f78e32cad1 0.250s
2025-05-19 18:36:09.233 70370 INFO tempest.lib.common.rest_client [req-7d3a89b3-49a8-4e9e-ace5-d36f98175fc0 req-7d3a89b3-49a8-4e9e-ace5-d36f98175fc0 ] Request (VolumesTestJSON:tearDownClass): 404 GET http://10.180.1.21/volume/v3/volumes/62c4b9fd-d7db-4de2-a824-2ffa308a676a 0.019s
2025-05-19 18:36:09.253 70342 INFO tempest.lib.common.rest_client [req-6851aa0a-ad62-437a-9799-690cede27af5 req-6851aa0a-ad62-437a-9799-690cede27af5 ] Request (ServersListShow2100Test:test_list_show_rebuild_update_server_2100): 404 GET http://10.180.1.21/compute/v2.1/servers/8d87c103-f53d-43d7-9207-f2f78e32cad1 0.029s
2025-05-19 18:36:09.268 70378 INFO tempest.lib.common.rest_client [req-5525b937-5404-461c-a241-dac6cc9d0bf1 req-5525b937-5404-461c-a241-dac6cc9d0bf1 ] Request (ServerRescueTestJSONUnderV235:setUpClass): 204 DELETE http://10.180.1.21/compute/v2.1/servers/33213112-5e83-4075-8d65-eddda4ef99c3 0.255s
2025-05-19 18:36:09.297 70378 INFO tempest.lib.common.rest_client [req-da17656a-201d-4f00-a49a-db523af1a5c4 req-da17656a-201d-4f00-a49a-db523af1a5c4 ] Request (ServerRescueTestJSONUnderV235:setUpClass): 404 GET http://10.180.1.21/compute/v2.1/servers/33213112-5e83-4075-8d65-eddda4ef99c3 0.029s
2025-05-19 18:36:09.297 70378 INFO tempest.test [-] raised in ServerRescueTestJSONUnderV235.setUpClass. Invoking tearDownClass.
2025-05-19 18:36:09.366 70342 INFO tempest.lib.common.rest_client [req-10389d1c-2db9-4717-8f17-f955f9014a9e req-10389d1c-2db9-4717-8f17-f955f9014a9e ] Request (ServersListShow2100Test:tearDownClass): 204 DELETE http://10.180.1.21/identity/v3/users/6bc45a4621384a8291afafd1c231b269 0.107s
2025-05-19 18:36:09.367 70342 INFO tempest.lib.common.dynamic_creds [-] Deleting project and security group for project: 180a963190a64e6cb074f722ec7e5b23
2025-05-19 18:36:09.368 70352 INFO tempest.lib.common.rest_client [req-16cecead-50c0-494c-8513-e18e2589e7d0 req-16cecead-50c0-494c-8513-e18e2589e7d0 ] Request (ServerAddressesTestJSON:tearDownClass): 204 DELETE http://10.180.1.21:9696/networking/v2.0/networks/5b6d2c75-fb67-4338-bb85-884017a5d376 0.343s
2025-05-19 18:36:09.378 70370 INFO tempest.lib.common.rest_client [req-ab40fb64-4e02-4264-8b89-c1af7efd5bb0 req-ab40fb64-4e02-4264-8b89-c1af7efd5bb0 ] Request (VolumesTestJSON:tearDownClass): 204 DELETE http://10.180.1.21/identity/v3/users/f1d2c34751084e7298744bc0ca50c0fd 0.145s
2025-05-19 18:36:09.379 70370 INFO tempest.lib.common.dynamic_creds [-] Deleting project and security group for project: 4b38896950a34034b868258b119fd5a7
2025-05-19 18:36:09.432 70320 INFO tempest.lib.common.rest_client [req-83c43cc6-cf18-4516-9956-8f8c01ff520f req-83c43cc6-cf18-4516-9956-8f8c01ff520f ] Request (ServersTestMultiNic:setUpClass): 201 POST http://10.180.1.21:9696/networking/v2.0/routers 2.167s
2025-05-19 18:36:09.441 70342 INFO tempest.lib.common.rest_client [req-cfc206a7-d1e4-4366-bd0f-5498158996dd req-cfc206a7-d1e4-4366-bd0f-5498158996dd ] Request (ServersListShow2100Test:tearDownClass): 201 POST http://10.180.1.21/identity/v3/auth/tokens 0.074s
2025-05-19 18:36:09.484 70352 INFO tempest.lib.common.rest_client [req-78f01e68-6b15-41dc-aea9-2d74a44ab03f req-78f01e68-6b15-41dc-aea9-2d74a44ab03f ] Request (ServerAddressesTestJSON:tearDownClass): 204 DELETE http://10.180.1.21/identity/v3/users/195af92c6ed14a4e996748bd2f875dda 0.116s
2025-05-19 18:36:09.484 70352 INFO tempest.lib.common.dynamic_creds [-] Deleting project and security group for project: efb0af6d4d784428b7f54d7f1a8ce45c
2025-05-19 18:36:09.506 70370 INFO tempest.lib.common.rest_client [req-0a5c8200-9f6c-4433-a3c2-1f3ed64c4010 req-0a5c8200-9f6c-4433-a3c2-1f3ed64c4010 ] Request (VolumesTestJSON:tearDownClass): 201 POST http://10.180.1.21/identity/v3/auth/tokens 0.127s
2025-05-19 18:36:09.703 70324 INFO tempest.lib.common.rest_client [req-724c9a0c-6b8b-4764-932c-a95c108e4443 req-724c9a0c-6b8b-4764-932c-a95c108e4443 ] Request (DeleteServersTestJSON:tearDownClass): 200 PUT http://10.180.1.21:9696/networking/v2.0/routers/2fb2059f-97be-42a3-aa46-aafc8c8ede99/remove_router_interface 2.338s
2025-05-19 18:36:09.708 70352 INFO tempest.lib.common.rest_client [req-791e67cd-9283-4cfc-8356-c859a4450485 req-791e67cd-9283-4cfc-8356-c859a4450485 ] Request (ServerAddressesTestJSON:tearDownClass): 200 GET http://10.180.1.21:9696/networking/v2.0/security-groups?tenant_id=efb0af6d4d784428b7f54d7f1a8ce45c&name=default 0.223s
2025-05-19 18:36:09.715 70372 INFO tempest.lib.common.rest_client [req-597be749-23eb-4670-8e86-6d141faa3a29 req-597be749-23eb-4670-8e86-6d141faa3a29 ] Request (AttachVolumeNegativeTest:tearDownClass): 204 DELETE http://10.180.1.21:9696/networking/v2.0/networks/2c7729cb-4604-44ba-b2c1-742d39f18cc7 1.066s
2025-05-19 18:36:09.781 70372 INFO tempest.lib.common.rest_client [req-874f03d1-76e5-4d40-b595-680efb7abf25 req-874f03d1-76e5-4d40-b595-680efb7abf25 ] Request (AttachVolumeNegativeTest:tearDownClass): 204 DELETE http://10.180.1.21/identity/v3/users/c6c6206a7ccf4c86b05917ea46340be5 0.065s
2025-05-19 18:36:09.782 70372 INFO tempest.lib.common.dynamic_creds [-] Deleting project and security group for project: 08bafda2056b45378d9dd5595ee94594
2025-05-19 18:36:09.933 70372 INFO tempest.lib.common.rest_client [req-16e56a1a-d324-47bc-acac-0a74e48d9f3c req-16e56a1a-d324-47bc-acac-0a74e48d9f3c ] Request (AttachVolumeNegativeTest:tearDownClass): 200 GET http://10.180.1.21:9696/networking/v2.0/security-groups?tenant_id=08bafda2056b45378d9dd5595ee94594&name=default 0.151s
2025-05-19 18:36:09.974 70370 INFO tempest.lib.common.rest_client [req-af354338-1836-4d5d-9b70-aa12ea729f8d req-af354338-1836-4d5d-9b70-aa12ea729f8d ] Request (VolumesTestJSON:tearDownClass): 200 GET http://10.180.1.21:9696/networking/v2.0/security-groups?tenant_id=4b38896950a34034b868258b119fd5a7&name=default 0.468s
2025-05-19 18:36:10.015 70342 INFO tempest.lib.common.rest_client [req-0d2f0443-2e2d-4b75-b206-b85ae1e2bb7f req-0d2f0443-2e2d-4b75-b206-b85ae1e2bb7f ] Request (ServersListShow2100Test:tearDownClass): 200 GET http://10.180.1.21:9696/networking/v2.0/security-groups?tenant_id=180a963190a64e6cb074f722ec7e5b23&name=default 0.574s
2025-05-19 18:36:10.097 70352 INFO tempest.lib.common.rest_client [req-3e13042b-dfcd-4071-a162-e3466ff44f45 req-3e13042b-dfcd-4071-a162-e3466ff44f45 ] Request (ServerAddressesTestJSON:tearDownClass): 204 DELETE http://10.180.1.21:9696/networking/v2.0/security-groups/7d0d9715-5bc6-4f34-a651-361f78bcfbd8 0.388s
