2025-05-19 13:20:24.192 70148 INFO tempest.lib.common.rest_client [req-2398cf37-05de-4ad6-a31a-7012d7e4d3ec req-2398cf37-05de-4ad6-a31a-7012d7e4d3ec ] Request (VolumesAssistedSnapshotsTest:tearDownClass): 204 DELETE http://10.180.1.21:9696/networking/v2.0/subnets/5315b850-89f0-49cb-8d86-b32c564e7a27 0.474s
2025-05-19 13:20:24.259 70152 INFO tempest.lib.common.rest_client [req-eb601eb8-b5e7-41af-b40a-2cb80edb11a9 req-eb601eb8-b5e7-41af-b40a-2cb80edb11a9 ] Request (ServersTestMultiNic:test_verify_duplicate_network_nics): 200 GET http://10.180.1.21/compute/v2.1/servers/fcc5bac9-b312-4d4f-8ffb-828ee110aa60 1.005s
2025-05-19 13:20:24.262 70134 INFO tempest.lib.common.rest_client [req-3a8eea16-c8b8-46cd-b9a1-60469237e383 req-3a8eea16-c8b8-46cd-b9a1-60469237e383 ] Request (ServersWithSpecificFlavorTestJSON:test_verify_created_server_ephemeral_disk): 200 GET http://10.180.1.21/compute/v2.1/servers/d746d66b-32df-4a4d-97bd-82b4ad364461 1.116s
2025-05-19 13:20:24.374 70123 INFO tempest.lib.common.rest_client [req-31e294b2-ec28-4e9c-94fd-fcc42d0de20d req-31e294b2-ec28-4e9c-94fd-fcc42d0de20d ] Request (ServerExternalEventsTest:tearDownClass): 200 GET http://10.180.1.21/compute/v2.1/servers/47005af8-11fe-498f-9b67-e0316faeeb8f 1.116s
2025-05-19 13:20:24.374 70158 INFO tempest.lib.common.rest_client [req-e6d7f6f1-c542-46c7-81ed-bec6ff397ccf req-e6d7f6f1-c542-46c7-81ed-bec6ff397ccf ] Request (ServerShowV247Test:test_show_server): 200 GET http://10.180.1.21/compute/v2.1/servers/2218ece0-5246-451d-9bdc-8fd01cfe6ec3 1.051s
2025-05-19 13:20:24.420 70140 INFO tempest.lib.common.rest_client [req-310699c2-8a9d-444d-b53e-39a2e8b174fb req-310699c2-8a9d-444d-b53e-39a2e8b174fb ] Request (ImagesMetadataTestJSON:test_update_image_metadata): 200 GET http://10.180.1.21/compute/v2.1/images/ead756f3-466c-4c65-9c8b-89b9cd631388/metadata 1.066s
2025-05-19 13:20:24.443 70156 INFO tempest.lib.common.rest_client [req-669520f8-d597-4c27-8f47-89549d5467e5 req-669520f8-d597-4c27-8f47-89549d5467e5 ] Request (ServerGroupTestJSON:tearDownClass): 404 DELETE http://10.180.1.21/compute/v2.1/os-server-groups/b9f4cef6-20ec-4b6d-ad67-6c32f2f2e63d 1.074s
2025-05-19 13:20:24.446 70119 INFO tempest.lib.common.rest_client [req-00e66ae7-84ea-498e-90d6-4b8e5caf350f req-00e66ae7-84ea-498e-90d6-4b8e5caf350f ] Request (ValidationResourcesFixture:setUp): 201 POST http://10.180.1.21:9696/networking/v2.0/security-group-rules 0.325s
2025-05-19 13:20:24.447 70158 INFO tempest.lib.common.rest_client [req-06a3ba3f-bcfd-453e-a49d-7769cf2c7357 req-06a3ba3f-bcfd-453e-a49d-7769cf2c7357 ] Request (ServerShowV247Test:test_update_rebuild_list_server): 201 POST http://10.180.1.21/identity/v3/auth/tokens 0.043s
2025-05-19 13:20:24.447 70158 INFO tempest.lib.common.fixed_network [-] (ServerShowV247Test:test_update_rebuild_list_server) Found network None available for tenant
2025-05-19 13:20:24.478 70166 INFO tempest.lib.common.rest_client [req-600758c4-cb62-439f-8ec9-5dc1cce77f58 req-600758c4-cb62-439f-8ec9-5dc1cce77f58 ] Request (ServersAdminTestJSON:setUpClass): 200 GET http://10.180.1.21/compute/v2.1/servers/6d0b5852-7b75-4054-9eb8-5af0496d800d 1.147s
2025-05-19 13:20:24.500 70140 INFO tempest.lib.common.rest_client [req-d22d777b-4b36-42d3-85bb-011c96ef1ac6 req-d22d777b-4b36-42d3-85bb-011c96ef1ac6 ] Request (ImagesMetadataTestJSON:tearDownClass): 204 DELETE http://10.180.1.21/image/v2/images/ead756f3-466c-4c65-9c8b-89b9cd631388 0.078s
2025-05-19 13:20:24.505 70115 INFO tempest.lib.common.rest_client [req-858199fb-fbc8-4e36-95dc-478a02a2e8f1 req-858199fb-fbc8-4e36-95dc-478a02a2e8f1 ] Request (InstanceActionsNegativeTestJSON:setUpClass): 201 POST http://10.180.1.21:9696/networking/v2.0/routers 2.286s
2025-05-19 13:20:24.514 70161 INFO tempest.lib.common.rest_client [req-a31d5f61-222e-4200-9b3d-3485bb235908 req-a31d5f61-222e-4200-9b3d-3485bb235908 ] Request (AggregatesAdminNegativeTestJSON:test_aggregate_remove_host_as_user): 200 POST http://10.180.1.21/compute/v2.1/os-aggregates 0.967s
2025-05-19 13:20:24.530 70132 INFO tempest.lib.common.rest_client [req-53410e33-bcf6-44ed-a832-84de3e02b8b2 req-53410e33-bcf6-44ed-a832-84de3e02b8b2 ] Request (MigrationsAdminTest:test_list_migrations_in_flavor_resize_situation): 200 GET http://10.180.1.21/compute/v2.1/servers/119768d0-2727-4ef8-b28b-c01cd46fc671 1.117s
2025-05-19 13:20:24.563 70127 INFO tempest.lib.common.rest_client [req-3c538d1f-4fe0-4b07-a02e-12a16ff382c7 req-3c538d1f-4fe0-4b07-a02e-12a16ff382c7 ] Request (FlavorsAdminTestJSON:test_is_public_string_variations): 200 GET http://10.180.1.21/compute/v2.1/flavors/detail?is_public=false 0.947s
2025-05-19 13:20:24.639 70164 INFO tempest.lib.common.rest_client [req-8c13b812-b7dc-487d-9a01-b0d12ca91f7f req-8c13b812-b7dc-487d-9a01-b0d12ca91f7f ] Request (ServersTestManualDisk:setUpClass): 200 GET http://10.180.1.21/compute/v2.1/servers/12b7c520-b21f-48d1-a1fe-6c12dcb713cb 0.947s
2025-05-19 13:20:24.641 70140 INFO tempest.lib.common.rest_client [req-db40b7ca-4cc0-4bbc-a603-b533ca99a6ab req-db40b7ca-4cc0-4bbc-a603-b533ca99a6ab ] Request (ImagesMetadataTestJSON:tearDownClass): 204 DELETE http://10.180.1.21/identity/v3/users/1b552e9bb0294cc6895326e781f30f07 0.140s
2025-05-19 13:20:24.642 70140 INFO tempest.lib.common.dynamic_creds [-] Deleting project and security group for project: 6ad067be30114866a53a583b54ca5bd7
2025-05-19 13:20:24.660 70138 INFO tempest.lib.common.rest_client [req-b6903108-b13c-43e3-8bae-d9a576d14da4 req-b6903108-b13c-43e3-8bae-d9a576d14da4 ] Request (KeyPairsV22TestJSON:_run_cleanups): 204 DELETE http://10.180.1.21/compute/v2.1/os-keypairs/tempest-KeyPairsV22TestJSON-keypair-1314848726 0.938s
2025-05-19 13:20:24.704 70142 INFO tempest.lib.common.rest_client [req-2c604389-0a8f-4a48-90ef-40167c281d1c req-2c604389-0a8f-4a48-90ef-40167c281d1c ] Request (AttachInterfacesV270Test:tearDownClass): 200 PUT http://10.180.1.21:9696/networking/v2.0/routers/b23cd5b5-8a2a-4448-b232-7b18f88ea7f8/remove_router_interface 2.328s
2025-05-19 13:20:24.720 70140 INFO tempest.lib.common.rest_client [req-6dcd422a-1be8-4997-bedb-3ee1aa7286e2 req-6dcd422a-1be8-4997-bedb-3ee1aa7286e2 ] Request (ImagesMetadataTestJSON:tearDownClass): 201 POST http://10.180.1.21/identity/v3/auth/tokens 0.077s
2025-05-19 13:20:24.739 70154 INFO tempest.lib.common.rest_client [req-f32edc1c-d412-4535-8a81-2fabd6d8e997 req-f32edc1c-d412-4535-8a81-2fabd6d8e997 ] Request (SecurityGroupRulesNegativeTestJSON:test_delete_security_group_rule_with_non_existent_id): 404 DELETE http://10.180.1.21/compute/v2.1/os-security-group-rules/89c0e990-69b7-4bcb-901f-0971754dcdaa 1.000s
2025-05-19 13:20:24.805 70119 INFO tempest.lib.common.rest_client [req-58d13f3d-db59-4f47-838a-c32755cc436a req-58d13f3d-db59-4f47-838a-c32755cc436a ] Request (ValidationResourcesFixture:setUp): 201 POST http://10.180.1.21:9696/networking/v2.0/security-group-rules 0.358s
2025-05-19 13:20:24.862 70117 INFO tempest.lib.common.rest_client [req-7e8026ec-ada7-4c4a-ab9e-d2d1e35c26d4 req-7e8026ec-ada7-4c4a-ab9e-d2d1e35c26d4 ] Request (ServersAdminNegativeTestJSON:test_migrate_server_invalid_state): 200 GET http://10.180.1.21/compute/v2.1/servers/4f4449ab-939d-4d96-9cd0-419a121575cb 1.095s
2025-05-19 13:20:25.041 70148 INFO tempest.lib.common.rest_client [req-c6c44d57-cf02-407b-a5c9-d84aa4f69931 req-c6c44d57-cf02-407b-a5c9-d84aa4f69931 ] Request (VolumesAssistedSnapshotsTest:tearDownClass): 204 DELETE http://10.180.1.21:9696/networking/v2.0/networks/93b0f579-5fe9-47f5-b6de-c735e7b44586 0.848s
2025-05-19 13:20:25.277 70125 INFO tempest.lib.common.rest_client [req-e5314664-2a32-4aaa-8335-26475c69dd31 req-e5314664-2a32-4aaa-8335-26475c69dd31 ] Request (ServerAddressesNegativeTestJSON:setUpClass): 200 GET http://10.180.1.21/compute/v2.1/servers/3020e505-513b-4b29-996a-6e70a212f508 1.500s
2025-05-19 13:20:25.331 70140 INFO tempest.lib.common.rest_client [req-ff6a6e55-b160-401a-9b3d-571bd58e8873 req-ff6a6e55-b160-401a-9b3d-571bd58e8873 ] Request (ImagesMetadataTestJSON:tearDownClass): 200 GET http://10.180.1.21:9696/networking/v2.0/security-groups?tenant_id=6ad067be30114866a53a583b54ca5bd7&name=default 0.611s
2025-05-19 13:20:25.413 70168 INFO tempest.lib.common.rest_client [req-c638c444-f7f0-40b8-a8d3-0f6817aa5ce0 req-c638c444-f7f0-40b8-a8d3-0f6817aa5ce0 ] Request (ServersAdmin275Test:tearDownClass): 200 GET http://10.180.1.21/compute/v2.1/servers/38792225-b054-4c08-b3ec-51d46287b0f9 1.578s
2025-05-19 13:20:25.580 70172 INFO tempest.lib.common.rest_client [req-df0e7406-045a-4f48-85c2-31e4507c16a9 req-df0e7406-045a-4f48-85c2-31e4507c16a9 ] Request (ListImageFiltersTestJSON:setUpClass): 204 PUT http://10.180.1.21/image/v2/images/05c71b39-b10c-4192-b971-28a7dc8f9513/file 0.780s
2025-05-19 13:20:25.617 70142 INFO tempest.lib.common.rest_client [req-c962d434-f40a-4ce0-a6e4-60c593d438e8 req-c962d434-f40a-4ce0-a6e4-60c593d438e8 ] Request (AttachInterfacesV270Test:tearDownClass): 204 DELETE http://10.180.1.21:9696/networking/v2.0/routers/b23cd5b5-8a2a-4448-b232-7b18f88ea7f8 0.913s
2025-05-19 13:20:25.729 70150 INFO tempest.lib.common.rest_client [req-c6ad7356-3df0-4092-94c3-b19eb6d9d2e6 req-c6ad7356-3df0-4092-94c3-b19eb6d9d2e6 ] Request (TenantUsagesTestJSON:tearDownClass): 200 GET http://10.180.1.21/compute/v2.1/servers/8b103adc-9903-406f-8fd1-e193e00cde11 1.570s
2025-05-19 13:20:25.734 70111 INFO tempest.lib.common.rest_client [req-7819f6ae-93ff-40de-83b1-b85c4d55c4ee req-7819f6ae-93ff-40de-83b1-b85c4d55c4ee ] Request (VolumesAdminNegativeTest:test_update_attached_volume_with_nonexistent_volume_in_body): 200 PUT http://10.180.1.21:9696/networking/v2.0/floatingips/6e02f0f5-9cab-4ed4-b079-a2e8c78a6323 1.786s
2025-05-19 13:20:25.736 70111 INFO tempest.lib.common.ssh [-] Creating ssh connection to '10.180.180.157:22' as 'cirros' with public key authentication
2025-05-19 13:20:25.802 70174 INFO tempest.lib.common.rest_client [req-5322f199-0bd2-474b-ae5a-a503245ed8cd req-5322f199-0bd2-474b-ae5a-a503245ed8cd ] Request (FloatingIPsAssociationNegativeTestJSON:setUpClass): 202 POST http://10.180.1.21/compute/v2.1/servers 2.254s
2025-05-19 13:20:25.841 70140 INFO tempest.lib.common.rest_client [req-42b436a4-4635-47e7-abcf-ad3c672b72e0 req-42b436a4-4635-47e7-abcf-ad3c672b72e0 ] Request (ImagesMetadataTestJSON:tearDownClass): 204 DELETE http://10.180.1.21:9696/networking/v2.0/security-groups/ea1656e9-0244-4c01-9f2f-3a56c851a852 0.509s
2025-05-19 13:20:25.892 70113 INFO tempest.lib.common.rest_client [req-c0361cfc-ec0c-41df-974e-4dd4e20e4f40 req-c0361cfc-ec0c-41df-974e-4dd4e20e4f40 ] Request (AttachInterfacesUnderV243Test:test_add_remove_fixed_ip): 200 GET http://10.180.1.21/compute/v2.1/servers/21bfeb07-c3d5-402d-84ba-2f22aafd5ae6 1.453s
2025-05-19 13:20:25.902 70156 INFO tempest.lib.common.rest_client [req-0113d220-b0b9-4a8c-b8c4-ee91e94af95b req-0113d220-b0b9-4a8c-b8c4-ee91e94af95b ] Request (ServerGroupTestJSON:tearDownClass): 404 DELETE http://10.180.1.21/compute/v2.1/os-server-groups/eabb514d-1341-4879-a455-f8faac2a3123 1.458s
2025-05-19 13:20:25.943 70140 INFO tempest.lib.common.rest_client [req-e786dc1e-7731-419c-a1d1-8f27149b6494 req-e786dc1e-7731-419c-a1d1-8f27149b6494 ] Request (ImagesMetadataTestJSON:tearDownClass): 204 DELETE http://10.180.1.21/identity/v3/projects/6ad067be30114866a53a583b54ca5bd7 0.102s
2025-05-19 13:20:25.997 70162 INFO tempest.lib.common.rest_client [req-e91caedf-80e5-46db-8f2e-b6a931406650 req-e91caedf-80e5-46db-8f2e-b6a931406650 ] Request (SecurityGroupRulesTestJSON:tearDownClass): 202 DELETE http://10.180.1.21/compute/v2.1/os-security-groups/eb5b909a-62ec-4cee-ae89-f8e405307a4d 1.826s
2025-05-19 13:20:26.042 70158 INFO tempest.lib.common.rest_client [req-1eb0a0fc-fac5-4260-9ac4-2364e1dc4ce2 req-1eb0a0fc-fac5-4260-9ac4-2364e1dc4ce2 ] Request (ServerShowV247Test:test_update_rebuild_list_server): 202 POST http://10.180.1.21/compute/v2.1/servers 1.595s
2025-05-19 13:20:26.049 70140 INFO tempest.lib.common.rest_client [req-8bdb1ca2-6a5b-45cc-a177-e9a8ae58eef3 req-8bdb1ca2-6a5b-45cc-a177-e9a8ae58eef3 ] Request (ServerDiskConfigTestJSON:setUpClass): 201 POST http://10.180.1.21/identity/v3/auth/tokens 0.104s
2025-05-19 13:20:26.096 70140 INFO tempest.lib.common.rest_client [req-14f005a7-764e-4fb6-9cab-de30eadcf1ff req-14f005a7-764e-4fb6-9cab-de30eadcf1ff ] Request (ServerDiskConfigTestJSON:setUpClass): 201 POST http://10.180.1.21/identity/v3/auth/tokens 0.045s
2025-05-19 13:20:26.132 70140 INFO tempest.lib.common.rest_client [req-2b3b9cd8-6597-42b4-af29-99f683f08999 req-2b3b9cd8-6597-42b4-af29-99f683f08999 ] Request (ServerDiskConfigTestJSON:setUpClass): 200 GET http://10.180.1.21/identity/v3/domains?name=Default 0.035s
2025-05-19 13:20:26.141 70170 INFO tempest.lib.common.rest_client [req-31ff36c9-abc3-4499-99c9-2f53c58c89a8 req-31ff36c9-abc3-4499-99c9-2f53c58c89a8 ] Request (ServerMetadataTestJSON:setUpClass): 200 GET http://10.180.1.21/compute/v2.1/servers/274e4d87-ec17-4210-a0fb-e226d29ed0d3 1.618s
2025-05-19 13:20:26.170 70161 INFO tempest.lib.common.rest_client [req-73240478-4ee4-4728-91b7-c10c35ad05e6 req-73240478-4ee4-4728-91b7-c10c35ad05e6 ] Request (AggregatesAdminNegativeTestJSON:test_aggregate_remove_host_as_user): 200 POST http://10.180.1.21/compute/v2.1/os-aggregates/7/action 1.652s
2025-05-19 13:20:26.194 70127 INFO tempest.lib.common.rest_client [req-c7b30264-47f4-4cb0-983d-c02d8e26017a req-c7b30264-47f4-4cb0-983d-c02d8e26017a ] Request (FlavorsAdminTestJSON:test_is_public_string_variations): 200 GET http://10.180.1.21/compute/v2.1/flavors/detail?is_public=no 1.626s
2025-05-19 13:20:26.195 70140 INFO tempest.lib.common.rest_client [req-e8e97694-c331-43ff-9b3d-dfeabb5ec195 req-e8e97694-c331-43ff-9b3d-dfeabb5ec195 ] Request (ServerDiskConfigTestJSON:setUpClass): 201 POST http://10.180.1.21/identity/v3/projects 0.063s
2025-05-19 13:20:26.246 70146 INFO tempest.lib.common.rest_client [req-a5813695-1923-43cf-885c-81bc3b08f00b req-a5813695-1923-43cf-885c-81bc3b08f00b ] Request (DeleteServersAdminTestJSON:test_delete_server_while_in_error_state): 200 GET http://10.180.1.21/compute/v2.1/servers/5747cb37-539e-4532-a627-282f965a7dd5 1.703s
2025-05-19 13:20:26.258 70146 INFO tempest.common.waiters [-] State transition "BUILD/scheduling" ==> "BUILD/None" after 6 second wait
2025-05-19 13:20:26.281 70140 INFO tempest.lib.common.rest_client [req-3d7738bc-407c-4a74-8ed5-e1b1bbc3b7c2 req-3d7738bc-407c-4a74-8ed5-e1b1bbc3b7c2 ] Request (ServerDiskConfigTestJSON:setUpClass): 201 POST http://10.180.1.21/identity/v3/users 0.085s
2025-05-19 13:20:26.290 70138 INFO tempest.lib.common.rest_client [req-461e2734-16cd-4caa-b2f7-6d59262778f0 req-461e2734-16cd-4caa-b2f7-6d59262778f0 ] Request (KeyPairsV22TestJSON:test_keypairsv22_create_list_show): 201 POST http://10.180.1.21/compute/v2.1/os-keypairs 1.628s
2025-05-19 13:20:26.306 70144 INFO tempest.lib.common.rest_client [req-b8881445-6735-4c18-a248-f484f6053846 req-b8881445-6735-4c18-a248-f484f6053846 ] Request (SecurityGroupsTestJSON:test_list_security_groups_by_server): 200 GET http://10.180.1.21/compute/v2.1/servers/74b17bd9-66c4-4a88-b3de-fc5f720f4eca 1.684s
2025-05-19 13:20:26.323 70142 INFO tempest.lib.common.rest_client [req-9b2eb6aa-cebf-45ae-b7cc-a54451d5583a req-9b2eb6aa-cebf-45ae-b7cc-a54451d5583a ] Request (AttachInterfacesV270Test:tearDownClass): 204 DELETE http://10.180.1.21:9696/networking/v2.0/subnets/eab7518e-89d9-475f-88a8-8b8c8f309e83 0.705s
2025-05-19 13:20:26.327 70140 INFO tempest.lib.common.rest_client [req-c608dd36-9071-4d58-a7c9-169914ab2a98 req-c608dd36-9071-4d58-a7c9-169914ab2a98 ] Request (ServerDiskConfigTestJSON:setUpClass): 200 GET http://10.180.1.21/identity/v3/roles 0.046s
2025-05-19 13:20:26.342 70119 INFO tempest.lib.common.rest_client [req-6003de8b-ff94-42b3-b4bf-10f9499eaa26 req-6003de8b-ff94-42b3-b4bf-10f9499eaa26 ] Request (ValidationResourcesFixture:setUp): 201 POST http://10.180.1.21:9696/networking/v2.0/floatingips 1.537s
2025-05-19 13:20:26.370 70140 INFO tempest.lib.common.rest_client [req-e9420593-ad1d-483a-93c9-696e24d6a322 req-e9420593-ad1d-483a-93c9-696e24d6a322 ] Request (ServerDiskConfigTestJSON:setUpClass): 204 PUT http://10.180.1.21/identity/v3/projects/a8087021c7f24191a431c824813c91f4/users/663b71957d0e4d60b45de67190a03aab/roles/209c136ed5e44d629d25c49b31988756 0.041s
2025-05-19 13:20:26.370 70140 INFO tempest.lib.common.dynamic_creds [-] Dynamic test user 663b71957d0e4d60b45de67190a03aab is created with scope project and roles: ['member']
2025-05-19 13:20:26.370 70140 INFO tempest.lib.common.dynamic_creds [-] Acquired dynamic creds: credentials: Credentials: {'domain_id': 'default', 'domain_name': 'Default', 'username': 'tempest-ServerDiskConfigTestJSON-1684329210-project-member', 'project_domain_id': 'default', 'project_domain_name': 'Default', 'project_id': 'a8087021c7f24191a431c824813c91f4', 'project_name': 'tempest-ServerDiskConfigTestJSON-1684329210', 'tenant_id': 'a8087021c7f24191a431c824813c91f4', 'tenant_name': 'tempest-ServerDiskConfigTestJSON-1684329210', 'user_domain_id': 'default', 'user_domain_name': 'Default', 'user_id': '663b71957d0e4d60b45de67190a03aab', 'system': None}, Network: None, Subnet: None, Router: None
2025-05-19 13:20:26.395 70129 INFO tempest.lib.common.rest_client [req-99f3b7d5-1e0b-42ae-8d14-454b126d0c58 req-99f3b7d5-1e0b-42ae-8d14-454b126d0c58 ] Request (ServersAaction247Test:tearDownClass): 200 GET http://10.180.1.21/compute/v2.1/servers/7f37f6c9-adba-4292-9d47-c455f77e539f 1.683s
2025-05-19 13:20:26.432 70119 INFO tempest.lib.common.rest_client [req-8002d4fd-979c-4954-82a6-ca6253c27050 req-8002d4fd-979c-4954-82a6-ca6253c27050 ] Request (AttachInterfacesTestJSON:test_create_list_show_delete_interfaces_by_fixed_ip): 201 POST http://10.180.1.21/identity/v3/auth/tokens 0.086s
2025-05-19 13:20:26.433 70119 INFO tempest.lib.common.fixed_network [-] (AttachInterfacesTestJSON:test_create_list_show_delete_interfaces_by_fixed_ip) Found network {'id': '54efaecc-615e-4a39-b759-6bb9f87127d0', 'name': 'tempest-AttachInterfacesTestJSON-851484077-network', 'tenant_id': '640cd540bb8d4bf2bdde2d8340728723', 'admin_state_up': True, 'mtu': 8950, 'status': 'ACTIVE', 'subnets': [], 'shared': False, 'project_id': '640cd540bb8d4bf2bdde2d8340728723', 'port_security_enabled': True, 'router:external': False, 'provider:network_type': 'vlan', 'provider:physical_network': 'default', 'provider:segmentation_id': 965, 'availability_zone_hints': [], 'availability_zones': [], 'ipv4_address_scope': None, 'ipv6_address_scope': None, 'description': '', 'tags': [], 'created_at': '2025-05-19T13:20:17Z', 'updated_at': '2025-05-19T13:20:17Z', 'revision_number': 1} available for tenant
2025-05-19 13:20:26.458 70140 INFO tempest.lib.common.rest_client [req-01e30c26-1628-4e6d-b0a1-6dede5c9051d req-01e30c26-1628-4e6d-b0a1-6dede5c9051d ] Request (ServerDiskConfigTestJSON:setUpClass): 201 POST http://10.180.1.21/identity/v3/auth/tokens 0.087s
2025-05-19 13:20:26.476 70152 INFO tempest.lib.common.rest_client [req-8743e19d-9c50-40d5-9b5d-008888d21414 req-8743e19d-9c50-40d5-9b5d-008888d21414 ] Request (ServersTestMultiNic:test_verify_duplicate_network_nics): 200 GET http://10.180.1.21/compute/v2.1/servers/fcc5bac9-b312-4d4f-8ffb-828ee110aa60 1.208s
2025-05-19 13:20:26.524 70121 WARNING tempest.lib.common.ssh [-] Failed to establish authenticated ssh connection to cirros@10.180.180.219 ([Errno None] Unable to connect to port 22 on 10.180.180.219). Number attempts: 3. Retry after 4 seconds.: paramiko.ssh_exception.NoValidConnectionsError: [Errno None] Unable to connect to port 22 on 10.180.180.219
2025-05-19 13:20:26.655 70154 INFO tempest.lib.common.rest_client [req-c6e49b55-8a88-4fe6-a3e2-e83e3057f4d0 req-c6e49b55-8a88-4fe6-a3e2-e83e3057f4d0 ] Request (SecurityGroupRulesNegativeTestJSON:tearDownClass): 202 DELETE http://10.180.1.21/compute/v2.1/os-security-groups/60d92dcf-4fd3-40d2-b387-f02390ebfbb9 1.912s
2025-05-19 13:20:26.700 70134 INFO tempest.lib.common.rest_client [req-11202198-0646-44b3-880b-45e3e71e98ff req-11202198-0646-44b3-880b-45e3e71e98ff ] Request (ServersWithSpecificFlavorTestJSON:test_verify_created_server_ephemeral_disk): 200 GET http://10.180.1.21/compute/v2.1/servers/d746d66b-32df-4a4d-97bd-82b4ad364461 1.428s
2025-05-19 13:20:26.735 70123 INFO tempest.lib.common.rest_client [req-ef64f8d7-3346-41d3-855e-6d85a178b703 req-ef64f8d7-3346-41d3-855e-6d85a178b703 ] Request (ServerExternalEventsTest:tearDownClass): 200 GET http://10.180.1.21/compute/v2.1/servers/47005af8-11fe-498f-9b67-e0316faeeb8f 1.352s
2025-05-19 13:20:26.766 70166 INFO tempest.lib.common.rest_client [req-e5717ccb-0036-4313-b653-76b7c334fde8 req-e5717ccb-0036-4313-b653-76b7c334fde8 ] Request (ServersAdminTestJSON:setUpClass): 200 GET http://10.180.1.21/compute/v2.1/servers/6d0b5852-7b75-4054-9eb8-5af0496d800d 1.280s
2025-05-19 13:20:26.817 70132 INFO tempest.lib.common.rest_client [req-5eaf1c73-466e-4edd-b304-fc88dd062ace req-5eaf1c73-466e-4edd-b304-fc88dd062ace ] Request (MigrationsAdminTest:test_list_migrations_in_flavor_resize_situation): 200 GET http://10.180.1.21/compute/v2.1/servers/119768d0-2727-4ef8-b28b-c01cd46fc671 1.275s
2025-05-19 13:20:26.824 70132 INFO tempest.common.waiters [-] State transition "BUILD/None" ==> "BUILD/scheduling" after 23 second wait
2025-05-19 13:20:26.830 70172 INFO tempest.lib.common.rest_client [req-17969128-5603-44f2-b404-a4451685e26a req-17969128-5603-44f2-b404-a4451685e26a ] Request (ListImageFiltersTestJSON:setUpClass): 200 GET http://10.180.1.21/compute/v2.1/images/05c71b39-b10c-4192-b971-28a7dc8f9513 1.250s
2025-05-19 13:20:26.905 70164 INFO tempest.lib.common.rest_client [req-84d83d7f-eb0a-4bc5-8214-72b1bd81994f req-84d83d7f-eb0a-4bc5-8214-72b1bd81994f ] Request (ServersTestManualDisk:setUpClass): 200 GET http://10.180.1.21/compute/v2.1/servers/12b7c520-b21f-48d1-a1fe-6c12dcb713cb 1.253s
2025-05-19 13:20:26.924 70174 INFO tempest.lib.common.rest_client [req-f1d69291-0b15-4d1c-a66e-48029c147fe9 req-f1d69291-0b15-4d1c-a66e-48029c147fe9 ] Request (FloatingIPsAssociationNegativeTestJSON:setUpClass): 200 GET http://10.180.1.21/compute/v2.1/servers/659ec1bd-2be6-4f40-b513-a907b77f2ebb 1.121s
2025-05-19 13:20:26.938 70156 INFO tempest.lib.common.rest_client [req-23a73ada-6f84-486b-8347-96c2b70a154d req-23a73ada-6f84-486b-8347-96c2b70a154d ] Request (ServerGroupTestJSON:tearDownClass): 404 DELETE http://10.180.1.21/compute/v2.1/os-server-groups/7856d823-60a5-42cf-b1c9-d7d8be016f62 1.036s
2025-05-19 13:20:26.955 70142 INFO tempest.lib.common.rest_client [req-3c19498d-8ebd-4305-9db9-b1012bb1ccdc req-3c19498d-8ebd-4305-9db9-b1012bb1ccdc ] Request (AttachInterfacesV270Test:tearDownClass): 204 DELETE http://10.180.1.21:9696/networking/v2.0/networks/c97422c4-81ec-4cc9-9b9e-6aa1ed594196 0.631s
2025-05-19 13:20:27.004 70140 INFO tempest.lib.common.rest_client [req-b09ca89a-2aee-4fdd-a411-c5ea9c5e736c req-b09ca89a-2aee-4fdd-a411-c5ea9c5e736c ] Request (ServerDiskConfigTestJSON:setUpClass): 201 POST http://10.180.1.21:9696/networking/v2.0/networks 0.545s
2025-05-19 13:20:27.015 70117 INFO tempest.lib.common.rest_client [req-888bee15-7481-49bd-895c-003b1f3df53f req-888bee15-7481-49bd-895c-003b1f3df53f ] Request (ServersAdminNegativeTestJSON:test_migrate_server_invalid_state): 200 GET http://10.180.1.21/compute/v2.1/servers/4f4449ab-939d-4d96-9cd0-419a121575cb 1.141s
2025-05-19 13:20:27.016 70158 INFO tempest.lib.common.rest_client [req-b87bb636-9bfc-480f-92ca-a3885b81f189 req-b87bb636-9bfc-480f-92ca-a3885b81f189 ] Request (ServerShowV247Test:test_update_rebuild_list_server): 200 PUT http://10.180.1.21/compute/v2.1/servers/b97945f4-5c5b-4a98-adac-8337a7ed9011 0.971s
2025-05-19 13:20:27.028 70161 INFO tempest.lib.common.rest_client [req-3829378a-53e8-4a49-97c1-a049456881e0 req-3829378a-53e8-4a49-97c1-a049456881e0 ] Request (AggregatesAdminNegativeTestJSON:test_aggregate_remove_host_as_user): 403 POST http://10.180.1.21/compute/v2.1/os-aggregates/7/action 0.853s
2025-05-19 13:20:27.038 70127 INFO tempest.lib.common.rest_client [req-0d5e8d17-df4a-41ad-84e2-bd733431df64 req-0d5e8d17-df4a-41ad-84e2-bd733431df64 ] Request (FlavorsAdminTestJSON:test_is_public_string_variations): 200 GET http://10.180.1.21/compute/v2.1/flavors/detail?is_public=0 0.839s
2025-05-19 13:20:27.046 70138 INFO tempest.lib.common.rest_client [req-24a55d54-1ef5-453a-bb9a-57016991ba9b req-24a55d54-1ef5-453a-bb9a-57016991ba9b ] Request (KeyPairsV22TestJSON:test_keypairsv22_create_list_show): 200 GET http://10.180.1.21/compute/v2.1/os-keypairs/tempest-keypair-985206407 0.754s
2025-05-19 13:20:27.089 70142 INFO tempest.lib.common.rest_client [req-fa25c25d-1cfa-49a2-a99e-c9a8438de66e req-fa25c25d-1cfa-49a2-a99e-c9a8438de66e ] Request (AttachInterfacesV270Test:tearDownClass): 204 DELETE http://10.180.1.21/identity/v3/users/9647f914db0a47a29f7d54ee48ab7c76 0.134s
2025-05-19 13:20:27.090 70142 INFO tempest.lib.common.dynamic_creds [-] Deleting project and security group for project: 21ad04776655492684df3fc7fabcbdd1
2025-05-19 13:20:27.148 70142 INFO tempest.lib.common.rest_client [req-de917031-095c-42e0-ba3f-799bc65cfb33 req-de917031-095c-42e0-ba3f-799bc65cfb33 ] Request (AttachInterfacesV270Test:tearDownClass): 200 GET http://10.180.1.21:9696/networking/v2.0/security-groups?tenant_id=21ad04776655492684df3fc7fabcbdd1&name=default 0.058s
2025-05-19 13:20:27.174 70168 INFO tempest.lib.common.rest_client [req-16ab45b1-eaf3-4e82-b81d-90a94653d62a req-16ab45b1-eaf3-4e82-b81d-90a94653d62a ] Request (ServersAdmin275Test:tearDownClass): 200 GET http://10.180.1.21/compute/v2.1/servers/38792225-b054-4c08-b3ec-51d46287b0f9 0.743s
2025-05-19 13:20:27.236 70148 INFO tempest.lib.common.rest_client [req-6cc33dc6-9ce7-46c3-916f-cab6048f6e0c req-6cc33dc6-9ce7-46c3-916f-cab6048f6e0c ] Request (VolumesAssistedSnapshotsTest:tearDownClass): 200 PUT http://10.180.1.21:9696/networking/v2.0/routers/d127dc00-b6fe-444d-b09d-3dafbc9e3b8b/remove_router_interface 2.195s
2025-05-19 13:20:27.292 70125 INFO tempest.lib.common.rest_client [req-6c0b9376-b6c3-4883-a2bf-f9598a73a385 req-6c0b9376-b6c3-4883-a2bf-f9598a73a385 ] Request (ServerAddressesNegativeTestJSON:setUpClass): 200 GET http://10.180.1.21/compute/v2.1/servers/3020e505-513b-4b29-996a-6e70a212f508 0.997s
2025-05-19 13:20:27.372 70142 INFO tempest.lib.common.rest_client [req-76ddbb8d-5578-49c0-b3f5-7063fa49c714 req-76ddbb8d-5578-49c0-b3f5-7063fa49c714 ] Request (AttachInterfacesV270Test:tearDownClass): 204 DELETE http://10.180.1.21:9696/networking/v2.0/security-groups/1f9994a9-d5bc-4285-9c21-cc72e521d44e 0.222s
2025-05-19 13:20:27.507 70142 INFO tempest.lib.common.rest_client [req-f1a6e20a-42fc-486f-b547-8f8ed806df99 req-f1a6e20a-42fc-486f-b547-8f8ed806df99 ] Request (AttachInterfacesV270Test:tearDownClass): 204 DELETE http://10.180.1.21/identity/v3/projects/21ad04776655492684df3fc7fabcbdd1 0.134s
2025-05-19 13:20:27.597 70142 INFO tempest.lib.common.rest_client [req-15ad3ba2-5213-43ca-a065-631e443f75c0 req-15ad3ba2-5213-43ca-a065-631e443f75c0 ] Request (ServerActionsTestJSON:setUpClass): 201 POST http://10.180.1.21/identity/v3/auth/tokens 0.088s
2025-05-19 13:20:27.623 70115 INFO tempest.lib.common.rest_client [req-477a45e7-0c9b-4f0b-8b2a-281830cf76d3 req-477a45e7-0c9b-4f0b-8b2a-281830cf76d3 ] Request (InstanceActionsNegativeTestJSON:setUpClass): 200 PUT http://10.180.1.21:9696/networking/v2.0/routers/eaf1efd9-cbfd-4ff8-bc50-05c44979df04/add_router_interface 3.117s
2025-05-19 13:20:27.624 70115 INFO tempest.lib.common.dynamic_creds [-] Created isolated network resources for: credentials: Credentials: {'domain_id': 'default', 'domain_name': 'Default', 'username': 'tempest-InstanceActionsNegativeTestJSON-1052599922-project-member', 'project_domain_id': 'default', 'project_domain_name': 'Default', 'project_id': '2b69ccad98944700a049407d86a51779', 'project_name': 'tempest-InstanceActionsNegativeTestJSON-1052599922', 'tenant_id': '2b69ccad98944700a049407d86a51779', 'tenant_name': 'tempest-InstanceActionsNegativeTestJSON-1052599922', 'user_domain_id': 'default', 'user_domain_name': 'Default', 'user_id': 'bbd30b859a324114b3c19a46374dc97e', 'system': None}, Network: {'id': 'fd7bcd7e-95f8-45d2-ad28-8851c3347bf6', 'name': 'tempest-InstanceActionsNegativeTestJSON-624765246-network', 'tenant_id': '2b69ccad98944700a049407d86a51779', 'admin_state_up': True, 'mtu': 8950, 'status': 'ACTIVE', 'subnets': [], 'shared': False, 'project_id': '2b69ccad98944700a049407d86a51779', 'port_security_enabled': True, 'router:external': False, 'provider:network_type': 'vlan', 'provider:physical_network': 'default', 'provider:segmentation_id': 77, 'availability_zone_hints': [], 'availability_zones': [], 'ipv4_address_scope': None, 'ipv6_address_scope': None, 'description': '', 'tags': [], 'created_at': '2025-05-19T13:20:21Z', 'updated_at': '2025-05-19T13:20:21Z', 'revision_number': 1}, Subnet: {'id': 'd2853baa-c585-428c-b4e5-77173a0a43e1', 'name': 'tempest-InstanceActionsNegativeTestJSON-624765246-subnet', 'tenant_id': '2b69ccad98944700a049407d86a51779', 'network_id': 'fd7bcd7e-95f8-45d2-ad28-8851c3347bf6', 'ip_version': 4, 'subnetpool_id': None, 'enable_dhcp': True, 'ipv6_ra_mode': None, 'ipv6_address_mode': None, 'gateway_ip': '192.168.128.1', 'cidr': '192.168.128.0/28', 'allocation_pools': [{'start': '192.168.128.2', 'end': '192.168.128.14'}], 'host_routes': [], 'dns_nameservers': [], 'description': '', 'router:external': False, 'service_types': [], 'tags': [], 'created_at': '2025-05-19T13:20:21Z', 'updated_at': '2025-05-19T13:20:21Z', 'revision_number': 0, 'project_id': '2b69ccad98944700a049407d86a51779'}, Router: {'id': 'eaf1efd9-cbfd-4ff8-bc50-05c44979df04', 'name': 'tempest-InstanceActionsNegativeTestJSON-624765246-router', 'tenant_id': '2b69ccad98944700a049407d86a51779', 'admin_state_up': True, 'status': 'ACTIVE', 'external_gateway_info': {'network_id': '41dae597-563d-4178-98b5-02281f734cd4', 'external_fixed_ips': [{'subnet_id': 'fd6e63ce-a290-4950-87b1-eac452de5118', 'ip_address': '10.180.180.156'}], 'enable_snat': True}, 'description': '', 'availability_zones': [], 'distributed': False, 'ha': False, 'availability_zone_hints': [], 'routes': [], 'flavor_id': None, 'tags': [], 'created_at': '2025-05-19T13:20:22Z', 'updated_at': '2025-05-19T13:20:23Z', 'revision_number': 2, 'project_id': '2b69ccad98944700a049407d86a51779'}
2025-05-19 13:20:27.641 70142 INFO tempest.lib.common.rest_client [req-3de04014-a78a-4a11-80d1-dfece5a2c258 req-3de04014-a78a-4a11-80d1-dfece5a2c258 ] Request (ServerActionsTestJSON:setUpClass): 201 POST http://10.180.1.21/identity/v3/auth/tokens 0.040s
2025-05-19 13:20:27.648 70154 INFO tempest.lib.common.rest_client [req-31fb9c9f-266b-4e89-b5b9-b93750a0e114 req-31fb9c9f-266b-4e89-b5b9-b93750a0e114 ] Request (SecurityGroupRulesNegativeTestJSON:tearDownClass): 202 DELETE http://10.180.1.21/compute/v2.1/os-security-groups/c5cb8fbc-aefa-49b5-8af9-9f422c26df94 0.992s
2025-05-19 13:20:27.682 70142 INFO tempest.lib.common.rest_client [req-8afa2a4b-f487-465f-bf24-c1af459a2bcc req-8afa2a4b-f487-465f-bf24-c1af459a2bcc ] Request (ServerActionsTestJSON:setUpClass): 200 GET http://10.180.1.21/identity/v3/domains?name=Default 0.039s
2025-05-19 13:20:27.696 70140 INFO tempest.lib.common.rest_client [req-15d3c01b-3d05-409e-a8c6-f07a5d3f5b25 req-15d3c01b-3d05-409e-a8c6-f07a5d3f5b25 ] Request (ServerDiskConfigTestJSON:setUpClass): 201 POST http://10.180.1.21:9696/networking/v2.0/subnets 0.692s
2025-05-19 13:20:27.720 70142 INFO tempest.lib.common.rest_client [req-50ea955e-580b-4930-a54c-c9285b77c7e5 req-50ea955e-580b-4930-a54c-c9285b77c7e5 ] Request (ServerActionsTestJSON:setUpClass): 201 POST http://10.180.1.21/identity/v3/projects 0.037s
2025-05-19 13:20:27.729 70115 INFO tempest.lib.common.rest_client [req-1c3cc85d-dc75-45be-b076-d9721dbf60bf req-1c3cc85d-dc75-45be-b076-d9721dbf60bf ] Request (InstanceActionsNegativeTestJSON:setUpClass): 201 POST http://10.180.1.21/identity/v3/auth/tokens 0.097s
2025-05-19 13:20:27.738 70150 INFO tempest.lib.common.rest_client [req-3d21ed3b-d0db-49fc-a54e-5fa95f456148 req-3d21ed3b-d0db-49fc-a54e-5fa95f456148 ] Request (TenantUsagesTestJSON:tearDownClass): 200 GET http://10.180.1.21/compute/v2.1/servers/8b103adc-9903-406f-8fd1-e193e00cde11 0.995s
2025-05-19 13:20:27.797 70172 INFO tempest.lib.common.rest_client [req-f8d85b8a-eb4a-4681-b0d7-2c2d1686b64b req-f8d85b8a-eb4a-4681-b0d7-2c2d1686b64b ] Request (ListImageFiltersTestJSON:setUpClass): 200 GET http://10.180.1.21/compute/v2.1/images/05c71b39-b10c-4192-b971-28a7dc8f9513 0.961s
2025-05-19 13:20:27.805 70142 INFO tempest.lib.common.rest_client [req-5e9fb940-4198-4185-a3c5-15c79aa4e460 req-5e9fb940-4198-4185-a3c5-15c79aa4e460 ] Request (ServerActionsTestJSON:setUpClass): 201 POST http://10.180.1.21/identity/v3/users 0.084s
2025-05-19 13:20:27.811 70115 INFO tempest.lib.common.rest_client [req-2eec5151-390d-47b1-8644-6d9558d1de8e req-2eec5151-390d-47b1-8644-6d9558d1de8e ] Request (InstanceActionsNegativeTestJSON:setUpClass): 201 POST http://10.180.1.21/identity/v3/auth/tokens 0.077s
2025-05-19 13:20:27.811 70115 INFO tempest.lib.common.fixed_network [-] (InstanceActionsNegativeTestJSON:setUpClass) Found network {'id': 'fd7bcd7e-95f8-45d2-ad28-8851c3347bf6', 'name': 'tempest-InstanceActionsNegativeTestJSON-624765246-network', 'tenant_id': '2b69ccad98944700a049407d86a51779', 'admin_state_up': True, 'mtu': 8950, 'status': 'ACTIVE', 'subnets': [], 'shared': False, 'project_id': '2b69ccad98944700a049407d86a51779', 'port_security_enabled': True, 'router:external': False, 'provider:network_type': 'vlan', 'provider:physical_network': 'default', 'provider:segmentation_id': 77, 'availability_zone_hints': [], 'availability_zones': [], 'ipv4_address_scope': None, 'ipv6_address_scope': None, 'description': '', 'tags': [], 'created_at': '2025-05-19T13:20:21Z', 'updated_at': '2025-05-19T13:20:21Z', 'revision_number': 1} available for tenant
2025-05-19 13:20:27.844 70142 INFO tempest.lib.common.rest_client [req-4b216d48-d2db-4d4e-b851-72f162ed303c req-4b216d48-d2db-4d4e-b851-72f162ed303c ] Request (ServerActionsTestJSON:setUpClass): 200 GET http://10.180.1.21/identity/v3/roles 0.039s
2025-05-19 13:20:27.876 70142 INFO tempest.lib.common.rest_client [req-57ee78a9-c252-40af-9135-892db4259551 req-57ee78a9-c252-40af-9135-892db4259551 ] Request (ServerActionsTestJSON:setUpClass): 204 PUT http://10.180.1.21/identity/v3/projects/0dff9e0446514f5f863a3955a129fe58/users/acda616eb8204e31a19ba261e94ee07f/roles/209c136ed5e44d629d25c49b31988756 0.031s
2025-05-19 13:20:27.876 70142 INFO tempest.lib.common.dynamic_creds [-] Dynamic test user acda616eb8204e31a19ba261e94ee07f is created with scope project and roles: ['member']
2025-05-19 13:20:27.877 70142 INFO tempest.lib.common.dynamic_creds [-] Acquired dynamic creds: credentials: Credentials: {'domain_id': 'default', 'domain_name': 'Default', 'username': 'tempest-ServerActionsTestJSON-2097779956-project-member', 'project_domain_id': 'default', 'project_domain_name': 'Default', 'project_id': '0dff9e0446514f5f863a3955a129fe58', 'project_name': 'tempest-ServerActionsTestJSON-2097779956', 'tenant_id': '0dff9e0446514f5f863a3955a129fe58', 'tenant_name': 'tempest-ServerActionsTestJSON-2097779956', 'user_domain_id': 'default', 'user_domain_name': 'Default', 'user_id': 'acda616eb8204e31a19ba261e94ee07f', 'system': None}, Network: None, Subnet: None, Router: None
2025-05-19 13:20:27.895 70172 INFO tempest.lib.common.rest_client [req-d25748bb-07f2-4168-bbef-b584ad0089cc req-d25748bb-07f2-4168-bbef-b584ad0089cc ] Request (ListImageFiltersTestJSON:setUpClass): 201 POST http://10.180.1.21/identity/v3/auth/tokens 0.085s
2025-05-19 13:20:27.895 70172 INFO tempest.lib.common.fixed_network [-] (ListImageFiltersTestJSON:setUpClass) Found network None available for tenant
2025-05-19 13:20:27.911 70113 INFO tempest.lib.common.rest_client [req-63decd0c-2d61-4ef1-b414-6e1f48a2c700 req-63decd0c-2d61-4ef1-b414-6e1f48a2c700 ] Request (AttachInterfacesUnderV243Test:test_add_remove_fixed_ip): 200 GET http://10.180.1.21/compute/v2.1/servers/21bfeb07-c3d5-402d-84ba-2f22aafd5ae6 1.006s
2025-05-19 13:20:27.938 70142 INFO tempest.lib.common.rest_client [req-99ca5e94-52d1-4535-96d2-68253be5f863 req-99ca5e94-52d1-4535-96d2-68253be5f863 ] Request (ServerActionsTestJSON:setUpClass): 201 POST http://10.180.1.21/identity/v3/auth/tokens 0.061s
2025-05-19 13:20:27.940 70156 INFO tempest.lib.common.rest_client [req-5cbba3a9-3001-4374-8162-f951c9627060 req-5cbba3a9-3001-4374-8162-f951c9627060 ] Request (ServerGroupTestJSON:tearDownClass): 204 DELETE http://10.180.1.21/compute/v2.1/os-server-groups/2ba26efa-4258-4f90-9189-53adac1e06d0 1.001s
2025-05-19 13:20:28.016 70158 INFO tempest.lib.common.rest_client [req-6965c2aa-6f2f-435f-b12f-cdc91847355f req-6965c2aa-6f2f-435f-b12f-cdc91847355f ] Request (ServerShowV247Test:test_update_rebuild_list_server): 200 GET http://10.180.1.21/compute/v2.1/servers/b97945f4-5c5b-4a98-adac-8337a7ed9011 0.990s
2025-05-19 13:20:28.027 70119 INFO tempest.lib.common.rest_client [req-f6813223-7dc7-4975-a524-208956dd4f60 req-f6813223-7dc7-4975-a524-208956dd4f60 ] Request (AttachInterfacesTestJSON:test_create_list_show_delete_interfaces_by_fixed_ip): 202 POST http://10.180.1.21/compute/v2.1/servers 1.593s
2025-05-19 13:20:28.055 70127 INFO tempest.lib.common.rest_client [req-e7be8d5e-e311-4cc6-8037-03b21b5eeb41 req-e7be8d5e-e311-4cc6-8037-03b21b5eeb41 ] Request (FlavorsAdminTestJSON:test_is_public_string_variations): 200 GET http://10.180.1.21/compute/v2.1/flavors/detail?is_public=t 1.013s
2025-05-19 13:20:28.072 70138 INFO tempest.lib.common.rest_client [req-9d9f3b68-e4a1-405f-9ed7-ca0be5a9e8b8 req-9d9f3b68-e4a1-405f-9ed7-ca0be5a9e8b8 ] Request (KeyPairsV22TestJSON:test_keypairsv22_create_list_show): 200 GET http://10.180.1.21/compute/v2.1/os-keypairs 1.023s
2025-05-19 13:20:28.084 70162 INFO tempest.lib.common.rest_client [req-c8f8ecad-265a-49d2-8d8f-78f79fb1ad8a req-c8f8ecad-265a-49d2-8d8f-78f79fb1ad8a ] Request (SecurityGroupRulesTestJSON:tearDownClass): 200 PUT http://10.180.1.21:9696/networking/v2.0/routers/53b947ef-98f8-4322-a917-0be8949ced8c/remove_router_interface 2.086s
2025-05-19 13:20:28.145 70170 INFO tempest.lib.common.rest_client [req-7b811a18-9fbc-4c59-beb0-94c977e7d54a req-7b811a18-9fbc-4c59-beb0-94c977e7d54a ] Request (ServerMetadataTestJSON:setUpClass): 200 GET http://10.180.1.21/compute/v2.1/servers/274e4d87-ec17-4210-a0fb-e226d29ed0d3 0.996s
2025-05-19 13:20:28.160 70170 INFO tempest.common.waiters [-] State transition "BUILD/scheduling" ==> "BUILD/None" after 5 second wait
2025-05-19 13:20:28.177 70161 INFO tempest.lib.common.rest_client [req-4b326004-e955-4610-b36f-a783c4eddcd0 req-4b326004-e955-4610-b36f-a783c4eddcd0 ] Request (AggregatesAdminNegativeTestJSON:_run_cleanups): 200 POST http://10.180.1.21/compute/v2.1/os-aggregates/7/action 1.149s
2025-05-19 13:20:28.238 70146 INFO tempest.lib.common.rest_client [req-cc06feda-12f9-499d-bf13-e42cbffa6386 req-cc06feda-12f9-499d-bf13-e42cbffa6386 ] Request (DeleteServersAdminTestJSON:test_delete_server_while_in_error_state): 200 GET http://10.180.1.21/compute/v2.1/servers/5747cb37-539e-4532-a627-282f965a7dd5 0.978s
2025-05-19 13:20:28.256 70144 INFO tempest.lib.common.rest_client [req-6505e97b-e949-4760-9a19-5495a9e13990 req-6505e97b-e949-4760-9a19-5495a9e13990 ] Request (SecurityGroupsTestJSON:test_list_security_groups_by_server): 200 GET http://10.180.1.21/compute/v2.1/servers/74b17bd9-66c4-4a88-b3de-fc5f720f4eca 0.928s
2025-05-19 13:20:28.328 70129 INFO tempest.lib.common.rest_client [req-ae7d319d-278e-40ba-a88e-58c2c374edf0 req-ae7d319d-278e-40ba-a88e-58c2c374edf0 ] Request (ServersAaction247Test:tearDownClass): 200 GET http://10.180.1.21/compute/v2.1/servers/7f37f6c9-adba-4292-9d47-c455f77e539f 0.920s
2025-05-19 13:20:28.348 70152 INFO tempest.lib.common.rest_client [req-389fb6ad-db68-44bf-a87d-86d763104e7d req-389fb6ad-db68-44bf-a87d-86d763104e7d ] Request (ServersTestMultiNic:test_verify_duplicate_network_nics): 200 GET http://10.180.1.21/compute/v2.1/servers/fcc5bac9-b312-4d4f-8ffb-828ee110aa60 0.858s
2025-05-19 13:20:28.520 70148 INFO tempest.lib.common.rest_client [req-71696fd0-7f87-4996-9660-60d1ee3bcc14 req-71696fd0-7f87-4996-9660-60d1ee3bcc14 ] Request (VolumesAssistedSnapshotsTest:tearDownClass): 204 DELETE http://10.180.1.21:9696/networking/v2.0/routers/d127dc00-b6fe-444d-b09d-3dafbc9e3b8b 1.284s
2025-05-19 13:20:28.802 70154 INFO tempest.lib.common.rest_client [req-1b4e31e9-4ce2-4b1b-ba7a-e3d773c19fc6 req-1b4e31e9-4ce2-4b1b-ba7a-e3d773c19fc6 ] Request (SecurityGroupRulesNegativeTestJSON:tearDownClass): 202 DELETE http://10.180.1.21/compute/v2.1/os-security-groups/a9657fc0-a0df-4671-9689-33fb986a5b87 1.153s
2025-05-19 13:20:28.832 70142 INFO tempest.lib.common.rest_client [req-65718050-4cbe-4327-b74e-ce2ca0527ed4 req-65718050-4cbe-4327-b74e-ce2ca0527ed4 ] Request (ServerActionsTestJSON:setUpClass): 201 POST http://10.180.1.21:9696/networking/v2.0/networks 0.893s
2025-05-19 13:20:28.877 70134 INFO tempest.lib.common.rest_client [req-e10cf835-71c7-490c-a933-e184f0bfee94 req-e10cf835-71c7-490c-a933-e184f0bfee94 ] Request (ServersWithSpecificFlavorTestJSON:test_verify_created_server_ephemeral_disk): 200 GET http://10.180.1.21/compute/v2.1/servers/d746d66b-32df-4a4d-97bd-82b4ad364461 1.167s
2025-05-19 13:20:28.886 70134 INFO tempest.common.waiters [-] State transition "BUILD/spawning" ==> "ACTIVE/None" after 27 second wait
2025-05-19 13:20:28.903 70148 INFO tempest.lib.common.rest_client [req-ae6c21ec-1a0a-41d4-a766-58f8c7c788f5 req-ae6c21ec-1a0a-41d4-a766-58f8c7c788f5 ] Request (VolumesAssistedSnapshotsTest:tearDownClass): 204 DELETE http://10.180.1.21:9696/networking/v2.0/subnets/de1edf2c-6740-43f2-83a0-f37707553621 0.382s
2025-05-19 13:20:28.910 70123 INFO tempest.lib.common.rest_client [req-45f1c49f-37f7-4b8c-8586-35b8c67f03c3 req-45f1c49f-37f7-4b8c-8586-35b8c67f03c3 ] Request (ServerExternalEventsTest:tearDownClass): 200 GET http://10.180.1.21/compute/v2.1/servers/47005af8-11fe-498f-9b67-e0316faeeb8f 1.162s
2025-05-19 13:20:28.956 70166 INFO tempest.lib.common.rest_client [req-2b4cc76d-8209-451c-bd98-1c14b85e10a5 req-2b4cc76d-8209-451c-bd98-1c14b85e10a5 ] Request (ServersAdminTestJSON:setUpClass): 200 GET http://10.180.1.21/compute/v2.1/servers/6d0b5852-7b75-4054-9eb8-5af0496d800d 1.180s
2025-05-19 13:20:28.965 70166 INFO tempest.common.waiters [-] State transition "BUILD/None" ==> "BUILD/scheduling" after 23 second wait
2025-05-19 13:20:29.056 70132 INFO tempest.lib.common.rest_client [req-9e7de2d7-f69f-42ad-b990-f940a1df5e7a req-9e7de2d7-f69f-42ad-b990-f940a1df5e7a ] Request (MigrationsAdminTest:test_list_migrations_in_flavor_resize_situation): 200 GET http://10.180.1.21/compute/v2.1/servers/119768d0-2727-4ef8-b28b-c01cd46fc671 1.230s
2025-05-19 13:20:29.066 70132 INFO tempest.common.waiters [-] State transition "BUILD/scheduling" ==> "ERROR/None" after 26 second wait
2025-05-19 13:20:29.309 70162 INFO tempest.lib.common.rest_client [req-059b8f09-c5a5-4a9d-9869-dd14bac8cf9b req-059b8f09-c5a5-4a9d-9869-dd14bac8cf9b ] Request (SecurityGroupRulesTestJSON:tearDownClass): 204 DELETE http://10.180.1.21:9696/networking/v2.0/routers/53b947ef-98f8-4322-a917-0be8949ced8c 1.225s
2025-05-19 13:20:29.489 70140 INFO tempest.lib.common.rest_client [req-cb546ccb-05fb-4dd0-ba64-213c153ab46d req-cb546ccb-05fb-4dd0-ba64-213c153ab46d ] Request (ServerDiskConfigTestJSON:setUpClass): 201 POST http://10.180.1.21:9696/networking/v2.0/routers 1.792s
2025-05-19 13:20:29.549 70142 INFO tempest.lib.common.rest_client [req-6f6d3a9c-7b5e-4913-b798-c4915e82d1dc req-6f6d3a9c-7b5e-4913-b798-c4915e82d1dc ] Request (ServerActionsTestJSON:setUpClass): 201 POST http://10.180.1.21:9696/networking/v2.0/subnets 0.717s
2025-05-19 13:20:29.554 70172 INFO tempest.lib.common.rest_client [req-e514ec6d-5720-4b36-9e11-89eecf1ee836 req-e514ec6d-5720-4b36-9e11-89eecf1ee836 ] Request (ListImageFiltersTestJSON:setUpClass): 202 POST http://10.180.1.21/compute/v2.1/servers 1.658s
2025-05-19 13:20:29.654 70172 INFO tempest.lib.common.rest_client [req-0acf145d-d768-45fb-9aa6-ff0473cfcae2 req-0acf145d-d768-45fb-9aa6-ff0473cfcae2 ] Request (ListImageFiltersTestJSON:setUpClass): 201 POST http://10.180.1.21/identity/v3/auth/tokens 0.093s
2025-05-19 13:20:29.655 70172 INFO tempest.lib.common.fixed_network [-] (ListImageFiltersTestJSON:setUpClass) Found network None available for tenant
2025-05-19 13:20:29.695 70164 INFO tempest.lib.common.rest_client [req-d70f67de-94f9-408b-8283-f317babce550 req-d70f67de-94f9-408b-8283-f317babce550 ] Request (ServersTestManualDisk:setUpClass): 200 GET http://10.180.1.21/compute/v2.1/servers/12b7c520-b21f-48d1-a1fe-6c12dcb713cb 1.778s
2025-05-19 13:20:29.823 70174 INFO tempest.lib.common.rest_client [req-651b3572-9f87-44e3-a7b7-05970d081afa req-651b3572-9f87-44e3-a7b7-05970d081afa ] Request (FloatingIPsAssociationNegativeTestJSON:setUpClass): 200 GET http://10.180.1.21/compute/v2.1/servers/659ec1bd-2be6-4f40-b513-a907b77f2ebb 1.886s
2025-05-19 13:20:29.857 70111 WARNING tempest.lib.common.ssh [-] Failed to establish authenticated ssh connection to cirros@10.180.180.157 ([Errno None] Unable to connect to port 22 on 10.180.180.157). Number attempts: 1. Retry after 2 seconds.: paramiko.ssh_exception.NoValidConnectionsError: [Errno None] Unable to connect to port 22 on 10.180.180.157
2025-05-19 13:20:29.890 70148 INFO tempest.lib.common.rest_client [req-91de3726-3ddd-47b6-8670-242429c058ca req-91de3726-3ddd-47b6-8670-242429c058ca ] Request (VolumesAssistedSnapshotsTest:tearDownClass): 204 DELETE http://10.180.1.21:9696/networking/v2.0/networks/c1e096cf-9e5d-41f5-8ce2-d4b7bed15df1 0.986s
2025-05-19 13:20:29.914 70162 INFO tempest.lib.common.rest_client [req-1b41a3ad-9c05-4f75-a691-94d55f2abfbb req-1b41a3ad-9c05-4f75-a691-94d55f2abfbb ] Request (SecurityGroupRulesTestJSON:tearDownClass): 204 DELETE http://10.180.1.21:9696/networking/v2.0/subnets/e63c9287-34a0-4c5d-a20b-cda6ab4f4fc1 0.604s
2025-05-19 13:20:29.955 70117 INFO tempest.lib.common.rest_client [req-e917c668-2f74-466b-b8eb-170f0d84903f req-e917c668-2f74-466b-b8eb-170f0d84903f ] Request (ServersAdminNegativeTestJSON:test_migrate_server_invalid_state): 200 GET http://10.180.1.21/compute/v2.1/servers/4f4449ab-939d-4d96-9cd0-419a121575cb 1.930s
2025-05-19 13:20:30.012 70148 INFO tempest.lib.common.rest_client [req-ad3b20f5-6395-43c8-aec1-f12c0e872cd5 req-ad3b20f5-6395-43c8-aec1-f12c0e872cd5 ] Request (VolumesAssistedSnapshotsTest:tearDownClass): 204 DELETE http://10.180.1.21/identity/v3/users/4709779033b14d688f4476f86df32d32 0.121s
2025-05-19 13:20:30.050 70115 INFO tempest.lib.common.rest_client [req-8963a449-73c2-4a59-a92d-c3ec45ba3107 req-8963a449-73c2-4a59-a92d-c3ec45ba3107 ] Request (InstanceActionsNegativeTestJSON:setUpClass): 202 POST http://10.180.1.21/compute/v2.1/servers 2.238s
2025-05-19 13:20:30.053 70119 INFO tempest.lib.common.rest_client [req-5ec7bc9e-aad2-4b3d-8172-f0cac327d133 req-5ec7bc9e-aad2-4b3d-8172-f0cac327d133 ] Request (AttachInterfacesTestJSON:test_create_list_show_delete_interfaces_by_fixed_ip): 200 GET http://10.180.1.21/compute/v2.1/servers/46c6028e-1282-4585-bc96-58e0c036b5ef 2.025s
2025-05-19 13:20:30.082 70127 INFO tempest.lib.common.rest_client [req-bf0a6291-7fcf-4e1f-881b-2e1fda914fa7 req-bf0a6291-7fcf-4e1f-881b-2e1fda914fa7 ] Request (FlavorsAdminTestJSON:test_is_public_string_variations): 200 GET http://10.180.1.21/compute/v2.1/flavors/detail?is_public=true 2.016s
2025-05-19 13:20:30.082 70138 INFO tempest.lib.common.rest_client [req-35adeb50-f248-41a9-84a0-bec3352ee69c req-35adeb50-f248-41a9-84a0-bec3352ee69c ] Request (KeyPairsV22TestJSON:_run_cleanups): 204 DELETE http://10.180.1.21/compute/v2.1/os-keypairs/tempest-keypair-985206407 2.008s
2025-05-19 13:20:30.115 70161 INFO tempest.lib.common.rest_client [req-bb261e02-c7a5-44be-842c-41a365380575 req-bb261e02-c7a5-44be-842c-41a365380575 ] Request (AggregatesAdminNegativeTestJSON:_run_cleanups): 200 DELETE http://10.180.1.21/compute/v2.1/os-aggregates/7 1.936s
2025-05-19 13:20:30.155 70148 INFO tempest.lib.common.rest_client [req-21af2f97-c4cc-43ca-8d62-69ebccd4e8dc req-21af2f97-c4cc-43ca-8d62-69ebccd4e8dc ] Request (VolumesAssistedSnapshotsTest:tearDownClass): 204 DELETE http://10.180.1.21/identity/v3/users/afaa05e209f845dfb9ab8d2a71c14f77 0.143s
2025-05-19 13:20:30.231 70168 INFO tempest.lib.common.rest_client [req-288f29ba-4d63-4095-9420-5fb8f79f6ed7 req-288f29ba-4d63-4095-9420-5fb8f79f6ed7 ] Request (ServersAdmin275Test:tearDownClass): 200 GET http://10.180.1.21/compute/v2.1/servers/38792225-b054-4c08-b3ec-51d46287b0f9 2.046s
2025-05-19 13:20:30.243 70168 INFO tempest.common.waiters [-] State transition "ACTIVE/deleting" ==> "DELETED/None" after 5 second wait
2025-05-19 13:20:30.301 70148 INFO tempest.lib.common.rest_client [req-cb6e987a-a6a7-4dff-89a5-733293e0e7be req-cb6e987a-a6a7-4dff-89a5-733293e0e7be ] Request (VolumesAssistedSnapshotsTest:tearDownClass): 204 DELETE http://10.180.1.21/identity/v3/users/ef6086219bce4966b8b37325823888d8 0.145s
2025-05-19 13:20:30.301 70148 INFO tempest.lib.common.dynamic_creds [-] Deleting project and security group for project: 38642d95c2e843a1ae43584f33fb920a
2025-05-19 13:20:30.331 70150 INFO tempest.lib.common.rest_client [req-ce2ff7b9-9d3c-4212-9ac5-d80b6f2ffaae req-ce2ff7b9-9d3c-4212-9ac5-d80b6f2ffaae ] Request (TenantUsagesTestJSON:tearDownClass): 200 GET http://10.180.1.21/compute/v2.1/servers/8b103adc-9903-406f-8fd1-e193e00cde11 1.579s
2025-05-19 13:20:30.362 70162 INFO tempest.lib.common.rest_client [req-6f56354f-bf31-4497-b5f6-f7a61e9c0278 req-6f56354f-bf31-4497-b5f6-f7a61e9c0278 ] Request (SecurityGroupRulesTestJSON:tearDownClass): 204 DELETE http://10.180.1.21:9696/networking/v2.0/networks/c557bfaa-4aba-4962-a2fa-bae586126882 0.448s
2025-05-19 13:20:30.409 70148 INFO tempest.lib.common.rest_client [req-ef816e1d-9624-4e31-b04b-df7f966e24f1 req-ef816e1d-9624-4e31-b04b-df7f966e24f1 ] Request (VolumesAssistedSnapshotsTest:tearDownClass): 200 GET http://10.180.1.21:9696/networking/v2.0/security-groups?tenant_id=38642d95c2e843a1ae43584f33fb920a&name=default 0.107s
