2025-05-19 13:20:08.173 70117 INFO tempest.lib.common.rest_client [req-538dfcdf-cc11-4235-910e-974812761905 req-538dfcdf-cc11-4235-910e-974812761905 ] Request (ServersAdminNegativeTestJSON:setUpClass): 200 GET http://10.180.1.21/compute/v2.1/servers/a4a16667-cd00-4850-9389-0bd57c7efd74 1.575s
2025-05-19 13:20:08.209 70144 INFO tempest.lib.common.rest_client [req-483180d3-f992-408d-a609-3ac0af57cccc req-483180d3-f992-408d-a609-3ac0af57cccc ] Request (QuotasAdminTestV257:tearDownClass): 204 DELETE http://10.180.1.21/identity/v3/projects/90b5065f68324a3fb33d32ecdeb032b4 0.095s
2025-05-19 13:20:08.209 70144 INFO tempest.lib.common.dynamic_creds [-] Deleting project and security group for project: a7b535e1cce3418fa99fd8134fdfe610
2025-05-19 13:20:08.210 70170 INFO tempest.lib.common.rest_client [req-e800db1f-8d39-4b9b-8dbc-fccc1c701249 req-e800db1f-8d39-4b9b-8dbc-fccc1c701249 ] Request (HypervisorAdminTestJSON:tearDownClass): 204 DELETE http://10.180.1.21/identity/v3/projects/6a7e3085807046d0acb242240c9383db 0.107s
2025-05-19 13:20:08.210 70170 INFO tempest.lib.common.dynamic_creds [-] Deleting project and security group for project: b7a209cc40a94238a8b447efb97d71dd
2025-05-19 13:20:08.287 70136 INFO tempest.lib.common.rest_client [req-167e71cc-344a-4423-a942-e96b80f394c4 req-167e71cc-344a-4423-a942-e96b80f394c4 ] Request (ServerDiagnosticsV248Test:test_get_server_diagnostics): 204 DELETE http://10.180.1.21/compute/v2.1/servers/5abf4fa3-bb75-47ab-bd8a-4b181e840946 1.623s
2025-05-19 13:20:08.325 70113 INFO tempest.lib.common.rest_client [req-4299244b-4056-4eb8-b70f-469bd412cbb0 req-4299244b-4056-4eb8-b70f-469bd412cbb0 ] Request (AttachInterfacesUnderV243Test:setUpClass): 201 POST http://10.180.1.21:9696/networking/v2.0/routers 1.358s
2025-05-19 13:20:08.344 70138 INFO tempest.lib.common.rest_client [req-3e5a7697-e767-4ce2-aab5-b7ae7418f8c4 req-3e5a7697-e767-4ce2-aab5-b7ae7418f8c4 ] Request (KeyPairsV22TestJSON:test_keypair_create_delete): 201 POST http://10.180.1.21/compute/v2.1/os-keypairs 1.544s
2025-05-19 13:20:08.434 70125 INFO tempest.lib.common.rest_client [req-f213361e-6b5e-4621-84d5-794f1abcaab8 req-f213361e-6b5e-4621-84d5-794f1abcaab8 ] Request (ServerAddressesNegativeTestJSON:setUpClass): 200 GET http://10.180.1.21/compute/v2.1/servers/3020e505-513b-4b29-996a-6e70a212f508 1.611s
2025-05-19 13:20:08.442 70125 INFO tempest.common.waiters [-] State transition "BUILD/scheduling" ==> "BUILD/None" after 5 second wait
2025-05-19 13:20:08.486 70170 INFO tempest.lib.common.rest_client [req-f94135d1-e474-4019-b337-bf029b97d6c6 req-f94135d1-e474-4019-b337-bf029b97d6c6 ] Request (HypervisorAdminTestJSON:tearDownClass): 200 GET http://10.180.1.21:9696/networking/v2.0/security-groups?tenant_id=b7a209cc40a94238a8b447efb97d71dd&name=default 0.275s
2025-05-19 13:20:08.490 70144 INFO tempest.lib.common.rest_client [req-e2959998-cc21-4f12-8e4c-577a894c0d6c req-e2959998-cc21-4f12-8e4c-577a894c0d6c ] Request (QuotasAdminTestV257:tearDownClass): 200 GET http://10.180.1.21:9696/networking/v2.0/security-groups?tenant_id=a7b535e1cce3418fa99fd8134fdfe610&name=default 0.281s
2025-05-19 13:20:08.509 70132 INFO tempest.lib.common.rest_client [req-e13d6cc3-4eed-4ffb-a1e0-9708b26a2e46 req-e13d6cc3-4eed-4ffb-a1e0-9708b26a2e46 ] Request (MigrationsAdminTest:test_list_migrations_in_flavor_resize_situation): 200 GET http://10.180.1.21/compute/v2.1/servers/119768d0-2727-4ef8-b28b-c01cd46fc671 1.562s
2025-05-19 13:20:08.631 70144 INFO tempest.lib.common.rest_client [req-199c3295-fea8-4a8c-a5ba-3118cc12cdae req-199c3295-fea8-4a8c-a5ba-3118cc12cdae ] Request (QuotasAdminTestV257:tearDownClass): 204 DELETE http://10.180.1.21:9696/networking/v2.0/security-groups/92154f75-b9a4-44f7-b5b8-2fc83c24b5f1 0.141s
2025-05-19 13:20:08.634 70170 INFO tempest.lib.common.rest_client [req-ea74ee3c-9da3-44b0-9e0b-90b3ae274d6f req-ea74ee3c-9da3-44b0-9e0b-90b3ae274d6f ] Request (HypervisorAdminTestJSON:tearDownClass): 204 DELETE http://10.180.1.21:9696/networking/v2.0/security-groups/9be119fe-a0c1-4b92-9b27-83fb4dd5af5d 0.148s
2025-05-19 13:20:08.685 70150 INFO tempest.lib.common.rest_client [req-f3ccc879-559d-473c-94fd-83189764d16f req-f3ccc879-559d-473c-94fd-83189764d16f ] Request (TenantUsagesTestJSON:setUpClass): 200 GET http://10.180.1.21/compute/v2.1/servers/8b103adc-9903-406f-8fd1-e193e00cde11 1.707s
2025-05-19 13:20:08.771 70144 INFO tempest.lib.common.rest_client [req-8f0cc7ce-73cc-459b-b131-c0f9c8641323 req-8f0cc7ce-73cc-459b-b131-c0f9c8641323 ] Request (QuotasAdminTestV257:tearDownClass): 204 DELETE http://10.180.1.21/identity/v3/projects/a7b535e1cce3418fa99fd8134fdfe610 0.140s
2025-05-19 13:20:08.778 70170 INFO tempest.lib.common.rest_client [req-2db35bf5-835c-4175-9ede-36ccb5afea85 req-2db35bf5-835c-4175-9ede-36ccb5afea85 ] Request (HypervisorAdminTestJSON:tearDownClass): 204 DELETE http://10.180.1.21/identity/v3/projects/b7a209cc40a94238a8b447efb97d71dd 0.143s
2025-05-19 13:20:08.833 70119 INFO tempest.lib.common.rest_client [req-d178fb9c-bf30-4189-a4f8-8df7d96811f3 req-d178fb9c-bf30-4189-a4f8-8df7d96811f3 ] Request (FloatingIPsTestJSON:test_delete_floating_ip): 202 DELETE http://10.180.1.21/compute/v2.1/os-floating-ips/86f221a0-211c-4c12-b8f5-f0d0ce07b38a 2.058s
2025-05-19 13:20:08.859 70144 INFO tempest.lib.common.rest_client [req-f09e10cf-ff39-4298-9d3d-8b5a990e6af2 req-f09e10cf-ff39-4298-9d3d-8b5a990e6af2 ] Request (SecurityGroupsTestJSON:setUpClass): 201 POST http://10.180.1.21/identity/v3/auth/tokens 0.086s
2025-05-19 13:20:08.886 70170 INFO tempest.lib.common.rest_client [req-bad92ab5-1884-4ba7-ab25-8cd09d76ed1a req-bad92ab5-1884-4ba7-ab25-8cd09d76ed1a ] Request (AbsoluteLimitsTestJSON:setUpClass): 201 POST http://10.180.1.21/identity/v3/auth/tokens 0.106s
2025-05-19 13:20:08.915 70144 INFO tempest.lib.common.rest_client [req-cbc65d07-4c2a-4a6d-a358-42fdd9d23a1d req-cbc65d07-4c2a-4a6d-a358-42fdd9d23a1d ] Request (SecurityGroupsTestJSON:setUpClass): 201 POST http://10.180.1.21/identity/v3/auth/tokens 0.049s
2025-05-19 13:20:08.929 70156 INFO tempest.lib.common.rest_client [req-7c90b19e-a43a-40df-9626-ca70b416ea59 req-7c90b19e-a43a-40df-9626-ca70b416ea59 ] Request (ServerGroupTestJSON:test_create_server_with_scheduler_hint_group): 200 GET http://10.180.1.21/compute/v2.1/servers/cc8dbe63-d117-4c8f-9ba5-3de65e642ab5 1.900s
2025-05-19 13:20:08.947 70172 INFO tempest.lib.common.rest_client [req-83dd85c7-4fce-42c6-91fc-bff5d3c4cc33 req-83dd85c7-4fce-42c6-91fc-bff5d3c4cc33 ] Request (ServicesAdminNegativeTestJSON:test_list_services_with_non_admin_user): 403 GET http://10.180.1.21/compute/v2.1/os-services 1.959s
2025-05-19 13:20:08.965 70144 INFO tempest.lib.common.rest_client [req-931de3d8-7315-44e0-96be-1ed4d8cd83ba req-931de3d8-7315-44e0-96be-1ed4d8cd83ba ] Request (SecurityGroupsTestJSON:setUpClass): 200 GET http://10.180.1.21/identity/v3/domains?name=Default 0.049s
2025-05-19 13:20:08.974 70170 INFO tempest.lib.common.rest_client [req-aefc132c-3be1-4814-af23-c833f5d7c5f9 req-aefc132c-3be1-4814-af23-c833f5d7c5f9 ] Request (AbsoluteLimitsTestJSON:setUpClass): 201 POST http://10.180.1.21/identity/v3/auth/tokens 0.084s
2025-05-19 13:20:09.038 70146 INFO tempest.lib.common.rest_client [req-7dbf88ec-e8db-4006-be9c-ba0e19764943 req-7dbf88ec-e8db-4006-be9c-ba0e19764943 ] Request (DeleteServersAdminTestJSON:test_admin_delete_servers_of_others): 200 GET http://10.180.1.21/compute/v2.1/servers/d0e1a7df-f83f-43c2-a387-d2a378ff31b6 1.920s
2025-05-19 13:20:09.091 70172 INFO tempest.lib.common.rest_client [req-af2984e7-b27b-44f7-8ad8-d2d82b8dbe71 req-af2984e7-b27b-44f7-8ad8-d2d82b8dbe71 ] Request (ServicesAdminNegativeTestJSON:tearDownClass): 204 DELETE http://10.180.1.21/identity/v3/users/3b6c224891434f5d83039252c0772cd5 0.139s
2025-05-19 13:20:09.135 70164 INFO tempest.lib.common.rest_client [req-f4044820-c08c-41bd-973f-6a179881ac88 req-f4044820-c08c-41bd-973f-6a179881ac88 ] Request (ServersTestManualDisk:setUpClass): 200 POST http://10.180.1.21/compute/v2.1/os-keypairs 2.025s
2025-05-19 13:20:09.138 70111 INFO tempest.lib.common.rest_client [req-2bef3afd-6bf7-4830-8873-e4b884687e8b req-2bef3afd-6bf7-4830-8873-e4b884687e8b ] Request (VolumesAdminNegativeTest:test_update_attached_volume_with_nonexistent_volume_in_body): 200 GET http://10.180.1.21/compute/v2.1/servers/9a0e9a08-1176-4f88-bbcd-f0f52d3d7714 1.930s
2025-05-19 13:20:09.165 70144 INFO tempest.lib.common.rest_client [req-4d9709f6-cc6a-47dc-8b25-4ed7857752c1 req-4d9709f6-cc6a-47dc-8b25-4ed7857752c1 ] Request (SecurityGroupsTestJSON:setUpClass): 201 POST http://10.180.1.21/identity/v3/projects 0.200s
2025-05-19 13:20:09.268 70170 INFO tempest.lib.common.rest_client [req-6a48735a-e75f-40ca-9cc0-3b4cc54be78d req-6a48735a-e75f-40ca-9cc0-3b4cc54be78d ] Request (AbsoluteLimitsTestJSON:setUpClass): 200 GET http://10.180.1.21/identity/v3/domains?name=Default 0.294s
2025-05-19 13:20:09.300 70164 INFO tempest.lib.common.rest_client [req-57c123e1-40ac-4331-9789-498b1be15e04 req-57c123e1-40ac-4331-9789-498b1be15e04 ] Request (ServersTestManualDisk:setUpClass): 201 POST http://10.180.1.21:9696/networking/v2.0/security-groups 0.164s
2025-05-19 13:20:09.302 70172 INFO tempest.lib.common.rest_client [req-ceda3d1a-48a3-4b4c-b00f-2659d175c69b req-ceda3d1a-48a3-4b4c-b00f-2659d175c69b ] Request (ServicesAdminNegativeTestJSON:tearDownClass): 204 DELETE http://10.180.1.21/identity/v3/users/f293ad36f35342988442565ee7fff991 0.211s
2025-05-19 13:20:09.303 70172 INFO tempest.lib.common.dynamic_creds [-] Deleting project and security group for project: dc83acf5284e4adf8f4a49f754af537c
2025-05-19 13:20:09.342 70144 INFO tempest.lib.common.rest_client [req-52516613-c9f6-401c-a58c-ea5ec2c75580 req-52516613-c9f6-401c-a58c-ea5ec2c75580 ] Request (SecurityGroupsTestJSON:setUpClass): 201 POST http://10.180.1.21/identity/v3/users 0.176s
2025-05-19 13:20:09.373 70172 INFO tempest.lib.common.rest_client [req-16af8fcc-b374-495c-89e4-275052b36413 req-16af8fcc-b374-495c-89e4-275052b36413 ] Request (ServicesAdminNegativeTestJSON:tearDownClass): 201 POST http://10.180.1.21/identity/v3/auth/tokens 0.070s
2025-05-19 13:20:09.382 70170 INFO tempest.lib.common.rest_client [req-e97ed183-ffda-4d84-bec4-a7d7fdb54ac6 req-e97ed183-ffda-4d84-bec4-a7d7fdb54ac6 ] Request (AbsoluteLimitsTestJSON:setUpClass): 201 POST http://10.180.1.21/identity/v3/projects 0.113s
2025-05-19 13:20:09.399 70164 INFO tempest.lib.common.rest_client [req-bc22e5c5-2766-4ce6-8539-2463f8dfba6b req-bc22e5c5-2766-4ce6-8539-2463f8dfba6b ] Request (ServersTestManualDisk:setUpClass): 201 POST http://10.180.1.21:9696/networking/v2.0/security-group-rules 0.098s
2025-05-19 13:20:09.438 70154 INFO tempest.lib.common.rest_client [req-a9f7cba3-452a-413f-9662-2340f63bbafe req-a9f7cba3-452a-413f-9662-2340f63bbafe ] Request (SecurityGroupRulesNegativeTestJSON:test_create_security_group_rule_with_invalid_from_port): 400 POST http://10.180.1.21/compute/v2.1/os-security-group-rules 2.178s
2025-05-19 13:20:09.448 70170 INFO tempest.lib.common.rest_client [req-6e001d04-74d1-44f6-95ac-1c3d87705134 req-6e001d04-74d1-44f6-95ac-1c3d87705134 ] Request (AbsoluteLimitsTestJSON:setUpClass): 201 POST http://10.180.1.21/identity/v3/users 0.065s
2025-05-19 13:20:09.449 70144 INFO tempest.lib.common.rest_client [req-8af56460-b1a3-4565-b909-141d137a8eae req-8af56460-b1a3-4565-b909-141d137a8eae ] Request (SecurityGroupsTestJSON:setUpClass): 200 GET http://10.180.1.21/identity/v3/roles 0.107s
2025-05-19 13:20:09.476 70170 INFO tempest.lib.common.rest_client [req-15a321c9-1ae3-4eca-92c9-fcfba3f0016c req-15a321c9-1ae3-4eca-92c9-fcfba3f0016c ] Request (AbsoluteLimitsTestJSON:setUpClass): 200 GET http://10.180.1.21/identity/v3/roles 0.027s
2025-05-19 13:20:09.512 70144 INFO tempest.lib.common.rest_client [req-c0162176-47ca-4e59-ab0b-519bbb929063 req-c0162176-47ca-4e59-ab0b-519bbb929063 ] Request (SecurityGroupsTestJSON:setUpClass): 204 PUT http://10.180.1.21/identity/v3/projects/a4d998b535ac41e8b5f7ce35b4ab2bc6/users/5265f17c246d41cd95432f59cedc8755/roles/209c136ed5e44d629d25c49b31988756 0.061s
2025-05-19 13:20:09.513 70144 INFO tempest.lib.common.dynamic_creds [-] Dynamic test user 5265f17c246d41cd95432f59cedc8755 is created with scope project and roles: ['member']
2025-05-19 13:20:09.513 70144 INFO tempest.lib.common.dynamic_creds [-] Acquired dynamic creds: credentials: Credentials: {'domain_id': 'default', 'domain_name': 'Default', 'username': 'tempest-SecurityGroupsTestJSON-646526291-project-member', 'project_domain_id': 'default', 'project_domain_name': 'Default', 'project_id': 'a4d998b535ac41e8b5f7ce35b4ab2bc6', 'project_name': 'tempest-SecurityGroupsTestJSON-646526291', 'tenant_id': 'a4d998b535ac41e8b5f7ce35b4ab2bc6', 'tenant_name': 'tempest-SecurityGroupsTestJSON-646526291', 'user_domain_id': 'default', 'user_domain_name': 'Default', 'user_id': '5265f17c246d41cd95432f59cedc8755', 'system': None}, Network: None, Subnet: None, Router: None
2025-05-19 13:20:09.538 70134 INFO tempest.lib.common.rest_client [req-9a90dca6-2f80-4d69-9f61-35ba513d25d1 req-9a90dca6-2f80-4d69-9f61-35ba513d25d1 ] Request (ServersWithSpecificFlavorTestJSON:test_verify_created_server_ephemeral_disk): 200 GET http://10.180.1.21/compute/v2.1/servers/d746d66b-32df-4a4d-97bd-82b4ad364461 2.263s
2025-05-19 13:20:09.572 70164 INFO tempest.lib.common.rest_client [req-b7b967e1-0753-4007-a78f-be58f53d7190 req-b7b967e1-0753-4007-a78f-be58f53d7190 ] Request (ServersTestManualDisk:setUpClass): 201 POST http://10.180.1.21:9696/networking/v2.0/security-group-rules 0.172s
2025-05-19 13:20:09.580 70161 INFO tempest.lib.common.rest_client [req-0470d4ed-ca99-4b77-8d98-00b708275106 req-0470d4ed-ca99-4b77-8d98-00b708275106 ] Request (AggregatesAdminNegativeTestJSON:test_aggregate_delete_as_user): 200 POST http://10.180.1.21/compute/v2.1/os-aggregates 2.266s
2025-05-19 13:20:09.588 70123 INFO tempest.lib.common.rest_client [req-6bea23f0-909e-4404-a6c4-ea443fc54d93 req-6bea23f0-909e-4404-a6c4-ea443fc54d93 ] Request (ServerExternalEventsTest:tearDownClass): 200 GET http://10.180.1.21/compute/v2.1/servers/47005af8-11fe-498f-9b67-e0316faeeb8f 2.317s
2025-05-19 13:20:09.604 70170 INFO tempest.lib.common.rest_client [req-f0e3d808-eb15-4a82-a65c-06405953f6d2 req-f0e3d808-eb15-4a82-a65c-06405953f6d2 ] Request (AbsoluteLimitsTestJSON:setUpClass): 204 PUT http://10.180.1.21/identity/v3/projects/849a87f190e442b682e8ddd85e1898ae/users/7856630ca16f48ef94b145ba356a2ca0/roles/209c136ed5e44d629d25c49b31988756 0.127s
2025-05-19 13:20:09.606 70170 INFO tempest.lib.common.dynamic_creds [-] Dynamic test user 7856630ca16f48ef94b145ba356a2ca0 is created with scope project and roles: ['member']
2025-05-19 13:20:09.606 70170 INFO tempest.lib.common.dynamic_creds [-] Acquired dynamic creds: credentials: Credentials: {'domain_id': 'default', 'domain_name': 'Default', 'username': 'tempest-AbsoluteLimitsTestJSON-1619846499-project-member', 'project_domain_id': 'default', 'project_domain_name': 'Default', 'project_id': '849a87f190e442b682e8ddd85e1898ae', 'project_name': 'tempest-AbsoluteLimitsTestJSON-1619846499', 'tenant_id': '849a87f190e442b682e8ddd85e1898ae', 'tenant_name': 'tempest-AbsoluteLimitsTestJSON-1619846499', 'user_domain_id': 'default', 'user_domain_name': 'Default', 'user_id': '7856630ca16f48ef94b145ba356a2ca0', 'system': None}, Network: None, Subnet: None, Router: None
2025-05-19 13:20:09.606 70170 INFO tempest.lib.common.dynamic_creds [-] Created isolated network resources for: credentials: Credentials: {'domain_id': 'default', 'domain_name': 'Default', 'username': 'tempest-AbsoluteLimitsTestJSON-1619846499-project-member', 'project_domain_id': 'default', 'project_domain_name': 'Default', 'project_id': '849a87f190e442b682e8ddd85e1898ae', 'project_name': 'tempest-AbsoluteLimitsTestJSON-1619846499', 'tenant_id': '849a87f190e442b682e8ddd85e1898ae', 'tenant_name': 'tempest-AbsoluteLimitsTestJSON-1619846499', 'user_domain_id': 'default', 'user_domain_name': 'Default', 'user_id': '7856630ca16f48ef94b145ba356a2ca0', 'system': None}, Network: None, Subnet: None, Router: None
2025-05-19 13:20:09.617 70174 INFO tempest.lib.common.rest_client [req-ffcf6036-293f-41a4-a9fd-da6449a12bca req-ffcf6036-293f-41a4-a9fd-da6449a12bca ] Request (FlavorsExtraSpecsTestJSON:test_flavor_set_get_update_show_unset_keys): 200 DELETE http://10.180.1.21/compute/v2.1/flavors/1054573643/os-extra_specs/hw:cpu_policy 2.266s
2025-05-19 13:20:09.618 70115 INFO tempest.lib.common.rest_client [req-34d56e66-89cb-44f0-9d6a-0f2f44d07aae req-34d56e66-89cb-44f0-9d6a-0f2f44d07aae ] Request (KeyPairsNegativeTestJSON:test_create_keypair_with_duplicate_name): 409 POST http://10.180.1.21/compute/v2.1/os-keypairs 2.297s
2025-05-19 13:20:09.638 70127 INFO tempest.lib.common.rest_client [req-e82cb2a2-10f9-4b91-a209-25ff8e2ce1c1 req-e82cb2a2-10f9-4b91-a209-25ff8e2ce1c1 ] Request (FlavorsAdminTestJSON:_run_cleanups): 202 DELETE http://10.180.1.21/compute/v2.1/flavors/1873906926 2.086s
2025-05-19 13:20:09.664 70144 INFO tempest.lib.common.rest_client [req-864eef03-28dc-4017-b8cd-ba15f5ca9356 req-864eef03-28dc-4017-b8cd-ba15f5ca9356 ] Request (SecurityGroupsTestJSON:setUpClass): 201 POST http://10.180.1.21/identity/v3/auth/tokens 0.151s
2025-05-19 13:20:09.701 70170 INFO tempest.lib.common.rest_client [req-1760b5cb-567d-40c7-a455-4bab43f9cd8e req-1760b5cb-567d-40c7-a455-4bab43f9cd8e ] Request (AbsoluteLimitsTestJSON:setUpClass): 201 POST http://10.180.1.21/identity/v3/auth/tokens 0.089s
2025-05-19 13:20:09.731 70152 INFO tempest.lib.common.rest_client [req-21a1a62c-b18f-4a95-b598-fc063b436d9b req-21a1a62c-b18f-4a95-b598-fc063b436d9b ] Request (ServersTestMultiNic:test_verify_duplicate_network_nics): 200 GET http://10.180.1.21/compute/v2.1/servers/fcc5bac9-b312-4d4f-8ffb-828ee110aa60 2.151s
2025-05-19 13:20:09.833 70129 INFO tempest.lib.common.rest_client [req-a4018ba1-d3a7-4315-b9a7-8e36e549a339 req-a4018ba1-d3a7-4315-b9a7-8e36e549a339 ] Request (ServersAaction247Test:test_create_backup): 200 GET http://10.180.1.21/compute/v2.1/servers/7f37f6c9-adba-4292-9d47-c455f77e539f 2.072s
2025-05-19 13:20:09.845 70129 INFO tempest.common.waiters [-] State transition "BUILD/spawning" ==> "ACTIVE/None" after 20 second wait
2025-05-19 13:20:09.863 70148 INFO tempest.lib.common.rest_client [req-21b02805-9638-4d68-b9cb-744b462a1b64 req-21b02805-9638-4d68-b9cb-744b462a1b64 ] Request (VolumesAssistedSnapshotsTest:test_volume_assisted_snapshot_create_delete): 404 GET http://10.180.1.21/compute/v2.1/servers/dd581b1c-35ba-44d3-80b5-49950fc49f5f 2.060s
2025-05-19 13:20:09.933 70172 INFO tempest.lib.common.rest_client [req-93e630a7-8906-461e-9136-75b77f61a94e req-93e630a7-8906-461e-9136-75b77f61a94e ] Request (ServicesAdminNegativeTestJSON:tearDownClass): 200 GET http://10.180.1.21:9696/networking/v2.0/security-groups?tenant_id=dc83acf5284e4adf8f4a49f754af537c&name=default 0.559s
2025-05-19 13:20:09.951 70148 INFO tempest.lib.common.rest_client [req-cae71e5c-2312-43f5-8846-b98298c339e6 req-cae71e5c-2312-43f5-8846-b98298c339e6 ] Request (VolumesAssistedSnapshotsTest:_run_cleanups): 202 DELETE http://10.180.1.21/volume/v3/volumes/f8e9b691-3607-43a8-9db4-1ed2568c96cb 0.085s
2025-05-19 13:20:09.985 70148 INFO tempest.lib.common.rest_client [req-142a8fe2-8456-48de-921c-f440f4d64434 req-142a8fe2-8456-48de-921c-f440f4d64434 ] Request (VolumesAssistedSnapshotsTest:_run_cleanups): 200 GET http://10.180.1.21/volume/v3/volumes/f8e9b691-3607-43a8-9db4-1ed2568c96cb 0.033s
2025-05-19 13:20:10.041 70142 INFO tempest.lib.common.rest_client [req-dfa57cb3-ff15-4455-8afd-3b68cec1221c req-dfa57cb3-ff15-4455-8afd-3b68cec1221c ] Request (AttachInterfacesV270Test:tearDownClass): 200 GET http://10.180.1.21/compute/v2.1/servers/47f223c0-12b0-4eda-ab42-81fe8b95afac 2.121s
2025-05-19 13:20:10.043 70162 INFO tempest.lib.common.rest_client [req-f854b18e-f112-4cc2-95d5-0a8db3889c4b req-f854b18e-f112-4cc2-95d5-0a8db3889c4b ] Request (SecurityGroupRulesTestJSON:test_security_group_rules_list): 200 POST http://10.180.1.21/compute/v2.1/os-security-group-rules 2.442s
2025-05-19 13:20:10.054 70142 INFO tempest.common.waiters [-] State transition "ACTIVE/deleting" ==> "DELETED/None" after 4 second wait
2025-05-19 13:20:10.188 70121 INFO tempest.lib.common.rest_client [req-47f8ef17-069f-47b8-836b-de47b0ae696e req-47f8ef17-069f-47b8-836b-de47b0ae696e ] Request (ServersTestJSON:setUpClass): 200 GET http://10.180.1.21/compute/v2.1/servers/836605ee-50cb-48b0-ba2e-33db3832f8ba/os-interface 2.226s
2025-05-19 13:20:10.210 70136 INFO tempest.lib.common.rest_client [req-afca46b6-e953-4e0f-83a6-e3a64bf402a8 req-afca46b6-e953-4e0f-83a6-e3a64bf402a8 ] Request (ServerDiagnosticsV248Test:test_get_server_diagnostics): 404 GET http://10.180.1.21/compute/v2.1/servers/5abf4fa3-bb75-47ab-bd8a-4b181e840946 1.923s
2025-05-19 13:20:10.227 70140 INFO tempest.lib.common.rest_client [req-864b2892-f566-44f4-987a-3b1a00efd59f req-864b2892-f566-44f4-987a-3b1a00efd59f ] Request (ImagesMetadataTestJSON:setUp): 200 PUT http://10.180.1.21/compute/v2.1/images/ead756f3-466c-4c65-9c8b-89b9cd631388/metadata 2.226s
2025-05-19 13:20:10.232 70172 INFO tempest.lib.common.rest_client [req-22f064dc-6a72-4fa6-80b5-dba92e5cb3c0 req-22f064dc-6a72-4fa6-80b5-dba92e5cb3c0 ] Request (ServicesAdminNegativeTestJSON:tearDownClass): 204 DELETE http://10.180.1.21:9696/networking/v2.0/security-groups/5fde67ef-1d06-45d4-9d21-b2e60b2f2c40 0.299s
2025-05-19 13:20:10.255 70138 INFO tempest.lib.common.rest_client [req-60d9c559-819f-4567-a141-8af9a17fe320 req-60d9c559-819f-4567-a141-8af9a17fe320 ] Request (KeyPairsV22TestJSON:_run_cleanups): 204 DELETE http://10.180.1.21/compute/v2.1/os-keypairs/tempest-keypair-974811688 1.909s
2025-05-19 13:20:10.286 70164 INFO tempest.lib.common.rest_client [req-b882784e-6bc6-42b1-ad22-d991f7d7159f req-b882784e-6bc6-42b1-ad22-d991f7d7159f ] Request (ServersTestManualDisk:setUpClass): 201 POST http://10.180.1.21:9696/networking/v2.0/floatingips 0.714s
2025-05-19 13:20:10.326 70136 INFO tempest.lib.common.rest_client [req-1de1764b-7ae8-449f-8e7f-11eae4ad30b1 req-1de1764b-7ae8-449f-8e7f-11eae4ad30b1 ] Request (ServerDiagnosticsV248Test:tearDownClass): 204 DELETE http://10.180.1.21/identity/v3/users/a0d645c89a3043b1949e1113a74fd82a 0.112s
2025-05-19 13:20:10.336 70172 INFO tempest.lib.common.rest_client [req-c5de39f3-7fcb-4450-bfc3-3c47197e6a5d req-c5de39f3-7fcb-4450-bfc3-3c47197e6a5d ] Request (ServicesAdminNegativeTestJSON:tearDownClass): 204 DELETE http://10.180.1.21/identity/v3/projects/dc83acf5284e4adf8f4a49f754af537c 0.103s
2025-05-19 13:20:10.337 70172 INFO tempest.lib.common.dynamic_creds [-] Deleting project and security group for project: 816679a055a84c4686b59c394ed1385e
2025-05-19 13:20:10.351 70119 INFO tempest.lib.common.rest_client [req-f41f08ac-44c9-4ef0-8b8d-0a3bcf21bca7 req-f41f08ac-44c9-4ef0-8b8d-0a3bcf21bca7 ] Request (FloatingIPsTestJSON:test_delete_floating_ip): 404 GET http://10.180.1.21/compute/v2.1/os-floating-ips/86f221a0-211c-4c12-b8f5-f0d0ce07b38a 1.517s
2025-05-19 13:20:10.374 70158 INFO tempest.lib.common.rest_client [req-c82e7929-f6a4-490c-bc02-b654aae3896d req-c82e7929-f6a4-490c-bc02-b654aae3896d ] Request (InstanceActionsTestJSON:setUpClass): 200 GET http://10.180.1.21/compute/v2.1/servers/64ab714b-61b6-48be-a2cb-5a5df86f7512 1.473s
2025-05-19 13:20:10.383 70158 INFO tempest.common.waiters [-] State transition "BUILD/None" ==> "ERROR/None" after 13 second wait
2025-05-19 13:20:10.394 70164 INFO tempest.lib.common.rest_client [req-a4282578-f182-466c-9d8d-d3a16c83d329 req-a4282578-f182-466c-9d8d-d3a16c83d329 ] Request (ServersTestManualDisk:setUpClass): 201 POST http://10.180.1.21/identity/v3/auth/tokens 0.105s
2025-05-19 13:20:10.395 70164 INFO tempest.lib.common.fixed_network [-] (ServersTestManualDisk:setUpClass) Found network {'id': '9a0e93f5-97a8-48dc-a490-d058b44fcde2', 'name': 'tempest-ServersTestManualDisk-526184437-network', 'tenant_id': '2c78393e39d84d908ffffdcb3c5e5b87', 'admin_state_up': True, 'mtu': 8950, 'status': 'ACTIVE', 'subnets': [], 'shared': False, 'project_id': '2c78393e39d84d908ffffdcb3c5e5b87', 'port_security_enabled': True, 'router:external': False, 'provider:network_type': 'vlan', 'provider:physical_network': 'default', 'provider:segmentation_id': 46, 'availability_zone_hints': [], 'availability_zones': [], 'ipv4_address_scope': None, 'ipv6_address_scope': None, 'description': '', 'tags': [], 'created_at': '2025-05-19T13:20:04Z', 'updated_at': '2025-05-19T13:20:04Z', 'revision_number': 1} available for tenant
2025-05-19 13:20:10.456 70172 INFO tempest.lib.common.rest_client [req-e142d069-46d3-4102-8919-f2d09dd89b8c req-e142d069-46d3-4102-8919-f2d09dd89b8c ] Request (ServicesAdminNegativeTestJSON:tearDownClass): 200 GET http://10.180.1.21:9696/networking/v2.0/security-groups?tenant_id=816679a055a84c4686b59c394ed1385e&name=default 0.118s
2025-05-19 13:20:10.458 70166 INFO tempest.lib.common.rest_client [req-5595e5b4-3b8f-4561-bf60-0d6197904ba2 req-5595e5b4-3b8f-4561-bf60-0d6197904ba2 ] Request (ServersAdminTestJSON:setUpClass): 200 GET http://10.180.1.21/compute/v2.1/servers/6d0b5852-7b75-4054-9eb8-5af0496d800d 1.413s
2025-05-19 13:20:10.465 70168 INFO tempest.lib.common.rest_client [req-ac2aeb46-cad5-4b9b-9079-10e36848ddfd req-ac2aeb46-cad5-4b9b-9079-10e36848ddfd ] Request (ServersAdmin275Test:test_rebuild_update_server_275): 200 GET http://10.180.1.21/compute/v2.1/servers/38792225-b054-4c08-b3ec-51d46287b0f9 1.485s
2025-05-19 13:20:10.467 70166 INFO tempest.common.waiters [-] State transition "BUILD/scheduling" ==> "BUILD/None" after 5 second wait
2025-05-19 13:20:10.471 70154 INFO tempest.lib.common.rest_client [req-b64a2b58-a939-4f14-a01c-892e18e635b7 req-b64a2b58-a939-4f14-a01c-892e18e635b7 ] Request (SecurityGroupRulesNegativeTestJSON:test_create_security_group_rule_with_invalid_id): 400 POST http://10.180.1.21/compute/v2.1/os-security-group-rules 1.032s
2025-05-19 13:20:10.479 70168 INFO tempest.common.waiters [-] State transition "REBUILD/rebuild_spawning" ==> "ACTIVE/None" after 8 second wait
2025-05-19 13:20:10.500 70136 INFO tempest.lib.common.rest_client [req-e4d27f96-9995-4a9d-89ff-4c28d9c1310e req-e4d27f96-9995-4a9d-89ff-4c28d9c1310e ] Request (ServerDiagnosticsV248Test:tearDownClass): 204 DELETE http://10.180.1.21/identity/v3/users/b95ba823085d47869400c9d31fac527d 0.173s
2025-05-19 13:20:10.500 70136 INFO tempest.lib.common.dynamic_creds [-] Deleting project and security group for project: 6e895d5e89d547cc99e5f5fe07570ebf
2025-05-19 13:20:10.539 70144 INFO tempest.lib.common.rest_client [req-89799d07-30c3-4107-bfd0-2bf24a2bc1ec req-89799d07-30c3-4107-bfd0-2bf24a2bc1ec ] Request (SecurityGroupsTestJSON:setUpClass): 201 POST http://10.180.1.21:9696/networking/v2.0/networks 0.874s
2025-05-19 13:20:10.552 70172 INFO tempest.lib.common.rest_client [req-675c9a5c-931b-4a87-943f-7c014ff88a3e req-675c9a5c-931b-4a87-943f-7c014ff88a3e ] Request (ServicesAdminNegativeTestJSON:tearDownClass): 204 DELETE http://10.180.1.21:9696/networking/v2.0/security-groups/5118dca2-0d31-4627-a100-7ce379b3f79e 0.096s
2025-05-19 13:20:10.562 70125 INFO tempest.lib.common.rest_client [req-34bbcf43-dfab-4635-ae3e-7d48733791a8 req-34bbcf43-dfab-4635-ae3e-7d48733791a8 ] Request (ServerAddressesNegativeTestJSON:setUpClass): 200 GET http://10.180.1.21/compute/v2.1/servers/3020e505-513b-4b29-996a-6e70a212f508 1.114s
2025-05-19 13:20:10.581 70136 INFO tempest.lib.common.rest_client [req-6671e9e9-498c-4c74-b1a4-d26f6c347fa3 req-6671e9e9-498c-4c74-b1a4-d26f6c347fa3 ] Request (ServerDiagnosticsV248Test:tearDownClass): 201 POST http://10.180.1.21/identity/v3/auth/tokens 0.081s
2025-05-19 13:20:10.669 70172 INFO tempest.lib.common.rest_client [req-9a7956fa-b2f5-428a-b39e-6754a922d221 req-9a7956fa-b2f5-428a-b39e-6754a922d221 ] Request (ServicesAdminNegativeTestJSON:tearDownClass): 204 DELETE http://10.180.1.21/identity/v3/projects/816679a055a84c4686b59c394ed1385e 0.117s
2025-05-19 13:20:10.673 70132 INFO tempest.lib.common.rest_client [req-f2381929-9ff5-4032-bbe1-ccb1195c8772 req-f2381929-9ff5-4032-bbe1-ccb1195c8772 ] Request (MigrationsAdminTest:test_list_migrations_in_flavor_resize_situation): 200 GET http://10.180.1.21/compute/v2.1/servers/119768d0-2727-4ef8-b28b-c01cd46fc671 1.156s
2025-05-19 13:20:10.678 70161 INFO tempest.lib.common.rest_client [req-a81ac335-9c0d-421e-8500-1c6cf32230c3 req-a81ac335-9c0d-421e-8500-1c6cf32230c3 ] Request (AggregatesAdminNegativeTestJSON:test_aggregate_delete_as_user): 403 DELETE http://10.180.1.21/compute/v2.1/os-aggregates/5 1.096s
2025-05-19 13:20:10.681 70132 INFO tempest.common.waiters [-] State transition "BUILD/scheduling" ==> "BUILD/None" after 7 second wait
2025-05-19 13:20:10.696 70174 INFO tempest.lib.common.rest_client [req-2c8c0fec-f53b-49eb-b194-262b48498ee2 req-2c8c0fec-f53b-49eb-b194-262b48498ee2 ] Request (FlavorsExtraSpecsTestJSON:test_flavor_set_get_update_show_unset_keys): 200 GET http://10.180.1.21/compute/v2.1/flavors/1054573643/os-extra_specs 1.078s
2025-05-19 13:20:10.711 70115 INFO tempest.lib.common.rest_client [req-329f9ec1-198a-40c7-9d58-326f16c8bc3d req-329f9ec1-198a-40c7-9d58-326f16c8bc3d ] Request (KeyPairsNegativeTestJSON:test_create_keypair_with_duplicate_name): 202 DELETE http://10.180.1.21/compute/v2.1/os-keypairs/tempest-keypair-1564960664 1.089s
2025-05-19 13:20:10.726 70144 INFO tempest.lib.common.rest_client [req-9fcc48cb-1999-4f21-9b8b-2bb20fd8e361 req-9fcc48cb-1999-4f21-9b8b-2bb20fd8e361 ] Request (SecurityGroupsTestJSON:setUpClass): 201 POST http://10.180.1.21:9696/networking/v2.0/subnets 0.186s
2025-05-19 13:20:10.737 70127 INFO tempest.lib.common.rest_client [req-7ed5a06f-1a23-4152-8f1c-94240f130464 req-7ed5a06f-1a23-4152-8f1c-94240f130464 ] Request (FlavorsAdminTestJSON:_run_cleanups): 200 GET http://10.180.1.21/compute/v2.1/flavors/detail 1.098s
2025-05-19 13:20:10.760 70172 INFO tempest.lib.common.rest_client [req-d5c4500a-3306-49c7-b0f4-3ffd779eb521 req-d5c4500a-3306-49c7-b0f4-3ffd779eb521 ] Request (ListImageFiltersTestJSON:setUpClass): 201 POST http://10.180.1.21/identity/v3/auth/tokens 0.088s
2025-05-19 13:20:10.818 70172 INFO tempest.lib.common.rest_client [req-bf456863-7bfd-4b84-9415-16297ed52f94 req-bf456863-7bfd-4b84-9415-16297ed52f94 ] Request (ListImageFiltersTestJSON:setUpClass): 201 POST http://10.180.1.21/identity/v3/auth/tokens 0.054s
2025-05-19 13:20:10.856 70172 INFO tempest.lib.common.rest_client [req-a8f78308-f5ff-4086-803b-87b7466366c1 req-a8f78308-f5ff-4086-803b-87b7466366c1 ] Request (ListImageFiltersTestJSON:setUpClass): 200 GET http://10.180.1.21/identity/v3/domains?name=Default 0.038s
2025-05-19 13:20:10.888 70172 INFO tempest.lib.common.rest_client [req-4e3f6bca-f4ec-40f3-b953-4342d6dbdd7e req-4e3f6bca-f4ec-40f3-b953-4342d6dbdd7e ] Request (ListImageFiltersTestJSON:setUpClass): 201 POST http://10.180.1.21/identity/v3/projects 0.031s
2025-05-19 13:20:10.916 70117 INFO tempest.lib.common.rest_client [req-c20782da-1fc9-4fad-90ff-a2dbbf818db1 req-c20782da-1fc9-4fad-90ff-a2dbbf818db1 ] Request (ServersAdminNegativeTestJSON:setUpClass): 200 GET http://10.180.1.21/compute/v2.1/servers/a4a16667-cd00-4850-9389-0bd57c7efd74 1.728s
2025-05-19 13:20:10.926 70117 INFO tempest.common.waiters [-] State transition "BUILD/spawning" ==> "ACTIVE/None" after 23 second wait
2025-05-19 13:20:10.954 70113 INFO tempest.lib.common.rest_client [req-28df4774-608c-488f-b489-ebdfd2121eff req-28df4774-608c-488f-b489-ebdfd2121eff ] Request (AttachInterfacesUnderV243Test:setUpClass): 200 PUT http://10.180.1.21:9696/networking/v2.0/routers/ec9b5818-dae5-4e48-91db-513b41f5def1/add_router_interface 2.629s
2025-05-19 13:20:10.954 70113 INFO tempest.lib.common.dynamic_creds [-] Created isolated network resources for: credentials: Credentials: {'domain_id': 'default', 'domain_name': 'Default', 'username': 'tempest-AttachInterfacesUnderV243Test-1689768257-project-member', 'project_domain_id': 'default', 'project_domain_name': 'Default', 'project_id': 'c7a2071dc2b14e87afec7731d015f2e2', 'project_name': 'tempest-AttachInterfacesUnderV243Test-1689768257', 'tenant_id': 'c7a2071dc2b14e87afec7731d015f2e2', 'tenant_name': 'tempest-AttachInterfacesUnderV243Test-1689768257', 'user_domain_id': 'default', 'user_domain_name': 'Default', 'user_id': 'fe75cf4b6ce1407db335ac32d5ed18e4', 'system': None}, Network: {'id': '89f93414-96af-47e9-8014-939214e8fa92', 'name': 'tempest-AttachInterfacesUnderV243Test-758590206-network', 'tenant_id': 'c7a2071dc2b14e87afec7731d015f2e2', 'admin_state_up': True, 'mtu': 8950, 'status': 'ACTIVE', 'subnets': [], 'shared': False, 'project_id': 'c7a2071dc2b14e87afec7731d015f2e2', 'port_security_enabled': True, 'router:external': False, 'provider:network_type': 'vlan', 'provider:physical_network': 'default', 'provider:segmentation_id': 83, 'availability_zone_hints': [], 'availability_zones': [], 'ipv4_address_scope': None, 'ipv6_address_scope': None, 'description': '', 'tags': [], 'created_at': '2025-05-19T13:20:06Z', 'updated_at': '2025-05-19T13:20:06Z', 'revision_number': 1}, Subnet: {'id': '2753170a-c50f-4a78-9265-3063709246d4', 'name': 'tempest-AttachInterfacesUnderV243Test-758590206-subnet', 'tenant_id': 'c7a2071dc2b14e87afec7731d015f2e2', 'network_id': '89f93414-96af-47e9-8014-939214e8fa92', 'ip_version': 4, 'subnetpool_id': None, 'enable_dhcp': True, 'ipv6_ra_mode': None, 'ipv6_address_mode': None, 'gateway_ip': '192.168.128.1', 'cidr': '192.168.128.0/28', 'allocation_pools': [{'start': '192.168.128.2', 'end': '192.168.128.14'}], 'host_routes': [], 'dns_nameservers': [], 'description': '', 'router:external': False, 'service_types': [], 'tags': [], 'created_at': '2025-05-19T13:20:06Z', 'updated_at': '2025-05-19T13:20:06Z', 'revision_number': 0, 'project_id': 'c7a2071dc2b14e87afec7731d015f2e2'}, Router: {'id': 'ec9b5818-dae5-4e48-91db-513b41f5def1', 'name': 'tempest-AttachInterfacesUnderV243Test-758590206-router', 'tenant_id': 'c7a2071dc2b14e87afec7731d015f2e2', 'admin_state_up': True, 'status': 'ACTIVE', 'external_gateway_info': {'network_id': '41dae597-563d-4178-98b5-02281f734cd4', 'external_fixed_ips': [{'subnet_id': 'fd6e63ce-a290-4950-87b1-eac452de5118', 'ip_address': '10.180.180.133'}], 'enable_snat': True}, 'description': '', 'availability_zones': [], 'distributed': False, 'ha': False, 'availability_zone_hints': [], 'routes': [], 'flavor_id': None, 'tags': [], 'created_at': '2025-05-19T13:20:07Z', 'updated_at': '2025-05-19T13:20:07Z', 'revision_number': 2, 'project_id': 'c7a2071dc2b14e87afec7731d015f2e2'}
2025-05-19 13:20:10.972 70172 INFO tempest.lib.common.rest_client [req-73470ba5-7aa0-4ac5-964e-1761b4e17125 req-73470ba5-7aa0-4ac5-964e-1761b4e17125 ] Request (ListImageFiltersTestJSON:setUpClass): 201 POST http://10.180.1.21/identity/v3/users 0.083s
2025-05-19 13:20:11.014 70148 INFO tempest.lib.common.rest_client [req-1945fbcf-bc13-4776-bac9-cf5d918e3eac req-1945fbcf-bc13-4776-bac9-cf5d918e3eac ] Request (VolumesAssistedSnapshotsTest:_run_cleanups): 404 GET http://10.180.1.21/volume/v3/volumes/f8e9b691-3607-43a8-9db4-1ed2568c96cb 0.021s
2025-05-19 13:20:11.040 70150 INFO tempest.lib.common.rest_client [req-222cad53-57d9-4577-8e2d-48b380a33411 req-222cad53-57d9-4577-8e2d-48b380a33411 ] Request (TenantUsagesTestJSON:setUpClass): 200 GET http://10.180.1.21/compute/v2.1/servers/8b103adc-9903-406f-8fd1-e193e00cde11 1.341s
2025-05-19 13:20:11.044 70113 INFO tempest.lib.common.rest_client [req-7dbb4a8c-74fa-47ea-9516-33aad2142ba5 req-7dbb4a8c-74fa-47ea-9516-33aad2142ba5 ] Request (AttachInterfacesUnderV243Test:setUpClass): 201 POST http://10.180.1.21/identity/v3/auth/tokens 0.083s
2025-05-19 13:20:11.051 70172 INFO tempest.lib.common.rest_client [req-71bf6ba5-b246-4699-997b-4649de61e5e5 req-71bf6ba5-b246-4699-997b-4649de61e5e5 ] Request (ListImageFiltersTestJSON:setUpClass): 200 GET http://10.180.1.21/identity/v3/roles 0.079s
2025-05-19 13:20:11.054 70150 INFO tempest.common.waiters [-] State transition "BUILD/spawning" ==> "ACTIVE/None" after 21 second wait
2025-05-19 13:20:11.064 70170 INFO tempest.lib.common.rest_client [req-6e468bc9-e4d9-4df1-878e-f3d1ab7f1eee req-6e468bc9-e4d9-4df1-878e-f3d1ab7f1eee ] Request (AbsoluteLimitsTestJSON:test_absLimits_get): 200 GET http://10.180.1.21/compute/v2.1/limits 1.362s
2025-05-19 13:20:11.083 70172 INFO tempest.lib.common.rest_client [req-d0f8a4a5-fe43-4719-9274-61c69d418f8c req-d0f8a4a5-fe43-4719-9274-61c69d418f8c ] Request (ListImageFiltersTestJSON:setUpClass): 204 PUT http://10.180.1.21/identity/v3/projects/db3630542424433eaf1626f45346b8bb/users/abf08295ad864e389c5063875f1cd876/roles/209c136ed5e44d629d25c49b31988756 0.030s
2025-05-19 13:20:11.083 70172 INFO tempest.lib.common.dynamic_creds [-] Dynamic test user abf08295ad864e389c5063875f1cd876 is created with scope project and roles: ['member']
2025-05-19 13:20:11.083 70172 INFO tempest.lib.common.dynamic_creds [-] Acquired dynamic creds: credentials: Credentials: {'domain_id': 'default', 'domain_name': 'Default', 'username': 'tempest-ListImageFiltersTestJSON-94860031-project-member', 'project_domain_id': 'default', 'project_domain_name': 'Default', 'project_id': 'db3630542424433eaf1626f45346b8bb', 'project_name': 'tempest-ListImageFiltersTestJSON-94860031', 'tenant_id': 'db3630542424433eaf1626f45346b8bb', 'tenant_name': 'tempest-ListImageFiltersTestJSON-94860031', 'user_domain_id': 'default', 'user_domain_name': 'Default', 'user_id': 'abf08295ad864e389c5063875f1cd876', 'system': None}, Network: None, Subnet: None, Router: None
2025-05-19 13:20:11.083 70172 INFO tempest.lib.common.dynamic_creds [-] Created isolated network resources for: credentials: Credentials: {'domain_id': 'default', 'domain_name': 'Default', 'username': 'tempest-ListImageFiltersTestJSON-94860031-project-member', 'project_domain_id': 'default', 'project_domain_name': 'Default', 'project_id': 'db3630542424433eaf1626f45346b8bb', 'project_name': 'tempest-ListImageFiltersTestJSON-94860031', 'tenant_id': 'db3630542424433eaf1626f45346b8bb', 'tenant_name': 'tempest-ListImageFiltersTestJSON-94860031', 'user_domain_id': 'default', 'user_domain_name': 'Default', 'user_id': 'abf08295ad864e389c5063875f1cd876', 'system': None}, Network: None, Subnet: None, Router: None
2025-05-19 13:20:11.144 70136 INFO tempest.lib.common.rest_client [req-9e26dda1-94ed-4d26-95a8-cd1d2294c78c req-9e26dda1-94ed-4d26-95a8-cd1d2294c78c ] Request (ServerDiagnosticsV248Test:tearDownClass): 200 GET http://10.180.1.21:9696/networking/v2.0/security-groups?tenant_id=6e895d5e89d547cc99e5f5fe07570ebf&name=default 0.562s
2025-05-19 13:20:11.145 70156 INFO tempest.lib.common.rest_client [req-63186e9b-674b-4a47-b001-766a8686cfd7 req-63186e9b-674b-4a47-b001-766a8686cfd7 ] Request (ServerGroupTestJSON:test_create_server_with_scheduler_hint_group): 200 GET http://10.180.1.21/compute/v2.1/servers/cc8dbe63-d117-4c8f-9ba5-3de65e642ab5 1.198s
2025-05-19 13:20:11.155 70156 INFO tempest.common.waiters [-] State transition "BUILD/None" ==> "BUILD/scheduling" after 12 second wait
2025-05-19 13:20:11.168 70172 INFO tempest.lib.common.rest_client [req-1000c11c-56eb-46f4-b2a3-a43fe2954b47 req-1000c11c-56eb-46f4-b2a3-a43fe2954b47 ] Request (ListImageFiltersTestJSON:setUpClass): 201 POST http://10.180.1.21/identity/v3/auth/tokens 0.078s
2025-05-19 13:20:11.236 70170 INFO tempest.lib.common.rest_client [req-91ff475a-0ae0-4eb3-b664-cabfe36bfa94 req-91ff475a-0ae0-4eb3-b664-cabfe36bfa94 ] Request (AbsoluteLimitsTestJSON:tearDownClass): 204 DELETE http://10.180.1.21/identity/v3/users/7856630ca16f48ef94b145ba356a2ca0 0.163s
2025-05-19 13:20:11.236 70170 INFO tempest.lib.common.dynamic_creds [-] Deleting project and security group for project: 849a87f190e442b682e8ddd85e1898ae
2025-05-19 13:20:11.296 70170 INFO tempest.lib.common.rest_client [req-a55449b8-860c-47af-9df9-20bb6352fdbe req-a55449b8-860c-47af-9df9-20bb6352fdbe ] Request (AbsoluteLimitsTestJSON:tearDownClass): 201 POST http://10.180.1.21/identity/v3/auth/tokens 0.060s
2025-05-19 13:20:11.437 70162 INFO tempest.lib.common.rest_client [req-d430f3f8-66d0-49c0-b16b-ec454c50bf0c req-d430f3f8-66d0-49c0-b16b-ec454c50bf0c ] Request (SecurityGroupRulesTestJSON:test_security_group_rules_list): 200 GET http://10.180.1.21/compute/v2.1/os-security-groups/32582c2f-c1cd-408e-b1a9-980d2191f90d 1.390s
2025-05-19 13:20:11.556 70146 INFO tempest.lib.common.rest_client [req-32c08ba4-c3cc-445d-bde5-46aead4dbdeb req-32c08ba4-c3cc-445d-bde5-46aead4dbdeb ] Request (DeleteServersAdminTestJSON:test_admin_delete_servers_of_others): 200 GET http://10.180.1.21/compute/v2.1/servers/d0e1a7df-f83f-43c2-a387-d2a378ff31b6 1.506s
2025-05-19 13:20:11.578 70136 INFO tempest.lib.common.rest_client [req-d90d067f-57d3-4a2d-b864-5689f56538e9 req-d90d067f-57d3-4a2d-b864-5689f56538e9 ] Request (ServerDiagnosticsV248Test:tearDownClass): 204 DELETE http://10.180.1.21:9696/networking/v2.0/security-groups/771bdb30-7d67-4029-a644-b3bfc40debaa 0.433s
2025-05-19 13:20:11.592 70129 INFO tempest.lib.common.rest_client [req-d66e1594-a81e-4ea2-8e46-a926c246cf0b req-d66e1594-a81e-4ea2-8e46-a926c246cf0b ] Request (ServersAaction247Test:test_create_backup): 202 POST http://10.180.1.21/compute/v2.1/servers/7f37f6c9-adba-4292-9d47-c455f77e539f/action 1.744s
2025-05-19 13:20:11.620 70170 INFO tempest.lib.common.rest_client [req-caacd318-d90d-45b2-9e68-8892675a45e5 req-caacd318-d90d-45b2-9e68-8892675a45e5 ] Request (AbsoluteLimitsTestJSON:tearDownClass): 200 GET http://10.180.1.21:9696/networking/v2.0/security-groups?tenant_id=849a87f190e442b682e8ddd85e1898ae&name=default 0.322s
2025-05-19 13:20:11.663 70121 INFO tempest.lib.common.rest_client [req-27b288d0-9e7c-4472-a8cd-a34e73392e58 req-27b288d0-9e7c-4472-a8cd-a34e73392e58 ] Request (ServersTestJSON:setUpClass): 200 PUT http://10.180.1.21:9696/networking/v2.0/floatingips/3d989596-63b8-4941-a45d-7443533231a9 1.473s
2025-05-19 13:20:11.701 70136 INFO tempest.lib.common.rest_client [req-11bec7da-40bc-4a24-9c9b-2646b853b495 req-11bec7da-40bc-4a24-9c9b-2646b853b495 ] Request (ServerDiagnosticsV248Test:tearDownClass): 204 DELETE http://10.180.1.21/identity/v3/projects/6e895d5e89d547cc99e5f5fe07570ebf 0.123s
2025-05-19 13:20:11.701 70136 INFO tempest.lib.common.dynamic_creds [-] Deleting project and security group for project: 0a84c50643d547e8952060ae55e148ec
2025-05-19 13:20:11.774 70111 INFO tempest.lib.common.rest_client [req-57422f41-7a29-46a6-9728-e1053cce190e req-57422f41-7a29-46a6-9728-e1053cce190e ] Request (VolumesAdminNegativeTest:test_update_attached_volume_with_nonexistent_volume_in_body): 200 GET http://10.180.1.21/compute/v2.1/servers/9a0e9a08-1176-4f88-bbcd-f0f52d3d7714 1.624s
2025-05-19 13:20:11.783 70111 INFO tempest.common.waiters [-] State transition "BUILD/None" ==> "BUILD/block_device_mapping" after 11 second wait
2025-05-19 13:20:11.791 70172 INFO tempest.lib.common.rest_client [req-5dbce2ac-e800-458c-b1a4-9d4f1b6a9e44 req-5dbce2ac-e800-458c-b1a4-9d4f1b6a9e44 ] Request (ListImageFiltersTestJSON:setUpClass): 201 POST http://10.180.1.21/image/v2/images 0.622s
2025-05-19 13:20:11.833 70138 INFO tempest.lib.common.rest_client [req-f1d0f5fe-0e45-45cd-ac25-c1ab11c2d53d req-f1d0f5fe-0e45-45cd-ac25-c1ab11c2d53d ] Request (KeyPairsV22TestJSON:test_keypair_create_with_pub_key): 201 POST http://10.180.1.21/compute/v2.1/os-keypairs 1.576s
2025-05-19 13:20:11.867 70119 INFO tempest.lib.common.rest_client [req-10f90cfa-89bf-4db4-be70-b7567384b60e req-10f90cfa-89bf-4db4-be70-b7567384b60e ] Request (FloatingIPsTestJSON:_run_cleanups): 404 DELETE http://10.180.1.21/compute/v2.1/os-floating-ips/86f221a0-211c-4c12-b8f5-f0d0ce07b38a 1.516s
2025-05-19 13:20:11.876 70140 INFO tempest.lib.common.rest_client [req-97acdb73-d487-4dcd-8acc-f8b0f6a4755c req-97acdb73-d487-4dcd-8acc-f8b0f6a4755c ] Request (ImagesMetadataTestJSON:test_set_image_metadata): 200 PUT http://10.180.1.21/compute/v2.1/images/ead756f3-466c-4c65-9c8b-89b9cd631388/metadata 1.648s
2025-05-19 13:20:11.882 70136 INFO tempest.lib.common.rest_client [req-51ebb5cb-70dc-430b-9113-4d1bffe83ded req-51ebb5cb-70dc-430b-9113-4d1bffe83ded ] Request (ServerDiagnosticsV248Test:tearDownClass): 200 GET http://10.180.1.21:9696/networking/v2.0/security-groups?tenant_id=0a84c50643d547e8952060ae55e148ec&name=default 0.181s
2025-05-19 13:20:11.997 70136 INFO tempest.lib.common.rest_client [req-f4023df5-f060-4ea5-9f96-6064b04576cb req-f4023df5-f060-4ea5-9f96-6064b04576cb ] Request (ServerDiagnosticsV248Test:tearDownClass): 204 DELETE http://10.180.1.21:9696/networking/v2.0/security-groups/d626fc4b-f443-4b3a-927f-cbe3db698430 0.114s
2025-05-19 13:20:12.065 70170 INFO tempest.lib.common.rest_client [req-ae7e5935-f2a2-484c-a2ea-e9a9ce5bdda0 req-ae7e5935-f2a2-484c-a2ea-e9a9ce5bdda0 ] Request (AbsoluteLimitsTestJSON:tearDownClass): 204 DELETE http://10.180.1.21:9696/networking/v2.0/security-groups/913e304c-515b-41b9-b98f-2386f46c4142 0.445s
2025-05-19 13:20:12.110 70136 INFO tempest.lib.common.rest_client [req-3bfa3c4e-5e1f-4865-a570-0984c7eb1532 req-3bfa3c4e-5e1f-4865-a570-0984c7eb1532 ] Request (ServerDiagnosticsV248Test:tearDownClass): 204 DELETE http://10.180.1.21/identity/v3/projects/0a84c50643d547e8952060ae55e148ec 0.113s
2025-05-19 13:20:12.111 70136 INFO tempest.test [-] raised in ServerBootFromVolumeStableRescueTest.setUpClass. Invoking tearDownClass.
2025-05-19 13:20:12.112 70136 INFO tempest.test [-] raised in ServerStableDeviceRescueTest.setUpClass. Invoking tearDownClass.
2025-05-19 13:20:12.190 70170 INFO tempest.lib.common.rest_client [req-ec345312-6389-4881-8b31-b6539c075c33 req-ec345312-6389-4881-8b31-b6539c075c33 ] Request (AbsoluteLimitsTestJSON:tearDownClass): 204 DELETE http://10.180.1.21/identity/v3/projects/849a87f190e442b682e8ddd85e1898ae 0.125s
2025-05-19 13:20:12.270 70170 INFO tempest.lib.common.rest_client [req-f19b155a-8282-4325-b9a2-05d2e47595ea req-f19b155a-8282-4325-b9a2-05d2e47595ea ] Request (ServerMetadataTestJSON:setUpClass): 201 POST http://10.180.1.21/identity/v3/auth/tokens 0.077s
2025-05-19 13:20:12.310 70170 INFO tempest.lib.common.rest_client [req-55f76b82-3b6e-4cf3-8a5c-18a389c67683 req-55f76b82-3b6e-4cf3-8a5c-18a389c67683 ] Request (ServerMetadataTestJSON:setUpClass): 201 POST http://10.180.1.21/identity/v3/auth/tokens 0.038s
2025-05-19 13:20:12.323 70164 INFO tempest.lib.common.rest_client [req-db3e51c7-36d8-4a01-ae2d-a41d2c1cff89 req-db3e51c7-36d8-4a01-ae2d-a41d2c1cff89 ] Request (ServersTestManualDisk:setUpClass): 202 POST http://10.180.1.21/compute/v2.1/servers 1.927s
2025-05-19 13:20:12.330 70158 INFO tempest.lib.common.rest_client [req-425cc1e3-370a-4d5e-b793-74065a69778c req-425cc1e3-370a-4d5e-b793-74065a69778c ] Request (InstanceActionsTestJSON:setUpClass): 204 DELETE http://10.180.1.21/compute/v2.1/servers/64ab714b-61b6-48be-a2cb-5a5df86f7512 1.946s
2025-05-19 13:20:12.343 70170 INFO tempest.lib.common.rest_client [req-6b529f0b-bea0-4ab7-a45c-51c46ce0fada req-6b529f0b-bea0-4ab7-a45c-51c46ce0fada ] Request (ServerMetadataTestJSON:setUpClass): 200 GET http://10.180.1.21/identity/v3/domains?name=Default 0.033s
2025-05-19 13:20:12.365 70144 INFO tempest.lib.common.rest_client [req-40fc64b0-21d7-491c-b6b5-a4d4efc02943 req-40fc64b0-21d7-491c-b6b5-a4d4efc02943 ] Request (SecurityGroupsTestJSON:setUpClass): 201 POST http://10.180.1.21:9696/networking/v2.0/routers 1.637s
2025-05-19 13:20:12.372 70170 INFO tempest.lib.common.rest_client [req-7e975158-0d90-4ae0-8b4b-a79fbd10342d req-7e975158-0d90-4ae0-8b4b-a79fbd10342d ] Request (ServerMetadataTestJSON:setUpClass): 201 POST http://10.180.1.21/identity/v3/projects 0.028s
2025-05-19 13:20:12.438 70170 INFO tempest.lib.common.rest_client [req-94b19fe8-5377-41ef-8fb8-287cbcc19189 req-94b19fe8-5377-41ef-8fb8-287cbcc19189 ] Request (ServerMetadataTestJSON:setUpClass): 201 POST http://10.180.1.21/identity/v3/users 0.066s
2025-05-19 13:20:12.461 70170 INFO tempest.lib.common.rest_client [req-c95e87ad-9db4-46d9-b636-41bd34772b6d req-c95e87ad-9db4-46d9-b636-41bd34772b6d ] Request (ServerMetadataTestJSON:setUpClass): 200 GET http://10.180.1.21/identity/v3/roles 0.022s
2025-05-19 13:20:12.493 70170 INFO tempest.lib.common.rest_client [req-7f0c5b0c-602d-4f08-923b-8297c5812424 req-7f0c5b0c-602d-4f08-923b-8297c5812424 ] Request (ServerMetadataTestJSON:setUpClass): 204 PUT http://10.180.1.21/identity/v3/projects/a79debf764ac4cb981a6918351337f03/users/35d6926a553e4185b0d3199d6c9b1ca7/roles/209c136ed5e44d629d25c49b31988756 0.031s
2025-05-19 13:20:12.493 70170 INFO tempest.lib.common.dynamic_creds [-] Dynamic test user 35d6926a553e4185b0d3199d6c9b1ca7 is created with scope project and roles: ['member']
2025-05-19 13:20:12.494 70170 INFO tempest.lib.common.dynamic_creds [-] Acquired dynamic creds: credentials: Credentials: {'domain_id': 'default', 'domain_name': 'Default', 'username': 'tempest-ServerMetadataTestJSON-1489874382-project-member', 'project_domain_id': 'default', 'project_domain_name': 'Default', 'project_id': 'a79debf764ac4cb981a6918351337f03', 'project_name': 'tempest-ServerMetadataTestJSON-1489874382', 'tenant_id': 'a79debf764ac4cb981a6918351337f03', 'tenant_name': 'tempest-ServerMetadataTestJSON-1489874382', 'user_domain_id': 'default', 'user_domain_name': 'Default', 'user_id': '35d6926a553e4185b0d3199d6c9b1ca7', 'system': None}, Network: None, Subnet: None, Router: None
2025-05-19 13:20:12.550 70154 INFO tempest.lib.common.rest_client [req-c400039c-c19e-4be4-8658-2a67e0b70027 req-c400039c-c19e-4be4-8658-2a67e0b70027 ] Request (SecurityGroupRulesNegativeTestJSON:test_create_security_group_rule_with_invalid_ip_protocol): 200 POST http://10.180.1.21/compute/v2.1/os-security-groups 2.078s
2025-05-19 13:20:12.586 70170 INFO tempest.lib.common.rest_client [req-0c71c42c-3866-4a00-883b-786d2e386b7c req-0c71c42c-3866-4a00-883b-786d2e386b7c ] Request (ServerMetadataTestJSON:setUpClass): 201 POST http://10.180.1.21/identity/v3/auth/tokens 0.092s
