2025-05-19 13:20:44.887 70166 INFO tempest.lib.common.rest_client [req-221e9734-7437-47df-b2e3-3de3def01a8d req-221e9734-7437-47df-b2e3-3de3def01a8d ] Request (ServersAdminTestJSON:tearDownClass): 200 GET http://10.180.1.21/compute/v2.1/servers/f0d4f167-344a-4828-9f6e-8a62ed8e064d 0.327s
2025-05-19 13:20:44.902 70148 INFO tempest.lib.common.rest_client [req-abd4bb82-1dc1-4024-9374-0439e190d14e req-abd4bb82-1dc1-4024-9374-0439e190d14e ] Request (AZV2TestJSON:setUpClass): 201 POST http://10.180.1.21/identity/v3/projects 0.115s
2025-05-19 13:20:44.947 70117 INFO tempest.lib.common.rest_client [req-4098e29a-7ad8-40a3-810c-812a0039a5b9 req-4098e29a-7ad8-40a3-810c-812a0039a5b9 ] Request (ServersAdminNegativeTestJSON:test_resize_server_using_overlimit_vcpus): 403 POST http://10.180.1.21/compute/v2.1/servers/a4a16667-cd00-4850-9389-0bd57c7efd74/action 0.373s
2025-05-19 13:20:44.981 70150 INFO tempest.lib.common.rest_client [req-44e9b10d-dfa5-417b-b6c1-4d65de54783d req-44e9b10d-dfa5-417b-b6c1-4d65de54783d ] Request (ListServerFiltersTestJSON:setUpClass): 204 PUT http://10.180.1.21/identity/v3/projects/ac7f3a300a7e42f2a0dafa5a5572cade/users/7eb6afdb85bb459cb6ee2613989d5a08/roles/209c136ed5e44d629d25c49b31988756 0.129s
2025-05-19 13:20:44.981 70150 INFO tempest.lib.common.dynamic_creds [-] Dynamic test user 7eb6afdb85bb459cb6ee2613989d5a08 is created with scope project and roles: ['member']
2025-05-19 13:20:44.982 70150 INFO tempest.lib.common.dynamic_creds [-] Acquired dynamic creds: credentials: Credentials: {'domain_id': 'default', 'domain_name': 'Default', 'username': 'tempest-ListServerFiltersTestJSON-1547866523-project-member', 'project_domain_id': 'default', 'project_domain_name': 'Default', 'project_id': 'ac7f3a300a7e42f2a0dafa5a5572cade', 'project_name': 'tempest-ListServerFiltersTestJSON-1547866523', 'tenant_id': 'ac7f3a300a7e42f2a0dafa5a5572cade', 'tenant_name': 'tempest-ListServerFiltersTestJSON-1547866523', 'user_domain_id': 'default', 'user_domain_name': 'Default', 'user_id': '7eb6afdb85bb459cb6ee2613989d5a08', 'system': None}, Network: None, Subnet: None, Router: None
2025-05-19 13:20:44.984 70140 INFO tempest.lib.common.rest_client [req-aeff99ba-49e7-4fe7-bcb1-6604f72d3998 req-aeff99ba-49e7-4fe7-bcb1-6604f72d3998 ] Request (ServerDiskConfigTestJSON:test_rebuild_server_with_auto_disk_config): 200 GET http://10.180.1.21/compute/v2.1/servers/f92627d1-b895-4564-b975-2a596b6dd814 0.395s
2025-05-19 13:20:45.010 70113 INFO tempest.lib.common.rest_client [req-5e51305c-91d3-468e-af6f-64fdd1465f49 req-5e51305c-91d3-468e-af6f-64fdd1465f49 ] Request (AttachInterfacesUnderV243Test:test_add_remove_fixed_ip): 404 GET http://10.180.1.21/compute/v2.1/servers/21bfeb07-c3d5-402d-84ba-2f22aafd5ae6 0.298s
2025-05-19 13:20:45.018 70174 INFO tempest.lib.common.rest_client [req-05477a61-a15f-4d6c-9058-e9dbbd4af05d req-05477a61-a15f-4d6c-9058-e9dbbd4af05d ] Request (FloatingIPsAssociationNegativeTestJSON:setUpClass): 200 GET http://10.180.1.21/compute/v2.1/servers/659ec1bd-2be6-4f40-b513-a907b77f2ebb 0.320s
2025-05-19 13:20:45.044 70164 INFO tempest.lib.common.rest_client [req-377580a4-b9b7-4e2a-a220-e7315e2c4d1d req-377580a4-b9b7-4e2a-a220-e7315e2c4d1d ] Request (ServersListShow2100Test:setUpClass): 201 POST http://10.180.1.21/identity/v3/projects 0.180s
2025-05-19 13:20:45.055 70148 INFO tempest.lib.common.rest_client [req-638ffd7e-deeb-48e8-b124-e00463b0c0ba req-638ffd7e-deeb-48e8-b124-e00463b0c0ba ] Request (AZV2TestJSON:setUpClass): 201 POST http://10.180.1.21/identity/v3/users 0.152s
2025-05-19 13:20:45.084 70119 INFO tempest.lib.common.rest_client [req-e0d2cd50-ca63-467f-afb5-4658378ba3e7 req-e0d2cd50-ca63-467f-afb5-4658378ba3e7 ] Request (AttachInterfacesTestJSON:test_create_list_show_delete_interfaces_by_fixed_ip): 200 GET http://10.180.1.21/compute/v2.1/servers/46c6028e-1282-4585-bc96-58e0c036b5ef 0.294s
2025-05-19 13:20:45.090 70125 INFO tempest.lib.common.rest_client [req-27865f02-e13d-4d53-8280-da1896af4bdb req-27865f02-e13d-4d53-8280-da1896af4bdb ] Request (ServerAddressesNegativeTestJSON:tearDownClass): 200 GET http://10.180.1.21/compute/v2.1/servers/3020e505-513b-4b29-996a-6e70a212f508 0.378s
2025-05-19 13:20:45.115 70117 INFO tempest.lib.common.rest_client [req-32c648aa-f499-4b27-8c29-dce6245c2e87 req-32c648aa-f499-4b27-8c29-dce6245c2e87 ] Request (ServersAdminNegativeTestJSON:_run_cleanups): 202 DELETE http://10.180.1.21/compute/v2.1/flavors/403846287 0.167s
2025-05-19 13:20:45.118 70150 INFO tempest.lib.common.rest_client [req-86d307bf-2f26-4343-9cd6-c3e3280f2dcf req-86d307bf-2f26-4343-9cd6-c3e3280f2dcf ] Request (ListServerFiltersTestJSON:setUpClass): 201 POST http://10.180.1.21/identity/v3/auth/tokens 0.136s
2025-05-19 13:20:45.139 70148 INFO tempest.lib.common.rest_client [req-738d8be1-a785-4c26-9e5e-6d34b0c020a9 req-738d8be1-a785-4c26-9e5e-6d34b0c020a9 ] Request (AZV2TestJSON:setUpClass): 200 GET http://10.180.1.21/identity/v3/roles 0.084s
2025-05-19 13:20:45.140 70154 INFO tempest.lib.common.rest_client [req-84bb3c83-89e5-4b90-a684-9e5f596de9cf req-84bb3c83-89e5-4b90-a684-9e5f596de9cf ] Request (ServersTestBootFromVolume:setUpClass): 202 POST http://10.180.1.21/volume/v3/volumes 0.300s
2025-05-19 13:20:45.145 70152 INFO tempest.lib.common.rest_client [req-2957cc1d-1937-4d68-8668-b08e423c7cbd req-2957cc1d-1937-4d68-8668-b08e423c7cbd ] Request (ServersTestMultiNic:test_verify_multiple_nics_order): 200 GET http://10.180.1.21/compute/v2.1/servers/d3620cfb-dd10-4276-b65d-b6041e83ac49 0.263s
2025-05-19 13:20:45.165 70113 INFO tempest.lib.common.rest_client [req-2cf988b3-b1d0-4909-8a4a-e0f3cf66c01c req-2cf988b3-b1d0-4909-8a4a-e0f3cf66c01c ] Request (AttachInterfacesUnderV243Test:_run_cleanups): 202 DELETE http://10.180.1.21/compute/v2.1/os-keypairs/tempest-keypair-1006976026 0.153s
2025-05-19 13:20:45.189 70164 INFO tempest.lib.common.rest_client [req-4d534d4a-f47d-4cbd-aa28-6b5d0eaf7a95 req-4d534d4a-f47d-4cbd-aa28-6b5d0eaf7a95 ] Request (ServersListShow2100Test:setUpClass): 201 POST http://10.180.1.21/identity/v3/users 0.144s
2025-05-19 13:20:45.193 70154 INFO tempest.lib.common.rest_client [req-2952a847-5c0b-4ed9-ba45-8d3dc9182e93 req-2952a847-5c0b-4ed9-ba45-8d3dc9182e93 ] Request (ServersTestBootFromVolume:setUpClass): 200 GET http://10.180.1.21/volume/v3/volumes/0911b77e-db58-4ace-9883-7a4b7ef3045e 0.044s
2025-05-19 13:20:45.221 70168 INFO tempest.lib.common.rest_client [req-5357870c-9a51-4f9b-b6b8-0e521c49744c req-5357870c-9a51-4f9b-b6b8-0e521c49744c ] Request (ServersAdmin275Test:tearDownClass): 200 GET http://10.180.1.21/compute/v2.1/servers/38792225-b054-4c08-b3ec-51d46287b0f9 0.209s
2025-05-19 13:20:45.225 70148 INFO tempest.lib.common.rest_client [req-3deea34d-9741-4648-8fb2-a6d4022b3c4b req-3deea34d-9741-4648-8fb2-a6d4022b3c4b ] Request (AZV2TestJSON:setUpClass): 204 PUT http://10.180.1.21/identity/v3/projects/32affbde710245a4b6be4c88658f9323/users/b627cb28dd86442a849379a0a12c4135/roles/209c136ed5e44d629d25c49b31988756 0.086s
2025-05-19 13:20:45.225 70148 INFO tempest.lib.common.dynamic_creds [-] Dynamic test user b627cb28dd86442a849379a0a12c4135 is created with scope project and roles: ['member']
2025-05-19 13:20:45.226 70148 INFO tempest.lib.common.dynamic_creds [-] Acquired dynamic creds: credentials: Credentials: {'domain_id': 'default', 'domain_name': 'Default', 'username': 'tempest-AZV2TestJSON-539808403-project-member', 'project_domain_id': 'default', 'project_domain_name': 'Default', 'project_id': '32affbde710245a4b6be4c88658f9323', 'project_name': 'tempest-AZV2TestJSON-539808403', 'tenant_id': '32affbde710245a4b6be4c88658f9323', 'tenant_name': 'tempest-AZV2TestJSON-539808403', 'user_domain_id': 'default', 'user_domain_name': 'Default', 'user_id': 'b627cb28dd86442a849379a0a12c4135', 'system': None}, Network: None, Subnet: None, Router: None
2025-05-19 13:20:45.226 70148 INFO tempest.lib.common.dynamic_creds [-] Created isolated network resources for: credentials: Credentials: {'domain_id': 'default', 'domain_name': 'Default', 'username': 'tempest-AZV2TestJSON-539808403-project-member', 'project_domain_id': 'default', 'project_domain_name': 'Default', 'project_id': '32affbde710245a4b6be4c88658f9323', 'project_name': 'tempest-AZV2TestJSON-539808403', 'tenant_id': '32affbde710245a4b6be4c88658f9323', 'tenant_name': 'tempest-AZV2TestJSON-539808403', 'user_domain_id': 'default', 'user_domain_name': 'Default', 'user_id': 'b627cb28dd86442a849379a0a12c4135', 'system': None}, Network: None, Subnet: None, Router: None
2025-05-19 13:20:45.234 70172 INFO tempest.lib.common.rest_client [req-ce628d51-9d07-4248-9411-30dcd558b49f req-ce628d51-9d07-4248-9411-30dcd558b49f ] Request (ListImageFiltersTestJSON:setUpClass): 200 GET http://10.180.1.21/compute/v2.1/servers/df6e15b9-640f-40c2-a146-4361de14f8b0 0.124s
2025-05-19 13:20:45.269 70117 INFO tempest.lib.common.rest_client [req-4cb5ae25-899e-471e-9b3b-40cc22a43753 req-4cb5ae25-899e-471e-9b3b-40cc22a43753 ] Request (ServersAdminNegativeTestJSON:_run_cleanups): 200 GET http://10.180.1.21/compute/v2.1/flavors/detail 0.154s
2025-05-19 13:20:45.281 70164 INFO tempest.lib.common.rest_client [req-b50dc67e-eab0-4db1-891b-5ecdb9707f36 req-b50dc67e-eab0-4db1-891b-5ecdb9707f36 ] Request (ServersListShow2100Test:setUpClass): 200 GET http://10.180.1.21/identity/v3/roles 0.092s
2025-05-19 13:20:45.307 70117 INFO tempest.lib.common.rest_client [req-e846263d-5a70-4ae8-ad51-52187d784456 req-e846263d-5a70-4ae8-ad51-52187d784456 ] Request (ServersAdminNegativeTestJSON:test_restore_server_invalid_state): 409 POST http://10.180.1.21/compute/v2.1/servers/a4a16667-cd00-4850-9389-0bd57c7efd74/action 0.030s
2025-05-19 13:20:45.310 70156 INFO tempest.lib.common.rest_client [req-cb8ff2c5-540d-46b2-b46a-25f3980f39dd req-cb8ff2c5-540d-46b2-b46a-25f3980f39dd ] Request (ServersListShow298Test:test_list_show_update_rebuild_server_298): 200 GET http://10.180.1.21/compute/v2.1/servers/55fb4b38-d8ec-45a4-89b8-8642ad5bb1a2 0.195s
2025-05-19 13:20:45.311 70148 INFO tempest.lib.common.rest_client [req-b03ab8fd-8bd6-4001-a4c8-d538fb44af69 req-b03ab8fd-8bd6-4001-a4c8-d538fb44af69 ] Request (AZV2TestJSON:setUpClass): 201 POST http://10.180.1.21/identity/v3/auth/tokens 0.078s
2025-05-19 13:20:45.314 70164 INFO tempest.lib.common.rest_client [req-72d16e02-6a5c-46e7-8729-8ff19475061b req-72d16e02-6a5c-46e7-8729-8ff19475061b ] Request (ServersListShow2100Test:setUpClass): 204 PUT http://10.180.1.21/identity/v3/projects/221835ca9b5a4cb0a48076f781dee2a7/users/5bb3fb5617294ee0a792871ffe80e5a5/roles/209c136ed5e44d629d25c49b31988756 0.032s
2025-05-19 13:20:45.314 70164 INFO tempest.lib.common.dynamic_creds [-] Dynamic test user 5bb3fb5617294ee0a792871ffe80e5a5 is created with scope project and roles: ['member']
2025-05-19 13:20:45.315 70164 INFO tempest.lib.common.dynamic_creds [-] Acquired dynamic creds: credentials: Credentials: {'domain_id': 'default', 'domain_name': 'Default', 'username': 'tempest-ServersListShow2100Test-2140509799-project-member', 'project_domain_id': 'default', 'project_domain_name': 'Default', 'project_id': '221835ca9b5a4cb0a48076f781dee2a7', 'project_name': 'tempest-ServersListShow2100Test-2140509799', 'tenant_id': '221835ca9b5a4cb0a48076f781dee2a7', 'tenant_name': 'tempest-ServersListShow2100Test-2140509799', 'user_domain_id': 'default', 'user_domain_name': 'Default', 'user_id': '5bb3fb5617294ee0a792871ffe80e5a5', 'system': None}, Network: None, Subnet: None, Router: None
2025-05-19 13:20:45.315 70164 INFO tempest.lib.common.dynamic_creds [-] Created isolated network resources for: credentials: Credentials: {'domain_id': 'default', 'domain_name': 'Default', 'username': 'tempest-ServersListShow2100Test-2140509799-project-member', 'project_domain_id': 'default', 'project_domain_name': 'Default', 'project_id': '221835ca9b5a4cb0a48076f781dee2a7', 'project_name': 'tempest-ServersListShow2100Test-2140509799', 'tenant_id': '221835ca9b5a4cb0a48076f781dee2a7', 'tenant_name': 'tempest-ServersListShow2100Test-2140509799', 'user_domain_id': 'default', 'user_domain_name': 'Default', 'user_id': '5bb3fb5617294ee0a792871ffe80e5a5', 'system': None}, Network: None, Subnet: None, Router: None
2025-05-19 13:20:45.350 70138 INFO tempest.lib.common.rest_client [req-7f62a574-98d2-4be3-a215-139b895d232f req-7f62a574-98d2-4be3-a215-139b895d232f ] Request (ServerActionsV293TestJSON:setUpClass): 200 GET http://10.180.1.21/volume/v3/volumes/685136d8-7b72-479e-9cc0-24beeaf96ab5 0.043s
2025-05-19 13:20:45.364 70127 INFO tempest.lib.common.rest_client [req-b8bffff5-3ee9-465e-a64b-2008cb9ee4e1 req-b8bffff5-3ee9-465e-a64b-2008cb9ee4e1 ] Request (MultipleCreateTestJSON:setUpClass): 201 POST http://10.180.1.21:9696/networking/v2.0/networks 0.540s
2025-05-19 13:20:45.376 70113 INFO tempest.lib.common.rest_client [req-019a4bea-ae42-4bbc-904a-d4a2bfaa1df5 req-019a4bea-ae42-4bbc-904a-d4a2bfaa1df5 ] Request (AttachInterfacesUnderV243Test:_run_cleanups): 204 DELETE http://10.180.1.21:9696/networking/v2.0/security-groups/0f162aff-651a-45b1-a733-9670ba60f113 0.211s
2025-05-19 13:20:45.394 70113 INFO tempest.lib.common.rest_client [req-bd28aa2b-d058-4d17-aefc-a6ef9abd6efb req-bd28aa2b-d058-4d17-aefc-a6ef9abd6efb ] Request (AttachInterfacesUnderV243Test:_run_cleanups): 404 GET http://10.180.1.21:9696/networking/v2.0/security-groups/0f162aff-651a-45b1-a733-9670ba60f113 0.017s
2025-05-19 13:20:45.412 70164 INFO tempest.lib.common.rest_client [req-30af5aa7-88d6-4dc9-8164-6a17b1226e76 req-30af5aa7-88d6-4dc9-8164-6a17b1226e76 ] Request (ServersListShow2100Test:setUpClass): 201 POST http://10.180.1.21/identity/v3/auth/tokens 0.087s
2025-05-19 13:20:45.428 70117 INFO tempest.lib.common.rest_client [req-a0c86707-c072-44b6-8545-89ab30bed3c7 req-a0c86707-c072-44b6-8545-89ab30bed3c7 ] Request (ServersAdminNegativeTestJSON:tearDownClass): 204 DELETE http://10.180.1.21/compute/v2.1/servers/a4a16667-cd00-4850-9389-0bd57c7efd74 0.120s
2025-05-19 13:20:45.453 70164 INFO tempest.lib.common.rest_client [req-a4413c6a-efb2-411b-996e-d02dfe9730f3 req-a4413c6a-efb2-411b-996e-d02dfe9730f3 ] Request (ServersListShow2100Test:test_list_show_rebuild_update_server_2100): 201 POST http://10.180.1.21/identity/v3/auth/tokens 0.037s
2025-05-19 13:20:45.453 70164 INFO tempest.lib.common.fixed_network [-] (ServersListShow2100Test:test_list_show_rebuild_update_server_2100) Found network None available for tenant
2025-05-19 13:20:45.489 70162 INFO tempest.lib.common.rest_client [req-dcf4fd46-cf5e-4ccc-bef1-0120fe9e7e03 req-dcf4fd46-cf5e-4ccc-bef1-0120fe9e7e03 ] Request (ServerAddressesTestJSON:setUpClass): 200 GET http://10.180.1.21/compute/v2.1/servers/95857f3f-1503-44d0-a1b3-d087bde80393 0.156s
2025-05-19 13:20:45.543 70150 INFO tempest.lib.common.rest_client [req-5c215dd6-0bb5-4c87-a3b8-69e8561e4131 req-5c215dd6-0bb5-4c87-a3b8-69e8561e4131 ] Request (ListServerFiltersTestJSON:setUpClass): 201 POST http://10.180.1.21:9696/networking/v2.0/networks 0.423s
2025-05-19 13:20:45.565 70158 INFO tempest.lib.common.rest_client [req-69637ffa-1622-4597-813d-275875add27f req-69637ffa-1622-4597-813d-275875add27f ] Request (ServerShowV247Test:test_update_rebuild_list_server): 200 GET http://10.180.1.21/compute/v2.1/servers/b97945f4-5c5b-4a98-adac-8337a7ed9011 0.182s
2025-05-19 13:20:45.576 70148 INFO tempest.lib.common.rest_client [req-504ac7a9-1dd0-4d05-a964-6803e9f19724 req-504ac7a9-1dd0-4d05-a964-6803e9f19724 ] Request (AZV2TestJSON:test_get_availability_zone_list_with_non_admin_user): 200 GET http://10.180.1.21/compute/v2.1/os-availability-zone 0.263s
2025-05-19 13:20:45.634 70170 INFO tempest.lib.common.rest_client [req-ea823252-76c8-4a43-b0e0-8dcda3afdb5b req-ea823252-76c8-4a43-b0e0-8dcda3afdb5b ] Request (ServerMetadataTestJSON:setUpClass): 200 GET http://10.180.1.21/compute/v2.1/servers/274e4d87-ec17-4210-a0fb-e226d29ed0d3 0.213s
2025-05-19 13:20:45.699 70148 INFO tempest.lib.common.rest_client [req-1a773439-4762-4363-acc0-150c6fbdcbba req-1a773439-4762-4363-acc0-150c6fbdcbba ] Request (AZV2TestJSON:tearDownClass): 204 DELETE http://10.180.1.21/identity/v3/users/b627cb28dd86442a849379a0a12c4135 0.120s
2025-05-19 13:20:45.699 70148 INFO tempest.lib.common.dynamic_creds [-] Deleting project and security group for project: 32affbde710245a4b6be4c88658f9323
2025-05-19 13:20:45.742 70117 INFO tempest.lib.common.rest_client [req-c5224de1-abe2-4351-8fb3-1ce08bf8f984 req-c5224de1-abe2-4351-8fb3-1ce08bf8f984 ] Request (ServersAdminNegativeTestJSON:tearDownClass): 200 GET http://10.180.1.21/compute/v2.1/servers/a4a16667-cd00-4850-9389-0bd57c7efd74 0.313s
2025-05-19 13:20:45.787 70148 INFO tempest.lib.common.rest_client [req-c2d18f28-34d2-480a-bc92-b2952487b9a6 req-c2d18f28-34d2-480a-bc92-b2952487b9a6 ] Request (AZV2TestJSON:tearDownClass): 201 POST http://10.180.1.21/identity/v3/auth/tokens 0.087s
2025-05-19 13:20:45.827 70164 INFO tempest.lib.common.rest_client [req-34721117-63e9-418d-a138-3f91dbdc4d6d req-34721117-63e9-418d-a138-3f91dbdc4d6d ] Request (ServersListShow2100Test:test_list_show_rebuild_update_server_2100): 202 POST http://10.180.1.21/compute/v2.1/servers 0.372s
2025-05-19 13:20:45.846 70146 INFO tempest.lib.common.rest_client [req-f2b82759-994e-47c0-8eb8-550d83688c17 req-f2b82759-994e-47c0-8eb8-550d83688c17 ] Request (DeleteServersAdminTestJSON:test_delete_server_while_in_error_state): 200 GET http://10.180.1.21/compute/v2.1/servers/5747cb37-539e-4532-a627-282f965a7dd5 0.368s
2025-05-19 13:20:45.852 70127 INFO tempest.lib.common.rest_client [req-a3915ee5-0b51-4cb3-8f19-43464fb7dcfb req-a3915ee5-0b51-4cb3-8f19-43464fb7dcfb ] Request (MultipleCreateTestJSON:setUpClass): 201 POST http://10.180.1.21:9696/networking/v2.0/subnets 0.487s
2025-05-19 13:20:45.911 70113 INFO tempest.lib.common.rest_client [req-d8cd9f08-159a-4c23-b9d0-14802cc90d6f req-d8cd9f08-159a-4c23-b9d0-14802cc90d6f ] Request (AttachInterfacesUnderV243Test:_run_cleanups): 204 DELETE http://10.180.1.21:9696/networking/v2.0/floatingips/1103859d-e574-461c-8f45-c143ad3c259b 0.516s
2025-05-19 13:20:45.928 70150 INFO tempest.lib.common.rest_client [req-5c013aac-715f-49b1-a4fe-2a5314628ef6 req-5c013aac-715f-49b1-a4fe-2a5314628ef6 ] Request (ListServerFiltersTestJSON:setUpClass): 201 POST http://10.180.1.21:9696/networking/v2.0/subnets 0.384s
2025-05-19 13:20:45.928 70150 INFO tempest.lib.common.dynamic_creds [-] Created isolated network resources for: credentials: Credentials: {'domain_id': 'default', 'domain_name': 'Default', 'username': 'tempest-ListServerFiltersTestJSON-1547866523-project-member', 'project_domain_id': 'default', 'project_domain_name': 'Default', 'project_id': 'ac7f3a300a7e42f2a0dafa5a5572cade', 'project_name': 'tempest-ListServerFiltersTestJSON-1547866523', 'tenant_id': 'ac7f3a300a7e42f2a0dafa5a5572cade', 'tenant_name': 'tempest-ListServerFiltersTestJSON-1547866523', 'user_domain_id': 'default', 'user_domain_name': 'Default', 'user_id': '7eb6afdb85bb459cb6ee2613989d5a08', 'system': None}, Network: {'id': '9ab77319-0850-4cbe-8ef8-5712a657e8a5', 'name': 'tempest-ListServerFiltersTestJSON-1207451004-network', 'tenant_id': 'ac7f3a300a7e42f2a0dafa5a5572cade', 'admin_state_up': True, 'mtu': 8950, 'status': 'ACTIVE', 'subnets': [], 'shared': False, 'project_id': 'ac7f3a300a7e42f2a0dafa5a5572cade', 'port_security_enabled': True, 'router:external': False, 'provider:network_type': 'vlan', 'provider:physical_network': 'default', 'provider:segmentation_id': 232, 'availability_zone_hints': [], 'availability_zones': [], 'ipv4_address_scope': None, 'ipv6_address_scope': None, 'description': '', 'tags': [], 'created_at': '2025-05-19T13:20:45Z', 'updated_at': '2025-05-19T13:20:45Z', 'revision_number': 1}, Subnet: {'id': '81a2ee28-56a9-4cf9-9dd6-4f26bb0545cc', 'name': 'tempest-ListServerFiltersTestJSON-1207451004-subnet', 'tenant_id': 'ac7f3a300a7e42f2a0dafa5a5572cade', 'network_id': '9ab77319-0850-4cbe-8ef8-5712a657e8a5', 'ip_version': 4, 'subnetpool_id': None, 'enable_dhcp': True, 'ipv6_ra_mode': None, 'ipv6_address_mode': None, 'gateway_ip': '192.168.128.1', 'cidr': '192.168.128.0/28', 'allocation_pools': [{'start': '192.168.128.2', 'end': '192.168.128.14'}], 'host_routes': [], 'dns_nameservers': [], 'description': '', 'router:external': False, 'service_types': [], 'tags': [], 'created_at': '2025-05-19T13:20:45Z', 'updated_at': '2025-05-19T13:20:45Z', 'revision_number': 0, 'project_id': 'ac7f3a300a7e42f2a0dafa5a5572cade'}, Router: None
2025-05-19 13:20:45.947 70142 INFO tempest.lib.common.rest_client [req-d066717e-4aad-4bf5-960a-6608f79818fb req-d066717e-4aad-4bf5-960a-6608f79818fb ] Request (ServerActionsTestJSON:setUpClass): 200 GET http://10.180.1.21/compute/v2.1/servers/834de465-9bef-4f8f-8bf6-9d39bc437f58 0.395s
2025-05-19 13:20:45.954 70123 INFO tempest.lib.common.rest_client [req-15e219e8-0d35-4174-b6ad-6c40c8e3014d req-15e219e8-0d35-4174-b6ad-6c40c8e3014d ] Request (FloatingIPsAssociationTestJSON:setUpClass): 200 GET http://10.180.1.21/compute/v2.1/servers/c5b49cf2-4316-43bf-90d3-8e6da14dc5d7 0.298s
2025-05-19 13:20:46.024 70150 INFO tempest.lib.common.rest_client [req-0292bb2d-d27e-4df8-a208-0c5335cbe15e req-0292bb2d-d27e-4df8-a208-0c5335cbe15e ] Request (ListServerFiltersTestJSON:setUpClass): 201 POST http://10.180.1.21/identity/v3/auth/tokens 0.091s
2025-05-19 13:20:46.030 70132 INFO tempest.lib.common.rest_client [req-a96bfc43-f416-4fa4-84bb-e955a436612f req-a96bfc43-f416-4fa4-84bb-e955a436612f ] Request (MigrationsAdminTest:test_resize_server_revert_deleted_flavor): 200 GET http://10.180.1.21/compute/v2.1/servers/a2baa6a4-a3a2-475b-bef1-1c98dbe3c13d 0.222s
2025-05-19 13:20:46.037 70144 INFO tempest.lib.common.rest_client [req-a69d2af5-5c49-485e-934e-c1c280684b58 req-a69d2af5-5c49-485e-934e-c1c280684b58 ] Request (SecurityGroupsTestJSON:test_list_security_groups_by_server): 200 GET http://10.180.1.21/compute/v2.1/servers/74b17bd9-66c4-4a88-b3de-fc5f720f4eca 0.323s
2025-05-19 13:20:46.065 70150 INFO tempest.lib.common.rest_client [req-84ea22af-5650-49a6-8d9d-81072288b6c8 req-84ea22af-5650-49a6-8d9d-81072288b6c8 ] Request (ListServerFiltersTestJSON:setUpClass): 201 POST http://10.180.1.21/identity/v3/auth/tokens 0.035s
2025-05-19 13:20:46.065 70150 INFO tempest.lib.common.fixed_network [-] (ListServerFiltersTestJSON:setUpClass) Found network {'id': '9ab77319-0850-4cbe-8ef8-5712a657e8a5', 'name': 'tempest-ListServerFiltersTestJSON-1207451004-network', 'tenant_id': 'ac7f3a300a7e42f2a0dafa5a5572cade', 'admin_state_up': True, 'mtu': 8950, 'status': 'ACTIVE', 'subnets': [], 'shared': False, 'project_id': 'ac7f3a300a7e42f2a0dafa5a5572cade', 'port_security_enabled': True, 'router:external': False, 'provider:network_type': 'vlan', 'provider:physical_network': 'default', 'provider:segmentation_id': 232, 'availability_zone_hints': [], 'availability_zones': [], 'ipv4_address_scope': None, 'ipv6_address_scope': None, 'description': '', 'tags': [], 'created_at': '2025-05-19T13:20:45Z', 'updated_at': '2025-05-19T13:20:45Z', 'revision_number': 1} available for tenant
2025-05-19 13:20:46.095 70150 INFO tempest.lib.common.rest_client [req-2fd112e8-ddd1-41ba-882e-a6056dddb7dc req-2fd112e8-ddd1-41ba-882e-a6056dddb7dc ] Request (ListServerFiltersTestJSON:setUpClass): 201 POST http://10.180.1.21/identity/v3/auth/tokens 0.028s
2025-05-19 13:20:46.096 70150 INFO tempest.lib.common.fixed_network [-] (ListServerFiltersTestJSON:setUpClass) Found network {'id': '9ab77319-0850-4cbe-8ef8-5712a657e8a5', 'name': 'tempest-ListServerFiltersTestJSON-1207451004-network', 'tenant_id': 'ac7f3a300a7e42f2a0dafa5a5572cade', 'admin_state_up': True, 'mtu': 8950, 'status': 'ACTIVE', 'subnets': [], 'shared': False, 'project_id': 'ac7f3a300a7e42f2a0dafa5a5572cade', 'port_security_enabled': True, 'router:external': False, 'provider:network_type': 'vlan', 'provider:physical_network': 'default', 'provider:segmentation_id': 232, 'availability_zone_hints': [], 'availability_zones': [], 'ipv4_address_scope': None, 'ipv6_address_scope': None, 'description': '', 'tags': [], 'created_at': '2025-05-19T13:20:45Z', 'updated_at': '2025-05-19T13:20:45Z', 'revision_number': 1} available for tenant
2025-05-19 13:20:46.105 70115 INFO tempest.lib.common.rest_client [req-f3e510e5-fc1c-439e-bc33-b2ebbb8825f6 req-f3e510e5-fc1c-439e-bc33-b2ebbb8825f6 ] Request (InstanceActionsNegativeTestJSON:setUpClass): 200 GET http://10.180.1.21/compute/v2.1/servers/0067f7d5-8349-473d-b0e8-e396026b2393 0.271s
2025-05-19 13:20:46.109 70164 INFO tempest.lib.common.rest_client [req-86e40ab5-a0c0-4d1a-ab72-9741da5e29c2 req-86e40ab5-a0c0-4d1a-ab72-9741da5e29c2 ] Request (ServersListShow2100Test:test_list_show_rebuild_update_server_2100): 200 GET http://10.180.1.21/compute/v2.1/servers/6bbe1196-a61f-4260-bddd-64f578acf1dc 0.277s
2025-05-19 13:20:46.157 70121 WARNING tempest.lib.common.ssh [-] Failed to establish authenticated ssh connection to cirros@10.180.180.219 ([Errno None] Unable to connect to port 22 on 10.180.180.219). Number attempts: 6. Retry after 7 seconds.: paramiko.ssh_exception.NoValidConnectionsError: [Errno None] Unable to connect to port 22 on 10.180.180.219
2025-05-19 13:20:46.179 70140 INFO tempest.lib.common.rest_client [req-ce988503-f2aa-4178-b0e0-0097abed80e3 req-ce988503-f2aa-4178-b0e0-0097abed80e3 ] Request (ServerDiskConfigTestJSON:test_rebuild_server_with_auto_disk_config): 200 GET http://10.180.1.21/compute/v2.1/servers/f92627d1-b895-4564-b975-2a596b6dd814 0.187s
2025-05-19 13:20:46.197 70166 INFO tempest.lib.common.rest_client [req-a93a3021-5fee-4062-9110-ecaa3e41dacd req-a93a3021-5fee-4062-9110-ecaa3e41dacd ] Request (ServersAdminTestJSON:tearDownClass): 200 GET http://10.180.1.21/compute/v2.1/servers/f0d4f167-344a-4828-9f6e-8a62ed8e064d 0.303s
2025-05-19 13:20:46.199 70148 INFO tempest.lib.common.rest_client [req-4961aee7-9ba5-41a3-aa63-b1f122c5e619 req-4961aee7-9ba5-41a3-aa63-b1f122c5e619 ] Request (AZV2TestJSON:tearDownClass): 200 GET http://10.180.1.21:9696/networking/v2.0/security-groups?tenant_id=32affbde710245a4b6be4c88658f9323&name=default 0.411s
2025-05-19 13:20:46.229 70174 INFO tempest.lib.common.rest_client [req-385721f4-9f50-493f-bfc0-d7bb73bf8ed5 req-385721f4-9f50-493f-bfc0-d7bb73bf8ed5 ] Request (FloatingIPsAssociationNegativeTestJSON:setUpClass): 200 GET http://10.180.1.21/compute/v2.1/servers/659ec1bd-2be6-4f40-b513-a907b77f2ebb 0.204s
2025-05-19 13:20:46.248 70154 INFO tempest.lib.common.rest_client [req-61ebad8d-6ce2-41b5-920f-8cdebbdc57eb req-61ebad8d-6ce2-41b5-920f-8cdebbdc57eb ] Request (ServersTestBootFromVolume:setUpClass): 200 GET http://10.180.1.21/volume/v3/volumes/0911b77e-db58-4ace-9883-7a4b7ef3045e 0.043s
2025-05-19 13:20:46.288 70119 INFO tempest.lib.common.rest_client [req-2b0585d2-02e2-4f1a-8ca0-dd0523d70997 req-2b0585d2-02e2-4f1a-8ca0-dd0523d70997 ] Request (AttachInterfacesTestJSON:test_create_list_show_delete_interfaces_by_fixed_ip): 200 GET http://10.180.1.21/compute/v2.1/servers/46c6028e-1282-4585-bc96-58e0c036b5ef 0.192s
2025-05-19 13:20:46.340 70148 INFO tempest.lib.common.rest_client [req-e97ba2b9-3e0c-4107-81bd-00e6a1cae283 req-e97ba2b9-3e0c-4107-81bd-00e6a1cae283 ] Request (AZV2TestJSON:tearDownClass): 204 DELETE http://10.180.1.21:9696/networking/v2.0/security-groups/959b7b58-2e77-4ae8-801d-163b3ea91e27 0.141s
2025-05-19 13:20:46.351 70125 INFO tempest.lib.common.rest_client [req-e2afa3f2-aef5-4b6c-8403-ba7739f72b38 req-e2afa3f2-aef5-4b6c-8403-ba7739f72b38 ] Request (ServerAddressesNegativeTestJSON:tearDownClass): 200 GET http://10.180.1.21/compute/v2.1/servers/3020e505-513b-4b29-996a-6e70a212f508 0.251s
2025-05-19 13:20:46.397 70138 INFO tempest.lib.common.rest_client [req-2cf647de-6633-4400-87f8-25e5a5de6b77 req-2cf647de-6633-4400-87f8-25e5a5de6b77 ] Request (ServerActionsV293TestJSON:setUpClass): 200 GET http://10.180.1.21/volume/v3/volumes/685136d8-7b72-479e-9cc0-24beeaf96ab5 0.032s
2025-05-19 13:20:46.414 70148 INFO tempest.lib.common.rest_client [req-57bcd813-ee79-4f48-abf6-3095cb852608 req-57bcd813-ee79-4f48-abf6-3095cb852608 ] Request (AZV2TestJSON:tearDownClass): 204 DELETE http://10.180.1.21/identity/v3/projects/32affbde710245a4b6be4c88658f9323 0.073s
2025-05-19 13:20:46.419 70152 INFO tempest.lib.common.rest_client [req-81379258-7a83-4afa-880a-68dee7bbc7ee req-81379258-7a83-4afa-880a-68dee7bbc7ee ] Request (ServersTestMultiNic:test_verify_multiple_nics_order): 200 GET http://10.180.1.21/compute/v2.1/servers/d3620cfb-dd10-4276-b65d-b6041e83ac49 0.264s
2025-05-19 13:20:46.445 70111 WARNING tempest.lib.common.ssh [-] Failed to establish authenticated ssh connection to cirros@10.180.180.157 ([Errno None] Unable to connect to port 22 on 10.180.180.157). Number attempts: 5. Retry after 6 seconds.: paramiko.ssh_exception.NoValidConnectionsError: [Errno None] Unable to connect to port 22 on 10.180.180.157
2025-05-19 13:20:46.511 70148 INFO tempest.lib.common.rest_client [req-54dd757f-0200-4184-98d2-466eab5e690b req-54dd757f-0200-4184-98d2-466eab5e690b ] Request (InstanceActionsV221TestJSON:setUpClass): 201 POST http://10.180.1.21/identity/v3/auth/tokens 0.095s
2025-05-19 13:20:46.552 70148 INFO tempest.lib.common.rest_client [req-8ff623d3-5107-48e0-b290-9eb21dc46025 req-8ff623d3-5107-48e0-b290-9eb21dc46025 ] Request (InstanceActionsV221TestJSON:setUpClass): 201 POST http://10.180.1.21/identity/v3/auth/tokens 0.036s
2025-05-19 13:20:46.584 70148 INFO tempest.lib.common.rest_client [req-92297b13-cc97-451c-be4a-e084d26a2ae8 req-92297b13-cc97-451c-be4a-e084d26a2ae8 ] Request (InstanceActionsV221TestJSON:setUpClass): 200 GET http://10.180.1.21/identity/v3/domains?name=Default 0.031s
2025-05-19 13:20:46.612 70148 INFO tempest.lib.common.rest_client [req-4be93c2c-0f49-4ccb-ad48-241771151840 req-4be93c2c-0f49-4ccb-ad48-241771151840 ] Request (InstanceActionsV221TestJSON:setUpClass): 201 POST http://10.180.1.21/identity/v3/projects 0.028s
2025-05-19 13:20:46.686 70148 INFO tempest.lib.common.rest_client [req-b31ec4d3-f406-4241-86e4-5aadd76cef8a req-b31ec4d3-f406-4241-86e4-5aadd76cef8a ] Request (InstanceActionsV221TestJSON:setUpClass): 201 POST http://10.180.1.21/identity/v3/users 0.073s
2025-05-19 13:20:46.698 70113 INFO tempest.lib.common.rest_client [req-d8b4f5db-190d-4b01-8be3-0a3fe7fa24ec req-d8b4f5db-190d-4b01-8be3-0a3fe7fa24ec ] Request (AttachInterfacesUnderV243Test:tearDownClass): 200 PUT http://10.180.1.21:9696/networking/v2.0/routers/ec9b5818-dae5-4e48-91db-513b41f5def1/remove_router_interface 0.784s
2025-05-19 13:20:46.715 70148 INFO tempest.lib.common.rest_client [req-f0b68402-98f8-4f2c-aaa3-f1b377bf6a27 req-f0b68402-98f8-4f2c-aaa3-f1b377bf6a27 ] Request (InstanceActionsV221TestJSON:setUpClass): 200 GET http://10.180.1.21/identity/v3/roles 0.029s
2025-05-19 13:20:46.745 70168 INFO tempest.lib.common.rest_client [req-a2a96c98-c779-4158-8aac-e73f07faed4b req-a2a96c98-c779-4158-8aac-e73f07faed4b ] Request (ServersAdmin275Test:tearDownClass): 200 GET http://10.180.1.21/compute/v2.1/servers/38792225-b054-4c08-b3ec-51d46287b0f9 0.507s
2025-05-19 13:20:46.750 70148 INFO tempest.lib.common.rest_client [req-72222272-dded-4f08-a0ed-6b8869817e3f req-72222272-dded-4f08-a0ed-6b8869817e3f ] Request (InstanceActionsV221TestJSON:setUpClass): 204 PUT http://10.180.1.21/identity/v3/projects/7e185b60b36b4782aa04e086063254cf/users/8ca6de8c908a49be8c2c0b4978bc348e/roles/209c136ed5e44d629d25c49b31988756 0.034s
2025-05-19 13:20:46.750 70148 INFO tempest.lib.common.dynamic_creds [-] Dynamic test user 8ca6de8c908a49be8c2c0b4978bc348e is created with scope project and roles: ['member']
2025-05-19 13:20:46.750 70148 INFO tempest.lib.common.dynamic_creds [-] Acquired dynamic creds: credentials: Credentials: {'domain_id': 'default', 'domain_name': 'Default', 'username': 'tempest-InstanceActionsV221TestJSON-437963817-project-member', 'project_domain_id': 'default', 'project_domain_name': 'Default', 'project_id': '7e185b60b36b4782aa04e086063254cf', 'project_name': 'tempest-InstanceActionsV221TestJSON-437963817', 'tenant_id': '7e185b60b36b4782aa04e086063254cf', 'tenant_name': 'tempest-InstanceActionsV221TestJSON-437963817', 'user_domain_id': 'default', 'user_domain_name': 'Default', 'user_id': '8ca6de8c908a49be8c2c0b4978bc348e', 'system': None}, Network: None, Subnet: None, Router: None
2025-05-19 13:20:46.822 70172 INFO tempest.lib.common.rest_client [req-9784fbce-a05a-47f0-a4f8-144a2ed29068 req-9784fbce-a05a-47f0-a4f8-144a2ed29068 ] Request (ListImageFiltersTestJSON:setUpClass): 200 GET http://10.180.1.21/compute/v2.1/servers/df6e15b9-640f-40c2-a146-4361de14f8b0 0.570s
2025-05-19 13:20:46.835 70148 INFO tempest.lib.common.rest_client [req-43c0d871-d294-4f80-af2e-298c7218114c req-43c0d871-d294-4f80-af2e-298c7218114c ] Request (InstanceActionsV221TestJSON:setUpClass): 201 POST http://10.180.1.21/identity/v3/auth/tokens 0.084s
2025-05-19 13:20:46.903 70156 INFO tempest.lib.common.rest_client [req-97dbbde2-9162-44f0-99f2-7700f554ba59 req-97dbbde2-9162-44f0-99f2-7700f554ba59 ] Request (ServersListShow298Test:test_list_show_update_rebuild_server_298): 200 GET http://10.180.1.21/compute/v2.1/servers/55fb4b38-d8ec-45a4-89b8-8642ad5bb1a2 0.575s
2025-05-19 13:20:46.945 70150 INFO tempest.lib.common.rest_client [req-b46a1e46-bde7-4a63-bb68-b9a3a0f06b78 req-b46a1e46-bde7-4a63-bb68-b9a3a0f06b78 ] Request (ListServerFiltersTestJSON:setUpClass): 202 POST http://10.180.1.21/compute/v2.1/servers 0.848s
2025-05-19 13:20:46.965 70162 INFO tempest.lib.common.rest_client [req-f53f3519-7236-42d7-b0d5-decb077644fd req-f53f3519-7236-42d7-b0d5-decb077644fd ] Request (ServerAddressesTestJSON:setUpClass): 200 GET http://10.180.1.21/compute/v2.1/servers/95857f3f-1503-44d0-a1b3-d087bde80393 0.457s
2025-05-19 13:20:47.027 70170 INFO tempest.lib.common.rest_client [req-59ab391d-3b09-49da-9e90-6029b6f96f0f req-59ab391d-3b09-49da-9e90-6029b6f96f0f ] Request (ServerMetadataTestJSON:setUpClass): 200 GET http://10.180.1.21/compute/v2.1/servers/274e4d87-ec17-4210-a0fb-e226d29ed0d3 0.384s
2025-05-19 13:20:47.039 70150 INFO tempest.lib.common.rest_client [req-1ccf548f-9dfe-477e-a8a6-95e4873d7cfe req-1ccf548f-9dfe-477e-a8a6-95e4873d7cfe ] Request (ListServerFiltersTestJSON:setUpClass): 201 POST http://10.180.1.21/identity/v3/auth/tokens 0.090s
2025-05-19 13:20:47.039 70150 INFO tempest.lib.common.fixed_network [-] (ListServerFiltersTestJSON:setUpClass) Found network {'id': '9ab77319-0850-4cbe-8ef8-5712a657e8a5', 'name': 'tempest-ListServerFiltersTestJSON-1207451004-network', 'tenant_id': 'ac7f3a300a7e42f2a0dafa5a5572cade', 'admin_state_up': True, 'mtu': 8950, 'status': 'ACTIVE', 'subnets': [], 'shared': False, 'project_id': 'ac7f3a300a7e42f2a0dafa5a5572cade', 'port_security_enabled': True, 'router:external': False, 'provider:network_type': 'vlan', 'provider:physical_network': 'default', 'provider:segmentation_id': 232, 'availability_zone_hints': [], 'availability_zones': [], 'ipv4_address_scope': None, 'ipv6_address_scope': None, 'description': '', 'tags': [], 'created_at': '2025-05-19T13:20:45Z', 'updated_at': '2025-05-19T13:20:45Z', 'revision_number': 1} available for tenant
2025-05-19 13:20:47.157 70117 INFO tempest.lib.common.rest_client [req-c62e8e55-45f1-44d5-9b9e-6f189d13b538 req-c62e8e55-45f1-44d5-9b9e-6f189d13b538 ] Request (ServersAdminNegativeTestJSON:tearDownClass): 200 GET http://10.180.1.21/compute/v2.1/servers/a4a16667-cd00-4850-9389-0bd57c7efd74 0.401s
2025-05-19 13:20:47.203 70127 INFO tempest.lib.common.rest_client [req-6ef83685-007e-4bc2-829f-62eacf613e5e req-6ef83685-007e-4bc2-829f-62eacf613e5e ] Request (MultipleCreateTestJSON:setUpClass): 201 POST http://10.180.1.21:9696/networking/v2.0/routers 1.350s
2025-05-19 13:20:47.249 70146 INFO tempest.lib.common.rest_client [req-38bb3104-09ed-407a-b26d-1416481c0789 req-38bb3104-09ed-407a-b26d-1416481c0789 ] Request (DeleteServersAdminTestJSON:test_delete_server_while_in_error_state): 200 GET http://10.180.1.21/compute/v2.1/servers/5747cb37-539e-4532-a627-282f965a7dd5 0.390s
2025-05-19 13:20:47.253 70158 INFO tempest.lib.common.rest_client [req-7e422f15-a695-4f4c-b884-059da8377c7e req-7e422f15-a695-4f4c-b884-059da8377c7e ] Request (ServerShowV247Test:test_update_rebuild_list_server): 200 GET http://10.180.1.21/compute/v2.1/servers/b97945f4-5c5b-4a98-adac-8337a7ed9011 0.674s
2025-05-19 13:20:47.260 70146 INFO tempest.common.waiters [-] State transition "BUILD/None" ==> "BUILD/scheduling" after 27 second wait
2025-05-19 13:20:47.300 70154 INFO tempest.lib.common.rest_client [req-2906efab-07a4-4843-a7cb-00165938107e req-2906efab-07a4-4843-a7cb-00165938107e ] Request (ServersTestBootFromVolume:setUpClass): 200 GET http://10.180.1.21/volume/v3/volumes/0911b77e-db58-4ace-9883-7a4b7ef3045e 0.039s
2025-05-19 13:20:47.362 70123 INFO tempest.lib.common.rest_client [req-f5fa322a-8a52-472d-9013-41895f1555a1 req-f5fa322a-8a52-472d-9013-41895f1555a1 ] Request (FloatingIPsAssociationTestJSON:setUpClass): 200 GET http://10.180.1.21/compute/v2.1/servers/c5b49cf2-4316-43bf-90d3-8e6da14dc5d7 0.393s
2025-05-19 13:20:47.374 70142 INFO tempest.lib.common.rest_client [req-d9ad3ad0-6936-4b43-8eb7-4f2eb4d87430 req-d9ad3ad0-6936-4b43-8eb7-4f2eb4d87430 ] Request (ServerActionsTestJSON:setUpClass): 200 GET http://10.180.1.21/compute/v2.1/servers/834de465-9bef-4f8f-8bf6-9d39bc437f58 0.411s
2025-05-19 13:20:47.432 70138 INFO tempest.lib.common.rest_client [req-8b6d2561-dbea-44a1-aab7-d1bcce094ad3 req-8b6d2561-dbea-44a1-aab7-d1bcce094ad3 ] Request (ServerActionsV293TestJSON:setUpClass): 200 GET http://10.180.1.21/volume/v3/volumes/685136d8-7b72-479e-9cc0-24beeaf96ab5 0.027s
2025-05-19 13:20:47.460 70132 INFO tempest.lib.common.rest_client [req-c93466e7-a7e6-4d96-b35e-339f7e84edff req-c93466e7-a7e6-4d96-b35e-339f7e84edff ] Request (MigrationsAdminTest:test_resize_server_revert_deleted_flavor): 200 GET http://10.180.1.21/compute/v2.1/servers/a2baa6a4-a3a2-475b-bef1-1c98dbe3c13d 0.418s
2025-05-19 13:20:47.466 70113 INFO tempest.lib.common.rest_client [req-8549151c-6cf0-4d3a-9d03-f457cf6cdf3b req-8549151c-6cf0-4d3a-9d03-f457cf6cdf3b ] Request (AttachInterfacesUnderV243Test:tearDownClass): 204 DELETE http://10.180.1.21:9696/networking/v2.0/routers/ec9b5818-dae5-4e48-91db-513b41f5def1 0.768s
2025-05-19 13:20:47.552 70144 INFO tempest.lib.common.rest_client [req-8f6a6d7a-7457-4879-a2e0-70a94a0b7f1c req-8f6a6d7a-7457-4879-a2e0-70a94a0b7f1c ] Request (SecurityGroupsTestJSON:test_list_security_groups_by_server): 200 GET http://10.180.1.21/compute/v2.1/servers/74b17bd9-66c4-4a88-b3de-fc5f720f4eca 0.506s
2025-05-19 13:20:47.560 70148 INFO tempest.lib.common.rest_client [req-75db2c60-bcce-4481-b236-5c2608f2f11e req-75db2c60-bcce-4481-b236-5c2608f2f11e ] Request (InstanceActionsV221TestJSON:setUpClass): 201 POST http://10.180.1.21:9696/networking/v2.0/networks 0.725s
2025-05-19 13:20:47.694 70115 INFO tempest.lib.common.rest_client [req-441b4317-ed04-4184-9c6f-8b6f35fac9d2 req-441b4317-ed04-4184-9c6f-8b6f35fac9d2 ] Request (InstanceActionsNegativeTestJSON:setUpClass): 200 GET http://10.180.1.21/compute/v2.1/servers/0067f7d5-8349-473d-b0e8-e396026b2393 0.578s
2025-05-19 13:20:47.780 70113 INFO tempest.lib.common.rest_client [req-e7d3b615-1894-4c61-80ee-1b73030c360d req-e7d3b615-1894-4c61-80ee-1b73030c360d ] Request (AttachInterfacesUnderV243Test:tearDownClass): 204 DELETE http://10.180.1.21:9696/networking/v2.0/subnets/2753170a-c50f-4a78-9265-3063709246d4 0.314s
2025-05-19 13:20:47.787 70164 INFO tempest.lib.common.rest_client [req-7f414f57-d622-4fe6-86ee-24ecb179d01d req-7f414f57-d622-4fe6-86ee-24ecb179d01d ] Request (ServersListShow2100Test:test_list_show_rebuild_update_server_2100): 200 GET http://10.180.1.21/compute/v2.1/servers/6bbe1196-a61f-4260-bddd-64f578acf1dc 0.659s
2025-05-19 13:20:47.861 70140 INFO tempest.lib.common.rest_client [req-ca49d021-6b55-4398-afa4-565ef1382cea req-ca49d021-6b55-4398-afa4-565ef1382cea ] Request (ServerDiskConfigTestJSON:test_rebuild_server_with_auto_disk_config): 200 GET http://10.180.1.21/compute/v2.1/servers/f92627d1-b895-4564-b975-2a596b6dd814 0.673s
2025-05-19 13:20:47.940 70166 INFO tempest.lib.common.rest_client [req-b911583b-3997-4e8f-9151-4bcce415b2aa req-b911583b-3997-4e8f-9151-4bcce415b2aa ] Request (ServersAdminTestJSON:tearDownClass): 200 GET http://10.180.1.21/compute/v2.1/servers/f0d4f167-344a-4828-9f6e-8a62ed8e064d 0.732s
2025-05-19 13:20:47.963 70148 INFO tempest.lib.common.rest_client [req-a382c77e-d763-49d4-8fd4-7b6d358e3f36 req-a382c77e-d763-49d4-8fd4-7b6d358e3f36 ] Request (InstanceActionsV221TestJSON:setUpClass): 201 POST http://10.180.1.21:9696/networking/v2.0/subnets 0.402s
2025-05-19 13:20:47.972 70150 INFO tempest.lib.common.rest_client [req-f6287be1-96ca-498c-96f9-1ede8b786d4e req-f6287be1-96ca-498c-96f9-1ede8b786d4e ] Request (ListServerFiltersTestJSON:setUpClass): 202 POST http://10.180.1.21/compute/v2.1/servers 0.932s
2025-05-19 13:20:48.035 70150 INFO tempest.lib.common.rest_client [req-9a6a31fe-7987-4bce-aa5c-3279844a1a3c req-9a6a31fe-7987-4bce-aa5c-3279844a1a3c ] Request (ListServerFiltersTestJSON:setUpClass): 201 POST http://10.180.1.21/identity/v3/auth/tokens 0.059s
2025-05-19 13:20:48.035 70150 INFO tempest.lib.common.fixed_network [-] (ListServerFiltersTestJSON:setUpClass) Found network {'id': '9ab77319-0850-4cbe-8ef8-5712a657e8a5', 'name': 'tempest-ListServerFiltersTestJSON-1207451004-network', 'tenant_id': 'ac7f3a300a7e42f2a0dafa5a5572cade', 'admin_state_up': True, 'mtu': 8950, 'status': 'ACTIVE', 'subnets': [], 'shared': False, 'project_id': 'ac7f3a300a7e42f2a0dafa5a5572cade', 'port_security_enabled': True, 'router:external': False, 'provider:network_type': 'vlan', 'provider:physical_network': 'default', 'provider:segmentation_id': 232, 'availability_zone_hints': [], 'availability_zones': [], 'ipv4_address_scope': None, 'ipv6_address_scope': None, 'description': '', 'tags': [], 'created_at': '2025-05-19T13:20:45Z', 'updated_at': '2025-05-19T13:20:45Z', 'revision_number': 1} available for tenant
2025-05-19 13:20:48.040 70174 INFO tempest.lib.common.rest_client [req-aec6c252-91bc-492a-8240-7692d3a405e4 req-aec6c252-91bc-492a-8240-7692d3a405e4 ] Request (FloatingIPsAssociationNegativeTestJSON:setUpClass): 200 GET http://10.180.1.21/compute/v2.1/servers/659ec1bd-2be6-4f40-b513-a907b77f2ebb 0.799s
2025-05-19 13:20:48.058 70119 INFO tempest.lib.common.rest_client [req-4efe1e67-7963-4382-885c-5b7cb6a118ef req-4efe1e67-7963-4382-885c-5b7cb6a118ef ] Request (AttachInterfacesTestJSON:test_create_list_show_delete_interfaces_by_fixed_ip): 200 GET http://10.180.1.21/compute/v2.1/servers/46c6028e-1282-4585-bc96-58e0c036b5ef 0.761s
2025-05-19 13:20:48.189 70152 INFO tempest.lib.common.rest_client [req-c1890972-e2b0-4340-89c7-b7d37ffbd2e3 req-c1890972-e2b0-4340-89c7-b7d37ffbd2e3 ] Request (ServersTestMultiNic:test_verify_multiple_nics_order): 200 GET http://10.180.1.21/compute/v2.1/servers/d3620cfb-dd10-4276-b65d-b6041e83ac49 0.758s
2025-05-19 13:20:48.193 70125 INFO tempest.lib.common.rest_client [req-12869f0e-41ff-41a6-b41d-e5dcef58547a req-12869f0e-41ff-41a6-b41d-e5dcef58547a ] Request (ServerAddressesNegativeTestJSON:tearDownClass): 200 GET http://10.180.1.21/compute/v2.1/servers/3020e505-513b-4b29-996a-6e70a212f508 0.829s
2025-05-19 13:20:48.257 70113 INFO tempest.lib.common.rest_client [req-472b49a8-f810-46e8-ba55-4c4096a8abaf req-472b49a8-f810-46e8-ba55-4c4096a8abaf ] Request (AttachInterfacesUnderV243Test:tearDownClass): 204 DELETE http://10.180.1.21:9696/networking/v2.0/networks/89f93414-96af-47e9-8014-939214e8fa92 0.473s
2025-05-19 13:20:48.278 70172 INFO tempest.lib.common.rest_client [req-4e7f8203-b9ce-453d-9bc9-18ff263f03da req-4e7f8203-b9ce-453d-9bc9-18ff263f03da ] Request (ListImageFiltersTestJSON:setUpClass): 200 GET http://10.180.1.21/compute/v2.1/servers/df6e15b9-640f-40c2-a146-4361de14f8b0 0.445s
2025-05-19 13:20:48.298 70168 INFO tempest.lib.common.rest_client [req-4e499a81-dd97-472d-9f06-5e1a419250bb req-4e499a81-dd97-472d-9f06-5e1a419250bb ] Request (ServersAdmin275Test:tearDownClass): 200 GET http://10.180.1.21/compute/v2.1/servers/38792225-b054-4c08-b3ec-51d46287b0f9 0.541s
2025-05-19 13:20:48.348 70113 INFO tempest.lib.common.rest_client [req-0db8be49-fc24-47fe-ab32-263ef341809e req-0db8be49-fc24-47fe-ab32-263ef341809e ] Request (AttachInterfacesUnderV243Test:tearDownClass): 204 DELETE http://10.180.1.21/identity/v3/users/fe75cf4b6ce1407db335ac32d5ed18e4 0.091s
2025-05-19 13:20:48.348 70113 INFO tempest.lib.common.dynamic_creds [-] Deleting project and security group for project: c7a2071dc2b14e87afec7731d015f2e2
2025-05-19 13:20:48.353 70154 INFO tempest.lib.common.rest_client [req-38d51bac-6890-48b0-910e-145477d48f51 req-38d51bac-6890-48b0-910e-145477d48f51 ] Request (ServersTestBootFromVolume:setUpClass): 200 GET http://10.180.1.21/volume/v3/volumes/0911b77e-db58-4ace-9883-7a4b7ef3045e 0.040s
2025-05-19 13:20:48.384 70113 INFO tempest.lib.common.rest_client [req-d8ee538e-3b23-4050-b546-92541ea186f9 req-d8ee538e-3b23-4050-b546-92541ea186f9 ] Request (AttachInterfacesUnderV243Test:tearDownClass): 200 GET http://10.180.1.21:9696/networking/v2.0/security-groups?tenant_id=c7a2071dc2b14e87afec7731d015f2e2&name=default 0.035s
2025-05-19 13:20:48.396 70162 INFO tempest.lib.common.rest_client [req-90433011-b426-4a88-8785-7f699d112930 req-90433011-b426-4a88-8785-7f699d112930 ] Request (ServerAddressesTestJSON:setUpClass): 200 GET http://10.180.1.21/compute/v2.1/servers/95857f3f-1503-44d0-a1b3-d087bde80393 0.416s
2025-05-19 13:20:48.402 70156 INFO tempest.lib.common.rest_client [req-89b5b60b-10aa-473a-b98a-552d4aec96c9 req-89b5b60b-10aa-473a-b98a-552d4aec96c9 ] Request (ServersListShow298Test:test_list_show_update_rebuild_server_298): 200 GET http://10.180.1.21/compute/v2.1/servers/55fb4b38-d8ec-45a4-89b8-8642ad5bb1a2 0.486s
2025-05-19 13:20:48.469 70138 INFO tempest.lib.common.rest_client [req-11e40b29-bde8-4f82-9207-aa420e6fe2c0 req-11e40b29-bde8-4f82-9207-aa420e6fe2c0 ] Request (ServerActionsV293TestJSON:setUpClass): 200 GET http://10.180.1.21/volume/v3/volumes/685136d8-7b72-479e-9cc0-24beeaf96ab5 0.028s
2025-05-19 13:20:48.506 70170 INFO tempest.lib.common.rest_client [req-81c7da55-e18c-475b-b8ac-6425f3ca5133 req-81c7da55-e18c-475b-b8ac-6425f3ca5133 ] Request (ServerMetadataTestJSON:setUpClass): 200 GET http://10.180.1.21/compute/v2.1/servers/274e4d87-ec17-4210-a0fb-e226d29ed0d3 0.465s
2025-05-19 13:20:48.615 70117 INFO tempest.lib.common.rest_client [req-6b6a4d41-eedf-4b59-b7cd-9b8c8b53ae50 req-6b6a4d41-eedf-4b59-b7cd-9b8c8b53ae50 ] Request (ServersAdminNegativeTestJSON:tearDownClass): 200 GET http://10.180.1.21/compute/v2.1/servers/a4a16667-cd00-4850-9389-0bd57c7efd74 0.444s
2025-05-19 13:20:48.670 70134 WARNING tempest.lib.common.ssh [-] Failed to establish authenticated ssh connection to cirros@10.180.180.200 ([Errno None] Unable to connect to port 22 on 10.180.180.200). Number attempts: 3. Retry after 4 seconds.: paramiko.ssh_exception.NoValidConnectionsError: [Errno None] Unable to connect to port 22 on 10.180.180.200
2025-05-19 13:20:48.682 70113 INFO tempest.lib.common.rest_client [req-6a32f502-8b49-4b1a-8fa0-31b06440cd31 req-6a32f502-8b49-4b1a-8fa0-31b06440cd31 ] Request (AttachInterfacesUnderV243Test:tearDownClass): 204 DELETE http://10.180.1.21:9696/networking/v2.0/security-groups/86f5a7fb-228c-4894-91b7-31f6a7c8b626 0.298s
2025-05-19 13:20:48.720 70146 INFO tempest.lib.common.rest_client [req-6559e4b0-2485-44bf-ad92-f578f5185945 req-6559e4b0-2485-44bf-ad92-f578f5185945 ] Request (DeleteServersAdminTestJSON:test_delete_server_while_in_error_state): 200 GET http://10.180.1.21/compute/v2.1/servers/5747cb37-539e-4532-a627-282f965a7dd5 0.458s
2025-05-19 13:20:48.728 70146 INFO tempest.common.waiters [-] State transition "BUILD/scheduling" ==> "ERROR/None" after 28 second wait
2025-05-19 13:20:48.804 70113 INFO tempest.lib.common.rest_client [req-1317a61c-e1e6-48d0-bc43-ddd583aaf310 req-1317a61c-e1e6-48d0-bc43-ddd583aaf310 ] Request (AttachInterfacesUnderV243Test:tearDownClass): 204 DELETE http://10.180.1.21/identity/v3/projects/c7a2071dc2b14e87afec7731d015f2e2 0.122s
2025-05-19 13:20:48.810 70158 INFO tempest.lib.common.rest_client [req-bf4f5fc5-8520-4b48-a910-e1371e20ba4a req-bf4f5fc5-8520-4b48-a910-e1371e20ba4a ] Request (ServerShowV247Test:test_update_rebuild_list_server): 200 GET http://10.180.1.21/compute/v2.1/servers/b97945f4-5c5b-4a98-adac-8337a7ed9011 0.543s
2025-05-19 13:20:48.891 70123 INFO tempest.lib.common.rest_client [req-8a23eea7-86ec-474a-baaa-a506f896dcb0 req-8a23eea7-86ec-474a-baaa-a506f896dcb0 ] Request (FloatingIPsAssociationTestJSON:setUpClass): 200 GET http://10.180.1.21/compute/v2.1/servers/c5b49cf2-4316-43bf-90d3-8e6da14dc5d7 0.519s
2025-05-19 13:20:48.907 70113 INFO tempest.lib.common.rest_client [req-fd3e28c5-e375-43df-9e11-2090b97b31cf req-fd3e28c5-e375-43df-9e11-2090b97b31cf ] Request (ServerActionsTestOtherB:setUpClass): 201 POST http://10.180.1.21/identity/v3/auth/tokens 0.101s
2025-05-19 13:20:48.945 70113 INFO tempest.lib.common.rest_client [req-1dcaa2a5-8a5a-4657-8125-9bf297380ef0 req-1dcaa2a5-8a5a-4657-8125-9bf297380ef0 ] Request (ServerActionsTestOtherB:setUpClass): 201 POST http://10.180.1.21/identity/v3/auth/tokens 0.034s
2025-05-19 13:20:48.964 70142 INFO tempest.lib.common.rest_client [req-dd51ce21-6213-45ce-bf2b-b540103fdfbe req-dd51ce21-6213-45ce-bf2b-b540103fdfbe ] Request (ServerActionsTestJSON:setUpClass): 200 GET http://10.180.1.21/compute/v2.1/servers/834de465-9bef-4f8f-8bf6-9d39bc437f58 0.578s
2025-05-19 13:20:48.985 70113 INFO tempest.lib.common.rest_client [req-5db1e58b-bbb2-40dd-9dd6-e3a4898058e8 req-5db1e58b-bbb2-40dd-9dd6-e3a4898058e8 ] Request (ServerActionsTestOtherB:setUpClass): 200 GET http://10.180.1.21/identity/v3/domains?name=Default 0.040s
2025-05-19 13:20:49.022 70113 INFO tempest.lib.common.rest_client [req-de9dd4b6-6109-4a3a-a625-19ab819767a8 req-de9dd4b6-6109-4a3a-a625-19ab819767a8 ] Request (ServerActionsTestOtherB:setUpClass): 201 POST http://10.180.1.21/identity/v3/projects 0.036s
